2025-03-26 21:01:30.179 69207 INFO tempest.lib.common.rest_client [req-127f4936-ed4f-42d6-b24d-978c1617cc9c req-127f4936-ed4f-42d6-b24d-978c1617cc9c ] Request (ServersNegativeTestMultiTenantJSON:setUpClass): 201 POST http://10.180.1.21:9696/networking/v2.0/routers 0.824s
2025-03-26 21:01:30.234 69186 INFO tempest.lib.common.rest_client [req-6376249b-a21f-4a99-830c-abff2a998fb2 req-6376249b-a21f-4a99-830c-abff2a998fb2 ] Request (VolumesAdminNegativeTest:test_update_attached_volume_with_nonexistent_volume_in_body): 200 GET http://10.180.1.21/compute/v2.1/servers/e94094a9-3fb7-494c-9bda-8704f846db40 0.154s
2025-03-26 21:01:30.237 69192 INFO tempest.lib.common.rest_client [req-cf16d5d8-9375-403c-9dc3-b4f33589bbf0 req-cf16d5d8-9375-403c-9dc3-b4f33589bbf0 ] Request (DeleteServersAdminTestJSON:test_delete_server_while_in_error_state): 200 GET http://10.180.1.21/compute/v2.1/servers/9a76468d-f4d4-4a63-8c5b-a43f002cc535 0.169s
2025-03-26 21:01:30.307 69240 INFO tempest.lib.common.rest_client [req-b788ad48-e637-4e0e-9d5d-18b367619b47 req-b788ad48-e637-4e0e-9d5d-18b367619b47 ] Request (ServersTestBootFromVolume:setUpClass): 200 GET http://10.180.1.21/compute/v2.1/servers/331d9c1a-e03e-4ad4-8758-939326619c67 0.175s
2025-03-26 21:01:30.312 69180 INFO tempest.lib.common.rest_client [req-8bc07baf-0088-4a51-bd64-ac6484479145 req-8bc07baf-0088-4a51-bd64-ac6484479145 ] Request (ServerRescueNegativeTestJSON:setUpClass): 200 GET http://10.180.1.21/compute/v2.1/servers/50155af9-9cd2-486c-bd4c-81db57eecbda 0.194s
2025-03-26 21:01:30.387 69210 INFO tempest.lib.common.rest_client [req-8262b4ea-57e0-4ad6-81ec-d46012a6f87c req-8262b4ea-57e0-4ad6-81ec-d46012a6f87c ] Request (ServersAdminNegativeTestJSON:test_migrate_server_invalid_state): 200 GET http://10.180.1.21/compute/v2.1/servers/b3e8f14d-44ec-4db0-822a-2d1bdc01bd0b 0.195s
2025-03-26 21:01:30.389 69188 INFO tempest.lib.common.rest_client [req-18a82ca3-9bb6-4bad-97ea-796be64d8307 req-18a82ca3-9bb6-4bad-97ea-796be64d8307 ] Request (ServersTestMultiNic:test_verify_duplicate_network_nics): 200 GET http://10.180.1.21/compute/v2.1/servers/65f6afb5-e62d-4dbd-b1cd-6ed52b88ca23 0.202s
2025-03-26 21:01:30.457 69190 INFO tempest.lib.common.rest_client [req-bdecf820-6a19-4aa4-9015-4f67b0380aae req-bdecf820-6a19-4aa4-9015-4f67b0380aae ] Request (ServersAdminTestJSON:test_create_server_with_scheduling_hint): 200 GET http://10.180.1.21/compute/v2.1/servers/fd248bbd-b4f7-4efb-9575-f3019b0888a9 0.191s
2025-03-26 21:01:30.457 69230 INFO tempest.lib.common.rest_client [req-0d8397f4-b92b-44e8-b437-c03590f75e6c req-0d8397f4-b92b-44e8-b437-c03590f75e6c ] Request (FloatingIPsAssociationTestJSON:test_associate_already_associated_floating_ip): 200 GET http://10.180.1.21/compute/v2.1/servers/b3f025fc-1b13-4953-b4e2-1939a684998c 0.215s
2025-03-26 21:01:30.513 69198 INFO tempest.lib.common.rest_client [req-ce3abe59-5b94-4a0d-8e6e-009358ef6a64 req-ce3abe59-5b94-4a0d-8e6e-009358ef6a64 ] Request (DeleteServersTestJSON:test_delete_server_while_in_attached_volume): 200 GET http://10.180.1.21/compute/v2.1/servers/1680228e-44af-4aff-bd2a-83a1360006a6 0.214s
2025-03-26 21:01:30.521 69222 INFO tempest.lib.common.rest_client [req-4a5ba99f-c747-45e4-888f-b7cc92bfc21a req-4a5ba99f-c747-45e4-888f-b7cc92bfc21a ] Request (FloatingIPsAssociationNegativeTestJSON:setUpClass): 200 GET http://10.180.1.21/compute/v2.1/servers/c3a56259-acf4-4d26-929b-fdde7b5c97eb 0.195s
2025-03-26 21:01:30.528 69222 INFO tempest.common.waiters [-] State transition "BUILD/None" ==> "BUILD/networking" after 62 second wait
2025-03-26 21:01:30.563 69184 INFO tempest.lib.common.rest_client [req-06c953db-b9f4-46e1-946f-ef13f765a18b req-06c953db-b9f4-46e1-946f-ef13f765a18b ] Request (ServerDiskConfigTestJSON:test_rebuild_server_with_manual_disk_config): 200 GET http://10.180.1.21/compute/v2.1/servers/ce042a29-f8f3-4c79-a270-f003c2c60a7f 0.219s
2025-03-26 21:01:30.577 69220 INFO tempest.lib.common.rest_client [req-e5dd69d6-1d3a-433c-aa02-44839144f7ae req-e5dd69d6-1d3a-433c-aa02-44839144f7ae ] Request (AttachVolumeTestJSON:test_attach_detach_volume): 200 PUT http://10.180.1.21:9696/networking/v2.0/floatingips/ef234d07-99c7-42f4-932d-4c78e1fddb90 0.417s
2025-03-26 21:01:30.579 69220 INFO tempest.lib.common.ssh [-] Creating ssh connection to '10.180.180.243:22' as 'cirros' with public key authentication
2025-03-26 21:01:30.697 69228 INFO tempest.lib.common.rest_client [req-e5560b97-cfe2-4a27-a260-8c95d2b874fb req-e5560b97-cfe2-4a27-a260-8c95d2b874fb ] Request (ServerAddressesNegativeTestJSON:setUpClass): 200 GET http://10.180.1.21/compute/v2.1/servers/be00f9d7-3571-4249-a3c8-b87f43123930 0.069s
2025-03-26 21:01:30.828 69202 INFO tempest.lib.common.rest_client [req-53e99d5e-6ada-4eef-961c-d07f2ee682ca req-53e99d5e-6ada-4eef-961c-d07f2ee682ca ] Request (ServersTestManualDisk:tearDownClass): 200 GET http://10.180.1.21/compute/v2.1/servers/48f5958b-d5b7-4d2c-a3a9-dd76881a89d1 0.098s
2025-03-26 21:01:30.832 69243 INFO tempest.lib.common.rest_client [req-c0787bdd-10cf-480b-ad8a-3277a6c45e2b req-c0787bdd-10cf-480b-ad8a-3277a6c45e2b ] Request (AttachInterfacesV270Test:tearDownClass): 200 GET http://10.180.1.21/compute/v2.1/servers/effc35fc-c65b-4e44-9635-af615d5b0a47 0.101s
2025-03-26 21:01:30.844 69243 INFO tempest.common.waiters [-] State transition "ACTIVE/deleting" ==> "DELETED/None" after 3 second wait
2025-03-26 21:01:30.904 69237 INFO tempest.lib.common.rest_client [req-298a755c-706a-4a32-a4af-612f5db8a0bc req-298a755c-706a-4a32-a4af-612f5db8a0bc ] Request (ImagesNegativeTestJSON:test_create_image_from_deleted_server): 200 GET http://10.180.1.21/compute/v2.1/servers/091adaaa-617e-45e0-9ada-cdeadfff36a3 0.118s
2025-03-26 21:01:30.909 69197 INFO tempest.lib.common.rest_client [req-dff7fe90-d4e3-4449-a7ad-80cf33472e96 req-dff7fe90-d4e3-4449-a7ad-80cf33472e96 ] Request (ImagesTestJSON:test_create_image_from_suspended_server): 200 GET http://10.180.1.21/compute/v2.1/servers/7daf798a-21b2-43e2-8f25-8f349f2863e4 0.121s
2025-03-26 21:01:30.981 69224 INFO tempest.lib.common.rest_client [req-dd1c93c5-9e22-4b28-9398-8e9e93bdffb5 req-dd1c93c5-9e22-4b28-9398-8e9e93bdffb5 ] Request (ServerMetadataNegativeTestJSON:tearDownClass): 200 GET http://10.180.1.21/compute/v2.1/servers/69161637-7589-4a65-8f6d-39831ceb7480 0.139s
2025-03-26 21:01:30.987 69216 INFO tempest.lib.common.rest_client [req-7296259f-b353-4141-8f14-15defb2196b9 req-7296259f-b353-4141-8f14-15defb2196b9 ] Request (ServerExternalEventsTest:tearDownClass): 200 GET http://10.180.1.21/compute/v2.1/servers/01c1c8d4-2e8e-40eb-bacb-9b6f1b26d955 0.111s
2025-03-26 21:01:31.057 69232 INFO tempest.lib.common.rest_client [req-c2d9072f-34c9-4f4e-ac40-3379d146861b req-c2d9072f-34c9-4f4e-ac40-3379d146861b ] Request (ImagesOneServerTestJSON:tearDownClass): 200 GET http://10.180.1.21/compute/v2.1/servers/0e72ec32-1c6e-413b-b5d1-c81d7315adb8 0.108s
2025-03-26 21:01:31.082 69212 INFO tempest.lib.common.rest_client [req-ebfe648a-2b3a-4468-9dd0-16124081ab0f req-ebfe648a-2b3a-4468-9dd0-16124081ab0f ] Request (SecurityGroupsTestJSON:test_list_security_groups_by_server): 200 GET http://10.180.1.21/compute/v2.1/servers/d421f36e-8ec2-4ae7-968c-bc69027b81b6 0.065s
2025-03-26 21:01:31.156 69182 INFO tempest.lib.common.rest_client [req-b17f24a3-b511-44a5-8b65-c3e0ec510107 req-b17f24a3-b511-44a5-8b65-c3e0ec510107 ] Request (ListServersNegativeTestJSON:setUpClass): 200 GET http://10.180.1.21/compute/v2.1/servers/f720a633-de87-428c-a7de-2a8d336be8ed 0.082s
2025-03-26 21:01:31.333 69186 INFO tempest.lib.common.rest_client [req-908ada53-d2e5-48ba-b88c-b122fce85af1 req-908ada53-d2e5-48ba-b88c-b122fce85af1 ] Request (VolumesAdminNegativeTest:test_update_attached_volume_with_nonexistent_volume_in_body): 200 GET http://10.180.1.21/compute/v2.1/servers/e94094a9-3fb7-494c-9bda-8704f846db40 0.091s
2025-03-26 21:01:31.362 69214 INFO tempest.lib.common.rest_client [req-06fff3ba-227e-4a8f-a5bf-2baab053c9f2 req-06fff3ba-227e-4a8f-a5bf-2baab053c9f2 ] Request (ServerActionsTestOtherB:setUpClass): 200 GET http://10.180.1.21/compute/v2.1/servers/52342a01-c1ee-4cca-bc8c-ab2dc8a7b8dc 0.185s
2025-03-26 21:01:31.427 69192 INFO tempest.lib.common.rest_client [req-7d9fc56f-51e7-4fb0-9348-bc894c493309 req-7d9fc56f-51e7-4fb0-9348-bc894c493309 ] Request (DeleteServersAdminTestJSON:test_delete_server_while_in_error_state): 200 GET http://10.180.1.21/compute/v2.1/servers/9a76468d-f4d4-4a63-8c5b-a43f002cc535 0.179s
2025-03-26 21:01:31.439 69240 INFO tempest.lib.common.rest_client [req-92a5e5b9-4ce9-4c25-a478-1cf47ae8ebc5 req-92a5e5b9-4ce9-4c25-a478-1cf47ae8ebc5 ] Request (ServersTestBootFromVolume:setUpClass): 200 GET http://10.180.1.21/compute/v2.1/servers/331d9c1a-e03e-4ad4-8758-939326619c67 0.120s
2025-03-26 21:01:31.507 69180 INFO tempest.lib.common.rest_client [req-f32f988c-78a4-431c-9236-f5a3e6c065a4 req-f32f988c-78a4-431c-9236-f5a3e6c065a4 ] Request (ServerRescueNegativeTestJSON:setUpClass): 200 GET http://10.180.1.21/compute/v2.1/servers/50155af9-9cd2-486c-bd4c-81db57eecbda 0.184s
2025-03-26 21:01:31.514 69210 INFO tempest.lib.common.rest_client [req-89d8744d-67a9-455a-b716-596399708a97 req-89d8744d-67a9-455a-b716-596399708a97 ] Request (ServersAdminNegativeTestJSON:test_migrate_server_invalid_state): 200 GET http://10.180.1.21/compute/v2.1/servers/b3e8f14d-44ec-4db0-822a-2d1bdc01bd0b 0.118s
2025-03-26 21:01:31.518 69180 INFO tempest.common.waiters [-] State transition "BUILD/scheduling" ==> "BUILD/None" after 53 second wait
2025-03-26 21:01:31.572 69188 INFO tempest.lib.common.rest_client [req-c8ea149b-cd0a-4f02-a1a0-7beae65992c9 req-c8ea149b-cd0a-4f02-a1a0-7beae65992c9 ] Request (ServersTestMultiNic:test_verify_duplicate_network_nics): 200 GET http://10.180.1.21/compute/v2.1/servers/65f6afb5-e62d-4dbd-b1cd-6ed52b88ca23 0.168s
2025-03-26 21:01:31.585 69230 INFO tempest.lib.common.rest_client [req-7b62479a-f363-4ec9-983c-21de49cca34e req-7b62479a-f363-4ec9-983c-21de49cca34e ] Request (FloatingIPsAssociationTestJSON:test_associate_already_associated_floating_ip): 200 GET http://10.180.1.21/compute/v2.1/servers/b3f025fc-1b13-4953-b4e2-1939a684998c 0.118s
2025-03-26 21:01:31.862 69190 INFO tempest.lib.common.rest_client [req-7b7dd9a0-afdc-4963-83ab-7bbe5d7756f8 req-7b7dd9a0-afdc-4963-83ab-7bbe5d7756f8 ] Request (ServersAdminTestJSON:test_create_server_with_scheduling_hint): 200 GET http://10.180.1.21/compute/v2.1/servers/fd248bbd-b4f7-4efb-9575-f3019b0888a9 0.392s
2025-03-26 21:01:31.875 69198 INFO tempest.lib.common.rest_client [req-8b95eff7-308b-4a2a-9798-7c450f972efa req-8b95eff7-308b-4a2a-9798-7c450f972efa ] Request (DeleteServersTestJSON:test_delete_server_while_in_attached_volume): 200 GET http://10.180.1.21/compute/v2.1/servers/1680228e-44af-4aff-bd2a-83a1360006a6 0.353s
2025-03-26 21:01:31.920 69207 INFO tempest.lib.common.rest_client [req-d83eae4e-29fd-4ea4-8548-b1977a775b7a req-d83eae4e-29fd-4ea4-8548-b1977a775b7a ] Request (ServersNegativeTestMultiTenantJSON:setUpClass): 200 PUT http://10.180.1.21:9696/networking/v2.0/routers/ff128ad8-530f-41df-8afd-857471ba309e/add_router_interface 1.741s
2025-03-26 21:01:31.920 69207 INFO tempest.lib.common.dynamic_creds [-] Created isolated network resources for: credentials: Credentials: {'domain_id': 'default', 'domain_name': 'Default', 'username': 'tempest-ServersNegativeTestMultiTenantJSON-142466085-project-member', 'project_domain_id': 'default', 'project_domain_name': 'Default', 'project_id': '31cfdfaca7e243378c604cbf8b871ad3', 'project_name': 'tempest-ServersNegativeTestMultiTenantJSON-142466085', 'tenant_id': '31cfdfaca7e243378c604cbf8b871ad3', 'tenant_name': 'tempest-ServersNegativeTestMultiTenantJSON-142466085', 'user_domain_id': 'default', 'user_domain_name': 'Default', 'user_id': 'd566bc6d684247e6ba4d0282adf0c722', 'system': None}, Network: {'id': 'f6255d0e-4f1b-4faa-b8c4-2fceabead4f3', 'name': 'tempest-ServersNegativeTestMultiTenantJSON-1695089947-network', 'tenant_id': '31cfdfaca7e243378c604cbf8b871ad3', 'admin_state_up': True, 'mtu': 8950, 'status': 'ACTIVE', 'subnets': [], 'shared': False, 'project_id': '31cfdfaca7e243378c604cbf8b871ad3', 'port_security_enabled': True, 'router:external': False, 'provider:network_type': 'vlan', 'provider:physical_network': 'default', 'provider:segmentation_id': 469, 'availability_zone_hints': [], 'availability_zones': [], 'ipv4_address_scope': None, 'ipv6_address_scope': None, 'description': '', 'tags': [], 'created_at': '2025-03-26T21:01:29Z', 'updated_at': '2025-03-26T21:01:29Z', 'revision_number': 1}, Subnet: {'id': 'b177c146-d0b1-4459-b015-e9640851ffae', 'name': 'tempest-ServersNegativeTestMultiTenantJSON-1695089947-subnet', 'tenant_id': '31cfdfaca7e243378c604cbf8b871ad3', 'network_id': 'f6255d0e-4f1b-4faa-b8c4-2fceabead4f3', 'ip_version': 4, 'subnetpool_id': None, 'enable_dhcp': True, 'ipv6_ra_mode': None, 'ipv6_address_mode': None, 'gateway_ip': '192.168.128.1', 'cidr': '192.168.128.0/28', 'allocation_pools': [{'start': '192.168.128.2', 'end': '192.168.128.14'}], 'host_routes': [], 'dns_nameservers': [], 'description': '', 'router:external': False, 'service_types': [], 'tags': [], 'created_at': '2025-03-26T21:01:29Z', 'updated_at': '2025-03-26T21:01:29Z', 'revision_number': 0, 'project_id': '31cfdfaca7e243378c604cbf8b871ad3'}, Router: {'id': 'ff128ad8-530f-41df-8afd-857471ba309e', 'name': 'tempest-ServersNegativeTestMultiTenantJSON-1695089947-router', 'tenant_id': '31cfdfaca7e243378c604cbf8b871ad3', 'admin_state_up': True, 'status': 'ACTIVE', 'external_gateway_info': {'network_id': '6f63e803-a557-4db1-a1da-6cf7711a818e', 'external_fixed_ips': [{'subnet_id': 'a2309ee9-5b51-4275-b214-6a306a34b7f5', 'ip_address': '10.180.180.186'}], 'enable_snat': True}, 'description': '', 'availability_zones': [], 'distributed': False, 'ha': False, 'availability_zone_hints': [], 'routes': [], 'flavor_id': None, 'tags': [], 'created_at': '2025-03-26T21:01:29Z', 'updated_at': '2025-03-26T21:01:29Z', 'revision_number': 2, 'project_id': '31cfdfaca7e243378c604cbf8b871ad3'}
2025-03-26 21:01:31.953 69184 INFO tempest.lib.common.rest_client [req-a7eedc61-02a3-42eb-9212-c374eca99b16 req-a7eedc61-02a3-42eb-9212-c374eca99b16 ] Request (ServerDiskConfigTestJSON:test_rebuild_server_with_manual_disk_config): 200 GET http://10.180.1.21/compute/v2.1/servers/ce042a29-f8f3-4c79-a270-f003c2c60a7f 0.380s
2025-03-26 21:01:32.004 69222 INFO tempest.lib.common.rest_client [req-f7c7c8f4-771e-4c61-8efc-24ef4b20c993 req-f7c7c8f4-771e-4c61-8efc-24ef4b20c993 ] Request (FloatingIPsAssociationNegativeTestJSON:setUpClass): 200 GET http://10.180.1.21/compute/v2.1/servers/c3a56259-acf4-4d26-929b-fdde7b5c97eb 0.474s
2025-03-26 21:01:32.013 69228 INFO tempest.lib.common.rest_client [req-848cea13-a580-463b-9d67-8dc14cf0b971 req-848cea13-a580-463b-9d67-8dc14cf0b971 ] Request (ServerAddressesNegativeTestJSON:setUpClass): 200 GET http://10.180.1.21/compute/v2.1/servers/be00f9d7-3571-4249-a3c8-b87f43123930 0.307s
2025-03-26 21:01:32.015 69222 INFO tempest.common.waiters [-] State transition "BUILD/networking" ==> "BUILD/spawning" after 64 second wait
2025-03-26 21:01:32.025 69207 INFO tempest.lib.common.rest_client [req-1cf665be-c3e9-4e38-8674-cf2f606ab5cc req-1cf665be-c3e9-4e38-8674-cf2f606ab5cc ] Request (ServersNegativeTestMultiTenantJSON:setUpClass): 201 POST http://10.180.1.21/identity/v3/auth/tokens 0.101s
2025-03-26 21:01:32.061 69207 INFO tempest.lib.common.rest_client [req-b1f7b830-c227-4684-9a79-572dc247e6fc req-b1f7b830-c227-4684-9a79-572dc247e6fc ] Request (ServersNegativeTestMultiTenantJSON:setUpClass): 201 POST http://10.180.1.21/identity/v3/projects 0.035s
2025-03-26 21:01:32.091 69202 INFO tempest.lib.common.rest_client [req-efec1dfe-8f78-4078-8998-1d841e64406f req-efec1dfe-8f78-4078-8998-1d841e64406f ] Request (ServersTestManualDisk:tearDownClass): 200 GET http://10.180.1.21/compute/v2.1/servers/48f5958b-d5b7-4d2c-a3a9-dd76881a89d1 0.253s
2025-03-26 21:01:32.092 69243 INFO tempest.lib.common.rest_client [req-dd775187-b8ce-4ee7-997c-a98b440fc838 req-dd775187-b8ce-4ee7-997c-a98b440fc838 ] Request (AttachInterfacesV270Test:tearDownClass): 200 GET http://10.180.1.21/compute/v2.1/servers/effc35fc-c65b-4e44-9635-af615d5b0a47 0.247s
2025-03-26 21:01:32.122 69207 INFO tempest.lib.common.rest_client [req-ab0656fe-9f98-4a4b-bb88-bed794218895 req-ab0656fe-9f98-4a4b-bb88-bed794218895 ] Request (ServersNegativeTestMultiTenantJSON:setUpClass): 201 POST http://10.180.1.21/identity/v3/users 0.061s
2025-03-26 21:01:32.145 69207 INFO tempest.lib.common.rest_client [req-4044eb07-f53a-4ff8-9153-7c010edcc99c req-4044eb07-f53a-4ff8-9153-7c010edcc99c ] Request (ServersNegativeTestMultiTenantJSON:setUpClass): 200 GET http://10.180.1.21/identity/v3/roles 0.021s
2025-03-26 21:01:32.156 69237 INFO tempest.lib.common.rest_client [req-7ab68f80-1818-41d4-bf06-2ec8dab8d6fb req-7ab68f80-1818-41d4-bf06-2ec8dab8d6fb ] Request (ImagesNegativeTestJSON:test_create_image_from_deleted_server): 200 GET http://10.180.1.21/compute/v2.1/servers/091adaaa-617e-45e0-9ada-cdeadfff36a3 0.241s
2025-03-26 21:01:32.156 69197 INFO tempest.lib.common.rest_client [req-4648b18d-b7dc-4b8b-981f-f19cf53a5191 req-4648b18d-b7dc-4b8b-981f-f19cf53a5191 ] Request (ImagesTestJSON:test_create_image_from_suspended_server): 200 GET http://10.180.1.21/compute/v2.1/servers/7daf798a-21b2-43e2-8f25-8f349f2863e4 0.230s
2025-03-26 21:01:32.177 69207 INFO tempest.lib.common.rest_client [req-56af3ae7-ed11-4cf1-a1e4-5e1cf92e1b22 req-56af3ae7-ed11-4cf1-a1e4-5e1cf92e1b22 ] Request (ServersNegativeTestMultiTenantJSON:setUpClass): 204 PUT http://10.180.1.21/identity/v3/projects/1416dcd94fb646909539c2b586555668/users/089ab21d70bc48b5a7852f37ec9d6665/roles/09f0821c90444411ad791eb297ad4e1f 0.032s
2025-03-26 21:01:32.177 69207 INFO tempest.lib.common.dynamic_creds [-] Dynamic test user 089ab21d70bc48b5a7852f37ec9d6665 is created with scope project and roles: ['member']
2025-03-26 21:01:32.177 69207 INFO tempest.lib.common.dynamic_creds [-] Acquired dynamic creds: credentials: Credentials: {'domain_id': 'default', 'domain_name': 'Default', 'username': 'tempest-ServersNegativeTestMultiTenantJSON-490092972-project-member', 'project_domain_id': 'default', 'project_domain_name': 'Default', 'project_id': '1416dcd94fb646909539c2b586555668', 'project_name': 'tempest-ServersNegativeTestMultiTenantJSON-490092972', 'tenant_id': '1416dcd94fb646909539c2b586555668', 'tenant_name': 'tempest-ServersNegativeTestMultiTenantJSON-490092972', 'user_domain_id': 'default', 'user_domain_name': 'Default', 'user_id': '089ab21d70bc48b5a7852f37ec9d6665', 'system': None}, Network: None, Subnet: None, Router: None
2025-03-26 21:01:32.223 69224 INFO tempest.lib.common.rest_client [req-fd9531da-b81f-4c79-81bf-9a88d986c95e req-fd9531da-b81f-4c79-81bf-9a88d986c95e ] Request (ServerMetadataNegativeTestJSON:tearDownClass): 200 GET http://10.180.1.21/compute/v2.1/servers/69161637-7589-4a65-8f6d-39831ceb7480 0.224s
2025-03-26 21:01:32.226 69216 INFO tempest.lib.common.rest_client [req-a657a26c-de41-47da-887e-01fc904a8fd7 req-a657a26c-de41-47da-887e-01fc904a8fd7 ] Request (ServerExternalEventsTest:tearDownClass): 200 GET http://10.180.1.21/compute/v2.1/servers/01c1c8d4-2e8e-40eb-bacb-9b6f1b26d955 0.225s
2025-03-26 21:01:32.302 69212 INFO tempest.lib.common.rest_client [req-7f715552-9566-4cfa-9f8c-087e42c2815e req-7f715552-9566-4cfa-9f8c-087e42c2815e ] Request (SecurityGroupsTestJSON:test_list_security_groups_by_server): 200 GET http://10.180.1.21/compute/v2.1/servers/d421f36e-8ec2-4ae7-968c-bc69027b81b6 0.207s
2025-03-26 21:01:32.315 69232 INFO tempest.lib.common.rest_client [req-daefb1bd-09bd-412b-951b-103c4c20aea4 req-daefb1bd-09bd-412b-951b-103c4c20aea4 ] Request (ImagesOneServerTestJSON:tearDownClass): 200 GET http://10.180.1.21/compute/v2.1/servers/0e72ec32-1c6e-413b-b5d1-c81d7315adb8 0.247s
2025-03-26 21:01:32.370 69182 INFO tempest.lib.common.rest_client [req-5b5b0506-ba6e-4f53-b419-b6b0de3915ce req-5b5b0506-ba6e-4f53-b419-b6b0de3915ce ] Request (ListServersNegativeTestJSON:setUpClass): 200 GET http://10.180.1.21/compute/v2.1/servers/f720a633-de87-428c-a7de-2a8d336be8ed 0.204s
2025-03-26 21:01:32.402 69186 INFO tempest.lib.common.rest_client [req-db007400-b929-4d25-ae86-79ebb230f0a6 req-db007400-b929-4d25-ae86-79ebb230f0a6 ] Request (VolumesAdminNegativeTest:test_update_attached_volume_with_nonexistent_volume_in_body): 200 GET http://10.180.1.21/compute/v2.1/servers/e94094a9-3fb7-494c-9bda-8704f846db40 0.058s
2025-03-26 21:01:32.451 69207 INFO tempest.lib.common.rest_client [req-37990281-78f0-41f2-940b-f726dbced2fe req-37990281-78f0-41f2-940b-f726dbced2fe ] Request (ServersNegativeTestMultiTenantJSON:setUpClass): 201 POST http://10.180.1.21:9696/networking/v2.0/networks 0.273s
2025-03-26 21:01:32.482 69214 INFO tempest.lib.common.rest_client [req-9b322cd1-2011-4374-9aaa-57cb31f871be req-9b322cd1-2011-4374-9aaa-57cb31f871be ] Request (ServerActionsTestOtherB:setUpClass): 200 GET http://10.180.1.21/compute/v2.1/servers/52342a01-c1ee-4cca-bc8c-ab2dc8a7b8dc 0.108s
2025-03-26 21:01:32.491 69214 INFO tempest.common.waiters [-] State transition "BUILD/spawning" ==> "ACTIVE/None" after 66 second wait
2025-03-26 21:01:32.499 69192 INFO tempest.lib.common.rest_client [req-1f75f272-97cd-4999-a004-6f2e5b281c4b req-1f75f272-97cd-4999-a004-6f2e5b281c4b ] Request (DeleteServersAdminTestJSON:test_delete_server_while_in_error_state): 200 GET http://10.180.1.21/compute/v2.1/servers/9a76468d-f4d4-4a63-8c5b-a43f002cc535 0.065s
2025-03-26 21:01:32.539 69240 INFO tempest.lib.common.rest_client [req-df155531-8fce-4756-bf5b-ff5de6c95200 req-df155531-8fce-4756-bf5b-ff5de6c95200 ] Request (ServersTestBootFromVolume:setUpClass): 200 GET http://10.180.1.21/compute/v2.1/servers/331d9c1a-e03e-4ad4-8758-939326619c67 0.088s
2025-03-26 21:01:32.554 69214 INFO tempest.lib.common.rest_client [req-d4eff155-7e2f-4b14-a4e2-0ac1ceca8c33 req-d4eff155-7e2f-4b14-a4e2-0ac1ceca8c33 ] Request (ServerActionsTestOtherB:setUpClass): 200 GET http://10.180.1.21/compute/v2.1/servers/52342a01-c1ee-4cca-bc8c-ab2dc8a7b8dc/os-interface 0.063s
2025-03-26 21:01:32.590 69180 INFO tempest.lib.common.rest_client [req-ca69e6b2-21e7-402d-84cb-8869c0022c4f req-ca69e6b2-21e7-402d-84cb-8869c0022c4f ] Request (ServerRescueNegativeTestJSON:setUpClass): 200 GET http://10.180.1.21/compute/v2.1/servers/50155af9-9cd2-486c-bd4c-81db57eecbda 0.072s
2025-03-26 21:01:32.615 69207 INFO tempest.lib.common.rest_client [req-196a1c79-11bb-4cdc-ba89-108892ea7bf9 req-196a1c79-11bb-4cdc-ba89-108892ea7bf9 ] Request (ServersNegativeTestMultiTenantJSON:setUpClass): 201 POST http://10.180.1.21:9696/networking/v2.0/subnets 0.163s
2025-03-26 21:01:32.629 69210 INFO tempest.lib.common.rest_client [req-3f1be504-314c-49a8-bab2-ffa5964e1bf0 req-3f1be504-314c-49a8-bab2-ffa5964e1bf0 ] Request (ServersAdminNegativeTestJSON:test_migrate_server_invalid_state): 200 GET http://10.180.1.21/compute/v2.1/servers/b3e8f14d-44ec-4db0-822a-2d1bdc01bd0b 0.105s
2025-03-26 21:01:32.652 69188 INFO tempest.lib.common.rest_client [req-76f1bbfc-4f42-4865-8c6a-c3d657ade360 req-76f1bbfc-4f42-4865-8c6a-c3d657ade360 ] Request (ServersTestMultiNic:test_verify_duplicate_network_nics): 200 GET http://10.180.1.21/compute/v2.1/servers/65f6afb5-e62d-4dbd-b1cd-6ed52b88ca23 0.070s
2025-03-26 21:01:32.683 69230 INFO tempest.lib.common.rest_client [req-0f4fd16a-b5da-4f29-a079-72568f25aac0 req-0f4fd16a-b5da-4f29-a079-72568f25aac0 ] Request (FloatingIPsAssociationTestJSON:test_associate_already_associated_floating_ip): 200 GET http://10.180.1.21/compute/v2.1/servers/b3f025fc-1b13-4953-b4e2-1939a684998c 0.089s
2025-03-26 21:01:32.883 69204 WARNING tempest.lib.common.ssh [-] Failed to establish authenticated ssh connection to cirros@10.180.180.192 ([Errno None] Unable to connect to port 22 on 10.180.180.192). Number attempts: 9. Retry after 10 seconds.: paramiko.ssh_exception.NoValidConnectionsError: [Errno None] Unable to connect to port 22 on 10.180.180.192
2025-03-26 21:01:32.942 69190 INFO tempest.lib.common.rest_client [req-5ef47272-fc51-4515-84a6-eb3c6acf2859 req-5ef47272-fc51-4515-84a6-eb3c6acf2859 ] Request (ServersAdminTestJSON:test_create_server_with_scheduling_hint): 200 GET http://10.180.1.21/compute/v2.1/servers/fd248bbd-b4f7-4efb-9575-f3019b0888a9 0.070s
2025-03-26 21:01:32.944 69198 INFO tempest.lib.common.rest_client [req-d43c1c26-8790-421a-94aa-3902bc7c4d2d req-d43c1c26-8790-421a-94aa-3902bc7c4d2d ] Request (DeleteServersTestJSON:test_delete_server_while_in_attached_volume): 200 GET http://10.180.1.21/compute/v2.1/servers/1680228e-44af-4aff-bd2a-83a1360006a6 0.060s
2025-03-26 21:01:33.033 69184 INFO tempest.lib.common.rest_client [req-ef8e390a-431c-4d9d-968b-4b9ab42fb262 req-ef8e390a-431c-4d9d-968b-4b9ab42fb262 ] Request (ServerDiskConfigTestJSON:test_rebuild_server_with_manual_disk_config): 200 GET http://10.180.1.21/compute/v2.1/servers/ce042a29-f8f3-4c79-a270-f003c2c60a7f 0.071s
2025-03-26 21:01:33.117 69228 INFO tempest.lib.common.rest_client [req-d377b6cf-5a45-4bb7-b5dc-c20f0dac92dc req-d377b6cf-5a45-4bb7-b5dc-c20f0dac92dc ] Request (ServerAddressesNegativeTestJSON:setUpClass): 200 GET http://10.180.1.21/compute/v2.1/servers/be00f9d7-3571-4249-a3c8-b87f43123930 0.093s
2025-03-26 21:01:33.196 69202 INFO tempest.lib.common.rest_client [req-9147fd88-d2bb-4281-a75b-690339c5a681 req-9147fd88-d2bb-4281-a75b-690339c5a681 ] Request (ServersTestManualDisk:tearDownClass): 200 GET http://10.180.1.21/compute/v2.1/servers/48f5958b-d5b7-4d2c-a3a9-dd76881a89d1 0.095s
2025-03-26 21:01:33.196 69214 INFO tempest.lib.common.rest_client [req-07ea93e3-5c4f-4ab2-a988-2d9d5a2d21a8 req-07ea93e3-5c4f-4ab2-a988-2d9d5a2d21a8 ] Request (ServerActionsTestOtherB:setUpClass): 200 PUT http://10.180.1.21:9696/networking/v2.0/floatingips/251ab10d-3c5a-4967-8f39-305a3135a5d7 0.640s
2025-03-26 21:01:33.198 69214 INFO tempest.lib.common.ssh [-] Creating ssh connection to '10.180.180.134:22' as 'cirros' with public key authentication
2025-03-26 21:01:33.209 69222 INFO tempest.lib.common.rest_client [req-9d109fe4-1c13-4e0a-9862-84465f4e4136 req-9d109fe4-1c13-4e0a-9862-84465f4e4136 ] Request (FloatingIPsAssociationNegativeTestJSON:setUpClass): 200 GET http://10.180.1.21/compute/v2.1/servers/c3a56259-acf4-4d26-929b-fdde7b5c97eb 0.193s
2025-03-26 21:01:33.276 69243 INFO tempest.lib.common.rest_client [req-baaf53ce-d86d-4917-bc1d-992cd738cb43 req-baaf53ce-d86d-4917-bc1d-992cd738cb43 ] Request (AttachInterfacesV270Test:tearDownClass): 200 GET http://10.180.1.21/compute/v2.1/servers/effc35fc-c65b-4e44-9635-af615d5b0a47 0.174s
2025-03-26 21:01:33.293 69197 INFO tempest.lib.common.rest_client [req-d1b260bd-8c8c-4dac-a214-edba01886e1f req-d1b260bd-8c8c-4dac-a214-edba01886e1f ] Request (ImagesTestJSON:test_create_image_from_suspended_server): 200 GET http://10.180.1.21/compute/v2.1/servers/7daf798a-21b2-43e2-8f25-8f349f2863e4 0.129s
2025-03-26 21:01:33.350 69224 INFO tempest.lib.common.rest_client [req-29ce616a-eac5-4144-84b9-5f256940a04d req-29ce616a-eac5-4144-84b9-5f256940a04d ] Request (ServerMetadataNegativeTestJSON:tearDownClass): 404 GET http://10.180.1.21/compute/v2.1/servers/69161637-7589-4a65-8f6d-39831ceb7480 0.116s
2025-03-26 21:01:33.361 69237 INFO tempest.lib.common.rest_client [req-2f1a4cdf-287b-4b3d-ba43-99c3874703b2 req-2f1a4cdf-287b-4b3d-ba43-99c3874703b2 ] Request (ImagesNegativeTestJSON:test_create_image_from_deleted_server): 200 GET http://10.180.1.21/compute/v2.1/servers/091adaaa-617e-45e0-9ada-cdeadfff36a3 0.193s
2025-03-26 21:01:33.427 69216 INFO tempest.lib.common.rest_client [req-0515a240-5b73-4093-93ab-7586a0395fa9 req-0515a240-5b73-4093-93ab-7586a0395fa9 ] Request (ServerExternalEventsTest:tearDownClass): 200 GET http://10.180.1.21/compute/v2.1/servers/01c1c8d4-2e8e-40eb-bacb-9b6f1b26d955 0.189s
2025-03-26 21:01:33.438 69212 INFO tempest.lib.common.rest_client [req-82bd6daf-ff95-458c-a41e-c2c745ec2b48 req-82bd6daf-ff95-458c-a41e-c2c745ec2b48 ] Request (SecurityGroupsTestJSON:test_list_security_groups_by_server): 200 GET http://10.180.1.21/compute/v2.1/servers/d421f36e-8ec2-4ae7-968c-bc69027b81b6 0.128s
2025-03-26 21:01:33.464 69207 INFO tempest.lib.common.rest_client [req-e74b29bb-4acf-40db-8be4-046ce8ee9651 req-e74b29bb-4acf-40db-8be4-046ce8ee9651 ] Request (ServersNegativeTestMultiTenantJSON:setUpClass): 201 POST http://10.180.1.21:9696/networking/v2.0/routers 0.848s
2025-03-26 21:01:33.510 69232 INFO tempest.lib.common.rest_client [req-08d913f7-4a65-46fe-b8fe-fde8a29603d0 req-08d913f7-4a65-46fe-b8fe-fde8a29603d0 ] Request (ImagesOneServerTestJSON:tearDownClass): 200 GET http://10.180.1.21/compute/v2.1/servers/0e72ec32-1c6e-413b-b5d1-c81d7315adb8 0.188s
2025-03-26 21:01:33.521 69182 INFO tempest.lib.common.rest_client [req-284814c2-2a54-4393-88b4-eda919b9ef6c req-284814c2-2a54-4393-88b4-eda919b9ef6c ] Request (ListServersNegativeTestJSON:setUpClass): 200 GET http://10.180.1.21/compute/v2.1/servers/f720a633-de87-428c-a7de-2a8d336be8ed 0.143s
2025-03-26 21:01:33.577 69186 INFO tempest.lib.common.rest_client [req-376683e0-fd2a-4d34-bf64-e3678bc7b539 req-376683e0-fd2a-4d34-bf64-e3678bc7b539 ] Request (VolumesAdminNegativeTest:test_update_attached_volume_with_nonexistent_volume_in_body): 200 GET http://10.180.1.21/compute/v2.1/servers/e94094a9-3fb7-494c-9bda-8704f846db40 0.167s
2025-03-26 21:01:33.588 69192 INFO tempest.lib.common.rest_client [req-9e76cbff-d64b-4f45-881a-c627afbe686c req-9e76cbff-d64b-4f45-881a-c627afbe686c ] Request (DeleteServersAdminTestJSON:test_delete_server_while_in_error_state): 200 GET http://10.180.1.21/compute/v2.1/servers/9a76468d-f4d4-4a63-8c5b-a43f002cc535 0.079s
2025-03-26 21:01:33.634 69240 INFO tempest.lib.common.rest_client [req-507ada61-f6a4-4976-bcbb-f1bd90ac1530 req-507ada61-f6a4-4976-bcbb-f1bd90ac1530 ] Request (ServersTestBootFromVolume:setUpClass): 200 GET http://10.180.1.21/compute/v2.1/servers/331d9c1a-e03e-4ad4-8758-939326619c67 0.086s
2025-03-26 21:01:33.673 69180 INFO tempest.lib.common.rest_client [req-32860fa8-2d7a-4947-a001-d4faa3eb5587 req-32860fa8-2d7a-4947-a001-d4faa3eb5587 ] Request (ServerRescueNegativeTestJSON:setUpClass): 200 GET http://10.180.1.21/compute/v2.1/servers/50155af9-9cd2-486c-bd4c-81db57eecbda 0.070s
2025-03-26 21:01:33.704 69210 INFO tempest.lib.common.rest_client [req-15258fc1-fe3f-4c97-bb9d-710d2abc6d72 req-15258fc1-fe3f-4c97-bb9d-710d2abc6d72 ] Request (ServersAdminNegativeTestJSON:test_migrate_server_invalid_state): 200 GET http://10.180.1.21/compute/v2.1/servers/b3e8f14d-44ec-4db0-822a-2d1bdc01bd0b 0.063s
2025-03-26 21:01:33.731 69188 INFO tempest.lib.common.rest_client [req-0e043048-57a8-4d93-a8ae-0dc1c383636d req-0e043048-57a8-4d93-a8ae-0dc1c383636d ] Request (ServersTestMultiNic:test_verify_duplicate_network_nics): 200 GET http://10.180.1.21/compute/v2.1/servers/65f6afb5-e62d-4dbd-b1cd-6ed52b88ca23 0.071s
2025-03-26 21:01:33.743 69188 INFO tempest.common.waiters [-] State transition "BUILD/scheduling" ==> "BUILD/None" after 48 second wait
2025-03-26 21:01:33.751 69230 INFO tempest.lib.common.rest_client [req-d5a917f6-0423-4ba0-bad3-0e35b4d979b6 req-d5a917f6-0423-4ba0-bad3-0e35b4d979b6 ] Request (FloatingIPsAssociationTestJSON:test_associate_already_associated_floating_ip): 200 GET http://10.180.1.21/compute/v2.1/servers/b3f025fc-1b13-4953-b4e2-1939a684998c 0.058s
2025-03-26 21:01:34.018 69190 INFO tempest.lib.common.rest_client [req-1e6e66af-d86b-48ff-b14a-729694c95f84 req-1e6e66af-d86b-48ff-b14a-729694c95f84 ] Request (ServersAdminTestJSON:test_create_server_with_scheduling_hint): 200 GET http://10.180.1.21/compute/v2.1/servers/fd248bbd-b4f7-4efb-9575-f3019b0888a9 0.066s
2025-03-26 21:01:34.029 69198 INFO tempest.lib.common.rest_client [req-84aef221-9df4-4aab-8b8c-da9929dc64f9 req-84aef221-9df4-4aab-8b8c-da9929dc64f9 ] Request (DeleteServersTestJSON:test_delete_server_while_in_attached_volume): 200 GET http://10.180.1.21/compute/v2.1/servers/1680228e-44af-4aff-bd2a-83a1360006a6 0.077s
2025-03-26 21:01:34.115 69184 INFO tempest.lib.common.rest_client [req-04d96ac9-a9d9-47ce-85b5-adec818ef40b req-04d96ac9-a9d9-47ce-85b5-adec818ef40b ] Request (ServerDiskConfigTestJSON:test_rebuild_server_with_manual_disk_config): 200 GET http://10.180.1.21/compute/v2.1/servers/ce042a29-f8f3-4c79-a270-f003c2c60a7f 0.074s
2025-03-26 21:01:34.179 69207 INFO tempest.lib.common.rest_client [req-3727b0b2-5bd4-44cd-a709-45c0b72d064d req-3727b0b2-5bd4-44cd-a709-45c0b72d064d ] Request (ServersNegativeTestMultiTenantJSON:setUpClass): 200 PUT http://10.180.1.21:9696/networking/v2.0/routers/8a4539c2-25bd-47e9-83cd-18e692657245/add_router_interface 0.714s
2025-03-26 21:01:34.179 69207 INFO tempest.lib.common.dynamic_creds [-] Created isolated network resources for: credentials: Credentials: {'domain_id': 'default', 'domain_name': 'Default', 'username': 'tempest-ServersNegativeTestMultiTenantJSON-490092972-project-member', 'project_domain_id': 'default', 'project_domain_name': 'Default', 'project_id': '1416dcd94fb646909539c2b586555668', 'project_name': 'tempest-ServersNegativeTestMultiTenantJSON-490092972', 'tenant_id': '1416dcd94fb646909539c2b586555668', 'tenant_name': 'tempest-ServersNegativeTestMultiTenantJSON-490092972', 'user_domain_id': 'default', 'user_domain_name': 'Default', 'user_id': '089ab21d70bc48b5a7852f37ec9d6665', 'system': None}, Network: {'id': 'f1012ccb-3568-4c9e-ae29-4b65acc71335', 'name': 'tempest-ServersNegativeTestMultiTenantJSON-155672504-network', 'tenant_id': '1416dcd94fb646909539c2b586555668', 'admin_state_up': True, 'mtu': 8950, 'status': 'ACTIVE', 'subnets': [], 'shared': False, 'project_id': '1416dcd94fb646909539c2b586555668', 'port_security_enabled': True, 'router:external': False, 'provider:network_type': 'vlan', 'provider:physical_network': 'default', 'provider:segmentation_id': 574, 'availability_zone_hints': [], 'availability_zones': [], 'ipv4_address_scope': None, 'ipv6_address_scope': None, 'description': '', 'tags': [], 'created_at': '2025-03-26T21:01:32Z', 'updated_at': '2025-03-26T21:01:32Z', 'revision_number': 1}, Subnet: {'id': 'c85deef3-eacf-4e81-a4ea-9af50b2204eb', 'name': 'tempest-ServersNegativeTestMultiTenantJSON-155672504-subnet', 'tenant_id': '1416dcd94fb646909539c2b586555668', 'network_id': 'f1012ccb-3568-4c9e-ae29-4b65acc71335', 'ip_version': 4, 'subnetpool_id': None, 'enable_dhcp': True, 'ipv6_ra_mode': None, 'ipv6_address_mode': None, 'gateway_ip': '192.168.128.1', 'cidr': '192.168.128.0/28', 'allocation_pools': [{'start': '192.168.128.2', 'end': '192.168.128.14'}], 'host_routes': [], 'dns_nameservers': [], 'description': '', 'router:external': False, 'service_types': [], 'tags': [], 'created_at': '2025-03-26T21:01:32Z', 'updated_at': '2025-03-26T21:01:32Z', 'revision_number': 0, 'project_id': '1416dcd94fb646909539c2b586555668'}, Router: {'id': '8a4539c2-25bd-47e9-83cd-18e692657245', 'name': 'tempest-ServersNegativeTestMultiTenantJSON-155672504-router', 'tenant_id': '1416dcd94fb646909539c2b586555668', 'admin_state_up': True, 'status': 'ACTIVE', 'external_gateway_info': {'network_id': '6f63e803-a557-4db1-a1da-6cf7711a818e', 'external_fixed_ips': [{'subnet_id': 'a2309ee9-5b51-4275-b214-6a306a34b7f5', 'ip_address': '10.180.180.138'}], 'enable_snat': True}, 'description': '', 'availability_zones': [], 'distributed': False, 'ha': False, 'availability_zone_hints': [], 'routes': [], 'flavor_id': None, 'tags': [], 'created_at': '2025-03-26T21:01:32Z', 'updated_at': '2025-03-26T21:01:33Z', 'revision_number': 2, 'project_id': '1416dcd94fb646909539c2b586555668'}
2025-03-26 21:01:34.191 69228 INFO tempest.lib.common.rest_client [req-9bb06a11-5db0-4d19-8c26-9d13e1dd5f37 req-9bb06a11-5db0-4d19-8c26-9d13e1dd5f37 ] Request (ServerAddressesNegativeTestJSON:setUpClass): 200 GET http://10.180.1.21/compute/v2.1/servers/be00f9d7-3571-4249-a3c8-b87f43123930 0.064s
2025-03-26 21:01:34.271 69207 INFO tempest.lib.common.rest_client [req-8d0c7cd5-15a4-4b5e-b794-0d534e501440 req-8d0c7cd5-15a4-4b5e-b794-0d534e501440 ] Request (ServersNegativeTestMultiTenantJSON:setUpClass): 201 POST http://10.180.1.21/identity/v3/auth/tokens 0.089s
2025-03-26 21:01:34.282 69202 INFO tempest.lib.common.rest_client [req-ce813663-aa4a-42c5-8b4f-26b75b93c692 req-ce813663-aa4a-42c5-8b4f-26b75b93c692 ] Request (ServersTestManualDisk:tearDownClass): 200 GET http://10.180.1.21/compute/v2.1/servers/48f5958b-d5b7-4d2c-a3a9-dd76881a89d1 0.076s
2025-03-26 21:01:34.331 69207 INFO tempest.lib.common.rest_client [req-05c67f43-d56d-47ba-bdf6-0ae39f955d41 req-05c67f43-d56d-47ba-bdf6-0ae39f955d41 ] Request (ServersNegativeTestMultiTenantJSON:setUpClass): 201 POST http://10.180.1.21/identity/v3/auth/tokens 0.055s
2025-03-26 21:01:34.332 69207 INFO tempest.lib.common.fixed_network [-] (ServersNegativeTestMultiTenantJSON:setUpClass) Found network {'id': 'f6255d0e-4f1b-4faa-b8c4-2fceabead4f3', 'name': 'tempest-ServersNegativeTestMultiTenantJSON-1695089947-network', 'tenant_id': '31cfdfaca7e243378c604cbf8b871ad3', 'admin_state_up': True, 'mtu': 8950, 'status': 'ACTIVE', 'subnets': [], 'shared': False, 'project_id': '31cfdfaca7e243378c604cbf8b871ad3', 'port_security_enabled': True, 'router:external': False, 'provider:network_type': 'vlan', 'provider:physical_network': 'default', 'provider:segmentation_id': 469, 'availability_zone_hints': [], 'availability_zones': [], 'ipv4_address_scope': None, 'ipv6_address_scope': None, 'description': '', 'tags': [], 'created_at': '2025-03-26T21:01:29Z', 'updated_at': '2025-03-26T21:01:29Z', 'revision_number': 1} available for tenant
2025-03-26 21:01:34.372 69222 INFO tempest.lib.common.rest_client [req-658463ec-422c-4dc7-8471-617459c3c108 req-658463ec-422c-4dc7-8471-617459c3c108 ] Request (FloatingIPsAssociationNegativeTestJSON:setUpClass): 200 GET http://10.180.1.21/compute/v2.1/servers/c3a56259-acf4-4d26-929b-fdde7b5c97eb 0.156s
2025-03-26 21:01:34.385 69243 INFO tempest.lib.common.rest_client [req-0755c990-57f9-4c23-8bc4-c241c3e6e288 req-0755c990-57f9-4c23-8bc4-c241c3e6e288 ] Request (AttachInterfacesV270Test:tearDownClass): 200 GET http://10.180.1.21/compute/v2.1/servers/effc35fc-c65b-4e44-9635-af615d5b0a47 0.094s
2025-03-26 21:01:34.436 69197 INFO tempest.lib.common.rest_client [req-221f77cd-b407-49df-9187-88bcdcfdfba2 req-221f77cd-b407-49df-9187-88bcdcfdfba2 ] Request (ImagesTestJSON:test_create_image_from_suspended_server): 200 GET http://10.180.1.21/compute/v2.1/servers/7daf798a-21b2-43e2-8f25-8f349f2863e4 0.127s
2025-03-26 21:01:34.474 69224 INFO tempest.lib.common.rest_client [req-f23cb9b6-0c5d-46ff-bb77-dd2d8162c9c2 req-f23cb9b6-0c5d-46ff-bb77-dd2d8162c9c2 ] Request (ServerMetadataNegativeTestJSON:tearDownClass): 200 PUT http://10.180.1.21:9696/networking/v2.0/routers/1809ff56-cf21-4e1a-bae2-b927831e5b5b/remove_router_interface 1.123s
2025-03-26 21:01:34.488 69237 INFO tempest.lib.common.rest_client [req-b22e110c-2f9a-466b-ab63-7c37d746a8fe req-b22e110c-2f9a-466b-ab63-7c37d746a8fe ] Request (ImagesNegativeTestJSON:test_create_image_from_deleted_server): 200 GET http://10.180.1.21/compute/v2.1/servers/091adaaa-617e-45e0-9ada-cdeadfff36a3 0.113s
2025-03-26 21:01:34.552 69216 INFO tempest.lib.common.rest_client [req-b9aeecae-d2af-4ffb-bc17-3edc0df984b3 req-b9aeecae-d2af-4ffb-bc17-3edc0df984b3 ] Request (ServerExternalEventsTest:tearDownClass): 200 GET http://10.180.1.21/compute/v2.1/servers/01c1c8d4-2e8e-40eb-bacb-9b6f1b26d955 0.114s
2025-03-26 21:01:34.610 69212 INFO tempest.lib.common.rest_client [req-faff826f-6873-4ae2-afbb-4c991caecbb8 req-faff826f-6873-4ae2-afbb-4c991caecbb8 ] Request (SecurityGroupsTestJSON:test_list_security_groups_by_server): 200 GET http://10.180.1.21/compute/v2.1/servers/d421f36e-8ec2-4ae7-968c-bc69027b81b6 0.160s
2025-03-26 21:01:34.678 69220 WARNING tempest.lib.common.ssh [-] Failed to establish authenticated ssh connection to cirros@10.180.180.243 ([Errno None] Unable to connect to port 22 on 10.180.180.243). Number attempts: 1. Retry after 2 seconds.: paramiko.ssh_exception.NoValidConnectionsError: [Errno None] Unable to connect to port 22 on 10.180.180.243
2025-03-26 21:01:34.679 69232 INFO tempest.lib.common.rest_client [req-f192e583-4c55-45b5-9b59-2efedc70bedb req-f192e583-4c55-45b5-9b59-2efedc70bedb ] Request (ImagesOneServerTestJSON:tearDownClass): 200 GET http://10.180.1.21/compute/v2.1/servers/0e72ec32-1c6e-413b-b5d1-c81d7315adb8 0.159s
2025-03-26 21:01:34.754 69182 INFO tempest.lib.common.rest_client [req-5dd2f4b1-dec5-4c34-bca3-eee0d9a30ae1 req-5dd2f4b1-dec5-4c34-bca3-eee0d9a30ae1 ] Request (ListServersNegativeTestJSON:setUpClass): 200 GET http://10.180.1.21/compute/v2.1/servers/f720a633-de87-428c-a7de-2a8d336be8ed 0.222s
2025-03-26 21:01:34.822 69186 INFO tempest.lib.common.rest_client [req-ed6fcaf7-80bc-46b5-9abd-cd7aee7df71d req-ed6fcaf7-80bc-46b5-9abd-cd7aee7df71d ] Request (VolumesAdminNegativeTest:test_update_attached_volume_with_nonexistent_volume_in_body): 200 GET http://10.180.1.21/compute/v2.1/servers/e94094a9-3fb7-494c-9bda-8704f846db40 0.237s
2025-03-26 21:01:34.869 69207 INFO tempest.lib.common.rest_client [req-39d9539c-1cd1-4765-a386-688a272febfa req-39d9539c-1cd1-4765-a386-688a272febfa ] Request (ServersNegativeTestMultiTenantJSON:setUpClass): 202 POST http://10.180.1.21/compute/v2.1/servers 0.536s
2025-03-26 21:01:34.884 69224 INFO tempest.lib.common.rest_client [req-17a0dadd-e7c3-4074-9b57-50a939654885 req-17a0dadd-e7c3-4074-9b57-50a939654885 ] Request (ServerMetadataNegativeTestJSON:tearDownClass): 204 DELETE http://10.180.1.21:9696/networking/v2.0/routers/1809ff56-cf21-4e1a-bae2-b927831e5b5b 0.409s
2025-03-26 21:01:34.886 69192 INFO tempest.lib.common.rest_client [req-0655e423-4a92-4982-b3c0-ad1146e112c0 req-0655e423-4a92-4982-b3c0-ad1146e112c0 ] Request (DeleteServersAdminTestJSON:test_delete_server_while_in_error_state): 200 GET http://10.180.1.21/compute/v2.1/servers/9a76468d-f4d4-4a63-8c5b-a43f002cc535 0.290s
2025-03-26 21:01:34.926 69240 INFO tempest.lib.common.rest_client [req-5b6f13d7-119c-442e-a76d-99b4cf7fdfee req-5b6f13d7-119c-442e-a76d-99b4cf7fdfee ] Request (ServersTestBootFromVolume:setUpClass): 200 GET http://10.180.1.21/compute/v2.1/servers/331d9c1a-e03e-4ad4-8758-939326619c67 0.285s
2025-03-26 21:01:34.939 69180 INFO tempest.lib.common.rest_client [req-ec54e415-8d0b-4e8d-82ed-c372eb834d47 req-ec54e415-8d0b-4e8d-82ed-c372eb834d47 ] Request (ServerRescueNegativeTestJSON:setUpClass): 200 GET http://10.180.1.21/compute/v2.1/servers/50155af9-9cd2-486c-bd4c-81db57eecbda 0.256s
2025-03-26 21:01:34.983 69210 INFO tempest.lib.common.rest_client [req-6d2f347e-39ee-4cd8-b2f1-c322d0c303ac req-6d2f347e-39ee-4cd8-b2f1-c322d0c303ac ] Request (ServersAdminNegativeTestJSON:test_migrate_server_invalid_state): 200 GET http://10.180.1.21/compute/v2.1/servers/b3e8f14d-44ec-4db0-822a-2d1bdc01bd0b 0.270s
2025-03-26 21:01:35.006 69188 INFO tempest.lib.common.rest_client [req-0d8bc60f-9372-4ecc-a9af-fd1dff56d0f9 req-0d8bc60f-9372-4ecc-a9af-fd1dff56d0f9 ] Request (ServersTestMultiNic:test_verify_duplicate_network_nics): 200 GET http://10.180.1.21/compute/v2.1/servers/65f6afb5-e62d-4dbd-b1cd-6ed52b88ca23 0.262s
2025-03-26 21:01:35.029 69224 INFO tempest.lib.common.rest_client [req-a08f0358-fab9-4fc5-8edb-3683a30df1c8 req-a08f0358-fab9-4fc5-8edb-3683a30df1c8 ] Request (ServerMetadataNegativeTestJSON:tearDownClass): 204 DELETE http://10.180.1.21:9696/networking/v2.0/subnets/298a2c8c-093b-49ab-89c9-f5133bf6ce98 0.145s
2025-03-26 21:01:35.042 69230 INFO tempest.lib.common.rest_client [req-ae4d2929-bfae-4b81-92d3-018afc1b178f req-ae4d2929-bfae-4b81-92d3-018afc1b178f ] Request (FloatingIPsAssociationTestJSON:test_associate_already_associated_floating_ip): 200 GET http://10.180.1.21/compute/v2.1/servers/b3f025fc-1b13-4953-b4e2-1939a684998c 0.278s
2025-03-26 21:01:35.056 69207 INFO tempest.lib.common.rest_client [req-a95f9b64-36b7-4091-be3a-caea72371a26 req-a95f9b64-36b7-4091-be3a-caea72371a26 ] Request (ServersNegativeTestMultiTenantJSON:setUpClass): 200 GET http://10.180.1.21/compute/v2.1/servers/eff84169-8070-4b36-a6e1-1464aff30d92 0.184s
2025-03-26 21:01:35.113 69190 INFO tempest.lib.common.rest_client [req-3abd1641-7a8f-4d5c-86f7-d415af9c18ca req-3abd1641-7a8f-4d5c-86f7-d415af9c18ca ] Request (ServersAdminTestJSON:test_create_server_with_scheduling_hint): 200 GET http://10.180.1.21/compute/v2.1/servers/fd248bbd-b4f7-4efb-9575-f3019b0888a9 0.087s
2025-03-26 21:01:35.117 69198 INFO tempest.lib.common.rest_client [req-d87d9f49-4097-4244-a152-1b167b62159d req-d87d9f49-4097-4244-a152-1b167b62159d ] Request (DeleteServersTestJSON:test_delete_server_while_in_attached_volume): 200 GET http://10.180.1.21/compute/v2.1/servers/1680228e-44af-4aff-bd2a-83a1360006a6 0.078s
2025-03-26 21:01:35.183 69184 INFO tempest.lib.common.rest_client [req-4eec49fc-4bb2-4d91-8da1-0ff44fd19172 req-4eec49fc-4bb2-4d91-8da1-0ff44fd19172 ] Request (ServerDiskConfigTestJSON:test_rebuild_server_with_manual_disk_config): 200 GET http://10.180.1.21/compute/v2.1/servers/ce042a29-f8f3-4c79-a270-f003c2c60a7f 0.058s
2025-03-26 21:01:35.258 69228 INFO tempest.lib.common.rest_client [req-05e6a3f1-3b23-4ef9-89ef-7db8ef9ef976 req-05e6a3f1-3b23-4ef9-89ef-7db8ef9ef976 ] Request (ServerAddressesNegativeTestJSON:setUpClass): 200 GET http://10.180.1.21/compute/v2.1/servers/be00f9d7-3571-4249-a3c8-b87f43123930 0.057s
2025-03-26 21:01:35.301 69224 INFO tempest.lib.common.rest_client [req-01640cae-9b35-4675-a05c-95fab462b9ca req-01640cae-9b35-4675-a05c-95fab462b9ca ] Request (ServerMetadataNegativeTestJSON:tearDownClass): 204 DELETE http://10.180.1.21:9696/networking/v2.0/networks/71e68618-d1be-478a-af3d-10d9e824c997 0.271s
2025-03-26 21:01:35.321 69202 INFO tempest.lib.common.rest_client [req-82b942d2-db16-4c41-9dd3-aa6014271d7e req-82b942d2-db16-4c41-9dd3-aa6014271d7e ] Request (ServersTestManualDisk:tearDownClass): 404 GET http://10.180.1.21/compute/v2.1/servers/48f5958b-d5b7-4d2c-a3a9-dd76881a89d1 0.029s
2025-03-26 21:01:35.338 69202 INFO tempest.lib.common.rest_client [req-ccb50a6f-3a0d-4d21-942d-aaa419627aab req-ccb50a6f-3a0d-4d21-942d-aaa419627aab ] Request (ServersTestManualDisk:tearDownClass): 202 DELETE http://10.180.1.21/compute/v2.1/os-keypairs/tempest-keypair-813672279 0.016s
2025-03-26 21:01:35.441 69224 INFO tempest.lib.common.rest_client [req-44685581-9f6b-4f4b-b01a-f614b1677331 req-44685581-9f6b-4f4b-b01a-f614b1677331 ] Request (ServerMetadataNegativeTestJSON:tearDownClass): 204 DELETE http://10.180.1.21/identity/v3/users/05fb216267544437967fc7dfcafaa582 0.139s
2025-03-26 21:01:35.441 69224 INFO tempest.lib.common.dynamic_creds [-] Deleting project and security group for project: a66ff9c8999e46f3b315290d6f3b5e32
2025-03-26 21:01:35.457 69202 INFO tempest.lib.common.rest_client [req-34a7e0fd-c70b-49e9-89c1-0c99ce7dbc5b req-34a7e0fd-c70b-49e9-89c1-0c99ce7dbc5b ] Request (ServersTestManualDisk:tearDownClass): 204 DELETE http://10.180.1.21:9696/networking/v2.0/security-groups/2b2d7e8e-e582-48e0-a3b4-8e92d0c1c8dc 0.117s
2025-03-26 21:01:35.475 69202 INFO tempest.lib.common.rest_client [req-d3a9eead-6529-49c5-9f6c-a8dae4b36577 req-d3a9eead-6529-49c5-9f6c-a8dae4b36577 ] Request (ServersTestManualDisk:tearDownClass): 404 GET http://10.180.1.21:9696/networking/v2.0/security-groups/2b2d7e8e-e582-48e0-a3b4-8e92d0c1c8dc 0.018s
2025-03-26 21:01:35.483 69243 INFO tempest.lib.common.rest_client [req-47982aa2-7904-4a38-817d-ed2d6108d269 req-47982aa2-7904-4a38-817d-ed2d6108d269 ] Request (AttachInterfacesV270Test:tearDownClass): 200 GET http://10.180.1.21/compute/v2.1/servers/effc35fc-c65b-4e44-9635-af615d5b0a47 0.087s
2025-03-26 21:01:35.488 69224 INFO tempest.lib.common.rest_client [req-19106c3c-3754-4ddd-8b3f-3b27e6616f45 req-19106c3c-3754-4ddd-8b3f-3b27e6616f45 ] Request (ServerMetadataNegativeTestJSON:tearDownClass): 200 GET http://10.180.1.21:9696/networking/v2.0/security-groups?tenant_id=a66ff9c8999e46f3b315290d6f3b5e32&name=default 0.046s
2025-03-26 21:01:35.551 69197 INFO tempest.lib.common.rest_client [req-3247cacf-3916-401c-8442-64f7c6d69cd1 req-3247cacf-3916-401c-8442-64f7c6d69cd1 ] Request (ImagesTestJSON:test_create_image_from_suspended_server): 200 GET http://10.180.1.21/compute/v2.1/servers/7daf798a-21b2-43e2-8f25-8f349f2863e4 0.106s
2025-03-26 21:01:35.569 69222 INFO tempest.lib.common.rest_client [req-c252b379-e57c-4d57-9d2b-ade9c23139bb req-c252b379-e57c-4d57-9d2b-ade9c23139bb ] Request (FloatingIPsAssociationNegativeTestJSON:setUpClass): 200 GET http://10.180.1.21/compute/v2.1/servers/c3a56259-acf4-4d26-929b-fdde7b5c97eb 0.187s
2025-03-26 21:01:35.612 69237 INFO tempest.lib.common.rest_client [req-64f0e0ea-c5ca-4dcb-9f42-8c84ec488e05 req-64f0e0ea-c5ca-4dcb-9f42-8c84ec488e05 ] Request (ImagesNegativeTestJSON:test_create_image_from_deleted_server): 200 GET http://10.180.1.21/compute/v2.1/servers/091adaaa-617e-45e0-9ada-cdeadfff36a3 0.114s
2025-03-26 21:01:35.620 69224 INFO tempest.lib.common.rest_client [req-3e8888ba-a1f8-41a8-a01e-adb84d8659d6 req-3e8888ba-a1f8-41a8-a01e-adb84d8659d6 ] Request (ServerMetadataNegativeTestJSON:tearDownClass): 204 DELETE http://10.180.1.21:9696/networking/v2.0/security-groups/7f422820-2be8-45cd-9991-f9987400d4f8 0.131s
2025-03-26 21:01:35.662 69216 INFO tempest.lib.common.rest_client [req-0c71a224-36bd-47b2-9cc1-26a1edc5a7ec req-0c71a224-36bd-47b2-9cc1-26a1edc5a7ec ] Request (ServerExternalEventsTest:tearDownClass): 200 GET http://10.180.1.21/compute/v2.1/servers/01c1c8d4-2e8e-40eb-bacb-9b6f1b26d955 0.098s
2025-03-26 21:01:35.681 69212 INFO tempest.lib.common.rest_client [req-ac311a95-4c69-4432-8e99-2d3bad8cc29a req-ac311a95-4c69-4432-8e99-2d3bad8cc29a ] Request (SecurityGroupsTestJSON:test_list_security_groups_by_server): 200 GET http://10.180.1.21/compute/v2.1/servers/d421f36e-8ec2-4ae7-968c-bc69027b81b6 0.063s
2025-03-26 21:01:35.728 69224 INFO tempest.lib.common.rest_client [req-fb78eb3c-8bce-4fb6-b32c-a76116a8304d req-fb78eb3c-8bce-4fb6-b32c-a76116a8304d ] Request (ServerMetadataNegativeTestJSON:tearDownClass): 204 DELETE http://10.180.1.21/identity/v3/projects/a66ff9c8999e46f3b315290d6f3b5e32 0.108s
