2025-03-26 21:01:50.309 69197 INFO tempest.lib.common.rest_client [req-66c67363-4369-447a-9135-e767e6b1a062 req-66c67363-4369-447a-9135-e767e6b1a062 ] Request (ImagesTestJSON:test_create_image_from_suspended_server): 200 GET http://10.180.1.21/compute/v2.1/servers/7daf798a-21b2-43e2-8f25-8f349f2863e4 0.172s
2025-03-26 21:01:50.391 69222 INFO tempest.lib.common.rest_client [req-63bdfee9-392a-40a5-a1c9-18d9c164c9ab req-63bdfee9-392a-40a5-a1c9-18d9c164c9ab ] Request (FloatingIPsAssociationNegativeTestJSON:tearDownClass): 200 GET http://10.180.1.21/compute/v2.1/servers/c3a56259-acf4-4d26-929b-fdde7b5c97eb 0.231s
2025-03-26 21:01:50.394 69237 INFO tempest.lib.common.rest_client [req-7f261674-6b96-4b2b-9151-973194c0892c req-7f261674-6b96-4b2b-9151-973194c0892c ] Request (ImagesNegativeTestJSON:test_create_image_from_deleted_server): 200 GET http://10.180.1.21/compute/v2.1/servers/091adaaa-617e-45e0-9ada-cdeadfff36a3 0.190s
2025-03-26 21:01:50.479 69243 INFO tempest.lib.common.rest_client [req-60b9abd1-5262-4bef-bf2d-b3d268ca38a4 req-60b9abd1-5262-4bef-bf2d-b3d268ca38a4 ] Request (AttachInterfacesV270Test:tearDownClass): 200 GET http://10.180.1.21/compute/v2.1/servers/effc35fc-c65b-4e44-9635-af615d5b0a47 0.210s
2025-03-26 21:01:50.479 69216 INFO tempest.lib.common.rest_client [req-8915e184-f031-408a-94bb-7ccbd632b77e req-8915e184-f031-408a-94bb-7ccbd632b77e ] Request (ServerExternalEventsTest:tearDownClass): 200 GET http://10.180.1.21/compute/v2.1/servers/01c1c8d4-2e8e-40eb-bacb-9b6f1b26d955 0.120s
2025-03-26 21:01:50.502 69232 INFO tempest.lib.common.rest_client [req-78a8a4ec-c392-4acb-95ab-0d191c5c1f99 req-78a8a4ec-c392-4acb-95ab-0d191c5c1f99 ] Request (ImagesOneServerTestJSON:tearDownClass): 204 DELETE http://10.180.1.21:9696/networking/v2.0/routers/b8b6b12d-36b0-4d92-965f-4fc1b1eebd25 0.386s
2025-03-26 21:01:50.544 69212 INFO tempest.lib.common.rest_client [req-0f2b7582-faa3-492b-96a1-205741abd1cb req-0f2b7582-faa3-492b-96a1-205741abd1cb ] Request (SecurityGroupsTestJSON:test_list_security_groups_by_server): 200 GET http://10.180.1.21/compute/v2.1/servers/d421f36e-8ec2-4ae7-968c-bc69027b81b6 0.115s
2025-03-26 21:01:50.544 69202 INFO tempest.lib.common.rest_client [req-44c0e36d-1791-4b09-ab6b-f5e509a5c7d1 req-44c0e36d-1791-4b09-ab6b-f5e509a5c7d1 ] Request (ServerActionsTestJSON:setUpClass): 200 GET http://10.180.1.21/compute/v2.1/servers/efb0bca8-dcc8-4f3b-b3bf-1ddce2752df5 0.074s
2025-03-26 21:01:50.598 69186 INFO tempest.lib.common.rest_client [req-aa058b28-256b-40a9-9e8c-d3e3a9f76a07 req-aa058b28-256b-40a9-9e8c-d3e3a9f76a07 ] Request (VolumesAdminNegativeTest:test_update_attached_volume_with_nonexistent_volume_in_body): 200 GET http://10.180.1.21/compute/v2.1/servers/e94094a9-3fb7-494c-9bda-8704f846db40 0.074s
2025-03-26 21:01:50.604 69240 INFO tempest.lib.common.rest_client [req-9c28473a-3de8-4751-a2b5-5d7cbb48048b req-9c28473a-3de8-4751-a2b5-5d7cbb48048b ] Request (ServersTestBootFromVolume:setUpClass): 200 GET http://10.180.1.21/compute/v2.1/servers/331d9c1a-e03e-4ad4-8758-939326619c67 0.054s
2025-03-26 21:01:50.617 69232 INFO tempest.lib.common.rest_client [req-1d584d9a-d4b5-491a-9aa4-3acbe59617e2 req-1d584d9a-d4b5-491a-9aa4-3acbe59617e2 ] Request (ImagesOneServerTestJSON:tearDownClass): 204 DELETE http://10.180.1.21:9696/networking/v2.0/subnets/52c428d7-7a79-4df7-af07-9b9b14ee8d67 0.114s
2025-03-26 21:01:50.652 69180 INFO tempest.lib.common.rest_client [req-2b4cf48b-a8d1-4d2e-a4df-a2003e510a4c req-2b4cf48b-a8d1-4d2e-a4df-a2003e510a4c ] Request (ServerRescueNegativeTestJSON:setUpClass): 200 GET http://10.180.1.21/compute/v2.1/servers/50155af9-9cd2-486c-bd4c-81db57eecbda 0.077s
2025-03-26 21:01:50.690 69192 INFO tempest.lib.common.rest_client [req-4aa4eb23-2496-4212-b2ff-527298afde9e req-4aa4eb23-2496-4212-b2ff-527298afde9e ] Request (DeleteServersAdminTestJSON:test_delete_server_while_in_error_state): 200 GET http://10.180.1.21/compute/v2.1/servers/9a76468d-f4d4-4a63-8c5b-a43f002cc535 0.066s
2025-03-26 21:01:50.703 69210 INFO tempest.lib.common.rest_client [req-1cfe020f-97b2-4d5c-bda5-60ea0b4db63c req-1cfe020f-97b2-4d5c-bda5-60ea0b4db63c ] Request (ServersAdminNegativeTestJSON:test_migrate_server_invalid_state): 200 GET http://10.180.1.21/compute/v2.1/servers/b3e8f14d-44ec-4db0-822a-2d1bdc01bd0b 0.071s
2025-03-26 21:01:50.751 69188 INFO tempest.lib.common.rest_client [req-7429542a-68ba-453d-bfed-2339a92af6cd req-7429542a-68ba-453d-bfed-2339a92af6cd ] Request (ServersTestMultiNic:test_verify_duplicate_network_nics): 200 GET http://10.180.1.21/compute/v2.1/servers/65f6afb5-e62d-4dbd-b1cd-6ed52b88ca23 0.063s
2025-03-26 21:01:50.889 69232 INFO tempest.lib.common.rest_client [req-612e217f-1106-4135-b0a6-7946d8fad82a req-612e217f-1106-4135-b0a6-7946d8fad82a ] Request (ImagesOneServerTestJSON:tearDownClass): 204 DELETE http://10.180.1.21:9696/networking/v2.0/networks/64d045bd-c7f1-4776-a24b-1a79a63d1069 0.272s
2025-03-26 21:01:50.968 69232 INFO tempest.lib.common.rest_client [req-5d334729-fc04-4b04-8d27-41eb46d69946 req-5d334729-fc04-4b04-8d27-41eb46d69946 ] Request (ImagesOneServerTestJSON:tearDownClass): 204 DELETE http://10.180.1.21/identity/v3/users/9a5a9461fa294c2ca2184393426714f9 0.079s
2025-03-26 21:01:50.969 69232 INFO tempest.lib.common.dynamic_creds [-] Deleting project and security group for project: 337d3155e5a84896a398ea05f6265d15
2025-03-26 21:01:51.005 69232 INFO tempest.lib.common.rest_client [req-befd41b2-600b-4d1a-8af0-1c93bd1585ab req-befd41b2-600b-4d1a-8af0-1c93bd1585ab ] Request (ImagesOneServerTestJSON:tearDownClass): 200 GET http://10.180.1.21:9696/networking/v2.0/security-groups?tenant_id=337d3155e5a84896a398ea05f6265d15&name=default 0.036s
2025-03-26 21:01:51.014 69184 INFO tempest.lib.common.rest_client [req-116f181a-6805-4a4e-99d2-a54c05df7522 req-116f181a-6805-4a4e-99d2-a54c05df7522 ] Request (ServerDiskConfigTestJSON:test_rebuild_server_with_manual_disk_config): 200 GET http://10.180.1.21/compute/v2.1/servers/ce042a29-f8f3-4c79-a270-f003c2c60a7f 0.123s
2025-03-26 21:01:51.022 69184 INFO tempest.common.waiters [-] State transition "REBUILD/rebuilding" ==> "REBUILD/rebuild_block_device_mapping" after 3 second wait
2025-03-26 21:01:51.100 69232 INFO tempest.lib.common.rest_client [req-4bce2907-ce73-4b95-86b6-32a124d4aced req-4bce2907-ce73-4b95-86b6-32a124d4aced ] Request (ImagesOneServerTestJSON:tearDownClass): 204 DELETE http://10.180.1.21:9696/networking/v2.0/security-groups/89abfccb-e916-4111-9031-5b8e43fbf8a0 0.095s
2025-03-26 21:01:51.121 69230 INFO tempest.lib.common.rest_client [req-6ab52dcb-5e4d-40ce-9077-7abdb3e672ee req-6ab52dcb-5e4d-40ce-9077-7abdb3e672ee ] Request (FloatingIPsAssociationTestJSON:test_associate_already_associated_floating_ip): 200 GET http://10.180.1.21/compute/v2.1/servers/b3f025fc-1b13-4953-b4e2-1939a684998c 0.158s
2025-03-26 21:01:51.128 69230 INFO tempest.common.waiters [-] State transition "BUILD/spawning" ==> "ACTIVE/None" after 81 second wait
2025-03-26 21:01:51.131 69198 INFO tempest.lib.common.rest_client [req-a273af3d-7ba0-4999-9b33-ad4bed7116dc req-a273af3d-7ba0-4999-9b33-ad4bed7116dc ] Request (DeleteServersTestJSON:test_delete_server_while_in_attached_volume): 200 GET http://10.180.1.21/compute/v2.1/servers/1680228e-44af-4aff-bd2a-83a1360006a6 0.134s
2025-03-26 21:01:51.178 69207 INFO tempest.lib.common.rest_client [req-dcb1532b-503d-48d5-b9b0-baa906f8291b req-dcb1532b-503d-48d5-b9b0-baa906f8291b ] Request (ServersNegativeTestMultiTenantJSON:setUpClass): 200 GET http://10.180.1.21/compute/v2.1/servers/eff84169-8070-4b36-a6e1-1464aff30d92 0.140s
2025-03-26 21:01:51.191 69190 INFO tempest.lib.common.rest_client [req-8895878f-d044-4dc0-98b2-e46e0828ab7e req-8895878f-d044-4dc0-98b2-e46e0828ab7e ] Request (ServersAdminTestJSON:test_create_server_with_scheduling_hint): 200 GET http://10.180.1.21/compute/v2.1/servers/fd248bbd-b4f7-4efb-9575-f3019b0888a9 0.124s
2025-03-26 21:01:51.231 69228 INFO tempest.lib.common.rest_client [req-f98d450b-8195-4bb3-87d4-035af8142fe2 req-f98d450b-8195-4bb3-87d4-035af8142fe2 ] Request (ServerAddressesNegativeTestJSON:setUpClass): 200 GET http://10.180.1.21/compute/v2.1/servers/be00f9d7-3571-4249-a3c8-b87f43123930 0.137s
2025-03-26 21:01:51.243 69232 INFO tempest.lib.common.rest_client [req-228a0148-7237-4117-9c2a-74b0857cc113 req-228a0148-7237-4117-9c2a-74b0857cc113 ] Request (ImagesOneServerTestJSON:tearDownClass): 204 DELETE http://10.180.1.21/identity/v3/projects/337d3155e5a84896a398ea05f6265d15 0.142s
2025-03-26 21:01:51.349 69232 INFO tempest.lib.common.rest_client [req-655d7405-dcce-4908-98d1-719d9c2b0812 req-655d7405-dcce-4908-98d1-719d9c2b0812 ] Request (InstanceActionsV221TestJSON:setUpClass): 201 POST http://10.180.1.21/identity/v3/auth/tokens 0.103s
2025-03-26 21:01:51.387 69232 INFO tempest.lib.common.rest_client [req-2d4e7f37-8c66-4308-8428-d7ab42ea4087 req-2d4e7f37-8c66-4308-8428-d7ab42ea4087 ] Request (InstanceActionsV221TestJSON:setUpClass): 201 POST http://10.180.1.21/identity/v3/auth/tokens 0.035s
2025-03-26 21:01:51.415 69232 INFO tempest.lib.common.rest_client [req-0b3e4830-f8f6-4b18-a00a-5162288caa41 req-0b3e4830-f8f6-4b18-a00a-5162288caa41 ] Request (InstanceActionsV221TestJSON:setUpClass): 200 GET http://10.180.1.21/identity/v3/domains?name=Default 0.028s
2025-03-26 21:01:51.426 69182 INFO tempest.lib.common.rest_client [req-b14013f0-ba15-47d2-b3fc-5ba0670a2f3f req-b14013f0-ba15-47d2-b3fc-5ba0670a2f3f ] Request (ListServersNegativeTestJSON:tearDownClass): 200 GET http://10.180.1.21/compute/v2.1/servers/f9733501-5836-4d17-a830-2745287f7b79 0.181s
2025-03-26 21:01:51.448 69232 INFO tempest.lib.common.rest_client [req-83d04256-0f47-47b4-b686-77f9ee355fdb req-83d04256-0f47-47b4-b686-77f9ee355fdb ] Request (InstanceActionsV221TestJSON:setUpClass): 201 POST http://10.180.1.21/identity/v3/projects 0.032s
2025-03-26 21:01:51.509 69232 INFO tempest.lib.common.rest_client [req-14ebbda5-db0d-4c23-80d2-f0717d0ac343 req-14ebbda5-db0d-4c23-80d2-f0717d0ac343 ] Request (InstanceActionsV221TestJSON:setUpClass): 201 POST http://10.180.1.21/identity/v3/users 0.061s
2025-03-26 21:01:51.529 69232 INFO tempest.lib.common.rest_client [req-5c479170-a796-4ced-a32d-5513e39562b1 req-5c479170-a796-4ced-a32d-5513e39562b1 ] Request (InstanceActionsV221TestJSON:setUpClass): 200 GET http://10.180.1.21/identity/v3/roles 0.020s
2025-03-26 21:01:51.555 69232 INFO tempest.lib.common.rest_client [req-034c25c2-f029-4535-845b-9a23e75f720d req-034c25c2-f029-4535-845b-9a23e75f720d ] Request (InstanceActionsV221TestJSON:setUpClass): 204 PUT http://10.180.1.21/identity/v3/projects/9b1f5ad643a745a5b32ccdb7c0e3aacd/users/76744d770a2a448b9624782d47812953/roles/09f0821c90444411ad791eb297ad4e1f 0.025s
2025-03-26 21:01:51.555 69232 INFO tempest.lib.common.dynamic_creds [-] Dynamic test user 76744d770a2a448b9624782d47812953 is created with scope project and roles: ['member']
2025-03-26 21:01:51.556 69232 INFO tempest.lib.common.dynamic_creds [-] Acquired dynamic creds: credentials: Credentials: {'domain_id': 'default', 'domain_name': 'Default', 'username': 'tempest-InstanceActionsV221TestJSON-1080164989-project-member', 'project_domain_id': 'default', 'project_domain_name': 'Default', 'project_id': '9b1f5ad643a745a5b32ccdb7c0e3aacd', 'project_name': 'tempest-InstanceActionsV221TestJSON-1080164989', 'tenant_id': '9b1f5ad643a745a5b32ccdb7c0e3aacd', 'tenant_name': 'tempest-InstanceActionsV221TestJSON-1080164989', 'user_domain_id': 'default', 'user_domain_name': 'Default', 'user_id': '76744d770a2a448b9624782d47812953', 'system': None}, Network: None, Subnet: None, Router: None
2025-03-26 21:01:51.570 69197 INFO tempest.lib.common.rest_client [req-f2bb6a6b-3372-4e10-836a-ee8051712838 req-f2bb6a6b-3372-4e10-836a-ee8051712838 ] Request (ImagesTestJSON:test_create_image_from_suspended_server): 200 GET http://10.180.1.21/compute/v2.1/servers/7daf798a-21b2-43e2-8f25-8f349f2863e4 0.253s
2025-03-26 21:01:51.607 69232 INFO tempest.lib.common.rest_client [req-7bdaa022-7baf-45d2-a722-f43619398ac8 req-7bdaa022-7baf-45d2-a722-f43619398ac8 ] Request (InstanceActionsV221TestJSON:setUpClass): 201 POST http://10.180.1.21/identity/v3/auth/tokens 0.051s
2025-03-26 21:01:51.697 69222 INFO tempest.lib.common.rest_client [req-95417e78-9b36-4e27-9e71-5b494c7b175d req-95417e78-9b36-4e27-9e71-5b494c7b175d ] Request (FloatingIPsAssociationNegativeTestJSON:tearDownClass): 200 GET http://10.180.1.21/compute/v2.1/servers/c3a56259-acf4-4d26-929b-fdde7b5c97eb 0.296s
2025-03-26 21:01:51.770 69237 INFO tempest.lib.common.rest_client [req-8915ca54-36da-48fb-9069-2d88dd0e9ed2 req-8915ca54-36da-48fb-9069-2d88dd0e9ed2 ] Request (ImagesNegativeTestJSON:test_create_image_from_deleted_server): 200 GET http://10.180.1.21/compute/v2.1/servers/091adaaa-617e-45e0-9ada-cdeadfff36a3 0.362s
2025-03-26 21:01:51.840 69243 INFO tempest.lib.common.rest_client [req-4d9a1ace-513a-4f5e-95a2-4356ce1b3068 req-4d9a1ace-513a-4f5e-95a2-4356ce1b3068 ] Request (AttachInterfacesV270Test:tearDownClass): 200 GET http://10.180.1.21/compute/v2.1/servers/effc35fc-c65b-4e44-9635-af615d5b0a47 0.351s
2025-03-26 21:01:51.853 69232 INFO tempest.lib.common.rest_client [req-2ac5e05b-91c6-40f9-8d57-c0827af023ba req-2ac5e05b-91c6-40f9-8d57-c0827af023ba ] Request (InstanceActionsV221TestJSON:setUpClass): 201 POST http://10.180.1.21:9696/networking/v2.0/networks 0.244s
2025-03-26 21:01:51.864 69216 INFO tempest.lib.common.rest_client [req-39064735-bf38-44e7-befe-df0cd2174ac5 req-39064735-bf38-44e7-befe-df0cd2174ac5 ] Request (ServerExternalEventsTest:tearDownClass): 404 GET http://10.180.1.21/compute/v2.1/servers/01c1c8d4-2e8e-40eb-bacb-9b6f1b26d955 0.374s
2025-03-26 21:01:51.945 69216 INFO tempest.lib.common.rest_client [req-8efeb519-c5c8-4e28-b019-0e6807ec1c29 req-8efeb519-c5c8-4e28-b019-0e6807ec1c29 ] Request (ServerExternalEventsTest:tearDownClass): 204 DELETE http://10.180.1.21/identity/v3/users/0c24e3ffde584d70b0975291b0864f5d 0.080s
2025-03-26 21:01:51.954 69220 WARNING tempest.lib.common.ssh [-] Failed to establish authenticated ssh connection to cirros@10.180.180.243 ([Errno None] Unable to connect to port 22 on 10.180.180.243). Number attempts: 4. Retry after 5 seconds.: paramiko.ssh_exception.NoValidConnectionsError: [Errno None] Unable to connect to port 22 on 10.180.180.243
2025-03-26 21:01:51.962 69202 INFO tempest.lib.common.rest_client [req-45cad6e0-2b26-4726-9a6d-3f8500147ea0 req-45cad6e0-2b26-4726-9a6d-3f8500147ea0 ] Request (ServerActionsTestJSON:setUpClass): 200 GET http://10.180.1.21/compute/v2.1/servers/efb0bca8-dcc8-4f3b-b3bf-1ddce2752df5 0.410s
2025-03-26 21:01:52.035 69212 INFO tempest.lib.common.rest_client [req-04539ae8-0198-4af8-883c-419994dc95a4 req-04539ae8-0198-4af8-883c-419994dc95a4 ] Request (SecurityGroupsTestJSON:test_list_security_groups_by_server): 200 GET http://10.180.1.21/compute/v2.1/servers/d421f36e-8ec2-4ae7-968c-bc69027b81b6 0.483s
2025-03-26 21:01:52.050 69232 INFO tempest.lib.common.rest_client [req-fea6101a-859e-4815-9ad6-1395f028d362 req-fea6101a-859e-4815-9ad6-1395f028d362 ] Request (InstanceActionsV221TestJSON:setUpClass): 201 POST http://10.180.1.21:9696/networking/v2.0/subnets 0.196s
2025-03-26 21:01:52.080 69216 INFO tempest.lib.common.rest_client [req-e2a73780-dc44-41e6-b6bb-f33a493d1521 req-e2a73780-dc44-41e6-b6bb-f33a493d1521 ] Request (ServerExternalEventsTest:tearDownClass): 204 DELETE http://10.180.1.21/identity/v3/users/9e3765f5798a48289239c745fbf0a5d4 0.135s
2025-03-26 21:01:52.111 69186 INFO tempest.lib.common.rest_client [req-63281d07-143c-4717-aa3b-2a6e428ac863 req-63281d07-143c-4717-aa3b-2a6e428ac863 ] Request (VolumesAdminNegativeTest:test_update_attached_volume_with_nonexistent_volume_in_body): 200 GET http://10.180.1.21/compute/v2.1/servers/e94094a9-3fb7-494c-9bda-8704f846db40 0.504s
2025-03-26 21:01:52.196 69240 INFO tempest.lib.common.rest_client [req-f1f7a297-2ffa-455a-834c-967b240a52c9 req-f1f7a297-2ffa-455a-834c-967b240a52c9 ] Request (ServersTestBootFromVolume:setUpClass): 200 GET http://10.180.1.21/compute/v2.1/servers/331d9c1a-e03e-4ad4-8758-939326619c67 0.584s
2025-03-26 21:01:52.204 69216 INFO tempest.lib.common.rest_client [req-7c8a7ba0-0cb2-4ddc-88f7-27dfef8ffb7e req-7c8a7ba0-0cb2-4ddc-88f7-27dfef8ffb7e ] Request (ServerExternalEventsTest:tearDownClass): 204 DELETE http://10.180.1.21/identity/v3/users/25b51accbd2c4b12bd6461f0303ae829 0.124s
2025-03-26 21:01:52.205 69216 INFO tempest.lib.common.dynamic_creds [-] Deleting project and security group for project: 383e2296d775466ca83ff927a0af23df
2025-03-26 21:01:52.266 69180 INFO tempest.lib.common.rest_client [req-67c29aea-2b65-49ec-bb2c-5c254dfcf0a0 req-67c29aea-2b65-49ec-bb2c-5c254dfcf0a0 ] Request (ServerRescueNegativeTestJSON:setUpClass): 200 GET http://10.180.1.21/compute/v2.1/servers/50155af9-9cd2-486c-bd4c-81db57eecbda 0.606s
2025-03-26 21:01:52.333 69216 INFO tempest.lib.common.rest_client [req-45a21902-d431-4a44-8455-627e6f476fd0 req-45a21902-d431-4a44-8455-627e6f476fd0 ] Request (ServerExternalEventsTest:tearDownClass): 201 POST http://10.180.1.21/identity/v3/auth/tokens 0.128s
2025-03-26 21:01:52.359 69192 INFO tempest.lib.common.rest_client [req-59d3a153-0c97-4523-b38b-e698295625e6 req-59d3a153-0c97-4523-b38b-e698295625e6 ] Request (DeleteServersAdminTestJSON:test_delete_server_while_in_error_state): 200 GET http://10.180.1.21/compute/v2.1/servers/9a76468d-f4d4-4a63-8c5b-a43f002cc535 0.659s
2025-03-26 21:01:52.450 69210 INFO tempest.lib.common.rest_client [req-f0f124a4-5e87-4f54-ab87-26b5157fe299 req-f0f124a4-5e87-4f54-ab87-26b5157fe299 ] Request (ServersAdminNegativeTestJSON:test_migrate_server_invalid_state): 200 GET http://10.180.1.21/compute/v2.1/servers/b3e8f14d-44ec-4db0-822a-2d1bdc01bd0b 0.740s
2025-03-26 21:01:52.508 69188 INFO tempest.lib.common.rest_client [req-2399a12d-7edc-4e3a-b516-b8aad0470413 req-2399a12d-7edc-4e3a-b516-b8aad0470413 ] Request (ServersTestMultiNic:test_verify_duplicate_network_nics): 200 GET http://10.180.1.21/compute/v2.1/servers/65f6afb5-e62d-4dbd-b1cd-6ed52b88ca23 0.750s
2025-03-26 21:01:52.529 69230 INFO tempest.lib.common.rest_client [req-8afbae4a-ad62-4dd4-8ac2-b8baa5c3e981 req-8afbae4a-ad62-4dd4-8ac2-b8baa5c3e981 ] Request (FloatingIPsAssociationTestJSON:test_associate_already_associated_floating_ip): 202 POST http://10.180.1.21/compute/v2.1/servers/a6be127e-d6cb-4781-ba8f-470e98976f05/action 1.400s
2025-03-26 21:01:52.691 69198 INFO tempest.lib.common.rest_client [req-cb914ece-cc3f-4d59-8b10-3ef0d7a5c53e req-cb914ece-cc3f-4d59-8b10-3ef0d7a5c53e ] Request (DeleteServersTestJSON:test_delete_server_while_in_attached_volume): 200 GET http://10.180.1.21/compute/v2.1/servers/1680228e-44af-4aff-bd2a-83a1360006a6 0.550s
2025-03-26 21:01:52.697 69184 INFO tempest.lib.common.rest_client [req-d650b3b4-4ba4-4a78-b8f2-723f3c9c6caf req-d650b3b4-4ba4-4a78-b8f2-723f3c9c6caf ] Request (ServerDiskConfigTestJSON:test_rebuild_server_with_manual_disk_config): 200 GET http://10.180.1.21/compute/v2.1/servers/ce042a29-f8f3-4c79-a270-f003c2c60a7f 0.674s
2025-03-26 21:01:52.706 69184 INFO tempest.common.waiters [-] State transition "REBUILD/rebuild_block_device_mapping" ==> "REBUILD/rebuild_spawning" after 4 second wait
2025-03-26 21:01:52.743 69207 INFO tempest.lib.common.rest_client [req-cb9fc3d2-3fb9-468f-81b7-5751ae2ebfad req-cb9fc3d2-3fb9-468f-81b7-5751ae2ebfad ] Request (ServersNegativeTestMultiTenantJSON:setUpClass): 200 GET http://10.180.1.21/compute/v2.1/servers/eff84169-8070-4b36-a6e1-1464aff30d92 0.555s
2025-03-26 21:01:52.753 69216 INFO tempest.lib.common.rest_client [req-f9fd6cea-d39e-4fb5-9d7e-8d44719943b1 req-f9fd6cea-d39e-4fb5-9d7e-8d44719943b1 ] Request (ServerExternalEventsTest:tearDownClass): 200 GET http://10.180.1.21:9696/networking/v2.0/security-groups?tenant_id=383e2296d775466ca83ff927a0af23df&name=default 0.419s
2025-03-26 21:01:52.770 69190 INFO tempest.lib.common.rest_client [req-7b2d697c-da7a-4e39-b9ef-28ead7ded890 req-7b2d697c-da7a-4e39-b9ef-28ead7ded890 ] Request (ServersAdminTestJSON:test_create_server_with_scheduling_hint): 200 GET http://10.180.1.21/compute/v2.1/servers/fd248bbd-b4f7-4efb-9575-f3019b0888a9 0.568s
2025-03-26 21:01:52.810 69228 INFO tempest.lib.common.rest_client [req-57d3147b-343d-4e71-a2a1-c95ca361ce3e req-57d3147b-343d-4e71-a2a1-c95ca361ce3e ] Request (ServerAddressesNegativeTestJSON:setUpClass): 200 GET http://10.180.1.21/compute/v2.1/servers/be00f9d7-3571-4249-a3c8-b87f43123930 0.570s
2025-03-26 21:01:52.837 69182 INFO tempest.lib.common.rest_client [req-594188c3-d444-4fe0-9e60-986b52b8a0bd req-594188c3-d444-4fe0-9e60-986b52b8a0bd ] Request (ListServersNegativeTestJSON:tearDownClass): 200 GET http://10.180.1.21/compute/v2.1/servers/f9733501-5836-4d17-a830-2745287f7b79 0.403s
2025-03-26 21:01:52.948 69216 INFO tempest.lib.common.rest_client [req-7d1ea381-ff98-4e09-b31f-3f42f8dd7a7a req-7d1ea381-ff98-4e09-b31f-3f42f8dd7a7a ] Request (ServerExternalEventsTest:tearDownClass): 204 DELETE http://10.180.1.21:9696/networking/v2.0/security-groups/e1c5d46e-a106-4ebf-be32-31a0c5f44416 0.194s
2025-03-26 21:01:52.995 69197 INFO tempest.lib.common.rest_client [req-7538335e-9772-4a78-abe0-c868e44ef2a9 req-7538335e-9772-4a78-abe0-c868e44ef2a9 ] Request (ImagesTestJSON:test_create_image_from_suspended_server): 200 GET http://10.180.1.21/compute/v2.1/servers/7daf798a-21b2-43e2-8f25-8f349f2863e4 0.417s
2025-03-26 21:01:53.015 69216 INFO tempest.lib.common.rest_client [req-fb028855-3a21-40c3-8a54-c3d0f5b86f59 req-fb028855-3a21-40c3-8a54-c3d0f5b86f59 ] Request (ServerExternalEventsTest:tearDownClass): 204 DELETE http://10.180.1.21/identity/v3/projects/383e2296d775466ca83ff927a0af23df 0.067s
2025-03-26 21:01:53.016 69216 INFO tempest.lib.common.dynamic_creds [-] Deleting project and security group for project: ee1df662c3214bcf93920d332ae1b64a
2025-03-26 21:01:53.086 69222 INFO tempest.lib.common.rest_client [req-8b75fd88-5c88-4515-8c44-666c9a7458be req-8b75fd88-5c88-4515-8c44-666c9a7458be ] Request (FloatingIPsAssociationNegativeTestJSON:tearDownClass): 200 GET http://10.180.1.21/compute/v2.1/servers/c3a56259-acf4-4d26-929b-fdde7b5c97eb 0.381s
2025-03-26 21:01:53.175 69237 INFO tempest.lib.common.rest_client [req-300c12ba-0a6c-43b8-9d6b-6f5a16462325 req-300c12ba-0a6c-43b8-9d6b-6f5a16462325 ] Request (ImagesNegativeTestJSON:test_create_image_from_deleted_server): 200 GET http://10.180.1.21/compute/v2.1/servers/091adaaa-617e-45e0-9ada-cdeadfff36a3 0.391s
2025-03-26 21:01:53.283 69243 INFO tempest.lib.common.rest_client [req-1d89ab6e-f39e-4a30-80a4-ba847da788ce req-1d89ab6e-f39e-4a30-80a4-ba847da788ce ] Request (AttachInterfacesV270Test:tearDownClass): 200 GET http://10.180.1.21/compute/v2.1/servers/effc35fc-c65b-4e44-9635-af615d5b0a47 0.429s
2025-03-26 21:01:53.305 69216 INFO tempest.lib.common.rest_client [req-07c5b3c1-e3a1-4515-897e-04d7d59e5388 req-07c5b3c1-e3a1-4515-897e-04d7d59e5388 ] Request (ServerExternalEventsTest:tearDownClass): 200 GET http://10.180.1.21:9696/networking/v2.0/security-groups?tenant_id=ee1df662c3214bcf93920d332ae1b64a&name=default 0.289s
2025-03-26 21:01:53.396 69202 INFO tempest.lib.common.rest_client [req-ee769a11-cac9-4894-b43b-bb95750a87d9 req-ee769a11-cac9-4894-b43b-bb95750a87d9 ] Request (ServerActionsTestJSON:setUpClass): 200 GET http://10.180.1.21/compute/v2.1/servers/efb0bca8-dcc8-4f3b-b3bf-1ddce2752df5 0.425s
2025-03-26 21:01:53.458 69216 INFO tempest.lib.common.rest_client [req-5a6a35db-f686-4963-9c84-689d804ed9bf req-5a6a35db-f686-4963-9c84-689d804ed9bf ] Request (ServerExternalEventsTest:tearDownClass): 204 DELETE http://10.180.1.21:9696/networking/v2.0/security-groups/9320431f-f084-4b88-97c9-166aa11ad91a 0.151s
2025-03-26 21:01:53.487 69212 INFO tempest.lib.common.rest_client [req-ae491c86-f4ed-4895-843e-9dfbfecfeb94 req-ae491c86-f4ed-4895-843e-9dfbfecfeb94 ] Request (SecurityGroupsTestJSON:test_list_security_groups_by_server): 200 GET http://10.180.1.21/compute/v2.1/servers/d421f36e-8ec2-4ae7-968c-bc69027b81b6 0.438s
2025-03-26 21:01:53.498 69212 INFO tempest.common.waiters [-] State transition "BUILD/scheduling" ==> "BUILD/None" after 52 second wait
2025-03-26 21:01:53.537 69232 INFO tempest.lib.common.rest_client [req-8d27eef1-cb15-4b4c-9438-6844648a7e1b req-8d27eef1-cb15-4b4c-9438-6844648a7e1b ] Request (InstanceActionsV221TestJSON:setUpClass): 201 POST http://10.180.1.21:9696/networking/v2.0/routers 1.487s
2025-03-26 21:01:53.573 69216 INFO tempest.lib.common.rest_client [req-de96e88c-ac53-4224-8332-dc43ab5d9a31 req-de96e88c-ac53-4224-8332-dc43ab5d9a31 ] Request (ServerExternalEventsTest:tearDownClass): 204 DELETE http://10.180.1.21/identity/v3/projects/ee1df662c3214bcf93920d332ae1b64a 0.114s
2025-03-26 21:01:53.573 69216 INFO tempest.lib.common.dynamic_creds [-] Deleting project and security group for project: d3ea0f1ee93844afac1d127a365fa9b8
2025-03-26 21:01:53.606 69216 INFO tempest.lib.common.rest_client [req-e473511e-9c39-44ab-80cf-2dfff49ba40f req-e473511e-9c39-44ab-80cf-2dfff49ba40f ] Request (ServerExternalEventsTest:tearDownClass): 200 GET http://10.180.1.21:9696/networking/v2.0/security-groups?tenant_id=d3ea0f1ee93844afac1d127a365fa9b8&name=default 0.033s
2025-03-26 21:01:53.738 69216 INFO tempest.lib.common.rest_client [req-6ad647bd-4dcf-4376-b98e-ba6ef01bb389 req-6ad647bd-4dcf-4376-b98e-ba6ef01bb389 ] Request (ServerExternalEventsTest:tearDownClass): 204 DELETE http://10.180.1.21:9696/networking/v2.0/security-groups/34bb9fca-3382-43f2-a4d1-4b800686070b 0.132s
2025-03-26 21:01:53.784 69186 INFO tempest.lib.common.rest_client [req-40f70072-48f8-4e66-8834-5ae80dcd492e req-40f70072-48f8-4e66-8834-5ae80dcd492e ] Request (VolumesAdminNegativeTest:test_update_attached_volume_with_nonexistent_volume_in_body): 200 GET http://10.180.1.21/compute/v2.1/servers/e94094a9-3fb7-494c-9bda-8704f846db40 0.663s
2025-03-26 21:01:53.862 69216 INFO tempest.lib.common.rest_client [req-b1312e79-0e0d-4480-b343-81341c3a9cb4 req-b1312e79-0e0d-4480-b343-81341c3a9cb4 ] Request (ServerExternalEventsTest:tearDownClass): 204 DELETE http://10.180.1.21/identity/v3/projects/d3ea0f1ee93844afac1d127a365fa9b8 0.123s
2025-03-26 21:01:53.868 69240 INFO tempest.lib.common.rest_client [req-01c9ddd7-5a69-4887-94cf-c1273d1037e6 req-01c9ddd7-5a69-4887-94cf-c1273d1037e6 ] Request (ServersTestBootFromVolume:setUpClass): 200 GET http://10.180.1.21/compute/v2.1/servers/331d9c1a-e03e-4ad4-8758-939326619c67 0.663s
2025-03-26 21:01:53.941 69180 INFO tempest.lib.common.rest_client [req-e3182715-f66d-47e6-8394-bfbf791bd9ca req-e3182715-f66d-47e6-8394-bfbf791bd9ca ] Request (ServerRescueNegativeTestJSON:setUpClass): 200 GET http://10.180.1.21/compute/v2.1/servers/50155af9-9cd2-486c-bd4c-81db57eecbda 0.664s
2025-03-26 21:01:53.949 69216 INFO tempest.lib.common.rest_client [req-72a69a2d-a488-44e1-af9b-c4038f8e5847 req-72a69a2d-a488-44e1-af9b-c4038f8e5847 ] Request (AbsoluteLimitsNegativeTestJSON:setUpClass): 201 POST http://10.180.1.21/identity/v3/auth/tokens 0.086s
2025-03-26 21:01:53.984 69216 INFO tempest.lib.common.rest_client [req-cb7e2886-658f-45a6-93be-a17bb62da45e req-cb7e2886-658f-45a6-93be-a17bb62da45e ] Request (AbsoluteLimitsNegativeTestJSON:setUpClass): 201 POST http://10.180.1.21/identity/v3/auth/tokens 0.033s
2025-03-26 21:01:54.014 69216 INFO tempest.lib.common.rest_client [req-a6443b49-02f5-4555-9106-57ee434d9392 req-a6443b49-02f5-4555-9106-57ee434d9392 ] Request (AbsoluteLimitsNegativeTestJSON:setUpClass): 200 GET http://10.180.1.21/identity/v3/domains?name=Default 0.029s
2025-03-26 21:01:54.041 69192 INFO tempest.lib.common.rest_client [req-d35bf6e2-56ff-4ae8-8cbe-9b077bd32f4c req-d35bf6e2-56ff-4ae8-8cbe-9b077bd32f4c ] Request (DeleteServersAdminTestJSON:test_delete_server_while_in_error_state): 200 GET http://10.180.1.21/compute/v2.1/servers/9a76468d-f4d4-4a63-8c5b-a43f002cc535 0.671s
2025-03-26 21:01:54.053 69216 INFO tempest.lib.common.rest_client [req-bcdcbe51-afbb-4d70-a176-ed03fc6cac47 req-bcdcbe51-afbb-4d70-a176-ed03fc6cac47 ] Request (AbsoluteLimitsNegativeTestJSON:setUpClass): 201 POST http://10.180.1.21/identity/v3/projects 0.038s
2025-03-26 21:01:54.103 69210 INFO tempest.lib.common.rest_client [req-b13a1e65-f951-4ec0-9df9-57a13aefe524 req-b13a1e65-f951-4ec0-9df9-57a13aefe524 ] Request (ServersAdminNegativeTestJSON:test_migrate_server_invalid_state): 200 GET http://10.180.1.21/compute/v2.1/servers/b3e8f14d-44ec-4db0-822a-2d1bdc01bd0b 0.644s
2025-03-26 21:01:54.120 69216 INFO tempest.lib.common.rest_client [req-1552f670-19ba-43ce-9e38-461f56efd4e9 req-1552f670-19ba-43ce-9e38-461f56efd4e9 ] Request (AbsoluteLimitsNegativeTestJSON:setUpClass): 201 POST http://10.180.1.21/identity/v3/users 0.067s
2025-03-26 21:01:54.150 69216 INFO tempest.lib.common.rest_client [req-3e8ff399-8cfe-4d3d-ae2b-a3288d819c14 req-3e8ff399-8cfe-4d3d-ae2b-a3288d819c14 ] Request (AbsoluteLimitsNegativeTestJSON:setUpClass): 200 GET http://10.180.1.21/identity/v3/roles 0.030s
2025-03-26 21:01:54.169 69188 INFO tempest.lib.common.rest_client [req-703e5878-f3d9-46dd-b339-7dfe6f1b8b13 req-703e5878-f3d9-46dd-b339-7dfe6f1b8b13 ] Request (ServersTestMultiNic:test_verify_duplicate_network_nics): 200 GET http://10.180.1.21/compute/v2.1/servers/65f6afb5-e62d-4dbd-b1cd-6ed52b88ca23 0.652s
2025-03-26 21:01:54.194 69216 INFO tempest.lib.common.rest_client [req-d31b1af3-6971-4dd4-a385-97d6fb1f9c05 req-d31b1af3-6971-4dd4-a385-97d6fb1f9c05 ] Request (AbsoluteLimitsNegativeTestJSON:setUpClass): 204 PUT http://10.180.1.21/identity/v3/projects/43be0eb60df744d594f1593b9f674b80/users/1e34e943b181438b93a088296d59b4c0/roles/09f0821c90444411ad791eb297ad4e1f 0.043s
2025-03-26 21:01:54.194 69216 INFO tempest.lib.common.dynamic_creds [-] Dynamic test user 1e34e943b181438b93a088296d59b4c0 is created with scope project and roles: ['member']
2025-03-26 21:01:54.194 69216 INFO tempest.lib.common.dynamic_creds [-] Acquired dynamic creds: credentials: Credentials: {'domain_id': 'default', 'domain_name': 'Default', 'username': 'tempest-AbsoluteLimitsNegativeTestJSON-116887931-project-member', 'project_domain_id': 'default', 'project_domain_name': 'Default', 'project_id': '43be0eb60df744d594f1593b9f674b80', 'project_name': 'tempest-AbsoluteLimitsNegativeTestJSON-116887931', 'tenant_id': '43be0eb60df744d594f1593b9f674b80', 'tenant_name': 'tempest-AbsoluteLimitsNegativeTestJSON-116887931', 'user_domain_id': 'default', 'user_domain_name': 'Default', 'user_id': '1e34e943b181438b93a088296d59b4c0', 'system': None}, Network: None, Subnet: None, Router: None
2025-03-26 21:01:54.194 69216 INFO tempest.lib.common.dynamic_creds [-] Created isolated network resources for: credentials: Credentials: {'domain_id': 'default', 'domain_name': 'Default', 'username': 'tempest-AbsoluteLimitsNegativeTestJSON-116887931-project-member', 'project_domain_id': 'default', 'project_domain_name': 'Default', 'project_id': '43be0eb60df744d594f1593b9f674b80', 'project_name': 'tempest-AbsoluteLimitsNegativeTestJSON-116887931', 'tenant_id': '43be0eb60df744d594f1593b9f674b80', 'tenant_name': 'tempest-AbsoluteLimitsNegativeTestJSON-116887931', 'user_domain_id': 'default', 'user_domain_name': 'Default', 'user_id': '1e34e943b181438b93a088296d59b4c0', 'system': None}, Network: None, Subnet: None, Router: None
2025-03-26 21:01:54.301 69216 INFO tempest.lib.common.rest_client [req-a2ac6a89-ba71-44e0-b377-92f108732836 req-a2ac6a89-ba71-44e0-b377-92f108732836 ] Request (AbsoluteLimitsNegativeTestJSON:setUpClass): 201 POST http://10.180.1.21/identity/v3/auth/tokens 0.103s
2025-03-26 21:01:54.382 69198 INFO tempest.lib.common.rest_client [req-424a3374-248b-4ca7-9bae-58bedbe09cf7 req-424a3374-248b-4ca7-9bae-58bedbe09cf7 ] Request (DeleteServersTestJSON:test_delete_server_while_in_attached_volume): 200 GET http://10.180.1.21/compute/v2.1/servers/1680228e-44af-4aff-bd2a-83a1360006a6 0.680s
2025-03-26 21:01:54.413 69232 INFO tempest.lib.common.rest_client [req-db921294-2e55-4a68-8c26-933cf871bb0f req-db921294-2e55-4a68-8c26-933cf871bb0f ] Request (InstanceActionsV221TestJSON:setUpClass): 200 PUT http://10.180.1.21:9696/networking/v2.0/routers/2bb63a98-bb21-49d6-94c6-912679129401/add_router_interface 0.875s
2025-03-26 21:01:54.414 69232 INFO tempest.lib.common.dynamic_creds [-] Created isolated network resources for: credentials: Credentials: {'domain_id': 'default', 'domain_name': 'Default', 'username': 'tempest-InstanceActionsV221TestJSON-1080164989-project-member', 'project_domain_id': 'default', 'project_domain_name': 'Default', 'project_id': '9b1f5ad643a745a5b32ccdb7c0e3aacd', 'project_name': 'tempest-InstanceActionsV221TestJSON-1080164989', 'tenant_id': '9b1f5ad643a745a5b32ccdb7c0e3aacd', 'tenant_name': 'tempest-InstanceActionsV221TestJSON-1080164989', 'user_domain_id': 'default', 'user_domain_name': 'Default', 'user_id': '76744d770a2a448b9624782d47812953', 'system': None}, Network: {'id': '6c0bc70d-bf7e-4153-a533-6a8a091772b2', 'name': 'tempest-InstanceActionsV221TestJSON-1080640687-network', 'tenant_id': '9b1f5ad643a745a5b32ccdb7c0e3aacd', 'admin_state_up': True, 'mtu': 8950, 'status': 'ACTIVE', 'subnets': [], 'shared': False, 'project_id': '9b1f5ad643a745a5b32ccdb7c0e3aacd', 'port_security_enabled': True, 'router:external': False, 'provider:network_type': 'vlan', 'provider:physical_network': 'default', 'provider:segmentation_id': 318, 'availability_zone_hints': [], 'availability_zones': [], 'ipv4_address_scope': None, 'ipv6_address_scope': None, 'description': '', 'tags': [], 'created_at': '2025-03-26T21:01:51Z', 'updated_at': '2025-03-26T21:01:51Z', 'revision_number': 1}, Subnet: {'id': '09538c3d-4c28-40a6-adda-9716636ce34e', 'name': 'tempest-InstanceActionsV221TestJSON-1080640687-subnet', 'tenant_id': '9b1f5ad643a745a5b32ccdb7c0e3aacd', 'network_id': '6c0bc70d-bf7e-4153-a533-6a8a091772b2', 'ip_version': 4, 'subnetpool_id': None, 'enable_dhcp': True, 'ipv6_ra_mode': None, 'ipv6_address_mode': None, 'gateway_ip': '192.168.128.1', 'cidr': '192.168.128.0/28', 'allocation_pools': [{'start': '192.168.128.2', 'end': '192.168.128.14'}], 'host_routes': [], 'dns_nameservers': [], 'description': '', 'router:external': False, 'service_types': [], 'tags': [], 'created_at': '2025-03-26T21:01:51Z', 'updated_at': '2025-03-26T21:01:51Z', 'revision_number': 0, 'project_id': '9b1f5ad643a745a5b32ccdb7c0e3aacd'}, Router: {'id': '2bb63a98-bb21-49d6-94c6-912679129401', 'name': 'tempest-InstanceActionsV221TestJSON-1080640687-router', 'tenant_id': '9b1f5ad643a745a5b32ccdb7c0e3aacd', 'admin_state_up': True, 'status': 'ACTIVE', 'external_gateway_info': {'network_id': '6f63e803-a557-4db1-a1da-6cf7711a818e', 'external_fixed_ips': [{'subnet_id': 'a2309ee9-5b51-4275-b214-6a306a34b7f5', 'ip_address': '10.180.180.229'}], 'enable_snat': True}, 'description': '', 'availability_zones': [], 'distributed': False, 'ha': False, 'availability_zone_hints': [], 'routes': [], 'flavor_id': None, 'tags': [], 'created_at': '2025-03-26T21:01:52Z', 'updated_at': '2025-03-26T21:01:52Z', 'revision_number': 2, 'project_id': '9b1f5ad643a745a5b32ccdb7c0e3aacd'}
2025-03-26 21:01:54.505 69232 INFO tempest.lib.common.rest_client [req-0cbe53c8-d0de-4ba1-87d7-8171945ca07e req-0cbe53c8-d0de-4ba1-87d7-8171945ca07e ] Request (InstanceActionsV221TestJSON:setUpClass): 201 POST http://10.180.1.21/identity/v3/auth/tokens 0.088s
2025-03-26 21:01:54.544 69232 INFO tempest.lib.common.rest_client [req-b3506e31-9ba6-4357-b582-1459bdb88d8d req-b3506e31-9ba6-4357-b582-1459bdb88d8d ] Request (InstanceActionsV221TestJSON:test_get_list_deleted_instance_actions): 201 POST http://10.180.1.21/identity/v3/auth/tokens 0.035s
2025-03-26 21:01:54.545 69232 INFO tempest.lib.common.fixed_network [-] (InstanceActionsV221TestJSON:test_get_list_deleted_instance_actions) Found network {'id': '6c0bc70d-bf7e-4153-a533-6a8a091772b2', 'name': 'tempest-InstanceActionsV221TestJSON-1080640687-network', 'tenant_id': '9b1f5ad643a745a5b32ccdb7c0e3aacd', 'admin_state_up': True, 'mtu': 8950, 'status': 'ACTIVE', 'subnets': [], 'shared': False, 'project_id': '9b1f5ad643a745a5b32ccdb7c0e3aacd', 'port_security_enabled': True, 'router:external': False, 'provider:network_type': 'vlan', 'provider:physical_network': 'default', 'provider:segmentation_id': 318, 'availability_zone_hints': [], 'availability_zones': [], 'ipv4_address_scope': None, 'ipv6_address_scope': None, 'description': '', 'tags': [], 'created_at': '2025-03-26T21:01:51Z', 'updated_at': '2025-03-26T21:01:51Z', 'revision_number': 1} available for tenant
2025-03-26 21:01:54.573 69184 INFO tempest.lib.common.rest_client [req-b70bd4eb-b6a3-4a6e-8de8-eef921cfdfdf req-b70bd4eb-b6a3-4a6e-8de8-eef921cfdfdf ] Request (ServerDiskConfigTestJSON:test_rebuild_server_with_manual_disk_config): 200 GET http://10.180.1.21/compute/v2.1/servers/ce042a29-f8f3-4c79-a270-f003c2c60a7f 0.866s
2025-03-26 21:01:54.578 69214 WARNING tempest.lib.common.ssh [-] Failed to establish authenticated ssh connection to cirros@10.180.180.134 ([Errno None] Unable to connect to port 22 on 10.180.180.134). Number attempts: 4. Retry after 5 seconds.: paramiko.ssh_exception.NoValidConnectionsError: [Errno None] Unable to connect to port 22 on 10.180.180.134
2025-03-26 21:01:54.641 69207 INFO tempest.lib.common.rest_client [req-37da3610-c5ce-4824-9015-ab2aa93ecfc5 req-37da3610-c5ce-4824-9015-ab2aa93ecfc5 ] Request (ServersNegativeTestMultiTenantJSON:setUpClass): 200 GET http://10.180.1.21/compute/v2.1/servers/eff84169-8070-4b36-a6e1-1464aff30d92 0.890s
2025-03-26 21:01:54.709 69190 INFO tempest.lib.common.rest_client [req-7c81d9bd-db16-4a8a-9f23-12d1dac917fb req-7c81d9bd-db16-4a8a-9f23-12d1dac917fb ] Request (ServersAdminTestJSON:test_create_server_with_scheduling_hint): 200 GET http://10.180.1.21/compute/v2.1/servers/fd248bbd-b4f7-4efb-9575-f3019b0888a9 0.927s
2025-03-26 21:01:54.717 69190 INFO tempest.common.waiters [-] State transition "BUILD/None" ==> "BUILD/networking" after 78 second wait
2025-03-26 21:01:54.775 69228 INFO tempest.lib.common.rest_client [req-c49a0e21-f30b-4bbf-85ad-613bdce683b6 req-c49a0e21-f30b-4bbf-85ad-613bdce683b6 ] Request (ServerAddressesNegativeTestJSON:setUpClass): 200 GET http://10.180.1.21/compute/v2.1/servers/be00f9d7-3571-4249-a3c8-b87f43123930 0.952s
2025-03-26 21:01:54.847 69182 INFO tempest.lib.common.rest_client [req-fb16aa46-f6b4-4788-ba47-97f72ade52cd req-fb16aa46-f6b4-4788-ba47-97f72ade52cd ] Request (ListServersNegativeTestJSON:tearDownClass): 200 GET http://10.180.1.21/compute/v2.1/servers/f9733501-5836-4d17-a830-2745287f7b79 0.999s
2025-03-26 21:01:54.853 69182 INFO tempest.common.waiters [-] State transition "ACTIVE/deleting" ==> "DELETED/None" after 4 second wait
2025-03-26 21:01:55.109 69197 INFO tempest.lib.common.rest_client [req-a3e76e37-9790-4ce3-97c4-0742a4171960 req-a3e76e37-9790-4ce3-97c4-0742a4171960 ] Request (ImagesTestJSON:test_create_image_from_suspended_server): 200 GET http://10.180.1.21/compute/v2.1/servers/7daf798a-21b2-43e2-8f25-8f349f2863e4 1.105s
2025-03-26 21:01:55.121 69197 INFO tempest.common.waiters [-] State transition "BUILD/spawning" ==> "ACTIVE/None" after 85 second wait
2025-03-26 21:01:55.188 69222 INFO tempest.lib.common.rest_client [req-9c72de53-67c4-46e7-8b8e-fc6e561dc099 req-9c72de53-67c4-46e7-8b8e-fc6e561dc099 ] Request (FloatingIPsAssociationNegativeTestJSON:tearDownClass): 200 GET http://10.180.1.21/compute/v2.1/servers/c3a56259-acf4-4d26-929b-fdde7b5c97eb 1.093s
2025-03-26 21:01:55.198 69222 INFO tempest.common.waiters [-] State transition "ACTIVE/deleting" ==> "DELETED/None" after 5 second wait
2025-03-26 21:01:55.250 69237 INFO tempest.lib.common.rest_client [req-e2bbbb59-f791-4898-a3de-756063984c65 req-e2bbbb59-f791-4898-a3de-756063984c65 ] Request (ImagesNegativeTestJSON:test_create_image_from_deleted_server): 200 GET http://10.180.1.21/compute/v2.1/servers/091adaaa-617e-45e0-9ada-cdeadfff36a3 1.065s
2025-03-26 21:01:55.321 69230 INFO tempest.lib.common.rest_client [req-64b5e0a6-bb3b-4329-896d-023bc676b6bf req-64b5e0a6-bb3b-4329-896d-023bc676b6bf ] Request (FloatingIPsAssociationTestJSON:test_associate_already_associated_floating_ip): 202 POST http://10.180.1.21/compute/v2.1/servers/b3f025fc-1b13-4953-b4e2-1939a684998c/action 2.792s
2025-03-26 21:01:55.349 69243 INFO tempest.lib.common.rest_client [req-bf0c6745-7fa4-4560-bc9c-d56993cb8505 req-bf0c6745-7fa4-4560-bc9c-d56993cb8505 ] Request (AttachInterfacesV270Test:tearDownClass): 200 GET http://10.180.1.21/compute/v2.1/servers/effc35fc-c65b-4e44-9635-af615d5b0a47 1.054s
2025-03-26 21:01:55.409 69202 INFO tempest.lib.common.rest_client [req-51b59532-89bf-4174-89df-b615863aa231 req-51b59532-89bf-4174-89df-b615863aa231 ] Request (ServerActionsTestJSON:setUpClass): 200 GET http://10.180.1.21/compute/v2.1/servers/efb0bca8-dcc8-4f3b-b3bf-1ddce2752df5 0.996s
2025-03-26 21:01:55.450 69216 INFO tempest.lib.common.rest_client [req-1f9737d8-657f-45ca-ace8-1c80a290a048 req-1f9737d8-657f-45ca-ace8-1c80a290a048 ] Request (AbsoluteLimitsNegativeTestJSON:test_max_metadata_exceed_limit): 200 GET http://10.180.1.21/compute/v2.1/limits 1.147s
2025-03-26 21:01:55.471 69212 INFO tempest.lib.common.rest_client [req-64836c11-a5c3-49b6-84bb-11d0ed045388 req-64836c11-a5c3-49b6-84bb-11d0ed045388 ] Request (SecurityGroupsTestJSON:test_list_security_groups_by_server): 200 GET http://10.180.1.21/compute/v2.1/servers/d421f36e-8ec2-4ae7-968c-bc69027b81b6 0.971s
2025-03-26 21:01:55.501 69216 INFO tempest.lib.common.rest_client [req-5b0d5ae7-b5f8-4c8e-9115-c20a56bf10cd req-5b0d5ae7-b5f8-4c8e-9115-c20a56bf10cd ] Request (AbsoluteLimitsNegativeTestJSON:test_max_metadata_exceed_limit): 201 POST http://10.180.1.21/identity/v3/auth/tokens 0.042s
2025-03-26 21:01:55.501 69216 INFO tempest.lib.common.fixed_network [-] (AbsoluteLimitsNegativeTestJSON:test_max_metadata_exceed_limit) Found network None available for tenant
2025-03-26 21:01:55.555 69186 INFO tempest.lib.common.rest_client [req-2fa571b5-d39c-439e-82fe-5bec932aaf02 req-2fa571b5-d39c-439e-82fe-5bec932aaf02 ] Request (VolumesAdminNegativeTest:test_update_attached_volume_with_nonexistent_volume_in_body): 200 GET http://10.180.1.21/compute/v2.1/servers/e94094a9-3fb7-494c-9bda-8704f846db40 0.759s
2025-03-26 21:01:55.612 69240 INFO tempest.lib.common.rest_client [req-6a4d2803-5876-4af4-b51a-fe4ae9352cf0 req-6a4d2803-5876-4af4-b51a-fe4ae9352cf0 ] Request (ServersTestBootFromVolume:setUpClass): 200 GET http://10.180.1.21/compute/v2.1/servers/331d9c1a-e03e-4ad4-8758-939326619c67 0.735s
2025-03-26 21:01:55.622 69240 INFO tempest.common.waiters [-] State transition "BUILD/scheduling" ==> "BUILD/None" after 45 second wait
2025-03-26 21:01:55.669 69180 INFO tempest.lib.common.rest_client [req-aaf05d70-11c8-4f03-aff3-8a438fd00991 req-aaf05d70-11c8-4f03-aff3-8a438fd00991 ] Request (ServerRescueNegativeTestJSON:setUpClass): 200 GET http://10.180.1.21/compute/v2.1/servers/50155af9-9cd2-486c-bd4c-81db57eecbda 0.717s
2025-03-26 21:01:55.739 69192 INFO tempest.lib.common.rest_client [req-a5bb249c-dd67-4c19-8822-dbe088050ccc req-a5bb249c-dd67-4c19-8822-dbe088050ccc ] Request (DeleteServersAdminTestJSON:test_delete_server_while_in_error_state): 200 GET http://10.180.1.21/compute/v2.1/servers/9a76468d-f4d4-4a63-8c5b-a43f002cc535 0.690s
2025-03-26 21:01:55.795 69210 INFO tempest.lib.common.rest_client [req-dde5aca3-9c24-4e65-9e21-4dba8456a77c req-dde5aca3-9c24-4e65-9e21-4dba8456a77c ] Request (ServersAdminNegativeTestJSON:test_migrate_server_invalid_state): 200 GET http://10.180.1.21/compute/v2.1/servers/b3e8f14d-44ec-4db0-822a-2d1bdc01bd0b 0.679s
2025-03-26 21:01:55.878 69232 INFO tempest.lib.common.rest_client [req-dfe3bfef-dfe5-429b-be39-b93d3fb318dc req-dfe3bfef-dfe5-429b-be39-b93d3fb318dc ] Request (InstanceActionsV221TestJSON:test_get_list_deleted_instance_actions): 202 POST http://10.180.1.21/compute/v2.1/servers 1.333s
2025-03-26 21:01:55.887 69197 INFO tempest.lib.common.rest_client [req-4f27ed5d-d35d-4d1d-b792-dd259294c4c4 req-4f27ed5d-d35d-4d1d-b792-dd259294c4c4 ] Request (ImagesTestJSON:test_create_image_from_suspended_server): 202 POST http://10.180.1.21/compute/v2.1/servers/7daf798a-21b2-43e2-8f25-8f349f2863e4/action 0.766s
2025-03-26 21:01:55.937 69188 INFO tempest.lib.common.rest_client [req-db8527ae-357b-4e26-9ca4-18c5b472876a req-db8527ae-357b-4e26-9ca4-18c5b472876a ] Request (ServersTestMultiNic:test_verify_duplicate_network_nics): 200 GET http://10.180.1.21/compute/v2.1/servers/65f6afb5-e62d-4dbd-b1cd-6ed52b88ca23 0.753s
2025-03-26 21:01:56.061 69198 INFO tempest.lib.common.rest_client [req-8410f847-7c95-4572-b23a-b0d37b1ac1a4 req-8410f847-7c95-4572-b23a-b0d37b1ac1a4 ] Request (DeleteServersTestJSON:test_delete_server_while_in_attached_volume): 200 GET http://10.180.1.21/compute/v2.1/servers/1680228e-44af-4aff-bd2a-83a1360006a6 0.669s
2025-03-26 21:01:56.076 69198 INFO tempest.common.waiters [-] State transition "BUILD/spawning" ==> "ACTIVE/None" after 82 second wait
2025-03-26 21:01:56.086 69230 INFO tempest.lib.common.rest_client [req-d14535d6-dbfe-4c71-9fe4-4740f1f8c37d req-d14535d6-dbfe-4c71-9fe4-4740f1f8c37d ] Request (FloatingIPsAssociationTestJSON:test_associate_already_associated_floating_ip): 409 POST http://10.180.1.21/compute/v2.1/servers/a6be127e-d6cb-4781-ba8f-470e98976f05/action 0.764s
2025-03-26 21:01:56.222 69198 INFO tempest.lib.common.rest_client [req-f4dbb0fa-13e1-428c-8c93-a6bd8ef713e4 req-f4dbb0fa-13e1-428c-8c93-a6bd8ef713e4 ] Request (DeleteServersTestJSON:test_delete_server_while_in_attached_volume): 202 POST http://10.180.1.21/volume/v3/volumes 0.145s
2025-03-26 21:01:56.246 69208 WARNING tempest.lib.common.ssh [-] Failed to establish authenticated ssh connection to cirros@10.180.180.242 ([Errno None] Unable to connect to port 22 on 10.180.180.242). Number attempts: 11. Retry after 12 seconds.: paramiko.ssh_exception.NoValidConnectionsError: [Errno None] Unable to connect to port 22 on 10.180.180.242
2025-03-26 21:01:56.260 69184 INFO tempest.lib.common.rest_client [req-5871cf00-0a5d-481f-8ee6-4b14e1edede2 req-5871cf00-0a5d-481f-8ee6-4b14e1edede2 ] Request (ServerDiskConfigTestJSON:test_rebuild_server_with_manual_disk_config): 200 GET http://10.180.1.21/compute/v2.1/servers/ce042a29-f8f3-4c79-a270-f003c2c60a7f 0.671s
2025-03-26 21:01:56.269 69184 INFO tempest.common.waiters [-] State transition "REBUILD/rebuild_spawning" ==> "ACTIVE/None" after 8 second wait
2025-03-26 21:01:56.279 69198 INFO tempest.lib.common.rest_client [req-fbb368a0-05ed-441f-ba0e-3e8790ccb14d req-fbb368a0-05ed-441f-ba0e-3e8790ccb14d ] Request (DeleteServersTestJSON:test_delete_server_while_in_attached_volume): 200 GET http://10.180.1.21/volume/v3/volumes/a4445a58-ba0f-4542-912d-98cb68042505 0.049s
2025-03-26 21:01:56.297 69216 INFO tempest.lib.common.rest_client [req-b530e38b-0765-4cad-98bf-7f7cbb087bff req-b530e38b-0765-4cad-98bf-7f7cbb087bff ] Request (AbsoluteLimitsNegativeTestJSON:test_max_metadata_exceed_limit): 403 POST http://10.180.1.21/compute/v2.1/servers 0.795s
2025-03-26 21:01:56.321 69207 INFO tempest.lib.common.rest_client [req-f788a7b6-8caf-4bae-a710-517b40fa2340 req-f788a7b6-8caf-4bae-a710-517b40fa2340 ] Request (ServersNegativeTestMultiTenantJSON:setUpClass): 200 GET http://10.180.1.21/compute/v2.1/servers/eff84169-8070-4b36-a6e1-1464aff30d92 0.668s
2025-03-26 21:01:56.373 69228 INFO tempest.lib.common.rest_client [req-efee3570-4b07-4d13-9f45-e29b70c5445d req-efee3570-4b07-4d13-9f45-e29b70c5445d ] Request (ServerAddressesNegativeTestJSON:setUpClass): 200 GET http://10.180.1.21/compute/v2.1/servers/be00f9d7-3571-4249-a3c8-b87f43123930 0.582s
2025-03-26 21:01:56.400 69216 INFO tempest.lib.common.rest_client [req-3a900511-fb99-4d1f-b92c-79067a6a59db req-3a900511-fb99-4d1f-b92c-79067a6a59db ] Request (AbsoluteLimitsNegativeTestJSON:tearDownClass): 204 DELETE http://10.180.1.21/identity/v3/users/1e34e943b181438b93a088296d59b4c0 0.102s
2025-03-26 21:01:56.401 69216 INFO tempest.lib.common.dynamic_creds [-] Deleting project and security group for project: 43be0eb60df744d594f1593b9f674b80
2025-03-26 21:01:56.411 69190 INFO tempest.lib.common.rest_client [req-a9377df1-d083-47ef-9190-948706d6f824 req-a9377df1-d083-47ef-9190-948706d6f824 ] Request (ServersAdminTestJSON:test_create_server_with_scheduling_hint): 200 GET http://10.180.1.21/compute/v2.1/servers/fd248bbd-b4f7-4efb-9575-f3019b0888a9 0.692s
2025-03-26 21:01:56.418 69190 INFO tempest.common.waiters [-] State transition "BUILD/networking" ==> "BUILD/spawning" after 80 second wait
2025-03-26 21:01:56.433 69182 INFO tempest.lib.common.rest_client [req-b745c284-87e7-4595-9276-61b5634eb750 req-b745c284-87e7-4595-9276-61b5634eb750 ] Request (ListServersNegativeTestJSON:tearDownClass): 200 GET http://10.180.1.21/compute/v2.1/servers/f9733501-5836-4d17-a830-2745287f7b79 0.579s
2025-03-26 21:01:56.454 69232 INFO tempest.lib.common.rest_client [req-29f85de7-8dfe-46d7-9fe2-b4f58ef30dad req-29f85de7-8dfe-46d7-9fe2-b4f58ef30dad ] Request (InstanceActionsV221TestJSON:test_get_list_deleted_instance_actions): 200 GET http://10.180.1.21/compute/v2.1/servers/5f52ab96-093a-4b8c-ad90-3f7d569e9e73 0.574s
2025-03-26 21:01:56.471 69216 INFO tempest.lib.common.rest_client [req-a055968d-32ac-44fb-b4c4-1a844eb25062 req-a055968d-32ac-44fb-b4c4-1a844eb25062 ] Request (AbsoluteLimitsNegativeTestJSON:tearDownClass): 201 POST http://10.180.1.21/identity/v3/auth/tokens 0.070s
2025-03-26 21:01:56.577 69197 INFO tempest.lib.common.rest_client [req-fdb00d04-a978-4928-9799-6d8e87a53743 req-fdb00d04-a978-4928-9799-6d8e87a53743 ] Request (ImagesTestJSON:test_create_image_from_suspended_server): 200 GET http://10.180.1.21/compute/v2.1/servers/7daf798a-21b2-43e2-8f25-8f349f2863e4 0.689s
2025-03-26 21:01:56.634 69216 INFO tempest.lib.common.rest_client [req-980ac097-7124-4754-ba7c-90d82c066351 req-980ac097-7124-4754-ba7c-90d82c066351 ] Request (AbsoluteLimitsNegativeTestJSON:tearDownClass): 200 GET http://10.180.1.21:9696/networking/v2.0/security-groups?tenant_id=43be0eb60df744d594f1593b9f674b80&name=default 0.163s
