2025-03-26 21:01:24.188 69230 INFO tempest.lib.common.rest_client [req-2b7cd87f-6992-4e0e-9d20-10d8b5995f97 req-2b7cd87f-6992-4e0e-9d20-10d8b5995f97 ] Request (FloatingIPsAssociationTestJSON:test_associate_already_associated_floating_ip): 200 GET http://10.180.1.21/compute/v2.1/servers/b3f025fc-1b13-4953-b4e2-1939a684998c 0.058s
2025-03-26 21:01:24.258 69190 INFO tempest.lib.common.rest_client [req-ce78bb41-4754-4132-af0f-8c391a941c87 req-ce78bb41-4754-4132-af0f-8c391a941c87 ] Request (ServersAdminTestJSON:test_create_server_with_scheduling_hint): 200 GET http://10.180.1.21/compute/v2.1/servers/fd248bbd-b4f7-4efb-9575-f3019b0888a9 0.064s
2025-03-26 21:01:24.532 69198 INFO tempest.lib.common.rest_client [req-4a1ff64d-b681-430f-87df-7638db3b5f42 req-4a1ff64d-b681-430f-87df-7638db3b5f42 ] Request (DeleteServersTestJSON:test_delete_server_while_in_attached_volume): 200 GET http://10.180.1.21/compute/v2.1/servers/1680228e-44af-4aff-bd2a-83a1360006a6 0.335s
2025-03-26 21:01:24.580 69222 INFO tempest.lib.common.rest_client [req-f95f50f4-f1fa-4308-8d92-7273b79f74ff req-f95f50f4-f1fa-4308-8d92-7273b79f74ff ] Request (FloatingIPsAssociationNegativeTestJSON:setUpClass): 200 GET http://10.180.1.21/compute/v2.1/servers/c3a56259-acf4-4d26-929b-fdde7b5c97eb 0.333s
2025-03-26 21:01:24.627 69184 INFO tempest.lib.common.rest_client [req-868ff1b9-847d-4c0b-81f7-74d99d0a8da7 req-868ff1b9-847d-4c0b-81f7-74d99d0a8da7 ] Request (ServerDiskConfigTestJSON:test_rebuild_server_with_manual_disk_config): 200 GET http://10.180.1.21/compute/v2.1/servers/ce042a29-f8f3-4c79-a270-f003c2c60a7f 0.312s
2025-03-26 21:01:24.690 69207 INFO tempest.lib.common.rest_client [req-88066815-4835-41c5-9b47-cba2c09c3618 req-88066815-4835-41c5-9b47-cba2c09c3618 ] Request (ServersListShow298Test:tearDownClass): 200 GET http://10.180.1.21/compute/v2.1/servers/ddde5559-2e16-42cb-8d25-60f3fa15cda4 0.358s
2025-03-26 21:01:24.744 69228 INFO tempest.lib.common.rest_client [req-9af4e848-cf48-4698-95f5-1c52d86ade02 req-9af4e848-cf48-4698-95f5-1c52d86ade02 ] Request (ServerAddressesNegativeTestJSON:setUpClass): 200 GET http://10.180.1.21/compute/v2.1/servers/be00f9d7-3571-4249-a3c8-b87f43123930 0.379s
2025-03-26 21:01:24.814 69202 INFO tempest.lib.common.rest_client [req-6f7e946c-747f-4567-aa6b-b6c04ec420c5 req-6f7e946c-747f-4567-aa6b-b6c04ec420c5 ] Request (ServersTestManualDisk:tearDownClass): 200 GET http://10.180.1.21/compute/v2.1/servers/48f5958b-d5b7-4d2c-a3a9-dd76881a89d1 0.421s
2025-03-26 21:01:24.835 69227 INFO tempest.lib.common.rest_client [req-6784568f-6d61-4796-aa95-0a47d69bfd03 req-6784568f-6d61-4796-aa95-0a47d69bfd03 ] Request (ServerMetadataTestJSON:tearDownClass): 404 GET http://10.180.1.21/compute/v2.1/servers/edbbd373-a587-4846-8a31-917e08e63edd 0.408s
2025-03-26 21:01:24.882 69197 INFO tempest.lib.common.rest_client [req-a45bef08-d19b-4309-aa79-8a6cab583797 req-a45bef08-d19b-4309-aa79-8a6cab583797 ] Request (ImagesTestJSON:test_create_image_from_suspended_server): 200 GET http://10.180.1.21/compute/v2.1/servers/7daf798a-21b2-43e2-8f25-8f349f2863e4 0.443s
2025-03-26 21:01:24.931 69237 INFO tempest.lib.common.rest_client [req-d6ea958a-bce3-4ae4-865c-9f464afeb2b7 req-d6ea958a-bce3-4ae4-865c-9f464afeb2b7 ] Request (ImagesNegativeTestJSON:test_create_image_from_deleted_server): 200 GET http://10.180.1.21/compute/v2.1/servers/091adaaa-617e-45e0-9ada-cdeadfff36a3 0.460s
2025-03-26 21:01:24.980 69224 INFO tempest.lib.common.rest_client [req-7fe08251-5179-4107-8b27-eb57dfed808f req-7fe08251-5179-4107-8b27-eb57dfed808f ] Request (ServerMetadataNegativeTestJSON:tearDownClass): 200 GET http://10.180.1.21/compute/v2.1/servers/69161637-7589-4a65-8f6d-39831ceb7480 0.459s
2025-03-26 21:01:25.069 69220 INFO tempest.lib.common.rest_client [req-e373e74a-c758-47e4-9d5c-2d6f107c7e1c req-e373e74a-c758-47e4-9d5c-2d6f107c7e1c ] Request (AttachVolumeTestJSON:test_attach_detach_volume): 200 GET http://10.180.1.21/compute/v2.1/servers/bf8eaa7a-343b-49dc-b5f9-0465794804f0 0.494s
2025-03-26 21:01:25.125 69216 INFO tempest.lib.common.rest_client [req-1c26034e-4f38-4110-8048-f9247af2740a req-1c26034e-4f38-4110-8048-f9247af2740a ] Request (ServerExternalEventsTest:tearDownClass): 200 GET http://10.180.1.21/compute/v2.1/servers/01c1c8d4-2e8e-40eb-bacb-9b6f1b26d955 0.545s
2025-03-26 21:01:25.178 69232 INFO tempest.lib.common.rest_client [req-32cf522f-14e1-44e6-a6f6-3a8d5d87c297 req-32cf522f-14e1-44e6-a6f6-3a8d5d87c297 ] Request (ImagesOneServerTestJSON:tearDownClass): 200 GET http://10.180.1.21/compute/v2.1/servers/0e72ec32-1c6e-413b-b5d1-c81d7315adb8 0.544s
2025-03-26 21:01:25.275 69214 INFO tempest.lib.common.rest_client [req-1a89814b-c623-4de2-b51b-0d63dcbcc074 req-1a89814b-c623-4de2-b51b-0d63dcbcc074 ] Request (ServerActionsTestOtherB:setUpClass): 200 GET http://10.180.1.21/compute/v2.1/servers/52342a01-c1ee-4cca-bc8c-ab2dc8a7b8dc 0.553s
2025-03-26 21:01:25.282 69214 INFO tempest.common.waiters [-] State transition "BUILD/block_device_mapping" ==> "BUILD/spawning" after 59 second wait
2025-03-26 21:01:25.346 69212 INFO tempest.lib.common.rest_client [req-6712b23c-2b46-4678-8424-3936fba7e26c req-6712b23c-2b46-4678-8424-3936fba7e26c ] Request (SecurityGroupsTestJSON:test_list_security_groups_by_server): 200 GET http://10.180.1.21/compute/v2.1/servers/d421f36e-8ec2-4ae7-968c-bc69027b81b6 0.607s
2025-03-26 21:01:25.403 69182 INFO tempest.lib.common.rest_client [req-af9a816f-6986-4a52-9106-636c226582e6 req-af9a816f-6986-4a52-9106-636c226582e6 ] Request (ListServersNegativeTestJSON:setUpClass): 200 GET http://10.180.1.21/compute/v2.1/servers/f720a633-de87-428c-a7de-2a8d336be8ed 0.631s
2025-03-26 21:01:25.455 69192 INFO tempest.lib.common.rest_client [req-ab441d03-2f65-476d-8526-ea7b16dcb7a5 req-ab441d03-2f65-476d-8526-ea7b16dcb7a5 ] Request (DeleteServersAdminTestJSON:test_delete_server_while_in_error_state): 200 GET http://10.180.1.21/compute/v2.1/servers/9a76468d-f4d4-4a63-8c5b-a43f002cc535 0.635s
2025-03-26 21:01:25.465 69227 INFO tempest.lib.common.rest_client [req-61d7a22b-c849-4b08-84c3-6169a2961776 req-61d7a22b-c849-4b08-84c3-6169a2961776 ] Request (ServerMetadataTestJSON:tearDownClass): 200 PUT http://10.180.1.21:9696/networking/v2.0/routers/fa1b9207-d9fe-4bb7-b298-bea00fee322e/remove_router_interface 0.629s
2025-03-26 21:01:25.501 69186 INFO tempest.lib.common.rest_client [req-ceceee3d-0ec6-4e0d-8d38-ff79c40c758f req-ceceee3d-0ec6-4e0d-8d38-ff79c40c758f ] Request (VolumesAdminNegativeTest:test_update_attached_volume_with_nonexistent_volume_in_body): 200 GET http://10.180.1.21/compute/v2.1/servers/e94094a9-3fb7-494c-9bda-8704f846db40 0.640s
2025-03-26 21:01:25.546 69180 INFO tempest.lib.common.rest_client [req-73ea0cd9-655f-401e-995e-bea8d5c9bc66 req-73ea0cd9-655f-401e-995e-bea8d5c9bc66 ] Request (ServerRescueNegativeTestJSON:setUpClass): 200 GET http://10.180.1.21/compute/v2.1/servers/50155af9-9cd2-486c-bd4c-81db57eecbda 0.645s
2025-03-26 21:01:25.597 69240 INFO tempest.lib.common.rest_client [req-63c22a93-ce76-40dc-ae98-88a2cd4aaaed req-63c22a93-ce76-40dc-ae98-88a2cd4aaaed ] Request (ServersTestBootFromVolume:setUpClass): 200 GET http://10.180.1.21/compute/v2.1/servers/331d9c1a-e03e-4ad4-8758-939326619c67 0.657s
2025-03-26 21:01:25.642 69188 INFO tempest.lib.common.rest_client [req-3cabf305-7205-4e22-b2d7-c0f647ced9af req-3cabf305-7205-4e22-b2d7-c0f647ced9af ] Request (ServersTestMultiNic:test_verify_duplicate_network_nics): 200 GET http://10.180.1.21/compute/v2.1/servers/65f6afb5-e62d-4dbd-b1cd-6ed52b88ca23 0.557s
2025-03-26 21:01:25.686 69210 INFO tempest.lib.common.rest_client [req-5b646af4-e792-462e-82ff-5584d79671cf req-5b646af4-e792-462e-82ff-5584d79671cf ] Request (ServersAdminNegativeTestJSON:test_migrate_server_invalid_state): 200 GET http://10.180.1.21/compute/v2.1/servers/b3e8f14d-44ec-4db0-822a-2d1bdc01bd0b 0.534s
2025-03-26 21:01:25.732 69230 INFO tempest.lib.common.rest_client [req-ce170d7f-799e-4c90-a97c-7b22e2e5c03f req-ce170d7f-799e-4c90-a97c-7b22e2e5c03f ] Request (FloatingIPsAssociationTestJSON:test_associate_already_associated_floating_ip): 200 GET http://10.180.1.21/compute/v2.1/servers/b3f025fc-1b13-4953-b4e2-1939a684998c 0.535s
2025-03-26 21:01:25.789 69190 INFO tempest.lib.common.rest_client [req-e29d0b69-7383-4ff1-bd0b-817e7762e5f5 req-e29d0b69-7383-4ff1-bd0b-817e7762e5f5 ] Request (ServersAdminTestJSON:test_create_server_with_scheduling_hint): 200 GET http://10.180.1.21/compute/v2.1/servers/fd248bbd-b4f7-4efb-9575-f3019b0888a9 0.522s
2025-03-26 21:01:25.790 69227 INFO tempest.lib.common.rest_client [req-b61d7eea-4b0d-4df4-98d2-27b1ea200b36 req-b61d7eea-4b0d-4df4-98d2-27b1ea200b36 ] Request (ServerMetadataTestJSON:tearDownClass): 204 DELETE http://10.180.1.21:9696/networking/v2.0/routers/fa1b9207-d9fe-4bb7-b298-bea00fee322e 0.324s
2025-03-26 21:01:25.863 69198 INFO tempest.lib.common.rest_client [req-09dae5cc-f4f3-43e3-9d0a-bf7e59f945ed req-09dae5cc-f4f3-43e3-9d0a-bf7e59f945ed ] Request (DeleteServersTestJSON:test_delete_server_while_in_attached_volume): 200 GET http://10.180.1.21/compute/v2.1/servers/1680228e-44af-4aff-bd2a-83a1360006a6 0.323s
2025-03-26 21:01:25.913 69222 INFO tempest.lib.common.rest_client [req-62be5521-4ea2-49ad-8690-31d1f31273fd req-62be5521-4ea2-49ad-8690-31d1f31273fd ] Request (FloatingIPsAssociationNegativeTestJSON:setUpClass): 200 GET http://10.180.1.21/compute/v2.1/servers/c3a56259-acf4-4d26-929b-fdde7b5c97eb 0.322s
2025-03-26 21:01:25.914 69227 INFO tempest.lib.common.rest_client [req-236bab72-ffcf-4bed-bbdb-cfa73aa7506c req-236bab72-ffcf-4bed-bbdb-cfa73aa7506c ] Request (ServerMetadataTestJSON:tearDownClass): 204 DELETE http://10.180.1.21:9696/networking/v2.0/subnets/0f758b5c-f525-4473-8de4-39a8a9289a01 0.124s
2025-03-26 21:01:25.961 69184 INFO tempest.lib.common.rest_client [req-20246f25-0e6f-498a-8244-9100c889955a req-20246f25-0e6f-498a-8244-9100c889955a ] Request (ServerDiskConfigTestJSON:test_rebuild_server_with_manual_disk_config): 200 GET http://10.180.1.21/compute/v2.1/servers/ce042a29-f8f3-4c79-a270-f003c2c60a7f 0.326s
2025-03-26 21:01:26.045 69207 INFO tempest.lib.common.rest_client [req-d1f1bf62-49ff-4b1e-8211-2a3cd16e5d8f req-d1f1bf62-49ff-4b1e-8211-2a3cd16e5d8f ] Request (ServersListShow298Test:tearDownClass): 200 GET http://10.180.1.21/compute/v2.1/servers/ddde5559-2e16-42cb-8d25-60f3fa15cda4 0.344s
2025-03-26 21:01:26.103 69228 INFO tempest.lib.common.rest_client [req-c3957f9d-a90a-45b7-a9f0-b2143b107917 req-c3957f9d-a90a-45b7-a9f0-b2143b107917 ] Request (ServerAddressesNegativeTestJSON:setUpClass): 200 GET http://10.180.1.21/compute/v2.1/servers/be00f9d7-3571-4249-a3c8-b87f43123930 0.351s
2025-03-26 21:01:26.136 69227 INFO tempest.lib.common.rest_client [req-3ac15e8c-2d48-4298-bc77-6d21d8ba5767 req-3ac15e8c-2d48-4298-bc77-6d21d8ba5767 ] Request (ServerMetadataTestJSON:tearDownClass): 204 DELETE http://10.180.1.21:9696/networking/v2.0/networks/16dcb261-ddaa-4cf5-9315-5736c78f2296 0.222s
2025-03-26 21:01:26.171 69202 INFO tempest.lib.common.rest_client [req-e2ea12bd-7d11-4fcb-9075-56344363543d req-e2ea12bd-7d11-4fcb-9075-56344363543d ] Request (ServersTestManualDisk:tearDownClass): 200 GET http://10.180.1.21/compute/v2.1/servers/48f5958b-d5b7-4d2c-a3a9-dd76881a89d1 0.349s
2025-03-26 21:01:26.225 69197 INFO tempest.lib.common.rest_client [req-69c1c47d-02e1-4a2f-9db4-266d5548c6da req-69c1c47d-02e1-4a2f-9db4-266d5548c6da ] Request (ImagesTestJSON:test_create_image_from_suspended_server): 200 GET http://10.180.1.21/compute/v2.1/servers/7daf798a-21b2-43e2-8f25-8f349f2863e4 0.335s
2025-03-26 21:01:26.262 69227 INFO tempest.lib.common.rest_client [req-aef545fd-99e5-48a0-879f-94a4d43e2ee8 req-aef545fd-99e5-48a0-879f-94a4d43e2ee8 ] Request (ServerMetadataTestJSON:tearDownClass): 204 DELETE http://10.180.1.21/identity/v3/users/c1ca2b458bf24d17990fd9fa057d4395 0.125s
2025-03-26 21:01:26.262 69227 INFO tempest.lib.common.dynamic_creds [-] Deleting project and security group for project: 175e614934de4ed8beac7cd56a58a498
2025-03-26 21:01:26.277 69237 INFO tempest.lib.common.rest_client [req-e012f837-12cd-425d-b2ba-65833bbbcd27 req-e012f837-12cd-425d-b2ba-65833bbbcd27 ] Request (ImagesNegativeTestJSON:test_create_image_from_deleted_server): 200 GET http://10.180.1.21/compute/v2.1/servers/091adaaa-617e-45e0-9ada-cdeadfff36a3 0.338s
2025-03-26 21:01:26.294 69227 INFO tempest.lib.common.rest_client [req-7dd6c3f4-f03b-42b4-9ee0-3d391f0dedb1 req-7dd6c3f4-f03b-42b4-9ee0-3d391f0dedb1 ] Request (ServerMetadataTestJSON:tearDownClass): 200 GET http://10.180.1.21:9696/networking/v2.0/security-groups?tenant_id=175e614934de4ed8beac7cd56a58a498&name=default 0.032s
2025-03-26 21:01:26.347 69224 INFO tempest.lib.common.rest_client [req-3b46d25d-8353-48e9-8313-65de8e56f8a7 req-3b46d25d-8353-48e9-8313-65de8e56f8a7 ] Request (ServerMetadataNegativeTestJSON:tearDownClass): 200 GET http://10.180.1.21/compute/v2.1/servers/69161637-7589-4a65-8f6d-39831ceb7480 0.355s
2025-03-26 21:01:26.387 69227 INFO tempest.lib.common.rest_client [req-7201ef16-be55-443c-9330-dcef409393da req-7201ef16-be55-443c-9330-dcef409393da ] Request (ServerMetadataTestJSON:tearDownClass): 204 DELETE http://10.180.1.21:9696/networking/v2.0/security-groups/17e7b540-02cd-4de0-8376-d03951bbef3e 0.091s
2025-03-26 21:01:26.491 69220 INFO tempest.lib.common.rest_client [req-da24a6a6-d6c3-4463-b0a1-66f0ff5576cf req-da24a6a6-d6c3-4463-b0a1-66f0ff5576cf ] Request (AttachVolumeTestJSON:test_attach_detach_volume): 200 GET http://10.180.1.21/compute/v2.1/servers/bf8eaa7a-343b-49dc-b5f9-0465794804f0 0.411s
2025-03-26 21:01:26.498 69227 INFO tempest.lib.common.rest_client [req-66e3ad74-b24d-447a-a036-7495afda3744 req-66e3ad74-b24d-447a-a036-7495afda3744 ] Request (ServerMetadataTestJSON:tearDownClass): 204 DELETE http://10.180.1.21/identity/v3/projects/175e614934de4ed8beac7cd56a58a498 0.111s
2025-03-26 21:01:26.549 69216 INFO tempest.lib.common.rest_client [req-777ee2d6-15b6-4405-9655-b155ec7bb534 req-777ee2d6-15b6-4405-9655-b155ec7bb534 ] Request (ServerExternalEventsTest:tearDownClass): 200 GET http://10.180.1.21/compute/v2.1/servers/01c1c8d4-2e8e-40eb-bacb-9b6f1b26d955 0.416s
2025-03-26 21:01:26.568 69227 INFO tempest.lib.common.rest_client [req-72847541-42c8-4d8b-b0ae-5803c40da89a req-72847541-42c8-4d8b-b0ae-5803c40da89a ] Request (ExtensionsTest:setUpClass): 201 POST http://10.180.1.21/identity/v3/auth/tokens 0.068s
2025-03-26 21:01:26.599 69227 INFO tempest.lib.common.rest_client [req-ccea1255-5ffb-4e80-a286-4a11cc234694 req-ccea1255-5ffb-4e80-a286-4a11cc234694 ] Request (ExtensionsTest:setUpClass): 201 POST http://10.180.1.21/identity/v3/auth/tokens 0.028s
2025-03-26 21:01:26.604 69232 INFO tempest.lib.common.rest_client [req-134128fc-e4ef-4ebc-833e-f925485748b6 req-134128fc-e4ef-4ebc-833e-f925485748b6 ] Request (ImagesOneServerTestJSON:tearDownClass): 200 GET http://10.180.1.21/compute/v2.1/servers/0e72ec32-1c6e-413b-b5d1-c81d7315adb8 0.418s
2025-03-26 21:01:26.627 69227 INFO tempest.lib.common.rest_client [req-6985a567-41cc-43bb-a164-1db674fc53ef req-6985a567-41cc-43bb-a164-1db674fc53ef ] Request (ExtensionsTest:setUpClass): 200 GET http://10.180.1.21/identity/v3/domains?name=Default 0.028s
2025-03-26 21:01:26.653 69227 INFO tempest.lib.common.rest_client [req-eaf2ad59-1f93-43e1-947c-93d166131b77 req-eaf2ad59-1f93-43e1-947c-93d166131b77 ] Request (ExtensionsTest:setUpClass): 201 POST http://10.180.1.21/identity/v3/projects 0.025s
2025-03-26 21:01:26.711 69227 INFO tempest.lib.common.rest_client [req-5211a4d0-a5ce-43a3-b056-c6f9305305aa req-5211a4d0-a5ce-43a3-b056-c6f9305305aa ] Request (ExtensionsTest:setUpClass): 201 POST http://10.180.1.21/identity/v3/users 0.057s
2025-03-26 21:01:26.716 69214 INFO tempest.lib.common.rest_client [req-180b3bd6-6782-481f-8b56-22f149007c56 req-180b3bd6-6782-481f-8b56-22f149007c56 ] Request (ServerActionsTestOtherB:setUpClass): 200 GET http://10.180.1.21/compute/v2.1/servers/52342a01-c1ee-4cca-bc8c-ab2dc8a7b8dc 0.429s
2025-03-26 21:01:26.730 69227 INFO tempest.lib.common.rest_client [req-8baa8f09-d021-4361-909c-3c1d49529055 req-8baa8f09-d021-4361-909c-3c1d49529055 ] Request (ExtensionsTest:setUpClass): 200 GET http://10.180.1.21/identity/v3/roles 0.019s
2025-03-26 21:01:26.756 69227 INFO tempest.lib.common.rest_client [req-d901413d-88ee-42e4-89a5-71c16d5ce498 req-d901413d-88ee-42e4-89a5-71c16d5ce498 ] Request (ExtensionsTest:setUpClass): 204 PUT http://10.180.1.21/identity/v3/projects/8743f55482b842ea8af2739485b2da28/users/82add8155e71450a8042243eae37cbd1/roles/09f0821c90444411ad791eb297ad4e1f 0.025s
2025-03-26 21:01:26.756 69227 INFO tempest.lib.common.dynamic_creds [-] Dynamic test user 82add8155e71450a8042243eae37cbd1 is created with scope project and roles: ['member']
2025-03-26 21:01:26.756 69227 INFO tempest.lib.common.dynamic_creds [-] Acquired dynamic creds: credentials: Credentials: {'domain_id': 'default', 'domain_name': 'Default', 'username': 'tempest-ExtensionsTest-1684603792-project-member', 'project_domain_id': 'default', 'project_domain_name': 'Default', 'project_id': '8743f55482b842ea8af2739485b2da28', 'project_name': 'tempest-ExtensionsTest-1684603792', 'tenant_id': '8743f55482b842ea8af2739485b2da28', 'tenant_name': 'tempest-ExtensionsTest-1684603792', 'user_domain_id': 'default', 'user_domain_name': 'Default', 'user_id': '82add8155e71450a8042243eae37cbd1', 'system': None}, Network: None, Subnet: None, Router: None
2025-03-26 21:01:26.756 69227 INFO tempest.lib.common.dynamic_creds [-] Created isolated network resources for: credentials: Credentials: {'domain_id': 'default', 'domain_name': 'Default', 'username': 'tempest-ExtensionsTest-1684603792-project-member', 'project_domain_id': 'default', 'project_domain_name': 'Default', 'project_id': '8743f55482b842ea8af2739485b2da28', 'project_name': 'tempest-ExtensionsTest-1684603792', 'tenant_id': '8743f55482b842ea8af2739485b2da28', 'tenant_name': 'tempest-ExtensionsTest-1684603792', 'user_domain_id': 'default', 'user_domain_name': 'Default', 'user_id': '82add8155e71450a8042243eae37cbd1', 'system': None}, Network: None, Subnet: None, Router: None
2025-03-26 21:01:26.761 69212 INFO tempest.lib.common.rest_client [req-8abba170-abff-416e-ab60-2b55fdd4a025 req-8abba170-abff-416e-ab60-2b55fdd4a025 ] Request (SecurityGroupsTestJSON:test_list_security_groups_by_server): 200 GET http://10.180.1.21/compute/v2.1/servers/d421f36e-8ec2-4ae7-968c-bc69027b81b6 0.405s
2025-03-26 21:01:26.765 69243 INFO tempest.lib.common.rest_client [req-8f182635-7547-4a92-8381-ed3a1020187a req-8f182635-7547-4a92-8381-ed3a1020187a ] Request (AttachInterfacesV270Test:test_create_get_list_interfaces): 400 POST http://10.180.1.21/compute/v2.1/servers/effc35fc-c65b-4e44-9635-af615d5b0a47/os-interface 3.066s
2025-03-26 21:01:26.813 69182 INFO tempest.lib.common.rest_client [req-11c88cac-4f14-4779-9959-b83dccd6ab1f req-11c88cac-4f14-4779-9959-b83dccd6ab1f ] Request (ListServersNegativeTestJSON:setUpClass): 200 GET http://10.180.1.21/compute/v2.1/servers/f720a633-de87-428c-a7de-2a8d336be8ed 0.402s
2025-03-26 21:01:26.821 69227 INFO tempest.lib.common.rest_client [req-e8ebab65-5de0-4ce8-bdbe-dce4bcecd7ef req-e8ebab65-5de0-4ce8-bdbe-dce4bcecd7ef ] Request (ExtensionsTest:setUpClass): 201 POST http://10.180.1.21/identity/v3/auth/tokens 0.062s
2025-03-26 21:01:26.826 69192 INFO tempest.lib.common.rest_client [req-c1e888d6-b6d5-441f-baef-dc6b9cab4aab req-c1e888d6-b6d5-441f-baef-dc6b9cab4aab ] Request (DeleteServersAdminTestJSON:test_delete_server_while_in_error_state): 200 GET http://10.180.1.21/compute/v2.1/servers/9a76468d-f4d4-4a63-8c5b-a43f002cc535 0.363s
2025-03-26 21:01:26.860 69186 INFO tempest.lib.common.rest_client [req-7d893c2f-51e2-4aa2-88f6-0dd8db1fb2ee req-7d893c2f-51e2-4aa2-88f6-0dd8db1fb2ee ] Request (VolumesAdminNegativeTest:test_update_attached_volume_with_nonexistent_volume_in_body): 200 GET http://10.180.1.21/compute/v2.1/servers/e94094a9-3fb7-494c-9bda-8704f846db40 0.351s
2025-03-26 21:01:26.872 69180 INFO tempest.lib.common.rest_client [req-f30b8306-9b61-42d8-9998-7193ba4826d9 req-f30b8306-9b61-42d8-9998-7193ba4826d9 ] Request (ServerRescueNegativeTestJSON:setUpClass): 200 GET http://10.180.1.21/compute/v2.1/servers/50155af9-9cd2-486c-bd4c-81db57eecbda 0.318s
2025-03-26 21:01:26.907 69240 INFO tempest.lib.common.rest_client [req-950693f1-5b4b-4290-8efa-141c92f5e56c req-950693f1-5b4b-4290-8efa-141c92f5e56c ] Request (ServersTestBootFromVolume:setUpClass): 200 GET http://10.180.1.21/compute/v2.1/servers/331d9c1a-e03e-4ad4-8758-939326619c67 0.303s
2025-03-26 21:01:26.919 69188 INFO tempest.lib.common.rest_client [req-b4aa3be2-6bbd-4ec9-8c3b-9654878f459a req-b4aa3be2-6bbd-4ec9-8c3b-9654878f459a ] Request (ServersTestMultiNic:test_verify_duplicate_network_nics): 200 GET http://10.180.1.21/compute/v2.1/servers/65f6afb5-e62d-4dbd-b1cd-6ed52b88ca23 0.268s
2025-03-26 21:01:26.954 69210 INFO tempest.lib.common.rest_client [req-db85bb3f-79b1-4af0-96e6-88a723a9a416 req-db85bb3f-79b1-4af0-96e6-88a723a9a416 ] Request (ServersAdminNegativeTestJSON:test_migrate_server_invalid_state): 200 GET http://10.180.1.21/compute/v2.1/servers/b3e8f14d-44ec-4db0-822a-2d1bdc01bd0b 0.260s
2025-03-26 21:01:26.960 69230 INFO tempest.lib.common.rest_client [req-3a4e5a1f-377b-4469-b229-6c7e25b945a5 req-3a4e5a1f-377b-4469-b229-6c7e25b945a5 ] Request (FloatingIPsAssociationTestJSON:test_associate_already_associated_floating_ip): 200 GET http://10.180.1.21/compute/v2.1/servers/b3f025fc-1b13-4953-b4e2-1939a684998c 0.221s
2025-03-26 21:01:27.004 69190 INFO tempest.lib.common.rest_client [req-185d8a6e-0e06-49c6-8424-9c612d34064e req-185d8a6e-0e06-49c6-8424-9c612d34064e ] Request (ServersAdminTestJSON:test_create_server_with_scheduling_hint): 200 GET http://10.180.1.21/compute/v2.1/servers/fd248bbd-b4f7-4efb-9575-f3019b0888a9 0.200s
2025-03-26 21:01:27.024 69243 INFO tempest.lib.common.rest_client [req-197fed5d-da37-4225-8a0d-c438535fc7ad req-197fed5d-da37-4225-8a0d-c438535fc7ad ] Request (AttachInterfacesV270Test:tearDownClass): 204 DELETE http://10.180.1.21/compute/v2.1/servers/effc35fc-c65b-4e44-9635-af615d5b0a47 0.256s
2025-03-26 21:01:27.066 69227 INFO tempest.lib.common.rest_client [req-7bf7932b-87de-4d13-9eb9-fb8eba1d58ca req-7bf7932b-87de-4d13-9eb9-fb8eba1d58ca ] Request (ExtensionsTest:test_get_extension): 200 GET http://10.180.1.21/compute/v2.1/extensions/os-consoles 0.243s
2025-03-26 21:01:27.068 69198 INFO tempest.lib.common.rest_client [req-38fa3771-fe25-4d07-afea-c7d526b67ce7 req-38fa3771-fe25-4d07-afea-c7d526b67ce7 ] Request (DeleteServersTestJSON:test_delete_server_while_in_attached_volume): 200 GET http://10.180.1.21/compute/v2.1/servers/1680228e-44af-4aff-bd2a-83a1360006a6 0.197s
2025-03-26 21:01:27.113 69222 INFO tempest.lib.common.rest_client [req-b560ef7b-da83-44ba-ae1d-2b1e2b33756f req-b560ef7b-da83-44ba-ae1d-2b1e2b33756f ] Request (FloatingIPsAssociationNegativeTestJSON:setUpClass): 200 GET http://10.180.1.21/compute/v2.1/servers/c3a56259-acf4-4d26-929b-fdde7b5c97eb 0.191s
2025-03-26 21:01:27.121 69184 INFO tempest.lib.common.rest_client [req-762281e4-40ea-47b4-b4a0-f2f1b4eb6a7c req-762281e4-40ea-47b4-b4a0-f2f1b4eb6a7c ] Request (ServerDiskConfigTestJSON:test_rebuild_server_with_manual_disk_config): 200 GET http://10.180.1.21/compute/v2.1/servers/ce042a29-f8f3-4c79-a270-f003c2c60a7f 0.149s
2025-03-26 21:01:27.190 69207 INFO tempest.lib.common.rest_client [req-c439133c-63c2-4597-9a44-6f2becd454d6 req-c439133c-63c2-4597-9a44-6f2becd454d6 ] Request (ServersListShow298Test:tearDownClass): 200 GET http://10.180.1.21/compute/v2.1/servers/ddde5559-2e16-42cb-8d25-60f3fa15cda4 0.130s
2025-03-26 21:01:27.207 69227 INFO tempest.lib.common.rest_client [req-df92d34f-418b-4c8d-bdda-960e9b59a1a0 req-df92d34f-418b-4c8d-bdda-960e9b59a1a0 ] Request (ExtensionsTest:test_list_extensions): 200 GET http://10.180.1.21/compute/v2.1/extensions 0.140s
2025-03-26 21:01:27.305 69227 INFO tempest.lib.common.rest_client [req-9f9798e7-8a28-4135-abd7-1e177d71f1ba req-9f9798e7-8a28-4135-abd7-1e177d71f1ba ] Request (ExtensionsTest:tearDownClass): 204 DELETE http://10.180.1.21/identity/v3/users/82add8155e71450a8042243eae37cbd1 0.086s
2025-03-26 21:01:27.306 69227 INFO tempest.lib.common.dynamic_creds [-] Deleting project and security group for project: 8743f55482b842ea8af2739485b2da28
2025-03-26 21:01:27.359 69227 INFO tempest.lib.common.rest_client [req-a92aff57-4cb2-4caa-9cef-42cc4c69a62b req-a92aff57-4cb2-4caa-9cef-42cc4c69a62b ] Request (ExtensionsTest:tearDownClass): 201 POST http://10.180.1.21/identity/v3/auth/tokens 0.053s
2025-03-26 21:01:27.489 69228 INFO tempest.lib.common.rest_client [req-3f29cb63-1c48-4567-a2af-a21b4ea9598e req-3f29cb63-1c48-4567-a2af-a21b4ea9598e ] Request (ServerAddressesNegativeTestJSON:setUpClass): 200 GET http://10.180.1.21/compute/v2.1/servers/be00f9d7-3571-4249-a3c8-b87f43123930 0.373s
2025-03-26 21:01:27.515 69227 INFO tempest.lib.common.rest_client [req-d531b65b-fd21-4c91-a2f4-2202cbafd73a req-d531b65b-fd21-4c91-a2f4-2202cbafd73a ] Request (ExtensionsTest:tearDownClass): 200 GET http://10.180.1.21:9696/networking/v2.0/security-groups?tenant_id=8743f55482b842ea8af2739485b2da28&name=default 0.155s
2025-03-26 21:01:27.519 69243 INFO tempest.lib.common.rest_client [req-56a8d519-dcb5-4dde-8637-0a409fb3fc69 req-56a8d519-dcb5-4dde-8637-0a409fb3fc69 ] Request (AttachInterfacesV270Test:tearDownClass): 200 GET http://10.180.1.21/compute/v2.1/servers/effc35fc-c65b-4e44-9635-af615d5b0a47 0.494s
2025-03-26 21:01:27.566 69202 INFO tempest.lib.common.rest_client [req-3c3d499f-67fb-484f-b61e-df21578c45ce req-3c3d499f-67fb-484f-b61e-df21578c45ce ] Request (ServersTestManualDisk:tearDownClass): 200 GET http://10.180.1.21/compute/v2.1/servers/48f5958b-d5b7-4d2c-a3a9-dd76881a89d1 0.385s
2025-03-26 21:01:27.583 69197 INFO tempest.lib.common.rest_client [req-8422d1eb-b022-4501-8c77-c877530ab5d8 req-8422d1eb-b022-4501-8c77-c877530ab5d8 ] Request (ImagesTestJSON:test_create_image_from_suspended_server): 200 GET http://10.180.1.21/compute/v2.1/servers/7daf798a-21b2-43e2-8f25-8f349f2863e4 0.349s
2025-03-26 21:01:27.620 69227 INFO tempest.lib.common.rest_client [req-638afb9a-4180-4ac5-9c86-61a3949baaa3 req-638afb9a-4180-4ac5-9c86-61a3949baaa3 ] Request (ExtensionsTest:tearDownClass): 204 DELETE http://10.180.1.21:9696/networking/v2.0/security-groups/9c026be2-5f87-4133-9b4b-4b0b54eac31c 0.104s
2025-03-26 21:01:27.631 69237 INFO tempest.lib.common.rest_client [req-5f99acb7-c040-4cef-847c-4090377bca7a req-5f99acb7-c040-4cef-847c-4090377bca7a ] Request (ImagesNegativeTestJSON:test_create_image_from_deleted_server): 200 GET http://10.180.1.21/compute/v2.1/servers/091adaaa-617e-45e0-9ada-cdeadfff36a3 0.343s
2025-03-26 21:01:27.636 69194 WARNING tempest.lib.common.ssh [-] Failed to establish authenticated ssh connection to cirros@10.180.180.131 ([Errno None] Unable to connect to port 22 on 10.180.180.131). Number attempts: 8. Retry after 9 seconds.: paramiko.ssh_exception.NoValidConnectionsError: [Errno None] Unable to connect to port 22 on 10.180.180.131
2025-03-26 21:01:27.654 69224 INFO tempest.lib.common.rest_client [req-a457e0ba-6d78-410e-b6ba-b8c17b6230c8 req-a457e0ba-6d78-410e-b6ba-b8c17b6230c8 ] Request (ServerMetadataNegativeTestJSON:tearDownClass): 200 GET http://10.180.1.21/compute/v2.1/servers/69161637-7589-4a65-8f6d-39831ceb7480 0.298s
2025-03-26 21:01:27.695 69227 INFO tempest.lib.common.rest_client [req-aece4365-4289-4f85-9995-0038d257fca4 req-aece4365-4289-4f85-9995-0038d257fca4 ] Request (ExtensionsTest:tearDownClass): 204 DELETE http://10.180.1.21/identity/v3/projects/8743f55482b842ea8af2739485b2da28 0.075s
2025-03-26 21:01:27.728 69216 INFO tempest.lib.common.rest_client [req-3e4355e3-5eef-44ed-bf78-f82d190facb8 req-3e4355e3-5eef-44ed-bf78-f82d190facb8 ] Request (ServerExternalEventsTest:tearDownClass): 200 GET http://10.180.1.21/compute/v2.1/servers/01c1c8d4-2e8e-40eb-bacb-9b6f1b26d955 0.170s
2025-03-26 21:01:27.758 69220 INFO tempest.lib.common.rest_client [req-602faeab-cdc1-49be-b673-f06937b63d50 req-602faeab-cdc1-49be-b673-f06937b63d50 ] Request (AttachVolumeTestJSON:test_attach_detach_volume): 200 GET http://10.180.1.21/compute/v2.1/servers/bf8eaa7a-343b-49dc-b5f9-0465794804f0 0.260s
2025-03-26 21:01:27.788 69232 INFO tempest.lib.common.rest_client [req-9cd68f35-89a8-4b8f-90d4-fb381d280dab req-9cd68f35-89a8-4b8f-90d4-fb381d280dab ] Request (ImagesOneServerTestJSON:tearDownClass): 200 GET http://10.180.1.21/compute/v2.1/servers/0e72ec32-1c6e-413b-b5d1-c81d7315adb8 0.176s
2025-03-26 21:01:27.837 69212 INFO tempest.lib.common.rest_client [req-5b93b464-b4bf-4992-ac28-8fab3ea382b4 req-5b93b464-b4bf-4992-ac28-8fab3ea382b4 ] Request (SecurityGroupsTestJSON:test_list_security_groups_by_server): 200 GET http://10.180.1.21/compute/v2.1/servers/d421f36e-8ec2-4ae7-968c-bc69027b81b6 0.068s
2025-03-26 21:01:27.852 69214 INFO tempest.lib.common.rest_client [req-656b4c26-cc37-440f-86b4-d9a3e55f6a65 req-656b4c26-cc37-440f-86b4-d9a3e55f6a65 ] Request (ServerActionsTestOtherB:setUpClass): 200 GET http://10.180.1.21/compute/v2.1/servers/52342a01-c1ee-4cca-bc8c-ab2dc8a7b8dc 0.128s
2025-03-26 21:01:27.887 69182 INFO tempest.lib.common.rest_client [req-c53ec3f4-ac99-4495-8c3c-a04a6faf82c4 req-c53ec3f4-ac99-4495-8c3c-a04a6faf82c4 ] Request (ListServersNegativeTestJSON:setUpClass): 200 GET http://10.180.1.21/compute/v2.1/servers/f720a633-de87-428c-a7de-2a8d336be8ed 0.066s
2025-03-26 21:01:27.900 69192 INFO tempest.lib.common.rest_client [req-cfd3d6d9-8762-40f1-a655-112712e79ed4 req-cfd3d6d9-8762-40f1-a655-112712e79ed4 ] Request (DeleteServersAdminTestJSON:test_delete_server_while_in_error_state): 200 GET http://10.180.1.21/compute/v2.1/servers/9a76468d-f4d4-4a63-8c5b-a43f002cc535 0.065s
2025-03-26 21:01:27.929 69186 INFO tempest.lib.common.rest_client [req-0fbcf445-aed7-4c2e-b5ab-85e0c10885a2 req-0fbcf445-aed7-4c2e-b5ab-85e0c10885a2 ] Request (VolumesAdminNegativeTest:test_update_attached_volume_with_nonexistent_volume_in_body): 200 GET http://10.180.1.21/compute/v2.1/servers/e94094a9-3fb7-494c-9bda-8704f846db40 0.061s
2025-03-26 21:01:27.940 69180 INFO tempest.lib.common.rest_client [req-15f0e811-dd1e-4545-96ba-5cdea4743dd1 req-15f0e811-dd1e-4545-96ba-5cdea4743dd1 ] Request (ServerRescueNegativeTestJSON:setUpClass): 200 GET http://10.180.1.21/compute/v2.1/servers/50155af9-9cd2-486c-bd4c-81db57eecbda 0.061s
2025-03-26 21:01:27.970 69240 INFO tempest.lib.common.rest_client [req-4eb72ea3-a191-43d5-8d35-66aefeeb41d9 req-4eb72ea3-a191-43d5-8d35-66aefeeb41d9 ] Request (ServersTestBootFromVolume:setUpClass): 200 GET http://10.180.1.21/compute/v2.1/servers/331d9c1a-e03e-4ad4-8758-939326619c67 0.056s
2025-03-26 21:01:27.982 69188 INFO tempest.lib.common.rest_client [req-4f88a1b0-cada-4851-a5c1-1288496d9496 req-4f88a1b0-cada-4851-a5c1-1288496d9496 ] Request (ServersTestMultiNic:test_verify_duplicate_network_nics): 200 GET http://10.180.1.21/compute/v2.1/servers/65f6afb5-e62d-4dbd-b1cd-6ed52b88ca23 0.055s
2025-03-26 21:01:28.014 69210 INFO tempest.lib.common.rest_client [req-c6281bfd-14fb-4b3d-893a-3e1da9fca39c req-c6281bfd-14fb-4b3d-893a-3e1da9fca39c ] Request (ServersAdminNegativeTestJSON:test_migrate_server_invalid_state): 200 GET http://10.180.1.21/compute/v2.1/servers/b3e8f14d-44ec-4db0-822a-2d1bdc01bd0b 0.052s
2025-03-26 21:01:28.026 69230 INFO tempest.lib.common.rest_client [req-97ac8110-8e83-40d9-a9d8-adb250887e73 req-97ac8110-8e83-40d9-a9d8-adb250887e73 ] Request (FloatingIPsAssociationTestJSON:test_associate_already_associated_floating_ip): 200 GET http://10.180.1.21/compute/v2.1/servers/b3f025fc-1b13-4953-b4e2-1939a684998c 0.056s
2025-03-26 21:01:28.056 69190 INFO tempest.lib.common.rest_client [req-ec16dab3-102e-49ea-8bd5-6e2612221144 req-ec16dab3-102e-49ea-8bd5-6e2612221144 ] Request (ServersAdminTestJSON:test_create_server_with_scheduling_hint): 200 GET http://10.180.1.21/compute/v2.1/servers/fd248bbd-b4f7-4efb-9575-f3019b0888a9 0.044s
2025-03-26 21:01:28.082 69208 WARNING tempest.lib.common.ssh [-] Failed to establish authenticated ssh connection to cirros@10.180.180.242 ([Errno None] Unable to connect to port 22 on 10.180.180.242). Number attempts: 9. Retry after 10 seconds.: paramiko.ssh_exception.NoValidConnectionsError: [Errno None] Unable to connect to port 22 on 10.180.180.242
2025-03-26 21:01:28.125 69198 INFO tempest.lib.common.rest_client [req-8182685c-5357-4bc0-9730-fb35b610c03d req-8182685c-5357-4bc0-9730-fb35b610c03d ] Request (DeleteServersTestJSON:test_delete_server_while_in_attached_volume): 200 GET http://10.180.1.21/compute/v2.1/servers/1680228e-44af-4aff-bd2a-83a1360006a6 0.049s
2025-03-26 21:01:28.175 69222 INFO tempest.lib.common.rest_client [req-a05fbe21-e087-4150-afcb-713dffc76fba req-a05fbe21-e087-4150-afcb-713dffc76fba ] Request (FloatingIPsAssociationNegativeTestJSON:setUpClass): 200 GET http://10.180.1.21/compute/v2.1/servers/c3a56259-acf4-4d26-929b-fdde7b5c97eb 0.052s
2025-03-26 21:01:28.188 69184 INFO tempest.lib.common.rest_client [req-51d0da03-6d9b-4218-9363-fdd7da613996 req-51d0da03-6d9b-4218-9363-fdd7da613996 ] Request (ServerDiskConfigTestJSON:test_rebuild_server_with_manual_disk_config): 200 GET http://10.180.1.21/compute/v2.1/servers/ce042a29-f8f3-4c79-a270-f003c2c60a7f 0.058s
2025-03-26 21:01:28.224 69207 INFO tempest.lib.common.rest_client [req-c96364b6-b2dc-488f-a4e5-586ef32b3450 req-c96364b6-b2dc-488f-a4e5-586ef32b3450 ] Request (ServersListShow298Test:tearDownClass): 404 GET http://10.180.1.21/compute/v2.1/servers/ddde5559-2e16-42cb-8d25-60f3fa15cda4 0.023s
2025-03-26 21:01:28.314 69207 INFO tempest.lib.common.rest_client [req-b9e06233-b59a-42bb-9c6b-ad5c45b5b137 req-b9e06233-b59a-42bb-9c6b-ad5c45b5b137 ] Request (ServersListShow298Test:tearDownClass): 204 DELETE http://10.180.1.21/identity/v3/users/7d18904e943d479a8c92e206e2448c82 0.089s
2025-03-26 21:01:28.314 69207 INFO tempest.lib.common.dynamic_creds [-] Deleting project and security group for project: 26a3a48de6cd4912896da98fbd66ac87
2025-03-26 21:01:28.363 69207 INFO tempest.lib.common.rest_client [req-1c3f269f-5d3b-4281-b6c4-9a42613c0604 req-1c3f269f-5d3b-4281-b6c4-9a42613c0604 ] Request (ServersListShow298Test:tearDownClass): 201 POST http://10.180.1.21/identity/v3/auth/tokens 0.049s
2025-03-26 21:01:28.491 69207 INFO tempest.lib.common.rest_client [req-0c9bbc63-a66e-4faf-810e-8f77fcc5825f req-0c9bbc63-a66e-4faf-810e-8f77fcc5825f ] Request (ServersListShow298Test:tearDownClass): 200 GET http://10.180.1.21:9696/networking/v2.0/security-groups?tenant_id=26a3a48de6cd4912896da98fbd66ac87&name=default 0.127s
2025-03-26 21:01:28.556 69228 INFO tempest.lib.common.rest_client [req-1364b185-4a0b-41b6-9a8e-2392fb54ea26 req-1364b185-4a0b-41b6-9a8e-2392fb54ea26 ] Request (ServerAddressesNegativeTestJSON:setUpClass): 200 GET http://10.180.1.21/compute/v2.1/servers/be00f9d7-3571-4249-a3c8-b87f43123930 0.057s
2025-03-26 21:01:28.572 69207 INFO tempest.lib.common.rest_client [req-5928c8cb-4dcb-49b5-914e-6d2f266a780a req-5928c8cb-4dcb-49b5-914e-6d2f266a780a ] Request (ServersListShow298Test:tearDownClass): 204 DELETE http://10.180.1.21:9696/networking/v2.0/security-groups/406faf6d-5f70-475d-9bf8-9fa4b9704f9c 0.081s
2025-03-26 21:01:28.627 69207 INFO tempest.lib.common.rest_client [req-4f92a66f-bb83-48fe-aa66-648d237377ce req-4f92a66f-bb83-48fe-aa66-648d237377ce ] Request (ServersListShow298Test:tearDownClass): 204 DELETE http://10.180.1.21/identity/v3/projects/26a3a48de6cd4912896da98fbd66ac87 0.054s
2025-03-26 21:01:28.641 69202 INFO tempest.lib.common.rest_client [req-38a87c00-6fd4-41e3-8b24-100842b43c3b req-38a87c00-6fd4-41e3-8b24-100842b43c3b ] Request (ServersTestManualDisk:tearDownClass): 200 GET http://10.180.1.21/compute/v2.1/servers/48f5958b-d5b7-4d2c-a3a9-dd76881a89d1 0.064s
2025-03-26 21:01:28.651 69243 INFO tempest.lib.common.rest_client [req-902c6db3-ad0b-4c5d-9968-84d6845189ce req-902c6db3-ad0b-4c5d-9968-84d6845189ce ] Request (AttachInterfacesV270Test:tearDownClass): 200 GET http://10.180.1.21/compute/v2.1/servers/effc35fc-c65b-4e44-9635-af615d5b0a47 0.122s
2025-03-26 21:01:28.687 69207 INFO tempest.lib.common.rest_client [req-686ac254-1d91-4007-b406-1502ff8759ac req-686ac254-1d91-4007-b406-1502ff8759ac ] Request (ServersNegativeTestMultiTenantJSON:setUpClass): 201 POST http://10.180.1.21/identity/v3/auth/tokens 0.059s
2025-03-26 21:01:28.690 69197 INFO tempest.lib.common.rest_client [req-759eb554-b7c6-4402-82ed-c584a2b0fae7 req-759eb554-b7c6-4402-82ed-c584a2b0fae7 ] Request (ImagesTestJSON:test_create_image_from_suspended_server): 200 GET http://10.180.1.21/compute/v2.1/servers/7daf798a-21b2-43e2-8f25-8f349f2863e4 0.095s
2025-03-26 21:01:28.703 69237 INFO tempest.lib.common.rest_client [req-5ed1b906-55a0-41e9-bd2a-20943cfe2a45 req-5ed1b906-55a0-41e9-bd2a-20943cfe2a45 ] Request (ImagesNegativeTestJSON:test_create_image_from_deleted_server): 200 GET http://10.180.1.21/compute/v2.1/servers/091adaaa-617e-45e0-9ada-cdeadfff36a3 0.063s
2025-03-26 21:01:28.721 69207 INFO tempest.lib.common.rest_client [req-56eded58-f4c4-4e1d-8680-7529e2cc748d req-56eded58-f4c4-4e1d-8680-7529e2cc748d ] Request (ServersNegativeTestMultiTenantJSON:setUpClass): 201 POST http://10.180.1.21/identity/v3/auth/tokens 0.030s
2025-03-26 21:01:28.747 69207 INFO tempest.lib.common.rest_client [req-dd50cf79-d120-48c9-9c05-724103e549a0 req-dd50cf79-d120-48c9-9c05-724103e549a0 ] Request (ServersNegativeTestMultiTenantJSON:setUpClass): 200 GET http://10.180.1.21/identity/v3/domains?name=Default 0.026s
2025-03-26 21:01:28.750 69224 INFO tempest.lib.common.rest_client [req-54509ce4-0bfa-4eb4-ac31-4d211a4831d0 req-54509ce4-0bfa-4eb4-ac31-4d211a4831d0 ] Request (ServerMetadataNegativeTestJSON:tearDownClass): 200 GET http://10.180.1.21/compute/v2.1/servers/69161637-7589-4a65-8f6d-39831ceb7480 0.085s
2025-03-26 21:01:28.775 69207 INFO tempest.lib.common.rest_client [req-f526e09a-3270-404a-bfa5-7361c5b78e53 req-f526e09a-3270-404a-bfa5-7361c5b78e53 ] Request (ServersNegativeTestMultiTenantJSON:setUpClass): 201 POST http://10.180.1.21/identity/v3/projects 0.027s
2025-03-26 21:01:28.801 69216 INFO tempest.lib.common.rest_client [req-264b29eb-faca-4cb9-a2a5-88ab2dcc00ea req-264b29eb-faca-4cb9-a2a5-88ab2dcc00ea ] Request (ServerExternalEventsTest:tearDownClass): 200 GET http://10.180.1.21/compute/v2.1/servers/01c1c8d4-2e8e-40eb-bacb-9b6f1b26d955 0.065s
2025-03-26 21:01:28.851 69207 INFO tempest.lib.common.rest_client [req-b19f278f-1a5b-412e-beab-4ead630d75b2 req-b19f278f-1a5b-412e-beab-4ead630d75b2 ] Request (ServersNegativeTestMultiTenantJSON:setUpClass): 201 POST http://10.180.1.21/identity/v3/users 0.075s
2025-03-26 21:01:28.870 69232 INFO tempest.lib.common.rest_client [req-f59b0d03-ce96-4004-87d4-0a6b7d9d1f4d req-f59b0d03-ce96-4004-87d4-0a6b7d9d1f4d ] Request (ImagesOneServerTestJSON:tearDownClass): 200 GET http://10.180.1.21/compute/v2.1/servers/0e72ec32-1c6e-413b-b5d1-c81d7315adb8 0.072s
2025-03-26 21:01:28.873 69207 INFO tempest.lib.common.rest_client [req-dfb65cc1-bf90-49d4-af99-a707978c1b8d req-dfb65cc1-bf90-49d4-af99-a707978c1b8d ] Request (ServersNegativeTestMultiTenantJSON:setUpClass): 200 GET http://10.180.1.21/identity/v3/roles 0.021s
2025-03-26 21:01:28.880 69220 INFO tempest.lib.common.rest_client [req-5d3a208d-5fc1-46a7-88a0-3c65876f18e5 req-5d3a208d-5fc1-46a7-88a0-3c65876f18e5 ] Request (AttachVolumeTestJSON:test_attach_detach_volume): 200 GET http://10.180.1.21/compute/v2.1/servers/bf8eaa7a-343b-49dc-b5f9-0465794804f0 0.114s
2025-03-26 21:01:28.904 69207 INFO tempest.lib.common.rest_client [req-bd224dfe-2dcc-4cff-b0f4-7adb0ee050bc req-bd224dfe-2dcc-4cff-b0f4-7adb0ee050bc ] Request (ServersNegativeTestMultiTenantJSON:setUpClass): 204 PUT http://10.180.1.21/identity/v3/projects/31cfdfaca7e243378c604cbf8b871ad3/users/d566bc6d684247e6ba4d0282adf0c722/roles/09f0821c90444411ad791eb297ad4e1f 0.031s
2025-03-26 21:01:28.904 69207 INFO tempest.lib.common.dynamic_creds [-] Dynamic test user d566bc6d684247e6ba4d0282adf0c722 is created with scope project and roles: ['member']
2025-03-26 21:01:28.905 69207 INFO tempest.lib.common.dynamic_creds [-] Acquired dynamic creds: credentials: Credentials: {'domain_id': 'default', 'domain_name': 'Default', 'username': 'tempest-ServersNegativeTestMultiTenantJSON-142466085-project-member', 'project_domain_id': 'default', 'project_domain_name': 'Default', 'project_id': '31cfdfaca7e243378c604cbf8b871ad3', 'project_name': 'tempest-ServersNegativeTestMultiTenantJSON-142466085', 'tenant_id': '31cfdfaca7e243378c604cbf8b871ad3', 'tenant_name': 'tempest-ServersNegativeTestMultiTenantJSON-142466085', 'user_domain_id': 'default', 'user_domain_name': 'Default', 'user_id': 'd566bc6d684247e6ba4d0282adf0c722', 'system': None}, Network: None, Subnet: None, Router: None
2025-03-26 21:01:28.921 69212 INFO tempest.lib.common.rest_client [req-87bbcd62-f45c-4633-a3e9-6aa5c8d1d46f req-87bbcd62-f45c-4633-a3e9-6aa5c8d1d46f ] Request (SecurityGroupsTestJSON:test_list_security_groups_by_server): 200 GET http://10.180.1.21/compute/v2.1/servers/d421f36e-8ec2-4ae7-968c-bc69027b81b6 0.076s
2025-03-26 21:01:28.963 69207 INFO tempest.lib.common.rest_client [req-094506eb-78fc-469c-ab85-a9ee245ee0dd req-094506eb-78fc-469c-ab85-a9ee245ee0dd ] Request (ServersNegativeTestMultiTenantJSON:setUpClass): 201 POST http://10.180.1.21/identity/v3/auth/tokens 0.058s
2025-03-26 21:01:28.990 69182 INFO tempest.lib.common.rest_client [req-923dd36d-aa64-4ae4-9184-a870f890819c req-923dd36d-aa64-4ae4-9184-a870f890819c ] Request (ListServersNegativeTestJSON:setUpClass): 200 GET http://10.180.1.21/compute/v2.1/servers/f720a633-de87-428c-a7de-2a8d336be8ed 0.093s
2025-03-26 21:01:29.019 69214 INFO tempest.lib.common.rest_client [req-40af6490-4960-426a-9093-d8b4010634b7 req-40af6490-4960-426a-9093-d8b4010634b7 ] Request (ServerActionsTestOtherB:setUpClass): 200 GET http://10.180.1.21/compute/v2.1/servers/52342a01-c1ee-4cca-bc8c-ab2dc8a7b8dc 0.160s
2025-03-26 21:01:29.061 69192 INFO tempest.lib.common.rest_client [req-697b1845-303b-470a-9784-0802f3081695 req-697b1845-303b-470a-9784-0802f3081695 ] Request (DeleteServersAdminTestJSON:test_delete_server_while_in_error_state): 200 GET http://10.180.1.21/compute/v2.1/servers/9a76468d-f4d4-4a63-8c5b-a43f002cc535 0.153s
2025-03-26 21:01:29.073 69186 INFO tempest.lib.common.rest_client [req-5f04978f-76da-4127-b85b-f9e15d6e831b req-5f04978f-76da-4127-b85b-f9e15d6e831b ] Request (VolumesAdminNegativeTest:test_update_attached_volume_with_nonexistent_volume_in_body): 200 GET http://10.180.1.21/compute/v2.1/servers/e94094a9-3fb7-494c-9bda-8704f846db40 0.136s
2025-03-26 21:01:29.109 69180 INFO tempest.lib.common.rest_client [req-f84ddf77-9116-4547-b675-4d87ccaef845 req-f84ddf77-9116-4547-b675-4d87ccaef845 ] Request (ServerRescueNegativeTestJSON:setUpClass): 200 GET http://10.180.1.21/compute/v2.1/servers/50155af9-9cd2-486c-bd4c-81db57eecbda 0.161s
2025-03-26 21:01:29.121 69240 INFO tempest.lib.common.rest_client [req-da8a8ffc-fccf-412f-bb93-c09823046e82 req-da8a8ffc-fccf-412f-bb93-c09823046e82 ] Request (ServersTestBootFromVolume:setUpClass): 200 GET http://10.180.1.21/compute/v2.1/servers/331d9c1a-e03e-4ad4-8758-939326619c67 0.143s
2025-03-26 21:01:29.174 69188 INFO tempest.lib.common.rest_client [req-5ef456df-5a4f-486c-8707-ca961adefacf req-5ef456df-5a4f-486c-8707-ca961adefacf ] Request (ServersTestMultiNic:test_verify_duplicate_network_nics): 200 GET http://10.180.1.21/compute/v2.1/servers/65f6afb5-e62d-4dbd-b1cd-6ed52b88ca23 0.183s
2025-03-26 21:01:29.184 69210 INFO tempest.lib.common.rest_client [req-9ae602c4-654a-4057-99c5-50945c32450c req-9ae602c4-654a-4057-99c5-50945c32450c ] Request (ServersAdminNegativeTestJSON:test_migrate_server_invalid_state): 200 GET http://10.180.1.21/compute/v2.1/servers/b3e8f14d-44ec-4db0-822a-2d1bdc01bd0b 0.162s
2025-03-26 21:01:29.198 69207 INFO tempest.lib.common.rest_client [req-e7e44f1b-cad1-4b93-8824-c6ff6cca90b4 req-e7e44f1b-cad1-4b93-8824-c6ff6cca90b4 ] Request (ServersNegativeTestMultiTenantJSON:setUpClass): 201 POST http://10.180.1.21:9696/networking/v2.0/networks 0.234s
2025-03-26 21:01:29.230 69230 INFO tempest.lib.common.rest_client [req-9a27a4d2-8a35-43c9-9106-d47928e3a8f7 req-9a27a4d2-8a35-43c9-9106-d47928e3a8f7 ] Request (FloatingIPsAssociationTestJSON:test_associate_already_associated_floating_ip): 200 GET http://10.180.1.21/compute/v2.1/servers/b3f025fc-1b13-4953-b4e2-1939a684998c 0.197s
2025-03-26 21:01:29.257 69190 INFO tempest.lib.common.rest_client [req-438df2e2-8562-4a94-83f6-621c5d8d79e3 req-438df2e2-8562-4a94-83f6-621c5d8d79e3 ] Request (ServersAdminTestJSON:test_create_server_with_scheduling_hint): 200 GET http://10.180.1.21/compute/v2.1/servers/fd248bbd-b4f7-4efb-9575-f3019b0888a9 0.193s
2025-03-26 21:01:29.292 69198 INFO tempest.lib.common.rest_client [req-e4f47ea2-cd6b-4f53-bb28-58907588acb7 req-e4f47ea2-cd6b-4f53-bb28-58907588acb7 ] Request (DeleteServersTestJSON:test_delete_server_while_in_attached_volume): 200 GET http://10.180.1.21/compute/v2.1/servers/1680228e-44af-4aff-bd2a-83a1360006a6 0.157s
2025-03-26 21:01:29.318 69222 INFO tempest.lib.common.rest_client [req-f8fd35e8-7df1-4c75-85cd-e1fe18c9ed8a req-f8fd35e8-7df1-4c75-85cd-e1fe18c9ed8a ] Request (FloatingIPsAssociationNegativeTestJSON:setUpClass): 200 GET http://10.180.1.21/compute/v2.1/servers/c3a56259-acf4-4d26-929b-fdde7b5c97eb 0.135s
2025-03-26 21:01:29.335 69184 INFO tempest.lib.common.rest_client [req-c3efe8e0-1938-4b08-a65c-52c1ec9125a1 req-c3efe8e0-1938-4b08-a65c-52c1ec9125a1 ] Request (ServerDiskConfigTestJSON:test_rebuild_server_with_manual_disk_config): 200 GET http://10.180.1.21/compute/v2.1/servers/ce042a29-f8f3-4c79-a270-f003c2c60a7f 0.138s
2025-03-26 21:01:29.354 69207 INFO tempest.lib.common.rest_client [req-62ad5292-0b43-4d56-8fdf-9b8de2571f05 req-62ad5292-0b43-4d56-8fdf-9b8de2571f05 ] Request (ServersNegativeTestMultiTenantJSON:setUpClass): 201 POST http://10.180.1.21:9696/networking/v2.0/subnets 0.156s
2025-03-26 21:01:29.620 69228 INFO tempest.lib.common.rest_client [req-2583c1ec-9fef-4bfa-8816-d88671f9eee9 req-2583c1ec-9fef-4bfa-8816-d88671f9eee9 ] Request (ServerAddressesNegativeTestJSON:setUpClass): 200 GET http://10.180.1.21/compute/v2.1/servers/be00f9d7-3571-4249-a3c8-b87f43123930 0.056s
2025-03-26 21:01:29.721 69202 INFO tempest.lib.common.rest_client [req-81f677a3-064a-451e-8175-c539d2ae3cae req-81f677a3-064a-451e-8175-c539d2ae3cae ] Request (ServersTestManualDisk:tearDownClass): 200 GET http://10.180.1.21/compute/v2.1/servers/48f5958b-d5b7-4d2c-a3a9-dd76881a89d1 0.072s
2025-03-26 21:01:29.721 69243 INFO tempest.lib.common.rest_client [req-c8cfc2c2-7ac6-42df-8eff-fcaabdc2e27a req-c8cfc2c2-7ac6-42df-8eff-fcaabdc2e27a ] Request (AttachInterfacesV270Test:tearDownClass): 200 GET http://10.180.1.21/compute/v2.1/servers/effc35fc-c65b-4e44-9635-af615d5b0a47 0.059s
2025-03-26 21:01:29.778 69237 INFO tempest.lib.common.rest_client [req-1962b845-36e0-4905-b76e-6504f00b7e82 req-1962b845-36e0-4905-b76e-6504f00b7e82 ] Request (ImagesNegativeTestJSON:test_create_image_from_deleted_server): 200 GET http://10.180.1.21/compute/v2.1/servers/091adaaa-617e-45e0-9ada-cdeadfff36a3 0.067s
2025-03-26 21:01:29.778 69197 INFO tempest.lib.common.rest_client [req-2aea35ad-9d41-4de4-97a2-6d71fe855403 req-2aea35ad-9d41-4de4-97a2-6d71fe855403 ] Request (ImagesTestJSON:test_create_image_from_suspended_server): 200 GET http://10.180.1.21/compute/v2.1/servers/7daf798a-21b2-43e2-8f25-8f349f2863e4 0.080s
2025-03-26 21:01:29.835 69224 INFO tempest.lib.common.rest_client [req-0f1b5aaf-2931-46cc-a023-085c3bfd7999 req-0f1b5aaf-2931-46cc-a023-085c3bfd7999 ] Request (ServerMetadataNegativeTestJSON:tearDownClass): 200 GET http://10.180.1.21/compute/v2.1/servers/69161637-7589-4a65-8f6d-39831ceb7480 0.076s
2025-03-26 21:01:29.868 69216 INFO tempest.lib.common.rest_client [req-2f0439ea-5134-4921-be3b-89399c002ebc req-2f0439ea-5134-4921-be3b-89399c002ebc ] Request (ServerExternalEventsTest:tearDownClass): 200 GET http://10.180.1.21/compute/v2.1/servers/01c1c8d4-2e8e-40eb-bacb-9b6f1b26d955 0.058s
2025-03-26 21:01:29.941 69232 INFO tempest.lib.common.rest_client [req-28388099-7860-4485-9b47-b8922418c640 req-28388099-7860-4485-9b47-b8922418c640 ] Request (ImagesOneServerTestJSON:tearDownClass): 200 GET http://10.180.1.21/compute/v2.1/servers/0e72ec32-1c6e-413b-b5d1-c81d7315adb8 0.062s
2025-03-26 21:01:30.008 69212 INFO tempest.lib.common.rest_client [req-1c331386-576a-4423-adaf-13b0ce750ea1 req-1c331386-576a-4423-adaf-13b0ce750ea1 ] Request (SecurityGroupsTestJSON:test_list_security_groups_by_server): 200 GET http://10.180.1.21/compute/v2.1/servers/d421f36e-8ec2-4ae7-968c-bc69027b81b6 0.080s
2025-03-26 21:01:30.028 69220 INFO tempest.lib.common.rest_client [req-37ea3f28-4293-48c8-911c-955a5dc29f17 req-37ea3f28-4293-48c8-911c-955a5dc29f17 ] Request (AttachVolumeTestJSON:test_attach_detach_volume): 200 GET http://10.180.1.21/compute/v2.1/servers/bf8eaa7a-343b-49dc-b5f9-0465794804f0 0.137s
2025-03-26 21:01:30.035 69220 INFO tempest.common.waiters [-] State transition "BUILD/spawning" ==> "ACTIVE/None" after 69 second wait
2025-03-26 21:01:30.067 69182 INFO tempest.lib.common.rest_client [req-e92145a1-c8eb-4e22-97a2-663c096f9887 req-e92145a1-c8eb-4e22-97a2-663c096f9887 ] Request (ListServersNegativeTestJSON:setUpClass): 200 GET http://10.180.1.21/compute/v2.1/servers/f720a633-de87-428c-a7de-2a8d336be8ed 0.069s
2025-03-26 21:01:30.158 69220 INFO tempest.lib.common.rest_client [req-73d44c87-8317-43ea-9a86-0cc6d9e396bd req-73d44c87-8317-43ea-9a86-0cc6d9e396bd ] Request (AttachVolumeTestJSON:test_attach_detach_volume): 200 GET http://10.180.1.21/compute/v2.1/servers/bf8eaa7a-343b-49dc-b5f9-0465794804f0/os-interface 0.122s
2025-03-26 21:01:30.169 69214 INFO tempest.lib.common.rest_client [req-52f93ff2-081b-4cd8-908a-f26744c7f1a7 req-52f93ff2-081b-4cd8-908a-f26744c7f1a7 ] Request (ServerActionsTestOtherB:setUpClass): 200 GET http://10.180.1.21/compute/v2.1/servers/52342a01-c1ee-4cca-bc8c-ab2dc8a7b8dc 0.141s
