2025-03-26 21:00:27.959 69200 INFO tempest.lib.common.rest_client [req-95688c38-1e1c-4913-b43a-843f826c6d46 req-95688c38-1e1c-4913-b43a-843f826c6d46 ] Request (ComputeTenantNetworksTest:tearDownClass): 204 DELETE http://10.180.1.21:9696/networking/v2.0/networks/e74cf702-9f51-4a8c-b410-53db216f30bc 0.428s
2025-03-26 21:00:27.966 69186 INFO tempest.lib.common.rest_client [req-f1d76bac-1b69-4f4b-a709-134abc2bf87c req-f1d76bac-1b69-4f4b-a709-134abc2bf87c ] Request (TenantUsagesTestJSON:tearDownClass): 204 DELETE http://10.180.1.21/identity/v3/projects/dae8c5c5da6f4e748753c3b4022b86db 0.122s
2025-03-26 21:00:28.024 69186 INFO tempest.lib.common.rest_client [req-9a252d86-da70-4490-9f4f-9c4cee916963 req-9a252d86-da70-4490-9f4f-9c4cee916963 ] Request (VolumesAdminNegativeTest:setUpClass): 201 POST http://10.180.1.21/identity/v3/auth/tokens 0.056s
2025-03-26 21:00:28.066 69200 INFO tempest.lib.common.rest_client [req-86100536-e6bd-4efb-a8be-48351696e78a req-86100536-e6bd-4efb-a8be-48351696e78a ] Request (ComputeTenantNetworksTest:tearDownClass): 204 DELETE http://10.180.1.21/identity/v3/users/b3566c09e8f1417a94431a912ed43119 0.107s
2025-03-26 21:00:28.067 69200 INFO tempest.lib.common.dynamic_creds [-] Deleting project and security group for project: 79dc232044864036a707b999a5beb122
2025-03-26 21:00:28.086 69186 INFO tempest.lib.common.rest_client [req-925a98a4-cff3-44fc-a263-f0b740cbf460 req-925a98a4-cff3-44fc-a263-f0b740cbf460 ] Request (VolumesAdminNegativeTest:setUpClass): 201 POST http://10.180.1.21/identity/v3/auth/tokens 0.059s
2025-03-26 21:00:28.091 69200 INFO tempest.lib.common.rest_client [req-5a167517-4152-46e9-aa3f-35456d1ff807 req-5a167517-4152-46e9-aa3f-35456d1ff807 ] Request (ComputeTenantNetworksTest:tearDownClass): 200 GET http://10.180.1.21:9696/networking/v2.0/security-groups?tenant_id=79dc232044864036a707b999a5beb122&name=default 0.024s
2025-03-26 21:00:28.119 69232 INFO tempest.lib.common.rest_client [req-5e8779a4-b520-4ab4-82a2-dc80c3b272c6 req-5e8779a4-b520-4ab4-82a2-dc80c3b272c6 ] Request (ImagesOneServerTestJSON:setUpClass): 200 GET http://10.180.1.21/compute/v2.1/servers/0e72ec32-1c6e-413b-b5d1-c81d7315adb8 1.959s
2025-03-26 21:00:28.149 69238 INFO tempest.lib.common.rest_client [req-892e8544-8c08-4387-94a9-30cdc0a0f175 req-892e8544-8c08-4387-94a9-30cdc0a0f175 ] Request (SecurityGroupRulesTestJSON:tearDownClass): 200 PUT http://10.180.1.21:9696/networking/v2.0/routers/5f2b465d-727c-48df-ab20-eb45414fa321/remove_router_interface 1.993s
2025-03-26 21:00:28.153 69186 INFO tempest.lib.common.rest_client [req-a134bc3a-5ef6-42ef-a7b3-537ea705e1e5 req-a134bc3a-5ef6-42ef-a7b3-537ea705e1e5 ] Request (VolumesAdminNegativeTest:setUpClass): 200 GET http://10.180.1.21/identity/v3/domains?name=Default 0.067s
2025-03-26 21:00:28.173 69200 INFO tempest.lib.common.rest_client [req-ba24c0ad-ec20-48f5-8ec1-7438fc26b50a req-ba24c0ad-ec20-48f5-8ec1-7438fc26b50a ] Request (ComputeTenantNetworksTest:tearDownClass): 204 DELETE http://10.180.1.21:9696/networking/v2.0/security-groups/a2ded505-0e73-49c9-9a62-86de744c3142 0.080s
2025-03-26 21:00:28.186 69186 INFO tempest.lib.common.rest_client [req-4a6a7b21-d424-4c88-ba00-966b0248fd5d req-4a6a7b21-d424-4c88-ba00-966b0248fd5d ] Request (VolumesAdminNegativeTest:setUpClass): 201 POST http://10.180.1.21/identity/v3/projects 0.032s
2025-03-26 21:00:28.210 69222 INFO tempest.lib.common.rest_client [req-b8a97af0-59ab-4fb8-8d47-13ec5811044e req-b8a97af0-59ab-4fb8-8d47-13ec5811044e ] Request (FloatingIPsAssociationNegativeTestJSON:setUpClass): 200 GET http://10.180.1.21/compute/v2.1/servers/c3a56259-acf4-4d26-929b-fdde7b5c97eb 2.040s
2025-03-26 21:00:28.260 69186 INFO tempest.lib.common.rest_client [req-3a3d6846-a7d0-4e09-8f6c-5fee3aeb33e6 req-3a3d6846-a7d0-4e09-8f6c-5fee3aeb33e6 ] Request (VolumesAdminNegativeTest:setUpClass): 201 POST http://10.180.1.21/identity/v3/users 0.073s
2025-03-26 21:00:28.305 69200 INFO tempest.lib.common.rest_client [req-d6dfe487-2a1b-46ba-a2d7-526d94951e2a req-d6dfe487-2a1b-46ba-a2d7-526d94951e2a ] Request (ComputeTenantNetworksTest:tearDownClass): 204 DELETE http://10.180.1.21/identity/v3/projects/79dc232044864036a707b999a5beb122 0.132s
2025-03-26 21:00:28.364 69186 INFO tempest.lib.common.rest_client [req-f1846c17-1b93-48f2-a4b8-6a2323f03afa req-f1846c17-1b93-48f2-a4b8-6a2323f03afa ] Request (VolumesAdminNegativeTest:setUpClass): 200 GET http://10.180.1.21/identity/v3/roles 0.103s
2025-03-26 21:00:28.393 69200 INFO tempest.lib.common.rest_client [req-1daa78c0-f931-43b3-be77-e96128aa40e1 req-1daa78c0-f931-43b3-be77-e96128aa40e1 ] Request (TestVersions:setUpClass): 201 POST http://10.180.1.21/identity/v3/auth/tokens 0.085s
2025-03-26 21:00:28.415 69230 INFO tempest.lib.common.rest_client [req-c1ff07b7-c56f-4c8c-8d87-4929165579c6 req-c1ff07b7-c56f-4c8c-8d87-4929165579c6 ] Request (FloatingIPsAssociationTestJSON:setUpClass): 200 POST http://10.180.1.21/compute/v2.1/os-floating-ips 2.921s
2025-03-26 21:00:28.420 69186 INFO tempest.lib.common.rest_client [req-c9b3ec21-9294-4ca6-8471-1a10aac507a4 req-c9b3ec21-9294-4ca6-8471-1a10aac507a4 ] Request (VolumesAdminNegativeTest:setUpClass): 204 PUT http://10.180.1.21/identity/v3/projects/539d3e6dcb924e51986001951332310f/users/2b527f67a9cb4d23bb99b48aeb0ffc56/roles/09f0821c90444411ad791eb297ad4e1f 0.056s
2025-03-26 21:00:28.420 69186 INFO tempest.lib.common.dynamic_creds [-] Dynamic test user 2b527f67a9cb4d23bb99b48aeb0ffc56 is created with scope project and roles: ['member']
2025-03-26 21:00:28.421 69186 INFO tempest.lib.common.dynamic_creds [-] Acquired dynamic creds: credentials: Credentials: {'domain_id': 'default', 'domain_name': 'Default', 'username': 'tempest-VolumesAdminNegativeTest-47247451-project-member', 'project_domain_id': 'default', 'project_domain_name': 'Default', 'project_id': '539d3e6dcb924e51986001951332310f', 'project_name': 'tempest-VolumesAdminNegativeTest-47247451', 'tenant_id': '539d3e6dcb924e51986001951332310f', 'tenant_name': 'tempest-VolumesAdminNegativeTest-47247451', 'user_domain_id': 'default', 'user_domain_name': 'Default', 'user_id': '2b527f67a9cb4d23bb99b48aeb0ffc56', 'system': None}, Network: None, Subnet: None, Router: None
2025-03-26 21:00:28.432 69180 INFO tempest.lib.common.rest_client [req-c6d0becf-362a-4bd6-b0a1-a91da4f829bc req-c6d0becf-362a-4bd6-b0a1-a91da4f829bc ] Request (MultipleCreateNegativeTestJSON:test_max_count_less_than_min_count): 400 POST http://10.180.1.21/compute/v2.1/servers 2.198s
2025-03-26 21:00:28.484 69186 INFO tempest.lib.common.rest_client [req-fbc49187-85ff-493d-8829-2fc70551a77d req-fbc49187-85ff-493d-8829-2fc70551a77d ] Request (VolumesAdminNegativeTest:setUpClass): 201 POST http://10.180.1.21/identity/v3/auth/tokens 0.063s
2025-03-26 21:00:28.497 69200 INFO tempest.lib.common.rest_client [req-c28dea68-d437-4bf7-8b74-44e3020aebb9 req-c28dea68-d437-4bf7-8b74-44e3020aebb9 ] Request (TestVersions:setUpClass): 201 POST http://10.180.1.21/identity/v3/auth/tokens 0.102s
2025-03-26 21:00:28.516 69240 INFO tempest.lib.common.rest_client [req-0ff9de6f-ff99-41d7-bbb0-f02f57b15cd7 req-0ff9de6f-ff99-41d7-bbb0-f02f57b15cd7 ] Request (ServerDiagnosticsNegativeTest:tearDownClass): 200 GET http://10.180.1.21/compute/v2.1/servers/baf8eacd-01cd-47ae-99ef-694239009218 1.797s
2025-03-26 21:00:28.529 69230 INFO tempest.lib.common.rest_client [req-2f5a6ceb-acbc-49b6-87e9-dc73bc2aa875 req-2f5a6ceb-acbc-49b6-87e9-dc73bc2aa875 ] Request (FloatingIPsAssociationTestJSON:test_associate_already_associated_floating_ip): 201 POST http://10.180.1.21/identity/v3/auth/tokens 0.103s
2025-03-26 21:00:28.530 69230 INFO tempest.lib.common.fixed_network [-] (FloatingIPsAssociationTestJSON:test_associate_already_associated_floating_ip) Found network {'id': '6de24ab0-9db0-44e0-8b0a-01eae524c0a8', 'name': 'tempest-FloatingIPsAssociationTestJSON-1487315023-network', 'tenant_id': '9aac427e91db40e19b38052fbf4bf27a', 'admin_state_up': True, 'mtu': 8950, 'status': 'ACTIVE', 'subnets': [], 'shared': False, 'project_id': '9aac427e91db40e19b38052fbf4bf27a', 'port_security_enabled': True, 'router:external': False, 'provider:network_type': 'vlan', 'provider:physical_network': 'default', 'provider:segmentation_id': 2, 'availability_zone_hints': [], 'availability_zones': [], 'ipv4_address_scope': None, 'ipv6_address_scope': None, 'description': '', 'tags': [], 'created_at': '2025-03-26T20:59:44Z', 'updated_at': '2025-03-26T20:59:44Z', 'revision_number': 1} available for tenant
2025-03-26 21:00:28.537 69184 INFO tempest.lib.common.rest_client [req-bb7f94bb-1e31-451c-98d4-71eb532f2e95 req-bb7f94bb-1e31-451c-98d4-71eb532f2e95 ] Request (ServerDiskConfigTestJSON:test_rebuild_server_with_manual_disk_config): 200 GET http://10.180.1.21/compute/v2.1/servers/ce042a29-f8f3-4c79-a270-f003c2c60a7f 1.736s
2025-03-26 21:00:28.552 69200 INFO tempest.lib.common.rest_client [req-4da2bc79-ac6d-4db6-bac5-ad4246f4d30b req-4da2bc79-ac6d-4db6-bac5-ad4246f4d30b ] Request (TestVersions:setUpClass): 200 GET http://10.180.1.21/identity/v3/domains?name=Default 0.054s
2025-03-26 21:00:28.558 69180 INFO tempest.lib.common.rest_client [req-a2f68f0e-0ff1-459e-8762-053e669df617 req-a2f68f0e-0ff1-459e-8762-053e669df617 ] Request (MultipleCreateNegativeTestJSON:test_max_count_less_than_one): 201 POST http://10.180.1.21/identity/v3/auth/tokens 0.121s
2025-03-26 21:00:28.559 69180 INFO tempest.lib.common.fixed_network [-] (MultipleCreateNegativeTestJSON:test_max_count_less_than_one) Found network None available for tenant
2025-03-26 21:00:28.564 69227 INFO tempest.lib.common.rest_client [req-bfea6407-05e5-4157-a00d-f226556898e8 req-bfea6407-05e5-4157-a00d-f226556898e8 ] Request (ServerMetadataTestJSON:test_set_server_metadata_item): 200 GET http://10.180.1.21/compute/v2.1/servers/edbbd373-a587-4846-8a31-917e08e63edd/metadata 1.621s
2025-03-26 21:00:28.618 69200 INFO tempest.lib.common.rest_client [req-d363f55b-73e0-4411-a7fd-c611009dd570 req-d363f55b-73e0-4411-a7fd-c611009dd570 ] Request (TestVersions:setUpClass): 201 POST http://10.180.1.21/identity/v3/projects 0.065s
2025-03-26 21:00:28.635 69188 INFO tempest.lib.common.rest_client [req-2468826e-4722-406a-a310-3cbaeeb39d5f req-2468826e-4722-406a-a310-3cbaeeb39d5f ] Request (ServerDiagnosticsTest:tearDownClass): 200 GET http://10.180.1.21/compute/v2.1/servers/9d87c672-1de2-40a6-bce5-c48357027d1d 1.641s
2025-03-26 21:00:28.660 69234 INFO tempest.lib.common.rest_client [req-0d28ee13-4ff5-4e19-9a29-ffe1fd4ca8d9 req-0d28ee13-4ff5-4e19-9a29-ffe1fd4ca8d9 ] Request (FlavorsAdminTestJSON:_run_cleanups): 200 GET http://10.180.1.21/compute/v2.1/flavors/detail 1.485s
2025-03-26 21:00:28.669 69228 INFO tempest.lib.common.rest_client [req-273198da-ab86-4c92-a95a-8c5beb2ac7c2 req-273198da-ab86-4c92-a95a-8c5beb2ac7c2 ] Request (FlavorsAccessNegativeTestJSON:test_add_flavor_access_duplicate): 200 POST http://10.180.1.21/compute/v2.1/flavors 1.761s
2025-03-26 21:00:28.684 69200 INFO tempest.lib.common.rest_client [req-9bf5653b-cd63-45ec-bdad-76e6efa11b38 req-9bf5653b-cd63-45ec-bdad-76e6efa11b38 ] Request (TestVersions:setUpClass): 201 POST http://10.180.1.21/identity/v3/users 0.065s
2025-03-26 21:00:28.706 69200 INFO tempest.lib.common.rest_client [req-bbbd845e-0d1c-4968-8347-4504b8b21009 req-bbbd845e-0d1c-4968-8347-4504b8b21009 ] Request (TestVersions:setUpClass): 200 GET http://10.180.1.21/identity/v3/roles 0.022s
2025-03-26 21:00:28.738 69200 INFO tempest.lib.common.rest_client [req-3ef01ff8-1ec3-4a41-a372-ab347a2e9d81 req-3ef01ff8-1ec3-4a41-a372-ab347a2e9d81 ] Request (TestVersions:setUpClass): 204 PUT http://10.180.1.21/identity/v3/projects/80bea822ed364aec862d1692b33d408a/users/45ba0dbaead74c08bf3d30180bea0cac/roles/09f0821c90444411ad791eb297ad4e1f 0.032s
2025-03-26 21:00:28.738 69200 INFO tempest.lib.common.dynamic_creds [-] Dynamic test user 45ba0dbaead74c08bf3d30180bea0cac is created with scope project and roles: ['member']
2025-03-26 21:00:28.738 69200 INFO tempest.lib.common.dynamic_creds [-] Acquired dynamic creds: credentials: Credentials: {'domain_id': 'default', 'domain_name': 'Default', 'username': 'tempest-TestVersions-2021579309-project-member', 'project_domain_id': 'default', 'project_domain_name': 'Default', 'project_id': '80bea822ed364aec862d1692b33d408a', 'project_name': 'tempest-TestVersions-2021579309', 'tenant_id': '80bea822ed364aec862d1692b33d408a', 'tenant_name': 'tempest-TestVersions-2021579309', 'user_domain_id': 'default', 'user_domain_name': 'Default', 'user_id': '45ba0dbaead74c08bf3d30180bea0cac', 'system': None}, Network: None, Subnet: None, Router: None
2025-03-26 21:00:28.739 69200 INFO tempest.lib.common.dynamic_creds [-] Created isolated network resources for: credentials: Credentials: {'domain_id': 'default', 'domain_name': 'Default', 'username': 'tempest-TestVersions-2021579309-project-member', 'project_domain_id': 'default', 'project_domain_name': 'Default', 'project_id': '80bea822ed364aec862d1692b33d408a', 'project_name': 'tempest-TestVersions-2021579309', 'tenant_id': '80bea822ed364aec862d1692b33d408a', 'tenant_name': 'tempest-TestVersions-2021579309', 'user_domain_id': 'default', 'user_domain_name': 'Default', 'user_id': '45ba0dbaead74c08bf3d30180bea0cac', 'system': None}, Network: None, Subnet: None, Router: None
2025-03-26 21:00:28.755 69238 INFO tempest.lib.common.rest_client [req-86bef53f-7e6b-4f90-afbe-58169963d669 req-86bef53f-7e6b-4f90-afbe-58169963d669 ] Request (SecurityGroupRulesTestJSON:tearDownClass): 204 DELETE http://10.180.1.21:9696/networking/v2.0/routers/5f2b465d-727c-48df-ab20-eb45414fa321 0.605s
2025-03-26 21:00:28.755 69210 INFO tempest.lib.common.rest_client [req-dc225eed-2580-4374-8411-6d1b94a4d3d3 req-dc225eed-2580-4374-8411-6d1b94a4d3d3 ] Request (ServersAdminNegativeTestJSON:setUpClass): 200 GET http://10.180.1.21/compute/v2.1/servers/8856fccf-17f5-4669-8536-2cf0f7803110 1.469s
2025-03-26 21:00:28.816 69243 INFO tempest.lib.common.rest_client [req-4c9d63b1-ad3b-43e5-825d-d30f1de8f576 req-4c9d63b1-ad3b-43e5-825d-d30f1de8f576 ] Request (AttachInterfacesV270Test:test_create_get_list_interfaces): 200 GET http://10.180.1.21/compute/v2.1/servers/effc35fc-c65b-4e44-9635-af615d5b0a47 1.511s
2025-03-26 21:00:28.837 69200 INFO tempest.lib.common.rest_client [req-8a24ae5d-e454-4b81-998d-e28ad4f13589 req-8a24ae5d-e454-4b81-998d-e28ad4f13589 ] Request (TestVersions:setUpClass): 201 POST http://10.180.1.21/identity/v3/auth/tokens 0.096s
2025-03-26 21:00:28.897 69182 INFO tempest.lib.common.rest_client [req-55b806c2-46fc-4fe6-b1f5-b5304f2ffa5e req-55b806c2-46fc-4fe6-b1f5-b5304f2ffa5e ] Request (ListServersNegativeTestJSON:setUpClass): 200 GET http://10.180.1.21/compute/v2.1/servers/71a2b320-61f5-41fe-ae4f-e6ddfe0fbeb5 1.502s
2025-03-26 21:00:28.907 69207 INFO tempest.lib.common.rest_client [req-65738313-ab51-485b-aa90-6082f5da25c8 req-65738313-ab51-485b-aa90-6082f5da25c8 ] Request (ServersListShow298Test:test_list_show_update_rebuild_server_298): 202 POST http://10.180.1.21/compute/v2.1/servers/ddde5559-2e16-42cb-8d25-60f3fa15cda4/action 1.608s
2025-03-26 21:00:28.911 69238 INFO tempest.lib.common.rest_client [req-29747ba6-49b8-45e4-8e2d-60ad26d661d6 req-29747ba6-49b8-45e4-8e2d-60ad26d661d6 ] Request (SecurityGroupRulesTestJSON:tearDownClass): 204 DELETE http://10.180.1.21:9696/networking/v2.0/subnets/99228e9a-4ee2-4515-88ee-b93ba513e830 0.156s
2025-03-26 21:00:28.958 69186 INFO tempest.lib.common.rest_client [req-46cbe65a-daf5-43d9-957e-280e01c06640 req-46cbe65a-daf5-43d9-957e-280e01c06640 ] Request (VolumesAdminNegativeTest:setUpClass): 201 POST http://10.180.1.21:9696/networking/v2.0/networks 0.473s
2025-03-26 21:00:28.966 69220 INFO tempest.lib.common.rest_client [req-6e7c3d82-a91b-48fb-83ba-8c17e9e5ffb5 req-6e7c3d82-a91b-48fb-83ba-8c17e9e5ffb5 ] Request (AttachVolumeTestJSON:test_attach_detach_volume): 200 GET http://10.180.1.21/compute/v2.1/servers/bf8eaa7a-343b-49dc-b5f9-0465794804f0 1.494s
2025-03-26 21:00:28.973 69224 INFO tempest.lib.common.rest_client [req-6e49a1d2-f5e7-439d-87d7-e9caa144ca3f req-6e49a1d2-f5e7-439d-87d7-e9caa144ca3f ] Request (ServerMetadataNegativeTestJSON:setUpClass): 200 GET http://10.180.1.21/compute/v2.1/servers/69161637-7589-4a65-8f6d-39831ceb7480 1.394s
2025-03-26 21:00:29.044 69192 INFO tempest.lib.common.rest_client [req-39ae0bf8-d620-40c1-9c6f-a6bcdf47f257 req-39ae0bf8-d620-40c1-9c6f-a6bcdf47f257 ] Request (DeleteServersAdminTestJSON:test_delete_server_while_in_error_state): 200 GET http://10.180.1.21/compute/v2.1/servers/9a76468d-f4d4-4a63-8c5b-a43f002cc535 1.315s
2025-03-26 21:00:29.052 69237 INFO tempest.lib.common.rest_client [req-8684881b-bda2-4ad9-b882-48fc16ee8649 req-8684881b-bda2-4ad9-b882-48fc16ee8649 ] Request (ServerDiagnosticsV248Test:tearDownClass): 200 GET http://10.180.1.21/compute/v2.1/servers/2b822b35-94ac-48bb-a46f-2cda8ecfce06 1.393s
2025-03-26 21:00:29.111 69216 INFO tempest.lib.common.rest_client [req-46801d8b-375a-4da4-8fdb-80f96b5817fc req-46801d8b-375a-4da4-8fdb-80f96b5817fc ] Request (ServerExternalEventsTest:test_create_server_external_events): 200 GET http://10.180.1.21/compute/v2.1/servers/01c1c8d4-2e8e-40eb-bacb-9b6f1b26d955 1.296s
2025-03-26 21:00:29.116 69186 INFO tempest.lib.common.rest_client [req-ed48480a-8525-448f-96ca-2a4717be97ae req-ed48480a-8525-448f-96ca-2a4717be97ae ] Request (VolumesAdminNegativeTest:setUpClass): 201 POST http://10.180.1.21:9696/networking/v2.0/subnets 0.157s
2025-03-26 21:00:29.123 69197 INFO tempest.lib.common.rest_client [req-eeb19153-ea3a-4162-920a-86925df2ed4b req-eeb19153-ea3a-4162-920a-86925df2ed4b ] Request (ImagesTestJSON:_run_cleanups): 204 DELETE http://10.180.1.21/compute/v2.1/servers/2905a98a-3997-4357-bcbc-65d31c2f694f 1.243s
2025-03-26 21:00:29.174 69214 INFO tempest.lib.common.rest_client [req-8f59d1d4-5a2c-4cfd-84de-8367d431e799 req-8f59d1d4-5a2c-4cfd-84de-8367d431e799 ] Request (ServerActionsTestOtherB:setUpClass): 200 GET http://10.180.1.21/compute/v2.1/servers/52342a01-c1ee-4cca-bc8c-ab2dc8a7b8dc 1.288s
2025-03-26 21:00:29.188 69198 INFO tempest.lib.common.rest_client [req-6a12b66e-1414-4f49-8b6d-1c3b348bf5f2 req-6a12b66e-1414-4f49-8b6d-1c3b348bf5f2 ] Request (DeleteServersTestJSON:test_delete_active_server): 200 GET http://10.180.1.21/compute/v2.1/servers/71295469-1a0b-4932-bde8-2eb103dcb54a 1.024s
2025-03-26 21:00:29.208 69197 INFO tempest.lib.common.rest_client [req-f4382519-bd0f-4eba-a712-0602963d63b7 req-f4382519-bd0f-4eba-a712-0602963d63b7 ] Request (ImagesTestJSON:test_create_image_from_suspended_server): 201 POST http://10.180.1.21/identity/v3/auth/tokens 0.071s
2025-03-26 21:00:29.209 69197 INFO tempest.lib.common.fixed_network [-] (ImagesTestJSON:test_create_image_from_suspended_server) Found network {'id': '49057e6c-1543-4261-842d-f249754d5bf7', 'name': 'tempest-ImagesTestJSON-634261275-network', 'tenant_id': '7e7761fc270144df8ba4e58f161d1267', 'admin_state_up': True, 'mtu': 8950, 'status': 'ACTIVE', 'subnets': [], 'shared': False, 'project_id': '7e7761fc270144df8ba4e58f161d1267', 'port_security_enabled': True, 'router:external': False, 'provider:network_type': 'vlan', 'provider:physical_network': 'default', 'provider:segmentation_id': 671, 'availability_zone_hints': [], 'availability_zones': [], 'ipv4_address_scope': None, 'ipv6_address_scope': None, 'description': '', 'tags': [], 'created_at': '2025-03-26T20:59:21Z', 'updated_at': '2025-03-26T20:59:21Z', 'revision_number': 1} available for tenant
2025-03-26 21:00:29.249 69212 INFO tempest.lib.common.rest_client [req-bd517b9b-a57f-413c-9663-777b16a147b3 req-bd517b9b-a57f-413c-9663-777b16a147b3 ] Request (ServersAdmin275Test:tearDownClass): 200 GET http://10.180.1.21/compute/v2.1/servers/0a29753b-e758-4037-9467-4e77cfe1461e 0.831s
2025-03-26 21:00:29.255 69180 INFO tempest.lib.common.rest_client [req-6081c1d2-ecec-4e7e-9d86-8ba4221ecdf0 req-6081c1d2-ecec-4e7e-9d86-8ba4221ecdf0 ] Request (MultipleCreateNegativeTestJSON:test_max_count_less_than_one): 400 POST http://10.180.1.21/compute/v2.1/servers 0.695s
2025-03-26 21:00:29.336 69180 INFO tempest.lib.common.rest_client [req-4b6eb78a-39b4-4f47-99cc-0482e0fc240d req-4b6eb78a-39b4-4f47-99cc-0482e0fc240d ] Request (MultipleCreateNegativeTestJSON:test_max_count_non_integer): 201 POST http://10.180.1.21/identity/v3/auth/tokens 0.075s
2025-03-26 21:00:29.336 69180 INFO tempest.lib.common.fixed_network [-] (MultipleCreateNegativeTestJSON:test_max_count_non_integer) Found network None available for tenant
2025-03-26 21:00:29.361 69227 INFO tempest.lib.common.rest_client [req-30d094ce-3d02-4dfd-bb05-e994002818a9 req-30d094ce-3d02-4dfd-bb05-e994002818a9 ] Request (ServerMetadataTestJSON:setUp): 200 PUT http://10.180.1.21/compute/v2.1/servers/edbbd373-a587-4846-8a31-917e08e63edd/metadata 0.794s
2025-03-26 21:00:29.389 69234 INFO tempest.lib.common.rest_client [req-5d1fd73b-9107-44f7-baa1-245ebdf0f548 req-5d1fd73b-9107-44f7-baa1-245ebdf0f548 ] Request (FlavorsAdminTestJSON:_run_cleanups): 202 DELETE http://10.180.1.21/compute/v2.1/flavors/939365734 0.724s
2025-03-26 21:00:29.394 69202 WARNING tempest.lib.common.ssh [-] Failed to establish authenticated ssh connection to cirros@10.180.180.182 ([Errno None] Unable to connect to port 22 on 10.180.180.182). Number attempts: 2. Retry after 3 seconds.: paramiko.ssh_exception.NoValidConnectionsError: [Errno None] Unable to connect to port 22 on 10.180.180.182
2025-03-26 21:00:29.412 69238 INFO tempest.lib.common.rest_client [req-c0d247be-8aa0-4075-851a-a0137160d027 req-c0d247be-8aa0-4075-851a-a0137160d027 ] Request (SecurityGroupRulesTestJSON:tearDownClass): 204 DELETE http://10.180.1.21:9696/networking/v2.0/networks/653b0e56-67d6-4ac2-8838-ac6c8bb58afe 0.500s
2025-03-26 21:00:29.522 69228 INFO tempest.lib.common.rest_client [req-51bac096-84bf-4032-83b9-9feaa45b52bc req-51bac096-84bf-4032-83b9-9feaa45b52bc ] Request (FlavorsAccessNegativeTestJSON:test_add_flavor_access_duplicate): 200 POST http://10.180.1.21/compute/v2.1/flavors/1795525025/action 0.850s
2025-03-26 21:00:29.532 69238 INFO tempest.lib.common.rest_client [req-50931826-ddb6-47af-84c6-7fa470b83bb5 req-50931826-ddb6-47af-84c6-7fa470b83bb5 ] Request (SecurityGroupRulesTestJSON:tearDownClass): 204 DELETE http://10.180.1.21/identity/v3/users/dc1306c870ea47e9ab924b0642840c89 0.119s
2025-03-26 21:00:29.532 69238 INFO tempest.lib.common.dynamic_creds [-] Deleting project and security group for project: 4309def304d14ca39ae47f48379063c7
2025-03-26 21:00:29.571 69230 INFO tempest.lib.common.rest_client [req-8d7c2d15-d617-49d6-b7f2-9dc3129a36d3 req-8d7c2d15-d617-49d6-b7f2-9dc3129a36d3 ] Request (FloatingIPsAssociationTestJSON:test_associate_already_associated_floating_ip): 202 POST http://10.180.1.21/compute/v2.1/servers 1.040s
2025-03-26 21:00:29.574 69238 INFO tempest.lib.common.rest_client [req-298d4ce5-608e-4404-a019-0b015237e80e req-298d4ce5-608e-4404-a019-0b015237e80e ] Request (SecurityGroupRulesTestJSON:tearDownClass): 200 GET http://10.180.1.21:9696/networking/v2.0/security-groups?tenant_id=4309def304d14ca39ae47f48379063c7&name=default 0.041s
2025-03-26 21:00:29.575 69200 INFO tempest.lib.common.rest_client [-] Request (TestVersions:test_get_version_details): 200 GET http://10.180.1.21/compute/ 0.735s
2025-03-26 21:00:29.655 69207 INFO tempest.lib.common.rest_client [req-fab5e216-676a-41af-983f-0162cc90c644 req-fab5e216-676a-41af-983f-0162cc90c644 ] Request (ServersListShow298Test:test_list_show_update_rebuild_server_298): 200 GET http://10.180.1.21/compute/v2.1/servers/ddde5559-2e16-42cb-8d25-60f3fa15cda4 0.735s
2025-03-26 21:00:29.677 69190 INFO tempest.lib.common.rest_client [req-b7c3040c-8b7b-4858-925f-4e771d9750aa req-b7c3040c-8b7b-4858-925f-4e771d9750aa ] Request (ServersAdminTestJSON:setUpClass): 200 GET http://10.180.1.21/compute/v2.1/servers/0e20a788-5e96-412d-9449-a4af1ba5aa30 0.891s
2025-03-26 21:00:29.699 69238 INFO tempest.lib.common.rest_client [req-4acf51c6-5065-4b7b-9998-9a39934e3683 req-4acf51c6-5065-4b7b-9998-9a39934e3683 ] Request (SecurityGroupRulesTestJSON:tearDownClass): 204 DELETE http://10.180.1.21:9696/networking/v2.0/security-groups/38c93658-b528-4439-983a-150c14605671 0.125s
2025-03-26 21:00:29.766 69232 INFO tempest.lib.common.rest_client [req-e8e94f23-25d5-47fb-b1f3-78ac19677733 req-e8e94f23-25d5-47fb-b1f3-78ac19677733 ] Request (ImagesOneServerTestJSON:setUpClass): 200 GET http://10.180.1.21/compute/v2.1/servers/0e72ec32-1c6e-413b-b5d1-c81d7315adb8 0.639s
2025-03-26 21:00:29.815 69238 INFO tempest.lib.common.rest_client [req-91eaec0a-7cea-4f9b-971a-bdef4975c148 req-91eaec0a-7cea-4f9b-971a-bdef4975c148 ] Request (SecurityGroupRulesTestJSON:tearDownClass): 204 DELETE http://10.180.1.21/identity/v3/projects/4309def304d14ca39ae47f48379063c7 0.115s
2025-03-26 21:00:29.826 69222 INFO tempest.lib.common.rest_client [req-c3292301-216e-4f6b-8dbb-6074b83d1625 req-c3292301-216e-4f6b-8dbb-6074b83d1625 ] Request (FloatingIPsAssociationNegativeTestJSON:setUpClass): 200 GET http://10.180.1.21/compute/v2.1/servers/c3a56259-acf4-4d26-929b-fdde7b5c97eb 0.604s
2025-03-26 21:00:29.830 69180 INFO tempest.lib.common.rest_client [req-d9f1a2bd-8cc3-4c88-8508-0c79c2c4377d req-d9f1a2bd-8cc3-4c88-8508-0c79c2c4377d ] Request (MultipleCreateNegativeTestJSON:test_max_count_non_integer): 400 POST http://10.180.1.21/compute/v2.1/servers 0.493s
2025-03-26 21:00:29.846 69186 INFO tempest.lib.common.rest_client [req-99737791-f252-4eb8-ba74-e94a357690ad req-99737791-f252-4eb8-ba74-e94a357690ad ] Request (VolumesAdminNegativeTest:setUpClass): 201 POST http://10.180.1.21:9696/networking/v2.0/routers 0.730s
2025-03-26 21:00:29.884 69238 INFO tempest.lib.common.rest_client [req-b29cd849-9c4f-4df4-98ab-f804592029ac req-b29cd849-9c4f-4df4-98ab-f804592029ac ] Request (VolumesSnapshotsTestJSON:setUpClass): 201 POST http://10.180.1.21/identity/v3/auth/tokens 0.067s
2025-03-26 21:00:29.897 69227 INFO tempest.lib.common.rest_client [req-1ffce35b-e0c1-4de7-81e0-02685035f20c req-1ffce35b-e0c1-4de7-81e0-02685035f20c ] Request (ServerMetadataTestJSON:test_update_metadata_empty_body): 200 POST http://10.180.1.21/compute/v2.1/servers/edbbd373-a587-4846-8a31-917e08e63edd/metadata 0.535s
2025-03-26 21:00:29.911 69180 INFO tempest.lib.common.rest_client [req-0f9060cf-af77-42aa-a241-e3cf4451a9b8 req-0f9060cf-af77-42aa-a241-e3cf4451a9b8 ] Request (MultipleCreateNegativeTestJSON:test_min_count_less_than_one): 201 POST http://10.180.1.21/identity/v3/auth/tokens 0.072s
2025-03-26 21:00:29.911 69180 INFO tempest.lib.common.fixed_network [-] (MultipleCreateNegativeTestJSON:test_min_count_less_than_one) Found network None available for tenant
2025-03-26 21:00:29.919 69234 INFO tempest.lib.common.rest_client [req-a8f98006-c4fa-486d-8c28-f839b285a08b req-a8f98006-c4fa-486d-8c28-f839b285a08b ] Request (FlavorsAdminTestJSON:_run_cleanups): 200 GET http://10.180.1.21/compute/v2.1/flavors/detail 0.529s
2025-03-26 21:00:29.929 69238 INFO tempest.lib.common.rest_client [req-05ed5932-6940-45f5-8bfb-f9f90ea7c800 req-05ed5932-6940-45f5-8bfb-f9f90ea7c800 ] Request (VolumesSnapshotsTestJSON:setUpClass): 201 POST http://10.180.1.21/identity/v3/auth/tokens 0.041s
2025-03-26 21:00:29.953 69238 INFO tempest.lib.common.rest_client [req-4de74430-dd63-4908-a312-ee04748e7558 req-4de74430-dd63-4908-a312-ee04748e7558 ] Request (VolumesSnapshotsTestJSON:setUpClass): 200 GET http://10.180.1.21/identity/v3/domains?name=Default 0.024s
2025-03-26 21:00:29.987 69238 INFO tempest.lib.common.rest_client [req-86cca9d4-45e0-41d3-bdde-2c62ec3208ff req-86cca9d4-45e0-41d3-bdde-2c62ec3208ff ] Request (VolumesSnapshotsTestJSON:setUpClass): 201 POST http://10.180.1.21/identity/v3/projects 0.033s
2025-03-26 21:00:30.025 69197 INFO tempest.lib.common.rest_client [req-551a01f0-9532-4646-9ac6-d2db66c7dc6e req-551a01f0-9532-4646-9ac6-d2db66c7dc6e ] Request (ImagesTestJSON:test_create_image_from_suspended_server): 202 POST http://10.180.1.21/compute/v2.1/servers 0.816s
2025-03-26 21:00:30.036 69194 WARNING tempest.lib.common.ssh [-] Failed to establish authenticated ssh connection to cirros@10.180.180.131 ([Errno None] Unable to connect to port 22 on 10.180.180.131). Number attempts: 1. Retry after 2 seconds.: paramiko.ssh_exception.NoValidConnectionsError: [Errno None] Unable to connect to port 22 on 10.180.180.131
2025-03-26 21:00:30.041 69238 INFO tempest.lib.common.rest_client [req-5b16479e-971f-4d67-b3a3-14d05b858cef req-5b16479e-971f-4d67-b3a3-14d05b858cef ] Request (VolumesSnapshotsTestJSON:setUpClass): 201 POST http://10.180.1.21/identity/v3/users 0.054s
2025-03-26 21:00:30.061 69238 INFO tempest.lib.common.rest_client [req-296930b1-9cfc-4301-8bc8-6943038dbfc7 req-296930b1-9cfc-4301-8bc8-6943038dbfc7 ] Request (VolumesSnapshotsTestJSON:setUpClass): 200 GET http://10.180.1.21/identity/v3/roles 0.019s
2025-03-26 21:00:30.085 69228 INFO tempest.lib.common.rest_client [req-2c50cf44-7a62-4756-bdad-3bb98e97e000 req-2c50cf44-7a62-4756-bdad-3bb98e97e000 ] Request (FlavorsAccessNegativeTestJSON:test_add_flavor_access_duplicate): 409 POST http://10.180.1.21/compute/v2.1/flavors/1795525025/action 0.561s
2025-03-26 21:00:30.091 69238 INFO tempest.lib.common.rest_client [req-40c44a3f-c16a-4781-82f0-6cae0b76087b req-40c44a3f-c16a-4781-82f0-6cae0b76087b ] Request (VolumesSnapshotsTestJSON:setUpClass): 204 PUT http://10.180.1.21/identity/v3/projects/70a3e8fac68548b9a2d7d8014e656ae1/users/04c3d32386ca4add99ebd153fee64347/roles/09f0821c90444411ad791eb297ad4e1f 0.030s
2025-03-26 21:00:30.091 69238 INFO tempest.lib.common.dynamic_creds [-] Dynamic test user 04c3d32386ca4add99ebd153fee64347 is created with scope project and roles: ['member']
2025-03-26 21:00:30.092 69238 INFO tempest.lib.common.dynamic_creds [-] Acquired dynamic creds: credentials: Credentials: {'domain_id': 'default', 'domain_name': 'Default', 'username': 'tempest-VolumesSnapshotsTestJSON-957402437-project-member', 'project_domain_id': 'default', 'project_domain_name': 'Default', 'project_id': '70a3e8fac68548b9a2d7d8014e656ae1', 'project_name': 'tempest-VolumesSnapshotsTestJSON-957402437', 'tenant_id': '70a3e8fac68548b9a2d7d8014e656ae1', 'tenant_name': 'tempest-VolumesSnapshotsTestJSON-957402437', 'user_domain_id': 'default', 'user_domain_name': 'Default', 'user_id': '04c3d32386ca4add99ebd153fee64347', 'system': None}, Network: None, Subnet: None, Router: None
2025-03-26 21:00:30.092 69238 INFO tempest.lib.common.dynamic_creds [-] Created isolated network resources for: credentials: Credentials: {'domain_id': 'default', 'domain_name': 'Default', 'username': 'tempest-VolumesSnapshotsTestJSON-957402437-project-member', 'project_domain_id': 'default', 'project_domain_name': 'Default', 'project_id': '70a3e8fac68548b9a2d7d8014e656ae1', 'project_name': 'tempest-VolumesSnapshotsTestJSON-957402437', 'tenant_id': '70a3e8fac68548b9a2d7d8014e656ae1', 'tenant_name': 'tempest-VolumesSnapshotsTestJSON-957402437', 'user_domain_id': 'default', 'user_domain_name': 'Default', 'user_id': '04c3d32386ca4add99ebd153fee64347', 'system': None}, Network: None, Subnet: None, Router: None
2025-03-26 21:00:30.095 69240 INFO tempest.lib.common.rest_client [req-b9f995d7-36a5-4d77-9687-2fdb704a0490 req-b9f995d7-36a5-4d77-9687-2fdb704a0490 ] Request (ServerDiagnosticsNegativeTest:tearDownClass): 200 GET http://10.180.1.21/compute/v2.1/servers/baf8eacd-01cd-47ae-99ef-694239009218 0.568s
2025-03-26 21:00:30.165 69230 INFO tempest.lib.common.rest_client [req-04e0e7e5-b05e-41d6-a62c-5962a2237257 req-04e0e7e5-b05e-41d6-a62c-5962a2237257 ] Request (FloatingIPsAssociationTestJSON:test_associate_already_associated_floating_ip): 200 GET http://10.180.1.21/compute/v2.1/servers/b3f025fc-1b13-4953-b4e2-1939a684998c 0.592s
2025-03-26 21:00:30.167 69184 INFO tempest.lib.common.rest_client [req-e7566b8e-7f47-4418-ab4c-468d80149317 req-e7566b8e-7f47-4418-ab4c-468d80149317 ] Request (ServerDiskConfigTestJSON:test_rebuild_server_with_manual_disk_config): 200 GET http://10.180.1.21/compute/v2.1/servers/ce042a29-f8f3-4c79-a270-f003c2c60a7f 0.621s
2025-03-26 21:00:30.174 69200 INFO tempest.lib.common.rest_client [req-07e1cf60-9b54-4293-a23b-89ca9f4dd4f3 req-07e1cf60-9b54-4293-a23b-89ca9f4dd4f3 ] Request (TestVersions:test_get_version_details): 200 GET http://10.180.1.21/compute/v2/ 0.593s
2025-03-26 21:00:30.198 69238 INFO tempest.lib.common.rest_client [req-dc36e8c9-5de8-445e-a6ed-c45fd383582a req-dc36e8c9-5de8-445e-a6ed-c45fd383582a ] Request (VolumesSnapshotsTestJSON:setUpClass): 201 POST http://10.180.1.21/identity/v3/auth/tokens 0.102s
2025-03-26 21:00:30.261 69210 INFO tempest.lib.common.rest_client [req-5032d494-e12a-4948-ab3d-94965addd868 req-5032d494-e12a-4948-ab3d-94965addd868 ] Request (ServersAdminNegativeTestJSON:setUpClass): 200 GET http://10.180.1.21/compute/v2.1/servers/8856fccf-17f5-4669-8536-2cf0f7803110 0.494s
2025-03-26 21:00:30.265 69188 INFO tempest.lib.common.rest_client [req-04c42cdf-4662-4ce5-9ac3-e53a85f06e21 req-04c42cdf-4662-4ce5-9ac3-e53a85f06e21 ] Request (ServerDiagnosticsTest:tearDownClass): 200 GET http://10.180.1.21/compute/v2.1/servers/9d87c672-1de2-40a6-bce5-c48357027d1d 0.618s
2025-03-26 21:00:30.304 69227 INFO tempest.lib.common.rest_client [req-a019353b-1054-42ea-aca2-66ba111d541f req-a019353b-1054-42ea-aca2-66ba111d541f ] Request (ServerMetadataTestJSON:test_update_metadata_empty_body): 200 GET http://10.180.1.21/compute/v2.1/servers/edbbd373-a587-4846-8a31-917e08e63edd/metadata 0.405s
2025-03-26 21:00:30.349 69243 INFO tempest.lib.common.rest_client [req-28f508fa-9679-4ebe-a750-00cab7f8e192 req-28f508fa-9679-4ebe-a750-00cab7f8e192 ] Request (AttachInterfacesV270Test:test_create_get_list_interfaces): 200 GET http://10.180.1.21/compute/v2.1/servers/effc35fc-c65b-4e44-9635-af615d5b0a47 0.518s
2025-03-26 21:00:30.354 69180 INFO tempest.lib.common.rest_client [req-4d7efe56-59ed-4f90-bae4-4c8d5490fac9 req-4d7efe56-59ed-4f90-bae4-4c8d5490fac9 ] Request (MultipleCreateNegativeTestJSON:test_min_count_less_than_one): 400 POST http://10.180.1.21/compute/v2.1/servers 0.442s
2025-03-26 21:00:30.360 69243 INFO tempest.common.waiters [-] State transition "BUILD/scheduling" ==> "BUILD/None" after 9 second wait
2025-03-26 21:00:30.365 69182 INFO tempest.lib.common.rest_client [req-cf31b6c2-da6b-4d50-97ad-a97b4ede3f05 req-cf31b6c2-da6b-4d50-97ad-a97b4ede3f05 ] Request (ListServersNegativeTestJSON:setUpClass): 200 GET http://10.180.1.21/compute/v2.1/servers/71a2b320-61f5-41fe-ae4f-e6ddfe0fbeb5 0.460s
2025-03-26 21:00:30.376 69234 INFO tempest.lib.common.rest_client [req-9135bd63-54dd-486f-807a-6fdf61b664a6 req-9135bd63-54dd-486f-807a-6fdf61b664a6 ] Request (FlavorsAdminTestJSON:test_list_non_public_flavor): 200 POST http://10.180.1.21/compute/v2.1/flavors 0.450s
2025-03-26 21:00:30.431 69220 INFO tempest.lib.common.rest_client [req-6a9bf694-7764-4d82-8cd6-eafd7968069b req-6a9bf694-7764-4d82-8cd6-eafd7968069b ] Request (AttachVolumeTestJSON:test_attach_detach_volume): 200 GET http://10.180.1.21/compute/v2.1/servers/bf8eaa7a-343b-49dc-b5f9-0465794804f0 0.455s
2025-03-26 21:00:30.433 69180 INFO tempest.lib.common.rest_client [req-75e98596-c1c0-494f-aae7-7f41c8deafea req-75e98596-c1c0-494f-aae7-7f41c8deafea ] Request (MultipleCreateNegativeTestJSON:test_min_count_non_integer): 201 POST http://10.180.1.21/identity/v3/auth/tokens 0.074s
2025-03-26 21:00:30.433 69180 INFO tempest.lib.common.fixed_network [-] (MultipleCreateNegativeTestJSON:test_min_count_non_integer) Found network None available for tenant
2025-03-26 21:00:30.453 69224 INFO tempest.lib.common.rest_client [req-09f1c614-ac83-4613-8679-e479c5f8ba57 req-09f1c614-ac83-4613-8679-e479c5f8ba57 ] Request (ServerMetadataNegativeTestJSON:setUpClass): 200 GET http://10.180.1.21/compute/v2.1/servers/69161637-7589-4a65-8f6d-39831ceb7480 0.471s
2025-03-26 21:00:30.465 69224 INFO tempest.common.waiters [-] State transition "BUILD/None" ==> "BUILD/networking" after 26 second wait
2025-03-26 21:00:30.495 69197 INFO tempest.lib.common.rest_client [req-7f9b83d2-6fc2-4f7b-a6d0-99a836148587 req-7f9b83d2-6fc2-4f7b-a6d0-99a836148587 ] Request (ImagesTestJSON:test_create_image_from_suspended_server): 200 GET http://10.180.1.21/compute/v2.1/servers/7daf798a-21b2-43e2-8f25-8f349f2863e4 0.466s
2025-03-26 21:00:30.551 69192 INFO tempest.lib.common.rest_client [req-69489e4b-78ac-4425-bf74-9526c280f5fe req-69489e4b-78ac-4425-bf74-9526c280f5fe ] Request (DeleteServersAdminTestJSON:test_delete_server_while_in_error_state): 200 GET http://10.180.1.21/compute/v2.1/servers/9a76468d-f4d4-4a63-8c5b-a43f002cc535 0.497s
2025-03-26 21:00:30.583 69237 INFO tempest.lib.common.rest_client [req-bec7c430-ee68-44c6-affb-b43d3d9e770e req-bec7c430-ee68-44c6-affb-b43d3d9e770e ] Request (ServerDiagnosticsV248Test:tearDownClass): 200 GET http://10.180.1.21/compute/v2.1/servers/2b822b35-94ac-48bb-a46f-2cda8ecfce06 0.521s
2025-03-26 21:00:30.658 69216 INFO tempest.lib.common.rest_client [req-acc7e4cc-e96b-4ca6-8229-2594d24f319f req-acc7e4cc-e96b-4ca6-8229-2594d24f319f ] Request (ServerExternalEventsTest:test_create_server_external_events): 200 GET http://10.180.1.21/compute/v2.1/servers/01c1c8d4-2e8e-40eb-bacb-9b6f1b26d955 0.536s
2025-03-26 21:00:30.665 69200 INFO tempest.lib.common.rest_client [req-3f40d3d8-5abb-4b83-a1a3-e6e3605596df req-3f40d3d8-5abb-4b83-a1a3-e6e3605596df ] Request (TestVersions:test_get_version_details): 200 GET http://10.180.1.21/compute/v2.1/ 0.488s
2025-03-26 21:00:30.732 69214 INFO tempest.lib.common.rest_client [req-9e0178cc-8117-40d4-a0d3-ed33ba416a71 req-9e0178cc-8117-40d4-a0d3-ed33ba416a71 ] Request (ServerActionsTestOtherB:setUpClass): 200 GET http://10.180.1.21/compute/v2.1/servers/52342a01-c1ee-4cca-bc8c-ab2dc8a7b8dc 0.548s
2025-03-26 21:00:30.739 69228 INFO tempest.lib.common.rest_client [req-b9988887-8347-4af8-b774-5549c96a487d req-b9988887-8347-4af8-b774-5549c96a487d ] Request (FlavorsAccessNegativeTestJSON:_run_cleanups): 200 POST http://10.180.1.21/compute/v2.1/flavors/1795525025/action 0.654s
2025-03-26 21:00:30.820 69198 INFO tempest.lib.common.rest_client [req-0c73f934-a5e9-4e6f-a3ab-53f08f2de0eb req-0c73f934-a5e9-4e6f-a3ab-53f08f2de0eb ] Request (DeleteServersTestJSON:test_delete_active_server): 200 GET http://10.180.1.21/compute/v2.1/servers/71295469-1a0b-4932-bde8-2eb103dcb54a 0.621s
2025-03-26 21:00:30.914 69212 INFO tempest.lib.common.rest_client [req-3b6c8b43-b058-4daf-8f7c-b70c5cb1cca7 req-3b6c8b43-b058-4daf-8f7c-b70c5cb1cca7 ] Request (ServersAdmin275Test:tearDownClass): 200 GET http://10.180.1.21/compute/v2.1/servers/0a29753b-e758-4037-9467-4e77cfe1461e 0.653s
2025-03-26 21:00:30.989 69227 INFO tempest.lib.common.rest_client [req-5f707040-f671-4347-a587-4453bb95cc20 req-5f707040-f671-4347-a587-4453bb95cc20 ] Request (ServerMetadataTestJSON:setUp): 200 PUT http://10.180.1.21/compute/v2.1/servers/edbbd373-a587-4846-8a31-917e08e63edd/metadata 0.683s
2025-03-26 21:00:31.016 69234 INFO tempest.lib.common.rest_client [req-eff7b85b-2801-4f55-b1fb-097429b8c785 req-eff7b85b-2801-4f55-b1fb-097429b8c785 ] Request (FlavorsAdminTestJSON:test_list_non_public_flavor): 200 GET http://10.180.1.21/compute/v2.1/flavors/detail 0.638s
2025-03-26 21:00:31.023 69180 INFO tempest.lib.common.rest_client [req-47319862-20ea-445f-baad-ae324f54dd6f req-47319862-20ea-445f-baad-ae324f54dd6f ] Request (MultipleCreateNegativeTestJSON:test_min_count_non_integer): 400 POST http://10.180.1.21/compute/v2.1/servers 0.589s
2025-03-26 21:00:31.139 69186 INFO tempest.lib.common.rest_client [req-95c3d721-4843-4657-82cf-19c2ee0e6ecf req-95c3d721-4843-4657-82cf-19c2ee0e6ecf ] Request (VolumesAdminNegativeTest:setUpClass): 200 PUT http://10.180.1.21:9696/networking/v2.0/routers/c15892af-8284-400e-8f00-0a919610bd9f/add_router_interface 1.292s
2025-03-26 21:00:31.139 69186 INFO tempest.lib.common.dynamic_creds [-] Created isolated network resources for: credentials: Credentials: {'domain_id': 'default', 'domain_name': 'Default', 'username': 'tempest-VolumesAdminNegativeTest-47247451-project-member', 'project_domain_id': 'default', 'project_domain_name': 'Default', 'project_id': '539d3e6dcb924e51986001951332310f', 'project_name': 'tempest-VolumesAdminNegativeTest-47247451', 'tenant_id': '539d3e6dcb924e51986001951332310f', 'tenant_name': 'tempest-VolumesAdminNegativeTest-47247451', 'user_domain_id': 'default', 'user_domain_name': 'Default', 'user_id': '2b527f67a9cb4d23bb99b48aeb0ffc56', 'system': None}, Network: {'id': '24fc8979-6e0f-49f1-84f4-5249fbf58334', 'name': 'tempest-VolumesAdminNegativeTest-1171774036-network', 'tenant_id': '539d3e6dcb924e51986001951332310f', 'admin_state_up': True, 'mtu': 8950, 'status': 'ACTIVE', 'subnets': [], 'shared': False, 'project_id': '539d3e6dcb924e51986001951332310f', 'port_security_enabled': True, 'router:external': False, 'provider:network_type': 'vlan', 'provider:physical_network': 'default', 'provider:segmentation_id': 727, 'availability_zone_hints': [], 'availability_zones': [], 'ipv4_address_scope': None, 'ipv6_address_scope': None, 'description': '', 'tags': [], 'created_at': '2025-03-26T21:00:28Z', 'updated_at': '2025-03-26T21:00:28Z', 'revision_number': 1}, Subnet: {'id': '02acbd2b-d67e-493e-a3fc-c0e16c8ba5c5', 'name': 'tempest-VolumesAdminNegativeTest-1171774036-subnet', 'tenant_id': '539d3e6dcb924e51986001951332310f', 'network_id': '24fc8979-6e0f-49f1-84f4-5249fbf58334', 'ip_version': 4, 'subnetpool_id': None, 'enable_dhcp': True, 'ipv6_ra_mode': None, 'ipv6_address_mode': None, 'gateway_ip': '192.168.128.1', 'cidr': '192.168.128.0/28', 'allocation_pools': [{'start': '192.168.128.2', 'end': '192.168.128.14'}], 'host_routes': [], 'dns_nameservers': [], 'description': '', 'router:external': False, 'service_types': [], 'tags': [], 'created_at': '2025-03-26T21:00:29Z', 'updated_at': '2025-03-26T21:00:29Z', 'revision_number': 0, 'project_id': '539d3e6dcb924e51986001951332310f'}, Router: {'id': 'c15892af-8284-400e-8f00-0a919610bd9f', 'name': 'tempest-VolumesAdminNegativeTest-1171774036-router', 'tenant_id': '539d3e6dcb924e51986001951332310f', 'admin_state_up': True, 'status': 'ACTIVE', 'external_gateway_info': {'network_id': '6f63e803-a557-4db1-a1da-6cf7711a818e', 'external_fixed_ips': [{'subnet_id': 'a2309ee9-5b51-4275-b214-6a306a34b7f5', 'ip_address': '10.180.180.179'}], 'enable_snat': True}, 'description': '', 'availability_zones': [], 'distributed': False, 'ha': False, 'availability_zone_hints': [], 'routes': [], 'flavor_id': None, 'tags': [], 'created_at': '2025-03-26T21:00:29Z', 'updated_at': '2025-03-26T21:00:29Z', 'revision_number': 2, 'project_id': '539d3e6dcb924e51986001951332310f'}
2025-03-26 21:00:31.166 69207 INFO tempest.lib.common.rest_client [req-648cd200-b1ea-4da7-97d6-7e039a0b00be req-648cd200-b1ea-4da7-97d6-7e039a0b00be ] Request (ServersListShow298Test:test_list_show_update_rebuild_server_298): 200 GET http://10.180.1.21/compute/v2.1/servers/ddde5559-2e16-42cb-8d25-60f3fa15cda4 0.493s
2025-03-26 21:00:31.171 69200 INFO tempest.lib.common.rest_client [-] Request (TestVersions:test_list_api_versions): 200 GET http://10.180.1.21/compute/ 0.493s
2025-03-26 21:00:31.196 69180 INFO tempest.lib.common.rest_client [req-c1d612e6-2f66-4787-bd50-4075d81d858f req-c1d612e6-2f66-4787-bd50-4075d81d858f ] Request (MultipleCreateNegativeTestJSON:tearDownClass): 204 DELETE http://10.180.1.21/identity/v3/users/ac2ec23fb48241938ce1a6fa715b534d 0.171s
2025-03-26 21:00:31.196 69180 INFO tempest.lib.common.dynamic_creds [-] Deleting project and security group for project: 050d6a10e387491ab3ba3013e1e631bc
2025-03-26 21:00:31.268 69186 INFO tempest.lib.common.rest_client [req-300514fe-4b95-4b12-833d-54c546abb70e req-300514fe-4b95-4b12-833d-54c546abb70e ] Request (VolumesAdminNegativeTest:setUpClass): 201 POST http://10.180.1.21/identity/v3/auth/tokens 0.120s
2025-03-26 21:00:31.334 69238 INFO tempest.lib.common.rest_client [req-459c8607-5c79-43f7-ab93-72c427d3e202 req-459c8607-5c79-43f7-ab93-72c427d3e202 ] Request (VolumesSnapshotsTestJSON:test_volume_snapshot_create_get_list_delete): 200 POST http://10.180.1.21/compute/v2.1/os-volumes 1.131s
2025-03-26 21:00:31.346 69190 INFO tempest.lib.common.rest_client [req-c3e90a3c-5eec-4cb6-af32-c46250fa915c req-c3e90a3c-5eec-4cb6-af32-c46250fa915c ] Request (ServersAdminTestJSON:setUpClass): 200 GET http://10.180.1.21/compute/v2.1/servers/0e20a788-5e96-412d-9449-a4af1ba5aa30 0.655s
2025-03-26 21:00:31.353 69180 INFO tempest.lib.common.rest_client [req-f3e021ea-c397-4e5f-895f-eddde3920c11 req-f3e021ea-c397-4e5f-895f-eddde3920c11 ] Request (MultipleCreateNegativeTestJSON:tearDownClass): 201 POST http://10.180.1.21/identity/v3/auth/tokens 0.156s
2025-03-26 21:00:31.358 69228 INFO tempest.lib.common.rest_client [req-75e07386-180c-452e-a205-22a4d7e3e077 req-75e07386-180c-452e-a205-22a4d7e3e077 ] Request (FlavorsAccessNegativeTestJSON:_run_cleanups): 202 DELETE http://10.180.1.21/compute/v2.1/flavors/1795525025 0.618s
2025-03-26 21:00:31.361 69200 INFO tempest.lib.common.rest_client [req-1d9d8256-914d-4729-acde-fd711d3f5123 req-1d9d8256-914d-4729-acde-fd711d3f5123 ] Request (TestVersions:tearDownClass): 204 DELETE http://10.180.1.21/identity/v3/users/45ba0dbaead74c08bf3d30180bea0cac 0.183s
2025-03-26 21:00:31.361 69200 INFO tempest.lib.common.dynamic_creds [-] Deleting project and security group for project: 80bea822ed364aec862d1692b33d408a
2025-03-26 21:00:31.434 69222 INFO tempest.lib.common.rest_client [req-9722b9f6-4434-482d-8088-4f054506a096 req-9722b9f6-4434-482d-8088-4f054506a096 ] Request (FloatingIPsAssociationNegativeTestJSON:setUpClass): 200 GET http://10.180.1.21/compute/v2.1/servers/c3a56259-acf4-4d26-929b-fdde7b5c97eb 0.596s
2025-03-26 21:00:31.434 69186 INFO tempest.lib.common.rest_client [req-c30f3255-542a-4ded-bc94-257334daf1da req-c30f3255-542a-4ded-bc94-257334daf1da ] Request (VolumesAdminNegativeTest:setUpClass): 201 POST http://10.180.1.21/identity/v3/projects 0.165s
2025-03-26 21:00:31.489 69232 INFO tempest.lib.common.rest_client [req-2661ac6a-9bcc-48fc-ac5b-47ae10ca1c2c req-2661ac6a-9bcc-48fc-ac5b-47ae10ca1c2c ] Request (ImagesOneServerTestJSON:setUpClass): 200 GET http://10.180.1.21/compute/v2.1/servers/0e72ec32-1c6e-413b-b5d1-c81d7315adb8 0.713s
2025-03-26 21:00:31.499 69232 INFO tempest.common.waiters [-] State transition "BUILD/spawning" ==> "ACTIVE/None" after 29 second wait
2025-03-26 21:00:31.502 69200 INFO tempest.lib.common.rest_client [req-54d376a1-4c5d-4f00-89ca-7d18521f9a0f req-54d376a1-4c5d-4f00-89ca-7d18521f9a0f ] Request (TestVersions:tearDownClass): 201 POST http://10.180.1.21/identity/v3/auth/tokens 0.140s
2025-03-26 21:00:31.505 69186 INFO tempest.lib.common.rest_client [req-af39ea00-85f1-4a8b-972b-e45cb9b75ead req-af39ea00-85f1-4a8b-972b-e45cb9b75ead ] Request (VolumesAdminNegativeTest:setUpClass): 201 POST http://10.180.1.21/identity/v3/users 0.070s
2025-03-26 21:00:31.513 69234 INFO tempest.lib.common.rest_client [req-9fc3cafd-2cb4-419c-a2c4-b5aa785f1011 req-9fc3cafd-2cb4-419c-a2c4-b5aa785f1011 ] Request (FlavorsAdminTestJSON:test_list_non_public_flavor): 200 GET http://10.180.1.21/compute/v2.1/flavors/detail 0.492s
2025-03-26 21:00:31.526 69227 INFO tempest.lib.common.rest_client [req-b1db642d-a16d-45ed-88f3-aa5385261259 req-b1db642d-a16d-45ed-88f3-aa5385261259 ] Request (ServerMetadataTestJSON:test_update_server_metadata): 200 POST http://10.180.1.21/compute/v2.1/servers/edbbd373-a587-4846-8a31-917e08e63edd/metadata 0.536s
2025-03-26 21:00:31.536 69186 INFO tempest.lib.common.rest_client [req-af09ce62-90dc-4673-a86f-5a273bdb36d6 req-af09ce62-90dc-4673-a86f-5a273bdb36d6 ] Request (VolumesAdminNegativeTest:setUpClass): 200 GET http://10.180.1.21/identity/v3/roles 0.030s
2025-03-26 21:00:31.554 69180 INFO tempest.lib.common.rest_client [req-89aea9bf-c91e-4310-b292-01d8a37eafa4 req-89aea9bf-c91e-4310-b292-01d8a37eafa4 ] Request (MultipleCreateNegativeTestJSON:tearDownClass): 200 GET http://10.180.1.21:9696/networking/v2.0/security-groups?tenant_id=050d6a10e387491ab3ba3013e1e631bc&name=default 0.201s
2025-03-26 21:00:31.576 69186 INFO tempest.lib.common.rest_client [req-61e0ecd1-fa90-4049-86c0-87fc93538498 req-61e0ecd1-fa90-4049-86c0-87fc93538498 ] Request (VolumesAdminNegativeTest:setUpClass): 204 PUT http://10.180.1.21/identity/v3/projects/eb256750ba5b4d81980890e043bdec8a/users/c6cc209a02704564bab62a6b66e3381f/roles/3e0e19dbe55c453db0bd9d9b11462f4a 0.040s
2025-03-26 21:00:31.589 69230 INFO tempest.lib.common.rest_client [req-4b1a23f7-51ae-433f-a5ed-7e0034c01d2f req-4b1a23f7-51ae-433f-a5ed-7e0034c01d2f ] Request (FloatingIPsAssociationTestJSON:test_associate_already_associated_floating_ip): 200 GET http://10.180.1.21/compute/v2.1/servers/b3f025fc-1b13-4953-b4e2-1939a684998c 0.415s
2025-03-26 21:00:31.604 69240 INFO tempest.lib.common.rest_client [req-ab3a2019-2a41-415b-bb02-3ff0e4771c15 req-ab3a2019-2a41-415b-bb02-3ff0e4771c15 ] Request (ServerDiagnosticsNegativeTest:tearDownClass): 200 GET http://10.180.1.21/compute/v2.1/servers/baf8eacd-01cd-47ae-99ef-694239009218 0.492s
2025-03-26 21:00:31.641 69186 INFO tempest.lib.common.rest_client [req-46e0a240-f05d-4c6b-9c74-baa3acaa2651 req-46e0a240-f05d-4c6b-9c74-baa3acaa2651 ] Request (VolumesAdminNegativeTest:setUpClass): 200 GET http://10.180.1.21/identity/v3/roles 0.064s
2025-03-26 21:00:31.644 69180 INFO tempest.lib.common.rest_client [req-6ac1a006-e7d1-4f10-9312-35b712353cfd req-6ac1a006-e7d1-4f10-9312-35b712353cfd ] Request (MultipleCreateNegativeTestJSON:tearDownClass): 204 DELETE http://10.180.1.21:9696/networking/v2.0/security-groups/7c77211c-c985-4001-9116-db6bed83a9a7 0.086s
2025-03-26 21:00:31.646 69184 INFO tempest.lib.common.rest_client [req-a121f6ad-30b7-45f5-9d8d-7b9d3c530bff req-a121f6ad-30b7-45f5-9d8d-7b9d3c530bff ] Request (ServerDiskConfigTestJSON:test_rebuild_server_with_manual_disk_config): 200 GET http://10.180.1.21/compute/v2.1/servers/ce042a29-f8f3-4c79-a270-f003c2c60a7f 0.460s
