2025-03-26 20:59:33.110 69184 INFO tempest.lib.common.rest_client [req-a899cfc9-1fa3-47d7-8c9e-4e10d424e3cf req-a899cfc9-1fa3-47d7-8c9e-4e10d424e3cf ] Request (ServerDiskConfigTestJSON:setUpClass): 201 POST http://10.180.1.21/identity/v3/users 0.109s
2025-03-26 20:59:33.144 69212 INFO tempest.lib.common.rest_client [req-561794df-5c06-40aa-8d92-6c2020679957 req-561794df-5c06-40aa-8d92-6c2020679957 ] Request (ServersAdmin275Test:test_rebuild_update_server_275): 200 GET http://10.180.1.21/compute/v2.1/servers/0a29753b-e758-4037-9467-4e77cfe1461e 0.629s
2025-03-26 20:59:33.149 69188 INFO tempest.lib.common.rest_client [req-cdf89038-143e-4b54-90cf-1e12f72600d5 req-cdf89038-143e-4b54-90cf-1e12f72600d5 ] Request (FlavorsExtraSpecsNegativeTestJSON:test_flavor_update_more_key): 400 PUT http://10.180.1.21/compute/v2.1/flavors/89952808/os-extra_specs/hw:numa_nodes 0.620s
2025-03-26 20:59:33.151 69190 INFO tempest.lib.common.rest_client [req-dde27906-6741-42db-9b72-95fc4884f4e0 req-dde27906-6741-42db-9b72-95fc4884f4e0 ] Request (InstanceUsageAuditLogNegativeTestJSON:tearDownClass): 204 DELETE http://10.180.1.21/identity/v3/users/1228b25a047249608d239514285a6bda 0.135s
2025-03-26 20:59:33.152 69228 INFO tempest.lib.common.rest_client [req-9c8bfd79-6e4f-4250-b09a-f46a1ad69c5c req-9c8bfd79-6e4f-4250-b09a-f46a1ad69c5c ] Request (AggregatesAdminNegativeTestJSON:test_aggregate_add_existent_host): 409 POST http://10.180.1.21/compute/v2.1/os-aggregates/1/action 0.630s
2025-03-26 20:59:33.154 69190 INFO tempest.lib.common.dynamic_creds [-] Deleting project and security group for project: bfcd523febb8452d939b9e80ce7332e2
2025-03-26 20:59:33.162 69184 INFO tempest.lib.common.rest_client [req-671581ef-24fc-400b-b015-e9d4fda32f24 req-671581ef-24fc-400b-b015-e9d4fda32f24 ] Request (ServerDiskConfigTestJSON:setUpClass): 200 GET http://10.180.1.21/identity/v3/roles 0.052s
2025-03-26 20:59:33.190 69222 INFO tempest.lib.common.rest_client [req-7160545c-7906-4b67-aaa6-9db2cbc87019 req-7160545c-7906-4b67-aaa6-9db2cbc87019 ] Request (FlavorsExtraSpecsTestJSON:test_flavor_non_admin_get_specific_key): 200 POST http://10.180.1.21/compute/v2.1/flavors/364740304/os-extra_specs 0.628s
2025-03-26 20:59:33.231 69190 INFO tempest.lib.common.rest_client [req-f81f3903-ba61-4050-8d99-7707c5b00dd0 req-f81f3903-ba61-4050-8d99-7707c5b00dd0 ] Request (InstanceUsageAuditLogNegativeTestJSON:tearDownClass): 201 POST http://10.180.1.21/identity/v3/auth/tokens 0.076s
2025-03-26 20:59:33.260 69184 INFO tempest.lib.common.rest_client [req-b7398e7f-5dd9-44d6-92b0-7a8b328b0516 req-b7398e7f-5dd9-44d6-92b0-7a8b328b0516 ] Request (ServerDiskConfigTestJSON:setUpClass): 204 PUT http://10.180.1.21/identity/v3/projects/032b4862616d4c3798bffe54330d7d1a/users/1bdf1a828a7642c1ba63d5b4ddb18115/roles/09f0821c90444411ad791eb297ad4e1f 0.097s
2025-03-26 20:59:33.260 69184 INFO tempest.lib.common.dynamic_creds [-] Dynamic test user 1bdf1a828a7642c1ba63d5b4ddb18115 is created with scope project and roles: ['member']
2025-03-26 20:59:33.260 69184 INFO tempest.lib.common.dynamic_creds [-] Acquired dynamic creds: credentials: Credentials: {'domain_id': 'default', 'domain_name': 'Default', 'username': 'tempest-ServerDiskConfigTestJSON-723548208-project-member', 'project_domain_id': 'default', 'project_domain_name': 'Default', 'project_id': '032b4862616d4c3798bffe54330d7d1a', 'project_name': 'tempest-ServerDiskConfigTestJSON-723548208', 'tenant_id': '032b4862616d4c3798bffe54330d7d1a', 'tenant_name': 'tempest-ServerDiskConfigTestJSON-723548208', 'user_domain_id': 'default', 'user_domain_name': 'Default', 'user_id': '1bdf1a828a7642c1ba63d5b4ddb18115', 'system': None}, Network: None, Subnet: None, Router: None
2025-03-26 20:59:33.294 69192 INFO tempest.lib.common.rest_client [req-4bf7b7ef-9766-467d-b863-0143ae6e6f71 req-4bf7b7ef-9766-467d-b863-0143ae6e6f71 ] Request (DeleteServersAdminTestJSON:test_admin_delete_servers_of_others): 200 GET http://10.180.1.21/compute/v2.1/servers/39ead640-79b7-40b6-97c5-5f32bc787108 0.579s
2025-03-26 20:59:33.295 69204 INFO tempest.lib.common.rest_client [req-33980d4a-dcd8-4853-adf7-5a05c08355ba req-33980d4a-dcd8-4853-adf7-5a05c08355ba ] Request (ServersWithSpecificFlavorTestJSON:setUpClass): 200 PUT http://10.180.1.21:9696/networking/v2.0/routers/b0892791-f9ad-41a4-b6a6-c291e0fc5903/add_router_interface 2.485s
2025-03-26 20:59:33.295 69204 INFO tempest.lib.common.dynamic_creds [-] Created isolated network resources for: credentials: Credentials: {'domain_id': 'default', 'domain_name': 'Default', 'username': 'tempest-ServersWithSpecificFlavorTestJSON-1315678423-project-admin', 'project_domain_id': 'default', 'project_domain_name': 'Default', 'project_id': '610b5d29f2dc4f77910cef2845f37ba1', 'project_name': 'tempest-ServersWithSpecificFlavorTestJSON-1315678423', 'tenant_id': '610b5d29f2dc4f77910cef2845f37ba1', 'tenant_name': 'tempest-ServersWithSpecificFlavorTestJSON-1315678423', 'user_domain_id': 'default', 'user_domain_name': 'Default', 'user_id': '92f8b140818f455693428326bfb1efbf', 'system': None}, Network: {'id': 'dccef344-93a3-427a-8233-885c7aea74f4', 'name': 'tempest-ServersWithSpecificFlavorTestJSON-2000339895-network', 'tenant_id': '610b5d29f2dc4f77910cef2845f37ba1', 'admin_state_up': True, 'mtu': 8950, 'status': 'ACTIVE', 'subnets': [], 'shared': False, 'project_id': '610b5d29f2dc4f77910cef2845f37ba1', 'port_security_enabled': True, 'router:external': False, 'provider:network_type': 'vlan', 'provider:physical_network': 'default', 'provider:segmentation_id': 681, 'availability_zone_hints': [], 'availability_zones': [], 'ipv4_address_scope': None, 'ipv6_address_scope': None, 'description': '', 'tags': [], 'created_at': '2025-03-26T20:59:29Z', 'updated_at': '2025-03-26T20:59:29Z', 'revision_number': 1}, Subnet: {'id': '3024e7e6-e027-4406-9e9d-8f8b866b20c3', 'name': 'tempest-ServersWithSpecificFlavorTestJSON-2000339895-subnet', 'tenant_id': '610b5d29f2dc4f77910cef2845f37ba1', 'network_id': 'dccef344-93a3-427a-8233-885c7aea74f4', 'ip_version': 4, 'subnetpool_id': None, 'enable_dhcp': True, 'ipv6_ra_mode': None, 'ipv6_address_mode': None, 'gateway_ip': '192.168.128.1', 'cidr': '192.168.128.0/28', 'allocation_pools': [{'start': '192.168.128.2', 'end': '192.168.128.14'}], 'host_routes': [], 'dns_nameservers': [], 'description': '', 'router:external': False, 'service_types': [], 'tags': [], 'created_at': '2025-03-26T20:59:29Z', 'updated_at': '2025-03-26T20:59:29Z', 'revision_number': 0, 'project_id': '610b5d29f2dc4f77910cef2845f37ba1'}, Router: {'id': 'b0892791-f9ad-41a4-b6a6-c291e0fc5903', 'name': 'tempest-ServersWithSpecificFlavorTestJSON-2000339895-router', 'tenant_id': '610b5d29f2dc4f77910cef2845f37ba1', 'admin_state_up': True, 'status': 'ACTIVE', 'external_gateway_info': {'network_id': '6f63e803-a557-4db1-a1da-6cf7711a818e', 'external_fixed_ips': [{'subnet_id': 'a2309ee9-5b51-4275-b214-6a306a34b7f5', 'ip_address': '10.180.180.219'}], 'enable_snat': True}, 'description': '', 'availability_zones': [], 'distributed': False, 'ha': False, 'availability_zone_hints': [], 'routes': [], 'flavor_id': None, 'tags': [], 'created_at': '2025-03-26T20:59:30Z', 'updated_at': '2025-03-26T20:59:30Z', 'revision_number': 2, 'project_id': '610b5d29f2dc4f77910cef2845f37ba1'}
2025-03-26 20:59:33.390 69184 INFO tempest.lib.common.rest_client [req-c84701fe-9a91-48a5-9524-a04164172d58 req-c84701fe-9a91-48a5-9524-a04164172d58 ] Request (ServerDiskConfigTestJSON:setUpClass): 201 POST http://10.180.1.21/identity/v3/auth/tokens 0.129s
2025-03-26 20:59:33.411 69220 INFO tempest.lib.common.rest_client [req-79315c17-1837-4119-88f6-00582db15b63 req-79315c17-1837-4119-88f6-00582db15b63 ] Request (FlavorsAccessTestJSON:test_flavor_access_add_remove): 200 POST http://10.180.1.21/compute/v2.1/flavors/1097395033/action 0.709s
2025-03-26 20:59:33.418 69202 INFO tempest.lib.common.rest_client [req-3bad3416-a0b0-4926-ac92-daec7bbf4b4c req-3bad3416-a0b0-4926-ac92-daec7bbf4b4c ] Request (HypervisorAdminUnderV252Test:tearDownClass): 200 GET http://10.180.1.21:9696/networking/v2.0/security-groups?tenant_id=c11e27430fab426abb4a2bbe54068c55&name=default 0.687s
2025-03-26 20:59:33.451 69224 INFO tempest.lib.common.rest_client [req-28d51db9-2759-41be-bbf8-ef71f0ea94e0 req-28d51db9-2759-41be-bbf8-ef71f0ea94e0 ] Request (HypervisorAdminV228Test:tearDownClass): 204 DELETE http://10.180.1.21:9696/networking/v2.0/security-groups/abda82ce-874e-46f3-8805-ac4d11383161 0.483s
2025-03-26 20:59:33.470 69216 INFO tempest.lib.common.rest_client [req-902df17c-2233-4e58-9ba6-cfe490d91e73 req-902df17c-2233-4e58-9ba6-cfe490d91e73 ] Request (KeyPairsV210TestJSON:test_admin_manage_keypairs_for_other_users): 201 POST http://10.180.1.21/compute/v2.1/os-keypairs 0.672s
2025-03-26 20:59:33.472 69198 INFO tempest.lib.common.rest_client [req-645a321b-8f32-4dab-ae35-220d73521464 req-645a321b-8f32-4dab-ae35-220d73521464 ] Request (DeleteServersTestJSON:setUpClass): 201 POST http://10.180.1.21:9696/networking/v2.0/routers 2.286s
2025-03-26 20:59:33.475 69204 INFO tempest.lib.common.rest_client [req-f40430e5-9b8f-4297-8679-8ea514d59fc4 req-f40430e5-9b8f-4297-8679-8ea514d59fc4 ] Request (ServersWithSpecificFlavorTestJSON:setUpClass): 201 POST http://10.180.1.21/identity/v3/auth/tokens 0.178s
2025-03-26 20:59:33.500 69240 INFO tempest.lib.common.rest_client [req-e3aa7d7a-fd7a-40f6-9ec0-18a9db0fdcc4 req-e3aa7d7a-fd7a-40f6-9ec0-18a9db0fdcc4 ] Request (HypervisorAdminNegativeUnderV252Test:test_show_servers_with_non_admin_user): 200 GET http://10.180.1.21/compute/v2.1/os-hypervisors 0.691s
2025-03-26 20:59:33.523 69230 INFO tempest.lib.common.rest_client [req-e3279e62-f076-4ff0-8d30-8bdf4263a175 req-e3279e62-f076-4ff0-8d30-8bdf4263a175 ] Request (ServicesAdminNegativeV253TestJSON:test_get_service_by_invalid_params): 200 GET http://10.180.1.21/compute/v2.1/os-services 0.697s
2025-03-26 20:59:33.528 69218 INFO tempest.lib.common.rest_client [req-806a44bf-fbf7-43aa-8fc8-a71c3c79c35d req-806a44bf-fbf7-43aa-8fc8-a71c3c79c35d ] Request (ImagesMetadataTestJSON:test_delete_image_metadata_item): 204 DELETE http://10.180.1.21/compute/v2.1/images/62d65064-6511-4d2f-8d85-d2689bff2b14/metadata/os_version 0.746s
2025-03-26 20:59:33.535 69182 INFO tempest.lib.common.rest_client [req-a95e5c34-f5bd-4aa1-9cb3-0a8740bd3718 req-a95e5c34-f5bd-4aa1-9cb3-0a8740bd3718 ] Request (HostsAdminNegativeTestJSON:test_show_host_detail_with_non_admin_user): 403 GET http://10.180.1.21/compute/v2.1/os-hosts/devstack 0.644s
2025-03-26 20:59:33.563 69224 INFO tempest.lib.common.rest_client [req-394b10d6-78a4-461c-b924-19825e1594d3 req-394b10d6-78a4-461c-b924-19825e1594d3 ] Request (HypervisorAdminV228Test:tearDownClass): 204 DELETE http://10.180.1.21/identity/v3/projects/d52265a91d5b4c328ea5a85046f8c0d4 0.112s
2025-03-26 20:59:33.564 69224 INFO tempest.lib.common.dynamic_creds [-] Deleting project and security group for project: f983059050684eb089eba99b5e535eea
2025-03-26 20:59:33.567 69227 INFO tempest.lib.common.rest_client [req-c93a7978-e800-4847-aa57-92c94aa2da67 req-c93a7978-e800-4847-aa57-92c94aa2da67 ] Request (FlavorsV261TestJSON:test_crud_flavor): 200 GET http://10.180.1.21/compute/v2.1/flavors/detail 0.694s
2025-03-26 20:59:33.575 69234 INFO tempest.lib.common.rest_client [req-f6c5a4eb-86bc-4944-8dfd-d61922073773 req-f6c5a4eb-86bc-4944-8dfd-d61922073773 ] Request (FlavorsAdminTestJSON:test_create_flavor_verify_entry_in_list_details): 200 POST http://10.180.1.21/compute/v2.1/flavors 0.643s
2025-03-26 20:59:33.590 69214 INFO tempest.lib.common.rest_client [req-3f83ed65-4693-4900-99da-e51b3fd075d7 req-3f83ed65-4693-4900-99da-e51b3fd075d7 ] Request (FlavorsV255TestJSON:_run_cleanups): 202 DELETE http://10.180.1.21/compute/v2.1/flavors/1374598524 0.630s
2025-03-26 20:59:33.730 69207 INFO tempest.lib.common.rest_client [req-073285ed-0ded-4e97-9878-5ed4e6b9b3c9 req-073285ed-0ded-4e97-9878-5ed4e6b9b3c9 ] Request (QuotasAdminTestJSON:test_delete_quota): 200 GET http://10.180.1.21/compute/v2.1/os-quota-sets/2b9e908dfae3471b89bea94dfdf48703 0.757s
2025-03-26 20:59:33.750 69237 INFO tempest.lib.common.rest_client [req-2414a0df-da4f-4718-bec8-0dee062baa69 req-2414a0df-da4f-4718-bec8-0dee062baa69 ] Request (HypervisorAdminTestJSON:test_get_hypervisor_stats): 200 GET http://10.180.1.21/compute/v2.1/os-hypervisors/statistics 0.743s
2025-03-26 20:59:33.758 69190 INFO tempest.lib.common.rest_client [req-83fa3503-06db-4be0-b97c-03469ad7a9ce req-83fa3503-06db-4be0-b97c-03469ad7a9ce ] Request (InstanceUsageAuditLogNegativeTestJSON:tearDownClass): 200 GET http://10.180.1.21:9696/networking/v2.0/security-groups?tenant_id=bfcd523febb8452d939b9e80ce7332e2&name=default 0.526s
2025-03-26 20:59:33.790 69202 INFO tempest.lib.common.rest_client [req-b636a44c-f7a0-470d-876d-3efe95a666bf req-b636a44c-f7a0-470d-876d-3efe95a666bf ] Request (HypervisorAdminUnderV252Test:tearDownClass): 204 DELETE http://10.180.1.21:9696/networking/v2.0/security-groups/546e13ae-b2ba-4843-9c98-935d46e29f6d 0.371s
2025-03-26 20:59:33.803 69207 INFO tempest.lib.common.rest_client [req-2c0a9812-e00f-4d94-a85d-78440d716ed6 req-2c0a9812-e00f-4d94-a85d-78440d716ed6 ] Request (QuotasAdminTestJSON:_run_cleanups): 204 DELETE http://10.180.1.21/identity/v3/projects/2b9e908dfae3471b89bea94dfdf48703 0.071s
2025-03-26 20:59:33.841 69186 INFO tempest.lib.common.rest_client [req-8f192432-e104-4879-9795-2ddc0694e419 req-8f192432-e104-4879-9795-2ddc0694e419 ] Request (TenantUsagesTestJSON:setUpClass): 200 GET http://10.180.1.21/compute/v2.1/servers/12460f16-35cc-4188-8839-fa43e3835a2d 0.714s
2025-03-26 20:59:33.849 69186 INFO tempest.common.waiters [-] State transition "BUILD/scheduling" ==> "BUILD/None" after 1 second wait
2025-03-26 20:59:33.857 69188 INFO tempest.lib.common.rest_client [req-b9799cda-afb1-4834-ba6b-ecc0a795836e req-b9799cda-afb1-4834-ba6b-ecc0a795836e ] Request (FlavorsExtraSpecsNegativeTestJSON:tearDownClass): 202 DELETE http://10.180.1.21/compute/v2.1/flavors/89952808 0.707s
2025-03-26 20:59:33.888 69202 INFO tempest.lib.common.rest_client [req-47f449c9-99fd-4791-a829-a5692e26eeb3 req-47f449c9-99fd-4791-a829-a5692e26eeb3 ] Request (HypervisorAdminUnderV252Test:tearDownClass): 204 DELETE http://10.180.1.21/identity/v3/projects/c11e27430fab426abb4a2bbe54068c55 0.098s
2025-03-26 20:59:33.889 69202 INFO tempest.lib.common.dynamic_creds [-] Deleting project and security group for project: f5a2ac8d73cc4878a7713f54e1d44ec9
2025-03-26 20:59:33.904 69237 INFO tempest.lib.common.rest_client [req-d9b818b6-16e5-43bb-9def-e0e00bc78fab req-d9b818b6-16e5-43bb-9def-e0e00bc78fab ] Request (HypervisorAdminTestJSON:tearDownClass): 204 DELETE http://10.180.1.21/identity/v3/users/6c49f3620ddb4fd6a3a9e91abb52b88d 0.151s
2025-03-26 20:59:33.990 69224 INFO tempest.lib.common.rest_client [req-dbab8045-b9ff-4c5e-b214-fae6464eb603 req-dbab8045-b9ff-4c5e-b214-fae6464eb603 ] Request (HypervisorAdminV228Test:tearDownClass): 200 GET http://10.180.1.21:9696/networking/v2.0/security-groups?tenant_id=f983059050684eb089eba99b5e535eea&name=default 0.426s
2025-03-26 20:59:34.045 69237 INFO tempest.lib.common.rest_client [req-460be12f-348c-412c-b889-8dac42ea132e req-460be12f-348c-412c-b889-8dac42ea132e ] Request (HypervisorAdminTestJSON:tearDownClass): 204 DELETE http://10.180.1.21/identity/v3/users/f96661d953b44d30a5569999ac229567 0.140s
2025-03-26 20:59:34.045 69237 INFO tempest.lib.common.dynamic_creds [-] Deleting project and security group for project: 281ae07426ee46849a6be46cff85d105
2025-03-26 20:59:34.106 69237 INFO tempest.lib.common.rest_client [req-6eec5a32-5ad9-45f6-90e3-aade5bbb37e3 req-6eec5a32-5ad9-45f6-90e3-aade5bbb37e3 ] Request (HypervisorAdminTestJSON:tearDownClass): 201 POST http://10.180.1.21/identity/v3/auth/tokens 0.061s
2025-03-26 20:59:34.200 69184 INFO tempest.lib.common.rest_client [req-8c0ed2d4-76eb-4e76-a3a9-19ce65ee0230 req-8c0ed2d4-76eb-4e76-a3a9-19ce65ee0230 ] Request (ServerDiskConfigTestJSON:setUpClass): 201 POST http://10.180.1.21:9696/networking/v2.0/networks 0.810s
2025-03-26 20:59:34.218 69228 INFO tempest.lib.common.rest_client [req-ad52afe2-af1d-448a-b944-739f4376319b req-ad52afe2-af1d-448a-b944-739f4376319b ] Request (AggregatesAdminNegativeTestJSON:_run_cleanups): 200 POST http://10.180.1.21/compute/v2.1/os-aggregates/1/action 1.062s
2025-03-26 20:59:34.232 69222 INFO tempest.lib.common.rest_client [req-1ff48d39-ced3-4bd2-a46a-32577801402a req-1ff48d39-ced3-4bd2-a46a-32577801402a ] Request (FlavorsExtraSpecsTestJSON:test_flavor_non_admin_get_specific_key): 200 GET http://10.180.1.21/compute/v2.1/flavors/364740304/os-extra_specs/hw:numa_nodes 1.041s
2025-03-26 20:59:34.323 69190 INFO tempest.lib.common.rest_client [req-7a93fa76-dfac-432d-8845-58d1a2ee3269 req-7a93fa76-dfac-432d-8845-58d1a2ee3269 ] Request (InstanceUsageAuditLogNegativeTestJSON:tearDownClass): 204 DELETE http://10.180.1.21:9696/networking/v2.0/security-groups/3824f370-38b5-4b3f-863c-a13a595e9914 0.565s
2025-03-26 20:59:34.362 69220 INFO tempest.lib.common.rest_client [req-02f872fc-f887-4a4e-ba3c-21ad3cad3c1e req-02f872fc-f887-4a4e-ba3c-21ad3cad3c1e ] Request (FlavorsAccessTestJSON:test_flavor_access_add_remove): 200 GET http://10.180.1.21/compute/v2.1/flavors/detail 0.950s
2025-03-26 20:59:34.373 69216 INFO tempest.lib.common.rest_client [req-c7729bee-8134-40b3-9d63-4ce7fcfad3ad req-c7729bee-8134-40b3-9d63-4ce7fcfad3ad ] Request (KeyPairsV210TestJSON:test_admin_manage_keypairs_for_other_users): 200 GET http://10.180.1.21/compute/v2.1/os-keypairs?user_id=b6926a64161a42528937ca237444c8ae 0.900s
2025-03-26 20:59:34.394 69190 INFO tempest.lib.common.rest_client [req-88126f30-f23e-4bf6-b1f1-7459f1dff47f req-88126f30-f23e-4bf6-b1f1-7459f1dff47f ] Request (InstanceUsageAuditLogNegativeTestJSON:tearDownClass): 204 DELETE http://10.180.1.21/identity/v3/projects/bfcd523febb8452d939b9e80ce7332e2 0.070s
2025-03-26 20:59:34.394 69190 INFO tempest.lib.common.dynamic_creds [-] Deleting project and security group for project: f1ded94b08cf484694836e2aa23c6f12
2025-03-26 20:59:34.399 69194 INFO tempest.lib.common.rest_client [req-4a7d3a9c-5062-4d7d-99ae-d45517accd43 req-4a7d3a9c-5062-4d7d-99ae-d45517accd43 ] Request (VolumesAssistedSnapshotsTest:setUpClass): 200 PUT http://10.180.1.21:9696/networking/v2.0/routers/5b411462-7d3e-42f9-9be0-566ac892c939/add_router_interface 3.115s
2025-03-26 20:59:34.399 69194 INFO tempest.lib.common.dynamic_creds [-] Created isolated network resources for: credentials: Credentials: {'domain_id': 'default', 'domain_name': 'Default', 'username': 'tempest-VolumesAssistedSnapshotsTest-993959759-project-admin', 'project_domain_id': 'default', 'project_domain_name': 'Default', 'project_id': '6d91f82bf23743adbdf4342d619c7ef0', 'project_name': 'tempest-VolumesAssistedSnapshotsTest-993959759', 'tenant_id': '6d91f82bf23743adbdf4342d619c7ef0', 'tenant_name': 'tempest-VolumesAssistedSnapshotsTest-993959759', 'user_domain_id': 'default', 'user_domain_name': 'Default', 'user_id': '59572debfb1e418aaca7ab6cac1dbbbe', 'system': None}, Network: {'id': 'c08514a0-799e-4c9b-808f-2a6b04c3d3b0', 'name': 'tempest-VolumesAssistedSnapshotsTest-1314105863-network', 'tenant_id': '6d91f82bf23743adbdf4342d619c7ef0', 'admin_state_up': True, 'mtu': 8950, 'status': 'ACTIVE', 'subnets': [], 'shared': False, 'project_id': '6d91f82bf23743adbdf4342d619c7ef0', 'port_security_enabled': True, 'router:external': False, 'provider:network_type': 'vlan', 'provider:physical_network': 'default', 'provider:segmentation_id': 958, 'availability_zone_hints': [], 'availability_zones': [], 'ipv4_address_scope': None, 'ipv6_address_scope': None, 'description': '', 'tags': [], 'created_at': '2025-03-26T20:59:29Z', 'updated_at': '2025-03-26T20:59:29Z', 'revision_number': 1}, Subnet: {'id': '10da10ca-40a6-4bc2-a77e-302f1de003a9', 'name': 'tempest-VolumesAssistedSnapshotsTest-1314105863-subnet', 'tenant_id': '6d91f82bf23743adbdf4342d619c7ef0', 'network_id': 'c08514a0-799e-4c9b-808f-2a6b04c3d3b0', 'ip_version': 4, 'subnetpool_id': None, 'enable_dhcp': True, 'ipv6_ra_mode': None, 'ipv6_address_mode': None, 'gateway_ip': '192.168.128.1', 'cidr': '192.168.128.0/28', 'allocation_pools': [{'start': '192.168.128.2', 'end': '192.168.128.14'}], 'host_routes': [], 'dns_nameservers': [], 'description': '', 'router:external': False, 'service_types': [], 'tags': [], 'created_at': '2025-03-26T20:59:29Z', 'updated_at': '2025-03-26T20:59:29Z', 'revision_number': 0, 'project_id': '6d91f82bf23743adbdf4342d619c7ef0'}, Router: {'id': '5b411462-7d3e-42f9-9be0-566ac892c939', 'name': 'tempest-VolumesAssistedSnapshotsTest-1314105863-router', 'tenant_id': '6d91f82bf23743adbdf4342d619c7ef0', 'admin_state_up': True, 'status': 'ACTIVE', 'external_gateway_info': {'network_id': '6f63e803-a557-4db1-a1da-6cf7711a818e', 'external_fixed_ips': [{'subnet_id': 'a2309ee9-5b51-4275-b214-6a306a34b7f5', 'ip_address': '10.180.180.156'}], 'enable_snat': True}, 'description': '', 'availability_zones': [], 'distributed': False, 'ha': False, 'availability_zone_hints': [], 'routes': [], 'flavor_id': None, 'tags': [], 'created_at': '2025-03-26T20:59:30Z', 'updated_at': '2025-03-26T20:59:30Z', 'revision_number': 2, 'project_id': '6d91f82bf23743adbdf4342d619c7ef0'}
2025-03-26 20:59:34.475 69194 INFO tempest.lib.common.rest_client [req-f81d588a-d7af-4ee0-9e84-fae0bbfa4d27 req-f81d588a-d7af-4ee0-9e84-fae0bbfa4d27 ] Request (VolumesAssistedSnapshotsTest:setUpClass): 201 POST http://10.180.1.21/identity/v3/auth/tokens 0.071s
2025-03-26 20:59:34.496 69204 INFO tempest.lib.common.rest_client [req-2bf1bd79-c9da-4f72-a10a-17b1e8c6360e req-2bf1bd79-c9da-4f72-a10a-17b1e8c6360e ] Request (ServersWithSpecificFlavorTestJSON:test_verify_created_server_ephemeral_disk): 200 GET http://10.180.1.21/compute/v2.1/flavors/42 1.019s
2025-03-26 20:59:34.498 69240 INFO tempest.lib.common.rest_client [req-745d100a-467b-461b-b87e-9f27f5aa7180 req-745d100a-467b-461b-b87e-9f27f5aa7180 ] Request (HypervisorAdminNegativeUnderV252Test:test_show_servers_with_non_admin_user): 403 GET http://10.180.1.21/compute/v2.1/os-hypervisors/1/servers 0.995s
2025-03-26 20:59:34.499 69224 INFO tempest.lib.common.rest_client [req-901f4173-4832-4e12-8136-393c20cbc717 req-901f4173-4832-4e12-8136-393c20cbc717 ] Request (HypervisorAdminV228Test:tearDownClass): 204 DELETE http://10.180.1.21:9696/networking/v2.0/security-groups/34197b82-6f7e-447d-920d-9fd44158064a 0.508s
2025-03-26 20:59:34.519 69230 INFO tempest.lib.common.rest_client [req-dcb22926-6dbc-422c-81ec-ccf77ea48888 req-dcb22926-6dbc-422c-81ec-ccf77ea48888 ] Request (ServicesAdminNegativeV253TestJSON:test_get_service_by_invalid_params): 200 GET http://10.180.1.21/compute/v2.1/os-services?xxx=nova-compute 0.992s
2025-03-26 20:59:34.555 69202 INFO tempest.lib.common.rest_client [req-d6c9bdb5-2db0-414e-92cd-ecfa7b3effb3 req-d6c9bdb5-2db0-414e-92cd-ecfa7b3effb3 ] Request (HypervisorAdminUnderV252Test:tearDownClass): 200 GET http://10.180.1.21:9696/networking/v2.0/security-groups?tenant_id=f5a2ac8d73cc4878a7713f54e1d44ec9&name=default 0.666s
2025-03-26 20:59:34.560 69218 INFO tempest.lib.common.rest_client [req-7f8ad794-e287-4cc3-b169-e5119100465b req-7f8ad794-e287-4cc3-b169-e5119100465b ] Request (ImagesMetadataTestJSON:test_delete_image_metadata_item): 200 GET http://10.180.1.21/compute/v2.1/images/62d65064-6511-4d2f-8d85-d2689bff2b14/metadata 1.032s
2025-03-26 20:59:34.573 69182 INFO tempest.lib.common.rest_client [req-6afaadb1-9cc9-45c2-b532-2c3dbcb2a46c req-6afaadb1-9cc9-45c2-b532-2c3dbcb2a46c ] Request (HostsAdminNegativeTestJSON:test_show_host_detail_with_nonexistent_hostname): 404 GET http://10.180.1.21/compute/v2.1/os-hosts/nonexistent_hostname 1.037s
2025-03-26 20:59:34.577 69194 INFO tempest.lib.common.rest_client [req-a83ffb39-5b44-4c3a-8aa8-1dc4983f5365 req-a83ffb39-5b44-4c3a-8aa8-1dc4983f5365 ] Request (VolumesAssistedSnapshotsTest:setUpClass): 201 POST http://10.180.1.21/identity/v3/projects 0.102s
2025-03-26 20:59:34.595 69227 INFO tempest.lib.common.rest_client [req-5146e6c4-7c0c-489d-86f9-f86320b7aeb0 req-5146e6c4-7c0c-489d-86f9-f86320b7aeb0 ] Request (FlavorsV261TestJSON:test_crud_flavor): 200 GET http://10.180.1.21/compute/v2.1/flavors 1.022s
2025-03-26 20:59:34.623 69234 INFO tempest.lib.common.rest_client [req-7c92fc7c-1d5e-419c-b101-0937629adc49 req-7c92fc7c-1d5e-419c-b101-0937629adc49 ] Request (FlavorsAdminTestJSON:test_create_flavor_verify_entry_in_list_details): 200 GET http://10.180.1.21/compute/v2.1/flavors/detail 1.046s
2025-03-26 20:59:34.645 69224 INFO tempest.lib.common.rest_client [req-deb6cfe1-56f9-49c9-bfaf-6e2991726447 req-deb6cfe1-56f9-49c9-bfaf-6e2991726447 ] Request (HypervisorAdminV228Test:tearDownClass): 204 DELETE http://10.180.1.21/identity/v3/projects/f983059050684eb089eba99b5e535eea 0.145s
2025-03-26 20:59:34.646 69214 INFO tempest.lib.common.rest_client [req-db0fa93d-c7e6-45e6-b680-886e9f285a4e req-db0fa93d-c7e6-45e6-b680-886e9f285a4e ] Request (FlavorsV255TestJSON:_run_cleanups): 200 GET http://10.180.1.21/compute/v2.1/flavors/detail 1.056s
2025-03-26 20:59:34.675 69194 INFO tempest.lib.common.rest_client [req-89479beb-fba3-4503-bfba-d2d68c6f66c9 req-89479beb-fba3-4503-bfba-d2d68c6f66c9 ] Request (VolumesAssistedSnapshotsTest:setUpClass): 201 POST http://10.180.1.21/identity/v3/users 0.097s
2025-03-26 20:59:34.694 69224 INFO tempest.lib.common.rest_client [req-3610a0b1-14dd-40af-ae26-b87733ed6300 req-3610a0b1-14dd-40af-ae26-b87733ed6300 ] Request (HypervisorAdminV253TestBase:setUpClass): 201 POST http://10.180.1.21/identity/v3/auth/tokens 0.045s
2025-03-26 20:59:34.720 69194 INFO tempest.lib.common.rest_client [req-c19c5e49-d172-4f39-9cb1-6c586c508883 req-c19c5e49-d172-4f39-9cb1-6c586c508883 ] Request (VolumesAssistedSnapshotsTest:setUpClass): 200 GET http://10.180.1.21/identity/v3/roles 0.043s
2025-03-26 20:59:34.731 69237 INFO tempest.lib.common.rest_client [req-ca9361ee-0170-4665-b9b1-1f219755073f req-ca9361ee-0170-4665-b9b1-1f219755073f ] Request (HypervisorAdminTestJSON:tearDownClass): 200 GET http://10.180.1.21:9696/networking/v2.0/security-groups?tenant_id=281ae07426ee46849a6be46cff85d105&name=default 0.620s
2025-03-26 20:59:34.745 69214 INFO tempest.lib.common.rest_client [req-3743363f-c114-4497-b29b-f59b4242911c req-3743363f-c114-4497-b29b-f59b4242911c ] Request (FlavorsV255TestJSON:tearDownClass): 204 DELETE http://10.180.1.21/identity/v3/users/1b54dd6b4630457a930d69d337d6cea6 0.086s
2025-03-26 20:59:34.799 69224 INFO tempest.lib.common.rest_client [req-19ce5d2c-218a-42ee-aa2a-e50fc9261eb6 req-19ce5d2c-218a-42ee-aa2a-e50fc9261eb6 ] Request (HypervisorAdminV253TestBase:setUpClass): 201 POST http://10.180.1.21/identity/v3/auth/tokens 0.103s
2025-03-26 20:59:34.844 69194 INFO tempest.lib.common.rest_client [req-bee56118-9fcc-4a95-a2d5-4450dd0dc414 req-bee56118-9fcc-4a95-a2d5-4450dd0dc414 ] Request (VolumesAssistedSnapshotsTest:setUpClass): 204 PUT http://10.180.1.21/identity/v3/projects/8b287880c1f0425fa0094abe53334980/users/e93694082dc84dc5af13b986c2b3bd47/roles/3e0e19dbe55c453db0bd9d9b11462f4a 0.123s
2025-03-26 20:59:34.860 69232 INFO tempest.lib.common.rest_client [req-dbf9c7e4-2ca3-47d2-bd4f-ecbc71b9f09b req-dbf9c7e4-2ca3-47d2-bd4f-ecbc71b9f09b ] Request (FloatingIPsTestJSON:_run_cleanups): 202 DELETE http://10.180.1.21/compute/v2.1/os-floating-ips/7e69e58a-2b4d-4a05-ae82-2110b1eb8de1 1.904s
2025-03-26 20:59:34.861 69207 INFO tempest.lib.common.rest_client [req-51fe570e-717f-49dc-bc0c-6359e9a82426 req-51fe570e-717f-49dc-bc0c-6359e9a82426 ] Request (QuotasAdminTestJSON:test_get_default_quotas): 200 GET http://10.180.1.21/compute/v2.1/os-quota-sets/c9fdb98b1ec64bfd8c5bc7d0cc1d8171/defaults 1.052s
2025-03-26 20:59:34.880 69190 INFO tempest.lib.common.rest_client [req-3e984b38-e73c-4539-baf9-6223ef973b9b req-3e984b38-e73c-4539-baf9-6223ef973b9b ] Request (InstanceUsageAuditLogNegativeTestJSON:tearDownClass): 200 GET http://10.180.1.21:9696/networking/v2.0/security-groups?tenant_id=f1ded94b08cf484694836e2aa23c6f12&name=default 0.485s
2025-03-26 20:59:34.895 69188 INFO tempest.lib.common.rest_client [req-b29724f3-790b-4ec6-9ebd-4056bc56428d req-b29724f3-790b-4ec6-9ebd-4056bc56428d ] Request (FlavorsExtraSpecsNegativeTestJSON:tearDownClass): 200 GET http://10.180.1.21/compute/v2.1/flavors/detail 1.037s
2025-03-26 20:59:34.910 69224 INFO tempest.lib.common.rest_client [req-39f623d4-c60a-4d98-9363-819c9adbdd2a req-39f623d4-c60a-4d98-9363-819c9adbdd2a ] Request (HypervisorAdminV253TestBase:setUpClass): 200 GET http://10.180.1.21/identity/v3/domains?name=Default 0.110s
2025-03-26 20:59:34.930 69194 INFO tempest.lib.common.rest_client [req-e5219c74-c1de-422a-a403-dd56db470745 req-e5219c74-c1de-422a-a403-dd56db470745 ] Request (VolumesAssistedSnapshotsTest:setUpClass): 200 GET http://10.180.1.21/identity/v3/roles 0.085s
2025-03-26 20:59:34.953 69197 INFO tempest.lib.common.rest_client [req-2b1d3a32-fd2f-4e88-aee2-176b12976af5 req-2b1d3a32-fd2f-4e88-aee2-176b12976af5 ] Request (ImagesTestJSON:test_create_image_from_stopped_server): 200 GET http://10.180.1.21/compute/v2.1/servers/2905a98a-3997-4357-bcbc-65d31c2f694f 0.857s
2025-03-26 20:59:34.961 69197 INFO tempest.common.waiters [-] State transition "BUILD/None" ==> "BUILD/spawning" after 3 second wait
2025-03-26 20:59:34.978 69228 INFO tempest.lib.common.rest_client [req-7826c95b-4daf-438c-a0c3-a4da5779ebcf req-7826c95b-4daf-438c-a0c3-a4da5779ebcf ] Request (AggregatesAdminNegativeTestJSON:_run_cleanups): 200 DELETE http://10.180.1.21/compute/v2.1/os-aggregates/1 0.758s
2025-03-26 20:59:34.979 69237 INFO tempest.lib.common.rest_client [req-8688aa49-70bc-4f4c-ae86-7a440fed025d req-8688aa49-70bc-4f4c-ae86-7a440fed025d ] Request (HypervisorAdminTestJSON:tearDownClass): 204 DELETE http://10.180.1.21:9696/networking/v2.0/security-groups/14a004df-6b5f-414c-98cc-7875b81e8802 0.247s
2025-03-26 20:59:34.994 69212 INFO tempest.lib.common.rest_client [req-2b909913-5bf7-456e-8d17-ea542da2d11e req-2b909913-5bf7-456e-8d17-ea542da2d11e ] Request (ServersAdmin275Test:test_rebuild_update_server_275): 200 GET http://10.180.1.21/compute/v2.1/servers/0a29753b-e758-4037-9467-4e77cfe1461e 0.831s
2025-03-26 20:59:34.995 69214 INFO tempest.lib.common.rest_client [req-0c3d7576-e949-4b4d-ab35-61766fe761b7 req-0c3d7576-e949-4b4d-ab35-61766fe761b7 ] Request (FlavorsV255TestJSON:tearDownClass): 204 DELETE http://10.180.1.21/identity/v3/users/940987d392ed44d4b32b5b3d51ee669f 0.249s
2025-03-26 20:59:34.995 69214 INFO tempest.lib.common.dynamic_creds [-] Deleting project and security group for project: 18999ff9252e464eb94d748c7617d74d
2025-03-26 20:59:35.006 69222 INFO tempest.lib.common.rest_client [req-272957c9-2bcb-47ba-aeda-dfd10052adbd req-272957c9-2bcb-47ba-aeda-dfd10052adbd ] Request (FlavorsExtraSpecsTestJSON:test_flavor_set_get_update_show_unset_keys): 200 POST http://10.180.1.21/compute/v2.1/flavors/364740304/os-extra_specs 0.772s
2025-03-26 20:59:35.011 69202 INFO tempest.lib.common.rest_client [req-80d0ec86-58ed-447a-993a-159ef52507da req-80d0ec86-58ed-447a-993a-159ef52507da ] Request (HypervisorAdminUnderV252Test:tearDownClass): 204 DELETE http://10.180.1.21:9696/networking/v2.0/security-groups/32c709c7-d318-4ba2-80e6-f4c3a12b40ee 0.455s
2025-03-26 20:59:35.022 69207 INFO tempest.lib.common.rest_client [req-179abec4-2795-4b98-8c41-10f7278fefec req-179abec4-2795-4b98-8c41-10f7278fefec ] Request (QuotasAdminTestJSON:test_get_updated_quotas): 200 GET http://10.180.1.21/identity/v3/domains?name=Default 0.153s
2025-03-26 20:59:35.072 69184 INFO tempest.lib.common.rest_client [req-f9e713c3-daac-4ea4-9654-91ac44fcfdfe req-f9e713c3-daac-4ea4-9654-91ac44fcfdfe ] Request (ServerDiskConfigTestJSON:setUpClass): 201 POST http://10.180.1.21:9696/networking/v2.0/subnets 0.871s
2025-03-26 20:59:35.083 69224 INFO tempest.lib.common.rest_client [req-42ee28d3-d59a-4bfb-8417-6ee75ebbe7a2 req-42ee28d3-d59a-4bfb-8417-6ee75ebbe7a2 ] Request (HypervisorAdminV253TestBase:setUpClass): 201 POST http://10.180.1.21/identity/v3/projects 0.171s
2025-03-26 20:59:35.085 69192 INFO tempest.lib.common.rest_client [req-6a82c3d5-2a63-426e-84f2-d4416b82a3f6 req-6a82c3d5-2a63-426e-84f2-d4416b82a3f6 ] Request (DeleteServersAdminTestJSON:test_admin_delete_servers_of_others): 200 GET http://10.180.1.21/compute/v2.1/servers/39ead640-79b7-40b6-97c5-5f32bc787108 0.777s
2025-03-26 20:59:35.099 69188 INFO tempest.lib.common.rest_client [req-fd4397b5-6f38-41bc-bd86-422224df9870 req-fd4397b5-6f38-41bc-bd86-422224df9870 ] Request (FlavorsExtraSpecsNegativeTestJSON:tearDownClass): 204 DELETE http://10.180.1.21/identity/v3/users/dc932cb3fc8c43db8f647e722d9e7755 0.196s
2025-03-26 20:59:35.103 69216 INFO tempest.lib.common.rest_client [req-fe2ef1d5-9eff-4077-b8d2-6b945107ab98 req-fe2ef1d5-9eff-4077-b8d2-6b945107ab98 ] Request (KeyPairsV210TestJSON:_run_cleanups): 204 DELETE http://10.180.1.21/compute/v2.1/os-keypairs/tempest-KeyPairsV210TestJSON-keypair-393280714 0.729s
2025-03-26 20:59:35.116 69240 INFO tempest.lib.common.rest_client [req-7d63412a-54bd-4f67-8a82-bdaf068d0b04 req-7d63412a-54bd-4f67-8a82-bdaf068d0b04 ] Request (HypervisorAdminNegativeUnderV252Test:test_show_servers_with_nonexistent_hypervisor): 404 GET http://10.180.1.21/compute/v2.1/os-hypervisors/1c7c588e-1a87-47a6-a4d7-4abab4737ce4/servers 0.617s
2025-03-26 20:59:35.169 69194 INFO tempest.lib.common.rest_client [req-773da19a-c7ee-440a-b9c9-021e1b7f2271 req-773da19a-c7ee-440a-b9c9-021e1b7f2271 ] Request (VolumesAssistedSnapshotsTest:setUpClass): 204 PUT http://10.180.1.21/identity/v3/projects/8b287880c1f0425fa0094abe53334980/users/e93694082dc84dc5af13b986c2b3bd47/roles/0bbacec9b17344cbb2256ac8488f3272 0.238s
2025-03-26 20:59:35.169 69194 INFO tempest.lib.common.dynamic_creds [-] Dynamic test user e93694082dc84dc5af13b986c2b3bd47 is created with scope project and roles: ['admin', 'service']
2025-03-26 20:59:35.169 69194 INFO tempest.lib.common.dynamic_creds [-] Acquired dynamic creds: credentials: Credentials: {'domain_id': 'default', 'domain_name': 'Default', 'username': 'tempest-VolumesAssistedSnapshotsTest-1977930210-project', 'project_domain_id': 'default', 'project_domain_name': 'Default', 'project_id': '8b287880c1f0425fa0094abe53334980', 'project_name': 'tempest-VolumesAssistedSnapshotsTest-1977930210', 'tenant_id': '8b287880c1f0425fa0094abe53334980', 'tenant_name': 'tempest-VolumesAssistedSnapshotsTest-1977930210', 'user_domain_id': 'default', 'user_domain_name': 'Default', 'user_id': 'e93694082dc84dc5af13b986c2b3bd47', 'system': None}, Network: None, Subnet: None, Router: None
2025-03-26 20:59:35.230 69214 INFO tempest.lib.common.rest_client [req-dbb23640-60f5-4bc1-9c8f-fdbd519bbd1d req-dbb23640-60f5-4bc1-9c8f-fdbd519bbd1d ] Request (FlavorsV255TestJSON:tearDownClass): 201 POST http://10.180.1.21/identity/v3/auth/tokens 0.232s
2025-03-26 20:59:35.267 69237 INFO tempest.lib.common.rest_client [req-160c9a3f-bf2b-485c-8a4a-30d567d5e34c req-160c9a3f-bf2b-485c-8a4a-30d567d5e34c ] Request (HypervisorAdminTestJSON:tearDownClass): 204 DELETE http://10.180.1.21/identity/v3/projects/281ae07426ee46849a6be46cff85d105 0.286s
2025-03-26 20:59:35.267 69237 INFO tempest.lib.common.dynamic_creds [-] Deleting project and security group for project: df4c6522b13a4b6698c0d6eebb06986d
2025-03-26 20:59:35.282 69190 INFO tempest.lib.common.rest_client [req-f3def7cf-6bbf-4efa-bac1-2718df94fa8d req-f3def7cf-6bbf-4efa-bac1-2718df94fa8d ] Request (InstanceUsageAuditLogNegativeTestJSON:tearDownClass): 204 DELETE http://10.180.1.21:9696/networking/v2.0/security-groups/4eed72b5-6f40-412b-a7d7-ecd6905ac0f7 0.401s
2025-03-26 20:59:35.320 69202 INFO tempest.lib.common.rest_client [req-a88df465-6d5c-4d36-9e0d-93979117bb29 req-a88df465-6d5c-4d36-9e0d-93979117bb29 ] Request (HypervisorAdminUnderV252Test:tearDownClass): 204 DELETE http://10.180.1.21/identity/v3/projects/f5a2ac8d73cc4878a7713f54e1d44ec9 0.308s
2025-03-26 20:59:35.343 69208 INFO tempest.lib.common.rest_client [req-3dfc49a8-7826-4eeb-b438-f95e5c098ec7 req-3dfc49a8-7826-4eeb-b438-f95e5c098ec7 ] Request (AttachInterfacesTestJSON:setUpClass): 201 POST http://10.180.1.21:9696/networking/v2.0/routers 2.991s
2025-03-26 20:59:35.384 69224 INFO tempest.lib.common.rest_client [req-bd537431-f093-493d-869d-54ace822798c req-bd537431-f093-493d-869d-54ace822798c ] Request (HypervisorAdminV253TestBase:setUpClass): 201 POST http://10.180.1.21/identity/v3/users 0.300s
2025-03-26 20:59:35.391 69180 INFO tempest.lib.common.rest_client [req-eadf551f-a4fd-48e8-8b84-c0b0543bd7a8 req-eadf551f-a4fd-48e8-8b84-c0b0543bd7a8 ] Request (SecurityGroupRulesNegativeTestJSON:setUpClass): 201 POST http://10.180.1.21:9696/networking/v2.0/routers 2.308s
2025-03-26 20:59:35.405 69207 INFO tempest.lib.common.rest_client [req-d78bd8cf-bcee-44d9-bee3-3630e212606b req-d78bd8cf-bcee-44d9-bee3-3630e212606b ] Request (QuotasAdminTestJSON:test_get_updated_quotas): 201 POST http://10.180.1.21/identity/v3/projects 0.382s
2025-03-26 20:59:35.460 69188 INFO tempest.lib.common.rest_client [req-19bbf19e-ed08-456e-be79-04256ec39bbb req-19bbf19e-ed08-456e-be79-04256ec39bbb ] Request (FlavorsExtraSpecsNegativeTestJSON:tearDownClass): 204 DELETE http://10.180.1.21/identity/v3/users/1832b2f51ea649eea332643833b5a32c 0.361s
2025-03-26 20:59:35.460 69188 INFO tempest.lib.common.dynamic_creds [-] Deleting project and security group for project: 4db7336cd1334e888a1e1ae74471c636
2025-03-26 20:59:35.551 69240 INFO tempest.lib.common.rest_client [req-d3b0f2c4-a413-44b7-96c9-b99b131ca2c1 req-d3b0f2c4-a413-44b7-96c9-b99b131ca2c1 ] Request (HypervisorAdminNegativeUnderV252Test:tearDownClass): 204 DELETE http://10.180.1.21/identity/v3/users/ef67180b71334dadb1f28bf3b14b9079 0.433s
2025-03-26 20:59:35.592 69204 INFO tempest.lib.common.rest_client [req-5cb2e728-e1c8-48dc-a196-a00882c16087 req-5cb2e728-e1c8-48dc-a196-a00882c16087 ] Request (ServersWithSpecificFlavorTestJSON:test_verify_created_server_ephemeral_disk): 200 POST http://10.180.1.21/compute/v2.1/flavors 1.092s
2025-03-26 20:59:35.593 69238 INFO tempest.lib.common.rest_client [req-8284033e-d03e-4cb7-b9c1-ad213087e7b9 req-8284033e-d03e-4cb7-b9c1-ad213087e7b9 ] Request (SecurityGroupRulesTestJSON:setUpClass): 201 POST http://10.180.1.21:9696/networking/v2.0/routers 2.841s
2025-03-26 20:59:35.622 69230 INFO tempest.lib.common.rest_client [req-8dd55e2e-556d-49a6-aea0-8929889ae740 req-8dd55e2e-556d-49a6-aea0-8929889ae740 ] Request (ServicesAdminNegativeV253TestJSON:test_get_service_by_invalid_service_and_valid_host): 200 GET http://10.180.1.21/compute/v2.1/os-services 1.097s
2025-03-26 20:59:35.664 69237 INFO tempest.lib.common.rest_client [req-eda22eb0-f000-44bd-a524-ffaa9a73c524 req-eda22eb0-f000-44bd-a524-ffaa9a73c524 ] Request (HypervisorAdminTestJSON:tearDownClass): 200 GET http://10.180.1.21:9696/networking/v2.0/security-groups?tenant_id=df4c6522b13a4b6698c0d6eebb06986d&name=default 0.396s
2025-03-26 20:59:35.687 69220 INFO tempest.lib.common.rest_client [req-cd09c69c-f861-4623-8af6-fcf924af7107 req-cd09c69c-f861-4623-8af6-fcf924af7107 ] Request (FlavorsAccessTestJSON:test_flavor_access_add_remove): 200 POST http://10.180.1.21/compute/v2.1/flavors/1097395033/action 1.319s
2025-03-26 20:59:35.693 69182 INFO tempest.lib.common.rest_client [req-8dd24977-3bef-402d-9fa1-31b5812d8405 req-8dd24977-3bef-402d-9fa1-31b5812d8405 ] Request (HostsAdminNegativeTestJSON:test_shutdown_host_with_non_admin_user): 403 GET http://10.180.1.21/compute/v2.1/os-hosts/devstack/shutdown 1.118s
2025-03-26 20:59:35.700 69202 INFO tempest.lib.common.rest_client [req-ae34d301-1eb4-4a4e-a761-de01ecad51f2 req-ae34d301-1eb4-4a4e-a761-de01ecad51f2 ] Request (ServersTestManualDisk:setUpClass): 201 POST http://10.180.1.21/identity/v3/auth/tokens 0.379s
2025-03-26 20:59:35.714 69227 INFO tempest.lib.common.rest_client [req-40b07ef9-02aa-41c5-adf8-5e02280fad4c req-40b07ef9-02aa-41c5-adf8-5e02280fad4c ] Request (FlavorsV261TestJSON:_run_cleanups): 202 DELETE http://10.180.1.21/compute/v2.1/flavors/2080151595 1.112s
2025-03-26 20:59:35.738 69234 INFO tempest.lib.common.rest_client [req-3931f633-08d2-4399-b922-5d137a6f924e req-3931f633-08d2-4399-b922-5d137a6f924e ] Request (FlavorsAdminTestJSON:_run_cleanups): 202 DELETE http://10.180.1.21/compute/v2.1/flavors/1165086139 1.110s
2025-03-26 20:59:35.743 69190 INFO tempest.lib.common.rest_client [req-88536832-4d97-451e-be1e-ad416c4f9703 req-88536832-4d97-451e-be1e-ad416c4f9703 ] Request (InstanceUsageAuditLogNegativeTestJSON:tearDownClass): 204 DELETE http://10.180.1.21/identity/v3/projects/f1ded94b08cf484694836e2aa23c6f12 0.461s
2025-03-26 20:59:35.761 69224 INFO tempest.lib.common.rest_client [req-47c7213a-5c0b-45bd-8719-ac49f4c09f93 req-47c7213a-5c0b-45bd-8719-ac49f4c09f93 ] Request (HypervisorAdminV253TestBase:setUpClass): 200 GET http://10.180.1.21/identity/v3/roles 0.376s
2025-03-26 20:59:35.790 69188 INFO tempest.lib.common.rest_client [req-dc2f3a86-693c-4c51-a934-9344f3dca472 req-dc2f3a86-693c-4c51-a934-9344f3dca472 ] Request (FlavorsExtraSpecsNegativeTestJSON:tearDownClass): 201 POST http://10.180.1.21/identity/v3/auth/tokens 0.330s
2025-03-26 20:59:35.843 69207 INFO tempest.lib.common.rest_client [req-e88ba69a-6ab2-4d95-a531-2286bf771ca6 req-e88ba69a-6ab2-4d95-a531-2286bf771ca6 ] Request (QuotasAdminTestJSON:test_get_updated_quotas): 200 GET http://10.180.1.21/identity/v3/domains?name=Default 0.437s
2025-03-26 20:59:35.863 69240 INFO tempest.lib.common.rest_client [req-2c6a2833-952b-4828-9e77-f0dd5546e84c req-2c6a2833-952b-4828-9e77-f0dd5546e84c ] Request (HypervisorAdminNegativeUnderV252Test:tearDownClass): 204 DELETE http://10.180.1.21/identity/v3/users/744d3a2481b44fb49186a4e9ee664255 0.311s
2025-03-26 20:59:35.863 69240 INFO tempest.lib.common.dynamic_creds [-] Deleting project and security group for project: fa80f118af2a4c528243da368572b472
2025-03-26 20:59:35.888 69186 INFO tempest.lib.common.rest_client [req-04576f52-2173-44a3-95a8-a3b9dcb88414 req-04576f52-2173-44a3-95a8-a3b9dcb88414 ] Request (TenantUsagesTestJSON:setUpClass): 200 GET http://10.180.1.21/compute/v2.1/servers/12460f16-35cc-4188-8839-fa43e3835a2d 1.037s
2025-03-26 20:59:35.894 69218 INFO tempest.lib.common.rest_client [req-fee45c1d-da12-4388-a7ba-c6bb9b488999 req-fee45c1d-da12-4388-a7ba-c6bb9b488999 ] Request (ImagesMetadataTestJSON:setUp): 200 PUT http://10.180.1.21/compute/v2.1/images/62d65064-6511-4d2f-8d85-d2689bff2b14/metadata 1.332s
2025-03-26 20:59:35.905 69202 INFO tempest.lib.common.rest_client [req-6bb8c832-382a-4ce3-a8bf-fd68e9d45019 req-6bb8c832-382a-4ce3-a8bf-fd68e9d45019 ] Request (ServersTestManualDisk:setUpClass): 201 POST http://10.180.1.21/identity/v3/auth/tokens 0.202s
2025-03-26 20:59:35.920 69228 INFO tempest.lib.common.rest_client [req-f4db0713-93bd-4258-b0a3-d7ccc81ea721 req-f4db0713-93bd-4258-b0a3-d7ccc81ea721 ] Request (AggregatesAdminNegativeTestJSON:test_aggregate_add_host_as_user): 200 POST http://10.180.1.21/compute/v2.1/os-aggregates 0.930s
2025-03-26 20:59:35.930 69190 INFO tempest.lib.common.rest_client [req-37d8c18f-6677-4a8a-8e10-e77c929a618a req-37d8c18f-6677-4a8a-8e10-e77c929a618a ] Request (ServersAdminTestJSON:setUpClass): 201 POST http://10.180.1.21/identity/v3/auth/tokens 0.185s
2025-03-26 20:59:35.937 69224 INFO tempest.lib.common.rest_client [req-8e15b3dc-f7de-4194-852a-6f97778fa37d req-8e15b3dc-f7de-4194-852a-6f97778fa37d ] Request (HypervisorAdminV253TestBase:setUpClass): 204 PUT http://10.180.1.21/identity/v3/projects/9e7a6d67c9084d3483a7355555b6219b/users/cafa32522edf4cdbad02357dba994ca9/roles/09f0821c90444411ad791eb297ad4e1f 0.176s
2025-03-26 20:59:35.937 69222 INFO tempest.lib.common.rest_client [req-833fe31e-5830-44e2-8538-8515d07b21ee req-833fe31e-5830-44e2-8538-8515d07b21ee ] Request (FlavorsExtraSpecsTestJSON:test_flavor_set_get_update_show_unset_keys): 200 GET http://10.180.1.21/compute/v2.1/flavors/364740304/os-extra_specs 0.930s
2025-03-26 20:59:35.937 69224 INFO tempest.lib.common.dynamic_creds [-] Dynamic test user cafa32522edf4cdbad02357dba994ca9 is created with scope project and roles: ['member']
2025-03-26 20:59:35.937 69224 INFO tempest.lib.common.dynamic_creds [-] Acquired dynamic creds: credentials: Credentials: {'domain_id': 'default', 'domain_name': 'Default', 'username': 'tempest-HypervisorAdminV253TestBase-21711853-project-member', 'project_domain_id': 'default', 'project_domain_name': 'Default', 'project_id': '9e7a6d67c9084d3483a7355555b6219b', 'project_name': 'tempest-HypervisorAdminV253TestBase-21711853', 'tenant_id': '9e7a6d67c9084d3483a7355555b6219b', 'tenant_name': 'tempest-HypervisorAdminV253TestBase-21711853', 'user_domain_id': 'default', 'user_domain_name': 'Default', 'user_id': 'cafa32522edf4cdbad02357dba994ca9', 'system': None}, Network: None, Subnet: None, Router: None
2025-03-26 20:59:35.937 69224 INFO tempest.lib.common.dynamic_creds [-] Created isolated network resources for: credentials: Credentials: {'domain_id': 'default', 'domain_name': 'Default', 'username': 'tempest-HypervisorAdminV253TestBase-21711853-project-member', 'project_domain_id': 'default', 'project_domain_name': 'Default', 'project_id': '9e7a6d67c9084d3483a7355555b6219b', 'project_name': 'tempest-HypervisorAdminV253TestBase-21711853', 'tenant_id': '9e7a6d67c9084d3483a7355555b6219b', 'tenant_name': 'tempest-HypervisorAdminV253TestBase-21711853', 'user_domain_id': 'default', 'user_domain_name': 'Default', 'user_id': 'cafa32522edf4cdbad02357dba994ca9', 'system': None}, Network: None, Subnet: None, Router: None
2025-03-26 20:59:35.954 69216 INFO tempest.lib.common.rest_client [req-3ab6098c-3038-4b2a-a78d-afcc6ae07f75 req-3ab6098c-3038-4b2a-a78d-afcc6ae07f75 ] Request (KeyPairsV210TestJSON:_run_cleanups): 204 DELETE http://10.180.1.21/compute/v2.1/os-keypairs/tempest-keypair-1572393257?user_id=b6926a64161a42528937ca237444c8ae 0.849s
2025-03-26 20:59:35.967 69204 INFO tempest.lib.common.rest_client [req-79b6eb6c-2159-4f8b-a9cd-6fcfea3c67d3 req-79b6eb6c-2159-4f8b-a9cd-6fcfea3c67d3 ] Request (ServersWithSpecificFlavorTestJSON:test_verify_created_server_ephemeral_disk): 200 GET http://10.180.1.21/compute/v2.1/flavors/42/os-extra_specs 0.372s
2025-03-26 20:59:35.989 69230 INFO tempest.lib.common.rest_client [req-64b3df23-bc6c-47ba-9af0-94e908ffe32c req-64b3df23-bc6c-47ba-9af0-94e908ffe32c ] Request (ServicesAdminNegativeV253TestJSON:test_get_service_by_invalid_service_and_valid_host): 200 GET http://10.180.1.21/compute/v2.1/os-services?host=devstack&binary=xxx 0.362s
2025-03-26 20:59:35.999 69240 INFO tempest.lib.common.rest_client [req-e2a1bd53-b4c1-4bf0-b498-2ecc0f923afc req-e2a1bd53-b4c1-4bf0-b498-2ecc0f923afc ] Request (HypervisorAdminNegativeUnderV252Test:tearDownClass): 201 POST http://10.180.1.21/identity/v3/auth/tokens 0.136s
2025-03-26 20:59:36.011 69220 INFO tempest.lib.common.rest_client [req-75c88bbf-106b-46b2-9b65-561729ff71df req-75c88bbf-106b-46b2-9b65-561729ff71df ] Request (FlavorsAccessTestJSON:test_flavor_access_add_remove): 200 GET http://10.180.1.21/compute/v2.1/flavors/detail 0.320s
2025-03-26 20:59:36.023 69182 INFO tempest.lib.common.rest_client [req-89d8882e-dd0f-492f-a5c8-bb14ffb4ec0e req-89d8882e-dd0f-492f-a5c8-bb14ffb4ec0e ] Request (HostsAdminNegativeTestJSON:test_shutdown_nonexistent_host): 404 GET http://10.180.1.21/compute/v2.1/os-hosts/nonexistent_hostname/shutdown 0.328s
2025-03-26 20:59:36.023 69202 INFO tempest.lib.common.rest_client [req-7413b462-4840-476c-87da-2e331e845857 req-7413b462-4840-476c-87da-2e331e845857 ] Request (ServersTestManualDisk:setUpClass): 200 GET http://10.180.1.21/identity/v3/domains?name=Default 0.118s
2025-03-26 20:59:36.047 69227 INFO tempest.lib.common.rest_client [req-099f3abd-f5d9-4079-8956-b1cb5fd2436f req-099f3abd-f5d9-4079-8956-b1cb5fd2436f ] Request (FlavorsV261TestJSON:_run_cleanups): 200 GET http://10.180.1.21/compute/v2.1/flavors/detail 0.332s
2025-03-26 20:59:36.056 69190 INFO tempest.lib.common.rest_client [req-377db39d-1b95-451e-aee5-5bad9344bcec req-377db39d-1b95-451e-aee5-5bad9344bcec ] Request (ServersAdminTestJSON:setUpClass): 201 POST http://10.180.1.21/identity/v3/auth/tokens 0.122s
2025-03-26 20:59:36.074 69234 INFO tempest.lib.common.rest_client [req-25eadd7c-c8ce-48e1-881a-4efb7b8fb648 req-25eadd7c-c8ce-48e1-881a-4efb7b8fb648 ] Request (FlavorsAdminTestJSON:_run_cleanups): 200 GET http://10.180.1.21/compute/v2.1/flavors/detail 0.335s
2025-03-26 20:59:36.113 69224 INFO tempest.lib.common.rest_client [req-87e116d3-fbb7-47d9-8913-11e309a8c637 req-87e116d3-fbb7-47d9-8913-11e309a8c637 ] Request (HypervisorAdminV253TestBase:setUpClass): 201 POST http://10.180.1.21/identity/v3/auth/tokens 0.170s
2025-03-26 20:59:36.130 69194 INFO tempest.lib.common.rest_client [req-0597755d-f2a2-4bae-ad31-5dd630f3c72f req-0597755d-f2a2-4bae-ad31-5dd630f3c72f ] Request (VolumesAssistedSnapshotsTest:setUpClass): 201 POST http://10.180.1.21:9696/networking/v2.0/networks 0.960s
2025-03-26 20:59:36.144 69202 INFO tempest.lib.common.rest_client [req-fad6f4a5-de02-4709-8ac3-c95dcc65b6d4 req-fad6f4a5-de02-4709-8ac3-c95dcc65b6d4 ] Request (ServersTestManualDisk:setUpClass): 201 POST http://10.180.1.21/identity/v3/projects 0.120s
2025-03-26 20:59:36.196 69214 INFO tempest.lib.common.rest_client [req-ae3872d8-60b4-425b-a2d2-13777d1ab816 req-ae3872d8-60b4-425b-a2d2-13777d1ab816 ] Request (FlavorsV255TestJSON:tearDownClass): 200 GET http://10.180.1.21:9696/networking/v2.0/security-groups?tenant_id=18999ff9252e464eb94d748c7617d74d&name=default 0.965s
2025-03-26 20:59:36.209 69190 INFO tempest.lib.common.rest_client [req-2289fc05-8ac5-4fde-898e-6740acc7064a req-2289fc05-8ac5-4fde-898e-6740acc7064a ] Request (ServersAdminTestJSON:setUpClass): 200 GET http://10.180.1.21/identity/v3/domains?name=Default 0.153s
2025-03-26 20:59:36.241 69237 INFO tempest.lib.common.rest_client [req-f0fb2b40-3727-4d7b-855c-1d69fff74cc1 req-f0fb2b40-3727-4d7b-855c-1d69fff74cc1 ] Request (HypervisorAdminTestJSON:tearDownClass): 204 DELETE http://10.180.1.21:9696/networking/v2.0/security-groups/bc734fcc-966b-47a8-834b-0b12081dae2b 0.577s
