2025-03-26 21:00:48.557 69222 INFO tempest.lib.common.rest_client [req-797d07a9-c957-44b1-9c3f-a5801dda05a6 req-797d07a9-c957-44b1-9c3f-a5801dda05a6 ] Request (FloatingIPsAssociationNegativeTestJSON:setUpClass): 200 GET http://10.180.1.21/compute/v2.1/servers/c3a56259-acf4-4d26-929b-fdde7b5c97eb 0.332s
2025-03-26 21:00:48.632 69230 INFO tempest.lib.common.rest_client [req-a0a4e014-6299-474e-b3aa-360491b24e99 req-a0a4e014-6299-474e-b3aa-360491b24e99 ] Request (FloatingIPsAssociationTestJSON:test_associate_already_associated_floating_ip): 200 GET http://10.180.1.21/compute/v2.1/servers/b3f025fc-1b13-4953-b4e2-1939a684998c 0.321s
2025-03-26 21:00:48.668 69240 INFO tempest.lib.common.rest_client [req-9d8c23fc-542f-4142-a182-c3d137714f98 req-9d8c23fc-542f-4142-a182-c3d137714f98 ] Request (ServersTestBootFromVolume:setUpClass): 200 PUT http://10.180.1.21:9696/networking/v2.0/routers/6dc39791-fb01-4ea2-b964-db01518d357d/add_router_interface 1.473s
2025-03-26 21:00:48.669 69240 INFO tempest.lib.common.dynamic_creds [-] Created isolated network resources for: credentials: Credentials: {'domain_id': 'default', 'domain_name': 'Default', 'username': 'tempest-ServersTestBootFromVolume-707505720-project-member', 'project_domain_id': 'default', 'project_domain_name': 'Default', 'project_id': '3ea96af7e43f42039ed644b5f6b41da1', 'project_name': 'tempest-ServersTestBootFromVolume-707505720', 'tenant_id': '3ea96af7e43f42039ed644b5f6b41da1', 'tenant_name': 'tempest-ServersTestBootFromVolume-707505720', 'user_domain_id': 'default', 'user_domain_name': 'Default', 'user_id': '25ebe96235b54bd79f06e2eaf78d2fe2', 'system': None}, Network: {'id': '2c4d218b-cea9-4427-8469-8ac1c1b5cbe9', 'name': 'tempest-ServersTestBootFromVolume-680011063-network', 'tenant_id': '3ea96af7e43f42039ed644b5f6b41da1', 'admin_state_up': True, 'mtu': 8950, 'status': 'ACTIVE', 'subnets': [], 'shared': False, 'project_id': '3ea96af7e43f42039ed644b5f6b41da1', 'port_security_enabled': True, 'router:external': False, 'provider:network_type': 'vlan', 'provider:physical_network': 'default', 'provider:segmentation_id': 386, 'availability_zone_hints': [], 'availability_zones': [], 'ipv4_address_scope': None, 'ipv6_address_scope': None, 'description': '', 'tags': [], 'created_at': '2025-03-26T21:00:45Z', 'updated_at': '2025-03-26T21:00:46Z', 'revision_number': 1}, Subnet: {'id': 'de83e462-f161-4832-9813-ecadebfa0227', 'name': 'tempest-ServersTestBootFromVolume-680011063-subnet', 'tenant_id': '3ea96af7e43f42039ed644b5f6b41da1', 'network_id': '2c4d218b-cea9-4427-8469-8ac1c1b5cbe9', 'ip_version': 4, 'subnetpool_id': None, 'enable_dhcp': True, 'ipv6_ra_mode': None, 'ipv6_address_mode': None, 'gateway_ip': '192.168.128.1', 'cidr': '192.168.128.0/28', 'allocation_pools': [{'start': '192.168.128.2', 'end': '192.168.128.14'}], 'host_routes': [], 'dns_nameservers': [], 'description': '', 'router:external': False, 'service_types': [], 'tags': [], 'created_at': '2025-03-26T21:00:46Z', 'updated_at': '2025-03-26T21:00:46Z', 'revision_number': 0, 'project_id': '3ea96af7e43f42039ed644b5f6b41da1'}, Router: {'id': '6dc39791-fb01-4ea2-b964-db01518d357d', 'name': 'tempest-ServersTestBootFromVolume-680011063-router', 'tenant_id': '3ea96af7e43f42039ed644b5f6b41da1', 'admin_state_up': True, 'status': 'ACTIVE', 'external_gateway_info': {'network_id': '6f63e803-a557-4db1-a1da-6cf7711a818e', 'external_fixed_ips': [{'subnet_id': 'a2309ee9-5b51-4275-b214-6a306a34b7f5', 'ip_address': '10.180.180.135'}], 'enable_snat': True}, 'description': '', 'availability_zones': [], 'distributed': False, 'ha': False, 'availability_zone_hints': [], 'routes': [], 'flavor_id': None, 'tags': [], 'created_at': '2025-03-26T21:00:46Z', 'updated_at': '2025-03-26T21:00:46Z', 'revision_number': 2, 'project_id': '3ea96af7e43f42039ed644b5f6b41da1'}
2025-03-26 21:00:48.683 69184 INFO tempest.lib.common.rest_client [req-65c47b39-4600-4599-b939-e25136e4cc78 req-65c47b39-4600-4599-b939-e25136e4cc78 ] Request (ServerDiskConfigTestJSON:test_rebuild_server_with_manual_disk_config): 200 GET http://10.180.1.21/compute/v2.1/servers/ce042a29-f8f3-4c79-a270-f003c2c60a7f 0.289s
2025-03-26 21:00:48.747 69190 INFO tempest.lib.common.rest_client [req-7f0c2007-b33c-452f-82df-eff580c4692b req-7f0c2007-b33c-452f-82df-eff580c4692b ] Request (ServersAdminTestJSON:test_create_server_with_scheduling_hint): 200 GET http://10.180.1.21/compute/v2.1/servers/fd248bbd-b4f7-4efb-9575-f3019b0888a9 0.298s
2025-03-26 21:00:48.756 69224 INFO tempest.lib.common.rest_client [req-d86fc5c9-c284-4b97-b3c8-678760dde270 req-d86fc5c9-c284-4b97-b3c8-678760dde270 ] Request (ServerMetadataNegativeTestJSON:test_server_create_metadata_key_too_long): 400 POST http://10.180.1.21/compute/v2.1/servers 0.263s
2025-03-26 21:00:48.767 69234 INFO tempest.lib.common.rest_client [req-bcaade5b-85cc-4609-b781-ad8ba1dda6a6 req-bcaade5b-85cc-4609-b781-ad8ba1dda6a6 ] Request (FloatingIPDetailsTestJSON:setUpClass): 200 POST http://10.180.1.21/compute/v2.1/os-floating-ips 0.923s
2025-03-26 21:00:48.782 69240 INFO tempest.lib.common.rest_client [req-c29d53ab-602e-4904-a6ff-f629ce249c3f req-c29d53ab-602e-4904-a6ff-f629ce249c3f ] Request (ServersTestBootFromVolume:setUpClass): 201 POST http://10.180.1.21/identity/v3/auth/tokens 0.110s
2025-03-26 21:00:48.816 69228 INFO tempest.lib.common.rest_client [req-7d5c2afd-ad77-4c20-bc9d-5bc6fc621cfc req-7d5c2afd-ad77-4c20-bc9d-5bc6fc621cfc ] Request (ServerAddressesNegativeTestJSON:setUpClass): 200 GET http://10.180.1.21/compute/v2.1/servers/be00f9d7-3571-4249-a3c8-b87f43123930 0.321s
2025-03-26 21:00:48.824 69238 INFO tempest.lib.common.rest_client [req-c4c84cca-b8e3-47e6-bee8-e55911f07813 req-c4c84cca-b8e3-47e6-bee8-e55911f07813 ] Request (VolumesTestJSON:tearDownClass): 404 GET http://10.180.1.21/volume/v3/volumes/f3110340-8b50-490b-b05a-a4957973cb65 0.019s
2025-03-26 21:00:48.847 69227 INFO tempest.lib.common.rest_client [req-4a5743ef-0caa-4790-9d7a-09e62281544b req-4a5743ef-0caa-4790-9d7a-09e62281544b ] Request (ServerMetadataTestJSON:tearDownClass): 200 GET http://10.180.1.21/compute/v2.1/servers/edbbd373-a587-4846-8a31-917e08e63edd 0.281s
2025-03-26 21:00:48.899 69238 INFO tempest.lib.common.rest_client [req-f30c220c-1f21-4422-9555-a62f1a503b85 req-f30c220c-1f21-4422-9555-a62f1a503b85 ] Request (VolumesTestJSON:tearDownClass): 204 DELETE http://10.180.1.21/identity/v3/users/bbae39c09eea44c9b988f36d530554e5 0.074s
2025-03-26 21:00:48.899 69238 INFO tempest.lib.common.dynamic_creds [-] Deleting project and security group for project: 5c39585b7fc94706a813ac9fb0cc3653
2025-03-26 21:00:48.904 69210 INFO tempest.lib.common.rest_client [req-edd26565-95af-4fb4-b4b6-6dfff1970ce0 req-edd26565-95af-4fb4-b4b6-6dfff1970ce0 ] Request (ServersAdminNegativeTestJSON:setUpClass): 200 GET http://10.180.1.21/compute/v2.1/servers/8856fccf-17f5-4669-8536-2cf0f7803110 0.209s
2025-03-26 21:00:48.913 69224 INFO tempest.lib.common.rest_client [req-b89ebc7a-9180-4640-9140-cb2c6bdad79f req-b89ebc7a-9180-4640-9140-cb2c6bdad79f ] Request (ServerMetadataNegativeTestJSON:test_server_metadata_non_existent_server): 404 GET http://10.180.1.21/compute/v2.1/servers/7fb0c5b1-b5cd-4ee4-bc7b-6b1f2e253f78/metadata/test2 0.155s
2025-03-26 21:00:48.980 69238 INFO tempest.lib.common.rest_client [req-6ede18e5-ab5e-45e2-9013-264f472b391e req-6ede18e5-ab5e-45e2-9013-264f472b391e ] Request (VolumesTestJSON:tearDownClass): 201 POST http://10.180.1.21/identity/v3/auth/tokens 0.080s
2025-03-26 21:00:48.981 69182 INFO tempest.lib.common.rest_client [req-7604efae-b2c5-4475-ba41-db80cd95fd93 req-7604efae-b2c5-4475-ba41-db80cd95fd93 ] Request (ListServersNegativeTestJSON:setUpClass): 200 GET http://10.180.1.21/compute/v2.1/servers/71a2b320-61f5-41fe-ae4f-e6ddfe0fbeb5 0.357s
2025-03-26 21:00:48.991 69182 INFO tempest.common.waiters [-] State transition "BUILD/networking" ==> "BUILD/spawning" after 37 second wait
2025-03-26 21:00:49.042 69243 INFO tempest.lib.common.rest_client [req-98014207-503b-4828-9869-2d6d6b5cffd6 req-98014207-503b-4828-9869-2d6d6b5cffd6 ] Request (AttachInterfacesV270Test:test_create_get_list_interfaces): 200 GET http://10.180.1.21/compute/v2.1/servers/effc35fc-c65b-4e44-9635-af615d5b0a47 0.265s
2025-03-26 21:00:49.202 69240 INFO tempest.lib.common.rest_client [req-91856fec-7a5d-4580-885a-fc551f9b6673 req-91856fec-7a5d-4580-885a-fc551f9b6673 ] Request (ServersTestBootFromVolume:setUpClass): 200 POST http://10.180.1.21/compute/v2.1/os-keypairs 0.418s
2025-03-26 21:00:49.293 69238 INFO tempest.lib.common.rest_client [req-857dc279-ccd7-4aee-a314-1a1759cedc1a req-857dc279-ccd7-4aee-a314-1a1759cedc1a ] Request (VolumesTestJSON:tearDownClass): 200 GET http://10.180.1.21:9696/networking/v2.0/security-groups?tenant_id=5c39585b7fc94706a813ac9fb0cc3653&name=default 0.313s
2025-03-26 21:00:49.299 69197 INFO tempest.lib.common.rest_client [req-3eba916a-dfbe-409c-bc65-161a684c7c17 req-3eba916a-dfbe-409c-bc65-161a684c7c17 ] Request (ImagesTestJSON:test_create_image_from_suspended_server): 200 GET http://10.180.1.21/compute/v2.1/servers/7daf798a-21b2-43e2-8f25-8f349f2863e4 0.469s
2025-03-26 21:00:49.354 69240 INFO tempest.lib.common.rest_client [req-56d53904-28f5-4285-b4c9-492550c20274 req-56d53904-28f5-4285-b4c9-492550c20274 ] Request (ServersTestBootFromVolume:setUpClass): 201 POST http://10.180.1.21:9696/networking/v2.0/security-groups 0.150s
2025-03-26 21:00:49.373 69220 INFO tempest.lib.common.rest_client [req-6afe7d0a-31f8-4a3a-bbcc-48fba4f35a7c req-6afe7d0a-31f8-4a3a-bbcc-48fba4f35a7c ] Request (AttachVolumeTestJSON:test_attach_detach_volume): 200 GET http://10.180.1.21/compute/v2.1/servers/bf8eaa7a-343b-49dc-b5f9-0465794804f0 0.457s
2025-03-26 21:00:49.402 69224 INFO tempest.lib.common.rest_client [req-cbf66ac5-3279-48ca-869a-4a6949963a23 req-cbf66ac5-3279-48ca-869a-4a6949963a23 ] Request (ServerMetadataNegativeTestJSON:test_set_metadata_invalid_key): 400 PUT http://10.180.1.21/compute/v2.1/servers/69161637-7589-4a65-8f6d-39831ceb7480/metadata/key 0.488s
2025-03-26 21:00:49.423 69202 INFO paramiko.transport [-] Connected (version 2.0, client dropbear_2020.81)
2025-03-26 21:00:49.433 69238 INFO tempest.lib.common.rest_client [req-261ba0e8-a6fb-4a8f-9d1c-037dbf859404 req-261ba0e8-a6fb-4a8f-9d1c-037dbf859404 ] Request (VolumesTestJSON:tearDownClass): 204 DELETE http://10.180.1.21:9696/networking/v2.0/security-groups/215eb494-40c8-4af4-bed1-4ebccc1f5614 0.136s
2025-03-26 21:00:49.467 69192 INFO tempest.lib.common.rest_client [req-64e1debe-da64-4315-905d-0517984cfe5e req-64e1debe-da64-4315-905d-0517984cfe5e ] Request (DeleteServersAdminTestJSON:test_delete_server_while_in_error_state): 200 GET http://10.180.1.21/compute/v2.1/servers/9a76468d-f4d4-4a63-8c5b-a43f002cc535 0.543s
2025-03-26 21:00:49.487 69240 INFO tempest.lib.common.rest_client [req-92ac8699-77c3-4290-8e6e-02415615df9a req-92ac8699-77c3-4290-8e6e-02415615df9a ] Request (ServersTestBootFromVolume:setUpClass): 201 POST http://10.180.1.21:9696/networking/v2.0/security-group-rules 0.133s
2025-03-26 21:00:49.488 69202 INFO paramiko.transport [-] Authentication (publickey) successful!
2025-03-26 21:00:49.488 69202 INFO tempest.lib.common.ssh [-] ssh connection to cirros@10.180.180.182 successfully created
2025-03-26 21:00:49.523 69238 INFO tempest.lib.common.rest_client [req-537a2278-b343-4362-b0f4-6ec642865d94 req-537a2278-b343-4362-b0f4-6ec642865d94 ] Request (VolumesTestJSON:tearDownClass): 204 DELETE http://10.180.1.21/identity/v3/projects/5c39585b7fc94706a813ac9fb0cc3653 0.089s
2025-03-26 21:00:49.598 69240 INFO tempest.lib.common.rest_client [req-3b2a926c-5c2b-48ee-a471-93128dab9ea4 req-3b2a926c-5c2b-48ee-a471-93128dab9ea4 ] Request (ServersTestBootFromVolume:setUpClass): 201 POST http://10.180.1.21:9696/networking/v2.0/security-group-rules 0.110s
2025-03-26 21:00:49.790 69207 INFO tempest.lib.common.rest_client [req-fad53a54-eb68-4576-b6b1-ff3988ec9eda req-fad53a54-eb68-4576-b6b1-ff3988ec9eda ] Request (ServersListShow298Test:tearDownClass): 200 GET http://10.180.1.21/compute/v2.1/servers/ddde5559-2e16-42cb-8d25-60f3fa15cda4 0.800s
2025-03-26 21:00:49.845 69216 INFO tempest.lib.common.rest_client [req-0a231184-f003-4989-802c-26daf406b595 req-0a231184-f003-4989-802c-26daf406b595 ] Request (ServerExternalEventsTest:test_create_server_external_events): 200 GET http://10.180.1.21/compute/v2.1/servers/01c1c8d4-2e8e-40eb-bacb-9b6f1b26d955 0.791s
2025-03-26 21:00:49.899 69214 INFO tempest.lib.common.rest_client [req-26f2c872-6ceb-4c03-82fc-1af200a35aee req-26f2c872-6ceb-4c03-82fc-1af200a35aee ] Request (ServerActionsTestOtherB:setUpClass): 200 GET http://10.180.1.21/compute/v2.1/servers/52342a01-c1ee-4cca-bc8c-ab2dc8a7b8dc 0.781s
2025-03-26 21:00:49.967 69237 INFO tempest.lib.common.rest_client [req-d049e317-a729-433e-bd84-56b2977ac437 req-d049e317-a729-433e-bd84-56b2977ac437 ] Request (ServerDiagnosticsV248Test:tearDownClass): 200 GET http://10.180.1.21/compute/v2.1/servers/2b822b35-94ac-48bb-a46f-2cda8ecfce06 0.787s
2025-03-26 21:00:50.006 69234 INFO tempest.lib.common.rest_client [req-9e4279f6-53ab-4f70-bff0-40a0654e3572 req-9e4279f6-53ab-4f70-bff0-40a0654e3572 ] Request (FloatingIPDetailsTestJSON:test_get_floating_ip_details): 200 POST http://10.180.1.21/compute/v2.1/os-floating-ips 1.237s
2025-03-26 21:00:50.026 69186 INFO tempest.lib.common.rest_client [req-e732c9cb-49fb-4662-8796-8768c98ae446 req-e732c9cb-49fb-4662-8796-8768c98ae446 ] Request (VolumesAdminNegativeTest:test_update_attached_volume_with_nonexistent_volume_in_body): 200 GET http://10.180.1.21/compute/v2.1/servers/e94094a9-3fb7-494c-9bda-8704f846db40 0.818s
2025-03-26 21:00:50.040 69232 INFO tempest.lib.common.rest_client [req-f70e9542-33a9-44da-a259-c38fcd5a6747 req-f70e9542-33a9-44da-a259-c38fcd5a6747 ] Request (ImagesOneServerTestJSON:test_create_delete_image): 200 GET http://10.180.1.21/compute/v2.1/images/42ab0654-8e1c-4359-9a52-97ce71a1996e 0.792s
2025-03-26 21:00:50.079 69180 INFO tempest.lib.common.rest_client [req-8b109bd7-cf5e-48f5-a57a-84adf312f0cb req-8b109bd7-cf5e-48f5-a57a-84adf312f0cb ] Request (ServerRescueNegativeTestJSON:setUpClass): 200 GET http://10.180.1.21/compute/v2.1/servers/50155af9-9cd2-486c-bd4c-81db57eecbda 0.763s
2025-03-26 21:00:50.093 69224 INFO tempest.lib.common.rest_client [req-ff933941-8128-4840-a5ac-579707ca7c20 req-ff933941-8128-4840-a5ac-579707ca7c20 ] Request (ServerMetadataNegativeTestJSON:test_set_metadata_non_existent_server): 404 PUT http://10.180.1.21/compute/v2.1/servers/ba37ca81-0621-4924-b097-9e4bf6106897/metadata 0.689s
2025-03-26 21:00:50.108 69198 INFO tempest.lib.common.rest_client [req-a2692539-610d-4b4b-8af2-2acd3a14bca8 req-a2692539-610d-4b4b-8af2-2acd3a14bca8 ] Request (DeleteServersTestJSON:test_delete_server_while_in_attached_volume): 200 GET http://10.180.1.21/compute/v2.1/servers/1680228e-44af-4aff-bd2a-83a1360006a6 0.728s
2025-03-26 21:00:50.116 69212 INFO tempest.lib.common.rest_client [req-ba33db5f-cb48-4f8e-b08d-4966fb8fd69d req-ba33db5f-cb48-4f8e-b08d-4966fb8fd69d ] Request (ServersAdmin275Test:tearDownClass): 404 GET http://10.180.1.21/compute/v2.1/servers/0a29753b-e758-4037-9467-4e77cfe1461e 0.651s
2025-03-26 21:00:50.137 69240 INFO tempest.lib.common.rest_client [req-174a38dd-0bdc-4a09-8400-f47a47642836 req-174a38dd-0bdc-4a09-8400-f47a47642836 ] Request (ServersTestBootFromVolume:setUpClass): 201 POST http://10.180.1.21:9696/networking/v2.0/floatingips 0.539s
2025-03-26 21:00:50.173 69202 INFO tempest.lib.common.rest_client [req-71a628be-360f-428a-9194-7e04d83aac1e req-71a628be-360f-428a-9194-7e04d83aac1e ] Request (ServersTestManualDisk:test_list_servers): 200 GET http://10.180.1.21/compute/v2.1/servers 0.678s
2025-03-26 21:00:50.180 69188 INFO tempest.lib.common.rest_client [req-ebb08589-3d51-4c67-b47c-ced9f1d0bc5e req-ebb08589-3d51-4c67-b47c-ced9f1d0bc5e ] Request (ServersTestMultiNic:test_verify_duplicate_network_nics): 200 GET http://10.180.1.21/compute/v2.1/servers/65f6afb5-e62d-4dbd-b1cd-6ed52b88ca23 0.666s
2025-03-26 21:00:50.215 69240 INFO tempest.lib.common.rest_client [req-27d1445d-9f16-460d-8b8b-d070d12967c6 req-27d1445d-9f16-460d-8b8b-d070d12967c6 ] Request (ServersTestBootFromVolume:setUpClass): 201 POST http://10.180.1.21/identity/v3/auth/tokens 0.072s
2025-03-26 21:00:50.215 69240 INFO tempest.lib.common.fixed_network [-] (ServersTestBootFromVolume:setUpClass) Found network {'id': '2c4d218b-cea9-4427-8469-8ac1c1b5cbe9', 'name': 'tempest-ServersTestBootFromVolume-680011063-network', 'tenant_id': '3ea96af7e43f42039ed644b5f6b41da1', 'admin_state_up': True, 'mtu': 8950, 'status': 'ACTIVE', 'subnets': [], 'shared': False, 'project_id': '3ea96af7e43f42039ed644b5f6b41da1', 'port_security_enabled': True, 'router:external': False, 'provider:network_type': 'vlan', 'provider:physical_network': 'default', 'provider:segmentation_id': 386, 'availability_zone_hints': [], 'availability_zones': [], 'ipv4_address_scope': None, 'ipv6_address_scope': None, 'description': '', 'tags': [], 'created_at': '2025-03-26T21:00:45Z', 'updated_at': '2025-03-26T21:00:46Z', 'revision_number': 1} available for tenant
2025-03-26 21:00:50.239 69212 INFO tempest.lib.common.rest_client [req-3775e672-199a-427e-a0e9-b72a280d5fce req-3775e672-199a-427e-a0e9-b72a280d5fce ] Request (ServersAdmin275Test:tearDownClass): 204 DELETE http://10.180.1.21/identity/v3/users/9f094d6cb3d749ab83a2138a48ce7ffa 0.122s
2025-03-26 21:00:50.253 69222 INFO tempest.lib.common.rest_client [req-e29f29fc-efe4-43ad-9a11-ad452b79826c req-e29f29fc-efe4-43ad-9a11-ad452b79826c ] Request (FloatingIPsAssociationNegativeTestJSON:setUpClass): 200 GET http://10.180.1.21/compute/v2.1/servers/c3a56259-acf4-4d26-929b-fdde7b5c97eb 0.687s
2025-03-26 21:00:50.253 69230 INFO tempest.lib.common.rest_client [req-efe7242a-ffe9-4189-bc68-8aac0241631a req-efe7242a-ffe9-4189-bc68-8aac0241631a ] Request (FloatingIPsAssociationTestJSON:test_associate_already_associated_floating_ip): 200 GET http://10.180.1.21/compute/v2.1/servers/b3f025fc-1b13-4953-b4e2-1939a684998c 0.614s
2025-03-26 21:00:50.319 69184 INFO tempest.lib.common.rest_client [req-d4cc4561-89eb-4c2b-b56f-71e7c1f3d4bf req-d4cc4561-89eb-4c2b-b56f-71e7c1f3d4bf ] Request (ServerDiskConfigTestJSON:test_rebuild_server_with_manual_disk_config): 200 GET http://10.180.1.21/compute/v2.1/servers/ce042a29-f8f3-4c79-a270-f003c2c60a7f 0.624s
2025-03-26 21:00:50.324 69190 INFO tempest.lib.common.rest_client [req-b7b3f6d3-7bc1-4145-a3cc-f8ab0d50d3bc req-b7b3f6d3-7bc1-4145-a3cc-f8ab0d50d3bc ] Request (ServersAdminTestJSON:test_create_server_with_scheduling_hint): 200 GET http://10.180.1.21/compute/v2.1/servers/fd248bbd-b4f7-4efb-9575-f3019b0888a9 0.566s
2025-03-26 21:00:50.336 69212 INFO tempest.lib.common.rest_client [req-05bb21f1-47b4-4be0-bc6f-666c2f824d39 req-05bb21f1-47b4-4be0-bc6f-666c2f824d39 ] Request (ServersAdmin275Test:tearDownClass): 204 DELETE http://10.180.1.21/identity/v3/users/592e5cc2716a4ed79187cf93a8bd3dab 0.097s
2025-03-26 21:00:50.337 69212 INFO tempest.lib.common.dynamic_creds [-] Deleting project and security group for project: 6050f30a70c540d59ddc795f1f5d0760
2025-03-26 21:00:50.380 69228 INFO tempest.lib.common.rest_client [req-7f05771c-6423-4fc5-944d-74b64bed81e6 req-7f05771c-6423-4fc5-944d-74b64bed81e6 ] Request (ServerAddressesNegativeTestJSON:setUpClass): 200 GET http://10.180.1.21/compute/v2.1/servers/be00f9d7-3571-4249-a3c8-b87f43123930 0.556s
2025-03-26 21:00:50.390 69212 INFO tempest.lib.common.rest_client [req-17b25415-748b-4df0-8584-056897159c95 req-17b25415-748b-4df0-8584-056897159c95 ] Request (ServersAdmin275Test:tearDownClass): 201 POST http://10.180.1.21/identity/v3/auth/tokens 0.053s
2025-03-26 21:00:50.409 69227 INFO tempest.lib.common.rest_client [req-89a36920-7cbf-4ac4-b9ec-dde6821bb767 req-89a36920-7cbf-4ac4-b9ec-dde6821bb767 ] Request (ServerMetadataTestJSON:tearDownClass): 200 GET http://10.180.1.21/compute/v2.1/servers/edbbd373-a587-4846-8a31-917e08e63edd 0.551s
2025-03-26 21:00:50.433 69210 INFO tempest.lib.common.rest_client [req-8480493a-c3eb-45da-bcc6-3622650a2c3b req-8480493a-c3eb-45da-bcc6-3622650a2c3b ] Request (ServersAdminNegativeTestJSON:setUpClass): 200 GET http://10.180.1.21/compute/v2.1/servers/8856fccf-17f5-4669-8536-2cf0f7803110 0.517s
2025-03-26 21:00:50.540 69182 INFO tempest.lib.common.rest_client [req-6777000f-704a-464d-ab64-b10165a59dcb req-6777000f-704a-464d-ab64-b10165a59dcb ] Request (ListServersNegativeTestJSON:setUpClass): 200 GET http://10.180.1.21/compute/v2.1/servers/71a2b320-61f5-41fe-ae4f-e6ddfe0fbeb5 0.548s
2025-03-26 21:00:50.552 69234 INFO tempest.lib.common.rest_client [req-3712eb61-85e3-48e1-8556-12c1be243110 req-3712eb61-85e3-48e1-8556-12c1be243110 ] Request (FloatingIPDetailsTestJSON:test_get_floating_ip_details): 200 GET http://10.180.1.21/compute/v2.1/os-floating-ips/05dd240f-f268-45b2-9870-3b5360a07d77 0.544s
2025-03-26 21:00:50.556 69212 INFO tempest.lib.common.rest_client [req-99607622-4dc4-4534-846c-3404477577ba req-99607622-4dc4-4534-846c-3404477577ba ] Request (ServersAdmin275Test:tearDownClass): 200 GET http://10.180.1.21:9696/networking/v2.0/security-groups?tenant_id=6050f30a70c540d59ddc795f1f5d0760&name=default 0.165s
2025-03-26 21:00:50.577 69232 INFO tempest.lib.common.rest_client [req-6e03407b-0658-4f7c-8898-1a0764e1a80f req-6e03407b-0658-4f7c-8898-1a0764e1a80f ] Request (ImagesOneServerTestJSON:test_create_delete_image): 200 GET http://10.180.1.21/compute/v2.1/images/42ab0654-8e1c-4359-9a52-97ce71a1996e 0.532s
2025-03-26 21:00:50.583 69224 INFO tempest.lib.common.rest_client [req-d6941dac-22f0-4c36-b8c9-c3f8ead3c650 req-d6941dac-22f0-4c36-b8c9-c3f8ead3c650 ] Request (ServerMetadataNegativeTestJSON:test_set_server_metadata_blank_key): 400 PUT http://10.180.1.21/compute/v2.1/servers/69161637-7589-4a65-8f6d-39831ceb7480/metadata 0.489s
2025-03-26 21:00:50.611 69243 INFO tempest.lib.common.rest_client [req-6b2992a3-1418-4aaa-a268-2f0ada446375 req-6b2992a3-1418-4aaa-a268-2f0ada446375 ] Request (AttachInterfacesV270Test:test_create_get_list_interfaces): 200 GET http://10.180.1.21/compute/v2.1/servers/effc35fc-c65b-4e44-9635-af615d5b0a47 0.555s
2025-03-26 21:00:50.640 69240 INFO tempest.lib.common.rest_client [req-0a8e0080-b45d-46e3-af9c-698c5a8df053 req-0a8e0080-b45d-46e3-af9c-698c5a8df053 ] Request (ServersTestBootFromVolume:setUpClass): 202 POST http://10.180.1.21/volume/v3/volumes 0.424s
2025-03-26 21:00:50.642 69212 INFO tempest.lib.common.rest_client [req-8fb835ae-a7ef-4b58-8cdb-64f54e82cafe req-8fb835ae-a7ef-4b58-8cdb-64f54e82cafe ] Request (ServersAdmin275Test:tearDownClass): 204 DELETE http://10.180.1.21:9696/networking/v2.0/security-groups/97f86bb1-5b49-444f-8c2d-220e59f8a81a 0.086s
2025-03-26 21:00:50.661 69197 INFO tempest.lib.common.rest_client [req-206a5f4a-b99d-46d8-ad94-10056f6a44ae req-206a5f4a-b99d-46d8-ad94-10056f6a44ae ] Request (ImagesTestJSON:test_create_image_from_suspended_server): 200 GET http://10.180.1.21/compute/v2.1/servers/7daf798a-21b2-43e2-8f25-8f349f2863e4 0.349s
2025-03-26 21:00:50.683 69240 INFO tempest.lib.common.rest_client [req-7b13df4d-d323-4ade-a9cd-b4dfc0c2ee19 req-7b13df4d-d323-4ade-a9cd-b4dfc0c2ee19 ] Request (ServersTestBootFromVolume:setUpClass): 200 GET http://10.180.1.21/volume/v3/volumes/98a1f424-acae-450d-b215-6576238c9190 0.035s
2025-03-26 21:00:50.716 69220 INFO tempest.lib.common.rest_client [req-4b13e5ad-bdb7-4a0d-a880-7d96dac4a4c1 req-4b13e5ad-bdb7-4a0d-a880-7d96dac4a4c1 ] Request (AttachVolumeTestJSON:test_attach_detach_volume): 200 GET http://10.180.1.21/compute/v2.1/servers/bf8eaa7a-343b-49dc-b5f9-0465794804f0 0.328s
2025-03-26 21:00:50.720 69212 INFO tempest.lib.common.rest_client [req-fd72968f-0e85-4d29-918b-68a6f2917d7e req-fd72968f-0e85-4d29-918b-68a6f2917d7e ] Request (ServersAdmin275Test:tearDownClass): 204 DELETE http://10.180.1.21/identity/v3/projects/6050f30a70c540d59ddc795f1f5d0760 0.078s
2025-03-26 21:00:50.720 69212 INFO tempest.lib.common.dynamic_creds [-] Deleting project and security group for project: dbb6da2e734e40a8beac61895876e99e
2025-03-26 21:00:50.777 69192 INFO tempest.lib.common.rest_client [req-41a51654-82d7-49ee-b829-e31bf1208d7a req-41a51654-82d7-49ee-b829-e31bf1208d7a ] Request (DeleteServersAdminTestJSON:test_delete_server_while_in_error_state): 200 GET http://10.180.1.21/compute/v2.1/servers/9a76468d-f4d4-4a63-8c5b-a43f002cc535 0.301s
2025-03-26 21:00:50.823 69212 INFO tempest.lib.common.rest_client [req-8be4c34d-c76a-4808-a502-9ddf5d4ec156 req-8be4c34d-c76a-4808-a502-9ddf5d4ec156 ] Request (ServersAdmin275Test:tearDownClass): 200 GET http://10.180.1.21:9696/networking/v2.0/security-groups?tenant_id=dbb6da2e734e40a8beac61895876e99e&name=default 0.102s
2025-03-26 21:00:50.835 69202 INFO tempest.lib.common.rest_client [req-f98ffde0-e8bc-43a0-aeb2-416894f92d24 req-f98ffde0-e8bc-43a0-aeb2-416894f92d24 ] Request (ServersTestManualDisk:test_list_servers_with_detail): 200 GET http://10.180.1.21/compute/v2.1/servers/detail 0.659s
2025-03-26 21:00:50.841 69224 INFO tempest.lib.common.rest_client [req-d64552ec-d15b-4fcf-8e02-ca263f513528 req-d64552ec-d15b-4fcf-8e02-ca263f513528 ] Request (ServerMetadataNegativeTestJSON:test_set_server_metadata_missing_metadata): 400 PUT http://10.180.1.21/compute/v2.1/servers/69161637-7589-4a65-8f6d-39831ceb7480/metadata 0.255s
2025-03-26 21:00:50.895 69212 INFO tempest.lib.common.rest_client [req-2178cf88-7155-42f5-b3b6-868a6e31a811 req-2178cf88-7155-42f5-b3b6-868a6e31a811 ] Request (ServersAdmin275Test:tearDownClass): 204 DELETE http://10.180.1.21:9696/networking/v2.0/security-groups/0cd73c85-2995-40a3-a17f-1bddaa4fdba5 0.072s
2025-03-26 21:00:51.012 69212 INFO tempest.lib.common.rest_client [req-bcd89c83-a873-4acd-b5ec-3e1a46236633 req-bcd89c83-a873-4acd-b5ec-3e1a46236633 ] Request (ServersAdmin275Test:tearDownClass): 204 DELETE http://10.180.1.21/identity/v3/projects/dbb6da2e734e40a8beac61895876e99e 0.116s
2025-03-26 21:00:51.039 69232 INFO tempest.lib.common.rest_client [req-771c52e2-9ac3-41b5-b05d-616fe5045269 req-771c52e2-9ac3-41b5-b05d-616fe5045269 ] Request (ImagesOneServerTestJSON:test_create_delete_image): 200 GET http://10.180.1.21/compute/v2.1/servers/0e72ec32-1c6e-413b-b5d1-c81d7315adb8 0.453s
2025-03-26 21:00:51.095 69212 INFO tempest.lib.common.rest_client [req-4e6fb71b-2b10-4ddc-9bad-376adf843f85 req-4e6fb71b-2b10-4ddc-9bad-376adf843f85 ] Request (FlavorsV2TestJSON:setUpClass): 201 POST http://10.180.1.21/identity/v3/auth/tokens 0.081s
2025-03-26 21:00:51.143 69207 INFO tempest.lib.common.rest_client [req-4ee4232c-9c28-42c0-bb9e-9b633183da36 req-4ee4232c-9c28-42c0-bb9e-9b633183da36 ] Request (ServersListShow298Test:tearDownClass): 200 GET http://10.180.1.21/compute/v2.1/servers/ddde5559-2e16-42cb-8d25-60f3fa15cda4 0.337s
2025-03-26 21:00:51.150 69212 INFO tempest.lib.common.rest_client [req-5f01c57f-2156-400e-a8e3-5b881624ab46 req-5f01c57f-2156-400e-a8e3-5b881624ab46 ] Request (FlavorsV2TestJSON:setUpClass): 201 POST http://10.180.1.21/identity/v3/auth/tokens 0.052s
2025-03-26 21:00:51.155 69224 INFO tempest.lib.common.rest_client [req-a242318b-9ec6-4b48-aaf4-0302d011e8a6 req-a242318b-9ec6-4b48-aaf4-0302d011e8a6 ] Request (ServerMetadataNegativeTestJSON:test_update_metadata_non_existent_server): 404 POST http://10.180.1.21/compute/v2.1/servers/b2ba8a3c-7371-428a-8055-e9d50ee78af9/metadata 0.312s
2025-03-26 21:00:51.175 69202 INFO tempest.lib.common.rest_client [req-2e1c3406-d062-49f5-984d-b101ad94d6d9 req-2e1c3406-d062-49f5-984d-b101ad94d6d9 ] Request (ServersTestManualDisk:test_verify_created_server_vcpus): 200 GET http://10.180.1.21/compute/v2.1/flavors/42 0.331s
2025-03-26 21:00:51.178 69202 INFO tempest.lib.common.ssh [-] Creating ssh connection to '10.180.180.182:22' as 'cirros' with public key authentication
2025-03-26 21:00:51.187 69202 INFO paramiko.transport [-] Connected (version 2.0, client dropbear_2020.81)
2025-03-26 21:00:51.197 69212 INFO tempest.lib.common.rest_client [req-49433ea3-ae38-4924-a03e-c6cea46ad709 req-49433ea3-ae38-4924-a03e-c6cea46ad709 ] Request (FlavorsV2TestJSON:setUpClass): 200 GET http://10.180.1.21/identity/v3/domains?name=Default 0.046s
2025-03-26 21:00:51.253 69212 INFO tempest.lib.common.rest_client [req-c8bacb1e-b364-481a-8fa4-54d8f76ea6b9 req-c8bacb1e-b364-481a-8fa4-54d8f76ea6b9 ] Request (FlavorsV2TestJSON:setUpClass): 201 POST http://10.180.1.21/identity/v3/projects 0.055s
2025-03-26 21:00:51.272 69234 INFO tempest.lib.common.rest_client [req-63601a53-7a1e-4f1d-bc5b-2e2070e28904 req-63601a53-7a1e-4f1d-bc5b-2e2070e28904 ] Request (FloatingIPDetailsTestJSON:_run_cleanups): 202 DELETE http://10.180.1.21/compute/v2.1/os-floating-ips/05dd240f-f268-45b2-9870-3b5360a07d77 0.718s
2025-03-26 21:00:51.274 69216 INFO tempest.lib.common.rest_client [req-3b4b10a4-77b6-48b9-bbb1-cef703db68bf req-3b4b10a4-77b6-48b9-bbb1-cef703db68bf ] Request (ServerExternalEventsTest:test_create_server_external_events): 200 GET http://10.180.1.21/compute/v2.1/servers/01c1c8d4-2e8e-40eb-bacb-9b6f1b26d955 0.421s
2025-03-26 21:00:51.294 69202 INFO paramiko.transport [-] Authentication (publickey) successful!
2025-03-26 21:00:51.294 69202 INFO tempest.lib.common.ssh [-] ssh connection to cirros@10.180.180.182 successfully created
2025-03-26 21:00:51.346 69212 INFO tempest.lib.common.rest_client [req-526cf99e-3695-4be8-990c-4914d263996e req-526cf99e-3695-4be8-990c-4914d263996e ] Request (FlavorsV2TestJSON:setUpClass): 201 POST http://10.180.1.21/identity/v3/users 0.093s
2025-03-26 21:00:51.355 69214 INFO tempest.lib.common.rest_client [req-dffb25d4-d220-4c32-a733-bb1d2d570a06 req-dffb25d4-d220-4c32-a733-bb1d2d570a06 ] Request (ServerActionsTestOtherB:setUpClass): 200 GET http://10.180.1.21/compute/v2.1/servers/52342a01-c1ee-4cca-bc8c-ab2dc8a7b8dc 0.446s
2025-03-26 21:00:51.370 69212 INFO tempest.lib.common.rest_client [req-ede28ad8-43c6-44b7-98b9-98f749c3cbcf req-ede28ad8-43c6-44b7-98b9-98f749c3cbcf ] Request (FlavorsV2TestJSON:setUpClass): 200 GET http://10.180.1.21/identity/v3/roles 0.023s
2025-03-26 21:00:51.373 69237 INFO tempest.lib.common.rest_client [req-37df8328-5153-4060-a6f2-52e4177ac1f6 req-37df8328-5153-4060-a6f2-52e4177ac1f6 ] Request (ServerDiagnosticsV248Test:tearDownClass): 200 GET http://10.180.1.21/compute/v2.1/servers/2b822b35-94ac-48bb-a46f-2cda8ecfce06 0.390s
2025-03-26 21:00:51.403 69212 INFO tempest.lib.common.rest_client [req-a6489a5a-ec46-426f-8ae4-53a669c03b74 req-a6489a5a-ec46-426f-8ae4-53a669c03b74 ] Request (FlavorsV2TestJSON:setUpClass): 204 PUT http://10.180.1.21/identity/v3/projects/a96e25c437f64416bc31118773215bcd/users/8b889459de10481da5835478669a5934/roles/09f0821c90444411ad791eb297ad4e1f 0.033s
2025-03-26 21:00:51.404 69212 INFO tempest.lib.common.dynamic_creds [-] Dynamic test user 8b889459de10481da5835478669a5934 is created with scope project and roles: ['member']
2025-03-26 21:00:51.404 69212 INFO tempest.lib.common.dynamic_creds [-] Acquired dynamic creds: credentials: Credentials: {'domain_id': 'default', 'domain_name': 'Default', 'username': 'tempest-FlavorsV2TestJSON-710269945-project-member', 'project_domain_id': 'default', 'project_domain_name': 'Default', 'project_id': 'a96e25c437f64416bc31118773215bcd', 'project_name': 'tempest-FlavorsV2TestJSON-710269945', 'tenant_id': 'a96e25c437f64416bc31118773215bcd', 'tenant_name': 'tempest-FlavorsV2TestJSON-710269945', 'user_domain_id': 'default', 'user_domain_name': 'Default', 'user_id': '8b889459de10481da5835478669a5934', 'system': None}, Network: None, Subnet: None, Router: None
2025-03-26 21:00:51.404 69212 INFO tempest.lib.common.dynamic_creds [-] Created isolated network resources for: credentials: Credentials: {'domain_id': 'default', 'domain_name': 'Default', 'username': 'tempest-FlavorsV2TestJSON-710269945-project-member', 'project_domain_id': 'default', 'project_domain_name': 'Default', 'project_id': 'a96e25c437f64416bc31118773215bcd', 'project_name': 'tempest-FlavorsV2TestJSON-710269945', 'tenant_id': 'a96e25c437f64416bc31118773215bcd', 'tenant_name': 'tempest-FlavorsV2TestJSON-710269945', 'user_domain_id': 'default', 'user_domain_name': 'Default', 'user_id': '8b889459de10481da5835478669a5934', 'system': None}, Network: None, Subnet: None, Router: None
2025-03-26 21:00:51.419 69186 INFO tempest.lib.common.rest_client [req-dc88981d-8e5c-4dcd-bee3-c61af563c141 req-dc88981d-8e5c-4dcd-bee3-c61af563c141 ] Request (VolumesAdminNegativeTest:test_update_attached_volume_with_nonexistent_volume_in_body): 200 GET http://10.180.1.21/compute/v2.1/servers/e94094a9-3fb7-494c-9bda-8704f846db40 0.385s
2025-03-26 21:00:51.423 69180 INFO tempest.lib.common.rest_client [req-d1febf3d-ec89-43a2-9aef-b5903a767b04 req-d1febf3d-ec89-43a2-9aef-b5903a767b04 ] Request (ServerRescueNegativeTestJSON:setUpClass): 200 GET http://10.180.1.21/compute/v2.1/servers/50155af9-9cd2-486c-bd4c-81db57eecbda 0.337s
2025-03-26 21:00:51.428 69224 INFO tempest.lib.common.rest_client [req-363c9ac7-8d16-4645-8b25-e2d71aa2f3b4 req-363c9ac7-8d16-4645-8b25-e2d71aa2f3b4 ] Request (ServerMetadataNegativeTestJSON:test_update_metadata_with_blank_key): 400 POST http://10.180.1.21/compute/v2.1/servers/69161637-7589-4a65-8f6d-39831ceb7480/metadata 0.272s
2025-03-26 21:00:51.469 69198 INFO tempest.lib.common.rest_client [req-1162e92a-6020-49ef-ac68-106c83b72f91 req-1162e92a-6020-49ef-ac68-106c83b72f91 ] Request (DeleteServersTestJSON:test_delete_server_while_in_attached_volume): 200 GET http://10.180.1.21/compute/v2.1/servers/1680228e-44af-4aff-bd2a-83a1360006a6 0.351s
2025-03-26 21:00:51.474 69212 INFO tempest.lib.common.rest_client [req-4e8e42e6-394f-4330-8e19-e1b77f2ea435 req-4e8e42e6-394f-4330-8e19-e1b77f2ea435 ] Request (FlavorsV2TestJSON:setUpClass): 201 POST http://10.180.1.21/identity/v3/auth/tokens 0.066s
2025-03-26 21:00:51.479 69188 INFO tempest.lib.common.rest_client [req-4f03d027-c31e-46a9-8580-526d0e644ac3 req-4f03d027-c31e-46a9-8580-526d0e644ac3 ] Request (ServersTestMultiNic:test_verify_duplicate_network_nics): 200 GET http://10.180.1.21/compute/v2.1/servers/65f6afb5-e62d-4dbd-b1cd-6ed52b88ca23 0.289s
2025-03-26 21:00:51.521 69222 INFO tempest.lib.common.rest_client [req-adc0e1eb-abb1-47b9-a3ec-f6e70e93968e req-adc0e1eb-abb1-47b9-a3ec-f6e70e93968e ] Request (FloatingIPsAssociationNegativeTestJSON:setUpClass): 200 GET http://10.180.1.21/compute/v2.1/servers/c3a56259-acf4-4d26-929b-fdde7b5c97eb 0.255s
2025-03-26 21:00:51.534 69230 INFO tempest.lib.common.rest_client [req-cafcb7d9-8217-4640-9926-70c617b96972 req-cafcb7d9-8217-4640-9926-70c617b96972 ] Request (FloatingIPsAssociationTestJSON:test_associate_already_associated_floating_ip): 200 GET http://10.180.1.21/compute/v2.1/servers/b3f025fc-1b13-4953-b4e2-1939a684998c 0.267s
2025-03-26 21:00:51.598 69234 INFO tempest.lib.common.rest_client [req-cf1b45f9-e830-4f98-82af-dbeb594b3c1a req-cf1b45f9-e830-4f98-82af-dbeb594b3c1a ] Request (FloatingIPDetailsTestJSON:test_list_floating_ips): 200 GET http://10.180.1.21/compute/v2.1/os-floating-ips 0.322s
2025-03-26 21:00:51.624 69202 INFO tempest.lib.common.rest_client [req-5f0df8e7-d3ec-4366-8855-ce1e90b8cf8c req-5f0df8e7-d3ec-4366-8855-ce1e90b8cf8c ] Request (ServersTestManualDisk:tearDownClass): 204 DELETE http://10.180.1.21/compute/v2.1/servers/48f5958b-d5b7-4d2c-a3a9-dd76881a89d1 0.322s
2025-03-26 21:00:51.655 69184 INFO tempest.lib.common.rest_client [req-aae4ee18-514c-44d1-841d-959859620d45 req-aae4ee18-514c-44d1-841d-959859620d45 ] Request (ServerDiskConfigTestJSON:test_rebuild_server_with_manual_disk_config): 200 GET http://10.180.1.21/compute/v2.1/servers/ce042a29-f8f3-4c79-a270-f003c2c60a7f 0.325s
2025-03-26 21:00:51.677 69190 INFO tempest.lib.common.rest_client [req-e8f75325-068f-40d8-8a06-379ff6bedcdf req-e8f75325-068f-40d8-8a06-379ff6bedcdf ] Request (ServersAdminTestJSON:test_create_server_with_scheduling_hint): 200 GET http://10.180.1.21/compute/v2.1/servers/fd248bbd-b4f7-4efb-9575-f3019b0888a9 0.344s
2025-03-26 21:00:51.703 69228 INFO tempest.lib.common.rest_client [req-0735e9e9-82da-43aa-817a-1c9ba8e7cb47 req-0735e9e9-82da-43aa-817a-1c9ba8e7cb47 ] Request (ServerAddressesNegativeTestJSON:setUpClass): 200 GET http://10.180.1.21/compute/v2.1/servers/be00f9d7-3571-4249-a3c8-b87f43123930 0.313s
2025-03-26 21:00:51.720 69240 INFO tempest.lib.common.rest_client [req-870016d4-88b1-493b-abcb-087cf09ac5f1 req-870016d4-88b1-493b-abcb-087cf09ac5f1 ] Request (ServersTestBootFromVolume:setUpClass): 200 GET http://10.180.1.21/volume/v3/volumes/98a1f424-acae-450d-b215-6576238c9190 0.027s
2025-03-26 21:00:51.733 69227 INFO tempest.lib.common.rest_client [req-276f68f5-7b48-4b16-9a31-9a1ae679fb90 req-276f68f5-7b48-4b16-9a31-9a1ae679fb90 ] Request (ServerMetadataTestJSON:tearDownClass): 200 GET http://10.180.1.21/compute/v2.1/servers/edbbd373-a587-4846-8a31-917e08e63edd 0.317s
2025-03-26 21:00:51.769 69224 INFO tempest.lib.common.rest_client [req-5adbde73-50aa-46f9-9fea-39619d0554b6 req-5adbde73-50aa-46f9-9fea-39619d0554b6 ] Request (ServerMetadataNegativeTestJSON:tearDownClass): 204 DELETE http://10.180.1.21/compute/v2.1/servers/69161637-7589-4a65-8f6d-39831ceb7480 0.331s
2025-03-26 21:00:51.780 69210 INFO tempest.lib.common.rest_client [req-9cd0732d-3f70-4e5a-91df-6bdf19879483 req-9cd0732d-3f70-4e5a-91df-6bdf19879483 ] Request (ServersAdminNegativeTestJSON:setUpClass): 200 GET http://10.180.1.21/compute/v2.1/servers/8856fccf-17f5-4669-8536-2cf0f7803110 0.339s
2025-03-26 21:00:51.857 69212 INFO tempest.lib.common.rest_client [req-52e0d6dc-53ad-4444-8583-1767d25a836b req-52e0d6dc-53ad-4444-8583-1767d25a836b ] Request (FlavorsV2TestJSON:test_get_flavor): 200 GET http://10.180.1.21/compute/v2.1/flavors/42 0.382s
2025-03-26 21:00:51.871 69182 INFO tempest.lib.common.rest_client [req-c7da69d0-9963-4f45-842a-d8881e73dc47 req-c7da69d0-9963-4f45-842a-d8881e73dc47 ] Request (ListServersNegativeTestJSON:setUpClass): 200 GET http://10.180.1.21/compute/v2.1/servers/71a2b320-61f5-41fe-ae4f-e6ddfe0fbeb5 0.322s
2025-03-26 21:00:51.925 69243 INFO tempest.lib.common.rest_client [req-131dfdac-1b06-4da3-bd26-b1ff7846216f req-131dfdac-1b06-4da3-bd26-b1ff7846216f ] Request (AttachInterfacesV270Test:test_create_get_list_interfaces): 200 GET http://10.180.1.21/compute/v2.1/servers/effc35fc-c65b-4e44-9635-af615d5b0a47 0.304s
2025-03-26 21:00:52.054 69202 INFO tempest.lib.common.rest_client [req-f37953a0-3074-4af6-bf94-18eb2f006688 req-f37953a0-3074-4af6-bf94-18eb2f006688 ] Request (ServersTestManualDisk:tearDownClass): 200 GET http://10.180.1.21/compute/v2.1/servers/48f5958b-d5b7-4d2c-a3a9-dd76881a89d1 0.428s
2025-03-26 21:00:52.098 69197 INFO tempest.lib.common.rest_client [req-e3903c61-564f-486c-b09d-0f602dc65b5b req-e3903c61-564f-486c-b09d-0f602dc65b5b ] Request (ImagesTestJSON:test_create_image_from_suspended_server): 200 GET http://10.180.1.21/compute/v2.1/servers/7daf798a-21b2-43e2-8f25-8f349f2863e4 0.430s
2025-03-26 21:00:52.156 69220 INFO tempest.lib.common.rest_client [req-599017cc-9591-4c1f-9c1d-a779f670f7ad req-599017cc-9591-4c1f-9c1d-a779f670f7ad ] Request (AttachVolumeTestJSON:test_attach_detach_volume): 200 GET http://10.180.1.21/compute/v2.1/servers/bf8eaa7a-343b-49dc-b5f9-0465794804f0 0.427s
2025-03-26 21:00:52.228 69234 INFO tempest.lib.common.rest_client [req-f11152c4-3301-49b9-b0cf-d88c113dd67e req-f11152c4-3301-49b9-b0cf-d88c113dd67e ] Request (FloatingIPDetailsTestJSON:tearDownClass): 202 DELETE http://10.180.1.21/compute/v2.1/os-floating-ips/6db37faa-5f7a-49ec-ba16-3f9af158c6fd 0.623s
2025-03-26 21:00:52.296 69192 INFO tempest.lib.common.rest_client [req-f1c85e6d-30e7-4cfd-aeee-8032eb88bf70 req-f1c85e6d-30e7-4cfd-aeee-8032eb88bf70 ] Request (DeleteServersAdminTestJSON:test_delete_server_while_in_error_state): 200 GET http://10.180.1.21/compute/v2.1/servers/9a76468d-f4d4-4a63-8c5b-a43f002cc535 0.510s
2025-03-26 21:00:52.323 69212 INFO tempest.lib.common.rest_client [req-c996f1a5-1988-45a9-ac6b-a618f15f5ed8 req-c996f1a5-1988-45a9-ac6b-a618f15f5ed8 ] Request (FlavorsV2TestJSON:test_list_flavors): 200 GET http://10.180.1.21/compute/v2.1/flavors 0.463s
2025-03-26 21:00:52.331 69224 INFO tempest.lib.common.rest_client [req-b3d7ee70-cf13-4279-b3a5-0d6c75d842c8 req-b3d7ee70-cf13-4279-b3a5-0d6c75d842c8 ] Request (ServerMetadataNegativeTestJSON:tearDownClass): 200 GET http://10.180.1.21/compute/v2.1/servers/69161637-7589-4a65-8f6d-39831ceb7480 0.561s
2025-03-26 21:00:52.425 69207 INFO tempest.lib.common.rest_client [req-9d220355-a2a9-48a3-b20f-a01fe3010f56 req-9d220355-a2a9-48a3-b20f-a01fe3010f56 ] Request (ServersListShow298Test:tearDownClass): 200 GET http://10.180.1.21/compute/v2.1/servers/ddde5559-2e16-42cb-8d25-60f3fa15cda4 0.262s
2025-03-26 21:00:52.438 69232 INFO tempest.lib.common.rest_client [req-95b29689-0e86-40cf-bc49-3cba43c86f8f req-95b29689-0e86-40cf-bc49-3cba43c86f8f ] Request (ImagesOneServerTestJSON:test_create_delete_image): 200 GET http://10.180.1.21/compute/v2.1/servers/0e72ec32-1c6e-413b-b5d1-c81d7315adb8 0.391s
2025-03-26 21:00:52.447 69232 INFO tempest.common.waiters [-] State transition "ACTIVE/image_uploading" ==> "ACTIVE/None" after 1 second wait
2025-03-26 21:00:52.499 69216 INFO tempest.lib.common.rest_client [req-f3bc5679-53a3-40ed-86a4-b5aa588da5ca req-f3bc5679-53a3-40ed-86a4-b5aa588da5ca ] Request (ServerExternalEventsTest:test_create_server_external_events): 200 GET http://10.180.1.21/compute/v2.1/servers/01c1c8d4-2e8e-40eb-bacb-9b6f1b26d955 0.213s
2025-03-26 21:00:52.517 69212 INFO tempest.lib.common.rest_client [req-544431f6-27b4-4c18-8fb6-81b0f8f052a0 req-544431f6-27b4-4c18-8fb6-81b0f8f052a0 ] Request (FlavorsV2TestJSON:test_list_flavors): 200 GET http://10.180.1.21/compute/v2.1/flavors/42 0.190s
2025-03-26 21:00:52.607 69214 INFO tempest.lib.common.rest_client [req-d1aac30b-ffaf-4eaf-acdf-16ef6b10dad1 req-d1aac30b-ffaf-4eaf-acdf-16ef6b10dad1 ] Request (ServerActionsTestOtherB:setUpClass): 200 GET http://10.180.1.21/compute/v2.1/servers/52342a01-c1ee-4cca-bc8c-ab2dc8a7b8dc 0.243s
2025-03-26 21:00:52.693 69237 INFO tempest.lib.common.rest_client [req-56229aaf-6a31-45d0-8f0d-baf37c91054a req-56229aaf-6a31-45d0-8f0d-baf37c91054a ] Request (ServerDiagnosticsV248Test:tearDownClass): 200 GET http://10.180.1.21/compute/v2.1/servers/2b822b35-94ac-48bb-a46f-2cda8ecfce06 0.306s
2025-03-26 21:00:52.756 69186 INFO tempest.lib.common.rest_client [req-ebe0d281-a4bd-4865-81dc-5ec39ea37005 req-ebe0d281-a4bd-4865-81dc-5ec39ea37005 ] Request (VolumesAdminNegativeTest:test_update_attached_volume_with_nonexistent_volume_in_body): 200 GET http://10.180.1.21/compute/v2.1/servers/e94094a9-3fb7-494c-9bda-8704f846db40 0.327s
2025-03-26 21:00:52.767 69240 INFO tempest.lib.common.rest_client [req-599b2c17-3aec-4244-bf57-d82c526145c1 req-599b2c17-3aec-4244-bf57-d82c526145c1 ] Request (ServersTestBootFromVolume:setUpClass): 200 GET http://10.180.1.21/volume/v3/volumes/98a1f424-acae-450d-b215-6576238c9190 0.036s
2025-03-26 21:00:52.814 69234 INFO tempest.lib.common.rest_client [req-9065766b-76a5-46e7-9ccc-5628a47715e4 req-9065766b-76a5-46e7-9ccc-5628a47715e4 ] Request (FloatingIPDetailsTestJSON:tearDownClass): 202 DELETE http://10.180.1.21/compute/v2.1/os-floating-ips/ffa88bfd-1d08-4493-a310-f5b3078302ee 0.585s
2025-03-26 21:00:52.820 69180 INFO tempest.lib.common.rest_client [req-a2bbaa27-bc0f-4bbf-b5ea-75cdb857cbb7 req-a2bbaa27-bc0f-4bbf-b5ea-75cdb857cbb7 ] Request (ServerRescueNegativeTestJSON:setUpClass): 200 GET http://10.180.1.21/compute/v2.1/servers/50155af9-9cd2-486c-bd4c-81db57eecbda 0.386s
2025-03-26 21:00:52.849 69232 INFO tempest.lib.common.rest_client [req-de9ebb41-0b41-484f-ab68-4ce5d565e0c5 req-de9ebb41-0b41-484f-ab68-4ce5d565e0c5 ] Request (ImagesOneServerTestJSON:test_create_delete_image): 200 GET http://10.180.1.21/compute/v2.1/images/11a3778f-2cc4-46a8-a051-ce4b7a598094 0.402s
2025-03-26 21:00:52.868 69198 INFO tempest.lib.common.rest_client [req-d631abc7-ef4d-4de5-961c-13de4b1a3518 req-d631abc7-ef4d-4de5-961c-13de4b1a3518 ] Request (DeleteServersTestJSON:test_delete_server_while_in_attached_volume): 200 GET http://10.180.1.21/compute/v2.1/servers/1680228e-44af-4aff-bd2a-83a1360006a6 0.390s
2025-03-26 21:00:52.879 69212 INFO tempest.lib.common.rest_client [req-8d840e29-4c57-474c-8750-2486783acbe4 req-8d840e29-4c57-474c-8750-2486783acbe4 ] Request (FlavorsV2TestJSON:test_list_flavors_detailed_filter_by_min_disk): 200 GET http://10.180.1.21/compute/v2.1/flavors/42 0.354s
2025-03-26 21:00:52.898 69188 INFO tempest.lib.common.rest_client [req-abed6c37-a93a-4fe6-bbd1-81cc8e35e320 req-abed6c37-a93a-4fe6-bbd1-81cc8e35e320 ] Request (ServersTestMultiNic:test_verify_duplicate_network_nics): 200 GET http://10.180.1.21/compute/v2.1/servers/65f6afb5-e62d-4dbd-b1cd-6ed52b88ca23 0.411s
2025-03-26 21:00:52.923 69222 INFO tempest.lib.common.rest_client [req-d499b71a-4a39-4767-a4e0-84a322ee4f85 req-d499b71a-4a39-4767-a4e0-84a322ee4f85 ] Request (FloatingIPsAssociationNegativeTestJSON:setUpClass): 200 GET http://10.180.1.21/compute/v2.1/servers/c3a56259-acf4-4d26-929b-fdde7b5c97eb 0.392s
2025-03-26 21:00:52.943 69230 INFO tempest.lib.common.rest_client [req-42d5fc88-671e-4e4f-a6c3-a8c99fcec167 req-42d5fc88-671e-4e4f-a6c3-a8c99fcec167 ] Request (FloatingIPsAssociationTestJSON:test_associate_already_associated_floating_ip): 200 GET http://10.180.1.21/compute/v2.1/servers/b3f025fc-1b13-4953-b4e2-1939a684998c 0.401s
2025-03-26 21:00:52.964 69184 INFO tempest.lib.common.rest_client [req-851fa80c-f713-4e27-aa8f-55efdd017779 req-851fa80c-f713-4e27-aa8f-55efdd017779 ] Request (ServerDiskConfigTestJSON:test_rebuild_server_with_manual_disk_config): 200 GET http://10.180.1.21/compute/v2.1/servers/ce042a29-f8f3-4c79-a270-f003c2c60a7f 0.300s
2025-03-26 21:00:52.983 69190 INFO tempest.lib.common.rest_client [req-8ff1fb18-b798-4aab-a0a3-46f942ae0736 req-8ff1fb18-b798-4aab-a0a3-46f942ae0736 ] Request (ServersAdminTestJSON:test_create_server_with_scheduling_hint): 200 GET http://10.180.1.21/compute/v2.1/servers/fd248bbd-b4f7-4efb-9575-f3019b0888a9 0.298s
2025-03-26 21:00:53.005 69228 INFO tempest.lib.common.rest_client [req-f00f9b6d-c111-43b6-8637-de46fec61a2b req-f00f9b6d-c111-43b6-8637-de46fec61a2b ] Request (ServerAddressesNegativeTestJSON:setUpClass): 200 GET http://10.180.1.21/compute/v2.1/servers/be00f9d7-3571-4249-a3c8-b87f43123930 0.294s
2025-03-26 21:00:53.035 69227 INFO tempest.lib.common.rest_client [req-8b6c104a-3f33-4a1d-95b4-ec740e78d818 req-8b6c104a-3f33-4a1d-95b4-ec740e78d818 ] Request (ServerMetadataTestJSON:tearDownClass): 200 GET http://10.180.1.21/compute/v2.1/servers/edbbd373-a587-4846-8a31-917e08e63edd 0.292s
2025-03-26 21:00:53.051 69210 INFO tempest.lib.common.rest_client [req-e6acf6f2-b2ba-40ec-9984-6e6dfc232cfa req-e6acf6f2-b2ba-40ec-9984-6e6dfc232cfa ] Request (ServersAdminNegativeTestJSON:setUpClass): 200 GET http://10.180.1.21/compute/v2.1/servers/8856fccf-17f5-4669-8536-2cf0f7803110 0.262s
2025-03-26 21:00:53.062 69232 INFO tempest.lib.common.rest_client [req-ecf6bd89-979a-4f67-88c5-e398a0e7b26d req-ecf6bd89-979a-4f67-88c5-e398a0e7b26d ] Request (ImagesOneServerTestJSON:test_create_delete_image): 200 GET http://10.180.1.21/compute/v2.1/flavors/42 0.209s
2025-03-26 21:00:53.084 69212 INFO tempest.lib.common.rest_client [req-231dedfe-1860-4e80-9bec-596cf492281b req-231dedfe-1860-4e80-9bec-596cf492281b ] Request (FlavorsV2TestJSON:test_list_flavors_detailed_filter_by_min_disk): 200 GET http://10.180.1.21/compute/v2.1/flavors/detail?minDisk=2 0.202s
2025-03-26 21:00:53.242 69182 INFO tempest.lib.common.rest_client [req-67dd9a24-db57-4e08-a8a1-5b026cd2101b req-67dd9a24-db57-4e08-a8a1-5b026cd2101b ] Request (ListServersNegativeTestJSON:setUpClass): 200 GET http://10.180.1.21/compute/v2.1/servers/71a2b320-61f5-41fe-ae4f-e6ddfe0fbeb5 0.361s
2025-03-26 21:00:53.310 69243 INFO tempest.lib.common.rest_client [req-25454f58-195d-42f5-a236-c02281d9aea9 req-25454f58-195d-42f5-a236-c02281d9aea9 ] Request (AttachInterfacesV270Test:test_create_get_list_interfaces): 200 GET http://10.180.1.21/compute/v2.1/servers/effc35fc-c65b-4e44-9635-af615d5b0a47 0.372s
2025-03-26 21:00:53.330 69208 WARNING tempest.lib.common.ssh [-] Failed to establish authenticated ssh connection to cirros@10.180.180.242 ([Errno None] Unable to connect to port 22 on 10.180.180.242). Number attempts: 6. Retry after 7 seconds.: paramiko.ssh_exception.NoValidConnectionsError: [Errno None] Unable to connect to port 22 on 10.180.180.242
2025-03-26 21:00:53.528 69202 INFO tempest.lib.common.rest_client [req-d26946c7-4922-4126-9b98-7ec56dd5f4fb req-d26946c7-4922-4126-9b98-7ec56dd5f4fb ] Request (ServersTestManualDisk:tearDownClass): 200 GET http://10.180.1.21/compute/v2.1/servers/48f5958b-d5b7-4d2c-a3a9-dd76881a89d1 0.466s
2025-03-26 21:00:53.626 69232 INFO tempest.lib.common.rest_client [req-095a1970-f1ea-46e1-be01-762c5233496c req-095a1970-f1ea-46e1-be01-762c5233496c ] Request (ImagesOneServerTestJSON:test_create_delete_image): 204 DELETE http://10.180.1.21/compute/v2.1/images/42ab0654-8e1c-4359-9a52-97ce71a1996e 0.562s
2025-03-26 21:00:53.644 69212 INFO tempest.lib.common.rest_client [req-35807da4-d6bb-40a9-8d2a-d07578d68979 req-35807da4-d6bb-40a9-8d2a-d07578d68979 ] Request (FlavorsV2TestJSON:test_list_flavors_detailed_filter_by_min_ram): 200 GET http://10.180.1.21/compute/v2.1/flavors/42 0.555s
2025-03-26 21:00:53.702 69197 INFO tempest.lib.common.rest_client [req-b41aee5b-7dee-4328-ac37-4166d6514911 req-b41aee5b-7dee-4328-ac37-4166d6514911 ] Request (ImagesTestJSON:test_create_image_from_suspended_server): 200 GET http://10.180.1.21/compute/v2.1/servers/7daf798a-21b2-43e2-8f25-8f349f2863e4 0.595s
2025-03-26 21:00:53.713 69234 INFO tempest.lib.common.rest_client [req-888778b1-a1ce-4835-8f0f-3b3cc0a3aa6a req-888778b1-a1ce-4835-8f0f-3b3cc0a3aa6a ] Request (FloatingIPDetailsTestJSON:tearDownClass): 202 DELETE http://10.180.1.21/compute/v2.1/os-floating-ips/ece89ecc-0f97-4faf-928b-f08ea6957474 0.898s
2025-03-26 21:00:53.782 69220 INFO tempest.lib.common.rest_client [req-0c1ec755-e68e-4c0e-be2c-faee4d8b004c req-0c1ec755-e68e-4c0e-be2c-faee4d8b004c ] Request (AttachVolumeTestJSON:test_attach_detach_volume): 200 GET http://10.180.1.21/compute/v2.1/servers/bf8eaa7a-343b-49dc-b5f9-0465794804f0 0.617s
