2025-03-26 21:01:03.775 69186 INFO tempest.lib.common.rest_client [req-4a0c9b35-f561-4365-ab6c-25eac085f1a8 req-4a0c9b35-f561-4365-ab6c-25eac085f1a8 ] Request (VolumesAdminNegativeTest:test_update_attached_volume_with_nonexistent_volume_in_body): 200 GET http://10.180.1.21/compute/v2.1/servers/e94094a9-3fb7-494c-9bda-8704f846db40 0.070s
2025-03-26 21:01:03.836 69180 INFO tempest.lib.common.rest_client [req-6849db99-669c-4b98-8db2-2dc02ab31513 req-6849db99-669c-4b98-8db2-2dc02ab31513 ] Request (ServerRescueNegativeTestJSON:setUpClass): 200 GET http://10.180.1.21/compute/v2.1/servers/50155af9-9cd2-486c-bd4c-81db57eecbda 0.058s
2025-03-26 21:01:03.853 69207 INFO tempest.lib.common.rest_client [req-53b368d1-1b2b-4224-a60d-65d527ed5b0b req-53b368d1-1b2b-4224-a60d-65d527ed5b0b ] Request (ServersListShow298Test:tearDownClass): 200 GET http://10.180.1.21/compute/v2.1/servers/ddde5559-2e16-42cb-8d25-60f3fa15cda4 0.073s
2025-03-26 21:01:03.890 69208 WARNING tempest.lib.common.ssh [-] Failed to establish authenticated ssh connection to cirros@10.180.180.242 ([Errno None] Unable to connect to port 22 on 10.180.180.242). Number attempts: 7. Retry after 8 seconds.: paramiko.ssh_exception.NoValidConnectionsError: [Errno None] Unable to connect to port 22 on 10.180.180.242
2025-03-26 21:01:03.897 69198 INFO tempest.lib.common.rest_client [req-2065d495-e758-477c-9d5b-f4590d3db8fa req-2065d495-e758-477c-9d5b-f4590d3db8fa ] Request (DeleteServersTestJSON:test_delete_server_while_in_attached_volume): 200 GET http://10.180.1.21/compute/v2.1/servers/1680228e-44af-4aff-bd2a-83a1360006a6 0.062s
2025-03-26 21:01:03.909 69188 INFO tempest.lib.common.rest_client [req-ddb1ed98-a713-446a-8e65-7ae96c5f73ba req-ddb1ed98-a713-446a-8e65-7ae96c5f73ba ] Request (ServersTestMultiNic:test_verify_duplicate_network_nics): 200 GET http://10.180.1.21/compute/v2.1/servers/65f6afb5-e62d-4dbd-b1cd-6ed52b88ca23 0.066s
2025-03-26 21:01:03.948 69230 INFO tempest.lib.common.rest_client [req-80073836-945d-4c08-a181-18ca5cb64fcc req-80073836-945d-4c08-a181-18ca5cb64fcc ] Request (FloatingIPsAssociationTestJSON:test_associate_already_associated_floating_ip): 200 GET http://10.180.1.21/compute/v2.1/servers/b3f025fc-1b13-4953-b4e2-1939a684998c 0.062s
2025-03-26 21:01:03.959 69222 INFO tempest.lib.common.rest_client [req-458452e0-918b-4c4d-95dc-3c4772d57468 req-458452e0-918b-4c4d-95dc-3c4772d57468 ] Request (FloatingIPsAssociationNegativeTestJSON:setUpClass): 200 GET http://10.180.1.21/compute/v2.1/servers/c3a56259-acf4-4d26-929b-fdde7b5c97eb 0.064s
2025-03-26 21:01:04.002 69190 INFO tempest.lib.common.rest_client [req-8ab893e8-dd23-44ae-843a-6d735354eacd req-8ab893e8-dd23-44ae-843a-6d735354eacd ] Request (ServersAdminTestJSON:test_create_server_with_scheduling_hint): 200 GET http://10.180.1.21/compute/v2.1/servers/fd248bbd-b4f7-4efb-9575-f3019b0888a9 0.059s
2025-03-26 21:01:04.010 69184 INFO tempest.lib.common.rest_client [req-76d6e70a-4015-4fca-8151-917ad4f3fff3 req-76d6e70a-4015-4fca-8151-917ad4f3fff3 ] Request (ServerDiskConfigTestJSON:test_rebuild_server_with_manual_disk_config): 200 GET http://10.180.1.21/compute/v2.1/servers/ce042a29-f8f3-4c79-a270-f003c2c60a7f 0.061s
2025-03-26 21:01:04.049 69228 INFO tempest.lib.common.rest_client [req-1ab0b851-33b3-4c2d-bcb7-0542ef2389c2 req-1ab0b851-33b3-4c2d-bcb7-0542ef2389c2 ] Request (ServerAddressesNegativeTestJSON:setUpClass): 200 GET http://10.180.1.21/compute/v2.1/servers/be00f9d7-3571-4249-a3c8-b87f43123930 0.061s
2025-03-26 21:01:04.063 69210 INFO tempest.lib.common.rest_client [req-ebddbfd8-8703-47f2-841a-49ea67359889 req-ebddbfd8-8703-47f2-841a-49ea67359889 ] Request (ServersAdminNegativeTestJSON:setUpClass): 200 GET http://10.180.1.21/compute/v2.1/servers/8856fccf-17f5-4669-8536-2cf0f7803110 0.063s
2025-03-26 21:01:04.106 69227 INFO tempest.lib.common.rest_client [req-1e5601a1-f4de-4b80-8bab-71223153b33f req-1e5601a1-f4de-4b80-8bab-71223153b33f ] Request (ServerMetadataTestJSON:tearDownClass): 200 GET http://10.180.1.21/compute/v2.1/servers/edbbd373-a587-4846-8a31-917e08e63edd 0.059s
2025-03-26 21:01:04.129 69243 INFO tempest.lib.common.rest_client [req-4ceaa540-1917-4f0c-9bb4-f3943ed77898 req-4ceaa540-1917-4f0c-9bb4-f3943ed77898 ] Request (AttachInterfacesV270Test:test_create_get_list_interfaces): 200 GET http://10.180.1.21/compute/v2.1/servers/effc35fc-c65b-4e44-9635-af615d5b0a47 0.054s
2025-03-26 21:01:04.275 69240 INFO tempest.lib.common.rest_client [req-8023347d-c2f0-47b4-86a4-52da8280df5e req-8023347d-c2f0-47b4-86a4-52da8280df5e ] Request (ServersTestBootFromVolume:setUpClass): 200 GET http://10.180.1.21/volume/v3/volumes/98a1f424-acae-450d-b215-6576238c9190 0.028s
2025-03-26 21:01:04.342 69202 INFO tempest.lib.common.rest_client [req-3ae6f028-81e5-4eff-b27c-b51d256c2749 req-3ae6f028-81e5-4eff-b27c-b51d256c2749 ] Request (ServersTestManualDisk:tearDownClass): 200 GET http://10.180.1.21/compute/v2.1/servers/48f5958b-d5b7-4d2c-a3a9-dd76881a89d1 0.063s
2025-03-26 21:01:04.412 69197 INFO tempest.lib.common.rest_client [req-369df9ad-d65b-4e83-b1fc-5dbcb5624fef req-369df9ad-d65b-4e83-b1fc-5dbcb5624fef ] Request (ImagesTestJSON:test_create_image_from_suspended_server): 200 GET http://10.180.1.21/compute/v2.1/servers/7daf798a-21b2-43e2-8f25-8f349f2863e4 0.066s
2025-03-26 21:01:04.420 69197 INFO tempest.common.waiters [-] State transition "BUILD/scheduling" ==> "BUILD/None" after 34 second wait
2025-03-26 21:01:04.478 69220 INFO tempest.lib.common.rest_client [req-fefe6333-19c8-4f3d-ae48-e9f74cc69ddb req-fefe6333-19c8-4f3d-ae48-e9f74cc69ddb ] Request (AttachVolumeTestJSON:test_attach_detach_volume): 200 GET http://10.180.1.21/compute/v2.1/servers/bf8eaa7a-343b-49dc-b5f9-0465794804f0 0.055s
2025-03-26 21:01:04.555 69192 INFO tempest.lib.common.rest_client [req-0cf5bab1-db87-432d-bb7d-4a7839ebdf95 req-0cf5bab1-db87-432d-bb7d-4a7839ebdf95 ] Request (DeleteServersAdminTestJSON:test_delete_server_while_in_error_state): 200 GET http://10.180.1.21/compute/v2.1/servers/9a76468d-f4d4-4a63-8c5b-a43f002cc535 0.072s
2025-03-26 21:01:04.611 69237 INFO tempest.lib.common.rest_client [req-f3ccc0fa-4a60-403b-b627-b973fe5f6b91 req-f3ccc0fa-4a60-403b-b627-b973fe5f6b91 ] Request (ImagesNegativeTestJSON:test_create_image_from_deleted_server): 200 GET http://10.180.1.21/compute/v2.1/servers/091adaaa-617e-45e0-9ada-cdeadfff36a3 0.083s
2025-03-26 21:01:04.617 69182 INFO tempest.lib.common.rest_client [req-d3015ce2-e6b6-4130-98da-5cbb12962418 req-d3015ce2-e6b6-4130-98da-5cbb12962418 ] Request (ListServersNegativeTestJSON:setUpClass): 200 GET http://10.180.1.21/compute/v2.1/servers/f720a633-de87-428c-a7de-2a8d336be8ed 0.141s
2025-03-26 21:01:04.680 69224 INFO tempest.lib.common.rest_client [req-300c3332-4d86-401e-89b4-3104e5b69d12 req-300c3332-4d86-401e-89b4-3104e5b69d12 ] Request (ServerMetadataNegativeTestJSON:tearDownClass): 200 GET http://10.180.1.21/compute/v2.1/servers/69161637-7589-4a65-8f6d-39831ceb7480 0.061s
2025-03-26 21:01:04.726 69214 INFO tempest.lib.common.rest_client [req-2e4ac092-2289-44e5-ad6a-a967248ab090 req-2e4ac092-2289-44e5-ad6a-a967248ab090 ] Request (ServerActionsTestOtherB:setUpClass): 200 GET http://10.180.1.21/compute/v2.1/servers/52342a01-c1ee-4cca-bc8c-ab2dc8a7b8dc 0.061s
2025-03-26 21:01:04.744 69232 INFO tempest.lib.common.rest_client [req-4d247c37-6259-485b-ab9b-ea46c33d5469 req-4d247c37-6259-485b-ab9b-ea46c33d5469 ] Request (ImagesOneServerTestJSON:test_create_image_specify_multibyte_character_image_name): 200 GET http://10.180.1.21/compute/v2.1/images/5faf80e1-15ce-47a4-aa14-135a490160d8 0.041s
2025-03-26 21:01:04.818 69212 INFO tempest.lib.common.rest_client [req-0fa05859-39a2-48b5-aae4-f7151e670c63 req-0fa05859-39a2-48b5-aae4-f7151e670c63 ] Request (SecurityGroupsTestJSON:test_list_security_groups_by_server): 200 GET http://10.180.1.21/compute/v2.1/servers/d421f36e-8ec2-4ae7-968c-bc69027b81b6 0.059s
2025-03-26 21:01:04.863 69216 INFO tempest.lib.common.rest_client [req-9adf58c1-78ed-4bb0-8aed-bd5b121fcd0c req-9adf58c1-78ed-4bb0-8aed-bd5b121fcd0c ] Request (ServerExternalEventsTest:test_create_server_external_events): 200 GET http://10.180.1.21/compute/v2.1/servers/01c1c8d4-2e8e-40eb-bacb-9b6f1b26d955 0.127s
2025-03-26 21:01:04.872 69186 INFO tempest.lib.common.rest_client [req-6ae48b45-6bd9-4613-8c22-116eff7ef8c0 req-6ae48b45-6bd9-4613-8c22-116eff7ef8c0 ] Request (VolumesAdminNegativeTest:test_update_attached_volume_with_nonexistent_volume_in_body): 200 GET http://10.180.1.21/compute/v2.1/servers/e94094a9-3fb7-494c-9bda-8704f846db40 0.088s
2025-03-26 21:01:04.919 69180 INFO tempest.lib.common.rest_client [req-6d68071c-66f2-41da-8603-b398d4db2998 req-6d68071c-66f2-41da-8603-b398d4db2998 ] Request (ServerRescueNegativeTestJSON:setUpClass): 200 GET http://10.180.1.21/compute/v2.1/servers/50155af9-9cd2-486c-bd4c-81db57eecbda 0.075s
2025-03-26 21:01:04.948 69207 INFO tempest.lib.common.rest_client [req-621dbcc9-70e7-4508-8ab9-5625121dd05c req-621dbcc9-70e7-4508-8ab9-5625121dd05c ] Request (ServersListShow298Test:tearDownClass): 200 GET http://10.180.1.21/compute/v2.1/servers/ddde5559-2e16-42cb-8d25-60f3fa15cda4 0.081s
2025-03-26 21:01:04.976 69198 INFO tempest.lib.common.rest_client [req-f5a74ab8-3e80-41e6-bd35-d6033ae25be9 req-f5a74ab8-3e80-41e6-bd35-d6033ae25be9 ] Request (DeleteServersTestJSON:test_delete_server_while_in_attached_volume): 200 GET http://10.180.1.21/compute/v2.1/servers/1680228e-44af-4aff-bd2a-83a1360006a6 0.070s
2025-03-26 21:01:05.002 69188 INFO tempest.lib.common.rest_client [req-568d7ef0-629a-4e70-a90b-7ed5a1971ea1 req-568d7ef0-629a-4e70-a90b-7ed5a1971ea1 ] Request (ServersTestMultiNic:test_verify_duplicate_network_nics): 200 GET http://10.180.1.21/compute/v2.1/servers/65f6afb5-e62d-4dbd-b1cd-6ed52b88ca23 0.085s
2025-03-26 21:01:05.026 69230 INFO tempest.lib.common.rest_client [req-35aec061-6097-48cc-9314-2ee4b7027e54 req-35aec061-6097-48cc-9314-2ee4b7027e54 ] Request (FloatingIPsAssociationTestJSON:test_associate_already_associated_floating_ip): 200 GET http://10.180.1.21/compute/v2.1/servers/b3f025fc-1b13-4953-b4e2-1939a684998c 0.070s
2025-03-26 21:01:05.055 69222 INFO tempest.lib.common.rest_client [req-e6f7368b-1e39-4263-80e9-1b9875f63a44 req-e6f7368b-1e39-4263-80e9-1b9875f63a44 ] Request (FloatingIPsAssociationNegativeTestJSON:setUpClass): 200 GET http://10.180.1.21/compute/v2.1/servers/c3a56259-acf4-4d26-929b-fdde7b5c97eb 0.088s
2025-03-26 21:01:05.081 69190 INFO tempest.lib.common.rest_client [req-4f62cb3a-6417-49dd-ac7c-c69f1118ddb6 req-4f62cb3a-6417-49dd-ac7c-c69f1118ddb6 ] Request (ServersAdminTestJSON:test_create_server_with_scheduling_hint): 200 GET http://10.180.1.21/compute/v2.1/servers/fd248bbd-b4f7-4efb-9575-f3019b0888a9 0.071s
2025-03-26 21:01:05.106 69184 INFO tempest.lib.common.rest_client [req-f2de388f-15cf-41ef-99d7-4ce90328f4c3 req-f2de388f-15cf-41ef-99d7-4ce90328f4c3 ] Request (ServerDiskConfigTestJSON:test_rebuild_server_with_manual_disk_config): 200 GET http://10.180.1.21/compute/v2.1/servers/ce042a29-f8f3-4c79-a270-f003c2c60a7f 0.089s
2025-03-26 21:01:05.129 69228 INFO tempest.lib.common.rest_client [req-0b18dd52-fc9a-46ca-a2ee-b8665f1a5264 req-0b18dd52-fc9a-46ca-a2ee-b8665f1a5264 ] Request (ServerAddressesNegativeTestJSON:setUpClass): 200 GET http://10.180.1.21/compute/v2.1/servers/be00f9d7-3571-4249-a3c8-b87f43123930 0.072s
2025-03-26 21:01:05.155 69210 INFO tempest.lib.common.rest_client [req-c9f2a99a-94c8-47bb-9b2b-099788cdcd82 req-c9f2a99a-94c8-47bb-9b2b-099788cdcd82 ] Request (ServersAdminNegativeTestJSON:setUpClass): 200 GET http://10.180.1.21/compute/v2.1/servers/8856fccf-17f5-4669-8536-2cf0f7803110 0.085s
2025-03-26 21:01:05.163 69210 INFO tempest.common.waiters [-] State transition "BUILD/None" ==> "BUILD/networking" after 49 second wait
2025-03-26 21:01:05.189 69227 INFO tempest.lib.common.rest_client [req-78f7498a-e1dd-4005-a9a6-3b22644cc43b req-78f7498a-e1dd-4005-a9a6-3b22644cc43b ] Request (ServerMetadataTestJSON:tearDownClass): 200 GET http://10.180.1.21/compute/v2.1/servers/edbbd373-a587-4846-8a31-917e08e63edd 0.075s
2025-03-26 21:01:05.219 69243 INFO tempest.lib.common.rest_client [req-e1384fa3-b5a4-42ea-a10c-7075befc5098 req-e1384fa3-b5a4-42ea-a10c-7075befc5098 ] Request (AttachInterfacesV270Test:test_create_get_list_interfaces): 200 GET http://10.180.1.21/compute/v2.1/servers/effc35fc-c65b-4e44-9635-af615d5b0a47 0.081s
2025-03-26 21:01:05.318 69240 INFO tempest.lib.common.rest_client [req-55d95d39-8e2d-4c2f-9bd2-b138efe8a69f req-55d95d39-8e2d-4c2f-9bd2-b138efe8a69f ] Request (ServersTestBootFromVolume:setUpClass): 200 GET http://10.180.1.21/volume/v3/volumes/98a1f424-acae-450d-b215-6576238c9190 0.035s
2025-03-26 21:01:05.426 69202 INFO tempest.lib.common.rest_client [req-2536d6fa-6189-40a6-9594-501e0c4a9606 req-2536d6fa-6189-40a6-9594-501e0c4a9606 ] Request (ServersTestManualDisk:tearDownClass): 200 GET http://10.180.1.21/compute/v2.1/servers/48f5958b-d5b7-4d2c-a3a9-dd76881a89d1 0.076s
2025-03-26 21:01:05.476 69197 INFO tempest.lib.common.rest_client [req-d2fedfdb-66ee-4095-b253-6ff48965816e req-d2fedfdb-66ee-4095-b253-6ff48965816e ] Request (ImagesTestJSON:test_create_image_from_suspended_server): 200 GET http://10.180.1.21/compute/v2.1/servers/7daf798a-21b2-43e2-8f25-8f349f2863e4 0.056s
2025-03-26 21:01:05.490 69194 WARNING tempest.lib.common.ssh [-] Failed to establish authenticated ssh connection to cirros@10.180.180.131 ([Errno None] Unable to connect to port 22 on 10.180.180.131). Number attempts: 6. Retry after 7 seconds.: paramiko.ssh_exception.NoValidConnectionsError: [Errno None] Unable to connect to port 22 on 10.180.180.131
2025-03-26 21:01:05.541 69220 INFO tempest.lib.common.rest_client [req-e695e527-a1e4-44e7-8474-59e2a07c76a2 req-e695e527-a1e4-44e7-8474-59e2a07c76a2 ] Request (AttachVolumeTestJSON:test_attach_detach_volume): 200 GET http://10.180.1.21/compute/v2.1/servers/bf8eaa7a-343b-49dc-b5f9-0465794804f0 0.056s
2025-03-26 21:01:05.619 69192 INFO tempest.lib.common.rest_client [req-33029758-e89c-42a1-b8cd-41f73c4f86ce req-33029758-e89c-42a1-b8cd-41f73c4f86ce ] Request (DeleteServersAdminTestJSON:test_delete_server_while_in_error_state): 200 GET http://10.180.1.21/compute/v2.1/servers/9a76468d-f4d4-4a63-8c5b-a43f002cc535 0.056s
2025-03-26 21:01:05.682 69237 INFO tempest.lib.common.rest_client [req-2cffb68e-98d9-4ecd-a0e2-4ce48f504206 req-2cffb68e-98d9-4ecd-a0e2-4ce48f504206 ] Request (ImagesNegativeTestJSON:test_create_image_from_deleted_server): 200 GET http://10.180.1.21/compute/v2.1/servers/091adaaa-617e-45e0-9ada-cdeadfff36a3 0.063s
2025-03-26 21:01:05.761 69224 INFO tempest.lib.common.rest_client [req-e3155cc6-3135-4d32-9aaf-94be999e2caa req-e3155cc6-3135-4d32-9aaf-94be999e2caa ] Request (ServerMetadataNegativeTestJSON:tearDownClass): 200 GET http://10.180.1.21/compute/v2.1/servers/69161637-7589-4a65-8f6d-39831ceb7480 0.074s
2025-03-26 21:01:05.780 69182 INFO tempest.lib.common.rest_client [req-f53c3f1a-28c2-44cf-819e-ba3c1a51f20a req-f53c3f1a-28c2-44cf-819e-ba3c1a51f20a ] Request (ListServersNegativeTestJSON:setUpClass): 200 GET http://10.180.1.21/compute/v2.1/servers/f720a633-de87-428c-a7de-2a8d336be8ed 0.155s
2025-03-26 21:01:05.813 69232 INFO tempest.lib.common.rest_client [req-c93d6872-9994-4ef1-9257-bd2a333b4401 req-c93d6872-9994-4ef1-9257-bd2a333b4401 ] Request (ImagesOneServerTestJSON:test_create_image_specify_multibyte_character_image_name): 200 GET http://10.180.1.21/compute/v2.1/images/5faf80e1-15ce-47a4-aa14-135a490160d8 0.065s
2025-03-26 21:01:05.824 69214 INFO tempest.lib.common.rest_client [req-742cd2ed-29e4-4909-9383-e6c3c9254ca5 req-742cd2ed-29e4-4909-9383-e6c3c9254ca5 ] Request (ServerActionsTestOtherB:setUpClass): 200 GET http://10.180.1.21/compute/v2.1/servers/52342a01-c1ee-4cca-bc8c-ab2dc8a7b8dc 0.090s
2025-03-26 21:01:05.886 69212 INFO tempest.lib.common.rest_client [req-2d267eaa-3317-45f6-92fa-02fa8e9fe130 req-2d267eaa-3317-45f6-92fa-02fa8e9fe130 ] Request (SecurityGroupsTestJSON:test_list_security_groups_by_server): 200 GET http://10.180.1.21/compute/v2.1/servers/d421f36e-8ec2-4ae7-968c-bc69027b81b6 0.059s
2025-03-26 21:01:05.947 69186 INFO tempest.lib.common.rest_client [req-95d14a9d-a916-4797-bfc3-d60e38d7d5e1 req-95d14a9d-a916-4797-bfc3-d60e38d7d5e1 ] Request (VolumesAdminNegativeTest:test_update_attached_volume_with_nonexistent_volume_in_body): 200 GET http://10.180.1.21/compute/v2.1/servers/e94094a9-3fb7-494c-9bda-8704f846db40 0.064s
2025-03-26 21:01:06.013 69180 INFO tempest.lib.common.rest_client [req-d57284fb-d4a7-457b-ae20-3ff64c00fb80 req-d57284fb-d4a7-457b-ae20-3ff64c00fb80 ] Request (ServerRescueNegativeTestJSON:setUpClass): 200 GET http://10.180.1.21/compute/v2.1/servers/50155af9-9cd2-486c-bd4c-81db57eecbda 0.085s
2025-03-26 21:01:06.022 69216 INFO tempest.lib.common.rest_client [req-522237fb-63bd-4d4b-a682-9aff7f88fd4d req-522237fb-63bd-4d4b-a682-9aff7f88fd4d ] Request (ServerExternalEventsTest:test_create_server_external_events): 200 GET http://10.180.1.21/compute/v2.1/servers/01c1c8d4-2e8e-40eb-bacb-9b6f1b26d955 0.146s
2025-03-26 21:01:06.097 69198 INFO tempest.lib.common.rest_client [req-cbe97992-4640-4183-a59f-41e20d34469b req-cbe97992-4640-4183-a59f-41e20d34469b ] Request (DeleteServersTestJSON:test_delete_server_while_in_attached_volume): 200 GET http://10.180.1.21/compute/v2.1/servers/1680228e-44af-4aff-bd2a-83a1360006a6 0.113s
2025-03-26 21:01:06.104 69207 INFO tempest.lib.common.rest_client [req-7f4c0f2d-bb24-47fd-a444-9048bc66b031 req-7f4c0f2d-bb24-47fd-a444-9048bc66b031 ] Request (ServersListShow298Test:tearDownClass): 200 GET http://10.180.1.21/compute/v2.1/servers/ddde5559-2e16-42cb-8d25-60f3fa15cda4 0.141s
2025-03-26 21:01:06.162 69188 INFO tempest.lib.common.rest_client [req-afbfe41a-2637-42bc-ad53-fb70b5364125 req-afbfe41a-2637-42bc-ad53-fb70b5364125 ] Request (ServersTestMultiNic:test_verify_duplicate_network_nics): 200 GET http://10.180.1.21/compute/v2.1/servers/65f6afb5-e62d-4dbd-b1cd-6ed52b88ca23 0.152s
2025-03-26 21:01:06.166 69230 INFO tempest.lib.common.rest_client [req-d28c5eef-5217-467a-b60a-4ae036104174 req-d28c5eef-5217-467a-b60a-4ae036104174 ] Request (FloatingIPsAssociationTestJSON:test_associate_already_associated_floating_ip): 200 GET http://10.180.1.21/compute/v2.1/servers/b3f025fc-1b13-4953-b4e2-1939a684998c 0.132s
2025-03-26 21:01:06.240 69222 INFO tempest.lib.common.rest_client [req-131816e5-3a5b-4636-abeb-7b019a22a004 req-131816e5-3a5b-4636-abeb-7b019a22a004 ] Request (FloatingIPsAssociationNegativeTestJSON:setUpClass): 200 GET http://10.180.1.21/compute/v2.1/servers/c3a56259-acf4-4d26-929b-fdde7b5c97eb 0.170s
2025-03-26 21:01:06.241 69190 INFO tempest.lib.common.rest_client [req-5480185f-b131-4b95-8aa8-b7b3b2c08d39 req-5480185f-b131-4b95-8aa8-b7b3b2c08d39 ] Request (ServersAdminTestJSON:test_create_server_with_scheduling_hint): 200 GET http://10.180.1.21/compute/v2.1/servers/fd248bbd-b4f7-4efb-9575-f3019b0888a9 0.148s
2025-03-26 21:01:06.307 69184 INFO tempest.lib.common.rest_client [req-2ade4d8c-b095-4ee3-b2b1-bc91ac7e53c4 req-2ade4d8c-b095-4ee3-b2b1-bc91ac7e53c4 ] Request (ServerDiskConfigTestJSON:test_rebuild_server_with_manual_disk_config): 200 GET http://10.180.1.21/compute/v2.1/servers/ce042a29-f8f3-4c79-a270-f003c2c60a7f 0.190s
2025-03-26 21:01:06.323 69228 INFO tempest.lib.common.rest_client [req-9cfaade0-9469-4db2-9d3e-78f081e1b8b0 req-9cfaade0-9469-4db2-9d3e-78f081e1b8b0 ] Request (ServerAddressesNegativeTestJSON:setUpClass): 200 GET http://10.180.1.21/compute/v2.1/servers/be00f9d7-3571-4249-a3c8-b87f43123930 0.185s
2025-03-26 21:01:06.353 69240 INFO tempest.lib.common.rest_client [req-a08b3b42-8313-4474-b650-143a6e9c4887 req-a08b3b42-8313-4474-b650-143a6e9c4887 ] Request (ServersTestBootFromVolume:setUpClass): 200 GET http://10.180.1.21/volume/v3/volumes/98a1f424-acae-450d-b215-6576238c9190 0.028s
2025-03-26 21:01:06.405 69227 INFO tempest.lib.common.rest_client [req-5087382b-1606-4c53-8f28-409a4a9d943b req-5087382b-1606-4c53-8f28-409a4a9d943b ] Request (ServerMetadataTestJSON:tearDownClass): 200 GET http://10.180.1.21/compute/v2.1/servers/edbbd373-a587-4846-8a31-917e08e63edd 0.207s
2025-03-26 21:01:06.472 69210 INFO tempest.lib.common.rest_client [req-d023aae0-07c2-4fb5-b833-90f1aefc1c8b req-d023aae0-07c2-4fb5-b833-90f1aefc1c8b ] Request (ServersAdminNegativeTestJSON:setUpClass): 200 GET http://10.180.1.21/compute/v2.1/servers/8856fccf-17f5-4669-8536-2cf0f7803110 0.305s
2025-03-26 21:01:06.474 69243 INFO tempest.lib.common.rest_client [req-504eced0-7a77-4426-9cb4-5a1bcef1b5bd req-504eced0-7a77-4426-9cb4-5a1bcef1b5bd ] Request (AttachInterfacesV270Test:test_create_get_list_interfaces): 200 GET http://10.180.1.21/compute/v2.1/servers/effc35fc-c65b-4e44-9635-af615d5b0a47 0.243s
2025-03-26 21:01:06.479 69210 INFO tempest.common.waiters [-] State transition "BUILD/networking" ==> "BUILD/block_device_mapping" after 50 second wait
2025-03-26 21:01:06.531 69202 INFO tempest.lib.common.rest_client [req-fd870a04-6d5d-4643-8303-573935b4ead4 req-fd870a04-6d5d-4643-8303-573935b4ead4 ] Request (ServersTestManualDisk:tearDownClass): 200 GET http://10.180.1.21/compute/v2.1/servers/48f5958b-d5b7-4d2c-a3a9-dd76881a89d1 0.095s
2025-03-26 21:01:06.547 69197 INFO tempest.lib.common.rest_client [req-ea7a2088-9a30-41dc-abe2-0c83e6507f8f req-ea7a2088-9a30-41dc-abe2-0c83e6507f8f ] Request (ImagesTestJSON:test_create_image_from_suspended_server): 200 GET http://10.180.1.21/compute/v2.1/servers/7daf798a-21b2-43e2-8f25-8f349f2863e4 0.063s
2025-03-26 21:01:06.607 69220 INFO tempest.lib.common.rest_client [req-9823181d-cc0e-47f3-9d5a-516dea9b7bd3 req-9823181d-cc0e-47f3-9d5a-516dea9b7bd3 ] Request (AttachVolumeTestJSON:test_attach_detach_volume): 200 GET http://10.180.1.21/compute/v2.1/servers/bf8eaa7a-343b-49dc-b5f9-0465794804f0 0.055s
2025-03-26 21:01:06.680 69192 INFO tempest.lib.common.rest_client [req-ab8fff0a-de6b-4cff-965a-afe22c9e50d7 req-ab8fff0a-de6b-4cff-965a-afe22c9e50d7 ] Request (DeleteServersAdminTestJSON:test_delete_server_while_in_error_state): 200 GET http://10.180.1.21/compute/v2.1/servers/9a76468d-f4d4-4a63-8c5b-a43f002cc535 0.053s
2025-03-26 21:01:06.740 69237 INFO tempest.lib.common.rest_client [req-b6972ac0-1db9-4c2e-8cc6-9bfdf939a696 req-b6972ac0-1db9-4c2e-8cc6-9bfdf939a696 ] Request (ImagesNegativeTestJSON:test_create_image_from_deleted_server): 200 GET http://10.180.1.21/compute/v2.1/servers/091adaaa-617e-45e0-9ada-cdeadfff36a3 0.049s
2025-03-26 21:01:06.840 69224 INFO tempest.lib.common.rest_client [req-cb27ad02-871f-4bf6-8588-c155d69fde05 req-cb27ad02-871f-4bf6-8588-c155d69fde05 ] Request (ServerMetadataNegativeTestJSON:tearDownClass): 200 GET http://10.180.1.21/compute/v2.1/servers/69161637-7589-4a65-8f6d-39831ceb7480 0.064s
2025-03-26 21:01:06.848 69182 INFO tempest.lib.common.rest_client [req-45642387-3784-466f-9111-df829c388afb req-45642387-3784-466f-9111-df829c388afb ] Request (ListServersNegativeTestJSON:setUpClass): 200 GET http://10.180.1.21/compute/v2.1/servers/f720a633-de87-428c-a7de-2a8d336be8ed 0.060s
2025-03-26 21:01:06.874 69232 INFO tempest.lib.common.rest_client [req-6deea2b3-7932-48c0-be18-addfdc5a489b req-6deea2b3-7932-48c0-be18-addfdc5a489b ] Request (ImagesOneServerTestJSON:test_create_image_specify_multibyte_character_image_name): 200 GET http://10.180.1.21/compute/v2.1/images/5faf80e1-15ce-47a4-aa14-135a490160d8 0.056s
2025-03-26 21:01:06.896 69214 INFO tempest.lib.common.rest_client [req-c4d79fb5-a757-4b53-a7e4-aae6414f66c4 req-c4d79fb5-a757-4b53-a7e4-aae6414f66c4 ] Request (ServerActionsTestOtherB:setUpClass): 200 GET http://10.180.1.21/compute/v2.1/servers/52342a01-c1ee-4cca-bc8c-ab2dc8a7b8dc 0.064s
2025-03-26 21:01:06.947 69212 INFO tempest.lib.common.rest_client [req-bdc724a8-db92-4083-8a68-f20c3d8add75 req-bdc724a8-db92-4083-8a68-f20c3d8add75 ] Request (SecurityGroupsTestJSON:test_list_security_groups_by_server): 200 GET http://10.180.1.21/compute/v2.1/servers/d421f36e-8ec2-4ae7-968c-bc69027b81b6 0.051s
2025-03-26 21:01:07.005 69186 INFO tempest.lib.common.rest_client [req-aaffd07a-1aeb-4d18-87fb-51cc3e28025f req-aaffd07a-1aeb-4d18-87fb-51cc3e28025f ] Request (VolumesAdminNegativeTest:test_update_attached_volume_with_nonexistent_volume_in_body): 200 GET http://10.180.1.21/compute/v2.1/servers/e94094a9-3fb7-494c-9bda-8704f846db40 0.050s
2025-03-26 21:01:07.084 69180 INFO tempest.lib.common.rest_client [req-d37828cc-b105-4046-9ef1-efac9630012a req-d37828cc-b105-4046-9ef1-efac9630012a ] Request (ServerRescueNegativeTestJSON:setUpClass): 200 GET http://10.180.1.21/compute/v2.1/servers/50155af9-9cd2-486c-bd4c-81db57eecbda 0.062s
2025-03-26 21:01:07.135 69216 INFO tempest.lib.common.rest_client [req-602e2239-44ec-4db5-ac4c-88b66b8d8e29 req-602e2239-44ec-4db5-ac4c-88b66b8d8e29 ] Request (ServerExternalEventsTest:test_create_server_external_events): 200 GET http://10.180.1.21/compute/v2.1/servers/01c1c8d4-2e8e-40eb-bacb-9b6f1b26d955 0.105s
2025-03-26 21:01:07.166 69198 INFO tempest.lib.common.rest_client [req-2b9e0d72-10db-45f4-8a1a-ebd3dd0e3f7c req-2b9e0d72-10db-45f4-8a1a-ebd3dd0e3f7c ] Request (DeleteServersTestJSON:test_delete_server_while_in_attached_volume): 200 GET http://10.180.1.21/compute/v2.1/servers/1680228e-44af-4aff-bd2a-83a1360006a6 0.053s
2025-03-26 21:01:07.194 69207 INFO tempest.lib.common.rest_client [req-7c5c4e42-5a9b-4dda-afab-25e513f22549 req-7c5c4e42-5a9b-4dda-afab-25e513f22549 ] Request (ServersListShow298Test:tearDownClass): 200 GET http://10.180.1.21/compute/v2.1/servers/ddde5559-2e16-42cb-8d25-60f3fa15cda4 0.066s
2025-03-26 21:01:07.222 69188 INFO tempest.lib.common.rest_client [req-696af07c-82a5-4d0a-bc57-c70e0e1c172c req-696af07c-82a5-4d0a-bc57-c70e0e1c172c ] Request (ServersTestMultiNic:test_verify_duplicate_network_nics): 200 GET http://10.180.1.21/compute/v2.1/servers/65f6afb5-e62d-4dbd-b1cd-6ed52b88ca23 0.050s
2025-03-26 21:01:07.239 69230 INFO tempest.lib.common.rest_client [req-2ca79c3e-7233-4963-bc4e-6f234f95a020 req-2ca79c3e-7233-4963-bc4e-6f234f95a020 ] Request (FloatingIPsAssociationTestJSON:test_associate_already_associated_floating_ip): 200 GET http://10.180.1.21/compute/v2.1/servers/b3f025fc-1b13-4953-b4e2-1939a684998c 0.062s
2025-03-26 21:01:07.312 69190 INFO tempest.lib.common.rest_client [req-566fd4e4-7256-484d-837e-b740d4b17f48 req-566fd4e4-7256-484d-837e-b740d4b17f48 ] Request (ServersAdminTestJSON:test_create_server_with_scheduling_hint): 200 GET http://10.180.1.21/compute/v2.1/servers/fd248bbd-b4f7-4efb-9575-f3019b0888a9 0.063s
2025-03-26 21:01:07.313 69222 INFO tempest.lib.common.rest_client [req-1ed6ccb0-f8cb-431c-840c-7c751ec7e766 req-1ed6ccb0-f8cb-431c-840c-7c751ec7e766 ] Request (FloatingIPsAssociationNegativeTestJSON:setUpClass): 200 GET http://10.180.1.21/compute/v2.1/servers/c3a56259-acf4-4d26-929b-fdde7b5c97eb 0.063s
2025-03-26 21:01:07.371 69184 INFO tempest.lib.common.rest_client [req-987adaca-dc2c-4813-b425-0dcc0342cbe7 req-987adaca-dc2c-4813-b425-0dcc0342cbe7 ] Request (ServerDiskConfigTestJSON:test_rebuild_server_with_manual_disk_config): 200 GET http://10.180.1.21/compute/v2.1/servers/ce042a29-f8f3-4c79-a270-f003c2c60a7f 0.052s
2025-03-26 21:01:07.387 69228 INFO tempest.lib.common.rest_client [req-9b42a796-f76f-4dfc-b85e-ffd0ebafa61e req-9b42a796-f76f-4dfc-b85e-ffd0ebafa61e ] Request (ServerAddressesNegativeTestJSON:setUpClass): 200 GET http://10.180.1.21/compute/v2.1/servers/be00f9d7-3571-4249-a3c8-b87f43123930 0.053s
2025-03-26 21:01:07.394 69240 INFO tempest.lib.common.rest_client [req-35aaf7dd-a8b0-47fc-936f-8c22e891a4a2 req-35aaf7dd-a8b0-47fc-936f-8c22e891a4a2 ] Request (ServersTestBootFromVolume:setUpClass): 200 GET http://10.180.1.21/volume/v3/volumes/98a1f424-acae-450d-b215-6576238c9190 0.031s
2025-03-26 21:01:07.477 69227 INFO tempest.lib.common.rest_client [req-930282bd-967f-4b62-82e0-dbcd02a4c4e3 req-930282bd-967f-4b62-82e0-dbcd02a4c4e3 ] Request (ServerMetadataTestJSON:tearDownClass): 200 GET http://10.180.1.21/compute/v2.1/servers/edbbd373-a587-4846-8a31-917e08e63edd 0.064s
2025-03-26 21:01:07.548 69243 INFO tempest.lib.common.rest_client [req-22c9bbe0-b89a-4145-ace2-9ce0aaa4c8d4 req-22c9bbe0-b89a-4145-ace2-9ce0aaa4c8d4 ] Request (AttachInterfacesV270Test:test_create_get_list_interfaces): 200 GET http://10.180.1.21/compute/v2.1/servers/effc35fc-c65b-4e44-9635-af615d5b0a47 0.064s
2025-03-26 21:01:07.608 69202 INFO tempest.lib.common.rest_client [req-031486e5-1252-4984-b9cd-17602b11d06d req-031486e5-1252-4984-b9cd-17602b11d06d ] Request (ServersTestManualDisk:tearDownClass): 200 GET http://10.180.1.21/compute/v2.1/servers/48f5958b-d5b7-4d2c-a3a9-dd76881a89d1 0.069s
2025-03-26 21:01:07.627 69210 INFO tempest.lib.common.rest_client [req-7488a55b-67e9-48a4-8f0c-549de5789a7f req-7488a55b-67e9-48a4-8f0c-549de5789a7f ] Request (ServersAdminNegativeTestJSON:setUpClass): 200 GET http://10.180.1.21/compute/v2.1/servers/8856fccf-17f5-4669-8536-2cf0f7803110 0.146s
2025-03-26 21:01:07.634 69210 INFO tempest.common.waiters [-] State transition "BUILD/block_device_mapping" ==> "BUILD/spawning" after 51 second wait
2025-03-26 21:01:07.660 69197 INFO tempest.lib.common.rest_client [req-cc237e50-643b-4564-9421-c111efe6402b req-cc237e50-643b-4564-9421-c111efe6402b ] Request (ImagesTestJSON:test_create_image_from_suspended_server): 200 GET http://10.180.1.21/compute/v2.1/servers/7daf798a-21b2-43e2-8f25-8f349f2863e4 0.102s
2025-03-26 21:01:07.710 69220 INFO tempest.lib.common.rest_client [req-e54f148d-87ac-4b0b-bf69-8c79d5035ba3 req-e54f148d-87ac-4b0b-bf69-8c79d5035ba3 ] Request (AttachVolumeTestJSON:test_attach_detach_volume): 200 GET http://10.180.1.21/compute/v2.1/servers/bf8eaa7a-343b-49dc-b5f9-0465794804f0 0.094s
2025-03-26 21:01:07.752 69192 INFO tempest.lib.common.rest_client [req-0946005d-30ee-4991-9f09-cf0d95f3f1fe req-0946005d-30ee-4991-9f09-cf0d95f3f1fe ] Request (DeleteServersAdminTestJSON:test_delete_server_while_in_error_state): 200 GET http://10.180.1.21/compute/v2.1/servers/9a76468d-f4d4-4a63-8c5b-a43f002cc535 0.064s
2025-03-26 21:01:07.809 69237 INFO tempest.lib.common.rest_client [req-32594c30-f159-42b5-8270-e9821fab03aa req-32594c30-f159-42b5-8270-e9821fab03aa ] Request (ImagesNegativeTestJSON:test_create_image_from_deleted_server): 200 GET http://10.180.1.21/compute/v2.1/servers/091adaaa-617e-45e0-9ada-cdeadfff36a3 0.061s
2025-03-26 21:01:07.926 69224 INFO tempest.lib.common.rest_client [req-ca89226e-8de7-4598-9e30-4390f0381577 req-ca89226e-8de7-4598-9e30-4390f0381577 ] Request (ServerMetadataNegativeTestJSON:tearDownClass): 200 GET http://10.180.1.21/compute/v2.1/servers/69161637-7589-4a65-8f6d-39831ceb7480 0.078s
2025-03-26 21:01:07.929 69182 INFO tempest.lib.common.rest_client [req-64d984b0-1050-406f-b12c-84d5b2b96e01 req-64d984b0-1050-406f-b12c-84d5b2b96e01 ] Request (ListServersNegativeTestJSON:setUpClass): 200 GET http://10.180.1.21/compute/v2.1/servers/f720a633-de87-428c-a7de-2a8d336be8ed 0.072s
2025-03-26 21:01:07.936 69182 INFO tempest.common.waiters [-] State transition "ACTIVE/deleting" ==> "DELETED/None" after 4 second wait
2025-03-26 21:01:07.966 69232 INFO tempest.lib.common.rest_client [req-5eaaca4c-ac96-4df6-bb70-64d3ce044743 req-5eaaca4c-ac96-4df6-bb70-64d3ce044743 ] Request (ImagesOneServerTestJSON:test_create_image_specify_multibyte_character_image_name): 200 GET http://10.180.1.21/compute/v2.1/images/5faf80e1-15ce-47a4-aa14-135a490160d8 0.087s
2025-03-26 21:01:07.978 69214 INFO tempest.lib.common.rest_client [req-bc981274-a9b1-4863-ab2b-8854644461d4 req-bc981274-a9b1-4863-ab2b-8854644461d4 ] Request (ServerActionsTestOtherB:setUpClass): 200 GET http://10.180.1.21/compute/v2.1/servers/52342a01-c1ee-4cca-bc8c-ab2dc8a7b8dc 0.074s
2025-03-26 21:01:08.015 69212 INFO tempest.lib.common.rest_client [req-361fabbf-6c91-4916-ad34-68c10ca46369 req-361fabbf-6c91-4916-ad34-68c10ca46369 ] Request (SecurityGroupsTestJSON:test_list_security_groups_by_server): 200 GET http://10.180.1.21/compute/v2.1/servers/d421f36e-8ec2-4ae7-968c-bc69027b81b6 0.060s
2025-03-26 21:01:08.061 69186 INFO tempest.lib.common.rest_client [req-868240eb-0cd5-41b5-858f-415a559faf60 req-868240eb-0cd5-41b5-858f-415a559faf60 ] Request (VolumesAdminNegativeTest:test_update_attached_volume_with_nonexistent_volume_in_body): 200 GET http://10.180.1.21/compute/v2.1/servers/e94094a9-3fb7-494c-9bda-8704f846db40 0.047s
2025-03-26 21:01:08.138 69180 INFO tempest.lib.common.rest_client [req-e95fdc86-1d18-4ab4-9e48-6c4e60d699d9 req-e95fdc86-1d18-4ab4-9e48-6c4e60d699d9 ] Request (ServerRescueNegativeTestJSON:setUpClass): 200 GET http://10.180.1.21/compute/v2.1/servers/50155af9-9cd2-486c-bd4c-81db57eecbda 0.046s
2025-03-26 21:01:08.223 69198 INFO tempest.lib.common.rest_client [req-7269fd3c-003d-42e0-9c89-68345813cafd req-7269fd3c-003d-42e0-9c89-68345813cafd ] Request (DeleteServersTestJSON:test_delete_server_while_in_attached_volume): 200 GET http://10.180.1.21/compute/v2.1/servers/1680228e-44af-4aff-bd2a-83a1360006a6 0.048s
2025-03-26 21:01:08.240 69216 INFO tempest.lib.common.rest_client [req-610ca172-f5a7-461b-b22f-d08438ee1c93 req-610ca172-f5a7-461b-b22f-d08438ee1c93 ] Request (ServerExternalEventsTest:test_create_server_external_events): 200 GET http://10.180.1.21/compute/v2.1/servers/01c1c8d4-2e8e-40eb-bacb-9b6f1b26d955 0.096s
2025-03-26 21:01:08.296 69207 INFO tempest.lib.common.rest_client [req-92893d67-d761-455d-8e8d-d00d1a72c89a req-92893d67-d761-455d-8e8d-d00d1a72c89a ] Request (ServersListShow298Test:tearDownClass): 200 GET http://10.180.1.21/compute/v2.1/servers/ddde5559-2e16-42cb-8d25-60f3fa15cda4 0.090s
2025-03-26 21:01:08.303 69188 INFO tempest.lib.common.rest_client [req-d8440b5f-ea9f-4d73-b938-da77c802965f req-d8440b5f-ea9f-4d73-b938-da77c802965f ] Request (ServersTestMultiNic:test_verify_duplicate_network_nics): 200 GET http://10.180.1.21/compute/v2.1/servers/65f6afb5-e62d-4dbd-b1cd-6ed52b88ca23 0.072s
2025-03-26 21:01:08.350 69230 INFO tempest.lib.common.rest_client [req-d6332abe-2850-4428-9512-b3eec29b6b47 req-d6332abe-2850-4428-9512-b3eec29b6b47 ] Request (FloatingIPsAssociationTestJSON:test_associate_already_associated_floating_ip): 200 GET http://10.180.1.21/compute/v2.1/servers/b3f025fc-1b13-4953-b4e2-1939a684998c 0.102s
2025-03-26 21:01:08.377 69190 INFO tempest.lib.common.rest_client [req-25d335d0-84b1-4fda-964f-60662bd86e44 req-25d335d0-84b1-4fda-964f-60662bd86e44 ] Request (ServersAdminTestJSON:test_create_server_with_scheduling_hint): 200 GET http://10.180.1.21/compute/v2.1/servers/fd248bbd-b4f7-4efb-9575-f3019b0888a9 0.057s
2025-03-26 21:01:08.405 69222 INFO tempest.lib.common.rest_client [req-f4e15ae2-ef80-4ccf-bbcb-035b6223b157 req-f4e15ae2-ef80-4ccf-bbcb-035b6223b157 ] Request (FloatingIPsAssociationNegativeTestJSON:setUpClass): 200 GET http://10.180.1.21/compute/v2.1/servers/c3a56259-acf4-4d26-929b-fdde7b5c97eb 0.083s
2025-03-26 21:01:08.428 69240 INFO tempest.lib.common.rest_client [req-ed7402cb-8b32-4d32-a0e8-c681ac907f09 req-ed7402cb-8b32-4d32-a0e8-c681ac907f09 ] Request (ServersTestBootFromVolume:setUpClass): 200 GET http://10.180.1.21/volume/v3/volumes/98a1f424-acae-450d-b215-6576238c9190 0.027s
2025-03-26 21:01:08.434 69184 INFO tempest.lib.common.rest_client [req-ba5d878b-1601-4488-986a-8ab037390a4c req-ba5d878b-1601-4488-986a-8ab037390a4c ] Request (ServerDiskConfigTestJSON:test_rebuild_server_with_manual_disk_config): 200 GET http://10.180.1.21/compute/v2.1/servers/ce042a29-f8f3-4c79-a270-f003c2c60a7f 0.051s
2025-03-26 21:01:08.468 69228 INFO tempest.lib.common.rest_client [req-5685adfa-5a69-4277-b9b3-9ed600047ef2 req-5685adfa-5a69-4277-b9b3-9ed600047ef2 ] Request (ServerAddressesNegativeTestJSON:setUpClass): 200 GET http://10.180.1.21/compute/v2.1/servers/be00f9d7-3571-4249-a3c8-b87f43123930 0.073s
2025-03-26 21:01:08.560 69227 INFO tempest.lib.common.rest_client [req-3cb4d169-b0e5-4faa-b6e5-b61bcffc81c3 req-3cb4d169-b0e5-4faa-b6e5-b61bcffc81c3 ] Request (ServerMetadataTestJSON:tearDownClass): 200 GET http://10.180.1.21/compute/v2.1/servers/edbbd373-a587-4846-8a31-917e08e63edd 0.075s
2025-03-26 21:01:08.623 69243 INFO tempest.lib.common.rest_client [req-dd4dfcad-6bfe-4e6b-854c-c010c19b1368 req-dd4dfcad-6bfe-4e6b-854c-c010c19b1368 ] Request (AttachInterfacesV270Test:test_create_get_list_interfaces): 200 GET http://10.180.1.21/compute/v2.1/servers/effc35fc-c65b-4e44-9635-af615d5b0a47 0.066s
2025-03-26 21:01:08.689 69202 INFO tempest.lib.common.rest_client [req-0f4ff61a-3faa-4d34-a1cf-cb9b5c14ac68 req-0f4ff61a-3faa-4d34-a1cf-cb9b5c14ac68 ] Request (ServersTestManualDisk:tearDownClass): 200 GET http://10.180.1.21/compute/v2.1/servers/48f5958b-d5b7-4d2c-a3a9-dd76881a89d1 0.073s
2025-03-26 21:01:08.690 69204 WARNING tempest.lib.common.ssh [-] Failed to establish authenticated ssh connection to cirros@10.180.180.192 ([Errno None] Unable to connect to port 22 on 10.180.180.192). Number attempts: 7. Retry after 8 seconds.: paramiko.ssh_exception.NoValidConnectionsError: [Errno None] Unable to connect to port 22 on 10.180.180.192
2025-03-26 21:01:08.763 69197 INFO tempest.lib.common.rest_client [req-f0b40c6d-bac1-4e1f-89bf-0125a281db9e req-f0b40c6d-bac1-4e1f-89bf-0125a281db9e ] Request (ImagesTestJSON:test_create_image_from_suspended_server): 200 GET http://10.180.1.21/compute/v2.1/servers/7daf798a-21b2-43e2-8f25-8f349f2863e4 0.096s
2025-03-26 21:01:08.779 69210 INFO tempest.lib.common.rest_client [req-c1473877-b374-44ba-8606-5d4b680fca74 req-c1473877-b374-44ba-8606-5d4b680fca74 ] Request (ServersAdminNegativeTestJSON:setUpClass): 200 GET http://10.180.1.21/compute/v2.1/servers/8856fccf-17f5-4669-8536-2cf0f7803110 0.143s
2025-03-26 21:01:08.857 69220 INFO tempest.lib.common.rest_client [req-112ad88d-9214-4dda-81ea-2bf8e1b58818 req-112ad88d-9214-4dda-81ea-2bf8e1b58818 ] Request (AttachVolumeTestJSON:test_attach_detach_volume): 200 GET http://10.180.1.21/compute/v2.1/servers/bf8eaa7a-343b-49dc-b5f9-0465794804f0 0.136s
2025-03-26 21:01:08.924 69237 INFO tempest.lib.common.rest_client [req-007e0487-8c2c-494c-b515-ffb27db785c9 req-007e0487-8c2c-494c-b515-ffb27db785c9 ] Request (ImagesNegativeTestJSON:test_create_image_from_deleted_server): 200 GET http://10.180.1.21/compute/v2.1/servers/091adaaa-617e-45e0-9ada-cdeadfff36a3 0.107s
2025-03-26 21:01:08.943 69192 INFO tempest.lib.common.rest_client [req-e225df41-84e9-4b3a-88b4-03d458bddbca req-e225df41-84e9-4b3a-88b4-03d458bddbca ] Request (DeleteServersAdminTestJSON:test_delete_server_while_in_error_state): 200 GET http://10.180.1.21/compute/v2.1/servers/9a76468d-f4d4-4a63-8c5b-a43f002cc535 0.182s
2025-03-26 21:01:08.950 69192 INFO tempest.common.waiters [-] State transition "BUILD/None" ==> "BUILD/networking" after 48 second wait
2025-03-26 21:01:09.012 69224 INFO tempest.lib.common.rest_client [req-ac258f36-b00f-44e9-b2f4-8d9da2549f1f req-ac258f36-b00f-44e9-b2f4-8d9da2549f1f ] Request (ServerMetadataNegativeTestJSON:tearDownClass): 200 GET http://10.180.1.21/compute/v2.1/servers/69161637-7589-4a65-8f6d-39831ceb7480 0.074s
2025-03-26 21:01:09.027 69182 INFO tempest.lib.common.rest_client [req-a9b6cea6-49f6-49f9-ba60-7b79b2995b9c req-a9b6cea6-49f6-49f9-ba60-7b79b2995b9c ] Request (ListServersNegativeTestJSON:setUpClass): 200 GET http://10.180.1.21/compute/v2.1/servers/f720a633-de87-428c-a7de-2a8d336be8ed 0.090s
2025-03-26 21:01:09.051 69232 INFO tempest.lib.common.rest_client [req-2725ccfe-ad3f-4d17-becc-ac4d4c91f23f req-2725ccfe-ad3f-4d17-becc-ac4d4c91f23f ] Request (ImagesOneServerTestJSON:test_create_image_specify_multibyte_character_image_name): 200 GET http://10.180.1.21/compute/v2.1/images/5faf80e1-15ce-47a4-aa14-135a490160d8 0.077s
2025-03-26 21:01:09.084 69214 INFO tempest.lib.common.rest_client [req-86ecf8ed-5ef2-4d78-ae36-98d215351572 req-86ecf8ed-5ef2-4d78-ae36-98d215351572 ] Request (ServerActionsTestOtherB:setUpClass): 200 GET http://10.180.1.21/compute/v2.1/servers/52342a01-c1ee-4cca-bc8c-ab2dc8a7b8dc 0.098s
2025-03-26 21:01:09.109 69212 INFO tempest.lib.common.rest_client [req-d7ff6f24-1393-4226-b4bb-e09368f6602a req-d7ff6f24-1393-4226-b4bb-e09368f6602a ] Request (SecurityGroupsTestJSON:test_list_security_groups_by_server): 200 GET http://10.180.1.21/compute/v2.1/servers/d421f36e-8ec2-4ae7-968c-bc69027b81b6 0.087s
2025-03-26 21:01:09.141 69186 INFO tempest.lib.common.rest_client [req-68c8f5e3-527b-43c4-bb0a-70f2f7a292d5 req-68c8f5e3-527b-43c4-bb0a-70f2f7a292d5 ] Request (VolumesAdminNegativeTest:test_update_attached_volume_with_nonexistent_volume_in_body): 200 GET http://10.180.1.21/compute/v2.1/servers/e94094a9-3fb7-494c-9bda-8704f846db40 0.072s
2025-03-26 21:01:09.202 69180 INFO tempest.lib.common.rest_client [req-83c3e686-86fa-45c2-9bba-3c116b2d4534 req-83c3e686-86fa-45c2-9bba-3c116b2d4534 ] Request (ServerRescueNegativeTestJSON:setUpClass): 200 GET http://10.180.1.21/compute/v2.1/servers/50155af9-9cd2-486c-bd4c-81db57eecbda 0.056s
2025-03-26 21:01:09.468 69198 INFO tempest.lib.common.rest_client [req-c28fb1c5-d6e6-400d-a107-e6452dbc1045 req-c28fb1c5-d6e6-400d-a107-e6452dbc1045 ] Request (DeleteServersTestJSON:test_delete_server_while_in_attached_volume): 200 GET http://10.180.1.21/compute/v2.1/servers/1680228e-44af-4aff-bd2a-83a1360006a6 0.238s
2025-03-26 21:01:09.472 69240 INFO tempest.lib.common.rest_client [req-c0d3b163-0e75-41e5-a519-ab015debd429 req-c0d3b163-0e75-41e5-a519-ab015debd429 ] Request (ServersTestBootFromVolume:setUpClass): 200 GET http://10.180.1.21/volume/v3/volumes/98a1f424-acae-450d-b215-6576238c9190 0.036s
2025-03-26 21:01:09.481 69240 INFO tempest.common.waiters [-] volume 98a1f424-acae-450d-b215-6576238c9190 reached available after waiting for 19.481859 seconds
2025-03-26 21:01:09.527 69216 INFO tempest.lib.common.rest_client [req-6273c2b2-a45f-471a-829d-a1fb0e86cc25 req-6273c2b2-a45f-471a-829d-a1fb0e86cc25 ] Request (ServerExternalEventsTest:test_create_server_external_events): 200 GET http://10.180.1.21/compute/v2.1/servers/01c1c8d4-2e8e-40eb-bacb-9b6f1b26d955 0.279s
2025-03-26 21:01:09.551 69207 INFO tempest.lib.common.rest_client [req-14a87478-67cd-4b50-885a-1e9e057f7a17 req-14a87478-67cd-4b50-885a-1e9e057f7a17 ] Request (ServersListShow298Test:tearDownClass): 200 GET http://10.180.1.21/compute/v2.1/servers/ddde5559-2e16-42cb-8d25-60f3fa15cda4 0.243s
2025-03-26 21:01:09.581 69188 INFO tempest.lib.common.rest_client [req-f92dffc4-88fa-4956-94ab-79f6f8d9142f req-f92dffc4-88fa-4956-94ab-79f6f8d9142f ] Request (ServersTestMultiNic:test_verify_duplicate_network_nics): 200 GET http://10.180.1.21/compute/v2.1/servers/65f6afb5-e62d-4dbd-b1cd-6ed52b88ca23 0.271s
2025-03-26 21:01:09.600 69230 INFO tempest.lib.common.rest_client [req-7708cc96-d799-48ed-88cb-81f7055bbb95 req-7708cc96-d799-48ed-88cb-81f7055bbb95 ] Request (FloatingIPsAssociationTestJSON:test_associate_already_associated_floating_ip): 200 GET http://10.180.1.21/compute/v2.1/servers/b3f025fc-1b13-4953-b4e2-1939a684998c 0.241s
2025-03-26 21:01:09.631 69190 INFO tempest.lib.common.rest_client [req-0233d706-4bf4-4516-8d93-8133f9549d46 req-0233d706-4bf4-4516-8d93-8133f9549d46 ] Request (ServersAdminTestJSON:test_create_server_with_scheduling_hint): 200 GET http://10.180.1.21/compute/v2.1/servers/fd248bbd-b4f7-4efb-9575-f3019b0888a9 0.246s
2025-03-26 21:01:09.646 69222 INFO tempest.lib.common.rest_client [req-255a7efb-cfae-4350-ae28-0e98ba86ae2c req-255a7efb-cfae-4350-ae28-0e98ba86ae2c ] Request (FloatingIPsAssociationNegativeTestJSON:setUpClass): 200 GET http://10.180.1.21/compute/v2.1/servers/c3a56259-acf4-4d26-929b-fdde7b5c97eb 0.228s
2025-03-26 21:01:09.681 69184 INFO tempest.lib.common.rest_client [req-85f4459f-db02-4997-9e37-9890e8b27852 req-85f4459f-db02-4997-9e37-9890e8b27852 ] Request (ServerDiskConfigTestJSON:test_rebuild_server_with_manual_disk_config): 200 GET http://10.180.1.21/compute/v2.1/servers/ce042a29-f8f3-4c79-a270-f003c2c60a7f 0.240s
2025-03-26 21:01:09.697 69228 INFO tempest.lib.common.rest_client [req-cd25e784-81e2-476f-a8a0-015647883480 req-cd25e784-81e2-476f-a8a0-015647883480 ] Request (ServerAddressesNegativeTestJSON:setUpClass): 200 GET http://10.180.1.21/compute/v2.1/servers/be00f9d7-3571-4249-a3c8-b87f43123930 0.220s
2025-03-26 21:01:09.762 69227 INFO tempest.lib.common.rest_client [req-8b8f14d2-0fe2-4b17-a354-f78718c9b513 req-8b8f14d2-0fe2-4b17-a354-f78718c9b513 ] Request (ServerMetadataTestJSON:tearDownClass): 200 GET http://10.180.1.21/compute/v2.1/servers/edbbd373-a587-4846-8a31-917e08e63edd 0.193s
2025-03-26 21:01:09.836 69243 INFO tempest.lib.common.rest_client [req-00e2a321-881c-4203-8a30-3a78a6d7da49 req-00e2a321-881c-4203-8a30-3a78a6d7da49 ] Request (AttachInterfacesV270Test:test_create_get_list_interfaces): 200 GET http://10.180.1.21/compute/v2.1/servers/effc35fc-c65b-4e44-9635-af615d5b0a47 0.201s
2025-03-26 21:01:09.908 69202 INFO tempest.lib.common.rest_client [req-7c2cb016-a3c7-4c6e-84a8-954d7a1cf25e req-7c2cb016-a3c7-4c6e-84a8-954d7a1cf25e ] Request (ServersTestManualDisk:tearDownClass): 200 GET http://10.180.1.21/compute/v2.1/servers/48f5958b-d5b7-4d2c-a3a9-dd76881a89d1 0.205s
2025-03-26 21:01:09.966 69197 INFO tempest.lib.common.rest_client [req-1593be94-45cb-44c4-bf65-69d035e00e90 req-1593be94-45cb-44c4-bf65-69d035e00e90 ] Request (ImagesTestJSON:test_create_image_from_suspended_server): 200 GET http://10.180.1.21/compute/v2.1/servers/7daf798a-21b2-43e2-8f25-8f349f2863e4 0.196s
2025-03-26 21:01:10.063 69210 INFO tempest.lib.common.rest_client [req-34060f19-7163-4dcb-914d-2ffb0f7b411d req-34060f19-7163-4dcb-914d-2ffb0f7b411d ] Request (ServersAdminNegativeTestJSON:setUpClass): 200 GET http://10.180.1.21/compute/v2.1/servers/8856fccf-17f5-4669-8536-2cf0f7803110 0.275s
2025-03-26 21:01:10.152 69220 INFO tempest.lib.common.rest_client [req-d02c78d3-3e8d-4917-8990-2eb6ca45ed6a req-d02c78d3-3e8d-4917-8990-2eb6ca45ed6a ] Request (AttachVolumeTestJSON:test_attach_detach_volume): 200 GET http://10.180.1.21/compute/v2.1/servers/bf8eaa7a-343b-49dc-b5f9-0465794804f0 0.287s
2025-03-26 21:01:10.212 69237 INFO tempest.lib.common.rest_client [req-0ab7cda0-5d62-40e5-82ad-3d881870cc97 req-0ab7cda0-5d62-40e5-82ad-3d881870cc97 ] Request (ImagesNegativeTestJSON:test_create_image_from_deleted_server): 200 GET http://10.180.1.21/compute/v2.1/servers/091adaaa-617e-45e0-9ada-cdeadfff36a3 0.280s
2025-03-26 21:01:10.226 69240 INFO tempest.lib.common.rest_client [req-3a96cbda-53d5-4e22-915d-36454fca849f req-3a96cbda-53d5-4e22-915d-36454fca849f ] Request (ServersTestBootFromVolume:setUpClass): 202 POST http://10.180.1.21/compute/v2.1/servers 0.744s
2025-03-26 21:01:10.297 69224 INFO tempest.lib.common.rest_client [req-9ac6e9d4-2513-4efc-bd10-2ba3291080f7 req-9ac6e9d4-2513-4efc-bd10-2ba3291080f7 ] Request (ServerMetadataNegativeTestJSON:tearDownClass): 200 GET http://10.180.1.21/compute/v2.1/servers/69161637-7589-4a65-8f6d-39831ceb7480 0.277s
2025-03-26 21:01:10.349 69192 INFO tempest.lib.common.rest_client [req-d55e4741-c023-47d6-aa39-85172a401e3f req-d55e4741-c023-47d6-aa39-85172a401e3f ] Request (DeleteServersAdminTestJSON:test_delete_server_while_in_error_state): 200 GET http://10.180.1.21/compute/v2.1/servers/9a76468d-f4d4-4a63-8c5b-a43f002cc535 0.397s
2025-03-26 21:01:10.356 69192 INFO tempest.common.waiters [-] State transition "BUILD/networking" ==> "BUILD/spawning" after 50 second wait
2025-03-26 21:01:10.368 69182 INFO tempest.lib.common.rest_client [req-c3a4d234-8f55-4b0b-bbec-d4b54858a433 req-c3a4d234-8f55-4b0b-bbec-d4b54858a433 ] Request (ListServersNegativeTestJSON:setUpClass): 200 GET http://10.180.1.21/compute/v2.1/servers/f720a633-de87-428c-a7de-2a8d336be8ed 0.328s
2025-03-26 21:01:10.384 69232 INFO tempest.lib.common.rest_client [req-3c4fc59a-0a44-4a40-bbbd-4a5636f789cf req-3c4fc59a-0a44-4a40-bbbd-4a5636f789cf ] Request (ImagesOneServerTestJSON:test_create_image_specify_multibyte_character_image_name): 200 GET http://10.180.1.21/compute/v2.1/images/5faf80e1-15ce-47a4-aa14-135a490160d8 0.326s
2025-03-26 21:01:10.427 69214 INFO tempest.lib.common.rest_client [req-6e7b16c6-7385-45e4-bb4a-5ca7d3e511d1 req-6e7b16c6-7385-45e4-bb4a-5ca7d3e511d1 ] Request (ServerActionsTestOtherB:setUpClass): 200 GET http://10.180.1.21/compute/v2.1/servers/52342a01-c1ee-4cca-bc8c-ab2dc8a7b8dc 0.332s
2025-03-26 21:01:10.441 69212 INFO tempest.lib.common.rest_client [req-8747bd65-84dd-4a70-901e-a1a39cd274a5 req-8747bd65-84dd-4a70-901e-a1a39cd274a5 ] Request (SecurityGroupsTestJSON:test_list_security_groups_by_server): 200 GET http://10.180.1.21/compute/v2.1/servers/d421f36e-8ec2-4ae7-968c-bc69027b81b6 0.324s
2025-03-26 21:01:10.486 69186 INFO tempest.lib.common.rest_client [req-cd3df1f5-6c8b-4292-9ee4-19c6bd6660ee req-cd3df1f5-6c8b-4292-9ee4-19c6bd6660ee ] Request (VolumesAdminNegativeTest:test_update_attached_volume_with_nonexistent_volume_in_body): 200 GET http://10.180.1.21/compute/v2.1/servers/e94094a9-3fb7-494c-9bda-8704f846db40 0.337s
2025-03-26 21:01:10.500 69180 INFO tempest.lib.common.rest_client [req-06cd6e8f-ce63-45a1-985e-5e1f47ff608e req-06cd6e8f-ce63-45a1-985e-5e1f47ff608e ] Request (ServerRescueNegativeTestJSON:setUpClass): 200 GET http://10.180.1.21/compute/v2.1/servers/50155af9-9cd2-486c-bd4c-81db57eecbda 0.290s
2025-03-26 21:01:10.534 69240 INFO tempest.lib.common.rest_client [req-59fd76dd-6c4a-4124-abbc-3d8efb1682f5 req-59fd76dd-6c4a-4124-abbc-3d8efb1682f5 ] Request (ServersTestBootFromVolume:setUpClass): 200 GET http://10.180.1.21/compute/v2.1/servers/331d9c1a-e03e-4ad4-8758-939326619c67 0.306s
2025-03-26 21:01:10.560 69198 INFO tempest.lib.common.rest_client [req-0050cc88-b3c0-4cc3-bf98-873320edd3de req-0050cc88-b3c0-4cc3-bf98-873320edd3de ] Request (DeleteServersTestJSON:test_delete_server_while_in_attached_volume): 200 GET http://10.180.1.21/compute/v2.1/servers/1680228e-44af-4aff-bd2a-83a1360006a6 0.080s
2025-03-26 21:01:10.648 69207 INFO tempest.lib.common.rest_client [req-9ffb7da5-25fe-45be-b6ed-aa6f2f18a3b8 req-9ffb7da5-25fe-45be-b6ed-aa6f2f18a3b8 ] Request (ServersListShow298Test:tearDownClass): 200 GET http://10.180.1.21/compute/v2.1/servers/ddde5559-2e16-42cb-8d25-60f3fa15cda4 0.085s
