2025-03-26 21:00:07.986 69216 INFO tempest.lib.common.rest_client [req-45334307-62d8-4311-b68e-92c06506ad46 req-45334307-62d8-4311-b68e-92c06506ad46 ] Request (ServerExternalEventsTest:setUpClass): 200 GET http://10.180.1.21/identity/v3/domains?name=Default 0.062s
2025-03-26 21:00:08.017 69216 INFO tempest.lib.common.rest_client [req-4064638a-a380-43d5-8d88-48628b898548 req-4064638a-a380-43d5-8d88-48628b898548 ] Request (ServerExternalEventsTest:setUpClass): 201 POST http://10.180.1.21/identity/v3/projects 0.030s
2025-03-26 21:00:08.033 69210 INFO tempest.lib.common.rest_client [req-35da23a9-cecc-44ed-be51-18c93fed2544 req-35da23a9-cecc-44ed-be51-18c93fed2544 ] Request (QuotasAdminTestV236:test_get_updated_quotas): 200 PUT http://10.180.1.21/compute/v2.1/os-quota-sets/b6bc8b4012f246f6a388c1bd829cd230?user_id=5dd8840e677a45669270ca6ca788054a 1.300s
2025-03-26 21:00:08.079 69216 INFO tempest.lib.common.rest_client [req-67e295bf-843a-4e44-8954-9879affdf9fa req-67e295bf-843a-4e44-8954-9879affdf9fa ] Request (ServerExternalEventsTest:setUpClass): 201 POST http://10.180.1.21/identity/v3/users 0.062s
2025-03-26 21:00:08.099 69216 INFO tempest.lib.common.rest_client [req-25534078-e3e3-426c-88a9-eca1c86c1717 req-25534078-e3e3-426c-88a9-eca1c86c1717 ] Request (ServerExternalEventsTest:setUpClass): 200 GET http://10.180.1.21/identity/v3/roles 0.019s
2025-03-26 21:00:08.131 69216 INFO tempest.lib.common.rest_client [req-5b8c34d1-095b-4df5-b748-7941c073bc67 req-5b8c34d1-095b-4df5-b748-7941c073bc67 ] Request (ServerExternalEventsTest:setUpClass): 204 PUT http://10.180.1.21/identity/v3/projects/d3ea0f1ee93844afac1d127a365fa9b8/users/0c24e3ffde584d70b0975291b0864f5d/roles/09f0821c90444411ad791eb297ad4e1f 0.032s
2025-03-26 21:00:08.131 69216 INFO tempest.lib.common.dynamic_creds [-] Dynamic test user 0c24e3ffde584d70b0975291b0864f5d is created with scope project and roles: ['member']
2025-03-26 21:00:08.132 69216 INFO tempest.lib.common.dynamic_creds [-] Acquired dynamic creds: credentials: Credentials: {'domain_id': 'default', 'domain_name': 'Default', 'username': 'tempest-ServerExternalEventsTest-1018303491-project-member', 'project_domain_id': 'default', 'project_domain_name': 'Default', 'project_id': 'd3ea0f1ee93844afac1d127a365fa9b8', 'project_name': 'tempest-ServerExternalEventsTest-1018303491', 'tenant_id': 'd3ea0f1ee93844afac1d127a365fa9b8', 'tenant_name': 'tempest-ServerExternalEventsTest-1018303491', 'user_domain_id': 'default', 'user_domain_name': 'Default', 'user_id': '0c24e3ffde584d70b0975291b0864f5d', 'system': None}, Network: None, Subnet: None, Router: None
2025-03-26 21:00:08.132 69216 INFO tempest.lib.common.dynamic_creds [-] Created isolated network resources for: credentials: Credentials: {'domain_id': 'default', 'domain_name': 'Default', 'username': 'tempest-ServerExternalEventsTest-1018303491-project-member', 'project_domain_id': 'default', 'project_domain_name': 'Default', 'project_id': 'd3ea0f1ee93844afac1d127a365fa9b8', 'project_name': 'tempest-ServerExternalEventsTest-1018303491', 'tenant_id': 'd3ea0f1ee93844afac1d127a365fa9b8', 'tenant_name': 'tempest-ServerExternalEventsTest-1018303491', 'user_domain_id': 'default', 'user_domain_name': 'Default', 'user_id': '0c24e3ffde584d70b0975291b0864f5d', 'system': None}, Network: None, Subnet: None, Router: None
2025-03-26 21:00:08.229 69216 INFO tempest.lib.common.rest_client [req-d6946dcc-8722-4073-ac38-797caa5b1e92 req-d6946dcc-8722-4073-ac38-797caa5b1e92 ] Request (ServerExternalEventsTest:setUpClass): 201 POST http://10.180.1.21/identity/v3/auth/tokens 0.094s
2025-03-26 21:00:08.307 69216 INFO tempest.lib.common.rest_client [req-3eafd913-2779-426c-84c4-c5e88fdff5d2 req-3eafd913-2779-426c-84c4-c5e88fdff5d2 ] Request (ServerExternalEventsTest:setUpClass): 201 POST http://10.180.1.21/identity/v3/projects 0.076s
2025-03-26 21:00:08.393 69216 INFO tempest.lib.common.rest_client [req-d50ffe89-37be-4567-abed-0e14b647fda5 req-d50ffe89-37be-4567-abed-0e14b647fda5 ] Request (ServerExternalEventsTest:setUpClass): 201 POST http://10.180.1.21/identity/v3/users 0.086s
2025-03-26 21:00:08.407 69220 INFO tempest.lib.common.rest_client [req-e070f77b-2e0b-4eed-9ba7-07b7983c5e42 req-e070f77b-2e0b-4eed-9ba7-07b7983c5e42 ] Request (HostsAdminTestJSON:tearDownClass): 200 GET http://10.180.1.21:9696/networking/v2.0/security-groups?tenant_id=654be25ebd0d4879be29eefae3ef307c&name=default 0.454s
2025-03-26 21:00:08.425 69216 INFO tempest.lib.common.rest_client [req-8f382f5d-3425-4b3b-a46a-45db050600c7 req-8f382f5d-3425-4b3b-a46a-45db050600c7 ] Request (ServerExternalEventsTest:setUpClass): 200 GET http://10.180.1.21/identity/v3/roles 0.031s
2025-03-26 21:00:08.433 69180 INFO tempest.lib.common.rest_client [req-99be155d-5cf9-46a2-af24-6be5afd6f090 req-99be155d-5cf9-46a2-af24-6be5afd6f090 ] Request (SecurityGroupRulesNegativeTestJSON:test_create_security_group_rule_with_invalid_to_port): 200 POST http://10.180.1.21/compute/v2.1/os-security-groups 1.572s
2025-03-26 21:00:08.465 69216 INFO tempest.lib.common.rest_client [req-8630195e-5690-4e8c-994a-4f8274b6a577 req-8630195e-5690-4e8c-994a-4f8274b6a577 ] Request (ServerExternalEventsTest:setUpClass): 204 PUT http://10.180.1.21/identity/v3/projects/ee1df662c3214bcf93920d332ae1b64a/users/9e3765f5798a48289239c745fbf0a5d4/roles/3e0e19dbe55c453db0bd9d9b11462f4a 0.040s
2025-03-26 21:00:08.539 69216 INFO tempest.lib.common.rest_client [req-bf72cfb9-1c19-4fe4-a673-edc03a4da9c3 req-bf72cfb9-1c19-4fe4-a673-edc03a4da9c3 ] Request (ServerExternalEventsTest:setUpClass): 200 GET http://10.180.1.21/identity/v3/roles 0.074s
2025-03-26 21:00:08.549 69220 INFO tempest.lib.common.rest_client [req-37bd1ecf-4963-4c83-9fda-3cb4c55a11af req-37bd1ecf-4963-4c83-9fda-3cb4c55a11af ] Request (HostsAdminTestJSON:tearDownClass): 204 DELETE http://10.180.1.21:9696/networking/v2.0/security-groups/17a9a620-ec34-4f84-afb1-27233416dabc 0.142s
2025-03-26 21:00:08.574 69216 INFO tempest.lib.common.rest_client [req-9258d706-1228-4650-a7ec-0018bf91773d req-9258d706-1228-4650-a7ec-0018bf91773d ] Request (ServerExternalEventsTest:setUpClass): 204 PUT http://10.180.1.21/identity/v3/projects/ee1df662c3214bcf93920d332ae1b64a/users/9e3765f5798a48289239c745fbf0a5d4/roles/3e0e19dbe55c453db0bd9d9b11462f4a 0.033s
2025-03-26 21:00:08.574 69216 INFO tempest.lib.common.dynamic_creds [-] Dynamic test user 9e3765f5798a48289239c745fbf0a5d4 is created with scope project and roles: ['admin']
2025-03-26 21:00:08.574 69216 INFO tempest.lib.common.dynamic_creds [-] Acquired dynamic creds: credentials: Credentials: {'domain_id': 'default', 'domain_name': 'Default', 'username': 'tempest-ServerExternalEventsTest-1992678448-project-admin', 'project_domain_id': 'default', 'project_domain_name': 'Default', 'project_id': 'ee1df662c3214bcf93920d332ae1b64a', 'project_name': 'tempest-ServerExternalEventsTest-1992678448', 'tenant_id': 'ee1df662c3214bcf93920d332ae1b64a', 'tenant_name': 'tempest-ServerExternalEventsTest-1992678448', 'user_domain_id': 'default', 'user_domain_name': 'Default', 'user_id': '9e3765f5798a48289239c745fbf0a5d4', 'system': None}, Network: None, Subnet: None, Router: None
2025-03-26 21:00:08.574 69216 INFO tempest.lib.common.dynamic_creds [-] Created isolated network resources for: credentials: Credentials: {'domain_id': 'default', 'domain_name': 'Default', 'username': 'tempest-ServerExternalEventsTest-1992678448-project-admin', 'project_domain_id': 'default', 'project_domain_name': 'Default', 'project_id': 'ee1df662c3214bcf93920d332ae1b64a', 'project_name': 'tempest-ServerExternalEventsTest-1992678448', 'tenant_id': 'ee1df662c3214bcf93920d332ae1b64a', 'tenant_name': 'tempest-ServerExternalEventsTest-1992678448', 'user_domain_id': 'default', 'user_domain_name': 'Default', 'user_id': '9e3765f5798a48289239c745fbf0a5d4', 'system': None}, Network: None, Subnet: None, Router: None
2025-03-26 21:00:08.595 69182 INFO tempest.lib.common.rest_client [req-82e7ad73-cfcf-4d9c-a244-9994f62c9856 req-82e7ad73-cfcf-4d9c-a244-9994f62c9856 ] Request (ListServersNegativeTestJSON:setUpClass): 202 POST http://10.180.1.21/compute/v2.1/servers 1.819s
2025-03-26 21:00:08.669 69220 INFO tempest.lib.common.rest_client [req-0040adaa-2cfb-436e-97bf-d973948237c1 req-0040adaa-2cfb-436e-97bf-d973948237c1 ] Request (HostsAdminTestJSON:tearDownClass): 204 DELETE http://10.180.1.21/identity/v3/projects/654be25ebd0d4879be29eefae3ef307c 0.119s
2025-03-26 21:00:08.669 69220 INFO tempest.lib.common.dynamic_creds [-] Deleting project and security group for project: ef51f2733a5d4266adc9d6fe21bd660e
2025-03-26 21:00:08.679 69216 INFO tempest.lib.common.rest_client [req-515bc2c4-b97c-4b7c-a67a-535708870d26 req-515bc2c4-b97c-4b7c-a67a-535708870d26 ] Request (ServerExternalEventsTest:setUpClass): 201 POST http://10.180.1.21/identity/v3/auth/tokens 0.100s
2025-03-26 21:00:08.768 69184 INFO tempest.lib.common.rest_client [req-55799fc3-2285-4f98-a195-b19281eca724 req-55799fc3-2285-4f98-a195-b19281eca724 ] Request (ServerDiskConfigTestJSON:test_rebuild_server_with_auto_disk_config): 200 GET http://10.180.1.21/compute/v2.1/servers/3e8f537c-36f9-4d3b-8c48-55efb1582f53 1.878s
2025-03-26 21:00:08.769 69216 INFO tempest.lib.common.rest_client [req-fbfe44a3-9ac8-4f63-b405-d5c3488b930c req-fbfe44a3-9ac8-4f63-b405-d5c3488b930c ] Request (ServerExternalEventsTest:setUpClass): 201 POST http://10.180.1.21/identity/v3/projects 0.089s
2025-03-26 21:00:08.773 69222 INFO tempest.lib.common.rest_client [req-696becd5-23df-4ee0-bb1e-f295bbcf029b req-696becd5-23df-4ee0-bb1e-f295bbcf029b ] Request (QuotasAdminNegativeTest:test_create_server_when_instances_quota_is_full): 403 POST http://10.180.1.21/compute/v2.1/servers 1.886s
2025-03-26 21:00:08.804 69218 INFO tempest.lib.common.rest_client [req-301c0792-de6d-4d4b-adf8-9b96878fa3cb req-301c0792-de6d-4d4b-adf8-9b96878fa3cb ] Request (KeyPairsV2TestJSON:_run_cleanups): 202 DELETE http://10.180.1.21/compute/v2.1/os-keypairs/tempest-keypair-288179734 1.792s
2025-03-26 21:00:08.815 69214 INFO tempest.lib.common.rest_client [req-6b7557dc-4a46-4ed7-aa26-76d2c58ab872 req-6b7557dc-4a46-4ed7-aa26-76d2c58ab872 ] Request (ImagesDeleteNegativeTestJSON:test_delete_image_non_hex_string_id): 404 DELETE http://10.180.1.21/compute/v2.1/images/e181ec03-2adc-4215-9a24-1e2f5b7c377j 1.721s
2025-03-26 21:00:08.888 69220 INFO tempest.lib.common.rest_client [req-1293a5bd-0dbb-4d6f-ba88-b9eedb24ebc2 req-1293a5bd-0dbb-4d6f-ba88-b9eedb24ebc2 ] Request (HostsAdminTestJSON:tearDownClass): 200 GET http://10.180.1.21:9696/networking/v2.0/security-groups?tenant_id=ef51f2733a5d4266adc9d6fe21bd660e&name=default 0.218s
2025-03-26 21:00:08.915 69216 INFO tempest.lib.common.rest_client [req-e7030553-b0c4-4249-9921-eb3356bea330 req-e7030553-b0c4-4249-9921-eb3356bea330 ] Request (ServerExternalEventsTest:setUpClass): 201 POST http://10.180.1.21/identity/v3/users 0.146s
2025-03-26 21:00:08.961 69216 INFO tempest.lib.common.rest_client [req-865e7b8c-7f9f-4166-81c6-7320b227955b req-865e7b8c-7f9f-4166-81c6-7320b227955b ] Request (ServerExternalEventsTest:setUpClass): 200 GET http://10.180.1.21/identity/v3/roles 0.044s
2025-03-26 21:00:08.994 69240 INFO tempest.lib.common.rest_client [req-9223a7aa-dd5c-4a8f-b828-418410e7d2a6 req-9223a7aa-dd5c-4a8f-b828-418410e7d2a6 ] Request (ServerDiagnosticsNegativeTest:tearDownClass): 204 DELETE http://10.180.1.21/compute/v2.1/servers/baf8eacd-01cd-47ae-99ef-694239009218 1.588s
2025-03-26 21:00:09.004 69216 INFO tempest.lib.common.rest_client [req-6654abea-24ee-48ae-8df1-5248c2b48c67 req-6654abea-24ee-48ae-8df1-5248c2b48c67 ] Request (ServerExternalEventsTest:setUpClass): 204 PUT http://10.180.1.21/identity/v3/projects/383e2296d775466ca83ff927a0af23df/users/25b51accbd2c4b12bd6461f0303ae829/roles/3e0e19dbe55c453db0bd9d9b11462f4a 0.042s
2025-03-26 21:00:09.082 69216 INFO tempest.lib.common.rest_client [req-2ce74609-50ce-42ea-ac9a-58e3558a1efd req-2ce74609-50ce-42ea-ac9a-58e3558a1efd ] Request (ServerExternalEventsTest:setUpClass): 200 GET http://10.180.1.21/identity/v3/roles 0.078s
2025-03-26 21:00:09.116 69216 INFO tempest.lib.common.rest_client [req-f32ee1f0-8732-4a4e-b158-ca1c0f057e3a req-f32ee1f0-8732-4a4e-b158-ca1c0f057e3a ] Request (ServerExternalEventsTest:setUpClass): 204 PUT http://10.180.1.21/identity/v3/projects/383e2296d775466ca83ff927a0af23df/users/25b51accbd2c4b12bd6461f0303ae829/roles/0bbacec9b17344cbb2256ac8488f3272 0.032s
2025-03-26 21:00:09.116 69216 INFO tempest.lib.common.dynamic_creds [-] Dynamic test user 25b51accbd2c4b12bd6461f0303ae829 is created with scope project and roles: ['admin', 'service']
2025-03-26 21:00:09.116 69216 INFO tempest.lib.common.dynamic_creds [-] Acquired dynamic creds: credentials: Credentials: {'domain_id': 'default', 'domain_name': 'Default', 'username': 'tempest-ServerExternalEventsTest-2117557320-project', 'project_domain_id': 'default', 'project_domain_name': 'Default', 'project_id': '383e2296d775466ca83ff927a0af23df', 'project_name': 'tempest-ServerExternalEventsTest-2117557320', 'tenant_id': '383e2296d775466ca83ff927a0af23df', 'tenant_name': 'tempest-ServerExternalEventsTest-2117557320', 'user_domain_id': 'default', 'user_domain_name': 'Default', 'user_id': '25b51accbd2c4b12bd6461f0303ae829', 'system': None}, Network: None, Subnet: None, Router: None
2025-03-26 21:00:09.116 69216 INFO tempest.lib.common.dynamic_creds [-] Created isolated network resources for: credentials: Credentials: {'domain_id': 'default', 'domain_name': 'Default', 'username': 'tempest-ServerExternalEventsTest-2117557320-project', 'project_domain_id': 'default', 'project_domain_name': 'Default', 'project_id': '383e2296d775466ca83ff927a0af23df', 'project_name': 'tempest-ServerExternalEventsTest-2117557320', 'tenant_id': '383e2296d775466ca83ff927a0af23df', 'tenant_name': 'tempest-ServerExternalEventsTest-2117557320', 'user_domain_id': 'default', 'user_domain_name': 'Default', 'user_id': '25b51accbd2c4b12bd6461f0303ae829', 'system': None}, Network: None, Subnet: None, Router: None
2025-03-26 21:00:09.217 69188 INFO tempest.lib.common.rest_client [req-a4cf1a86-8e04-4283-a2fb-01136ba639b5 req-a4cf1a86-8e04-4283-a2fb-01136ba639b5 ] Request (ServerDiagnosticsTest:tearDownClass): 200 GET http://10.180.1.21/compute/v2.1/servers/9d87c672-1de2-40a6-bce5-c48357027d1d 1.765s
2025-03-26 21:00:09.222 69216 INFO tempest.lib.common.rest_client [req-8083d225-fdad-4bf9-8f2d-ce826b98b814 req-8083d225-fdad-4bf9-8f2d-ce826b98b814 ] Request (ServerExternalEventsTest:setUpClass): 201 POST http://10.180.1.21/identity/v3/auth/tokens 0.102s
2025-03-26 21:00:09.226 69220 INFO tempest.lib.common.rest_client [req-abb58f19-a8dd-42e3-afe1-d976a935eaa3 req-abb58f19-a8dd-42e3-afe1-d976a935eaa3 ] Request (HostsAdminTestJSON:tearDownClass): 204 DELETE http://10.180.1.21:9696/networking/v2.0/security-groups/07b51bc3-0f10-454a-8c7d-dd8c5664f03d 0.337s
2025-03-26 21:00:09.227 69202 INFO tempest.lib.common.rest_client [req-e927e30a-d79c-482d-988d-ba56b3218427 req-e927e30a-d79c-482d-988d-ba56b3218427 ] Request (ServersTestManualDisk:setUpClass): 200 GET http://10.180.1.21/compute/v2.1/servers/48f5958b-d5b7-4d2c-a3a9-dd76881a89d1 1.745s
2025-03-26 21:00:09.316 69216 INFO tempest.lib.common.rest_client [req-d5b2994c-e763-44dc-a77b-1f7b5cc31b77 req-d5b2994c-e763-44dc-a77b-1f7b5cc31b77 ] Request (ServerExternalEventsTest:test_create_server_external_events): 201 POST http://10.180.1.21/identity/v3/auth/tokens 0.089s
2025-03-26 21:00:09.317 69216 INFO tempest.lib.common.fixed_network [-] (ServerExternalEventsTest:test_create_server_external_events) Found network None available for tenant
2025-03-26 21:00:09.421 69220 INFO tempest.lib.common.rest_client [req-99b24f54-50a7-4cfa-bf64-e8cc6661c5d8 req-99b24f54-50a7-4cfa-bf64-e8cc6661c5d8 ] Request (HostsAdminTestJSON:tearDownClass): 204 DELETE http://10.180.1.21/identity/v3/projects/ef51f2733a5d4266adc9d6fe21bd660e 0.194s
2025-03-26 21:00:09.441 69204 INFO tempest.lib.common.rest_client [req-d5eb1f27-18d8-41e4-bb60-1df5816e2127 req-d5eb1f27-18d8-41e4-bb60-1df5816e2127 ] Request (ServersWithSpecificFlavorTestJSON:test_verify_created_server_ephemeral_disk): 200 GET http://10.180.1.21/compute/v2.1/servers/463efcaf-51f7-48db-aec5-192c6258b003 1.952s
2025-03-26 21:00:09.469 69243 INFO tempest.lib.common.rest_client [req-6cf4164d-fbae-4725-925d-a1089793f8cd req-6cf4164d-fbae-4725-925d-a1089793f8cd ] Request (ServicesAdminTestJSON:test_get_service_by_service_binary_name): 200 GET http://10.180.1.21/compute/v2.1/os-services?binary=nova-compute 1.849s
2025-03-26 21:00:09.478 69228 INFO tempest.lib.common.rest_client [req-af650677-4913-4bc8-9ca1-fa1fdd880a89 req-af650677-4913-4bc8-9ca1-fa1fdd880a89 ] Request (AggregatesAdminNegativeTestJSON:test_aggregate_get_details_as_user): 403 GET http://10.180.1.21/compute/v2.1/os-aggregates/6 1.839s
2025-03-26 21:00:09.493 69234 INFO tempest.lib.common.rest_client [req-f7e2ac7a-531b-4743-b936-841c7526bf3d req-f7e2ac7a-531b-4743-b936-841c7526bf3d ] Request (FlavorsAdminTestJSON:test_create_server_with_non_public_flavor): 400 POST http://10.180.1.21/compute/v2.1/servers 1.845s
2025-03-26 21:00:09.508 69238 INFO tempest.lib.common.rest_client [req-bece4261-4a5c-44ee-ac3d-f2cc5f2b7631 req-bece4261-4a5c-44ee-ac3d-f2cc5f2b7631 ] Request (SecurityGroupRulesTestJSON:test_security_group_rules_list): 200 POST http://10.180.1.21/compute/v2.1/os-security-groups 1.911s
2025-03-26 21:00:09.513 69220 INFO tempest.lib.common.rest_client [req-8769b11c-1c25-48f7-9e44-bb57329a5d6d req-8769b11c-1c25-48f7-9e44-bb57329a5d6d ] Request (AttachVolumeTestJSON:setUpClass): 201 POST http://10.180.1.21/identity/v3/auth/tokens 0.090s
2025-03-26 21:00:09.558 69220 INFO tempest.lib.common.rest_client [req-1386469f-2caa-46e3-bf72-2ba9a00be849 req-1386469f-2caa-46e3-bf72-2ba9a00be849 ] Request (AttachVolumeTestJSON:setUpClass): 201 POST http://10.180.1.21/identity/v3/auth/tokens 0.042s
2025-03-26 21:00:09.583 69220 INFO tempest.lib.common.rest_client [req-ec961788-4942-4286-8d10-59a47b32b43c req-ec961788-4942-4286-8d10-59a47b32b43c ] Request (AttachVolumeTestJSON:setUpClass): 200 GET http://10.180.1.21/identity/v3/domains?name=Default 0.025s
2025-03-26 21:00:09.598 69186 INFO tempest.lib.common.rest_client [req-4a32936d-1b22-4636-8747-b31e484c869e req-4a32936d-1b22-4636-8747-b31e484c869e ] Request (TenantUsagesTestJSON:tearDownClass): 200 GET http://10.180.1.21/compute/v2.1/servers/12460f16-35cc-4188-8839-fa43e3835a2d 1.602s
2025-03-26 21:00:09.605 69186 INFO tempest.common.waiters [-] State transition "ACTIVE/deleting" ==> "DELETED/None" after 3 second wait
2025-03-26 21:00:09.612 69220 INFO tempest.lib.common.rest_client [req-97162171-56fc-48fd-ae52-59616a4742c7 req-97162171-56fc-48fd-ae52-59616a4742c7 ] Request (AttachVolumeTestJSON:setUpClass): 201 POST http://10.180.1.21/identity/v3/projects 0.028s
2025-03-26 21:00:09.667 69192 INFO tempest.lib.common.rest_client [req-dbdcb753-b915-4e04-b5cd-4f2d428cbe2d req-dbdcb753-b915-4e04-b5cd-4f2d428cbe2d ] Request (DeleteServersAdminTestJSON:test_admin_delete_servers_of_others): 200 GET http://10.180.1.21/compute/v2.1/servers/39ead640-79b7-40b6-97c5-5f32bc787108 1.658s
2025-03-26 21:00:09.675 69220 INFO tempest.lib.common.rest_client [req-438d512b-cca1-43e1-ab57-fe38fd0fd554 req-438d512b-cca1-43e1-ab57-fe38fd0fd554 ] Request (AttachVolumeTestJSON:setUpClass): 201 POST http://10.180.1.21/identity/v3/users 0.062s
2025-03-26 21:00:09.679 69194 INFO tempest.lib.common.rest_client [req-357c83f3-ced7-490c-aee2-b35b56affaa5 req-357c83f3-ced7-490c-aee2-b35b56affaa5 ] Request (VolumesAssistedSnapshotsTest:test_volume_assisted_snapshot_create_delete): 200 GET http://10.180.1.21/compute/v2.1/servers/3b997273-a3b3-4dc2-84ad-df4720affba5 1.735s
2025-03-26 21:00:09.686 69194 INFO tempest.common.waiters [-] State transition "BUILD/None" ==> "BUILD/spawning" after 11 second wait
2025-03-26 21:00:09.703 69220 INFO tempest.lib.common.rest_client [req-c178831c-917b-4dc1-be2d-c57f355176b2 req-c178831c-917b-4dc1-be2d-c57f355176b2 ] Request (AttachVolumeTestJSON:setUpClass): 200 GET http://10.180.1.21/identity/v3/roles 0.027s
2025-03-26 21:00:09.733 69224 INFO tempest.lib.common.rest_client [req-50667e22-e61c-4a66-901e-9b47693135d8 req-50667e22-e61c-4a66-901e-9b47693135d8 ] Request (ServerMetadataNegativeTestJSON:setUpClass): 200 GET http://10.180.1.21/compute/v2.1/servers/69161637-7589-4a65-8f6d-39831ceb7480 1.681s
2025-03-26 21:00:09.733 69220 INFO tempest.lib.common.rest_client [req-f06044f3-eeb5-48c0-90c4-64dc057dd72a req-f06044f3-eeb5-48c0-90c4-64dc057dd72a ] Request (AttachVolumeTestJSON:setUpClass): 204 PUT http://10.180.1.21/identity/v3/projects/e791897390c041e7969fcf3ea5207879/users/90523ff18cb441bdba89b1fb6eb10ffc/roles/09f0821c90444411ad791eb297ad4e1f 0.030s
2025-03-26 21:00:09.734 69220 INFO tempest.lib.common.dynamic_creds [-] Dynamic test user 90523ff18cb441bdba89b1fb6eb10ffc is created with scope project and roles: ['member']
2025-03-26 21:00:09.734 69220 INFO tempest.lib.common.dynamic_creds [-] Acquired dynamic creds: credentials: Credentials: {'domain_id': 'default', 'domain_name': 'Default', 'username': 'tempest-AttachVolumeTestJSON-56189185-project-member', 'project_domain_id': 'default', 'project_domain_name': 'Default', 'project_id': 'e791897390c041e7969fcf3ea5207879', 'project_name': 'tempest-AttachVolumeTestJSON-56189185', 'tenant_id': 'e791897390c041e7969fcf3ea5207879', 'tenant_name': 'tempest-AttachVolumeTestJSON-56189185', 'user_domain_id': 'default', 'user_domain_name': 'Default', 'user_id': '90523ff18cb441bdba89b1fb6eb10ffc', 'system': None}, Network: None, Subnet: None, Router: None
2025-03-26 21:00:09.741 69224 INFO tempest.common.waiters [-] State transition "BUILD/scheduling" ==> "BUILD/None" after 5 second wait
2025-03-26 21:00:09.784 69220 INFO tempest.lib.common.rest_client [req-12da2c96-a26b-4415-ace2-68b3ae100a88 req-12da2c96-a26b-4415-ace2-68b3ae100a88 ] Request (AttachVolumeTestJSON:setUpClass): 201 POST http://10.180.1.21/identity/v3/auth/tokens 0.050s
2025-03-26 21:00:09.794 69212 INFO tempest.lib.common.rest_client [req-d1cdb8fd-8579-43d2-831a-98f92d49612d req-d1cdb8fd-8579-43d2-831a-98f92d49612d ] Request (ServersAdmin275Test:_run_cleanups): 200 GET http://10.180.1.21/compute/v2.1/servers/0a29753b-e758-4037-9467-4e77cfe1461e 1.700s
2025-03-26 21:00:09.803 69212 INFO tempest.common.waiters [-] State transition "REBUILD/rebuild_spawning" ==> "ACTIVE/None" after 8 second wait
2025-03-26 21:00:09.825 69210 INFO tempest.lib.common.rest_client [req-c61b0013-b046-4867-ad4b-6ba4a94d0fca req-c61b0013-b046-4867-ad4b-6ba4a94d0fca ] Request (QuotasAdminTestV236:test_get_updated_quotas): 200 GET http://10.180.1.21/compute/v2.1/os-quota-sets/b6bc8b4012f246f6a388c1bd829cd230?user_id=5dd8840e677a45669270ca6ca788054a 1.791s
2025-03-26 21:00:09.889 69210 INFO tempest.lib.common.rest_client [req-bcac0045-b62f-40cc-ab9e-d41070feee81 req-bcac0045-b62f-40cc-ab9e-d41070feee81 ] Request (QuotasAdminTestV236:_run_cleanups): 204 DELETE http://10.180.1.21/identity/v3/users/5dd8840e677a45669270ca6ca788054a 0.062s
2025-03-26 21:00:09.906 69198 INFO tempest.lib.common.rest_client [req-3170bdca-e42d-4b45-9306-ebe734e8d661 req-3170bdca-e42d-4b45-9306-ebe734e8d661 ] Request (DeleteServersTestJSON:test_delete_active_server): 200 GET http://10.180.1.21/compute/v2.1/servers/71295469-1a0b-4932-bde8-2eb103dcb54a 1.623s
2025-03-26 21:00:09.918 69198 INFO tempest.common.waiters [-] State transition "ACTIVE/deleting" ==> "DELETED/None" after 2 second wait
2025-03-26 21:00:09.987 69230 INFO tempest.lib.common.rest_client [req-75b2d67c-a646-48cb-b7e4-c512add2c4de req-75b2d67c-a646-48cb-b7e4-c512add2c4de ] Request (FloatingIPsAssociationTestJSON:setUpClass): 200 GET http://10.180.1.21/compute/v2.1/servers/a6be127e-d6cb-4781-ba8f-470e98976f05 1.691s
2025-03-26 21:00:09.997 69230 INFO tempest.common.waiters [-] State transition "BUILD/None" ==> "BUILD/networking" after 10 second wait
2025-03-26 21:00:10.001 69210 INFO tempest.lib.common.rest_client [req-f36947c9-1d4d-4bbe-a4d7-40faa577644a req-f36947c9-1d4d-4bbe-a4d7-40faa577644a ] Request (QuotasAdminTestV236:_run_cleanups): 204 DELETE http://10.180.1.21/identity/v3/projects/b6bc8b4012f246f6a388c1bd829cd230 0.111s
2025-03-26 21:00:10.038 69208 INFO tempest.lib.common.rest_client [req-d122231d-7d35-409b-ad33-4bf99412adfc req-d122231d-7d35-409b-ad33-4bf99412adfc ] Request (AttachInterfacesTestJSON:test_create_list_show_delete_interfaces_by_fixed_ip): 200 GET http://10.180.1.21/compute/v2.1/servers/0e5b4dbd-8aac-46ec-ab14-b49bfd772432 1.810s
2025-03-26 21:00:10.053 69208 INFO tempest.common.waiters [-] State transition "BUILD/spawning" ==> "ACTIVE/None" after 20 second wait
2025-03-26 21:00:10.059 69232 INFO tempest.lib.common.rest_client [req-72ae12e4-21b4-43e2-ba89-3142bcdf2ab2 req-72ae12e4-21b4-43e2-ba89-3142bcdf2ab2 ] Request (ImagesOneServerTestJSON:setUpClass): 200 GET http://10.180.1.21/compute/v2.1/servers/0e72ec32-1c6e-413b-b5d1-c81d7315adb8 1.722s
2025-03-26 21:00:10.099 69197 INFO tempest.lib.common.rest_client [req-8c9da809-d428-4194-b0bd-f54a3b8e3593 req-8c9da809-d428-4194-b0bd-f54a3b8e3593 ] Request (ImagesTestJSON:test_create_image_from_stopped_server): 200 GET http://10.180.1.21/compute/v2.1/images/b97f5839-def7-4373-9f30-fada2ac2e8df 1.721s
2025-03-26 21:00:10.115 69190 INFO tempest.lib.common.rest_client [req-9d4fcdbc-6217-492d-93a2-29b558953f21 req-9d4fcdbc-6217-492d-93a2-29b558953f21 ] Request (ServersAdminTestJSON:setUpClass): 200 GET http://10.180.1.21/compute/v2.1/servers/0e20a788-5e96-412d-9449-a4af1ba5aa30 1.743s
2025-03-26 21:00:10.137 69190 INFO tempest.common.waiters [-] State transition "BUILD/scheduling" ==> "BUILD/None" after 8 second wait
2025-03-26 21:00:10.148 69180 INFO tempest.lib.common.rest_client [req-9528a8c7-4f77-4fc0-b15c-753fcfa393e1 req-9528a8c7-4f77-4fc0-b15c-753fcfa393e1 ] Request (SecurityGroupRulesNegativeTestJSON:test_create_security_group_rule_with_invalid_to_port): 400 POST http://10.180.1.21/compute/v2.1/os-security-group-rules 1.710s
2025-03-26 21:00:10.197 69210 INFO tempest.lib.common.rest_client [req-7ef21722-1d10-4992-8312-cc96262971ac req-7ef21722-1d10-4992-8312-cc96262971ac ] Request (QuotasAdminTestV236:tearDownClass): 204 DELETE http://10.180.1.21/identity/v3/users/aa3453765798436fb65acc2c65acdc73 0.188s
2025-03-26 21:00:10.212 69207 INFO tempest.lib.common.rest_client [req-59bd4850-1ebd-43e8-a5bb-c95fe0132bfa req-59bd4850-1ebd-43e8-a5bb-c95fe0132bfa ] Request (ServersListShow298Test:test_list_show_update_rebuild_server_298): 200 GET http://10.180.1.21/compute/v2.1/servers/ddde5559-2e16-42cb-8d25-60f3fa15cda4 1.730s
2025-03-26 21:00:10.226 69220 INFO tempest.lib.common.rest_client [req-4f888ba6-d144-49ba-a15e-43ba0e952f15 req-4f888ba6-d144-49ba-a15e-43ba0e952f15 ] Request (AttachVolumeTestJSON:setUpClass): 201 POST http://10.180.1.21:9696/networking/v2.0/networks 0.441s
2025-03-26 21:00:10.288 69182 INFO tempest.lib.common.rest_client [req-9327ef5f-725f-4dc2-9548-d46fb64b0212 req-9327ef5f-725f-4dc2-9548-d46fb64b0212 ] Request (ListServersNegativeTestJSON:setUpClass): 200 GET http://10.180.1.21/compute/v2.1/servers 1.687s
2025-03-26 21:00:10.355 69227 INFO tempest.lib.common.rest_client [req-ed455132-ac87-40ea-aa16-249ff7ccb8cf req-ed455132-ac87-40ea-aa16-249ff7ccb8cf ] Request (ServerMetadataTestJSON:setUpClass): 200 GET http://10.180.1.21/compute/v2.1/servers/edbbd373-a587-4846-8a31-917e08e63edd 1.723s
2025-03-26 21:00:10.371 69227 INFO tempest.common.waiters [-] State transition "BUILD/spawning" ==> "ACTIVE/None" after 20 second wait
2025-03-26 21:00:10.394 69210 INFO tempest.lib.common.rest_client [req-c2283e10-c724-4c38-8212-47facfbfb955 req-c2283e10-c724-4c38-8212-47facfbfb955 ] Request (QuotasAdminTestV236:tearDownClass): 204 DELETE http://10.180.1.21/identity/v3/users/e4f597685a5b4235981e8ce971763e07 0.196s
2025-03-26 21:00:10.394 69210 INFO tempest.lib.common.dynamic_creds [-] Deleting project and security group for project: 152a9c5c29974794947e8aa263e790f1
2025-03-26 21:00:10.462 69220 INFO tempest.lib.common.rest_client [req-8b8124ba-a884-4e1c-8ca8-0e01a9aca451 req-8b8124ba-a884-4e1c-8ca8-0e01a9aca451 ] Request (AttachVolumeTestJSON:setUpClass): 201 POST http://10.180.1.21:9696/networking/v2.0/subnets 0.236s
2025-03-26 21:00:10.474 69210 INFO tempest.lib.common.rest_client [req-e8532430-8fb2-4759-9f8c-40332c2d52c4 req-e8532430-8fb2-4759-9f8c-40332c2d52c4 ] Request (QuotasAdminTestV236:tearDownClass): 201 POST http://10.180.1.21/identity/v3/auth/tokens 0.079s
2025-03-26 21:00:10.545 69222 INFO tempest.lib.common.rest_client [req-aa94a58a-4b02-4792-bd86-d826852f667a req-aa94a58a-4b02-4792-bd86-d826852f667a ] Request (QuotasAdminNegativeTest:_run_cleanups): 200 PUT http://10.180.1.21/compute/v2.1/os-quota-sets/a147f0873e594ffa93dd05a1e93c61e3 1.771s
2025-03-26 21:00:10.575 69184 INFO tempest.lib.common.rest_client [req-7d8f1460-ffde-46e8-b5da-5651b89fee89 req-7d8f1460-ffde-46e8-b5da-5651b89fee89 ] Request (ServerDiskConfigTestJSON:test_rebuild_server_with_auto_disk_config): 202 POST http://10.180.1.21/compute/v2.1/servers/3e8f537c-36f9-4d3b-8c48-55efb1582f53/action 1.793s
2025-03-26 21:00:10.596 69214 INFO tempest.lib.common.rest_client [req-ab13e39d-d9d9-43c3-b7f3-a0f896b4d142 req-ab13e39d-d9d9-43c3-b7f3-a0f896b4d142 ] Request (ImagesDeleteNegativeTestJSON:test_delete_image_with_id_over_character_limit): 404 DELETE http://10.180.1.21/compute/v2.1/images/aad0b554-ba8f-4d49-915e-773a7ae68b481 1.776s
2025-03-26 21:00:10.597 69218 INFO tempest.lib.common.rest_client [req-be4e53b3-0dbb-40b1-b0e1-89927ae87a0f req-be4e53b3-0dbb-40b1-b0e1-89927ae87a0f ] Request (KeyPairsV2TestJSON:test_keypair_create_delete): 200 POST http://10.180.1.21/compute/v2.1/os-keypairs 1.791s
2025-03-26 21:00:10.710 69210 INFO tempest.lib.common.rest_client [req-1b2da39e-1a53-4c77-b06e-215a0982226a req-1b2da39e-1a53-4c77-b06e-215a0982226a ] Request (QuotasAdminTestV236:tearDownClass): 200 GET http://10.180.1.21:9696/networking/v2.0/security-groups?tenant_id=152a9c5c29974794947e8aa263e790f1&name=default 0.235s
2025-03-26 21:00:10.733 69240 INFO tempest.lib.common.rest_client [req-9e559218-75a2-4247-bcd4-3af1689e5ea2 req-9e559218-75a2-4247-bcd4-3af1689e5ea2 ] Request (ServerDiagnosticsNegativeTest:tearDownClass): 200 GET http://10.180.1.21/compute/v2.1/servers/baf8eacd-01cd-47ae-99ef-694239009218 1.739s
2025-03-26 21:00:10.756 69243 INFO tempest.lib.common.rest_client [req-2b3b7bfe-e892-4394-a647-804965b456ba req-2b3b7bfe-e892-4394-a647-804965b456ba ] Request (ServicesAdminTestJSON:test_list_services): 200 GET http://10.180.1.21/compute/v2.1/os-services 1.282s
2025-03-26 21:00:10.779 69228 INFO tempest.lib.common.rest_client [req-4fc598cf-5ffe-4654-9b2e-e0d5981318cd req-4fc598cf-5ffe-4654-9b2e-e0d5981318cd ] Request (AggregatesAdminNegativeTestJSON:_run_cleanups): 200 DELETE http://10.180.1.21/compute/v2.1/os-aggregates/6 1.300s
2025-03-26 21:00:10.838 69234 INFO tempest.lib.common.rest_client [req-c9673711-db92-4289-9b25-0f9c59bbc4a3 req-c9673711-db92-4289-9b25-0f9c59bbc4a3 ] Request (FlavorsAdminTestJSON:_run_cleanups): 202 DELETE http://10.180.1.21/compute/v2.1/flavors/1748423667 1.344s
2025-03-26 21:00:10.853 69243 INFO tempest.lib.common.rest_client [req-b38004ed-5acd-41db-b60c-eb58e90cc57e req-b38004ed-5acd-41db-b60c-eb58e90cc57e ] Request (ServicesAdminTestJSON:tearDownClass): 204 DELETE http://10.180.1.21/identity/v3/users/9c10af51eceb4f1d9d2146396e40c6fd 0.092s
2025-03-26 21:00:10.932 69210 INFO tempest.lib.common.rest_client [req-a84a7edb-ee33-4892-b223-ab9b5109247d req-a84a7edb-ee33-4892-b223-ab9b5109247d ] Request (QuotasAdminTestV236:tearDownClass): 204 DELETE http://10.180.1.21:9696/networking/v2.0/security-groups/5324877b-4752-47db-804c-b1ab61f686ae 0.222s
2025-03-26 21:00:10.971 69216 INFO tempest.lib.common.rest_client [req-818e3693-5758-4c89-8e0f-03e55c89e059 req-818e3693-5758-4c89-8e0f-03e55c89e059 ] Request (ServerExternalEventsTest:test_create_server_external_events): 202 POST http://10.180.1.21/compute/v2.1/servers 1.653s
2025-03-26 21:00:11.007 69238 INFO tempest.lib.common.rest_client [req-a4a2435d-7575-45bf-84e9-375a66fdd8d3 req-a4a2435d-7575-45bf-84e9-375a66fdd8d3 ] Request (SecurityGroupRulesTestJSON:test_security_group_rules_list): 200 POST http://10.180.1.21/compute/v2.1/os-security-group-rules 1.497s
2025-03-26 21:00:11.015 69243 INFO tempest.lib.common.rest_client [req-7d6173a7-cd3c-4581-a4e2-a52c0f0ad53a req-7d6173a7-cd3c-4581-a4e2-a52c0f0ad53a ] Request (ServicesAdminTestJSON:tearDownClass): 204 DELETE http://10.180.1.21/identity/v3/users/1f174862e64a451dbffdac7516f74ac3 0.162s
2025-03-26 21:00:11.015 69243 INFO tempest.lib.common.dynamic_creds [-] Deleting project and security group for project: da978a9adccd42489c151fe031502ba9
2025-03-26 21:00:11.038 69210 INFO tempest.lib.common.rest_client [req-eb1a7840-8e55-45ba-8ea1-cac18f3b12c5 req-eb1a7840-8e55-45ba-8ea1-cac18f3b12c5 ] Request (QuotasAdminTestV236:tearDownClass): 204 DELETE http://10.180.1.21/identity/v3/projects/152a9c5c29974794947e8aa263e790f1 0.105s
2025-03-26 21:00:11.039 69210 INFO tempest.lib.common.dynamic_creds [-] Deleting project and security group for project: e103c14426d344ba88ec06f2a84e2897
2025-03-26 21:00:11.080 69212 INFO tempest.lib.common.rest_client [req-698ffa80-59d1-4ac2-98bc-e3e0e8bc6076 req-698ffa80-59d1-4ac2-98bc-e3e0e8bc6076 ] Request (ServersAdmin275Test:tearDownClass): 204 DELETE http://10.180.1.21/compute/v2.1/servers/0a29753b-e758-4037-9467-4e77cfe1461e 1.268s
2025-03-26 21:00:11.105 69208 INFO tempest.lib.common.rest_client [req-23a93c43-311f-4e03-9616-d411beff0f4e req-23a93c43-311f-4e03-9616-d411beff0f4e ] Request (AttachInterfacesTestJSON:test_create_list_show_delete_interfaces_by_fixed_ip): 200 GET http://10.180.1.21/compute/v2.1/servers/0e5b4dbd-8aac-46ec-ab14-b49bfd772432/os-interface 1.051s
2025-03-26 21:00:11.110 69243 INFO tempest.lib.common.rest_client [req-3712d33d-032d-40ab-83d3-458c2569dbd4 req-3712d33d-032d-40ab-83d3-458c2569dbd4 ] Request (ServicesAdminTestJSON:tearDownClass): 201 POST http://10.180.1.21/identity/v3/auth/tokens 0.094s
2025-03-26 21:00:11.130 69180 INFO tempest.lib.common.rest_client [req-50b6d581-dd09-4309-95cb-a04d1cb83f1d req-50b6d581-dd09-4309-95cb-a04d1cb83f1d ] Request (SecurityGroupRulesNegativeTestJSON:test_create_security_group_rule_with_non_existent_id): 404 POST http://10.180.1.21/compute/v2.1/os-security-group-rules 0.979s
2025-03-26 21:00:11.235 69188 INFO tempest.lib.common.rest_client [req-ed91c3bf-8142-4220-a749-a3a77ce56627 req-ed91c3bf-8142-4220-a749-a3a77ce56627 ] Request (ServerDiagnosticsTest:tearDownClass): 200 GET http://10.180.1.21/compute/v2.1/servers/9d87c672-1de2-40a6-bce5-c48357027d1d 1.002s
2025-03-26 21:00:11.244 69188 INFO tempest.common.waiters [-] State transition "ACTIVE/deleting" ==> "DELETED/None" after 2 second wait
2025-03-26 21:00:11.279 69200 INFO tempest.lib.common.rest_client [req-b07925fb-c620-4660-95a1-d7496d44062c req-b07925fb-c620-4660-95a1-d7496d44062c ] Request (QuotaClassesAdmin257Test:test_update_default_quotas): 200 GET http://10.180.1.21/compute/v2.1/os-quota-class-sets/default 1.184s
2025-03-26 21:00:11.359 69182 INFO tempest.lib.common.rest_client [req-3c76e189-3d7e-4793-a1c5-5694ba69024d req-3c76e189-3d7e-4793-a1c5-5694ba69024d ] Request (ListServersNegativeTestJSON:setUpClass): 200 GET http://10.180.1.21/compute/v2.1/servers/71a2b320-61f5-41fe-ae4f-e6ddfe0fbeb5 1.068s
2025-03-26 21:00:11.453 69227 INFO tempest.lib.common.rest_client [req-0e81ef76-464f-4f6a-a7ef-fb9910ffdb27 req-0e81ef76-464f-4f6a-a7ef-fb9910ffdb27 ] Request (ServerMetadataTestJSON:setUp): 200 PUT http://10.180.1.21/compute/v2.1/servers/edbbd373-a587-4846-8a31-917e08e63edd/metadata 1.081s
2025-03-26 21:00:11.467 69210 INFO tempest.lib.common.rest_client [req-4b018f03-318a-4706-a24f-fef5168f93cf req-4b018f03-318a-4706-a24f-fef5168f93cf ] Request (QuotasAdminTestV236:tearDownClass): 200 GET http://10.180.1.21:9696/networking/v2.0/security-groups?tenant_id=e103c14426d344ba88ec06f2a84e2897&name=default 0.428s
2025-03-26 21:00:11.551 69202 INFO tempest.lib.common.rest_client [req-6480af74-9e10-44e7-ae7a-a8db67996f10 req-6480af74-9e10-44e7-ae7a-a8db67996f10 ] Request (ServersTestManualDisk:setUpClass): 200 GET http://10.180.1.21/compute/v2.1/servers/48f5958b-d5b7-4d2c-a3a9-dd76881a89d1 1.306s
2025-03-26 21:00:11.655 69222 INFO tempest.lib.common.rest_client [req-a8d0d591-9c5b-43e2-9d97-f149d7bd6029 req-a8d0d591-9c5b-43e2-9d97-f149d7bd6029 ] Request (QuotasAdminNegativeTest:test_create_server_when_memory_quota_is_full): 200 GET http://10.180.1.21/compute/v2.1/os-quota-sets/a147f0873e594ffa93dd05a1e93c61e3 1.104s
2025-03-26 21:00:11.710 69243 INFO tempest.lib.common.rest_client [req-5f0d66cf-a389-4480-967f-86da31437aaf req-5f0d66cf-a389-4480-967f-86da31437aaf ] Request (ServicesAdminTestJSON:tearDownClass): 200 GET http://10.180.1.21:9696/networking/v2.0/security-groups?tenant_id=da978a9adccd42489c151fe031502ba9&name=default 0.600s
2025-03-26 21:00:11.878 69204 INFO tempest.lib.common.rest_client [req-b6f8f22d-8e18-41fd-8f35-c1fc4c0d50ae req-b6f8f22d-8e18-41fd-8f35-c1fc4c0d50ae ] Request (ServersWithSpecificFlavorTestJSON:test_verify_created_server_ephemeral_disk): 200 GET http://10.180.1.21/compute/v2.1/servers/463efcaf-51f7-48db-aec5-192c6258b003 1.422s
2025-03-26 21:00:11.896 69218 INFO tempest.lib.common.rest_client [req-49aa2844-b7ea-4710-96cb-f26095c7baf4 req-49aa2844-b7ea-4710-96cb-f26095c7baf4 ] Request (KeyPairsV2TestJSON:_run_cleanups): 202 DELETE http://10.180.1.21/compute/v2.1/os-keypairs/tempest-keypair-372836525 1.297s
2025-03-26 21:00:11.923 69214 INFO tempest.lib.common.rest_client [req-3a07c3a8-38fd-4e94-9b75-ce8babd711b4 req-3a07c3a8-38fd-4e94-9b75-ce8babd711b4 ] Request (ImagesDeleteNegativeTestJSON:test_delete_image_with_invalid_image_id): 404 DELETE http://10.180.1.21/compute/v2.1/images/tempest-invalid-2124102160 1.322s
2025-03-26 21:00:11.962 69210 INFO tempest.lib.common.rest_client [req-79affaca-caa2-43db-82b6-26f97157821f req-79affaca-caa2-43db-82b6-26f97157821f ] Request (QuotasAdminTestV236:tearDownClass): 204 DELETE http://10.180.1.21:9696/networking/v2.0/security-groups/dcf90901-7cd5-45d2-94e2-1f4bce5b1c6b 0.494s
2025-03-26 21:00:12.028 69186 INFO tempest.lib.common.rest_client [req-07c7d8b0-bcf0-481e-b70b-da7f473c2b3e req-07c7d8b0-bcf0-481e-b70b-da7f473c2b3e ] Request (TenantUsagesTestJSON:tearDownClass): 200 GET http://10.180.1.21/compute/v2.1/servers/12460f16-35cc-4188-8839-fa43e3835a2d 1.422s
2025-03-26 21:00:12.061 69184 INFO tempest.lib.common.rest_client [req-d87e2fa3-53b1-4fdc-ae91-aba1a9957b65 req-d87e2fa3-53b1-4fdc-ae91-aba1a9957b65 ] Request (ServerDiskConfigTestJSON:test_rebuild_server_with_auto_disk_config): 200 GET http://10.180.1.21/compute/v2.1/servers/3e8f537c-36f9-4d3b-8c48-55efb1582f53 1.480s
2025-03-26 21:00:12.073 69210 INFO tempest.lib.common.rest_client [req-408e6476-c29a-4de9-950a-ff74079269e1 req-408e6476-c29a-4de9-950a-ff74079269e1 ] Request (QuotasAdminTestV236:tearDownClass): 204 DELETE http://10.180.1.21/identity/v3/projects/e103c14426d344ba88ec06f2a84e2897 0.106s
2025-03-26 21:00:12.100 69192 INFO tempest.lib.common.rest_client [req-bfab4ea3-e3a5-4d53-9eea-79c633335762 req-bfab4ea3-e3a5-4d53-9eea-79c633335762 ] Request (DeleteServersAdminTestJSON:test_admin_delete_servers_of_others): 200 GET http://10.180.1.21/compute/v2.1/servers/39ead640-79b7-40b6-97c5-5f32bc787108 1.426s
2025-03-26 21:00:12.144 69210 INFO tempest.lib.common.rest_client [req-e06cfad5-3abb-4419-9436-35e919f99b40 req-e06cfad5-3abb-4419-9436-35e919f99b40 ] Request (ServersAdminNegativeTestJSON:setUpClass): 201 POST http://10.180.1.21/identity/v3/auth/tokens 0.069s
2025-03-26 21:00:12.176 69224 INFO tempest.lib.common.rest_client [req-5bfde6b1-1a4b-4812-8c30-20743800f60d req-5bfde6b1-1a4b-4812-8c30-20743800f60d ] Request (ServerMetadataNegativeTestJSON:setUpClass): 200 GET http://10.180.1.21/compute/v2.1/servers/69161637-7589-4a65-8f6d-39831ceb7480 1.433s
2025-03-26 21:00:12.190 69194 INFO tempest.lib.common.rest_client [req-6874e6d1-b7a7-435f-8187-624697113207 req-6874e6d1-b7a7-435f-8187-624697113207 ] Request (VolumesAssistedSnapshotsTest:test_volume_assisted_snapshot_create_delete): 200 GET http://10.180.1.21/compute/v2.1/servers/3b997273-a3b3-4dc2-84ad-df4720affba5 1.502s
2025-03-26 21:00:12.197 69210 INFO tempest.lib.common.rest_client [req-e2a87210-a48d-40cc-85b9-945ff896f589 req-e2a87210-a48d-40cc-85b9-945ff896f589 ] Request (ServersAdminNegativeTestJSON:setUpClass): 201 POST http://10.180.1.21/identity/v3/auth/tokens 0.050s
2025-03-26 21:00:12.203 69228 INFO tempest.lib.common.rest_client [req-a5449794-a878-4ecb-bbe9-d0eaf00cd67d req-a5449794-a878-4ecb-bbe9-d0eaf00cd67d ] Request (AggregatesAdminNegativeTestJSON:test_aggregate_get_details_with_invalid_id): 404 GET http://10.180.1.21/compute/v2.1/os-aggregates/-1 1.423s
2025-03-26 21:00:12.204 69243 INFO tempest.lib.common.rest_client [req-f57eb985-c071-456e-9d9e-bdb79286dc8b req-f57eb985-c071-456e-9d9e-bdb79286dc8b ] Request (ServicesAdminTestJSON:tearDownClass): 204 DELETE http://10.180.1.21:9696/networking/v2.0/security-groups/ac6a8be1-01c0-4642-a244-73a5e8e8a2de 0.493s
2025-03-26 21:00:12.222 69234 INFO tempest.lib.common.rest_client [req-a8a81099-57a2-4e45-b311-e3ca4348f321 req-a8a81099-57a2-4e45-b311-e3ca4348f321 ] Request (FlavorsAdminTestJSON:_run_cleanups): 200 GET http://10.180.1.21/compute/v2.1/flavors/detail 1.383s
2025-03-26 21:00:12.243 69210 INFO tempest.lib.common.rest_client [req-f975a1b9-0b19-4613-a00a-02cb3812c801 req-f975a1b9-0b19-4613-a00a-02cb3812c801 ] Request (ServersAdminNegativeTestJSON:setUpClass): 200 GET http://10.180.1.21/identity/v3/domains?name=Default 0.045s
2025-03-26 21:00:12.284 69210 INFO tempest.lib.common.rest_client [req-c9cb175e-7ce4-47b5-8ef1-6107595c7cc9 req-c9cb175e-7ce4-47b5-8ef1-6107595c7cc9 ] Request (ServersAdminNegativeTestJSON:setUpClass): 201 POST http://10.180.1.21/identity/v3/projects 0.040s
2025-03-26 21:00:12.288 69243 INFO tempest.lib.common.rest_client [req-8ef85983-6f8c-4c2d-a262-05331a4f7ace req-8ef85983-6f8c-4c2d-a262-05331a4f7ace ] Request (ServicesAdminTestJSON:tearDownClass): 204 DELETE http://10.180.1.21/identity/v3/projects/da978a9adccd42489c151fe031502ba9 0.083s
2025-03-26 21:00:12.288 69243 INFO tempest.lib.common.dynamic_creds [-] Deleting project and security group for project: 744f793f8ad44c93bb2badc31d48793c
2025-03-26 21:00:12.304 69198 INFO tempest.lib.common.rest_client [req-bbf9e9d9-068b-488f-ae7b-f26f2dc9b64c req-bbf9e9d9-068b-488f-ae7b-f26f2dc9b64c ] Request (DeleteServersTestJSON:test_delete_active_server): 200 GET http://10.180.1.21/compute/v2.1/servers/71295469-1a0b-4932-bde8-2eb103dcb54a 1.384s
2025-03-26 21:00:12.304 69216 INFO tempest.lib.common.rest_client [req-d90c7f4b-46ec-4233-92d3-19d6e876a789 req-d90c7f4b-46ec-4233-92d3-19d6e876a789 ] Request (ServerExternalEventsTest:test_create_server_external_events): 200 GET http://10.180.1.21/compute/v2.1/servers/01c1c8d4-2e8e-40eb-bacb-9b6f1b26d955 1.329s
2025-03-26 21:00:12.355 69210 INFO tempest.lib.common.rest_client [req-5e2b9fc1-3e5f-4a9e-8d8e-a9d36a617af7 req-5e2b9fc1-3e5f-4a9e-8d8e-a9d36a617af7 ] Request (ServersAdminNegativeTestJSON:setUpClass): 201 POST http://10.180.1.21/identity/v3/users 0.071s
2025-03-26 21:00:12.413 69210 INFO tempest.lib.common.rest_client [req-240c6828-4ca9-45f2-865f-7d0acbec3904 req-240c6828-4ca9-45f2-865f-7d0acbec3904 ] Request (ServersAdminNegativeTestJSON:setUpClass): 200 GET http://10.180.1.21/identity/v3/roles 0.057s
2025-03-26 21:00:12.449 69210 INFO tempest.lib.common.rest_client [req-08a5ea7f-8aa9-40a4-a55c-6e25a6f181ba req-08a5ea7f-8aa9-40a4-a55c-6e25a6f181ba ] Request (ServersAdminNegativeTestJSON:setUpClass): 204 PUT http://10.180.1.21/identity/v3/projects/73d633e9011c4fd780e633a9e5b9abdc/users/4082e8d2ded04322a36c45a984632d6f/roles/09f0821c90444411ad791eb297ad4e1f 0.035s
2025-03-26 21:00:12.449 69210 INFO tempest.lib.common.dynamic_creds [-] Dynamic test user 4082e8d2ded04322a36c45a984632d6f is created with scope project and roles: ['member']
2025-03-26 21:00:12.449 69210 INFO tempest.lib.common.dynamic_creds [-] Acquired dynamic creds: credentials: Credentials: {'domain_id': 'default', 'domain_name': 'Default', 'username': 'tempest-ServersAdminNegativeTestJSON-1630267643-project-member', 'project_domain_id': 'default', 'project_domain_name': 'Default', 'project_id': '73d633e9011c4fd780e633a9e5b9abdc', 'project_name': 'tempest-ServersAdminNegativeTestJSON-1630267643', 'tenant_id': '73d633e9011c4fd780e633a9e5b9abdc', 'tenant_name': 'tempest-ServersAdminNegativeTestJSON-1630267643', 'user_domain_id': 'default', 'user_domain_name': 'Default', 'user_id': '4082e8d2ded04322a36c45a984632d6f', 'system': None}, Network: None, Subnet: None, Router: None
2025-03-26 21:00:12.450 69210 INFO tempest.lib.common.dynamic_creds [-] Created isolated network resources for: credentials: Credentials: {'domain_id': 'default', 'domain_name': 'Default', 'username': 'tempest-ServersAdminNegativeTestJSON-1630267643-project-member', 'project_domain_id': 'default', 'project_domain_name': 'Default', 'project_id': '73d633e9011c4fd780e633a9e5b9abdc', 'project_name': 'tempest-ServersAdminNegativeTestJSON-1630267643', 'tenant_id': '73d633e9011c4fd780e633a9e5b9abdc', 'tenant_name': 'tempest-ServersAdminNegativeTestJSON-1630267643', 'user_domain_id': 'default', 'user_domain_name': 'Default', 'user_id': '4082e8d2ded04322a36c45a984632d6f', 'system': None}, Network: None, Subnet: None, Router: None
2025-03-26 21:00:12.481 69230 INFO tempest.lib.common.rest_client [req-71ea3f80-5925-48f7-bb67-58c8297d3e58 req-71ea3f80-5925-48f7-bb67-58c8297d3e58 ] Request (FloatingIPsAssociationTestJSON:setUpClass): 200 GET http://10.180.1.21/compute/v2.1/servers/a6be127e-d6cb-4781-ba8f-470e98976f05 1.483s
2025-03-26 21:00:12.495 69230 INFO tempest.common.waiters [-] State transition "BUILD/networking" ==> "BUILD/spawning" after 13 second wait
2025-03-26 21:00:12.502 69238 INFO tempest.lib.common.rest_client [req-0cde7d5f-4bbe-406a-8431-ad23fecce370 req-0cde7d5f-4bbe-406a-8431-ad23fecce370 ] Request (SecurityGroupRulesTestJSON:test_security_group_rules_list): 200 POST http://10.180.1.21/compute/v2.1/os-security-group-rules 1.492s
2025-03-26 21:00:12.533 69243 INFO tempest.lib.common.rest_client [req-c1269008-7e49-45e9-a3aa-2008e1d96918 req-c1269008-7e49-45e9-a3aa-2008e1d96918 ] Request (ServicesAdminTestJSON:tearDownClass): 200 GET http://10.180.1.21:9696/networking/v2.0/security-groups?tenant_id=744f793f8ad44c93bb2badc31d48793c&name=default 0.245s
2025-03-26 21:00:12.552 69232 INFO tempest.lib.common.rest_client [req-52187f9d-baed-4cf7-9f0a-5ccecf941248 req-52187f9d-baed-4cf7-9f0a-5ccecf941248 ] Request (ImagesOneServerTestJSON:setUpClass): 200 GET http://10.180.1.21/compute/v2.1/servers/0e72ec32-1c6e-413b-b5d1-c81d7315adb8 1.475s
2025-03-26 21:00:12.560 69210 INFO tempest.lib.common.rest_client [req-91e6d0b8-a1dd-4fb5-9f2d-e901bc8fe96e req-91e6d0b8-a1dd-4fb5-9f2d-e901bc8fe96e ] Request (ServersAdminNegativeTestJSON:setUpClass): 201 POST http://10.180.1.21/identity/v3/auth/tokens 0.105s
2025-03-26 21:00:12.593 69220 INFO tempest.lib.common.rest_client [req-322951d9-e355-46ff-b5f3-3613a56644c7 req-322951d9-e355-46ff-b5f3-3613a56644c7 ] Request (AttachVolumeTestJSON:setUpClass): 201 POST http://10.180.1.21:9696/networking/v2.0/routers 2.130s
2025-03-26 21:00:12.613 69212 INFO tempest.lib.common.rest_client [req-1481b295-431e-4b72-a217-8ad3388f023b req-1481b295-431e-4b72-a217-8ad3388f023b ] Request (ServersAdmin275Test:tearDownClass): 200 GET http://10.180.1.21/compute/v2.1/servers/0a29753b-e758-4037-9467-4e77cfe1461e 1.533s
2025-03-26 21:00:12.619 69197 INFO tempest.lib.common.rest_client [req-c0c7ada4-c319-4d83-b298-8b8efd20b8f5 req-c0c7ada4-c319-4d83-b298-8b8efd20b8f5 ] Request (ImagesTestJSON:test_create_image_from_stopped_server): 200 GET http://10.180.1.21/compute/v2.1/images/b97f5839-def7-4373-9f30-fada2ac2e8df 1.513s
2025-03-26 21:00:12.640 69210 INFO tempest.lib.common.rest_client [req-e0aebec8-cbb4-4fac-b673-9228efa33ce3 req-e0aebec8-cbb4-4fac-b673-9228efa33ce3 ] Request (ServersAdminNegativeTestJSON:setUpClass): 201 POST http://10.180.1.21/identity/v3/projects 0.079s
2025-03-26 21:00:12.655 69208 INFO tempest.lib.common.rest_client [req-645c224d-7ffc-4ec3-8f8a-3753dd066d45 req-645c224d-7ffc-4ec3-8f8a-3753dd066d45 ] Request (AttachInterfacesTestJSON:test_create_list_show_delete_interfaces_by_fixed_ip): 200 PUT http://10.180.1.21:9696/networking/v2.0/floatingips/7439de4a-98cb-446e-8120-9ef170b7a6cb 1.547s
2025-03-26 21:00:12.691 69180 INFO tempest.lib.common.rest_client [req-657614ad-54d0-4b96-be9f-5638a3ba541e req-657614ad-54d0-4b96-be9f-5638a3ba541e ] Request (SecurityGroupRulesNegativeTestJSON:test_delete_security_group_rule_with_non_existent_id): 404 DELETE http://10.180.1.21/compute/v2.1/os-security-group-rules/cff084d5-fe5b-4f92-9e42-33942907d619 1.558s
2025-03-26 21:00:12.706 69210 INFO tempest.lib.common.rest_client [req-9dce8f9d-91dd-46fd-b66c-1973f052aea1 req-9dce8f9d-91dd-46fd-b66c-1973f052aea1 ] Request (ServersAdminNegativeTestJSON:setUpClass): 201 POST http://10.180.1.21/identity/v3/users 0.066s
2025-03-26 21:00:12.710 69190 INFO tempest.lib.common.rest_client [req-874f3431-859c-4aa4-8e33-21d62d1a8dc1 req-874f3431-859c-4aa4-8e33-21d62d1a8dc1 ] Request (ServersAdminTestJSON:setUpClass): 200 GET http://10.180.1.21/compute/v2.1/servers/0e20a788-5e96-412d-9449-a4af1ba5aa30 1.572s
2025-03-26 21:00:12.738 69210 INFO tempest.lib.common.rest_client [req-0111be24-730b-4467-a923-e229d920d541 req-0111be24-730b-4467-a923-e229d920d541 ] Request (ServersAdminNegativeTestJSON:setUpClass): 200 GET http://10.180.1.21/identity/v3/roles 0.031s
