2025-04-08 00:58:34.325 69870 INFO tempest.lib.common.rest_client [req-5d4df627-1bec-4ad8-89d7-1ae13fa5d04c req-5d4df627-1bec-4ad8-89d7-1ae13fa5d04c ] Request (MigrationsAdminTest:test_list_migrations_in_flavor_resize_situation): 200 GET http://10.180.1.21/compute/v2.1/os-migrations 0.420s
2025-04-08 00:58:34.369 69868 INFO tempest.lib.common.rest_client [req-41b6b105-41f5-4a3e-9a46-bc637331836e req-41b6b105-41f5-4a3e-9a46-bc637331836e ] Request (AttachVolumeTestJSON:test_attach_detach_volume): 200 GET http://10.180.1.21/compute/v2.1/servers/c7a63209-9705-4caa-b567-ffd30dbe38c2 0.484s
2025-04-08 00:58:34.388 69880 INFO tempest.lib.common.rest_client [req-5b442604-f396-49ba-a79c-14aeac3f00aa req-5b442604-f396-49ba-a79c-14aeac3f00aa ] Request (ServersTestMultiNic:test_verify_duplicate_network_nics): 200 GET http://10.180.1.21/compute/v2.1/servers/e3a8beb1-fde1-487c-9001-573a322acf9f 0.424s
2025-04-08 00:58:34.420 69864 INFO tempest.lib.common.rest_client [req-a93ef13d-6541-42f6-a42d-785a99bfee38 req-a93ef13d-6541-42f6-a42d-785a99bfee38 ] Request (AttachInterfacesTestJSON:test_create_list_show_delete_interfaces_by_fixed_ip): 200 GET http://10.180.1.21/compute/v2.1/servers/6b391d42-08bf-4dd2-9bbf-4eab08b42a89 0.406s
2025-04-08 00:58:34.485 69852 INFO tempest.lib.common.rest_client [req-7f9a2f4c-2318-4866-bdca-d541958e7f35 req-7f9a2f4c-2318-4866-bdca-d541958e7f35 ] Request (TenantUsagesTestJSON:setUpClass): 200 GET http://10.180.1.21/compute/v2.1/servers/23d496ce-cce1-47ee-b8f9-ef08d1f81d5d 0.412s
2025-04-08 00:58:34.494 69852 INFO tempest.common.waiters [-] State transition "BUILD/scheduling" ==> "BUILD/None" after 47 second wait
2025-04-08 00:58:34.776 69850 INFO tempest.lib.common.rest_client [req-a7185825-424d-48e7-b6fe-05894996dd87 req-a7185825-424d-48e7-b6fe-05894996dd87 ] Request (DeleteServersAdminTestJSON:test_delete_server_while_in_error_state): 200 GET http://10.180.1.21/compute/v2.1/servers/996a56d7-78ba-4cb9-a88c-79141b26f472 0.763s
2025-04-08 00:58:34.784 69906 INFO tempest.lib.common.rest_client [req-b86c9672-c08b-438f-9ac1-721117a08331 req-b86c9672-c08b-438f-9ac1-721117a08331 ] Request (FloatingIPsAssociationNegativeTestJSON:tearDownClass): 200 GET http://10.180.1.21/compute/v2.1/servers/b4a6ccb1-d746-44f1-8dab-0b7ae7f358b6 0.655s
2025-04-08 00:58:34.831 69886 INFO tempest.lib.common.rest_client [req-60343caf-c62e-4c08-bae7-04d2ad56d0ac req-60343caf-c62e-4c08-bae7-04d2ad56d0ac ] Request (SecurityGroupsTestJSON:test_server_security_groups): 200 GET http://10.180.1.21/compute/v2.1/servers/9bd9e5f3-036b-44a2-8863-470653a383d1 0.585s
2025-04-08 00:58:34.835 69896 INFO tempest.lib.common.rest_client [req-cddd543f-3a46-4f96-ad35-61bf7150f00a req-cddd543f-3a46-4f96-ad35-61bf7150f00a ] Request (ServerActionsTestOtherB:setUpClass): 200 GET http://10.180.1.21/compute/v2.1/servers/d2cf6d47-2eb2-43e9-baad-73442f983351 0.618s
2025-04-08 00:58:34.890 69908 INFO tempest.lib.common.rest_client [req-acfac349-6977-4236-8616-a1a0129a9eb3 req-acfac349-6977-4236-8616-a1a0129a9eb3 ] Request (ServerActionsTestOtherA:setUpClass): 200 GET http://10.180.1.21/compute/v2.1/servers/5e520785-7734-4ad6-a1d9-d84eaab73f9d 0.602s
2025-04-08 00:58:34.911 69870 INFO tempest.lib.common.rest_client [req-7340ee30-91ff-4287-ba70-02b39aed3824 req-7340ee30-91ff-4287-ba70-02b39aed3824 ] Request (MigrationsAdminTest:test_resize_server_revert_deleted_flavor): 200 GET http://10.180.1.21/compute/v2.1/flavors/42 0.580s
2025-04-08 00:58:34.998 69898 INFO tempest.lib.common.rest_client [req-d80986fa-097c-4750-acea-23da42503380 req-d80986fa-097c-4750-acea-23da42503380 ] Request (ImagesTestJSON:test_create_image_from_suspended_server): 200 GET http://10.180.1.21/compute/v2.1/servers/bed307b3-51de-4ef1-bb50-49b4824ae0de 0.701s
2025-04-08 00:58:35.050 69901 INFO tempest.lib.common.rest_client [req-fdefbff0-eb12-4487-8485-5b48d9e54a39 req-fdefbff0-eb12-4487-8485-5b48d9e54a39 ] Request (ServersTestJSON:setUpClass): 200 GET http://10.180.1.21/compute/v2.1/servers/7ea69d07-17ad-4ec6-bbe3-ff7f2e51794e 0.438s
2025-04-08 00:58:35.057 69901 INFO tempest.common.waiters [-] State transition "BUILD/None" ==> "BUILD/networking" after 54 second wait
2025-04-08 00:58:35.070 69866 INFO tempest.lib.common.rest_client [req-6b01ca38-d28d-4afa-be93-a07f2844922c req-6b01ca38-d28d-4afa-be93-a07f2844922c ] Request (AttachInterfacesV270Test:test_create_get_list_interfaces): 200 GET http://10.180.1.21/compute/v2.1/servers/a056461f-a9e6-44a3-a42e-5277dc21344d 0.610s
2025-04-08 00:58:35.113 69892 INFO tempest.lib.common.rest_client [req-02a53802-ec84-4909-988a-625ea29f1233 req-02a53802-ec84-4909-988a-625ea29f1233 ] Request (MultipleCreateTestJSON:_run_cleanups): 200 GET http://10.180.1.21/compute/v2.1/servers/ea3f6265-95ff-416f-b86d-5646e8bd9bf7 0.492s
2025-04-08 00:58:35.130 69879 INFO tempest.lib.common.rest_client [req-58784cef-77dc-42f3-a652-a4ec92ebe16f req-58784cef-77dc-42f3-a652-a4ec92ebe16f ] Request (FloatingIPsAssociationTestJSON:tearDownClass): 200 GET http://10.180.1.21/compute/v2.1/servers/12b2e24d-c606-4c5b-b56d-58c9cda03536 0.417s
2025-04-08 00:58:35.164 69862 INFO tempest.lib.common.rest_client [req-e0293837-6b38-491c-b930-34a6342bd964 req-e0293837-6b38-491c-b930-34a6342bd964 ] Request (ServerExternalEventsTest:test_create_server_external_events): 200 GET http://10.180.1.21/compute/v2.1/servers/5992d1f4-5bc1-42a7-860b-984593253dd9 0.400s
2025-04-08 00:58:35.183 69910 INFO tempest.lib.common.rest_client [req-844cb6e9-0295-4154-a65f-868963a5de39 req-844cb6e9-0295-4154-a65f-868963a5de39 ] Request (ServersTestJSON:test_create_server_specify_multibyte_character_name): 200 GET http://10.180.1.21/compute/v2.1/servers/656029d7-0bfc-4e9a-a894-8d29066228bb 0.407s
2025-04-08 00:58:35.234 69848 INFO tempest.lib.common.rest_client [req-609a5245-ff9c-41af-a246-6040c747cc86 req-609a5245-ff9c-41af-a246-6040c747cc86 ] Request (ServersNegativeTestJSON:setUpClass): 200 GET http://10.180.1.21/compute/v2.1/servers/8865002f-5666-480a-852d-67f6768642a3 0.326s
2025-04-08 00:58:35.234 69902 INFO tempest.lib.common.rest_client [req-f5c891e2-f31a-4265-a111-02cbf45b736e req-f5c891e2-f31a-4265-a111-02cbf45b736e ] Request (DeleteServersTestJSON:test_delete_active_server): 200 GET http://10.180.1.21/compute/v2.1/servers/d90f2650-201d-41a4-b39d-2b2c28c4b781 0.374s
2025-04-08 00:58:35.254 69870 INFO tempest.lib.common.rest_client [req-dea94965-6b39-4daf-bb02-0593a65c052e req-dea94965-6b39-4daf-bb02-0593a65c052e ] Request (MigrationsAdminTest:test_resize_server_revert_deleted_flavor): 200 POST http://10.180.1.21/compute/v2.1/flavors 0.341s
2025-04-08 00:58:35.314 69860 INFO tempest.lib.common.rest_client [req-c49c9d6d-576b-4ab6-b307-5a98763c3532 req-c49c9d6d-576b-4ab6-b307-5a98763c3532 ] Request (ListImageFiltersTestJSON:setUpClass): 200 GET http://10.180.1.21/compute/v2.1/servers/685aaf9b-7133-48ce-8224-3f855f94d723 0.278s
2025-04-08 00:58:35.315 69874 INFO tempest.lib.common.rest_client [req-85d54a8c-cb6d-428e-9086-f09665398743 req-85d54a8c-cb6d-428e-9086-f09665398743 ] Request (ServerShowV247Test:tearDownClass): 200 GET http://10.180.1.21/compute/v2.1/servers/47c3549e-54ed-40d6-9acc-613d38553ac5 0.339s
2025-04-08 00:58:35.382 69894 INFO tempest.lib.common.rest_client [req-6c07a265-44af-4ee5-babf-148e3b948c00 req-6c07a265-44af-4ee5-babf-148e3b948c00 ] Request (ImagesOneServerNegativeTestJSON:_run_cleanups): 200 GET http://10.180.1.21/compute/v2.1/servers/cc36ef6c-6844-4745-a164-44ddbe158fe9 0.224s
2025-04-08 00:58:35.387 69872 INFO tempest.lib.common.rest_client [req-bbbf1e0a-a44b-4318-b6dc-058f44ffe991 req-bbbf1e0a-a44b-4318-b6dc-058f44ffe991 ] Request (ServersAdminNegativeTestJSON:tearDownClass): 200 GET http://10.180.1.21/compute/v2.1/servers/20be0043-3dc2-45c6-8f27-903a6c3fe7dd 0.286s
2025-04-08 00:58:35.401 69870 INFO tempest.lib.common.rest_client [req-dac4e87a-eb1f-41fd-a150-3bd2172ca686 req-dac4e87a-eb1f-41fd-a150-3bd2172ca686 ] Request (MigrationsAdminTest:test_resize_server_revert_deleted_flavor): 200 GET http://10.180.1.21/compute/v2.1/flavors/42/os-extra_specs 0.144s
2025-04-08 00:58:35.472 69856 INFO tempest.lib.common.rest_client [req-6ab74a8a-9ee1-4678-a4f7-3bec8e432c68 req-6ab74a8a-9ee1-4678-a4f7-3bec8e432c68 ] Request (ServersAdminTestJSON:setUpClass): 200 GET http://10.180.1.21/compute/v2.1/servers/739d97b6-1445-4fcf-ad56-8ffa09061569 0.151s
2025-04-08 00:58:35.544 69868 INFO tempest.lib.common.rest_client [req-4a7a8f63-2f19-4ebb-a894-8f760f568a74 req-4a7a8f63-2f19-4ebb-a894-8f760f568a74 ] Request (AttachVolumeTestJSON:test_attach_detach_volume): 200 GET http://10.180.1.21/compute/v2.1/servers/c7a63209-9705-4caa-b567-ffd30dbe38c2 0.167s
2025-04-08 00:58:35.549 69854 INFO tempest.lib.common.rest_client [req-eab8e928-d07e-42cb-91ad-4519b4ccd67d req-eab8e928-d07e-42cb-91ad-4519b4ccd67d ] Request (ServerTagsTestJSON:tearDownClass): 200 GET http://10.180.1.21/compute/v2.1/servers/bc990ba2-d378-4508-bb7a-99e53157d3cf 0.236s
2025-04-08 00:58:35.598 69870 INFO tempest.lib.common.rest_client [req-b18de02f-43dd-4fdf-a0ee-25dad2556016 req-b18de02f-43dd-4fdf-a0ee-25dad2556016 ] Request (MigrationsAdminTest:test_resize_server_revert_deleted_flavor): 200 POST http://10.180.1.21/compute/v2.1/flavors/1c91074f-fcfd-4650-8a2b-44a865762b0b/os-extra_specs 0.196s
2025-04-08 00:58:35.634 69880 INFO tempest.lib.common.rest_client [req-50668660-4dd6-4ea2-a83e-9811fe0d0a25 req-50668660-4dd6-4ea2-a83e-9811fe0d0a25 ] Request (ServersTestMultiNic:test_verify_duplicate_network_nics): 200 GET http://10.180.1.21/compute/v2.1/servers/e3a8beb1-fde1-487c-9001-573a322acf9f 0.235s
2025-04-08 00:58:35.664 69864 INFO tempest.lib.common.rest_client [req-0e42e090-3d85-4d55-bd9d-6edd43990147 req-0e42e090-3d85-4d55-bd9d-6edd43990147 ] Request (AttachInterfacesTestJSON:test_create_list_show_delete_interfaces_by_fixed_ip): 200 GET http://10.180.1.21/compute/v2.1/servers/6b391d42-08bf-4dd2-9bbf-4eab08b42a89 0.232s
2025-04-08 00:58:35.678 69870 INFO tempest.lib.common.rest_client [req-f1c6f9d4-0d65-4136-bb2f-43f4b1b783dd req-f1c6f9d4-0d65-4136-bb2f-43f4b1b783dd ] Request (MigrationsAdminTest:test_resize_server_revert_deleted_flavor): 201 POST http://10.180.1.21/identity/v3/auth/tokens 0.076s
2025-04-08 00:58:35.678 69870 INFO tempest.lib.common.fixed_network [-] (MigrationsAdminTest:test_resize_server_revert_deleted_flavor) Found network None available for tenant
2025-04-08 00:58:35.699 69852 INFO tempest.lib.common.rest_client [req-e49664cd-983f-4ba2-a95c-9f2f72483ca2 req-e49664cd-983f-4ba2-a95c-9f2f72483ca2 ] Request (TenantUsagesTestJSON:setUpClass): 200 GET http://10.180.1.21/compute/v2.1/servers/23d496ce-cce1-47ee-b8f9-ef08d1f81d5d 0.204s
2025-04-08 00:58:35.855 69850 INFO tempest.lib.common.rest_client [req-2336f93b-43ba-41ff-9195-b6f5c7b73c9a req-2336f93b-43ba-41ff-9195-b6f5c7b73c9a ] Request (DeleteServersAdminTestJSON:test_delete_server_while_in_error_state): 200 GET http://10.180.1.21/compute/v2.1/servers/996a56d7-78ba-4cb9-a88c-79141b26f472 0.070s
2025-04-08 00:58:35.914 69906 INFO tempest.lib.common.rest_client [req-cc461469-da55-49c7-9eea-b90aaa48f5a6 req-cc461469-da55-49c7-9eea-b90aaa48f5a6 ] Request (FloatingIPsAssociationNegativeTestJSON:tearDownClass): 200 GET http://10.180.1.21/compute/v2.1/servers/b4a6ccb1-d746-44f1-8dab-0b7ae7f358b6 0.122s
2025-04-08 00:58:35.942 69870 INFO tempest.lib.common.rest_client [req-7a2729d7-372a-414b-8ba1-bb1d8347f76a req-7a2729d7-372a-414b-8ba1-bb1d8347f76a ] Request (MigrationsAdminTest:test_resize_server_revert_deleted_flavor): 202 POST http://10.180.1.21/compute/v2.1/servers 0.263s
2025-04-08 00:58:35.973 69886 INFO tempest.lib.common.rest_client [req-2b950e96-a7bd-48fe-941b-043243ea8753 req-2b950e96-a7bd-48fe-941b-043243ea8753 ] Request (SecurityGroupsTestJSON:test_server_security_groups): 200 GET http://10.180.1.21/compute/v2.1/servers/9bd9e5f3-036b-44a2-8863-470653a383d1 0.133s
2025-04-08 00:58:35.993 69896 INFO tempest.lib.common.rest_client [req-94c74bcc-4962-4a8d-bc86-032625d13a59 req-94c74bcc-4962-4a8d-bc86-032625d13a59 ] Request (ServerActionsTestOtherB:setUpClass): 200 GET http://10.180.1.21/compute/v2.1/servers/d2cf6d47-2eb2-43e9-baad-73442f983351 0.149s
2025-04-08 00:58:36.019 69908 INFO tempest.lib.common.rest_client [req-27517e54-6f4a-484f-8c59-f85653ebac4a req-27517e54-6f4a-484f-8c59-f85653ebac4a ] Request (ServerActionsTestOtherA:setUpClass): 200 GET http://10.180.1.21/compute/v2.1/servers/5e520785-7734-4ad6-a1d9-d84eaab73f9d 0.117s
2025-04-08 00:58:36.031 69870 INFO tempest.lib.common.rest_client [req-d54d5d84-1136-4532-9b8f-484b767dc5f2 req-d54d5d84-1136-4532-9b8f-484b767dc5f2 ] Request (MigrationsAdminTest:test_resize_server_revert_deleted_flavor): 200 GET http://10.180.1.21/compute/v2.1/servers/47918cb8-1e59-4dfd-b161-1c7f6848bdbf 0.087s
2025-04-08 00:58:36.158 69898 INFO tempest.lib.common.rest_client [req-76e001a9-6968-475e-bced-72a70c61a101 req-76e001a9-6968-475e-bced-72a70c61a101 ] Request (ImagesTestJSON:test_create_image_from_suspended_server): 200 GET http://10.180.1.21/compute/v2.1/servers/bed307b3-51de-4ef1-bb50-49b4824ae0de 0.153s
2025-04-08 00:58:36.170 69876 WARNING tempest.lib.common.ssh [-] Failed to establish authenticated ssh connection to cirros@10.180.180.237 ([Errno None] Unable to connect to port 22 on 10.180.180.237). Number attempts: 9. Retry after 10 seconds.: paramiko.ssh_exception.NoValidConnectionsError: [Errno None] Unable to connect to port 22 on 10.180.180.237
2025-04-08 00:58:36.207 69901 INFO tempest.lib.common.rest_client [req-ffc03481-c395-43e8-9010-be565bac88be req-ffc03481-c395-43e8-9010-be565bac88be ] Request (ServersTestJSON:setUpClass): 200 GET http://10.180.1.21/compute/v2.1/servers/7ea69d07-17ad-4ec6-bbe3-ff7f2e51794e 0.148s
2025-04-08 00:58:36.219 69901 INFO tempest.common.waiters [-] State transition "BUILD/networking" ==> "BUILD/block_device_mapping" after 55 second wait
2025-04-08 00:58:36.261 69866 INFO tempest.lib.common.rest_client [req-afbb6562-5122-4f99-a4f0-e03b9beb730c req-afbb6562-5122-4f99-a4f0-e03b9beb730c ] Request (AttachInterfacesV270Test:test_create_get_list_interfaces): 200 GET http://10.180.1.21/compute/v2.1/servers/a056461f-a9e6-44a3-a42e-5277dc21344d 0.177s
2025-04-08 00:58:36.273 69892 INFO tempest.lib.common.rest_client [req-d37e70f0-a055-4dd3-b97f-a05434962b63 req-d37e70f0-a055-4dd3-b97f-a05434962b63 ] Request (MultipleCreateTestJSON:_run_cleanups): 200 GET http://10.180.1.21/compute/v2.1/servers/ea3f6265-95ff-416f-b86d-5646e8bd9bf7 0.153s
2025-04-08 00:58:36.323 69862 INFO tempest.lib.common.rest_client [req-0205f920-c7f3-4897-bc77-df844140244f req-0205f920-c7f3-4897-bc77-df844140244f ] Request (ServerExternalEventsTest:test_create_server_external_events): 200 GET http://10.180.1.21/compute/v2.1/servers/5992d1f4-5bc1-42a7-860b-984593253dd9 0.151s
2025-04-08 00:58:36.330 69879 INFO tempest.lib.common.rest_client [req-789817d7-71a7-4f88-9126-aafd7d766d6e req-789817d7-71a7-4f88-9126-aafd7d766d6e ] Request (FloatingIPsAssociationTestJSON:tearDownClass): 200 GET http://10.180.1.21/compute/v2.1/servers/12b2e24d-c606-4c5b-b56d-58c9cda03536 0.191s
2025-04-08 00:58:36.375 69910 INFO tempest.lib.common.rest_client [req-6da25034-cca0-455a-bb77-6d63177a0e63 req-6da25034-cca0-455a-bb77-6d63177a0e63 ] Request (ServersTestJSON:test_create_server_specify_multibyte_character_name): 200 GET http://10.180.1.21/compute/v2.1/servers/656029d7-0bfc-4e9a-a894-8d29066228bb 0.184s
2025-04-08 00:58:36.385 69902 INFO tempest.lib.common.rest_client [req-583d89d8-8cc6-4c51-8e93-9b8cf32de889 req-583d89d8-8cc6-4c51-8e93-9b8cf32de889 ] Request (DeleteServersTestJSON:test_delete_active_server): 200 GET http://10.180.1.21/compute/v2.1/servers/d90f2650-201d-41a4-b39d-2b2c28c4b781 0.143s
2025-04-08 00:58:36.420 69848 INFO tempest.lib.common.rest_client [req-d54d11c2-fb3a-4f1c-aacb-9bb61699eabe req-d54d11c2-fb3a-4f1c-aacb-9bb61699eabe ] Request (ServersNegativeTestJSON:setUpClass): 200 GET http://10.180.1.21/compute/v2.1/servers/8865002f-5666-480a-852d-67f6768642a3 0.177s
2025-04-08 00:58:36.431 69860 INFO tempest.lib.common.rest_client [req-adb906db-0aee-41d9-84f5-7d1f4fdf6377 req-adb906db-0aee-41d9-84f5-7d1f4fdf6377 ] Request (ListImageFiltersTestJSON:setUpClass): 200 GET http://10.180.1.21/compute/v2.1/servers/685aaf9b-7133-48ce-8224-3f855f94d723 0.105s
2025-04-08 00:58:36.480 69894 INFO tempest.lib.common.rest_client [req-f0446154-9e57-4982-b008-becca2d7ab9f req-f0446154-9e57-4982-b008-becca2d7ab9f ] Request (ImagesOneServerNegativeTestJSON:_run_cleanups): 200 GET http://10.180.1.21/compute/v2.1/servers/cc36ef6c-6844-4745-a164-44ddbe158fe9 0.088s
2025-04-08 00:58:36.493 69874 INFO tempest.lib.common.rest_client [req-985bca6c-6dad-4aca-b9b8-c29f3745efb8 req-985bca6c-6dad-4aca-b9b8-c29f3745efb8 ] Request (ServerShowV247Test:tearDownClass): 200 GET http://10.180.1.21/compute/v2.1/servers/47c3549e-54ed-40d6-9acc-613d38553ac5 0.166s
2025-04-08 00:58:36.555 69872 INFO tempest.lib.common.rest_client [req-429c1da5-d994-4fde-87ca-bd95132f51c0 req-429c1da5-d994-4fde-87ca-bd95132f51c0 ] Request (ServersAdminNegativeTestJSON:tearDownClass): 200 GET http://10.180.1.21/compute/v2.1/servers/20be0043-3dc2-45c6-8f27-903a6c3fe7dd 0.155s
2025-04-08 00:58:36.558 69856 INFO tempest.lib.common.rest_client [req-f1a078f2-dc23-4fa7-bb19-83f07eb45d23 req-f1a078f2-dc23-4fa7-bb19-83f07eb45d23 ] Request (ServersAdminTestJSON:setUpClass): 200 GET http://10.180.1.21/compute/v2.1/servers/739d97b6-1445-4fcf-ad56-8ffa09061569 0.078s
2025-04-08 00:58:36.615 69868 INFO tempest.lib.common.rest_client [req-c0a00ba5-5209-4d8c-974c-9341e3564a77 req-c0a00ba5-5209-4d8c-974c-9341e3564a77 ] Request (AttachVolumeTestJSON:test_attach_detach_volume): 200 GET http://10.180.1.21/compute/v2.1/servers/c7a63209-9705-4caa-b567-ffd30dbe38c2 0.063s
2025-04-08 00:58:36.617 69854 INFO tempest.lib.common.rest_client [req-991332c9-3ad0-4792-90d9-55962ab46fc8 req-991332c9-3ad0-4792-90d9-55962ab46fc8 ] Request (ServerTagsTestJSON:tearDownClass): 200 GET http://10.180.1.21/compute/v2.1/servers/bc990ba2-d378-4508-bb7a-99e53157d3cf 0.057s
2025-04-08 00:58:36.690 69880 INFO tempest.lib.common.rest_client [req-e77036fa-efb3-40f3-8595-9856bd213aa3 req-e77036fa-efb3-40f3-8595-9856bd213aa3 ] Request (ServersTestMultiNic:test_verify_duplicate_network_nics): 200 GET http://10.180.1.21/compute/v2.1/servers/e3a8beb1-fde1-487c-9001-573a322acf9f 0.048s
2025-04-08 00:58:36.719 69864 INFO tempest.lib.common.rest_client [req-690637e5-4848-41d4-b66b-20f396f03448 req-690637e5-4848-41d4-b66b-20f396f03448 ] Request (AttachInterfacesTestJSON:test_create_list_show_delete_interfaces_by_fixed_ip): 200 GET http://10.180.1.21/compute/v2.1/servers/6b391d42-08bf-4dd2-9bbf-4eab08b42a89 0.048s
2025-04-08 00:58:36.753 69852 INFO tempest.lib.common.rest_client [req-99b6a969-c04f-444a-ad89-4ec140c2d09f req-99b6a969-c04f-444a-ad89-4ec140c2d09f ] Request (TenantUsagesTestJSON:setUpClass): 200 GET http://10.180.1.21/compute/v2.1/servers/23d496ce-cce1-47ee-b8f9-ef08d1f81d5d 0.046s
2025-04-08 00:58:37.116 69850 INFO tempest.lib.common.rest_client [req-09002f91-7b1b-49eb-a585-e950fb8ff103 req-09002f91-7b1b-49eb-a585-e950fb8ff103 ] Request (DeleteServersAdminTestJSON:test_delete_server_while_in_error_state): 200 GET http://10.180.1.21/compute/v2.1/servers/996a56d7-78ba-4cb9-a88c-79141b26f472 0.253s
2025-04-08 00:58:37.124 69850 INFO tempest.common.waiters [-] State transition "ERROR/deleting" ==> "DELETED/None" after 4 second wait
2025-04-08 00:58:37.129 69906 INFO tempest.lib.common.rest_client [req-dea3bb47-912e-415f-a2e7-6965ba56a2d0 req-dea3bb47-912e-415f-a2e7-6965ba56a2d0 ] Request (FloatingIPsAssociationNegativeTestJSON:tearDownClass): 200 GET http://10.180.1.21/compute/v2.1/servers/b4a6ccb1-d746-44f1-8dab-0b7ae7f358b6 0.207s
2025-04-08 00:58:37.166 69886 INFO tempest.lib.common.rest_client [req-5204d284-b5b6-45ab-acb8-0b0ad0291ccf req-5204d284-b5b6-45ab-acb8-0b0ad0291ccf ] Request (SecurityGroupsTestJSON:test_server_security_groups): 200 GET http://10.180.1.21/compute/v2.1/servers/9bd9e5f3-036b-44a2-8863-470653a383d1 0.183s
2025-04-08 00:58:37.177 69896 INFO tempest.lib.common.rest_client [req-27b7687d-b23d-49f4-a91f-09b8f4fdc5b2 req-27b7687d-b23d-49f4-a91f-09b8f4fdc5b2 ] Request (ServerActionsTestOtherB:setUpClass): 200 GET http://10.180.1.21/compute/v2.1/servers/d2cf6d47-2eb2-43e9-baad-73442f983351 0.175s
2025-04-08 00:58:37.215 69908 INFO tempest.lib.common.rest_client [req-b272314e-36a2-44ee-9ebf-161bae5a6291 req-b272314e-36a2-44ee-9ebf-161bae5a6291 ] Request (ServerActionsTestOtherA:setUpClass): 200 GET http://10.180.1.21/compute/v2.1/servers/5e520785-7734-4ad6-a1d9-d84eaab73f9d 0.187s
2025-04-08 00:58:37.224 69870 INFO tempest.lib.common.rest_client [req-4ac42716-bb3a-4c7a-95bf-87ee91ce2c07 req-4ac42716-bb3a-4c7a-95bf-87ee91ce2c07 ] Request (MigrationsAdminTest:test_resize_server_revert_deleted_flavor): 200 GET http://10.180.1.21/compute/v2.1/servers/47918cb8-1e59-4dfd-b161-1c7f6848bdbf 0.185s
2025-04-08 00:58:37.336 69898 INFO tempest.lib.common.rest_client [req-cf986bf7-2133-4c2d-958a-c9ea5b5bfc8c req-cf986bf7-2133-4c2d-958a-c9ea5b5bfc8c ] Request (ImagesTestJSON:test_create_image_from_suspended_server): 200 GET http://10.180.1.21/compute/v2.1/servers/bed307b3-51de-4ef1-bb50-49b4824ae0de 0.169s
2025-04-08 00:58:37.344 69901 INFO tempest.lib.common.rest_client [req-a1814ad7-83f4-4794-a386-a04a74c033c6 req-a1814ad7-83f4-4794-a386-a04a74c033c6 ] Request (ServersTestJSON:setUpClass): 200 GET http://10.180.1.21/compute/v2.1/servers/7ea69d07-17ad-4ec6-bbe3-ff7f2e51794e 0.124s
2025-04-08 00:58:37.350 69901 INFO tempest.common.waiters [-] State transition "BUILD/block_device_mapping" ==> "BUILD/spawning" after 56 second wait
2025-04-08 00:58:37.361 69892 INFO tempest.lib.common.rest_client [req-16935bea-7a00-4761-bd0b-66c41ea95b15 req-16935bea-7a00-4761-bd0b-66c41ea95b15 ] Request (MultipleCreateTestJSON:_run_cleanups): 404 GET http://10.180.1.21/compute/v2.1/servers/ea3f6265-95ff-416f-b86d-5646e8bd9bf7 0.076s
2025-04-08 00:58:37.411 69862 INFO tempest.lib.common.rest_client [req-6b850fd5-f350-48b4-a6af-a8f9a11a9426 req-6b850fd5-f350-48b4-a6af-a8f9a11a9426 ] Request (ServerExternalEventsTest:test_create_server_external_events): 200 GET http://10.180.1.21/compute/v2.1/servers/5992d1f4-5bc1-42a7-860b-984593253dd9 0.078s
2025-04-08 00:58:37.434 69866 INFO tempest.lib.common.rest_client [req-3aac4e6f-e63d-461b-8b28-54be5dcf1b51 req-3aac4e6f-e63d-461b-8b28-54be5dcf1b51 ] Request (AttachInterfacesV270Test:test_create_get_list_interfaces): 200 GET http://10.180.1.21/compute/v2.1/servers/a056461f-a9e6-44a3-a42e-5277dc21344d 0.162s
2025-04-08 00:58:37.456 69879 INFO tempest.lib.common.rest_client [req-0b9eab30-7fa5-418b-9897-ff4b9f0aec62 req-0b9eab30-7fa5-418b-9897-ff4b9f0aec62 ] Request (FloatingIPsAssociationTestJSON:tearDownClass): 200 GET http://10.180.1.21/compute/v2.1/servers/12b2e24d-c606-4c5b-b56d-58c9cda03536 0.119s
2025-04-08 00:58:37.490 69892 INFO tempest.lib.common.rest_client [req-9ecacc61-eec0-42d2-b323-c5e5e247222f req-9ecacc61-eec0-42d2-b323-c5e5e247222f ] Request (MultipleCreateTestJSON:_run_cleanups): 200 GET http://10.180.1.21/compute/v2.1/servers/2d5785a7-7e94-47ae-9dd9-6f596fc38843 0.129s
2025-04-08 00:58:37.497 69910 INFO tempest.lib.common.rest_client [req-b0f41d5f-f6e4-434f-903b-8f1bbca395f8 req-b0f41d5f-f6e4-434f-903b-8f1bbca395f8 ] Request (ServersTestJSON:test_create_server_specify_multibyte_character_name): 200 GET http://10.180.1.21/compute/v2.1/servers/656029d7-0bfc-4e9a-a894-8d29066228bb 0.115s
2025-04-08 00:58:37.554 69902 INFO tempest.lib.common.rest_client [req-2ce1e659-b751-4016-a26a-2b9394dd9be0 req-2ce1e659-b751-4016-a26a-2b9394dd9be0 ] Request (DeleteServersTestJSON:test_delete_active_server): 200 GET http://10.180.1.21/compute/v2.1/servers/d90f2650-201d-41a4-b39d-2b2c28c4b781 0.162s
2025-04-08 00:58:37.562 69848 INFO tempest.lib.common.rest_client [req-75e47f5c-8c47-4952-bebc-0fe7ff287126 req-75e47f5c-8c47-4952-bebc-0fe7ff287126 ] Request (ServersNegativeTestJSON:setUpClass): 200 GET http://10.180.1.21/compute/v2.1/servers/8865002f-5666-480a-852d-67f6768642a3 0.133s
2025-04-08 00:58:37.608 69860 INFO tempest.lib.common.rest_client [req-0ea32ae7-9e7b-40b4-90c4-634ce17d76ac req-0ea32ae7-9e7b-40b4-90c4-634ce17d76ac ] Request (ListImageFiltersTestJSON:setUpClass): 200 GET http://10.180.1.21/compute/v2.1/servers/685aaf9b-7133-48ce-8224-3f855f94d723 0.169s
2025-04-08 00:58:37.619 69894 INFO tempest.lib.common.rest_client [req-baa42afd-bf2f-4814-800d-485934823a1c req-baa42afd-bf2f-4814-800d-485934823a1c ] Request (ImagesOneServerNegativeTestJSON:_run_cleanups): 200 GET http://10.180.1.21/compute/v2.1/servers/cc36ef6c-6844-4745-a164-44ddbe158fe9 0.126s
2025-04-08 00:58:37.670 69874 INFO tempest.lib.common.rest_client [req-9d62c5fd-d690-415c-b47d-28f87077eaf8 req-9d62c5fd-d690-415c-b47d-28f87077eaf8 ] Request (ServerShowV247Test:tearDownClass): 200 GET http://10.180.1.21/compute/v2.1/servers/47c3549e-54ed-40d6-9acc-613d38553ac5 0.167s
2025-04-08 00:58:37.673 69872 INFO tempest.lib.common.rest_client [req-358f2c67-2eb6-461a-b566-ac0880e5efc8 req-358f2c67-2eb6-461a-b566-ac0880e5efc8 ] Request (ServersAdminNegativeTestJSON:tearDownClass): 200 GET http://10.180.1.21/compute/v2.1/servers/20be0043-3dc2-45c6-8f27-903a6c3fe7dd 0.110s
2025-04-08 00:58:37.723 69868 INFO tempest.lib.common.rest_client [req-d0c2ae50-1c11-4ba6-9e76-b9f3ddc5ffa3 req-d0c2ae50-1c11-4ba6-9e76-b9f3ddc5ffa3 ] Request (AttachVolumeTestJSON:test_attach_detach_volume): 200 GET http://10.180.1.21/compute/v2.1/servers/c7a63209-9705-4caa-b567-ffd30dbe38c2 0.100s
2025-04-08 00:58:37.729 69856 INFO tempest.lib.common.rest_client [req-5229295d-aeb7-4027-a5f8-8764eeabe13e req-5229295d-aeb7-4027-a5f8-8764eeabe13e ] Request (ServersAdminTestJSON:setUpClass): 200 GET http://10.180.1.21/compute/v2.1/servers/739d97b6-1445-4fcf-ad56-8ffa09061569 0.163s
2025-04-08 00:58:37.782 69854 INFO tempest.lib.common.rest_client [req-947fe2f1-ecac-4278-b455-102b03c29fc6 req-947fe2f1-ecac-4278-b455-102b03c29fc6 ] Request (ServerTagsTestJSON:tearDownClass): 200 GET http://10.180.1.21/compute/v2.1/servers/bc990ba2-d378-4508-bb7a-99e53157d3cf 0.157s
2025-04-08 00:58:37.787 69880 INFO tempest.lib.common.rest_client [req-3bff14b8-4136-499c-9953-b4dd9078a13b req-3bff14b8-4136-499c-9953-b4dd9078a13b ] Request (ServersTestMultiNic:test_verify_duplicate_network_nics): 200 GET http://10.180.1.21/compute/v2.1/servers/e3a8beb1-fde1-487c-9001-573a322acf9f 0.089s
2025-04-08 00:58:37.793 69854 INFO tempest.common.waiters [-] State transition "ACTIVE/deleting" ==> "DELETED/None" after 3 second wait
2025-04-08 00:58:37.833 69864 INFO tempest.lib.common.rest_client [req-a876fff3-4cdf-44b6-afe6-cf7fdbb4323d req-a876fff3-4cdf-44b6-afe6-cf7fdbb4323d ] Request (AttachInterfacesTestJSON:test_create_list_show_delete_interfaces_by_fixed_ip): 200 GET http://10.180.1.21/compute/v2.1/servers/6b391d42-08bf-4dd2-9bbf-4eab08b42a89 0.107s
2025-04-08 00:58:37.847 69852 INFO tempest.lib.common.rest_client [req-127c44bd-b894-461c-aca3-ee9a73e0b5a5 req-127c44bd-b894-461c-aca3-ee9a73e0b5a5 ] Request (TenantUsagesTestJSON:setUpClass): 200 GET http://10.180.1.21/compute/v2.1/servers/23d496ce-cce1-47ee-b8f9-ef08d1f81d5d 0.086s
2025-04-08 00:58:38.185 69850 INFO tempest.lib.common.rest_client [req-aca23c9c-41f1-414b-931c-017c91056395 req-aca23c9c-41f1-414b-931c-017c91056395 ] Request (DeleteServersAdminTestJSON:test_delete_server_while_in_error_state): 200 GET http://10.180.1.21/compute/v2.1/servers/996a56d7-78ba-4cb9-a88c-79141b26f472 0.060s
2025-04-08 00:58:38.197 69906 INFO tempest.lib.common.rest_client [req-7289c3a2-48bb-450e-bb0f-78ff553c5fc2 req-7289c3a2-48bb-450e-bb0f-78ff553c5fc2 ] Request (FloatingIPsAssociationNegativeTestJSON:tearDownClass): 200 GET http://10.180.1.21/compute/v2.1/servers/b4a6ccb1-d746-44f1-8dab-0b7ae7f358b6 0.058s
2025-04-08 00:58:38.235 69886 INFO tempest.lib.common.rest_client [req-022e7e00-e777-4cca-8218-28b394cdcdf3 req-022e7e00-e777-4cca-8218-28b394cdcdf3 ] Request (SecurityGroupsTestJSON:test_server_security_groups): 200 GET http://10.180.1.21/compute/v2.1/servers/9bd9e5f3-036b-44a2-8863-470653a383d1 0.061s
2025-04-08 00:58:38.242 69896 INFO tempest.lib.common.rest_client [req-1b2ea3c5-430a-40fe-831b-be6d8543ec23 req-1b2ea3c5-430a-40fe-831b-be6d8543ec23 ] Request (ServerActionsTestOtherB:setUpClass): 200 GET http://10.180.1.21/compute/v2.1/servers/d2cf6d47-2eb2-43e9-baad-73442f983351 0.057s
2025-04-08 00:58:38.289 69908 INFO tempest.lib.common.rest_client [req-dce3dd22-e88c-401a-a084-78f2d627eff4 req-dce3dd22-e88c-401a-a084-78f2d627eff4 ] Request (ServerActionsTestOtherA:setUpClass): 200 GET http://10.180.1.21/compute/v2.1/servers/5e520785-7734-4ad6-a1d9-d84eaab73f9d 0.064s
2025-04-08 00:58:38.291 69870 INFO tempest.lib.common.rest_client [req-fb7791a3-be41-4771-8696-e7859f8d146c req-fb7791a3-be41-4771-8696-e7859f8d146c ] Request (MigrationsAdminTest:test_resize_server_revert_deleted_flavor): 200 GET http://10.180.1.21/compute/v2.1/servers/47918cb8-1e59-4dfd-b161-1c7f6848bdbf 0.059s
2025-04-08 00:58:38.463 69898 INFO tempest.lib.common.rest_client [req-1575fe84-11cf-4192-9627-b5e5b481d6a4 req-1575fe84-11cf-4192-9627-b5e5b481d6a4 ] Request (ImagesTestJSON:test_create_image_from_suspended_server): 200 GET http://10.180.1.21/compute/v2.1/servers/bed307b3-51de-4ef1-bb50-49b4824ae0de 0.117s
2025-04-08 00:58:38.465 69901 INFO tempest.lib.common.rest_client [req-d619fc63-12c7-4ab4-93cb-10b701a9419c req-d619fc63-12c7-4ab4-93cb-10b701a9419c ] Request (ServersTestJSON:setUpClass): 200 GET http://10.180.1.21/compute/v2.1/servers/7ea69d07-17ad-4ec6-bbe3-ff7f2e51794e 0.113s
2025-04-08 00:58:38.470 69898 INFO tempest.common.waiters [-] State transition "BUILD/spawning" ==> "ACTIVE/None" after 60 second wait
2025-04-08 00:58:38.515 69862 INFO tempest.lib.common.rest_client [req-a703dec2-fc94-4747-aecb-e74590e5b3f6 req-a703dec2-fc94-4747-aecb-e74590e5b3f6 ] Request (ServerExternalEventsTest:test_create_server_external_events): 200 GET http://10.180.1.21/compute/v2.1/servers/5992d1f4-5bc1-42a7-860b-984593253dd9 0.096s
2025-04-08 00:58:38.556 69866 INFO tempest.lib.common.rest_client [req-329f47d8-7a4a-4ad5-8353-0a990dadf669 req-329f47d8-7a4a-4ad5-8353-0a990dadf669 ] Request (AttachInterfacesV270Test:test_create_get_list_interfaces): 200 GET http://10.180.1.21/compute/v2.1/servers/a056461f-a9e6-44a3-a42e-5277dc21344d 0.111s
2025-04-08 00:58:38.566 69866 INFO tempest.common.waiters [-] State transition "BUILD/spawning" ==> "ACTIVE/None" after 70 second wait
2025-04-08 00:58:38.568 69879 INFO tempest.lib.common.rest_client [req-feafa7df-4dc9-490e-b20f-83c04af9be3d req-feafa7df-4dc9-490e-b20f-83c04af9be3d ] Request (FloatingIPsAssociationTestJSON:tearDownClass): 200 GET http://10.180.1.21/compute/v2.1/servers/12b2e24d-c606-4c5b-b56d-58c9cda03536 0.104s
2025-04-08 00:58:38.618 69892 INFO tempest.lib.common.rest_client [req-65661672-7495-4f56-92d2-34018210a6ae req-65661672-7495-4f56-92d2-34018210a6ae ] Request (MultipleCreateTestJSON:_run_cleanups): 200 GET http://10.180.1.21/compute/v2.1/servers/2d5785a7-7e94-47ae-9dd9-6f596fc38843 0.117s
2025-04-08 00:58:38.623 69898 INFO tempest.lib.common.rest_client [req-e8e0ad2d-cd24-4d7b-bacd-bd424f069148 req-e8e0ad2d-cd24-4d7b-bacd-bd424f069148 ] Request (ImagesTestJSON:test_create_image_from_suspended_server): 202 POST http://10.180.1.21/compute/v2.1/servers/bed307b3-51de-4ef1-bb50-49b4824ae0de/action 0.153s
2025-04-08 00:58:38.665 69910 INFO tempest.lib.common.rest_client [req-a6777e90-6f6e-4217-aad7-d50865443ed7 req-a6777e90-6f6e-4217-aad7-d50865443ed7 ] Request (ServersTestJSON:test_create_server_specify_multibyte_character_name): 200 GET http://10.180.1.21/compute/v2.1/servers/656029d7-0bfc-4e9a-a894-8d29066228bb 0.159s
2025-04-08 00:58:38.675 69902 INFO tempest.lib.common.rest_client [req-f34f9301-a2c4-44c7-bb1a-572fe129574a req-f34f9301-a2c4-44c7-bb1a-572fe129574a ] Request (DeleteServersTestJSON:test_delete_active_server): 200 GET http://10.180.1.21/compute/v2.1/servers/d90f2650-201d-41a4-b39d-2b2c28c4b781 0.112s
2025-04-08 00:58:38.720 69848 INFO tempest.lib.common.rest_client [req-323703d9-d0b1-4189-a34b-5b939d81dbb7 req-323703d9-d0b1-4189-a34b-5b939d81dbb7 ] Request (ServersNegativeTestJSON:setUpClass): 200 GET http://10.180.1.21/compute/v2.1/servers/8865002f-5666-480a-852d-67f6768642a3 0.149s
2025-04-08 00:58:38.761 69860 INFO tempest.lib.common.rest_client [req-ddb1fb57-d98d-48f1-95cd-4aca94aa4427 req-ddb1fb57-d98d-48f1-95cd-4aca94aa4427 ] Request (ListImageFiltersTestJSON:setUpClass): 200 GET http://10.180.1.21/compute/v2.1/servers/685aaf9b-7133-48ce-8224-3f855f94d723 0.146s
2025-04-08 00:58:38.838 69898 INFO tempest.lib.common.rest_client [req-9b1c34a6-7a77-467b-b9ba-c602e683fcfc req-9b1c34a6-7a77-467b-b9ba-c602e683fcfc ] Request (ImagesTestJSON:test_create_image_from_suspended_server): 200 GET http://10.180.1.21/compute/v2.1/servers/bed307b3-51de-4ef1-bb50-49b4824ae0de 0.214s
2025-04-08 00:58:38.880 69894 INFO tempest.lib.common.rest_client [req-e586b966-e4d8-4e4c-85e9-f34f2e919740 req-e586b966-e4d8-4e4c-85e9-f34f2e919740 ] Request (ImagesOneServerNegativeTestJSON:_run_cleanups): 200 GET http://10.180.1.21/compute/v2.1/servers/cc36ef6c-6844-4745-a164-44ddbe158fe9 0.254s
2025-04-08 00:58:38.881 69884 WARNING tempest.lib.common.ssh [-] Failed to establish authenticated ssh connection to cirros@10.180.180.245 ([Errno None] Unable to connect to port 22 on 10.180.180.245). Number attempts: 7. Retry after 8 seconds.: paramiko.ssh_exception.NoValidConnectionsError: [Errno None] Unable to connect to port 22 on 10.180.180.245
2025-04-08 00:58:38.930 69872 INFO tempest.lib.common.rest_client [req-01e8b556-6be2-4964-b408-a229dbbb3da1 req-01e8b556-6be2-4964-b408-a229dbbb3da1 ] Request (ServersAdminNegativeTestJSON:tearDownClass): 200 GET http://10.180.1.21/compute/v2.1/servers/20be0043-3dc2-45c6-8f27-903a6c3fe7dd 0.249s
2025-04-08 00:58:38.982 69874 INFO tempest.lib.common.rest_client [req-e75bdaf4-63d5-46b8-9da0-20f3229593ec req-e75bdaf4-63d5-46b8-9da0-20f3229593ec ] Request (ServerShowV247Test:tearDownClass): 200 GET http://10.180.1.21/compute/v2.1/servers/47c3549e-54ed-40d6-9acc-613d38553ac5 0.298s
2025-04-08 00:58:39.021 69868 INFO tempest.lib.common.rest_client [req-85695f40-63bf-4c66-9a50-81bc1f6e31b3 req-85695f40-63bf-4c66-9a50-81bc1f6e31b3 ] Request (AttachVolumeTestJSON:test_attach_detach_volume): 200 GET http://10.180.1.21/compute/v2.1/servers/c7a63209-9705-4caa-b567-ffd30dbe38c2 0.290s
2025-04-08 00:58:39.060 69856 INFO tempest.lib.common.rest_client [req-60627d52-6d24-4d20-bde1-fe77e0c79dbb req-60627d52-6d24-4d20-bde1-fe77e0c79dbb ] Request (ServersAdminTestJSON:setUpClass): 200 GET http://10.180.1.21/compute/v2.1/servers/739d97b6-1445-4fcf-ad56-8ffa09061569 0.323s
2025-04-08 00:58:39.112 69854 INFO tempest.lib.common.rest_client [req-67cd3862-f123-405c-833b-2c736f750eae req-67cd3862-f123-405c-833b-2c736f750eae ] Request (ServerTagsTestJSON:tearDownClass): 200 GET http://10.180.1.21/compute/v2.1/servers/bc990ba2-d378-4508-bb7a-99e53157d3cf 0.318s
2025-04-08 00:58:39.168 69880 INFO tempest.lib.common.rest_client [req-a58b0336-12dd-4593-9012-6bc8c69700ad req-a58b0336-12dd-4593-9012-6bc8c69700ad ] Request (ServersTestMultiNic:test_verify_duplicate_network_nics): 200 GET http://10.180.1.21/compute/v2.1/servers/e3a8beb1-fde1-487c-9001-573a322acf9f 0.371s
2025-04-08 00:58:39.214 69864 INFO tempest.lib.common.rest_client [req-be84b314-ce24-4eb9-af7c-78bc79744e14 req-be84b314-ce24-4eb9-af7c-78bc79744e14 ] Request (AttachInterfacesTestJSON:test_create_list_show_delete_interfaces_by_fixed_ip): 200 GET http://10.180.1.21/compute/v2.1/servers/6b391d42-08bf-4dd2-9bbf-4eab08b42a89 0.372s
2025-04-08 00:58:39.259 69852 INFO tempest.lib.common.rest_client [req-9288e6d9-a3f3-4a5e-80da-88dc3d9edf33 req-9288e6d9-a3f3-4a5e-80da-88dc3d9edf33 ] Request (TenantUsagesTestJSON:setUpClass): 200 GET http://10.180.1.21/compute/v2.1/servers/23d496ce-cce1-47ee-b8f9-ef08d1f81d5d 0.405s
2025-04-08 00:58:39.311 69850 INFO tempest.lib.common.rest_client [req-26120d6a-9601-4f2d-8706-646cfdb07f19 req-26120d6a-9601-4f2d-8706-646cfdb07f19 ] Request (DeleteServersAdminTestJSON:test_delete_server_while_in_error_state): 200 GET http://10.180.1.21/compute/v2.1/servers/996a56d7-78ba-4cb9-a88c-79141b26f472 0.118s
2025-04-08 00:58:39.362 69906 INFO tempest.lib.common.rest_client [req-29582c6a-4cbb-4df3-8f2a-eb80abc7c0be req-29582c6a-4cbb-4df3-8f2a-eb80abc7c0be ] Request (FloatingIPsAssociationNegativeTestJSON:tearDownClass): 200 GET http://10.180.1.21/compute/v2.1/servers/b4a6ccb1-d746-44f1-8dab-0b7ae7f358b6 0.158s
2025-04-08 00:58:39.408 69886 INFO tempest.lib.common.rest_client [req-3c1146d9-ba95-4add-833a-b05ea20cacf1 req-3c1146d9-ba95-4add-833a-b05ea20cacf1 ] Request (SecurityGroupsTestJSON:test_server_security_groups): 200 GET http://10.180.1.21/compute/v2.1/servers/9bd9e5f3-036b-44a2-8863-470653a383d1 0.165s
2025-04-08 00:58:39.460 69896 INFO tempest.lib.common.rest_client [req-5647bdea-8c02-4d1f-83d9-fb0a5f8afa3b req-5647bdea-8c02-4d1f-83d9-fb0a5f8afa3b ] Request (ServerActionsTestOtherB:setUpClass): 200 GET http://10.180.1.21/compute/v2.1/servers/d2cf6d47-2eb2-43e9-baad-73442f983351 0.209s
2025-04-08 00:58:39.513 69908 INFO tempest.lib.common.rest_client [req-d37ae920-9959-4736-846c-9d2892fa3cff req-d37ae920-9959-4736-846c-9d2892fa3cff ] Request (ServerActionsTestOtherA:setUpClass): 200 GET http://10.180.1.21/compute/v2.1/servers/5e520785-7734-4ad6-a1d9-d84eaab73f9d 0.216s
2025-04-08 00:58:39.569 69870 INFO tempest.lib.common.rest_client [req-5db9e3a0-e6bf-4d9c-bcc7-76da2b11463a req-5db9e3a0-e6bf-4d9c-bcc7-76da2b11463a ] Request (MigrationsAdminTest:test_resize_server_revert_deleted_flavor): 200 GET http://10.180.1.21/compute/v2.1/servers/47918cb8-1e59-4dfd-b161-1c7f6848bdbf 0.270s
2025-04-08 00:58:39.662 69901 INFO tempest.lib.common.rest_client [req-3a5bf6b5-4251-4038-a229-d26822859c13 req-3a5bf6b5-4251-4038-a229-d26822859c13 ] Request (ServersTestJSON:setUpClass): 200 GET http://10.180.1.21/compute/v2.1/servers/7ea69d07-17ad-4ec6-bbe3-ff7f2e51794e 0.186s
2025-04-08 00:58:39.711 69862 INFO tempest.lib.common.rest_client [req-05116bc7-2bd6-4f49-b7ab-a3860eaf1ed0 req-05116bc7-2bd6-4f49-b7ab-a3860eaf1ed0 ] Request (ServerExternalEventsTest:test_create_server_external_events): 200 GET http://10.180.1.21/compute/v2.1/servers/5992d1f4-5bc1-42a7-860b-984593253dd9 0.188s
2025-04-08 00:58:39.768 69879 INFO tempest.lib.common.rest_client [req-cde4eff3-a91e-4a43-af32-a697d03ccf76 req-cde4eff3-a91e-4a43-af32-a697d03ccf76 ] Request (FloatingIPsAssociationTestJSON:tearDownClass): 200 GET http://10.180.1.21/compute/v2.1/servers/12b2e24d-c606-4c5b-b56d-58c9cda03536 0.192s
2025-04-08 00:58:39.785 69892 INFO tempest.lib.common.rest_client [req-c28a1571-296a-47d4-8d8f-e7e9799b8590 req-c28a1571-296a-47d4-8d8f-e7e9799b8590 ] Request (MultipleCreateTestJSON:_run_cleanups): 404 GET http://10.180.1.21/compute/v2.1/servers/2d5785a7-7e94-47ae-9dd9-6f596fc38843 0.159s
2025-04-08 00:58:39.827 69910 INFO tempest.lib.common.rest_client [req-bc937761-c4cf-45d7-a8d6-95dece397f9f req-bc937761-c4cf-45d7-a8d6-95dece397f9f ] Request (ServersTestJSON:test_create_server_specify_multibyte_character_name): 200 GET http://10.180.1.21/compute/v2.1/servers/656029d7-0bfc-4e9a-a894-8d29066228bb 0.155s
2025-04-08 00:58:39.845 69892 INFO tempest.lib.common.rest_client [req-fb41273f-3f1b-4fe5-ae60-a0de040ccd71 req-fb41273f-3f1b-4fe5-ae60-a0de040ccd71 ] Request (MultipleCreateTestJSON:test_multiple_create_with_reservation_return): 201 POST http://10.180.1.21/identity/v3/auth/tokens 0.055s
2025-04-08 00:58:39.845 69892 INFO tempest.lib.common.fixed_network [-] (MultipleCreateTestJSON:test_multiple_create_with_reservation_return) Found network {'id': '8fc5397f-fabf-477e-9167-d48b488ae3b8', 'name': 'tempest-MultipleCreateTestJSON-1848531244-network', 'tenant_id': '2f3a3d879d6643f1af7b84af6168a49a', 'admin_state_up': True, 'mtu': 8950, 'status': 'ACTIVE', 'subnets': [], 'shared': False, 'project_id': '2f3a3d879d6643f1af7b84af6168a49a', 'port_security_enabled': True, 'router:external': False, 'provider:network_type': 'vlan', 'provider:physical_network': 'default', 'provider:segmentation_id': 552, 'availability_zone_hints': [], 'availability_zones': [], 'ipv4_address_scope': None, 'ipv6_address_scope': None, 'description': '', 'tags': [], 'created_at': '2025-04-08T00:57:07Z', 'updated_at': '2025-04-08T00:57:07Z', 'revision_number': 1} available for tenant
2025-04-08 00:58:39.879 69902 INFO tempest.lib.common.rest_client [req-08f20be8-ddb4-4a30-9b0a-cf794c8b769e req-08f20be8-ddb4-4a30-9b0a-cf794c8b769e ] Request (DeleteServersTestJSON:test_delete_active_server): 200 GET http://10.180.1.21/compute/v2.1/servers/d90f2650-201d-41a4-b39d-2b2c28c4b781 0.197s
2025-04-08 00:58:39.924 69848 INFO tempest.lib.common.rest_client [req-adb2400e-3da5-4171-9a5b-470d5a946c47 req-adb2400e-3da5-4171-9a5b-470d5a946c47 ] Request (ServersNegativeTestJSON:setUpClass): 200 GET http://10.180.1.21/compute/v2.1/servers/8865002f-5666-480a-852d-67f6768642a3 0.196s
2025-04-08 00:58:39.970 69860 INFO tempest.lib.common.rest_client [req-84161514-9354-46ed-b7ff-db25762e8e43 req-84161514-9354-46ed-b7ff-db25762e8e43 ] Request (ListImageFiltersTestJSON:setUpClass): 200 GET http://10.180.1.21/compute/v2.1/servers/685aaf9b-7133-48ce-8224-3f855f94d723 0.201s
2025-04-08 00:58:39.977 69860 INFO tempest.common.waiters [-] State transition "BUILD/scheduling" ==> "BUILD/None" after 51 second wait
2025-04-08 00:58:40.275 69892 INFO tempest.lib.common.rest_client [req-89c79073-7269-457a-aae4-39795777bd89 req-89c79073-7269-457a-aae4-39795777bd89 ] Request (MultipleCreateTestJSON:test_multiple_create_with_reservation_return): 202 POST http://10.180.1.21/compute/v2.1/servers 0.429s
2025-04-08 00:58:40.362 69898 INFO tempest.lib.common.rest_client [req-4e72aabd-e7ed-4937-9f08-c960a33b8b3d req-4e72aabd-e7ed-4937-9f08-c960a33b8b3d ] Request (ImagesTestJSON:test_create_image_from_suspended_server): 200 GET http://10.180.1.21/compute/v2.1/servers/bed307b3-51de-4ef1-bb50-49b4824ae0de 0.515s
2025-04-08 00:58:40.370 69898 INFO tempest.common.waiters [-] State transition "ACTIVE/suspending" ==> "SUSPENDED/None" after 2 second wait
2025-04-08 00:58:40.407 69894 INFO tempest.lib.common.rest_client [req-de47ab81-7994-4b32-8eaa-80da811b9d3b req-de47ab81-7994-4b32-8eaa-80da811b9d3b ] Request (ImagesOneServerNegativeTestJSON:_run_cleanups): 200 GET http://10.180.1.21/compute/v2.1/servers/cc36ef6c-6844-4745-a164-44ddbe158fe9 0.519s
2025-04-08 00:58:40.463 69872 INFO tempest.lib.common.rest_client [req-583ebaea-5843-4a34-9652-22f54f356575 req-583ebaea-5843-4a34-9652-22f54f356575 ] Request (ServersAdminNegativeTestJSON:tearDownClass): 200 GET http://10.180.1.21/compute/v2.1/servers/20be0043-3dc2-45c6-8f27-903a6c3fe7dd 0.525s
2025-04-08 00:58:40.525 69874 INFO tempest.lib.common.rest_client [req-d6a4c530-0034-447a-8c82-bcf3704fad28 req-d6a4c530-0034-447a-8c82-bcf3704fad28 ] Request (ServerShowV247Test:tearDownClass): 200 GET http://10.180.1.21/compute/v2.1/servers/47c3549e-54ed-40d6-9acc-613d38553ac5 0.533s
2025-04-08 00:58:40.573 69868 INFO tempest.lib.common.rest_client [req-bc0073b6-1e49-450f-938f-3d5e1370f398 req-bc0073b6-1e49-450f-938f-3d5e1370f398 ] Request (AttachVolumeTestJSON:test_attach_detach_volume): 200 GET http://10.180.1.21/compute/v2.1/servers/c7a63209-9705-4caa-b567-ffd30dbe38c2 0.544s
2025-04-08 00:58:40.619 69856 INFO tempest.lib.common.rest_client [req-ed9ce8e0-07b7-4f43-b01a-c14fc7d6160f req-ed9ce8e0-07b7-4f43-b01a-c14fc7d6160f ] Request (ServersAdminTestJSON:setUpClass): 200 GET http://10.180.1.21/compute/v2.1/servers/739d97b6-1445-4fcf-ad56-8ffa09061569 0.551s
2025-04-08 00:58:40.673 69854 INFO tempest.lib.common.rest_client [req-f54d7670-8981-4ad9-9009-619378e65315 req-f54d7670-8981-4ad9-9009-619378e65315 ] Request (ServerTagsTestJSON:tearDownClass): 200 GET http://10.180.1.21/compute/v2.1/servers/bc990ba2-d378-4508-bb7a-99e53157d3cf 0.551s
2025-04-08 00:58:40.719 69880 INFO tempest.lib.common.rest_client [req-4be94e0c-ddea-4ac2-af20-7b6575db5e1d req-4be94e0c-ddea-4ac2-af20-7b6575db5e1d ] Request (ServersTestMultiNic:test_verify_duplicate_network_nics): 200 GET http://10.180.1.21/compute/v2.1/servers/e3a8beb1-fde1-487c-9001-573a322acf9f 0.543s
2025-04-08 00:58:40.737 69882 WARNING tempest.lib.common.ssh [-] Failed to establish authenticated ssh connection to cirros@10.180.180.132 ([Errno None] Unable to connect to port 22 on 10.180.180.132). Number attempts: 5. Retry after 6 seconds.: paramiko.ssh_exception.NoValidConnectionsError: [Errno None] Unable to connect to port 22 on 10.180.180.132
2025-04-08 00:58:40.768 69864 INFO tempest.lib.common.rest_client [req-3beb827f-926a-4430-aca1-ae9787747108 req-3beb827f-926a-4430-aca1-ae9787747108 ] Request (AttachInterfacesTestJSON:test_create_list_show_delete_interfaces_by_fixed_ip): 200 GET http://10.180.1.21/compute/v2.1/servers/6b391d42-08bf-4dd2-9bbf-4eab08b42a89 0.545s
2025-04-08 00:58:40.815 69852 INFO tempest.lib.common.rest_client [req-b73f18a9-7f62-4475-b47d-e73e7de9900a req-b73f18a9-7f62-4475-b47d-e73e7de9900a ] Request (TenantUsagesTestJSON:setUpClass): 200 GET http://10.180.1.21/compute/v2.1/servers/23d496ce-cce1-47ee-b8f9-ef08d1f81d5d 0.548s
2025-04-08 00:58:40.865 69892 INFO tempest.lib.common.rest_client [req-7e162d70-6445-4c31-9a9d-38009951e845 req-7e162d70-6445-4c31-9a9d-38009951e845 ] Request (MultipleCreateTestJSON:test_multiple_create_with_reservation_return): 200 GET http://10.180.1.21/compute/v2.1/servers 0.590s
2025-04-08 00:58:40.918 69850 INFO tempest.lib.common.rest_client [req-9c492f37-74d4-44e7-8e41-c459a1cf5d21 req-9c492f37-74d4-44e7-8e41-c459a1cf5d21 ] Request (DeleteServersAdminTestJSON:test_delete_server_while_in_error_state): 200 GET http://10.180.1.21/compute/v2.1/servers/996a56d7-78ba-4cb9-a88c-79141b26f472 0.599s
2025-04-08 00:58:40.972 69906 INFO tempest.lib.common.rest_client [req-e11293ea-8b82-4ef4-a85f-2f74d14acc9e req-e11293ea-8b82-4ef4-a85f-2f74d14acc9e ] Request (FloatingIPsAssociationNegativeTestJSON:tearDownClass): 200 GET http://10.180.1.21/compute/v2.1/servers/b4a6ccb1-d746-44f1-8dab-0b7ae7f358b6 0.601s
2025-04-08 00:58:41.332 69898 INFO tempest.lib.common.rest_client [req-e5d309bb-aeb8-4a92-acf6-8ee4991083a8 req-e5d309bb-aeb8-4a92-acf6-8ee4991083a8 ] Request (ImagesTestJSON:test_create_image_from_suspended_server): 202 POST http://10.180.1.21/compute/v2.1/servers/bed307b3-51de-4ef1-bb50-49b4824ae0de/action 0.961s
2025-04-08 00:58:41.378 69886 INFO tempest.lib.common.rest_client [req-594dc288-c454-40de-9c71-cc1d7663090b req-594dc288-c454-40de-9c71-cc1d7663090b ] Request (SecurityGroupsTestJSON:test_server_security_groups): 200 GET http://10.180.1.21/compute/v2.1/servers/9bd9e5f3-036b-44a2-8863-470653a383d1 0.960s
2025-04-08 00:58:41.418 69896 INFO tempest.lib.common.rest_client [req-f3678da3-70fd-4052-88f8-fa3045eb2a9b req-f3678da3-70fd-4052-88f8-fa3045eb2a9b ] Request (ServerActionsTestOtherB:setUpClass): 200 GET http://10.180.1.21/compute/v2.1/servers/d2cf6d47-2eb2-43e9-baad-73442f983351 0.950s
2025-04-08 00:58:41.458 69908 INFO tempest.lib.common.rest_client [req-5dfb4d1e-c620-46a4-8443-9409c1698e98 req-5dfb4d1e-c620-46a4-8443-9409c1698e98 ] Request (ServerActionsTestOtherA:setUpClass): 200 GET http://10.180.1.21/compute/v2.1/servers/5e520785-7734-4ad6-a1d9-d84eaab73f9d 0.937s
2025-04-08 00:58:41.508 69870 INFO tempest.lib.common.rest_client [req-3435a36c-8348-40d0-a843-b907a80d70c3 req-3435a36c-8348-40d0-a843-b907a80d70c3 ] Request (MigrationsAdminTest:test_resize_server_revert_deleted_flavor): 200 GET http://10.180.1.21/compute/v2.1/servers/47918cb8-1e59-4dfd-b161-1c7f6848bdbf 0.931s
2025-04-08 00:58:41.644 69901 INFO tempest.lib.common.rest_client [req-422a9a80-52c8-46c4-88c4-148bd1bd50c8 req-422a9a80-52c8-46c4-88c4-148bd1bd50c8 ] Request (ServersTestJSON:setUpClass): 200 GET http://10.180.1.21/compute/v2.1/servers/7ea69d07-17ad-4ec6-bbe3-ff7f2e51794e 0.972s
2025-04-08 00:58:41.689 69862 INFO tempest.lib.common.rest_client [req-fad73727-bcab-473c-8547-fa4d53f068e0 req-fad73727-bcab-473c-8547-fa4d53f068e0 ] Request (ServerExternalEventsTest:test_create_server_external_events): 200 GET http://10.180.1.21/compute/v2.1/servers/5992d1f4-5bc1-42a7-860b-984593253dd9 0.968s
2025-04-08 00:58:41.699 69866 INFO tempest.lib.common.rest_client [req-6ad713f0-c4b5-4026-8264-57dc31d2e2ed req-6ad713f0-c4b5-4026-8264-57dc31d2e2ed ] Request (AttachInterfacesV270Test:test_create_get_list_interfaces): 400 POST http://10.180.1.21/compute/v2.1/servers/a056461f-a9e6-44a3-a42e-5277dc21344d/os-interface 3.132s
2025-04-08 00:58:41.750 69910 INFO tempest.lib.common.rest_client [req-f2607266-4040-4619-bb87-35d49240c8d3 req-f2607266-4040-4619-bb87-35d49240c8d3 ] Request (ServersTestJSON:test_create_server_specify_multibyte_character_name): 200 GET http://10.180.1.21/compute/v2.1/servers/656029d7-0bfc-4e9a-a894-8d29066228bb 0.914s
2025-04-08 00:58:41.756 69879 INFO tempest.lib.common.rest_client [req-5948e3e7-5923-4be7-b486-efe351d3c794 req-5948e3e7-5923-4be7-b486-efe351d3c794 ] Request (FloatingIPsAssociationTestJSON:tearDownClass): 200 GET http://10.180.1.21/compute/v2.1/servers/12b2e24d-c606-4c5b-b56d-58c9cda03536 0.980s
2025-04-08 00:58:41.791 69892 INFO tempest.lib.common.rest_client [req-dcc59e97-4c9d-49e1-9b37-52f3d2436034 req-dcc59e97-4c9d-49e1-9b37-52f3d2436034 ] Request (MultipleCreateTestJSON:test_multiple_create_with_reservation_return): 200 GET http://10.180.1.21/compute/v2.1/servers/67d8fa6b-dd82-45f4-b425-4dc27b321d16 0.923s
2025-04-08 00:58:41.803 69902 INFO tempest.lib.common.rest_client [req-8a2194d0-450e-4af0-87a4-2f6e5b338dec req-8a2194d0-450e-4af0-87a4-2f6e5b338dec ] Request (DeleteServersTestJSON:test_delete_active_server): 200 GET http://10.180.1.21/compute/v2.1/servers/d90f2650-201d-41a4-b39d-2b2c28c4b781 0.916s
