2025-04-08 00:58:41.833 69848 INFO tempest.lib.common.rest_client [req-a28c6fc4-6a70-4977-ad98-8180988b7467 req-a28c6fc4-6a70-4977-ad98-8180988b7467 ] Request (ServersNegativeTestJSON:setUpClass): 200 GET http://10.180.1.21/compute/v2.1/servers/8865002f-5666-480a-852d-67f6768642a3 0.901s
2025-04-08 00:58:41.844 69860 INFO tempest.lib.common.rest_client [req-96623ca7-4402-4f38-841a-6783568d3fe8 req-96623ca7-4402-4f38-841a-6783568d3fe8 ] Request (ListImageFiltersTestJSON:setUpClass): 200 GET http://10.180.1.21/compute/v2.1/servers/685aaf9b-7133-48ce-8224-3f855f94d723 0.867s
2025-04-08 00:58:41.865 69898 INFO tempest.lib.common.rest_client [req-7c5b2469-dbc2-4ad1-9d8f-951db98b06fe req-7c5b2469-dbc2-4ad1-9d8f-951db98b06fe ] Request (ImagesTestJSON:test_create_image_from_suspended_server): 200 GET http://10.180.1.21/compute/v2.1/images/863d51b0-30b9-4574-859a-646caf238e5b 0.532s
2025-04-08 00:58:41.887 69894 INFO tempest.lib.common.rest_client [req-28832544-cf3a-496a-90a4-96634475ffe7 req-28832544-cf3a-496a-90a4-96634475ffe7 ] Request (ImagesOneServerNegativeTestJSON:_run_cleanups): 200 GET http://10.180.1.21/compute/v2.1/servers/cc36ef6c-6844-4745-a164-44ddbe158fe9 0.472s
2025-04-08 00:58:41.914 69872 INFO tempest.lib.common.rest_client [req-d2d6e60e-e753-4865-adb9-67ef22d7fafd req-d2d6e60e-e753-4865-adb9-67ef22d7fafd ] Request (ServersAdminNegativeTestJSON:tearDownClass): 200 GET http://10.180.1.21/compute/v2.1/servers/20be0043-3dc2-45c6-8f27-903a6c3fe7dd 0.442s
2025-04-08 00:58:41.939 69874 INFO tempest.lib.common.rest_client [req-ca155649-d52d-4551-b338-9880d6e26c5d req-ca155649-d52d-4551-b338-9880d6e26c5d ] Request (ServerShowV247Test:tearDownClass): 200 GET http://10.180.1.21/compute/v2.1/servers/47c3549e-54ed-40d6-9acc-613d38553ac5 0.404s
2025-04-08 00:58:41.954 69868 INFO tempest.lib.common.rest_client [req-19532279-768b-4837-9643-c4468f6dce05 req-19532279-768b-4837-9643-c4468f6dce05 ] Request (AttachVolumeTestJSON:test_attach_detach_volume): 200 GET http://10.180.1.21/compute/v2.1/servers/c7a63209-9705-4caa-b567-ffd30dbe38c2 0.373s
2025-04-08 00:58:41.980 69856 INFO tempest.lib.common.rest_client [req-77c13c61-1809-4a36-bf5c-06dda1b248aa req-77c13c61-1809-4a36-bf5c-06dda1b248aa ] Request (ServersAdminTestJSON:setUpClass): 200 GET http://10.180.1.21/compute/v2.1/servers/739d97b6-1445-4fcf-ad56-8ffa09061569 0.354s
2025-04-08 00:58:42.003 69854 INFO tempest.lib.common.rest_client [req-e11e0055-b1c2-4d5f-b6d8-2afe3f2faff9 req-e11e0055-b1c2-4d5f-b6d8-2afe3f2faff9 ] Request (ServerTagsTestJSON:tearDownClass): 200 GET http://10.180.1.21/compute/v2.1/servers/bc990ba2-d378-4508-bb7a-99e53157d3cf 0.320s
2025-04-08 00:58:42.046 69866 INFO tempest.lib.common.rest_client [req-d6d1a451-64ee-4d85-8c32-9c8222ea145e req-d6d1a451-64ee-4d85-8c32-9c8222ea145e ] Request (AttachInterfacesV270Test:tearDownClass): 204 DELETE http://10.180.1.21/compute/v2.1/servers/a056461f-a9e6-44a3-a42e-5277dc21344d 0.345s
2025-04-08 00:58:42.046 69880 INFO tempest.lib.common.rest_client [req-5ea7de44-e38a-417a-9ee6-dd82796a4a0a req-5ea7de44-e38a-417a-9ee6-dd82796a4a0a ] Request (ServersTestMultiNic:test_verify_duplicate_network_nics): 200 GET http://10.180.1.21/compute/v2.1/servers/e3a8beb1-fde1-487c-9001-573a322acf9f 0.319s
2025-04-08 00:58:42.099 69852 INFO tempest.lib.common.rest_client [req-a89fab98-f201-4f33-ab76-1565b44aff80 req-a89fab98-f201-4f33-ab76-1565b44aff80 ] Request (TenantUsagesTestJSON:setUpClass): 200 GET http://10.180.1.21/compute/v2.1/servers/23d496ce-cce1-47ee-b8f9-ef08d1f81d5d 0.277s
2025-04-08 00:58:42.100 69864 INFO tempest.lib.common.rest_client [req-91e6a6c5-be2f-4707-9a9f-734235a32edd req-91e6a6c5-be2f-4707-9a9f-734235a32edd ] Request (AttachInterfacesTestJSON:test_create_list_show_delete_interfaces_by_fixed_ip): 200 GET http://10.180.1.21/compute/v2.1/servers/6b391d42-08bf-4dd2-9bbf-4eab08b42a89 0.325s
2025-04-08 00:58:42.152 69850 INFO tempest.lib.common.rest_client [req-b0924146-ad87-4338-87d3-09377a7fac8d req-b0924146-ad87-4338-87d3-09377a7fac8d ] Request (DeleteServersAdminTestJSON:test_delete_server_while_in_error_state): 200 GET http://10.180.1.21/compute/v2.1/servers/996a56d7-78ba-4cb9-a88c-79141b26f472 0.227s
2025-04-08 00:58:42.159 69906 INFO tempest.lib.common.rest_client [req-26678c16-edf5-4cbc-906e-4c87fc3e3288 req-26678c16-edf5-4cbc-906e-4c87fc3e3288 ] Request (FloatingIPsAssociationNegativeTestJSON:tearDownClass): 200 GET http://10.180.1.21/compute/v2.1/servers/b4a6ccb1-d746-44f1-8dab-0b7ae7f358b6 0.179s
2025-04-08 00:58:42.209 69890 WARNING tempest.lib.common.ssh [-] Failed to establish authenticated ssh connection to cirros@10.180.180.242 ([Errno None] Unable to connect to port 22 on 10.180.180.242). Number attempts: 9. Retry after 10 seconds.: paramiko.ssh_exception.NoValidConnectionsError: [Errno None] Unable to connect to port 22 on 10.180.180.242
2025-04-08 00:58:42.270 69866 INFO tempest.lib.common.rest_client [req-1b41db53-e109-4d6f-9a48-7a17074b7de5 req-1b41db53-e109-4d6f-9a48-7a17074b7de5 ] Request (AttachInterfacesV270Test:tearDownClass): 200 GET http://10.180.1.21/compute/v2.1/servers/a056461f-a9e6-44a3-a42e-5277dc21344d 0.224s
2025-04-08 00:58:42.445 69886 INFO tempest.lib.common.rest_client [req-de220ecd-524a-40f1-af47-3347343ed3cb req-de220ecd-524a-40f1-af47-3347343ed3cb ] Request (SecurityGroupsTestJSON:test_server_security_groups): 200 GET http://10.180.1.21/compute/v2.1/servers/9bd9e5f3-036b-44a2-8863-470653a383d1 0.059s
2025-04-08 00:58:42.490 69896 INFO tempest.lib.common.rest_client [req-5bf56387-c9c1-4c35-84a6-bf8c3db7ff07 req-5bf56387-c9c1-4c35-84a6-bf8c3db7ff07 ] Request (ServerActionsTestOtherB:setUpClass): 200 GET http://10.180.1.21/compute/v2.1/servers/d2cf6d47-2eb2-43e9-baad-73442f983351 0.064s
2025-04-08 00:58:42.530 69908 INFO tempest.lib.common.rest_client [req-d48d62c3-58a8-4fec-a90f-0ae387e4ae68 req-d48d62c3-58a8-4fec-a90f-0ae387e4ae68 ] Request (ServerActionsTestOtherA:setUpClass): 200 GET http://10.180.1.21/compute/v2.1/servers/5e520785-7734-4ad6-a1d9-d84eaab73f9d 0.064s
2025-04-08 00:58:42.580 69870 INFO tempest.lib.common.rest_client [req-5cc583f0-5e47-4d4d-999f-b01e1fd30cc6 req-5cc583f0-5e47-4d4d-999f-b01e1fd30cc6 ] Request (MigrationsAdminTest:test_resize_server_revert_deleted_flavor): 200 GET http://10.180.1.21/compute/v2.1/servers/47918cb8-1e59-4dfd-b161-1c7f6848bdbf 0.064s
2025-04-08 00:58:42.748 69901 INFO tempest.lib.common.rest_client [req-db8c14f2-1a94-46dc-a321-6e7414bbbb2f req-db8c14f2-1a94-46dc-a321-6e7414bbbb2f ] Request (ServersTestJSON:setUpClass): 200 GET http://10.180.1.21/compute/v2.1/servers/7ea69d07-17ad-4ec6-bbe3-ff7f2e51794e 0.095s
2025-04-08 00:58:42.812 69910 INFO tempest.lib.common.rest_client [req-4e478b62-0f84-4b7f-b76b-167096367bac req-4e478b62-0f84-4b7f-b76b-167096367bac ] Request (ServersTestJSON:test_create_server_specify_multibyte_character_name): 200 GET http://10.180.1.21/compute/v2.1/servers/656029d7-0bfc-4e9a-a894-8d29066228bb 0.052s
2025-04-08 00:58:42.828 69862 INFO tempest.lib.common.rest_client [req-55422727-f9e2-4cef-803b-8324a9f7d6c1 req-55422727-f9e2-4cef-803b-8324a9f7d6c1 ] Request (ServerExternalEventsTest:test_create_server_external_events): 200 GET http://10.180.1.21/compute/v2.1/servers/5992d1f4-5bc1-42a7-860b-984593253dd9 0.132s
2025-04-08 00:58:42.835 69862 INFO tempest.common.waiters [-] State transition "BUILD/None" ==> "BUILD/block_device_mapping" after 61 second wait
2025-04-08 00:58:42.875 69879 INFO tempest.lib.common.rest_client [req-c21bcc18-6771-43bb-9b37-de998021400f req-c21bcc18-6771-43bb-9b37-de998021400f ] Request (FloatingIPsAssociationTestJSON:tearDownClass): 200 GET http://10.180.1.21/compute/v2.1/servers/12b2e24d-c606-4c5b-b56d-58c9cda03536 0.111s
2025-04-08 00:58:42.883 69892 INFO tempest.lib.common.rest_client [req-04c2166e-ed81-4f9e-b9c9-ec7a86c2cd57 req-04c2166e-ed81-4f9e-b9c9-ec7a86c2cd57 ] Request (MultipleCreateTestJSON:test_multiple_create_with_reservation_return): 200 GET http://10.180.1.21/compute/v2.1/servers/67d8fa6b-dd82-45f4-b425-4dc27b321d16 0.084s
2025-04-08 00:58:42.936 69902 INFO tempest.lib.common.rest_client [req-3cece304-8cf5-4201-a146-ada97ba03d1b req-3cece304-8cf5-4201-a146-ada97ba03d1b ] Request (DeleteServersTestJSON:test_delete_active_server): 200 GET http://10.180.1.21/compute/v2.1/servers/d90f2650-201d-41a4-b39d-2b2c28c4b781 0.126s
2025-04-08 00:58:42.937 69848 INFO tempest.lib.common.rest_client [req-7d4fa8c8-f8af-4bc5-87ba-564ce0033e52 req-7d4fa8c8-f8af-4bc5-87ba-564ce0033e52 ] Request (ServersNegativeTestJSON:setUpClass): 200 GET http://10.180.1.21/compute/v2.1/servers/8865002f-5666-480a-852d-67f6768642a3 0.095s
2025-04-08 00:58:42.970 69898 INFO tempest.lib.common.rest_client [req-67060c39-7672-4769-bd3e-fd33dcde92b4 req-67060c39-7672-4769-bd3e-fd33dcde92b4 ] Request (ImagesTestJSON:test_create_image_from_suspended_server): 200 GET http://10.180.1.21/compute/v2.1/images/863d51b0-30b9-4574-859a-646caf238e5b 0.100s
2025-04-08 00:58:42.980 69860 INFO tempest.lib.common.rest_client [req-84ec78e2-799e-4fce-b142-ae70068bf5a4 req-84ec78e2-799e-4fce-b142-ae70068bf5a4 ] Request (ListImageFiltersTestJSON:setUpClass): 200 GET http://10.180.1.21/compute/v2.1/servers/685aaf9b-7133-48ce-8224-3f855f94d723 0.128s
2025-04-08 00:58:43.015 69894 INFO tempest.lib.common.rest_client [req-2eabf1f4-2486-4578-9f4c-8fee8a32c0a7 req-2eabf1f4-2486-4578-9f4c-8fee8a32c0a7 ] Request (ImagesOneServerNegativeTestJSON:_run_cleanups): 200 GET http://10.180.1.21/compute/v2.1/servers/cc36ef6c-6844-4745-a164-44ddbe158fe9 0.119s
2025-04-08 00:58:43.029 69872 INFO tempest.lib.common.rest_client [req-81189517-7830-42ce-9dd0-f61a229f55de req-81189517-7830-42ce-9dd0-f61a229f55de ] Request (ServersAdminNegativeTestJSON:tearDownClass): 200 GET http://10.180.1.21/compute/v2.1/servers/20be0043-3dc2-45c6-8f27-903a6c3fe7dd 0.106s
2025-04-08 00:58:43.077 69874 INFO tempest.lib.common.rest_client [req-265c0997-4207-4f8c-81a8-1cbfd5a0af77 req-265c0997-4207-4f8c-81a8-1cbfd5a0af77 ] Request (ServerShowV247Test:tearDownClass): 200 GET http://10.180.1.21/compute/v2.1/servers/47c3549e-54ed-40d6-9acc-613d38553ac5 0.129s
2025-04-08 00:58:43.082 69868 INFO tempest.lib.common.rest_client [req-c8e175b6-2c8a-478a-9613-927107de9915 req-c8e175b6-2c8a-478a-9613-927107de9915 ] Request (AttachVolumeTestJSON:test_attach_detach_volume): 200 GET http://10.180.1.21/compute/v2.1/servers/c7a63209-9705-4caa-b567-ffd30dbe38c2 0.121s
2025-04-08 00:58:43.124 69856 INFO tempest.lib.common.rest_client [req-18128364-2f7a-4594-a534-62ea6a05aa11 req-18128364-2f7a-4594-a534-62ea6a05aa11 ] Request (ServersAdminTestJSON:setUpClass): 200 GET http://10.180.1.21/compute/v2.1/servers/739d97b6-1445-4fcf-ad56-8ffa09061569 0.137s
2025-04-08 00:58:43.137 69854 INFO tempest.lib.common.rest_client [req-5e1de3ba-6b48-47f1-b870-d607d17b07cc req-5e1de3ba-6b48-47f1-b870-d607d17b07cc ] Request (ServerTagsTestJSON:tearDownClass): 200 GET http://10.180.1.21/compute/v2.1/servers/bc990ba2-d378-4508-bb7a-99e53157d3cf 0.124s
2025-04-08 00:58:43.179 69880 INFO tempest.lib.common.rest_client [req-4a5b3d63-e870-41e5-abd9-7ae4d8620923 req-4a5b3d63-e870-41e5-abd9-7ae4d8620923 ] Request (ServersTestMultiNic:test_verify_duplicate_network_nics): 200 GET http://10.180.1.21/compute/v2.1/servers/e3a8beb1-fde1-487c-9001-573a322acf9f 0.124s
2025-04-08 00:58:43.185 69852 INFO tempest.lib.common.rest_client [req-a4125c75-4b80-4afb-8343-77db362459c8 req-a4125c75-4b80-4afb-8343-77db362459c8 ] Request (TenantUsagesTestJSON:setUpClass): 200 GET http://10.180.1.21/compute/v2.1/servers/23d496ce-cce1-47ee-b8f9-ef08d1f81d5d 0.079s
2025-04-08 00:58:43.225 69864 INFO tempest.lib.common.rest_client [req-3e411bc2-479e-4846-be8d-0ccbddef8b2d req-3e411bc2-479e-4846-be8d-0ccbddef8b2d ] Request (AttachInterfacesTestJSON:test_create_list_show_delete_interfaces_by_fixed_ip): 200 GET http://10.180.1.21/compute/v2.1/servers/6b391d42-08bf-4dd2-9bbf-4eab08b42a89 0.118s
2025-04-08 00:58:43.238 69850 INFO tempest.lib.common.rest_client [req-be4bf506-9188-47e8-9842-c5fa34ada89a req-be4bf506-9188-47e8-9842-c5fa34ada89a ] Request (DeleteServersAdminTestJSON:test_delete_server_while_in_error_state): 200 GET http://10.180.1.21/compute/v2.1/servers/996a56d7-78ba-4cb9-a88c-79141b26f472 0.079s
2025-04-08 00:58:43.280 69906 INFO tempest.lib.common.rest_client [req-ad0dfdd8-7a30-4f44-96cb-bd19a433255b req-ad0dfdd8-7a30-4f44-96cb-bd19a433255b ] Request (FloatingIPsAssociationNegativeTestJSON:tearDownClass): 200 GET http://10.180.1.21/compute/v2.1/servers/b4a6ccb1-d746-44f1-8dab-0b7ae7f358b6 0.113s
2025-04-08 00:58:43.373 69866 INFO tempest.lib.common.rest_client [req-9c1bd52b-98cd-410b-8fb9-f3da28a8a139 req-9c1bd52b-98cd-410b-8fb9-f3da28a8a139 ] Request (AttachInterfacesV270Test:tearDownClass): 200 GET http://10.180.1.21/compute/v2.1/servers/a056461f-a9e6-44a3-a42e-5277dc21344d 0.093s
2025-04-08 00:58:43.512 69886 INFO tempest.lib.common.rest_client [req-3e52360d-0625-4b62-8bb2-a910f7eef431 req-3e52360d-0625-4b62-8bb2-a910f7eef431 ] Request (SecurityGroupsTestJSON:test_server_security_groups): 200 GET http://10.180.1.21/compute/v2.1/servers/9bd9e5f3-036b-44a2-8863-470653a383d1 0.055s
2025-04-08 00:58:43.547 69896 INFO tempest.lib.common.rest_client [req-82db2844-4e4b-4ef3-89d0-0340a1d3dc43 req-82db2844-4e4b-4ef3-89d0-0340a1d3dc43 ] Request (ServerActionsTestOtherB:setUpClass): 200 GET http://10.180.1.21/compute/v2.1/servers/d2cf6d47-2eb2-43e9-baad-73442f983351 0.050s
2025-04-08 00:58:43.584 69908 INFO tempest.lib.common.rest_client [req-6712daa8-3495-4c87-b292-5eb7452a1a9a req-6712daa8-3495-4c87-b292-5eb7452a1a9a ] Request (ServerActionsTestOtherA:setUpClass): 200 GET http://10.180.1.21/compute/v2.1/servers/5e520785-7734-4ad6-a1d9-d84eaab73f9d 0.047s
2025-04-08 00:58:43.638 69870 INFO tempest.lib.common.rest_client [req-94fc8896-8023-4e8f-84c3-2224113c3146 req-94fc8896-8023-4e8f-84c3-2224113c3146 ] Request (MigrationsAdminTest:test_resize_server_revert_deleted_flavor): 200 GET http://10.180.1.21/compute/v2.1/servers/47918cb8-1e59-4dfd-b161-1c7f6848bdbf 0.050s
2025-04-08 00:58:43.856 69901 INFO tempest.lib.common.rest_client [req-585c95c6-1e42-4d94-a4c8-89f467820f68 req-585c95c6-1e42-4d94-a4c8-89f467820f68 ] Request (ServersTestJSON:setUpClass): 200 GET http://10.180.1.21/compute/v2.1/servers/7ea69d07-17ad-4ec6-bbe3-ff7f2e51794e 0.098s
2025-04-08 00:58:43.869 69910 INFO tempest.lib.common.rest_client [req-7ba5aaf0-436a-4cee-842a-32362b7e8a21 req-7ba5aaf0-436a-4cee-842a-32362b7e8a21 ] Request (ServersTestJSON:test_create_server_specify_multibyte_character_name): 200 GET http://10.180.1.21/compute/v2.1/servers/656029d7-0bfc-4e9a-a894-8d29066228bb 0.049s
2025-04-08 00:58:43.952 69879 INFO tempest.lib.common.rest_client [req-3fd21b66-3502-46a9-a415-5a09e8ea6b1e req-3fd21b66-3502-46a9-a415-5a09e8ea6b1e ] Request (FloatingIPsAssociationTestJSON:tearDownClass): 200 GET http://10.180.1.21/compute/v2.1/servers/12b2e24d-c606-4c5b-b56d-58c9cda03536 0.068s
2025-04-08 00:58:43.960 69862 INFO tempest.lib.common.rest_client [req-96df54e7-a904-4e1e-8b1d-ddccd638ebc0 req-96df54e7-a904-4e1e-8b1d-ddccd638ebc0 ] Request (ServerExternalEventsTest:test_create_server_external_events): 200 GET http://10.180.1.21/compute/v2.1/servers/5992d1f4-5bc1-42a7-860b-984593253dd9 0.124s
2025-04-08 00:58:43.969 69862 INFO tempest.common.waiters [-] State transition "BUILD/block_device_mapping" ==> "BUILD/spawning" after 62 second wait
2025-04-08 00:58:44.001 69888 WARNING tempest.lib.common.ssh [-] Failed to establish authenticated ssh connection to cirros@10.180.180.190 ([Errno None] Unable to connect to port 22 on 10.180.180.190). Number attempts: 9. Retry after 10 seconds.: paramiko.ssh_exception.NoValidConnectionsError: [Errno None] Unable to connect to port 22 on 10.180.180.190
2025-04-08 00:58:44.003 69902 INFO tempest.lib.common.rest_client [req-e99f9138-e2c4-46dc-9e92-105912ef0af0 req-e99f9138-e2c4-46dc-9e92-105912ef0af0 ] Request (DeleteServersTestJSON:test_delete_active_server): 404 GET http://10.180.1.21/compute/v2.1/servers/d90f2650-201d-41a4-b39d-2b2c28c4b781 0.058s
2025-04-08 00:58:44.008 69892 INFO tempest.lib.common.rest_client [req-f8e1d5c6-2d8a-454f-901c-ce50a6d5f42f req-f8e1d5c6-2d8a-454f-901c-ce50a6d5f42f ] Request (MultipleCreateTestJSON:test_multiple_create_with_reservation_return): 200 GET http://10.180.1.21/compute/v2.1/servers/67d8fa6b-dd82-45f4-b425-4dc27b321d16 0.116s
2025-04-08 00:58:44.050 69898 INFO tempest.lib.common.rest_client [req-086aafde-2cd8-41ce-994e-146cd75e6e36 req-086aafde-2cd8-41ce-994e-146cd75e6e36 ] Request (ImagesTestJSON:test_create_image_from_suspended_server): 200 GET http://10.180.1.21/compute/v2.1/images/863d51b0-30b9-4574-859a-646caf238e5b 0.073s
2025-04-08 00:58:44.063 69848 INFO tempest.lib.common.rest_client [req-58a7d4b1-dae3-4c5e-a663-6bce9d9154e4 req-58a7d4b1-dae3-4c5e-a663-6bce9d9154e4 ] Request (ServersNegativeTestJSON:setUpClass): 200 GET http://10.180.1.21/compute/v2.1/servers/8865002f-5666-480a-852d-67f6768642a3 0.117s
2025-04-08 00:58:44.087 69902 INFO tempest.lib.common.rest_client [req-ab171367-70cc-49da-9767-e315b32edded req-ab171367-70cc-49da-9767-e315b32edded ] Request (DeleteServersTestJSON:test_delete_server_while_in_attached_volume): 201 POST http://10.180.1.21/identity/v3/auth/tokens 0.077s
2025-04-08 00:58:44.087 69902 INFO tempest.lib.common.fixed_network [-] (DeleteServersTestJSON:test_delete_server_while_in_attached_volume) Found network {'id': 'b3695915-e943-4d63-9186-9d68dc7743ad', 'name': 'tempest-DeleteServersTestJSON-1318999947-network', 'tenant_id': 'b2ef9bda84a84951b0234c8c70daf356', 'admin_state_up': True, 'mtu': 8950, 'status': 'ACTIVE', 'subnets': [], 'shared': False, 'project_id': 'b2ef9bda84a84951b0234c8c70daf356', 'port_security_enabled': True, 'router:external': False, 'provider:network_type': 'vlan', 'provider:physical_network': 'default', 'provider:segmentation_id': 973, 'availability_zone_hints': [], 'availability_zones': [], 'ipv4_address_scope': None, 'ipv6_address_scope': None, 'description': '', 'tags': [], 'created_at': '2025-04-08T00:57:04Z', 'updated_at': '2025-04-08T00:57:04Z', 'revision_number': 1} available for tenant
2025-04-08 00:58:44.099 69860 INFO tempest.lib.common.rest_client [req-0a3a914f-35c7-490a-8360-3364a76b5633 req-0a3a914f-35c7-490a-8360-3364a76b5633 ] Request (ListImageFiltersTestJSON:setUpClass): 200 GET http://10.180.1.21/compute/v2.1/servers/685aaf9b-7133-48ce-8224-3f855f94d723 0.108s
2025-04-08 00:58:44.115 69894 INFO tempest.lib.common.rest_client [req-ab72ee26-a5f3-4ecf-86cb-033a298880fc req-ab72ee26-a5f3-4ecf-86cb-033a298880fc ] Request (ImagesOneServerNegativeTestJSON:_run_cleanups): 200 GET http://10.180.1.21/compute/v2.1/servers/cc36ef6c-6844-4745-a164-44ddbe158fe9 0.092s
2025-04-08 00:58:44.159 69872 INFO tempest.lib.common.rest_client [req-56340d0c-e69a-4a13-9cf4-73065592f199 req-56340d0c-e69a-4a13-9cf4-73065592f199 ] Request (ServersAdminNegativeTestJSON:tearDownClass): 200 GET http://10.180.1.21/compute/v2.1/servers/20be0043-3dc2-45c6-8f27-903a6c3fe7dd 0.122s
2025-04-08 00:58:44.178 69874 INFO tempest.lib.common.rest_client [req-dcd9fd35-de78-448c-871f-bd002c2d0047 req-dcd9fd35-de78-448c-871f-bd002c2d0047 ] Request (ServerShowV247Test:tearDownClass): 200 GET http://10.180.1.21/compute/v2.1/servers/47c3549e-54ed-40d6-9acc-613d38553ac5 0.092s
2025-04-08 00:58:44.206 69868 INFO tempest.lib.common.rest_client [req-b541156e-9ac3-4a49-8c4a-e0de4645ecae req-b541156e-9ac3-4a49-8c4a-e0de4645ecae ] Request (AttachVolumeTestJSON:test_attach_detach_volume): 200 GET http://10.180.1.21/compute/v2.1/servers/c7a63209-9705-4caa-b567-ffd30dbe38c2 0.115s
2025-04-08 00:58:44.265 69856 INFO tempest.lib.common.rest_client [req-cde3d465-83fc-44f8-922a-986f8180b9f8 req-cde3d465-83fc-44f8-922a-986f8180b9f8 ] Request (ServersAdminTestJSON:setUpClass): 200 GET http://10.180.1.21/compute/v2.1/servers/739d97b6-1445-4fcf-ad56-8ffa09061569 0.133s
2025-04-08 00:58:44.331 69854 INFO tempest.lib.common.rest_client [req-fbef0c13-be0e-42c1-8e60-5f0b9fd0dd9e req-fbef0c13-be0e-42c1-8e60-5f0b9fd0dd9e ] Request (ServerTagsTestJSON:tearDownClass): 200 GET http://10.180.1.21/compute/v2.1/servers/bc990ba2-d378-4508-bb7a-99e53157d3cf 0.184s
2025-04-08 00:58:44.389 69880 INFO tempest.lib.common.rest_client [req-7be55cee-11c8-42fc-8ee5-c552fd1ed180 req-7be55cee-11c8-42fc-8ee5-c552fd1ed180 ] Request (ServersTestMultiNic:test_verify_duplicate_network_nics): 200 GET http://10.180.1.21/compute/v2.1/servers/e3a8beb1-fde1-487c-9001-573a322acf9f 0.202s
2025-04-08 00:58:44.458 69852 INFO tempest.lib.common.rest_client [req-1ccea0bc-24a0-4e27-a298-0fbfc9a0ad6d req-1ccea0bc-24a0-4e27-a298-0fbfc9a0ad6d ] Request (TenantUsagesTestJSON:setUpClass): 200 GET http://10.180.1.21/compute/v2.1/servers/23d496ce-cce1-47ee-b8f9-ef08d1f81d5d 0.265s
2025-04-08 00:58:44.516 69864 INFO tempest.lib.common.rest_client [req-751b0789-e0f6-46c1-a6c7-a54881477f20 req-751b0789-e0f6-46c1-a6c7-a54881477f20 ] Request (AttachInterfacesTestJSON:test_create_list_show_delete_interfaces_by_fixed_ip): 200 GET http://10.180.1.21/compute/v2.1/servers/6b391d42-08bf-4dd2-9bbf-4eab08b42a89 0.282s
2025-04-08 00:58:44.581 69850 INFO tempest.lib.common.rest_client [req-ea01e2ba-99af-44f1-b0aa-9a6d740685af req-ea01e2ba-99af-44f1-b0aa-9a6d740685af ] Request (DeleteServersAdminTestJSON:test_delete_server_while_in_error_state): 200 GET http://10.180.1.21/compute/v2.1/servers/996a56d7-78ba-4cb9-a88c-79141b26f472 0.334s
2025-04-08 00:58:44.608 69902 INFO tempest.lib.common.rest_client [req-b8005ded-608e-4973-b9a0-fdad0ee99963 req-b8005ded-608e-4973-b9a0-fdad0ee99963 ] Request (DeleteServersTestJSON:test_delete_server_while_in_attached_volume): 202 POST http://10.180.1.21/compute/v2.1/servers 0.520s
2025-04-08 00:58:44.639 69906 INFO tempest.lib.common.rest_client [req-ae6fb2c9-19be-477f-b6f6-7f5534cc4999 req-ae6fb2c9-19be-477f-b6f6-7f5534cc4999 ] Request (FloatingIPsAssociationNegativeTestJSON:tearDownClass): 200 GET http://10.180.1.21/compute/v2.1/servers/b4a6ccb1-d746-44f1-8dab-0b7ae7f358b6 0.350s
2025-04-08 00:58:44.658 69866 INFO tempest.lib.common.rest_client [req-f9723974-4fe3-4952-aa41-c0514fa43053 req-f9723974-4fe3-4952-aa41-c0514fa43053 ] Request (AttachInterfacesV270Test:tearDownClass): 200 GET http://10.180.1.21/compute/v2.1/servers/a056461f-a9e6-44a3-a42e-5277dc21344d 0.274s
2025-04-08 00:58:44.686 69886 INFO tempest.lib.common.rest_client [req-03998d6f-08ae-49ab-a270-073b35d43e0e req-03998d6f-08ae-49ab-a270-073b35d43e0e ] Request (SecurityGroupsTestJSON:test_server_security_groups): 200 GET http://10.180.1.21/compute/v2.1/servers/9bd9e5f3-036b-44a2-8863-470653a383d1 0.167s
2025-04-08 00:58:44.703 69896 INFO tempest.lib.common.rest_client [req-3c445fad-0a06-42eb-97b4-90420a0bc07b req-3c445fad-0a06-42eb-97b4-90420a0bc07b ] Request (ServerActionsTestOtherB:setUpClass): 200 GET http://10.180.1.21/compute/v2.1/servers/d2cf6d47-2eb2-43e9-baad-73442f983351 0.148s
2025-04-08 00:58:44.736 69908 INFO tempest.lib.common.rest_client [req-7d8e0762-05b3-4e85-9224-4cbd62172cba req-7d8e0762-05b3-4e85-9224-4cbd62172cba ] Request (ServerActionsTestOtherA:setUpClass): 200 GET http://10.180.1.21/compute/v2.1/servers/5e520785-7734-4ad6-a1d9-d84eaab73f9d 0.144s
2025-04-08 00:58:44.745 69902 INFO tempest.lib.common.rest_client [req-ed2cd951-38fd-4f72-aa48-b134794a55e6 req-ed2cd951-38fd-4f72-aa48-b134794a55e6 ] Request (DeleteServersTestJSON:test_delete_server_while_in_attached_volume): 200 GET http://10.180.1.21/compute/v2.1/servers/38c879a6-039b-4544-9efa-55d87a3db614 0.135s
2025-04-08 00:58:44.779 69870 INFO tempest.lib.common.rest_client [req-d8502dbb-26aa-441e-882c-3b33867abc89 req-d8502dbb-26aa-441e-882c-3b33867abc89 ] Request (MigrationsAdminTest:test_resize_server_revert_deleted_flavor): 200 GET http://10.180.1.21/compute/v2.1/servers/47918cb8-1e59-4dfd-b161-1c7f6848bdbf 0.132s
2025-04-08 00:58:44.933 69910 INFO tempest.lib.common.rest_client [req-40fdce02-576f-4075-9785-db4807de6bf9 req-40fdce02-576f-4075-9785-db4807de6bf9 ] Request (ServersTestJSON:test_create_server_specify_multibyte_character_name): 200 GET http://10.180.1.21/compute/v2.1/servers/656029d7-0bfc-4e9a-a894-8d29066228bb 0.056s
2025-04-08 00:58:44.973 69901 INFO tempest.lib.common.rest_client [req-4fda2272-1b65-4f4d-a7e4-b197b468d2e7 req-4fda2272-1b65-4f4d-a7e4-b197b468d2e7 ] Request (ServersTestJSON:setUpClass): 200 GET http://10.180.1.21/compute/v2.1/servers/7ea69d07-17ad-4ec6-bbe3-ff7f2e51794e 0.108s
2025-04-08 00:58:45.030 69879 INFO tempest.lib.common.rest_client [req-46c4657e-b311-4890-ba8b-9552dd472a6f req-46c4657e-b311-4890-ba8b-9552dd472a6f ] Request (FloatingIPsAssociationTestJSON:tearDownClass): 200 GET http://10.180.1.21/compute/v2.1/servers/12b2e24d-c606-4c5b-b56d-58c9cda03536 0.064s
2025-04-08 00:58:45.071 69862 INFO tempest.lib.common.rest_client [req-7002ea99-fee5-46cf-a698-714734a83b74 req-7002ea99-fee5-46cf-a698-714734a83b74 ] Request (ServerExternalEventsTest:test_create_server_external_events): 200 GET http://10.180.1.21/compute/v2.1/servers/5992d1f4-5bc1-42a7-860b-984593253dd9 0.101s
2025-04-08 00:58:45.078 69892 INFO tempest.lib.common.rest_client [req-36e88082-788e-4d95-a9bb-d4fcd60fae8b req-36e88082-788e-4d95-a9bb-d4fcd60fae8b ] Request (MultipleCreateTestJSON:test_multiple_create_with_reservation_return): 200 GET http://10.180.1.21/compute/v2.1/servers/67d8fa6b-dd82-45f4-b425-4dc27b321d16 0.062s
2025-04-08 00:58:45.103 69898 INFO tempest.lib.common.rest_client [req-ef16b6bb-2492-4783-be72-58a9ed2e134c req-ef16b6bb-2492-4783-be72-58a9ed2e134c ] Request (ImagesTestJSON:test_create_image_from_suspended_server): 200 GET http://10.180.1.21/compute/v2.1/images/863d51b0-30b9-4574-859a-646caf238e5b 0.048s
2025-04-08 00:58:45.130 69848 INFO tempest.lib.common.rest_client [req-cc496001-7924-422a-857b-aa1778f02b32 req-cc496001-7924-422a-857b-aa1778f02b32 ] Request (ServersNegativeTestJSON:setUpClass): 200 GET http://10.180.1.21/compute/v2.1/servers/8865002f-5666-480a-852d-67f6768642a3 0.059s
2025-04-08 00:58:45.161 69860 INFO tempest.lib.common.rest_client [req-fd5ca415-02cc-4111-b29a-9e4468ad0387 req-fd5ca415-02cc-4111-b29a-9e4468ad0387 ] Request (ListImageFiltersTestJSON:setUpClass): 200 GET http://10.180.1.21/compute/v2.1/servers/685aaf9b-7133-48ce-8224-3f855f94d723 0.050s
2025-04-08 00:58:45.176 69894 INFO tempest.lib.common.rest_client [req-74420d58-319d-4b5a-971b-8c8ebac37af5 req-74420d58-319d-4b5a-971b-8c8ebac37af5 ] Request (ImagesOneServerNegativeTestJSON:_run_cleanups): 200 GET http://10.180.1.21/compute/v2.1/servers/cc36ef6c-6844-4745-a164-44ddbe158fe9 0.052s
2025-04-08 00:58:45.223 69872 INFO tempest.lib.common.rest_client [req-3ffb5ae0-01eb-49d0-b68a-9346512ffe6c req-3ffb5ae0-01eb-49d0-b68a-9346512ffe6c ] Request (ServersAdminNegativeTestJSON:tearDownClass): 200 GET http://10.180.1.21/compute/v2.1/servers/20be0043-3dc2-45c6-8f27-903a6c3fe7dd 0.057s
2025-04-08 00:58:45.249 69874 INFO tempest.lib.common.rest_client [req-a0359185-4fa7-4674-9394-9762c8b1546b req-a0359185-4fa7-4674-9394-9762c8b1546b ] Request (ServerShowV247Test:tearDownClass): 200 GET http://10.180.1.21/compute/v2.1/servers/47c3549e-54ed-40d6-9acc-613d38553ac5 0.061s
2025-04-08 00:58:45.267 69868 INFO tempest.lib.common.rest_client [req-3430f045-7f1c-47f3-809e-72a3cc48f26b req-3430f045-7f1c-47f3-809e-72a3cc48f26b ] Request (AttachVolumeTestJSON:test_attach_detach_volume): 200 GET http://10.180.1.21/compute/v2.1/servers/c7a63209-9705-4caa-b567-ffd30dbe38c2 0.054s
2025-04-08 00:58:45.320 69856 INFO tempest.lib.common.rest_client [req-1515789b-902f-4e3c-9ff0-06032a73c683 req-1515789b-902f-4e3c-9ff0-06032a73c683 ] Request (ServersAdminTestJSON:setUpClass): 200 GET http://10.180.1.21/compute/v2.1/servers/739d97b6-1445-4fcf-ad56-8ffa09061569 0.046s
2025-04-08 00:58:45.398 69854 INFO tempest.lib.common.rest_client [req-14c0f702-0ac2-40ba-80ff-7674a5ee661a req-14c0f702-0ac2-40ba-80ff-7674a5ee661a ] Request (ServerTagsTestJSON:tearDownClass): 200 GET http://10.180.1.21/compute/v2.1/servers/bc990ba2-d378-4508-bb7a-99e53157d3cf 0.054s
2025-04-08 00:58:45.446 69880 INFO tempest.lib.common.rest_client [req-0cfef0ff-656c-4fd3-ad2e-fe6e3338551d req-0cfef0ff-656c-4fd3-ad2e-fe6e3338551d ] Request (ServersTestMultiNic:test_verify_duplicate_network_nics): 200 GET http://10.180.1.21/compute/v2.1/servers/e3a8beb1-fde1-487c-9001-573a322acf9f 0.048s
2025-04-08 00:58:45.512 69852 INFO tempest.lib.common.rest_client [req-5067d817-7a28-4f51-89c1-811b989c34a0 req-5067d817-7a28-4f51-89c1-811b989c34a0 ] Request (TenantUsagesTestJSON:setUpClass): 200 GET http://10.180.1.21/compute/v2.1/servers/23d496ce-cce1-47ee-b8f9-ef08d1f81d5d 0.046s
2025-04-08 00:58:45.574 69864 INFO tempest.lib.common.rest_client [req-7aa34352-c1c1-4a63-960c-4d71ede06bf0 req-7aa34352-c1c1-4a63-960c-4d71ede06bf0 ] Request (AttachInterfacesTestJSON:test_create_list_show_delete_interfaces_by_fixed_ip): 200 GET http://10.180.1.21/compute/v2.1/servers/6b391d42-08bf-4dd2-9bbf-4eab08b42a89 0.049s
2025-04-08 00:58:45.644 69850 INFO tempest.lib.common.rest_client [req-beae9f54-8d52-41e9-9082-f5651ee2af4f req-beae9f54-8d52-41e9-9082-f5651ee2af4f ] Request (DeleteServersAdminTestJSON:test_delete_server_while_in_error_state): 200 GET http://10.180.1.21/compute/v2.1/servers/996a56d7-78ba-4cb9-a88c-79141b26f472 0.054s
2025-04-08 00:58:45.738 69906 INFO tempest.lib.common.rest_client [req-84251c24-4d96-4309-b66d-b87a98dd8be0 req-84251c24-4d96-4309-b66d-b87a98dd8be0 ] Request (FloatingIPsAssociationNegativeTestJSON:tearDownClass): 200 GET http://10.180.1.21/compute/v2.1/servers/b4a6ccb1-d746-44f1-8dab-0b7ae7f358b6 0.089s
2025-04-08 00:58:45.750 69866 INFO tempest.lib.common.rest_client [req-a4affba8-5121-43d9-a99f-6ad25bad5aae req-a4affba8-5121-43d9-a99f-6ad25bad5aae ] Request (AttachInterfacesV270Test:tearDownClass): 200 GET http://10.180.1.21/compute/v2.1/servers/a056461f-a9e6-44a3-a42e-5277dc21344d 0.082s
2025-04-08 00:58:45.758 69866 INFO tempest.common.waiters [-] State transition "ACTIVE/deleting" ==> "DELETED/None" after 3 second wait
2025-04-08 00:58:45.794 69886 INFO tempest.lib.common.rest_client [req-c8b397af-2902-439e-9f4c-53063753e7e2 req-c8b397af-2902-439e-9f4c-53063753e7e2 ] Request (SecurityGroupsTestJSON:test_server_security_groups): 200 GET http://10.180.1.21/compute/v2.1/servers/9bd9e5f3-036b-44a2-8863-470653a383d1 0.097s
2025-04-08 00:58:45.800 69896 INFO tempest.lib.common.rest_client [req-c6449544-4d95-485b-aebf-0c5b64d6a47d req-c6449544-4d95-485b-aebf-0c5b64d6a47d ] Request (ServerActionsTestOtherB:setUpClass): 200 GET http://10.180.1.21/compute/v2.1/servers/d2cf6d47-2eb2-43e9-baad-73442f983351 0.090s
2025-04-08 00:58:45.846 69908 INFO tempest.lib.common.rest_client [req-40ff7881-11a1-449a-81f3-fe2acae6981e req-40ff7881-11a1-449a-81f3-fe2acae6981e ] Request (ServerActionsTestOtherA:setUpClass): 200 GET http://10.180.1.21/compute/v2.1/servers/5e520785-7734-4ad6-a1d9-d84eaab73f9d 0.099s
2025-04-08 00:58:45.852 69902 INFO tempest.lib.common.rest_client [req-62edb604-0bf9-4c52-bba5-4ed2a6c70ca7 req-62edb604-0bf9-4c52-bba5-4ed2a6c70ca7 ] Request (DeleteServersTestJSON:test_delete_server_while_in_attached_volume): 200 GET http://10.180.1.21/compute/v2.1/servers/38c879a6-039b-4544-9efa-55d87a3db614 0.099s
2025-04-08 00:58:45.893 69870 INFO tempest.lib.common.rest_client [req-e993d2eb-69c9-4938-a9b8-8c81537460ce req-e993d2eb-69c9-4938-a9b8-8c81537460ce ] Request (MigrationsAdminTest:test_resize_server_revert_deleted_flavor): 200 GET http://10.180.1.21/compute/v2.1/servers/47918cb8-1e59-4dfd-b161-1c7f6848bdbf 0.105s
2025-04-08 00:58:45.989 69910 INFO tempest.lib.common.rest_client [req-8ef08617-7812-4363-a424-b63212bc9583 req-8ef08617-7812-4363-a424-b63212bc9583 ] Request (ServersTestJSON:test_create_server_specify_multibyte_character_name): 200 GET http://10.180.1.21/compute/v2.1/servers/656029d7-0bfc-4e9a-a894-8d29066228bb 0.049s
2025-04-08 00:58:46.077 69901 INFO tempest.lib.common.rest_client [req-13fd8d7d-8672-4ee6-9e20-9f4ff7d5d311 req-13fd8d7d-8672-4ee6-9e20-9f4ff7d5d311 ] Request (ServersTestJSON:setUpClass): 200 GET http://10.180.1.21/compute/v2.1/servers/7ea69d07-17ad-4ec6-bbe3-ff7f2e51794e 0.097s
2025-04-08 00:58:46.098 69879 INFO tempest.lib.common.rest_client [req-7d03c1db-9cd6-4458-a996-5f40d09e5ef4 req-7d03c1db-9cd6-4458-a996-5f40d09e5ef4 ] Request (FloatingIPsAssociationTestJSON:tearDownClass): 200 GET http://10.180.1.21/compute/v2.1/servers/12b2e24d-c606-4c5b-b56d-58c9cda03536 0.058s
2025-04-08 00:58:46.145 69892 INFO tempest.lib.common.rest_client [req-0d8a8fe5-3194-43a2-9813-34d4f5b7ea6c req-0d8a8fe5-3194-43a2-9813-34d4f5b7ea6c ] Request (MultipleCreateTestJSON:test_multiple_create_with_reservation_return): 200 GET http://10.180.1.21/compute/v2.1/servers/67d8fa6b-dd82-45f4-b425-4dc27b321d16 0.059s
2025-04-08 00:58:46.174 69862 INFO tempest.lib.common.rest_client [req-81af2475-67c7-435a-b63d-6f288fc82506 req-81af2475-67c7-435a-b63d-6f288fc82506 ] Request (ServerExternalEventsTest:test_create_server_external_events): 200 GET http://10.180.1.21/compute/v2.1/servers/5992d1f4-5bc1-42a7-860b-984593253dd9 0.095s
2025-04-08 00:58:46.178 69898 INFO tempest.lib.common.rest_client [req-2d2b9544-66fb-44d2-b0f6-99a57aaa542a req-2d2b9544-66fb-44d2-b0f6-99a57aaa542a ] Request (ImagesTestJSON:test_create_image_from_suspended_server): 200 GET http://10.180.1.21/compute/v2.1/images/863d51b0-30b9-4574-859a-646caf238e5b 0.072s
2025-04-08 00:58:46.227 69848 INFO tempest.lib.common.rest_client [req-ae1ba9dc-e2fd-4e71-84e0-296cfae687e6 req-ae1ba9dc-e2fd-4e71-84e0-296cfae687e6 ] Request (ServersNegativeTestJSON:setUpClass): 200 GET http://10.180.1.21/compute/v2.1/servers/8865002f-5666-480a-852d-67f6768642a3 0.089s
2025-04-08 00:58:46.229 69860 INFO tempest.lib.common.rest_client [req-7fdac7e8-89b0-41ff-94f8-d35d98824285 req-7fdac7e8-89b0-41ff-94f8-d35d98824285 ] Request (ListImageFiltersTestJSON:setUpClass): 200 GET http://10.180.1.21/compute/v2.1/servers/685aaf9b-7133-48ce-8224-3f855f94d723 0.060s
2025-04-08 00:58:46.273 69894 INFO tempest.lib.common.rest_client [req-3dc445e4-e35e-4c06-a2ec-c457377bf4bc req-3dc445e4-e35e-4c06-a2ec-c457377bf4bc ] Request (ImagesOneServerNegativeTestJSON:_run_cleanups): 200 GET http://10.180.1.21/compute/v2.1/servers/cc36ef6c-6844-4745-a164-44ddbe158fe9 0.089s
2025-04-08 00:58:46.289 69872 INFO tempest.lib.common.rest_client [req-6a0dfdb1-382a-4d1f-a46d-08c34536e020 req-6a0dfdb1-382a-4d1f-a46d-08c34536e020 ] Request (ServersAdminNegativeTestJSON:tearDownClass): 200 GET http://10.180.1.21/compute/v2.1/servers/20be0043-3dc2-45c6-8f27-903a6c3fe7dd 0.059s
2025-04-08 00:58:46.330 69874 INFO tempest.lib.common.rest_client [req-6f4c5868-5f74-44e9-bcfb-a9994655c1a0 req-6f4c5868-5f74-44e9-bcfb-a9994655c1a0 ] Request (ServerShowV247Test:tearDownClass): 200 GET http://10.180.1.21/compute/v2.1/servers/47c3549e-54ed-40d6-9acc-613d38553ac5 0.072s
2025-04-08 00:58:46.336 69868 INFO tempest.lib.common.rest_client [req-e4654b2d-3dd6-4c54-8ab9-3f01e3e0d8b2 req-e4654b2d-3dd6-4c54-8ab9-3f01e3e0d8b2 ] Request (AttachVolumeTestJSON:test_attach_detach_volume): 200 GET http://10.180.1.21/compute/v2.1/servers/c7a63209-9705-4caa-b567-ffd30dbe38c2 0.060s
2025-04-08 00:58:46.375 69856 INFO tempest.lib.common.rest_client [req-54380349-0a1f-4215-96b4-dba949968acf req-54380349-0a1f-4215-96b4-dba949968acf ] Request (ServersAdminTestJSON:setUpClass): 200 GET http://10.180.1.21/compute/v2.1/servers/739d97b6-1445-4fcf-ad56-8ffa09061569 0.048s
2025-04-08 00:58:46.464 69854 INFO tempest.lib.common.rest_client [req-3ced8bb1-91ee-437a-abed-10b1ef4948d1 req-3ced8bb1-91ee-437a-abed-10b1ef4948d1 ] Request (ServerTagsTestJSON:tearDownClass): 200 GET http://10.180.1.21/compute/v2.1/servers/bc990ba2-d378-4508-bb7a-99e53157d3cf 0.057s
2025-04-08 00:58:46.502 69880 INFO tempest.lib.common.rest_client [req-00e70aeb-0107-4dfe-8d27-86cba8081893 req-00e70aeb-0107-4dfe-8d27-86cba8081893 ] Request (ServersTestMultiNic:test_verify_duplicate_network_nics): 200 GET http://10.180.1.21/compute/v2.1/servers/e3a8beb1-fde1-487c-9001-573a322acf9f 0.048s
2025-04-08 00:58:46.567 69852 INFO tempest.lib.common.rest_client [req-25c45858-0697-4771-b40a-5f6a1c84952e req-25c45858-0697-4771-b40a-5f6a1c84952e ] Request (TenantUsagesTestJSON:setUpClass): 200 GET http://10.180.1.21/compute/v2.1/servers/23d496ce-cce1-47ee-b8f9-ef08d1f81d5d 0.047s
2025-04-08 00:58:46.629 69864 INFO tempest.lib.common.rest_client [req-84c9f474-7c40-4181-b675-15447d961a79 req-84c9f474-7c40-4181-b675-15447d961a79 ] Request (AttachInterfacesTestJSON:test_create_list_show_delete_interfaces_by_fixed_ip): 200 GET http://10.180.1.21/compute/v2.1/servers/6b391d42-08bf-4dd2-9bbf-4eab08b42a89 0.047s
2025-04-08 00:58:46.684 69876 WARNING tempest.lib.common.ssh [-] Failed to establish authenticated ssh connection to cirros@10.180.180.237 ([Errno None] Unable to connect to port 22 on 10.180.180.237). Number attempts: 10. Retry after 11 seconds.: paramiko.ssh_exception.NoValidConnectionsError: [Errno None] Unable to connect to port 22 on 10.180.180.237
2025-04-08 00:58:46.709 69850 INFO tempest.lib.common.rest_client [req-0df84d18-205f-4ea3-977d-fdd311e99a77 req-0df84d18-205f-4ea3-977d-fdd311e99a77 ] Request (DeleteServersAdminTestJSON:test_delete_server_while_in_error_state): 200 GET http://10.180.1.21/compute/v2.1/servers/996a56d7-78ba-4cb9-a88c-79141b26f472 0.056s
2025-04-08 00:58:46.805 69906 INFO tempest.lib.common.rest_client [req-78384a01-1bda-4a97-849f-f18370f249be req-78384a01-1bda-4a97-849f-f18370f249be ] Request (FloatingIPsAssociationNegativeTestJSON:tearDownClass): 200 GET http://10.180.1.21/compute/v2.1/servers/b4a6ccb1-d746-44f1-8dab-0b7ae7f358b6 0.057s
2025-04-08 00:58:46.824 69866 INFO tempest.lib.common.rest_client [req-0a2821f0-b10c-46b3-9d79-08ebb3219c22 req-0a2821f0-b10c-46b3-9d79-08ebb3219c22 ] Request (AttachInterfacesV270Test:tearDownClass): 200 GET http://10.180.1.21/compute/v2.1/servers/a056461f-a9e6-44a3-a42e-5277dc21344d 0.064s
2025-04-08 00:58:46.853 69886 INFO tempest.lib.common.rest_client [req-15c7e916-3a90-47e4-b0b8-4d89e88e396c req-15c7e916-3a90-47e4-b0b8-4d89e88e396c ] Request (SecurityGroupsTestJSON:test_server_security_groups): 200 GET http://10.180.1.21/compute/v2.1/servers/9bd9e5f3-036b-44a2-8863-470653a383d1 0.050s
2025-04-08 00:58:46.874 69896 INFO tempest.lib.common.rest_client [req-f2073ca5-fbbb-48a6-8bde-c8493a5b6913 req-f2073ca5-fbbb-48a6-8bde-c8493a5b6913 ] Request (ServerActionsTestOtherB:setUpClass): 200 GET http://10.180.1.21/compute/v2.1/servers/d2cf6d47-2eb2-43e9-baad-73442f983351 0.057s
2025-04-08 00:58:46.908 69908 INFO tempest.lib.common.rest_client [req-cb81c199-85e1-446b-a4b7-71f42334586e req-cb81c199-85e1-446b-a4b7-71f42334586e ] Request (ServerActionsTestOtherA:setUpClass): 200 GET http://10.180.1.21/compute/v2.1/servers/5e520785-7734-4ad6-a1d9-d84eaab73f9d 0.051s
2025-04-08 00:58:46.921 69902 INFO tempest.lib.common.rest_client [req-edf4705d-7ea9-4bbc-b4e4-1362dc8795e3 req-edf4705d-7ea9-4bbc-b4e4-1362dc8795e3 ] Request (DeleteServersTestJSON:test_delete_server_while_in_attached_volume): 200 GET http://10.180.1.21/compute/v2.1/servers/38c879a6-039b-4544-9efa-55d87a3db614 0.061s
2025-04-08 00:58:46.956 69870 INFO tempest.lib.common.rest_client [req-e6a19bae-0de3-4c76-822e-31fe0fdbc99e req-e6a19bae-0de3-4c76-822e-31fe0fdbc99e ] Request (MigrationsAdminTest:test_resize_server_revert_deleted_flavor): 200 GET http://10.180.1.21/compute/v2.1/servers/47918cb8-1e59-4dfd-b161-1c7f6848bdbf 0.054s
2025-04-08 00:58:47.045 69910 INFO tempest.lib.common.rest_client [req-8c395a04-6dfa-440c-be77-5bbfae1c473a req-8c395a04-6dfa-440c-be77-5bbfae1c473a ] Request (ServersTestJSON:test_create_server_specify_multibyte_character_name): 200 GET http://10.180.1.21/compute/v2.1/servers/656029d7-0bfc-4e9a-a894-8d29066228bb 0.047s
2025-04-08 00:58:47.196 69879 INFO tempest.lib.common.rest_client [req-3bd79815-32ca-45be-a9d4-63e0aa206e41 req-3bd79815-32ca-45be-a9d4-63e0aa206e41 ] Request (FloatingIPsAssociationTestJSON:tearDownClass): 200 GET http://10.180.1.21/compute/v2.1/servers/12b2e24d-c606-4c5b-b56d-58c9cda03536 0.090s
2025-04-08 00:58:47.216 69901 INFO tempest.lib.common.rest_client [req-a45808be-335c-4429-9c69-e4a1d17f3639 req-a45808be-335c-4429-9c69-e4a1d17f3639 ] Request (ServersTestJSON:setUpClass): 200 GET http://10.180.1.21/compute/v2.1/servers/7ea69d07-17ad-4ec6-bbe3-ff7f2e51794e 0.129s
2025-04-08 00:58:47.224 69901 INFO tempest.common.waiters [-] State transition "BUILD/spawning" ==> "ACTIVE/None" after 66 second wait
2025-04-08 00:58:47.243 69892 INFO tempest.lib.common.rest_client [req-61caeb44-b212-47ae-9c47-8392b44dee38 req-61caeb44-b212-47ae-9c47-8392b44dee38 ] Request (MultipleCreateTestJSON:test_multiple_create_with_reservation_return): 200 GET http://10.180.1.21/compute/v2.1/servers/67d8fa6b-dd82-45f4-b425-4dc27b321d16 0.091s
2025-04-08 00:58:47.273 69898 INFO tempest.lib.common.rest_client [req-56e4f327-4513-466c-833a-8207cad226f3 req-56e4f327-4513-466c-833a-8207cad226f3 ] Request (ImagesTestJSON:test_create_image_from_suspended_server): 200 GET http://10.180.1.21/compute/v2.1/images/863d51b0-30b9-4574-859a-646caf238e5b 0.090s
2025-04-08 00:58:47.295 69862 INFO tempest.lib.common.rest_client [req-4e9d52fc-6419-4c2d-a612-3728eeb58bd3 req-4e9d52fc-6419-4c2d-a612-3728eeb58bd3 ] Request (ServerExternalEventsTest:test_create_server_external_events): 200 GET http://10.180.1.21/compute/v2.1/servers/5992d1f4-5bc1-42a7-860b-984593253dd9 0.113s
2025-04-08 00:58:47.325 69901 INFO tempest.lib.common.rest_client [req-cc19be1f-c36a-493c-bd4b-cb1cc1626b59 req-cc19be1f-c36a-493c-bd4b-cb1cc1626b59 ] Request (ServersTestJSON:setUpClass): 200 GET http://10.180.1.21/compute/v2.1/servers/7ea69d07-17ad-4ec6-bbe3-ff7f2e51794e/os-interface 0.100s
2025-04-08 00:58:47.380 69860 INFO tempest.lib.common.rest_client [req-bd31218a-b431-4866-a48d-aea26ac3cff8 req-bd31218a-b431-4866-a48d-aea26ac3cff8 ] Request (ListImageFiltersTestJSON:setUpClass): 200 GET http://10.180.1.21/compute/v2.1/servers/685aaf9b-7133-48ce-8224-3f855f94d723 0.143s
2025-04-08 00:58:47.429 69894 INFO tempest.lib.common.rest_client [req-78a9217f-ccb7-482b-9941-ff66c0f5e5b6 req-78a9217f-ccb7-482b-9941-ff66c0f5e5b6 ] Request (ImagesOneServerNegativeTestJSON:_run_cleanups): 200 GET http://10.180.1.21/compute/v2.1/servers/cc36ef6c-6844-4745-a164-44ddbe158fe9 0.147s
2025-04-08 00:58:47.433 69848 INFO tempest.lib.common.rest_client [req-0136afc0-d809-4ea3-85b2-64f2b9d1bb49 req-0136afc0-d809-4ea3-85b2-64f2b9d1bb49 ] Request (ServersNegativeTestJSON:setUpClass): 200 GET http://10.180.1.21/compute/v2.1/servers/8865002f-5666-480a-852d-67f6768642a3 0.198s
2025-04-08 00:58:47.445 69848 INFO tempest.common.waiters [-] State transition "BUILD/None" ==> "BUILD/networking" after 64 second wait
2025-04-08 00:58:47.488 69872 INFO tempest.lib.common.rest_client [req-bab6df2c-48b0-4e6f-9576-96c40bafd181 req-bab6df2c-48b0-4e6f-9576-96c40bafd181 ] Request (ServersAdminNegativeTestJSON:tearDownClass): 200 GET http://10.180.1.21/compute/v2.1/servers/20be0043-3dc2-45c6-8f27-903a6c3fe7dd 0.189s
2025-04-08 00:58:47.498 69874 INFO tempest.lib.common.rest_client [req-1ae0dc1b-9800-4642-8f93-015bf146d200 req-1ae0dc1b-9800-4642-8f93-015bf146d200 ] Request (ServerShowV247Test:tearDownClass): 200 GET http://10.180.1.21/compute/v2.1/servers/47c3549e-54ed-40d6-9acc-613d38553ac5 0.157s
2025-04-08 00:58:47.548 69868 INFO tempest.lib.common.rest_client [req-44b8805e-2e20-4088-a751-f82c09d77beb req-44b8805e-2e20-4088-a751-f82c09d77beb ] Request (AttachVolumeTestJSON:test_attach_detach_volume): 200 GET http://10.180.1.21/compute/v2.1/servers/c7a63209-9705-4caa-b567-ffd30dbe38c2 0.204s
2025-04-08 00:58:47.554 69856 INFO tempest.lib.common.rest_client [req-d2243c97-e6bf-4ea3-b477-53dffeca3b55 req-d2243c97-e6bf-4ea3-b477-53dffeca3b55 ] Request (ServersAdminTestJSON:setUpClass): 200 GET http://10.180.1.21/compute/v2.1/servers/739d97b6-1445-4fcf-ad56-8ffa09061569 0.167s
2025-04-08 00:58:47.613 69854 INFO tempest.lib.common.rest_client [req-241110c9-808e-4cca-a922-661c22b76c2a req-241110c9-808e-4cca-a922-661c22b76c2a ] Request (ServerTagsTestJSON:tearDownClass): 200 GET http://10.180.1.21/compute/v2.1/servers/bc990ba2-d378-4508-bb7a-99e53157d3cf 0.138s
2025-04-08 00:58:47.617 69880 INFO tempest.lib.common.rest_client [req-894406eb-0b32-4101-a811-0400ec44a4f6 req-894406eb-0b32-4101-a811-0400ec44a4f6 ] Request (ServersTestMultiNic:test_verify_duplicate_network_nics): 200 GET http://10.180.1.21/compute/v2.1/servers/e3a8beb1-fde1-487c-9001-573a322acf9f 0.107s
2025-04-08 00:58:47.665 69852 INFO tempest.lib.common.rest_client [req-76d6575c-f4eb-4837-a899-9eec44eb8872 req-76d6575c-f4eb-4837-a899-9eec44eb8872 ] Request (TenantUsagesTestJSON:setUpClass): 200 GET http://10.180.1.21/compute/v2.1/servers/23d496ce-cce1-47ee-b8f9-ef08d1f81d5d 0.091s
2025-04-08 00:58:47.688 69864 INFO tempest.lib.common.rest_client [req-e50674cc-ae5c-4430-829e-b96cede1b76d req-e50674cc-ae5c-4430-829e-b96cede1b76d ] Request (AttachInterfacesTestJSON:test_create_list_show_delete_interfaces_by_fixed_ip): 200 GET http://10.180.1.21/compute/v2.1/servers/6b391d42-08bf-4dd2-9bbf-4eab08b42a89 0.052s
2025-04-08 00:58:47.788 69850 INFO tempest.lib.common.rest_client [req-3faea1fe-993a-4327-8cf9-4ad1f607df63 req-3faea1fe-993a-4327-8cf9-4ad1f607df63 ] Request (DeleteServersAdminTestJSON:test_delete_server_while_in_error_state): 200 GET http://10.180.1.21/compute/v2.1/servers/996a56d7-78ba-4cb9-a88c-79141b26f472 0.071s
2025-04-08 00:58:47.811 69901 INFO tempest.lib.common.rest_client [req-c6c0fceb-0a67-4833-87ea-41b0ad25f891 req-c6c0fceb-0a67-4833-87ea-41b0ad25f891 ] Request (ServersTestJSON:setUpClass): 200 PUT http://10.180.1.21:9696/networking/v2.0/floatingips/cd0df16c-9785-4283-a09d-3869e8e51c91 0.484s
2025-04-08 00:58:47.879 69906 INFO tempest.lib.common.rest_client [req-8b32e087-1667-4b88-8437-a22e3da72f99 req-8b32e087-1667-4b88-8437-a22e3da72f99 ] Request (FloatingIPsAssociationNegativeTestJSON:tearDownClass): 200 GET http://10.180.1.21/compute/v2.1/servers/b4a6ccb1-d746-44f1-8dab-0b7ae7f358b6 0.063s
2025-04-08 00:58:47.926 69901 INFO tempest.lib.common.rest_client [req-4307639a-5f52-4c6f-b69c-baf0a953332e req-4307639a-5f52-4c6f-b69c-baf0a953332e ] Request (ServersTestJSON:setUpClass): 200 GET http://10.180.1.21/compute/v2.1/servers/7ea69d07-17ad-4ec6-bbe3-ff7f2e51794e 0.114s
2025-04-08 00:58:47.935 69866 INFO tempest.lib.common.rest_client [req-01104258-405d-46dc-bad7-551aa1d8b416 req-01104258-405d-46dc-bad7-551aa1d8b416 ] Request (AttachInterfacesV270Test:tearDownClass): 200 GET http://10.180.1.21/compute/v2.1/servers/a056461f-a9e6-44a3-a42e-5277dc21344d 0.101s
2025-04-08 00:58:47.936 69901 INFO tempest.lib.common.ssh [-] Creating ssh connection to '10.180.180.184:22' as 'cirros' with public key authentication
2025-04-08 00:58:47.973 69886 INFO tempest.lib.common.rest_client [req-a9bb2fc8-6b93-43f1-b615-75856dda4767 req-a9bb2fc8-6b93-43f1-b615-75856dda4767 ] Request (SecurityGroupsTestJSON:test_server_security_groups): 200 GET http://10.180.1.21/compute/v2.1/servers/9bd9e5f3-036b-44a2-8863-470653a383d1 0.109s
2025-04-08 00:58:47.985 69896 INFO tempest.lib.common.rest_client [req-5e35164f-9d15-49b4-bfcd-6b3704e45377 req-5e35164f-9d15-49b4-bfcd-6b3704e45377 ] Request (ServerActionsTestOtherB:setUpClass): 200 GET http://10.180.1.21/compute/v2.1/servers/d2cf6d47-2eb2-43e9-baad-73442f983351 0.103s
2025-04-08 00:58:48.021 69908 INFO tempest.lib.common.rest_client [req-30b3f153-d632-459d-902e-4b86dfcb1c13 req-30b3f153-d632-459d-902e-4b86dfcb1c13 ] Request (ServerActionsTestOtherA:setUpClass): 200 GET http://10.180.1.21/compute/v2.1/servers/5e520785-7734-4ad6-a1d9-d84eaab73f9d 0.101s
2025-04-08 00:58:48.031 69902 INFO tempest.lib.common.rest_client [req-04ea972a-80af-4496-b86e-634d413579e6 req-04ea972a-80af-4496-b86e-634d413579e6 ] Request (DeleteServersTestJSON:test_delete_server_while_in_attached_volume): 200 GET http://10.180.1.21/compute/v2.1/servers/38c879a6-039b-4544-9efa-55d87a3db614 0.102s
2025-04-08 00:58:48.064 69870 INFO tempest.lib.common.rest_client [req-82cbec6a-287e-4950-99cf-562221796bc2 req-82cbec6a-287e-4950-99cf-562221796bc2 ] Request (MigrationsAdminTest:test_resize_server_revert_deleted_flavor): 200 GET http://10.180.1.21/compute/v2.1/servers/47918cb8-1e59-4dfd-b161-1c7f6848bdbf 0.100s
2025-04-08 00:58:48.107 69910 INFO tempest.lib.common.rest_client [req-d8610be0-9ff0-49bf-84c8-fbcf2a36f00c req-d8610be0-9ff0-49bf-84c8-fbcf2a36f00c ] Request (ServersTestJSON:test_create_server_specify_multibyte_character_name): 200 GET http://10.180.1.21/compute/v2.1/servers/656029d7-0bfc-4e9a-a894-8d29066228bb 0.053s
2025-04-08 00:58:48.280 69879 INFO tempest.lib.common.rest_client [req-dff4a354-986a-4255-afa8-c8f6a46d8f3d req-dff4a354-986a-4255-afa8-c8f6a46d8f3d ] Request (FloatingIPsAssociationTestJSON:tearDownClass): 200 GET http://10.180.1.21/compute/v2.1/servers/12b2e24d-c606-4c5b-b56d-58c9cda03536 0.075s
2025-04-08 00:58:48.308 69892 INFO tempest.lib.common.rest_client [req-53da4369-9bd7-4b8d-9e06-173b4587aa31 req-53da4369-9bd7-4b8d-9e06-173b4587aa31 ] Request (MultipleCreateTestJSON:test_multiple_create_with_reservation_return): 200 GET http://10.180.1.21/compute/v2.1/servers/67d8fa6b-dd82-45f4-b425-4dc27b321d16 0.056s
2025-04-08 00:58:48.312 69898 INFO tempest.lib.common.rest_client [req-8685ed98-95af-478c-bd45-dfbdf1e8fdd4 req-8685ed98-95af-478c-bd45-dfbdf1e8fdd4 ] Request (ImagesTestJSON:test_create_image_from_suspended_server): 200 GET http://10.180.1.21/compute/v2.1/images/863d51b0-30b9-4574-859a-646caf238e5b 0.035s
2025-04-08 00:58:48.428 69862 INFO tempest.lib.common.rest_client [req-c4da5408-400e-4637-9647-a2629e817ab7 req-c4da5408-400e-4637-9647-a2629e817ab7 ] Request (ServerExternalEventsTest:test_create_server_external_events): 200 GET http://10.180.1.21/compute/v2.1/servers/5992d1f4-5bc1-42a7-860b-984593253dd9 0.125s
