2025-04-08 00:59:13.502 69876 INFO tempest.lib.common.rest_client [req-b94c96ad-b5bd-4242-a674-e46fb678d8e0 req-b94c96ad-b5bd-4242-a674-e46fb678d8e0 ] Request (VolumesAssistedSnapshotsTest:test_volume_assisted_snapshot_create_delete): 200 GET http://10.180.1.21/volume/v3/volumes/416a363c-a20c-48e1-bea5-fdee21d1c15d 0.024s
2025-04-08 00:59:13.503 69872 INFO tempest.lib.common.rest_client [req-8df2cfe2-c42e-4372-b5d3-f1c4c1553ffd req-8df2cfe2-c42e-4372-b5d3-f1c4c1553ffd ] Request (ServersAdminNegativeTestJSON:tearDownClass): 200 GET http://10.180.1.21/compute/v2.1/servers/9eb3ac42-0a1e-4514-82a3-8a0656c64978 0.060s
2025-04-08 00:59:13.574 69870 INFO tempest.lib.common.rest_client [req-fc169c03-817f-4221-9c0f-9e44ed6f055f req-fc169c03-817f-4221-9c0f-9e44ed6f055f ] Request (MigrationsAdminTest:test_resize_server_revert_deleted_flavor): 200 GET http://10.180.1.21/compute/v2.1/servers/47918cb8-1e59-4dfd-b161-1c7f6848bdbf 0.058s
2025-04-08 00:59:13.575 69879 INFO tempest.lib.common.rest_client [req-2b70d6f9-7287-47fa-b595-8a0773599c7d req-2b70d6f9-7287-47fa-b595-8a0773599c7d ] Request (FloatingIPsAssociationTestJSON:tearDownClass): 200 GET http://10.180.1.21/compute/v2.1/servers/a8ab0f37-e0a6-4223-85cd-fa779c6139c9 0.063s
2025-04-08 00:59:13.630 69892 INFO tempest.lib.common.rest_client [req-9a53570c-7549-4280-841b-a2a53415d491 req-9a53570c-7549-4280-841b-a2a53415d491 ] Request (MultipleCreateTestJSON:test_multiple_create_with_reservation_return): 200 GET http://10.180.1.21/compute/v2.1/servers/67d8fa6b-dd82-45f4-b425-4dc27b321d16 0.054s
2025-04-08 00:59:13.636 69860 INFO tempest.lib.common.rest_client [req-5e04d85b-17ed-4be0-9ed3-e543b77b8caa req-5e04d85b-17ed-4be0-9ed3-e543b77b8caa ] Request (ListImageFiltersTestJSON:setUpClass): 200 GET http://10.180.1.21/compute/v2.1/servers/685aaf9b-7133-48ce-8224-3f855f94d723 0.065s
2025-04-08 00:59:13.686 69894 INFO tempest.lib.common.rest_client [req-4a38ce12-1a6f-49f5-b315-c2bf3bb275c5 req-4a38ce12-1a6f-49f5-b315-c2bf3bb275c5 ] Request (ImagesOneServerNegativeTestJSON:_run_cleanups): 200 GET http://10.180.1.21/compute/v2.1/servers/cc36ef6c-6844-4745-a164-44ddbe158fe9 0.051s
2025-04-08 00:59:13.797 69910 INFO tempest.lib.common.rest_client [req-ab86c48c-d560-498d-8f8a-ce469adb604b req-ab86c48c-d560-498d-8f8a-ce469adb604b ] Request (ServersTestJSON:test_create_server_specify_multibyte_character_name): 200 GET http://10.180.1.21/compute/v2.1/servers/656029d7-0bfc-4e9a-a894-8d29066228bb 0.087s
2025-04-08 00:59:13.807 69910 INFO tempest.common.waiters [-] State transition "BUILD/spawning" ==> "ACTIVE/None" after 87 second wait
2025-04-08 00:59:13.819 69868 INFO tempest.lib.common.rest_client [req-590942af-c836-42e4-bc45-aa070ef4b719 req-590942af-c836-42e4-bc45-aa070ef4b719 ] Request (AttachVolumeTestJSON:test_attach_detach_volume): 200 GET http://10.180.1.21/compute/v2.1/servers/c7a63209-9705-4caa-b567-ffd30dbe38c2 0.050s
2025-04-08 00:59:13.866 69910 INFO tempest.lib.common.rest_client [req-eb4c7df8-db7e-44e9-8fec-3ec075216c58 req-eb4c7df8-db7e-44e9-8fec-3ec075216c58 ] Request (ServersTestJSON:test_create_server_with_admin_password): 201 POST http://10.180.1.21/identity/v3/auth/tokens 0.054s
2025-04-08 00:59:13.867 69910 INFO tempest.lib.common.fixed_network [-] (ServersTestJSON:test_create_server_with_admin_password) Found network {'id': '832189f9-8f2f-40e2-8160-e6fa61780a49', 'name': 'tempest-ServersTestJSON-1834724665-network', 'tenant_id': '4cccc09d090b4befae6894a622c4c099', 'admin_state_up': True, 'mtu': 8950, 'status': 'ACTIVE', 'subnets': [], 'shared': False, 'project_id': '4cccc09d090b4befae6894a622c4c099', 'port_security_enabled': True, 'router:external': False, 'provider:network_type': 'vlan', 'provider:physical_network': 'default', 'provider:segmentation_id': 186, 'availability_zone_hints': [], 'availability_zones': [], 'ipv4_address_scope': None, 'ipv6_address_scope': None, 'description': '', 'tags': [], 'created_at': '2025-04-08T00:57:38Z', 'updated_at': '2025-04-08T00:57:38Z', 'revision_number': 1} available for tenant
2025-04-08 00:59:13.867 69856 INFO tempest.lib.common.rest_client [req-eaeb442f-0cc3-4399-958d-5198cf3d0dce req-eaeb442f-0cc3-4399-958d-5198cf3d0dce ] Request (ServersAdminTestJSON:setUpClass): 200 GET http://10.180.1.21/compute/v2.1/servers/739d97b6-1445-4fcf-ad56-8ffa09061569 0.048s
2025-04-08 00:59:13.930 69880 INFO tempest.lib.common.rest_client [req-0d9e3422-1e5b-4415-8ae6-5b66cca43bd4 req-0d9e3422-1e5b-4415-8ae6-5b66cca43bd4 ] Request (ServersTestMultiNic:test_verify_duplicate_network_nics): 200 GET http://10.180.1.21/compute/v2.1/servers/e3a8beb1-fde1-487c-9001-573a322acf9f 0.051s
2025-04-08 00:59:14.004 69862 INFO tempest.lib.common.rest_client [req-86b671de-dfb0-49a5-bc9a-e4c6d5f20ceb req-86b671de-dfb0-49a5-bc9a-e4c6d5f20ceb ] Request (ServerExternalEventsTest:tearDownClass): 200 GET http://10.180.1.21/compute/v2.1/servers/5992d1f4-5bc1-42a7-860b-984593253dd9 0.056s
2025-04-08 00:59:14.055 69898 INFO tempest.lib.common.rest_client [req-050ca448-f325-4044-ad61-506644cb7b5a req-050ca448-f325-4044-ad61-506644cb7b5a ] Request (ImagesTestJSON:test_create_server_from_snapshot): 200 GET http://10.180.1.21/compute/v2.1/servers/273e28db-880c-464f-b316-851419f091dc 0.068s
2025-04-08 00:59:14.149 69910 INFO tempest.lib.common.rest_client [req-15338fa1-4e87-4e5d-b60a-4aefe3dfdd7f req-15338fa1-4e87-4e5d-b60a-4aefe3dfdd7f ] Request (ServersTestJSON:test_create_server_with_admin_password): 202 POST http://10.180.1.21/compute/v2.1/servers 0.281s
2025-04-08 00:59:14.222 69906 INFO tempest.lib.common.rest_client [req-029bf604-47c7-4f32-a091-b1c693655eaf req-029bf604-47c7-4f32-a091-b1c693655eaf ] Request (ImagesOneServerTestJSON:setUpClass): 200 GET http://10.180.1.21/compute/v2.1/servers/9089ee06-1140-4149-a2a5-15a0f1e964e3 0.078s
2025-04-08 00:59:14.271 69852 INFO tempest.lib.common.rest_client [req-f38bfdd5-fe47-488d-9510-10bb14353031 req-f38bfdd5-fe47-488d-9510-10bb14353031 ] Request (TenantUsagesTestJSON:setUpClass): 200 GET http://10.180.1.21/compute/v2.1/servers/23d496ce-cce1-47ee-b8f9-ef08d1f81d5d 0.122s
2025-04-08 00:59:14.287 69910 INFO tempest.lib.common.rest_client [req-8435e086-ed38-4a46-b9b1-3a96d85cdd44 req-8435e086-ed38-4a46-b9b1-3a96d85cdd44 ] Request (ServersTestJSON:_run_cleanups): 204 DELETE http://10.180.1.21/compute/v2.1/servers/717da7b7-ed35-4201-adff-42227d4efc3d 0.136s
2025-04-08 00:59:14.315 69886 INFO tempest.lib.common.rest_client [req-0aa4e702-426a-4ff1-b094-d7e870e89f21 req-0aa4e702-426a-4ff1-b094-d7e870e89f21 ] Request (SecurityGroupsTestJSON:test_server_security_groups): 200 GET http://10.180.1.21/compute/v2.1/servers/9bd9e5f3-036b-44a2-8863-470653a383d1 0.122s
2025-04-08 00:59:14.338 69850 INFO tempest.lib.common.rest_client [req-3c45870c-3a43-4090-beb9-46278e2c98fb req-3c45870c-3a43-4090-beb9-46278e2c98fb ] Request (DeleteServersAdminTestJSON:test_delete_server_while_in_error_state): 200 GET http://10.180.1.21/compute/v2.1/servers/996a56d7-78ba-4cb9-a88c-79141b26f472 0.092s
2025-04-08 00:59:14.350 69910 INFO tempest.lib.common.rest_client [req-78ed773f-c923-4b8a-ab26-b95b3bb7a074 req-78ed773f-c923-4b8a-ab26-b95b3bb7a074 ] Request (ServersTestJSON:_run_cleanups): 404 GET http://10.180.1.21/compute/v2.1/servers/717da7b7-ed35-4201-adff-42227d4efc3d 0.063s
2025-04-08 00:59:14.365 69902 INFO tempest.lib.common.rest_client [req-0f45a192-38cc-44b9-8b35-8b8d41d137b4 req-0f45a192-38cc-44b9-8b35-8b8d41d137b4 ] Request (DeleteServersTestJSON:test_delete_server_while_in_attached_volume): 200 GET http://10.180.1.21/compute/v2.1/servers/38c879a6-039b-4544-9efa-55d87a3db614 0.082s
2025-04-08 00:59:14.384 69910 INFO tempest.lib.common.rest_client [req-6839bb46-7444-4e15-ae25-d03b36f47d1d req-6839bb46-7444-4e15-ae25-d03b36f47d1d ] Request (ServersTestJSON:test_create_server_with_ipv6_addr_only): 201 POST http://10.180.1.21/identity/v3/auth/tokens 0.030s
2025-04-08 00:59:14.384 69910 INFO tempest.lib.common.fixed_network [-] (ServersTestJSON:test_create_server_with_ipv6_addr_only) Found network {'id': '832189f9-8f2f-40e2-8160-e6fa61780a49', 'name': 'tempest-ServersTestJSON-1834724665-network', 'tenant_id': '4cccc09d090b4befae6894a622c4c099', 'admin_state_up': True, 'mtu': 8950, 'status': 'ACTIVE', 'subnets': [], 'shared': False, 'project_id': '4cccc09d090b4befae6894a622c4c099', 'port_security_enabled': True, 'router:external': False, 'provider:network_type': 'vlan', 'provider:physical_network': 'default', 'provider:segmentation_id': 186, 'availability_zone_hints': [], 'availability_zones': [], 'ipv4_address_scope': None, 'ipv6_address_scope': None, 'description': '', 'tags': [], 'created_at': '2025-04-08T00:57:38Z', 'updated_at': '2025-04-08T00:57:38Z', 'revision_number': 1} available for tenant
2025-04-08 00:59:14.427 69866 INFO tempest.lib.common.rest_client [req-9a96a68c-8060-4ae5-9339-aeec33b07dcb req-9a96a68c-8060-4ae5-9339-aeec33b07dcb ] Request (AttachInterfacesV270Test:tearDownClass): 200 GET http://10.180.1.21/compute/v2.1/servers/a056461f-a9e6-44a3-a42e-5277dc21344d 0.057s
2025-04-08 00:59:14.483 69848 INFO tempest.lib.common.rest_client [req-e76157cf-dc72-4c3b-95ac-cf9a1f8cded9 req-e76157cf-dc72-4c3b-95ac-cf9a1f8cded9 ] Request (ServersNegativeTestJSON:setUpClass): 200 GET http://10.180.1.21/compute/v2.1/servers/8865002f-5666-480a-852d-67f6768642a3 0.080s
2025-04-08 00:59:14.541 69876 INFO tempest.lib.common.rest_client [req-ed9de94d-4123-4549-8dfb-cbb889309c58 req-ed9de94d-4123-4549-8dfb-cbb889309c58 ] Request (VolumesAssistedSnapshotsTest:test_volume_assisted_snapshot_create_delete): 200 GET http://10.180.1.21/volume/v3/volumes/416a363c-a20c-48e1-bea5-fdee21d1c15d 0.031s
2025-04-08 00:59:14.549 69854 INFO tempest.lib.common.rest_client [req-e050862d-97d8-416f-b6d4-1511a560241c req-e050862d-97d8-416f-b6d4-1511a560241c ] Request (ServerTagsTestJSON:tearDownClass): 200 GET http://10.180.1.21/compute/v2.1/servers/bc990ba2-d378-4508-bb7a-99e53157d3cf 0.085s
2025-04-08 00:59:14.613 69872 INFO tempest.lib.common.rest_client [req-24e17a52-d76c-414d-b933-527077c7f4ed req-24e17a52-d76c-414d-b933-527077c7f4ed ] Request (ServersAdminNegativeTestJSON:tearDownClass): 200 GET http://10.180.1.21/compute/v2.1/servers/9eb3ac42-0a1e-4514-82a3-8a0656c64978 0.103s
2025-04-08 00:59:14.672 69879 INFO tempest.lib.common.rest_client [req-a70b4f74-e742-48fe-b199-7daa6619db8a req-a70b4f74-e742-48fe-b199-7daa6619db8a ] Request (FloatingIPsAssociationTestJSON:tearDownClass): 200 GET http://10.180.1.21/compute/v2.1/servers/a8ab0f37-e0a6-4223-85cd-fa779c6139c9 0.087s
2025-04-08 00:59:14.698 69910 INFO tempest.lib.common.rest_client [req-47127836-7d3e-4993-9a41-456526b63fe5 req-47127836-7d3e-4993-9a41-456526b63fe5 ] Request (ServersTestJSON:test_create_server_with_ipv6_addr_only): 202 POST http://10.180.1.21/compute/v2.1/servers 0.313s
2025-04-08 00:59:14.730 69870 INFO tempest.lib.common.rest_client [req-f59dccf5-2ab0-4d6d-a6c7-c4a9088ba74a req-f59dccf5-2ab0-4d6d-a6c7-c4a9088ba74a ] Request (MigrationsAdminTest:test_resize_server_revert_deleted_flavor): 200 GET http://10.180.1.21/compute/v2.1/servers/47918cb8-1e59-4dfd-b161-1c7f6848bdbf 0.145s
2025-04-08 00:59:14.752 69892 INFO tempest.lib.common.rest_client [req-4b991e0f-0c93-4a0b-87ac-04e1e33520f0 req-4b991e0f-0c93-4a0b-87ac-04e1e33520f0 ] Request (MultipleCreateTestJSON:test_multiple_create_with_reservation_return): 200 GET http://10.180.1.21/compute/v2.1/servers/67d8fa6b-dd82-45f4-b425-4dc27b321d16 0.114s
2025-04-08 00:59:14.783 69860 INFO tempest.lib.common.rest_client [req-aa46fd0e-e649-4bee-aaa2-4c035b4a1042 req-aa46fd0e-e649-4bee-aaa2-4c035b4a1042 ] Request (ListImageFiltersTestJSON:setUpClass): 200 GET http://10.180.1.21/compute/v2.1/servers/685aaf9b-7133-48ce-8224-3f855f94d723 0.135s
2025-04-08 00:59:14.805 69894 INFO tempest.lib.common.rest_client [req-0ad9e5fb-b601-4ac5-80b6-4a3f7784580e req-0ad9e5fb-b601-4ac5-80b6-4a3f7784580e ] Request (ImagesOneServerNegativeTestJSON:_run_cleanups): 200 GET http://10.180.1.21/compute/v2.1/servers/cc36ef6c-6844-4745-a164-44ddbe158fe9 0.111s
2025-04-08 00:59:14.823 69910 INFO tempest.lib.common.rest_client [req-618cbfd6-a924-4366-b827-a1d022c9da1f req-618cbfd6-a924-4366-b827-a1d022c9da1f ] Request (ServersTestJSON:test_create_server_with_ipv6_addr_only): 200 GET http://10.180.1.21/compute/v2.1/servers/cd158c49-ffc2-4044-87a8-ad695e906bcb 0.123s
2025-04-08 00:59:14.871 69896 WARNING tempest.lib.common.ssh [-] Failed to establish authenticated ssh connection to cirros@10.180.180.172 ([Errno None] Unable to connect to port 22 on 10.180.180.172). Number attempts: 1. Retry after 2 seconds.: paramiko.ssh_exception.NoValidConnectionsError: [Errno None] Unable to connect to port 22 on 10.180.180.172
2025-04-08 00:59:14.878 69868 INFO tempest.lib.common.rest_client [req-8d02d891-5d89-423a-918b-4b08ca404dc5 req-8d02d891-5d89-423a-918b-4b08ca404dc5 ] Request (AttachVolumeTestJSON:test_attach_detach_volume): 200 GET http://10.180.1.21/compute/v2.1/servers/c7a63209-9705-4caa-b567-ffd30dbe38c2 0.050s
2025-04-08 00:59:14.929 69856 INFO tempest.lib.common.rest_client [req-87138636-a3d6-491c-8757-5475e55300de req-87138636-a3d6-491c-8757-5475e55300de ] Request (ServersAdminTestJSON:setUpClass): 200 GET http://10.180.1.21/compute/v2.1/servers/739d97b6-1445-4fcf-ad56-8ffa09061569 0.055s
2025-04-08 00:59:14.992 69880 INFO tempest.lib.common.rest_client [req-5c2c90b5-2d47-48c2-acec-000adf650eb7 req-5c2c90b5-2d47-48c2-acec-000adf650eb7 ] Request (ServersTestMultiNic:test_verify_duplicate_network_nics): 200 GET http://10.180.1.21/compute/v2.1/servers/e3a8beb1-fde1-487c-9001-573a322acf9f 0.054s
2025-04-08 00:59:15.067 69862 INFO tempest.lib.common.rest_client [req-f3449f0f-74f1-468a-a43d-f1218f154166 req-f3449f0f-74f1-468a-a43d-f1218f154166 ] Request (ServerExternalEventsTest:tearDownClass): 200 GET http://10.180.1.21/compute/v2.1/servers/5992d1f4-5bc1-42a7-860b-984593253dd9 0.054s
2025-04-08 00:59:15.107 69898 INFO tempest.lib.common.rest_client [req-c460a172-45d6-47ae-bf64-bf7359706989 req-c460a172-45d6-47ae-bf64-bf7359706989 ] Request (ImagesTestJSON:test_create_server_from_snapshot): 200 GET http://10.180.1.21/compute/v2.1/servers/273e28db-880c-464f-b316-851419f091dc 0.043s
2025-04-08 00:59:15.285 69906 INFO tempest.lib.common.rest_client [req-d736fa81-466e-466c-8f11-d25282ec766f req-d736fa81-466e-466c-8f11-d25282ec766f ] Request (ImagesOneServerTestJSON:setUpClass): 200 GET http://10.180.1.21/compute/v2.1/servers/9089ee06-1140-4149-a2a5-15a0f1e964e3 0.055s
2025-04-08 00:59:15.375 69886 INFO tempest.lib.common.rest_client [req-eb9daf0a-86be-449a-9adc-a8fb6cff2b7e req-eb9daf0a-86be-449a-9adc-a8fb6cff2b7e ] Request (SecurityGroupsTestJSON:test_server_security_groups): 200 GET http://10.180.1.21/compute/v2.1/servers/9bd9e5f3-036b-44a2-8863-470653a383d1 0.053s
2025-04-08 00:59:15.387 69852 INFO tempest.lib.common.rest_client [req-bad289ec-ce8f-4091-a3d4-9696a5a4bf67 req-bad289ec-ce8f-4091-a3d4-9696a5a4bf67 ] Request (TenantUsagesTestJSON:setUpClass): 200 GET http://10.180.1.21/compute/v2.1/servers/23d496ce-cce1-47ee-b8f9-ef08d1f81d5d 0.105s
2025-04-08 00:59:15.425 69908 WARNING tempest.lib.common.ssh [-] Failed to establish authenticated ssh connection to cirros@10.180.180.141 ([Errno None] Unable to connect to port 22 on 10.180.180.141). Number attempts: 2. Retry after 3 seconds.: paramiko.ssh_exception.NoValidConnectionsError: [Errno None] Unable to connect to port 22 on 10.180.180.141
2025-04-08 00:59:15.439 69902 INFO tempest.lib.common.rest_client [req-944d6f3e-ca86-4111-8a56-55cce49b7dfb req-944d6f3e-ca86-4111-8a56-55cce49b7dfb ] Request (DeleteServersTestJSON:test_delete_server_while_in_attached_volume): 200 GET http://10.180.1.21/compute/v2.1/servers/38c879a6-039b-4544-9efa-55d87a3db614 0.066s
2025-04-08 00:59:15.440 69850 INFO tempest.lib.common.rest_client [req-c1ab01f4-75b4-4aa5-a6f4-180e57d3b2a3 req-c1ab01f4-75b4-4aa5-a6f4-180e57d3b2a3 ] Request (DeleteServersAdminTestJSON:test_delete_server_while_in_error_state): 200 GET http://10.180.1.21/compute/v2.1/servers/996a56d7-78ba-4cb9-a88c-79141b26f472 0.090s
2025-04-08 00:59:15.492 69866 INFO tempest.lib.common.rest_client [req-003fb340-31a3-4be0-ac0d-2758c83ae610 req-003fb340-31a3-4be0-ac0d-2758c83ae610 ] Request (AttachInterfacesV270Test:tearDownClass): 200 GET http://10.180.1.21/compute/v2.1/servers/a056461f-a9e6-44a3-a42e-5277dc21344d 0.055s
2025-04-08 00:59:15.550 69848 INFO tempest.lib.common.rest_client [req-e3e10e37-e0e9-4090-9143-70df5f13332f req-e3e10e37-e0e9-4090-9143-70df5f13332f ] Request (ServersNegativeTestJSON:setUpClass): 200 GET http://10.180.1.21/compute/v2.1/servers/8865002f-5666-480a-852d-67f6768642a3 0.059s
2025-04-08 00:59:15.576 69876 INFO tempest.lib.common.rest_client [req-a43c574c-3ce4-44ef-814e-38b0dea7bc2e req-a43c574c-3ce4-44ef-814e-38b0dea7bc2e ] Request (VolumesAssistedSnapshotsTest:test_volume_assisted_snapshot_create_delete): 200 GET http://10.180.1.21/volume/v3/volumes/416a363c-a20c-48e1-bea5-fdee21d1c15d 0.028s
2025-04-08 00:59:15.613 69854 INFO tempest.lib.common.rest_client [req-7d7162ff-a4a0-4526-9f91-37b058e7b75b req-7d7162ff-a4a0-4526-9f91-37b058e7b75b ] Request (ServerTagsTestJSON:tearDownClass): 200 GET http://10.180.1.21/compute/v2.1/servers/bc990ba2-d378-4508-bb7a-99e53157d3cf 0.054s
2025-04-08 00:59:15.617 69864 WARNING tempest.lib.common.ssh [-] Failed to establish authenticated ssh connection to cirros@10.180.180.225 ([Errno None] Unable to connect to port 22 on 10.180.180.225). Number attempts: 3. Retry after 4 seconds.: paramiko.ssh_exception.NoValidConnectionsError: [Errno None] Unable to connect to port 22 on 10.180.180.225
2025-04-08 00:59:15.679 69872 INFO tempest.lib.common.rest_client [req-9f5f5591-fa50-473d-8e09-02f9d8ce027e req-9f5f5591-fa50-473d-8e09-02f9d8ce027e ] Request (ServersAdminNegativeTestJSON:tearDownClass): 200 GET http://10.180.1.21/compute/v2.1/servers/9eb3ac42-0a1e-4514-82a3-8a0656c64978 0.056s
2025-04-08 00:59:15.733 69879 INFO tempest.lib.common.rest_client [req-93267483-2788-4066-b34d-7317ea5a52ca req-93267483-2788-4066-b34d-7317ea5a52ca ] Request (FloatingIPsAssociationTestJSON:tearDownClass): 200 GET http://10.180.1.21/compute/v2.1/servers/a8ab0f37-e0a6-4223-85cd-fa779c6139c9 0.053s
2025-04-08 00:59:15.789 69870 INFO tempest.lib.common.rest_client [req-cc682fc5-fdd0-4cd4-a228-9e951be3ebb2 req-cc682fc5-fdd0-4cd4-a228-9e951be3ebb2 ] Request (MigrationsAdminTest:test_resize_server_revert_deleted_flavor): 200 GET http://10.180.1.21/compute/v2.1/servers/47918cb8-1e59-4dfd-b161-1c7f6848bdbf 0.050s
2025-04-08 00:59:15.796 69870 INFO tempest.common.waiters [-] State transition "BUILD/scheduling" ==> "BUILD/None" after 39 second wait
2025-04-08 00:59:15.805 69892 INFO tempest.lib.common.rest_client [req-dfb2a4d3-85d2-422d-ae7e-cc0c50714bb8 req-dfb2a4d3-85d2-422d-ae7e-cc0c50714bb8 ] Request (MultipleCreateTestJSON:test_multiple_create_with_reservation_return): 200 GET http://10.180.1.21/compute/v2.1/servers/67d8fa6b-dd82-45f4-b425-4dc27b321d16 0.045s
2025-04-08 00:59:15.837 69860 INFO tempest.lib.common.rest_client [req-8bfd6c69-5ade-4509-9906-f574896ce86a req-8bfd6c69-5ade-4509-9906-f574896ce86a ] Request (ListImageFiltersTestJSON:setUpClass): 200 GET http://10.180.1.21/compute/v2.1/servers/685aaf9b-7133-48ce-8224-3f855f94d723 0.046s
2025-04-08 00:59:15.860 69894 INFO tempest.lib.common.rest_client [req-1cdd9fca-747d-4c94-93e3-250f276e3586 req-1cdd9fca-747d-4c94-93e3-250f276e3586 ] Request (ImagesOneServerNegativeTestJSON:_run_cleanups): 200 GET http://10.180.1.21/compute/v2.1/servers/cc36ef6c-6844-4745-a164-44ddbe158fe9 0.046s
2025-04-08 00:59:15.882 69910 INFO tempest.lib.common.rest_client [req-d240bc4b-8c36-4b2d-a2fb-c60dd5abd26b req-d240bc4b-8c36-4b2d-a2fb-c60dd5abd26b ] Request (ServersTestJSON:test_create_server_with_ipv6_addr_only): 200 GET http://10.180.1.21/compute/v2.1/servers/cd158c49-ffc2-4044-87a8-ad695e906bcb 0.050s
2025-04-08 00:59:15.931 69868 INFO tempest.lib.common.rest_client [req-0e0b0b27-3d5d-4a4d-b6cb-edc6e2fe8ef3 req-0e0b0b27-3d5d-4a4d-b6cb-edc6e2fe8ef3 ] Request (AttachVolumeTestJSON:test_attach_detach_volume): 200 GET http://10.180.1.21/compute/v2.1/servers/c7a63209-9705-4caa-b567-ffd30dbe38c2 0.045s
2025-04-08 00:59:15.985 69856 INFO tempest.lib.common.rest_client [req-653a3593-9303-4bf8-940f-80da21c3f05e req-653a3593-9303-4bf8-940f-80da21c3f05e ] Request (ServersAdminTestJSON:setUpClass): 200 GET http://10.180.1.21/compute/v2.1/servers/739d97b6-1445-4fcf-ad56-8ffa09061569 0.047s
2025-04-08 00:59:16.049 69880 INFO tempest.lib.common.rest_client [req-cb1628a9-b366-4346-aef3-8686d3b24712 req-cb1628a9-b366-4346-aef3-8686d3b24712 ] Request (ServersTestMultiNic:test_verify_duplicate_network_nics): 200 GET http://10.180.1.21/compute/v2.1/servers/e3a8beb1-fde1-487c-9001-573a322acf9f 0.049s
2025-04-08 00:59:16.127 69862 INFO tempest.lib.common.rest_client [req-b08743cf-c691-46b5-8ceb-031cb3726a54 req-b08743cf-c691-46b5-8ceb-031cb3726a54 ] Request (ServerExternalEventsTest:tearDownClass): 200 GET http://10.180.1.21/compute/v2.1/servers/5992d1f4-5bc1-42a7-860b-984593253dd9 0.052s
2025-04-08 00:59:16.163 69898 INFO tempest.lib.common.rest_client [req-afced593-b824-43a6-a58a-8e6eeadc8b7b req-afced593-b824-43a6-a58a-8e6eeadc8b7b ] Request (ImagesTestJSON:test_create_server_from_snapshot): 200 GET http://10.180.1.21/compute/v2.1/servers/273e28db-880c-464f-b316-851419f091dc 0.047s
2025-04-08 00:59:16.343 69906 INFO tempest.lib.common.rest_client [req-f696f473-ac0f-46e5-9158-2aa045c69e67 req-f696f473-ac0f-46e5-9158-2aa045c69e67 ] Request (ImagesOneServerTestJSON:setUpClass): 200 GET http://10.180.1.21/compute/v2.1/servers/9089ee06-1140-4149-a2a5-15a0f1e964e3 0.049s
2025-04-08 00:59:16.438 69886 INFO tempest.lib.common.rest_client [req-98ca7edf-3ab5-4c52-b6f3-8cfdce7c87c3 req-98ca7edf-3ab5-4c52-b6f3-8cfdce7c87c3 ] Request (SecurityGroupsTestJSON:test_server_security_groups): 200 GET http://10.180.1.21/compute/v2.1/servers/9bd9e5f3-036b-44a2-8863-470653a383d1 0.055s
2025-04-08 00:59:16.499 69902 INFO tempest.lib.common.rest_client [req-0abac74c-b3a5-4a11-8c14-bee983f85376 req-0abac74c-b3a5-4a11-8c14-bee983f85376 ] Request (DeleteServersTestJSON:test_delete_server_while_in_attached_volume): 200 GET http://10.180.1.21/compute/v2.1/servers/38c879a6-039b-4544-9efa-55d87a3db614 0.051s
2025-04-08 00:59:16.531 69852 INFO tempest.lib.common.rest_client [req-8089730d-b07a-4b2f-a49a-8f98d16e0d2c req-8089730d-b07a-4b2f-a49a-8f98d16e0d2c ] Request (TenantUsagesTestJSON:setUpClass): 200 GET http://10.180.1.21/compute/v2.1/servers/23d496ce-cce1-47ee-b8f9-ef08d1f81d5d 0.136s
2025-04-08 00:59:16.552 69850 INFO tempest.lib.common.rest_client [req-c2516cfa-bf43-4703-8533-65fb0b4dad71 req-c2516cfa-bf43-4703-8533-65fb0b4dad71 ] Request (DeleteServersAdminTestJSON:test_delete_server_while_in_error_state): 200 GET http://10.180.1.21/compute/v2.1/servers/996a56d7-78ba-4cb9-a88c-79141b26f472 0.105s
2025-04-08 00:59:16.586 69866 INFO tempest.lib.common.rest_client [req-d32fa62c-d9e2-4376-854e-3d834d8bbaef req-d32fa62c-d9e2-4376-854e-3d834d8bbaef ] Request (AttachInterfacesV270Test:tearDownClass): 200 GET http://10.180.1.21/compute/v2.1/servers/a056461f-a9e6-44a3-a42e-5277dc21344d 0.084s
2025-04-08 00:59:16.608 69876 INFO tempest.lib.common.rest_client [req-45a4cc82-646f-4486-a67c-1e272772ae6e req-45a4cc82-646f-4486-a67c-1e272772ae6e ] Request (VolumesAssistedSnapshotsTest:test_volume_assisted_snapshot_create_delete): 200 GET http://10.180.1.21/volume/v3/volumes/416a363c-a20c-48e1-bea5-fdee21d1c15d 0.025s
2025-04-08 00:59:16.612 69848 INFO tempest.lib.common.rest_client [req-fa8f4fe4-29a5-496d-9c6a-a76dce71e9b4 req-fa8f4fe4-29a5-496d-9c6a-a76dce71e9b4 ] Request (ServersNegativeTestJSON:setUpClass): 200 GET http://10.180.1.21/compute/v2.1/servers/8865002f-5666-480a-852d-67f6768642a3 0.055s
2025-04-08 00:59:16.679 69854 INFO tempest.lib.common.rest_client [req-7488bf1e-a65c-4ec4-8641-2f2e6a6bda09 req-7488bf1e-a65c-4ec4-8641-2f2e6a6bda09 ] Request (ServerTagsTestJSON:tearDownClass): 200 GET http://10.180.1.21/compute/v2.1/servers/bc990ba2-d378-4508-bb7a-99e53157d3cf 0.056s
2025-04-08 00:59:16.742 69872 INFO tempest.lib.common.rest_client [req-8fb473d2-2352-4c74-92eb-3195706994ae req-8fb473d2-2352-4c74-92eb-3195706994ae ] Request (ServersAdminNegativeTestJSON:tearDownClass): 200 GET http://10.180.1.21/compute/v2.1/servers/9eb3ac42-0a1e-4514-82a3-8a0656c64978 0.055s
2025-04-08 00:59:16.795 69879 INFO tempest.lib.common.rest_client [req-976747f0-ddff-48f6-bc8a-9c00b64625a7 req-976747f0-ddff-48f6-bc8a-9c00b64625a7 ] Request (FloatingIPsAssociationTestJSON:tearDownClass): 200 GET http://10.180.1.21/compute/v2.1/servers/a8ab0f37-e0a6-4223-85cd-fa779c6139c9 0.054s
2025-04-08 00:59:16.845 69870 INFO tempest.lib.common.rest_client [req-679dc85b-4cdc-43a5-bc07-8ec5ba8f6eab req-679dc85b-4cdc-43a5-bc07-8ec5ba8f6eab ] Request (MigrationsAdminTest:test_resize_server_revert_deleted_flavor): 200 GET http://10.180.1.21/compute/v2.1/servers/47918cb8-1e59-4dfd-b161-1c7f6848bdbf 0.049s
2025-04-08 00:59:16.862 69892 INFO tempest.lib.common.rest_client [req-831940a0-9dc9-46b7-a318-e17857588afa req-831940a0-9dc9-46b7-a318-e17857588afa ] Request (MultipleCreateTestJSON:test_multiple_create_with_reservation_return): 200 GET http://10.180.1.21/compute/v2.1/servers/67d8fa6b-dd82-45f4-b425-4dc27b321d16 0.049s
2025-04-08 00:59:16.899 69860 INFO tempest.lib.common.rest_client [req-cbf637fc-4a86-4530-beea-d2fa19ca4cf4 req-cbf637fc-4a86-4530-beea-d2fa19ca4cf4 ] Request (ListImageFiltersTestJSON:setUpClass): 200 GET http://10.180.1.21/compute/v2.1/servers/685aaf9b-7133-48ce-8224-3f855f94d723 0.048s
2025-04-08 00:59:16.918 69894 INFO tempest.lib.common.rest_client [req-6f7a3f10-59fd-4010-a665-c9a10c17cde3 req-6f7a3f10-59fd-4010-a665-c9a10c17cde3 ] Request (ImagesOneServerNegativeTestJSON:_run_cleanups): 200 GET http://10.180.1.21/compute/v2.1/servers/cc36ef6c-6844-4745-a164-44ddbe158fe9 0.050s
2025-04-08 00:59:16.943 69910 INFO tempest.lib.common.rest_client [req-cd8b6d13-616d-4450-886e-b442c06bb810 req-cd8b6d13-616d-4450-886e-b442c06bb810 ] Request (ServersTestJSON:test_create_server_with_ipv6_addr_only): 200 GET http://10.180.1.21/compute/v2.1/servers/cd158c49-ffc2-4044-87a8-ad695e906bcb 0.053s
2025-04-08 00:59:16.989 69868 INFO tempest.lib.common.rest_client [req-6b32185c-6e9f-44ee-bec4-a7aeaf80fe41 req-6b32185c-6e9f-44ee-bec4-a7aeaf80fe41 ] Request (AttachVolumeTestJSON:test_attach_detach_volume): 200 GET http://10.180.1.21/compute/v2.1/servers/c7a63209-9705-4caa-b567-ffd30dbe38c2 0.048s
2025-04-08 00:59:17.040 69856 INFO tempest.lib.common.rest_client [req-9710a113-2597-4432-98b5-238fa6578e70 req-9710a113-2597-4432-98b5-238fa6578e70 ] Request (ServersAdminTestJSON:setUpClass): 200 GET http://10.180.1.21/compute/v2.1/servers/739d97b6-1445-4fcf-ad56-8ffa09061569 0.047s
2025-04-08 00:59:17.105 69880 INFO tempest.lib.common.rest_client [req-e837baa9-6b48-48bd-9471-0216909313d6 req-e837baa9-6b48-48bd-9471-0216909313d6 ] Request (ServersTestMultiNic:test_verify_duplicate_network_nics): 200 GET http://10.180.1.21/compute/v2.1/servers/e3a8beb1-fde1-487c-9001-573a322acf9f 0.049s
2025-04-08 00:59:17.187 69862 INFO tempest.lib.common.rest_client [req-ad708f40-3f1f-404f-9fed-0d45a271493c req-ad708f40-3f1f-404f-9fed-0d45a271493c ] Request (ServerExternalEventsTest:tearDownClass): 200 GET http://10.180.1.21/compute/v2.1/servers/5992d1f4-5bc1-42a7-860b-984593253dd9 0.053s
2025-04-08 00:59:17.217 69898 INFO tempest.lib.common.rest_client [req-09bd2979-4c82-4c8c-8d5c-ed6ffa5c52a9 req-09bd2979-4c82-4c8c-8d5c-ed6ffa5c52a9 ] Request (ImagesTestJSON:test_create_server_from_snapshot): 200 GET http://10.180.1.21/compute/v2.1/servers/273e28db-880c-464f-b316-851419f091dc 0.047s
2025-04-08 00:59:17.400 69906 INFO tempest.lib.common.rest_client [req-a39e0532-6db1-494b-83e2-07d726ae1b3f req-a39e0532-6db1-494b-83e2-07d726ae1b3f ] Request (ImagesOneServerTestJSON:setUpClass): 200 GET http://10.180.1.21/compute/v2.1/servers/9089ee06-1140-4149-a2a5-15a0f1e964e3 0.047s
2025-04-08 00:59:17.496 69886 INFO tempest.lib.common.rest_client [req-4fed016a-04ab-4ba1-906f-5d0559a69f14 req-4fed016a-04ab-4ba1-906f-5d0559a69f14 ] Request (SecurityGroupsTestJSON:test_server_security_groups): 200 GET http://10.180.1.21/compute/v2.1/servers/9bd9e5f3-036b-44a2-8863-470653a383d1 0.049s
2025-04-08 00:59:17.555 69902 INFO tempest.lib.common.rest_client [req-b86781ff-c6ba-4ba8-af60-88f643b69b5c req-b86781ff-c6ba-4ba8-af60-88f643b69b5c ] Request (DeleteServersTestJSON:test_delete_server_while_in_attached_volume): 200 GET http://10.180.1.21/compute/v2.1/servers/38c879a6-039b-4544-9efa-55d87a3db614 0.049s
2025-04-08 00:59:17.617 69850 INFO tempest.lib.common.rest_client [req-9cbefb9f-979e-4e97-8767-f45f0e68015c req-9cbefb9f-979e-4e97-8767-f45f0e68015c ] Request (DeleteServersAdminTestJSON:test_delete_server_while_in_error_state): 200 GET http://10.180.1.21/compute/v2.1/servers/996a56d7-78ba-4cb9-a88c-79141b26f472 0.056s
2025-04-08 00:59:17.635 69852 INFO tempest.lib.common.rest_client [req-13a616e0-a2a3-4eda-b4a3-8a7b03c97534 req-13a616e0-a2a3-4eda-b4a3-8a7b03c97534 ] Request (TenantUsagesTestJSON:setUpClass): 200 GET http://10.180.1.21/compute/v2.1/servers/23d496ce-cce1-47ee-b8f9-ef08d1f81d5d 0.095s
2025-04-08 00:59:17.639 69876 INFO tempest.lib.common.rest_client [req-f9c8a589-de82-4a02-860d-b933a869f816 req-f9c8a589-de82-4a02-860d-b933a869f816 ] Request (VolumesAssistedSnapshotsTest:test_volume_assisted_snapshot_create_delete): 200 GET http://10.180.1.21/volume/v3/volumes/416a363c-a20c-48e1-bea5-fdee21d1c15d 0.024s
2025-04-08 00:59:17.671 69866 INFO tempest.lib.common.rest_client [req-a52764be-2916-4aa0-8cc2-ad66f62bcaf4 req-a52764be-2916-4aa0-8cc2-ad66f62bcaf4 ] Request (AttachInterfacesV270Test:tearDownClass): 200 GET http://10.180.1.21/compute/v2.1/servers/a056461f-a9e6-44a3-a42e-5277dc21344d 0.074s
2025-04-08 00:59:17.690 69848 INFO tempest.lib.common.rest_client [req-10a887ec-bfde-4818-a847-4f31d86d2d1a req-10a887ec-bfde-4818-a847-4f31d86d2d1a ] Request (ServersNegativeTestJSON:setUpClass): 200 GET http://10.180.1.21/compute/v2.1/servers/8865002f-5666-480a-852d-67f6768642a3 0.069s
2025-04-08 00:59:17.744 69854 INFO tempest.lib.common.rest_client [req-f564d67d-ce4d-4e73-8099-84673dbbec26 req-f564d67d-ce4d-4e73-8099-84673dbbec26 ] Request (ServerTagsTestJSON:tearDownClass): 200 GET http://10.180.1.21/compute/v2.1/servers/bc990ba2-d378-4508-bb7a-99e53157d3cf 0.056s
2025-04-08 00:59:17.806 69872 INFO tempest.lib.common.rest_client [req-7e948503-5633-4d1f-8a07-6b2daf6b3542 req-7e948503-5633-4d1f-8a07-6b2daf6b3542 ] Request (ServersAdminNegativeTestJSON:tearDownClass): 200 GET http://10.180.1.21/compute/v2.1/servers/9eb3ac42-0a1e-4514-82a3-8a0656c64978 0.057s
2025-04-08 00:59:17.858 69879 INFO tempest.lib.common.rest_client [req-5c814efc-9369-4dd4-bade-0cd2b767839a req-5c814efc-9369-4dd4-bade-0cd2b767839a ] Request (FloatingIPsAssociationTestJSON:tearDownClass): 200 GET http://10.180.1.21/compute/v2.1/servers/a8ab0f37-e0a6-4223-85cd-fa779c6139c9 0.055s
2025-04-08 00:59:17.899 69870 INFO tempest.lib.common.rest_client [req-5353df7c-7186-4465-9d38-72abf7c20390 req-5353df7c-7186-4465-9d38-72abf7c20390 ] Request (MigrationsAdminTest:test_resize_server_revert_deleted_flavor): 200 GET http://10.180.1.21/compute/v2.1/servers/47918cb8-1e59-4dfd-b161-1c7f6848bdbf 0.046s
2025-04-08 00:59:17.914 69892 INFO tempest.lib.common.rest_client [req-85ad9671-b42a-453a-a02e-af4e122cddf5 req-85ad9671-b42a-453a-a02e-af4e122cddf5 ] Request (MultipleCreateTestJSON:test_multiple_create_with_reservation_return): 200 GET http://10.180.1.21/compute/v2.1/servers/67d8fa6b-dd82-45f4-b425-4dc27b321d16 0.044s
2025-04-08 00:59:17.921 69901 WARNING tempest.lib.common.ssh [-] Failed to establish authenticated ssh connection to cirros@10.180.180.184 ([Errno None] Unable to connect to port 22 on 10.180.180.184). Number attempts: 5. Retry after 6 seconds.: paramiko.ssh_exception.NoValidConnectionsError: [Errno None] Unable to connect to port 22 on 10.180.180.184
2025-04-08 00:59:17.953 69860 INFO tempest.lib.common.rest_client [req-7d017fe8-10c7-48fd-9c3c-7aae9e9b8e75 req-7d017fe8-10c7-48fd-9c3c-7aae9e9b8e75 ] Request (ListImageFiltersTestJSON:setUpClass): 200 GET http://10.180.1.21/compute/v2.1/servers/685aaf9b-7133-48ce-8224-3f855f94d723 0.046s
2025-04-08 00:59:17.973 69894 INFO tempest.lib.common.rest_client [req-ffe44b71-1c23-4384-ad0c-1dec80e55da4 req-ffe44b71-1c23-4384-ad0c-1dec80e55da4 ] Request (ImagesOneServerNegativeTestJSON:_run_cleanups): 200 GET http://10.180.1.21/compute/v2.1/servers/cc36ef6c-6844-4745-a164-44ddbe158fe9 0.047s
2025-04-08 00:59:18.001 69910 INFO tempest.lib.common.rest_client [req-d185c1f1-9ae7-4e12-b746-ed8080a38971 req-d185c1f1-9ae7-4e12-b746-ed8080a38971 ] Request (ServersTestJSON:test_create_server_with_ipv6_addr_only): 200 GET http://10.180.1.21/compute/v2.1/servers/cd158c49-ffc2-4044-87a8-ad695e906bcb 0.049s
2025-04-08 00:59:18.047 69868 INFO tempest.lib.common.rest_client [req-b2c674ff-b01d-4d0e-8bbf-76e7dc8e5dd8 req-b2c674ff-b01d-4d0e-8bbf-76e7dc8e5dd8 ] Request (AttachVolumeTestJSON:test_attach_detach_volume): 200 GET http://10.180.1.21/compute/v2.1/servers/c7a63209-9705-4caa-b567-ffd30dbe38c2 0.050s
2025-04-08 00:59:18.095 69856 INFO tempest.lib.common.rest_client [req-f2e41156-6e8b-4c9f-88d1-ce7049f7849a req-f2e41156-6e8b-4c9f-88d1-ce7049f7849a ] Request (ServersAdminTestJSON:setUpClass): 200 GET http://10.180.1.21/compute/v2.1/servers/739d97b6-1445-4fcf-ad56-8ffa09061569 0.046s
2025-04-08 00:59:18.162 69880 INFO tempest.lib.common.rest_client [req-94ede78d-9f32-48ba-a99e-3273d0378dbe req-94ede78d-9f32-48ba-a99e-3273d0378dbe ] Request (ServersTestMultiNic:test_verify_duplicate_network_nics): 200 GET http://10.180.1.21/compute/v2.1/servers/e3a8beb1-fde1-487c-9001-573a322acf9f 0.049s
2025-04-08 00:59:18.265 69862 INFO tempest.lib.common.rest_client [req-bd4e1073-2055-47a9-8abe-ca5766d9420f req-bd4e1073-2055-47a9-8abe-ca5766d9420f ] Request (ServerExternalEventsTest:tearDownClass): 200 GET http://10.180.1.21/compute/v2.1/servers/5992d1f4-5bc1-42a7-860b-984593253dd9 0.070s
2025-04-08 00:59:18.280 69898 INFO tempest.lib.common.rest_client [req-3a8c7ece-f452-4d51-83bf-81b16efc88a7 req-3a8c7ece-f452-4d51-83bf-81b16efc88a7 ] Request (ImagesTestJSON:test_create_server_from_snapshot): 200 GET http://10.180.1.21/compute/v2.1/servers/273e28db-880c-464f-b316-851419f091dc 0.054s
2025-04-08 00:59:18.456 69906 INFO tempest.lib.common.rest_client [req-ead81804-d98b-493e-8229-98933e332615 req-ead81804-d98b-493e-8229-98933e332615 ] Request (ImagesOneServerTestJSON:setUpClass): 200 GET http://10.180.1.21/compute/v2.1/servers/9089ee06-1140-4149-a2a5-15a0f1e964e3 0.047s
2025-04-08 00:59:18.553 69886 INFO tempest.lib.common.rest_client [req-fb9e7204-57ae-428b-988f-afad8346a364 req-fb9e7204-57ae-428b-988f-afad8346a364 ] Request (SecurityGroupsTestJSON:test_server_security_groups): 200 GET http://10.180.1.21/compute/v2.1/servers/9bd9e5f3-036b-44a2-8863-470653a383d1 0.049s
2025-04-08 00:59:18.610 69902 INFO tempest.lib.common.rest_client [req-6c62a35a-22c3-42f5-a277-666069726ca8 req-6c62a35a-22c3-42f5-a277-666069726ca8 ] Request (DeleteServersTestJSON:test_delete_server_while_in_attached_volume): 200 GET http://10.180.1.21/compute/v2.1/servers/38c879a6-039b-4544-9efa-55d87a3db614 0.044s
2025-04-08 00:59:18.645 69850 INFO tempest.lib.common.rest_client [req-1a3752d4-2dce-4a63-9aa6-0aaf0c10aea8 req-1a3752d4-2dce-4a63-9aa6-0aaf0c10aea8 ] Request (DeleteServersAdminTestJSON:test_delete_server_while_in_error_state): 404 GET http://10.180.1.21/compute/v2.1/servers/996a56d7-78ba-4cb9-a88c-79141b26f472 0.020s
2025-04-08 00:59:18.666 69850 INFO tempest.lib.common.rest_client [req-5926ec73-eabd-461d-b3bc-a7c881a5c16b req-5926ec73-eabd-461d-b3bc-a7c881a5c16b ] Request (DeleteServersAdminTestJSON:tearDownClass): 404 DELETE http://10.180.1.21/compute/v2.1/servers/996a56d7-78ba-4cb9-a88c-79141b26f472 0.019s
2025-04-08 00:59:18.675 69876 INFO tempest.lib.common.rest_client [req-93756389-4ce4-4a6e-bdb7-f105f3c5fae6 req-93756389-4ce4-4a6e-bdb7-f105f3c5fae6 ] Request (VolumesAssistedSnapshotsTest:test_volume_assisted_snapshot_create_delete): 200 GET http://10.180.1.21/volume/v3/volumes/416a363c-a20c-48e1-bea5-fdee21d1c15d 0.028s
2025-04-08 00:59:18.687 69850 INFO tempest.lib.common.rest_client [req-d4c73505-99f5-457e-8b65-e4655d37655b req-d4c73505-99f5-457e-8b65-e4655d37655b ] Request (DeleteServersAdminTestJSON:tearDownClass): 404 GET http://10.180.1.21/compute/v2.1/servers/996a56d7-78ba-4cb9-a88c-79141b26f472 0.020s
2025-04-08 00:59:18.750 69866 INFO tempest.lib.common.rest_client [req-12c4c6dd-59ed-464b-83c9-3d42ec565528 req-12c4c6dd-59ed-464b-83c9-3d42ec565528 ] Request (AttachInterfacesV270Test:tearDownClass): 200 GET http://10.180.1.21/compute/v2.1/servers/a056461f-a9e6-44a3-a42e-5277dc21344d 0.070s
2025-04-08 00:59:18.762 69852 INFO tempest.lib.common.rest_client [req-f122b513-77ef-4c85-a0ef-7e4cb16a4be1 req-f122b513-77ef-4c85-a0ef-7e4cb16a4be1 ] Request (TenantUsagesTestJSON:setUpClass): 200 GET http://10.180.1.21/compute/v2.1/servers/23d496ce-cce1-47ee-b8f9-ef08d1f81d5d 0.119s
2025-04-08 00:59:18.769 69850 INFO tempest.lib.common.rest_client [req-8f4f48fa-5343-4426-87c6-6a982ed21d9b req-8f4f48fa-5343-4426-87c6-6a982ed21d9b ] Request (DeleteServersAdminTestJSON:tearDownClass): 404 DELETE http://10.180.1.21/compute/v2.1/servers/8801eef8-0e93-437b-91d4-9548bf7c8495 0.081s
2025-04-08 00:59:18.772 69852 INFO tempest.common.waiters [-] State transition "BUILD/spawning" ==> "ACTIVE/None" after 91 second wait
2025-04-08 00:59:18.789 69854 INFO tempest.lib.common.rest_client [req-d8cb4d65-67f8-4c38-8661-6564dc7735b6 req-d8cb4d65-67f8-4c38-8661-6564dc7735b6 ] Request (ServerTagsTestJSON:tearDownClass): 404 GET http://10.180.1.21/compute/v2.1/servers/bc990ba2-d378-4508-bb7a-99e53157d3cf 0.035s
2025-04-08 00:59:18.805 69850 INFO tempest.lib.common.rest_client [req-f25e57a5-e10e-4d49-bf51-f6cfeed51711 req-f25e57a5-e10e-4d49-bf51-f6cfeed51711 ] Request (DeleteServersAdminTestJSON:tearDownClass): 404 GET http://10.180.1.21/compute/v2.1/servers/8801eef8-0e93-437b-91d4-9548bf7c8495 0.036s
2025-04-08 00:59:18.829 69848 INFO tempest.lib.common.rest_client [req-d49bc230-e872-44eb-a588-70534ec6a9fe req-d49bc230-e872-44eb-a588-70534ec6a9fe ] Request (ServersNegativeTestJSON:setUpClass): 200 GET http://10.180.1.21/compute/v2.1/servers/8865002f-5666-480a-852d-67f6768642a3 0.129s
2025-04-08 00:59:18.895 69872 INFO tempest.lib.common.rest_client [req-7c9c48ad-6b3e-496d-aa7b-babae32db7ed req-7c9c48ad-6b3e-496d-aa7b-babae32db7ed ] Request (ServersAdminNegativeTestJSON:tearDownClass): 200 GET http://10.180.1.21/compute/v2.1/servers/9eb3ac42-0a1e-4514-82a3-8a0656c64978 0.081s
2025-04-08 00:59:18.925 69850 INFO tempest.lib.common.rest_client [req-c2a5201f-addb-4d8b-ab3f-1893b4f61daf req-c2a5201f-addb-4d8b-ab3f-1893b4f61daf ] Request (DeleteServersAdminTestJSON:tearDownClass): 204 DELETE http://10.180.1.21/identity/v3/users/f1d7b3c76e4f4bbf9e90e018a93d8bad 0.118s
2025-04-08 00:59:18.930 69852 INFO tempest.lib.common.rest_client [req-ec4be9d1-e109-46ee-896b-5212782bf71f req-ec4be9d1-e109-46ee-896b-5212782bf71f ] Request (TenantUsagesTestJSON:test_get_usage_tenant): 200 GET http://10.180.1.21/compute/v2.1/os-simple-tenant-usage/f2c4fbbe309f41898b542f9e8a642f2d?start=2025-04-07T00%3A59%3A18.772552&end=2025-04-09T00%3A59%3A18.772552 0.157s
2025-04-08 00:59:18.951 69879 INFO tempest.lib.common.rest_client [req-b60e51c4-ed68-4610-93f5-41a7f6fe2884 req-b60e51c4-ed68-4610-93f5-41a7f6fe2884 ] Request (FloatingIPsAssociationTestJSON:tearDownClass): 200 GET http://10.180.1.21/compute/v2.1/servers/a8ab0f37-e0a6-4223-85cd-fa779c6139c9 0.085s
2025-04-08 00:59:18.979 69870 INFO tempest.lib.common.rest_client [req-ab908601-10db-4253-b770-423b018069fc req-ab908601-10db-4253-b770-423b018069fc ] Request (MigrationsAdminTest:test_resize_server_revert_deleted_flavor): 200 GET http://10.180.1.21/compute/v2.1/servers/47918cb8-1e59-4dfd-b161-1c7f6848bdbf 0.071s
2025-04-08 00:59:19.007 69892 INFO tempest.lib.common.rest_client [req-729ab00a-efb1-431e-a70b-af425f35efdc req-729ab00a-efb1-431e-a70b-af425f35efdc ] Request (MultipleCreateTestJSON:test_multiple_create_with_reservation_return): 200 GET http://10.180.1.21/compute/v2.1/servers/67d8fa6b-dd82-45f4-b425-4dc27b321d16 0.081s
2025-04-08 00:59:19.011 69850 INFO tempest.lib.common.rest_client [req-335ccc8c-8203-4369-96d2-20a7616a6bf7 req-335ccc8c-8203-4369-96d2-20a7616a6bf7 ] Request (DeleteServersAdminTestJSON:tearDownClass): 204 DELETE http://10.180.1.21/identity/v3/users/427ca19c89734e628a3a6fab524bf861 0.086s
2025-04-08 00:59:19.012 69850 INFO tempest.lib.common.dynamic_creds [-] Deleting project and security group for project: faeb62f9b9ca4d8d918198a67dd0f193
2025-04-08 00:59:19.030 69860 INFO tempest.lib.common.rest_client [req-edcc0401-a18f-47be-bbda-adc048e71995 req-edcc0401-a18f-47be-bbda-adc048e71995 ] Request (ListImageFiltersTestJSON:setUpClass): 200 GET http://10.180.1.21/compute/v2.1/servers/685aaf9b-7133-48ce-8224-3f855f94d723 0.069s
2025-04-08 00:59:19.053 69894 INFO tempest.lib.common.rest_client [req-a7fffc43-c986-46de-b081-143eb75834a3 req-a7fffc43-c986-46de-b081-143eb75834a3 ] Request (ImagesOneServerNegativeTestJSON:_run_cleanups): 200 GET http://10.180.1.21/compute/v2.1/servers/cc36ef6c-6844-4745-a164-44ddbe158fe9 0.072s
2025-04-08 00:59:19.066 69850 INFO tempest.lib.common.rest_client [req-a01756ef-fb8d-4cfd-8e7b-888e458dccb1 req-a01756ef-fb8d-4cfd-8e7b-888e458dccb1 ] Request (DeleteServersAdminTestJSON:tearDownClass): 201 POST http://10.180.1.21/identity/v3/auth/tokens 0.054s
2025-04-08 00:59:19.080 69910 INFO tempest.lib.common.rest_client [req-3d79db25-9e49-45e1-9002-74eb5ae24ec8 req-3d79db25-9e49-45e1-9002-74eb5ae24ec8 ] Request (ServersTestJSON:test_create_server_with_ipv6_addr_only): 200 GET http://10.180.1.21/compute/v2.1/servers/cd158c49-ffc2-4044-87a8-ad695e906bcb 0.071s
2025-04-08 00:59:19.108 69868 INFO tempest.lib.common.rest_client [req-8e4544b4-3587-4654-b809-d6b61987341e req-8e4544b4-3587-4654-b809-d6b61987341e ] Request (AttachVolumeTestJSON:test_attach_detach_volume): 200 GET http://10.180.1.21/compute/v2.1/servers/c7a63209-9705-4caa-b567-ffd30dbe38c2 0.049s
2025-04-08 00:59:19.159 69856 INFO tempest.lib.common.rest_client [req-0893ad65-dc21-4301-ad94-234f0432218f req-0893ad65-dc21-4301-ad94-234f0432218f ] Request (ServersAdminTestJSON:setUpClass): 200 GET http://10.180.1.21/compute/v2.1/servers/739d97b6-1445-4fcf-ad56-8ffa09061569 0.054s
2025-04-08 00:59:19.212 69850 INFO tempest.lib.common.rest_client [req-ca54efe8-3046-4a03-8779-fe13143839c7 req-ca54efe8-3046-4a03-8779-fe13143839c7 ] Request (DeleteServersAdminTestJSON:tearDownClass): 200 GET http://10.180.1.21:9696/networking/v2.0/security-groups?tenant_id=faeb62f9b9ca4d8d918198a67dd0f193&name=default 0.146s
2025-04-08 00:59:19.222 69880 INFO tempest.lib.common.rest_client [req-7b80fd49-4d25-4782-94a0-8a3da74b12c0 req-7b80fd49-4d25-4782-94a0-8a3da74b12c0 ] Request (ServersTestMultiNic:test_verify_duplicate_network_nics): 200 GET http://10.180.1.21/compute/v2.1/servers/e3a8beb1-fde1-487c-9001-573a322acf9f 0.053s
2025-04-08 00:59:19.295 69850 INFO tempest.lib.common.rest_client [req-1301a165-e638-4d85-ade6-957277eab78a req-1301a165-e638-4d85-ade6-957277eab78a ] Request (DeleteServersAdminTestJSON:tearDownClass): 204 DELETE http://10.180.1.21:9696/networking/v2.0/security-groups/f2893a6c-6a37-469f-9e42-10af16a39a73 0.082s
2025-04-08 00:59:19.351 69862 INFO tempest.lib.common.rest_client [req-f34f0eb6-b527-4768-b4a2-cc0ff2ef3761 req-f34f0eb6-b527-4768-b4a2-cc0ff2ef3761 ] Request (ServerExternalEventsTest:tearDownClass): 200 GET http://10.180.1.21/compute/v2.1/servers/5992d1f4-5bc1-42a7-860b-984593253dd9 0.076s
2025-04-08 00:59:19.355 69898 INFO tempest.lib.common.rest_client [req-0be71d49-6e48-47e4-83a4-05f3488cd3f7 req-0be71d49-6e48-47e4-83a4-05f3488cd3f7 ] Request (ImagesTestJSON:test_create_server_from_snapshot): 200 GET http://10.180.1.21/compute/v2.1/servers/273e28db-880c-464f-b316-851419f091dc 0.068s
2025-04-08 00:59:19.357 69850 INFO tempest.lib.common.rest_client [req-17545037-0b52-4602-a081-6131bd5b78ee req-17545037-0b52-4602-a081-6131bd5b78ee ] Request (DeleteServersAdminTestJSON:tearDownClass): 204 DELETE http://10.180.1.21/identity/v3/projects/faeb62f9b9ca4d8d918198a67dd0f193 0.062s
2025-04-08 00:59:19.357 69850 INFO tempest.lib.common.dynamic_creds [-] Deleting project and security group for project: e9bde172eae64761a5976e4829e56344
2025-04-08 00:59:19.381 69850 INFO tempest.lib.common.rest_client [req-42a65761-3323-4796-9839-1f2ab69bbc95 req-42a65761-3323-4796-9839-1f2ab69bbc95 ] Request (DeleteServersAdminTestJSON:tearDownClass): 200 GET http://10.180.1.21:9696/networking/v2.0/security-groups?tenant_id=e9bde172eae64761a5976e4829e56344&name=default 0.023s
2025-04-08 00:59:19.448 69850 INFO tempest.lib.common.rest_client [req-76fb407c-5542-4108-8015-493fcc783c2a req-76fb407c-5542-4108-8015-493fcc783c2a ] Request (DeleteServersAdminTestJSON:tearDownClass): 204 DELETE http://10.180.1.21:9696/networking/v2.0/security-groups/4a4c4e08-aca5-406c-9537-79b81f985d38 0.067s
2025-04-08 00:59:19.538 69906 INFO tempest.lib.common.rest_client [req-7c581de0-4e6f-4b2a-861f-f7209bcc9a55 req-7c581de0-4e6f-4b2a-861f-f7209bcc9a55 ] Request (ImagesOneServerTestJSON:setUpClass): 200 GET http://10.180.1.21/compute/v2.1/servers/9089ee06-1140-4149-a2a5-15a0f1e964e3 0.073s
2025-04-08 00:59:19.542 69850 INFO tempest.lib.common.rest_client [req-dd97e198-fb64-4d82-970a-fd44bcce3920 req-dd97e198-fb64-4d82-970a-fd44bcce3920 ] Request (DeleteServersAdminTestJSON:tearDownClass): 204 DELETE http://10.180.1.21/identity/v3/projects/e9bde172eae64761a5976e4829e56344 0.093s
2025-04-08 00:59:19.566 69854 INFO tempest.lib.common.rest_client [req-ecdc4731-2074-4c32-9ad3-c140543e4790 req-ecdc4731-2074-4c32-9ad3-c140543e4790 ] Request (ServerTagsTestJSON:tearDownClass): 200 PUT http://10.180.1.21:9696/networking/v2.0/routers/c6e471dd-07c0-49c1-928a-78ed97b65766/remove_router_interface 0.777s
2025-04-08 00:59:19.608 69850 INFO tempest.lib.common.rest_client [req-b300eb5a-3a34-491d-a68a-9fdc7b492025 req-b300eb5a-3a34-491d-a68a-9fdc7b492025 ] Request (KeyPairsV22TestJSON:setUpClass): 201 POST http://10.180.1.21/identity/v3/auth/tokens 0.064s
2025-04-08 00:59:19.627 69886 INFO tempest.lib.common.rest_client [req-a2acdd20-3f5c-415e-b680-cdd684ddfd1b req-a2acdd20-3f5c-415e-b680-cdd684ddfd1b ] Request (SecurityGroupsTestJSON:test_server_security_groups): 200 GET http://10.180.1.21/compute/v2.1/servers/9bd9e5f3-036b-44a2-8863-470653a383d1 0.066s
2025-04-08 00:59:19.651 69850 INFO tempest.lib.common.rest_client [req-5a876a95-88ab-4964-a2a6-310831d7e1ce req-5a876a95-88ab-4964-a2a6-310831d7e1ce ] Request (KeyPairsV22TestJSON:setUpClass): 201 POST http://10.180.1.21/identity/v3/auth/tokens 0.040s
2025-04-08 00:59:19.676 69902 INFO tempest.lib.common.rest_client [req-daab1af5-e73b-476a-8517-4c487a5554e7 req-daab1af5-e73b-476a-8517-4c487a5554e7 ] Request (DeleteServersTestJSON:test_delete_server_while_in_attached_volume): 200 GET http://10.180.1.21/compute/v2.1/servers/38c879a6-039b-4544-9efa-55d87a3db614 0.057s
2025-04-08 00:59:19.682 69850 INFO tempest.lib.common.rest_client [req-e10a68ec-bfde-42d9-8031-489a433bfb66 req-e10a68ec-bfde-42d9-8031-489a433bfb66 ] Request (KeyPairsV22TestJSON:setUpClass): 200 GET http://10.180.1.21/identity/v3/domains?name=Default 0.031s
2025-04-08 00:59:19.717 69850 INFO tempest.lib.common.rest_client [req-515069db-f6ba-4b00-80d6-8966e52a2fd8 req-515069db-f6ba-4b00-80d6-8966e52a2fd8 ] Request (KeyPairsV22TestJSON:setUpClass): 201 POST http://10.180.1.21/identity/v3/projects 0.035s
2025-04-08 00:59:19.719 69876 INFO tempest.lib.common.rest_client [req-570314a9-8f72-40f1-9af8-6a086c112763 req-570314a9-8f72-40f1-9af8-6a086c112763 ] Request (VolumesAssistedSnapshotsTest:test_volume_assisted_snapshot_create_delete): 200 GET http://10.180.1.21/volume/v3/volumes/416a363c-a20c-48e1-bea5-fdee21d1c15d 0.033s
2025-04-08 00:59:19.788 69850 INFO tempest.lib.common.rest_client [req-6b593379-d3e7-494f-9933-358706568f79 req-6b593379-d3e7-494f-9933-358706568f79 ] Request (KeyPairsV22TestJSON:setUpClass): 201 POST http://10.180.1.21/identity/v3/users 0.070s
2025-04-08 00:59:19.818 69850 INFO tempest.lib.common.rest_client [req-87845828-e0f8-4f5e-b483-9295dc73a5fc req-87845828-e0f8-4f5e-b483-9295dc73a5fc ] Request (KeyPairsV22TestJSON:setUpClass): 200 GET http://10.180.1.21/identity/v3/roles 0.029s
2025-04-08 00:59:19.833 69866 INFO tempest.lib.common.rest_client [req-11cc16de-1025-48e2-a147-957570869bb0 req-11cc16de-1025-48e2-a147-957570869bb0 ] Request (AttachInterfacesV270Test:tearDownClass): 200 GET http://10.180.1.21/compute/v2.1/servers/a056461f-a9e6-44a3-a42e-5277dc21344d 0.073s
2025-04-08 00:59:19.845 69850 INFO tempest.lib.common.rest_client [req-e9890807-8157-414c-887c-af668f01f2e4 req-e9890807-8157-414c-887c-af668f01f2e4 ] Request (KeyPairsV22TestJSON:setUpClass): 204 PUT http://10.180.1.21/identity/v3/projects/b430afb3fcfe425eb27c6cf8e14f088e/users/1b1016f375da44d6a73ee794ae61db95/roles/357fcbb4b9264aca8fe4c562cb5dd259 0.026s
2025-04-08 00:59:19.845 69850 INFO tempest.lib.common.dynamic_creds [-] Dynamic test user 1b1016f375da44d6a73ee794ae61db95 is created with scope project and roles: ['member']
