2025-04-08 00:57:32.226 69901 INFO tempest.lib.common.rest_client [req-92361558-9e6d-4f8e-bcaf-93c981a7b195 req-92361558-9e6d-4f8e-bcaf-93c981a7b195 ] Request (ServersTestJSON:setUpClass): 201 POST http://10.180.1.21:9696/networking/v2.0/routers 1.851s
2025-04-08 00:57:32.227 69896 INFO tempest.lib.common.rest_client [req-16b2b515-9f81-41e8-a9d4-ebd6b1a8a16c req-16b2b515-9f81-41e8-a9d4-ebd6b1a8a16c ] Request (ServicesAdminNegativeTestJSON:tearDownClass): 201 POST http://10.180.1.21/identity/v3/auth/tokens 0.086s
2025-04-08 00:57:32.265 69866 INFO tempest.lib.common.rest_client [req-304da6c5-aced-4af9-bfa6-0ec7ef354eea req-304da6c5-aced-4af9-bfa6-0ec7ef354eea ] Request (AttachInterfacesV270Test:test_create_get_list_interfaces): 200 GET http://10.180.1.21/compute/v2.1/servers/a056461f-a9e6-44a3-a42e-5277dc21344d 1.016s
2025-04-08 00:57:32.389 69860 INFO tempest.lib.common.rest_client [req-b7dc1658-6bdb-4dd4-953d-0a344a8c9303 req-b7dc1658-6bdb-4dd4-953d-0a344a8c9303 ] Request (FloatingIPDetailsTestJSON:tearDownClass): 204 DELETE http://10.180.1.21:9696/networking/v2.0/subnets/9dd4e655-3f59-4c04-980c-6e87130b9c52 0.312s
2025-04-08 00:57:32.411 69904 INFO tempest.lib.common.rest_client [req-7feb711f-422d-4aa5-b151-9d1d1a8bbf39 req-7feb711f-422d-4aa5-b151-9d1d1a8bbf39 ] Request (ServerAddressesTestJSON:setUpClass): 200 GET http://10.180.1.21/compute/v2.1/servers/29afca04-1a1d-4518-a2cb-c02055db1a49 1.106s
2025-04-08 00:57:32.547 69882 INFO tempest.lib.common.rest_client [req-0caa8922-2bf1-48b0-bbca-3a56b1f98da3 req-0caa8922-2bf1-48b0-bbca-3a56b1f98da3 ] Request (VolumesAdminNegativeTest:test_update_attached_volume_with_nonexistent_volume_in_body): 200 GET http://10.180.1.21/compute/v2.1/servers/2a506c55-2b41-470b-a8e3-2c582fb1a4fe 1.166s
2025-04-08 00:57:32.566 69864 INFO tempest.lib.common.rest_client [req-7c3567d7-81ab-4493-9cc3-2b2c64f9a449 req-7c3567d7-81ab-4493-9cc3-2b2c64f9a449 ] Request (FlavorsV2TestJSON:tearDownClass): 200 GET http://10.180.1.21:9696/networking/v2.0/security-groups?tenant_id=fffecc1eae1747bda4450e666623e6d6&name=default 0.531s
2025-04-08 00:57:32.592 69908 INFO tempest.lib.common.rest_client [req-e31cafd2-9c84-456b-9929-61e234847e27 req-e31cafd2-9c84-456b-9929-61e234847e27 ] Request (QuotasAdminTestJSON:_run_cleanups): 200 PUT http://10.180.1.21/compute/v2.1/os-quota-sets/8d9b20ca0ca742e9876f02def70ab9cd 1.428s
2025-04-08 00:57:32.649 69902 INFO tempest.lib.common.rest_client [req-b8f6f1ab-5e04-4883-9649-ac25e6a39f20 req-b8f6f1ab-5e04-4883-9649-ac25e6a39f20 ] Request (DeleteServersTestJSON:test_delete_active_server): 200 GET http://10.180.1.21/compute/v2.1/servers/d90f2650-201d-41a4-b39d-2b2c28c4b781 1.207s
2025-04-08 00:57:32.685 69872 INFO tempest.lib.common.rest_client [req-3d7c54ca-3cb4-4def-b468-91998293238f req-3d7c54ca-3cb4-4def-b468-91998293238f ] Request (ServersAdminNegativeTestJSON:test_migrate_server_invalid_state): 200 GET http://10.180.1.21/compute/v2.1/servers/20be0043-3dc2-45c6-8f27-903a6c3fe7dd 1.132s
2025-04-08 00:57:32.692 69908 INFO tempest.lib.common.rest_client [req-746d8620-4f3a-4f74-b00f-fe320c633d59 req-746d8620-4f3a-4f74-b00f-fe320c633d59 ] Request (QuotasAdminTestJSON:tearDownClass): 204 DELETE http://10.180.1.21/identity/v3/users/3f70e669deb042a79753fb98fd1cb6e2 0.092s
2025-04-08 00:57:32.715 69896 INFO tempest.lib.common.rest_client [req-bb3b4f71-fe09-46df-bf40-57fdabc40e6d req-bb3b4f71-fe09-46df-bf40-57fdabc40e6d ] Request (ServicesAdminNegativeTestJSON:tearDownClass): 200 GET http://10.180.1.21:9696/networking/v2.0/security-groups?tenant_id=414d2bfa2f494282aca38426f3bc4ec6&name=default 0.488s
2025-04-08 00:57:32.760 69864 INFO tempest.lib.common.rest_client [req-b231e45b-b7b8-4184-aa02-4e99cfc8a04a req-b231e45b-b7b8-4184-aa02-4e99cfc8a04a ] Request (FlavorsV2TestJSON:tearDownClass): 204 DELETE http://10.180.1.21:9696/networking/v2.0/security-groups/bb87950b-ca09-41b9-b7f8-841d76b0c648 0.192s
2025-04-08 00:57:32.801 69894 INFO tempest.lib.common.rest_client [req-4c75fd84-c118-4abb-8906-c460e47cd3a3 req-4c75fd84-c118-4abb-8906-c460e47cd3a3 ] Request (ImagesOneServerNegativeTestJSON:test_create_second_image_when_first_image_is_being_saved): 204 DELETE http://10.180.1.21/compute/v2.1/images/def030ce-b658-41d4-8d75-fd77becb3fae 1.074s
2025-04-08 00:57:32.822 69908 INFO tempest.lib.common.rest_client [req-35b82a39-025c-46e6-a381-a8ad767d33f9 req-35b82a39-025c-46e6-a381-a8ad767d33f9 ] Request (QuotasAdminTestJSON:tearDownClass): 204 DELETE http://10.180.1.21/identity/v3/users/4cc057c5dc7a4fb9b7d2f5b27ddc304e 0.129s
2025-04-08 00:57:32.822 69908 INFO tempest.lib.common.dynamic_creds [-] Deleting project and security group for project: 6de4d677423b41a28304908168a2a2dd
2025-04-08 00:57:32.864 69910 INFO tempest.lib.common.rest_client [req-37322ac0-2989-4e60-80dc-92887bf77623 req-37322ac0-2989-4e60-80dc-92887bf77623 ] Request (FloatingIPDetailsNegativeTestJSON:test_get_nonexistent_floating_ip_details): 404 GET http://10.180.1.21/compute/v2.1/os-floating-ips/626295e3-309b-4b8a-922a-86fb605a35b3 1.282s
2025-04-08 00:57:32.926 69908 INFO tempest.lib.common.rest_client [req-e5f0fcf2-160d-495f-bb8c-46785a21eaa6 req-e5f0fcf2-160d-495f-bb8c-46785a21eaa6 ] Request (QuotasAdminTestJSON:tearDownClass): 201 POST http://10.180.1.21/identity/v3/auth/tokens 0.103s
2025-04-08 00:57:32.989 69864 INFO tempest.lib.common.rest_client [req-ed3b865d-8a0e-460c-b681-6de65b6f0248 req-ed3b865d-8a0e-460c-b681-6de65b6f0248 ] Request (FlavorsV2TestJSON:tearDownClass): 204 DELETE http://10.180.1.21/identity/v3/projects/fffecc1eae1747bda4450e666623e6d6 0.229s
2025-04-08 00:57:33.001 69862 INFO tempest.lib.common.rest_client [req-41f220fd-b58d-4cd9-b22f-d62a305735f1 req-41f220fd-b58d-4cd9-b22f-d62a305735f1 ] Request (AggregatesAdminNegativeTestJSON:_run_cleanups): 200 POST http://10.180.1.21/compute/v2.1/os-aggregates/7/action 1.186s
2025-04-08 00:57:33.011 69896 INFO tempest.lib.common.rest_client [req-6c06a52b-5211-4c04-bac6-bc6591a1a78c req-6c06a52b-5211-4c04-bac6-bc6591a1a78c ] Request (ServicesAdminNegativeTestJSON:tearDownClass): 204 DELETE http://10.180.1.21:9696/networking/v2.0/security-groups/0922b100-6263-465c-afc3-310022644b1c 0.295s
2025-04-08 00:57:33.033 69852 INFO tempest.lib.common.rest_client [req-227cdee9-f3cd-42d4-ba49-50477fb56713 req-227cdee9-f3cd-42d4-ba49-50477fb56713 ] Request (FlavorsAdminTestJSON:test_is_public_string_variations): 200 GET http://10.180.1.21/compute/v2.1/flavors/detail?is_public=t 1.054s
2025-04-08 00:57:33.071 69848 INFO tempest.lib.common.rest_client [req-79cba468-bcf0-4b1e-8989-c5eca4bf8067 req-79cba468-bcf0-4b1e-8989-c5eca4bf8067 ] Request (ServersNegativeTestJSON:setUpClass): 200 GET http://10.180.1.21/compute/v2.1/servers/cf2a81b1-b116-4c2f-ad63-5553fdf09d75 1.257s
2025-04-08 00:57:33.079 69864 INFO tempest.lib.common.rest_client [req-199490c3-0e83-4a79-b16f-5abb7ab6909f req-199490c3-0e83-4a79-b16f-5abb7ab6909f ] Request (AttachInterfacesTestJSON:setUpClass): 201 POST http://10.180.1.21/identity/v3/auth/tokens 0.088s
2025-04-08 00:57:33.137 69858 INFO tempest.lib.common.rest_client [req-f122cc99-315b-412c-8d19-3ce379cca253 req-f122cc99-315b-412c-8d19-3ce379cca253 ] Request (ImagesMetadataTestJSON:test_set_image_metadata_item): 200 GET http://10.180.1.21/compute/v2.1/images/456f590b-e653-454d-9a63-e647971bb668/metadata 1.028s
2025-04-08 00:57:33.187 69896 INFO tempest.lib.common.rest_client [req-d1e82913-7faf-4097-8b4f-25c6445ce5b4 req-d1e82913-7faf-4097-8b4f-25c6445ce5b4 ] Request (ServicesAdminNegativeTestJSON:tearDownClass): 204 DELETE http://10.180.1.21/identity/v3/projects/414d2bfa2f494282aca38426f3bc4ec6 0.175s
2025-04-08 00:57:33.187 69896 INFO tempest.lib.common.dynamic_creds [-] Deleting project and security group for project: 6c63b764e7324aa1b14a527b7a3eceab
2025-04-08 00:57:33.196 69860 INFO tempest.lib.common.rest_client [req-3e56fdee-6577-437c-a76a-e65dee0a8bd0 req-3e56fdee-6577-437c-a76a-e65dee0a8bd0 ] Request (FloatingIPDetailsTestJSON:tearDownClass): 204 DELETE http://10.180.1.21:9696/networking/v2.0/networks/77e5c503-7931-4918-97f1-f12ac5a20d5a 0.806s
2025-04-08 00:57:33.235 69870 INFO tempest.lib.common.rest_client [req-bd300b18-6753-4b82-9281-e104e260ddf8 req-bd300b18-6753-4b82-9281-e104e260ddf8 ] Request (MigrationsAdminTest:test_list_migrations_in_flavor_resize_situation): 200 GET http://10.180.1.21/compute/v2.1/servers/11d9bedb-4afe-4a98-bf67-180666568c92 1.248s
2025-04-08 00:57:33.246 69874 INFO tempest.lib.common.rest_client [req-e3b898ea-15a7-472a-a71e-a306dc9db038 req-e3b898ea-15a7-472a-a71e-a306dc9db038 ] Request (ServerShowV247Test:test_update_rebuild_list_server): 200 GET http://10.180.1.21/compute/v2.1/servers/f5099c97-5bf0-424b-9323-c3fdf3bd418f 1.109s
2025-04-08 00:57:33.263 69874 INFO tempest.common.waiters [-] State transition "BUILD/spawning" ==> "ACTIVE/None" after 16 second wait
2025-04-08 00:57:33.318 69879 INFO tempest.lib.common.rest_client [req-537b5804-b939-4f3b-b492-32d83ff56688 req-537b5804-b939-4f3b-b492-32d83ff56688 ] Request (FloatingIPsAssociationTestJSON:test_associate_already_associated_floating_ip): 200 GET http://10.180.1.21/compute/v2.1/servers/12b2e24d-c606-4c5b-b56d-58c9cda03536 1.055s
2025-04-08 00:57:33.350 69864 INFO tempest.lib.common.rest_client [req-92f0f95b-bb0c-4401-b5c3-dfab3bde24d0 req-92f0f95b-bb0c-4401-b5c3-dfab3bde24d0 ] Request (AttachInterfacesTestJSON:setUpClass): 201 POST http://10.180.1.21/identity/v3/auth/tokens 0.268s
2025-04-08 00:57:33.367 69854 INFO tempest.lib.common.rest_client [req-82c85664-018c-4f90-b9b5-db4974a29993 req-82c85664-018c-4f90-b9b5-db4974a29993 ] Request (ServerTagsTestJSON:setUpClass): 200 GET http://10.180.1.21/compute/v2.1/servers/bc990ba2-d378-4508-bb7a-99e53157d3cf 1.016s
2025-04-08 00:57:33.381 69864 INFO tempest.lib.common.rest_client [req-e7052c7c-21a2-4796-bfe6-2368c9fc4d9f req-e7052c7c-21a2-4796-bfe6-2368c9fc4d9f ] Request (AttachInterfacesTestJSON:setUpClass): 200 GET http://10.180.1.21/identity/v3/domains?name=Default 0.031s
2025-04-08 00:57:33.391 69880 INFO tempest.lib.common.rest_client [req-db4ec74a-f241-46ad-8120-0fa0ec5e567f req-db4ec74a-f241-46ad-8120-0fa0ec5e567f ] Request (ImagesNegativeTestJSON:test_create_image_from_deleted_server): 200 GET http://10.180.1.21/compute/v2.1/servers/59772238-29b7-445c-94db-06554ae5d184 0.986s
2025-04-08 00:57:33.422 69860 INFO tempest.lib.common.rest_client [req-07c1a6fe-6874-4ce7-a14e-0a913b1c35ab req-07c1a6fe-6874-4ce7-a14e-0a913b1c35ab ] Request (FloatingIPDetailsTestJSON:tearDownClass): 204 DELETE http://10.180.1.21/identity/v3/users/0dfc8b87cb23494bbaad0607f1b6669e 0.226s
2025-04-08 00:57:33.422 69860 INFO tempest.lib.common.dynamic_creds [-] Deleting project and security group for project: cac30898231f4b7bb2e63a3500d88530
2025-04-08 00:57:33.460 69908 INFO tempest.lib.common.rest_client [req-da44450d-d363-4ea2-84f7-4f19f9f4facf req-da44450d-d363-4ea2-84f7-4f19f9f4facf ] Request (QuotasAdminTestJSON:tearDownClass): 200 GET http://10.180.1.21:9696/networking/v2.0/security-groups?tenant_id=6de4d677423b41a28304908168a2a2dd&name=default 0.533s
2025-04-08 00:57:33.466 69886 INFO tempest.lib.common.rest_client [req-3c5248d7-70a1-4ff7-aa6e-714fd1629bd2 req-3c5248d7-70a1-4ff7-aa6e-714fd1629bd2 ] Request (SecurityGroupsTestJSON:test_list_security_groups_by_server): 200 GET http://10.180.1.21/compute/v2.1/servers/a40a1fdd-edf5-4ac2-96f5-d8cbb3bd0aa5 0.788s
2025-04-08 00:57:33.467 69884 INFO tempest.lib.common.rest_client [req-0060997f-2623-4539-bab6-9f1620e393aa req-0060997f-2623-4539-bab6-9f1620e393aa ] Request (ServersTestManualDisk:setUpClass): 200 GET http://10.180.1.21/compute/v2.1/servers/507aa0e9-96c1-46cd-88cc-469f5ae354a6 1.027s
2025-04-08 00:57:33.483 69884 INFO tempest.common.waiters [-] State transition "BUILD/None" ==> "BUILD/networking" after 15 second wait
2025-04-08 00:57:33.483 69896 INFO tempest.lib.common.rest_client [req-aa180842-7fa5-4e58-a121-e6f7c558ff7c req-aa180842-7fa5-4e58-a121-e6f7c558ff7c ] Request (ServicesAdminNegativeTestJSON:tearDownClass): 200 GET http://10.180.1.21:9696/networking/v2.0/security-groups?tenant_id=6c63b764e7324aa1b14a527b7a3eceab&name=default 0.296s
2025-04-08 00:57:33.509 69860 INFO tempest.lib.common.rest_client [req-c51f1db0-2ca2-43da-9506-3c2198848c58 req-c51f1db0-2ca2-43da-9506-3c2198848c58 ] Request (FloatingIPDetailsTestJSON:tearDownClass): 200 GET http://10.180.1.21:9696/networking/v2.0/security-groups?tenant_id=cac30898231f4b7bb2e63a3500d88530&name=default 0.086s
2025-04-08 00:57:33.540 69864 INFO tempest.lib.common.rest_client [req-5f84f9aa-aab3-43ee-bb8e-5e434d7546ce req-5f84f9aa-aab3-43ee-bb8e-5e434d7546ce ] Request (AttachInterfacesTestJSON:setUpClass): 201 POST http://10.180.1.21/identity/v3/projects 0.158s
2025-04-08 00:57:33.603 69850 INFO tempest.lib.common.rest_client [req-57c043ba-991a-48a9-b809-b81d96ffb1a9 req-57c043ba-991a-48a9-b809-b81d96ffb1a9 ] Request (DeleteServersAdminTestJSON:test_delete_server_while_in_error_state): 200 GET http://10.180.1.21/compute/v2.1/servers/996a56d7-78ba-4cb9-a88c-79141b26f472 0.902s
2025-04-08 00:57:33.610 69864 INFO tempest.lib.common.rest_client [req-11af59ab-4963-449f-a5a1-1f893f908baa req-11af59ab-4963-449f-a5a1-1f893f908baa ] Request (AttachInterfacesTestJSON:setUpClass): 201 POST http://10.180.1.21/identity/v3/users 0.070s
2025-04-08 00:57:33.628 69856 INFO tempest.lib.common.rest_client [req-4c112bb5-73fb-4d44-9333-f1c77af863f6 req-4c112bb5-73fb-4d44-9333-f1c77af863f6 ] Request (ServerDiagnosticsV248Test:tearDownClass): 200 GET http://10.180.1.21/compute/v2.1/servers/b3dd330e-968a-4440-9750-cbabebe193aa 0.848s
2025-04-08 00:57:33.686 69864 INFO tempest.lib.common.rest_client [req-57441ba1-0207-4e26-a91c-39bf8127c644 req-57441ba1-0207-4e26-a91c-39bf8127c644 ] Request (AttachInterfacesTestJSON:setUpClass): 200 GET http://10.180.1.21/identity/v3/roles 0.073s
2025-04-08 00:57:33.732 69864 INFO tempest.lib.common.rest_client [req-33566917-0cd7-49b1-b17f-e7f5b2bfd936 req-33566917-0cd7-49b1-b17f-e7f5b2bfd936 ] Request (AttachInterfacesTestJSON:setUpClass): 204 PUT http://10.180.1.21/identity/v3/projects/d59e406e1f904844b67b4bda1e9b395d/users/c3b27e15dcad431abc12a3917845df38/roles/357fcbb4b9264aca8fe4c562cb5dd259 0.045s
2025-04-08 00:57:33.732 69864 INFO tempest.lib.common.dynamic_creds [-] Dynamic test user c3b27e15dcad431abc12a3917845df38 is created with scope project and roles: ['member']
2025-04-08 00:57:33.733 69864 INFO tempest.lib.common.dynamic_creds [-] Acquired dynamic creds: credentials: Credentials: {'domain_id': 'default', 'domain_name': 'Default', 'username': 'tempest-AttachInterfacesTestJSON-1845431515-project-member', 'project_domain_id': 'default', 'project_domain_name': 'Default', 'project_id': 'd59e406e1f904844b67b4bda1e9b395d', 'project_name': 'tempest-AttachInterfacesTestJSON-1845431515', 'tenant_id': 'd59e406e1f904844b67b4bda1e9b395d', 'tenant_name': 'tempest-AttachInterfacesTestJSON-1845431515', 'user_domain_id': 'default', 'user_domain_name': 'Default', 'user_id': 'c3b27e15dcad431abc12a3917845df38', 'system': None}, Network: None, Subnet: None, Router: None
2025-04-08 00:57:33.748 69860 INFO tempest.lib.common.rest_client [req-ba7d8133-d474-424a-8bba-bb0957ee67e1 req-ba7d8133-d474-424a-8bba-bb0957ee67e1 ] Request (FloatingIPDetailsTestJSON:tearDownClass): 204 DELETE http://10.180.1.21:9696/networking/v2.0/security-groups/22a88e8c-b646-4b4f-8608-e1dab5ab1c1c 0.239s
2025-04-08 00:57:33.780 69868 INFO tempest.lib.common.rest_client [req-2f84c7e4-e3cb-420d-a8b5-21c7609982f5 req-2f84c7e4-e3cb-420d-a8b5-21c7609982f5 ] Request (InstanceActionsV221TestJSON:test_get_list_deleted_instance_actions): 200 GET http://10.180.1.21/compute/v2.1/servers/1d8a9584-c6c5-4be0-9a70-0a847c4aa66c 0.902s
2025-04-08 00:57:33.783 69908 INFO tempest.lib.common.rest_client [req-d13152a9-bae3-45d9-b5f2-a56625919c0f req-d13152a9-bae3-45d9-b5f2-a56625919c0f ] Request (QuotasAdminTestJSON:tearDownClass): 204 DELETE http://10.180.1.21:9696/networking/v2.0/security-groups/0b0d90aa-4f49-4002-95dd-79a827077b10 0.323s
2025-04-08 00:57:33.798 69888 WARNING tempest.lib.common.ssh [-] Failed to establish authenticated ssh connection to cirros@10.180.180.190 ([Errno None] Unable to connect to port 22 on 10.180.180.190). Number attempts: 1. Retry after 2 seconds.: paramiko.ssh_exception.NoValidConnectionsError: [Errno None] Unable to connect to port 22 on 10.180.180.190
2025-04-08 00:57:33.820 69864 INFO tempest.lib.common.rest_client [req-2c02b3c1-9b17-4bfe-9eab-265a6d140205 req-2c02b3c1-9b17-4bfe-9eab-265a6d140205 ] Request (AttachInterfacesTestJSON:setUpClass): 201 POST http://10.180.1.21/identity/v3/auth/tokens 0.087s
2025-04-08 00:57:33.826 69896 INFO tempest.lib.common.rest_client [req-56fb6016-705b-4fd6-a312-c7ced2ae9813 req-56fb6016-705b-4fd6-a312-c7ced2ae9813 ] Request (ServicesAdminNegativeTestJSON:tearDownClass): 204 DELETE http://10.180.1.21:9696/networking/v2.0/security-groups/13a12d79-7c12-40f6-b046-c95a1598d9e9 0.341s
2025-04-08 00:57:33.869 69892 INFO tempest.lib.common.rest_client [req-ffde5fe0-4b01-460b-9d6a-289b54d758de req-ffde5fe0-4b01-460b-9d6a-289b54d758de ] Request (MultipleCreateTestJSON:test_multiple_create): 200 GET http://10.180.1.21/compute/v2.1/servers/2d5785a7-7e94-47ae-9dd9-6f596fc38843 0.951s
2025-04-08 00:57:33.904 69860 INFO tempest.lib.common.rest_client [req-f12eb685-eb9e-4981-995d-6f0b668d4f4f req-f12eb685-eb9e-4981-995d-6f0b668d4f4f ] Request (FloatingIPDetailsTestJSON:tearDownClass): 204 DELETE http://10.180.1.21/identity/v3/projects/cac30898231f4b7bb2e63a3500d88530 0.154s
2025-04-08 00:57:33.923 69898 INFO tempest.lib.common.rest_client [req-17de74d3-7260-4299-bc30-ea8a655df829 req-17de74d3-7260-4299-bc30-ea8a655df829 ] Request (ImagesTestJSON:test_create_image_from_stopped_server): 200 GET http://10.180.1.21/compute/v2.1/images/0fd2cb18-2a01-4c0f-b562-7bf5f202e06d 0.965s
2025-04-08 00:57:33.944 69908 INFO tempest.lib.common.rest_client [req-847656c7-0063-41d0-83e6-530270795172 req-847656c7-0063-41d0-83e6-530270795172 ] Request (QuotasAdminTestJSON:tearDownClass): 204 DELETE http://10.180.1.21/identity/v3/projects/6de4d677423b41a28304908168a2a2dd 0.161s
2025-04-08 00:57:33.944 69908 INFO tempest.lib.common.dynamic_creds [-] Deleting project and security group for project: 8d9b20ca0ca742e9876f02def70ab9cd
2025-04-08 00:57:33.951 69894 INFO tempest.lib.common.rest_client [req-6339da71-5a94-44cc-9112-d9416a8c2482 req-6339da71-5a94-44cc-9112-d9416a8c2482 ] Request (ImagesOneServerNegativeTestJSON:tearDown): 200 GET http://10.180.1.21/compute/v2.1/servers/79c9838c-a286-4c4c-9b0c-62eba502c100 1.148s
2025-04-08 00:57:33.969 69862 INFO tempest.lib.common.rest_client [req-f75f3921-c803-4a6d-9af3-b671983a2fc2 req-f75f3921-c803-4a6d-9af3-b671983a2fc2 ] Request (AggregatesAdminNegativeTestJSON:_run_cleanups): 200 DELETE http://10.180.1.21/compute/v2.1/os-aggregates/7 0.964s
2025-04-08 00:57:33.994 69852 INFO tempest.lib.common.rest_client [req-14b2a192-8385-4a9c-bb4b-c781c4f1c18c req-14b2a192-8385-4a9c-bb4b-c781c4f1c18c ] Request (FlavorsAdminTestJSON:test_is_public_string_variations): 200 GET http://10.180.1.21/compute/v2.1/flavors/detail?is_public=true 0.955s
2025-04-08 00:57:34.071 69906 INFO tempest.lib.common.rest_client [req-82297c8c-65ba-4ed5-a663-8243e4d41701 req-82297c8c-65ba-4ed5-a663-8243e4d41701 ] Request (FloatingIPsAssociationNegativeTestJSON:setUpClass): 200 GET http://10.180.1.21/compute/v2.1/servers/b4a6ccb1-d746-44f1-8dab-0b7ae7f358b6 0.983s
2025-04-08 00:57:34.103 69896 INFO tempest.lib.common.rest_client [req-223de6e8-9a6c-4b1b-8d95-df3df8d2dde8 req-223de6e8-9a6c-4b1b-8d95-df3df8d2dde8 ] Request (ServicesAdminNegativeTestJSON:tearDownClass): 204 DELETE http://10.180.1.21/identity/v3/projects/6c63b764e7324aa1b14a527b7a3eceab 0.276s
2025-04-08 00:57:34.187 69860 INFO tempest.lib.common.rest_client [req-d40166f7-58ff-44aa-80c9-b90038275d3f req-d40166f7-58ff-44aa-80c9-b90038275d3f ] Request (ListImageFiltersTestJSON:setUpClass): 201 POST http://10.180.1.21/identity/v3/auth/tokens 0.282s
2025-04-08 00:57:34.200 69896 INFO tempest.lib.common.rest_client [req-e8c43a54-fa06-41b7-bc87-3e3a2497dd67 req-e8c43a54-fa06-41b7-bc87-3e3a2497dd67 ] Request (ServerActionsTestOtherB:setUpClass): 201 POST http://10.180.1.21/identity/v3/auth/tokens 0.095s
2025-04-08 00:57:34.238 69896 INFO tempest.lib.common.rest_client [req-b6a387ff-bf6b-4dbb-a270-884100ba514b req-b6a387ff-bf6b-4dbb-a270-884100ba514b ] Request (ServerActionsTestOtherB:setUpClass): 201 POST http://10.180.1.21/identity/v3/auth/tokens 0.032s
2025-04-08 00:57:34.242 69860 INFO tempest.lib.common.rest_client [req-251ea0b6-3c33-43a6-ac2a-98333f2c1c2f req-251ea0b6-3c33-43a6-ac2a-98333f2c1c2f ] Request (ListImageFiltersTestJSON:setUpClass): 201 POST http://10.180.1.21/identity/v3/auth/tokens 0.053s
2025-04-08 00:57:34.267 69896 INFO tempest.lib.common.rest_client [req-80713628-881b-4c74-9b6c-b162dd81be16 req-80713628-881b-4c74-9b6c-b162dd81be16 ] Request (ServerActionsTestOtherB:setUpClass): 200 GET http://10.180.1.21/identity/v3/domains?name=Default 0.028s
2025-04-08 00:57:34.274 69860 INFO tempest.lib.common.rest_client [req-23c22953-ccc7-4f94-84f8-49692305320e req-23c22953-ccc7-4f94-84f8-49692305320e ] Request (ListImageFiltersTestJSON:setUpClass): 200 GET http://10.180.1.21/identity/v3/domains?name=Default 0.031s
2025-04-08 00:57:34.297 69896 INFO tempest.lib.common.rest_client [req-f19120a1-e9dc-480c-9bf1-9aa06333fb65 req-f19120a1-e9dc-480c-9bf1-9aa06333fb65 ] Request (ServerActionsTestOtherB:setUpClass): 201 POST http://10.180.1.21/identity/v3/projects 0.030s
2025-04-08 00:57:34.306 69858 INFO tempest.lib.common.rest_client [req-599dfc8b-4078-40b3-9097-79417a42ac54 req-599dfc8b-4078-40b3-9097-79417a42ac54 ] Request (ImagesMetadataTestJSON:setUp): 200 PUT http://10.180.1.21/compute/v2.1/images/456f590b-e653-454d-9a63-e647971bb668/metadata 1.167s
2025-04-08 00:57:34.311 69860 INFO tempest.lib.common.rest_client [req-4d1eaaf0-ac74-4864-9b10-d93c00601f72 req-4d1eaaf0-ac74-4864-9b10-d93c00601f72 ] Request (ListImageFiltersTestJSON:setUpClass): 201 POST http://10.180.1.21/identity/v3/projects 0.037s
2025-04-08 00:57:34.379 69874 INFO tempest.lib.common.rest_client [req-97556390-7c39-4175-9311-a358878e1fe3 req-97556390-7c39-4175-9311-a358878e1fe3 ] Request (ServerShowV247Test:test_update_rebuild_list_server): 202 POST http://10.180.1.21/compute/v2.1/servers/f5099c97-5bf0-424b-9323-c3fdf3bd418f/action 1.113s
2025-04-08 00:57:34.386 69860 INFO tempest.lib.common.rest_client [req-bed6dfe1-604b-4ec5-a212-600ffbcef7ab req-bed6dfe1-604b-4ec5-a212-600ffbcef7ab ] Request (ListImageFiltersTestJSON:setUpClass): 201 POST http://10.180.1.21/identity/v3/users 0.074s
2025-04-08 00:57:34.415 69896 INFO tempest.lib.common.rest_client [req-b157b305-64fa-4d51-8eed-34eea870af01 req-b157b305-64fa-4d51-8eed-34eea870af01 ] Request (ServerActionsTestOtherB:setUpClass): 201 POST http://10.180.1.21/identity/v3/users 0.116s
2025-04-08 00:57:34.425 69860 INFO tempest.lib.common.rest_client [req-4daa0745-cfb9-4116-96fa-b6939b923a77 req-4daa0745-cfb9-4116-96fa-b6939b923a77 ] Request (ListImageFiltersTestJSON:setUpClass): 200 GET http://10.180.1.21/identity/v3/roles 0.039s
2025-04-08 00:57:34.444 69896 INFO tempest.lib.common.rest_client [req-fc50e2d8-9dcc-45ef-bbcb-9c803b871691 req-fc50e2d8-9dcc-45ef-bbcb-9c803b871691 ] Request (ServerActionsTestOtherB:setUpClass): 200 GET http://10.180.1.21/identity/v3/roles 0.029s
2025-04-08 00:57:34.452 69866 INFO tempest.lib.common.rest_client [req-f86972e3-9ee6-450c-8b3c-e02f699c0285 req-f86972e3-9ee6-450c-8b3c-e02f699c0285 ] Request (AttachInterfacesV270Test:test_create_get_list_interfaces): 200 GET http://10.180.1.21/compute/v2.1/servers/a056461f-a9e6-44a3-a42e-5277dc21344d 1.173s
2025-04-08 00:57:34.478 69860 INFO tempest.lib.common.rest_client [req-1af1a351-124c-4d1e-a27a-458d90d53052 req-1af1a351-124c-4d1e-a27a-458d90d53052 ] Request (ListImageFiltersTestJSON:setUpClass): 204 PUT http://10.180.1.21/identity/v3/projects/36ff225af48e4c288f089ac3af77f7d8/users/f55b941cae51423c9f70bfd79db6d430/roles/357fcbb4b9264aca8fe4c562cb5dd259 0.052s
2025-04-08 00:57:34.479 69860 INFO tempest.lib.common.dynamic_creds [-] Dynamic test user f55b941cae51423c9f70bfd79db6d430 is created with scope project and roles: ['member']
2025-04-08 00:57:34.479 69860 INFO tempest.lib.common.dynamic_creds [-] Acquired dynamic creds: credentials: Credentials: {'domain_id': 'default', 'domain_name': 'Default', 'username': 'tempest-ListImageFiltersTestJSON-863189825-project-member', 'project_domain_id': 'default', 'project_domain_name': 'Default', 'project_id': '36ff225af48e4c288f089ac3af77f7d8', 'project_name': 'tempest-ListImageFiltersTestJSON-863189825', 'tenant_id': '36ff225af48e4c288f089ac3af77f7d8', 'tenant_name': 'tempest-ListImageFiltersTestJSON-863189825', 'user_domain_id': 'default', 'user_domain_name': 'Default', 'user_id': 'f55b941cae51423c9f70bfd79db6d430', 'system': None}, Network: None, Subnet: None, Router: None
2025-04-08 00:57:34.479 69860 INFO tempest.lib.common.dynamic_creds [-] Created isolated network resources for: credentials: Credentials: {'domain_id': 'default', 'domain_name': 'Default', 'username': 'tempest-ListImageFiltersTestJSON-863189825-project-member', 'project_domain_id': 'default', 'project_domain_name': 'Default', 'project_id': '36ff225af48e4c288f089ac3af77f7d8', 'project_name': 'tempest-ListImageFiltersTestJSON-863189825', 'tenant_id': '36ff225af48e4c288f089ac3af77f7d8', 'tenant_name': 'tempest-ListImageFiltersTestJSON-863189825', 'user_domain_id': 'default', 'user_domain_name': 'Default', 'user_id': 'f55b941cae51423c9f70bfd79db6d430', 'system': None}, Network: None, Subnet: None, Router: None
2025-04-08 00:57:34.486 69896 INFO tempest.lib.common.rest_client [req-eb837c56-c50d-4e3b-928d-0b718eacfc9f req-eb837c56-c50d-4e3b-928d-0b718eacfc9f ] Request (ServerActionsTestOtherB:setUpClass): 204 PUT http://10.180.1.21/identity/v3/projects/854256301fd5431a80615ce2960935fb/users/ec5870c97f5a4a03809a6e38bc28ad97/roles/357fcbb4b9264aca8fe4c562cb5dd259 0.040s
2025-04-08 00:57:34.487 69896 INFO tempest.lib.common.dynamic_creds [-] Dynamic test user ec5870c97f5a4a03809a6e38bc28ad97 is created with scope project and roles: ['member']
2025-04-08 00:57:34.487 69896 INFO tempest.lib.common.dynamic_creds [-] Acquired dynamic creds: credentials: Credentials: {'domain_id': 'default', 'domain_name': 'Default', 'username': 'tempest-ServerActionsTestOtherB-1543226840-project-member', 'project_domain_id': 'default', 'project_domain_name': 'Default', 'project_id': '854256301fd5431a80615ce2960935fb', 'project_name': 'tempest-ServerActionsTestOtherB-1543226840', 'tenant_id': '854256301fd5431a80615ce2960935fb', 'tenant_name': 'tempest-ServerActionsTestOtherB-1543226840', 'user_domain_id': 'default', 'user_domain_name': 'Default', 'user_id': 'ec5870c97f5a4a03809a6e38bc28ad97', 'system': None}, Network: None, Subnet: None, Router: None
2025-04-08 00:57:34.494 69904 INFO tempest.lib.common.rest_client [req-9488c36e-1898-43f3-9462-82b42e1f154f req-9488c36e-1898-43f3-9462-82b42e1f154f ] Request (ServerAddressesTestJSON:setUpClass): 200 GET http://10.180.1.21/compute/v2.1/servers/29afca04-1a1d-4518-a2cb-c02055db1a49 1.068s
2025-04-08 00:57:34.514 69901 INFO tempest.lib.common.rest_client [req-b8d6d6d8-7210-4759-809f-811bf78178cc req-b8d6d6d8-7210-4759-809f-811bf78178cc ] Request (ServersTestJSON:setUpClass): 200 PUT http://10.180.1.21:9696/networking/v2.0/routers/3362934c-c445-437d-92c6-81688b1dec07/add_router_interface 2.288s
2025-04-08 00:57:34.514 69901 INFO tempest.lib.common.dynamic_creds [-] Created isolated network resources for: credentials: Credentials: {'domain_id': 'default', 'domain_name': 'Default', 'username': 'tempest-ServersTestJSON-774560982-project-member', 'project_domain_id': 'default', 'project_domain_name': 'Default', 'project_id': 'dcedb00f1e0b432fb6353eef008890bf', 'project_name': 'tempest-ServersTestJSON-774560982', 'tenant_id': 'dcedb00f1e0b432fb6353eef008890bf', 'tenant_name': 'tempest-ServersTestJSON-774560982', 'user_domain_id': 'default', 'user_domain_name': 'Default', 'user_id': 'cd62aefe6d69495eb0d66d193c844430', 'system': None}, Network: {'id': '480470d4-459c-40f3-88ac-6cd56765c3ff', 'name': 'tempest-ServersTestJSON-95042115-network', 'tenant_id': 'dcedb00f1e0b432fb6353eef008890bf', 'admin_state_up': True, 'mtu': 8950, 'status': 'ACTIVE', 'subnets': [], 'shared': False, 'project_id': 'dcedb00f1e0b432fb6353eef008890bf', 'port_security_enabled': True, 'router:external': False, 'provider:network_type': 'vlan', 'provider:physical_network': 'default', 'provider:segmentation_id': 755, 'availability_zone_hints': [], 'availability_zones': [], 'ipv4_address_scope': None, 'ipv6_address_scope': None, 'description': '', 'tags': [], 'created_at': '2025-04-08T00:57:29Z', 'updated_at': '2025-04-08T00:57:29Z', 'revision_number': 1}, Subnet: {'id': 'af1357bf-1bd9-4985-8bd8-24746f0d2273', 'name': 'tempest-ServersTestJSON-95042115-subnet', 'tenant_id': 'dcedb00f1e0b432fb6353eef008890bf', 'network_id': '480470d4-459c-40f3-88ac-6cd56765c3ff', 'ip_version': 4, 'subnetpool_id': None, 'enable_dhcp': True, 'ipv6_ra_mode': None, 'ipv6_address_mode': None, 'gateway_ip': '192.168.128.1', 'cidr': '192.168.128.0/28', 'allocation_pools': [{'start': '192.168.128.2', 'end': '192.168.128.14'}], 'host_routes': [], 'dns_nameservers': [], 'description': '', 'router:external': False, 'service_types': [], 'tags': [], 'created_at': '2025-04-08T00:57:30Z', 'updated_at': '2025-04-08T00:57:30Z', 'revision_number': 0, 'project_id': 'dcedb00f1e0b432fb6353eef008890bf'}, Router: {'id': '3362934c-c445-437d-92c6-81688b1dec07', 'name': 'tempest-ServersTestJSON-95042115-router', 'tenant_id': 'dcedb00f1e0b432fb6353eef008890bf', 'admin_state_up': True, 'status': 'ACTIVE', 'external_gateway_info': {'network_id': 'ee4ad9f5-867c-4889-bbba-a37f5872dc87', 'external_fixed_ips': [{'subnet_id': 'e1727d8b-c07d-44df-89f1-03d12bd312ba', 'ip_address': '10.180.180.251'}], 'enable_snat': True}, 'description': '', 'availability_zones': [], 'distributed': False, 'ha': False, 'availability_zone_hints': [], 'routes': [], 'flavor_id': None, 'tags': [], 'created_at': '2025-04-08T00:57:30Z', 'updated_at': '2025-04-08T00:57:31Z', 'revision_number': 2, 'project_id': 'dcedb00f1e0b432fb6353eef008890bf'}
2025-04-08 00:57:34.566 69882 INFO tempest.lib.common.rest_client [req-9edd2424-57c4-475e-a7d6-de19bce73e4f req-9edd2424-57c4-475e-a7d6-de19bce73e4f ] Request (VolumesAdminNegativeTest:test_update_attached_volume_with_nonexistent_volume_in_body): 200 GET http://10.180.1.21/compute/v2.1/servers/2a506c55-2b41-470b-a8e3-2c582fb1a4fe 1.007s
2025-04-08 00:57:34.575 69902 INFO tempest.lib.common.rest_client [req-561a0358-cc75-4a5c-ac53-c6f05c7235f4 req-561a0358-cc75-4a5c-ac53-c6f05c7235f4 ] Request (DeleteServersTestJSON:test_delete_active_server): 200 GET http://10.180.1.21/compute/v2.1/servers/d90f2650-201d-41a4-b39d-2b2c28c4b781 0.914s
2025-04-08 00:57:34.579 69908 INFO tempest.lib.common.rest_client [req-c3813bdc-5b7a-4dac-abdb-b855e6af0c20 req-c3813bdc-5b7a-4dac-abdb-b855e6af0c20 ] Request (QuotasAdminTestJSON:tearDownClass): 200 GET http://10.180.1.21:9696/networking/v2.0/security-groups?tenant_id=8d9b20ca0ca742e9876f02def70ab9cd&name=default 0.634s
2025-04-08 00:57:34.628 69860 INFO tempest.lib.common.rest_client [req-297e7c51-7c19-4ac6-ad0d-a07f539038f4 req-297e7c51-7c19-4ac6-ad0d-a07f539038f4 ] Request (ListImageFiltersTestJSON:setUpClass): 201 POST http://10.180.1.21/identity/v3/auth/tokens 0.145s
2025-04-08 00:57:34.637 69898 INFO tempest.lib.common.rest_client [req-7556504f-d4c5-4357-92ff-db648a86b9b0 req-7556504f-d4c5-4357-92ff-db648a86b9b0 ] Request (ImagesTestJSON:test_create_image_from_stopped_server): 200 GET http://10.180.1.21/compute/v2.1/images/0fd2cb18-2a01-4c0f-b562-7bf5f202e06d 0.707s
2025-04-08 00:57:34.669 69872 INFO tempest.lib.common.rest_client [req-61aed995-104b-447c-b143-908b8d7102ab req-61aed995-104b-447c-b143-908b8d7102ab ] Request (ServersAdminNegativeTestJSON:test_migrate_server_invalid_state): 200 GET http://10.180.1.21/compute/v2.1/servers/20be0043-3dc2-45c6-8f27-903a6c3fe7dd 0.972s
2025-04-08 00:57:34.678 69862 INFO tempest.lib.common.rest_client [req-841f3957-7cc9-47f1-be41-0e5413c1d4ee req-841f3957-7cc9-47f1-be41-0e5413c1d4ee ] Request (AggregatesAdminNegativeTestJSON:test_aggregate_remove_nonexistent_host): 200 POST http://10.180.1.21/compute/v2.1/os-aggregates 0.706s
2025-04-08 00:57:34.693 69898 INFO tempest.lib.common.rest_client [req-373b6935-6163-40c8-b067-2942c0293a8e req-373b6935-6163-40c8-b067-2942c0293a8e ] Request (ImagesTestJSON:test_create_image_from_stopped_server): 200 GET http://10.180.1.21/image/v2/images/0fd2cb18-2a01-4c0f-b562-7bf5f202e06d/tasks 0.050s
2025-04-08 00:57:34.702 69901 INFO tempest.lib.common.rest_client [req-f9e131c1-c0f7-4790-99ca-06fdbf3b3e8c req-f9e131c1-c0f7-4790-99ca-06fdbf3b3e8c ] Request (ServersTestJSON:setUpClass): 201 POST http://10.180.1.21/identity/v3/auth/tokens 0.184s
2025-04-08 00:57:34.716 69908 INFO tempest.lib.common.rest_client [req-223d3f8b-0228-4528-b7a4-d0e9cd0bff14 req-223d3f8b-0228-4528-b7a4-d0e9cd0bff14 ] Request (QuotasAdminTestJSON:tearDownClass): 204 DELETE http://10.180.1.21:9696/networking/v2.0/security-groups/3c0f5bb9-bf17-4d52-958e-32881dde3e15 0.137s
2025-04-08 00:57:34.731 69852 INFO tempest.lib.common.rest_client [req-6fdebfcd-f58e-41ab-983d-e9eb1747f9a8 req-6fdebfcd-f58e-41ab-983d-e9eb1747f9a8 ] Request (FlavorsAdminTestJSON:test_is_public_string_variations): 200 GET http://10.180.1.21/compute/v2.1/flavors/detail?is_public=yes 0.732s
2025-04-08 00:57:34.767 69896 INFO tempest.lib.common.rest_client [req-19e07d2c-8d40-454a-82cd-43af5bf662c7 req-19e07d2c-8d40-454a-82cd-43af5bf662c7 ] Request (ServerActionsTestOtherB:setUpClass): 201 POST http://10.180.1.21/identity/v3/auth/tokens 0.278s
2025-04-08 00:57:34.835 69848 INFO tempest.lib.common.rest_client [req-4a25bf4d-45d0-469b-9901-c872acd53cc1 req-4a25bf4d-45d0-469b-9901-c872acd53cc1 ] Request (ServersNegativeTestJSON:setUpClass): 200 GET http://10.180.1.21/compute/v2.1/servers/cf2a81b1-b116-4c2f-ad63-5553fdf09d75 0.749s
2025-04-08 00:57:34.855 69908 INFO tempest.lib.common.rest_client [req-94967c61-a591-49f0-a36d-b8f67ce0a743 req-94967c61-a591-49f0-a36d-b8f67ce0a743 ] Request (QuotasAdminTestJSON:tearDownClass): 204 DELETE http://10.180.1.21/identity/v3/projects/8d9b20ca0ca742e9876f02def70ab9cd 0.139s
2025-04-08 00:57:34.904 69870 INFO tempest.lib.common.rest_client [req-06bc20c0-1d1f-4fac-83a0-95bebb3ace9f req-06bc20c0-1d1f-4fac-83a0-95bebb3ace9f ] Request (MigrationsAdminTest:test_list_migrations_in_flavor_resize_situation): 200 GET http://10.180.1.21/compute/v2.1/servers/11d9bedb-4afe-4a98-bf67-180666568c92 0.657s
2025-04-08 00:57:34.919 69910 INFO tempest.lib.common.rest_client [req-aa1a139e-2076-48a4-a734-9e5c9be2675f req-aa1a139e-2076-48a4-a734-9e5c9be2675f ] Request (FloatingIPDetailsNegativeTestJSON:tearDownClass): 200 PUT http://10.180.1.21:9696/networking/v2.0/routers/71c942dc-beb8-42d6-913f-a8a00d747a4b/remove_router_interface 2.049s
2025-04-08 00:57:34.953 69908 INFO tempest.lib.common.rest_client [req-8d948b6b-4834-4c83-9853-b2b8a05d062f req-8d948b6b-4834-4c83-9853-b2b8a05d062f ] Request (ServerActionsTestOtherA:setUpClass): 201 POST http://10.180.1.21/identity/v3/auth/tokens 0.096s
2025-04-08 00:57:34.977 69864 INFO tempest.lib.common.rest_client [req-f748fa0e-9028-413b-891b-2fed9ca0f787 req-f748fa0e-9028-413b-891b-2fed9ca0f787 ] Request (AttachInterfacesTestJSON:setUpClass): 201 POST http://10.180.1.21:9696/networking/v2.0/networks 1.156s
2025-04-08 00:57:34.983 69908 INFO tempest.lib.common.rest_client [req-99e7267b-7d62-4457-b801-08fa77b85b3a req-99e7267b-7d62-4457-b801-08fa77b85b3a ] Request (ServerActionsTestOtherA:setUpClass): 201 POST http://10.180.1.21/identity/v3/auth/tokens 0.027s
2025-04-08 00:57:34.990 69879 INFO tempest.lib.common.rest_client [req-24a76ac0-e1ea-4940-b9b0-08a8787af134 req-24a76ac0-e1ea-4940-b9b0-08a8787af134 ] Request (FloatingIPsAssociationTestJSON:test_associate_already_associated_floating_ip): 200 GET http://10.180.1.21/compute/v2.1/servers/12b2e24d-c606-4c5b-b56d-58c9cda03536 0.659s
2025-04-08 00:57:35.002 69879 INFO tempest.common.waiters [-] State transition "BUILD/scheduling" ==> "BUILD/None" after 11 second wait
2025-04-08 00:57:35.007 69908 INFO tempest.lib.common.rest_client [req-77a120df-ae91-483c-a2fd-378221aefd84 req-77a120df-ae91-483c-a2fd-378221aefd84 ] Request (ServerActionsTestOtherA:setUpClass): 200 GET http://10.180.1.21/identity/v3/domains?name=Default 0.023s
2025-04-08 00:57:35.047 69908 INFO tempest.lib.common.rest_client [req-2a03ad6c-aff4-489a-8f02-717596edbfb5 req-2a03ad6c-aff4-489a-8f02-717596edbfb5 ] Request (ServerActionsTestOtherA:setUpClass): 201 POST http://10.180.1.21/identity/v3/projects 0.039s
2025-04-08 00:57:35.073 69890 WARNING tempest.lib.common.ssh [-] Failed to establish authenticated ssh connection to cirros@10.180.180.242 ([Errno None] Unable to connect to port 22 on 10.180.180.242). Number attempts: 2. Retry after 3 seconds.: paramiko.ssh_exception.NoValidConnectionsError: [Errno None] Unable to connect to port 22 on 10.180.180.242
2025-04-08 00:57:35.110 69908 INFO tempest.lib.common.rest_client [req-c244dab3-a836-44c2-84ef-8cd44ed59e0a req-c244dab3-a836-44c2-84ef-8cd44ed59e0a ] Request (ServerActionsTestOtherA:setUpClass): 201 POST http://10.180.1.21/identity/v3/users 0.063s
2025-04-08 00:57:35.138 69908 INFO tempest.lib.common.rest_client [req-c2565de3-353d-459c-83d7-e2eced94008b req-c2565de3-353d-459c-83d7-e2eced94008b ] Request (ServerActionsTestOtherA:setUpClass): 200 GET http://10.180.1.21/identity/v3/roles 0.028s
2025-04-08 00:57:35.159 69858 INFO tempest.lib.common.rest_client [req-5d53ce5b-9b3f-43fd-b6da-96378ccf7890 req-5d53ce5b-9b3f-43fd-b6da-96378ccf7890 ] Request (ImagesMetadataTestJSON:test_update_image_metadata): 200 POST http://10.180.1.21/compute/v2.1/images/456f590b-e653-454d-9a63-e647971bb668/metadata 0.851s
2025-04-08 00:57:35.175 69908 INFO tempest.lib.common.rest_client [req-3c8234e9-1983-4b6c-8ffc-85bc0a422ea6 req-3c8234e9-1983-4b6c-8ffc-85bc0a422ea6 ] Request (ServerActionsTestOtherA:setUpClass): 204 PUT http://10.180.1.21/identity/v3/projects/cffd4dc492e94a15a2b37e1137b27607/users/acdaa4490a0d471a8c093ddf0a603982/roles/357fcbb4b9264aca8fe4c562cb5dd259 0.036s
2025-04-08 00:57:35.175 69908 INFO tempest.lib.common.dynamic_creds [-] Dynamic test user acdaa4490a0d471a8c093ddf0a603982 is created with scope project and roles: ['member']
2025-04-08 00:57:35.175 69908 INFO tempest.lib.common.dynamic_creds [-] Acquired dynamic creds: credentials: Credentials: {'domain_id': 'default', 'domain_name': 'Default', 'username': 'tempest-ServerActionsTestOtherA-892752607-project-member', 'project_domain_id': 'default', 'project_domain_name': 'Default', 'project_id': 'cffd4dc492e94a15a2b37e1137b27607', 'project_name': 'tempest-ServerActionsTestOtherA-892752607', 'tenant_id': 'cffd4dc492e94a15a2b37e1137b27607', 'tenant_name': 'tempest-ServerActionsTestOtherA-892752607', 'user_domain_id': 'default', 'user_domain_name': 'Default', 'user_id': 'acdaa4490a0d471a8c093ddf0a603982', 'system': None}, Network: None, Subnet: None, Router: None
2025-04-08 00:57:35.221 69860 INFO tempest.lib.common.rest_client [req-7058c62b-058c-4e3b-87df-5f4fa3f17d70 req-7058c62b-058c-4e3b-87df-5f4fa3f17d70 ] Request (ListImageFiltersTestJSON:setUpClass): 201 POST http://10.180.1.21/image/v2/images 0.591s
2025-04-08 00:57:35.277 69908 INFO tempest.lib.common.rest_client [req-a3d998c7-e6f4-428b-a979-515bc0faf333 req-a3d998c7-e6f4-428b-a979-515bc0faf333 ] Request (ServerActionsTestOtherA:setUpClass): 201 POST http://10.180.1.21/identity/v3/auth/tokens 0.102s
2025-04-08 00:57:35.278 69874 INFO tempest.lib.common.rest_client [req-1171724c-a09c-47da-b9f7-faec457ed338 req-1171724c-a09c-47da-b9f7-faec457ed338 ] Request (ServerShowV247Test:test_update_rebuild_list_server): 200 GET http://10.180.1.21/compute/v2.1/servers/f5099c97-5bf0-424b-9323-c3fdf3bd418f 0.888s
2025-04-08 00:57:35.285 69854 INFO tempest.lib.common.rest_client [req-f6df0e1b-e72f-4758-aa27-4da29e69711c req-f6df0e1b-e72f-4758-aa27-4da29e69711c ] Request (ServerTagsTestJSON:setUpClass): 200 GET http://10.180.1.21/compute/v2.1/servers/bc990ba2-d378-4508-bb7a-99e53157d3cf 0.904s
2025-04-08 00:57:35.391 69864 INFO tempest.lib.common.rest_client [req-cbad4449-bd60-4867-8e93-e104cfc47e5e req-cbad4449-bd60-4867-8e93-e104cfc47e5e ] Request (AttachInterfacesTestJSON:setUpClass): 201 POST http://10.180.1.21:9696/networking/v2.0/subnets 0.414s
2025-04-08 00:57:35.392 69880 INFO tempest.lib.common.rest_client [req-35604f05-1580-41ad-a781-7eb47fad1253 req-35604f05-1580-41ad-a781-7eb47fad1253 ] Request (ImagesNegativeTestJSON:test_create_image_from_deleted_server): 200 GET http://10.180.1.21/compute/v2.1/servers/59772238-29b7-445c-94db-06554ae5d184 0.985s
2025-04-08 00:57:35.402 69880 INFO tempest.common.waiters [-] State transition "ACTIVE/deleting" ==> "DELETED/None" after 4 second wait
2025-04-08 00:57:35.406 69886 INFO tempest.lib.common.rest_client [req-477c6634-703e-4f38-8274-a1f61bca4f56 req-477c6634-703e-4f38-8274-a1f61bca4f56 ] Request (SecurityGroupsTestJSON:test_list_security_groups_by_server): 200 GET http://10.180.1.21/compute/v2.1/servers/a40a1fdd-edf5-4ac2-96f5-d8cbb3bd0aa5 0.921s
2025-04-08 00:57:35.500 69850 INFO tempest.lib.common.rest_client [req-a2e54591-0d85-41f8-9797-d12079fd2ffb req-a2e54591-0d85-41f8-9797-d12079fd2ffb ] Request (DeleteServersAdminTestJSON:test_delete_server_while_in_error_state): 200 GET http://10.180.1.21/compute/v2.1/servers/996a56d7-78ba-4cb9-a88c-79141b26f472 0.884s
2025-04-08 00:57:35.622 69856 INFO tempest.lib.common.rest_client [req-04b6238e-e8b9-42e3-8392-871990dbe73b req-04b6238e-e8b9-42e3-8392-871990dbe73b ] Request (ServerDiagnosticsV248Test:tearDownClass): 200 GET http://10.180.1.21/compute/v2.1/servers/b3dd330e-968a-4440-9750-cbabebe193aa 0.970s
2025-04-08 00:57:35.648 69862 INFO tempest.lib.common.rest_client [req-2c8f0405-ee1e-4a54-80d5-2fcb5e4814be req-2c8f0405-ee1e-4a54-80d5-2fcb5e4814be ] Request (AggregatesAdminNegativeTestJSON:test_aggregate_remove_nonexistent_host): 404 POST http://10.180.1.21/compute/v2.1/os-aggregates/8/action 0.968s
2025-04-08 00:57:35.737 69884 INFO tempest.lib.common.rest_client [req-84354ddd-bc04-4549-aab9-302d240f74ac req-84354ddd-bc04-4549-aab9-302d240f74ac ] Request (ServersTestManualDisk:setUpClass): 200 GET http://10.180.1.21/compute/v2.1/servers/507aa0e9-96c1-46cd-88cc-469f5ae354a6 1.253s
2025-04-08 00:57:35.752 69884 INFO tempest.common.waiters [-] State transition "BUILD/networking" ==> "BUILD/spawning" after 17 second wait
2025-04-08 00:57:35.764 69896 INFO tempest.lib.common.rest_client [req-97ccd72e-6bbb-4dab-8147-c4d886986a02 req-97ccd72e-6bbb-4dab-8147-c4d886986a02 ] Request (ServerActionsTestOtherB:setUpClass): 201 POST http://10.180.1.21:9696/networking/v2.0/networks 0.997s
2025-04-08 00:57:35.776 69898 INFO tempest.lib.common.rest_client [req-cea2e6c2-735c-4656-8e70-0fb58f2a3b7c req-cea2e6c2-735c-4656-8e70-0fb58f2a3b7c ] Request (ImagesTestJSON:_run_cleanups): 204 DELETE http://10.180.1.21/compute/v2.1/images/0fd2cb18-2a01-4c0f-b562-7bf5f202e06d 1.082s
2025-04-08 00:57:35.809 69852 INFO tempest.lib.common.rest_client [req-48bcc65b-c428-4634-8fe2-fdb1d9f5ecf0 req-48bcc65b-c428-4634-8fe2-fdb1d9f5ecf0 ] Request (FlavorsAdminTestJSON:test_is_public_string_variations): 200 GET http://10.180.1.21/compute/v2.1/flavors/detail?is_public=1 1.072s
2025-04-08 00:57:35.873 69908 INFO tempest.lib.common.rest_client [req-56184ce8-0cac-4489-b6c6-d3ca97efcb68 req-56184ce8-0cac-4489-b6c6-d3ca97efcb68 ] Request (ServerActionsTestOtherA:setUpClass): 201 POST http://10.180.1.21:9696/networking/v2.0/networks 0.596s
2025-04-08 00:57:35.883 69868 INFO tempest.lib.common.rest_client [req-8d095742-1eed-495c-a841-c4c0353b7fe2 req-8d095742-1eed-495c-a841-c4c0353b7fe2 ] Request (InstanceActionsV221TestJSON:test_get_list_deleted_instance_actions): 200 GET http://10.180.1.21/compute/v2.1/servers/1d8a9584-c6c5-4be0-9a70-0a847c4aa66c 1.089s
2025-04-08 00:57:35.927 69901 INFO tempest.lib.common.rest_client [req-c879663c-4ded-4189-aa23-9eece604047b req-c879663c-4ded-4189-aa23-9eece604047b ] Request (ServersTestJSON:setUpClass): 200 POST http://10.180.1.21/compute/v2.1/os-keypairs 1.222s
2025-04-08 00:57:35.940 69892 INFO tempest.lib.common.rest_client [req-73c95bd4-46c7-4105-8a05-6dc5bae6d6a3 req-73c95bd4-46c7-4105-8a05-6dc5bae6d6a3 ] Request (MultipleCreateTestJSON:test_multiple_create): 200 GET http://10.180.1.21/compute/v2.1/servers/2d5785a7-7e94-47ae-9dd9-6f596fc38843 1.055s
2025-04-08 00:57:36.006 69906 INFO tempest.lib.common.rest_client [req-96d7cb84-7e3b-488a-b20b-bf589e99be2c req-96d7cb84-7e3b-488a-b20b-bf589e99be2c ] Request (FloatingIPsAssociationNegativeTestJSON:setUpClass): 200 GET http://10.180.1.21/compute/v2.1/servers/b4a6ccb1-d746-44f1-8dab-0b7ae7f358b6 0.922s
2025-04-08 00:57:36.039 69910 INFO tempest.lib.common.rest_client [req-595a143b-6ffc-4bad-87e7-59b85022f217 req-595a143b-6ffc-4bad-87e7-59b85022f217 ] Request (FloatingIPDetailsNegativeTestJSON:tearDownClass): 204 DELETE http://10.180.1.21:9696/networking/v2.0/routers/71c942dc-beb8-42d6-913f-a8a00d747a4b 1.119s
2025-04-08 00:57:36.040 69858 INFO tempest.lib.common.rest_client [req-05a1c839-0c26-4170-8e70-12e18494408c req-05a1c839-0c26-4170-8e70-12e18494408c ] Request (ImagesMetadataTestJSON:test_update_image_metadata): 200 GET http://10.180.1.21/compute/v2.1/images/456f590b-e653-454d-9a63-e647971bb668/metadata 0.880s
2025-04-08 00:57:36.110 69858 INFO tempest.lib.common.rest_client [req-7865bf7b-605e-4743-9a7d-f87a35a51f2e req-7865bf7b-605e-4743-9a7d-f87a35a51f2e ] Request (ImagesMetadataTestJSON:tearDownClass): 204 DELETE http://10.180.1.21/image/v2/images/456f590b-e653-454d-9a63-e647971bb668 0.068s
2025-04-08 00:57:36.110 69894 INFO tempest.lib.common.rest_client [req-93da0577-dad9-4378-a8b5-a028ec198f89 req-93da0577-dad9-4378-a8b5-a028ec198f89 ] Request (ImagesOneServerNegativeTestJSON:tearDown): 200 GET http://10.180.1.21/compute/v2.1/servers/79c9838c-a286-4c4c-9b0c-62eba502c100 1.144s
2025-04-08 00:57:36.119 69894 INFO tempest.common.waiters [-] State transition "ACTIVE/image_pending_upload" ==> "ACTIVE/image_uploading" after 3 second wait
2025-04-08 00:57:36.145 69866 INFO tempest.lib.common.rest_client [req-d1d0883e-2b7a-4839-a2f1-90f195943804 req-d1d0883e-2b7a-4839-a2f1-90f195943804 ] Request (AttachInterfacesV270Test:test_create_get_list_interfaces): 200 GET http://10.180.1.21/compute/v2.1/servers/a056461f-a9e6-44a3-a42e-5277dc21344d 0.678s
2025-04-08 00:57:36.177 69904 INFO tempest.lib.common.rest_client [req-e56b8521-2910-4d9a-916f-cbf77a06544d req-e56b8521-2910-4d9a-916f-cbf77a06544d ] Request (ServerAddressesTestJSON:setUpClass): 200 GET http://10.180.1.21/compute/v2.1/servers/29afca04-1a1d-4518-a2cb-c02055db1a49 0.671s
2025-04-08 00:57:36.184 69896 INFO tempest.lib.common.rest_client [req-36956638-4417-41c0-824f-07579dbfc6f3 req-36956638-4417-41c0-824f-07579dbfc6f3 ] Request (ServerActionsTestOtherB:setUpClass): 201 POST http://10.180.1.21:9696/networking/v2.0/subnets 0.419s
2025-04-08 00:57:36.187 69904 INFO tempest.common.waiters [-] State transition "BUILD/None" ==> "BUILD/networking" after 17 second wait
2025-04-08 00:57:36.212 69858 INFO tempest.lib.common.rest_client [req-5be30565-07cb-4b7b-83d7-4106c04e2477 req-5be30565-07cb-4b7b-83d7-4106c04e2477 ] Request (ImagesMetadataTestJSON:tearDownClass): 204 DELETE http://10.180.1.21/identity/v3/users/4bf21896bdea4f6d9ed83f1c1aa512bf 0.101s
2025-04-08 00:57:36.213 69858 INFO tempest.lib.common.dynamic_creds [-] Deleting project and security group for project: caa4b13a062b47468a182e84ff4a7415
2025-04-08 00:57:36.225 69882 INFO tempest.lib.common.rest_client [req-128e140a-7e56-48b7-84d4-058e5f1a8c06 req-128e140a-7e56-48b7-84d4-058e5f1a8c06 ] Request (VolumesAdminNegativeTest:test_update_attached_volume_with_nonexistent_volume_in_body): 200 GET http://10.180.1.21/compute/v2.1/servers/2a506c55-2b41-470b-a8e3-2c582fb1a4fe 0.647s
2025-04-08 00:57:36.242 69901 INFO tempest.lib.common.rest_client [req-3e600058-3d29-443e-9cf2-d285443a3bee req-3e600058-3d29-443e-9cf2-d285443a3bee ] Request (ServersTestJSON:setUpClass): 201 POST http://10.180.1.21:9696/networking/v2.0/security-groups 0.313s
2025-04-08 00:57:36.255 69862 INFO tempest.lib.common.rest_client [req-6a9d9db2-80e0-43f0-9dce-86890bbf72b3 req-6a9d9db2-80e0-43f0-9dce-86890bbf72b3 ] Request (AggregatesAdminNegativeTestJSON:_run_cleanups): 200 DELETE http://10.180.1.21/compute/v2.1/os-aggregates/8 0.607s
2025-04-08 00:57:36.257 69902 INFO tempest.lib.common.rest_client [req-3ec9207a-d0c0-4778-bc14-987b6c8f5ca9 req-3ec9207a-d0c0-4778-bc14-987b6c8f5ca9 ] Request (DeleteServersTestJSON:test_delete_active_server): 200 GET http://10.180.1.21/compute/v2.1/servers/d90f2650-201d-41a4-b39d-2b2c28c4b781 0.668s
2025-04-08 00:57:36.314 69858 INFO tempest.lib.common.rest_client [req-53550569-6d6b-4e3b-8e22-ed02355cd03d req-53550569-6d6b-4e3b-8e22-ed02355cd03d ] Request (ImagesMetadataTestJSON:tearDownClass): 201 POST http://10.180.1.21/identity/v3/auth/tokens 0.101s
2025-04-08 00:57:36.348 69908 INFO tempest.lib.common.rest_client [req-d11973e0-f61f-4574-aef7-ff0161fd7cc8 req-d11973e0-f61f-4574-aef7-ff0161fd7cc8 ] Request (ServerActionsTestOtherA:setUpClass): 201 POST http://10.180.1.21:9696/networking/v2.0/subnets 0.474s
2025-04-08 00:57:36.359 69898 INFO tempest.lib.common.rest_client [req-21361f44-e8f6-40f9-9b23-4744c2950980 req-21361f44-e8f6-40f9-9b23-4744c2950980 ] Request (ImagesTestJSON:_run_cleanups): 204 DELETE http://10.180.1.21/compute/v2.1/servers/80810d25-6312-4bd2-97d7-9cbca17d9be3 0.582s
