2025-04-08 00:59:06.585 69874 INFO tempest.lib.common.rest_client [req-a008c832-fe12-49cb-9b3b-c0e4db591a20 req-a008c832-fe12-49cb-9b3b-c0e4db591a20 ] Request (VolumesTestJSON:setUpClass): 202 POST http://10.180.1.21/volume/v3/volumes 0.123s
2025-04-08 00:59:06.616 69874 INFO tempest.lib.common.rest_client [req-ea967c34-eb83-4e1e-b593-46f8702f3c30 req-ea967c34-eb83-4e1e-b593-46f8702f3c30 ] Request (VolumesTestJSON:setUpClass): 200 GET http://10.180.1.21/volume/v3/volumes/94ff07cf-11ce-401d-b884-97bf97da2515 0.025s
2025-04-08 00:59:06.649 69860 INFO tempest.lib.common.rest_client [req-8333e059-6cde-438a-ada7-3136da4463f4 req-8333e059-6cde-438a-ada7-3136da4463f4 ] Request (ListImageFiltersTestJSON:setUpClass): 200 GET http://10.180.1.21/compute/v2.1/servers/685aaf9b-7133-48ce-8224-3f855f94d723 0.062s
2025-04-08 00:59:06.891 69894 INFO tempest.lib.common.rest_client [req-f117a558-8134-408f-bb51-4000928928fc req-f117a558-8134-408f-bb51-4000928928fc ] Request (ImagesOneServerNegativeTestJSON:_run_cleanups): 200 GET http://10.180.1.21/compute/v2.1/servers/cc36ef6c-6844-4745-a164-44ddbe158fe9 0.061s
2025-04-08 00:59:06.964 69879 INFO tempest.lib.common.rest_client [req-a316acae-7937-4fd8-a60e-fcef38afd863 req-a316acae-7937-4fd8-a60e-fcef38afd863 ] Request (FloatingIPsAssociationTestJSON:tearDownClass): 202 DELETE http://10.180.1.21/compute/v2.1/os-floating-ips/17e98262-1de6-41c4-91a5-5499aa1604c0 0.395s
2025-04-08 00:59:07.013 69868 INFO tempest.lib.common.rest_client [req-1ec90d6b-4767-4a9a-a5d2-e6746a8a3c5f req-1ec90d6b-4767-4a9a-a5d2-e6746a8a3c5f ] Request (AttachVolumeTestJSON:test_attach_detach_volume): 200 GET http://10.180.1.21/compute/v2.1/servers/c7a63209-9705-4caa-b567-ffd30dbe38c2 0.138s
2025-04-08 00:59:07.062 69856 INFO tempest.lib.common.rest_client [req-a5b5eb2d-d417-4709-86e3-68ddcd34c1d5 req-a5b5eb2d-d417-4709-86e3-68ddcd34c1d5 ] Request (ServersAdminTestJSON:setUpClass): 200 GET http://10.180.1.21/compute/v2.1/servers/739d97b6-1445-4fcf-ad56-8ffa09061569 0.175s
2025-04-08 00:59:07.107 69880 INFO tempest.lib.common.rest_client [req-c666f95f-f0c1-4094-bacb-6044d5d4eb91 req-c666f95f-f0c1-4094-bacb-6044d5d4eb91 ] Request (ServersTestMultiNic:test_verify_duplicate_network_nics): 200 GET http://10.180.1.21/compute/v2.1/servers/e3a8beb1-fde1-487c-9001-573a322acf9f 0.186s
2025-04-08 00:59:07.175 69862 INFO tempest.lib.common.rest_client [req-45396586-4e46-4a3c-8155-b96010bd831d req-45396586-4e46-4a3c-8155-b96010bd831d ] Request (ServerExternalEventsTest:tearDownClass): 200 GET http://10.180.1.21/compute/v2.1/servers/5992d1f4-5bc1-42a7-860b-984593253dd9 0.234s
2025-04-08 00:59:07.230 69852 INFO tempest.lib.common.rest_client [req-e638b42e-bdd0-4e52-8922-7952c9ce03b7 req-e638b42e-bdd0-4e52-8922-7952c9ce03b7 ] Request (TenantUsagesTestJSON:setUpClass): 200 GET http://10.180.1.21/compute/v2.1/servers/23d496ce-cce1-47ee-b8f9-ef08d1f81d5d 0.265s
2025-04-08 00:59:07.250 69908 INFO tempest.lib.common.rest_client [req-b617011e-96f8-473f-ad2f-da4a303fdb4e req-b617011e-96f8-473f-ad2f-da4a303fdb4e ] Request (ServerActionsTestOtherA:setUpClass): 200 GET http://10.180.1.21/compute/v2.1/servers/5e520785-7734-4ad6-a1d9-d84eaab73f9d 0.411s
2025-04-08 00:59:07.257 69908 INFO tempest.common.waiters [-] State transition "BUILD/spawning" ==> "ACTIVE/None" after 81 second wait
2025-04-08 00:59:07.297 69898 INFO tempest.lib.common.rest_client [req-12ff64f1-dbc1-40e8-bf49-14d2fe634b84 req-12ff64f1-dbc1-40e8-bf49-14d2fe634b84 ] Request (ImagesTestJSON:test_create_server_from_snapshot): 200 GET http://10.180.1.21/compute/v2.1/servers/273e28db-880c-464f-b316-851419f091dc 0.308s
2025-04-08 00:59:07.312 69879 INFO tempest.lib.common.rest_client [req-25bd0770-8dcd-42bd-b15e-e0540d4d5372 req-25bd0770-8dcd-42bd-b15e-e0540d4d5372 ] Request (FloatingIPsAssociationTestJSON:tearDownClass): 204 DELETE http://10.180.1.21/compute/v2.1/servers/a8ab0f37-e0a6-4223-85cd-fa779c6139c9 0.347s
2025-04-08 00:59:07.350 69906 INFO tempest.lib.common.rest_client [req-0ce41c77-d438-47dc-becb-417d229341fa req-0ce41c77-d438-47dc-becb-417d229341fa ] Request (ImagesOneServerTestJSON:setUpClass): 200 GET http://10.180.1.21/compute/v2.1/servers/9089ee06-1140-4149-a2a5-15a0f1e964e3 0.330s
2025-04-08 00:59:07.360 69886 INFO tempest.lib.common.rest_client [req-c9f92798-f09a-4478-a00c-4bab2b55e44f req-c9f92798-f09a-4478-a00c-4bab2b55e44f ] Request (SecurityGroupsTestJSON:test_server_security_groups): 200 GET http://10.180.1.21/compute/v2.1/servers/9bd9e5f3-036b-44a2-8863-470653a383d1 0.326s
2025-04-08 00:59:07.406 69854 INFO tempest.lib.common.rest_client [req-ba34808d-1f5f-41ba-a8e2-70a30695ace8 req-ba34808d-1f5f-41ba-a8e2-70a30695ace8 ] Request (ServerTagsTestJSON:tearDownClass): 200 GET http://10.180.1.21/compute/v2.1/servers/bc990ba2-d378-4508-bb7a-99e53157d3cf 0.331s
2025-04-08 00:59:07.416 69850 INFO tempest.lib.common.rest_client [req-8a581e3c-be46-4bdc-825b-1d9d547df37f req-8a581e3c-be46-4bdc-825b-1d9d547df37f ] Request (DeleteServersAdminTestJSON:test_delete_server_while_in_error_state): 200 GET http://10.180.1.21/compute/v2.1/servers/996a56d7-78ba-4cb9-a88c-79141b26f472 0.326s
2025-04-08 00:59:07.469 69866 INFO tempest.lib.common.rest_client [req-5feb6579-1ba7-4819-927d-114ef2468051 req-5feb6579-1ba7-4819-927d-114ef2468051 ] Request (AttachInterfacesV270Test:tearDownClass): 200 GET http://10.180.1.21/compute/v2.1/servers/a056461f-a9e6-44a3-a42e-5277dc21344d 0.337s
2025-04-08 00:59:07.469 69902 INFO tempest.lib.common.rest_client [req-b1a6ce0b-30fb-4e59-ad07-344c21de2161 req-b1a6ce0b-30fb-4e59-ad07-344c21de2161 ] Request (DeleteServersTestJSON:test_delete_server_while_in_attached_volume): 200 GET http://10.180.1.21/compute/v2.1/servers/38c879a6-039b-4544-9efa-55d87a3db614 0.329s
2025-04-08 00:59:07.535 69848 INFO tempest.lib.common.rest_client [req-0753165e-784b-4093-9862-826e4b177d98 req-0753165e-784b-4093-9862-826e4b177d98 ] Request (ServersNegativeTestJSON:setUpClass): 200 GET http://10.180.1.21/compute/v2.1/servers/8865002f-5666-480a-852d-67f6768642a3 0.232s
2025-04-08 00:59:07.549 69908 INFO tempest.lib.common.rest_client [req-95cd52e5-b2db-40ea-a9cf-a58001811df6 req-95cd52e5-b2db-40ea-a9cf-a58001811df6 ] Request (ServerActionsTestOtherA:setUpClass): 200 GET http://10.180.1.21/compute/v2.1/servers/5e520785-7734-4ad6-a1d9-d84eaab73f9d/os-interface 0.291s
2025-04-08 00:59:07.652 69874 INFO tempest.lib.common.rest_client [req-baab4247-b25a-452f-b47c-06f9c909b592 req-baab4247-b25a-452f-b47c-06f9c909b592 ] Request (VolumesTestJSON:setUpClass): 200 GET http://10.180.1.21/volume/v3/volumes/94ff07cf-11ce-401d-b884-97bf97da2515 0.026s
2025-04-08 00:59:07.659 69874 INFO tempest.common.waiters [-] volume 94ff07cf-11ce-401d-b884-97bf97da2515 reached available after waiting for 1.658970 seconds
2025-04-08 00:59:07.715 69896 INFO tempest.lib.common.rest_client [req-2a04ef9a-b694-4a84-a45b-0814e8184b2b req-2a04ef9a-b694-4a84-a45b-0814e8184b2b ] Request (ServerActionsTestOtherB:setUpClass): 200 GET http://10.180.1.21/compute/v2.1/servers/d2cf6d47-2eb2-43e9-baad-73442f983351 0.396s
2025-04-08 00:59:07.779 69879 INFO tempest.lib.common.rest_client [req-a9d52258-b952-425a-8ece-62abe2698e4d req-a9d52258-b952-425a-8ece-62abe2698e4d ] Request (FloatingIPsAssociationTestJSON:tearDownClass): 200 GET http://10.180.1.21/compute/v2.1/servers/a8ab0f37-e0a6-4223-85cd-fa779c6139c9 0.466s
2025-04-08 00:59:07.782 69872 INFO tempest.lib.common.rest_client [req-136afc84-b83f-4cf0-a3be-a414694e0c09 req-136afc84-b83f-4cf0-a3be-a414694e0c09 ] Request (ServersAdminNegativeTestJSON:tearDownClass): 200 GET http://10.180.1.21/compute/v2.1/servers/9eb3ac42-0a1e-4514-82a3-8a0656c64978 0.389s
2025-04-08 00:59:07.853 69870 INFO tempest.lib.common.rest_client [req-c8ecbdb4-00b8-4e8c-9915-99aabe4d9931 req-c8ecbdb4-00b8-4e8c-9915-99aabe4d9931 ] Request (MigrationsAdminTest:test_resize_server_revert_deleted_flavor): 200 GET http://10.180.1.21/compute/v2.1/servers/47918cb8-1e59-4dfd-b161-1c7f6848bdbf 0.431s
2025-04-08 00:59:07.910 69892 INFO tempest.lib.common.rest_client [req-3598b011-d31a-4446-b43e-2c579eebfd93 req-3598b011-d31a-4446-b43e-2c579eebfd93 ] Request (MultipleCreateTestJSON:test_multiple_create_with_reservation_return): 200 GET http://10.180.1.21/compute/v2.1/servers/67d8fa6b-dd82-45f4-b425-4dc27b321d16 0.393s
2025-04-08 00:59:07.932 69910 INFO tempest.lib.common.rest_client [req-1cad2f95-97b4-4b86-be17-c281fef16ed2 req-1cad2f95-97b4-4b86-be17-c281fef16ed2 ] Request (ServersTestJSON:test_create_server_specify_multibyte_character_name): 200 GET http://10.180.1.21/compute/v2.1/servers/656029d7-0bfc-4e9a-a894-8d29066228bb 0.453s
2025-04-08 00:59:07.963 69860 INFO tempest.lib.common.rest_client [req-78720347-9fbe-4aef-9473-3491fa8ae8a3 req-78720347-9fbe-4aef-9473-3491fa8ae8a3 ] Request (ListImageFiltersTestJSON:setUpClass): 200 GET http://10.180.1.21/compute/v2.1/servers/685aaf9b-7133-48ce-8224-3f855f94d723 0.306s
2025-04-08 00:59:07.975 69874 INFO tempest.lib.common.rest_client [req-10e472e3-d159-44eb-b895-330f2e9b7680 req-10e472e3-d159-44eb-b895-330f2e9b7680 ] Request (VolumesTestJSON:setUpClass): 200 GET http://10.180.1.21/compute/v2.1/os-volumes/94ff07cf-11ce-401d-b884-97bf97da2515 0.316s
2025-04-08 00:59:08.015 69894 INFO tempest.lib.common.rest_client [req-4ebbc22e-5937-41be-99f7-c02a38cc0c5d req-4ebbc22e-5937-41be-99f7-c02a38cc0c5d ] Request (ImagesOneServerNegativeTestJSON:_run_cleanups): 200 GET http://10.180.1.21/compute/v2.1/servers/cc36ef6c-6844-4745-a164-44ddbe158fe9 0.116s
2025-04-08 00:59:08.033 69874 INFO tempest.lib.common.rest_client [req-040f6505-9076-4835-be00-f4c694493db2 req-040f6505-9076-4835-be00-f4c694493db2 ] Request (VolumesTestJSON:test_volume_list): 200 GET http://10.180.1.21/compute/v2.1/os-volumes 0.054s
2025-04-08 00:59:08.076 69868 INFO tempest.lib.common.rest_client [req-733e125e-6b12-424c-a3da-80c069bd9aec req-733e125e-6b12-424c-a3da-80c069bd9aec ] Request (AttachVolumeTestJSON:test_attach_detach_volume): 200 GET http://10.180.1.21/compute/v2.1/servers/c7a63209-9705-4caa-b567-ffd30dbe38c2 0.052s
2025-04-08 00:59:08.094 69874 INFO tempest.lib.common.rest_client [req-10f34fb4-7368-4f22-8bd8-21432f80f910 req-10f34fb4-7368-4f22-8bd8-21432f80f910 ] Request (VolumesTestJSON:test_volume_list_param_limit): 200 GET http://10.180.1.21/compute/v2.1/os-volumes?limit=2 0.057s
2025-04-08 00:59:08.132 69874 INFO tempest.lib.common.rest_client [req-2020b008-d9f6-4a76-bc16-2f170434f8ca req-2020b008-d9f6-4a76-bc16-2f170434f8ca ] Request (VolumesTestJSON:test_volume_list_param_offset_and_limit): 200 GET http://10.180.1.21/compute/v2.1/os-volumes 0.034s
2025-04-08 00:59:08.137 69856 INFO tempest.lib.common.rest_client [req-6f51f7aa-ac39-49a5-817b-4f891bbeb4a7 req-6f51f7aa-ac39-49a5-817b-4f891bbeb4a7 ] Request (ServersAdminTestJSON:setUpClass): 200 GET http://10.180.1.21/compute/v2.1/servers/739d97b6-1445-4fcf-ad56-8ffa09061569 0.059s
2025-04-08 00:59:08.171 69874 INFO tempest.lib.common.rest_client [req-e1fd7118-a3a0-46a5-8feb-6a98c98dfc31 req-e1fd7118-a3a0-46a5-8feb-6a98c98dfc31 ] Request (VolumesTestJSON:test_volume_list_param_offset_and_limit): 200 GET http://10.180.1.21/compute/v2.1/os-volumes?offset=1&limit=1 0.035s
2025-04-08 00:59:08.209 69880 INFO tempest.lib.common.rest_client [req-fa885dbc-250a-4306-a4a3-11d35ff3d923 req-fa885dbc-250a-4306-a4a3-11d35ff3d923 ] Request (ServersTestMultiNic:test_verify_duplicate_network_nics): 200 GET http://10.180.1.21/compute/v2.1/servers/e3a8beb1-fde1-487c-9001-573a322acf9f 0.093s
2025-04-08 00:59:08.216 69880 INFO tempest.common.waiters [-] State transition "BUILD/scheduling" ==> "BUILD/None" after 38 second wait
2025-04-08 00:59:08.230 69874 INFO tempest.lib.common.rest_client [req-ae9e0166-f4c7-4d96-9581-a80d16706082 req-ae9e0166-f4c7-4d96-9581-a80d16706082 ] Request (VolumesTestJSON:test_volume_list_with_detail_param_limit): 200 GET http://10.180.1.21/compute/v2.1/os-volumes/detail?limit=2 0.055s
2025-04-08 00:59:08.244 69908 INFO tempest.lib.common.rest_client [req-1e2fc9db-c44d-4348-ac58-3adf8ffa8d11 req-1e2fc9db-c44d-4348-ac58-3adf8ffa8d11 ] Request (ServerActionsTestOtherA:setUpClass): 200 PUT http://10.180.1.21:9696/networking/v2.0/floatingips/7f8824f0-3273-4542-911e-aae1f0c086a7 0.693s
2025-04-08 00:59:08.245 69908 INFO tempest.lib.common.ssh [-] Creating ssh connection to '10.180.180.141:22' as 'cirros' with public key authentication
2025-04-08 00:59:08.272 69874 INFO tempest.lib.common.rest_client [req-985258ab-e5a4-49e8-9c6e-96973a4b9e27 req-985258ab-e5a4-49e8-9c6e-96973a4b9e27 ] Request (VolumesTestJSON:test_volume_list_with_detail_param_offset_and_limit): 200 GET http://10.180.1.21/compute/v2.1/os-volumes/detail 0.036s
2025-04-08 00:59:08.275 69862 INFO tempest.lib.common.rest_client [req-1054b990-9928-4606-a388-51db2c6f7cbf req-1054b990-9928-4606-a388-51db2c6f7cbf ] Request (ServerExternalEventsTest:tearDownClass): 200 GET http://10.180.1.21/compute/v2.1/servers/5992d1f4-5bc1-42a7-860b-984593253dd9 0.093s
2025-04-08 00:59:08.325 69852 INFO tempest.lib.common.rest_client [req-488fe2ef-8071-4661-821c-941ff23c15b2 req-488fe2ef-8071-4661-821c-941ff23c15b2 ] Request (TenantUsagesTestJSON:setUpClass): 200 GET http://10.180.1.21/compute/v2.1/servers/23d496ce-cce1-47ee-b8f9-ef08d1f81d5d 0.087s
2025-04-08 00:59:08.328 69874 INFO tempest.lib.common.rest_client [req-5007d04c-5bc6-47ce-a8e9-d1457b9d28a1 req-5007d04c-5bc6-47ce-a8e9-d1457b9d28a1 ] Request (VolumesTestJSON:test_volume_list_with_detail_param_offset_and_limit): 200 GET http://10.180.1.21/compute/v2.1/os-volumes/detail?offset=1&limit=1 0.052s
2025-04-08 00:59:08.367 69874 INFO tempest.lib.common.rest_client [req-033e6032-b8e0-43e8-b897-430a418756a9 req-033e6032-b8e0-43e8-b897-430a418756a9 ] Request (VolumesTestJSON:test_volume_list_with_details): 200 GET http://10.180.1.21/compute/v2.1/os-volumes/detail 0.035s
2025-04-08 00:59:08.378 69898 INFO tempest.lib.common.rest_client [req-0ad3d60b-d143-4734-a2b2-0c7ba495f092 req-0ad3d60b-d143-4734-a2b2-0c7ba495f092 ] Request (ImagesTestJSON:test_create_server_from_snapshot): 200 GET http://10.180.1.21/compute/v2.1/servers/273e28db-880c-464f-b316-851419f091dc 0.071s
2025-04-08 00:59:08.418 69874 INFO tempest.lib.common.rest_client [req-3e92090a-8da5-4de8-ab31-716ab26b4a2e req-3e92090a-8da5-4de8-ab31-716ab26b4a2e ] Request (VolumesTestJSON:tearDownClass): 202 DELETE http://10.180.1.21/volume/v3/volumes/94ff07cf-11ce-401d-b884-97bf97da2515 0.044s
2025-04-08 00:59:08.430 69906 INFO tempest.lib.common.rest_client [req-b139d694-c007-4fd9-b8ab-2b55f210dae7 req-b139d694-c007-4fd9-b8ab-2b55f210dae7 ] Request (ImagesOneServerTestJSON:setUpClass): 200 GET http://10.180.1.21/compute/v2.1/servers/9089ee06-1140-4149-a2a5-15a0f1e964e3 0.072s
2025-04-08 00:59:08.439 69886 INFO tempest.lib.common.rest_client [req-c19340d5-818a-450e-a2b9-8867716a87d5 req-c19340d5-818a-450e-a2b9-8867716a87d5 ] Request (SecurityGroupsTestJSON:test_server_security_groups): 200 GET http://10.180.1.21/compute/v2.1/servers/9bd9e5f3-036b-44a2-8863-470653a383d1 0.072s
2025-04-08 00:59:08.447 69874 INFO tempest.lib.common.rest_client [req-e00857f4-3738-4e31-9bd1-f160d0d8c2b7 req-e00857f4-3738-4e31-9bd1-f160d0d8c2b7 ] Request (VolumesTestJSON:tearDownClass): 200 GET http://10.180.1.21/volume/v3/volumes/94ff07cf-11ce-401d-b884-97bf97da2515 0.028s
2025-04-08 00:59:08.501 69854 INFO tempest.lib.common.rest_client [req-f7f6cce8-4921-4b7d-a0a2-e1561402e886 req-f7f6cce8-4921-4b7d-a0a2-e1561402e886 ] Request (ServerTagsTestJSON:tearDownClass): 200 GET http://10.180.1.21/compute/v2.1/servers/bc990ba2-d378-4508-bb7a-99e53157d3cf 0.083s
2025-04-08 00:59:08.505 69850 INFO tempest.lib.common.rest_client [req-f0d67b50-2628-42d2-89f1-b2e6c6ea2714 req-f0d67b50-2628-42d2-89f1-b2e6c6ea2714 ] Request (DeleteServersAdminTestJSON:test_delete_server_while_in_error_state): 200 GET http://10.180.1.21/compute/v2.1/servers/996a56d7-78ba-4cb9-a88c-79141b26f472 0.081s
2025-04-08 00:59:08.559 69902 INFO tempest.lib.common.rest_client [req-b942a3a2-1877-4905-9d3b-603c68cabaaf req-b942a3a2-1877-4905-9d3b-603c68cabaaf ] Request (DeleteServersTestJSON:test_delete_server_while_in_attached_volume): 200 GET http://10.180.1.21/compute/v2.1/servers/38c879a6-039b-4544-9efa-55d87a3db614 0.082s
2025-04-08 00:59:08.577 69866 INFO tempest.lib.common.rest_client [req-cd54fb35-2941-4178-a1bc-9a2757319b1c req-cd54fb35-2941-4178-a1bc-9a2757319b1c ] Request (AttachInterfacesV270Test:tearDownClass): 200 GET http://10.180.1.21/compute/v2.1/servers/a056461f-a9e6-44a3-a42e-5277dc21344d 0.094s
2025-04-08 00:59:08.619 69848 INFO tempest.lib.common.rest_client [req-0a970f15-2dfd-4bae-a236-24f0b1df2540 req-0a970f15-2dfd-4bae-a236-24f0b1df2540 ] Request (ServersNegativeTestJSON:setUpClass): 200 GET http://10.180.1.21/compute/v2.1/servers/8865002f-5666-480a-852d-67f6768642a3 0.074s
2025-04-08 00:59:08.820 69896 INFO tempest.lib.common.rest_client [req-cc8934b7-4c96-4529-a5f1-dd7f491cbec8 req-cc8934b7-4c96-4529-a5f1-dd7f491cbec8 ] Request (ServerActionsTestOtherB:setUpClass): 200 GET http://10.180.1.21/compute/v2.1/servers/d2cf6d47-2eb2-43e9-baad-73442f983351 0.097s
2025-04-08 00:59:08.901 69872 INFO tempest.lib.common.rest_client [req-3c8a002e-85fa-48ea-95fb-b5487d185179 req-3c8a002e-85fa-48ea-95fb-b5487d185179 ] Request (ServersAdminNegativeTestJSON:tearDownClass): 200 GET http://10.180.1.21/compute/v2.1/servers/9eb3ac42-0a1e-4514-82a3-8a0656c64978 0.111s
2025-04-08 00:59:08.902 69879 INFO tempest.lib.common.rest_client [req-8008a49f-dca0-462b-96a0-d61e035f2cea req-8008a49f-dca0-462b-96a0-d61e035f2cea ] Request (FloatingIPsAssociationTestJSON:tearDownClass): 200 GET http://10.180.1.21/compute/v2.1/servers/a8ab0f37-e0a6-4223-85cd-fa779c6139c9 0.114s
2025-04-08 00:59:08.961 69870 INFO tempest.lib.common.rest_client [req-6134590b-a85e-48bf-9178-6a2858bddfd7 req-6134590b-a85e-48bf-9178-6a2858bddfd7 ] Request (MigrationsAdminTest:test_resize_server_revert_deleted_flavor): 200 GET http://10.180.1.21/compute/v2.1/servers/47918cb8-1e59-4dfd-b161-1c7f6848bdbf 0.100s
2025-04-08 00:59:08.978 69892 INFO tempest.lib.common.rest_client [req-5edf0c3b-5944-4c97-9943-444c1f7da9a1 req-5edf0c3b-5944-4c97-9943-444c1f7da9a1 ] Request (MultipleCreateTestJSON:test_multiple_create_with_reservation_return): 200 GET http://10.180.1.21/compute/v2.1/servers/67d8fa6b-dd82-45f4-b425-4dc27b321d16 0.057s
2025-04-08 00:59:09.026 69864 WARNING tempest.lib.common.ssh [-] Failed to establish authenticated ssh connection to cirros@10.180.180.225 ([Errno None] Unable to connect to port 22 on 10.180.180.225). Number attempts: 2. Retry after 3 seconds.: paramiko.ssh_exception.NoValidConnectionsError: [Errno None] Unable to connect to port 22 on 10.180.180.225
2025-04-08 00:59:09.040 69860 INFO tempest.lib.common.rest_client [req-36bccead-f72b-492c-b902-b831b5c75b79 req-36bccead-f72b-492c-b902-b831b5c75b79 ] Request (ListImageFiltersTestJSON:setUpClass): 200 GET http://10.180.1.21/compute/v2.1/servers/685aaf9b-7133-48ce-8224-3f855f94d723 0.067s
2025-04-08 00:59:09.062 69910 INFO tempest.lib.common.rest_client [req-69db6379-c4e8-445d-b4b0-2174427108ea req-69db6379-c4e8-445d-b4b0-2174427108ea ] Request (ServersTestJSON:test_create_server_specify_multibyte_character_name): 200 GET http://10.180.1.21/compute/v2.1/servers/656029d7-0bfc-4e9a-a894-8d29066228bb 0.122s
2025-04-08 00:59:09.088 69894 INFO tempest.lib.common.rest_client [req-bb765d96-f800-4f43-bf6e-16858a1707cc req-bb765d96-f800-4f43-bf6e-16858a1707cc ] Request (ImagesOneServerNegativeTestJSON:_run_cleanups): 200 GET http://10.180.1.21/compute/v2.1/servers/cc36ef6c-6844-4745-a164-44ddbe158fe9 0.064s
2025-04-08 00:59:09.137 69868 INFO tempest.lib.common.rest_client [req-29841c81-39d8-4bd1-9d2b-a633533f7071 req-29841c81-39d8-4bd1-9d2b-a633533f7071 ] Request (AttachVolumeTestJSON:test_attach_detach_volume): 200 GET http://10.180.1.21/compute/v2.1/servers/c7a63209-9705-4caa-b567-ffd30dbe38c2 0.053s
2025-04-08 00:59:09.196 69856 INFO tempest.lib.common.rest_client [req-f57bc6f7-abaf-4cbc-81f5-7d96c6656806 req-f57bc6f7-abaf-4cbc-81f5-7d96c6656806 ] Request (ServersAdminTestJSON:setUpClass): 200 GET http://10.180.1.21/compute/v2.1/servers/739d97b6-1445-4fcf-ad56-8ffa09061569 0.050s
2025-04-08 00:59:09.281 69880 INFO tempest.lib.common.rest_client [req-df94bc73-d6ed-4cb2-bf33-b986dc1d01ee req-df94bc73-d6ed-4cb2-bf33-b986dc1d01ee ] Request (ServersTestMultiNic:test_verify_duplicate_network_nics): 200 GET http://10.180.1.21/compute/v2.1/servers/e3a8beb1-fde1-487c-9001-573a322acf9f 0.064s
2025-04-08 00:59:09.341 69862 INFO tempest.lib.common.rest_client [req-8d003c80-4ffd-4a89-8a1e-b2198e8a1f52 req-8d003c80-4ffd-4a89-8a1e-b2198e8a1f52 ] Request (ServerExternalEventsTest:tearDownClass): 200 GET http://10.180.1.21/compute/v2.1/servers/5992d1f4-5bc1-42a7-860b-984593253dd9 0.057s
2025-04-08 00:59:09.348 69901 WARNING tempest.lib.common.ssh [-] Failed to establish authenticated ssh connection to cirros@10.180.180.184 ([Errno None] Unable to connect to port 22 on 10.180.180.184). Number attempts: 4. Retry after 5 seconds.: paramiko.ssh_exception.NoValidConnectionsError: [Errno None] Unable to connect to port 22 on 10.180.180.184
2025-04-08 00:59:09.388 69852 INFO tempest.lib.common.rest_client [req-0a6d171b-1630-4bba-926a-a8f90bc27937 req-0a6d171b-1630-4bba-926a-a8f90bc27937 ] Request (TenantUsagesTestJSON:setUpClass): 200 GET http://10.180.1.21/compute/v2.1/servers/23d496ce-cce1-47ee-b8f9-ef08d1f81d5d 0.054s
2025-04-08 00:59:09.395 69852 INFO tempest.common.waiters [-] State transition "BUILD/None" ==> "BUILD/networking" after 82 second wait
2025-04-08 00:59:09.440 69898 INFO tempest.lib.common.rest_client [req-9ec66da5-38bb-492d-a219-6b966bb2fd6a req-9ec66da5-38bb-492d-a219-6b966bb2fd6a ] Request (ImagesTestJSON:test_create_server_from_snapshot): 200 GET http://10.180.1.21/compute/v2.1/servers/273e28db-880c-464f-b316-851419f091dc 0.053s
2025-04-08 00:59:09.472 69874 INFO tempest.lib.common.rest_client [req-01ce50fc-4b7a-4cf0-b1fd-ae36571a0ab2 req-01ce50fc-4b7a-4cf0-b1fd-ae36571a0ab2 ] Request (VolumesTestJSON:tearDownClass): 404 GET http://10.180.1.21/volume/v3/volumes/94ff07cf-11ce-401d-b884-97bf97da2515 0.016s
2025-04-08 00:59:09.500 69906 INFO tempest.lib.common.rest_client [req-713f881f-0e7f-4a26-b60f-891bc98fb59e req-713f881f-0e7f-4a26-b60f-891bc98fb59e ] Request (ImagesOneServerTestJSON:setUpClass): 200 GET http://10.180.1.21/compute/v2.1/servers/9089ee06-1140-4149-a2a5-15a0f1e964e3 0.062s
2025-04-08 00:59:09.521 69886 INFO tempest.lib.common.rest_client [req-3c52679a-a6a9-4ffc-814f-55250b7733c2 req-3c52679a-a6a9-4ffc-814f-55250b7733c2 ] Request (SecurityGroupsTestJSON:test_server_security_groups): 200 GET http://10.180.1.21/compute/v2.1/servers/9bd9e5f3-036b-44a2-8863-470653a383d1 0.073s
2025-04-08 00:59:09.543 69874 INFO tempest.lib.common.rest_client [req-83a2f133-6989-4e50-ab50-16c93d7ecfa5 req-83a2f133-6989-4e50-ab50-16c93d7ecfa5 ] Request (VolumesTestJSON:tearDownClass): 202 DELETE http://10.180.1.21/volume/v3/volumes/1da0a094-92d8-42b9-afd4-2f01f3150f50 0.071s
2025-04-08 00:59:09.577 69874 INFO tempest.lib.common.rest_client [req-aae38527-e2c7-4117-821c-4e5fdad4d45c req-aae38527-e2c7-4117-821c-4e5fdad4d45c ] Request (VolumesTestJSON:tearDownClass): 200 GET http://10.180.1.21/volume/v3/volumes/1da0a094-92d8-42b9-afd4-2f01f3150f50 0.033s
2025-04-08 00:59:09.604 69850 INFO tempest.lib.common.rest_client [req-c3aeb667-bf9a-4233-aed7-a09d3a1b5729 req-c3aeb667-bf9a-4233-aed7-a09d3a1b5729 ] Request (DeleteServersAdminTestJSON:test_delete_server_while_in_error_state): 200 GET http://10.180.1.21/compute/v2.1/servers/996a56d7-78ba-4cb9-a88c-79141b26f472 0.091s
2025-04-08 00:59:09.660 69902 INFO tempest.lib.common.rest_client [req-719037b2-dc35-4d30-a84e-c2e992786c81 req-719037b2-dc35-4d30-a84e-c2e992786c81 ] Request (DeleteServersTestJSON:test_delete_server_while_in_attached_volume): 200 GET http://10.180.1.21/compute/v2.1/servers/38c879a6-039b-4544-9efa-55d87a3db614 0.090s
2025-04-08 00:59:09.715 69866 INFO tempest.lib.common.rest_client [req-b17841b6-f4d1-41b5-ba32-93ad9ca04f56 req-b17841b6-f4d1-41b5-ba32-93ad9ca04f56 ] Request (AttachInterfacesV270Test:tearDownClass): 200 GET http://10.180.1.21/compute/v2.1/servers/a056461f-a9e6-44a3-a42e-5277dc21344d 0.123s
2025-04-08 00:59:09.771 69848 INFO tempest.lib.common.rest_client [req-54828567-e168-4a7c-9bad-8b853fa3dd3c req-54828567-e168-4a7c-9bad-8b853fa3dd3c ] Request (ServersNegativeTestJSON:setUpClass): 200 GET http://10.180.1.21/compute/v2.1/servers/8865002f-5666-480a-852d-67f6768642a3 0.141s
2025-04-08 00:59:09.833 69854 INFO tempest.lib.common.rest_client [req-626307d1-11a0-4592-9c54-6c0b6830aeb8 req-626307d1-11a0-4592-9c54-6c0b6830aeb8 ] Request (ServerTagsTestJSON:tearDownClass): 200 GET http://10.180.1.21/compute/v2.1/servers/bc990ba2-d378-4508-bb7a-99e53157d3cf 0.322s
2025-04-08 00:59:09.937 69896 INFO tempest.lib.common.rest_client [req-0e4085b9-d522-4c9e-9469-fce8b698fcb1 req-0e4085b9-d522-4c9e-9469-fce8b698fcb1 ] Request (ServerActionsTestOtherB:setUpClass): 200 GET http://10.180.1.21/compute/v2.1/servers/d2cf6d47-2eb2-43e9-baad-73442f983351 0.108s
2025-04-08 00:59:09.945 69896 INFO tempest.common.waiters [-] State transition "BUILD/spawning" ==> "ACTIVE/None" after 83 second wait
2025-04-08 00:59:09.968 69872 INFO tempest.lib.common.rest_client [req-35011966-bfcf-4e31-97c3-0a2d37050fcd req-35011966-bfcf-4e31-97c3-0a2d37050fcd ] Request (ServersAdminNegativeTestJSON:tearDownClass): 200 GET http://10.180.1.21/compute/v2.1/servers/9eb3ac42-0a1e-4514-82a3-8a0656c64978 0.059s
2025-04-08 00:59:10.051 69879 INFO tempest.lib.common.rest_client [req-994c14e0-ce9c-48bc-8cd2-8e41416a9bef req-994c14e0-ce9c-48bc-8cd2-8e41416a9bef ] Request (FloatingIPsAssociationTestJSON:tearDownClass): 200 GET http://10.180.1.21/compute/v2.1/servers/a8ab0f37-e0a6-4223-85cd-fa779c6139c9 0.140s
2025-04-08 00:59:10.054 69896 INFO tempest.lib.common.rest_client [req-44af9ff4-2fa3-40a4-8f92-942f4a5aa15e req-44af9ff4-2fa3-40a4-8f92-942f4a5aa15e ] Request (ServerActionsTestOtherB:setUpClass): 200 GET http://10.180.1.21/compute/v2.1/servers/d2cf6d47-2eb2-43e9-baad-73442f983351/os-interface 0.109s
2025-04-08 00:59:10.131 69870 INFO tempest.lib.common.rest_client [req-f60c567d-a93a-4ec8-a7eb-a776da13d7c7 req-f60c567d-a93a-4ec8-a7eb-a776da13d7c7 ] Request (MigrationsAdminTest:test_resize_server_revert_deleted_flavor): 200 GET http://10.180.1.21/compute/v2.1/servers/47918cb8-1e59-4dfd-b161-1c7f6848bdbf 0.161s
2025-04-08 00:59:10.137 69892 INFO tempest.lib.common.rest_client [req-93a55d25-0903-4498-82d6-19fdc446d98f req-93a55d25-0903-4498-82d6-19fdc446d98f ] Request (MultipleCreateTestJSON:test_multiple_create_with_reservation_return): 200 GET http://10.180.1.21/compute/v2.1/servers/67d8fa6b-dd82-45f4-b425-4dc27b321d16 0.150s
2025-04-08 00:59:10.188 69860 INFO tempest.lib.common.rest_client [req-818802c6-dfa9-487d-b26c-1adcd7d60f54 req-818802c6-dfa9-487d-b26c-1adcd7d60f54 ] Request (ListImageFiltersTestJSON:setUpClass): 200 GET http://10.180.1.21/compute/v2.1/servers/685aaf9b-7133-48ce-8224-3f855f94d723 0.140s
2025-04-08 00:59:10.248 69894 INFO tempest.lib.common.rest_client [req-3bc3bc00-6f19-44ac-ab78-d4659013830e req-3bc3bc00-6f19-44ac-ab78-d4659013830e ] Request (ImagesOneServerNegativeTestJSON:_run_cleanups): 200 GET http://10.180.1.21/compute/v2.1/servers/cc36ef6c-6844-4745-a164-44ddbe158fe9 0.153s
2025-04-08 00:59:10.275 69910 INFO tempest.lib.common.rest_client [req-5ea5e48e-3291-47f3-93aa-c8f11bc7662f req-5ea5e48e-3291-47f3-93aa-c8f11bc7662f ] Request (ServersTestJSON:test_create_server_specify_multibyte_character_name): 200 GET http://10.180.1.21/compute/v2.1/servers/656029d7-0bfc-4e9a-a894-8d29066228bb 0.205s
2025-04-08 00:59:10.312 69868 INFO tempest.lib.common.rest_client [req-3cf49a02-b5ed-45df-b7e4-c6883964d04b req-3cf49a02-b5ed-45df-b7e4-c6883964d04b ] Request (AttachVolumeTestJSON:test_attach_detach_volume): 200 GET http://10.180.1.21/compute/v2.1/servers/c7a63209-9705-4caa-b567-ffd30dbe38c2 0.165s
2025-04-08 00:59:10.369 69890 WARNING tempest.lib.common.ssh [-] Failed to establish authenticated ssh connection to cirros@10.180.180.242 ([Errno None] Unable to connect to port 22 on 10.180.180.242). Number attempts: 11. Retry after 12 seconds.: paramiko.ssh_exception.NoValidConnectionsError: [Errno None] Unable to connect to port 22 on 10.180.180.242
2025-04-08 00:59:10.386 69856 INFO tempest.lib.common.rest_client [req-f81f82f1-905d-460a-bb58-e16ad4f4bc36 req-f81f82f1-905d-460a-bb58-e16ad4f4bc36 ] Request (ServersAdminTestJSON:setUpClass): 200 GET http://10.180.1.21/compute/v2.1/servers/739d97b6-1445-4fcf-ad56-8ffa09061569 0.182s
2025-04-08 00:59:10.388 69880 INFO tempest.lib.common.rest_client [req-9c73fccf-8625-4b65-a274-7789cd3e8cd8 req-9c73fccf-8625-4b65-a274-7789cd3e8cd8 ] Request (ServersTestMultiNic:test_verify_duplicate_network_nics): 200 GET http://10.180.1.21/compute/v2.1/servers/e3a8beb1-fde1-487c-9001-573a322acf9f 0.099s
2025-04-08 00:59:10.463 69862 INFO tempest.lib.common.rest_client [req-a47239cd-5f4b-4d61-9314-b945086136d6 req-a47239cd-5f4b-4d61-9314-b945086136d6 ] Request (ServerExternalEventsTest:tearDownClass): 200 GET http://10.180.1.21/compute/v2.1/servers/5992d1f4-5bc1-42a7-860b-984593253dd9 0.111s
2025-04-08 00:59:10.533 69898 INFO tempest.lib.common.rest_client [req-ed7c1d69-9bb4-415f-bf5e-7436b695653a req-ed7c1d69-9bb4-415f-bf5e-7436b695653a ] Request (ImagesTestJSON:test_create_server_from_snapshot): 200 GET http://10.180.1.21/compute/v2.1/servers/273e28db-880c-464f-b316-851419f091dc 0.086s
2025-04-08 00:59:10.600 69874 INFO tempest.lib.common.rest_client [req-48d8e380-f9f4-484a-bd02-58a0608c3dae req-48d8e380-f9f4-484a-bd02-58a0608c3dae ] Request (VolumesTestJSON:tearDownClass): 404 GET http://10.180.1.21/volume/v3/volumes/1da0a094-92d8-42b9-afd4-2f01f3150f50 0.015s
2025-04-08 00:59:10.611 69852 INFO tempest.lib.common.rest_client [req-180bd7fa-531c-4444-87fd-14147879e47e req-180bd7fa-531c-4444-87fd-14147879e47e ] Request (TenantUsagesTestJSON:setUpClass): 200 GET http://10.180.1.21/compute/v2.1/servers/23d496ce-cce1-47ee-b8f9-ef08d1f81d5d 0.215s
2025-04-08 00:59:10.613 69906 INFO tempest.lib.common.rest_client [req-3b771368-2b48-4718-9d1d-76b7598fe17e req-3b771368-2b48-4718-9d1d-76b7598fe17e ] Request (ImagesOneServerTestJSON:setUpClass): 200 GET http://10.180.1.21/compute/v2.1/servers/9089ee06-1140-4149-a2a5-15a0f1e964e3 0.103s
2025-04-08 00:59:10.620 69852 INFO tempest.common.waiters [-] State transition "BUILD/networking" ==> "BUILD/spawning" after 83 second wait
2025-04-08 00:59:10.643 69874 INFO tempest.lib.common.rest_client [req-e92180d3-e106-46a8-a6c0-3e4cdb105912 req-e92180d3-e106-46a8-a6c0-3e4cdb105912 ] Request (VolumesTestJSON:tearDownClass): 202 DELETE http://10.180.1.21/volume/v3/volumes/8d4b4393-1596-40e1-a6a4-69b071360286 0.043s
2025-04-08 00:59:10.665 69886 INFO tempest.lib.common.rest_client [req-d4c75473-9ff8-484d-9220-3ac95c124d05 req-d4c75473-9ff8-484d-9220-3ac95c124d05 ] Request (SecurityGroupsTestJSON:test_server_security_groups): 200 GET http://10.180.1.21/compute/v2.1/servers/9bd9e5f3-036b-44a2-8863-470653a383d1 0.135s
2025-04-08 00:59:10.671 69874 INFO tempest.lib.common.rest_client [req-d7838cb7-1527-4e25-be96-fde9ea0d416d req-d7838cb7-1527-4e25-be96-fde9ea0d416d ] Request (VolumesTestJSON:tearDownClass): 200 GET http://10.180.1.21/volume/v3/volumes/8d4b4393-1596-40e1-a6a4-69b071360286 0.028s
2025-04-08 00:59:10.691 69850 INFO tempest.lib.common.rest_client [req-d8765e8b-066b-45d9-bdff-1d67c7a87aaa req-d8765e8b-066b-45d9-bdff-1d67c7a87aaa ] Request (DeleteServersAdminTestJSON:test_delete_server_while_in_error_state): 200 GET http://10.180.1.21/compute/v2.1/servers/996a56d7-78ba-4cb9-a88c-79141b26f472 0.075s
2025-04-08 00:59:10.713 69876 INFO paramiko.transport [-] Connected (version 2.0, client dropbear_2020.81)
2025-04-08 00:59:10.724 69902 INFO tempest.lib.common.rest_client [req-558ae04d-aa11-4a95-a75a-992650a081ac req-558ae04d-aa11-4a95-a75a-992650a081ac ] Request (DeleteServersTestJSON:test_delete_server_while_in_attached_volume): 200 GET http://10.180.1.21/compute/v2.1/servers/38c879a6-039b-4544-9efa-55d87a3db614 0.057s
2025-04-08 00:59:10.759 69896 INFO tempest.lib.common.rest_client [req-f1e24606-1d4e-47dc-9140-2847204fb306 req-f1e24606-1d4e-47dc-9140-2847204fb306 ] Request (ServerActionsTestOtherB:setUpClass): 200 PUT http://10.180.1.21:9696/networking/v2.0/floatingips/961c60bd-565c-46aa-b144-4f1fe23e3f13 0.702s
2025-04-08 00:59:10.760 69896 INFO tempest.lib.common.ssh [-] Creating ssh connection to '10.180.180.172:22' as 'cirros' with public key authentication
2025-04-08 00:59:10.772 69876 INFO paramiko.transport [-] Authentication (publickey) successful!
2025-04-08 00:59:10.773 69876 INFO tempest.lib.common.ssh [-] ssh connection to cirros@10.180.180.237 successfully created
2025-04-08 00:59:10.781 69866 INFO tempest.lib.common.rest_client [req-ee645c10-e49d-4970-a669-6b775e5d0ef9 req-ee645c10-e49d-4970-a669-6b775e5d0ef9 ] Request (AttachInterfacesV270Test:tearDownClass): 200 GET http://10.180.1.21/compute/v2.1/servers/a056461f-a9e6-44a3-a42e-5277dc21344d 0.055s
2025-04-08 00:59:10.855 69848 INFO tempest.lib.common.rest_client [req-aa5c389f-a345-4cc1-9c98-1db45c4fad3b req-aa5c389f-a345-4cc1-9c98-1db45c4fad3b ] Request (ServersNegativeTestJSON:setUpClass): 200 GET http://10.180.1.21/compute/v2.1/servers/8865002f-5666-480a-852d-67f6768642a3 0.071s
2025-04-08 00:59:10.909 69854 INFO tempest.lib.common.rest_client [req-d923e7b8-c2f2-4c75-8518-789fed0fcb84 req-d923e7b8-c2f2-4c75-8518-789fed0fcb84 ] Request (ServerTagsTestJSON:tearDownClass): 200 GET http://10.180.1.21/compute/v2.1/servers/bc990ba2-d378-4508-bb7a-99e53157d3cf 0.064s
2025-04-08 00:59:11.033 69872 INFO tempest.lib.common.rest_client [req-aecd2c34-fb21-469b-8d6a-5258f98e68fb req-aecd2c34-fb21-469b-8d6a-5258f98e68fb ] Request (ServersAdminNegativeTestJSON:tearDownClass): 200 GET http://10.180.1.21/compute/v2.1/servers/9eb3ac42-0a1e-4514-82a3-8a0656c64978 0.054s
2025-04-08 00:59:11.124 69879 INFO tempest.lib.common.rest_client [req-354e267a-fbc5-427a-9823-1244d2a8da46 req-354e267a-fbc5-427a-9823-1244d2a8da46 ] Request (FloatingIPsAssociationTestJSON:tearDownClass): 200 GET http://10.180.1.21/compute/v2.1/servers/a8ab0f37-e0a6-4223-85cd-fa779c6139c9 0.066s
2025-04-08 00:59:11.192 69870 INFO tempest.lib.common.rest_client [req-2c7b2e5a-f172-406a-8f53-fb46cf93b4b2 req-2c7b2e5a-f172-406a-8f53-fb46cf93b4b2 ] Request (MigrationsAdminTest:test_resize_server_revert_deleted_flavor): 200 GET http://10.180.1.21/compute/v2.1/servers/47918cb8-1e59-4dfd-b161-1c7f6848bdbf 0.053s
2025-04-08 00:59:11.234 69892 INFO tempest.lib.common.rest_client [req-d0d81c7d-309d-4a0b-adde-a24c729f9e94 req-d0d81c7d-309d-4a0b-adde-a24c729f9e94 ] Request (MultipleCreateTestJSON:test_multiple_create_with_reservation_return): 200 GET http://10.180.1.21/compute/v2.1/servers/67d8fa6b-dd82-45f4-b425-4dc27b321d16 0.088s
2025-04-08 00:59:11.277 69860 INFO tempest.lib.common.rest_client [req-3aa377f8-ba3a-4879-9216-3aeaeee7b73d req-3aa377f8-ba3a-4879-9216-3aeaeee7b73d ] Request (ListImageFiltersTestJSON:setUpClass): 200 GET http://10.180.1.21/compute/v2.1/servers/685aaf9b-7133-48ce-8224-3f855f94d723 0.080s
2025-04-08 00:59:11.324 69894 INFO tempest.lib.common.rest_client [req-f5cbd116-85bc-4015-b591-2440e5bc2805 req-f5cbd116-85bc-4015-b591-2440e5bc2805 ] Request (ImagesOneServerNegativeTestJSON:_run_cleanups): 200 GET http://10.180.1.21/compute/v2.1/servers/cc36ef6c-6844-4745-a164-44ddbe158fe9 0.067s
2025-04-08 00:59:11.438 69910 INFO tempest.lib.common.rest_client [req-940c6d9f-c3f3-4120-8136-a5a8a76f4533 req-940c6d9f-c3f3-4120-8136-a5a8a76f4533 ] Request (ServersTestJSON:test_create_server_specify_multibyte_character_name): 200 GET http://10.180.1.21/compute/v2.1/servers/656029d7-0bfc-4e9a-a894-8d29066228bb 0.153s
2025-04-08 00:59:11.700 69874 INFO tempest.lib.common.rest_client [req-f8855ee5-86a1-4345-a364-e28ea10d56cc req-f8855ee5-86a1-4345-a364-e28ea10d56cc ] Request (VolumesTestJSON:tearDownClass): 404 GET http://10.180.1.21/volume/v3/volumes/8d4b4393-1596-40e1-a6a4-69b071360286 0.020s
2025-04-08 00:59:11.700 69868 INFO tempest.lib.common.rest_client [req-b4700ae5-2511-42e3-9f36-9409cfc980a3 req-b4700ae5-2511-42e3-9f36-9409cfc980a3 ] Request (AttachVolumeTestJSON:test_attach_detach_volume): 200 GET http://10.180.1.21/compute/v2.1/servers/c7a63209-9705-4caa-b567-ffd30dbe38c2 0.380s
2025-04-08 00:59:11.751 69856 INFO tempest.lib.common.rest_client [req-4f911502-107a-44a1-821e-818d23762c1d req-4f911502-107a-44a1-821e-818d23762c1d ] Request (ServersAdminTestJSON:setUpClass): 200 GET http://10.180.1.21/compute/v2.1/servers/739d97b6-1445-4fcf-ad56-8ffa09061569 0.356s
2025-04-08 00:59:11.801 69874 INFO tempest.lib.common.rest_client [req-906f6e2c-b5fe-4c99-9cc9-e693625edac7 req-906f6e2c-b5fe-4c99-9cc9-e693625edac7 ] Request (VolumesTestJSON:tearDownClass): 204 DELETE http://10.180.1.21/identity/v3/users/2d7b0b95a2844a208ff61dc4a13f54b0 0.101s
2025-04-08 00:59:11.801 69874 INFO tempest.lib.common.dynamic_creds [-] Deleting project and security group for project: f26f3f129c1a4947a4dddf556301c80e
2025-04-08 00:59:11.803 69880 INFO tempest.lib.common.rest_client [req-2cb5279d-e133-449d-a738-2c7b0fa59f3f req-2cb5279d-e133-449d-a738-2c7b0fa59f3f ] Request (ServersTestMultiNic:test_verify_duplicate_network_nics): 200 GET http://10.180.1.21/compute/v2.1/servers/e3a8beb1-fde1-487c-9001-573a322acf9f 0.405s
2025-04-08 00:59:11.859 69874 INFO tempest.lib.common.rest_client [req-8d0e17bc-4430-4021-9f77-6fd150d01b80 req-8d0e17bc-4430-4021-9f77-6fd150d01b80 ] Request (VolumesTestJSON:tearDownClass): 201 POST http://10.180.1.21/identity/v3/auth/tokens 0.058s
2025-04-08 00:59:11.862 69862 INFO tempest.lib.common.rest_client [req-d87a0252-f2b2-489a-9426-2deaed9394c8 req-d87a0252-f2b2-489a-9426-2deaed9394c8 ] Request (ServerExternalEventsTest:tearDownClass): 200 GET http://10.180.1.21/compute/v2.1/servers/5992d1f4-5bc1-42a7-860b-984593253dd9 0.388s
2025-04-08 00:59:11.920 69898 INFO tempest.lib.common.rest_client [req-446bdae7-a02b-4f68-817b-cb6c6d22f5ea req-446bdae7-a02b-4f68-817b-cb6c6d22f5ea ] Request (ImagesTestJSON:test_create_server_from_snapshot): 200 GET http://10.180.1.21/compute/v2.1/servers/273e28db-880c-464f-b316-851419f091dc 0.376s
2025-04-08 00:59:12.029 69852 INFO tempest.lib.common.rest_client [req-d1b02525-f9bd-434b-ac3c-926ff5935ad6 req-d1b02525-f9bd-434b-ac3c-926ff5935ad6 ] Request (TenantUsagesTestJSON:setUpClass): 200 GET http://10.180.1.21/compute/v2.1/servers/23d496ce-cce1-47ee-b8f9-ef08d1f81d5d 0.408s
2025-04-08 00:59:12.042 69874 INFO tempest.lib.common.rest_client [req-89087c04-fc99-45a8-be13-6c59cca6e832 req-89087c04-fc99-45a8-be13-6c59cca6e832 ] Request (VolumesTestJSON:tearDownClass): 200 GET http://10.180.1.21:9696/networking/v2.0/security-groups?tenant_id=f26f3f129c1a4947a4dddf556301c80e&name=default 0.182s
2025-04-08 00:59:12.073 69906 INFO tempest.lib.common.rest_client [req-9372f718-1382-49d6-8fcb-9b1956361eaf req-9372f718-1382-49d6-8fcb-9b1956361eaf ] Request (ImagesOneServerTestJSON:setUpClass): 200 GET http://10.180.1.21/compute/v2.1/servers/9089ee06-1140-4149-a2a5-15a0f1e964e3 0.451s
2025-04-08 00:59:12.117 69874 INFO tempest.lib.common.rest_client [req-c799ef2c-3cb3-434c-b239-a77239f07e40 req-c799ef2c-3cb3-434c-b239-a77239f07e40 ] Request (VolumesTestJSON:tearDownClass): 204 DELETE http://10.180.1.21:9696/networking/v2.0/security-groups/88d7552f-925c-4f30-98ea-53f07ed6faf7 0.075s
2025-04-08 00:59:12.119 69886 INFO tempest.lib.common.rest_client [req-e5383ca6-8711-46e5-93bc-a681f331e55c req-e5383ca6-8711-46e5-93bc-a681f331e55c ] Request (SecurityGroupsTestJSON:test_server_security_groups): 200 GET http://10.180.1.21/compute/v2.1/servers/9bd9e5f3-036b-44a2-8863-470653a383d1 0.443s
2025-04-08 00:59:12.125 69886 INFO tempest.common.waiters [-] State transition "BUILD/scheduling" ==> "BUILD/None" after 38 second wait
2025-04-08 00:59:12.162 69888 WARNING tempest.lib.common.ssh [-] Failed to establish authenticated ssh connection to cirros@10.180.180.190 ([Errno None] Unable to connect to port 22 on 10.180.180.190). Number attempts: 11. Retry after 12 seconds.: paramiko.ssh_exception.NoValidConnectionsError: [Errno None] Unable to connect to port 22 on 10.180.180.190
2025-04-08 00:59:12.172 69850 INFO tempest.lib.common.rest_client [req-dbc5fb45-735e-4b68-a369-b74be4398c5a req-dbc5fb45-735e-4b68-a369-b74be4398c5a ] Request (DeleteServersAdminTestJSON:test_delete_server_while_in_error_state): 200 GET http://10.180.1.21/compute/v2.1/servers/996a56d7-78ba-4cb9-a88c-79141b26f472 0.470s
2025-04-08 00:59:12.177 69874 INFO tempest.lib.common.rest_client [req-66894e28-ab90-4f43-afe2-b30a07a0b8d8 req-66894e28-ab90-4f43-afe2-b30a07a0b8d8 ] Request (VolumesTestJSON:tearDownClass): 204 DELETE http://10.180.1.21/identity/v3/projects/f26f3f129c1a4947a4dddf556301c80e 0.060s
2025-04-08 00:59:12.216 69902 INFO tempest.lib.common.rest_client [req-c0a8ede8-d973-4b8c-aa0e-556fd5831c3f req-c0a8ede8-d973-4b8c-aa0e-556fd5831c3f ] Request (DeleteServersTestJSON:test_delete_server_while_in_attached_volume): 200 GET http://10.180.1.21/compute/v2.1/servers/38c879a6-039b-4544-9efa-55d87a3db614 0.484s
2025-04-08 00:59:12.274 69866 INFO tempest.lib.common.rest_client [req-17f7a067-e883-4d90-a511-8be3fecd755e req-17f7a067-e883-4d90-a511-8be3fecd755e ] Request (AttachInterfacesV270Test:tearDownClass): 200 GET http://10.180.1.21/compute/v2.1/servers/a056461f-a9e6-44a3-a42e-5277dc21344d 0.483s
2025-04-08 00:59:12.297 69884 WARNING tempest.lib.common.ssh [-] Failed to establish authenticated ssh connection to cirros@10.180.180.245 ([Errno None] Unable to connect to port 22 on 10.180.180.245). Number attempts: 10. Retry after 11 seconds.: paramiko.ssh_exception.NoValidConnectionsError: [Errno None] Unable to connect to port 22 on 10.180.180.245
2025-04-08 00:59:12.328 69848 INFO tempest.lib.common.rest_client [req-a9f104ba-cb33-4efa-9c67-844489c2fb07 req-a9f104ba-cb33-4efa-9c67-844489c2fb07 ] Request (ServersNegativeTestJSON:setUpClass): 200 GET http://10.180.1.21/compute/v2.1/servers/8865002f-5666-480a-852d-67f6768642a3 0.464s
2025-04-08 00:59:12.354 69908 WARNING tempest.lib.common.ssh [-] Failed to establish authenticated ssh connection to cirros@10.180.180.141 ([Errno None] Unable to connect to port 22 on 10.180.180.141). Number attempts: 1. Retry after 2 seconds.: paramiko.ssh_exception.NoValidConnectionsError: [Errno None] Unable to connect to port 22 on 10.180.180.141
2025-04-08 00:59:12.381 69854 INFO tempest.lib.common.rest_client [req-8fed4119-7de0-44c8-8d35-17cabe0b9f7a req-8fed4119-7de0-44c8-8d35-17cabe0b9f7a ] Request (ServerTagsTestJSON:tearDownClass): 200 GET http://10.180.1.21/compute/v2.1/servers/bc990ba2-d378-4508-bb7a-99e53157d3cf 0.463s
2025-04-08 00:59:12.435 69872 INFO tempest.lib.common.rest_client [req-e4f18a74-b896-41b2-ae93-eecb0c338e0b req-e4f18a74-b896-41b2-ae93-eecb0c338e0b ] Request (ServersAdminNegativeTestJSON:tearDownClass): 200 GET http://10.180.1.21/compute/v2.1/servers/9eb3ac42-0a1e-4514-82a3-8a0656c64978 0.394s
2025-04-08 00:59:12.443 69876 INFO tempest.lib.common.rest_client [req-f02fdfa2-c168-4519-97b5-c43ad4a7199e req-f02fdfa2-c168-4519-97b5-c43ad4a7199e ] Request (VolumesAssistedSnapshotsTest:test_volume_assisted_snapshot_create_delete): 200 POST http://10.180.1.21/compute/v2.1/servers/1d615966-8d6e-4815-8128-f882fff2f889/os-volume_attachments 1.670s
2025-04-08 00:59:12.471 69876 INFO tempest.lib.common.rest_client [req-4c1f68aa-1e78-4657-956e-d4278c6a288b req-4c1f68aa-1e78-4657-956e-d4278c6a288b ] Request (VolumesAssistedSnapshotsTest:test_volume_assisted_snapshot_create_delete): 200 GET http://10.180.1.21/volume/v3/volumes/416a363c-a20c-48e1-bea5-fdee21d1c15d 0.026s
2025-04-08 00:59:12.481 69882 WARNING tempest.lib.common.ssh [-] Failed to establish authenticated ssh connection to cirros@10.180.180.132 ([Errno None] Unable to connect to port 22 on 10.180.180.132). Number attempts: 8. Retry after 9 seconds.: paramiko.ssh_exception.NoValidConnectionsError: [Errno None] Unable to connect to port 22 on 10.180.180.132
2025-04-08 00:59:12.505 69879 INFO tempest.lib.common.rest_client [req-cd209ef3-2080-43ab-a16e-b6411c22e776 req-cd209ef3-2080-43ab-a16e-b6411c22e776 ] Request (FloatingIPsAssociationTestJSON:tearDownClass): 200 GET http://10.180.1.21/compute/v2.1/servers/a8ab0f37-e0a6-4223-85cd-fa779c6139c9 0.369s
2025-04-08 00:59:12.507 69870 INFO tempest.lib.common.rest_client [req-f17db085-8cbb-4083-92ee-1476b45a5406 req-f17db085-8cbb-4083-92ee-1476b45a5406 ] Request (MigrationsAdminTest:test_resize_server_revert_deleted_flavor): 200 GET http://10.180.1.21/compute/v2.1/servers/47918cb8-1e59-4dfd-b161-1c7f6848bdbf 0.307s
2025-04-08 00:59:12.512 69879 INFO tempest.common.waiters [-] State transition "ACTIVE/deleting" ==> "DELETED/None" after 5 second wait
2025-04-08 00:59:12.562 69860 INFO tempest.lib.common.rest_client [req-deb661d1-3388-4f50-8615-d0e3275a727f req-deb661d1-3388-4f50-8615-d0e3275a727f ] Request (ListImageFiltersTestJSON:setUpClass): 200 GET http://10.180.1.21/compute/v2.1/servers/685aaf9b-7133-48ce-8224-3f855f94d723 0.275s
2025-04-08 00:59:12.568 69892 INFO tempest.lib.common.rest_client [req-7731ef76-212d-48cc-b770-a969f7fcfbea req-7731ef76-212d-48cc-b770-a969f7fcfbea ] Request (MultipleCreateTestJSON:test_multiple_create_with_reservation_return): 200 GET http://10.180.1.21/compute/v2.1/servers/67d8fa6b-dd82-45f4-b425-4dc27b321d16 0.325s
2025-04-08 00:59:12.626 69894 INFO tempest.lib.common.rest_client [req-9faf3625-5fde-4beb-a755-1259960c1bda req-9faf3625-5fde-4beb-a755-1259960c1bda ] Request (ImagesOneServerNegativeTestJSON:_run_cleanups): 200 GET http://10.180.1.21/compute/v2.1/servers/cc36ef6c-6844-4745-a164-44ddbe158fe9 0.294s
2025-04-08 00:59:12.702 69910 INFO tempest.lib.common.rest_client [req-5a210870-8f88-4541-8d17-982b10ec42ab req-5a210870-8f88-4541-8d17-982b10ec42ab ] Request (ServersTestJSON:test_create_server_specify_multibyte_character_name): 200 GET http://10.180.1.21/compute/v2.1/servers/656029d7-0bfc-4e9a-a894-8d29066228bb 0.256s
2025-04-08 00:59:12.760 69868 INFO tempest.lib.common.rest_client [req-8cf6339b-75d4-4751-aeaf-d1c41021f299 req-8cf6339b-75d4-4751-aeaf-d1c41021f299 ] Request (AttachVolumeTestJSON:test_attach_detach_volume): 200 GET http://10.180.1.21/compute/v2.1/servers/c7a63209-9705-4caa-b567-ffd30dbe38c2 0.052s
2025-04-08 00:59:12.811 69856 INFO tempest.lib.common.rest_client [req-6c0fec38-64cd-4e47-9efe-908ce303a18e req-6c0fec38-64cd-4e47-9efe-908ce303a18e ] Request (ServersAdminTestJSON:setUpClass): 200 GET http://10.180.1.21/compute/v2.1/servers/739d97b6-1445-4fcf-ad56-8ffa09061569 0.052s
2025-04-08 00:59:12.867 69880 INFO tempest.lib.common.rest_client [req-717d7c7c-929b-47aa-8d81-000dc8e2e32c req-717d7c7c-929b-47aa-8d81-000dc8e2e32c ] Request (ServersTestMultiNic:test_verify_duplicate_network_nics): 200 GET http://10.180.1.21/compute/v2.1/servers/e3a8beb1-fde1-487c-9001-573a322acf9f 0.057s
2025-04-08 00:59:12.939 69862 INFO tempest.lib.common.rest_client [req-eadf9c74-5b58-4e56-985b-eb2d20dd3472 req-eadf9c74-5b58-4e56-985b-eb2d20dd3472 ] Request (ServerExternalEventsTest:tearDownClass): 200 GET http://10.180.1.21/compute/v2.1/servers/5992d1f4-5bc1-42a7-860b-984593253dd9 0.068s
2025-04-08 00:59:12.979 69898 INFO tempest.lib.common.rest_client [req-94cfd1e3-8e57-4181-8d01-c7c2928d4110 req-94cfd1e3-8e57-4181-8d01-c7c2928d4110 ] Request (ImagesTestJSON:test_create_server_from_snapshot): 200 GET http://10.180.1.21/compute/v2.1/servers/273e28db-880c-464f-b316-851419f091dc 0.049s
2025-04-08 00:59:13.135 69906 INFO tempest.lib.common.rest_client [req-f99c1829-4e55-4438-a73a-4918fd561196 req-f99c1829-4e55-4438-a73a-4918fd561196 ] Request (ImagesOneServerTestJSON:setUpClass): 200 GET http://10.180.1.21/compute/v2.1/servers/9089ee06-1140-4149-a2a5-15a0f1e964e3 0.054s
2025-04-08 00:59:13.140 69852 INFO tempest.lib.common.rest_client [req-b860f850-6851-40ec-ab42-3d9f2201b94e req-b860f850-6851-40ec-ab42-3d9f2201b94e ] Request (TenantUsagesTestJSON:setUpClass): 200 GET http://10.180.1.21/compute/v2.1/servers/23d496ce-cce1-47ee-b8f9-ef08d1f81d5d 0.103s
2025-04-08 00:59:13.185 69886 INFO tempest.lib.common.rest_client [req-14efd9c0-8d3e-4183-8ae1-b053aa212bdc req-14efd9c0-8d3e-4183-8ae1-b053aa212bdc ] Request (SecurityGroupsTestJSON:test_server_security_groups): 200 GET http://10.180.1.21/compute/v2.1/servers/9bd9e5f3-036b-44a2-8863-470653a383d1 0.058s
2025-04-08 00:59:13.239 69850 INFO tempest.lib.common.rest_client [req-46977bb7-a32e-4963-a9df-65d535119ae3 req-46977bb7-a32e-4963-a9df-65d535119ae3 ] Request (DeleteServersAdminTestJSON:test_delete_server_while_in_error_state): 200 GET http://10.180.1.21/compute/v2.1/servers/996a56d7-78ba-4cb9-a88c-79141b26f472 0.059s
2025-04-08 00:59:13.275 69902 INFO tempest.lib.common.rest_client [req-65f35699-968b-4094-9629-66a41a944b15 req-65f35699-968b-4094-9629-66a41a944b15 ] Request (DeleteServersTestJSON:test_delete_server_while_in_attached_volume): 200 GET http://10.180.1.21/compute/v2.1/servers/38c879a6-039b-4544-9efa-55d87a3db614 0.051s
2025-04-08 00:59:13.359 69866 INFO tempest.lib.common.rest_client [req-4c2513c4-7fa1-4fec-9a85-526cba55cd3b req-4c2513c4-7fa1-4fec-9a85-526cba55cd3b ] Request (AttachInterfacesV270Test:tearDownClass): 200 GET http://10.180.1.21/compute/v2.1/servers/a056461f-a9e6-44a3-a42e-5277dc21344d 0.071s
2025-04-08 00:59:13.394 69848 INFO tempest.lib.common.rest_client [req-d64b67e7-ab11-496c-a205-190ea4538faf req-d64b67e7-ab11-496c-a205-190ea4538faf ] Request (ServersNegativeTestJSON:setUpClass): 200 GET http://10.180.1.21/compute/v2.1/servers/8865002f-5666-480a-852d-67f6768642a3 0.058s
2025-04-08 00:59:13.453 69854 INFO tempest.lib.common.rest_client [req-7ca84587-50b4-4a84-92e0-ca5315fa4fa0 req-7ca84587-50b4-4a84-92e0-ca5315fa4fa0 ] Request (ServerTagsTestJSON:tearDownClass): 200 GET http://10.180.1.21/compute/v2.1/servers/bc990ba2-d378-4508-bb7a-99e53157d3cf 0.060s
