2025-05-14 08:20:35.708 71001 INFO tempest.lib.common.rest_client [req-aa9f8256-7fbc-4e3c-9bb7-e25dafa37d06 req-aa9f8256-7fbc-4e3c-9bb7-e25dafa37d06 ] Request (AttachInterfacesTestJSON:_run_cleanups): 200 GET http://10.180.1.21/compute/v2.1/servers/fd984f45-140c-49da-be4d-fda8e1ef9e2a 0.416s
2025-05-14 08:20:35.723 70985 INFO tempest.lib.common.rest_client [req-43234141-229a-4fa2-bbe6-b1a0e38a6792 req-43234141-229a-4fa2-bbe6-b1a0e38a6792 ] Request (ServerShowV257Test:test_rebuild_server): 200 GET http://10.180.1.21/compute/v2.1/servers/9d764c39-7d3e-4473-98e1-c33ce79cba1e 0.382s
2025-05-14 08:20:35.771 70969 INFO tempest.lib.common.rest_client [req-4cbc4e73-0fd8-4532-be5c-4a209e75d447 req-4cbc4e73-0fd8-4532-be5c-4a209e75d447 ] Request (ListImageFiltersTestJSON:setUpClass): 200 GET http://10.180.1.21/compute/v2.1/images/7db401d5-363c-4409-b8fd-0d6458562d76 0.396s
2025-05-14 08:20:35.781 70993 INFO tempest.lib.common.rest_client [req-5794ea5b-49d6-43e0-86d7-14899dd3a338 req-5794ea5b-49d6-43e0-86d7-14899dd3a338 ] Request (ServerActionsTestOtherB:setUpClass): 200 GET http://10.180.1.21/compute/v2.1/servers/3e11e849-1e5e-4b19-adc6-c5ede4e82c4f 0.420s
2025-05-14 08:20:35.835 70949 INFO tempest.lib.common.rest_client [req-2ae73ae7-4075-4889-857e-10eb0904b39d req-2ae73ae7-4075-4889-857e-10eb0904b39d ] Request (ServersAdminNegativeTestJSON:setUpClass): 200 GET http://10.180.1.21/compute/v2.1/servers/557df77b-d4f0-4160-9ccf-b041b5f0e902 0.308s
2025-05-14 08:20:35.887 70991 INFO tempest.lib.common.rest_client [req-7445f2d0-b022-4927-9813-abf79b6b1579 req-7445f2d0-b022-4927-9813-abf79b6b1579 ] Request (ImagesOneServerNegativeTestJSON:setUpClass): 200 GET http://10.180.1.21/compute/v2.1/servers/5ced4db8-4171-48b7-9b75-1224b29a7edb 0.416s
2025-05-14 08:20:35.934 70995 INFO tempest.lib.common.rest_client [req-577e689e-3e70-43a3-beed-9da2afaeb945 req-577e689e-3e70-43a3-beed-9da2afaeb945 ] Request (SecurityGroupsTestJSON:test_server_security_groups): 200 GET http://10.180.1.21/compute/v2.1/servers/289770ea-9d82-44e6-8938-d02978cd7080 0.337s
2025-05-14 08:20:35.935 70983 INFO tempest.lib.common.rest_client [req-3d9c6cf6-5f07-4b92-828d-51c4f818378f req-3d9c6cf6-5f07-4b92-828d-51c4f818378f ] Request (AttachInterfacesV270Test:test_create_get_list_interfaces): 200 GET http://10.180.1.21/compute/v2.1/servers/227f368d-428b-44d6-8e88-cf29f616701d 0.393s
2025-05-14 08:20:35.997 70971 INFO tempest.lib.common.rest_client [req-d8f752e1-d654-47ba-9f4e-089791a01f8d req-d8f752e1-d654-47ba-9f4e-089791a01f8d ] Request (ImagesNegativeTestJSON:test_create_image_from_deleted_server): 200 GET http://10.180.1.21/compute/v2.1/servers/e149d1a1-3d4b-43a2-b23a-e62e820c6f23 0.382s
2025-05-14 08:20:35.998 70967 INFO tempest.lib.common.rest_client [req-14912ea1-64df-489f-9881-56ad19274479 req-14912ea1-64df-489f-9881-56ad19274479 ] Request (ImagesTestJSON:test_create_image_from_stopped_server): 200 GET http://10.180.1.21/compute/v2.1/servers/40a8e338-4099-4da8-b39a-0235c5e8d450 0.403s
2025-05-14 08:20:36.059 70955 INFO tempest.lib.common.rest_client [req-96cdcb1f-e916-4601-9b1f-2f8914ca99ca req-96cdcb1f-e916-4601-9b1f-2f8914ca99ca ] Request (ServerMetadataNegativeTestJSON:setUpClass): 200 GET http://10.180.1.21/compute/v2.1/servers/17f11b74-f8eb-4460-8d7c-1c42d249d5e2 0.403s
2025-05-14 08:20:36.110 70941 INFO tempest.lib.common.rest_client [req-4cfadbdc-9f16-49ce-995e-2b00a5fc4c30 req-4cfadbdc-9f16-49ce-995e-2b00a5fc4c30 ] Request (ServerAddressesNegativeTestJSON:setUpClass): 200 GET http://10.180.1.21/compute/v2.1/servers/ae524940-899d-4c4f-92a1-784ad0336b4e 0.279s
2025-05-14 08:20:36.143 70965 INFO tempest.lib.common.rest_client [req-93e3728c-18e8-4058-9255-d1244a61c0c6 req-93e3728c-18e8-4058-9255-d1244a61c0c6 ] Request (MigrationsAdminTest:test_list_migrations_in_flavor_resize_situation): 200 GET http://10.180.1.21/compute/v2.1/servers/8322f8fc-34cb-4f84-92c1-9ce169608d63 0.368s
2025-05-14 08:20:36.179 70981 INFO tempest.lib.common.rest_client [req-ce66177f-5608-4739-942e-1ccfc3b4c384 req-ce66177f-5608-4739-942e-1ccfc3b4c384 ] Request (FloatingIPsAssociationNegativeTestJSON:setUpClass): 200 GET http://10.180.1.21/compute/v2.1/servers/2172d74f-9f45-48d4-b4e7-ce844f5ace4b 0.291s
2025-05-14 08:20:36.228 70987 INFO tempest.lib.common.rest_client [req-2f57ac87-a24f-4a63-85ee-26c7c4668de7 req-2f57ac87-a24f-4a63-85ee-26c7c4668de7 ] Request (ServersAdmin275Test:tearDownClass): 200 GET http://10.180.1.21/compute/v2.1/servers/512a48da-29e8-41ca-bace-313966e1abe9 0.253s
2025-05-14 08:20:36.239 70987 INFO tempest.common.waiters [-] State transition "ACTIVE/deleting" ==> "DELETED/None" after 4 second wait
2025-05-14 08:20:36.257 70947 INFO tempest.lib.common.rest_client [req-ca538279-ac4f-49ca-b039-046eab7c0a9a req-ca538279-ac4f-49ca-b039-046eab7c0a9a ] Request (ServersAdminTestJSON:test_create_server_with_scheduling_hint): 200 GET http://10.180.1.21/compute/v2.1/servers/2b16e560-e5d4-4e16-8129-01ff5d1e5c33 0.232s
2025-05-14 08:20:36.329 70959 INFO tempest.lib.common.rest_client [req-005fc7cd-c976-46a0-95cb-da6e68591ff2 req-005fc7cd-c976-46a0-95cb-da6e68591ff2 ] Request (DeleteServersAdminTestJSON:test_delete_server_while_in_error_state): 200 GET http://10.180.1.21/compute/v2.1/servers/073eaf30-1b21-43a7-a020-0fe9508db118 0.244s
2025-05-14 08:20:36.445 70957 INFO tempest.lib.common.rest_client [req-54dc82af-4db4-48de-93ba-75a7a71b5023 req-54dc82af-4db4-48de-93ba-75a7a71b5023 ] Request (ServersTestJSON:setUpClass): 200 GET http://10.180.1.21/compute/v2.1/servers/a86261da-ce37-4d63-a080-e84983e142b7 0.394s
2025-05-14 08:20:36.515 70977 INFO tempest.lib.common.rest_client [req-248a4084-f8f8-407e-bfcf-810b5a1b79d9 req-248a4084-f8f8-407e-bfcf-810b5a1b79d9 ] Request (InstanceActionsV221TestJSON:test_get_list_deleted_instance_actions): 200 GET http://10.180.1.21/compute/v2.1/servers/4bf50c51-dfc7-43bb-b79a-374d8c4954e8 0.346s
2025-05-14 08:20:36.594 70951 INFO tempest.lib.common.rest_client [req-cacd4791-40ac-40d7-930d-3dd70102e0c7 req-cacd4791-40ac-40d7-930d-3dd70102e0c7 ] Request (FloatingIPsAssociationTestJSON:tearDownClass): 200 GET http://10.180.1.21/compute/v2.1/servers/ce7c25a7-b051-4e15-9ca6-d7d7fad7405a 0.391s
2025-05-14 08:20:36.594 70989 INFO tempest.lib.common.rest_client [req-db1736ef-b492-45df-817e-345b493fb5c1 req-db1736ef-b492-45df-817e-345b493fb5c1 ] Request (ImagesOneServerTestJSON:tearDownClass): 200 GET http://10.180.1.21/compute/v2.1/servers/24857109-7a24-4b4b-ad4b-9512a6c23d5d 0.472s
2025-05-14 08:20:36.669 70999 INFO tempest.lib.common.rest_client [req-6dfa6037-55c7-4bfb-9b3a-83fed2b7cbed req-6dfa6037-55c7-4bfb-9b3a-83fed2b7cbed ] Request (ServersListShow298Test:test_list_show_update_rebuild_server_298): 200 GET http://10.180.1.21/compute/v2.1/servers/ba429fba-1128-4002-96bf-50a463bad12b 0.428s
2025-05-14 08:20:36.737 70945 INFO tempest.lib.common.rest_client [req-e5b07810-3818-48e3-bdf1-f107215c6d52 req-e5b07810-3818-48e3-bdf1-f107215c6d52 ] Request (ServersTestManualDisk:setUpClass): 200 GET http://10.180.1.21/compute/v2.1/servers/90c73ad4-26f8-4bb9-80cc-5c6d1c26b941 0.293s
2025-05-14 08:20:36.781 70943 INFO tempest.lib.common.rest_client [req-ef1d7205-1234-4c7c-ac7d-87679fd0beee req-ef1d7205-1234-4c7c-ac7d-87679fd0beee ] Request (ListServersNegativeTestJSON:setUpClass): 200 GET http://10.180.1.21/compute/v2.1/servers/73c2574a-9ebe-4561-ab98-8c26306c70f9 0.417s
2025-05-14 08:20:36.798 71003 INFO tempest.lib.common.rest_client [req-2fad6d1b-0f17-43a5-9dcc-5e72c029a132 req-2fad6d1b-0f17-43a5-9dcc-5e72c029a132 ] Request (ServerDiagnosticsNegativeTest:test_get_server_diagnostics_by_non_admin): 200 GET http://10.180.1.21/compute/v2.1/servers/ff0824a7-e7b4-46a9-8474-0b9e1d57aa79 0.285s
2025-05-14 08:20:36.853 70962 INFO tempest.lib.common.rest_client [req-4b554c9f-d473-4605-961f-a9c3992ebba1 req-4b554c9f-d473-4605-961f-a9c3992ebba1 ] Request (ServerGroupTestJSON:test_create_server_with_scheduler_hint_group): 200 GET http://10.180.1.21/compute/v2.1/servers/b7de3584-9304-4363-adb5-ecf99a60bdb3 0.290s
2025-05-14 08:20:36.908 70973 INFO tempest.lib.common.rest_client [req-987565ba-803e-4670-8da5-ed84f53eb982 req-987565ba-803e-4670-8da5-ed84f53eb982 ] Request (DeleteServersTestJSON:test_delete_server_while_in_attached_volume): 200 GET http://10.180.1.21/compute/v2.1/servers/1677457a-9ddd-4ad7-8919-1c2154cbc969 0.237s
2025-05-14 08:20:36.931 70979 INFO tempest.lib.common.rest_client [req-099d1c5b-cea0-4a45-8162-9222d89ebf71 req-099d1c5b-cea0-4a45-8162-9222d89ebf71 ] Request (ServerRescueTestJSON:setUpClass): 200 GET http://10.180.1.21/compute/v2.1/servers/da9b79a4-5017-469d-bdc0-6d6bc49c7507 0.307s
2025-05-14 08:20:36.940 70979 INFO tempest.common.waiters [-] State transition "BUILD/networking" ==> "BUILD/block_device_mapping" after 55 second wait
2025-05-14 08:20:36.983 71001 INFO tempest.lib.common.rest_client [req-d219dfc5-2e82-4819-a344-757a27587694 req-d219dfc5-2e82-4819-a344-757a27587694 ] Request (AttachInterfacesTestJSON:_run_cleanups): 200 GET http://10.180.1.21/compute/v2.1/servers/fd984f45-140c-49da-be4d-fda8e1ef9e2a 0.265s
2025-05-14 08:20:36.990 71001 INFO tempest.common.waiters [-] State transition "ACTIVE/deleting" ==> "DELETED/None" after 4 second wait
2025-05-14 08:20:36.993 70985 INFO tempest.lib.common.rest_client [req-b3c61e6d-6d74-4d24-9843-9c02e0e5ed56 req-b3c61e6d-6d74-4d24-9843-9c02e0e5ed56 ] Request (ServerShowV257Test:test_rebuild_server): 200 GET http://10.180.1.21/compute/v2.1/servers/9d764c39-7d3e-4473-98e1-c33ce79cba1e 0.258s
2025-05-14 08:20:37.020 70969 INFO tempest.lib.common.rest_client [req-635d6be6-2c30-4480-94a9-5d240555cb96 req-635d6be6-2c30-4480-94a9-5d240555cb96 ] Request (ListImageFiltersTestJSON:setUpClass): 200 GET http://10.180.1.21/compute/v2.1/images/7db401d5-363c-4409-b8fd-0d6458562d76 0.244s
2025-05-14 08:20:37.049 70993 INFO tempest.lib.common.rest_client [req-894619a0-736c-42cf-90a7-72f2adfa266a req-894619a0-736c-42cf-90a7-72f2adfa266a ] Request (ServerActionsTestOtherB:setUpClass): 200 GET http://10.180.1.21/compute/v2.1/servers/3e11e849-1e5e-4b19-adc6-c5ede4e82c4f 0.256s
2025-05-14 08:20:37.077 70949 INFO tempest.lib.common.rest_client [req-ab060c3d-2c1d-413e-bb65-64a1ccdb2754 req-ab060c3d-2c1d-413e-bb65-64a1ccdb2754 ] Request (ServersAdminNegativeTestJSON:setUpClass): 200 GET http://10.180.1.21/compute/v2.1/servers/557df77b-d4f0-4160-9ccf-b041b5f0e902 0.232s
2025-05-14 08:20:37.132 70995 INFO tempest.lib.common.rest_client [req-c6546bb9-9a82-4936-91cc-3b395ba4456f req-c6546bb9-9a82-4936-91cc-3b395ba4456f ] Request (SecurityGroupsTestJSON:test_server_security_groups): 200 GET http://10.180.1.21/compute/v2.1/servers/289770ea-9d82-44e6-8938-d02978cd7080 0.187s
2025-05-14 08:20:37.182 70991 INFO tempest.lib.common.rest_client [req-524dc6bb-e4fe-4ee1-a020-98a48cf934f7 req-524dc6bb-e4fe-4ee1-a020-98a48cf934f7 ] Request (ImagesOneServerNegativeTestJSON:setUpClass): 200 GET http://10.180.1.21/compute/v2.1/servers/5ced4db8-4171-48b7-9b75-1224b29a7edb 0.286s
2025-05-14 08:20:37.190 70991 INFO tempest.common.waiters [-] State transition "BUILD/spawning" ==> "ACTIVE/None" after 63 second wait
2025-05-14 08:20:37.241 70983 INFO tempest.lib.common.rest_client [req-b1b41280-9a56-4963-8e5b-417b0859f951 req-b1b41280-9a56-4963-8e5b-417b0859f951 ] Request (AttachInterfacesV270Test:test_create_get_list_interfaces): 200 GET http://10.180.1.21/compute/v2.1/servers/227f368d-428b-44d6-8e88-cf29f616701d 0.288s
2025-05-14 08:20:37.241 70971 INFO tempest.lib.common.rest_client [req-d0218b1b-fbd1-406d-a711-159ca8dadcfd req-d0218b1b-fbd1-406d-a711-159ca8dadcfd ] Request (ImagesNegativeTestJSON:test_create_image_from_deleted_server): 200 GET http://10.180.1.21/compute/v2.1/servers/e149d1a1-3d4b-43a2-b23a-e62e820c6f23 0.232s
2025-05-14 08:20:37.296 70967 INFO tempest.lib.common.rest_client [req-6f9910f9-d0de-4624-be1f-a45c2ac7769d req-6f9910f9-d0de-4624-be1f-a45c2ac7769d ] Request (ImagesTestJSON:test_create_image_from_stopped_server): 200 GET http://10.180.1.21/compute/v2.1/servers/40a8e338-4099-4da8-b39a-0235c5e8d450 0.285s
2025-05-14 08:20:37.298 70955 INFO tempest.lib.common.rest_client [req-10d24498-8c1b-43ca-adfd-b930bd3dead6 req-10d24498-8c1b-43ca-adfd-b930bd3dead6 ] Request (ServerMetadataNegativeTestJSON:setUpClass): 200 GET http://10.180.1.21/compute/v2.1/servers/17f11b74-f8eb-4460-8d7c-1c42d249d5e2 0.228s
2025-05-14 08:20:37.350 70941 INFO tempest.lib.common.rest_client [req-5725ca87-dea1-4e0c-80b0-4ec830671ed6 req-5725ca87-dea1-4e0c-80b0-4ec830671ed6 ] Request (ServerAddressesNegativeTestJSON:setUpClass): 200 GET http://10.180.1.21/compute/v2.1/servers/ae524940-899d-4c4f-92a1-784ad0336b4e 0.232s
2025-05-14 08:20:37.411 70981 INFO tempest.lib.common.rest_client [req-7bd8d3e6-5fa3-44f8-b4ca-e326170410b4 req-7bd8d3e6-5fa3-44f8-b4ca-e326170410b4 ] Request (FloatingIPsAssociationNegativeTestJSON:setUpClass): 200 GET http://10.180.1.21/compute/v2.1/servers/2172d74f-9f45-48d4-b4e7-ce844f5ace4b 0.223s
2025-05-14 08:20:37.465 70965 INFO tempest.lib.common.rest_client [req-9770c6de-6b79-4086-aa84-a22036f80fd0 req-9770c6de-6b79-4086-aa84-a22036f80fd0 ] Request (MigrationsAdminTest:test_list_migrations_in_flavor_resize_situation): 200 GET http://10.180.1.21/compute/v2.1/servers/8322f8fc-34cb-4f84-92c1-9ce169608d63 0.312s
2025-05-14 08:20:37.538 70987 INFO tempest.lib.common.rest_client [req-307ad9c1-d4bc-41d5-b002-b7953383c074 req-307ad9c1-d4bc-41d5-b002-b7953383c074 ] Request (ServersAdmin275Test:tearDownClass): 200 GET http://10.180.1.21/compute/v2.1/servers/512a48da-29e8-41ca-bace-313966e1abe9 0.297s
2025-05-14 08:20:37.551 70991 INFO tempest.lib.common.rest_client [req-0c3b68e6-35fe-43bf-b9dd-6644e033dcf1 req-0c3b68e6-35fe-43bf-b9dd-6644e033dcf1 ] Request (ImagesOneServerNegativeTestJSON:setUp): 200 GET http://10.180.1.21/compute/v2.1/servers/5ced4db8-4171-48b7-9b75-1224b29a7edb 0.360s
2025-05-14 08:20:37.587 70947 INFO tempest.lib.common.rest_client [req-ae7cc11a-c95a-4769-8645-2ff535f345c8 req-ae7cc11a-c95a-4769-8645-2ff535f345c8 ] Request (ServersAdminTestJSON:test_create_server_with_scheduling_hint): 200 GET http://10.180.1.21/compute/v2.1/servers/2b16e560-e5d4-4e16-8129-01ff5d1e5c33 0.322s
2025-05-14 08:20:37.612 70959 INFO tempest.lib.common.rest_client [req-7788ea92-7773-443c-9a8f-8d258a12c32a req-7788ea92-7773-443c-9a8f-8d258a12c32a ] Request (DeleteServersAdminTestJSON:test_delete_server_while_in_error_state): 200 GET http://10.180.1.21/compute/v2.1/servers/073eaf30-1b21-43a7-a020-0fe9508db118 0.272s
2025-05-14 08:20:37.677 70977 INFO tempest.lib.common.rest_client [req-f101f8a7-7774-4683-9e8b-45533550ff3d req-f101f8a7-7774-4683-9e8b-45533550ff3d ] Request (InstanceActionsV221TestJSON:test_get_list_deleted_instance_actions): 200 GET http://10.180.1.21/compute/v2.1/servers/4bf50c51-dfc7-43bb-b79a-374d8c4954e8 0.149s
2025-05-14 08:20:37.684 70991 INFO tempest.lib.common.rest_client [req-0fc46026-9220-497d-8718-8c04db6e7150 req-0fc46026-9220-497d-8718-8c04db6e7150 ] Request (ImagesOneServerNegativeTestJSON:test_create_image_specify_invalid_metadata): 400 POST http://10.180.1.21/compute/v2.1/servers/5ced4db8-4171-48b7-9b75-1224b29a7edb/action 0.123s
2025-05-14 08:20:37.690 70957 INFO tempest.lib.common.rest_client [req-053b9414-ee12-4e3f-89a4-25a046aa9c40 req-053b9414-ee12-4e3f-89a4-25a046aa9c40 ] Request (ServersTestJSON:setUpClass): 200 GET http://10.180.1.21/compute/v2.1/servers/a86261da-ce37-4d63-a080-e84983e142b7 0.227s
2025-05-14 08:20:37.751 70951 INFO tempest.lib.common.rest_client [req-32880fa7-05c0-47d7-9cc0-ecb4d573d8fc req-32880fa7-05c0-47d7-9cc0-ecb4d573d8fc ] Request (FloatingIPsAssociationTestJSON:tearDownClass): 200 GET http://10.180.1.21/compute/v2.1/servers/ce7c25a7-b051-4e15-9ca6-d7d7fad7405a 0.148s
2025-05-14 08:20:37.761 70989 INFO tempest.lib.common.rest_client [req-f9f971cd-7136-443e-bdcf-ad492ec2a7a2 req-f9f971cd-7136-443e-bdcf-ad492ec2a7a2 ] Request (ImagesOneServerTestJSON:tearDownClass): 200 GET http://10.180.1.21/compute/v2.1/servers/24857109-7a24-4b4b-ad4b-9512a6c23d5d 0.157s
2025-05-14 08:20:37.828 70999 INFO tempest.lib.common.rest_client [req-77ec7aff-48cd-4d59-ae26-3194f2141c6f req-77ec7aff-48cd-4d59-ae26-3194f2141c6f ] Request (ServersListShow298Test:test_list_show_update_rebuild_server_298): 200 GET http://10.180.1.21/compute/v2.1/servers/ba429fba-1128-4002-96bf-50a463bad12b 0.144s
2025-05-14 08:20:37.868 70991 INFO tempest.lib.common.rest_client [req-ed9bebef-02a4-4269-a66a-4e254c0fe0e9 req-ed9bebef-02a4-4269-a66a-4e254c0fe0e9 ] Request (ImagesOneServerNegativeTestJSON:tearDown): 200 GET http://10.180.1.21/compute/v2.1/servers/5ced4db8-4171-48b7-9b75-1224b29a7edb 0.184s
2025-05-14 08:20:37.875 70945 INFO tempest.lib.common.rest_client [req-e74ce05e-3c81-44bb-867d-fe4630fdac35 req-e74ce05e-3c81-44bb-867d-fe4630fdac35 ] Request (ServersTestManualDisk:setUpClass): 200 GET http://10.180.1.21/compute/v2.1/servers/90c73ad4-26f8-4bb9-80cc-5c6d1c26b941 0.126s
2025-05-14 08:20:37.928 70943 INFO tempest.lib.common.rest_client [req-851b1e62-dffd-417b-8c12-be9978ce3ccc req-851b1e62-dffd-417b-8c12-be9978ce3ccc ] Request (ListServersNegativeTestJSON:setUpClass): 200 GET http://10.180.1.21/compute/v2.1/servers/73c2574a-9ebe-4561-ab98-8c26306c70f9 0.136s
2025-05-14 08:20:37.935 70943 INFO tempest.common.waiters [-] State transition "ACTIVE/deleting" ==> "DELETED/None" after 4 second wait
2025-05-14 08:20:37.938 71003 INFO tempest.lib.common.rest_client [req-8eb87f45-c6f5-46b9-9b77-7a2935763edd req-8eb87f45-c6f5-46b9-9b77-7a2935763edd ] Request (ServerDiagnosticsNegativeTest:test_get_server_diagnostics_by_non_admin): 200 GET http://10.180.1.21/compute/v2.1/servers/ff0824a7-e7b4-46a9-8474-0b9e1d57aa79 0.131s
2025-05-14 08:20:37.977 70962 INFO tempest.lib.common.rest_client [req-4c0c0214-522d-41d6-98d6-7e9fa92fa061 req-4c0c0214-522d-41d6-98d6-7e9fa92fa061 ] Request (ServerGroupTestJSON:test_create_server_with_scheduler_hint_group): 200 GET http://10.180.1.21/compute/v2.1/servers/b7de3584-9304-4363-adb5-ecf99a60bdb3 0.114s
2025-05-14 08:20:38.026 70973 INFO tempest.lib.common.rest_client [req-75795578-ea41-4955-b67b-367929e4bbaa req-75795578-ea41-4955-b67b-367929e4bbaa ] Request (DeleteServersTestJSON:test_delete_server_while_in_attached_volume): 200 GET http://10.180.1.21/compute/v2.1/servers/1677457a-9ddd-4ad7-8919-1c2154cbc969 0.109s
2025-05-14 08:20:38.069 70991 INFO tempest.lib.common.rest_client [req-201a1ec8-0c61-4a2b-a5bf-3c7da1e22950 req-201a1ec8-0c61-4a2b-a5bf-3c7da1e22950 ] Request (ImagesOneServerNegativeTestJSON:setUp): 200 GET http://10.180.1.21/compute/v2.1/servers/5ced4db8-4171-48b7-9b75-1224b29a7edb 0.192s
2025-05-14 08:20:38.126 70979 INFO tempest.lib.common.rest_client [req-9f938bd0-3445-47e1-8c19-a62d1305872f req-9f938bd0-3445-47e1-8c19-a62d1305872f ] Request (ServerRescueTestJSON:setUpClass): 200 GET http://10.180.1.21/compute/v2.1/servers/da9b79a4-5017-469d-bdc0-6d6bc49c7507 0.184s
2025-05-14 08:20:38.136 70979 INFO tempest.common.waiters [-] State transition "BUILD/block_device_mapping" ==> "BUILD/spawning" after 57 second wait
2025-05-14 08:20:38.137 71001 INFO tempest.lib.common.rest_client [req-d8a0b0a9-1629-483d-ae2a-e761b084a47d req-d8a0b0a9-1629-483d-ae2a-e761b084a47d ] Request (AttachInterfacesTestJSON:_run_cleanups): 200 GET http://10.180.1.21/compute/v2.1/servers/fd984f45-140c-49da-be4d-fda8e1ef9e2a 0.145s
2025-05-14 08:20:38.169 70969 INFO tempest.lib.common.rest_client [req-48eb9ba4-66a5-4180-ac99-9dc76eb092fa req-48eb9ba4-66a5-4180-ac99-9dc76eb092fa ] Request (ListImageFiltersTestJSON:setUpClass): 200 GET http://10.180.1.21/compute/v2.1/images/7db401d5-363c-4409-b8fd-0d6458562d76 0.145s
2025-05-14 08:20:38.180 70985 INFO tempest.lib.common.rest_client [req-8d82275d-da79-4eb6-b2ad-6706a9a084b5 req-8d82275d-da79-4eb6-b2ad-6706a9a084b5 ] Request (ServerShowV257Test:test_rebuild_server): 200 GET http://10.180.1.21/compute/v2.1/servers/9d764c39-7d3e-4473-98e1-c33ce79cba1e 0.176s
2025-05-14 08:20:38.184 70991 INFO tempest.lib.common.rest_client [req-0040c3b0-c7da-467d-862d-d41a7b028fc0 req-0040c3b0-c7da-467d-862d-d41a7b028fc0 ] Request (ImagesOneServerNegativeTestJSON:test_create_image_specify_metadata_over_limits): 400 POST http://10.180.1.21/compute/v2.1/servers/5ced4db8-4171-48b7-9b75-1224b29a7edb/action 0.108s
2025-05-14 08:20:38.230 70993 INFO tempest.lib.common.rest_client [req-ac864c12-af82-40dc-9f10-2ab6e792ad09 req-ac864c12-af82-40dc-9f10-2ab6e792ad09 ] Request (ServerActionsTestOtherB:setUpClass): 200 GET http://10.180.1.21/compute/v2.1/servers/3e11e849-1e5e-4b19-adc6-c5ede4e82c4f 0.170s
2025-05-14 08:20:38.254 70949 INFO tempest.lib.common.rest_client [req-9617d904-59b4-4f42-a746-aa7b2d43cb84 req-9617d904-59b4-4f42-a746-aa7b2d43cb84 ] Request (ServersAdminNegativeTestJSON:setUpClass): 200 GET http://10.180.1.21/compute/v2.1/servers/557df77b-d4f0-4160-9ccf-b041b5f0e902 0.168s
2025-05-14 08:20:38.281 70995 INFO tempest.lib.common.rest_client [req-8361a58e-27da-448c-9c85-532ce066579b req-8361a58e-27da-448c-9c85-532ce066579b ] Request (SecurityGroupsTestJSON:test_server_security_groups): 200 GET http://10.180.1.21/compute/v2.1/servers/289770ea-9d82-44e6-8938-d02978cd7080 0.140s
2025-05-14 08:20:38.359 70971 INFO tempest.lib.common.rest_client [req-858ea04e-d08f-473b-ab23-cb58ced162c6 req-858ea04e-d08f-473b-ab23-cb58ced162c6 ] Request (ImagesNegativeTestJSON:test_create_image_from_deleted_server): 200 GET http://10.180.1.21/compute/v2.1/servers/e149d1a1-3d4b-43a2-b23a-e62e820c6f23 0.109s
2025-05-14 08:20:38.373 70991 INFO tempest.lib.common.rest_client [req-9a63e87e-d245-4f86-8493-63a693ecc8a5 req-9a63e87e-d245-4f86-8493-63a693ecc8a5 ] Request (ImagesOneServerNegativeTestJSON:tearDown): 200 GET http://10.180.1.21/compute/v2.1/servers/5ced4db8-4171-48b7-9b75-1224b29a7edb 0.188s
2025-05-14 08:20:38.454 70967 INFO tempest.lib.common.rest_client [req-2eaabe4e-6658-4b2a-a86d-e236522752a1 req-2eaabe4e-6658-4b2a-a86d-e236522752a1 ] Request (ImagesTestJSON:test_create_image_from_stopped_server): 200 GET http://10.180.1.21/compute/v2.1/servers/40a8e338-4099-4da8-b39a-0235c5e8d450 0.149s
2025-05-14 08:20:38.503 70983 INFO tempest.lib.common.rest_client [req-489030dd-a106-4ade-a353-88d9fc253e3d req-489030dd-a106-4ade-a353-88d9fc253e3d ] Request (AttachInterfacesV270Test:test_create_get_list_interfaces): 200 GET http://10.180.1.21/compute/v2.1/servers/227f368d-428b-44d6-8e88-cf29f616701d 0.251s
2025-05-14 08:20:38.507 70955 INFO tempest.lib.common.rest_client [req-16fb6494-2bde-4cf0-8e5c-18719c6e90b4 req-16fb6494-2bde-4cf0-8e5c-18719c6e90b4 ] Request (ServerMetadataNegativeTestJSON:setUpClass): 200 GET http://10.180.1.21/compute/v2.1/servers/17f11b74-f8eb-4460-8d7c-1c42d249d5e2 0.200s
2025-05-14 08:20:38.566 70941 INFO tempest.lib.common.rest_client [req-880476e1-6875-4973-bccc-3da9b1dbd2d8 req-880476e1-6875-4973-bccc-3da9b1dbd2d8 ] Request (ServerAddressesNegativeTestJSON:setUpClass): 200 GET http://10.180.1.21/compute/v2.1/servers/ae524940-899d-4c4f-92a1-784ad0336b4e 0.207s
2025-05-14 08:20:38.602 70991 INFO tempest.lib.common.rest_client [req-47e3b20d-2b34-4b7b-8889-e89b1ee4d4ee req-47e3b20d-2b34-4b7b-8889-e89b1ee4d4ee ] Request (ImagesOneServerNegativeTestJSON:setUp): 200 GET http://10.180.1.21/compute/v2.1/servers/5ced4db8-4171-48b7-9b75-1224b29a7edb 0.220s
2025-05-14 08:20:38.620 70981 INFO tempest.lib.common.rest_client [req-7fbcdabf-e92a-401f-986e-baa11462ad62 req-7fbcdabf-e92a-401f-986e-baa11462ad62 ] Request (FloatingIPsAssociationNegativeTestJSON:setUpClass): 200 GET http://10.180.1.21/compute/v2.1/servers/2172d74f-9f45-48d4-b4e7-ce844f5ace4b 0.200s
2025-05-14 08:20:38.679 70987 INFO tempest.lib.common.rest_client [req-dea9a03f-5f1e-4eb4-8a56-878c834af277 req-dea9a03f-5f1e-4eb4-8a56-878c834af277 ] Request (ServersAdmin275Test:tearDownClass): 200 GET http://10.180.1.21/compute/v2.1/servers/512a48da-29e8-41ca-bace-313966e1abe9 0.125s
2025-05-14 08:20:38.691 70965 INFO tempest.lib.common.rest_client [req-f35f0f34-6227-4a88-95f6-e74916f2e83d req-f35f0f34-6227-4a88-95f6-e74916f2e83d ] Request (MigrationsAdminTest:test_list_migrations_in_flavor_resize_situation): 200 GET http://10.180.1.21/compute/v2.1/servers/8322f8fc-34cb-4f84-92c1-9ce169608d63 0.214s
2025-05-14 08:20:38.695 70991 INFO tempest.lib.common.rest_client [req-dc6b514a-f608-41a3-b448-a5fad6f581b0 req-dc6b514a-f608-41a3-b448-a5fad6f581b0 ] Request (ImagesOneServerNegativeTestJSON:test_create_image_specify_name_over_character_limit): 400 POST http://10.180.1.21/compute/v2.1/servers/5ced4db8-4171-48b7-9b75-1224b29a7edb/action 0.085s
2025-05-14 08:20:38.725 70947 INFO tempest.lib.common.rest_client [req-5422426c-c2bf-4711-896a-3a455d064a20 req-5422426c-c2bf-4711-896a-3a455d064a20 ] Request (ServersAdminTestJSON:test_create_server_with_scheduling_hint): 200 GET http://10.180.1.21/compute/v2.1/servers/2b16e560-e5d4-4e16-8129-01ff5d1e5c33 0.129s
2025-05-14 08:20:38.749 70959 INFO tempest.lib.common.rest_client [req-2ae746a4-341b-4e66-a918-d11335c43aa4 req-2ae746a4-341b-4e66-a918-d11335c43aa4 ] Request (DeleteServersAdminTestJSON:test_delete_server_while_in_error_state): 200 GET http://10.180.1.21/compute/v2.1/servers/073eaf30-1b21-43a7-a020-0fe9508db118 0.128s
2025-05-14 08:20:38.773 70977 INFO tempest.lib.common.rest_client [req-df4ca919-6b8e-49ff-b831-b610ef620760 req-df4ca919-6b8e-49ff-b831-b610ef620760 ] Request (InstanceActionsV221TestJSON:test_get_list_deleted_instance_actions): 200 GET http://10.180.1.21/compute/v2.1/servers/4bf50c51-dfc7-43bb-b79a-374d8c4954e8 0.085s
2025-05-14 08:20:38.839 70991 INFO tempest.lib.common.rest_client [req-1392972e-72a2-445d-a390-24fb9484ade4 req-1392972e-72a2-445d-a390-24fb9484ade4 ] Request (ImagesOneServerNegativeTestJSON:tearDown): 200 GET http://10.180.1.21/compute/v2.1/servers/5ced4db8-4171-48b7-9b75-1224b29a7edb 0.143s
2025-05-14 08:20:38.860 70957 INFO tempest.lib.common.rest_client [req-924357e4-dec5-4042-b64f-cae009dd3834 req-924357e4-dec5-4042-b64f-cae009dd3834 ] Request (ServersTestJSON:setUpClass): 200 GET http://10.180.1.21/compute/v2.1/servers/a86261da-ce37-4d63-a080-e84983e142b7 0.161s
2025-05-14 08:20:38.868 70957 INFO tempest.common.waiters [-] State transition "BUILD/spawning" ==> "ACTIVE/None" after 61 second wait
2025-05-14 08:20:38.893 70951 INFO tempest.lib.common.rest_client [req-20eec479-fb59-4dd7-a9f2-f8537a301a88 req-20eec479-fb59-4dd7-a9f2-f8537a301a88 ] Request (FloatingIPsAssociationTestJSON:tearDownClass): 200 GET http://10.180.1.21/compute/v2.1/servers/ce7c25a7-b051-4e15-9ca6-d7d7fad7405a 0.134s
2025-05-14 08:20:38.916 70989 INFO tempest.lib.common.rest_client [req-dc132e94-d2b0-49c0-9162-a254df5e28dd req-dc132e94-d2b0-49c0-9162-a254df5e28dd ] Request (ImagesOneServerTestJSON:tearDownClass): 200 GET http://10.180.1.21/compute/v2.1/servers/24857109-7a24-4b4b-ad4b-9512a6c23d5d 0.146s
2025-05-14 08:20:38.954 70999 INFO tempest.lib.common.rest_client [req-21eb2ec3-449e-4bb3-9c99-4b6e6f0548db req-21eb2ec3-449e-4bb3-9c99-4b6e6f0548db ] Request (ServersListShow298Test:test_list_show_update_rebuild_server_298): 200 GET http://10.180.1.21/compute/v2.1/servers/ba429fba-1128-4002-96bf-50a463bad12b 0.115s
2025-05-14 08:20:39.005 70991 INFO tempest.lib.common.rest_client [req-ed4a169d-5be2-4568-ac48-3927f2607c20 req-ed4a169d-5be2-4568-ac48-3927f2607c20 ] Request (ImagesOneServerNegativeTestJSON:setUp): 200 GET http://10.180.1.21/compute/v2.1/servers/5ced4db8-4171-48b7-9b75-1224b29a7edb 0.157s
2025-05-14 08:20:39.012 70957 INFO tempest.lib.common.rest_client [req-2b2ed029-00d2-4a3b-bf9c-65c0c0aaad00 req-2b2ed029-00d2-4a3b-bf9c-65c0c0aaad00 ] Request (ServersTestJSON:setUpClass): 200 GET http://10.180.1.21/compute/v2.1/servers/a86261da-ce37-4d63-a080-e84983e142b7/os-interface 0.144s
2025-05-14 08:20:39.058 70945 INFO tempest.lib.common.rest_client [req-dd1c82b6-f87c-4312-9973-295de25555ba req-dd1c82b6-f87c-4312-9973-295de25555ba ] Request (ServersTestManualDisk:setUpClass): 200 GET http://10.180.1.21/compute/v2.1/servers/90c73ad4-26f8-4bb9-80cc-5c6d1c26b941 0.174s
2025-05-14 08:20:39.080 70943 INFO tempest.lib.common.rest_client [req-b930fc4d-69e4-4e2f-a41b-81adafffd6e6 req-b930fc4d-69e4-4e2f-a41b-81adafffd6e6 ] Request (ListServersNegativeTestJSON:setUpClass): 200 GET http://10.180.1.21/compute/v2.1/servers/73c2574a-9ebe-4561-ab98-8c26306c70f9 0.143s
2025-05-14 08:20:39.122 71003 INFO tempest.lib.common.rest_client [req-84ba3ee5-f60b-4e8b-b142-ca34f9bc97f9 req-84ba3ee5-f60b-4e8b-b142-ca34f9bc97f9 ] Request (ServerDiagnosticsNegativeTest:test_get_server_diagnostics_by_non_admin): 200 GET http://10.180.1.21/compute/v2.1/servers/ff0824a7-e7b4-46a9-8474-0b9e1d57aa79 0.176s
2025-05-14 08:20:39.144 70962 INFO tempest.lib.common.rest_client [req-0ac81644-065a-4a3f-aba6-274e6b0d138a req-0ac81644-065a-4a3f-aba6-274e6b0d138a ] Request (ServerGroupTestJSON:test_create_server_with_scheduler_hint_group): 200 GET http://10.180.1.21/compute/v2.1/servers/b7de3584-9304-4363-adb5-ecf99a60bdb3 0.159s
2025-05-14 08:20:39.152 70962 INFO tempest.common.waiters [-] State transition "BUILD/scheduling" ==> "BUILD/None" after 46 second wait
2025-05-14 08:20:39.194 70973 INFO tempest.lib.common.rest_client [req-668e803d-1f31-4d7c-b363-dd15685668da req-668e803d-1f31-4d7c-b363-dd15685668da ] Request (DeleteServersTestJSON:test_delete_server_while_in_attached_volume): 200 GET http://10.180.1.21/compute/v2.1/servers/1677457a-9ddd-4ad7-8919-1c2154cbc969 0.161s
2025-05-14 08:20:39.226 70953 INFO paramiko.transport [-] Connected (version 2.0, client dropbear_2020.81)
2025-05-14 08:20:39.305 70979 INFO tempest.lib.common.rest_client [req-07a41fb3-ddaa-40c0-86a2-7df66e0381e7 req-07a41fb3-ddaa-40c0-86a2-7df66e0381e7 ] Request (ServerRescueTestJSON:setUpClass): 200 GET http://10.180.1.21/compute/v2.1/servers/da9b79a4-5017-469d-bdc0-6d6bc49c7507 0.167s
2025-05-14 08:20:39.334 70953 INFO paramiko.transport [-] Authentication (publickey) successful!
2025-05-14 08:20:39.335 70953 INFO tempest.lib.common.ssh [-] ssh connection to cirros@10.180.180.212 successfully created
2025-05-14 08:20:39.374 71001 INFO tempest.lib.common.rest_client [req-03141103-ba02-4b4f-9cd9-8f10a14c85f9 req-03141103-ba02-4b4f-9cd9-8f10a14c85f9 ] Request (AttachInterfacesTestJSON:_run_cleanups): 200 GET http://10.180.1.21/compute/v2.1/servers/fd984f45-140c-49da-be4d-fda8e1ef9e2a 0.230s
2025-05-14 08:20:39.622 70969 INFO tempest.lib.common.rest_client [req-cd423584-b997-4480-9434-5ea40291bafe req-cd423584-b997-4480-9434-5ea40291bafe ] Request (ListImageFiltersTestJSON:setUpClass): 200 GET http://10.180.1.21/compute/v2.1/images/7db401d5-363c-4409-b8fd-0d6458562d76 0.447s
2025-05-14 08:20:39.659 70991 INFO tempest.lib.common.rest_client [req-9992ac02-04f9-45bf-8d9b-2635f2c851b4 req-9992ac02-04f9-45bf-8d9b-2635f2c851b4 ] Request (ImagesOneServerNegativeTestJSON:test_create_second_image_when_first_image_is_being_saved): 202 POST http://10.180.1.21/compute/v2.1/servers/5ced4db8-4171-48b7-9b75-1224b29a7edb/action 0.645s
2025-05-14 08:20:39.709 70985 INFO tempest.lib.common.rest_client [req-414b540a-81fd-4281-ad59-4c36493ed006 req-414b540a-81fd-4281-ad59-4c36493ed006 ] Request (ServerShowV257Test:test_rebuild_server): 200 GET http://10.180.1.21/compute/v2.1/servers/9d764c39-7d3e-4473-98e1-c33ce79cba1e 0.512s
2025-05-14 08:20:39.721 70985 INFO tempest.common.waiters [-] State transition "BUILD/None" ==> "BUILD/block_device_mapping" after 58 second wait
2025-05-14 08:20:39.765 70949 INFO tempest.lib.common.rest_client [req-433c25c7-db60-45a3-9566-e0d9dfa4fc68 req-433c25c7-db60-45a3-9566-e0d9dfa4fc68 ] Request (ServersAdminNegativeTestJSON:setUpClass): 200 GET http://10.180.1.21/compute/v2.1/servers/557df77b-d4f0-4160-9ccf-b041b5f0e902 0.500s
2025-05-14 08:20:39.821 70995 INFO tempest.lib.common.rest_client [req-6bb3785b-3a53-4e68-9959-af87b9530159 req-6bb3785b-3a53-4e68-9959-af87b9530159 ] Request (SecurityGroupsTestJSON:test_server_security_groups): 200 GET http://10.180.1.21/compute/v2.1/servers/289770ea-9d82-44e6-8938-d02978cd7080 0.532s
2025-05-14 08:20:39.855 70993 INFO tempest.lib.common.rest_client [req-ec58b091-693f-4dde-b7c5-6a85d1225a60 req-ec58b091-693f-4dde-b7c5-6a85d1225a60 ] Request (ServerActionsTestOtherB:setUpClass): 200 GET http://10.180.1.21/compute/v2.1/servers/3e11e849-1e5e-4b19-adc6-c5ede4e82c4f 0.617s
2025-05-14 08:20:39.925 70971 INFO tempest.lib.common.rest_client [req-ca4acf82-1eb3-48d5-a15a-88b77b2e6819 req-ca4acf82-1eb3-48d5-a15a-88b77b2e6819 ] Request (ImagesNegativeTestJSON:test_create_image_from_deleted_server): 200 GET http://10.180.1.21/compute/v2.1/servers/e149d1a1-3d4b-43a2-b23a-e62e820c6f23 0.555s
2025-05-14 08:20:39.956 70957 INFO tempest.lib.common.rest_client [req-7f02e07a-9fa6-4f76-81b0-132996cd587b req-7f02e07a-9fa6-4f76-81b0-132996cd587b ] Request (ServersTestJSON:setUpClass): 200 PUT http://10.180.1.21:9696/networking/v2.0/floatingips/9070d1f2-6528-499a-a8c1-ce550268ac3e 0.941s
2025-05-14 08:20:39.996 70967 INFO tempest.lib.common.rest_client [req-7853db42-e468-4d25-ba7d-44595d414c73 req-7853db42-e468-4d25-ba7d-44595d414c73 ] Request (ImagesTestJSON:test_create_image_from_stopped_server): 200 GET http://10.180.1.21/compute/v2.1/servers/40a8e338-4099-4da8-b39a-0235c5e8d450 0.532s
2025-05-14 08:20:40.003 70975 WARNING tempest.lib.common.ssh [-] Failed to establish authenticated ssh connection to cirros@10.180.180.129 ([Errno None] Unable to connect to port 22 on 10.180.180.129). Number attempts: 7. Retry after 8 seconds.: paramiko.ssh_exception.NoValidConnectionsError: [Errno None] Unable to connect to port 22 on 10.180.180.129
2025-05-14 08:20:40.003 70967 INFO tempest.common.waiters [-] State transition "BUILD/scheduling" ==> "BUILD/None" after 45 second wait
2025-05-14 08:20:40.160 70983 INFO tempest.lib.common.rest_client [req-65975d9e-e12c-48d1-a5d6-b83bd375ff1e req-65975d9e-e12c-48d1-a5d6-b83bd375ff1e ] Request (AttachInterfacesV270Test:test_create_get_list_interfaces): 200 GET http://10.180.1.21/compute/v2.1/servers/227f368d-428b-44d6-8e88-cf29f616701d 0.647s
2025-05-14 08:20:40.219 70955 INFO tempest.lib.common.rest_client [req-4312f044-bdbf-4882-bfc6-c88c0721a416 req-4312f044-bdbf-4882-bfc6-c88c0721a416 ] Request (ServerMetadataNegativeTestJSON:setUpClass): 200 GET http://10.180.1.21/compute/v2.1/servers/17f11b74-f8eb-4460-8d7c-1c42d249d5e2 0.702s
2025-05-14 08:20:40.275 70941 INFO tempest.lib.common.rest_client [req-61f38505-869c-4c1f-9a60-f30e0df1a53d req-61f38505-869c-4c1f-9a60-f30e0df1a53d ] Request (ServerAddressesNegativeTestJSON:setUpClass): 200 GET http://10.180.1.21/compute/v2.1/servers/ae524940-899d-4c4f-92a1-784ad0336b4e 0.700s
2025-05-14 08:20:40.334 70981 INFO tempest.lib.common.rest_client [req-67889b75-c8e4-4dc6-a24a-9075602a5be3 req-67889b75-c8e4-4dc6-a24a-9075602a5be3 ] Request (FloatingIPsAssociationNegativeTestJSON:setUpClass): 200 GET http://10.180.1.21/compute/v2.1/servers/2172d74f-9f45-48d4-b4e7-ce844f5ace4b 0.705s
2025-05-14 08:20:40.367 70991 INFO tempest.lib.common.rest_client [req-f80d3968-44ba-4d51-bdb3-c3fce3977fc6 req-f80d3968-44ba-4d51-bdb3-c3fce3977fc6 ] Request (ImagesOneServerNegativeTestJSON:test_create_second_image_when_first_image_is_being_saved): 409 POST http://10.180.1.21/compute/v2.1/servers/5ced4db8-4171-48b7-9b75-1224b29a7edb/action 0.706s
2025-05-14 08:20:40.438 70987 INFO tempest.lib.common.rest_client [req-a3190cd5-6733-49c8-b434-ca9e4f4f20ba req-a3190cd5-6733-49c8-b434-ca9e4f4f20ba ] Request (ServersAdmin275Test:tearDownClass): 200 GET http://10.180.1.21/compute/v2.1/servers/512a48da-29e8-41ca-bace-313966e1abe9 0.746s
2025-05-14 08:20:40.583 70965 INFO tempest.lib.common.rest_client [req-158ed179-703c-45dd-865b-099fa26e6bc7 req-158ed179-703c-45dd-865b-099fa26e6bc7 ] Request (MigrationsAdminTest:test_list_migrations_in_flavor_resize_situation): 200 GET http://10.180.1.21/compute/v2.1/servers/8322f8fc-34cb-4f84-92c1-9ce169608d63 0.883s
2025-05-14 08:20:40.647 70947 INFO tempest.lib.common.rest_client [req-ce2d80a5-533c-42e1-a2bd-f6346aa0017e req-ce2d80a5-533c-42e1-a2bd-f6346aa0017e ] Request (ServersAdminTestJSON:test_create_server_with_scheduling_hint): 200 GET http://10.180.1.21/compute/v2.1/servers/2b16e560-e5d4-4e16-8129-01ff5d1e5c33 0.913s
2025-05-14 08:20:40.697 70959 INFO tempest.lib.common.rest_client [req-45342bed-40c1-4cab-b0d7-6f1e9174f56f req-45342bed-40c1-4cab-b0d7-6f1e9174f56f ] Request (DeleteServersAdminTestJSON:test_delete_server_while_in_error_state): 200 GET http://10.180.1.21/compute/v2.1/servers/073eaf30-1b21-43a7-a020-0fe9508db118 0.940s
2025-05-14 08:20:40.756 70977 INFO tempest.lib.common.rest_client [req-184b7c35-effc-44a9-8733-f6b5e7aaab8e req-184b7c35-effc-44a9-8733-f6b5e7aaab8e ] Request (InstanceActionsV221TestJSON:test_get_list_deleted_instance_actions): 200 GET http://10.180.1.21/compute/v2.1/servers/4bf50c51-dfc7-43bb-b79a-374d8c4954e8 0.973s
2025-05-14 08:20:40.835 70951 INFO tempest.lib.common.rest_client [req-9881fac6-9956-4c06-bc5d-b164e9eecae7 req-9881fac6-9956-4c06-bc5d-b164e9eecae7 ] Request (FloatingIPsAssociationTestJSON:tearDownClass): 200 GET http://10.180.1.21/compute/v2.1/servers/ce7c25a7-b051-4e15-9ca6-d7d7fad7405a 0.934s
2025-05-14 08:20:40.893 70989 INFO tempest.lib.common.rest_client [req-fa1c49c1-5674-4d78-8de3-cfd18a568409 req-fa1c49c1-5674-4d78-8de3-cfd18a568409 ] Request (ImagesOneServerTestJSON:tearDownClass): 200 GET http://10.180.1.21/compute/v2.1/servers/24857109-7a24-4b4b-ad4b-9512a6c23d5d 0.969s
2025-05-14 08:20:40.981 70957 INFO tempest.lib.common.rest_client [req-28981a8c-3369-40da-8f37-045df83d6c3a req-28981a8c-3369-40da-8f37-045df83d6c3a ] Request (ServersTestJSON:setUpClass): 200 GET http://10.180.1.21/compute/v2.1/servers/a86261da-ce37-4d63-a080-e84983e142b7 1.024s
2025-05-14 08:20:40.991 70957 INFO tempest.lib.common.ssh [-] Creating ssh connection to '10.180.180.174:22' as 'cirros' with public key authentication
2025-05-14 08:20:41.046 70999 INFO tempest.lib.common.rest_client [req-ddd3f170-ab35-4d61-93f9-ae6d20ad13d1 req-ddd3f170-ab35-4d61-93f9-ae6d20ad13d1 ] Request (ServersListShow298Test:test_list_show_update_rebuild_server_298): 200 GET http://10.180.1.21/compute/v2.1/servers/ba429fba-1128-4002-96bf-50a463bad12b 1.080s
2025-05-14 08:20:41.107 70945 INFO tempest.lib.common.rest_client [req-10d3ec80-9aea-4b62-a772-d5cfd5f187ac req-10d3ec80-9aea-4b62-a772-d5cfd5f187ac ] Request (ServersTestManualDisk:setUpClass): 200 GET http://10.180.1.21/compute/v2.1/servers/90c73ad4-26f8-4bb9-80cc-5c6d1c26b941 1.040s
2025-05-14 08:20:41.168 70943 INFO tempest.lib.common.rest_client [req-652552af-1246-4f04-9612-d1e617bbbd05 req-652552af-1246-4f04-9612-d1e617bbbd05 ] Request (ListServersNegativeTestJSON:setUpClass): 200 GET http://10.180.1.21/compute/v2.1/servers/73c2574a-9ebe-4561-ab98-8c26306c70f9 1.078s
2025-05-14 08:20:41.231 71003 INFO tempest.lib.common.rest_client [req-9ac58e89-fa94-4f3c-a2a4-13966fff89f7 req-9ac58e89-fa94-4f3c-a2a4-13966fff89f7 ] Request (ServerDiagnosticsNegativeTest:test_get_server_diagnostics_by_non_admin): 200 GET http://10.180.1.21/compute/v2.1/servers/ff0824a7-e7b4-46a9-8474-0b9e1d57aa79 1.100s
2025-05-14 08:20:41.298 70962 INFO tempest.lib.common.rest_client [req-09be1112-3879-4c4e-8b7d-0ada5af19825 req-09be1112-3879-4c4e-8b7d-0ada5af19825 ] Request (ServerGroupTestJSON:test_create_server_with_scheduler_hint_group): 200 GET http://10.180.1.21/compute/v2.1/servers/b7de3584-9304-4363-adb5-ecf99a60bdb3 1.144s
2025-05-14 08:20:41.357 70973 INFO tempest.lib.common.rest_client [req-3419843e-5277-4b69-ab8c-64124282df5b req-3419843e-5277-4b69-ab8c-64124282df5b ] Request (DeleteServersTestJSON:test_delete_server_while_in_attached_volume): 200 GET http://10.180.1.21/compute/v2.1/servers/1677457a-9ddd-4ad7-8919-1c2154cbc969 1.154s
2025-05-14 08:20:41.545 70953 INFO tempest.lib.common.rest_client [req-cd5b6d56-c6d2-406d-b30d-fef0d59f0dc4 req-cd5b6d56-c6d2-406d-b30d-fef0d59f0dc4 ] Request (VolumesAssistedSnapshotsTest:test_volume_assisted_snapshot_create_delete): 200 POST http://10.180.1.21/compute/v2.1/servers/10a5ff4b-5d67-4173-8378-a8cde0b80b6b/os-volume_attachments 2.209s
2025-05-14 08:20:41.589 70953 INFO tempest.lib.common.rest_client [req-ae9ac2f7-9bcf-444b-912d-c987d06e6c7e req-ae9ac2f7-9bcf-444b-912d-c987d06e6c7e ] Request (VolumesAssistedSnapshotsTest:test_volume_assisted_snapshot_create_delete): 200 GET http://10.180.1.21/volume/v3/volumes/d82a0991-cbbd-4e90-9bae-9b4bc043b3bf 0.043s
2025-05-14 08:20:41.630 70979 INFO tempest.lib.common.rest_client [req-fa8f9aae-da9b-4348-9027-cdc07615cad6 req-fa8f9aae-da9b-4348-9027-cdc07615cad6 ] Request (ServerRescueTestJSON:setUpClass): 200 GET http://10.180.1.21/compute/v2.1/servers/da9b79a4-5017-469d-bdc0-6d6bc49c7507 1.315s
2025-05-14 08:20:41.676 70991 INFO tempest.lib.common.rest_client [req-4a902e13-a0a0-46e9-8449-8b842a4a33a3 req-4a902e13-a0a0-46e9-8449-8b842a4a33a3 ] Request (ImagesOneServerNegativeTestJSON:test_create_second_image_when_first_image_is_being_saved): 204 DELETE http://10.180.1.21/compute/v2.1/images/5fd7b2d6-c5a7-43b4-9f59-ed47bf47298d 1.308s
2025-05-14 08:20:41.710 70969 INFO tempest.lib.common.rest_client [req-4c390af8-6451-4944-be0b-1455216738f5 req-4c390af8-6451-4944-be0b-1455216738f5 ] Request (ListImageFiltersTestJSON:setUpClass): 200 GET http://10.180.1.21/compute/v2.1/images/7db401d5-363c-4409-b8fd-0d6458562d76 1.081s
2025-05-14 08:20:41.719 71001 INFO tempest.lib.common.rest_client [req-10309ed0-fd9e-456a-828e-700ed6897834 req-10309ed0-fd9e-456a-828e-700ed6897834 ] Request (AttachInterfacesTestJSON:_run_cleanups): 200 GET http://10.180.1.21/compute/v2.1/servers/fd984f45-140c-49da-be4d-fda8e1ef9e2a 1.336s
2025-05-14 08:20:41.777 70985 INFO tempest.lib.common.rest_client [req-ad44bb9d-9a98-4b06-805e-8bcb1da7b4c7 req-ad44bb9d-9a98-4b06-805e-8bcb1da7b4c7 ] Request (ServerShowV257Test:test_rebuild_server): 200 GET http://10.180.1.21/compute/v2.1/servers/9d764c39-7d3e-4473-98e1-c33ce79cba1e 1.054s
2025-05-14 08:20:41.785 70949 INFO tempest.lib.common.rest_client [req-42b91829-6896-487e-88fd-1f5af78a51a6 req-42b91829-6896-487e-88fd-1f5af78a51a6 ] Request (ServersAdminNegativeTestJSON:setUpClass): 200 GET http://10.180.1.21/compute/v2.1/servers/557df77b-d4f0-4160-9ccf-b041b5f0e902 1.007s
2025-05-14 08:20:41.787 70985 INFO tempest.common.waiters [-] State transition "BUILD/block_device_mapping" ==> "BUILD/spawning" after 60 second wait
2025-05-14 08:20:41.829 70995 INFO tempest.lib.common.rest_client [req-c56939ab-66f4-4a6b-a90d-13cb48edd11f req-c56939ab-66f4-4a6b-a90d-13cb48edd11f ] Request (SecurityGroupsTestJSON:test_server_security_groups): 200 GET http://10.180.1.21/compute/v2.1/servers/289770ea-9d82-44e6-8938-d02978cd7080 0.998s
2025-05-14 08:20:41.842 70993 INFO tempest.lib.common.rest_client [req-b2f2e75d-ca8f-4ea9-a925-1c5d1e7fc8b3 req-b2f2e75d-ca8f-4ea9-a925-1c5d1e7fc8b3 ] Request (ServerActionsTestOtherB:setUpClass): 200 GET http://10.180.1.21/compute/v2.1/servers/3e11e849-1e5e-4b19-adc6-c5ede4e82c4f 0.977s
2025-05-14 08:20:41.895 70967 INFO tempest.lib.common.rest_client [req-b271d1f8-0880-46b2-b886-a2c1db49665f req-b271d1f8-0880-46b2-b886-a2c1db49665f ] Request (ImagesTestJSON:test_create_image_from_stopped_server): 200 GET http://10.180.1.21/compute/v2.1/servers/40a8e338-4099-4da8-b39a-0235c5e8d450 0.889s
2025-05-14 08:20:41.896 70971 INFO tempest.lib.common.rest_client [req-e08ef432-ca43-457d-bbbf-eee5377c5455 req-e08ef432-ca43-457d-bbbf-eee5377c5455 ] Request (ImagesNegativeTestJSON:test_create_image_from_deleted_server): 200 GET http://10.180.1.21/compute/v2.1/servers/e149d1a1-3d4b-43a2-b23a-e62e820c6f23 0.956s
2025-05-14 08:20:41.959 70955 INFO tempest.lib.common.rest_client [req-e89d185b-ab31-4912-b805-1d9e5531c4fb req-e89d185b-ab31-4912-b805-1d9e5531c4fb ] Request (ServerMetadataNegativeTestJSON:setUpClass): 200 GET http://10.180.1.21/compute/v2.1/servers/17f11b74-f8eb-4460-8d7c-1c42d249d5e2 0.731s
2025-05-14 08:20:42.024 70941 INFO tempest.lib.common.rest_client [req-5ef8cc45-7aa8-4353-83e8-e80df8a3633f req-5ef8cc45-7aa8-4353-83e8-e80df8a3633f ] Request (ServerAddressesNegativeTestJSON:setUpClass): 200 GET http://10.180.1.21/compute/v2.1/servers/ae524940-899d-4c4f-92a1-784ad0336b4e 0.740s
2025-05-14 08:20:42.041 70983 INFO tempest.lib.common.rest_client [req-358a6d1f-4495-42d0-8025-48812a6e569a req-358a6d1f-4495-42d0-8025-48812a6e569a ] Request (AttachInterfacesV270Test:test_create_get_list_interfaces): 200 GET http://10.180.1.21/compute/v2.1/servers/227f368d-428b-44d6-8e88-cf29f616701d 0.862s
2025-05-14 08:20:42.080 70981 INFO tempest.lib.common.rest_client [req-3b0af38a-85fb-4d61-8da6-ffd525f6d836 req-3b0af38a-85fb-4d61-8da6-ffd525f6d836 ] Request (FloatingIPsAssociationNegativeTestJSON:setUpClass): 200 GET http://10.180.1.21/compute/v2.1/servers/2172d74f-9f45-48d4-b4e7-ce844f5ace4b 0.737s
2025-05-14 08:20:42.126 70987 INFO tempest.lib.common.rest_client [req-f9b31a27-7727-4df1-b3a1-c469417d21e1 req-f9b31a27-7727-4df1-b3a1-c469417d21e1 ] Request (ServersAdmin275Test:tearDownClass): 200 GET http://10.180.1.21/compute/v2.1/servers/512a48da-29e8-41ca-bace-313966e1abe9 0.677s
2025-05-14 08:20:42.189 70947 INFO tempest.lib.common.rest_client [req-41c9b256-d422-423a-9aac-2a869687feb2 req-41c9b256-d422-423a-9aac-2a869687feb2 ] Request (ServersAdminTestJSON:test_create_server_with_scheduling_hint): 200 GET http://10.180.1.21/compute/v2.1/servers/2b16e560-e5d4-4e16-8129-01ff5d1e5c33 0.534s
2025-05-14 08:20:42.198 70965 INFO tempest.lib.common.rest_client [req-3c2d154c-6490-4e0e-bf17-9dc8299c2296 req-3c2d154c-6490-4e0e-bf17-9dc8299c2296 ] Request (MigrationsAdminTest:test_list_migrations_in_flavor_resize_situation): 200 GET http://10.180.1.21/compute/v2.1/servers/8322f8fc-34cb-4f84-92c1-9ce169608d63 0.605s
2025-05-14 08:20:42.258 70959 INFO tempest.lib.common.rest_client [req-30cfe613-195f-4bae-879b-dfbe8900403f req-30cfe613-195f-4bae-879b-dfbe8900403f ] Request (DeleteServersAdminTestJSON:test_delete_server_while_in_error_state): 200 GET http://10.180.1.21/compute/v2.1/servers/073eaf30-1b21-43a7-a020-0fe9508db118 0.553s
2025-05-14 08:20:42.338 70991 INFO tempest.lib.common.rest_client [req-12799904-e7fe-4f4d-baeb-c35623d6b1a1 req-12799904-e7fe-4f4d-baeb-c35623d6b1a1 ] Request (ImagesOneServerNegativeTestJSON:tearDown): 200 GET http://10.180.1.21/compute/v2.1/servers/5ced4db8-4171-48b7-9b75-1224b29a7edb 0.661s
2025-05-14 08:20:42.415 70951 INFO tempest.lib.common.rest_client [req-07f139c5-d042-4e3d-b316-18af6b75e5ba req-07f139c5-d042-4e3d-b316-18af6b75e5ba ] Request (FloatingIPsAssociationTestJSON:tearDownClass): 200 GET http://10.180.1.21/compute/v2.1/servers/ce7c25a7-b051-4e15-9ca6-d7d7fad7405a 0.572s
2025-05-14 08:20:42.433 70977 INFO tempest.lib.common.rest_client [req-0b03fcaa-336d-4d8b-abdb-96b5a15452cb req-0b03fcaa-336d-4d8b-abdb-96b5a15452cb ] Request (InstanceActionsV221TestJSON:test_get_list_deleted_instance_actions): 200 GET http://10.180.1.21/compute/v2.1/servers/4bf50c51-dfc7-43bb-b79a-374d8c4954e8 0.667s
2025-05-14 08:20:42.441 70977 INFO tempest.common.waiters [-] State transition "BUILD/None" ==> "BUILD/block_device_mapping" after 58 second wait
2025-05-14 08:20:42.486 70989 INFO tempest.lib.common.rest_client [req-53366b0c-37a2-44ff-88f4-198214115f4f req-53366b0c-37a2-44ff-88f4-198214115f4f ] Request (ImagesOneServerTestJSON:tearDownClass): 200 GET http://10.180.1.21/compute/v2.1/servers/24857109-7a24-4b4b-ad4b-9512a6c23d5d 0.585s
2025-05-14 08:20:42.496 70999 INFO tempest.lib.common.rest_client [req-67d917aa-e3fc-4232-bc13-a58f33db0ddd req-67d917aa-e3fc-4232-bc13-a58f33db0ddd ] Request (ServersListShow298Test:test_list_show_update_rebuild_server_298): 200 GET http://10.180.1.21/compute/v2.1/servers/ba429fba-1128-4002-96bf-50a463bad12b 0.438s
2025-05-14 08:20:42.552 70945 INFO tempest.lib.common.rest_client [req-7058883d-b7b2-4223-bc36-e633c0e86239 req-7058883d-b7b2-4223-bc36-e633c0e86239 ] Request (ServersTestManualDisk:setUpClass): 200 GET http://10.180.1.21/compute/v2.1/servers/90c73ad4-26f8-4bb9-80cc-5c6d1c26b941 0.437s
2025-05-14 08:20:42.580 70943 INFO tempest.lib.common.rest_client [req-0abcc151-0a50-4e2f-8978-ad5e3553fc10 req-0abcc151-0a50-4e2f-8978-ad5e3553fc10 ] Request (ListServersNegativeTestJSON:setUpClass): 200 GET http://10.180.1.21/compute/v2.1/servers/73c2574a-9ebe-4561-ab98-8c26306c70f9 0.403s
2025-05-14 08:20:42.606 71003 INFO tempest.lib.common.rest_client [req-bf60d2d3-11e4-47f3-9467-e20b659f9d39 req-bf60d2d3-11e4-47f3-9467-e20b659f9d39 ] Request (ServerDiagnosticsNegativeTest:test_get_server_diagnostics_by_non_admin): 200 GET http://10.180.1.21/compute/v2.1/servers/ff0824a7-e7b4-46a9-8474-0b9e1d57aa79 0.367s
2025-05-14 08:20:42.641 70953 INFO tempest.lib.common.rest_client [req-69792f9e-92b3-41c1-adfe-258f7bf3dbfe req-69792f9e-92b3-41c1-adfe-258f7bf3dbfe ] Request (VolumesAssistedSnapshotsTest:test_volume_assisted_snapshot_create_delete): 200 GET http://10.180.1.21/volume/v3/volumes/d82a0991-cbbd-4e90-9bae-9b4bc043b3bf 0.040s
2025-05-14 08:20:42.644 70962 INFO tempest.lib.common.rest_client [req-e66da4ec-ec16-48dc-82da-9b8bda492fde req-e66da4ec-ec16-48dc-82da-9b8bda492fde ] Request (ServerGroupTestJSON:test_create_server_with_scheduler_hint_group): 200 GET http://10.180.1.21/compute/v2.1/servers/b7de3584-9304-4363-adb5-ecf99a60bdb3 0.334s
2025-05-14 08:20:42.664 70973 INFO tempest.lib.common.rest_client [req-740069d2-cf2c-4dbd-a097-97e81e16f107 req-740069d2-cf2c-4dbd-a097-97e81e16f107 ] Request (DeleteServersTestJSON:test_delete_server_while_in_attached_volume): 200 GET http://10.180.1.21/compute/v2.1/servers/1677457a-9ddd-4ad7-8919-1c2154cbc969 0.298s
2025-05-14 08:20:42.760 70969 INFO tempest.lib.common.rest_client [req-9af83dbc-6e6f-4d7d-bbb3-0f744ad3f300 req-9af83dbc-6e6f-4d7d-bbb3-0f744ad3f300 ] Request (ListImageFiltersTestJSON:setUpClass): 200 GET http://10.180.1.21/compute/v2.1/images/7db401d5-363c-4409-b8fd-0d6458562d76 0.045s
