2025-05-14 08:21:13.191 70991 INFO tempest.lib.common.rest_client [req-37ba49e3-cc95-4ec2-bd34-8289cbf76876 req-37ba49e3-cc95-4ec2-bd34-8289cbf76876 ] Request (ImagesOneServerNegativeTestJSON:_run_cleanups): 200 GET http://10.180.1.21/compute/v2.1/servers/5ced4db8-4171-48b7-9b75-1224b29a7edb 0.106s
2025-05-14 08:21:13.203 70987 INFO tempest.lib.common.rest_client [req-97446ba2-7e74-47bf-b94d-b367dc0af138 req-97446ba2-7e74-47bf-b94d-b367dc0af138 ] Request (ServersAdmin275Test:tearDownClass): 200 GET http://10.180.1.21:9696/networking/v2.0/security-groups?tenant_id=6317dc2ae6254d6ca56d18e7e4c6402d&name=default 0.125s
2025-05-14 08:21:13.225 70989 INFO tempest.lib.common.rest_client [req-490231a7-950a-4610-a150-a6a836a07c29 req-490231a7-950a-4610-a150-a6a836a07c29 ] Request (ServerTagsTestJSON:setUpClass): 200 GET http://10.180.1.21/compute/v2.1/servers/93f539d3-de28-4247-b2c1-17488750aa8f 0.130s
2025-05-14 08:21:13.249 70995 INFO tempest.lib.common.rest_client [req-aae971b1-b2b5-4cb4-9b6c-cc67aef84e45 req-aae971b1-b2b5-4cb4-9b6c-cc67aef84e45 ] Request (SecurityGroupsTestJSON:test_server_security_groups): 200 GET http://10.180.1.21/compute/v2.1/servers/289770ea-9d82-44e6-8938-d02978cd7080 0.119s
2025-05-14 08:21:13.281 71001 INFO tempest.lib.common.rest_client [req-323cbbb4-3330-4521-b898-2c0c50b6c276 req-323cbbb4-3330-4521-b898-2c0c50b6c276 ] Request (AttachInterfacesTestJSON:_run_cleanups): 200 GET http://10.180.1.21/compute/v2.1/servers/fd984f45-140c-49da-be4d-fda8e1ef9e2a 0.127s
2025-05-14 08:21:13.297 70955 INFO tempest.lib.common.rest_client [req-bbdacffe-de67-422d-b85d-6fa2eb75306d req-bbdacffe-de67-422d-b85d-6fa2eb75306d ] Request (ServerMetadataNegativeTestJSON:setUpClass): 200 GET http://10.180.1.21/compute/v2.1/servers/17f11b74-f8eb-4460-8d7c-1c42d249d5e2 0.120s
2025-05-14 08:21:13.308 70987 INFO tempest.lib.common.rest_client [req-94681676-0bf0-4941-938c-43b7e3e04f54 req-94681676-0bf0-4941-938c-43b7e3e04f54 ] Request (ServersAdmin275Test:tearDownClass): 204 DELETE http://10.180.1.21:9696/networking/v2.0/security-groups/f24e5184-fa0b-41a3-83f7-0cd55035520b 0.104s
2025-05-14 08:21:13.337 70949 INFO tempest.lib.common.rest_client [req-0a52f358-fefe-40a5-b094-870b1d7220ec req-0a52f358-fefe-40a5-b094-870b1d7220ec ] Request (ServersAdminNegativeTestJSON:test_migrate_server_invalid_state): 200 GET http://10.180.1.21/compute/v2.1/servers/9db0aa8c-05ca-46d6-9c3f-6255606e97d3 0.135s
2025-05-14 08:21:13.376 70985 INFO tempest.lib.common.rest_client [req-b04c52ea-2e24-4f8f-85cb-1bc44efe0739 req-b04c52ea-2e24-4f8f-85cb-1bc44efe0739 ] Request (ServerShowV257Test:tearDownClass): 200 GET http://10.180.1.21/compute/v2.1/servers/9d764c39-7d3e-4473-98e1-c33ce79cba1e 0.123s
2025-05-14 08:21:13.389 70993 INFO tempest.lib.common.rest_client [req-7dae2de4-cbd8-45e9-a58f-05dad57496b1 req-7dae2de4-cbd8-45e9-a58f-05dad57496b1 ] Request (ServerActionsTestOtherB:setUpClass): 200 GET http://10.180.1.21/compute/v2.1/servers/3e11e849-1e5e-4b19-adc6-c5ede4e82c4f 0.115s
2025-05-14 08:21:13.404 70987 INFO tempest.lib.common.rest_client [req-a76c6f53-1b5f-4250-82ed-4598aaec32a3 req-a76c6f53-1b5f-4250-82ed-4598aaec32a3 ] Request (ServersAdmin275Test:tearDownClass): 204 DELETE http://10.180.1.21/identity/v3/projects/6317dc2ae6254d6ca56d18e7e4c6402d 0.096s
2025-05-14 08:21:13.429 70967 INFO tempest.lib.common.rest_client [req-7bacd40e-4c81-48bb-81d3-eb07651282e9 req-7bacd40e-4c81-48bb-81d3-eb07651282e9 ] Request (ImagesTestJSON:test_create_image_from_stopped_server): 200 GET http://10.180.1.21/compute/v2.1/servers/40a8e338-4099-4da8-b39a-0235c5e8d450 0.113s
2025-05-14 08:21:13.436 70981 INFO tempest.lib.common.rest_client [req-acfba21c-60cf-4c56-a3d1-d0f0c40c54cd req-acfba21c-60cf-4c56-a3d1-d0f0c40c54cd ] Request (FloatingIPsAssociationNegativeTestJSON:setUpClass): 200 GET http://10.180.1.21/compute/v2.1/servers/2172d74f-9f45-48d4-b4e7-ce844f5ace4b 0.083s
2025-05-14 08:21:13.468 70987 INFO tempest.lib.common.rest_client [req-da9f0d0e-698e-4365-ad1f-cd6f38231696 req-da9f0d0e-698e-4365-ad1f-cd6f38231696 ] Request (ServerShowV247Test:setUpClass): 201 POST http://10.180.1.21/identity/v3/auth/tokens 0.062s
2025-05-14 08:21:13.481 70947 INFO tempest.lib.common.rest_client [req-20d3d9db-3591-4e7c-8590-7489fd75acb2 req-20d3d9db-3591-4e7c-8590-7489fd75acb2 ] Request (ServersAdminTestJSON:test_create_server_with_scheduling_hint): 200 GET http://10.180.1.21/compute/v2.1/servers/2b16e560-e5d4-4e16-8129-01ff5d1e5c33 0.113s
2025-05-14 08:21:13.485 70979 INFO tempest.lib.common.rest_client [req-f8d81f72-6591-484c-aa90-b6f2033bb8e5 req-f8d81f72-6591-484c-aa90-b6f2033bb8e5 ] Request (ServerRescueTestJSON:test_rescue_unrescue_instance): 200 GET http://10.180.1.21/compute/v2.1/servers/3768ccae-b089-439c-943f-d54d10c245ad 0.088s
2025-05-14 08:21:13.503 70987 INFO tempest.lib.common.rest_client [req-e0411ca3-9f2c-48ee-b054-e1885d0cc55a req-e0411ca3-9f2c-48ee-b054-e1885d0cc55a ] Request (ServerShowV247Test:setUpClass): 201 POST http://10.180.1.21/identity/v3/auth/tokens 0.032s
2025-05-14 08:21:13.527 70987 INFO tempest.lib.common.rest_client [req-b416ec93-ff38-4292-a7e4-293533b3d505 req-b416ec93-ff38-4292-a7e4-293533b3d505 ] Request (ServerShowV247Test:setUpClass): 200 GET http://10.180.1.21/identity/v3/domains?name=Default 0.024s
2025-05-14 08:21:13.538 70941 INFO tempest.lib.common.rest_client [req-2641c3c5-edaf-479a-8445-012bdc0b4217 req-2641c3c5-edaf-479a-8445-012bdc0b4217 ] Request (ServerAddressesNegativeTestJSON:setUpClass): 200 GET http://10.180.1.21/compute/v2.1/servers/ae524940-899d-4c4f-92a1-784ad0336b4e 0.123s
2025-05-14 08:21:13.556 70987 INFO tempest.lib.common.rest_client [req-205d4aa2-68a6-429b-a8f4-86a3e8cf6c97 req-205d4aa2-68a6-429b-a8f4-86a3e8cf6c97 ] Request (ServerShowV247Test:setUpClass): 201 POST http://10.180.1.21/identity/v3/projects 0.029s
2025-05-14 08:21:13.608 70987 INFO tempest.lib.common.rest_client [req-853fd057-c5b4-4992-b6be-b2a50c4a711f req-853fd057-c5b4-4992-b6be-b2a50c4a711f ] Request (ServerShowV247Test:setUpClass): 201 POST http://10.180.1.21/identity/v3/users 0.051s
2025-05-14 08:21:13.609 70983 INFO tempest.lib.common.rest_client [req-9cc68569-a14c-4df2-af2e-ba57c96d80b4 req-9cc68569-a14c-4df2-af2e-ba57c96d80b4 ] Request (AttachInterfacesV270Test:tearDownClass): 200 GET http://10.180.1.21/compute/v2.1/servers/227f368d-428b-44d6-8e88-cf29f616701d 0.061s
2025-05-14 08:21:13.628 70987 INFO tempest.lib.common.rest_client [req-e0dcee38-71c2-4413-a253-23f9e2d3b581 req-e0dcee38-71c2-4413-a253-23f9e2d3b581 ] Request (ServerShowV247Test:setUpClass): 200 GET http://10.180.1.21/identity/v3/roles 0.020s
2025-05-14 08:21:13.654 70987 INFO tempest.lib.common.rest_client [req-907114b4-4119-4125-a0f1-92a02d47e9df req-907114b4-4119-4125-a0f1-92a02d47e9df ] Request (ServerShowV247Test:setUpClass): 204 PUT http://10.180.1.21/identity/v3/projects/0d30f8c001da4e2e9e8d032b6c8ca828/users/b9c63931d0a54f5283c05941749f6174/roles/e2f90c4ca61441c6a1cdc6aef53821c0 0.025s
2025-05-14 08:21:13.655 70987 INFO tempest.lib.common.dynamic_creds [-] Dynamic test user b9c63931d0a54f5283c05941749f6174 is created with scope project and roles: ['member']
2025-05-14 08:21:13.655 70987 INFO tempest.lib.common.dynamic_creds [-] Acquired dynamic creds: credentials: Credentials: {'domain_id': 'default', 'domain_name': 'Default', 'username': 'tempest-ServerShowV247Test-1362758217-project-member', 'project_domain_id': 'default', 'project_domain_name': 'Default', 'project_id': '0d30f8c001da4e2e9e8d032b6c8ca828', 'project_name': 'tempest-ServerShowV247Test-1362758217', 'tenant_id': '0d30f8c001da4e2e9e8d032b6c8ca828', 'tenant_name': 'tempest-ServerShowV247Test-1362758217', 'user_domain_id': 'default', 'user_domain_name': 'Default', 'user_id': 'b9c63931d0a54f5283c05941749f6174', 'system': None}, Network: None, Subnet: None, Router: None
2025-05-14 08:21:13.655 70987 INFO tempest.lib.common.dynamic_creds [-] Created isolated network resources for: credentials: Credentials: {'domain_id': 'default', 'domain_name': 'Default', 'username': 'tempest-ServerShowV247Test-1362758217-project-member', 'project_domain_id': 'default', 'project_domain_name': 'Default', 'project_id': '0d30f8c001da4e2e9e8d032b6c8ca828', 'project_name': 'tempest-ServerShowV247Test-1362758217', 'tenant_id': '0d30f8c001da4e2e9e8d032b6c8ca828', 'tenant_name': 'tempest-ServerShowV247Test-1362758217', 'user_domain_id': 'default', 'user_domain_name': 'Default', 'user_id': 'b9c63931d0a54f5283c05941749f6174', 'system': None}, Network: None, Subnet: None, Router: None
2025-05-14 08:21:13.705 70951 INFO tempest.lib.common.rest_client [req-6b26999a-562b-4f59-8166-edd0292a40d3 req-6b26999a-562b-4f59-8166-edd0292a40d3 ] Request (FloatingIPsAssociationTestJSON:tearDownClass): 200 GET http://10.180.1.21/compute/v2.1/servers/9fd729ba-094d-480c-9b90-23af25f98324 0.058s
2025-05-14 08:21:13.720 70987 INFO tempest.lib.common.rest_client [req-d12abf73-f16f-4d48-82e6-26f431cb96bd req-d12abf73-f16f-4d48-82e6-26f431cb96bd ] Request (ServerShowV247Test:setUpClass): 201 POST http://10.180.1.21/identity/v3/auth/tokens 0.062s
2025-05-14 08:21:13.760 70987 INFO tempest.lib.common.rest_client [req-4a6ded76-1d5f-45b5-a989-9d5b7db9d838 req-4a6ded76-1d5f-45b5-a989-9d5b7db9d838 ] Request (ServerShowV247Test:setUpClass): 200 GET http://10.180.1.21/identity/v3/projects/0d30f8c001da4e2e9e8d032b6c8ca828 0.039s
2025-05-14 08:21:13.761 70987 INFO tempest.lib.common.dynamic_creds [-] Using the existing project 0d30f8c001da4e2e9e8d032b6c8ca828 for scope project and roles: ['reader']
2025-05-14 08:21:13.786 70987 INFO tempest.lib.common.rest_client [req-5565f25e-3fe7-4d65-933c-b056df5e5e4e req-5565f25e-3fe7-4d65-933c-b056df5e5e4e ] Request (ServerShowV247Test:setUpClass): 201 POST http://10.180.1.21/identity/v3/users 0.024s
2025-05-14 08:21:13.810 70987 INFO tempest.lib.common.rest_client [req-f8d3f6f2-5810-4bb5-917d-e27559452fba req-f8d3f6f2-5810-4bb5-917d-e27559452fba ] Request (ServerShowV247Test:setUpClass): 200 GET http://10.180.1.21/identity/v3/roles 0.024s
2025-05-14 08:21:13.846 70987 INFO tempest.lib.common.rest_client [req-45c90b8d-86c5-4944-ae5d-d5d46546cad0 req-45c90b8d-86c5-4944-ae5d-d5d46546cad0 ] Request (ServerShowV247Test:setUpClass): 204 PUT http://10.180.1.21/identity/v3/projects/0d30f8c001da4e2e9e8d032b6c8ca828/users/b2f9d59a6d4d405d9f053a04220b7daa/roles/8348ee818b0b40ae9b6562da5cc9975b 0.035s
2025-05-14 08:21:13.847 70987 INFO tempest.lib.common.dynamic_creds [-] Dynamic test user b2f9d59a6d4d405d9f053a04220b7daa is created with scope project and roles: ['reader']
2025-05-14 08:21:13.847 70987 INFO tempest.lib.common.dynamic_creds [-] Acquired dynamic creds: credentials: Credentials: {'domain_id': 'default', 'domain_name': 'Default', 'username': 'tempest-ServerShowV247Test-1362758217-project-reader', 'project_domain_id': 'default', 'project_domain_name': 'Default', 'project_id': '0d30f8c001da4e2e9e8d032b6c8ca828', 'project_name': 'tempest-ServerShowV247Test-1362758217', 'tenant_id': '0d30f8c001da4e2e9e8d032b6c8ca828', 'tenant_name': 'tempest-ServerShowV247Test-1362758217', 'user_domain_id': 'default', 'user_domain_name': 'Default', 'user_id': 'b2f9d59a6d4d405d9f053a04220b7daa', 'system': None}, Network: None, Subnet: None, Router: None
2025-05-14 08:21:13.847 70987 INFO tempest.lib.common.dynamic_creds [-] Network resources are not created for requested scope: project and credentials: Credentials: {'domain_id': 'default', 'domain_name': 'Default', 'username': 'tempest-ServerShowV247Test-1362758217-project-reader', 'project_domain_id': 'default', 'project_domain_name': 'Default', 'project_id': '0d30f8c001da4e2e9e8d032b6c8ca828', 'project_name': 'tempest-ServerShowV247Test-1362758217', 'tenant_id': '0d30f8c001da4e2e9e8d032b6c8ca828', 'tenant_name': 'tempest-ServerShowV247Test-1362758217', 'user_domain_id': 'default', 'user_domain_name': 'Default', 'user_id': 'b2f9d59a6d4d405d9f053a04220b7daa', 'system': None}, Network: None, Subnet: None, Router: None
2025-05-14 08:21:13.849 70973 INFO tempest.lib.common.rest_client [req-ac891189-4296-44bd-ac79-a191d3ea591e req-ac891189-4296-44bd-ac79-a191d3ea591e ] Request (DeleteServersTestJSON:test_delete_server_while_in_attached_volume): 200 GET http://10.180.1.21/volume/v3/volumes/aa45bdf5-3681-495d-b3f9-1d21e668a9b5 0.032s
2025-05-14 08:21:13.913 70969 INFO tempest.lib.common.rest_client [req-48b05b44-e057-4da3-8e3d-07d38f66a2f7 req-48b05b44-e057-4da3-8e3d-07d38f66a2f7 ] Request (ListImageFiltersTestJSON:tearDownClass): 200 GET http://10.180.1.21/compute/v2.1/servers/7292ceb7-1cfe-4711-8357-c9e1a3b047af 0.053s
2025-05-14 08:21:13.920 70987 INFO tempest.lib.common.rest_client [req-a8315e75-16f7-40d2-930f-571a571378a6 req-a8315e75-16f7-40d2-930f-571a571378a6 ] Request (ServerShowV247Test:setUpClass): 201 POST http://10.180.1.21/identity/v3/auth/tokens 0.070s
2025-05-14 08:21:13.984 70987 INFO tempest.lib.common.rest_client [req-ccb879b8-b2fc-4e47-bd35-649519d6b288 req-ccb879b8-b2fc-4e47-bd35-649519d6b288 ] Request (ServerShowV247Test:test_show_server): 201 POST http://10.180.1.21/identity/v3/auth/tokens 0.057s
2025-05-14 08:21:13.985 70987 INFO tempest.lib.common.fixed_network [-] (ServerShowV247Test:test_show_server) Found network None available for tenant
2025-05-14 08:21:14.000 70945 INFO tempest.lib.common.rest_client [req-1ecc0fca-2882-463a-896e-7728e8982ccc req-1ecc0fca-2882-463a-896e-7728e8982ccc ] Request (ServersTestManualDisk:setUpClass): 200 GET http://10.180.1.21/compute/v2.1/servers/90c73ad4-26f8-4bb9-80cc-5c6d1c26b941 0.094s
2025-05-14 08:21:14.005 70977 INFO tempest.lib.common.rest_client [req-647b4107-fbe1-4b96-924e-cff46743de5d req-647b4107-fbe1-4b96-924e-cff46743de5d ] Request (InstanceActionsV221TestJSON:test_get_list_deleted_instance_actions): 200 GET http://10.180.1.21/compute/v2.1/servers/4bf50c51-dfc7-43bb-b79a-374d8c4954e8 0.067s
2025-05-14 08:21:14.060 70999 INFO tempest.lib.common.rest_client [req-68940807-5fb5-475e-80cd-baf12e0eb7d6 req-68940807-5fb5-475e-80cd-baf12e0eb7d6 ] Request (ServersListShow298Test:test_list_show_update_rebuild_server_298): 200 GET http://10.180.1.21/compute/v2.1/servers/ba429fba-1128-4002-96bf-50a463bad12b 0.075s
2025-05-14 08:21:14.109 71003 INFO tempest.lib.common.rest_client [req-10ba9057-63f1-446b-afbf-b90add58e23e req-10ba9057-63f1-446b-afbf-b90add58e23e ] Request (ServerDiagnosticsNegativeTest:test_get_server_diagnostics_by_non_admin): 200 GET http://10.180.1.21/compute/v2.1/servers/ff0824a7-e7b4-46a9-8474-0b9e1d57aa79 0.111s
2025-05-14 08:21:14.158 70971 INFO tempest.lib.common.rest_client [req-b869f35a-0d27-4171-8e87-bf4549e497a7 req-b869f35a-0d27-4171-8e87-bf4549e497a7 ] Request (ServerMetadataTestJSON:setUpClass): 200 GET http://10.180.1.21/compute/v2.1/servers/c374c977-6c2a-43b8-9c61-b7eb09470174 0.116s
2025-05-14 08:21:14.185 70987 INFO tempest.lib.common.rest_client [req-454ad71b-de14-42c2-9916-b50dcdb000ff req-454ad71b-de14-42c2-9916-b50dcdb000ff ] Request (ServerShowV247Test:test_show_server): 202 POST http://10.180.1.21/compute/v2.1/servers 0.200s
2025-05-14 08:21:14.221 70953 INFO tempest.lib.common.rest_client [req-d0017f92-3478-40e6-acb7-877444d54c15 req-d0017f92-3478-40e6-acb7-877444d54c15 ] Request (VolumesAssistedSnapshotsTest:tearDownClass): 200 GET http://10.180.1.21/compute/v2.1/servers/10a5ff4b-5d67-4173-8378-a8cde0b80b6b 0.162s
2025-05-14 08:21:14.239 70962 INFO tempest.lib.common.rest_client [req-1db03e74-6ce2-4faf-931d-72f70524969c req-1db03e74-6ce2-4faf-931d-72f70524969c ] Request (ServerGroupTestJSON:test_create_server_with_scheduler_hint_group): 200 GET http://10.180.1.21/compute/v2.1/servers/b7de3584-9304-4363-adb5-ecf99a60bdb3 0.147s
2025-05-14 08:21:14.279 70959 INFO tempest.lib.common.rest_client [req-4e516401-0620-45aa-b3ab-35b951f4415b req-4e516401-0620-45aa-b3ab-35b951f4415b ] Request (DeleteServersAdminTestJSON:test_delete_server_while_in_error_state): 200 GET http://10.180.1.21/compute/v2.1/servers/073eaf30-1b21-43a7-a020-0fe9508db118 0.158s
2025-05-14 08:21:14.293 70965 INFO tempest.lib.common.rest_client [req-6e48a12e-ff99-4896-b8ba-e3793edd5dbd req-6e48a12e-ff99-4896-b8ba-e3793edd5dbd ] Request (MigrationsAdminTest:test_resize_server_revert_deleted_flavor): 200 GET http://10.180.1.21/compute/v2.1/servers/52c59e2e-f232-4634-833e-dd07b6892c59 0.152s
2025-05-14 08:21:14.335 70943 INFO tempest.lib.common.rest_client [req-435c36ef-ca90-42b1-b030-844c271662db req-435c36ef-ca90-42b1-b030-844c271662db ] Request (ListServersNegativeTestJSON:setUpClass): 200 GET http://10.180.1.21/compute/v2.1/servers/73c2574a-9ebe-4561-ab98-8c26306c70f9 0.154s
2025-05-14 08:21:14.369 70987 INFO tempest.lib.common.rest_client [req-cdf536f7-72b2-4d25-ba82-2e579595c30a req-cdf536f7-72b2-4d25-ba82-2e579595c30a ] Request (ServerShowV247Test:test_show_server): 200 GET http://10.180.1.21/compute/v2.1/servers/0a6901f6-cb75-48df-a838-f3878ecbc8aa 0.182s
2025-05-14 08:21:14.420 70987 INFO tempest.lib.common.rest_client [req-a1ad956b-390d-4a6d-b92c-9da6039d4f19 req-a1ad956b-390d-4a6d-b92c-9da6039d4f19 ] Request (ServerShowV247Test:test_update_rebuild_list_server): 201 POST http://10.180.1.21/identity/v3/auth/tokens 0.036s
2025-05-14 08:21:14.420 70987 INFO tempest.lib.common.fixed_network [-] (ServerShowV247Test:test_update_rebuild_list_server) Found network None available for tenant
2025-05-14 08:21:14.423 70991 INFO tempest.lib.common.rest_client [req-2297d8f8-4ca2-4b14-a8e0-49ae67dbb729 req-2297d8f8-4ca2-4b14-a8e0-49ae67dbb729 ] Request (ImagesOneServerNegativeTestJSON:_run_cleanups): 200 GET http://10.180.1.21/compute/v2.1/servers/5ced4db8-4171-48b7-9b75-1224b29a7edb 0.224s
2025-05-14 08:21:14.428 70989 INFO tempest.lib.common.rest_client [req-0811e5c4-79c4-48e5-96d7-c40d8f2641bf req-0811e5c4-79c4-48e5-96d7-c40d8f2641bf ] Request (ServerTagsTestJSON:setUpClass): 200 GET http://10.180.1.21/compute/v2.1/servers/93f539d3-de28-4247-b2c1-17488750aa8f 0.189s
2025-05-14 08:21:14.448 71001 INFO tempest.lib.common.rest_client [req-31ca91d8-f019-47fd-96b3-d5079ce1e734 req-31ca91d8-f019-47fd-96b3-d5079ce1e734 ] Request (AttachInterfacesTestJSON:_run_cleanups): 404 GET http://10.180.1.21/compute/v2.1/servers/fd984f45-140c-49da-be4d-fda8e1ef9e2a 0.156s
2025-05-14 08:21:14.471 70995 INFO tempest.lib.common.rest_client [req-f1d82c29-1551-4fb7-915b-cea1fee9afe5 req-f1d82c29-1551-4fb7-915b-cea1fee9afe5 ] Request (SecurityGroupsTestJSON:test_server_security_groups): 200 GET http://10.180.1.21/compute/v2.1/servers/289770ea-9d82-44e6-8938-d02978cd7080 0.215s
2025-05-14 08:21:14.496 70955 INFO tempest.lib.common.rest_client [req-a97c66da-90bc-48ff-8173-fe6197056a5a req-a97c66da-90bc-48ff-8173-fe6197056a5a ] Request (ServerMetadataNegativeTestJSON:setUpClass): 200 GET http://10.180.1.21/compute/v2.1/servers/17f11b74-f8eb-4460-8d7c-1c42d249d5e2 0.187s
2025-05-14 08:21:14.521 70949 INFO tempest.lib.common.rest_client [req-1b7edb2b-dcc9-465e-928e-a17d0bebf2b4 req-1b7edb2b-dcc9-465e-928e-a17d0bebf2b4 ] Request (ServersAdminNegativeTestJSON:test_migrate_server_invalid_state): 200 GET http://10.180.1.21/compute/v2.1/servers/9db0aa8c-05ca-46d6-9c3f-6255606e97d3 0.174s
2025-05-14 08:21:14.557 70985 INFO tempest.lib.common.rest_client [req-b19f6e40-1ab2-4de5-a937-33857e83e5d8 req-b19f6e40-1ab2-4de5-a937-33857e83e5d8 ] Request (ServerShowV257Test:tearDownClass): 200 GET http://10.180.1.21/compute/v2.1/servers/9d764c39-7d3e-4473-98e1-c33ce79cba1e 0.168s
2025-05-14 08:21:14.573 70993 INFO tempest.lib.common.rest_client [req-109c9b62-7208-4e60-9084-8493fd727b75 req-109c9b62-7208-4e60-9084-8493fd727b75 ] Request (ServerActionsTestOtherB:setUpClass): 200 GET http://10.180.1.21/compute/v2.1/servers/3e11e849-1e5e-4b19-adc6-c5ede4e82c4f 0.175s
2025-05-14 08:21:14.617 70967 INFO tempest.lib.common.rest_client [req-0d6c5f71-35af-482b-9f83-38bdd3948cba req-0d6c5f71-35af-482b-9f83-38bdd3948cba ] Request (ImagesTestJSON:test_create_image_from_stopped_server): 200 GET http://10.180.1.21/compute/v2.1/servers/40a8e338-4099-4da8-b39a-0235c5e8d450 0.176s
2025-05-14 08:21:14.667 70981 INFO tempest.lib.common.rest_client [req-7d8081ba-a504-4236-a0ec-85868ea35d6b req-7d8081ba-a504-4236-a0ec-85868ea35d6b ] Request (FloatingIPsAssociationNegativeTestJSON:setUpClass): 200 GET http://10.180.1.21/compute/v2.1/servers/2172d74f-9f45-48d4-b4e7-ce844f5ace4b 0.222s
2025-05-14 08:21:14.672 70987 INFO tempest.lib.common.rest_client [req-769f445f-835f-4819-80df-65e038e4ac0d req-769f445f-835f-4819-80df-65e038e4ac0d ] Request (ServerShowV247Test:test_update_rebuild_list_server): 202 POST http://10.180.1.21/compute/v2.1/servers 0.251s
2025-05-14 08:21:14.684 71001 INFO tempest.lib.common.rest_client [req-8e55451d-da15-43f3-9a99-94fc7af78dd2 req-8e55451d-da15-43f3-9a99-94fc7af78dd2 ] Request (AttachInterfacesTestJSON:_run_cleanups): 202 DELETE http://10.180.1.21/compute/v2.1/os-keypairs/tempest-keypair-1118469985 0.235s
2025-05-14 08:21:14.731 70979 INFO tempest.lib.common.rest_client [req-ec209b0f-da0d-4367-9a57-2335d658d6b6 req-ec209b0f-da0d-4367-9a57-2335d658d6b6 ] Request (ServerRescueTestJSON:test_rescue_unrescue_instance): 200 GET http://10.180.1.21/compute/v2.1/servers/3768ccae-b089-439c-943f-d54d10c245ad 0.237s
2025-05-14 08:21:14.731 70947 INFO tempest.lib.common.rest_client [req-9b56791c-6529-4124-b230-0856fb469e7d req-9b56791c-6529-4124-b230-0856fb469e7d ] Request (ServersAdminTestJSON:test_create_server_with_scheduling_hint): 200 GET http://10.180.1.21/compute/v2.1/servers/2b16e560-e5d4-4e16-8129-01ff5d1e5c33 0.242s
2025-05-14 08:21:14.790 70941 INFO tempest.lib.common.rest_client [req-a92c44da-92c9-421f-898a-b3125c20a63c req-a92c44da-92c9-421f-898a-b3125c20a63c ] Request (ServerAddressesNegativeTestJSON:setUpClass): 200 GET http://10.180.1.21/compute/v2.1/servers/ae524940-899d-4c4f-92a1-784ad0336b4e 0.243s
2025-05-14 08:21:14.798 71001 INFO tempest.lib.common.rest_client [req-0ee1bba0-c882-4ed4-9188-1d8609a9da8e req-0ee1bba0-c882-4ed4-9188-1d8609a9da8e ] Request (AttachInterfacesTestJSON:_run_cleanups): 204 DELETE http://10.180.1.21:9696/networking/v2.0/security-groups/ebcad34a-a932-4aaf-93de-b0493166d0cf 0.113s
2025-05-14 08:21:14.812 70983 INFO tempest.lib.common.rest_client [req-e42dbda8-0f81-42e0-a99f-7f0c8f44a56f req-e42dbda8-0f81-42e0-a99f-7f0c8f44a56f ] Request (AttachInterfacesV270Test:tearDownClass): 200 GET http://10.180.1.21/compute/v2.1/servers/227f368d-428b-44d6-8e88-cf29f616701d 0.191s
2025-05-14 08:21:14.813 71001 INFO tempest.lib.common.rest_client [req-9b509ed8-1343-4a33-a7d5-a9072058aad8 req-9b509ed8-1343-4a33-a7d5-a9072058aad8 ] Request (AttachInterfacesTestJSON:_run_cleanups): 404 GET http://10.180.1.21:9696/networking/v2.0/security-groups/ebcad34a-a932-4aaf-93de-b0493166d0cf 0.014s
2025-05-14 08:21:14.823 70987 INFO tempest.lib.common.rest_client [req-05f48af9-7264-4422-8525-2dcebe027a22 req-05f48af9-7264-4422-8525-2dcebe027a22 ] Request (ServerShowV247Test:test_update_rebuild_list_server): 200 PUT http://10.180.1.21/compute/v2.1/servers/d3d89f04-2a0b-49d0-ac74-f1315b68cd35 0.149s
2025-05-14 08:21:14.870 70951 INFO tempest.lib.common.rest_client [req-9bb8e2c9-2bb0-4b21-8762-49ceea6a66dc req-9bb8e2c9-2bb0-4b21-8762-49ceea6a66dc ] Request (FloatingIPsAssociationTestJSON:tearDownClass): 200 GET http://10.180.1.21/compute/v2.1/servers/9fd729ba-094d-480c-9b90-23af25f98324 0.157s
2025-05-14 08:21:14.881 70987 INFO tempest.lib.common.rest_client [req-3308cc75-3303-45af-8d47-96cd29e7f972 req-3308cc75-3303-45af-8d47-96cd29e7f972 ] Request (ServerShowV247Test:test_update_rebuild_list_server): 200 GET http://10.180.1.21/compute/v2.1/servers/d3d89f04-2a0b-49d0-ac74-f1315b68cd35 0.049s
2025-05-14 08:21:14.886 70973 INFO tempest.lib.common.rest_client [req-09fbd5d9-1616-45ad-88c3-c05dec8f5581 req-09fbd5d9-1616-45ad-88c3-c05dec8f5581 ] Request (DeleteServersTestJSON:test_delete_server_while_in_attached_volume): 200 GET http://10.180.1.21/volume/v3/volumes/aa45bdf5-3681-495d-b3f9-1d21e668a9b5 0.030s
2025-05-14 08:21:14.976 70969 INFO tempest.lib.common.rest_client [req-83e1766b-7bbe-40f3-9122-91eb6acd819a req-83e1766b-7bbe-40f3-9122-91eb6acd819a ] Request (ListImageFiltersTestJSON:tearDownClass): 200 GET http://10.180.1.21/compute/v2.1/servers/7292ceb7-1cfe-4711-8357-c9e1a3b047af 0.055s
2025-05-14 08:21:15.085 70977 INFO tempest.lib.common.rest_client [req-b9adbcf3-973a-4a45-a92e-f78f85c7aacf req-b9adbcf3-973a-4a45-a92e-f78f85c7aacf ] Request (InstanceActionsV221TestJSON:test_get_list_deleted_instance_actions): 200 GET http://10.180.1.21/compute/v2.1/servers/4bf50c51-dfc7-43bb-b79a-374d8c4954e8 0.070s
2025-05-14 08:21:15.141 70999 INFO tempest.lib.common.rest_client [req-2f748c02-5606-4242-856d-ee990458327f req-2f748c02-5606-4242-856d-ee990458327f ] Request (ServersListShow298Test:test_list_show_update_rebuild_server_298): 200 GET http://10.180.1.21/compute/v2.1/servers/ba429fba-1128-4002-96bf-50a463bad12b 0.069s
2025-05-14 08:21:15.168 70945 INFO tempest.lib.common.rest_client [req-c7a88f84-b366-4463-a398-52f61b4ad6ed req-c7a88f84-b366-4463-a398-52f61b4ad6ed ] Request (ServersTestManualDisk:setUpClass): 200 GET http://10.180.1.21/compute/v2.1/servers/90c73ad4-26f8-4bb9-80cc-5c6d1c26b941 0.161s
2025-05-14 08:21:15.200 71003 INFO tempest.lib.common.rest_client [req-1d864bc8-53a6-4978-9077-4c672e7d52dd req-1d864bc8-53a6-4978-9077-4c672e7d52dd ] Request (ServerDiagnosticsNegativeTest:test_get_server_diagnostics_by_non_admin): 200 GET http://10.180.1.21/compute/v2.1/servers/ff0824a7-e7b4-46a9-8474-0b9e1d57aa79 0.082s
2025-05-14 08:21:15.211 71001 INFO tempest.lib.common.rest_client [req-4c074c06-48e4-4fc3-9aee-f355d35da9ca req-4c074c06-48e4-4fc3-9aee-f355d35da9ca ] Request (AttachInterfacesTestJSON:_run_cleanups): 204 DELETE http://10.180.1.21:9696/networking/v2.0/floatingips/f0916972-f523-440c-a847-b816ad28f71b 0.397s
2025-05-14 08:21:15.238 70957 INFO paramiko.transport [-] Connected (version 2.0, client dropbear_2020.81)
2025-05-14 08:21:15.247 70971 INFO tempest.lib.common.rest_client [req-406c0faf-3d7d-4dbe-8120-21f3634e2b84 req-406c0faf-3d7d-4dbe-8120-21f3634e2b84 ] Request (ServerMetadataTestJSON:setUpClass): 200 GET http://10.180.1.21/compute/v2.1/servers/c374c977-6c2a-43b8-9c61-b7eb09470174 0.080s
2025-05-14 08:21:15.265 71001 INFO tempest.lib.common.rest_client [req-37320980-0949-4e85-9867-74528a49b536 req-37320980-0949-4e85-9867-74528a49b536 ] Request (ValidationResourcesFixture:setUp): 200 POST http://10.180.1.21/compute/v2.1/os-keypairs 0.046s
2025-05-14 08:21:15.320 70962 INFO tempest.lib.common.rest_client [req-29ca0e6b-ed47-433a-91ec-6530d6f8d273 req-29ca0e6b-ed47-433a-91ec-6530d6f8d273 ] Request (ServerGroupTestJSON:test_create_server_with_scheduler_hint_group): 200 GET http://10.180.1.21/compute/v2.1/servers/b7de3584-9304-4363-adb5-ecf99a60bdb3 0.071s
2025-05-14 08:21:15.321 70953 INFO tempest.lib.common.rest_client [req-3a3d68bf-3874-4c49-802f-31bd7b93a13f req-3a3d68bf-3874-4c49-802f-31bd7b93a13f ] Request (VolumesAssistedSnapshotsTest:tearDownClass): 200 GET http://10.180.1.21/compute/v2.1/servers/10a5ff4b-5d67-4173-8378-a8cde0b80b6b 0.093s
2025-05-14 08:21:15.342 70957 INFO paramiko.transport [-] Authentication (publickey) successful!
2025-05-14 08:21:15.343 70957 INFO tempest.lib.common.ssh [-] ssh connection to cirros@10.180.180.174 successfully created
2025-05-14 08:21:15.392 70965 INFO tempest.lib.common.rest_client [req-ef623fee-486d-46a9-a733-ac65ade08880 req-ef623fee-486d-46a9-a733-ac65ade08880 ] Request (MigrationsAdminTest:test_resize_server_revert_deleted_flavor): 200 GET http://10.180.1.21/compute/v2.1/servers/52c59e2e-f232-4634-833e-dd07b6892c59 0.089s
2025-05-14 08:21:15.401 70959 INFO tempest.lib.common.rest_client [req-b6606dc5-f650-44ca-ae36-16357e4eed79 req-b6606dc5-f650-44ca-ae36-16357e4eed79 ] Request (DeleteServersAdminTestJSON:test_delete_server_while_in_error_state): 200 GET http://10.180.1.21/compute/v2.1/servers/073eaf30-1b21-43a7-a020-0fe9508db118 0.111s
2025-05-14 08:21:15.401 71001 INFO tempest.lib.common.rest_client [req-a6419e99-2e7f-4691-8549-14b95788d497 req-a6419e99-2e7f-4691-8549-14b95788d497 ] Request (ValidationResourcesFixture:setUp): 201 POST http://10.180.1.21:9696/networking/v2.0/security-groups 0.134s
2025-05-14 08:21:15.468 70943 INFO tempest.lib.common.rest_client [req-b1bcf4d7-b935-4abb-b8ea-0e2a7c5d36a8 req-b1bcf4d7-b935-4abb-b8ea-0e2a7c5d36a8 ] Request (ListServersNegativeTestJSON:setUpClass): 200 GET http://10.180.1.21/compute/v2.1/servers/73c2574a-9ebe-4561-ab98-8c26306c70f9 0.122s
2025-05-14 08:21:15.513 71001 INFO tempest.lib.common.rest_client [req-93c11712-3e2c-4fa5-8379-daa7f63b921d req-93c11712-3e2c-4fa5-8379-daa7f63b921d ] Request (ValidationResourcesFixture:setUp): 201 POST http://10.180.1.21:9696/networking/v2.0/security-group-rules 0.111s
2025-05-14 08:21:15.524 70957 INFO tempest.lib.common.rest_client [req-19ac45e3-9f91-4ffb-b969-fa4738186368 req-19ac45e3-9f91-4ffb-b969-fa4738186368 ] Request (ServersTestJSON:test_list_servers): 200 GET http://10.180.1.21/compute/v2.1/servers 0.174s
2025-05-14 08:21:15.548 70991 INFO tempest.lib.common.rest_client [req-d0a19cb6-f552-48c1-8880-21056bb67954 req-d0a19cb6-f552-48c1-8880-21056bb67954 ] Request (ImagesOneServerNegativeTestJSON:_run_cleanups): 200 GET http://10.180.1.21/compute/v2.1/servers/5ced4db8-4171-48b7-9b75-1224b29a7edb 0.117s
2025-05-14 08:21:15.590 70989 INFO tempest.lib.common.rest_client [req-9ce90339-58ca-49b3-97eb-ea521ce9a22b req-9ce90339-58ca-49b3-97eb-ea521ce9a22b ] Request (ServerTagsTestJSON:setUpClass): 200 GET http://10.180.1.21/compute/v2.1/servers/93f539d3-de28-4247-b2c1-17488750aa8f 0.154s
2025-05-14 08:21:15.615 70995 INFO tempest.lib.common.rest_client [req-46b60893-df6e-4bfa-8211-dcc561fdb41d req-46b60893-df6e-4bfa-8211-dcc561fdb41d ] Request (SecurityGroupsTestJSON:test_server_security_groups): 200 GET http://10.180.1.21/compute/v2.1/servers/289770ea-9d82-44e6-8938-d02978cd7080 0.137s
2025-05-14 08:21:15.638 71001 INFO tempest.lib.common.rest_client [req-aefcfa55-9a2a-4a37-b843-72c6a7b2c21f req-aefcfa55-9a2a-4a37-b843-72c6a7b2c21f ] Request (ValidationResourcesFixture:setUp): 201 POST http://10.180.1.21:9696/networking/v2.0/security-group-rules 0.124s
2025-05-14 08:21:15.648 70955 INFO tempest.lib.common.rest_client [req-dc914bf3-f4f5-4826-9edd-6c5e8f3497ab req-dc914bf3-f4f5-4826-9edd-6c5e8f3497ab ] Request (ServerMetadataNegativeTestJSON:setUpClass): 200 GET http://10.180.1.21/compute/v2.1/servers/17f11b74-f8eb-4460-8d7c-1c42d249d5e2 0.140s
2025-05-14 08:21:15.709 70949 INFO tempest.lib.common.rest_client [req-56c12b48-e7e4-4980-9c78-0cdb70284102 req-56c12b48-e7e4-4980-9c78-0cdb70284102 ] Request (ServersAdminNegativeTestJSON:test_migrate_server_invalid_state): 200 GET http://10.180.1.21/compute/v2.1/servers/9db0aa8c-05ca-46d6-9c3f-6255606e97d3 0.181s
2025-05-14 08:21:15.780 70985 INFO tempest.lib.common.rest_client [req-11092138-9b0a-4c72-9bf7-3485387b6c83 req-11092138-9b0a-4c72-9bf7-3485387b6c83 ] Request (ServerShowV257Test:tearDownClass): 200 GET http://10.180.1.21/compute/v2.1/servers/9d764c39-7d3e-4473-98e1-c33ce79cba1e 0.213s
2025-05-14 08:21:15.831 70993 INFO tempest.lib.common.rest_client [req-00ac2dd0-aa53-4824-94bf-84e8e1c497f5 req-00ac2dd0-aa53-4824-94bf-84e8e1c497f5 ] Request (ServerActionsTestOtherB:setUpClass): 200 GET http://10.180.1.21/compute/v2.1/servers/3e11e849-1e5e-4b19-adc6-c5ede4e82c4f 0.250s
2025-05-14 08:21:15.879 70967 INFO tempest.lib.common.rest_client [req-04667923-2e8d-403c-bfdd-d721bf0d393d req-04667923-2e8d-403c-bfdd-d721bf0d393d ] Request (ImagesTestJSON:test_create_image_from_stopped_server): 200 GET http://10.180.1.21/compute/v2.1/servers/40a8e338-4099-4da8-b39a-0235c5e8d450 0.254s
2025-05-14 08:21:15.889 70957 INFO tempest.lib.common.rest_client [req-6f6f76f7-5e14-4360-98bb-84937e9fd9c5 req-6f6f76f7-5e14-4360-98bb-84937e9fd9c5 ] Request (ServersTestJSON:test_list_servers_with_detail): 200 GET http://10.180.1.21/compute/v2.1/servers/detail 0.361s
2025-05-14 08:21:15.927 70981 INFO tempest.lib.common.rest_client [req-01b4357c-e964-4bf2-9d7a-f32600de8f81 req-01b4357c-e964-4bf2-9d7a-f32600de8f81 ] Request (FloatingIPsAssociationNegativeTestJSON:setUpClass): 200 GET http://10.180.1.21/compute/v2.1/servers/2172d74f-9f45-48d4-b4e7-ce844f5ace4b 0.252s
2025-05-14 08:21:15.939 70973 INFO tempest.lib.common.rest_client [req-19795e70-775c-45cb-a473-832276d59a4b req-19795e70-775c-45cb-a473-832276d59a4b ] Request (DeleteServersTestJSON:test_delete_server_while_in_attached_volume): 200 GET http://10.180.1.21/volume/v3/volumes/aa45bdf5-3681-495d-b3f9-1d21e668a9b5 0.044s
2025-05-14 08:21:15.952 70947 INFO tempest.lib.common.rest_client [req-8018e7d8-8fc9-4b52-b895-23cec9fafc7e req-8018e7d8-8fc9-4b52-b895-23cec9fafc7e ] Request (ServersAdminTestJSON:test_create_server_with_scheduling_hint): 200 GET http://10.180.1.21/compute/v2.1/servers/2b16e560-e5d4-4e16-8129-01ff5d1e5c33 0.212s
2025-05-14 08:21:15.974 70979 INFO tempest.lib.common.rest_client [req-ab817db4-ad79-45f2-bb0b-1080b965dcb2 req-ab817db4-ad79-45f2-bb0b-1080b965dcb2 ] Request (ServerRescueTestJSON:test_rescue_unrescue_instance): 200 GET http://10.180.1.21/compute/v2.1/servers/3768ccae-b089-439c-943f-d54d10c245ad 0.232s
2025-05-14 08:21:16.013 70941 INFO tempest.lib.common.rest_client [req-99f7a050-8bad-4ab6-a907-dfb2c656e558 req-99f7a050-8bad-4ab6-a907-dfb2c656e558 ] Request (ServerAddressesNegativeTestJSON:setUpClass): 200 GET http://10.180.1.21/compute/v2.1/servers/ae524940-899d-4c4f-92a1-784ad0336b4e 0.211s
2025-05-14 08:21:16.037 70983 INFO tempest.lib.common.rest_client [req-7658a76a-dbf3-4e13-93ef-98a57f08a213 req-7658a76a-dbf3-4e13-93ef-98a57f08a213 ] Request (AttachInterfacesV270Test:tearDownClass): 200 GET http://10.180.1.21/compute/v2.1/servers/227f368d-428b-44d6-8e88-cf29f616701d 0.208s
2025-05-14 08:21:16.084 70951 INFO tempest.lib.common.rest_client [req-ae9a9e01-5edc-4f4b-820c-1fd0f284a410 req-ae9a9e01-5edc-4f4b-820c-1fd0f284a410 ] Request (FloatingIPsAssociationTestJSON:tearDownClass): 200 GET http://10.180.1.21/compute/v2.1/servers/9fd729ba-094d-480c-9b90-23af25f98324 0.206s
2025-05-14 08:21:16.097 70987 INFO tempest.lib.common.rest_client [req-116621bf-8487-4bfc-8445-c0b7b9b6b78f req-116621bf-8487-4bfc-8445-c0b7b9b6b78f ] Request (ServerShowV247Test:test_update_rebuild_list_server): 200 GET http://10.180.1.21/compute/v2.1/servers/d3d89f04-2a0b-49d0-ac74-f1315b68cd35 0.206s
2025-05-14 08:21:16.100 70957 INFO tempest.lib.common.rest_client [req-28a5980d-960b-4db8-9bdc-e17077f7af08 req-28a5980d-960b-4db8-9bdc-e17077f7af08 ] Request (ServersTestJSON:test_verify_created_server_vcpus): 200 GET http://10.180.1.21/compute/v2.1/flavors/42 0.201s
2025-05-14 08:21:16.103 70957 INFO tempest.lib.common.ssh [-] Creating ssh connection to '10.180.180.174:22' as 'cirros' with public key authentication
2025-05-14 08:21:16.106 70957 INFO paramiko.transport [-] Connected (version 2.0, client dropbear_2020.81)
2025-05-14 08:21:16.150 71001 INFO tempest.lib.common.rest_client [req-cb179631-875e-4d9f-8390-8088dc210781 req-cb179631-875e-4d9f-8390-8088dc210781 ] Request (ValidationResourcesFixture:setUp): 201 POST http://10.180.1.21:9696/networking/v2.0/floatingips 0.512s
2025-05-14 08:21:16.157 70969 INFO tempest.lib.common.rest_client [req-5572a3a3-34b6-49e3-a458-9264aeeedb6d req-5572a3a3-34b6-49e3-a458-9264aeeedb6d ] Request (ListImageFiltersTestJSON:tearDownClass): 200 GET http://10.180.1.21/compute/v2.1/servers/7292ceb7-1cfe-4711-8357-c9e1a3b047af 0.173s
2025-05-14 08:21:16.168 70969 INFO tempest.common.waiters [-] State transition "ACTIVE/deleting" ==> "DELETED/None" after 5 second wait
2025-05-14 08:21:16.170 70977 INFO tempest.lib.common.rest_client [req-f2a1ac6b-002e-47da-a94a-3ce893e7be10 req-f2a1ac6b-002e-47da-a94a-3ce893e7be10 ] Request (InstanceActionsV221TestJSON:test_get_list_deleted_instance_actions): 200 GET http://10.180.1.21/compute/v2.1/servers/4bf50c51-dfc7-43bb-b79a-374d8c4954e8 0.076s
2025-05-14 08:21:16.203 70957 INFO paramiko.transport [-] Authentication (publickey) successful!
2025-05-14 08:21:16.204 70957 INFO tempest.lib.common.ssh [-] ssh connection to cirros@10.180.180.174 successfully created
2025-05-14 08:21:16.217 70999 INFO tempest.lib.common.rest_client [req-8a315839-104d-4b35-b608-df85af78a4c1 req-8a315839-104d-4b35-b608-df85af78a4c1 ] Request (ServersListShow298Test:test_list_show_update_rebuild_server_298): 200 GET http://10.180.1.21/compute/v2.1/servers/ba429fba-1128-4002-96bf-50a463bad12b 0.061s
2025-05-14 08:21:16.231 71001 INFO tempest.lib.common.rest_client [req-1e024a56-6c64-43f3-97f0-370f0809794d req-1e024a56-6c64-43f3-97f0-370f0809794d ] Request (AttachInterfacesTestJSON:test_create_list_show_delete_interfaces_by_network_port): 201 POST http://10.180.1.21/identity/v3/auth/tokens 0.078s
2025-05-14 08:21:16.232 71001 INFO tempest.lib.common.fixed_network [-] (AttachInterfacesTestJSON:test_create_list_show_delete_interfaces_by_network_port) Found network {'id': 'ea5172c7-9865-458b-ab95-517aadcdbe9e', 'name': 'tempest-AttachInterfacesTestJSON-1469362585-network', 'tenant_id': '9ac3131714ef44a3a68dcf32a8fc3ae2', 'admin_state_up': True, 'mtu': 8950, 'status': 'ACTIVE', 'subnets': [], 'shared': False, 'project_id': '9ac3131714ef44a3a68dcf32a8fc3ae2', 'port_security_enabled': True, 'router:external': False, 'provider:network_type': 'vlan', 'provider:physical_network': 'default', 'provider:segmentation_id': 385, 'availability_zone_hints': [], 'availability_zones': [], 'ipv4_address_scope': None, 'ipv6_address_scope': None, 'description': '', 'tags': [], 'created_at': '2025-05-14T08:18:50Z', 'updated_at': '2025-05-14T08:18:50Z', 'revision_number': 1} available for tenant
2025-05-14 08:21:16.265 71003 INFO tempest.lib.common.rest_client [req-9058c816-7192-4213-83b0-69054122b7ec req-9058c816-7192-4213-83b0-69054122b7ec ] Request (ServerDiagnosticsNegativeTest:test_get_server_diagnostics_by_non_admin): 200 GET http://10.180.1.21/compute/v2.1/servers/ff0824a7-e7b4-46a9-8474-0b9e1d57aa79 0.055s
2025-05-14 08:21:16.304 70945 INFO tempest.lib.common.rest_client [req-869aaf4c-9ca6-4f50-be2b-fbe4e35cd373 req-869aaf4c-9ca6-4f50-be2b-fbe4e35cd373 ] Request (ServersTestManualDisk:setUpClass): 200 GET http://10.180.1.21/compute/v2.1/servers/90c73ad4-26f8-4bb9-80cc-5c6d1c26b941 0.127s
2025-05-14 08:21:16.345 70957 INFO tempest.lib.common.rest_client [req-22526143-6d14-45d8-9c2e-74c8541ff3be req-22526143-6d14-45d8-9c2e-74c8541ff3be ] Request (ServersTestJSON:tearDownClass): 204 DELETE http://10.180.1.21/compute/v2.1/servers/a86261da-ce37-4d63-a080-e84983e142b7 0.128s
2025-05-14 08:21:16.409 70971 INFO tempest.lib.common.rest_client [req-3addb996-a001-4686-b584-7d6aeb36828c req-3addb996-a001-4686-b584-7d6aeb36828c ] Request (ServerMetadataTestJSON:setUpClass): 200 GET http://10.180.1.21/compute/v2.1/servers/c374c977-6c2a-43b8-9c61-b7eb09470174 0.152s
2025-05-14 08:21:16.473 70953 INFO tempest.lib.common.rest_client [req-4565432a-4218-4b47-98b4-f83dd19d0dbc req-4565432a-4218-4b47-98b4-f83dd19d0dbc ] Request (VolumesAssistedSnapshotsTest:tearDownClass): 200 GET http://10.180.1.21/compute/v2.1/servers/10a5ff4b-5d67-4173-8378-a8cde0b80b6b 0.142s
2025-05-14 08:21:16.523 70962 INFO tempest.lib.common.rest_client [req-e4e9be09-a876-40dc-a886-d30aba468f21 req-e4e9be09-a876-40dc-a886-d30aba468f21 ] Request (ServerGroupTestJSON:test_create_server_with_scheduler_hint_group): 200 GET http://10.180.1.21/compute/v2.1/servers/b7de3584-9304-4363-adb5-ecf99a60bdb3 0.193s
2025-05-14 08:21:16.639 70957 INFO tempest.lib.common.rest_client [req-036dff1f-1f47-4692-a234-14717d4789b5 req-036dff1f-1f47-4692-a234-14717d4789b5 ] Request (ServersTestJSON:tearDownClass): 200 GET http://10.180.1.21/compute/v2.1/servers/a86261da-ce37-4d63-a080-e84983e142b7 0.293s
2025-05-14 08:21:16.670 71001 INFO tempest.lib.common.rest_client [req-1748cbc5-b897-4bc9-8d86-a679ca4b7931 req-1748cbc5-b897-4bc9-8d86-a679ca4b7931 ] Request (AttachInterfacesTestJSON:test_create_list_show_delete_interfaces_by_network_port): 202 POST http://10.180.1.21/compute/v2.1/servers 0.437s
2025-05-14 08:21:16.689 70965 INFO tempest.lib.common.rest_client [req-d4d7057e-9926-47d7-907c-cde8946913a0 req-d4d7057e-9926-47d7-907c-cde8946913a0 ] Request (MigrationsAdminTest:test_resize_server_revert_deleted_flavor): 200 GET http://10.180.1.21/compute/v2.1/servers/52c59e2e-f232-4634-833e-dd07b6892c59 0.289s
2025-05-14 08:21:16.707 70943 INFO tempest.lib.common.rest_client [req-74aec967-b2be-4100-8000-f6e8e2d09637 req-74aec967-b2be-4100-8000-f6e8e2d09637 ] Request (ListServersNegativeTestJSON:setUpClass): 404 GET http://10.180.1.21/compute/v2.1/servers/73c2574a-9ebe-4561-ab98-8c26306c70f9 0.230s
2025-05-14 08:21:16.727 70959 INFO tempest.lib.common.rest_client [req-501e445d-dbc7-4b8f-96de-5d03d6e091ee req-501e445d-dbc7-4b8f-96de-5d03d6e091ee ] Request (DeleteServersAdminTestJSON:test_delete_server_while_in_error_state): 200 GET http://10.180.1.21/compute/v2.1/servers/073eaf30-1b21-43a7-a020-0fe9508db118 0.317s
2025-05-14 08:21:16.761 70991 INFO tempest.lib.common.rest_client [req-62bdd363-519a-441b-a794-6f04a9b38d52 req-62bdd363-519a-441b-a794-6f04a9b38d52 ] Request (ImagesOneServerNegativeTestJSON:_run_cleanups): 200 GET http://10.180.1.21/compute/v2.1/servers/5ced4db8-4171-48b7-9b75-1224b29a7edb 0.204s
2025-05-14 08:21:16.776 70989 INFO tempest.lib.common.rest_client [req-46305ea2-afb0-4226-9fc9-9716eb941f9f req-46305ea2-afb0-4226-9fc9-9716eb941f9f ] Request (ServerTagsTestJSON:setUpClass): 200 GET http://10.180.1.21/compute/v2.1/servers/93f539d3-de28-4247-b2c1-17488750aa8f 0.174s
2025-05-14 08:21:16.812 70995 INFO tempest.lib.common.rest_client [req-d51c7890-5b0f-4567-99ba-0db9ab1a4b60 req-d51c7890-5b0f-4567-99ba-0db9ab1a4b60 ] Request (SecurityGroupsTestJSON:test_server_security_groups): 200 GET http://10.180.1.21/compute/v2.1/servers/289770ea-9d82-44e6-8938-d02978cd7080 0.187s
2025-05-14 08:21:16.827 70955 INFO tempest.lib.common.rest_client [req-ba2eaf57-8147-4c0b-86f8-50630426c4f4 req-ba2eaf57-8147-4c0b-86f8-50630426c4f4 ] Request (ServerMetadataNegativeTestJSON:setUpClass): 200 GET http://10.180.1.21/compute/v2.1/servers/17f11b74-f8eb-4460-8d7c-1c42d249d5e2 0.170s
2025-05-14 08:21:16.850 71001 INFO tempest.lib.common.rest_client [req-aac3ab39-0562-49e4-a7bd-3fe838b20788 req-aac3ab39-0562-49e4-a7bd-3fe838b20788 ] Request (AttachInterfacesTestJSON:test_create_list_show_delete_interfaces_by_network_port): 200 GET http://10.180.1.21/compute/v2.1/servers/9c8db63a-ad0f-48c4-8e07-54e59b76ff54 0.178s
2025-05-14 08:21:16.878 70943 INFO tempest.lib.common.rest_client [req-2a98f389-94f3-42a9-b61d-b84bfa113f2b req-2a98f389-94f3-42a9-b61d-b84bfa113f2b ] Request (ListServersNegativeTestJSON:test_list_servers_by_changes_since_future_date): 200 GET http://10.180.1.21/compute/v2.1/servers?changes-since=2051-01-01T12%3A34%3A00Z&status=ACTIVE 0.170s
2025-05-14 08:21:16.900 70949 INFO tempest.lib.common.rest_client [req-b54cd119-22bf-4270-a296-01665cb84463 req-b54cd119-22bf-4270-a296-01665cb84463 ] Request (ServersAdminNegativeTestJSON:test_migrate_server_invalid_state): 200 GET http://10.180.1.21/compute/v2.1/servers/9db0aa8c-05ca-46d6-9c3f-6255606e97d3 0.177s
2025-05-14 08:21:16.936 70985 INFO tempest.lib.common.rest_client [req-dc29a43e-b59d-44fb-9d14-ff37863478b6 req-dc29a43e-b59d-44fb-9d14-ff37863478b6 ] Request (ServerShowV257Test:tearDownClass): 200 GET http://10.180.1.21/compute/v2.1/servers/9d764c39-7d3e-4473-98e1-c33ce79cba1e 0.144s
2025-05-14 08:21:16.941 70943 INFO tempest.lib.common.rest_client [req-7cc91a96-57fe-459f-85bc-c9afb187f7d0 req-7cc91a96-57fe-459f-85bc-c9afb187f7d0 ] Request (ListServersNegativeTestJSON:test_list_servers_by_changes_since_invalid_date): 400 GET http://10.180.1.21/compute/v2.1/servers?changes-since=2011%2F01%2F01 0.059s
2025-05-14 08:21:16.949 70993 INFO tempest.lib.common.rest_client [req-7a77444a-46c0-48ad-a75d-45459870f9ef req-7a77444a-46c0-48ad-a75d-45459870f9ef ] Request (ServerActionsTestOtherB:setUpClass): 200 GET http://10.180.1.21/compute/v2.1/servers/3e11e849-1e5e-4b19-adc6-c5ede4e82c4f 0.106s
2025-05-14 08:21:16.980 70973 INFO tempest.lib.common.rest_client [req-ee8a5b81-9cc4-418e-b6fb-4d6be68e34fe req-ee8a5b81-9cc4-418e-b6fb-4d6be68e34fe ] Request (DeleteServersTestJSON:test_delete_server_while_in_attached_volume): 200 GET http://10.180.1.21/volume/v3/volumes/aa45bdf5-3681-495d-b3f9-1d21e668a9b5 0.031s
2025-05-14 08:21:16.988 70967 INFO tempest.lib.common.rest_client [req-4b105ea4-8973-4b4c-be0a-8af440c2a407 req-4b105ea4-8973-4b4c-be0a-8af440c2a407 ] Request (ImagesTestJSON:test_create_image_from_stopped_server): 200 GET http://10.180.1.21/compute/v2.1/servers/40a8e338-4099-4da8-b39a-0235c5e8d450 0.095s
2025-05-14 08:21:16.999 70981 INFO tempest.lib.common.rest_client [req-050d9e45-3811-4343-a033-771b39a10db2 req-050d9e45-3811-4343-a033-771b39a10db2 ] Request (FloatingIPsAssociationNegativeTestJSON:setUpClass): 200 GET http://10.180.1.21/compute/v2.1/servers/2172d74f-9f45-48d4-b4e7-ce844f5ace4b 0.062s
2025-05-14 08:21:17.033 70943 INFO tempest.lib.common.rest_client [req-6136ab2c-c1c5-4cb0-b204-6c86f1602349 req-6136ab2c-c1c5-4cb0-b204-6c86f1602349 ] Request (ListServersNegativeTestJSON:test_list_servers_by_limits_greater_than_actual_count): 200 GET http://10.180.1.21/compute/v2.1/servers 0.091s
2025-05-14 08:21:17.050 70947 INFO tempest.lib.common.rest_client [req-949e3275-9209-4b19-96d7-87ee6acecf60 req-949e3275-9209-4b19-96d7-87ee6acecf60 ] Request (ServersAdminTestJSON:test_create_server_with_scheduling_hint): 200 GET http://10.180.1.21/compute/v2.1/servers/2b16e560-e5d4-4e16-8129-01ff5d1e5c33 0.088s
2025-05-14 08:21:17.084 70979 INFO tempest.lib.common.rest_client [req-f6227873-06fc-4657-b234-c9ee920f25f0 req-f6227873-06fc-4657-b234-c9ee920f25f0 ] Request (ServerRescueTestJSON:test_rescue_unrescue_instance): 200 GET http://10.180.1.21/compute/v2.1/servers/3768ccae-b089-439c-943f-d54d10c245ad 0.101s
2025-05-14 08:21:17.102 70941 INFO tempest.lib.common.rest_client [req-d0fb7707-bc1a-4e73-a511-b9d79ddb442a req-d0fb7707-bc1a-4e73-a511-b9d79ddb442a ] Request (ServerAddressesNegativeTestJSON:setUpClass): 200 GET http://10.180.1.21/compute/v2.1/servers/ae524940-899d-4c4f-92a1-784ad0336b4e 0.080s
2025-05-14 08:21:17.127 70943 INFO tempest.lib.common.rest_client [req-549fa41d-7db7-4570-aecd-cc8c479e94df req-549fa41d-7db7-4570-aecd-cc8c479e94df ] Request (ListServersNegativeTestJSON:test_list_servers_by_limits_greater_than_actual_count): 200 GET http://10.180.1.21/compute/v2.1/servers?limit=102 0.092s
2025-05-14 08:21:17.168 70983 INFO tempest.lib.common.rest_client [req-6b48ab32-f8f3-4a9a-b379-5623d3d18474 req-6b48ab32-f8f3-4a9a-b379-5623d3d18474 ] Request (AttachInterfacesV270Test:tearDownClass): 200 GET http://10.180.1.21/compute/v2.1/servers/227f368d-428b-44d6-8e88-cf29f616701d 0.119s
2025-05-14 08:21:17.185 70951 INFO tempest.lib.common.rest_client [req-8b51b8a6-9390-4fe7-a8fa-bffd2f963deb req-8b51b8a6-9390-4fe7-a8fa-bffd2f963deb ] Request (FloatingIPsAssociationTestJSON:tearDownClass): 200 GET http://10.180.1.21/compute/v2.1/servers/9fd729ba-094d-480c-9b90-23af25f98324 0.090s
2025-05-14 08:21:17.190 70943 INFO tempest.lib.common.rest_client [req-c100ad70-a43e-4f43-96bc-b27a9a5ed096 req-c100ad70-a43e-4f43-96bc-b27a9a5ed096 ] Request (ListServersNegativeTestJSON:test_list_servers_by_limits_pass_negative_value): 400 GET http://10.180.1.21/compute/v2.1/servers?limit=-1 0.059s
2025-05-14 08:21:17.217 70987 INFO tempest.lib.common.rest_client [req-af06fe05-010b-49af-ab43-0b66485e7a24 req-af06fe05-010b-49af-ab43-0b66485e7a24 ] Request (ServerShowV247Test:test_update_rebuild_list_server): 200 GET http://10.180.1.21/compute/v2.1/servers/d3d89f04-2a0b-49d0-ac74-f1315b68cd35 0.107s
2025-05-14 08:21:17.244 70969 INFO tempest.lib.common.rest_client [req-12f05010-1989-4e52-9f7d-d4ca3a1f95ef req-12f05010-1989-4e52-9f7d-d4ca3a1f95ef ] Request (ListImageFiltersTestJSON:tearDownClass): 200 GET http://10.180.1.21/compute/v2.1/servers/7292ceb7-1cfe-4711-8357-c9e1a3b047af 0.073s
2025-05-14 08:21:17.250 70943 INFO tempest.lib.common.rest_client [req-f7474964-362d-40c7-9370-d12879460e23 req-f7474964-362d-40c7-9370-d12879460e23 ] Request (ListServersNegativeTestJSON:test_list_servers_by_limits_pass_string): 400 GET http://10.180.1.21/compute/v2.1/servers?limit=testing 0.058s
2025-05-14 08:21:17.273 70977 INFO tempest.lib.common.rest_client [req-78226ce2-d231-447e-909a-e5c1427e79ad req-78226ce2-d231-447e-909a-e5c1427e79ad ] Request (InstanceActionsV221TestJSON:test_get_list_deleted_instance_actions): 200 GET http://10.180.1.21/compute/v2.1/servers/4bf50c51-dfc7-43bb-b79a-374d8c4954e8 0.091s
2025-05-14 08:21:17.284 70943 INFO tempest.lib.common.rest_client [req-e4c09517-e77d-4380-85a3-82bbb23d0cfc req-e4c09517-e77d-4380-85a3-82bbb23d0cfc ] Request (ListServersNegativeTestJSON:test_list_servers_by_non_existing_flavor): 200 GET http://10.180.1.21/compute/v2.1/servers?flavor=non_existing_flavor 0.033s
2025-05-14 08:21:17.306 70999 INFO tempest.lib.common.rest_client [req-54dd81da-62a5-428e-8863-2612d5b1a642 req-54dd81da-62a5-428e-8863-2612d5b1a642 ] Request (ServersListShow298Test:test_list_show_update_rebuild_server_298): 200 GET http://10.180.1.21/compute/v2.1/servers/ba429fba-1128-4002-96bf-50a463bad12b 0.079s
2025-05-14 08:21:17.330 71003 INFO tempest.lib.common.rest_client [req-232c05ba-0817-4fdf-8c32-50f845d85420 req-232c05ba-0817-4fdf-8c32-50f845d85420 ] Request (ServerDiagnosticsNegativeTest:test_get_server_diagnostics_by_non_admin): 200 GET http://10.180.1.21/compute/v2.1/servers/ff0824a7-e7b4-46a9-8474-0b9e1d57aa79 0.057s
2025-05-14 08:21:17.355 70943 INFO tempest.lib.common.rest_client [req-5d0f2a01-a8ca-40e3-aeab-a44946627bef req-5d0f2a01-a8ca-40e3-aeab-a44946627bef ] Request (ListServersNegativeTestJSON:test_list_servers_by_non_existing_image): 200 GET http://10.180.1.21/compute/v2.1/servers?image=non_existing_image 0.067s
