2025-05-14 08:21:46.651 70951 INFO tempest.lib.common.rest_client [req-96cadcdb-d31d-4139-819f-bc0c21048d5f req-96cadcdb-d31d-4139-819f-bc0c21048d5f ] Request (FloatingIPsAssociationTestJSON:tearDownClass): 200 GET http://10.180.1.21/compute/v2.1/servers/9fd729ba-094d-480c-9b90-23af25f98324 0.080s
2025-05-14 08:21:46.707 70967 INFO tempest.lib.common.rest_client [req-0c8bb68a-516f-446d-a0ff-fd67095f539a req-0c8bb68a-516f-446d-a0ff-fd67095f539a ] Request (ImagesTestJSON:test_create_image_from_stopped_server): 200 GET http://10.180.1.21/compute/v2.1/images/5d2bef61-3d34-457b-afbb-2dfa41470483 0.062s
2025-05-14 08:21:46.718 70969 INFO tempest.lib.common.rest_client [req-a3d15e86-09e4-476e-afb8-7e392c4bfe84 req-a3d15e86-09e4-476e-afb8-7e392c4bfe84 ] Request (ListImageFiltersTestJSON:tearDownClass): 200 GET http://10.180.1.21/compute/v2.1/servers/7292ceb7-1cfe-4711-8357-c9e1a3b047af 0.137s
2025-05-14 08:21:46.760 70977 INFO tempest.lib.common.rest_client [req-5c4409e0-7cd5-44c1-aa24-5737103bf91c req-5c4409e0-7cd5-44c1-aa24-5737103bf91c ] Request (InstanceActionsV221TestJSON:tearDownClass): 204 DELETE http://10.180.1.21:9696/networking/v2.0/routers/6aadb626-4961-49c0-adff-a7214ff486d3 0.563s
2025-05-14 08:21:46.791 70943 INFO tempest.lib.common.rest_client [req-63ea3c2b-79f1-4b99-a54c-6d6056c4e0e2 req-63ea3c2b-79f1-4b99-a54c-6d6056c4e0e2 ] Request (ListServersNegativeTestJSON:tearDownClass): 200 GET http://10.180.1.21/compute/v2.1/servers/2445db5d-8a5f-46ab-af64-de4cff2f6560 0.073s
2025-05-14 08:21:46.795 70962 INFO tempest.lib.common.rest_client [req-1b288b19-72f7-4888-83bf-243fe20ba862 req-1b288b19-72f7-4888-83bf-243fe20ba862 ] Request (ServerGroupTestJSON:_run_cleanups): 200 GET http://10.180.1.21/compute/v2.1/servers/b7de3584-9304-4363-adb5-ecf99a60bdb3 0.150s
2025-05-14 08:21:46.859 70987 INFO tempest.lib.common.rest_client [req-d7024f92-126e-4c89-84ff-9a4bb8696a52 req-d7024f92-126e-4c89-84ff-9a4bb8696a52 ] Request (ServerShowV247Test:test_update_rebuild_list_server): 200 GET http://10.180.1.21/compute/v2.1/servers/d3d89f04-2a0b-49d0-ac74-f1315b68cd35 0.119s
2025-05-14 08:21:46.872 70973 INFO tempest.lib.common.rest_client [req-2b9711a5-ae05-43f7-bffc-e685428d4ea8 req-2b9711a5-ae05-43f7-bffc-e685428d4ea8 ] Request (DeleteServersTestJSON:test_delete_server_while_in_attached_volume): 200 GET http://10.180.1.21/compute/v2.1/servers/1677457a-9ddd-4ad7-8919-1c2154cbc969 0.071s
2025-05-14 08:21:46.924 70977 INFO tempest.lib.common.rest_client [req-0250080d-03ec-49fd-87a2-85235a8cd9b0 req-0250080d-03ec-49fd-87a2-85235a8cd9b0 ] Request (InstanceActionsV221TestJSON:tearDownClass): 204 DELETE http://10.180.1.21:9696/networking/v2.0/subnets/a1069b2d-a415-4b70-b398-86926e05ce8f 0.163s
2025-05-14 08:21:46.926 70971 INFO tempest.lib.common.rest_client [req-c50fe2e4-b467-4839-b48e-ec4703c892ce req-c50fe2e4-b467-4839-b48e-ec4703c892ce ] Request (ServerMetadataTestJSON:setUpClass): 200 GET http://10.180.1.21/compute/v2.1/servers/c374c977-6c2a-43b8-9c61-b7eb09470174 0.090s
2025-05-14 08:21:46.972 70965 INFO tempest.lib.common.rest_client [req-df24ebc2-9f6d-4847-8667-4855125bc00b req-df24ebc2-9f6d-4847-8667-4855125bc00b ] Request (MigrationsAdminTest:test_resize_server_revert_deleted_flavor): 200 GET http://10.180.1.21/compute/v2.1/servers/52c59e2e-f232-4634-833e-dd07b6892c59 0.061s
2025-05-14 08:21:47.040 70953 INFO tempest.lib.common.rest_client [req-dc14a9ca-beba-4582-a655-6165d1efa8ac req-dc14a9ca-beba-4582-a655-6165d1efa8ac ] Request (VolumesAssistedSnapshotsTest:tearDownClass): 200 GET http://10.180.1.21/compute/v2.1/servers/10a5ff4b-5d67-4173-8378-a8cde0b80b6b 0.064s
2025-05-14 08:21:47.105 70999 INFO tempest.lib.common.rest_client [req-1cbb1494-5911-4e47-bc0d-40ba5057a5a6 req-1cbb1494-5911-4e47-bc0d-40ba5057a5a6 ] Request (ServersListShow298Test:test_list_show_update_rebuild_server_298): 200 GET http://10.180.1.21/compute/v2.1/servers/ba429fba-1128-4002-96bf-50a463bad12b 0.062s
2025-05-14 08:21:47.136 71003 INFO tempest.lib.common.rest_client [req-1d30b8f9-acd8-4364-a41f-434eadb1eab2 req-1d30b8f9-acd8-4364-a41f-434eadb1eab2 ] Request (ServerDiagnosticsNegativeTest:tearDownClass): 200 GET http://10.180.1.21/compute/v2.1/servers/ff0824a7-e7b4-46a9-8474-0b9e1d57aa79 0.173s
2025-05-14 08:21:47.156 70947 INFO tempest.lib.common.rest_client [req-5f0419d6-e89b-4868-87ed-9c68b94fc600 req-5f0419d6-e89b-4868-87ed-9c68b94fc600 ] Request (ServersAdminTestJSON:test_inject_network_info): 200 GET http://10.180.1.21/compute/v2.1/servers/8d5b58a3-2e84-4c7c-a111-d55a7746059e 0.103s
2025-05-14 08:21:47.208 70957 INFO tempest.lib.common.rest_client [req-054f05cc-eb70-4fc4-8165-22ee46a1411a req-054f05cc-eb70-4fc4-8165-22ee46a1411a ] Request (ServersTestJSON:tearDownClass): 200 GET http://10.180.1.21/compute/v2.1/servers/a86261da-ce37-4d63-a080-e84983e142b7 0.079s
2025-05-14 08:21:47.219 70977 INFO tempest.lib.common.rest_client [req-aad054eb-cfe3-4704-8693-4788c9644077 req-aad054eb-cfe3-4704-8693-4788c9644077 ] Request (InstanceActionsV221TestJSON:tearDownClass): 204 DELETE http://10.180.1.21:9696/networking/v2.0/networks/420f1010-bab4-4920-a513-5a4e13a2226a 0.294s
2025-05-14 08:21:47.219 70959 INFO tempest.lib.common.rest_client [req-f880d331-90ee-4ddc-9741-fceccedd0a1b req-f880d331-90ee-4ddc-9741-fceccedd0a1b ] Request (DeleteServersAdminTestJSON:test_delete_server_while_in_error_state): 200 GET http://10.180.1.21/compute/v2.1/servers/073eaf30-1b21-43a7-a020-0fe9508db118 0.079s
2025-05-14 08:21:47.258 70955 INFO tempest.lib.common.rest_client [req-641c79a0-8886-4219-ab94-45bcf48b1e32 req-641c79a0-8886-4219-ab94-45bcf48b1e32 ] Request (ServerMetadataNegativeTestJSON:setUpClass): 200 GET http://10.180.1.21/compute/v2.1/servers/17f11b74-f8eb-4460-8d7c-1c42d249d5e2 0.067s
2025-05-14 08:21:47.266 71001 INFO tempest.lib.common.rest_client [req-d0908e5d-a802-42d1-81fe-b626a05724c7 req-d0908e5d-a802-42d1-81fe-b626a05724c7 ] Request (AttachInterfacesTestJSON:test_create_list_show_delete_interfaces_by_network_port): 200 GET http://10.180.1.21/compute/v2.1/servers/9c8db63a-ad0f-48c4-8e07-54e59b76ff54 0.068s
2025-05-14 08:21:47.307 70949 INFO tempest.lib.common.rest_client [req-6a4a3ee8-7ac4-47d3-ac44-32b52d040a9d req-6a4a3ee8-7ac4-47d3-ac44-32b52d040a9d ] Request (ServersAdminNegativeTestJSON:test_migrate_server_invalid_state): 200 GET http://10.180.1.21/compute/v2.1/servers/9db0aa8c-05ca-46d6-9c3f-6255606e97d3 0.052s
2025-05-14 08:21:47.316 70995 INFO tempest.lib.common.rest_client [req-055eafa0-ef77-4c5e-9b6f-2628855f92de req-055eafa0-ef77-4c5e-9b6f-2628855f92de ] Request (SecurityGroupsTestJSON:test_server_security_groups): 200 GET http://10.180.1.21/compute/v2.1/servers/289770ea-9d82-44e6-8938-d02978cd7080 0.058s
2025-05-14 08:21:47.343 70977 INFO tempest.lib.common.rest_client [req-53c9e147-e1f5-4949-b7cf-0206a95af8c8 req-53c9e147-e1f5-4949-b7cf-0206a95af8c8 ] Request (InstanceActionsV221TestJSON:tearDownClass): 204 DELETE http://10.180.1.21/identity/v3/users/d14f5c4e51ac426d8241c1bb6e12eb0c 0.123s
2025-05-14 08:21:47.343 70977 INFO tempest.lib.common.dynamic_creds [-] Deleting project and security group for project: 29b5e1abadef4f59b36ca25c637f64e4
2025-05-14 08:21:47.376 70977 INFO tempest.lib.common.rest_client [req-7c4cd353-c716-455c-891b-2b1918d21d39 req-7c4cd353-c716-455c-891b-2b1918d21d39 ] Request (InstanceActionsV221TestJSON:tearDownClass): 200 GET http://10.180.1.21:9696/networking/v2.0/security-groups?tenant_id=29b5e1abadef4f59b36ca25c637f64e4&name=default 0.032s
2025-05-14 08:21:47.407 70989 INFO tempest.lib.common.rest_client [req-2e6c780c-a991-492c-91a9-bd6a8d4301a1 req-2e6c780c-a991-492c-91a9-bd6a8d4301a1 ] Request (ServerTagsTestJSON:setUpClass): 200 GET http://10.180.1.21/compute/v2.1/servers/93f539d3-de28-4247-b2c1-17488750aa8f 0.062s
2025-05-14 08:21:47.408 70993 INFO tempest.lib.common.rest_client [req-1fa4182d-115e-460d-809e-484cae6d1811 req-1fa4182d-115e-460d-809e-484cae6d1811 ] Request (ServerActionsTestOtherB:setUpClass): 200 GET http://10.180.1.21/compute/v2.1/servers/3e11e849-1e5e-4b19-adc6-c5ede4e82c4f 0.076s
2025-05-14 08:21:47.456 70981 INFO tempest.lib.common.rest_client [req-d802a05a-47cb-4b3f-8ac6-bb0fa2958d1a req-d802a05a-47cb-4b3f-8ac6-bb0fa2958d1a ] Request (FloatingIPsAssociationNegativeTestJSON:setUpClass): 200 GET http://10.180.1.21/compute/v2.1/servers/2172d74f-9f45-48d4-b4e7-ce844f5ace4b 0.063s
2025-05-14 08:21:47.468 70979 INFO tempest.lib.common.rest_client [req-1c5854f4-a123-4a0e-92d0-ac15ef9f0161 req-1c5854f4-a123-4a0e-92d0-ac15ef9f0161 ] Request (ServerRescueTestJSON:test_rescue_unrescue_instance): 200 GET http://10.180.1.21/compute/v2.1/servers/3768ccae-b089-439c-943f-d54d10c245ad 0.054s
2025-05-14 08:21:47.490 70977 INFO tempest.lib.common.rest_client [req-393a3685-ece9-4e1d-bf06-6ce9c85077ac req-393a3685-ece9-4e1d-bf06-6ce9c85077ac ] Request (InstanceActionsV221TestJSON:tearDownClass): 204 DELETE http://10.180.1.21:9696/networking/v2.0/security-groups/ec4cc5da-964e-43e8-9531-6581ec387b4d 0.114s
2025-05-14 08:21:47.568 70985 INFO tempest.lib.common.rest_client [req-42224db7-e409-444f-ae49-e7bbf11c3e7a req-42224db7-e409-444f-ae49-e7bbf11c3e7a ] Request (ServerShowV257Test:tearDownClass): 200 GET http://10.180.1.21/compute/v2.1/servers/9d764c39-7d3e-4473-98e1-c33ce79cba1e 0.063s
2025-05-14 08:21:47.597 70977 INFO tempest.lib.common.rest_client [req-d1f2dc16-1aad-4be1-97b0-c82c3a66f169 req-d1f2dc16-1aad-4be1-97b0-c82c3a66f169 ] Request (InstanceActionsV221TestJSON:tearDownClass): 204 DELETE http://10.180.1.21/identity/v3/projects/29b5e1abadef4f59b36ca25c637f64e4 0.106s
2025-05-14 08:21:47.624 70991 INFO tempest.lib.common.rest_client [req-9e9b6e2e-a300-4830-bc34-0e1acebb6d57 req-9e9b6e2e-a300-4830-bc34-0e1acebb6d57 ] Request (ImagesOneServerNegativeTestJSON:_run_cleanups): 200 GET http://10.180.1.21/compute/v2.1/servers/2ac2e500-e00f-44ad-a7a7-10219c79c035 0.054s
2025-05-14 08:21:47.688 70975 INFO tempest.lib.common.rest_client [req-87a9e649-4aca-4aca-be4d-91f207b6c122 req-87a9e649-4aca-4aca-be4d-91f207b6c122 ] Request (ServersWithSpecificFlavorTestJSON:test_verify_created_server_ephemeral_disk): 200 GET http://10.180.1.21/compute/v2.1/servers/9253259a-e5e7-459b-b2d3-673dd53c40af 0.058s
2025-05-14 08:21:47.709 70941 INFO tempest.lib.common.rest_client [req-3a17893c-3484-456d-b33b-8a75fd07110b req-3a17893c-3484-456d-b33b-8a75fd07110b ] Request (ServerAddressesNegativeTestJSON:setUpClass): 200 GET http://10.180.1.21/compute/v2.1/servers/ae524940-899d-4c4f-92a1-784ad0336b4e 0.115s
2025-05-14 08:21:47.758 70967 INFO tempest.lib.common.rest_client [req-9b93770d-96dd-4902-880b-0f8b5c3fa756 req-9b93770d-96dd-4902-880b-0f8b5c3fa756 ] Request (ImagesTestJSON:test_create_image_from_stopped_server): 200 GET http://10.180.1.21/compute/v2.1/images/5d2bef61-3d34-457b-afbb-2dfa41470483 0.044s
2025-05-14 08:21:47.761 70951 INFO tempest.lib.common.rest_client [req-ca2440dd-c1fb-4764-922d-99777ec728d4 req-ca2440dd-c1fb-4764-922d-99777ec728d4 ] Request (FloatingIPsAssociationTestJSON:tearDownClass): 200 GET http://10.180.1.21/compute/v2.1/servers/9fd729ba-094d-480c-9b90-23af25f98324 0.098s
2025-05-14 08:21:47.818 70969 INFO tempest.lib.common.rest_client [req-c4dab21c-0169-4e6a-beda-2781b0f33cef req-c4dab21c-0169-4e6a-beda-2781b0f33cef ] Request (ListImageFiltersTestJSON:tearDownClass): 200 GET http://10.180.1.21/compute/v2.1/servers/7292ceb7-1cfe-4711-8357-c9e1a3b047af 0.085s
2025-05-14 08:21:47.864 70943 INFO tempest.lib.common.rest_client [req-ffb635f1-a28d-4524-ab7f-97e41aed7dda req-ffb635f1-a28d-4524-ab7f-97e41aed7dda ] Request (ListServersNegativeTestJSON:tearDownClass): 200 GET http://10.180.1.21/compute/v2.1/servers/2445db5d-8a5f-46ab-af64-de4cff2f6560 0.059s
2025-05-14 08:21:47.875 70962 INFO tempest.lib.common.rest_client [req-77f9d9a4-5b00-43cd-93ce-cc4860587b5c req-77f9d9a4-5b00-43cd-93ce-cc4860587b5c ] Request (ServerGroupTestJSON:_run_cleanups): 200 GET http://10.180.1.21/compute/v2.1/servers/b7de3584-9304-4363-adb5-ecf99a60bdb3 0.065s
2025-05-14 08:21:47.941 70987 INFO tempest.lib.common.rest_client [req-4f1dfbf7-7434-4e5b-b5bf-9e160e8eeabb req-4f1dfbf7-7434-4e5b-b5bf-9e160e8eeabb ] Request (ServerShowV247Test:test_update_rebuild_list_server): 200 GET http://10.180.1.21/compute/v2.1/servers/d3d89f04-2a0b-49d0-ac74-f1315b68cd35 0.064s
2025-05-14 08:21:47.945 70973 INFO tempest.lib.common.rest_client [req-a9e5051d-fd4c-4ccb-b2fe-4970f66ab5f7 req-a9e5051d-fd4c-4ccb-b2fe-4970f66ab5f7 ] Request (DeleteServersTestJSON:test_delete_server_while_in_attached_volume): 200 GET http://10.180.1.21/compute/v2.1/servers/1677457a-9ddd-4ad7-8919-1c2154cbc969 0.064s
2025-05-14 08:21:47.995 70971 INFO tempest.lib.common.rest_client [req-545b583c-0f55-4e20-a3d6-c702573fc42b req-545b583c-0f55-4e20-a3d6-c702573fc42b ] Request (ServerMetadataTestJSON:setUpClass): 200 GET http://10.180.1.21/compute/v2.1/servers/c374c977-6c2a-43b8-9c61-b7eb09470174 0.060s
2025-05-14 08:21:48.040 70965 INFO tempest.lib.common.rest_client [req-fbdbb395-4117-48d7-a333-c58c787f92d8 req-fbdbb395-4117-48d7-a333-c58c787f92d8 ] Request (MigrationsAdminTest:test_resize_server_revert_deleted_flavor): 200 GET http://10.180.1.21/compute/v2.1/servers/52c59e2e-f232-4634-833e-dd07b6892c59 0.056s
2025-05-14 08:21:48.117 70953 INFO tempest.lib.common.rest_client [req-9302a9bc-5fd7-4e36-a4dd-32ee3ac4a80b req-9302a9bc-5fd7-4e36-a4dd-32ee3ac4a80b ] Request (VolumesAssistedSnapshotsTest:tearDownClass): 200 GET http://10.180.1.21/compute/v2.1/servers/10a5ff4b-5d67-4173-8378-a8cde0b80b6b 0.067s
2025-05-14 08:21:48.190 70999 INFO tempest.lib.common.rest_client [req-034a3b4c-5323-48fa-823c-f7e40acd07f1 req-034a3b4c-5323-48fa-823c-f7e40acd07f1 ] Request (ServersListShow298Test:test_list_show_update_rebuild_server_298): 200 GET http://10.180.1.21/compute/v2.1/servers/ba429fba-1128-4002-96bf-50a463bad12b 0.072s
2025-05-14 08:21:48.198 71003 INFO tempest.lib.common.rest_client [req-25c81e0b-360c-4d55-85b3-7bfeb5558374 req-25c81e0b-360c-4d55-85b3-7bfeb5558374 ] Request (ServerDiagnosticsNegativeTest:tearDownClass): 200 GET http://10.180.1.21/compute/v2.1/servers/ff0824a7-e7b4-46a9-8474-0b9e1d57aa79 0.053s
2025-05-14 08:21:48.242 70947 INFO tempest.lib.common.rest_client [req-a8e3c517-a589-4dc8-b14a-7408540940f9 req-a8e3c517-a589-4dc8-b14a-7408540940f9 ] Request (ServersAdminTestJSON:test_inject_network_info): 200 GET http://10.180.1.21/compute/v2.1/servers/8d5b58a3-2e84-4c7c-a111-d55a7746059e 0.078s
2025-05-14 08:21:48.287 70957 INFO tempest.lib.common.rest_client [req-4a305879-dff2-4906-86d7-14d3cd2b802b req-4a305879-dff2-4906-86d7-14d3cd2b802b ] Request (ServersTestJSON:tearDownClass): 200 GET http://10.180.1.21/compute/v2.1/servers/a86261da-ce37-4d63-a080-e84983e142b7 0.065s
2025-05-14 08:21:48.312 70959 INFO tempest.lib.common.rest_client [req-95ec8dc3-ddc3-40db-928b-5a1b7821641c req-95ec8dc3-ddc3-40db-928b-5a1b7821641c ] Request (DeleteServersAdminTestJSON:test_delete_server_while_in_error_state): 200 GET http://10.180.1.21/compute/v2.1/servers/073eaf30-1b21-43a7-a020-0fe9508db118 0.086s
2025-05-14 08:21:48.339 70955 INFO tempest.lib.common.rest_client [req-46f6f50b-7d50-4607-8d18-3e1fda67c87d req-46f6f50b-7d50-4607-8d18-3e1fda67c87d ] Request (ServerMetadataNegativeTestJSON:setUpClass): 200 GET http://10.180.1.21/compute/v2.1/servers/17f11b74-f8eb-4460-8d7c-1c42d249d5e2 0.073s
2025-05-14 08:21:48.373 71001 INFO tempest.lib.common.rest_client [req-fed13509-8125-44bf-9da7-7ab909dfef13 req-fed13509-8125-44bf-9da7-7ab909dfef13 ] Request (AttachInterfacesTestJSON:test_create_list_show_delete_interfaces_by_network_port): 200 GET http://10.180.1.21/compute/v2.1/servers/9c8db63a-ad0f-48c4-8e07-54e59b76ff54 0.100s
2025-05-14 08:21:48.398 70949 INFO tempest.lib.common.rest_client [req-a8381bcb-3e0d-40fe-8901-d1d4f2ff0bc3 req-a8381bcb-3e0d-40fe-8901-d1d4f2ff0bc3 ] Request (ServersAdminNegativeTestJSON:test_migrate_server_invalid_state): 200 GET http://10.180.1.21/compute/v2.1/servers/9db0aa8c-05ca-46d6-9c3f-6255606e97d3 0.081s
2025-05-14 08:21:48.425 70995 INFO tempest.lib.common.rest_client [req-8ff88c10-c0d8-4fd4-be40-6c8fd9ee949d req-8ff88c10-c0d8-4fd4-be40-6c8fd9ee949d ] Request (SecurityGroupsTestJSON:test_server_security_groups): 200 GET http://10.180.1.21/compute/v2.1/servers/289770ea-9d82-44e6-8938-d02978cd7080 0.102s
2025-05-14 08:21:48.466 70993 INFO tempest.lib.common.rest_client [req-cfa2255e-de68-4e12-97cf-38f818b1f53f req-cfa2255e-de68-4e12-97cf-38f818b1f53f ] Request (ServerActionsTestOtherB:setUpClass): 200 GET http://10.180.1.21/compute/v2.1/servers/3e11e849-1e5e-4b19-adc6-c5ede4e82c4f 0.051s
2025-05-14 08:21:48.478 70989 INFO tempest.lib.common.rest_client [req-bf8f06a7-39fd-4c0e-bcd4-870a5413e518 req-bf8f06a7-39fd-4c0e-bcd4-870a5413e518 ] Request (ServerTagsTestJSON:setUpClass): 200 GET http://10.180.1.21/compute/v2.1/servers/93f539d3-de28-4247-b2c1-17488750aa8f 0.060s
2025-05-14 08:21:48.514 70981 INFO tempest.lib.common.rest_client [req-f0cf0f1d-060b-43f9-a228-a9453604c4eb req-f0cf0f1d-060b-43f9-a228-a9453604c4eb ] Request (FloatingIPsAssociationNegativeTestJSON:setUpClass): 200 GET http://10.180.1.21/compute/v2.1/servers/2172d74f-9f45-48d4-b4e7-ce844f5ace4b 0.049s
2025-05-14 08:21:48.521 70981 INFO tempest.common.waiters [-] State transition "BUILD/None" ==> "BUILD/networking" after 98 second wait
2025-05-14 08:21:48.526 70979 INFO tempest.lib.common.rest_client [req-a60dc69c-cba1-44de-a2ca-464e7de91570 req-a60dc69c-cba1-44de-a2ca-464e7de91570 ] Request (ServerRescueTestJSON:test_rescue_unrescue_instance): 200 GET http://10.180.1.21/compute/v2.1/servers/3768ccae-b089-439c-943f-d54d10c245ad 0.049s
2025-05-14 08:21:48.601 70985 INFO tempest.lib.common.rest_client [req-63d14c8e-11b9-4278-9b6d-d5a768c4c54c req-63d14c8e-11b9-4278-9b6d-d5a768c4c54c ] Request (ServerShowV257Test:tearDownClass): 404 GET http://10.180.1.21/compute/v2.1/servers/9d764c39-7d3e-4473-98e1-c33ce79cba1e 0.023s
2025-05-14 08:21:48.695 70991 INFO tempest.lib.common.rest_client [req-a062f825-a713-44ce-ae4e-42e3a45db01a req-a062f825-a713-44ce-ae4e-42e3a45db01a ] Request (ImagesOneServerNegativeTestJSON:_run_cleanups): 200 GET http://10.180.1.21/compute/v2.1/servers/2ac2e500-e00f-44ad-a7a7-10219c79c035 0.063s
2025-05-14 08:21:48.719 70985 INFO tempest.lib.common.rest_client [req-cebb8544-6920-4798-b876-be00635daa58 req-cebb8544-6920-4798-b876-be00635daa58 ] Request (ServerShowV257Test:tearDownClass): 204 DELETE http://10.180.1.21/identity/v3/users/8f526092df3e45fcb94d8613c90b3930 0.117s
2025-05-14 08:21:48.719 70985 INFO tempest.lib.common.dynamic_creds [-] Deleting project and security group for project: e5cfe7e5acbc41da839d0b2f6cc88ac0
2025-05-14 08:21:48.757 70975 INFO tempest.lib.common.rest_client [req-52dcb598-79ea-4929-a5d3-ef355afd18d4 req-52dcb598-79ea-4929-a5d3-ef355afd18d4 ] Request (ServersWithSpecificFlavorTestJSON:test_verify_created_server_ephemeral_disk): 200 GET http://10.180.1.21/compute/v2.1/servers/9253259a-e5e7-459b-b2d3-673dd53c40af 0.061s
2025-05-14 08:21:48.791 70985 INFO tempest.lib.common.rest_client [req-d569bd72-9cbb-4f30-80f3-0f0f44bee6e6 req-d569bd72-9cbb-4f30-80f3-0f0f44bee6e6 ] Request (ServerShowV257Test:tearDownClass): 201 POST http://10.180.1.21/identity/v3/auth/tokens 0.072s
2025-05-14 08:21:48.808 70967 INFO tempest.lib.common.rest_client [req-3018b49f-ada8-4756-ad13-26cc80b7bca0 req-3018b49f-ada8-4756-ad13-26cc80b7bca0 ] Request (ImagesTestJSON:test_create_image_from_stopped_server): 200 GET http://10.180.1.21/compute/v2.1/images/5d2bef61-3d34-457b-afbb-2dfa41470483 0.045s
2025-05-14 08:21:48.867 70941 INFO tempest.lib.common.rest_client [req-003fcbed-beed-409d-bc74-dfc14b87d973 req-003fcbed-beed-409d-bc74-dfc14b87d973 ] Request (ServerAddressesNegativeTestJSON:setUpClass): 200 GET http://10.180.1.21/compute/v2.1/servers/ae524940-899d-4c4f-92a1-784ad0336b4e 0.145s
2025-05-14 08:21:48.883 70951 INFO tempest.lib.common.rest_client [req-db9a10c1-0343-464e-a033-8b7b9540fa43 req-db9a10c1-0343-464e-a033-8b7b9540fa43 ] Request (FloatingIPsAssociationTestJSON:tearDownClass): 200 GET http://10.180.1.21/compute/v2.1/servers/9fd729ba-094d-480c-9b90-23af25f98324 0.114s
2025-05-14 08:21:48.949 70969 INFO tempest.lib.common.rest_client [req-5607a353-8e38-45ca-979f-2d1cfde27b6b req-5607a353-8e38-45ca-979f-2d1cfde27b6b ] Request (ListImageFiltersTestJSON:tearDownClass): 200 GET http://10.180.1.21/compute/v2.1/servers/7292ceb7-1cfe-4711-8357-c9e1a3b047af 0.123s
2025-05-14 08:21:48.956 70943 INFO tempest.lib.common.rest_client [req-d2cb1d4a-4a93-4d88-a710-32ed69ed8c04 req-d2cb1d4a-4a93-4d88-a710-32ed69ed8c04 ] Request (ListServersNegativeTestJSON:tearDownClass): 200 GET http://10.180.1.21/compute/v2.1/servers/2445db5d-8a5f-46ab-af64-de4cff2f6560 0.084s
2025-05-14 08:21:49.003 70985 INFO tempest.lib.common.rest_client [req-649840ba-057f-401f-841d-b3d9d2f113e4 req-649840ba-057f-401f-841d-b3d9d2f113e4 ] Request (ServerShowV257Test:tearDownClass): 200 GET http://10.180.1.21:9696/networking/v2.0/security-groups?tenant_id=e5cfe7e5acbc41da839d0b2f6cc88ac0&name=default 0.210s
2025-05-14 08:21:49.013 70962 INFO tempest.lib.common.rest_client [req-85834803-b5b5-4a1c-bb31-7425799a26c1 req-85834803-b5b5-4a1c-bb31-7425799a26c1 ] Request (ServerGroupTestJSON:_run_cleanups): 200 GET http://10.180.1.21/compute/v2.1/servers/b7de3584-9304-4363-adb5-ecf99a60bdb3 0.129s
2025-05-14 08:21:49.054 70987 INFO tempest.lib.common.rest_client [req-4cef6b01-86a9-4099-8676-8b5337604ce1 req-4cef6b01-86a9-4099-8676-8b5337604ce1 ] Request (ServerShowV247Test:test_update_rebuild_list_server): 200 GET http://10.180.1.21/compute/v2.1/servers/d3d89f04-2a0b-49d0-ac74-f1315b68cd35 0.104s
2025-05-14 08:21:49.088 70973 INFO tempest.lib.common.rest_client [req-0c508bf0-a69e-4a56-a635-aefaba1c9350 req-0c508bf0-a69e-4a56-a635-aefaba1c9350 ] Request (DeleteServersTestJSON:test_delete_server_while_in_attached_volume): 200 GET http://10.180.1.21/compute/v2.1/servers/1677457a-9ddd-4ad7-8919-1c2154cbc969 0.135s
2025-05-14 08:21:49.113 70971 INFO tempest.lib.common.rest_client [req-db7faae4-82f0-4fa3-9d95-e8bf7fb48952 req-db7faae4-82f0-4fa3-9d95-e8bf7fb48952 ] Request (ServerMetadataTestJSON:setUpClass): 200 GET http://10.180.1.21/compute/v2.1/servers/c374c977-6c2a-43b8-9c61-b7eb09470174 0.108s
2025-05-14 08:21:49.114 70985 INFO tempest.lib.common.rest_client [req-dd2a9d72-3322-4024-836e-c86f652e824a req-dd2a9d72-3322-4024-836e-c86f652e824a ] Request (ServerShowV257Test:tearDownClass): 204 DELETE http://10.180.1.21:9696/networking/v2.0/security-groups/2a70263a-e8df-4f98-8ad0-a10752ba5978 0.110s
2025-05-14 08:21:49.143 70965 INFO tempest.lib.common.rest_client [req-3159d6bd-c4ef-403b-9e1b-4104ea3e2d63 req-3159d6bd-c4ef-403b-9e1b-4104ea3e2d63 ] Request (MigrationsAdminTest:test_resize_server_revert_deleted_flavor): 200 GET http://10.180.1.21/compute/v2.1/servers/52c59e2e-f232-4634-833e-dd07b6892c59 0.096s
2025-05-14 08:21:49.187 70985 INFO tempest.lib.common.rest_client [req-4ff53f60-0f7c-495a-b733-c9ffcc2d5867 req-4ff53f60-0f7c-495a-b733-c9ffcc2d5867 ] Request (ServerShowV257Test:tearDownClass): 204 DELETE http://10.180.1.21/identity/v3/projects/e5cfe7e5acbc41da839d0b2f6cc88ac0 0.072s
2025-05-14 08:21:49.193 70953 INFO tempest.lib.common.rest_client [req-0bf589c0-755a-4d7b-9475-8fe9e00b10d6 req-0bf589c0-755a-4d7b-9475-8fe9e00b10d6 ] Request (VolumesAssistedSnapshotsTest:tearDownClass): 200 GET http://10.180.1.21/compute/v2.1/servers/10a5ff4b-5d67-4173-8378-a8cde0b80b6b 0.067s
2025-05-14 08:21:49.251 70985 INFO tempest.lib.common.rest_client [req-52931504-b49c-4d59-9d5a-ddf5558d67a4 req-52931504-b49c-4d59-9d5a-ddf5558d67a4 ] Request (VolumesSnapshotsTestJSON:setUpClass): 201 POST http://10.180.1.21/identity/v3/auth/tokens 0.062s
2025-05-14 08:21:49.273 70999 INFO tempest.lib.common.rest_client [req-de4f2bdb-7417-44ce-a9f0-e5f6f2ef77cf req-de4f2bdb-7417-44ce-a9f0-e5f6f2ef77cf ] Request (ServersListShow298Test:test_list_show_update_rebuild_server_298): 200 GET http://10.180.1.21/compute/v2.1/servers/ba429fba-1128-4002-96bf-50a463bad12b 0.069s
2025-05-14 08:21:49.276 71003 INFO tempest.lib.common.rest_client [req-9df54e37-4037-4505-b76e-d64c2941ab0a req-9df54e37-4037-4505-b76e-d64c2941ab0a ] Request (ServerDiagnosticsNegativeTest:tearDownClass): 200 GET http://10.180.1.21/compute/v2.1/servers/ff0824a7-e7b4-46a9-8474-0b9e1d57aa79 0.070s
2025-05-14 08:21:49.283 71003 INFO tempest.common.waiters [-] State transition "ACTIVE/deleting" ==> "DELETED/None" after 5 second wait
2025-05-14 08:21:49.285 70985 INFO tempest.lib.common.rest_client [req-7c0b23a7-d714-4d57-87df-f77851d8fe74 req-7c0b23a7-d714-4d57-87df-f77851d8fe74 ] Request (VolumesSnapshotsTestJSON:setUpClass): 201 POST http://10.180.1.21/identity/v3/auth/tokens 0.031s
2025-05-14 08:21:49.288 70999 INFO tempest.common.waiters [-] State transition "REBUILD/rebuild_spawning" ==> "ACTIVE/None" after 11 second wait
2025-05-14 08:21:49.309 70985 INFO tempest.lib.common.rest_client [req-4481710f-9eb1-43e9-9314-b6d0e10ee534 req-4481710f-9eb1-43e9-9314-b6d0e10ee534 ] Request (VolumesSnapshotsTestJSON:setUpClass): 200 GET http://10.180.1.21/identity/v3/domains?name=Default 0.023s
2025-05-14 08:21:49.336 70947 INFO tempest.lib.common.rest_client [req-1914614f-7069-4d5e-bccf-ea3818314e62 req-1914614f-7069-4d5e-bccf-ea3818314e62 ] Request (ServersAdminTestJSON:test_inject_network_info): 200 GET http://10.180.1.21/compute/v2.1/servers/8d5b58a3-2e84-4c7c-a111-d55a7746059e 0.087s
2025-05-14 08:21:49.344 70985 INFO tempest.lib.common.rest_client [req-4e181f72-f388-4913-ba1f-751bd3df2d79 req-4e181f72-f388-4913-ba1f-751bd3df2d79 ] Request (VolumesSnapshotsTestJSON:setUpClass): 201 POST http://10.180.1.21/identity/v3/projects 0.034s
2025-05-14 08:21:49.409 70999 INFO tempest.lib.common.rest_client [req-4add151b-f60d-474e-9078-02c80abe1550 req-4add151b-f60d-474e-9078-02c80abe1550 ] Request (ServersListShow298Test:tearDownClass): 204 DELETE http://10.180.1.21/compute/v2.1/servers/ba429fba-1128-4002-96bf-50a463bad12b 0.115s
2025-05-14 08:21:49.416 70957 INFO tempest.lib.common.rest_client [req-d6355a74-2925-49eb-ab5a-234544e9ebb7 req-d6355a74-2925-49eb-ab5a-234544e9ebb7 ] Request (ServersTestJSON:tearDownClass): 200 GET http://10.180.1.21/compute/v2.1/servers/a86261da-ce37-4d63-a080-e84983e142b7 0.119s
2025-05-14 08:21:49.419 70985 INFO tempest.lib.common.rest_client [req-c599a445-5228-4e04-8be6-5c4fd5fa354e req-c599a445-5228-4e04-8be6-5c4fd5fa354e ] Request (VolumesSnapshotsTestJSON:setUpClass): 201 POST http://10.180.1.21/identity/v3/users 0.074s
2025-05-14 08:21:49.450 70985 INFO tempest.lib.common.rest_client [req-7a87d2a6-655a-48d4-bab1-fc0cd8aac14c req-7a87d2a6-655a-48d4-bab1-fc0cd8aac14c ] Request (VolumesSnapshotsTestJSON:setUpClass): 200 GET http://10.180.1.21/identity/v3/roles 0.031s
2025-05-14 08:21:49.473 70959 INFO tempest.lib.common.rest_client [req-3a6079d7-f06d-4ad3-a805-968fa9b1ad8f req-3a6079d7-f06d-4ad3-a805-968fa9b1ad8f ] Request (DeleteServersAdminTestJSON:test_delete_server_while_in_error_state): 200 GET http://10.180.1.21/compute/v2.1/servers/073eaf30-1b21-43a7-a020-0fe9508db118 0.152s
2025-05-14 08:21:49.476 70955 INFO tempest.lib.common.rest_client [req-8f168e57-aafa-4456-8257-e345377615e1 req-8f168e57-aafa-4456-8257-e345377615e1 ] Request (ServerMetadataNegativeTestJSON:setUpClass): 200 GET http://10.180.1.21/compute/v2.1/servers/17f11b74-f8eb-4460-8d7c-1c42d249d5e2 0.129s
2025-05-14 08:21:49.480 70985 INFO tempest.lib.common.rest_client [req-7a7eecb5-ce53-4651-9941-020568b09ddd req-7a7eecb5-ce53-4651-9941-020568b09ddd ] Request (VolumesSnapshotsTestJSON:setUpClass): 204 PUT http://10.180.1.21/identity/v3/projects/5ee410f1fada415cacef855888090f98/users/f3f33591570a495bb2b0eb2288eeee7b/roles/e2f90c4ca61441c6a1cdc6aef53821c0 0.029s
2025-05-14 08:21:49.480 70985 INFO tempest.lib.common.dynamic_creds [-] Dynamic test user f3f33591570a495bb2b0eb2288eeee7b is created with scope project and roles: ['member']
2025-05-14 08:21:49.481 70985 INFO tempest.lib.common.dynamic_creds [-] Acquired dynamic creds: credentials: Credentials: {'domain_id': 'default', 'domain_name': 'Default', 'username': 'tempest-VolumesSnapshotsTestJSON-1169740423-project-member', 'project_domain_id': 'default', 'project_domain_name': 'Default', 'project_id': '5ee410f1fada415cacef855888090f98', 'project_name': 'tempest-VolumesSnapshotsTestJSON-1169740423', 'tenant_id': '5ee410f1fada415cacef855888090f98', 'tenant_name': 'tempest-VolumesSnapshotsTestJSON-1169740423', 'user_domain_id': 'default', 'user_domain_name': 'Default', 'user_id': 'f3f33591570a495bb2b0eb2288eeee7b', 'system': None}, Network: None, Subnet: None, Router: None
2025-05-14 08:21:49.481 70985 INFO tempest.lib.common.dynamic_creds [-] Created isolated network resources for: credentials: Credentials: {'domain_id': 'default', 'domain_name': 'Default', 'username': 'tempest-VolumesSnapshotsTestJSON-1169740423-project-member', 'project_domain_id': 'default', 'project_domain_name': 'Default', 'project_id': '5ee410f1fada415cacef855888090f98', 'project_name': 'tempest-VolumesSnapshotsTestJSON-1169740423', 'tenant_id': '5ee410f1fada415cacef855888090f98', 'tenant_name': 'tempest-VolumesSnapshotsTestJSON-1169740423', 'user_domain_id': 'default', 'user_domain_name': 'Default', 'user_id': 'f3f33591570a495bb2b0eb2288eeee7b', 'system': None}, Network: None, Subnet: None, Router: None
2025-05-14 08:21:49.526 70949 INFO tempest.lib.common.rest_client [req-6f2c6ef5-de6f-431f-962e-b746210c086b req-6f2c6ef5-de6f-431f-962e-b746210c086b ] Request (ServersAdminNegativeTestJSON:test_migrate_server_invalid_state): 200 GET http://10.180.1.21/compute/v2.1/servers/9db0aa8c-05ca-46d6-9c3f-6255606e97d3 0.120s
2025-05-14 08:21:49.534 71001 INFO tempest.lib.common.rest_client [req-f7ebd91d-04d9-4bfe-ac97-524062a4fd58 req-f7ebd91d-04d9-4bfe-ac97-524062a4fd58 ] Request (AttachInterfacesTestJSON:test_create_list_show_delete_interfaces_by_network_port): 200 GET http://10.180.1.21/compute/v2.1/servers/9c8db63a-ad0f-48c4-8e07-54e59b76ff54 0.152s
2025-05-14 08:21:49.568 70985 INFO tempest.lib.common.rest_client [req-274eccc3-6ae6-411c-9794-c59f22e4028f req-274eccc3-6ae6-411c-9794-c59f22e4028f ] Request (VolumesSnapshotsTestJSON:setUpClass): 201 POST http://10.180.1.21/identity/v3/auth/tokens 0.082s
2025-05-14 08:21:49.589 70995 INFO tempest.lib.common.rest_client [req-51a826f9-c4e2-4eee-81aa-3e1bceb8538b req-51a826f9-c4e2-4eee-81aa-3e1bceb8538b ] Request (SecurityGroupsTestJSON:test_server_security_groups): 200 GET http://10.180.1.21/compute/v2.1/servers/289770ea-9d82-44e6-8938-d02978cd7080 0.156s
2025-05-14 08:21:49.590 70999 INFO tempest.lib.common.rest_client [req-7bdc0ee2-3000-4331-92bd-4eac604fddd2 req-7bdc0ee2-3000-4331-92bd-4eac604fddd2 ] Request (ServersListShow298Test:tearDownClass): 200 GET http://10.180.1.21/compute/v2.1/servers/ba429fba-1128-4002-96bf-50a463bad12b 0.181s
2025-05-14 08:21:49.647 70989 INFO tempest.lib.common.rest_client [req-62601aa9-847b-45be-8d5d-61d76b71da6d req-62601aa9-847b-45be-8d5d-61d76b71da6d ] Request (ServerTagsTestJSON:setUpClass): 200 GET http://10.180.1.21/compute/v2.1/servers/93f539d3-de28-4247-b2c1-17488750aa8f 0.160s
2025-05-14 08:21:49.650 70993 INFO tempest.lib.common.rest_client [req-922cc5df-6d38-4d64-af13-e628b95cce46 req-922cc5df-6d38-4d64-af13-e628b95cce46 ] Request (ServerActionsTestOtherB:setUpClass): 200 GET http://10.180.1.21/compute/v2.1/servers/3e11e849-1e5e-4b19-adc6-c5ede4e82c4f 0.175s
2025-05-14 08:21:49.710 70979 INFO tempest.lib.common.rest_client [req-1000aea9-41e5-4a3a-989a-bb65fba34707 req-1000aea9-41e5-4a3a-989a-bb65fba34707 ] Request (ServerRescueTestJSON:test_rescue_unrescue_instance): 200 GET http://10.180.1.21/compute/v2.1/servers/3768ccae-b089-439c-943f-d54d10c245ad 0.175s
2025-05-14 08:21:49.759 70981 INFO tempest.lib.common.rest_client [req-55a7a5b4-568b-467b-94c4-15ebe331a175 req-55a7a5b4-568b-467b-94c4-15ebe331a175 ] Request (FloatingIPsAssociationNegativeTestJSON:setUpClass): 200 GET http://10.180.1.21/compute/v2.1/servers/2172d74f-9f45-48d4-b4e7-ce844f5ace4b 0.237s
2025-05-14 08:21:49.768 70981 INFO tempest.common.waiters [-] State transition "BUILD/networking" ==> "BUILD/spawning" after 99 second wait
2025-05-14 08:21:49.824 70945 WARNING tempest.lib.common.ssh [-] Failed to establish authenticated ssh connection to cirros@10.180.180.167 ([Errno None] Unable to connect to port 22 on 10.180.180.167). Number attempts: 5. Retry after 6 seconds.: paramiko.ssh_exception.NoValidConnectionsError: [Errno None] Unable to connect to port 22 on 10.180.180.167
2025-05-14 08:21:49.826 70991 INFO tempest.lib.common.rest_client [req-7b9476d8-429e-4ccc-8e02-53ca6a5f3d40 req-7b9476d8-429e-4ccc-8e02-53ca6a5f3d40 ] Request (ImagesOneServerNegativeTestJSON:_run_cleanups): 200 GET http://10.180.1.21/compute/v2.1/servers/2ac2e500-e00f-44ad-a7a7-10219c79c035 0.123s
2025-05-14 08:21:49.879 70975 INFO tempest.lib.common.rest_client [req-d55f65fc-ec1b-4fa2-b5c4-a59d581c0ad8 req-d55f65fc-ec1b-4fa2-b5c4-a59d581c0ad8 ] Request (ServersWithSpecificFlavorTestJSON:test_verify_created_server_ephemeral_disk): 200 GET http://10.180.1.21/compute/v2.1/servers/9253259a-e5e7-459b-b2d3-673dd53c40af 0.114s
2025-05-14 08:21:49.912 70967 INFO tempest.lib.common.rest_client [req-91ae4774-fcd5-489b-98e5-76ea7ac772ef req-91ae4774-fcd5-489b-98e5-76ea7ac772ef ] Request (ImagesTestJSON:test_create_image_from_stopped_server): 200 GET http://10.180.1.21/compute/v2.1/images/5d2bef61-3d34-457b-afbb-2dfa41470483 0.100s
2025-05-14 08:21:50.006 70985 INFO tempest.lib.common.rest_client [req-2b420dc1-e6ed-4716-96a4-fcefd4787bee req-2b420dc1-e6ed-4716-96a4-fcefd4787bee ] Request (VolumesSnapshotsTestJSON:test_volume_snapshot_create_get_list_delete): 200 POST http://10.180.1.21/compute/v2.1/os-volumes 0.436s
2025-05-14 08:21:50.044 70941 INFO tempest.lib.common.rest_client [req-10aa0db0-464b-4717-9b56-a91fedf55f49 req-10aa0db0-464b-4717-9b56-a91fedf55f49 ] Request (ServerAddressesNegativeTestJSON:setUpClass): 200 GET http://10.180.1.21/compute/v2.1/servers/ae524940-899d-4c4f-92a1-784ad0336b4e 0.163s
2025-05-14 08:21:50.066 70951 INFO tempest.lib.common.rest_client [req-8bb5d94f-32db-43f5-832e-e8e3e43af3f1 req-8bb5d94f-32db-43f5-832e-e8e3e43af3f1 ] Request (FloatingIPsAssociationTestJSON:tearDownClass): 200 GET http://10.180.1.21/compute/v2.1/servers/9fd729ba-094d-480c-9b90-23af25f98324 0.172s
2025-05-14 08:21:50.109 70969 INFO tempest.lib.common.rest_client [req-7d0aeb51-331f-4da1-9afa-4779ed845535 req-7d0aeb51-331f-4da1-9afa-4779ed845535 ] Request (ListImageFiltersTestJSON:tearDownClass): 200 GET http://10.180.1.21/compute/v2.1/servers/7292ceb7-1cfe-4711-8357-c9e1a3b047af 0.149s
2025-05-14 08:21:50.121 70943 INFO tempest.lib.common.rest_client [req-f6bed016-e8b2-42bd-9916-18d0a07e0705 req-f6bed016-e8b2-42bd-9916-18d0a07e0705 ] Request (ListServersNegativeTestJSON:tearDownClass): 200 GET http://10.180.1.21/compute/v2.1/servers/2445db5d-8a5f-46ab-af64-de4cff2f6560 0.155s
2025-05-14 08:21:50.141 70985 INFO tempest.lib.common.rest_client [req-8dce0c79-291f-4d97-a055-335e8374d7ff req-8dce0c79-291f-4d97-a055-335e8374d7ff ] Request (VolumesSnapshotsTestJSON:test_volume_snapshot_create_get_list_delete): 200 GET http://10.180.1.21/compute/v2.1/os-volumes/97198786-c70f-4607-829f-ab535d74b399 0.132s
2025-05-14 08:21:50.143 70985 INFO tempest.common.waiters [-] volume 97198786-c70f-4607-829f-ab535d74b399 reached available after waiting for 0.143908 seconds
2025-05-14 08:21:50.179 70962 INFO tempest.lib.common.rest_client [req-e00708c5-fcde-4e49-b0fa-fee85bec2f93 req-e00708c5-fcde-4e49-b0fa-fee85bec2f93 ] Request (ServerGroupTestJSON:_run_cleanups): 200 GET http://10.180.1.21/compute/v2.1/servers/b7de3584-9304-4363-adb5-ecf99a60bdb3 0.156s
2025-05-14 08:21:50.201 70987 INFO tempest.lib.common.rest_client [req-1c187610-70e9-4d6e-8a8e-ed192bd66479 req-1c187610-70e9-4d6e-8a8e-ed192bd66479 ] Request (ServerShowV247Test:test_update_rebuild_list_server): 200 GET http://10.180.1.21/compute/v2.1/servers/d3d89f04-2a0b-49d0-ac74-f1315b68cd35 0.135s
2025-05-14 08:21:50.233 70973 INFO tempest.lib.common.rest_client [req-0b0d3055-cd59-425c-b52a-7f1531c83e74 req-0b0d3055-cd59-425c-b52a-7f1531c83e74 ] Request (DeleteServersTestJSON:test_delete_server_while_in_attached_volume): 200 GET http://10.180.1.21/compute/v2.1/servers/1677457a-9ddd-4ad7-8919-1c2154cbc969 0.137s
2025-05-14 08:21:50.251 70971 INFO tempest.lib.common.rest_client [req-e75e236f-3a0d-4386-8fa0-687bf4f9efc6 req-e75e236f-3a0d-4386-8fa0-687bf4f9efc6 ] Request (ServerMetadataTestJSON:setUpClass): 200 GET http://10.180.1.21/compute/v2.1/servers/c374c977-6c2a-43b8-9c61-b7eb09470174 0.131s
2025-05-14 08:21:50.306 70965 INFO tempest.lib.common.rest_client [req-3a989aaa-0214-47b8-8a65-66b8ca7d63ff req-3a989aaa-0214-47b8-8a65-66b8ca7d63ff ] Request (MigrationsAdminTest:test_resize_server_revert_deleted_flavor): 200 GET http://10.180.1.21/compute/v2.1/servers/52c59e2e-f232-4634-833e-dd07b6892c59 0.154s
2025-05-14 08:21:50.344 70985 INFO tempest.lib.common.rest_client [req-5dd97707-558e-4828-bcfd-827326e9cf92 req-5dd97707-558e-4828-bcfd-827326e9cf92 ] Request (VolumesSnapshotsTestJSON:test_volume_snapshot_create_get_list_delete): 200 POST http://10.180.1.21/compute/v2.1/os-snapshots 0.200s
2025-05-14 08:21:50.395 70953 INFO tempest.lib.common.rest_client [req-0806afb5-9421-44f6-ad44-9843296330d6 req-0806afb5-9421-44f6-ad44-9843296330d6 ] Request (VolumesAssistedSnapshotsTest:tearDownClass): 200 GET http://10.180.1.21/compute/v2.1/servers/10a5ff4b-5d67-4173-8378-a8cde0b80b6b 0.193s
2025-05-14 08:21:50.402 71003 INFO tempest.lib.common.rest_client [req-6792555f-0e78-42ad-ac3a-2e9d9ca52611 req-6792555f-0e78-42ad-ac3a-2e9d9ca52611 ] Request (ServerDiagnosticsNegativeTest:tearDownClass): 200 GET http://10.180.1.21/compute/v2.1/servers/ff0824a7-e7b4-46a9-8474-0b9e1d57aa79 0.118s
2025-05-14 08:21:50.439 70985 INFO tempest.lib.common.rest_client [req-50e93787-d0ff-4a9d-a3e3-17547c9e33ad req-50e93787-d0ff-4a9d-a3e3-17547c9e33ad ] Request (VolumesSnapshotsTestJSON:test_volume_snapshot_create_get_list_delete): 200 GET http://10.180.1.21/compute/v2.1/os-snapshots/962743a7-6c08-4f66-a3ea-928a9b3148a6 0.093s
2025-05-14 08:21:50.444 70947 INFO tempest.lib.common.rest_client [req-8d49483b-f032-45e3-9695-e155ccd7b338 req-8d49483b-f032-45e3-9695-e155ccd7b338 ] Request (ServersAdminTestJSON:test_inject_network_info): 200 GET http://10.180.1.21/compute/v2.1/servers/8d5b58a3-2e84-4c7c-a111-d55a7746059e 0.099s
2025-05-14 08:21:50.475 70985 INFO tempest.lib.common.rest_client [req-741a5218-9a85-4ac8-b009-33a39cd5a2ad req-741a5218-9a85-4ac8-b009-33a39cd5a2ad ] Request (VolumesSnapshotsTestJSON:test_volume_snapshot_create_get_list_delete): 200 GET http://10.180.1.21/compute/v2.1/os-snapshots 0.034s
2025-05-14 08:21:50.507 70985 INFO tempest.lib.common.rest_client [req-6856d244-5220-44ab-8eb1-18043b7f2188 req-6856d244-5220-44ab-8eb1-18043b7f2188 ] Request (VolumesSnapshotsTestJSON:_run_cleanups): 200 GET http://10.180.1.21/compute/v2.1/os-snapshots/962743a7-6c08-4f66-a3ea-928a9b3148a6 0.030s
2025-05-14 08:21:50.508 70957 INFO tempest.lib.common.rest_client [req-585e8f50-36a6-47c2-918d-3de97d9f41a8 req-585e8f50-36a6-47c2-918d-3de97d9f41a8 ] Request (ServersTestJSON:tearDownClass): 200 GET http://10.180.1.21/compute/v2.1/servers/a86261da-ce37-4d63-a080-e84983e142b7 0.084s
2025-05-14 08:21:50.509 70985 INFO tempest.common.waiters [-] snapshot 962743a7-6c08-4f66-a3ea-928a9b3148a6 reached available after waiting for 0.509213 seconds
2025-05-14 08:21:50.569 70955 INFO tempest.lib.common.rest_client [req-43f358fb-c58f-4f9b-9ab5-da22c71b1231 req-43f358fb-c58f-4f9b-9ab5-da22c71b1231 ] Request (ServerMetadataNegativeTestJSON:setUpClass): 200 GET http://10.180.1.21/compute/v2.1/servers/17f11b74-f8eb-4460-8d7c-1c42d249d5e2 0.084s
2025-05-14 08:21:50.581 70959 INFO tempest.lib.common.rest_client [req-9f347cf1-61fb-4eda-8776-59ce61577aac req-9f347cf1-61fb-4eda-8776-59ce61577aac ] Request (DeleteServersAdminTestJSON:test_delete_server_while_in_error_state): 200 GET http://10.180.1.21/compute/v2.1/servers/073eaf30-1b21-43a7-a020-0fe9508db118 0.098s
2025-05-14 08:21:50.611 70985 INFO tempest.lib.common.rest_client [req-8fd3943a-bf97-46b2-9854-26c699a8b732 req-8fd3943a-bf97-46b2-9854-26c699a8b732 ] Request (VolumesSnapshotsTestJSON:_run_cleanups): 202 DELETE http://10.180.1.21/compute/v2.1/os-snapshots/962743a7-6c08-4f66-a3ea-928a9b3148a6 0.101s
2025-05-14 08:21:50.634 70949 INFO tempest.lib.common.rest_client [req-ae85c2ed-dfde-4b6f-9972-0eb42ea240c5 req-ae85c2ed-dfde-4b6f-9972-0eb42ea240c5 ] Request (ServersAdminNegativeTestJSON:test_migrate_server_invalid_state): 200 GET http://10.180.1.21/compute/v2.1/servers/9db0aa8c-05ca-46d6-9c3f-6255606e97d3 0.100s
2025-05-14 08:21:50.663 71001 INFO tempest.lib.common.rest_client [req-58fd1899-adb3-4c0b-99a8-55829e1b1d50 req-58fd1899-adb3-4c0b-99a8-55829e1b1d50 ] Request (AttachInterfacesTestJSON:test_create_list_show_delete_interfaces_by_network_port): 200 GET http://10.180.1.21/compute/v2.1/servers/9c8db63a-ad0f-48c4-8e07-54e59b76ff54 0.120s
2025-05-14 08:21:50.684 70995 INFO tempest.lib.common.rest_client [req-a14fb2c2-24b1-4462-a637-b261fe750f4a req-a14fb2c2-24b1-4462-a637-b261fe750f4a ] Request (SecurityGroupsTestJSON:test_server_security_groups): 200 GET http://10.180.1.21/compute/v2.1/servers/289770ea-9d82-44e6-8938-d02978cd7080 0.086s
2025-05-14 08:21:50.704 70985 INFO tempest.lib.common.rest_client [req-db3a5c2b-23bf-4780-9c94-a08222bf7b80 req-db3a5c2b-23bf-4780-9c94-a08222bf7b80 ] Request (VolumesSnapshotsTestJSON:_run_cleanups): 404 GET http://10.180.1.21/compute/v2.1/os-snapshots/962743a7-6c08-4f66-a3ea-928a9b3148a6 0.093s
2025-05-14 08:21:50.725 70999 INFO tempest.lib.common.rest_client [req-303b4e06-ffaf-437b-b314-178f7f4c07de req-303b4e06-ffaf-437b-b314-178f7f4c07de ] Request (ServersListShow298Test:tearDownClass): 200 GET http://10.180.1.21/compute/v2.1/servers/ba429fba-1128-4002-96bf-50a463bad12b 0.123s
2025-05-14 08:21:50.756 70993 INFO tempest.lib.common.rest_client [req-98fcb531-871d-4c91-8ac7-040d5fa09de9 req-98fcb531-871d-4c91-8ac7-040d5fa09de9 ] Request (ServerActionsTestOtherB:setUpClass): 200 GET http://10.180.1.21/compute/v2.1/servers/3e11e849-1e5e-4b19-adc6-c5ede4e82c4f 0.097s
2025-05-14 08:21:50.764 70993 INFO tempest.common.waiters [-] State transition "BUILD/None" ==> "BUILD/networking" after 96 second wait
2025-05-14 08:21:50.777 70989 INFO tempest.lib.common.rest_client [req-a8852cf0-3dcd-4a25-a940-87e5870e1527 req-a8852cf0-3dcd-4a25-a940-87e5870e1527 ] Request (ServerTagsTestJSON:setUpClass): 200 GET http://10.180.1.21/compute/v2.1/servers/93f539d3-de28-4247-b2c1-17488750aa8f 0.115s
2025-05-14 08:21:50.799 70985 INFO tempest.lib.common.rest_client [req-f5890267-dfed-4e3a-8178-5c98b791ea4c req-f5890267-dfed-4e3a-8178-5c98b791ea4c ] Request (VolumesSnapshotsTestJSON:_run_cleanups): 202 DELETE http://10.180.1.21/compute/v2.1/os-volumes/97198786-c70f-4607-829f-ab535d74b399 0.094s
2025-05-14 08:21:50.828 70979 INFO tempest.lib.common.rest_client [req-34fab8b2-a770-41cb-873e-41d4ff765877 req-34fab8b2-a770-41cb-873e-41d4ff765877 ] Request (ServerRescueTestJSON:test_rescue_unrescue_instance): 200 GET http://10.180.1.21/compute/v2.1/servers/3768ccae-b089-439c-943f-d54d10c245ad 0.110s
2025-05-14 08:21:50.860 70985 INFO tempest.lib.common.rest_client [req-2d1c502e-aa06-4b3c-9211-d252f813d4bf req-2d1c502e-aa06-4b3c-9211-d252f813d4bf ] Request (VolumesSnapshotsTestJSON:_run_cleanups): 200 GET http://10.180.1.21/compute/v2.1/os-volumes/97198786-c70f-4607-829f-ab535d74b399 0.061s
2025-05-14 08:21:50.911 70991 INFO tempest.lib.common.rest_client [req-f3569807-aa46-49a1-8ccd-83268c5b5e52 req-f3569807-aa46-49a1-8ccd-83268c5b5e52 ] Request (ImagesOneServerNegativeTestJSON:_run_cleanups): 200 GET http://10.180.1.21/compute/v2.1/servers/2ac2e500-e00f-44ad-a7a7-10219c79c035 0.075s
2025-05-14 08:21:50.912 70981 INFO tempest.lib.common.rest_client [req-bbfe4bbe-65f3-40b2-8452-21646066ac02 req-bbfe4bbe-65f3-40b2-8452-21646066ac02 ] Request (FloatingIPsAssociationNegativeTestJSON:setUpClass): 200 GET http://10.180.1.21/compute/v2.1/servers/2172d74f-9f45-48d4-b4e7-ce844f5ace4b 0.143s
2025-05-14 08:21:50.956 70967 INFO tempest.lib.common.rest_client [req-218157f4-4bf2-42f1-b3c2-a88c218a9a71 req-218157f4-4bf2-42f1-b3c2-a88c218a9a71 ] Request (ImagesTestJSON:test_create_image_from_stopped_server): 200 GET http://10.180.1.21/compute/v2.1/images/5d2bef61-3d34-457b-afbb-2dfa41470483 0.039s
2025-05-14 08:21:50.964 70975 INFO tempest.lib.common.rest_client [req-0149c43a-a055-459f-b7d1-ba7e822851f9 req-0149c43a-a055-459f-b7d1-ba7e822851f9 ] Request (ServersWithSpecificFlavorTestJSON:test_verify_created_server_ephemeral_disk): 200 GET http://10.180.1.21/compute/v2.1/servers/9253259a-e5e7-459b-b2d3-673dd53c40af 0.076s
2025-05-14 08:21:51.099 70951 INFO tempest.lib.common.rest_client [req-24dcbd29-31c5-4a3c-82b8-50d22083bc9e req-24dcbd29-31c5-4a3c-82b8-50d22083bc9e ] Request (FloatingIPsAssociationTestJSON:tearDownClass): 404 GET http://10.180.1.21/compute/v2.1/servers/9fd729ba-094d-480c-9b90-23af25f98324 0.025s
2025-05-14 08:21:51.194 70969 INFO tempest.lib.common.rest_client [req-7bf61c55-8d0f-4499-b9c9-273411650563 req-7bf61c55-8d0f-4499-b9c9-273411650563 ] Request (ListImageFiltersTestJSON:tearDownClass): 200 GET http://10.180.1.21/compute/v2.1/servers/7292ceb7-1cfe-4711-8357-c9e1a3b047af 0.076s
2025-05-14 08:21:51.194 70941 INFO tempest.lib.common.rest_client [req-2d1cdb2f-3d73-44cc-b6de-8d5474bb1817 req-2d1cdb2f-3d73-44cc-b6de-8d5474bb1817 ] Request (ServerAddressesNegativeTestJSON:setUpClass): 200 GET http://10.180.1.21/compute/v2.1/servers/ae524940-899d-4c4f-92a1-784ad0336b4e 0.141s
2025-05-14 08:21:51.255 70943 INFO tempest.lib.common.rest_client [req-7e75fd9e-b1ed-4298-a988-9b838b4e91d1 req-7e75fd9e-b1ed-4298-a988-9b838b4e91d1 ] Request (ListServersNegativeTestJSON:tearDownClass): 200 GET http://10.180.1.21/compute/v2.1/servers/2445db5d-8a5f-46ab-af64-de4cff2f6560 0.125s
2025-05-14 08:21:51.262 70962 INFO tempest.lib.common.rest_client [req-8a4db2ce-46d5-4bcc-9054-9e1cd6420cfd req-8a4db2ce-46d5-4bcc-9054-9e1cd6420cfd ] Request (ServerGroupTestJSON:_run_cleanups): 200 GET http://10.180.1.21/compute/v2.1/servers/b7de3584-9304-4363-adb5-ecf99a60bdb3 0.075s
2025-05-14 08:21:51.320 70987 INFO tempest.lib.common.rest_client [req-cba5a6c8-d889-4999-b02b-fabe096712fa req-cba5a6c8-d889-4999-b02b-fabe096712fa ] Request (ServerShowV247Test:test_update_rebuild_list_server): 200 GET http://10.180.1.21/compute/v2.1/servers/d3d89f04-2a0b-49d0-ac74-f1315b68cd35 0.108s
2025-05-14 08:21:51.327 70973 INFO tempest.lib.common.rest_client [req-37266da4-b27b-42cb-8fe9-7bd44210320c req-37266da4-b27b-42cb-8fe9-7bd44210320c ] Request (DeleteServersTestJSON:test_delete_server_while_in_attached_volume): 200 GET http://10.180.1.21/compute/v2.1/servers/1677457a-9ddd-4ad7-8919-1c2154cbc969 0.087s
2025-05-14 08:21:51.388 70971 INFO tempest.lib.common.rest_client [req-65908e81-e0b4-4be4-9238-73764dc3ad1f req-65908e81-e0b4-4be4-9238-73764dc3ad1f ] Request (ServerMetadataTestJSON:setUpClass): 200 GET http://10.180.1.21/compute/v2.1/servers/c374c977-6c2a-43b8-9c61-b7eb09470174 0.127s
2025-05-14 08:21:51.393 70965 INFO tempest.lib.common.rest_client [req-4df44e4a-8bb3-4f4b-9991-0e27c9e08517 req-4df44e4a-8bb3-4f4b-9991-0e27c9e08517 ] Request (MigrationsAdminTest:test_resize_server_revert_deleted_flavor): 200 GET http://10.180.1.21/compute/v2.1/servers/52c59e2e-f232-4634-833e-dd07b6892c59 0.075s
2025-05-14 08:21:51.444 70953 INFO tempest.lib.common.rest_client [req-41962b1c-3eda-45b5-91dd-1c01f020d4c3 req-41962b1c-3eda-45b5-91dd-1c01f020d4c3 ] Request (VolumesAssistedSnapshotsTest:tearDownClass): 404 GET http://10.180.1.21/compute/v2.1/servers/10a5ff4b-5d67-4173-8378-a8cde0b80b6b 0.031s
2025-05-14 08:21:51.478 70953 INFO tempest.lib.common.rest_client [req-b8cd8bff-aa01-48e1-9a54-37d23c5f8439 req-b8cd8bff-aa01-48e1-9a54-37d23c5f8439 ] Request (VolumesAssistedSnapshotsTest:tearDownClass): 202 DELETE http://10.180.1.21/compute/v2.1/os-keypairs/tempest-keypair-1254468426 0.033s
2025-05-14 08:21:51.530 71003 INFO tempest.lib.common.rest_client [req-65ac20f8-6c82-4a37-a4a5-8ce8ee842988 req-65ac20f8-6c82-4a37-a4a5-8ce8ee842988 ] Request (ServerDiagnosticsNegativeTest:tearDownClass): 200 GET http://10.180.1.21/compute/v2.1/servers/ff0824a7-e7b4-46a9-8474-0b9e1d57aa79 0.120s
2025-05-14 08:21:51.547 70947 INFO tempest.lib.common.rest_client [req-a765383e-a397-4d48-885f-dacf00bb5c2c req-a765383e-a397-4d48-885f-dacf00bb5c2c ] Request (ServersAdminTestJSON:test_inject_network_info): 200 GET http://10.180.1.21/compute/v2.1/servers/8d5b58a3-2e84-4c7c-a111-d55a7746059e 0.095s
2025-05-14 08:21:51.622 70957 INFO tempest.lib.common.rest_client [req-750bec86-7403-4c16-9b6b-a22e07339bbd req-750bec86-7403-4c16-9b6b-a22e07339bbd ] Request (ServersTestJSON:tearDownClass): 200 GET http://10.180.1.21/compute/v2.1/servers/a86261da-ce37-4d63-a080-e84983e142b7 0.101s
2025-05-14 08:21:51.648 70959 INFO tempest.lib.common.rest_client [req-ea28810e-5e06-4f06-bbbe-26b69a54ee8f req-ea28810e-5e06-4f06-bbbe-26b69a54ee8f ] Request (DeleteServersAdminTestJSON:test_delete_server_while_in_error_state): 404 GET http://10.180.1.21/compute/v2.1/servers/073eaf30-1b21-43a7-a020-0fe9508db118 0.060s
2025-05-14 08:21:51.654 70953 INFO tempest.lib.common.rest_client [req-b31dda0a-959d-4621-be2a-9a62231ab608 req-b31dda0a-959d-4621-be2a-9a62231ab608 ] Request (VolumesAssistedSnapshotsTest:tearDownClass): 204 DELETE http://10.180.1.21:9696/networking/v2.0/security-groups/e8c9194b-5e05-4207-a5ab-784203682b19 0.175s
2025-05-14 08:21:51.671 70955 INFO tempest.lib.common.rest_client [req-aa022671-ef47-4960-b06f-91b5e671335f req-aa022671-ef47-4960-b06f-91b5e671335f ] Request (ServerMetadataNegativeTestJSON:setUpClass): 200 GET http://10.180.1.21/compute/v2.1/servers/17f11b74-f8eb-4460-8d7c-1c42d249d5e2 0.090s
