2025-04-05 01:15:13.264 70395 INFO tempest.lib.common.rest_client [req-4a0d2252-afca-4014-9bdb-403104347a98 req-4a0d2252-afca-4014-9bdb-403104347a98 ] Request (DeleteServersAdminTestJSON:test_admin_delete_servers_of_others): 200 GET http://10.180.1.21/compute/v2.1/servers/fe0a3d93-5b98-4ebe-9c4a-f5f49e3fb13e 1.789s
2025-04-05 01:15:13.290 70375 INFO tempest.lib.common.rest_client [req-87a7fed3-619d-47d9-a674-ed58b1e9b27b req-87a7fed3-619d-47d9-a674-ed58b1e9b27b ] Request (HypervisorAdminNegativeTestJSON:setUpClass): 201 POST http://10.180.1.21/identity/v3/projects 0.200s
2025-04-05 01:15:13.305 70361 INFO tempest.lib.common.rest_client [req-8a2d16d4-9279-43f4-a0cd-b3f9c0f0bf4f req-8a2d16d4-9279-43f4-a0cd-b3f9c0f0bf4f ] Request (DeleteServersTestJSON:setUpClass): 201 POST http://10.180.1.21/identity/v3/auth/tokens 0.268s
2025-04-05 01:15:13.342 70413 INFO tempest.lib.common.rest_client [req-9622c6d8-a861-4272-936e-1ed7091c664b req-9622c6d8-a861-4272-936e-1ed7091c664b ] Request (ListImagesTestJSON:test_list_images): 200 GET http://10.180.1.21/compute/v2.1/images 1.184s
2025-04-05 01:15:13.360 70369 INFO tempest.lib.common.rest_client [req-298af4c2-6795-47b8-877c-56b01cbe13e5 req-298af4c2-6795-47b8-877c-56b01cbe13e5 ] Request (ServersTestJSON:setUpClass): 200 GET http://10.180.1.21/compute/v2.1/servers/6efccb6e-9996-4655-9901-8eb162970d73 1.343s
2025-04-05 01:15:13.365 70417 INFO tempest.lib.common.rest_client [req-f1cc643f-a3a5-4066-8ff5-68d524086035 req-f1cc643f-a3a5-4066-8ff5-68d524086035 ] Request (ImagesOneServerTestJSON:setUpClass): 200 GET http://10.180.1.21/identity/v3/domains?name=Default 0.218s
2025-04-05 01:15:13.368 70419 INFO tempest.lib.common.rest_client [req-6f9e5368-0e7c-42a3-bd1c-759f4dcc7116 req-6f9e5368-0e7c-42a3-bd1c-759f4dcc7116 ] Request (QuotaClassesAdmin257Test:setUpClass): 201 POST http://10.180.1.21/identity/v3/auth/tokens 0.278s
2025-04-05 01:15:13.393 70393 INFO tempest.lib.common.rest_client [req-1e791e3e-ff86-41e4-ac5f-8ad180fc29c8 req-1e791e3e-ff86-41e4-ac5f-8ad180fc29c8 ] Request (AttachInterfacesV270Test:setUpClass): 201 POST http://10.180.1.21/identity/v3/auth/tokens 0.215s
2025-04-05 01:15:13.408 70385 INFO tempest.lib.common.rest_client [req-09101b74-49ab-474b-883a-403067f3ec3c req-09101b74-49ab-474b-883a-403067f3ec3c ] Request (AZV2TestJSON:setUpClass): 201 POST http://10.180.1.21/identity/v3/projects 0.189s
2025-04-05 01:15:13.420 70411 INFO tempest.lib.common.rest_client [req-3aa6525f-193a-44eb-852e-d17879aa08e3 req-3aa6525f-193a-44eb-852e-d17879aa08e3 ] Request (ServerAddressesTestJSON:setUpClass): 200 GET http://10.180.1.21/identity/v3/domains?name=Default 0.195s
2025-04-05 01:15:13.460 70357 INFO tempest.lib.common.rest_client [req-ccf8a62f-cbda-4fba-baf1-0f1147ce4532 req-ccf8a62f-cbda-4fba-baf1-0f1147ce4532 ] Request (NetworksTest:setUpClass): 201 POST http://10.180.1.21/identity/v3/auth/tokens 0.201s
2025-04-05 01:15:13.481 70375 INFO tempest.lib.common.rest_client [req-4b8024d1-6649-48aa-8b3e-eea6b577d36c req-4b8024d1-6649-48aa-8b3e-eea6b577d36c ] Request (HypervisorAdminNegativeTestJSON:setUpClass): 201 POST http://10.180.1.21/identity/v3/users 0.188s
2025-04-05 01:15:13.509 70361 INFO tempest.lib.common.rest_client [req-c0ca328e-32ce-4843-bd3e-5be44c512261 req-c0ca328e-32ce-4843-bd3e-5be44c512261 ] Request (DeleteServersTestJSON:test_delete_active_server): 201 POST http://10.180.1.21/identity/v3/auth/tokens 0.200s
2025-04-05 01:15:13.509 70361 INFO tempest.lib.common.fixed_network [-] (DeleteServersTestJSON:test_delete_active_server) Found network {'id': '055e6e05-b156-4667-aca8-4b269a68af72', 'name': 'tempest-DeleteServersTestJSON-569625086-network', 'tenant_id': '6c5779f7bbc04aa38c7290864a25537c', 'admin_state_up': True, 'mtu': 8950, 'status': 'ACTIVE', 'subnets': [], 'shared': False, 'project_id': '6c5779f7bbc04aa38c7290864a25537c', 'port_security_enabled': True, 'router:external': False, 'provider:network_type': 'vlan', 'provider:physical_network': 'default', 'provider:segmentation_id': 912, 'availability_zone_hints': [], 'availability_zones': [], 'ipv4_address_scope': None, 'ipv6_address_scope': None, 'description': '', 'tags': [], 'created_at': '2025-04-05T01:15:08Z', 'updated_at': '2025-04-05T01:15:08Z', 'revision_number': 1} available for tenant
2025-04-05 01:15:13.534 70417 INFO tempest.lib.common.rest_client [req-6c304e18-8c36-4d67-bf02-9ee928feb963 req-6c304e18-8c36-4d67-bf02-9ee928feb963 ] Request (ImagesOneServerTestJSON:setUpClass): 201 POST http://10.180.1.21/identity/v3/projects 0.169s
2025-04-05 01:15:13.566 70397 INFO tempest.lib.common.rest_client [req-aa8f6b2a-e2b2-4c6f-aeea-e1ac2db0398f req-aa8f6b2a-e2b2-4c6f-aeea-e1ac2db0398f ] Request (ImagesMetadataTestJSON:setUp): 200 PUT http://10.180.1.21/compute/v2.1/images/87e3ef6c-ce2a-4461-88a5-7c42400cae68/metadata 1.376s
2025-04-05 01:15:13.579 70379 INFO tempest.lib.common.rest_client [req-75b7249b-a33e-4245-8396-e7467e8fb92b req-75b7249b-a33e-4245-8396-e7467e8fb92b ] Request (TenantUsagesNegativeTestJSON:test_list_usage_all_tenants_with_non_admin_user): 403 GET http://10.180.1.21/compute/v2.1/os-simple-tenant-usage?start=2025-04-04T01%3A15%3A09.798806&end=2025-04-06T01%3A15%3A09.798806&detailed=1 1.379s
2025-04-05 01:15:13.606 70393 INFO tempest.lib.common.rest_client [req-7cd29b89-4831-46c0-b393-7d36dcad3eba req-7cd29b89-4831-46c0-b393-7d36dcad3eba ] Request (AttachInterfacesV270Test:setUpClass): 200 GET http://10.180.1.21/identity/v3/domains?name=Default 0.207s
2025-04-05 01:15:13.625 70385 INFO tempest.lib.common.rest_client [req-1718d37a-340e-49f6-8769-5b5af91a866d req-1718d37a-340e-49f6-8769-5b5af91a866d ] Request (AZV2TestJSON:setUpClass): 201 POST http://10.180.1.21/identity/v3/users 0.215s
2025-04-05 01:15:13.636 70411 INFO tempest.lib.common.rest_client [req-6a34cfec-8d45-441d-bbd5-e20583810c75 req-6a34cfec-8d45-441d-bbd5-e20583810c75 ] Request (ServerAddressesTestJSON:setUpClass): 201 POST http://10.180.1.21/identity/v3/projects 0.215s
2025-04-05 01:15:13.650 70357 INFO tempest.lib.common.rest_client [req-0da5ca7c-01d6-4131-8f88-7b979458d5f7 req-0da5ca7c-01d6-4131-8f88-7b979458d5f7 ] Request (NetworksTest:setUpClass): 200 GET http://10.180.1.21/identity/v3/domains?name=Default 0.188s
2025-04-05 01:15:13.695 70383 INFO tempest.lib.common.rest_client [req-58301bc8-343b-4405-b63c-545287f422ad req-58301bc8-343b-4405-b63c-545287f422ad ] Request (ServersWithFlavorSwapResizeTest:test_flavor_swap_0_to_1024): 200 GET http://10.180.1.21/compute/v2.1/servers/4f708010-c2f7-4afd-b222-211dc24c32f1 0.933s
2025-04-05 01:15:13.706 70417 INFO tempest.lib.common.rest_client [req-cec81f63-9b0c-444a-bb5d-65c650ee3a96 req-cec81f63-9b0c-444a-bb5d-65c650ee3a96 ] Request (ImagesOneServerTestJSON:setUpClass): 201 POST http://10.180.1.21/identity/v3/users 0.171s
2025-04-05 01:15:13.729 70375 INFO tempest.lib.common.rest_client [req-efad278b-4b49-489b-a2a1-1603c34dd212 req-efad278b-4b49-489b-a2a1-1603c34dd212 ] Request (HypervisorAdminNegativeTestJSON:setUpClass): 200 GET http://10.180.1.21/identity/v3/roles 0.246s
2025-04-05 01:15:13.756 70391 INFO tempest.lib.common.rest_client [req-4af382b3-e96e-4ef0-9f54-76e86e84859a req-4af382b3-e96e-4ef0-9f54-76e86e84859a ] Request (FloatingIPDetailsTestJSON:setUpClass): 201 POST http://10.180.1.21:9696/networking/v2.0/networks 0.906s
2025-04-05 01:15:13.769 70393 INFO tempest.lib.common.rest_client [req-00a4a490-c38e-4bb2-91fa-568a39a2001f req-00a4a490-c38e-4bb2-91fa-568a39a2001f ] Request (AttachInterfacesV270Test:setUpClass): 201 POST http://10.180.1.21/identity/v3/projects 0.163s
2025-04-05 01:15:13.790 70379 INFO tempest.lib.common.rest_client [req-b83f3052-35ea-4518-8303-d5ee9c65e0d8 req-b83f3052-35ea-4518-8303-d5ee9c65e0d8 ] Request (TenantUsagesNegativeTestJSON:tearDownClass): 204 DELETE http://10.180.1.21/identity/v3/users/5b5c9828c5b04a47af771f69682102fe 0.209s
2025-04-05 01:15:13.807 70401 INFO tempest.lib.common.rest_client [req-1337c6ed-2366-4c46-a8c9-0dd88b1485c8 req-1337c6ed-2366-4c46-a8c9-0dd88b1485c8 ] Request (ServersWithSpecificFlavorTestJSON:test_verify_created_server_ephemeral_disk): 200 GET http://10.180.1.21/compute/v2.1/servers/f3c93cf6-be23-4ddc-98cb-f3c2eb91f6e5 0.954s
2025-04-05 01:15:13.813 70407 INFO tempest.lib.common.rest_client [req-036b0b89-2638-429c-8023-ee9fa7148cee req-036b0b89-2638-429c-8023-ee9fa7148cee ] Request (ServerDiagnosticsTest:test_get_server_diagnostics): 200 GET http://10.180.1.21/compute/v2.1/servers/340a2275-48b8-4857-8caa-e99546da4404 1.172s
2025-04-05 01:15:13.871 70385 INFO tempest.lib.common.rest_client [req-eb1ce4d0-f959-4f99-bcff-07500822170f req-eb1ce4d0-f959-4f99-bcff-07500822170f ] Request (AZV2TestJSON:setUpClass): 200 GET http://10.180.1.21/identity/v3/roles 0.246s
2025-04-05 01:15:13.892 70411 INFO tempest.lib.common.rest_client [req-fbc7acc8-2577-4925-8096-b35f8a24f07c req-fbc7acc8-2577-4925-8096-b35f8a24f07c ] Request (ServerAddressesTestJSON:setUpClass): 201 POST http://10.180.1.21/identity/v3/users 0.255s
2025-04-05 01:15:13.902 70403 INFO tempest.lib.common.rest_client [req-c382c19b-a832-4cd8-88f6-2bfa9d1337dc req-c382c19b-a832-4cd8-88f6-2bfa9d1337dc ] Request (QuotaClassesAdminTestJSON:_run_cleanups): 200 PUT http://10.180.1.21/compute/v2.1/os-quota-class-sets/default 1.029s
2025-04-05 01:15:13.923 70357 INFO tempest.lib.common.rest_client [req-c4da1d98-ff73-4f82-9bdd-90287061015a req-c4da1d98-ff73-4f82-9bdd-90287061015a ] Request (NetworksTest:setUpClass): 201 POST http://10.180.1.21/identity/v3/projects 0.273s
2025-04-05 01:15:13.925 70417 INFO tempest.lib.common.rest_client [req-ee8ee1ad-51e9-4613-b74b-500dfa899d77 req-ee8ee1ad-51e9-4613-b74b-500dfa899d77 ] Request (ImagesOneServerTestJSON:setUpClass): 200 GET http://10.180.1.21/identity/v3/roles 0.219s
2025-04-05 01:15:13.988 70393 INFO tempest.lib.common.rest_client [req-600ceb95-ebf1-4b0c-93fe-c82d64b333b5 req-600ceb95-ebf1-4b0c-93fe-c82d64b333b5 ] Request (AttachInterfacesV270Test:setUpClass): 201 POST http://10.180.1.21/identity/v3/users 0.218s
2025-04-05 01:15:13.997 70375 INFO tempest.lib.common.rest_client [req-a539d95e-9236-446e-b5c4-452baa12986c req-a539d95e-9236-446e-b5c4-452baa12986c ] Request (HypervisorAdminNegativeTestJSON:setUpClass): 204 PUT http://10.180.1.21/identity/v3/projects/bff1a45903c646cebe1b6c385d5ee91d/users/4eaa45e494c040ac8e8b9c0dc11e8c1f/roles/2f9b558f950844ac8999abcf63f13eaa 0.267s
2025-04-05 01:15:13.997 70375 INFO tempest.lib.common.dynamic_creds [-] Dynamic test user 4eaa45e494c040ac8e8b9c0dc11e8c1f is created with scope project and roles: ['member']
2025-04-05 01:15:13.998 70375 INFO tempest.lib.common.dynamic_creds [-] Acquired dynamic creds: credentials: Credentials: {'domain_id': 'default', 'domain_name': 'Default', 'username': 'tempest-HypervisorAdminNegativeTestJSON-2046619337-project-member', 'project_domain_id': 'default', 'project_domain_name': 'Default', 'project_id': 'bff1a45903c646cebe1b6c385d5ee91d', 'project_name': 'tempest-HypervisorAdminNegativeTestJSON-2046619337', 'tenant_id': 'bff1a45903c646cebe1b6c385d5ee91d', 'tenant_name': 'tempest-HypervisorAdminNegativeTestJSON-2046619337', 'user_domain_id': 'default', 'user_domain_name': 'Default', 'user_id': '4eaa45e494c040ac8e8b9c0dc11e8c1f', 'system': None}, Network: None, Subnet: None, Router: None
2025-04-05 01:15:13.999 70375 INFO tempest.lib.common.dynamic_creds [-] Created isolated network resources for: credentials: Credentials: {'domain_id': 'default', 'domain_name': 'Default', 'username': 'tempest-HypervisorAdminNegativeTestJSON-2046619337-project-member', 'project_domain_id': 'default', 'project_domain_name': 'Default', 'project_id': 'bff1a45903c646cebe1b6c385d5ee91d', 'project_name': 'tempest-HypervisorAdminNegativeTestJSON-2046619337', 'tenant_id': 'bff1a45903c646cebe1b6c385d5ee91d', 'tenant_name': 'tempest-HypervisorAdminNegativeTestJSON-2046619337', 'user_domain_id': 'default', 'user_domain_name': 'Default', 'user_id': '4eaa45e494c040ac8e8b9c0dc11e8c1f', 'system': None}, Network: None, Subnet: None, Router: None
2025-04-05 01:15:14.057 70385 INFO tempest.lib.common.rest_client [req-ad43baea-c5c8-4bd4-abba-693eb735fd91 req-ad43baea-c5c8-4bd4-abba-693eb735fd91 ] Request (AZV2TestJSON:setUpClass): 204 PUT http://10.180.1.21/identity/v3/projects/0ebb29b317574cc18148cca8d99738af/users/a6fbc73350df40ebaa32b9010ce58033/roles/2f9b558f950844ac8999abcf63f13eaa 0.184s
2025-04-05 01:15:14.058 70385 INFO tempest.lib.common.dynamic_creds [-] Dynamic test user a6fbc73350df40ebaa32b9010ce58033 is created with scope project and roles: ['member']
2025-04-05 01:15:14.058 70385 INFO tempest.lib.common.dynamic_creds [-] Acquired dynamic creds: credentials: Credentials: {'domain_id': 'default', 'domain_name': 'Default', 'username': 'tempest-AZV2TestJSON-1803080748-project-member', 'project_domain_id': 'default', 'project_domain_name': 'Default', 'project_id': '0ebb29b317574cc18148cca8d99738af', 'project_name': 'tempest-AZV2TestJSON-1803080748', 'tenant_id': '0ebb29b317574cc18148cca8d99738af', 'tenant_name': 'tempest-AZV2TestJSON-1803080748', 'user_domain_id': 'default', 'user_domain_name': 'Default', 'user_id': 'a6fbc73350df40ebaa32b9010ce58033', 'system': None}, Network: None, Subnet: None, Router: None
2025-04-05 01:15:14.058 70385 INFO tempest.lib.common.dynamic_creds [-] Created isolated network resources for: credentials: Credentials: {'domain_id': 'default', 'domain_name': 'Default', 'username': 'tempest-AZV2TestJSON-1803080748-project-member', 'project_domain_id': 'default', 'project_domain_name': 'Default', 'project_id': '0ebb29b317574cc18148cca8d99738af', 'project_name': 'tempest-AZV2TestJSON-1803080748', 'tenant_id': '0ebb29b317574cc18148cca8d99738af', 'tenant_name': 'tempest-AZV2TestJSON-1803080748', 'user_domain_id': 'default', 'user_domain_name': 'Default', 'user_id': 'a6fbc73350df40ebaa32b9010ce58033', 'system': None}, Network: None, Subnet: None, Router: None
2025-04-05 01:15:14.082 70379 INFO tempest.lib.common.rest_client [req-539b13c3-8002-4d78-8d47-890877c38197 req-539b13c3-8002-4d78-8d47-890877c38197 ] Request (TenantUsagesNegativeTestJSON:tearDownClass): 204 DELETE http://10.180.1.21/identity/v3/users/24197eb795e640da8ad81f9d0c085a11 0.291s
2025-04-05 01:15:14.082 70379 INFO tempest.lib.common.dynamic_creds [-] Deleting project and security group for project: 2b012c533e7c4f3c8b2ba637169ef03b
2025-04-05 01:15:14.147 70411 INFO tempest.lib.common.rest_client [req-1de90c07-3512-4587-8f2d-4d42a6080c9c req-1de90c07-3512-4587-8f2d-4d42a6080c9c ] Request (ServerAddressesTestJSON:setUpClass): 200 GET http://10.180.1.21/identity/v3/roles 0.254s
2025-04-05 01:15:14.197 70405 INFO tempest.lib.common.rest_client [req-9727639f-7d32-4a3c-8d05-0c6cd13ea5f6 req-9727639f-7d32-4a3c-8d05-0c6cd13ea5f6 ] Request (FlavorsAdminTestJSON:test_create_list_flavor_without_extra_data): 200 GET http://10.180.1.21/compute/v2.1/flavors/detail 1.311s
2025-04-05 01:15:14.199 70357 INFO tempest.lib.common.rest_client [req-c161ea80-d969-4c6b-aa74-9b4e37f41279 req-c161ea80-d969-4c6b-aa74-9b4e37f41279 ] Request (NetworksTest:setUpClass): 201 POST http://10.180.1.21/identity/v3/users 0.276s
2025-04-05 01:15:14.230 70371 INFO tempest.lib.common.rest_client [req-32ccc5e1-5014-4002-a10c-0ff85151beb2 req-32ccc5e1-5014-4002-a10c-0ff85151beb2 ] Request (ServerExternalEventsTest:test_create_server_external_events): 200 GET http://10.180.1.21/compute/v2.1/servers/059c79b6-0553-4221-b430-11b126a5931a 1.361s
2025-04-05 01:15:14.241 70359 INFO tempest.lib.common.rest_client [req-850b7060-8e9e-4b44-87d5-7a2f8809773c req-850b7060-8e9e-4b44-87d5-7a2f8809773c ] Request (AggregatesAdminNegativeTestJSON:test_aggregate_delete_as_user): 200 POST http://10.180.1.21/compute/v2.1/os-aggregates 1.322s
2025-04-05 01:15:14.243 70403 INFO tempest.lib.common.rest_client [req-baec3771-c8fe-45c2-80fd-9523f8afcc85 req-baec3771-c8fe-45c2-80fd-9523f8afcc85 ] Request (QuotaClassesAdminTestJSON:tearDownClass): 204 DELETE http://10.180.1.21/identity/v3/users/23699560d9404a71a907a43591abfba3 0.329s
2025-04-05 01:15:14.254 70365 INFO tempest.lib.common.rest_client [req-99a4c6b0-566d-411c-bb75-01fd99c8d4ac req-99a4c6b0-566d-411c-bb75-01fd99c8d4ac ] Request (KeyPairsV22TestJSON:test_keypairsv22_create_list_show): 200 GET http://10.180.1.21/compute/v2.1/os-keypairs/tempest-keypair-606146540 1.282s
2025-04-05 01:15:14.297 70393 INFO tempest.lib.common.rest_client [req-bc9a6e15-d96f-4932-8f2b-572aac7ce61a req-bc9a6e15-d96f-4932-8f2b-572aac7ce61a ] Request (AttachInterfacesV270Test:setUpClass): 200 GET http://10.180.1.21/identity/v3/roles 0.309s
2025-04-05 01:15:14.306 70417 INFO tempest.lib.common.rest_client [req-2011d4f0-2db1-4529-ae6d-4b78b0c2c1ca req-2011d4f0-2db1-4529-ae6d-4b78b0c2c1ca ] Request (ImagesOneServerTestJSON:setUpClass): 204 PUT http://10.180.1.21/identity/v3/projects/70d63f38d1b5436e97153ef4fff9f993/users/0dedeb008aca46f9a5ccef7f3335eb30/roles/2f9b558f950844ac8999abcf63f13eaa 0.381s
2025-04-05 01:15:14.307 70417 INFO tempest.lib.common.dynamic_creds [-] Dynamic test user 0dedeb008aca46f9a5ccef7f3335eb30 is created with scope project and roles: ['member']
2025-04-05 01:15:14.307 70417 INFO tempest.lib.common.dynamic_creds [-] Acquired dynamic creds: credentials: Credentials: {'domain_id': 'default', 'domain_name': 'Default', 'username': 'tempest-ImagesOneServerTestJSON-283767551-project-member', 'project_domain_id': 'default', 'project_domain_name': 'Default', 'project_id': '70d63f38d1b5436e97153ef4fff9f993', 'project_name': 'tempest-ImagesOneServerTestJSON-283767551', 'tenant_id': '70d63f38d1b5436e97153ef4fff9f993', 'tenant_name': 'tempest-ImagesOneServerTestJSON-283767551', 'user_domain_id': 'default', 'user_domain_name': 'Default', 'user_id': '0dedeb008aca46f9a5ccef7f3335eb30', 'system': None}, Network: None, Subnet: None, Router: None
2025-04-05 01:15:14.375 70385 INFO tempest.lib.common.rest_client [req-f88c5452-3668-4ae6-a8d1-ae8ba44e4b25 req-f88c5452-3668-4ae6-a8d1-ae8ba44e4b25 ] Request (AZV2TestJSON:setUpClass): 201 POST http://10.180.1.21/identity/v3/auth/tokens 0.312s
2025-04-05 01:15:14.385 70375 INFO tempest.lib.common.rest_client [req-ed82ae18-388f-456a-b8fe-afd6bb1f607e req-ed82ae18-388f-456a-b8fe-afd6bb1f607e ] Request (HypervisorAdminNegativeTestJSON:setUpClass): 201 POST http://10.180.1.21/identity/v3/auth/tokens 0.381s
2025-04-05 01:15:14.438 70389 INFO tempest.lib.common.rest_client [req-ab2bbfc5-d77c-40ba-aaee-68a947ff1cb8 req-ab2bbfc5-d77c-40ba-aaee-68a947ff1cb8 ] Request (ServersTestFqdnHostnames:setUpClass): 201 POST http://10.180.1.21:9696/networking/v2.0/routers 1.897s
2025-04-05 01:15:14.440 70379 INFO tempest.lib.common.rest_client [req-52ca6024-4014-4cf4-841e-24abf37e57ac req-52ca6024-4014-4cf4-841e-24abf37e57ac ] Request (TenantUsagesNegativeTestJSON:tearDownClass): 201 POST http://10.180.1.21/identity/v3/auth/tokens 0.358s
2025-04-05 01:15:14.442 70391 INFO tempest.lib.common.rest_client [req-f53219a7-4de2-4f21-9c4f-5a30e09d5024 req-f53219a7-4de2-4f21-9c4f-5a30e09d5024 ] Request (FloatingIPDetailsTestJSON:setUpClass): 201 POST http://10.180.1.21:9696/networking/v2.0/subnets 0.685s
2025-04-05 01:15:14.478 70357 INFO tempest.lib.common.rest_client [req-77ff5a7e-7a1f-48c2-ab9e-2fb2e1d84deb req-77ff5a7e-7a1f-48c2-ab9e-2fb2e1d84deb ] Request (NetworksTest:setUpClass): 200 GET http://10.180.1.21/identity/v3/roles 0.278s
2025-04-05 01:15:14.482 70411 INFO tempest.lib.common.rest_client [req-d4f8250f-b391-479b-84ec-36d843f0b736 req-d4f8250f-b391-479b-84ec-36d843f0b736 ] Request (ServerAddressesTestJSON:setUpClass): 204 PUT http://10.180.1.21/identity/v3/projects/f15f30126aeb4ab9aa33c3106a6d1bff/users/c09ede29f657448f8cb8ea6391cb4755/roles/2f9b558f950844ac8999abcf63f13eaa 0.334s
2025-04-05 01:15:14.482 70411 INFO tempest.lib.common.dynamic_creds [-] Dynamic test user c09ede29f657448f8cb8ea6391cb4755 is created with scope project and roles: ['member']
2025-04-05 01:15:14.482 70411 INFO tempest.lib.common.dynamic_creds [-] Acquired dynamic creds: credentials: Credentials: {'domain_id': 'default', 'domain_name': 'Default', 'username': 'tempest-ServerAddressesTestJSON-364535507-project-member', 'project_domain_id': 'default', 'project_domain_name': 'Default', 'project_id': 'f15f30126aeb4ab9aa33c3106a6d1bff', 'project_name': 'tempest-ServerAddressesTestJSON-364535507', 'tenant_id': 'f15f30126aeb4ab9aa33c3106a6d1bff', 'tenant_name': 'tempest-ServerAddressesTestJSON-364535507', 'user_domain_id': 'default', 'user_domain_name': 'Default', 'user_id': 'c09ede29f657448f8cb8ea6391cb4755', 'system': None}, Network: None, Subnet: None, Router: None
2025-04-05 01:15:14.578 70403 INFO tempest.lib.common.rest_client [req-ac6d6231-40a9-42cc-83e1-b085f87a3ff7 req-ac6d6231-40a9-42cc-83e1-b085f87a3ff7 ] Request (QuotaClassesAdminTestJSON:tearDownClass): 204 DELETE http://10.180.1.21/identity/v3/users/0c899d665e5249989fccd7dfa4a812fb 0.334s
2025-04-05 01:15:14.578 70403 INFO tempest.lib.common.dynamic_creds [-] Deleting project and security group for project: c4f85fb4123b4a01963283cf518ff598
2025-04-05 01:15:14.636 70417 INFO tempest.lib.common.rest_client [req-bfdd2bcf-a13f-45a4-9d60-ce2ef83d0f69 req-bfdd2bcf-a13f-45a4-9d60-ce2ef83d0f69 ] Request (ImagesOneServerTestJSON:setUpClass): 201 POST http://10.180.1.21/identity/v3/auth/tokens 0.328s
2025-04-05 01:15:14.655 70393 INFO tempest.lib.common.rest_client [req-9e96fc0d-fca1-4635-b7fd-09e62e532b7f req-9e96fc0d-fca1-4635-b7fd-09e62e532b7f ] Request (AttachInterfacesV270Test:setUpClass): 204 PUT http://10.180.1.21/identity/v3/projects/7818d4826b85438badf691b8afbc9046/users/aa1500db5f7b4b69b0e4214cdff56c55/roles/2f9b558f950844ac8999abcf63f13eaa 0.357s
2025-04-05 01:15:14.655 70393 INFO tempest.lib.common.dynamic_creds [-] Dynamic test user aa1500db5f7b4b69b0e4214cdff56c55 is created with scope project and roles: ['member']
2025-04-05 01:15:14.655 70393 INFO tempest.lib.common.dynamic_creds [-] Acquired dynamic creds: credentials: Credentials: {'domain_id': 'default', 'domain_name': 'Default', 'username': 'tempest-AttachInterfacesV270Test-579139546-project-member', 'project_domain_id': 'default', 'project_domain_name': 'Default', 'project_id': '7818d4826b85438badf691b8afbc9046', 'project_name': 'tempest-AttachInterfacesV270Test-579139546', 'tenant_id': '7818d4826b85438badf691b8afbc9046', 'tenant_name': 'tempest-AttachInterfacesV270Test-579139546', 'user_domain_id': 'default', 'user_domain_name': 'Default', 'user_id': 'aa1500db5f7b4b69b0e4214cdff56c55', 'system': None}, Network: None, Subnet: None, Router: None
2025-04-05 01:15:14.689 70375 INFO tempest.lib.common.rest_client [req-aefaf8be-90d1-473b-bbb8-0dbb5c901c03 req-aefaf8be-90d1-473b-bbb8-0dbb5c901c03 ] Request (HypervisorAdminNegativeTestJSON:setUpClass): 201 POST http://10.180.1.21/identity/v3/projects 0.302s
2025-04-05 01:15:14.769 70357 INFO tempest.lib.common.rest_client [req-2b908634-f3d7-41a1-8f65-4e420c25bbb4 req-2b908634-f3d7-41a1-8f65-4e420c25bbb4 ] Request (NetworksTest:setUpClass): 204 PUT http://10.180.1.21/identity/v3/projects/8f1b7552ac3144c1a97b347056d6c984/users/1ce118af867a43e09ba35935105cc198/roles/2f9b558f950844ac8999abcf63f13eaa 0.290s
2025-04-05 01:15:14.770 70357 INFO tempest.lib.common.dynamic_creds [-] Dynamic test user 1ce118af867a43e09ba35935105cc198 is created with scope project and roles: ['member']
2025-04-05 01:15:14.770 70357 INFO tempest.lib.common.dynamic_creds [-] Acquired dynamic creds: credentials: Credentials: {'domain_id': 'default', 'domain_name': 'Default', 'username': 'tempest-NetworksTest-1290379004-project-member', 'project_domain_id': 'default', 'project_domain_name': 'Default', 'project_id': '8f1b7552ac3144c1a97b347056d6c984', 'project_name': 'tempest-NetworksTest-1290379004', 'tenant_id': '8f1b7552ac3144c1a97b347056d6c984', 'tenant_name': 'tempest-NetworksTest-1290379004', 'user_domain_id': 'default', 'user_domain_name': 'Default', 'user_id': '1ce118af867a43e09ba35935105cc198', 'system': None}, Network: None, Subnet: None, Router: None
2025-04-05 01:15:14.770 70357 INFO tempest.lib.common.dynamic_creds [-] Created isolated network resources for: credentials: Credentials: {'domain_id': 'default', 'domain_name': 'Default', 'username': 'tempest-NetworksTest-1290379004-project-member', 'project_domain_id': 'default', 'project_domain_name': 'Default', 'project_id': '8f1b7552ac3144c1a97b347056d6c984', 'project_name': 'tempest-NetworksTest-1290379004', 'tenant_id': '8f1b7552ac3144c1a97b347056d6c984', 'tenant_name': 'tempest-NetworksTest-1290379004', 'user_domain_id': 'default', 'user_domain_name': 'Default', 'user_id': '1ce118af867a43e09ba35935105cc198', 'system': None}, Network: None, Subnet: None, Router: None
2025-04-05 01:15:14.818 70381 INFO tempest.lib.common.rest_client [req-59aaf430-02fa-4f2b-8f66-8f5cc7186e02 req-59aaf430-02fa-4f2b-8f66-8f5cc7186e02 ] Request (AttachInterfacesUnderV243Test:setUpClass): 201 POST http://10.180.1.21:9696/networking/v2.0/routers 1.609s
2025-04-05 01:15:14.829 70411 INFO tempest.lib.common.rest_client [req-c2664350-5b8d-41fc-9947-007ba87b3b6b req-c2664350-5b8d-41fc-9947-007ba87b3b6b ] Request (ServerAddressesTestJSON:setUpClass): 201 POST http://10.180.1.21/identity/v3/auth/tokens 0.346s
2025-04-05 01:15:14.848 70403 INFO tempest.lib.common.rest_client [req-e9bc9e00-653d-4cc2-8ddb-873d3424f8f6 req-e9bc9e00-653d-4cc2-8ddb-873d3424f8f6 ] Request (QuotaClassesAdminTestJSON:tearDownClass): 201 POST http://10.180.1.21/identity/v3/auth/tokens 0.270s
2025-04-05 01:15:14.874 70393 INFO tempest.lib.common.rest_client [req-d34590ae-83d9-4adf-b3df-eb1225d44875 req-d34590ae-83d9-4adf-b3df-eb1225d44875 ] Request (AttachInterfacesV270Test:setUpClass): 201 POST http://10.180.1.21/identity/v3/auth/tokens 0.218s
2025-04-05 01:15:14.962 70387 INFO tempest.lib.common.rest_client [req-4fc94f20-9f69-4c1b-926d-a7e4d599bf9d req-4fc94f20-9f69-4c1b-926d-a7e4d599bf9d ] Request (FlavorsAccessNegativeTestJSON:_run_cleanups): 200 POST http://10.180.1.21/compute/v2.1/flavors/127114603/action 1.905s
2025-04-05 01:15:14.967 70375 INFO tempest.lib.common.rest_client [req-637c545a-2508-4138-90d0-136fe9c3e8f8 req-637c545a-2508-4138-90d0-136fe9c3e8f8 ] Request (HypervisorAdminNegativeTestJSON:setUpClass): 201 POST http://10.180.1.21/identity/v3/users 0.276s
2025-04-05 01:15:14.969 70363 INFO tempest.lib.common.rest_client [req-962bb519-47c7-449a-9ed3-571e1b199211 req-962bb519-47c7-449a-9ed3-571e1b199211 ] Request (MigrationsAdminTest:test_list_migrations_in_flavor_resize_situation): 202 POST http://10.180.1.21/compute/v2.1/servers 2.042s
2025-04-05 01:15:15.093 70357 INFO tempest.lib.common.rest_client [req-0f2c6c72-280b-4f44-bef3-5c14026f6569 req-0f2c6c72-280b-4f44-bef3-5c14026f6569 ] Request (NetworksTest:setUpClass): 201 POST http://10.180.1.21/identity/v3/auth/tokens 0.318s
2025-04-05 01:15:15.124 70375 INFO tempest.lib.common.rest_client [req-aae1bb5b-7184-4c99-8415-8ba1119e996c req-aae1bb5b-7184-4c99-8415-8ba1119e996c ] Request (HypervisorAdminNegativeTestJSON:setUpClass): 200 GET http://10.180.1.21/identity/v3/roles 0.156s
2025-04-05 01:15:15.140 70373 INFO tempest.lib.common.rest_client [req-a60592c2-4fd7-4a3e-8354-2c22b0d7deb4 req-a60592c2-4fd7-4a3e-8354-2c22b0d7deb4 ] Request (FlavorMetadataValidation:test_flavor_update_with_custom_namespace): 200 POST http://10.180.1.21/compute/v2.1/flavors 2.070s
2025-04-05 01:15:15.141 70357 INFO tempest.lib.common.rest_client [req-84492ad3-cf61-42ff-b822-5b177d5e6952 req-84492ad3-cf61-42ff-b822-5b177d5e6952 ] Request (NetworksTest:setUpClass): 201 POST http://10.180.1.21/identity/v3/projects 0.046s
2025-04-05 01:15:15.195 70367 INFO tempest.lib.common.rest_client [req-012568f7-e513-4d47-a18a-3530f951cdf8 req-012568f7-e513-4d47-a18a-3530f951cdf8 ] Request (FloatingIPsAssociationTestJSON:setUpClass): 200 GET http://10.180.1.21/compute/v2.1/servers/49b611f4-ea23-46af-ba2e-b4e861eac8a2 2.063s
2025-04-05 01:15:15.199 70375 INFO tempest.lib.common.rest_client [req-d3e5884d-2217-455e-979a-029946b0ec4e req-d3e5884d-2217-455e-979a-029946b0ec4e ] Request (HypervisorAdminNegativeTestJSON:setUpClass): 204 PUT http://10.180.1.21/identity/v3/projects/d1ac38376cd049a7913cd04730fc03e6/users/3065321070ed4815b6f2d0cef514d2c4/roles/2ff1d8d746b34038af50a370e9b6f276 0.074s
2025-04-05 01:15:15.292 70357 INFO tempest.lib.common.rest_client [req-666cf06c-1366-4390-9286-b86bd0aa5e6e req-666cf06c-1366-4390-9286-b86bd0aa5e6e ] Request (NetworksTest:setUpClass): 201 POST http://10.180.1.21/identity/v3/users 0.150s
2025-04-05 01:15:15.296 70375 INFO tempest.lib.common.rest_client [req-c0045f9d-9614-482d-8879-65a77ec4fca4 req-c0045f9d-9614-482d-8879-65a77ec4fca4 ] Request (HypervisorAdminNegativeTestJSON:setUpClass): 200 GET http://10.180.1.21/identity/v3/roles 0.097s
2025-04-05 01:15:15.314 70357 INFO tempest.lib.common.rest_client [req-4d63a783-dd06-4a2b-bb31-d35b2a4946f6 req-4d63a783-dd06-4a2b-bb31-d35b2a4946f6 ] Request (NetworksTest:setUpClass): 200 GET http://10.180.1.21/identity/v3/roles 0.021s
2025-04-05 01:15:15.318 70375 INFO tempest.lib.common.rest_client [req-c32931dc-0118-4f94-9c87-d64f96c4cb61 req-c32931dc-0118-4f94-9c87-d64f96c4cb61 ] Request (HypervisorAdminNegativeTestJSON:setUpClass): 204 PUT http://10.180.1.21/identity/v3/projects/d1ac38376cd049a7913cd04730fc03e6/users/3065321070ed4815b6f2d0cef514d2c4/roles/2ff1d8d746b34038af50a370e9b6f276 0.021s
2025-04-05 01:15:15.319 70375 INFO tempest.lib.common.dynamic_creds [-] Dynamic test user 3065321070ed4815b6f2d0cef514d2c4 is created with scope project and roles: ['admin']
2025-04-05 01:15:15.319 70375 INFO tempest.lib.common.dynamic_creds [-] Acquired dynamic creds: credentials: Credentials: {'domain_id': 'default', 'domain_name': 'Default', 'username': 'tempest-HypervisorAdminNegativeTestJSON-1485672365-project-admin', 'project_domain_id': 'default', 'project_domain_name': 'Default', 'project_id': 'd1ac38376cd049a7913cd04730fc03e6', 'project_name': 'tempest-HypervisorAdminNegativeTestJSON-1485672365', 'tenant_id': 'd1ac38376cd049a7913cd04730fc03e6', 'tenant_name': 'tempest-HypervisorAdminNegativeTestJSON-1485672365', 'user_domain_id': 'default', 'user_domain_name': 'Default', 'user_id': '3065321070ed4815b6f2d0cef514d2c4', 'system': None}, Network: None, Subnet: None, Router: None
2025-04-05 01:15:15.319 70375 INFO tempest.lib.common.dynamic_creds [-] Created isolated network resources for: credentials: Credentials: {'domain_id': 'default', 'domain_name': 'Default', 'username': 'tempest-HypervisorAdminNegativeTestJSON-1485672365-project-admin', 'project_domain_id': 'default', 'project_domain_name': 'Default', 'project_id': 'd1ac38376cd049a7913cd04730fc03e6', 'project_name': 'tempest-HypervisorAdminNegativeTestJSON-1485672365', 'tenant_id': 'd1ac38376cd049a7913cd04730fc03e6', 'tenant_name': 'tempest-HypervisorAdminNegativeTestJSON-1485672365', 'user_domain_id': 'default', 'user_domain_name': 'Default', 'user_id': '3065321070ed4815b6f2d0cef514d2c4', 'system': None}, Network: None, Subnet: None, Router: None
2025-04-05 01:15:15.325 70379 INFO tempest.lib.common.rest_client [req-0fc0d3aa-584d-4f10-a621-cafdff908613 req-0fc0d3aa-584d-4f10-a621-cafdff908613 ] Request (TenantUsagesNegativeTestJSON:tearDownClass): 200 GET http://10.180.1.21:9696/networking/v2.0/security-groups?tenant_id=2b012c533e7c4f3c8b2ba637169ef03b&name=default 0.885s
2025-04-05 01:15:15.375 70357 INFO tempest.lib.common.rest_client [req-a9422fef-710c-4c7b-a40a-c351532f5653 req-a9422fef-710c-4c7b-a40a-c351532f5653 ] Request (NetworksTest:setUpClass): 204 PUT http://10.180.1.21/identity/v3/projects/88e17e75de57405d931dc309f8bb76a0/users/2e4e4c49fa7b4e47a6e320f045d38526/roles/2ff1d8d746b34038af50a370e9b6f276 0.060s
2025-04-05 01:15:15.404 70415 INFO tempest.lib.common.rest_client [req-b6c6c0bf-2ccd-4c0c-82eb-4ebfe17ef3a6 req-b6c6c0bf-2ccd-4c0c-82eb-4ebfe17ef3a6 ] Request (ServerRescueNegativeTestJSON:setUpClass): 200 GET http://10.180.1.21/compute/v2.1/servers/9ad70c76-963e-47ff-803d-1e31926b862a 2.117s
2025-04-05 01:15:15.407 70375 INFO tempest.lib.common.rest_client [req-18dd264d-514b-4c46-931d-71946c899852 req-18dd264d-514b-4c46-931d-71946c899852 ] Request (HypervisorAdminNegativeTestJSON:setUpClass): 201 POST http://10.180.1.21/identity/v3/auth/tokens 0.084s
2025-04-05 01:15:15.413 70415 INFO tempest.common.waiters [-] State transition "BUILD/None" ==> "BUILD/spawning" after 15 second wait
2025-04-05 01:15:15.432 70357 INFO tempest.lib.common.rest_client [req-ebd47659-f874-44f7-a948-cbcabfa36847 req-ebd47659-f874-44f7-a948-cbcabfa36847 ] Request (NetworksTest:setUpClass): 200 GET http://10.180.1.21/identity/v3/roles 0.057s
2025-04-05 01:15:15.438 70403 INFO tempest.lib.common.rest_client [req-5d69a4dd-cf5e-4f24-8f52-280c63b3d56a req-5d69a4dd-cf5e-4f24-8f52-280c63b3d56a ] Request (QuotaClassesAdminTestJSON:tearDownClass): 200 GET http://10.180.1.21:9696/networking/v2.0/security-groups?tenant_id=c4f85fb4123b4a01963283cf518ff598&name=default 0.589s
2025-04-05 01:15:15.455 70357 INFO tempest.lib.common.rest_client [req-0fa69f64-cb65-4c1c-b1eb-8c0ebca1cc57 req-0fa69f64-cb65-4c1c-b1eb-8c0ebca1cc57 ] Request (NetworksTest:setUpClass): 204 PUT http://10.180.1.21/identity/v3/projects/88e17e75de57405d931dc309f8bb76a0/users/2e4e4c49fa7b4e47a6e320f045d38526/roles/2ff1d8d746b34038af50a370e9b6f276 0.022s
2025-04-05 01:15:15.456 70357 INFO tempest.lib.common.dynamic_creds [-] Dynamic test user 2e4e4c49fa7b4e47a6e320f045d38526 is created with scope project and roles: ['admin']
2025-04-05 01:15:15.456 70357 INFO tempest.lib.common.dynamic_creds [-] Acquired dynamic creds: credentials: Credentials: {'domain_id': 'default', 'domain_name': 'Default', 'username': 'tempest-NetworksTest-1196043682-project-admin', 'project_domain_id': 'default', 'project_domain_name': 'Default', 'project_id': '88e17e75de57405d931dc309f8bb76a0', 'project_name': 'tempest-NetworksTest-1196043682', 'tenant_id': '88e17e75de57405d931dc309f8bb76a0', 'tenant_name': 'tempest-NetworksTest-1196043682', 'user_domain_id': 'default', 'user_domain_name': 'Default', 'user_id': '2e4e4c49fa7b4e47a6e320f045d38526', 'system': None}, Network: None, Subnet: None, Router: None
2025-04-05 01:15:15.456 70357 INFO tempest.lib.common.dynamic_creds [-] Created isolated network resources for: credentials: Credentials: {'domain_id': 'default', 'domain_name': 'Default', 'username': 'tempest-NetworksTest-1196043682-project-admin', 'project_domain_id': 'default', 'project_domain_name': 'Default', 'project_id': '88e17e75de57405d931dc309f8bb76a0', 'project_name': 'tempest-NetworksTest-1196043682', 'tenant_id': '88e17e75de57405d931dc309f8bb76a0', 'tenant_name': 'tempest-NetworksTest-1196043682', 'user_domain_id': 'default', 'user_domain_name': 'Default', 'user_id': '2e4e4c49fa7b4e47a6e320f045d38526', 'system': None}, Network: None, Subnet: None, Router: None
2025-04-05 01:15:15.474 70413 INFO tempest.lib.common.rest_client [req-fe9af9e3-26e6-40e5-a7cc-dd5d75f02aaf req-fe9af9e3-26e6-40e5-a7cc-dd5d75f02aaf ] Request (ListImagesTestJSON:test_list_images_with_detail): 200 GET http://10.180.1.21/compute/v2.1/images/detail 2.127s
2025-04-05 01:15:15.558 70357 INFO tempest.lib.common.rest_client [req-d5e73801-84ea-491a-a239-392686bfd3c5 req-d5e73801-84ea-491a-a239-392686bfd3c5 ] Request (NetworksTest:setUpClass): 201 POST http://10.180.1.21/identity/v3/auth/tokens 0.094s
2025-04-05 01:15:15.584 70409 INFO tempest.lib.common.rest_client [req-e92583be-0dd8-4ac9-a346-7d284425d2f6 req-e92583be-0dd8-4ac9-a346-7d284425d2f6 ] Request (ImagesTestJSON:test_create_image_from_stopped_server): 200 GET http://10.180.1.21/compute/v2.1/servers/60f6fa67-4021-43d8-a94e-fad040add93f 2.284s
2025-04-05 01:15:15.595 70403 INFO tempest.lib.common.rest_client [req-207caa8e-f2f6-40a0-88be-0e5b9f238c59 req-207caa8e-f2f6-40a0-88be-0e5b9f238c59 ] Request (QuotaClassesAdminTestJSON:tearDownClass): 204 DELETE http://10.180.1.21:9696/networking/v2.0/security-groups/998eabae-83e4-4f75-bbf7-8307ff9a61f6 0.156s
2025-04-05 01:15:15.691 70413 INFO tempest.lib.common.rest_client [req-f42e8a7b-4dcb-4572-9a8f-11efc11e03e4 req-f42e8a7b-4dcb-4572-9a8f-11efc11e03e4 ] Request (ListImagesTestJSON:tearDownClass): 204 DELETE http://10.180.1.21/identity/v3/users/36a6159d9fac46dc82ffaffe28d1d261 0.211s
2025-04-05 01:15:15.691 70413 INFO tempest.lib.common.dynamic_creds [-] Deleting project and security group for project: 7933342e124e4fceb2f4daa72467fe97
2025-04-05 01:15:15.713 70403 INFO tempest.lib.common.rest_client [req-335c4b03-bbe7-4c90-85b2-3a02d7b812a3 req-335c4b03-bbe7-4c90-85b2-3a02d7b812a3 ] Request (QuotaClassesAdminTestJSON:tearDownClass): 204 DELETE http://10.180.1.21/identity/v3/projects/c4f85fb4123b4a01963283cf518ff598 0.117s
2025-04-05 01:15:15.713 70403 INFO tempest.lib.common.dynamic_creds [-] Deleting project and security group for project: 725e1b87c0864c859cbd23950a9fd37f
2025-04-05 01:15:15.774 70413 INFO tempest.lib.common.rest_client [req-5f6adb79-0bdc-49c6-8800-a65e3cd40c90 req-5f6adb79-0bdc-49c6-8800-a65e3cd40c90 ] Request (ListImagesTestJSON:tearDownClass): 201 POST http://10.180.1.21/identity/v3/auth/tokens 0.082s
2025-04-05 01:15:15.879 70397 INFO tempest.lib.common.rest_client [req-e153012d-5870-4780-9c4c-e6dc21157917 req-e153012d-5870-4780-9c4c-e6dc21157917 ] Request (ImagesMetadataTestJSON:test_update_image_metadata): 200 POST http://10.180.1.21/compute/v2.1/images/87e3ef6c-ce2a-4461-88a5-7c42400cae68/metadata 2.311s
2025-04-05 01:15:15.920 70379 INFO tempest.lib.common.rest_client [req-6f0ef237-2777-466f-8c6d-349a36c88c9d req-6f0ef237-2777-466f-8c6d-349a36c88c9d ] Request (TenantUsagesNegativeTestJSON:tearDownClass): 204 DELETE http://10.180.1.21:9696/networking/v2.0/security-groups/2064196f-06ce-4e6d-825e-2b2953e29853 0.594s
2025-04-05 01:15:16.030 70379 INFO tempest.lib.common.rest_client [req-a1c011f8-5e3a-41a2-bf7a-2fbf9ce951ab req-a1c011f8-5e3a-41a2-bf7a-2fbf9ce951ab ] Request (TenantUsagesNegativeTestJSON:tearDownClass): 204 DELETE http://10.180.1.21/identity/v3/projects/2b012c533e7c4f3c8b2ba637169ef03b 0.110s
2025-04-05 01:15:16.031 70379 INFO tempest.lib.common.dynamic_creds [-] Deleting project and security group for project: 3a93b9dfa6354971a919a05b7388c386
2025-04-05 01:15:16.201 70411 INFO tempest.lib.common.rest_client [req-80842d42-3a27-49d1-923a-eefe50565f61 req-80842d42-3a27-49d1-923a-eefe50565f61 ] Request (ServerAddressesTestJSON:setUpClass): 201 POST http://10.180.1.21:9696/networking/v2.0/networks 1.372s
2025-04-05 01:15:16.255 70413 INFO tempest.lib.common.rest_client [req-6c0f4a04-2b82-4021-bfd4-d651c321b5af req-6c0f4a04-2b82-4021-bfd4-d651c321b5af ] Request (ListImagesTestJSON:tearDownClass): 200 GET http://10.180.1.21:9696/networking/v2.0/security-groups?tenant_id=7933342e124e4fceb2f4daa72467fe97&name=default 0.480s
2025-04-05 01:15:16.314 70361 INFO tempest.lib.common.rest_client [req-b9a0529f-9b61-4e27-832c-7a9643cbcb26 req-b9a0529f-9b61-4e27-832c-7a9643cbcb26 ] Request (DeleteServersTestJSON:test_delete_active_server): 202 POST http://10.180.1.21/compute/v2.1/servers 2.802s
2025-04-05 01:15:16.417 70379 INFO tempest.lib.common.rest_client [req-70535df7-dc48-4f57-a48a-2c62cf8d0790 req-70535df7-dc48-4f57-a48a-2c62cf8d0790 ] Request (TenantUsagesNegativeTestJSON:tearDownClass): 200 GET http://10.180.1.21:9696/networking/v2.0/security-groups?tenant_id=3a93b9dfa6354971a919a05b7388c386&name=default 0.386s
2025-04-05 01:15:16.475 70419 INFO tempest.lib.common.rest_client [req-e4577a34-98c3-4b8f-a187-65f674732124 req-e4577a34-98c3-4b8f-a187-65f674732124 ] Request (QuotaClassesAdmin257Test:test_update_default_quotas): 200 GET http://10.180.1.21/compute/v2.1/os-quota-class-sets/default 2.541s
2025-04-05 01:15:16.501 70417 INFO tempest.lib.common.rest_client [req-14d1537a-c72a-45f8-a25d-42137b71e16e req-14d1537a-c72a-45f8-a25d-42137b71e16e ] Request (ImagesOneServerTestJSON:setUpClass): 201 POST http://10.180.1.21:9696/networking/v2.0/networks 1.864s
2025-04-05 01:15:16.522 70391 INFO tempest.lib.common.rest_client [req-55739b2c-42f9-451a-a129-a255432df336 req-55739b2c-42f9-451a-a129-a255432df336 ] Request (FloatingIPDetailsTestJSON:setUpClass): 201 POST http://10.180.1.21:9696/networking/v2.0/routers 2.080s
2025-04-05 01:15:16.570 70393 INFO tempest.lib.common.rest_client [req-db2eab79-ccc3-4fcc-a122-f0bb35c8e958 req-db2eab79-ccc3-4fcc-a122-f0bb35c8e958 ] Request (AttachInterfacesV270Test:setUpClass): 201 POST http://10.180.1.21:9696/networking/v2.0/networks 1.696s
2025-04-05 01:15:16.614 70403 INFO tempest.lib.common.rest_client [req-ff60d3a9-d18a-4236-8929-8d5051e194ef req-ff60d3a9-d18a-4236-8929-8d5051e194ef ] Request (QuotaClassesAdminTestJSON:tearDownClass): 200 GET http://10.180.1.21:9696/networking/v2.0/security-groups?tenant_id=725e1b87c0864c859cbd23950a9fd37f&name=default 0.901s
2025-04-05 01:15:16.715 70377 INFO tempest.lib.common.rest_client [req-58c05edc-f657-4de0-9184-741aad1a30e4 req-58c05edc-f657-4de0-9184-741aad1a30e4 ] Request (FloatingIPsAssociationNegativeTestJSON:setUpClass): 200 GET http://10.180.1.21/compute/v2.1/servers/b77ea08a-8f16-44a3-9161-55181e8d7169 2.856s
2025-04-05 01:15:16.723 70377 INFO tempest.common.waiters [-] State transition "BUILD/spawning" ==> "ACTIVE/None" after 22 second wait
2025-04-05 01:15:16.741 70405 INFO tempest.lib.common.rest_client [req-dbe07f00-e1a6-4c78-a024-b66fa65b64bb req-dbe07f00-e1a6-4c78-a024-b66fa65b64bb ] Request (FlavorsAdminTestJSON:_run_cleanups): 202 DELETE http://10.180.1.21/compute/v2.1/flavors/519189808 2.536s
2025-04-05 01:15:16.746 70359 INFO tempest.lib.common.rest_client [req-51b89dd4-df34-4b9a-9ce5-12b36f582b06 req-51b89dd4-df34-4b9a-9ce5-12b36f582b06 ] Request (AggregatesAdminNegativeTestJSON:test_aggregate_delete_as_user): 403 DELETE http://10.180.1.21/compute/v2.1/os-aggregates/5 2.500s
2025-04-05 01:15:16.756 70365 INFO tempest.lib.common.rest_client [req-d34af9d0-ea17-4251-9bdc-9384f1e9da06 req-d34af9d0-ea17-4251-9bdc-9384f1e9da06 ] Request (KeyPairsV22TestJSON:test_keypairsv22_create_list_show): 200 GET http://10.180.1.21/compute/v2.1/os-keypairs 2.499s
2025-04-05 01:15:16.782 70413 INFO tempest.lib.common.rest_client [req-0d9f2927-0ce1-489e-bf0d-c4389bacc32d req-0d9f2927-0ce1-489e-bf0d-c4389bacc32d ] Request (ListImagesTestJSON:tearDownClass): 204 DELETE http://10.180.1.21:9696/networking/v2.0/security-groups/9882420f-3753-4b3e-a0f0-c3d414e7ed4d 0.526s
2025-04-05 01:15:16.800 70399 INFO tempest.lib.common.rest_client [req-94ef5a54-9554-485c-8e1a-0570a19c4ac6 req-94ef5a54-9554-485c-8e1a-0570a19c4ac6 ] Request (ServerAddressesNegativeTestJSON:setUpClass): 200 GET http://10.180.1.21/compute/v2.1/servers/493b08fa-a8b7-409f-840d-4de26ea0be60 2.742s
2025-04-05 01:15:16.907 70379 INFO tempest.lib.common.rest_client [req-531fc6b0-e667-44e0-bcab-166677f90b54 req-531fc6b0-e667-44e0-bcab-166677f90b54 ] Request (TenantUsagesNegativeTestJSON:tearDownClass): 204 DELETE http://10.180.1.21:9696/networking/v2.0/security-groups/4452cc97-5ad0-4fd9-88fc-06b038c198a8 0.489s
2025-04-05 01:15:16.917 70413 INFO tempest.lib.common.rest_client [req-f941a9b4-9e4c-4751-868a-c39ca2918a75 req-f941a9b4-9e4c-4751-868a-c39ca2918a75 ] Request (ListImagesTestJSON:tearDownClass): 204 DELETE http://10.180.1.21/identity/v3/projects/7933342e124e4fceb2f4daa72467fe97 0.135s
2025-04-05 01:15:16.986 70413 INFO tempest.lib.common.rest_client [req-072db901-e78d-41e8-a938-8e206cf0c879 req-072db901-e78d-41e8-a938-8e206cf0c879 ] Request (ServersListShow296Test:setUpClass): 201 POST http://10.180.1.21/identity/v3/auth/tokens 0.068s
2025-04-05 01:15:16.997 70403 INFO tempest.lib.common.rest_client [req-069ec692-7ed0-469d-a936-d6f4a6983775 req-069ec692-7ed0-469d-a936-d6f4a6983775 ] Request (QuotaClassesAdminTestJSON:tearDownClass): 204 DELETE http://10.180.1.21:9696/networking/v2.0/security-groups/a4a03f1c-b964-47e3-9198-6b2a46ddc764 0.382s
2025-04-05 01:15:17.015 70379 INFO tempest.lib.common.rest_client [req-f51044e7-20d4-4a10-9440-b08295c77d16 req-f51044e7-20d4-4a10-9440-b08295c77d16 ] Request (TenantUsagesNegativeTestJSON:tearDownClass): 204 DELETE http://10.180.1.21/identity/v3/projects/3a93b9dfa6354971a919a05b7388c386 0.107s
2025-04-05 01:15:17.069 70413 INFO tempest.lib.common.rest_client [req-e279faaa-4c90-4201-9b78-af056ef98419 req-e279faaa-4c90-4201-9b78-af056ef98419 ] Request (ServersListShow296Test:setUpClass): 201 POST http://10.180.1.21/identity/v3/auth/tokens 0.079s
2025-04-05 01:15:17.092 70379 INFO tempest.lib.common.rest_client [req-870eb147-388c-4fcc-b5ef-422f7cc487d9 req-870eb147-388c-4fcc-b5ef-422f7cc487d9 ] Request (ImagesOneServerNegativeTestJSON:setUpClass): 201 POST http://10.180.1.21/identity/v3/auth/tokens 0.075s
2025-04-05 01:15:17.104 70395 INFO tempest.lib.common.rest_client [req-439960b1-d4d5-4722-b2d7-dceef6f0a989 req-439960b1-d4d5-4722-b2d7-dceef6f0a989 ] Request (DeleteServersAdminTestJSON:test_admin_delete_servers_of_others): 200 GET http://10.180.1.21/compute/v2.1/servers/fe0a3d93-5b98-4ebe-9c4a-f5f49e3fb13e 2.829s
2025-04-05 01:15:17.112 70395 INFO tempest.common.waiters [-] State transition "BUILD/spawning" ==> "ACTIVE/None" after 21 second wait
2025-04-05 01:15:17.126 70403 INFO tempest.lib.common.rest_client [req-d8cb6d1b-dcb0-46cc-8ca7-417c05454d46 req-d8cb6d1b-dcb0-46cc-8ca7-417c05454d46 ] Request (QuotaClassesAdminTestJSON:tearDownClass): 204 DELETE http://10.180.1.21/identity/v3/projects/725e1b87c0864c859cbd23950a9fd37f 0.129s
2025-04-05 01:15:17.152 70379 INFO tempest.lib.common.rest_client [req-0e714330-37a3-4b9f-bd8f-1dfa543c992b req-0e714330-37a3-4b9f-bd8f-1dfa543c992b ] Request (ImagesOneServerNegativeTestJSON:setUpClass): 201 POST http://10.180.1.21/identity/v3/auth/tokens 0.056s
2025-04-05 01:15:17.163 70413 INFO tempest.lib.common.rest_client [req-73323c46-ea8c-45c0-b171-e4acd50008e6 req-73323c46-ea8c-45c0-b171-e4acd50008e6 ] Request (ServersListShow296Test:setUpClass): 200 GET http://10.180.1.21/identity/v3/domains?name=Default 0.094s
2025-04-05 01:15:17.173 70411 INFO tempest.lib.common.rest_client [req-77a8dd75-d8eb-4ddc-9733-dd1332ce282c req-77a8dd75-d8eb-4ddc-9733-dd1332ce282c ] Request (ServerAddressesTestJSON:setUpClass): 201 POST http://10.180.1.21:9696/networking/v2.0/subnets 0.972s
2025-04-05 01:15:17.192 70369 INFO tempest.lib.common.rest_client [req-2ef6f0ab-9500-4feb-b908-0545a65347a9 req-2ef6f0ab-9500-4feb-b908-0545a65347a9 ] Request (ServersTestJSON:setUpClass): 200 GET http://10.180.1.21/compute/v2.1/servers/6efccb6e-9996-4655-9901-8eb162970d73 2.820s
2025-04-05 01:15:17.193 70403 INFO tempest.lib.common.rest_client [req-c06452e2-aa5b-40cb-9cbf-5b1d85986380 req-c06452e2-aa5b-40cb-9cbf-5b1d85986380 ] Request (TenantUsagesTestJSON:setUpClass): 201 POST http://10.180.1.21/identity/v3/auth/tokens 0.064s
2025-04-05 01:15:17.202 70369 INFO tempest.common.waiters [-] State transition "BUILD/spawning" ==> "ACTIVE/None" after 21 second wait
2025-04-05 01:15:17.236 70379 INFO tempest.lib.common.rest_client [req-f22f1969-f668-48ef-8ea5-906b3ae22ad4 req-f22f1969-f668-48ef-8ea5-906b3ae22ad4 ] Request (ImagesOneServerNegativeTestJSON:setUpClass): 200 GET http://10.180.1.21/identity/v3/domains?name=Default 0.083s
2025-04-05 01:15:17.246 70393 INFO tempest.lib.common.rest_client [req-0850e968-aa69-421f-a1ae-d8ba432ed363 req-0850e968-aa69-421f-a1ae-d8ba432ed363 ] Request (AttachInterfacesV270Test:setUpClass): 201 POST http://10.180.1.21:9696/networking/v2.0/subnets 0.675s
2025-04-05 01:15:17.271 70413 INFO tempest.lib.common.rest_client [req-10f3ae1e-6465-434b-b3ed-b5cc2aff8795 req-10f3ae1e-6465-434b-b3ed-b5cc2aff8795 ] Request (ServersListShow296Test:setUpClass): 201 POST http://10.180.1.21/identity/v3/projects 0.108s
2025-04-05 01:15:17.274 70385 INFO tempest.lib.common.rest_client [req-b47ad8ea-7bc4-4e0b-b318-7bff89c1ea23 req-b47ad8ea-7bc4-4e0b-b318-7bff89c1ea23 ] Request (AZV2TestJSON:test_get_availability_zone_list_with_non_admin_user): 200 GET http://10.180.1.21/compute/v2.1/os-availability-zone 2.897s
2025-04-05 01:15:17.304 70403 INFO tempest.lib.common.rest_client [req-f3276ff7-bc8a-4470-af3b-a55627fee5b9 req-f3276ff7-bc8a-4470-af3b-a55627fee5b9 ] Request (TenantUsagesTestJSON:setUpClass): 201 POST http://10.180.1.21/identity/v3/auth/tokens 0.108s
2025-04-05 01:15:17.328 70379 INFO tempest.lib.common.rest_client [req-b87bb45d-a8c0-42ee-b894-c7b6d0e8c802 req-b87bb45d-a8c0-42ee-b894-c7b6d0e8c802 ] Request (ImagesOneServerNegativeTestJSON:setUpClass): 201 POST http://10.180.1.21/identity/v3/projects 0.092s
2025-04-05 01:15:17.329 70413 INFO tempest.lib.common.rest_client [req-c769d041-7c54-4fad-9328-6667fed81fe9 req-c769d041-7c54-4fad-9328-6667fed81fe9 ] Request (ServersListShow296Test:setUpClass): 201 POST http://10.180.1.21/identity/v3/users 0.058s
2025-04-05 01:15:17.353 70401 INFO tempest.lib.common.rest_client [req-be070715-9e88-4b28-9563-773f63705ae1 req-be070715-9e88-4b28-9563-773f63705ae1 ] Request (ServersWithSpecificFlavorTestJSON:test_verify_created_server_ephemeral_disk): 200 GET http://10.180.1.21/compute/v2.1/servers/f3c93cf6-be23-4ddc-98cb-f3c2eb91f6e5 2.536s
2025-04-05 01:15:17.364 70401 INFO tempest.common.waiters [-] State transition "BUILD/scheduling" ==> "BUILD/None" after 8 second wait
2025-04-05 01:15:17.384 70403 INFO tempest.lib.common.rest_client [req-5e5f9ad3-370c-41b8-9619-a4e77fa7029f req-5e5f9ad3-370c-41b8-9619-a4e77fa7029f ] Request (TenantUsagesTestJSON:setUpClass): 200 GET http://10.180.1.21/identity/v3/domains?name=Default 0.079s
2025-04-05 01:15:17.406 70379 INFO tempest.lib.common.rest_client [req-dc29547b-7388-4b57-8bfa-2c052ed92446 req-dc29547b-7388-4b57-8bfa-2c052ed92446 ] Request (ImagesOneServerNegativeTestJSON:setUpClass): 201 POST http://10.180.1.21/identity/v3/users 0.077s
2025-04-05 01:15:17.428 70385 INFO tempest.lib.common.rest_client [req-0de2da6c-2011-4be6-b079-21aed4ea7221 req-0de2da6c-2011-4be6-b079-21aed4ea7221 ] Request (AZV2TestJSON:tearDownClass): 204 DELETE http://10.180.1.21/identity/v3/users/a6fbc73350df40ebaa32b9010ce58033 0.152s
