2025-04-19 14:55:02.187 69933 INFO tempest.lib.common.rest_client [req-8a1a9054-d68b-46cb-b208-0c6a1d371c7e req-8a1a9054-d68b-46cb-b208-0c6a1d371c7e ] Request (ServerDiagnosticsV248Test:tearDownClass): 201 POST http://10.180.1.21/identity/v3/auth/tokens 0.065s
2025-04-19 14:55:02.209 69959 INFO tempest.lib.common.rest_client [req-3e604ad2-4e63-454e-9aa2-de0e4c768d53 req-3e604ad2-4e63-454e-9aa2-de0e4c768d53 ] Request (FlavorsAdminTestJSON:tearDownClass): 200 GET http://10.180.1.21:9696/networking/v2.0/security-groups?tenant_id=f286a9813be343aaa525a4385cd7c0d1&name=default 0.450s
2025-04-19 14:55:02.233 69913 INFO tempest.lib.common.rest_client [req-4cffe7fe-b5a2-4e8d-9f00-07ae7303afd6 req-4cffe7fe-b5a2-4e8d-9f00-07ae7303afd6 ] Request (ServersTestMultiNic:test_verify_duplicate_network_nics): 200 GET http://10.180.1.21/compute/v2.1/servers/fff8ab88-9879-49bb-a0bb-f3a8d8830201 0.790s
2025-04-19 14:55:02.264 69927 INFO tempest.lib.common.rest_client [req-6854e1d4-f883-40cc-a6de-0e0e705923c8 req-6854e1d4-f883-40cc-a6de-0e0e705923c8 ] Request (SecurityGroupsTestAdminJSON:tearDownClass): 200 GET http://10.180.1.21:9696/networking/v2.0/security-groups?tenant_id=945cee4db6e44564a994f18b62c36615&name=default 0.372s
2025-04-19 14:55:02.265 69905 INFO tempest.lib.common.rest_client [req-be76a924-0a4c-4435-9718-fd88d202144c req-be76a924-0a4c-4435-9718-fd88d202144c ] Request (SecurityGroupRulesNegativeTestJSON:tearDownClass): 204 DELETE http://10.180.1.21/identity/v3/projects/bef8f52f8d0d4f0d86061b7788a66fb0 0.084s
2025-04-19 14:55:02.284 69939 INFO tempest.lib.common.rest_client [req-b2d45e49-16bc-418d-b3f2-3b3b7c2bfbce req-b2d45e49-16bc-418d-b3f2-3b3b7c2bfbce ] Request (ServerMetadataTestJSON:setUp): 200 PUT http://10.180.1.21/compute/v2.1/servers/63601191-17ad-4e58-ab82-be3decc8c167/metadata 0.850s
2025-04-19 14:55:02.330 69905 INFO tempest.lib.common.rest_client [req-7c5800c9-bb87-46b2-bb53-1424527f0182 req-7c5800c9-bb87-46b2-bb53-1424527f0182 ] Request (DeleteServersTestJSON:setUpClass): 201 POST http://10.180.1.21/identity/v3/auth/tokens 0.064s
2025-04-19 14:55:02.337 69959 INFO tempest.lib.common.rest_client [req-787c1d79-eb80-4d7a-a8ca-299190867400 req-787c1d79-eb80-4d7a-a8ca-299190867400 ] Request (FlavorsAdminTestJSON:tearDownClass): 204 DELETE http://10.180.1.21:9696/networking/v2.0/security-groups/e2fe0c5a-511f-484c-8a65-348d36f6d095 0.127s
2025-04-19 14:55:02.358 69905 INFO tempest.lib.common.rest_client [req-13a7ae11-16a8-4d72-bfa6-9d43f52723c0 req-13a7ae11-16a8-4d72-bfa6-9d43f52723c0 ] Request (DeleteServersTestJSON:setUpClass): 201 POST http://10.180.1.21/identity/v3/auth/tokens 0.025s
2025-04-19 14:55:02.374 69957 INFO tempest.lib.common.rest_client [req-abd3d86f-d9e7-4d1e-9ef0-8ae85f13ef51 req-abd3d86f-d9e7-4d1e-9ef0-8ae85f13ef51 ] Request (ServerShowV254Test:tearDownClass): 200 GET http://10.180.1.21/compute/v2.1/servers/945b7866-0797-4ba6-984e-cbfc0bc7dbc2 0.735s
2025-04-19 14:55:02.381 69937 INFO tempest.lib.common.rest_client [req-d37d4e84-da6b-4bb5-8cf3-47fb16924e53 req-d37d4e84-da6b-4bb5-8cf3-47fb16924e53 ] Request (AttachInterfacesTestJSON:test_create_list_show_delete_interfaces_by_fixed_ip): 200 GET http://10.180.1.21/compute/v2.1/servers/72bb6d82-5ec5-4a20-9599-e4bd68b25d74/os-interface/c77f02c6-326f-413a-ac25-a331020bddec 0.884s
2025-04-19 14:55:02.389 69905 INFO tempest.lib.common.rest_client [req-8ef91b4d-438d-4e0f-95c7-452a7cb52738 req-8ef91b4d-438d-4e0f-95c7-452a7cb52738 ] Request (DeleteServersTestJSON:setUpClass): 200 GET http://10.180.1.21/identity/v3/domains?name=Default 0.031s
2025-04-19 14:55:02.410 69959 INFO tempest.lib.common.rest_client [req-1e40dc2d-719e-481a-b3d5-fbdde23f6ead req-1e40dc2d-719e-481a-b3d5-fbdde23f6ead ] Request (FlavorsAdminTestJSON:tearDownClass): 204 DELETE http://10.180.1.21/identity/v3/projects/f286a9813be343aaa525a4385cd7c0d1 0.073s
2025-04-19 14:55:02.410 69959 INFO tempest.lib.common.dynamic_creds [-] Deleting project and security group for project: 234bd786018a4210a3a934e08c4cc448
2025-04-19 14:55:02.433 69917 INFO tempest.lib.common.rest_client [req-a639923a-9b11-4670-aa07-c619694c9f43 req-a639923a-9b11-4670-aa07-c619694c9f43 ] Request (DeleteServersAdminTestJSON:test_delete_server_while_in_error_state): 200 GET http://10.180.1.21/compute/v2.1/servers/c2fc91e3-adaf-4645-b65a-c5ba03435ea6 0.743s
2025-04-19 14:55:02.461 69927 INFO tempest.lib.common.rest_client [req-9d70edc6-2d4d-4482-9e47-031588abfb49 req-9d70edc6-2d4d-4482-9e47-031588abfb49 ] Request (SecurityGroupsTestAdminJSON:tearDownClass): 204 DELETE http://10.180.1.21:9696/networking/v2.0/security-groups/aa3da5b9-8977-4df6-9b93-77b49b41cc04 0.197s
2025-04-19 14:55:02.472 69905 INFO tempest.lib.common.rest_client [req-834c47ad-a013-4a4d-a43d-07304d2d51a3 req-834c47ad-a013-4a4d-a43d-07304d2d51a3 ] Request (DeleteServersTestJSON:setUpClass): 201 POST http://10.180.1.21/identity/v3/projects 0.081s
2025-04-19 14:55:02.489 69919 INFO tempest.lib.common.rest_client [req-fe09f89c-e4c2-4579-9bdd-3f54869a025e req-fe09f89c-e4c2-4579-9bdd-3f54869a025e ] Request (ServersAdmin275Test:_run_cleanups): 200 GET http://10.180.1.21/compute/v2.1/servers/e5e667e1-f834-442e-82eb-f1ee771ac463 0.794s
2025-04-19 14:55:02.493 69929 INFO tempest.lib.common.rest_client [req-bfa88b87-846e-4a81-9afc-c07d3b0161c2 req-bfa88b87-846e-4a81-9afc-c07d3b0161c2 ] Request (MultipleCreateTestJSON:test_multiple_create): 200 GET http://10.180.1.21/compute/v2.1/servers/16b96f96-39d6-40a8-a45b-8fc0432f310c 0.572s
2025-04-19 14:55:02.542 69945 INFO tempest.lib.common.rest_client [req-27731eba-e18d-4ae2-b10c-2356abfeb9e1 req-27731eba-e18d-4ae2-b10c-2356abfeb9e1 ] Request (SecurityGroupsTestJSON:test_server_security_groups): 200 GET http://10.180.1.21/compute/v2.1/servers/0983ed9e-3ca6-4a9c-bece-50c7a4d89797 0.485s
2025-04-19 14:55:02.545 69905 INFO tempest.lib.common.rest_client [req-2941556c-6e2f-4b8d-8aa2-0b80d013b491 req-2941556c-6e2f-4b8d-8aa2-0b80d013b491 ] Request (DeleteServersTestJSON:setUpClass): 201 POST http://10.180.1.21/identity/v3/users 0.073s
2025-04-19 14:55:02.558 69933 INFO tempest.lib.common.rest_client [req-697ad654-f5ba-45db-b17d-6325c08cdb42 req-697ad654-f5ba-45db-b17d-6325c08cdb42 ] Request (ServerDiagnosticsV248Test:tearDownClass): 200 GET http://10.180.1.21:9696/networking/v2.0/security-groups?tenant_id=dd4fe8a121f04be2a111736480f1abc1&name=default 0.367s
2025-04-19 14:55:02.565 69927 INFO tempest.lib.common.rest_client [req-a1600604-7fc6-4717-9efe-d28e753b99fa req-a1600604-7fc6-4717-9efe-d28e753b99fa ] Request (SecurityGroupsTestAdminJSON:tearDownClass): 204 DELETE http://10.180.1.21/identity/v3/projects/945cee4db6e44564a994f18b62c36615 0.103s
2025-04-19 14:55:02.568 69927 INFO tempest.lib.common.dynamic_creds [-] Deleting project and security group for project: bfcc25cb78174a8ea00ea132cf19d325
2025-04-19 14:55:02.597 69909 INFO tempest.lib.common.rest_client [req-3fb606fc-2509-46fc-bbd2-50faf5384e41 req-3fb606fc-2509-46fc-bbd2-50faf5384e41 ] Request (ServerActionsTestJSON:setUpClass): 200 GET http://10.180.1.21/compute/v2.1/servers/e6ba8e96-a9bd-4a35-b386-3e7cb9c95ecc/os-interface 0.565s
2025-04-19 14:55:02.609 69905 INFO tempest.lib.common.rest_client [req-c6923985-3cbe-4689-96ad-33b240e5e104 req-c6923985-3cbe-4689-96ad-33b240e5e104 ] Request (DeleteServersTestJSON:setUpClass): 200 GET http://10.180.1.21/identity/v3/roles 0.064s
2025-04-19 14:55:02.618 69951 INFO tempest.lib.common.rest_client [req-7ba685ae-766a-432b-bdf4-7b95498f41ba req-7ba685ae-766a-432b-bdf4-7b95498f41ba ] Request (ImagesNegativeTestJSON:test_create_image_from_deleted_server): 200 GET http://10.180.1.21/compute/v2.1/servers/ad145721-739b-40ec-b806-2c91c082be75 0.554s
2025-04-19 14:55:02.647 69927 INFO tempest.lib.common.rest_client [req-9f880576-00d6-4b2b-b911-9b574fc95b58 req-9f880576-00d6-4b2b-b911-9b574fc95b58 ] Request (SecurityGroupsTestAdminJSON:tearDownClass): 200 GET http://10.180.1.21:9696/networking/v2.0/security-groups?tenant_id=bfcc25cb78174a8ea00ea132cf19d325&name=default 0.079s
2025-04-19 14:55:02.653 69905 INFO tempest.lib.common.rest_client [req-0602d17e-f306-465b-8766-40c553b7d06c req-0602d17e-f306-465b-8766-40c553b7d06c ] Request (DeleteServersTestJSON:setUpClass): 204 PUT http://10.180.1.21/identity/v3/projects/903eba6d0ced490cb4633665d7aedf62/users/27bcdedffbea433ab08f51d62db91ae4/roles/34f33abe56064d64ad3140818273aa38 0.044s
2025-04-19 14:55:02.653 69905 INFO tempest.lib.common.dynamic_creds [-] Dynamic test user 27bcdedffbea433ab08f51d62db91ae4 is created with scope project and roles: ['member']
2025-04-19 14:55:02.654 69905 INFO tempest.lib.common.dynamic_creds [-] Acquired dynamic creds: credentials: Credentials: {'domain_id': 'default', 'domain_name': 'Default', 'username': 'tempest-DeleteServersTestJSON-1292314666-project-member', 'project_domain_id': 'default', 'project_domain_name': 'Default', 'project_id': '903eba6d0ced490cb4633665d7aedf62', 'project_name': 'tempest-DeleteServersTestJSON-1292314666', 'tenant_id': '903eba6d0ced490cb4633665d7aedf62', 'tenant_name': 'tempest-DeleteServersTestJSON-1292314666', 'user_domain_id': 'default', 'user_domain_name': 'Default', 'user_id': '27bcdedffbea433ab08f51d62db91ae4', 'system': None}, Network: None, Subnet: None, Router: None
2025-04-19 14:55:02.680 69943 INFO tempest.lib.common.rest_client [req-48f13c0b-aada-4119-9f0b-965e4865211d req-48f13c0b-aada-4119-9f0b-965e4865211d ] Request (ServersTestJSON:setUpClass): 200 GET http://10.180.1.21/compute/v2.1/servers/e2c4ff26-f7ed-443e-8bd7-49a7e8e4a759 0.503s
2025-04-19 14:55:02.690 69959 INFO tempest.lib.common.rest_client [req-95b19d1d-8e00-4e3c-ab57-db892163fdcf req-95b19d1d-8e00-4e3c-ab57-db892163fdcf ] Request (FlavorsAdminTestJSON:tearDownClass): 200 GET http://10.180.1.21:9696/networking/v2.0/security-groups?tenant_id=234bd786018a4210a3a934e08c4cc448&name=default 0.280s
2025-04-19 14:55:02.714 69905 INFO tempest.lib.common.rest_client [req-c60e4fe1-43bc-40b7-84d6-96d40d84873f req-c60e4fe1-43bc-40b7-84d6-96d40d84873f ] Request (DeleteServersTestJSON:setUpClass): 201 POST http://10.180.1.21/identity/v3/auth/tokens 0.060s
2025-04-19 14:55:02.744 69915 INFO tempest.lib.common.rest_client [req-c13c24a9-b139-422d-aa53-40248b988ed6 req-c13c24a9-b139-422d-aa53-40248b988ed6 ] Request (ServersAdminTestJSON:setUpClass): 200 GET http://10.180.1.21/compute/v2.1/servers/4298e770-e96e-4e91-8712-d352ac2daba5 0.490s
2025-04-19 14:55:02.765 69933 INFO tempest.lib.common.rest_client [req-698fcc50-f248-465f-be5e-35ca7d7b16f3 req-698fcc50-f248-465f-be5e-35ca7d7b16f3 ] Request (ServerDiagnosticsV248Test:tearDownClass): 204 DELETE http://10.180.1.21:9696/networking/v2.0/security-groups/ffeb82a2-1aed-42c1-86af-df3c40f68a4b 0.206s
2025-04-19 14:55:02.795 69923 INFO tempest.lib.common.rest_client [req-dac83a0f-b65a-422b-a706-d1a34194ace3 req-dac83a0f-b65a-422b-a706-d1a34194ace3 ] Request (ServerDiagnosticsNegativeTest:test_get_server_diagnostics_by_non_admin): 200 GET http://10.180.1.21/compute/v2.1/servers/ce489b44-ae3c-48a2-a77e-5ca07e26b193 0.598s
2025-04-19 14:55:02.819 69939 INFO tempest.lib.common.rest_client [req-20ed5a7c-d17f-4a82-a553-8e67b34f1beb req-20ed5a7c-d17f-4a82-a553-8e67b34f1beb ] Request (ServerMetadataTestJSON:test_update_server_metadata): 200 POST http://10.180.1.21/compute/v2.1/servers/63601191-17ad-4e58-ab82-be3decc8c167/metadata 0.534s
2025-04-19 14:55:02.827 69959 INFO tempest.lib.common.rest_client [req-fd7a6e79-73ec-447e-a310-e6468fd1643a req-fd7a6e79-73ec-447e-a310-e6468fd1643a ] Request (FlavorsAdminTestJSON:tearDownClass): 204 DELETE http://10.180.1.21:9696/networking/v2.0/security-groups/c3f5c1a2-ec1f-45db-a173-d7f88b4ab651 0.136s
2025-04-19 14:55:02.828 69927 INFO tempest.lib.common.rest_client [req-0fe55adc-d414-4e61-9163-c8a8d788ad36 req-0fe55adc-d414-4e61-9163-c8a8d788ad36 ] Request (SecurityGroupsTestAdminJSON:tearDownClass): 204 DELETE http://10.180.1.21:9696/networking/v2.0/security-groups/6313eead-6984-41e2-91e0-4336a1e527cc 0.181s
2025-04-19 14:55:02.866 69933 INFO tempest.lib.common.rest_client [req-62e7384d-9292-4264-a380-d4574a72a463 req-62e7384d-9292-4264-a380-d4574a72a463 ] Request (ServerDiagnosticsV248Test:tearDownClass): 204 DELETE http://10.180.1.21/identity/v3/projects/dd4fe8a121f04be2a111736480f1abc1 0.101s
2025-04-19 14:55:02.867 69933 INFO tempest.lib.common.dynamic_creds [-] Deleting project and security group for project: 6de23b86bcbd40b7b9e781a9532ecd08
2025-04-19 14:55:02.869 69955 INFO tempest.lib.common.rest_client [req-5d4692ff-401c-4328-9b34-f5d9e62e6079 req-5d4692ff-401c-4328-9b34-f5d9e62e6079 ] Request (InstanceActionsV221TestJSON:test_get_list_deleted_instance_actions): 200 GET http://10.180.1.21/compute/v2.1/servers/c32d7cb4-082d-49fe-ace8-89069a3d6aa9 0.543s
2025-04-19 14:55:02.884 69937 INFO tempest.lib.common.rest_client [req-f0c476db-76a5-4e7b-8a3b-8e2e6c1e6126 req-f0c476db-76a5-4e7b-8a3b-8e2e6c1e6126 ] Request (AttachInterfacesTestJSON:test_create_list_show_delete_interfaces_by_fixed_ip): 202 DELETE http://10.180.1.21/compute/v2.1/servers/72bb6d82-5ec5-4a20-9599-e4bd68b25d74/os-interface/d76be67b-2cc8-4cda-a54c-4055c926adff 0.501s
2025-04-19 14:55:02.988 69901 INFO tempest.lib.common.rest_client [req-85bbfcc5-d667-4d10-92cb-23f90ace6af8 req-85bbfcc5-d667-4d10-92cb-23f90ace6af8 ] Request (ServersListShow2100Test:test_list_show_rebuild_update_server_2100): 200 GET http://10.180.1.21/compute/v2.1/servers/c9b37ee9-924e-4a1a-aa27-0c8632c42cce 0.392s
2025-04-19 14:55:02.998 69927 INFO tempest.lib.common.rest_client [req-cbd71df0-8319-41bb-9062-d81a9a35a4d7 req-cbd71df0-8319-41bb-9062-d81a9a35a4d7 ] Request (SecurityGroupsTestAdminJSON:tearDownClass): 204 DELETE http://10.180.1.21/identity/v3/projects/bfcc25cb78174a8ea00ea132cf19d325 0.169s
2025-04-19 14:55:03.000 69926 INFO tempest.lib.common.rest_client [req-79145269-292b-48f9-ac5a-719bf565c427 req-79145269-292b-48f9-ac5a-719bf565c427 ] Request (ServersListShow298Test:test_list_show_update_rebuild_server_298): 200 GET http://10.180.1.21/compute/v2.1/servers/1aa126ff-b673-49e5-a945-4f32fc7c92e2 0.592s
2025-04-19 14:55:03.004 69959 INFO tempest.lib.common.rest_client [req-bd55e5c2-5dbc-49ab-8e80-1b298eb9d30a req-bd55e5c2-5dbc-49ab-8e80-1b298eb9d30a ] Request (FlavorsAdminTestJSON:tearDownClass): 204 DELETE http://10.180.1.21/identity/v3/projects/234bd786018a4210a3a934e08c4cc448 0.174s
2025-04-19 14:55:03.067 69933 INFO tempest.lib.common.rest_client [req-f4e39df3-f964-467f-84a3-003f37c6c13a req-f4e39df3-f964-467f-84a3-003f37c6c13a ] Request (ServerDiagnosticsV248Test:tearDownClass): 200 GET http://10.180.1.21:9696/networking/v2.0/security-groups?tenant_id=6de23b86bcbd40b7b9e781a9532ecd08&name=default 0.200s
2025-04-19 14:55:03.083 69953 INFO tempest.lib.common.rest_client [req-08933184-5d19-48aa-a128-9631cbd8dc47 req-08933184-5d19-48aa-a128-9631cbd8dc47 ] Request (ServerDiagnosticsTest:test_get_server_diagnostics): 200 GET http://10.180.1.21/compute/v2.1/servers/f2c68220-f055-4558-95c0-526ae266ee62 0.440s
2025-04-19 14:55:03.087 69927 INFO tempest.lib.common.rest_client [req-92bce10c-e9cc-4023-853d-48d8407c1b96 req-92bce10c-e9cc-4023-853d-48d8407c1b96 ] Request (ServerRescueNegativeTestJSON:setUpClass): 201 POST http://10.180.1.21/identity/v3/auth/tokens 0.086s
2025-04-19 14:55:03.095 69959 INFO tempest.lib.common.rest_client [req-c8b266a1-3730-4719-b0ec-7fa8865390ec req-c8b266a1-3730-4719-b0ec-7fa8865390ec ] Request (HypervisorAdminUnderV252Test:setUpClass): 201 POST http://10.180.1.21/identity/v3/auth/tokens 0.089s
2025-04-19 14:55:03.128 69927 INFO tempest.lib.common.rest_client [req-6591d77d-6f38-4aae-b58c-e389904dd69e req-6591d77d-6f38-4aae-b58c-e389904dd69e ] Request (ServerRescueNegativeTestJSON:setUpClass): 201 POST http://10.180.1.21/identity/v3/auth/tokens 0.037s
2025-04-19 14:55:03.150 69959 INFO tempest.lib.common.rest_client [req-f55a8dd7-5d9f-4fc6-a621-999f0a5fbbc1 req-f55a8dd7-5d9f-4fc6-a621-999f0a5fbbc1 ] Request (HypervisorAdminUnderV252Test:setUpClass): 201 POST http://10.180.1.21/identity/v3/auth/tokens 0.050s
2025-04-19 14:55:03.165 69927 INFO tempest.lib.common.rest_client [req-4ea4bd27-392b-4a76-b767-8af19fbd4f41 req-4ea4bd27-392b-4a76-b767-8af19fbd4f41 ] Request (ServerRescueNegativeTestJSON:setUpClass): 200 GET http://10.180.1.21/identity/v3/domains?name=Default 0.037s
2025-04-19 14:55:03.167 69905 INFO tempest.lib.common.rest_client [req-d6c1e57a-b29f-4da1-81ac-446e028e7be7 req-d6c1e57a-b29f-4da1-81ac-446e028e7be7 ] Request (DeleteServersTestJSON:setUpClass): 201 POST http://10.180.1.21:9696/networking/v2.0/networks 0.452s
2025-04-19 14:55:03.190 69907 INFO tempest.lib.common.rest_client [req-a91304fb-d344-451e-a6d5-d5b71f75673c req-a91304fb-d344-451e-a6d5-d5b71f75673c ] Request (ServersV294TestFqdnHostnames:setUpClass): 200 GET http://10.180.1.21/compute/v2.1/servers/8f8e183c-7597-4fb6-9a9f-8002db7ceaaa 0.477s
2025-04-19 14:55:03.208 69959 INFO tempest.lib.common.rest_client [req-5ed19b98-291c-4882-bd44-473a5dd7a807 req-5ed19b98-291c-4882-bd44-473a5dd7a807 ] Request (HypervisorAdminUnderV252Test:setUpClass): 200 GET http://10.180.1.21/identity/v3/domains?name=Default 0.057s
2025-04-19 14:55:03.285 69927 INFO tempest.lib.common.rest_client [req-4da66411-1046-47c7-b9bb-bb3801a6f065 req-4da66411-1046-47c7-b9bb-bb3801a6f065 ] Request (ServerRescueNegativeTestJSON:setUpClass): 201 POST http://10.180.1.21/identity/v3/projects 0.119s
2025-04-19 14:55:03.289 69959 INFO tempest.lib.common.rest_client [req-ab65f708-09ef-438e-8271-88df741872b8 req-ab65f708-09ef-438e-8271-88df741872b8 ] Request (HypervisorAdminUnderV252Test:setUpClass): 201 POST http://10.180.1.21/identity/v3/projects 0.081s
2025-04-19 14:55:03.301 69939 INFO tempest.lib.common.rest_client [req-1e2ffe43-3ec2-467f-b28b-953d3447c69b req-1e2ffe43-3ec2-467f-b28b-953d3447c69b ] Request (ServerMetadataTestJSON:test_update_server_metadata): 200 GET http://10.180.1.21/compute/v2.1/servers/63601191-17ad-4e58-ab82-be3decc8c167/metadata 0.482s
2025-04-19 14:55:03.350 69933 INFO tempest.lib.common.rest_client [req-3173ecd1-d6fe-489c-99ab-ae4812dd4825 req-3173ecd1-d6fe-489c-99ab-ae4812dd4825 ] Request (ServerDiagnosticsV248Test:tearDownClass): 204 DELETE http://10.180.1.21:9696/networking/v2.0/security-groups/0467da4c-3816-498d-b1c1-6f59c51ce118 0.283s
2025-04-19 14:55:03.394 69959 INFO tempest.lib.common.rest_client [req-e9cd1c5c-3c5f-4f07-bfe5-49a684166f39 req-e9cd1c5c-3c5f-4f07-bfe5-49a684166f39 ] Request (HypervisorAdminUnderV252Test:setUpClass): 201 POST http://10.180.1.21/identity/v3/users 0.104s
2025-04-19 14:55:03.404 69927 INFO tempest.lib.common.rest_client [req-aebe5c8c-3507-4364-bd99-4dc1443e1fdc req-aebe5c8c-3507-4364-bd99-4dc1443e1fdc ] Request (ServerRescueNegativeTestJSON:setUpClass): 201 POST http://10.180.1.21/identity/v3/users 0.118s
2025-04-19 14:55:03.428 69959 INFO tempest.lib.common.rest_client [req-6c86e8d4-f9d1-496c-b574-26057f782e3c req-6c86e8d4-f9d1-496c-b574-26057f782e3c ] Request (HypervisorAdminUnderV252Test:setUpClass): 200 GET http://10.180.1.21/identity/v3/roles 0.034s
2025-04-19 14:55:03.450 69927 INFO tempest.lib.common.rest_client [req-bef5ea60-090a-47b2-985b-ca4603cbd828 req-bef5ea60-090a-47b2-985b-ca4603cbd828 ] Request (ServerRescueNegativeTestJSON:setUpClass): 200 GET http://10.180.1.21/identity/v3/roles 0.045s
2025-04-19 14:55:03.471 69933 INFO tempest.lib.common.rest_client [req-b19c232f-fece-4029-98d5-5d01eb0d6406 req-b19c232f-fece-4029-98d5-5d01eb0d6406 ] Request (ServerDiagnosticsV248Test:tearDownClass): 204 DELETE http://10.180.1.21/identity/v3/projects/6de23b86bcbd40b7b9e781a9532ecd08 0.120s
2025-04-19 14:55:03.485 69941 INFO tempest.lib.common.rest_client [req-e2a92684-e51c-4b24-8acf-b6e5100d9c62 req-e2a92684-e51c-4b24-8acf-b6e5100d9c62 ] Request (ImagesTestJSON:test_create_image_from_stopped_server): 200 GET http://10.180.1.21/compute/v2.1/servers/746ee2f3-b43f-44a6-a584-f64f91cacb46 0.880s
2025-04-19 14:55:03.493 69941 INFO tempest.common.waiters [-] State transition "BUILD/spawning" ==> "ACTIVE/None" after 47 second wait
2025-04-19 14:55:03.501 69935 INFO tempest.lib.common.rest_client [req-28e28473-7449-498a-aa3a-28c2339d82a2 req-28e28473-7449-498a-aa3a-28c2339d82a2 ] Request (MigrationsAdminTest:test_list_migrations_in_flavor_resize_situation): 200 GET http://10.180.1.21/compute/v2.1/servers/1cb12eb8-8e6e-4513-8408-18afd328e053 0.646s
2025-04-19 14:55:03.537 69959 INFO tempest.lib.common.rest_client [req-c58c7c4c-bb0b-452d-9033-c5f010f186b4 req-c58c7c4c-bb0b-452d-9033-c5f010f186b4 ] Request (HypervisorAdminUnderV252Test:setUpClass): 204 PUT http://10.180.1.21/identity/v3/projects/71a7b4a374124893a125556d70fb01ef/users/c5e54382855e462d9ddfdd1891031891/roles/34f33abe56064d64ad3140818273aa38 0.108s
2025-04-19 14:55:03.538 69959 INFO tempest.lib.common.dynamic_creds [-] Dynamic test user c5e54382855e462d9ddfdd1891031891 is created with scope project and roles: ['member']
2025-04-19 14:55:03.538 69959 INFO tempest.lib.common.dynamic_creds [-] Acquired dynamic creds: credentials: Credentials: {'domain_id': 'default', 'domain_name': 'Default', 'username': 'tempest-HypervisorAdminUnderV252Test-4987397-project-member', 'project_domain_id': 'default', 'project_domain_name': 'Default', 'project_id': '71a7b4a374124893a125556d70fb01ef', 'project_name': 'tempest-HypervisorAdminUnderV252Test-4987397', 'tenant_id': '71a7b4a374124893a125556d70fb01ef', 'tenant_name': 'tempest-HypervisorAdminUnderV252Test-4987397', 'user_domain_id': 'default', 'user_domain_name': 'Default', 'user_id': 'c5e54382855e462d9ddfdd1891031891', 'system': None}, Network: None, Subnet: None, Router: None
2025-04-19 14:55:03.538 69959 INFO tempest.lib.common.dynamic_creds [-] Created isolated network resources for: credentials: Credentials: {'domain_id': 'default', 'domain_name': 'Default', 'username': 'tempest-HypervisorAdminUnderV252Test-4987397-project-member', 'project_domain_id': 'default', 'project_domain_name': 'Default', 'project_id': '71a7b4a374124893a125556d70fb01ef', 'project_name': 'tempest-HypervisorAdminUnderV252Test-4987397', 'tenant_id': '71a7b4a374124893a125556d70fb01ef', 'tenant_name': 'tempest-HypervisorAdminUnderV252Test-4987397', 'user_domain_id': 'default', 'user_domain_name': 'Default', 'user_id': 'c5e54382855e462d9ddfdd1891031891', 'system': None}, Network: None, Subnet: None, Router: None
2025-04-19 14:55:03.548 69961 INFO tempest.lib.common.rest_client [req-1d510473-7ecb-44ff-85b2-20da33dc0f2a req-1d510473-7ecb-44ff-85b2-20da33dc0f2a ] Request (ListImageFiltersTestJSON:setUpClass): 200 GET http://10.180.1.21/compute/v2.1/images/76264ced-68c9-43db-a936-5f608e693151 0.481s
2025-04-19 14:55:03.572 69937 INFO tempest.lib.common.rest_client [req-8c96ba8a-3b5f-4977-a16f-ed259c2743e8 req-8c96ba8a-3b5f-4977-a16f-ed259c2743e8 ] Request (AttachInterfacesTestJSON:test_create_list_show_delete_interfaces_by_fixed_ip): 200 GET http://10.180.1.21/compute/v2.1/servers/72bb6d82-5ec5-4a20-9599-e4bd68b25d74/os-interface 0.687s
2025-04-19 14:55:03.572 69909 INFO tempest.lib.common.rest_client [req-30061a8d-3921-4216-801e-e7c4330678b9 req-30061a8d-3921-4216-801e-e7c4330678b9 ] Request (ServerActionsTestJSON:setUpClass): 200 PUT http://10.180.1.21:9696/networking/v2.0/floatingips/a29f17b8-bdc1-4c6a-9943-681ba0b7fe1d 0.970s
2025-04-19 14:55:03.573 69909 INFO tempest.lib.common.ssh [-] Creating ssh connection to '10.180.180.204:22' as 'cirros' with public key authentication
2025-04-19 14:55:03.603 69933 INFO tempest.lib.common.rest_client [req-5cd12b4e-452f-47af-bbe6-540fb489dd52 req-5cd12b4e-452f-47af-bbe6-540fb489dd52 ] Request (ListImagesTestJSON:setUpClass): 201 POST http://10.180.1.21/identity/v3/auth/tokens 0.130s
2025-04-19 14:55:03.605 69927 INFO tempest.lib.common.rest_client [req-0e951b0f-1a98-4ade-8835-bb104e2eb9ed req-0e951b0f-1a98-4ade-8835-bb104e2eb9ed ] Request (ServerRescueNegativeTestJSON:setUpClass): 204 PUT http://10.180.1.21/identity/v3/projects/166b524a7c5d4cbe8efea1608331795b/users/c84179fdd112428696ccbbb8f14f1f02/roles/34f33abe56064d64ad3140818273aa38 0.155s
2025-04-19 14:55:03.605 69927 INFO tempest.lib.common.dynamic_creds [-] Dynamic test user c84179fdd112428696ccbbb8f14f1f02 is created with scope project and roles: ['member']
2025-04-19 14:55:03.605 69927 INFO tempest.lib.common.dynamic_creds [-] Acquired dynamic creds: credentials: Credentials: {'domain_id': 'default', 'domain_name': 'Default', 'username': 'tempest-ServerRescueNegativeTestJSON-1697548825-project-member', 'project_domain_id': 'default', 'project_domain_name': 'Default', 'project_id': '166b524a7c5d4cbe8efea1608331795b', 'project_name': 'tempest-ServerRescueNegativeTestJSON-1697548825', 'tenant_id': '166b524a7c5d4cbe8efea1608331795b', 'tenant_name': 'tempest-ServerRescueNegativeTestJSON-1697548825', 'user_domain_id': 'default', 'user_domain_name': 'Default', 'user_id': 'c84179fdd112428696ccbbb8f14f1f02', 'system': None}, Network: None, Subnet: None, Router: None
2025-04-19 14:55:03.611 69905 INFO tempest.lib.common.rest_client [req-cc3068d3-bd7f-435d-8819-d6d4eeb0e290 req-cc3068d3-bd7f-435d-8819-d6d4eeb0e290 ] Request (DeleteServersTestJSON:setUpClass): 201 POST http://10.180.1.21:9696/networking/v2.0/subnets 0.442s
2025-04-19 14:55:03.613 69903 INFO tempest.lib.common.rest_client [req-67107577-8bb8-4953-9bb9-08f0763e22f2 req-67107577-8bb8-4953-9bb9-08f0763e22f2 ] Request (VolumesAdminNegativeTest:test_update_attached_volume_with_nonexistent_volume_in_body): 200 GET http://10.180.1.21/compute/v2.1/servers/a370afe3-c2f8-432a-a526-81426d935a9c 0.467s
2025-04-19 14:55:03.640 69963 INFO tempest.lib.common.rest_client [req-70590f4d-ce4c-4c61-9f06-45b52bd53438 req-70590f4d-ce4c-4c61-9f06-45b52bd53438 ] Request (ServersTestFqdnHostnames:test_create_server_with_fqdn_name): 200 GET http://10.180.1.21/compute/v2.1/servers/4fbd9481-6115-4243-8700-37374677b0bb 0.486s
2025-04-19 14:55:03.665 69927 INFO tempest.lib.common.rest_client [req-03ee05ab-5cde-41bf-b597-f6feb4f0a02f req-03ee05ab-5cde-41bf-b597-f6feb4f0a02f ] Request (ServerRescueNegativeTestJSON:setUpClass): 201 POST http://10.180.1.21/identity/v3/auth/tokens 0.059s
2025-04-19 14:55:03.677 69959 INFO tempest.lib.common.rest_client [req-58a7cc4a-5872-4cde-baa8-d658045c662e req-58a7cc4a-5872-4cde-baa8-d658045c662e ] Request (HypervisorAdminUnderV252Test:setUpClass): 201 POST http://10.180.1.21/identity/v3/auth/tokens 0.134s
2025-04-19 14:55:03.690 69913 INFO tempest.lib.common.rest_client [req-3028b876-cb28-4af6-91f0-9bfa22ae4495 req-3028b876-cb28-4af6-91f0-9bfa22ae4495 ] Request (ServersTestMultiNic:test_verify_duplicate_network_nics): 200 GET http://10.180.1.21/compute/v2.1/servers/fff8ab88-9879-49bb-a0bb-f3a8d8830201 0.447s
2025-04-19 14:55:03.690 69933 INFO tempest.lib.common.rest_client [req-6c0a93ff-8532-4350-96af-27e05e0249bd req-6c0a93ff-8532-4350-96af-27e05e0249bd ] Request (ListImagesTestJSON:setUpClass): 201 POST http://10.180.1.21/identity/v3/auth/tokens 0.083s
2025-04-19 14:55:03.726 69959 INFO tempest.lib.common.rest_client [req-beb2a8e1-5377-4103-ad1b-7d67187c8843 req-beb2a8e1-5377-4103-ad1b-7d67187c8843 ] Request (HypervisorAdminUnderV252Test:setUpClass): 201 POST http://10.180.1.21/identity/v3/projects 0.048s
2025-04-19 14:55:03.731 69939 INFO tempest.lib.common.rest_client [req-f4d10ea5-f59a-4628-9674-2d11a52131f2 req-f4d10ea5-f59a-4628-9674-2d11a52131f2 ] Request (ServerMetadataTestJSON:tearDownClass): 204 DELETE http://10.180.1.21/compute/v2.1/servers/63601191-17ad-4e58-ab82-be3decc8c167 0.427s
2025-04-19 14:55:03.776 69933 INFO tempest.lib.common.rest_client [req-31059bf3-7f0d-4753-be39-6cd3b2b62a86 req-31059bf3-7f0d-4753-be39-6cd3b2b62a86 ] Request (ListImagesTestJSON:setUpClass): 200 GET http://10.180.1.21/identity/v3/domains?name=Default 0.085s
2025-04-19 14:55:03.784 69917 INFO tempest.lib.common.rest_client [req-32f92552-dea9-45bf-b539-28668e79015d req-32f92552-dea9-45bf-b539-28668e79015d ] Request (DeleteServersAdminTestJSON:test_delete_server_while_in_error_state): 200 GET http://10.180.1.21/compute/v2.1/servers/c2fc91e3-adaf-4645-b65a-c5ba03435ea6 0.343s
2025-04-19 14:55:03.793 69957 INFO tempest.lib.common.rest_client [req-78059b90-f33a-4d71-9c2c-7cbad0be0aa4 req-78059b90-f33a-4d71-9c2c-7cbad0be0aa4 ] Request (ServerShowV254Test:tearDownClass): 200 GET http://10.180.1.21/compute/v2.1/servers/945b7866-0797-4ba6-984e-cbfc0bc7dbc2 0.403s
2025-04-19 14:55:03.798 69917 INFO tempest.common.waiters [-] State transition "BUILD/scheduling" ==> "BUILD/None" after 18 second wait
2025-04-19 14:55:03.808 69959 INFO tempest.lib.common.rest_client [req-fe94ac78-a41b-4c73-8015-c73627509d65 req-fe94ac78-a41b-4c73-8015-c73627509d65 ] Request (HypervisorAdminUnderV252Test:setUpClass): 201 POST http://10.180.1.21/identity/v3/users 0.081s
2025-04-19 14:55:03.823 69933 INFO tempest.lib.common.rest_client [req-fc89e42d-115c-43ad-9877-f87e473a49f4 req-fc89e42d-115c-43ad-9877-f87e473a49f4 ] Request (ListImagesTestJSON:setUpClass): 201 POST http://10.180.1.21/identity/v3/projects 0.045s
2025-04-19 14:55:03.839 69959 INFO tempest.lib.common.rest_client [req-9375b0bc-2ca4-4669-9081-65a1300aafd9 req-9375b0bc-2ca4-4669-9081-65a1300aafd9 ] Request (HypervisorAdminUnderV252Test:setUpClass): 200 GET http://10.180.1.21/identity/v3/roles 0.031s
2025-04-19 14:55:03.876 69941 INFO tempest.lib.common.rest_client [req-a8a39e70-60bf-4429-b95d-565b91d93bfb req-a8a39e70-60bf-4429-b95d-565b91d93bfb ] Request (ImagesTestJSON:test_create_image_from_stopped_server): 202 POST http://10.180.1.21/compute/v2.1/servers/746ee2f3-b43f-44a6-a584-f64f91cacb46/action 0.382s
2025-04-19 14:55:03.912 69959 INFO tempest.lib.common.rest_client [req-5dd00355-d5ee-4aed-b053-1a5e113ec389 req-5dd00355-d5ee-4aed-b053-1a5e113ec389 ] Request (HypervisorAdminUnderV252Test:setUpClass): 204 PUT http://10.180.1.21/identity/v3/projects/f48dd0312f0d4d4eaf096373e8841fb5/users/1f2ca147ea6d42078e8ee4f3f068c951/roles/7705cdf19dc042fe803254d7145b0b06 0.073s
2025-04-19 14:55:03.914 69933 INFO tempest.lib.common.rest_client [req-dafd3a0e-4516-4ca4-a694-f2b44f2ccbdd req-dafd3a0e-4516-4ca4-a694-f2b44f2ccbdd ] Request (ListImagesTestJSON:setUpClass): 201 POST http://10.180.1.21/identity/v3/users 0.091s
2025-04-19 14:55:03.920 69919 INFO tempest.lib.common.rest_client [req-36f64008-6a5e-4c20-ad9c-dbfa40f177c8 req-36f64008-6a5e-4c20-ad9c-dbfa40f177c8 ] Request (ServersAdmin275Test:_run_cleanups): 200 GET http://10.180.1.21/compute/v2.1/servers/e5e667e1-f834-442e-82eb-f1ee771ac463 0.415s
2025-04-19 14:55:03.970 69929 INFO tempest.lib.common.rest_client [req-fb399305-acaf-49f1-bf6b-0caf48f5a353 req-fb399305-acaf-49f1-bf6b-0caf48f5a353 ] Request (MultipleCreateTestJSON:test_multiple_create): 200 GET http://10.180.1.21/compute/v2.1/servers/16b96f96-39d6-40a8-a45b-8fc0432f310c 0.463s
2025-04-19 14:55:03.977 69959 INFO tempest.lib.common.rest_client [req-3a421d57-d129-4044-a7f8-c35cd1f62c3d req-3a421d57-d129-4044-a7f8-c35cd1f62c3d ] Request (HypervisorAdminUnderV252Test:setUpClass): 200 GET http://10.180.1.21/identity/v3/roles 0.064s
2025-04-19 14:55:03.983 69933 INFO tempest.lib.common.rest_client [req-96b3020c-a178-47ee-b575-6ae64aced5d0 req-96b3020c-a178-47ee-b575-6ae64aced5d0 ] Request (ListImagesTestJSON:setUpClass): 200 GET http://10.180.1.21/identity/v3/roles 0.068s
2025-04-19 14:55:03.993 69945 INFO tempest.lib.common.rest_client [req-098093bf-304b-4a9f-9621-9378d2c68a49 req-098093bf-304b-4a9f-9621-9378d2c68a49 ] Request (SecurityGroupsTestJSON:test_server_security_groups): 200 GET http://10.180.1.21/compute/v2.1/servers/0983ed9e-3ca6-4a9c-bece-50c7a4d89797 0.437s
2025-04-19 14:55:03.995 69959 INFO tempest.lib.common.rest_client [req-b206aa5b-aebf-4762-9f00-c81e4f2edd4a req-b206aa5b-aebf-4762-9f00-c81e4f2edd4a ] Request (HypervisorAdminUnderV252Test:setUpClass): 204 PUT http://10.180.1.21/identity/v3/projects/f48dd0312f0d4d4eaf096373e8841fb5/users/1f2ca147ea6d42078e8ee4f3f068c951/roles/7705cdf19dc042fe803254d7145b0b06 0.018s
2025-04-19 14:55:03.995 69959 INFO tempest.lib.common.dynamic_creds [-] Dynamic test user 1f2ca147ea6d42078e8ee4f3f068c951 is created with scope project and roles: ['admin']
2025-04-19 14:55:03.996 69959 INFO tempest.lib.common.dynamic_creds [-] Acquired dynamic creds: credentials: Credentials: {'domain_id': 'default', 'domain_name': 'Default', 'username': 'tempest-HypervisorAdminUnderV252Test-1427127496-project-admin', 'project_domain_id': 'default', 'project_domain_name': 'Default', 'project_id': 'f48dd0312f0d4d4eaf096373e8841fb5', 'project_name': 'tempest-HypervisorAdminUnderV252Test-1427127496', 'tenant_id': 'f48dd0312f0d4d4eaf096373e8841fb5', 'tenant_name': 'tempest-HypervisorAdminUnderV252Test-1427127496', 'user_domain_id': 'default', 'user_domain_name': 'Default', 'user_id': '1f2ca147ea6d42078e8ee4f3f068c951', 'system': None}, Network: None, Subnet: None, Router: None
2025-04-19 14:55:03.996 69959 INFO tempest.lib.common.dynamic_creds [-] Created isolated network resources for: credentials: Credentials: {'domain_id': 'default', 'domain_name': 'Default', 'username': 'tempest-HypervisorAdminUnderV252Test-1427127496-project-admin', 'project_domain_id': 'default', 'project_domain_name': 'Default', 'project_id': 'f48dd0312f0d4d4eaf096373e8841fb5', 'project_name': 'tempest-HypervisorAdminUnderV252Test-1427127496', 'tenant_id': 'f48dd0312f0d4d4eaf096373e8841fb5', 'tenant_name': 'tempest-HypervisorAdminUnderV252Test-1427127496', 'user_domain_id': 'default', 'user_domain_name': 'Default', 'user_id': '1f2ca147ea6d42078e8ee4f3f068c951', 'system': None}, Network: None, Subnet: None, Router: None
2025-04-19 14:55:04.012 69933 INFO tempest.lib.common.rest_client [req-b12f2437-40e0-4d71-b714-4bc3095605ec req-b12f2437-40e0-4d71-b714-4bc3095605ec ] Request (ListImagesTestJSON:setUpClass): 204 PUT http://10.180.1.21/identity/v3/projects/a19f5166d1f54d5c84ce64fef7929428/users/8d6ccffe164f4284a6b44c6982189c86/roles/34f33abe56064d64ad3140818273aa38 0.028s
2025-04-19 14:55:04.012 69933 INFO tempest.lib.common.dynamic_creds [-] Dynamic test user 8d6ccffe164f4284a6b44c6982189c86 is created with scope project and roles: ['member']
2025-04-19 14:55:04.012 69933 INFO tempest.lib.common.dynamic_creds [-] Acquired dynamic creds: credentials: Credentials: {'domain_id': 'default', 'domain_name': 'Default', 'username': 'tempest-ListImagesTestJSON-869972421-project-member', 'project_domain_id': 'default', 'project_domain_name': 'Default', 'project_id': 'a19f5166d1f54d5c84ce64fef7929428', 'project_name': 'tempest-ListImagesTestJSON-869972421', 'tenant_id': 'a19f5166d1f54d5c84ce64fef7929428', 'tenant_name': 'tempest-ListImagesTestJSON-869972421', 'user_domain_id': 'default', 'user_domain_name': 'Default', 'user_id': '8d6ccffe164f4284a6b44c6982189c86', 'system': None}, Network: None, Subnet: None, Router: None
2025-04-19 14:55:04.012 69933 INFO tempest.lib.common.dynamic_creds [-] Created isolated network resources for: credentials: Credentials: {'domain_id': 'default', 'domain_name': 'Default', 'username': 'tempest-ListImagesTestJSON-869972421-project-member', 'project_domain_id': 'default', 'project_domain_name': 'Default', 'project_id': 'a19f5166d1f54d5c84ce64fef7929428', 'project_name': 'tempest-ListImagesTestJSON-869972421', 'tenant_id': 'a19f5166d1f54d5c84ce64fef7929428', 'tenant_name': 'tempest-ListImagesTestJSON-869972421', 'user_domain_id': 'default', 'user_domain_name': 'Default', 'user_id': '8d6ccffe164f4284a6b44c6982189c86', 'system': None}, Network: None, Subnet: None, Router: None
2025-04-19 14:55:04.064 69951 INFO tempest.lib.common.rest_client [req-7e4e2b05-0f09-4065-99af-63dd2e7cb2f6 req-7e4e2b05-0f09-4065-99af-63dd2e7cb2f6 ] Request (ImagesNegativeTestJSON:test_create_image_from_deleted_server): 200 GET http://10.180.1.21/compute/v2.1/servers/ad145721-739b-40ec-b806-2c91c082be75 0.433s
2025-04-19 14:55:04.065 69927 INFO tempest.lib.common.rest_client [req-2cca478b-7c16-48a7-b047-0fddc4b8add5 req-2cca478b-7c16-48a7-b047-0fddc4b8add5 ] Request (ServerRescueNegativeTestJSON:setUpClass): 201 POST http://10.180.1.21:9696/networking/v2.0/networks 0.400s
2025-04-19 14:55:04.070 69943 INFO tempest.lib.common.rest_client [req-f1c61996-4a04-4e3c-b2c6-980af26579ef req-f1c61996-4a04-4e3c-b2c6-980af26579ef ] Request (ServersTestJSON:setUpClass): 200 GET http://10.180.1.21/compute/v2.1/servers/e2c4ff26-f7ed-443e-8bd7-49a7e8e4a759 0.380s
2025-04-19 14:55:04.095 69933 INFO tempest.lib.common.rest_client [req-5eaef1f1-0929-4424-92ee-8db9051b245d req-5eaef1f1-0929-4424-92ee-8db9051b245d ] Request (ListImagesTestJSON:setUpClass): 201 POST http://10.180.1.21/identity/v3/auth/tokens 0.079s
2025-04-19 14:55:04.096 69959 INFO tempest.lib.common.rest_client [req-13dfcf40-7613-4165-8648-1c3138366b56 req-13dfcf40-7613-4165-8648-1c3138366b56 ] Request (HypervisorAdminUnderV252Test:setUpClass): 201 POST http://10.180.1.21/identity/v3/auth/tokens 0.098s
2025-04-19 14:55:04.142 69915 INFO tempest.lib.common.rest_client [req-65c4b077-0073-4f2f-a079-effdf3269928 req-65c4b077-0073-4f2f-a079-effdf3269928 ] Request (ServersAdminTestJSON:setUpClass): 200 GET http://10.180.1.21/compute/v2.1/servers/4298e770-e96e-4e91-8712-d352ac2daba5 0.388s
2025-04-19 14:55:04.248 69939 INFO tempest.lib.common.rest_client [req-f57afb9a-64dd-4afa-88d8-4292ad43734e req-f57afb9a-64dd-4afa-88d8-4292ad43734e ] Request (ServerMetadataTestJSON:tearDownClass): 200 GET http://10.180.1.21/compute/v2.1/servers/63601191-17ad-4e58-ab82-be3decc8c167 0.516s
2025-04-19 14:55:04.259 69923 INFO tempest.lib.common.rest_client [req-a71de7f7-48e1-4c23-8004-7f5b97956005 req-a71de7f7-48e1-4c23-8004-7f5b97956005 ] Request (ServerDiagnosticsNegativeTest:test_get_server_diagnostics_by_non_admin): 200 GET http://10.180.1.21/compute/v2.1/servers/ce489b44-ae3c-48a2-a77e-5ca07e26b193 0.450s
2025-04-19 14:55:04.290 69927 INFO tempest.lib.common.rest_client [req-206db96b-6b92-49e9-85b0-14f387f25b45 req-206db96b-6b92-49e9-85b0-14f387f25b45 ] Request (ServerRescueNegativeTestJSON:setUpClass): 201 POST http://10.180.1.21:9696/networking/v2.0/subnets 0.224s
2025-04-19 14:55:04.309 69955 INFO tempest.lib.common.rest_client [req-f5d62348-b82f-42b8-ae50-f44fe4e732fd req-f5d62348-b82f-42b8-ae50-f44fe4e732fd ] Request (InstanceActionsV221TestJSON:test_get_list_deleted_instance_actions): 200 GET http://10.180.1.21/compute/v2.1/servers/c32d7cb4-082d-49fe-ace8-89069a3d6aa9 0.425s
2025-04-19 14:55:04.373 69901 INFO tempest.lib.common.rest_client [req-5780ae70-32e2-4038-a451-9bb864629bf5 req-5780ae70-32e2-4038-a451-9bb864629bf5 ] Request (ServersListShow2100Test:test_list_show_rebuild_update_server_2100): 200 GET http://10.180.1.21/compute/v2.1/servers/c9b37ee9-924e-4a1a-aa27-0c8632c42cce 0.359s
2025-04-19 14:55:04.406 69941 INFO tempest.lib.common.rest_client [req-35bc94f3-5397-4a38-b169-74a761018669 req-35bc94f3-5397-4a38-b169-74a761018669 ] Request (ImagesTestJSON:test_create_image_from_stopped_server): 200 GET http://10.180.1.21/compute/v2.1/servers/746ee2f3-b43f-44a6-a584-f64f91cacb46 0.530s
2025-04-19 14:55:04.432 69926 INFO tempest.lib.common.rest_client [req-8c1865e3-b622-4e39-9a6c-39a079591384 req-8c1865e3-b622-4e39-9a6c-39a079591384 ] Request (ServersListShow298Test:test_list_show_update_rebuild_server_298): 200 GET http://10.180.1.21/compute/v2.1/servers/1aa126ff-b673-49e5-a945-4f32fc7c92e2 0.408s
2025-04-19 14:55:04.480 69953 INFO tempest.lib.common.rest_client [req-24b93b50-502b-4f2f-8bd3-77a3112269b3 req-24b93b50-502b-4f2f-8bd3-77a3112269b3 ] Request (ServerDiagnosticsTest:test_get_server_diagnostics): 200 GET http://10.180.1.21/compute/v2.1/servers/f2c68220-f055-4558-95c0-526ae266ee62 0.386s
2025-04-19 14:55:04.552 69933 INFO tempest.lib.common.rest_client [req-c2be77a1-4d7a-4358-a7c5-feb685358c59 req-c2be77a1-4d7a-4358-a7c5-feb685358c59 ] Request (ListImagesTestJSON:test_get_image): 200 GET http://10.180.1.21/compute/v2.1/images/9bb4975c-7436-4a8e-b7ec-ad9d4a24fcc2 0.456s
2025-04-19 14:55:04.557 69931 WARNING tempest.lib.common.ssh [-] Failed to establish authenticated ssh connection to cirros@10.180.180.241 ([Errno None] Unable to connect to port 22 on 10.180.180.241). Number attempts: 3. Retry after 4 seconds.: paramiko.ssh_exception.NoValidConnectionsError: [Errno None] Unable to connect to port 22 on 10.180.180.241
2025-04-19 14:55:04.568 69959 INFO tempest.lib.common.rest_client [req-95890379-dc63-4ebb-9fac-dd5adf7bb749 req-95890379-dc63-4ebb-9fac-dd5adf7bb749 ] Request (HypervisorAdminUnderV252Test:test_get_hypervisor_show_servers): 200 GET http://10.180.1.21/compute/v2.1/os-hypervisors 0.471s
2025-04-19 14:55:04.609 69907 INFO tempest.lib.common.rest_client [req-b7fc4fa7-5adf-4752-bcdf-627e9e549f9a req-b7fc4fa7-5adf-4752-bcdf-627e9e549f9a ] Request (ServersV294TestFqdnHostnames:setUpClass): 200 GET http://10.180.1.21/compute/v2.1/servers/8f8e183c-7597-4fb6-9a9f-8002db7ceaaa 0.406s
2025-04-19 14:55:04.637 69961 INFO tempest.lib.common.rest_client [req-f4fddca8-4a24-4571-b597-d5390e19406a req-f4fddca8-4a24-4571-b597-d5390e19406a ] Request (ListImageFiltersTestJSON:setUpClass): 200 GET http://10.180.1.21/compute/v2.1/images/76264ced-68c9-43db-a936-5f608e693151 0.081s
2025-04-19 14:55:04.694 69933 INFO tempest.lib.common.rest_client [req-781104d3-ea98-474a-b186-7ed4de8eae88 req-781104d3-ea98-474a-b186-7ed4de8eae88 ] Request (ListImagesTestJSON:test_list_images): 200 GET http://10.180.1.21/compute/v2.1/images 0.136s
2025-04-19 14:55:04.735 69959 INFO tempest.lib.common.rest_client [req-ef8cbc3e-18da-4d16-b306-ae136fa34755 req-ef8cbc3e-18da-4d16-b306-ae136fa34755 ] Request (HypervisorAdminUnderV252Test:test_get_hypervisor_show_servers): 200 GET http://10.180.1.21/compute/v2.1/os-hypervisors/domain-c8.fc996f14-c53b-4953-92e3-bdfa48f5cc28/servers 0.165s
2025-04-19 14:55:04.799 69937 INFO tempest.lib.common.rest_client [req-75d5eb1c-7a6b-4677-8f29-b368e8e3310c req-75d5eb1c-7a6b-4677-8f29-b368e8e3310c ] Request (AttachInterfacesTestJSON:test_create_list_show_delete_interfaces_by_fixed_ip): 200 GET http://10.180.1.21/compute/v2.1/servers/72bb6d82-5ec5-4a20-9599-e4bd68b25d74/os-interface 0.225s
2025-04-19 14:55:04.869 69903 INFO tempest.lib.common.rest_client [req-73cef55d-c2b8-4457-80de-41fe1d3267e5 req-73cef55d-c2b8-4457-80de-41fe1d3267e5 ] Request (VolumesAdminNegativeTest:test_update_attached_volume_with_nonexistent_volume_in_body): 200 GET http://10.180.1.21/compute/v2.1/servers/a370afe3-c2f8-432a-a526-81426d935a9c 0.242s
2025-04-19 14:55:04.929 69963 INFO tempest.lib.common.rest_client [req-8539cfb6-6be1-4df1-bc54-0bf4aa80d455 req-8539cfb6-6be1-4df1-bc54-0bf4aa80d455 ] Request (ServersTestFqdnHostnames:test_create_server_with_fqdn_name): 200 GET http://10.180.1.21/compute/v2.1/servers/4fbd9481-6115-4243-8700-37374677b0bb 0.279s
2025-04-19 14:55:04.955 69935 INFO tempest.lib.common.rest_client [req-738f66a3-767d-4b57-bde4-07356ef21451 req-738f66a3-767d-4b57-bde4-07356ef21451 ] Request (MigrationsAdminTest:test_list_migrations_in_flavor_resize_situation): 200 GET http://10.180.1.21/compute/v2.1/servers/1cb12eb8-8e6e-4513-8408-18afd328e053 0.441s
2025-04-19 14:55:04.994 69913 INFO tempest.lib.common.rest_client [req-0090f316-bad2-4569-ac46-5da02edeb5cc req-0090f316-bad2-4569-ac46-5da02edeb5cc ] Request (ServersTestMultiNic:test_verify_duplicate_network_nics): 200 GET http://10.180.1.21/compute/v2.1/servers/fff8ab88-9879-49bb-a0bb-f3a8d8830201 0.292s
2025-04-19 14:55:05.001 69933 INFO tempest.lib.common.rest_client [req-f764a12b-abcd-48de-92da-d80df6bb05b4 req-f764a12b-abcd-48de-92da-d80df6bb05b4 ] Request (ListImagesTestJSON:test_list_images_with_detail): 200 GET http://10.180.1.21/compute/v2.1/images/detail 0.304s
2025-04-19 14:55:05.023 69959 INFO tempest.lib.common.rest_client [req-f21f218a-8b09-45b0-8012-e05fb7efe260 req-f21f218a-8b09-45b0-8012-e05fb7efe260 ] Request (HypervisorAdminUnderV252Test:test_search_hypervisor): 200 GET http://10.180.1.21/compute/v2.1/os-hypervisors 0.284s
2025-04-19 14:55:05.083 69917 INFO tempest.lib.common.rest_client [req-c26dff9f-b3d9-4e3f-b80e-146bbb439c81 req-c26dff9f-b3d9-4e3f-b80e-146bbb439c81 ] Request (DeleteServersAdminTestJSON:test_delete_server_while_in_error_state): 200 GET http://10.180.1.21/compute/v2.1/servers/c2fc91e3-adaf-4645-b65a-c5ba03435ea6 0.284s
2025-04-19 14:55:05.112 69957 INFO tempest.lib.common.rest_client [req-8cdb17fe-7f9c-440e-aa86-42b899e363e9 req-8cdb17fe-7f9c-440e-aa86-42b899e363e9 ] Request (ServerShowV254Test:tearDownClass): 200 GET http://10.180.1.21/compute/v2.1/servers/945b7866-0797-4ba6-984e-cbfc0bc7dbc2 0.302s
2025-04-19 14:55:05.150 69933 INFO tempest.lib.common.rest_client [req-f77046d3-2cc8-4b08-839d-6a232b1303e9 req-f77046d3-2cc8-4b08-839d-6a232b1303e9 ] Request (ListImagesTestJSON:tearDownClass): 204 DELETE http://10.180.1.21/identity/v3/users/8d6ccffe164f4284a6b44c6982189c86 0.141s
2025-04-19 14:55:05.151 69933 INFO tempest.lib.common.dynamic_creds [-] Deleting project and security group for project: a19f5166d1f54d5c84ce64fef7929428
2025-04-19 14:55:05.164 69929 INFO tempest.lib.common.rest_client [req-b558de30-e449-40b8-92db-6950f3518f2c req-b558de30-e449-40b8-92db-6950f3518f2c ] Request (MultipleCreateTestJSON:test_multiple_create): 200 GET http://10.180.1.21/compute/v2.1/servers/16b96f96-39d6-40a8-a45b-8fc0432f310c 0.181s
2025-04-19 14:55:05.177 69919 INFO tempest.lib.common.rest_client [req-cd50446b-0248-4cbf-b1f9-3c3916aa6cb1 req-cd50446b-0248-4cbf-b1f9-3c3916aa6cb1 ] Request (ServersAdmin275Test:_run_cleanups): 200 GET http://10.180.1.21/compute/v2.1/servers/e5e667e1-f834-442e-82eb-f1ee771ac463 0.241s
2025-04-19 14:55:05.198 69959 INFO tempest.lib.common.rest_client [req-37ee355d-7fe5-47b6-8769-debb9efffe4f req-37ee355d-7fe5-47b6-8769-debb9efffe4f ] Request (HypervisorAdminUnderV252Test:test_search_hypervisor): 200 GET http://10.180.1.21/compute/v2.1/os-hypervisors/domain-c8.fc996f14-c53b-4953-92e3-bdfa48f5cc28/search 0.173s
2025-04-19 14:55:05.218 69933 INFO tempest.lib.common.rest_client [req-026ee155-b15b-412b-baf6-ca0c0e18abbc req-026ee155-b15b-412b-baf6-ca0c0e18abbc ] Request (ListImagesTestJSON:tearDownClass): 201 POST http://10.180.1.21/identity/v3/auth/tokens 0.067s
2025-04-19 14:55:05.226 69945 INFO tempest.lib.common.rest_client [req-d117b12b-c213-4f91-b60d-66f1bb0a803c req-d117b12b-c213-4f91-b60d-66f1bb0a803c ] Request (SecurityGroupsTestJSON:test_server_security_groups): 200 GET http://10.180.1.21/compute/v2.1/servers/0983ed9e-3ca6-4a9c-bece-50c7a4d89797 0.221s
2025-04-19 14:55:05.256 69905 INFO tempest.lib.common.rest_client [req-f0b62a77-412d-4bef-99ed-64264c8c2e06 req-f0b62a77-412d-4bef-99ed-64264c8c2e06 ] Request (DeleteServersTestJSON:setUpClass): 201 POST http://10.180.1.21:9696/networking/v2.0/routers 1.645s
2025-04-19 14:55:05.282 69943 INFO tempest.lib.common.rest_client [req-153d85f2-310e-4534-a9df-a9af83fc3801 req-153d85f2-310e-4534-a9df-a9af83fc3801 ] Request (ServersTestJSON:setUpClass): 200 GET http://10.180.1.21/compute/v2.1/servers/e2c4ff26-f7ed-443e-8bd7-49a7e8e4a759 0.200s
2025-04-19 14:55:05.293 69951 INFO tempest.lib.common.rest_client [req-bfa835a3-5d23-44df-970f-01802644c68c req-bfa835a3-5d23-44df-970f-01802644c68c ] Request (ImagesNegativeTestJSON:test_create_image_from_deleted_server): 200 GET http://10.180.1.21/compute/v2.1/servers/ad145721-739b-40ec-b806-2c91c082be75 0.217s
2025-04-19 14:55:05.301 69959 INFO tempest.lib.common.rest_client [req-f1aa84d5-25e5-41e8-92ef-5f43fb028970 req-f1aa84d5-25e5-41e8-92ef-5f43fb028970 ] Request (HypervisorAdminUnderV252Test:tearDownClass): 204 DELETE http://10.180.1.21/identity/v3/users/c5e54382855e462d9ddfdd1891031891 0.097s
2025-04-19 14:55:05.339 69915 INFO tempest.lib.common.rest_client [req-288dfad3-46a2-4936-b32a-ec10495b9538 req-288dfad3-46a2-4936-b32a-ec10495b9538 ] Request (ServersAdminTestJSON:setUpClass): 200 GET http://10.180.1.21/compute/v2.1/servers/4298e770-e96e-4e91-8712-d352ac2daba5 0.185s
2025-04-19 14:55:05.428 69959 INFO tempest.lib.common.rest_client [req-87373f8b-3fa4-451b-83e1-35cc92f2d128 req-87373f8b-3fa4-451b-83e1-35cc92f2d128 ] Request (HypervisorAdminUnderV252Test:tearDownClass): 204 DELETE http://10.180.1.21/identity/v3/users/1f2ca147ea6d42078e8ee4f3f068c951 0.127s
2025-04-19 14:55:05.429 69959 INFO tempest.lib.common.dynamic_creds [-] Deleting project and security group for project: 71a7b4a374124893a125556d70fb01ef
2025-04-19 14:55:05.463 69923 INFO tempest.lib.common.rest_client [req-d1a1702a-c7a8-43f7-9e48-b1fab5301a86 req-d1a1702a-c7a8-43f7-9e48-b1fab5301a86 ] Request (ServerDiagnosticsNegativeTest:test_get_server_diagnostics_by_non_admin): 200 GET http://10.180.1.21/compute/v2.1/servers/ce489b44-ae3c-48a2-a77e-5ca07e26b193 0.197s
2025-04-19 14:55:05.507 69959 INFO tempest.lib.common.rest_client [req-d46fc49a-8a58-4136-b03d-d2ad97e29895 req-d46fc49a-8a58-4136-b03d-d2ad97e29895 ] Request (HypervisorAdminUnderV252Test:tearDownClass): 201 POST http://10.180.1.21/identity/v3/auth/tokens 0.078s
2025-04-19 14:55:05.511 69939 INFO tempest.lib.common.rest_client [req-c919881a-c8ff-4269-9020-13975804b69d req-c919881a-c8ff-4269-9020-13975804b69d ] Request (ServerMetadataTestJSON:tearDownClass): 200 GET http://10.180.1.21/compute/v2.1/servers/63601191-17ad-4e58-ab82-be3decc8c167 0.253s
2025-04-19 14:55:05.532 69933 INFO tempest.lib.common.rest_client [req-d7af2ac2-02f5-450b-914d-d4e366e23543 req-d7af2ac2-02f5-450b-914d-d4e366e23543 ] Request (ListImagesTestJSON:tearDownClass): 200 GET http://10.180.1.21:9696/networking/v2.0/security-groups?tenant_id=a19f5166d1f54d5c84ce64fef7929428&name=default 0.314s
2025-04-19 14:55:05.537 69955 INFO tempest.lib.common.rest_client [req-ea3d80ac-388d-4193-8218-64e1c7c9de4c req-ea3d80ac-388d-4193-8218-64e1c7c9de4c ] Request (InstanceActionsV221TestJSON:test_get_list_deleted_instance_actions): 200 GET http://10.180.1.21/compute/v2.1/servers/c32d7cb4-082d-49fe-ace8-89069a3d6aa9 0.217s
