2025-04-19 14:53:49.895 69949 INFO tempest.lib.common.rest_client [req-389db7c5-5761-42af-92aa-bcbe6a263595 req-389db7c5-5761-42af-92aa-bcbe6a263595 ] Request (ListImageFiltersNegativeTestJSON:tearDownClass): 204 DELETE http://10.180.1.21:9696/networking/v2.0/security-groups/212d087d-e216-48d5-a8d8-d1b79b0295b1 0.081s
2025-04-19 14:53:49.922 69911 INFO tempest.lib.common.rest_client [req-2940abd8-70fb-4c15-8ded-46a4f1457a24 req-2940abd8-70fb-4c15-8ded-46a4f1457a24 ] Request (HostsAdminNegativeTestJSON:tearDownClass): 204 DELETE http://10.180.1.21/identity/v3/projects/cafef382ad704231b9079e2273e36ba9 0.146s
2025-04-19 14:53:49.922 69911 INFO tempest.lib.common.dynamic_creds [-] Deleting project and security group for project: 760d4bce5cd7448a99c2cabd5c899c9b
2025-04-19 14:53:49.944 69937 INFO tempest.lib.common.rest_client [req-5eb92eb0-c849-4bad-b724-c4806c6545f9 req-5eb92eb0-c849-4bad-b724-c4806c6545f9 ] Request (AttachInterfacesTestJSON:test_create_list_show_delete_interfaces_by_fixed_ip): 201 POST http://10.180.1.21/identity/v3/auth/tokens 0.164s
2025-04-19 14:53:49.945 69937 INFO tempest.lib.common.fixed_network [-] (AttachInterfacesTestJSON:test_create_list_show_delete_interfaces_by_fixed_ip) Found network {'id': '075bdfcc-7e85-4a28-8d1a-c2a546d1edd8', 'name': 'tempest-AttachInterfacesTestJSON-1205016263-network', 'tenant_id': '854ce7cfadbe4b698b2d7fd90b8e97c5', 'admin_state_up': True, 'mtu': 8950, 'status': 'ACTIVE', 'subnets': [], 'shared': False, 'project_id': '854ce7cfadbe4b698b2d7fd90b8e97c5', 'port_security_enabled': True, 'router:external': False, 'provider:network_type': 'vlan', 'provider:physical_network': 'default', 'provider:segmentation_id': 807, 'availability_zone_hints': [], 'availability_zones': [], 'ipv4_address_scope': None, 'ipv6_address_scope': None, 'description': '', 'tags': [], 'created_at': '2025-04-19T14:53:44Z', 'updated_at': '2025-04-19T14:53:44Z', 'revision_number': 1} available for tenant
2025-04-19 14:53:49.948 69919 INFO tempest.lib.common.rest_client [req-f29d65ba-cca0-4fa0-ab2a-49d809497994 req-f29d65ba-cca0-4fa0-ab2a-49d809497994 ] Request (HypervisorAdminV253TestBase:test_list_show_detail_hypervisors): 200 GET http://10.180.1.21/compute/v2.1/os-hypervisors/detail?with_servers=True 2.293s
2025-04-19 14:53:49.987 69921 INFO tempest.lib.common.rest_client [req-fbd330a5-b191-421d-a200-87067f4ba117 req-fbd330a5-b191-421d-a200-87067f4ba117 ] Request (AbsoluteLimitsTestJSON:setUpClass): 201 POST http://10.180.1.21/identity/v3/projects 0.199s
2025-04-19 14:53:50.071 69945 INFO tempest.lib.common.rest_client [req-4b1d5594-e82a-4e87-9558-f5a23ff8641a req-4b1d5594-e82a-4e87-9558-f5a23ff8641a ] Request (SecurityGroupsTestJSON:setUpClass): 200 GET http://10.180.1.21/identity/v3/domains?name=Default 0.204s
2025-04-19 14:53:50.083 69947 INFO tempest.lib.common.rest_client [req-22ffcdac-4c1b-4f41-937e-12df348c6a38 req-22ffcdac-4c1b-4f41-937e-12df348c6a38 ] Request (VolumesAssistedSnapshotsTest:setUpClass): 201 POST http://10.180.1.21:9696/networking/v2.0/networks 0.277s
2025-04-19 14:53:50.098 69911 INFO tempest.lib.common.rest_client [req-190b08f2-9861-4aa8-b9c6-1a784dbf8442 req-190b08f2-9861-4aa8-b9c6-1a784dbf8442 ] Request (HostsAdminNegativeTestJSON:tearDownClass): 200 GET http://10.180.1.21:9696/networking/v2.0/security-groups?tenant_id=760d4bce5cd7448a99c2cabd5c899c9b&name=default 0.175s
2025-04-19 14:53:50.112 69949 INFO tempest.lib.common.rest_client [req-a10dbf8c-1c5c-4f6d-aa21-18bea0ab42e1 req-a10dbf8c-1c5c-4f6d-aa21-18bea0ab42e1 ] Request (ListImageFiltersNegativeTestJSON:tearDownClass): 204 DELETE http://10.180.1.21/identity/v3/projects/1f522c28ebf24b69901cb157679507f2 0.216s
2025-04-19 14:53:50.160 69931 INFO tempest.lib.common.rest_client [req-783dd6be-624b-48ed-8e31-c131dd676fe2 req-783dd6be-624b-48ed-8e31-c131dd676fe2 ] Request (ServersWithSpecificFlavorTestJSON:setUpClass): 201 POST http://10.180.1.21:9696/networking/v2.0/subnets 0.302s
2025-04-19 14:53:50.167 69921 INFO tempest.lib.common.rest_client [req-fe46624b-ffdb-4550-a6b9-5a0a8b787f25 req-fe46624b-ffdb-4550-a6b9-5a0a8b787f25 ] Request (AbsoluteLimitsTestJSON:setUpClass): 201 POST http://10.180.1.21/identity/v3/users 0.180s
2025-04-19 14:53:50.184 69933 INFO tempest.lib.common.rest_client [req-b2278a71-d6b2-4c68-bc50-336ff8a5044f req-b2278a71-d6b2-4c68-bc50-336ff8a5044f ] Request (AZAdminNegativeTestJSON:test_get_availability_zone_list_detail_with_non_admin_user): 403 GET http://10.180.1.21/compute/v2.1/os-availability-zone/detail 2.367s
2025-04-19 14:53:50.200 69911 INFO tempest.lib.common.rest_client [req-2e41c15a-8719-4083-8041-597db25a2c9a req-2e41c15a-8719-4083-8041-597db25a2c9a ] Request (HostsAdminNegativeTestJSON:tearDownClass): 204 DELETE http://10.180.1.21:9696/networking/v2.0/security-groups/b3dd1838-a60c-4eac-869f-9188e92b2c48 0.101s
2025-04-19 14:53:50.204 69945 INFO tempest.lib.common.rest_client [req-8612fcf8-103d-47fe-9c80-373d9823e890 req-8612fcf8-103d-47fe-9c80-373d9823e890 ] Request (SecurityGroupsTestJSON:setUpClass): 201 POST http://10.180.1.21/identity/v3/projects 0.133s
2025-04-19 14:53:50.259 69949 INFO tempest.lib.common.rest_client [req-72403a8b-a4d1-4382-99ba-2e1ade948ff2 req-72403a8b-a4d1-4382-99ba-2e1ade948ff2 ] Request (ServersTestManualDisk:setUpClass): 201 POST http://10.180.1.21/identity/v3/auth/tokens 0.144s
2025-04-19 14:53:50.291 69921 INFO tempest.lib.common.rest_client [req-654650a9-6d3c-48df-9c1e-21dcf5671bea req-654650a9-6d3c-48df-9c1e-21dcf5671bea ] Request (AbsoluteLimitsTestJSON:setUpClass): 200 GET http://10.180.1.21/identity/v3/roles 0.123s
2025-04-19 14:53:50.348 69933 INFO tempest.lib.common.rest_client [req-2731a0cc-9219-468b-8b01-0b2b1cd8afdc req-2731a0cc-9219-468b-8b01-0b2b1cd8afdc ] Request (AZAdminNegativeTestJSON:tearDownClass): 204 DELETE http://10.180.1.21/identity/v3/users/cd6bf5eb6efe4c42903e4247049674b7 0.157s
2025-04-19 14:53:50.372 69947 INFO tempest.lib.common.rest_client [req-ad8fd2f3-70ce-4adf-b3fc-7746550c0a9c req-ad8fd2f3-70ce-4adf-b3fc-7746550c0a9c ] Request (VolumesAssistedSnapshotsTest:setUpClass): 201 POST http://10.180.1.21:9696/networking/v2.0/subnets 0.289s
2025-04-19 14:53:50.383 69929 INFO tempest.lib.common.rest_client [req-2157895b-5321-410e-991f-24b17a30c2b6 req-2157895b-5321-410e-991f-24b17a30c2b6 ] Request (HostsAdminTestJSON:test_list_hosts): 200 GET http://10.180.1.21/compute/v2.1/os-hosts 2.523s
2025-04-19 14:53:50.387 69917 INFO tempest.lib.common.rest_client [req-69475d61-69f3-4fda-9882-2ed367f94e8a req-69475d61-69f3-4fda-9882-2ed367f94e8a ] Request (DeleteServersAdminTestJSON:test_admin_delete_servers_of_others): 202 POST http://10.180.1.21/compute/v2.1/servers 2.649s
2025-04-19 14:53:50.408 69961 INFO tempest.lib.common.rest_client [req-b5a81f45-669d-4923-a12a-6f427c713f34 req-b5a81f45-669d-4923-a12a-6f427c713f34 ] Request (ListImageFiltersTestJSON:setUpClass): 204 PUT http://10.180.1.21/image/v2/images/a354991d-6df0-4e65-91ff-fadde33369b3/file 2.512s
2025-04-19 14:53:50.411 69945 INFO tempest.lib.common.rest_client [req-3c282835-ff65-48dd-9d73-ef4fd720bfe5 req-3c282835-ff65-48dd-9d73-ef4fd720bfe5 ] Request (SecurityGroupsTestJSON:setUpClass): 201 POST http://10.180.1.21/identity/v3/users 0.206s
2025-04-19 14:53:50.450 69911 INFO tempest.lib.common.rest_client [req-3952a2fa-58a1-442c-a6d5-2ca55bef9d1a req-3952a2fa-58a1-442c-a6d5-2ca55bef9d1a ] Request (HostsAdminNegativeTestJSON:tearDownClass): 204 DELETE http://10.180.1.21/identity/v3/projects/760d4bce5cd7448a99c2cabd5c899c9b 0.250s
2025-04-19 14:53:50.451 69911 INFO tempest.test [-] raised in LiveMigrationNegativeTest.setUpClass. Invoking tearDownClass.
2025-04-19 14:53:50.453 69911 INFO tempest.test [-] raised in UnshelveToHostMultiNodesTest.setUpClass. Invoking tearDownClass.
2025-04-19 14:53:50.456 69911 INFO tempest.test [-] raised in TestMultiAttachVolumeSwap.setUpClass. Invoking tearDownClass.
2025-04-19 14:53:50.463 69949 INFO tempest.lib.common.rest_client [req-43a01a66-0a7d-4234-bc8c-926245b0be28 req-43a01a66-0a7d-4234-bc8c-926245b0be28 ] Request (ServersTestManualDisk:setUpClass): 201 POST http://10.180.1.21/identity/v3/auth/tokens 0.202s
2025-04-19 14:53:50.505 69921 INFO tempest.lib.common.rest_client [req-0102834f-3099-4738-a69e-ddd174fda45e req-0102834f-3099-4738-a69e-ddd174fda45e ] Request (AbsoluteLimitsTestJSON:setUpClass): 204 PUT http://10.180.1.21/identity/v3/projects/64ae2be671e74d0cb68d33e8eaac845c/users/92fcc39a02244456b9557c12c372ce75/roles/34f33abe56064d64ad3140818273aa38 0.214s
2025-04-19 14:53:50.506 69921 INFO tempest.lib.common.dynamic_creds [-] Dynamic test user 92fcc39a02244456b9557c12c372ce75 is created with scope project and roles: ['member']
2025-04-19 14:53:50.506 69921 INFO tempest.lib.common.dynamic_creds [-] Acquired dynamic creds: credentials: Credentials: {'domain_id': 'default', 'domain_name': 'Default', 'username': 'tempest-AbsoluteLimitsTestJSON-532167784-project-member', 'project_domain_id': 'default', 'project_domain_name': 'Default', 'project_id': '64ae2be671e74d0cb68d33e8eaac845c', 'project_name': 'tempest-AbsoluteLimitsTestJSON-532167784', 'tenant_id': '64ae2be671e74d0cb68d33e8eaac845c', 'tenant_name': 'tempest-AbsoluteLimitsTestJSON-532167784', 'user_domain_id': 'default', 'user_domain_name': 'Default', 'user_id': '92fcc39a02244456b9557c12c372ce75', 'system': None}, Network: None, Subnet: None, Router: None
2025-04-19 14:53:50.506 69921 INFO tempest.lib.common.dynamic_creds [-] Created isolated network resources for: credentials: Credentials: {'domain_id': 'default', 'domain_name': 'Default', 'username': 'tempest-AbsoluteLimitsTestJSON-532167784-project-member', 'project_domain_id': 'default', 'project_domain_name': 'Default', 'project_id': '64ae2be671e74d0cb68d33e8eaac845c', 'project_name': 'tempest-AbsoluteLimitsTestJSON-532167784', 'tenant_id': '64ae2be671e74d0cb68d33e8eaac845c', 'tenant_name': 'tempest-AbsoluteLimitsTestJSON-532167784', 'user_domain_id': 'default', 'user_domain_name': 'Default', 'user_id': '92fcc39a02244456b9557c12c372ce75', 'system': None}, Network: None, Subnet: None, Router: None
2025-04-19 14:53:50.514 69933 INFO tempest.lib.common.rest_client [req-5c3d56a7-b133-4067-94a9-4608974e1c44 req-5c3d56a7-b133-4067-94a9-4608974e1c44 ] Request (AZAdminNegativeTestJSON:tearDownClass): 204 DELETE http://10.180.1.21/identity/v3/users/e828f4c52ad54e82948a47cb7ad78e9a 0.165s
2025-04-19 14:53:50.514 69933 INFO tempest.lib.common.dynamic_creds [-] Deleting project and security group for project: 9a1b6d1997754f7c8a36ff3b430db466
2025-04-19 14:53:50.640 69945 INFO tempest.lib.common.rest_client [req-a2a8086e-6c19-4df3-8b9b-6ed50ea2909e req-a2a8086e-6c19-4df3-8b9b-6ed50ea2909e ] Request (SecurityGroupsTestJSON:setUpClass): 200 GET http://10.180.1.21/identity/v3/roles 0.228s
2025-04-19 14:53:50.661 69911 INFO tempest.lib.common.rest_client [req-4d289981-a177-4c78-b454-1571a6906045 req-4d289981-a177-4c78-b454-1571a6906045 ] Request (FloatingIPsTestJSON:setUpClass): 201 POST http://10.180.1.21/identity/v3/auth/tokens 0.203s
2025-04-19 14:53:50.684 69949 INFO tempest.lib.common.rest_client [req-222096b2-8749-4d34-b913-3ea2c28e0d38 req-222096b2-8749-4d34-b913-3ea2c28e0d38 ] Request (ServersTestManualDisk:setUpClass): 200 GET http://10.180.1.21/identity/v3/domains?name=Default 0.220s
2025-04-19 14:53:50.708 69933 INFO tempest.lib.common.rest_client [req-4fa0efa7-36eb-433d-935d-37a3003089f2 req-4fa0efa7-36eb-433d-935d-37a3003089f2 ] Request (AZAdminNegativeTestJSON:tearDownClass): 201 POST http://10.180.1.21/identity/v3/auth/tokens 0.193s
2025-04-19 14:53:50.725 69921 INFO tempest.lib.common.rest_client [req-2e4554ba-955d-4650-bba2-772efbddd6ca req-2e4554ba-955d-4650-bba2-772efbddd6ca ] Request (AbsoluteLimitsTestJSON:setUpClass): 201 POST http://10.180.1.21/identity/v3/auth/tokens 0.215s
2025-04-19 14:53:50.736 69945 INFO tempest.lib.common.rest_client [req-bf2d1a42-58ef-4a72-bf7c-a08262bdd378 req-bf2d1a42-58ef-4a72-bf7c-a08262bdd378 ] Request (SecurityGroupsTestJSON:setUpClass): 204 PUT http://10.180.1.21/identity/v3/projects/6a38c7abdfd84c85b74d44750d39e820/users/50401367aa6f4ff08d498a30bc85bd7c/roles/34f33abe56064d64ad3140818273aa38 0.096s
2025-04-19 14:53:50.736 69945 INFO tempest.lib.common.dynamic_creds [-] Dynamic test user 50401367aa6f4ff08d498a30bc85bd7c is created with scope project and roles: ['member']
2025-04-19 14:53:50.737 69945 INFO tempest.lib.common.dynamic_creds [-] Acquired dynamic creds: credentials: Credentials: {'domain_id': 'default', 'domain_name': 'Default', 'username': 'tempest-SecurityGroupsTestJSON-816200047-project-member', 'project_domain_id': 'default', 'project_domain_name': 'Default', 'project_id': '6a38c7abdfd84c85b74d44750d39e820', 'project_name': 'tempest-SecurityGroupsTestJSON-816200047', 'tenant_id': '6a38c7abdfd84c85b74d44750d39e820', 'tenant_name': 'tempest-SecurityGroupsTestJSON-816200047', 'user_domain_id': 'default', 'user_domain_name': 'Default', 'user_id': '50401367aa6f4ff08d498a30bc85bd7c', 'system': None}, Network: None, Subnet: None, Router: None
2025-04-19 14:53:50.777 69931 INFO tempest.lib.common.rest_client [req-1102cab5-9371-4c8c-827b-30f39104eeb1 req-1102cab5-9371-4c8c-827b-30f39104eeb1 ] Request (ServersWithSpecificFlavorTestJSON:setUpClass): 201 POST http://10.180.1.21:9696/networking/v2.0/routers 0.616s
2025-04-19 14:53:50.784 69911 INFO tempest.lib.common.rest_client [req-a29ff5f2-aaeb-4de5-b4bf-a094433dffe4 req-a29ff5f2-aaeb-4de5-b4bf-a094433dffe4 ] Request (FloatingIPsTestJSON:setUpClass): 201 POST http://10.180.1.21/identity/v3/auth/tokens 0.120s
2025-04-19 14:53:50.801 69949 INFO tempest.lib.common.rest_client [req-37eef488-8038-42c6-bcfb-2bdb5b22d73f req-37eef488-8038-42c6-bcfb-2bdb5b22d73f ] Request (ServersTestManualDisk:setUpClass): 201 POST http://10.180.1.21/identity/v3/projects 0.116s
2025-04-19 14:53:50.911 69955 INFO tempest.lib.common.rest_client [req-862bcacf-ad7f-47d8-8e49-73ac5b51ca21 req-862bcacf-ad7f-47d8-8e49-73ac5b51ca21 ] Request (QuotasAdminNegativeTest:test_create_server_when_cpu_quota_is_full): 200 GET http://10.180.1.21/compute/v2.1/os-quota-sets/d0167f8d25d344e58b9f30f1f509b9a4 2.872s
2025-04-19 14:53:50.950 69945 INFO tempest.lib.common.rest_client [req-9c95d1ba-eb58-49ab-b785-21e61c9dd7af req-9c95d1ba-eb58-49ab-b785-21e61c9dd7af ] Request (SecurityGroupsTestJSON:setUpClass): 201 POST http://10.180.1.21/identity/v3/auth/tokens 0.212s
2025-04-19 14:53:50.952 69901 INFO tempest.lib.common.rest_client [req-63a8b7e7-496b-41eb-a0f9-0650b3d7c0a1 req-63a8b7e7-496b-41eb-a0f9-0650b3d7c0a1 ] Request (ImagesMetadataTestJSON:setUpClass): 200 GET http://10.180.1.21/compute/v2.1/images/fbc0bee1-c720-459e-a3a3-5ceb6f999f59 2.876s
2025-04-19 14:53:50.970 69911 INFO tempest.lib.common.rest_client [req-ca3ebd3f-f936-45ca-a07e-37a207af1fb2 req-ca3ebd3f-f936-45ca-a07e-37a207af1fb2 ] Request (FloatingIPsTestJSON:setUpClass): 200 GET http://10.180.1.21/identity/v3/domains?name=Default 0.185s
2025-04-19 14:53:50.976 69947 INFO tempest.lib.common.rest_client [req-3cec944d-852a-4856-a11e-6fbed44d2897 req-3cec944d-852a-4856-a11e-6fbed44d2897 ] Request (VolumesAssistedSnapshotsTest:setUpClass): 201 POST http://10.180.1.21:9696/networking/v2.0/routers 0.604s
2025-04-19 14:53:50.989 69949 INFO tempest.lib.common.rest_client [req-a0b31d5a-0125-486a-8fde-d75a414ace3b req-a0b31d5a-0125-486a-8fde-d75a414ace3b ] Request (ServersTestManualDisk:setUpClass): 201 POST http://10.180.1.21/identity/v3/users 0.186s
2025-04-19 14:53:51.030 69911 INFO tempest.lib.common.rest_client [req-b08009ec-923a-4e22-a777-ad7012d88f2e req-b08009ec-923a-4e22-a777-ad7012d88f2e ] Request (FloatingIPsTestJSON:setUpClass): 201 POST http://10.180.1.21/identity/v3/projects 0.057s
2025-04-19 14:53:51.088 69949 INFO tempest.lib.common.rest_client [req-0c5b0071-6050-4735-8577-bc497cd94480 req-0c5b0071-6050-4735-8577-bc497cd94480 ] Request (ServersTestManualDisk:setUpClass): 200 GET http://10.180.1.21/identity/v3/roles 0.099s
2025-04-19 14:53:51.088 69926 INFO tempest.lib.common.rest_client [req-d20462f8-88e4-4bbe-bfe8-dc26d7fd02fa req-d20462f8-88e4-4bbe-bfe8-dc26d7fd02fa ] Request (HypervisorAdminV228Test:test_get_list_hypervisor_details): 200 GET http://10.180.1.21/compute/v2.1/os-hypervisors 2.990s
2025-04-19 14:53:51.108 69911 INFO tempest.lib.common.rest_client [req-2ca639f0-dc1e-484f-8fd0-ecd3ab19d0b9 req-2ca639f0-dc1e-484f-8fd0-ecd3ab19d0b9 ] Request (FloatingIPsTestJSON:setUpClass): 201 POST http://10.180.1.21/identity/v3/users 0.078s
2025-04-19 14:53:51.123 69949 INFO tempest.lib.common.rest_client [req-600d8f6d-10c3-43df-a040-7022d0a47ccc req-600d8f6d-10c3-43df-a040-7022d0a47ccc ] Request (ServersTestManualDisk:setUpClass): 204 PUT http://10.180.1.21/identity/v3/projects/1e05937f1af24c3790e9368f11ce4bb4/users/1ffbb74e94e849ff91cd5f4327e7acbd/roles/34f33abe56064d64ad3140818273aa38 0.035s
2025-04-19 14:53:51.124 69949 INFO tempest.lib.common.dynamic_creds [-] Dynamic test user 1ffbb74e94e849ff91cd5f4327e7acbd is created with scope project and roles: ['member']
2025-04-19 14:53:51.124 69949 INFO tempest.lib.common.dynamic_creds [-] Acquired dynamic creds: credentials: Credentials: {'domain_id': 'default', 'domain_name': 'Default', 'username': 'tempest-ServersTestManualDisk-880200256-project-member', 'project_domain_id': 'default', 'project_domain_name': 'Default', 'project_id': '1e05937f1af24c3790e9368f11ce4bb4', 'project_name': 'tempest-ServersTestManualDisk-880200256', 'tenant_id': '1e05937f1af24c3790e9368f11ce4bb4', 'tenant_name': 'tempest-ServersTestManualDisk-880200256', 'user_domain_id': 'default', 'user_domain_name': 'Default', 'user_id': '1ffbb74e94e849ff91cd5f4327e7acbd', 'system': None}, Network: None, Subnet: None, Router: None
2025-04-19 14:53:51.132 69911 INFO tempest.lib.common.rest_client [req-f5c0e39c-755c-46c7-b0ec-422fb9be1fff req-f5c0e39c-755c-46c7-b0ec-422fb9be1fff ] Request (FloatingIPsTestJSON:setUpClass): 200 GET http://10.180.1.21/identity/v3/roles 0.023s
2025-04-19 14:53:51.139 69939 INFO tempest.lib.common.rest_client [req-ec76e48f-3656-40be-96fe-70a7f8d0a644 req-ec76e48f-3656-40be-96fe-70a7f8d0a644 ] Request (NetworksTest:test_get_network): 200 GET http://10.180.1.21/compute/v2.1/os-networks 3.186s
2025-04-19 14:53:51.180 69949 INFO tempest.lib.common.rest_client [req-36ef7407-5788-4ac1-a031-9f3dd0e2c0ad req-36ef7407-5788-4ac1-a031-9f3dd0e2c0ad ] Request (ServersTestManualDisk:setUpClass): 201 POST http://10.180.1.21/identity/v3/auth/tokens 0.056s
2025-04-19 14:53:51.203 69911 INFO tempest.lib.common.rest_client [req-843da1ff-4234-47fa-97c5-2b422707e6ba req-843da1ff-4234-47fa-97c5-2b422707e6ba ] Request (FloatingIPsTestJSON:setUpClass): 204 PUT http://10.180.1.21/identity/v3/projects/260802aead114b25958913253927c6ee/users/1c90d4536746443e908cf58b5484c1f2/roles/34f33abe56064d64ad3140818273aa38 0.070s
2025-04-19 14:53:51.203 69911 INFO tempest.lib.common.dynamic_creds [-] Dynamic test user 1c90d4536746443e908cf58b5484c1f2 is created with scope project and roles: ['member']
2025-04-19 14:53:51.204 69911 INFO tempest.lib.common.dynamic_creds [-] Acquired dynamic creds: credentials: Credentials: {'domain_id': 'default', 'domain_name': 'Default', 'username': 'tempest-FloatingIPsTestJSON-282799911-project-member', 'project_domain_id': 'default', 'project_domain_name': 'Default', 'project_id': '260802aead114b25958913253927c6ee', 'project_name': 'tempest-FloatingIPsTestJSON-282799911', 'tenant_id': '260802aead114b25958913253927c6ee', 'tenant_name': 'tempest-FloatingIPsTestJSON-282799911', 'user_domain_id': 'default', 'user_domain_name': 'Default', 'user_id': '1c90d4536746443e908cf58b5484c1f2', 'system': None}, Network: None, Subnet: None, Router: None
2025-04-19 14:53:51.253 69933 INFO tempest.lib.common.rest_client [req-763e5b7f-dd37-48f7-8f82-00144b748a30 req-763e5b7f-dd37-48f7-8f82-00144b748a30 ] Request (AZAdminNegativeTestJSON:tearDownClass): 200 GET http://10.180.1.21:9696/networking/v2.0/security-groups?tenant_id=9a1b6d1997754f7c8a36ff3b430db466&name=default 0.545s
2025-04-19 14:53:51.272 69941 INFO tempest.lib.common.rest_client [req-3f84f2fb-5bee-445d-af9c-67d34a0b568c req-3f84f2fb-5bee-445d-af9c-67d34a0b568c ] Request (QuotasAdminTestV257:test_get_updated_quotas): 200 GET http://10.180.1.21/compute/v2.1/os-quota-sets/17cdd185480b4cc5b556508e1977955d/detail 3.108s
2025-04-19 14:53:51.327 69963 INFO tempest.lib.common.rest_client [req-0d418012-a464-4913-92d3-2b0841d28004 req-0d418012-a464-4913-92d3-2b0841d28004 ] Request (InstanceUsageAuditLogTestJSON:test_get_instance_usage_audit_log): 200 GET http://10.180.1.21/compute/v2.1/os-instance_usage_audit_log/2025-04-19%2014%3A53%3A48 3.153s
2025-04-19 14:53:51.342 69911 INFO tempest.lib.common.rest_client [req-84dd7b12-a29d-431e-9f0e-8593d136dd22 req-84dd7b12-a29d-431e-9f0e-8593d136dd22 ] Request (FloatingIPsTestJSON:setUpClass): 201 POST http://10.180.1.21/identity/v3/auth/tokens 0.138s
2025-04-19 14:53:51.348 69923 INFO tempest.lib.common.rest_client [req-174b00aa-1659-4609-b21b-2de33afff6c7 req-174b00aa-1659-4609-b21b-2de33afff6c7 ] Request (HypervisorAdminTestJSON:test_get_hypervisor_show_details): 200 GET http://10.180.1.21/compute/v2.1/os-hypervisors 3.152s
2025-04-19 14:53:51.354 69933 INFO tempest.lib.common.rest_client [req-f6330b01-6ae2-4d23-8903-b78ac5fab391 req-f6330b01-6ae2-4d23-8903-b78ac5fab391 ] Request (AZAdminNegativeTestJSON:tearDownClass): 204 DELETE http://10.180.1.21:9696/networking/v2.0/security-groups/5efb52cb-5592-4a1e-8fdc-598d52f35e4f 0.101s
2025-04-19 14:53:51.362 69951 INFO tempest.lib.common.rest_client [req-e54d8f2b-b59a-4d33-b967-f78efde92685 req-e54d8f2b-b59a-4d33-b967-f78efde92685 ] Request (FlavorsV2TestJSON:test_list_flavors_filter_by_min_ram): 200 GET http://10.180.1.21/compute/v2.1/flavors/42 3.152s
2025-04-19 14:53:51.377 69941 INFO tempest.lib.common.rest_client [req-da6f85a4-87ef-416d-b706-ac4acb3534ba req-da6f85a4-87ef-416d-b706-ac4acb3534ba ] Request (QuotasAdminTestV257:test_get_updated_quotas): 200 GET http://10.180.1.21/identity/v3/domains?name=Default 0.100s
2025-04-19 14:53:51.400 69945 INFO tempest.lib.common.rest_client [req-3a9a35e7-c13a-40b0-8696-3db490c80060 req-3a9a35e7-c13a-40b0-8696-3db490c80060 ] Request (SecurityGroupsTestJSON:setUpClass): 201 POST http://10.180.1.21:9696/networking/v2.0/networks 0.450s
2025-04-19 14:53:51.411 69959 INFO tempest.lib.common.rest_client [req-f7160182-ca4a-49c0-bced-27119f444c0d req-f7160182-ca4a-49c0-bced-27119f444c0d ] Request (FlavorsAdminTestJSON:test_create_flavor_using_string_ram): 200 POST http://10.180.1.21/compute/v2.1/flavors 3.230s
2025-04-19 14:53:51.448 69927 INFO tempest.lib.common.rest_client [req-c0240a1f-822d-44a0-b330-19ce440af246 req-c0240a1f-822d-44a0-b330-19ce440af246 ] Request (AggregatesAdminNegativeTestJSON:test_aggregate_add_existent_host): 200 POST http://10.180.1.21/compute/v2.1/os-aggregates 2.873s
2025-04-19 14:53:51.480 69933 INFO tempest.lib.common.rest_client [req-4099ac3d-c200-4891-989f-f9013fe7f6ce req-4099ac3d-c200-4891-989f-f9013fe7f6ce ] Request (AZAdminNegativeTestJSON:tearDownClass): 204 DELETE http://10.180.1.21/identity/v3/projects/9a1b6d1997754f7c8a36ff3b430db466 0.125s
2025-04-19 14:53:51.480 69933 INFO tempest.lib.common.dynamic_creds [-] Deleting project and security group for project: 9726c35e408f404fb41ca2d7ca479922
2025-04-19 14:53:51.528 69941 INFO tempest.lib.common.rest_client [req-cc7914a2-7b8c-4bd9-85aa-67ce0b2ce102 req-cc7914a2-7b8c-4bd9-85aa-67ce0b2ce102 ] Request (QuotasAdminTestV257:test_get_updated_quotas): 201 POST http://10.180.1.21/identity/v3/users 0.151s
2025-04-19 14:53:51.560 69941 INFO tempest.lib.common.rest_client [req-30038089-8e8e-4042-ae74-da80ebb759da req-30038089-8e8e-4042-ae74-da80ebb759da ] Request (QuotasAdminTestV257:test_get_updated_quotas): 200 GET http://10.180.1.21/identity/v3/domains?name=Default 0.031s
2025-04-19 14:53:51.618 69915 INFO tempest.lib.common.rest_client [req-09a26462-12da-4ec1-8d88-02ead4aefe59 req-09a26462-12da-4ec1-8d88-02ead4aefe59 ] Request (FlavorsAccessNegativeTestJSON:test_add_flavor_access_duplicate): 200 POST http://10.180.1.21/compute/v2.1/flavors 2.952s
2025-04-19 14:53:51.639 69957 INFO tempest.lib.common.rest_client [req-e9a4ee33-742b-4cab-abe4-2529384cafde req-e9a4ee33-742b-4cab-abe4-2529384cafde ] Request (AZAdminV2TestJSON:test_get_availability_zone_list_detail): 200 GET http://10.180.1.21/compute/v2.1/os-availability-zone/detail 2.405s
2025-04-19 14:53:51.714 69909 INFO tempest.lib.common.rest_client [req-6189eb7b-b235-47c6-ac5d-91f47f6e2dc9 req-6189eb7b-b235-47c6-ac5d-91f47f6e2dc9 ] Request (FlavorsV261TestJSON:test_crud_flavor): 200 GET http://10.180.1.21/compute/v2.1/flavors/1046949882 2.222s
2025-04-19 14:53:51.742 69957 INFO tempest.lib.common.rest_client [req-cd840a5b-17e3-49c1-9ebe-69085f8dffd1 req-cd840a5b-17e3-49c1-9ebe-69085f8dffd1 ] Request (AZAdminV2TestJSON:tearDownClass): 204 DELETE http://10.180.1.21/identity/v3/users/2e282360fdd940219790d5a84688c8fe 0.097s
2025-04-19 14:53:51.793 69949 INFO tempest.lib.common.rest_client [req-e75e78f1-09a7-484c-bc62-8b98995bf297 req-e75e78f1-09a7-484c-bc62-8b98995bf297 ] Request (ServersTestManualDisk:setUpClass): 201 POST http://10.180.1.21:9696/networking/v2.0/networks 0.613s
2025-04-19 14:53:51.844 69911 INFO tempest.lib.common.rest_client [req-3a18b08f-1e3c-4f06-ac19-e56b8929f21c req-3a18b08f-1e3c-4f06-ac19-e56b8929f21c ] Request (FloatingIPsTestJSON:setUpClass): 201 POST http://10.180.1.21:9696/networking/v2.0/networks 0.501s
2025-04-19 14:53:51.856 69933 INFO tempest.lib.common.rest_client [req-bace48b0-2891-48e1-a5df-b9fc35cde3d6 req-bace48b0-2891-48e1-a5df-b9fc35cde3d6 ] Request (AZAdminNegativeTestJSON:tearDownClass): 200 GET http://10.180.1.21:9696/networking/v2.0/security-groups?tenant_id=9726c35e408f404fb41ca2d7ca479922&name=default 0.376s
2025-04-19 14:53:51.871 69903 INFO tempest.lib.common.rest_client [req-3121a07d-5ed8-4acb-b6b4-975797930189 req-3121a07d-5ed8-4acb-b6b4-975797930189 ] Request (FlavorsAccessTestJSON:test_flavor_access_add_remove): 200 POST http://10.180.1.21/compute/v2.1/flavors/1778165419/action 2.351s
2025-04-19 14:53:51.874 69957 INFO tempest.lib.common.rest_client [req-44e5b351-ffa4-42ea-a6ec-e542071cd92a req-44e5b351-ffa4-42ea-a6ec-e542071cd92a ] Request (AZAdminV2TestJSON:tearDownClass): 204 DELETE http://10.180.1.21/identity/v3/users/afdce1ab684f410caa3160bb43d489b9 0.132s
2025-04-19 14:53:51.875 69957 INFO tempest.lib.common.dynamic_creds [-] Deleting project and security group for project: 2e6653ad5f7140efb8730ec2a7489b29
2025-04-19 14:53:51.952 69957 INFO tempest.lib.common.rest_client [req-4329e332-3ded-4d4a-a7a8-aaec93d86099 req-4329e332-3ded-4d4a-a7a8-aaec93d86099 ] Request (AZAdminV2TestJSON:tearDownClass): 201 POST http://10.180.1.21/identity/v3/auth/tokens 0.077s
2025-04-19 14:53:51.954 69945 INFO tempest.lib.common.rest_client [req-d7650ebf-d9bb-43d9-8c73-f500e50a991a req-d7650ebf-d9bb-43d9-8c73-f500e50a991a ] Request (SecurityGroupsTestJSON:setUpClass): 201 POST http://10.180.1.21:9696/networking/v2.0/subnets 0.553s
2025-04-19 14:53:52.000 69943 INFO tempest.lib.common.rest_client [req-ce8fa8a7-9ed0-4206-8cc6-9762e192f1be req-ce8fa8a7-9ed0-4206-8cc6-9762e192f1be ] Request (TenantUsagesTestJSON:setUpClass): 202 POST http://10.180.1.21/compute/v2.1/servers 3.759s
2025-04-19 14:53:52.022 69913 INFO tempest.lib.common.rest_client [req-9300176d-3635-4a66-b7ec-49fb591be831 req-9300176d-3635-4a66-b7ec-49fb591be831 ] Request (ServicesAdminTestJSON:test_get_service_by_host_name): 200 GET http://10.180.1.21/compute/v2.1/os-services?host=devstack 2.251s
2025-04-19 14:53:52.131 69905 INFO tempest.lib.common.rest_client [req-d0792df6-11e8-42c1-855d-aa43f27d93f2 req-d0792df6-11e8-42c1-855d-aa43f27d93f2 ] Request (FlavorMetadataValidation:test_flavor_update_with_custom_namespace): 200 POST http://10.180.1.21/compute/v2.1/flavors/1726353584/os-extra_specs 2.334s
2025-04-19 14:53:52.144 69933 INFO tempest.lib.common.rest_client [req-46740b75-9a67-4981-a18c-615554d54d80 req-46740b75-9a67-4981-a18c-615554d54d80 ] Request (AZAdminNegativeTestJSON:tearDownClass): 204 DELETE http://10.180.1.21:9696/networking/v2.0/security-groups/9946adf2-d39f-4b4b-8c2d-26af8bd59e9b 0.287s
2025-04-19 14:53:52.240 69949 INFO tempest.lib.common.rest_client [req-77c59d0d-8ab9-459a-b1a2-6763863402a1 req-77c59d0d-8ab9-459a-b1a2-6763863402a1 ] Request (ServersTestManualDisk:setUpClass): 201 POST http://10.180.1.21:9696/networking/v2.0/subnets 0.446s
2025-04-19 14:53:52.252 69933 INFO tempest.lib.common.rest_client [req-0eba0b0a-c66c-4a17-a353-8572055a996a req-0eba0b0a-c66c-4a17-a353-8572055a996a ] Request (AZAdminNegativeTestJSON:tearDownClass): 204 DELETE http://10.180.1.21/identity/v3/projects/9726c35e408f404fb41ca2d7ca479922 0.108s
2025-04-19 14:53:52.287 69911 INFO tempest.lib.common.rest_client [req-ee51011b-5b27-4fd3-93d4-f43c4491620f req-ee51011b-5b27-4fd3-93d4-f43c4491620f ] Request (FloatingIPsTestJSON:setUpClass): 201 POST http://10.180.1.21:9696/networking/v2.0/subnets 0.442s
2025-04-19 14:53:52.327 69933 INFO tempest.lib.common.rest_client [req-bb90281f-e6d7-44ba-96e8-301a50b36644 req-bb90281f-e6d7-44ba-96e8-301a50b36644 ] Request (ServerDiagnosticsV248Test:setUpClass): 201 POST http://10.180.1.21/identity/v3/auth/tokens 0.072s
2025-04-19 14:53:52.368 69933 INFO tempest.lib.common.rest_client [req-9bc3505c-e305-4175-a791-16934bb17c4f req-9bc3505c-e305-4175-a791-16934bb17c4f ] Request (ServerDiagnosticsV248Test:setUpClass): 201 POST http://10.180.1.21/identity/v3/auth/tokens 0.039s
2025-04-19 14:53:52.401 69933 INFO tempest.lib.common.rest_client [req-a974eee7-6352-4cd4-be1a-4982bac90d36 req-a974eee7-6352-4cd4-be1a-4982bac90d36 ] Request (ServerDiagnosticsV248Test:setUpClass): 200 GET http://10.180.1.21/identity/v3/domains?name=Default 0.033s
2025-04-19 14:53:52.415 69957 INFO tempest.lib.common.rest_client [req-ef571793-129e-45a1-bf6a-3996f10aa6df req-ef571793-129e-45a1-bf6a-3996f10aa6df ] Request (AZAdminV2TestJSON:tearDownClass): 200 GET http://10.180.1.21:9696/networking/v2.0/security-groups?tenant_id=2e6653ad5f7140efb8730ec2a7489b29&name=default 0.463s
2025-04-19 14:53:52.429 69933 INFO tempest.lib.common.rest_client [req-d6e76151-85a8-421b-8db3-1388e2c4a641 req-d6e76151-85a8-421b-8db3-1388e2c4a641 ] Request (ServerDiagnosticsV248Test:setUpClass): 201 POST http://10.180.1.21/identity/v3/projects 0.027s
2025-04-19 14:53:52.504 69933 INFO tempest.lib.common.rest_client [req-aa4715d8-f4d0-407c-a2ac-ce0582136714 req-aa4715d8-f4d0-407c-a2ac-ce0582136714 ] Request (ServerDiagnosticsV248Test:setUpClass): 201 POST http://10.180.1.21/identity/v3/users 0.075s
2025-04-19 14:53:52.537 69933 INFO tempest.lib.common.rest_client [req-010722a5-bea6-40c1-a4ee-6499dfc2cb72 req-010722a5-bea6-40c1-a4ee-6499dfc2cb72 ] Request (ServerDiagnosticsV248Test:setUpClass): 200 GET http://10.180.1.21/identity/v3/roles 0.031s
2025-04-19 14:53:52.570 69933 INFO tempest.lib.common.rest_client [req-4d37d5a4-172c-46b3-b304-029b63ea0194 req-4d37d5a4-172c-46b3-b304-029b63ea0194 ] Request (ServerDiagnosticsV248Test:setUpClass): 204 PUT http://10.180.1.21/identity/v3/projects/dd4fe8a121f04be2a111736480f1abc1/users/119d2dcc019044d188aec4e011f2ff91/roles/34f33abe56064d64ad3140818273aa38 0.032s
2025-04-19 14:53:52.571 69933 INFO tempest.lib.common.dynamic_creds [-] Dynamic test user 119d2dcc019044d188aec4e011f2ff91 is created with scope project and roles: ['member']
2025-04-19 14:53:52.571 69933 INFO tempest.lib.common.dynamic_creds [-] Acquired dynamic creds: credentials: Credentials: {'domain_id': 'default', 'domain_name': 'Default', 'username': 'tempest-ServerDiagnosticsV248Test-1508372011-project-member', 'project_domain_id': 'default', 'project_domain_name': 'Default', 'project_id': 'dd4fe8a121f04be2a111736480f1abc1', 'project_name': 'tempest-ServerDiagnosticsV248Test-1508372011', 'tenant_id': 'dd4fe8a121f04be2a111736480f1abc1', 'tenant_name': 'tempest-ServerDiagnosticsV248Test-1508372011', 'user_domain_id': 'default', 'user_domain_name': 'Default', 'user_id': '119d2dcc019044d188aec4e011f2ff91', 'system': None}, Network: None, Subnet: None, Router: None
2025-04-19 14:53:52.571 69933 INFO tempest.lib.common.dynamic_creds [-] Created isolated network resources for: credentials: Credentials: {'domain_id': 'default', 'domain_name': 'Default', 'username': 'tempest-ServerDiagnosticsV248Test-1508372011-project-member', 'project_domain_id': 'default', 'project_domain_name': 'Default', 'project_id': 'dd4fe8a121f04be2a111736480f1abc1', 'project_name': 'tempest-ServerDiagnosticsV248Test-1508372011', 'tenant_id': 'dd4fe8a121f04be2a111736480f1abc1', 'tenant_name': 'tempest-ServerDiagnosticsV248Test-1508372011', 'user_domain_id': 'default', 'user_domain_name': 'Default', 'user_id': '119d2dcc019044d188aec4e011f2ff91', 'system': None}, Network: None, Subnet: None, Router: None
2025-04-19 14:53:52.643 69957 INFO tempest.lib.common.rest_client [req-47aeca9c-820e-4b24-9572-40071ed36062 req-47aeca9c-820e-4b24-9572-40071ed36062 ] Request (AZAdminV2TestJSON:tearDownClass): 204 DELETE http://10.180.1.21:9696/networking/v2.0/security-groups/fdca80d4-699a-4d71-8a46-efa35e7d4e9f 0.227s
2025-04-19 14:53:52.649 69933 INFO tempest.lib.common.rest_client [req-8b254cc6-8b23-4cfe-aac3-86ffe5e17e55 req-8b254cc6-8b23-4cfe-aac3-86ffe5e17e55 ] Request (ServerDiagnosticsV248Test:setUpClass): 201 POST http://10.180.1.21/identity/v3/auth/tokens 0.074s
2025-04-19 14:53:52.650 69947 INFO tempest.lib.common.rest_client [req-310b1bf3-ee87-4e5b-9f41-efaf930830be req-310b1bf3-ee87-4e5b-9f41-efaf930830be ] Request (VolumesAssistedSnapshotsTest:setUpClass): 200 PUT http://10.180.1.21:9696/networking/v2.0/routers/c1a070a6-79bc-4812-80df-c127f4fd8b35/add_router_interface 1.672s
2025-04-19 14:53:52.651 69947 INFO tempest.lib.common.dynamic_creds [-] Created isolated network resources for: credentials: Credentials: {'domain_id': 'default', 'domain_name': 'Default', 'username': 'tempest-VolumesAssistedSnapshotsTest-1713550801-project-admin', 'project_domain_id': 'default', 'project_domain_name': 'Default', 'project_id': '33ec5c235e494c6883a10df316783397', 'project_name': 'tempest-VolumesAssistedSnapshotsTest-1713550801', 'tenant_id': '33ec5c235e494c6883a10df316783397', 'tenant_name': 'tempest-VolumesAssistedSnapshotsTest-1713550801', 'user_domain_id': 'default', 'user_domain_name': 'Default', 'user_id': 'fdb5a4d49df0429f8aee509b6b191c7a', 'system': None}, Network: {'id': '4418fa79-59fa-401b-845d-3c59ce6af074', 'name': 'tempest-VolumesAssistedSnapshotsTest-85100219-network', 'tenant_id': '33ec5c235e494c6883a10df316783397', 'admin_state_up': True, 'mtu': 8950, 'status': 'ACTIVE', 'subnets': [], 'shared': False, 'project_id': '33ec5c235e494c6883a10df316783397', 'port_security_enabled': True, 'router:external': False, 'provider:network_type': 'vlan', 'provider:physical_network': 'default', 'provider:segmentation_id': 319, 'availability_zone_hints': [], 'availability_zones': [], 'ipv4_address_scope': None, 'ipv6_address_scope': None, 'description': '', 'tags': [], 'created_at': '2025-04-19T14:53:49Z', 'updated_at': '2025-04-19T14:53:49Z', 'revision_number': 1}, Subnet: {'id': '1397ced8-b5c1-4a4e-9b59-b666b09dc4c9', 'name': 'tempest-VolumesAssistedSnapshotsTest-85100219-subnet', 'tenant_id': '33ec5c235e494c6883a10df316783397', 'network_id': '4418fa79-59fa-401b-845d-3c59ce6af074', 'ip_version': 4, 'subnetpool_id': None, 'enable_dhcp': True, 'ipv6_ra_mode': None, 'ipv6_address_mode': None, 'gateway_ip': '192.168.128.1', 'cidr': '192.168.128.0/28', 'allocation_pools': [{'start': '192.168.128.2', 'end': '192.168.128.14'}], 'host_routes': [], 'dns_nameservers': [], 'description': '', 'router:external': False, 'service_types': [], 'tags': [], 'created_at': '2025-04-19T14:53:50Z', 'updated_at': '2025-04-19T14:53:50Z', 'revision_number': 0, 'project_id': '33ec5c235e494c6883a10df316783397'}, Router: {'id': 'c1a070a6-79bc-4812-80df-c127f4fd8b35', 'name': 'tempest-VolumesAssistedSnapshotsTest-85100219-router', 'tenant_id': '33ec5c235e494c6883a10df316783397', 'admin_state_up': True, 'status': 'ACTIVE', 'external_gateway_info': {'network_id': '15e7942b-8d5e-46a4-b2ef-482fa95729b2', 'external_fixed_ips': [{'subnet_id': 'bd3301b1-2b52-4d08-ade4-3c40e67083cb', 'ip_address': '10.180.180.197'}], 'enable_snat': True}, 'description': '', 'availability_zones': [], 'distributed': False, 'ha': False, 'availability_zone_hints': [], 'routes': [], 'flavor_id': None, 'tags': [], 'created_at': '2025-04-19T14:53:50Z', 'updated_at': '2025-04-19T14:53:50Z', 'revision_number': 2, 'project_id': '33ec5c235e494c6883a10df316783397'}
2025-04-19 14:53:52.664 69935 INFO tempest.lib.common.rest_client [req-54b9c0a6-d11d-4d5f-94bf-c79c1288d886 req-54b9c0a6-d11d-4d5f-94bf-c79c1288d886 ] Request (MigrationsAdminTest:test_list_migrations_in_flavor_resize_situation): 202 POST http://10.180.1.21/compute/v2.1/servers 3.136s
2025-04-19 14:53:52.714 69933 INFO tempest.lib.common.rest_client [req-9f5ac58b-4181-4556-8c7c-7c5a4b72cbb0 req-9f5ac58b-4181-4556-8c7c-7c5a4b72cbb0 ] Request (ServerDiagnosticsV248Test:setUpClass): 201 POST http://10.180.1.21/identity/v3/projects 0.063s
2025-04-19 14:53:52.722 69931 INFO tempest.lib.common.rest_client [req-461e0596-2215-4df2-a7f6-9f5efd9f6290 req-461e0596-2215-4df2-a7f6-9f5efd9f6290 ] Request (ServersWithSpecificFlavorTestJSON:setUpClass): 200 PUT http://10.180.1.21:9696/networking/v2.0/routers/95c736f0-507d-4d08-9198-3664ca39ec5d/add_router_interface 1.944s
2025-04-19 14:53:52.722 69931 INFO tempest.lib.common.dynamic_creds [-] Created isolated network resources for: credentials: Credentials: {'domain_id': 'default', 'domain_name': 'Default', 'username': 'tempest-ServersWithSpecificFlavorTestJSON-714009970-project-admin', 'project_domain_id': 'default', 'project_domain_name': 'Default', 'project_id': '4ff43a8429214468b6663cb150ed0fa4', 'project_name': 'tempest-ServersWithSpecificFlavorTestJSON-714009970', 'tenant_id': '4ff43a8429214468b6663cb150ed0fa4', 'tenant_name': 'tempest-ServersWithSpecificFlavorTestJSON-714009970', 'user_domain_id': 'default', 'user_domain_name': 'Default', 'user_id': 'ba9c659895464246a75e468c1679b400', 'system': None}, Network: {'id': '17aaab57-089d-45fe-b9ae-7f0df8d00bd6', 'name': 'tempest-ServersWithSpecificFlavorTestJSON-83703968-network', 'tenant_id': '4ff43a8429214468b6663cb150ed0fa4', 'admin_state_up': True, 'mtu': 8950, 'status': 'ACTIVE', 'subnets': [], 'shared': False, 'project_id': '4ff43a8429214468b6663cb150ed0fa4', 'port_security_enabled': True, 'router:external': False, 'provider:network_type': 'vlan', 'provider:physical_network': 'default', 'provider:segmentation_id': 936, 'availability_zone_hints': [], 'availability_zones': [], 'ipv4_address_scope': None, 'ipv6_address_scope': None, 'description': '', 'tags': [], 'created_at': '2025-04-19T14:53:49Z', 'updated_at': '2025-04-19T14:53:49Z', 'revision_number': 1}, Subnet: {'id': '7f542e9a-8314-4af4-99b7-49b5b1d83ac4', 'name': 'tempest-ServersWithSpecificFlavorTestJSON-83703968-subnet', 'tenant_id': '4ff43a8429214468b6663cb150ed0fa4', 'network_id': '17aaab57-089d-45fe-b9ae-7f0df8d00bd6', 'ip_version': 4, 'subnetpool_id': None, 'enable_dhcp': True, 'ipv6_ra_mode': None, 'ipv6_address_mode': None, 'gateway_ip': '192.168.128.1', 'cidr': '192.168.128.0/28', 'allocation_pools': [{'start': '192.168.128.2', 'end': '192.168.128.14'}], 'host_routes': [], 'dns_nameservers': [], 'description': '', 'router:external': False, 'service_types': [], 'tags': [], 'created_at': '2025-04-19T14:53:49Z', 'updated_at': '2025-04-19T14:53:49Z', 'revision_number': 0, 'project_id': '4ff43a8429214468b6663cb150ed0fa4'}, Router: {'id': '95c736f0-507d-4d08-9198-3664ca39ec5d', 'name': 'tempest-ServersWithSpecificFlavorTestJSON-83703968-router', 'tenant_id': '4ff43a8429214468b6663cb150ed0fa4', 'admin_state_up': True, 'status': 'ACTIVE', 'external_gateway_info': {'network_id': '15e7942b-8d5e-46a4-b2ef-482fa95729b2', 'external_fixed_ips': [{'subnet_id': 'bd3301b1-2b52-4d08-ade4-3c40e67083cb', 'ip_address': '10.180.180.148'}], 'enable_snat': True}, 'description': '', 'availability_zones': [], 'distributed': False, 'ha': False, 'availability_zone_hints': [], 'routes': [], 'flavor_id': None, 'tags': [], 'created_at': '2025-04-19T14:53:50Z', 'updated_at': '2025-04-19T14:53:50Z', 'revision_number': 2, 'project_id': '4ff43a8429214468b6663cb150ed0fa4'}
2025-04-19 14:53:52.731 69919 INFO tempest.lib.common.rest_client [req-b27ba5e1-8ba1-422c-84fb-fc546620a60c req-b27ba5e1-8ba1-422c-84fb-fc546620a60c ] Request (HypervisorAdminV253TestBase:test_list_show_detail_hypervisors): 200 GET http://10.180.1.21/compute/v2.1/os-hypervisors?with_servers=True 2.777s
2025-04-19 14:53:52.814 69947 INFO tempest.lib.common.rest_client [req-1f0c3c67-0d97-410b-b124-2e162117699a req-1f0c3c67-0d97-410b-b124-2e162117699a ] Request (VolumesAssistedSnapshotsTest:setUpClass): 201 POST http://10.180.1.21/identity/v3/auth/tokens 0.159s
2025-04-19 14:53:52.852 69957 INFO tempest.lib.common.rest_client [req-2e29e39a-dba1-414b-ad0d-61aabdaf75fd req-2e29e39a-dba1-414b-ad0d-61aabdaf75fd ] Request (AZAdminV2TestJSON:tearDownClass): 204 DELETE http://10.180.1.21/identity/v3/projects/2e6653ad5f7140efb8730ec2a7489b29 0.209s
2025-04-19 14:53:52.853 69957 INFO tempest.lib.common.dynamic_creds [-] Deleting project and security group for project: 4c95ed67a06047dbaaf7826e0374296c
2025-04-19 14:53:52.857 69917 INFO tempest.lib.common.rest_client [req-50cca861-6ce5-44d7-8bb6-ee64a183df7d req-50cca861-6ce5-44d7-8bb6-ee64a183df7d ] Request (DeleteServersAdminTestJSON:test_admin_delete_servers_of_others): 200 GET http://10.180.1.21/compute/v2.1/servers/a6529acd-76db-430e-9e16-942b98b891d0 2.467s
2025-04-19 14:53:52.883 69929 INFO tempest.lib.common.rest_client [req-1894d6e9-76ec-4c4b-b6f9-f4aec6d23dc8 req-1894d6e9-76ec-4c4b-b6f9-f4aec6d23dc8 ] Request (HostsAdminTestJSON:test_list_hosts_with_a_blank_zone): 200 GET http://10.180.1.21/compute/v2.1/os-hosts?zone= 2.492s
2025-04-19 14:53:52.926 69961 INFO tempest.lib.common.rest_client [req-85deeb01-9319-4182-8da9-6100db8cac4c req-85deeb01-9319-4182-8da9-6100db8cac4c ] Request (ListImageFiltersTestJSON:setUpClass): 200 GET http://10.180.1.21/compute/v2.1/images/a354991d-6df0-4e65-91ff-fadde33369b3 2.517s
2025-04-19 14:53:52.945 69933 INFO tempest.lib.common.rest_client [req-0444f2b3-ff8e-4b12-ae80-1223512c7b9e req-0444f2b3-ff8e-4b12-ae80-1223512c7b9e ] Request (ServerDiagnosticsV248Test:setUpClass): 201 POST http://10.180.1.21/identity/v3/users 0.230s
2025-04-19 14:53:52.992 69947 INFO tempest.lib.common.rest_client [req-42ecf9b9-84a8-45b6-a5f2-82fd76008857 req-42ecf9b9-84a8-45b6-a5f2-82fd76008857 ] Request (VolumesAssistedSnapshotsTest:setUpClass): 201 POST http://10.180.1.21/identity/v3/projects 0.177s
2025-04-19 14:53:52.999 69931 INFO tempest.lib.common.rest_client [req-d3aead96-6af2-45df-bc53-9054d3320390 req-d3aead96-6af2-45df-bc53-9054d3320390 ] Request (ServersWithSpecificFlavorTestJSON:setUpClass): 201 POST http://10.180.1.21/identity/v3/auth/tokens 0.274s
2025-04-19 14:53:53.082 69957 INFO tempest.lib.common.rest_client [req-dc78097d-bc97-4068-bcb0-af5b1b358712 req-dc78097d-bc97-4068-bcb0-af5b1b358712 ] Request (AZAdminV2TestJSON:tearDownClass): 200 GET http://10.180.1.21:9696/networking/v2.0/security-groups?tenant_id=4c95ed67a06047dbaaf7826e0374296c&name=default 0.229s
2025-04-19 14:53:53.119 69921 INFO tempest.lib.common.rest_client [req-84289743-cf80-4e09-afce-45854eb0522f req-84289743-cf80-4e09-afce-45854eb0522f ] Request (AbsoluteLimitsTestJSON:test_absLimits_get): 200 GET http://10.180.1.21/compute/v2.1/limits 2.393s
2025-04-19 14:53:53.137 69933 INFO tempest.lib.common.rest_client [req-df5f411c-e8af-4846-b0d9-fa10e13c2c4a req-df5f411c-e8af-4846-b0d9-fa10e13c2c4a ] Request (ServerDiagnosticsV248Test:setUpClass): 200 GET http://10.180.1.21/identity/v3/roles 0.192s
2025-04-19 14:53:53.162 69947 INFO tempest.lib.common.rest_client [req-75a754ae-9a4f-4e69-9245-9ba1d6a2af53 req-75a754ae-9a4f-4e69-9245-9ba1d6a2af53 ] Request (VolumesAssistedSnapshotsTest:setUpClass): 201 POST http://10.180.1.21/identity/v3/users 0.170s
2025-04-19 14:53:53.202 69933 INFO tempest.lib.common.rest_client [req-a3df7b20-0c56-4f94-8536-65c0e6ae89de req-a3df7b20-0c56-4f94-8536-65c0e6ae89de ] Request (ServerDiagnosticsV248Test:setUpClass): 204 PUT http://10.180.1.21/identity/v3/projects/6de23b86bcbd40b7b9e781a9532ecd08/users/e0d02c072d0340b898d1efea29db252d/roles/7705cdf19dc042fe803254d7145b0b06 0.064s
2025-04-19 14:53:53.221 69921 INFO tempest.lib.common.rest_client [req-77cc708b-58b9-4d37-9225-91168e3455a6 req-77cc708b-58b9-4d37-9225-91168e3455a6 ] Request (AbsoluteLimitsTestJSON:tearDownClass): 204 DELETE http://10.180.1.21/identity/v3/users/92fcc39a02244456b9557c12c372ce75 0.095s
2025-04-19 14:53:53.221 69921 INFO tempest.lib.common.dynamic_creds [-] Deleting project and security group for project: 64ae2be671e74d0cb68d33e8eaac845c
2025-04-19 14:53:53.296 69947 INFO tempest.lib.common.rest_client [req-14ea9266-26dd-45e9-9fd8-83b71056e876 req-14ea9266-26dd-45e9-9fd8-83b71056e876 ] Request (VolumesAssistedSnapshotsTest:setUpClass): 200 GET http://10.180.1.21/identity/v3/roles 0.133s
2025-04-19 14:53:53.319 69933 INFO tempest.lib.common.rest_client [req-4150844a-88ab-45d2-a707-2cad7d0b1517 req-4150844a-88ab-45d2-a707-2cad7d0b1517 ] Request (ServerDiagnosticsV248Test:setUpClass): 200 GET http://10.180.1.21/identity/v3/roles 0.117s
2025-04-19 14:53:53.341 69921 INFO tempest.lib.common.rest_client [req-cdab5f44-e076-4a4a-a1f5-7e3c813b8125 req-cdab5f44-e076-4a4a-a1f5-7e3c813b8125 ] Request (AbsoluteLimitsTestJSON:tearDownClass): 201 POST http://10.180.1.21/identity/v3/auth/tokens 0.120s
2025-04-19 14:53:53.346 69949 INFO tempest.lib.common.rest_client [req-51ad1145-a39f-4537-8964-981727d3be84 req-51ad1145-a39f-4537-8964-981727d3be84 ] Request (ServersTestManualDisk:setUpClass): 201 POST http://10.180.1.21:9696/networking/v2.0/routers 1.105s
2025-04-19 14:53:53.355 69933 INFO tempest.lib.common.rest_client [req-d2712507-72a7-466c-8877-ba3af63cb02b req-d2712507-72a7-466c-8877-ba3af63cb02b ] Request (ServerDiagnosticsV248Test:setUpClass): 204 PUT http://10.180.1.21/identity/v3/projects/6de23b86bcbd40b7b9e781a9532ecd08/users/e0d02c072d0340b898d1efea29db252d/roles/7705cdf19dc042fe803254d7145b0b06 0.035s
2025-04-19 14:53:53.355 69933 INFO tempest.lib.common.dynamic_creds [-] Dynamic test user e0d02c072d0340b898d1efea29db252d is created with scope project and roles: ['admin']
2025-04-19 14:53:53.355 69933 INFO tempest.lib.common.dynamic_creds [-] Acquired dynamic creds: credentials: Credentials: {'domain_id': 'default', 'domain_name': 'Default', 'username': 'tempest-ServerDiagnosticsV248Test-1523272591-project-admin', 'project_domain_id': 'default', 'project_domain_name': 'Default', 'project_id': '6de23b86bcbd40b7b9e781a9532ecd08', 'project_name': 'tempest-ServerDiagnosticsV248Test-1523272591', 'tenant_id': '6de23b86bcbd40b7b9e781a9532ecd08', 'tenant_name': 'tempest-ServerDiagnosticsV248Test-1523272591', 'user_domain_id': 'default', 'user_domain_name': 'Default', 'user_id': 'e0d02c072d0340b898d1efea29db252d', 'system': None}, Network: None, Subnet: None, Router: None
2025-04-19 14:53:53.355 69933 INFO tempest.lib.common.dynamic_creds [-] Created isolated network resources for: credentials: Credentials: {'domain_id': 'default', 'domain_name': 'Default', 'username': 'tempest-ServerDiagnosticsV248Test-1523272591-project-admin', 'project_domain_id': 'default', 'project_domain_name': 'Default', 'project_id': '6de23b86bcbd40b7b9e781a9532ecd08', 'project_name': 'tempest-ServerDiagnosticsV248Test-1523272591', 'tenant_id': '6de23b86bcbd40b7b9e781a9532ecd08', 'tenant_name': 'tempest-ServerDiagnosticsV248Test-1523272591', 'user_domain_id': 'default', 'user_domain_name': 'Default', 'user_id': 'e0d02c072d0340b898d1efea29db252d', 'system': None}, Network: None, Subnet: None, Router: None
2025-04-19 14:53:53.362 69947 INFO tempest.lib.common.rest_client [req-a89736d0-1cbe-4d62-a1ff-87ff47406d49 req-a89736d0-1cbe-4d62-a1ff-87ff47406d49 ] Request (VolumesAssistedSnapshotsTest:setUpClass): 204 PUT http://10.180.1.21/identity/v3/projects/c3658fb17ec1483fafcde78f70c31da3/users/689275130c454b519a8e0c5a3e3d7419/roles/7d15f6fd02bd490ba94b62385e9bacb2 0.066s
2025-04-19 14:53:53.384 69955 INFO tempest.lib.common.rest_client [req-60c89c5d-e187-4916-b798-1c92db1c2461 req-60c89c5d-e187-4916-b798-1c92db1c2461 ] Request (QuotasAdminNegativeTest:test_create_server_when_cpu_quota_is_full): 200 PUT http://10.180.1.21/compute/v2.1/os-quota-sets/d0167f8d25d344e58b9f30f1f509b9a4 2.470s
2025-04-19 14:53:53.429 69933 INFO tempest.lib.common.rest_client [req-2bd853d9-1f9b-4917-90e8-47aa654b1a82 req-2bd853d9-1f9b-4917-90e8-47aa654b1a82 ] Request (ServerDiagnosticsV248Test:setUpClass): 201 POST http://10.180.1.21/identity/v3/auth/tokens 0.070s
2025-04-19 14:53:53.468 69957 INFO tempest.lib.common.rest_client [req-2bb48230-aea7-4f63-8b1b-ef26e082db66 req-2bb48230-aea7-4f63-8b1b-ef26e082db66 ] Request (AZAdminV2TestJSON:tearDownClass): 204 DELETE http://10.180.1.21:9696/networking/v2.0/security-groups/df75d3e2-ddb6-4fc3-9065-5577ed872ddc 0.386s
2025-04-19 14:53:53.487 69947 INFO tempest.lib.common.rest_client [req-693caf9a-9f59-4876-b64f-39197da32c13 req-693caf9a-9f59-4876-b64f-39197da32c13 ] Request (VolumesAssistedSnapshotsTest:setUpClass): 200 GET http://10.180.1.21/identity/v3/roles 0.124s
2025-04-19 14:53:53.521 69955 INFO tempest.lib.common.rest_client [req-a615c9fc-85f8-4742-957b-ea92dc1cd25d req-a615c9fc-85f8-4742-957b-ea92dc1cd25d ] Request (QuotasAdminNegativeTest:test_create_server_when_cpu_quota_is_full): 201 POST http://10.180.1.21/identity/v3/auth/tokens 0.130s
2025-04-19 14:53:53.522 69955 INFO tempest.lib.common.fixed_network [-] (QuotasAdminNegativeTest:test_create_server_when_cpu_quota_is_full) Found network None available for tenant
