2025-04-19 14:54:46.570 69929 INFO tempest.lib.common.fixed_network [-] (MultipleCreateTestJSON:test_multiple_create) Found network {'id': '57ff5011-1f62-4e03-856f-854705b0b31f', 'name': 'tempest-MultipleCreateTestJSON-1555894189-network', 'tenant_id': 'ca4d6e5d1ff94550a9051672ffba9355', 'admin_state_up': True, 'mtu': 8950, 'status': 'ACTIVE', 'subnets': [], 'shared': False, 'project_id': 'ca4d6e5d1ff94550a9051672ffba9355', 'port_security_enabled': True, 'router:external': False, 'provider:network_type': 'vlan', 'provider:physical_network': 'default', 'provider:segmentation_id': 811, 'availability_zone_hints': [], 'availability_zones': [], 'ipv4_address_scope': None, 'ipv6_address_scope': None, 'description': '', 'tags': [], 'created_at': '2025-04-19T14:54:43Z', 'updated_at': '2025-04-19T14:54:43Z', 'revision_number': 1} available for tenant
2025-04-19 14:54:46.586 69903 INFO tempest.lib.common.rest_client [req-30b25461-6f5b-4842-aafd-8599cd0c5886 req-30b25461-6f5b-4842-aafd-8599cd0c5886 ] Request (VolumesAdminNegativeTest:test_update_attached_volume_with_nonexistent_volume_in_body): 200 GET http://10.180.1.21/compute/v2.1/servers/a370afe3-c2f8-432a-a526-81426d935a9c 0.829s
2025-04-19 14:54:46.700 69963 INFO tempest.lib.common.rest_client [req-057739c7-25c0-402f-9963-49b632826a0d req-057739c7-25c0-402f-9963-49b632826a0d ] Request (ServersTestFqdnHostnames:test_create_server_with_fqdn_name): 200 GET http://10.180.1.21/compute/v2.1/servers/4fbd9481-6115-4243-8700-37374677b0bb 1.060s
2025-04-19 14:54:46.890 69945 INFO tempest.lib.common.rest_client [req-4738fad0-f5b7-4966-bfd3-609f82cea54a req-4738fad0-f5b7-4966-bfd3-609f82cea54a ] Request (SecurityGroupsTestJSON:test_security_groups_create_list_delete): 200 POST http://10.180.1.21/compute/v2.1/os-security-groups 0.790s
2025-04-19 14:54:46.951 69926 INFO tempest.lib.common.rest_client [req-90f51535-2c06-414d-83e7-8bb29d96ba71 req-90f51535-2c06-414d-83e7-8bb29d96ba71 ] Request (FloatingIPDetailsTestJSON:tearDownClass): 202 DELETE http://10.180.1.21/compute/v2.1/os-floating-ips/8222edac-d78b-4ad2-9300-eb4e6cef5de5 1.154s
2025-04-19 14:54:47.068 69905 INFO tempest.lib.common.rest_client [req-5ee30ee2-b30a-46bf-9fc0-4fbf9d675e4c req-5ee30ee2-b30a-46bf-9fc0-4fbf9d675e4c ] Request (SecurityGroupRulesNegativeTestJSON:test_create_security_group_rule_with_invalid_to_port): 200 POST http://10.180.1.21/compute/v2.1/os-security-groups 0.917s
2025-04-19 14:54:47.091 69959 INFO tempest.lib.common.rest_client [req-332ed4c0-884d-487e-91af-50db144c8c3e req-332ed4c0-884d-487e-91af-50db144c8c3e ] Request (FlavorsAdminTestJSON:_run_cleanups): 202 DELETE http://10.180.1.21/compute/v2.1/flavors/659756257 0.904s
2025-04-19 14:54:47.115 69935 INFO tempest.lib.common.rest_client [req-8afc37a8-21f8-4a8a-ae8c-42accf533b80 req-8afc37a8-21f8-4a8a-ae8c-42accf533b80 ] Request (MigrationsAdminTest:test_list_migrations_in_flavor_resize_situation): 200 GET http://10.180.1.21/compute/v2.1/servers/1cb12eb8-8e6e-4513-8408-18afd328e053 1.007s
2025-04-19 14:54:47.175 69939 INFO tempest.lib.common.rest_client [req-a30f6d95-752d-49c7-b58a-51485943de13 req-a30f6d95-752d-49c7-b58a-51485943de13 ] Request (ServerMetadataTestJSON:setUp): 200 PUT http://10.180.1.21/compute/v2.1/servers/63601191-17ad-4e58-ab82-be3decc8c167/metadata 0.945s
2025-04-19 14:54:47.228 69913 INFO tempest.lib.common.rest_client [req-fd637414-f494-42df-bcb5-d90c365c4801 req-fd637414-f494-42df-bcb5-d90c365c4801 ] Request (ServersTestMultiNic:test_verify_duplicate_network_nics): 200 GET http://10.180.1.21/compute/v2.1/servers/fff8ab88-9879-49bb-a0bb-f3a8d8830201 0.874s
2025-04-19 14:54:47.247 69951 INFO tempest.lib.common.rest_client [req-34d817a6-6af8-4935-afb5-785ba063e888 req-34d817a6-6af8-4935-afb5-785ba063e888 ] Request (ImagesNegativeTestJSON:test_create_image_from_deleted_server): 200 GET http://10.180.1.21/compute/v2.1/servers/ad145721-739b-40ec-b806-2c91c082be75 0.904s
2025-04-19 14:54:47.247 69943 INFO tempest.lib.common.rest_client [req-3531f17c-b93a-46a1-8b50-773b4b120301 req-3531f17c-b93a-46a1-8b50-773b4b120301 ] Request (TenantUsagesTestJSON:tearDownClass): 404 GET http://10.180.1.21/compute/v2.1/servers/bdcccdc2-36be-4e0f-9501-026f83c14805 0.724s
2025-04-19 14:54:47.370 69943 INFO tempest.lib.common.rest_client [req-98eea465-2174-4baf-ab9a-17af737c0241 req-98eea465-2174-4baf-ab9a-17af737c0241 ] Request (TenantUsagesTestJSON:tearDownClass): 204 DELETE http://10.180.1.21/identity/v3/users/e7ff3230a3284f95b6340d4b0e1f5434 0.122s
2025-04-19 14:54:47.487 69943 INFO tempest.lib.common.rest_client [req-26ccc6f2-cf65-4662-b8d8-0655b0314300 req-26ccc6f2-cf65-4662-b8d8-0655b0314300 ] Request (TenantUsagesTestJSON:tearDownClass): 204 DELETE http://10.180.1.21/identity/v3/users/0ffd4c51edf34efaa9aa1cbd7741e28f 0.116s
2025-04-19 14:54:47.487 69943 INFO tempest.lib.common.dynamic_creds [-] Deleting project and security group for project: 2c1650c983ce4b8cab28f15d750699fd
2025-04-19 14:54:47.561 69927 INFO tempest.lib.common.rest_client [req-7224f95f-c7e9-4540-a087-9a19322019ca req-7224f95f-c7e9-4540-a087-9a19322019ca ] Request (SecurityGroupsTestAdminJSON:test_list_security_groups_list_all_tenants_filter): 200 POST http://10.180.1.21/compute/v2.1/os-security-groups 1.009s
2025-04-19 14:54:47.564 69943 INFO tempest.lib.common.rest_client [req-1624040c-3e01-4781-a092-3f2b8807204c req-1624040c-3e01-4781-a092-3f2b8807204c ] Request (TenantUsagesTestJSON:tearDownClass): 201 POST http://10.180.1.21/identity/v3/auth/tokens 0.077s
2025-04-19 14:54:47.640 69957 INFO tempest.lib.common.rest_client [req-b3e9a0af-d9ab-4521-9481-979fbb94575a req-b3e9a0af-d9ab-4521-9481-979fbb94575a ] Request (ServerShowV254Test:tearDownClass): 200 GET http://10.180.1.21/compute/v2.1/servers/945b7866-0797-4ba6-984e-cbfc0bc7dbc2 1.027s
2025-04-19 14:54:47.712 69917 INFO tempest.lib.common.rest_client [req-25a26d7d-a9b9-46fa-ba51-db7cfd347606 req-25a26d7d-a9b9-46fa-ba51-db7cfd347606 ] Request (DeleteServersAdminTestJSON:test_delete_server_while_in_error_state): 200 GET http://10.180.1.21/compute/v2.1/servers/c2fc91e3-adaf-4645-b65a-c5ba03435ea6 1.048s
2025-04-19 14:54:47.748 69943 INFO tempest.lib.common.rest_client [req-cbd75872-2862-4ca2-81cf-e572b572e964 req-cbd75872-2862-4ca2-81cf-e572b572e964 ] Request (TenantUsagesTestJSON:tearDownClass): 200 GET http://10.180.1.21:9696/networking/v2.0/security-groups?tenant_id=2c1650c983ce4b8cab28f15d750699fd&name=default 0.184s
2025-04-19 14:54:47.785 69923 INFO tempest.lib.common.rest_client [req-1bbcd2ca-8066-48c0-9acb-d3af58ef2aa7 req-1bbcd2ca-8066-48c0-9acb-d3af58ef2aa7 ] Request (ServerDiagnosticsNegativeTest:test_get_server_diagnostics_by_non_admin): 200 GET http://10.180.1.21/compute/v2.1/servers/ce489b44-ae3c-48a2-a77e-5ca07e26b193 1.042s
2025-04-19 14:54:47.848 69915 INFO tempest.lib.common.rest_client [req-34830f41-0fe2-4f6d-8dcf-674780e64655 req-34830f41-0fe2-4f6d-8dcf-674780e64655 ] Request (ServersAdminTestJSON:setUpClass): 200 GET http://10.180.1.21/compute/v2.1/servers/4298e770-e96e-4e91-8712-d352ac2daba5 1.021s
2025-04-19 14:54:47.862 69937 INFO paramiko.transport [-] Connected (version 2.0, client dropbear_2020.81)
2025-04-19 14:54:47.867 69929 INFO tempest.lib.common.rest_client [req-6a05860b-1c3f-4357-b0f4-d9de71663801 req-6a05860b-1c3f-4357-b0f4-d9de71663801 ] Request (MultipleCreateTestJSON:test_multiple_create): 202 POST http://10.180.1.21/compute/v2.1/servers 1.296s
2025-04-19 14:54:47.923 69937 INFO paramiko.transport [-] Authentication (publickey) successful!
2025-04-19 14:54:47.923 69937 INFO tempest.lib.common.ssh [-] ssh connection to cirros@10.180.180.146 successfully created
2025-04-19 14:54:47.929 69943 INFO tempest.lib.common.rest_client [req-5b0e1a51-7004-4313-849f-7540dc171032 req-5b0e1a51-7004-4313-849f-7540dc171032 ] Request (TenantUsagesTestJSON:tearDownClass): 204 DELETE http://10.180.1.21:9696/networking/v2.0/security-groups/8d9f135a-ff6e-4f72-8b4d-a3191b601b62 0.180s
2025-04-19 14:54:47.948 69955 INFO tempest.lib.common.rest_client [req-2002e8dd-254b-4e00-aeda-432b1e1c04c1 req-2002e8dd-254b-4e00-aeda-432b1e1c04c1 ] Request (InstanceActionsV221TestJSON:test_get_list_deleted_instance_actions): 200 GET http://10.180.1.21/compute/v2.1/servers/c32d7cb4-082d-49fe-ace8-89069a3d6aa9 1.031s
2025-04-19 14:54:47.957 69955 INFO tempest.common.waiters [-] State transition "BUILD/scheduling" ==> "BUILD/None" after 5 second wait
2025-04-19 14:54:47.975 69945 INFO tempest.lib.common.rest_client [req-d48f37cd-8cd7-4258-9994-343529eed32c req-d48f37cd-8cd7-4258-9994-343529eed32c ] Request (SecurityGroupsTestJSON:test_security_groups_create_list_delete): 200 GET http://10.180.1.21/compute/v2.1/os-security-groups 1.081s
2025-04-19 14:54:48.020 69901 INFO tempest.lib.common.rest_client [req-60876c48-b478-44c0-8170-c2e1da3936aa req-60876c48-b478-44c0-8170-c2e1da3936aa ] Request (ServersListShow2100Test:test_list_show_rebuild_update_server_2100): 200 GET http://10.180.1.21/compute/v2.1/servers/c9b37ee9-924e-4a1a-aa27-0c8632c42cce 1.089s
2025-04-19 14:54:48.020 69943 INFO tempest.lib.common.rest_client [req-dca191b8-61cd-4dcc-9ad6-64539db98b96 req-dca191b8-61cd-4dcc-9ad6-64539db98b96 ] Request (TenantUsagesTestJSON:tearDownClass): 204 DELETE http://10.180.1.21/identity/v3/projects/2c1650c983ce4b8cab28f15d750699fd 0.091s
2025-04-19 14:54:48.020 69943 INFO tempest.lib.common.dynamic_creds [-] Deleting project and security group for project: 40777489f7e64dd786004bfd164f9d95
2025-04-19 14:54:48.047 69943 INFO tempest.lib.common.rest_client [req-e14aee42-07af-4a23-9005-0b2370506573 req-e14aee42-07af-4a23-9005-0b2370506573 ] Request (TenantUsagesTestJSON:tearDownClass): 200 GET http://10.180.1.21:9696/networking/v2.0/security-groups?tenant_id=40777489f7e64dd786004bfd164f9d95&name=default 0.026s
2025-04-19 14:54:48.078 69941 INFO tempest.lib.common.rest_client [req-08fcd1da-0a0a-4312-90e4-43f86717c814 req-08fcd1da-0a0a-4312-90e4-43f86717c814 ] Request (ImagesTestJSON:test_create_image_from_stopped_server): 200 GET http://10.180.1.21/compute/v2.1/servers/746ee2f3-b43f-44a6-a584-f64f91cacb46 1.057s
2025-04-19 14:54:48.114 69905 INFO tempest.lib.common.rest_client [req-73f088a4-228a-4d7c-a171-aa3e5c507b0f req-73f088a4-228a-4d7c-a171-aa3e5c507b0f ] Request (SecurityGroupRulesNegativeTestJSON:test_create_security_group_rule_with_invalid_to_port): 400 POST http://10.180.1.21/compute/v2.1/os-security-group-rules 1.041s
2025-04-19 14:54:48.137 69959 INFO tempest.lib.common.rest_client [req-7a248ea7-1b98-4818-9d27-5e902aaac617 req-7a248ea7-1b98-4818-9d27-5e902aaac617 ] Request (FlavorsAdminTestJSON:_run_cleanups): 200 GET http://10.180.1.21/compute/v2.1/flavors/detail 1.043s
2025-04-19 14:54:48.153 69943 INFO tempest.lib.common.rest_client [req-5d09cff2-e827-4c1c-9f1e-d2533fc22001 req-5d09cff2-e827-4c1c-9f1e-d2533fc22001 ] Request (TenantUsagesTestJSON:tearDownClass): 204 DELETE http://10.180.1.21:9696/networking/v2.0/security-groups/c691484a-38f9-4066-b92f-dc73618e26b8 0.105s
2025-04-19 14:54:48.195 69919 INFO tempest.lib.common.rest_client [req-4f85146a-afeb-4d1f-b77f-ffffbc0842b5 req-4f85146a-afeb-4d1f-b77f-ffffbc0842b5 ] Request (ServersAdmin275Test:test_rebuild_update_server_275): 200 GET http://10.180.1.21/compute/v2.1/servers/e5e667e1-f834-442e-82eb-f1ee771ac463 1.098s
2025-04-19 14:54:48.233 69939 INFO tempest.lib.common.rest_client [req-60c2b050-07be-4320-b267-da9afd6836c6 req-60c2b050-07be-4320-b267-da9afd6836c6 ] Request (ServerMetadataTestJSON:test_list_server_metadata): 200 GET http://10.180.1.21/compute/v2.1/servers/63601191-17ad-4e58-ab82-be3decc8c167/metadata 1.057s
2025-04-19 14:54:48.266 69943 INFO tempest.lib.common.rest_client [req-2d886ae5-e987-4b78-b8fe-96ad0e0bba54 req-2d886ae5-e987-4b78-b8fe-96ad0e0bba54 ] Request (TenantUsagesTestJSON:tearDownClass): 204 DELETE http://10.180.1.21/identity/v3/projects/40777489f7e64dd786004bfd164f9d95 0.112s
2025-04-19 14:54:48.309 69926 INFO tempest.lib.common.rest_client [req-7604b872-f555-4732-bd3f-947b0278c590 req-7604b872-f555-4732-bd3f-947b0278c590 ] Request (FloatingIPDetailsTestJSON:tearDownClass): 202 DELETE http://10.180.1.21/compute/v2.1/os-floating-ips/fab1bc3f-b54f-4d41-880b-f000692898c5 1.357s
2025-04-19 14:54:48.346 69943 INFO tempest.lib.common.rest_client [req-8f5b8f3e-c131-4106-832a-edf2ebcca780 req-8f5b8f3e-c131-4106-832a-edf2ebcca780 ] Request (FlavorsV2NegativeTest:setUpClass): 201 POST http://10.180.1.21/identity/v3/auth/tokens 0.079s
2025-04-19 14:54:48.367 69961 INFO tempest.lib.common.rest_client [req-d4df5dbf-dd1a-46b7-b426-b493db4710d1 req-d4df5dbf-dd1a-46b7-b426-b493db4710d1 ] Request (ListImageFiltersTestJSON:setUpClass): 200 GET http://10.180.1.21/compute/v2.1/servers/09fbe61d-3dd5-421d-870b-4320e7ba8c0d 1.140s
2025-04-19 14:54:48.378 69943 INFO tempest.lib.common.rest_client [req-2b137910-1ca9-4d16-be07-3e98deb44927 req-2b137910-1ca9-4d16-be07-3e98deb44927 ] Request (FlavorsV2NegativeTest:setUpClass): 201 POST http://10.180.1.21/identity/v3/auth/tokens 0.029s
2025-04-19 14:54:48.382 69953 INFO tempest.lib.common.rest_client [req-a70d29da-f67b-42a0-9f97-5cad95e2e3b9 req-a70d29da-f67b-42a0-9f97-5cad95e2e3b9 ] Request (ServerDiagnosticsTest:test_get_server_diagnostics): 200 GET http://10.180.1.21/compute/v2.1/servers/f2c68220-f055-4558-95c0-526ae266ee62 1.066s
2025-04-19 14:54:48.411 69943 INFO tempest.lib.common.rest_client [req-1914ab2f-a854-4754-9caa-8a6d5d79656e req-1914ab2f-a854-4754-9caa-8a6d5d79656e ] Request (FlavorsV2NegativeTest:setUpClass): 200 GET http://10.180.1.21/identity/v3/domains?name=Default 0.030s
2025-04-19 14:54:48.425 69907 INFO tempest.lib.common.rest_client [req-c26180c8-75d5-4fd5-bddf-ba0ac4b62cfe req-c26180c8-75d5-4fd5-bddf-ba0ac4b62cfe ] Request (ServersV294TestFqdnHostnames:setUpClass): 200 GET http://10.180.1.21/compute/v2.1/servers/8f8e183c-7597-4fb6-9a9f-8002db7ceaaa 1.021s
2025-04-19 14:54:48.435 69907 INFO tempest.common.waiters [-] State transition "BUILD/scheduling" ==> "BUILD/None" after 6 second wait
2025-04-19 14:54:48.447 69943 INFO tempest.lib.common.rest_client [req-a0cc09d9-f3ab-401f-a225-fa6d06a0d6ed req-a0cc09d9-f3ab-401f-a225-fa6d06a0d6ed ] Request (FlavorsV2NegativeTest:setUpClass): 201 POST http://10.180.1.21/identity/v3/projects 0.035s
2025-04-19 14:54:48.497 69933 INFO tempest.lib.common.rest_client [req-db1f5cdc-d023-4b28-bb29-364e74ee1806 req-db1f5cdc-d023-4b28-bb29-364e74ee1806 ] Request (ServerDiagnosticsV248Test:tearDownClass): 200 GET http://10.180.1.21/compute/v2.1/servers/b420c938-c1de-44d8-b30c-03fbee51d268 1.017s
2025-04-19 14:54:48.521 69943 INFO tempest.lib.common.rest_client [req-74b23f5b-d13d-42d6-986f-64bb6013c57d req-74b23f5b-d13d-42d6-986f-64bb6013c57d ] Request (FlavorsV2NegativeTest:setUpClass): 201 POST http://10.180.1.21/identity/v3/users 0.073s
2025-04-19 14:54:48.547 69943 INFO tempest.lib.common.rest_client [req-4d2e4dd4-aa92-4cd3-9ce8-3d6fce663680 req-4d2e4dd4-aa92-4cd3-9ce8-3d6fce663680 ] Request (FlavorsV2NegativeTest:setUpClass): 200 GET http://10.180.1.21/identity/v3/roles 0.026s
2025-04-19 14:54:48.553 69909 INFO tempest.lib.common.rest_client [req-0e13a8d1-e956-483f-88b2-fb7f7cd4d7e5 req-0e13a8d1-e956-483f-88b2-fb7f7cd4d7e5 ] Request (ServerActionsTestJSON:setUpClass): 200 GET http://10.180.1.21/compute/v2.1/servers/e6ba8e96-a9bd-4a35-b386-3e7cb9c95ecc 1.009s
2025-04-19 14:54:48.574 69943 INFO tempest.lib.common.rest_client [req-c9e4956a-126b-4347-b68a-4327c01e4478 req-c9e4956a-126b-4347-b68a-4327c01e4478 ] Request (FlavorsV2NegativeTest:setUpClass): 204 PUT http://10.180.1.21/identity/v3/projects/bda6e9f8d2d74865b56f5b6e8538d385/users/795e438663874922bd97436927dd7590/roles/34f33abe56064d64ad3140818273aa38 0.027s
2025-04-19 14:54:48.574 69943 INFO tempest.lib.common.dynamic_creds [-] Dynamic test user 795e438663874922bd97436927dd7590 is created with scope project and roles: ['member']
2025-04-19 14:54:48.579 69943 INFO tempest.lib.common.dynamic_creds [-] Acquired dynamic creds: credentials: Credentials: {'domain_id': 'default', 'domain_name': 'Default', 'username': 'tempest-FlavorsV2NegativeTest-2000823106-project-member', 'project_domain_id': 'default', 'project_domain_name': 'Default', 'project_id': 'bda6e9f8d2d74865b56f5b6e8538d385', 'project_name': 'tempest-FlavorsV2NegativeTest-2000823106', 'tenant_id': 'bda6e9f8d2d74865b56f5b6e8538d385', 'tenant_name': 'tempest-FlavorsV2NegativeTest-2000823106', 'user_domain_id': 'default', 'user_domain_name': 'Default', 'user_id': '795e438663874922bd97436927dd7590', 'system': None}, Network: None, Subnet: None, Router: None
2025-04-19 14:54:48.579 69943 INFO tempest.lib.common.dynamic_creds [-] Created isolated network resources for: credentials: Credentials: {'domain_id': 'default', 'domain_name': 'Default', 'username': 'tempest-FlavorsV2NegativeTest-2000823106-project-member', 'project_domain_id': 'default', 'project_domain_name': 'Default', 'project_id': 'bda6e9f8d2d74865b56f5b6e8538d385', 'project_name': 'tempest-FlavorsV2NegativeTest-2000823106', 'tenant_id': 'bda6e9f8d2d74865b56f5b6e8538d385', 'tenant_name': 'tempest-FlavorsV2NegativeTest-2000823106', 'user_domain_id': 'default', 'user_domain_name': 'Default', 'user_id': '795e438663874922bd97436927dd7590', 'system': None}, Network: None, Subnet: None, Router: None
2025-04-19 14:54:48.584 69931 INFO tempest.lib.common.rest_client [req-6bc90634-caa9-46a6-a6ec-1598d88683fd req-6bc90634-caa9-46a6-a6ec-1598d88683fd ] Request (ServersWithSpecificFlavorTestJSON:test_verify_created_server_ephemeral_disk): 200 GET http://10.180.1.21/compute/v2.1/servers/bb9939f0-b1d7-4db5-8c01-3ca5e7c4c791 1.163s
2025-04-19 14:54:48.596 69931 INFO tempest.common.waiters [-] State transition "BUILD/spawning" ==> "ACTIVE/None" after 34 second wait
2025-04-19 14:54:48.646 69903 INFO tempest.lib.common.rest_client [req-04f94af8-fd07-4ab7-8abd-4b0d7e554b63 req-04f94af8-fd07-4ab7-8abd-4b0d7e554b63 ] Request (VolumesAdminNegativeTest:test_update_attached_volume_with_nonexistent_volume_in_body): 200 GET http://10.180.1.21/compute/v2.1/servers/a370afe3-c2f8-432a-a526-81426d935a9c 1.051s
2025-04-19 14:54:48.661 69927 INFO tempest.lib.common.rest_client [req-435d0713-8882-4aa4-ac46-4c4ea6ed7634 req-435d0713-8882-4aa4-ac46-4c4ea6ed7634 ] Request (SecurityGroupsTestAdminJSON:test_list_security_groups_list_all_tenants_filter): 200 POST http://10.180.1.21/compute/v2.1/os-security-groups 1.097s
2025-04-19 14:54:48.668 69943 INFO tempest.lib.common.rest_client [req-aad52045-fa33-4028-a2f1-0d5b52a45c39 req-aad52045-fa33-4028-a2f1-0d5b52a45c39 ] Request (FlavorsV2NegativeTest:setUpClass): 201 POST http://10.180.1.21/identity/v3/auth/tokens 0.084s
2025-04-19 14:54:48.724 69963 INFO tempest.lib.common.rest_client [req-64e7c721-c241-43aa-a0e8-60362efb00a4 req-64e7c721-c241-43aa-a0e8-60362efb00a4 ] Request (ServersTestFqdnHostnames:test_create_server_with_fqdn_name): 200 GET http://10.180.1.21/compute/v2.1/servers/4fbd9481-6115-4243-8700-37374677b0bb 1.015s
2025-04-19 14:54:48.762 69929 INFO tempest.lib.common.rest_client [req-8ea54f8c-16d9-4eed-8f5c-ddd3cd3fe567 req-8ea54f8c-16d9-4eed-8f5c-ddd3cd3fe567 ] Request (MultipleCreateTestJSON:test_multiple_create): 200 GET http://10.180.1.21/compute/v2.1/servers 0.892s
2025-04-19 14:54:48.857 69945 INFO tempest.lib.common.rest_client [req-7ae8c325-9562-42e5-88d0-83e71d3fd31e req-7ae8c325-9562-42e5-88d0-83e71d3fd31e ] Request (SecurityGroupsTestJSON:test_security_groups_create_list_delete): 202 DELETE http://10.180.1.21/compute/v2.1/os-security-groups/c8102bbf-c570-40d4-8475-ed7f1615ee63 0.878s
2025-04-19 14:54:48.867 69937 INFO tempest.lib.common.rest_client [req-da2dbb28-0dfb-4296-ad40-c7f20b599b4b req-da2dbb28-0dfb-4296-ad40-c7f20b599b4b ] Request (AttachInterfacesTestJSON:test_create_list_show_delete_interfaces_by_fixed_ip): 200 GET http://10.180.1.21/compute/v2.1/servers/72bb6d82-5ec5-4a20-9599-e4bd68b25d74/os-interface 0.943s
2025-04-19 14:54:48.882 69905 INFO tempest.lib.common.rest_client [req-85f009e3-f6b3-454f-9654-982a52fea5c1 req-85f009e3-f6b3-454f-9654-982a52fea5c1 ] Request (SecurityGroupRulesNegativeTestJSON:test_create_security_group_rule_with_non_existent_id): 404 POST http://10.180.1.21/compute/v2.1/os-security-group-rules 0.767s
2025-04-19 14:54:48.903 69959 INFO tempest.lib.common.rest_client [req-1d8a1fd0-69bd-488a-8e6c-34d7623a18c0 req-1d8a1fd0-69bd-488a-8e6c-34d7623a18c0 ] Request (FlavorsAdminTestJSON:test_list_non_public_flavor): 200 POST http://10.180.1.21/compute/v2.1/flavors 0.756s
2025-04-19 14:54:48.989 69939 INFO tempest.lib.common.rest_client [req-f1c9b795-b7bd-48a1-b667-e139101d18ac req-f1c9b795-b7bd-48a1-b667-e139101d18ac ] Request (ServerMetadataTestJSON:setUp): 200 PUT http://10.180.1.21/compute/v2.1/servers/63601191-17ad-4e58-ab82-be3decc8c167/metadata 0.754s
2025-04-19 14:54:49.047 69913 INFO tempest.lib.common.rest_client [req-d6e1d945-1836-4a38-9b42-29f621e6db01 req-d6e1d945-1836-4a38-9b42-29f621e6db01 ] Request (ServersTestMultiNic:test_verify_duplicate_network_nics): 200 GET http://10.180.1.21/compute/v2.1/servers/fff8ab88-9879-49bb-a0bb-f3a8d8830201 0.810s
2025-04-19 14:54:49.049 69935 INFO tempest.lib.common.rest_client [req-54a60d65-d641-4c2b-b9ed-19b8a96fe7a1 req-54a60d65-d641-4c2b-b9ed-19b8a96fe7a1 ] Request (MigrationsAdminTest:test_list_migrations_in_flavor_resize_situation): 200 GET http://10.180.1.21/compute/v2.1/servers/1cb12eb8-8e6e-4513-8408-18afd328e053 0.926s
2025-04-19 14:54:49.137 69931 INFO tempest.lib.common.rest_client [req-bbf5f79e-6cf9-4020-8747-2d2e78e4a82c req-bbf5f79e-6cf9-4020-8747-2d2e78e4a82c ] Request (ServersWithSpecificFlavorTestJSON:test_verify_created_server_ephemeral_disk): 200 GET http://10.180.1.21/compute/v2.1/servers/bb9939f0-b1d7-4db5-8c01-3ca5e7c4c791/os-interface 0.540s
2025-04-19 14:54:49.200 69951 INFO tempest.lib.common.rest_client [req-18463f22-3a14-453a-9f66-95c0fabd7c4f req-18463f22-3a14-453a-9f66-95c0fabd7c4f ] Request (ImagesNegativeTestJSON:test_create_image_from_deleted_server): 200 GET http://10.180.1.21/compute/v2.1/servers/ad145721-739b-40ec-b806-2c91c082be75 0.942s
2025-04-19 14:54:49.224 69957 INFO tempest.lib.common.rest_client [req-7b8aff5b-69e6-4519-b395-8fcd86a8829a req-7b8aff5b-69e6-4519-b395-8fcd86a8829a ] Request (ServerShowV254Test:tearDownClass): 200 GET http://10.180.1.21/compute/v2.1/servers/945b7866-0797-4ba6-984e-cbfc0bc7dbc2 0.571s
2025-04-19 14:54:49.305 69943 INFO tempest.lib.common.rest_client [req-8368ae96-0403-4302-abd5-0d71c65e469e req-8368ae96-0403-4302-abd5-0d71c65e469e ] Request (FlavorsV2NegativeTest:test_boot_with_low_ram): 200 GET http://10.180.1.21/compute/v2.1/flavors/42 0.635s
2025-04-19 14:54:49.386 69917 INFO tempest.lib.common.rest_client [req-7564a957-7184-4798-aa63-26c19d5b6d6c req-7564a957-7184-4798-aa63-26c19d5b6d6c ] Request (DeleteServersAdminTestJSON:test_delete_server_while_in_error_state): 200 GET http://10.180.1.21/compute/v2.1/servers/c2fc91e3-adaf-4645-b65a-c5ba03435ea6 0.659s
2025-04-19 14:54:49.448 69929 INFO tempest.lib.common.rest_client [req-9ed7a4b1-1aa6-4e66-b3f6-c71599384426 req-9ed7a4b1-1aa6-4e66-b3f6-c71599384426 ] Request (MultipleCreateTestJSON:test_multiple_create): 200 GET http://10.180.1.21/compute/v2.1/servers/16b96f96-39d6-40a8-a45b-8fc0432f310c 0.684s
2025-04-19 14:54:49.449 69921 WARNING tempest.lib.common.ssh [-] Failed to establish authenticated ssh connection to cirros@10.180.180.190 ([Errno None] Unable to connect to port 22 on 10.180.180.190). Number attempts: 3. Retry after 4 seconds.: paramiko.ssh_exception.NoValidConnectionsError: [Errno None] Unable to connect to port 22 on 10.180.180.190
2025-04-19 14:54:49.516 69923 INFO tempest.lib.common.rest_client [req-5e184cd4-dbb0-45d9-a66e-fcebd421ddfe req-5e184cd4-dbb0-45d9-a66e-fcebd421ddfe ] Request (ServerDiagnosticsNegativeTest:test_get_server_diagnostics_by_non_admin): 200 GET http://10.180.1.21/compute/v2.1/servers/ce489b44-ae3c-48a2-a77e-5ca07e26b193 0.718s
2025-04-19 14:54:49.549 69945 INFO tempest.lib.common.rest_client [req-fc146eff-2bb3-42c8-8a98-2746979481e6 req-fc146eff-2bb3-42c8-8a98-2746979481e6 ] Request (SecurityGroupsTestJSON:test_security_groups_create_list_delete): 404 GET http://10.180.1.21/compute/v2.1/os-security-groups/c8102bbf-c570-40d4-8475-ed7f1615ee63 0.692s
2025-04-19 14:54:49.569 69926 INFO tempest.lib.common.rest_client [req-02c2f3b9-9541-49c2-bf37-e6c659054c47 req-02c2f3b9-9541-49c2-bf37-e6c659054c47 ] Request (FloatingIPDetailsTestJSON:tearDownClass): 200 PUT http://10.180.1.21:9696/networking/v2.0/routers/2e57fec9-cc18-4d99-9dd9-d288a4f7f26d/remove_router_interface 1.259s
2025-04-19 14:54:49.582 69949 WARNING tempest.lib.common.ssh [-] Failed to establish authenticated ssh connection to cirros@10.180.180.142 ([Errno None] Unable to connect to port 22 on 10.180.180.142). Number attempts: 3. Retry after 4 seconds.: paramiko.ssh_exception.NoValidConnectionsError: [Errno None] Unable to connect to port 22 on 10.180.180.142
2025-04-19 14:54:49.620 69915 INFO tempest.lib.common.rest_client [req-dab665a5-0031-48e0-9723-1c21e18fe585 req-dab665a5-0031-48e0-9723-1c21e18fe585 ] Request (ServersAdminTestJSON:setUpClass): 200 GET http://10.180.1.21/compute/v2.1/servers/4298e770-e96e-4e91-8712-d352ac2daba5 0.758s
2025-04-19 14:54:49.631 69927 INFO tempest.lib.common.rest_client [req-629fea71-9191-4107-8388-ecaadd5155d2 req-629fea71-9191-4107-8388-ecaadd5155d2 ] Request (SecurityGroupsTestAdminJSON:test_list_security_groups_list_all_tenants_filter): 200 POST http://10.180.1.21/compute/v2.1/os-security-groups 0.967s
2025-04-19 14:54:49.658 69905 INFO tempest.lib.common.rest_client [req-c487a12d-5554-44e3-afc9-b89d4e766bc0 req-c487a12d-5554-44e3-afc9-b89d4e766bc0 ] Request (SecurityGroupRulesNegativeTestJSON:test_delete_security_group_rule_with_non_existent_id): 404 DELETE http://10.180.1.21/compute/v2.1/os-security-group-rules/393e2922-2182-4147-b367-24e69dcb1fcb 0.774s
2025-04-19 14:54:49.682 69959 INFO tempest.lib.common.rest_client [req-6aeb550d-1476-43c6-90a2-8ee8a686b79f req-6aeb550d-1476-43c6-90a2-8ee8a686b79f ] Request (FlavorsAdminTestJSON:test_list_non_public_flavor): 200 GET http://10.180.1.21/compute/v2.1/flavors/detail 0.777s
2025-04-19 14:54:49.736 69943 INFO tempest.lib.common.rest_client [req-538e5634-3d9b-4b2f-b69b-d5a6bc45c114 req-538e5634-3d9b-4b2f-b69b-d5a6bc45c114 ] Request (FlavorsV2NegativeTest:test_boot_with_low_ram): 201 POST http://10.180.1.21/image/v2/images 0.420s
2025-04-19 14:54:49.751 69931 INFO tempest.lib.common.rest_client [req-bf05e4a9-4068-4ac4-9869-f50e2caf9b22 req-bf05e4a9-4068-4ac4-9869-f50e2caf9b22 ] Request (ServersWithSpecificFlavorTestJSON:test_verify_created_server_ephemeral_disk): 200 PUT http://10.180.1.21:9696/networking/v2.0/floatingips/9af642b9-d2f2-4a7b-8f9e-662a5ceda2c5 0.612s
2025-04-19 14:54:49.751 69955 INFO tempest.lib.common.rest_client [req-58daba54-3c2b-46db-9776-3ea0fe4240c7 req-58daba54-3c2b-46db-9776-3ea0fe4240c7 ] Request (InstanceActionsV221TestJSON:test_get_list_deleted_instance_actions): 200 GET http://10.180.1.21/compute/v2.1/servers/c32d7cb4-082d-49fe-ace8-89069a3d6aa9 0.793s
2025-04-19 14:54:49.837 69939 INFO tempest.lib.common.rest_client [req-1268e1ac-dd2b-4366-89d8-db351be36f61 req-1268e1ac-dd2b-4366-89d8-db351be36f61 ] Request (ServerMetadataTestJSON:test_set_server_metadata): 200 PUT http://10.180.1.21/compute/v2.1/servers/63601191-17ad-4e58-ab82-be3decc8c167/metadata 0.847s
2025-04-19 14:54:49.904 69937 INFO tempest.lib.common.rest_client [req-8be72a21-0449-429b-857d-901d8f3863b2 req-8be72a21-0449-429b-857d-901d8f3863b2 ] Request (AttachInterfacesTestJSON:test_create_list_show_delete_interfaces_by_fixed_ip): 200 GET http://10.180.1.21/compute/v2.1/servers/72bb6d82-5ec5-4a20-9599-e4bd68b25d74/os-interface/c77f02c6-326f-413a-ac25-a331020bddec 1.035s
2025-04-19 14:54:50.033 69937 INFO tempest.lib.common.rest_client [req-63e5cba1-7568-410c-b144-85e131e0a061 req-63e5cba1-7568-410c-b144-85e131e0a061 ] Request (AttachInterfacesTestJSON:test_create_list_show_delete_interfaces_by_fixed_ip): 200 GET http://10.180.1.21:9696/networking/v2.0/ports?network_id=075bdfcc-7e85-4a28-8d1a-c2a546d1edd8 0.126s
2025-04-19 14:54:50.101 69937 INFO tempest.lib.common.rest_client [req-b70ca740-3fce-42d1-bcf6-20ce20dee839 req-b70ca740-3fce-42d1-bcf6-20ce20dee839 ] Request (AttachInterfacesTestJSON:test_create_list_show_delete_interfaces_by_fixed_ip): 200 GET http://10.180.1.21:9696/networking/v2.0/subnets/280c7837-12d4-4b63-bc49-7facba1ee37c 0.068s
2025-04-19 14:54:50.136 69941 INFO tempest.lib.common.rest_client [req-2ea7dec7-9adf-4ceb-9574-c3f980029658 req-2ea7dec7-9adf-4ceb-9574-c3f980029658 ] Request (ImagesTestJSON:test_create_image_from_stopped_server): 200 GET http://10.180.1.21/compute/v2.1/servers/746ee2f3-b43f-44a6-a584-f64f91cacb46 1.048s
2025-04-19 14:54:50.142 69941 INFO tempest.common.waiters [-] State transition "BUILD/None" ==> "BUILD/spawning" after 34 second wait
2025-04-19 14:54:50.148 69901 INFO tempest.lib.common.rest_client [req-4847e559-594d-4de1-bd52-adc68863b06e req-4847e559-594d-4de1-bd52-adc68863b06e ] Request (ServersListShow2100Test:test_list_show_rebuild_update_server_2100): 200 GET http://10.180.1.21/compute/v2.1/servers/c9b37ee9-924e-4a1a-aa27-0c8632c42cce 1.113s
2025-04-19 14:54:50.211 69919 INFO tempest.lib.common.rest_client [req-4f774256-067d-4f87-9552-99c9c377d5c2 req-4f774256-067d-4f87-9552-99c9c377d5c2 ] Request (ServersAdmin275Test:test_rebuild_update_server_275): 200 GET http://10.180.1.21/compute/v2.1/servers/e5e667e1-f834-442e-82eb-f1ee771ac463 1.006s
2025-04-19 14:54:50.268 69953 INFO tempest.lib.common.rest_client [req-10dd9c74-1c28-429d-950b-cf9eb24ca6d7 req-10dd9c74-1c28-429d-950b-cf9eb24ca6d7 ] Request (ServerDiagnosticsTest:test_get_server_diagnostics): 200 GET http://10.180.1.21/compute/v2.1/servers/f2c68220-f055-4558-95c0-526ae266ee62 0.875s
2025-04-19 14:54:50.276 69961 INFO tempest.lib.common.rest_client [req-cfca410d-d0dc-437a-85f2-f111ad670fa2 req-cfca410d-d0dc-437a-85f2-f111ad670fa2 ] Request (ListImageFiltersTestJSON:setUpClass): 200 GET http://10.180.1.21/compute/v2.1/servers/09fbe61d-3dd5-421d-870b-4320e7ba8c0d 0.901s
2025-04-19 14:54:50.345 69933 INFO tempest.lib.common.rest_client [req-72a7b144-266a-4953-b4fb-621ec265aae7 req-72a7b144-266a-4953-b4fb-621ec265aae7 ] Request (ServerDiagnosticsV248Test:tearDownClass): 200 GET http://10.180.1.21/compute/v2.1/servers/b420c938-c1de-44d8-b30c-03fbee51d268 0.839s
2025-04-19 14:54:50.366 69907 INFO tempest.lib.common.rest_client [req-29edb6af-37f7-4f48-8305-c20e95ada46e req-29edb6af-37f7-4f48-8305-c20e95ada46e ] Request (ServersV294TestFqdnHostnames:setUpClass): 200 GET http://10.180.1.21/compute/v2.1/servers/8f8e183c-7597-4fb6-9a9f-8002db7ceaaa 0.928s
2025-04-19 14:54:50.439 69945 INFO tempest.lib.common.rest_client [req-d8b22dc1-1e0d-421e-98ce-b08177f19405 req-d8b22dc1-1e0d-421e-98ce-b08177f19405 ] Request (SecurityGroupsTestJSON:test_security_groups_create_list_delete): 202 DELETE http://10.180.1.21/compute/v2.1/os-security-groups/6b2ded7a-7aa6-4ebf-a968-fdba50323489 0.889s
2025-04-19 14:54:50.444 69909 INFO tempest.lib.common.rest_client [req-3f3b6121-1893-4a4f-81a4-1a3b02e30690 req-3f3b6121-1893-4a4f-81a4-1a3b02e30690 ] Request (ServerActionsTestJSON:setUpClass): 200 GET http://10.180.1.21/compute/v2.1/servers/e6ba8e96-a9bd-4a35-b386-3e7cb9c95ecc 0.883s
2025-04-19 14:54:50.478 69943 INFO tempest.lib.common.rest_client [req-b1bc19ad-275f-4102-a2e7-7067459d0380 req-b1bc19ad-275f-4102-a2e7-7067459d0380 ] Request (FlavorsV2NegativeTest:test_boot_with_low_ram): 204 PUT http://10.180.1.21/image/v2/images/39afef5c-2323-4119-a73b-c0664cd4d3bd/file 0.742s
2025-04-19 14:54:50.511 69943 INFO tempest.lib.common.rest_client [req-f57e627d-315a-4f14-bf9b-a82378c591ed req-f57e627d-315a-4f14-bf9b-a82378c591ed ] Request (FlavorsV2NegativeTest:test_boot_with_low_ram): 201 POST http://10.180.1.21/identity/v3/auth/tokens 0.028s
2025-04-19 14:54:50.512 69943 INFO tempest.lib.common.fixed_network [-] (FlavorsV2NegativeTest:test_boot_with_low_ram) Found network None available for tenant
2025-04-19 14:54:50.539 69927 INFO tempest.lib.common.rest_client [req-6481c7b6-5d17-49e6-be60-8763cf70d757 req-6481c7b6-5d17-49e6-be60-8763cf70d757 ] Request (SecurityGroupsTestAdminJSON:test_list_security_groups_list_all_tenants_filter): 200 POST http://10.180.1.21/compute/v2.1/os-security-groups 0.905s
2025-04-19 14:54:50.580 69926 INFO tempest.lib.common.rest_client [req-d98a36aa-54c6-4731-8b54-9a777412753d req-d98a36aa-54c6-4731-8b54-9a777412753d ] Request (FloatingIPDetailsTestJSON:tearDownClass): 204 DELETE http://10.180.1.21:9696/networking/v2.0/routers/2e57fec9-cc18-4d99-9dd9-d288a4f7f26d 1.011s
2025-04-19 14:54:50.585 69903 INFO tempest.lib.common.rest_client [req-7a7f2fa9-88cf-45fb-909b-ca3a9cbe9ad5 req-7a7f2fa9-88cf-45fb-909b-ca3a9cbe9ad5 ] Request (VolumesAdminNegativeTest:test_update_attached_volume_with_nonexistent_volume_in_body): 200 GET http://10.180.1.21/compute/v2.1/servers/a370afe3-c2f8-432a-a526-81426d935a9c 0.924s
2025-04-19 14:54:50.613 69905 INFO tempest.lib.common.rest_client [req-06f1ae37-2209-4aeb-8a99-f2dc8d2e808c req-06f1ae37-2209-4aeb-8a99-f2dc8d2e808c ] Request (SecurityGroupRulesNegativeTestJSON:tearDownClass): 202 DELETE http://10.180.1.21/compute/v2.1/os-security-groups/e66f13fc-de99-426a-a99c-02517f890934 0.953s
2025-04-19 14:54:50.618 69959 INFO tempest.lib.common.rest_client [req-d7d8ff7f-90e8-4036-9f8c-e09e8d066bed req-d7d8ff7f-90e8-4036-9f8c-e09e8d066bed ] Request (FlavorsAdminTestJSON:test_list_non_public_flavor): 200 GET http://10.180.1.21/compute/v2.1/flavors/detail 0.928s
2025-04-19 14:54:50.666 69963 INFO tempest.lib.common.rest_client [req-6873d74d-54b5-4f61-9861-db3fe12e9008 req-6873d74d-54b5-4f61-9861-db3fe12e9008 ] Request (ServersTestFqdnHostnames:test_create_server_with_fqdn_name): 200 GET http://10.180.1.21/compute/v2.1/servers/4fbd9481-6115-4243-8700-37374677b0bb 0.932s
2025-04-19 14:54:50.674 69926 INFO tempest.lib.common.rest_client [req-a6ae415b-4611-4c30-a86a-3595428f2dc8 req-a6ae415b-4611-4c30-a86a-3595428f2dc8 ] Request (FloatingIPDetailsTestJSON:tearDownClass): 204 DELETE http://10.180.1.21:9696/networking/v2.0/subnets/caeca50f-995a-419c-86f9-6cb1a3712bfd 0.093s
2025-04-19 14:54:50.698 69939 INFO tempest.lib.common.rest_client [req-e66d14bc-57dd-4bca-833c-c248237906c8 req-e66d14bc-57dd-4bca-833c-c248237906c8 ] Request (ServerMetadataTestJSON:test_set_server_metadata): 200 GET http://10.180.1.21/compute/v2.1/servers/63601191-17ad-4e58-ab82-be3decc8c167/metadata 0.860s
2025-04-19 14:54:50.756 69913 INFO tempest.lib.common.rest_client [req-2c1fae16-1021-4206-9c17-2f401b2fac01 req-2c1fae16-1021-4206-9c17-2f401b2fac01 ] Request (ServersTestMultiNic:test_verify_duplicate_network_nics): 200 GET http://10.180.1.21/compute/v2.1/servers/fff8ab88-9879-49bb-a0bb-f3a8d8830201 0.699s
2025-04-19 14:54:50.775 69931 INFO tempest.lib.common.rest_client [req-021e26c4-ef30-4248-a691-704febbb52bb req-021e26c4-ef30-4248-a691-704febbb52bb ] Request (ServersWithSpecificFlavorTestJSON:test_verify_created_server_ephemeral_disk): 200 GET http://10.180.1.21/compute/v2.1/servers/bb9939f0-b1d7-4db5-8c01-3ca5e7c4c791 1.023s
2025-04-19 14:54:50.791 69931 INFO tempest.lib.common.ssh [-] Creating ssh connection to '10.180.180.241:22' as 'cirros' with public key authentication
2025-04-19 14:54:50.825 69926 INFO tempest.lib.common.rest_client [req-a1361a92-ed50-49e0-bfcf-797ce8012de3 req-a1361a92-ed50-49e0-bfcf-797ce8012de3 ] Request (FloatingIPDetailsTestJSON:tearDownClass): 204 DELETE http://10.180.1.21:9696/networking/v2.0/networks/1097ab1e-a809-4c6d-b4a9-bf26f8ba0306 0.150s
2025-04-19 14:54:50.878 69935 INFO tempest.lib.common.rest_client [req-b9129e57-7fab-409d-851d-8b2697b4d4ed req-b9129e57-7fab-409d-851d-8b2697b4d4ed ] Request (MigrationsAdminTest:test_list_migrations_in_flavor_resize_situation): 200 GET http://10.180.1.21/compute/v2.1/servers/1cb12eb8-8e6e-4513-8408-18afd328e053 0.817s
2025-04-19 14:54:50.957 69926 INFO tempest.lib.common.rest_client [req-c78291a0-0801-44ee-a701-0091e3b25e7a req-c78291a0-0801-44ee-a701-0091e3b25e7a ] Request (FloatingIPDetailsTestJSON:tearDownClass): 204 DELETE http://10.180.1.21/identity/v3/users/5b5c6addce224277847f8c5a26cc20db 0.132s
2025-04-19 14:54:50.957 69926 INFO tempest.lib.common.dynamic_creds [-] Deleting project and security group for project: e8565ff946a24a0dbc6ab6a7bb0f5e7a
2025-04-19 14:54:50.985 69926 INFO tempest.lib.common.rest_client [req-26c7e653-e431-4bda-8311-672661e9a9e1 req-26c7e653-e431-4bda-8311-672661e9a9e1 ] Request (FloatingIPDetailsTestJSON:tearDownClass): 200 GET http://10.180.1.21:9696/networking/v2.0/security-groups?tenant_id=e8565ff946a24a0dbc6ab6a7bb0f5e7a&name=default 0.028s
2025-04-19 14:54:51.008 69951 INFO tempest.lib.common.rest_client [req-04e81b35-c2fb-4b70-92c2-7a3a08ae1e83 req-04e81b35-c2fb-4b70-92c2-7a3a08ae1e83 ] Request (ImagesNegativeTestJSON:test_create_image_from_deleted_server): 200 GET http://10.180.1.21/compute/v2.1/servers/ad145721-739b-40ec-b806-2c91c082be75 0.799s
2025-04-19 14:54:51.015 69951 INFO tempest.common.waiters [-] State transition "BUILD/spawning" ==> "ACTIVE/None" after 36 second wait
2025-04-19 14:54:51.061 69926 INFO tempest.lib.common.rest_client [req-beada470-f903-42bf-892b-f2a94bb8f86c req-beada470-f903-42bf-892b-f2a94bb8f86c ] Request (FloatingIPDetailsTestJSON:tearDownClass): 204 DELETE http://10.180.1.21:9696/networking/v2.0/security-groups/1daea9b1-a906-4c22-a80c-cd7923433edc 0.075s
2025-04-19 14:54:51.068 69957 INFO tempest.lib.common.rest_client [req-fb4f371b-df1e-48e8-968f-c056289587f6 req-fb4f371b-df1e-48e8-968f-c056289587f6 ] Request (ServerShowV254Test:tearDownClass): 200 GET http://10.180.1.21/compute/v2.1/servers/945b7866-0797-4ba6-984e-cbfc0bc7dbc2 0.829s
2025-04-19 14:54:51.116 69917 INFO tempest.lib.common.rest_client [req-34419647-fe07-4bb8-b76c-ee32d46f55b5 req-34419647-fe07-4bb8-b76c-ee32d46f55b5 ] Request (DeleteServersAdminTestJSON:test_delete_server_while_in_error_state): 200 GET http://10.180.1.21/compute/v2.1/servers/c2fc91e3-adaf-4645-b65a-c5ba03435ea6 0.716s
2025-04-19 14:54:51.134 69945 INFO tempest.lib.common.rest_client [req-da48fa65-12e8-4b8b-9755-ab2f683f5868 req-da48fa65-12e8-4b8b-9755-ab2f683f5868 ] Request (SecurityGroupsTestJSON:test_security_groups_create_list_delete): 404 GET http://10.180.1.21/compute/v2.1/os-security-groups/6b2ded7a-7aa6-4ebf-a968-fdba50323489 0.694s
2025-04-19 14:54:51.154 69926 INFO tempest.lib.common.rest_client [req-4c7f99ba-1733-45bb-a550-883d64123e80 req-4c7f99ba-1733-45bb-a550-883d64123e80 ] Request (FloatingIPDetailsTestJSON:tearDownClass): 204 DELETE http://10.180.1.21/identity/v3/projects/e8565ff946a24a0dbc6ab6a7bb0f5e7a 0.092s
2025-04-19 14:54:51.184 69929 INFO tempest.lib.common.rest_client [req-5f2491b2-88b3-40a8-9963-8b2092ff462c req-5f2491b2-88b3-40a8-9963-8b2092ff462c ] Request (MultipleCreateTestJSON:test_multiple_create): 200 GET http://10.180.1.21/compute/v2.1/servers/16b96f96-39d6-40a8-a45b-8fc0432f310c 0.725s
2025-04-19 14:54:51.226 69926 INFO tempest.lib.common.rest_client [req-2ec28027-00f5-4d52-b8bc-e5b25a9c63fc req-2ec28027-00f5-4d52-b8bc-e5b25a9c63fc ] Request (ServersListShow298Test:setUpClass): 201 POST http://10.180.1.21/identity/v3/auth/tokens 0.071s
2025-04-19 14:54:51.257 69926 INFO tempest.lib.common.rest_client [req-6acc9daf-15fc-4d7a-b830-e56b417c7649 req-6acc9daf-15fc-4d7a-b830-e56b417c7649 ] Request (ServersListShow298Test:setUpClass): 201 POST http://10.180.1.21/identity/v3/auth/tokens 0.028s
2025-04-19 14:54:51.283 69926 INFO tempest.lib.common.rest_client [req-bf911f0c-0102-4530-a34e-5ef75af39153 req-bf911f0c-0102-4530-a34e-5ef75af39153 ] Request (ServersListShow298Test:setUpClass): 200 GET http://10.180.1.21/identity/v3/domains?name=Default 0.025s
2025-04-19 14:54:51.317 69926 INFO tempest.lib.common.rest_client [req-acb8ebb5-805c-4276-8bfd-26355bc96300 req-acb8ebb5-805c-4276-8bfd-26355bc96300 ] Request (ServersListShow298Test:setUpClass): 201 POST http://10.180.1.21/identity/v3/projects 0.033s
2025-04-19 14:54:51.326 69943 INFO tempest.lib.common.rest_client [req-c22edbba-e812-4ae4-9a8d-c3d31fde2498 req-c22edbba-e812-4ae4-9a8d-c3d31fde2498 ] Request (FlavorsV2NegativeTest:test_boot_with_low_ram): 400 POST http://10.180.1.21/compute/v2.1/servers 0.813s
2025-04-19 14:54:51.375 69947 WARNING tempest.lib.common.ssh [-] Failed to establish authenticated ssh connection to cirros@10.180.180.140 ([Errno None] Unable to connect to port 22 on 10.180.180.140). Number attempts: 3. Retry after 4 seconds.: paramiko.ssh_exception.NoValidConnectionsError: [Errno None] Unable to connect to port 22 on 10.180.180.140
2025-04-19 14:54:51.390 69923 INFO tempest.lib.common.rest_client [req-48e88d46-1c1f-4295-a325-3cf80c0ae6a3 req-48e88d46-1c1f-4295-a325-3cf80c0ae6a3 ] Request (ServerDiagnosticsNegativeTest:test_get_server_diagnostics_by_non_admin): 200 GET http://10.180.1.21/compute/v2.1/servers/ce489b44-ae3c-48a2-a77e-5ca07e26b193 0.864s
2025-04-19 14:54:51.398 69926 INFO tempest.lib.common.rest_client [req-e6f460cd-b8ef-49ef-a249-26ff9a7d61c8 req-e6f460cd-b8ef-49ef-a249-26ff9a7d61c8 ] Request (ServersListShow298Test:setUpClass): 201 POST http://10.180.1.21/identity/v3/users 0.081s
2025-04-19 14:54:51.404 69943 INFO tempest.lib.common.rest_client [req-2b47729b-4362-4305-809c-63c839e614fe req-2b47729b-4362-4305-809c-63c839e614fe ] Request (FlavorsV2NegativeTest:_run_cleanups): 204 DELETE http://10.180.1.21/image/v2/images/39afef5c-2323-4119-a73b-c0664cd4d3bd 0.077s
2025-04-19 14:54:51.423 69926 INFO tempest.lib.common.rest_client [req-2c0cdb43-6fbf-476f-98c7-043232f52b21 req-2c0cdb43-6fbf-476f-98c7-043232f52b21 ] Request (ServersListShow298Test:setUpClass): 200 GET http://10.180.1.21/identity/v3/roles 0.024s
2025-04-19 14:54:51.452 69926 INFO tempest.lib.common.rest_client [req-04186c5c-0d0f-4b2b-9746-53d07817a0f9 req-04186c5c-0d0f-4b2b-9746-53d07817a0f9 ] Request (ServersListShow298Test:setUpClass): 204 PUT http://10.180.1.21/identity/v3/projects/175a08bc4c464d5db1f65e074f20fc95/users/d3156e67786e4605910ff262fe2ebefd/roles/34f33abe56064d64ad3140818273aa38 0.029s
2025-04-19 14:54:51.452 69926 INFO tempest.lib.common.dynamic_creds [-] Dynamic test user d3156e67786e4605910ff262fe2ebefd is created with scope project and roles: ['member']
2025-04-19 14:54:51.453 69926 INFO tempest.lib.common.dynamic_creds [-] Acquired dynamic creds: credentials: Credentials: {'domain_id': 'default', 'domain_name': 'Default', 'username': 'tempest-ServersListShow298Test-2032600446-project-member', 'project_domain_id': 'default', 'project_domain_name': 'Default', 'project_id': '175a08bc4c464d5db1f65e074f20fc95', 'project_name': 'tempest-ServersListShow298Test-2032600446', 'tenant_id': '175a08bc4c464d5db1f65e074f20fc95', 'tenant_name': 'tempest-ServersListShow298Test-2032600446', 'user_domain_id': 'default', 'user_domain_name': 'Default', 'user_id': 'd3156e67786e4605910ff262fe2ebefd', 'system': None}, Network: None, Subnet: None, Router: None
2025-04-19 14:54:51.453 69926 INFO tempest.lib.common.dynamic_creds [-] Created isolated network resources for: credentials: Credentials: {'domain_id': 'default', 'domain_name': 'Default', 'username': 'tempest-ServersListShow298Test-2032600446-project-member', 'project_domain_id': 'default', 'project_domain_name': 'Default', 'project_id': '175a08bc4c464d5db1f65e074f20fc95', 'project_name': 'tempest-ServersListShow298Test-2032600446', 'tenant_id': '175a08bc4c464d5db1f65e074f20fc95', 'tenant_name': 'tempest-ServersListShow298Test-2032600446', 'user_domain_id': 'default', 'user_domain_name': 'Default', 'user_id': 'd3156e67786e4605910ff262fe2ebefd', 'system': None}, Network: None, Subnet: None, Router: None
2025-04-19 14:54:51.476 69943 INFO tempest.lib.common.rest_client [req-d1db102b-6b17-4331-b2ed-5af3969ddc9b req-d1db102b-6b17-4331-b2ed-5af3969ddc9b ] Request (FlavorsV2NegativeTest:tearDownClass): 204 DELETE http://10.180.1.21/identity/v3/users/795e438663874922bd97436927dd7590 0.071s
2025-04-19 14:54:51.477 69943 INFO tempest.lib.common.dynamic_creds [-] Deleting project and security group for project: bda6e9f8d2d74865b56f5b6e8538d385
2025-04-19 14:54:51.530 69926 INFO tempest.lib.common.rest_client [req-6eb9f004-8c68-4fc8-9d02-e8b9386f924c req-6eb9f004-8c68-4fc8-9d02-e8b9386f924c ] Request (ServersListShow298Test:setUpClass): 201 POST http://10.180.1.21/identity/v3/auth/tokens 0.073s
2025-04-19 14:54:51.540 69943 INFO tempest.lib.common.rest_client [req-5526caae-69b7-46c7-9c1c-316af9eddce8 req-5526caae-69b7-46c7-9c1c-316af9eddce8 ] Request (FlavorsV2NegativeTest:tearDownClass): 201 POST http://10.180.1.21/identity/v3/auth/tokens 0.063s
2025-04-19 14:54:51.567 69926 INFO tempest.lib.common.rest_client [req-4d692545-d588-4d5c-91fa-97a4ba56f553 req-4d692545-d588-4d5c-91fa-97a4ba56f553 ] Request (ServersListShow298Test:test_list_show_update_rebuild_server_298): 201 POST http://10.180.1.21/identity/v3/auth/tokens 0.030s
2025-04-19 14:54:51.568 69926 INFO tempest.lib.common.fixed_network [-] (ServersListShow298Test:test_list_show_update_rebuild_server_298) Found network None available for tenant
2025-04-19 14:54:51.712 69943 INFO tempest.lib.common.rest_client [req-b4f062e9-145e-4800-a629-c5da81e5c3f6 req-b4f062e9-145e-4800-a629-c5da81e5c3f6 ] Request (FlavorsV2NegativeTest:tearDownClass): 200 GET http://10.180.1.21:9696/networking/v2.0/security-groups?tenant_id=bda6e9f8d2d74865b56f5b6e8538d385&name=default 0.171s
2025-04-19 14:54:51.894 69943 INFO tempest.lib.common.rest_client [req-baee9f29-3ee6-4c57-9a75-64f56d43582b req-baee9f29-3ee6-4c57-9a75-64f56d43582b ] Request (FlavorsV2NegativeTest:tearDownClass): 204 DELETE http://10.180.1.21:9696/networking/v2.0/security-groups/e1522231-106d-4e76-a836-050b5ccaedc3 0.182s
2025-04-19 14:54:51.979 69943 INFO tempest.lib.common.rest_client [req-52a664a8-4f1f-4528-850b-9f202ff59f0d req-52a664a8-4f1f-4528-850b-9f202ff59f0d ] Request (FlavorsV2NegativeTest:tearDownClass): 204 DELETE http://10.180.1.21/identity/v3/projects/bda6e9f8d2d74865b56f5b6e8538d385 0.084s
2025-04-19 14:54:52.049 69943 INFO tempest.lib.common.rest_client [req-c7c8ffe0-a9d6-428c-88d4-e247abb7127c req-c7c8ffe0-a9d6-428c-88d4-e247abb7127c ] Request (ServersTestJSON:setUpClass): 201 POST http://10.180.1.21/identity/v3/auth/tokens 0.069s
2025-04-19 14:54:52.078 69943 INFO tempest.lib.common.rest_client [req-c87e9791-83d5-4bff-90eb-6114bbeeb80d req-c87e9791-83d5-4bff-90eb-6114bbeeb80d ] Request (ServersTestJSON:setUpClass): 201 POST http://10.180.1.21/identity/v3/auth/tokens 0.026s
2025-04-19 14:54:52.102 69943 INFO tempest.lib.common.rest_client [req-6f79fe53-80c8-435f-ac96-a69acba83c3c req-6f79fe53-80c8-435f-ac96-a69acba83c3c ] Request (ServersTestJSON:setUpClass): 200 GET http://10.180.1.21/identity/v3/domains?name=Default 0.024s
2025-04-19 14:54:52.130 69943 INFO tempest.lib.common.rest_client [req-e3bbc3d0-ae02-40bd-a341-620a9ae7cc52 req-e3bbc3d0-ae02-40bd-a341-620a9ae7cc52 ] Request (ServersTestJSON:setUpClass): 201 POST http://10.180.1.21/identity/v3/projects 0.027s
2025-04-19 14:54:52.186 69943 INFO tempest.lib.common.rest_client [req-92477360-80da-4227-a21e-880e96ff78f0 req-92477360-80da-4227-a21e-880e96ff78f0 ] Request (ServersTestJSON:setUpClass): 201 POST http://10.180.1.21/identity/v3/users 0.056s
2025-04-19 14:54:52.206 69943 INFO tempest.lib.common.rest_client [req-e9c357a9-ef60-4d98-a2e8-a2ef22d3c726 req-e9c357a9-ef60-4d98-a2e8-a2ef22d3c726 ] Request (ServersTestJSON:setUpClass): 200 GET http://10.180.1.21/identity/v3/roles 0.020s
2025-04-19 14:54:52.239 69943 INFO tempest.lib.common.rest_client [req-27291156-5504-4cef-8cb2-ef52523cc408 req-27291156-5504-4cef-8cb2-ef52523cc408 ] Request (ServersTestJSON:setUpClass): 204 PUT http://10.180.1.21/identity/v3/projects/c4aa5b8c1ea3467da0e0f2361dd91279/users/d5c9accd8e2f44f592f949a0437dfcf1/roles/34f33abe56064d64ad3140818273aa38 0.032s
2025-04-19 14:54:52.239 69943 INFO tempest.lib.common.dynamic_creds [-] Dynamic test user d5c9accd8e2f44f592f949a0437dfcf1 is created with scope project and roles: ['member']
2025-04-19 14:54:52.240 69943 INFO tempest.lib.common.dynamic_creds [-] Acquired dynamic creds: credentials: Credentials: {'domain_id': 'default', 'domain_name': 'Default', 'username': 'tempest-ServersTestJSON-939369995-project-member', 'project_domain_id': 'default', 'project_domain_name': 'Default', 'project_id': 'c4aa5b8c1ea3467da0e0f2361dd91279', 'project_name': 'tempest-ServersTestJSON-939369995', 'tenant_id': 'c4aa5b8c1ea3467da0e0f2361dd91279', 'tenant_name': 'tempest-ServersTestJSON-939369995', 'user_domain_id': 'default', 'user_domain_name': 'Default', 'user_id': 'd5c9accd8e2f44f592f949a0437dfcf1', 'system': None}, Network: None, Subnet: None, Router: None
2025-04-19 14:54:52.296 69943 INFO tempest.lib.common.rest_client [req-da02e019-951b-4718-84fd-31c35417ffbb req-da02e019-951b-4718-84fd-31c35417ffbb ] Request (ServersTestJSON:setUpClass): 201 POST http://10.180.1.21/identity/v3/auth/tokens 0.056s
2025-04-19 14:54:52.650 69943 INFO tempest.lib.common.rest_client [req-d0efe28d-becf-4a7b-b019-fb1750ee602e req-d0efe28d-becf-4a7b-b019-fb1750ee602e ] Request (ServersTestJSON:setUpClass): 201 POST http://10.180.1.21:9696/networking/v2.0/networks 0.353s
2025-04-19 14:54:53.064 69943 INFO tempest.lib.common.rest_client [req-aeb517d7-3684-41aa-a8f2-b2f5c0bcecef req-aeb517d7-3684-41aa-a8f2-b2f5c0bcecef ] Request (ServersTestJSON:setUpClass): 201 POST http://10.180.1.21:9696/networking/v2.0/subnets 0.413s
2025-04-19 14:54:53.651 69927 INFO tempest.lib.common.rest_client [req-20434890-ee2a-41db-b591-5ac40cfd3b96 req-20434890-ee2a-41db-b591-5ac40cfd3b96 ] Request (SecurityGroupsTestAdminJSON:test_list_security_groups_list_all_tenants_filter): 200 GET http://10.180.1.21/compute/v2.1/os-security-groups?all_tenants=true 3.109s
