2025-04-19 14:54:07.706 69927 INFO tempest.lib.common.rest_client [req-98608d48-fe51-4bc6-80c4-f0a306c29687 req-98608d48-fe51-4bc6-80c4-f0a306c29687 ] Request (AggregatesAdminNegativeTestJSON:test_aggregate_add_non_exist_host): 200 POST http://10.180.1.21/compute/v2.1/os-aggregates 2.061s
2025-04-19 14:54:07.742 69929 INFO tempest.lib.common.rest_client [req-ec4f96da-7ee1-4f15-9f61-154498e90f84 req-ec4f96da-7ee1-4f15-9f61-154498e90f84 ] Request (HostsAdminTestJSON:test_show_host_detail): 200 GET http://10.180.1.21/compute/v2.1/os-hosts/cpu-1 2.075s
2025-04-19 14:54:07.810 69947 INFO tempest.lib.common.rest_client [req-812873c6-1319-4545-9072-b1bb347913be req-812873c6-1319-4545-9072-b1bb347913be ] Request (VolumesAssistedSnapshotsTest:test_volume_assisted_snapshot_create_delete): 200 GET http://10.180.1.21/compute/v2.1/servers/b1e0d3ca-8f60-40e3-b748-c27ab7c346b3 2.074s
2025-04-19 14:54:07.834 69915 INFO tempest.lib.common.rest_client [req-67012e1a-daf6-41ee-bd10-72f859b33024 req-67012e1a-daf6-41ee-bd10-72f859b33024 ] Request (FlavorsAccessNegativeTestJSON:_run_cleanups): 202 DELETE http://10.180.1.21/compute/v2.1/flavors/991529347 2.057s
2025-04-19 14:54:07.856 69903 INFO tempest.lib.common.rest_client [req-534c9c2a-e4a3-4ad6-910d-937992e8e746 req-534c9c2a-e4a3-4ad6-910d-937992e8e746 ] Request (FlavorsAccessTestJSON:_run_cleanups): 202 DELETE http://10.180.1.21/compute/v2.1/flavors/22562186 2.065s
2025-04-19 14:54:07.866 69919 INFO tempest.lib.common.rest_client [req-9202f32d-e3c8-46e6-b351-ebe8d116c675 req-9202f32d-e3c8-46e6-b351-ebe8d116c675 ] Request (InstanceUsageAuditLogNegativeTestJSON:tearDownClass): 204 DELETE http://10.180.1.21:9696/networking/v2.0/security-groups/a55add93-9dbd-49c1-bdb0-7c0d79f73561 0.286s
2025-04-19 14:54:07.937 69931 INFO tempest.lib.common.rest_client [req-49618e25-f4c7-43cc-9077-0e5b2ea0f8bb req-49618e25-f4c7-43cc-9077-0e5b2ea0f8bb ] Request (ValidationResourcesFixture:setUp): 200 POST http://10.180.1.21/compute/v2.1/os-keypairs 2.106s
2025-04-19 14:54:07.964 69923 INFO tempest.lib.common.rest_client [req-cfa9c2cf-e35e-458c-9471-7139357f9062 req-cfa9c2cf-e35e-458c-9471-7139357f9062 ] Request (HypervisorAdminNegativeUnderV252Test:test_show_servers_with_non_admin_user): 200 GET http://10.180.1.21/compute/v2.1/os-hypervisors 2.115s
2025-04-19 14:54:07.973 69929 INFO tempest.lib.common.rest_client [req-95c2160d-5f62-438a-8e73-512bb3b3a4ea req-95c2160d-5f62-438a-8e73-512bb3b3a4ea ] Request (HostsAdminTestJSON:tearDownClass): 204 DELETE http://10.180.1.21/identity/v3/users/21d55326f331445db3201975b26ae484 0.228s
2025-04-19 14:54:08.047 69919 INFO tempest.lib.common.rest_client [req-dad3b19e-e1fc-451e-b49a-d2eab00ece01 req-dad3b19e-e1fc-451e-b49a-d2eab00ece01 ] Request (InstanceUsageAuditLogNegativeTestJSON:tearDownClass): 204 DELETE http://10.180.1.21/identity/v3/projects/55d5d585b34f4bd7ac9e506114760477 0.180s
2025-04-19 14:54:08.104 69929 INFO tempest.lib.common.rest_client [req-94ed66ca-9fd5-492c-b171-a804c7360002 req-94ed66ca-9fd5-492c-b171-a804c7360002 ] Request (HostsAdminTestJSON:tearDownClass): 204 DELETE http://10.180.1.21/identity/v3/users/40c5590de8a74ecc8fe2c4ded84415f2 0.131s
2025-04-19 14:54:08.105 69929 INFO tempest.lib.common.dynamic_creds [-] Deleting project and security group for project: 5bef8b7384314a37830128513773763f
2025-04-19 14:54:08.166 69919 INFO tempest.lib.common.rest_client [req-73c9350c-3c2d-4272-96f6-1097a3a414d9 req-73c9350c-3c2d-4272-96f6-1097a3a414d9 ] Request (ServersAdmin275Test:setUpClass): 201 POST http://10.180.1.21/identity/v3/auth/tokens 0.118s
2025-04-19 14:54:08.176 69909 INFO tempest.lib.common.rest_client [req-5506cbc5-e596-4041-adae-e511232a3f3d req-5506cbc5-e596-4041-adae-e511232a3f3d ] Request (ServerActionsTestJSON:setUpClass): 201 POST http://10.180.1.21:9696/networking/v2.0/routers 2.649s
2025-04-19 14:54:08.182 69955 INFO tempest.lib.common.rest_client [req-e19d847f-106a-4608-ac89-1d80a22467e0 req-e19d847f-106a-4608-ac89-1d80a22467e0 ] Request (QuotasAdminNegativeTest:test_create_server_when_memory_quota_is_full): 200 GET http://10.180.1.21/compute/v2.1/os-quota-sets/d0167f8d25d344e58b9f30f1f509b9a4 1.885s
2025-04-19 14:54:08.202 69929 INFO tempest.lib.common.rest_client [req-a6bd9419-6f30-47d1-b7d7-ddeb579ca35e req-a6bd9419-6f30-47d1-b7d7-ddeb579ca35e ] Request (HostsAdminTestJSON:tearDownClass): 201 POST http://10.180.1.21/identity/v3/auth/tokens 0.097s
2025-04-19 14:54:08.208 69919 INFO tempest.lib.common.rest_client [req-00e3576f-483a-4be0-b556-b0245af29e81 req-00e3576f-483a-4be0-b556-b0245af29e81 ] Request (ServersAdmin275Test:setUpClass): 201 POST http://10.180.1.21/identity/v3/auth/tokens 0.037s
2025-04-19 14:54:08.211 69959 INFO tempest.lib.common.rest_client [req-33c1fe9c-a288-4bc2-8004-06ec19cb3f11 req-33c1fe9c-a288-4bc2-8004-06ec19cb3f11 ] Request (FlavorsAdminTestJSON:_run_cleanups): 200 GET http://10.180.1.21/compute/v2.1/flavors/detail 1.880s
2025-04-19 14:54:08.243 69919 INFO tempest.lib.common.rest_client [req-3e9c0277-014c-436b-b200-9a598f3499a6 req-3e9c0277-014c-436b-b200-9a598f3499a6 ] Request (ServersAdmin275Test:setUpClass): 200 GET http://10.180.1.21/identity/v3/domains?name=Default 0.034s
2025-04-19 14:54:08.284 69931 INFO tempest.lib.common.rest_client [req-dc9f8f30-4e23-4d52-aaed-b0cdb1f4ac9b req-dc9f8f30-4e23-4d52-aaed-b0cdb1f4ac9b ] Request (ValidationResourcesFixture:setUp): 201 POST http://10.180.1.21:9696/networking/v2.0/security-groups 0.346s
2025-04-19 14:54:08.313 69919 INFO tempest.lib.common.rest_client [req-812e485c-a8d4-4adb-a4e6-3ca7a89a5d10 req-812e485c-a8d4-4adb-a4e6-3ca7a89a5d10 ] Request (ServersAdmin275Test:setUpClass): 201 POST http://10.180.1.21/identity/v3/projects 0.069s
2025-04-19 14:54:08.331 69951 INFO tempest.lib.common.rest_client [req-66efa70f-48cf-48db-b856-247e36e8a65a req-66efa70f-48cf-48db-b856-247e36e8a65a ] Request (ImagesNegativeTestJSON:setUpClass): 201 POST http://10.180.1.21:9696/networking/v2.0/routers 1.763s
2025-04-19 14:54:08.372 69919 INFO tempest.lib.common.rest_client [req-fc903d89-2bcc-4d22-b760-0f99b12c71f2 req-fc903d89-2bcc-4d22-b760-0f99b12c71f2 ] Request (ServersAdmin275Test:setUpClass): 201 POST http://10.180.1.21/identity/v3/users 0.059s
2025-04-19 14:54:08.399 69919 INFO tempest.lib.common.rest_client [req-d3609e6e-7e53-4d29-b667-3c5a52471701 req-d3609e6e-7e53-4d29-b667-3c5a52471701 ] Request (ServersAdmin275Test:setUpClass): 200 GET http://10.180.1.21/identity/v3/roles 0.026s
2025-04-19 14:54:08.428 69919 INFO tempest.lib.common.rest_client [req-0317f12e-130b-4a06-abe3-dba7573b9e73 req-0317f12e-130b-4a06-abe3-dba7573b9e73 ] Request (ServersAdmin275Test:setUpClass): 204 PUT http://10.180.1.21/identity/v3/projects/72dcc5811d9441e191cd2c8de24cff24/users/b7abe79e64c646e080caa31f2b062f80/roles/34f33abe56064d64ad3140818273aa38 0.029s
2025-04-19 14:54:08.428 69919 INFO tempest.lib.common.dynamic_creds [-] Dynamic test user b7abe79e64c646e080caa31f2b062f80 is created with scope project and roles: ['member']
2025-04-19 14:54:08.428 69919 INFO tempest.lib.common.dynamic_creds [-] Acquired dynamic creds: credentials: Credentials: {'domain_id': 'default', 'domain_name': 'Default', 'username': 'tempest-ServersAdmin275Test-1628214911-project-member', 'project_domain_id': 'default', 'project_domain_name': 'Default', 'project_id': '72dcc5811d9441e191cd2c8de24cff24', 'project_name': 'tempest-ServersAdmin275Test-1628214911', 'tenant_id': '72dcc5811d9441e191cd2c8de24cff24', 'tenant_name': 'tempest-ServersAdmin275Test-1628214911', 'user_domain_id': 'default', 'user_domain_name': 'Default', 'user_id': 'b7abe79e64c646e080caa31f2b062f80', 'system': None}, Network: None, Subnet: None, Router: None
2025-04-19 14:54:08.429 69919 INFO tempest.lib.common.dynamic_creds [-] Created isolated network resources for: credentials: Credentials: {'domain_id': 'default', 'domain_name': 'Default', 'username': 'tempest-ServersAdmin275Test-1628214911-project-member', 'project_domain_id': 'default', 'project_domain_name': 'Default', 'project_id': '72dcc5811d9441e191cd2c8de24cff24', 'project_name': 'tempest-ServersAdmin275Test-1628214911', 'tenant_id': '72dcc5811d9441e191cd2c8de24cff24', 'tenant_name': 'tempest-ServersAdmin275Test-1628214911', 'user_domain_id': 'default', 'user_domain_name': 'Default', 'user_id': 'b7abe79e64c646e080caa31f2b062f80', 'system': None}, Network: None, Subnet: None, Router: None
2025-04-19 14:54:08.489 69913 INFO tempest.lib.common.rest_client [req-e0557c9b-aefc-4649-9220-772ebcfc85c3 req-e0557c9b-aefc-4649-9220-772ebcfc85c3 ] Request (FloatingIPDetailsNegativeTestJSON:setUpClass): 200 PUT http://10.180.1.21:9696/networking/v2.0/routers/3e427f6a-39dc-4349-b22d-172a400c2d78/add_router_interface 3.209s
2025-04-19 14:54:08.490 69913 INFO tempest.lib.common.dynamic_creds [-] Created isolated network resources for: credentials: Credentials: {'domain_id': 'default', 'domain_name': 'Default', 'username': 'tempest-FloatingIPDetailsNegativeTestJSON-313589704-project-member', 'project_domain_id': 'default', 'project_domain_name': 'Default', 'project_id': 'ed0842cd94ec433e8270ba0d2c77fe85', 'project_name': 'tempest-FloatingIPDetailsNegativeTestJSON-313589704', 'tenant_id': 'ed0842cd94ec433e8270ba0d2c77fe85', 'tenant_name': 'tempest-FloatingIPDetailsNegativeTestJSON-313589704', 'user_domain_id': 'default', 'user_domain_name': 'Default', 'user_id': '954cca072c154e70af32931fe4ba4f19', 'system': None}, Network: {'id': '3d5dd5fa-9829-4f89-a848-0efd9c42cf64', 'name': 'tempest-FloatingIPDetailsNegativeTestJSON-1131764530-network', 'tenant_id': 'ed0842cd94ec433e8270ba0d2c77fe85', 'admin_state_up': True, 'mtu': 8950, 'status': 'ACTIVE', 'subnets': [], 'shared': False, 'project_id': 'ed0842cd94ec433e8270ba0d2c77fe85', 'port_security_enabled': True, 'router:external': False, 'provider:network_type': 'vlan', 'provider:physical_network': 'default', 'provider:segmentation_id': 962, 'availability_zone_hints': [], 'availability_zones': [], 'ipv4_address_scope': None, 'ipv6_address_scope': None, 'description': '', 'tags': [], 'created_at': '2025-04-19T14:54:01Z', 'updated_at': '2025-04-19T14:54:01Z', 'revision_number': 1}, Subnet: {'id': 'a8446d75-c32b-4c61-88a4-d9ce2f0d7b73', 'name': 'tempest-FloatingIPDetailsNegativeTestJSON-1131764530-subnet', 'tenant_id': 'ed0842cd94ec433e8270ba0d2c77fe85', 'network_id': '3d5dd5fa-9829-4f89-a848-0efd9c42cf64', 'ip_version': 4, 'subnetpool_id': None, 'enable_dhcp': True, 'ipv6_ra_mode': None, 'ipv6_address_mode': None, 'gateway_ip': '192.168.128.1', 'cidr': '192.168.128.0/28', 'allocation_pools': [{'start': '192.168.128.2', 'end': '192.168.128.14'}], 'host_routes': [], 'dns_nameservers': [], 'description': '', 'router:external': False, 'service_types': [], 'tags': [], 'created_at': '2025-04-19T14:54:02Z', 'updated_at': '2025-04-19T14:54:02Z', 'revision_number': 0, 'project_id': 'ed0842cd94ec433e8270ba0d2c77fe85'}, Router: {'id': '3e427f6a-39dc-4349-b22d-172a400c2d78', 'name': 'tempest-FloatingIPDetailsNegativeTestJSON-1131764530-router', 'tenant_id': 'ed0842cd94ec433e8270ba0d2c77fe85', 'admin_state_up': True, 'status': 'ACTIVE', 'external_gateway_info': {'network_id': '15e7942b-8d5e-46a4-b2ef-482fa95729b2', 'external_fixed_ips': [{'subnet_id': 'bd3301b1-2b52-4d08-ade4-3c40e67083cb', 'ip_address': '10.180.180.209'}], 'enable_snat': True}, 'description': '', 'availability_zones': [], 'distributed': False, 'ha': False, 'availability_zone_hints': [], 'routes': [], 'flavor_id': None, 'tags': [], 'created_at': '2025-04-19T14:54:03Z', 'updated_at': '2025-04-19T14:54:04Z', 'revision_number': 2, 'project_id': 'ed0842cd94ec433e8270ba0d2c77fe85'}
2025-04-19 14:54:08.512 69911 INFO tempest.lib.common.rest_client [req-2b4726d4-87e3-40a2-b018-b26ed976b072 req-2b4726d4-87e3-40a2-b018-b26ed976b072 ] Request (FloatingIPsTestJSON:test_delete_floating_ip): 200 POST http://10.180.1.21/compute/v2.1/os-floating-ips 3.328s
2025-04-19 14:54:08.515 69919 INFO tempest.lib.common.rest_client [req-0487f52f-f469-4213-8a03-f9b9a3d0b39a req-0487f52f-f469-4213-8a03-f9b9a3d0b39a ] Request (ServersAdmin275Test:setUpClass): 201 POST http://10.180.1.21/identity/v3/auth/tokens 0.083s
2025-04-19 14:54:08.537 69929 INFO tempest.lib.common.rest_client [req-cf404395-d0ee-4538-add0-a8f10a311d4f req-cf404395-d0ee-4538-add0-a8f10a311d4f ] Request (HostsAdminTestJSON:tearDownClass): 200 GET http://10.180.1.21:9696/networking/v2.0/security-groups?tenant_id=5bef8b7384314a37830128513773763f&name=default 0.334s
2025-04-19 14:54:08.576 69913 INFO tempest.lib.common.rest_client [req-98ee5d17-4b01-41aa-9da9-1a8dcc864586 req-98ee5d17-4b01-41aa-9da9-1a8dcc864586 ] Request (FloatingIPDetailsNegativeTestJSON:setUpClass): 201 POST http://10.180.1.21/identity/v3/auth/tokens 0.081s
2025-04-19 14:54:08.585 69919 INFO tempest.lib.common.rest_client [req-6f3f6815-443d-46dd-b230-8af30f6d0d32 req-6f3f6815-443d-46dd-b230-8af30f6d0d32 ] Request (ServersAdmin275Test:setUpClass): 201 POST http://10.180.1.21/identity/v3/projects 0.069s
2025-04-19 14:54:08.657 69919 INFO tempest.lib.common.rest_client [req-d90e4670-c74b-47e0-a98b-2d6884c13b9f req-d90e4670-c74b-47e0-a98b-2d6884c13b9f ] Request (ServersAdmin275Test:setUpClass): 201 POST http://10.180.1.21/identity/v3/users 0.071s
2025-04-19 14:54:08.685 69919 INFO tempest.lib.common.rest_client [req-823fa13d-da89-4537-8103-320093222d2c req-823fa13d-da89-4537-8103-320093222d2c ] Request (ServersAdmin275Test:setUpClass): 200 GET http://10.180.1.21/identity/v3/roles 0.027s
2025-04-19 14:54:08.696 69931 INFO tempest.lib.common.rest_client [req-4ce3235d-4caf-4ca2-a4d7-5ab4c030be02 req-4ce3235d-4caf-4ca2-a4d7-5ab4c030be02 ] Request (ValidationResourcesFixture:setUp): 201 POST http://10.180.1.21:9696/networking/v2.0/security-group-rules 0.411s
2025-04-19 14:54:08.715 69919 INFO tempest.lib.common.rest_client [req-28742ed1-423d-40e0-be76-9b86cfaf5178 req-28742ed1-423d-40e0-be76-9b86cfaf5178 ] Request (ServersAdmin275Test:setUpClass): 204 PUT http://10.180.1.21/identity/v3/projects/c152a691801f405e8dc598a5648ee40e/users/61fbccaf030b47e5a15a3368af80670b/roles/7705cdf19dc042fe803254d7145b0b06 0.030s
2025-04-19 14:54:08.772 69919 INFO tempest.lib.common.rest_client [req-6a89bfda-fa06-4e60-9169-2cd33582ef7e req-6a89bfda-fa06-4e60-9169-2cd33582ef7e ] Request (ServersAdmin275Test:setUpClass): 200 GET http://10.180.1.21/identity/v3/roles 0.057s
2025-04-19 14:54:08.777 69929 INFO tempest.lib.common.rest_client [req-50f1bb17-95f1-45d2-8c18-131ba0738cda req-50f1bb17-95f1-45d2-8c18-131ba0738cda ] Request (HostsAdminTestJSON:tearDownClass): 204 DELETE http://10.180.1.21:9696/networking/v2.0/security-groups/9515d410-b454-4896-aaff-d7545fa7b920 0.240s
2025-04-19 14:54:08.797 69919 INFO tempest.lib.common.rest_client [req-3e80f4d8-9a16-4430-a696-b71b1fa1c8f1 req-3e80f4d8-9a16-4430-a696-b71b1fa1c8f1 ] Request (ServersAdmin275Test:setUpClass): 204 PUT http://10.180.1.21/identity/v3/projects/c152a691801f405e8dc598a5648ee40e/users/61fbccaf030b47e5a15a3368af80670b/roles/7705cdf19dc042fe803254d7145b0b06 0.024s
2025-04-19 14:54:08.798 69919 INFO tempest.lib.common.dynamic_creds [-] Dynamic test user 61fbccaf030b47e5a15a3368af80670b is created with scope project and roles: ['admin']
2025-04-19 14:54:08.798 69919 INFO tempest.lib.common.dynamic_creds [-] Acquired dynamic creds: credentials: Credentials: {'domain_id': 'default', 'domain_name': 'Default', 'username': 'tempest-ServersAdmin275Test-1448949427-project-admin', 'project_domain_id': 'default', 'project_domain_name': 'Default', 'project_id': 'c152a691801f405e8dc598a5648ee40e', 'project_name': 'tempest-ServersAdmin275Test-1448949427', 'tenant_id': 'c152a691801f405e8dc598a5648ee40e', 'tenant_name': 'tempest-ServersAdmin275Test-1448949427', 'user_domain_id': 'default', 'user_domain_name': 'Default', 'user_id': '61fbccaf030b47e5a15a3368af80670b', 'system': None}, Network: None, Subnet: None, Router: None
2025-04-19 14:54:08.798 69919 INFO tempest.lib.common.dynamic_creds [-] Created isolated network resources for: credentials: Credentials: {'domain_id': 'default', 'domain_name': 'Default', 'username': 'tempest-ServersAdmin275Test-1448949427-project-admin', 'project_domain_id': 'default', 'project_domain_name': 'Default', 'project_id': 'c152a691801f405e8dc598a5648ee40e', 'project_name': 'tempest-ServersAdmin275Test-1448949427', 'tenant_id': 'c152a691801f405e8dc598a5648ee40e', 'tenant_name': 'tempest-ServersAdmin275Test-1448949427', 'user_domain_id': 'default', 'user_domain_name': 'Default', 'user_id': '61fbccaf030b47e5a15a3368af80670b', 'system': None}, Network: None, Subnet: None, Router: None
2025-04-19 14:54:08.836 69917 INFO tempest.lib.common.rest_client [req-c7928090-f4f3-41eb-b0bb-f01ec7909bb8 req-c7928090-f4f3-41eb-b0bb-f01ec7909bb8 ] Request (DeleteServersAdminTestJSON:test_admin_delete_servers_of_others): 200 GET http://10.180.1.21/compute/v2.1/servers/a6529acd-76db-430e-9e16-942b98b891d0 2.362s
2025-04-19 14:54:08.896 69941 INFO tempest.lib.common.rest_client [req-fe520b52-6dff-4731-a769-91b4b06d3eb1 req-fe520b52-6dff-4731-a769-91b4b06d3eb1 ] Request (ImagesTestJSON:setUpClass): 201 POST http://10.180.1.21:9696/networking/v2.0/routers 2.068s
2025-04-19 14:54:08.958 69919 INFO tempest.lib.common.rest_client [req-9116bc84-fef8-4c4c-9fe9-9870ba2becbd req-9116bc84-fef8-4c4c-9fe9-9870ba2becbd ] Request (ServersAdmin275Test:setUpClass): 201 POST http://10.180.1.21/identity/v3/auth/tokens 0.155s
2025-04-19 14:54:08.963 69945 INFO tempest.lib.common.rest_client [req-1bd52660-00f2-422e-8bd6-95455134bc98 req-1bd52660-00f2-422e-8bd6-95455134bc98 ] Request (SecurityGroupsTestJSON:test_list_security_groups_by_server): 200 GET http://10.180.1.21/compute/v2.1/servers/1dc1383e-8482-4597-bcde-ce1ba3377b12 2.426s
2025-04-19 14:54:08.964 69929 INFO tempest.lib.common.rest_client [req-0b3bdd2c-6334-4505-86bd-fc0a2dcd9397 req-0b3bdd2c-6334-4505-86bd-fc0a2dcd9397 ] Request (HostsAdminTestJSON:tearDownClass): 204 DELETE http://10.180.1.21/identity/v3/projects/5bef8b7384314a37830128513773763f 0.186s
2025-04-19 14:54:08.964 69929 INFO tempest.lib.common.dynamic_creds [-] Deleting project and security group for project: 068be6f6adf44354b191e687ed0a7893
2025-04-19 14:54:09.034 69919 INFO tempest.lib.common.rest_client [req-895c8e17-b885-4446-a20c-ff5606934380 req-895c8e17-b885-4446-a20c-ff5606934380 ] Request (ServersAdmin275Test:test_rebuild_update_server_275): 201 POST http://10.180.1.21/identity/v3/auth/tokens 0.072s
2025-04-19 14:54:09.034 69919 INFO tempest.lib.common.fixed_network [-] (ServersAdmin275Test:test_rebuild_update_server_275) Found network None available for tenant
2025-04-19 14:54:09.056 69931 INFO tempest.lib.common.rest_client [req-171f1320-6058-4e32-99bc-5ca7a941cb99 req-171f1320-6058-4e32-99bc-5ca7a941cb99 ] Request (ValidationResourcesFixture:setUp): 201 POST http://10.180.1.21:9696/networking/v2.0/security-group-rules 0.359s
2025-04-19 14:54:09.119 69939 INFO tempest.lib.common.rest_client [req-17653029-1110-43b3-806f-eaa4bcea2082 req-17653029-1110-43b3-806f-eaa4bcea2082 ] Request (ServerMetadataTestJSON:setUpClass): 202 POST http://10.180.1.21/compute/v2.1/servers 2.667s
2025-04-19 14:54:09.193 69957 INFO tempest.lib.common.rest_client [req-a3c5a676-fa80-48ca-b932-8ad631955d22 req-a3c5a676-fa80-48ca-b932-8ad631955d22 ] Request (ServerShowV254Test:test_rebuild_server): 200 GET http://10.180.1.21/compute/v2.1/servers/945b7866-0797-4ba6-984e-cbfc0bc7dbc2 2.559s
2025-04-19 14:54:09.209 69957 INFO tempest.common.waiters [-] State transition "BUILD/None" ==> "BUILD/spawning" after 9 second wait
2025-04-19 14:54:09.240 69901 INFO tempest.lib.common.rest_client [req-c7b5a93c-9c6f-4e12-8236-7b7f84242805 req-c7b5a93c-9c6f-4e12-8236-7b7f84242805 ] Request (ImagesMetadataTestJSON:test_set_image_metadata): 200 PUT http://10.180.1.21/compute/v2.1/images/fbc0bee1-c720-459e-a3a3-5ceb6f999f59/metadata 2.684s
2025-04-19 14:54:09.303 69933 INFO tempest.lib.common.rest_client [req-20be31cb-5fd4-49d6-9ba1-5ca25af3a8d6 req-20be31cb-5fd4-49d6-9ba1-5ca25af3a8d6 ] Request (ServerDiagnosticsV248Test:test_get_server_diagnostics): 200 GET http://10.180.1.21/compute/v2.1/servers/b420c938-c1de-44d8-b30c-03fbee51d268 2.521s
2025-04-19 14:54:09.339 69961 INFO tempest.lib.common.rest_client [req-1968edf8-892e-4a50-aa02-0e6fd0b732f5 req-1968edf8-892e-4a50-aa02-0e6fd0b732f5 ] Request (ListImageFiltersTestJSON:setUpClass): 200 GET http://10.180.1.21/compute/v2.1/images/ec767305-930b-4754-936e-56381cee7a48 2.312s
2025-04-19 14:54:09.344 69929 INFO tempest.lib.common.rest_client [req-99641b66-4ade-48d9-86a9-9c7454b43dd0 req-99641b66-4ade-48d9-86a9-9c7454b43dd0 ] Request (HostsAdminTestJSON:tearDownClass): 200 GET http://10.180.1.21:9696/networking/v2.0/security-groups?tenant_id=068be6f6adf44354b191e687ed0a7893&name=default 0.379s
2025-04-19 14:54:09.354 69963 INFO tempest.lib.common.rest_client [req-eb14c2d6-ea5f-403d-925e-c9815c51f002 req-eb14c2d6-ea5f-403d-925e-c9815c51f002 ] Request (KeyPairsV210TestJSON:test_admin_manage_keypairs_for_other_users): 200 GET http://10.180.1.21/compute/v2.1/os-keypairs?user_id=7d49773189e14b6db4e251c9d903cda7 2.272s
2025-04-19 14:54:09.361 69921 INFO tempest.lib.common.rest_client [req-ccda25dd-aaed-443c-865a-304073f85f7d req-ccda25dd-aaed-443c-865a-304073f85f7d ] Request (AttachInterfacesUnderV243Test:test_add_remove_fixed_ip): 200 GET http://10.180.1.21/compute/v2.1/servers/9c195701-261c-4f8d-9558-c4bbb139133a 2.356s
2025-04-19 14:54:09.403 69926 INFO tempest.lib.common.rest_client [req-996867e2-8e00-47ec-8cd1-d7b7a24c32f8 req-996867e2-8e00-47ec-8cd1-d7b7a24c32f8 ] Request (ServicesAdminNegativeV253TestJSON:test_get_service_by_invalid_params): 200 GET http://10.180.1.21/compute/v2.1/os-services?xxx=nova-compute 1.728s
2025-04-19 14:54:09.425 69961 INFO tempest.lib.common.rest_client [req-f880c3f5-226e-47b2-b15d-4edb16b5aa2c req-f880c3f5-226e-47b2-b15d-4edb16b5aa2c ] Request (ListImageFiltersTestJSON:setUpClass): 201 POST http://10.180.1.21/identity/v3/auth/tokens 0.076s
2025-04-19 14:54:09.425 69961 INFO tempest.lib.common.fixed_network [-] (ListImageFiltersTestJSON:setUpClass) Found network None available for tenant
2025-04-19 14:54:09.536 69905 INFO tempest.lib.common.rest_client [req-6bd1c4a6-9d8f-4b97-b02f-cb4947603081 req-6bd1c4a6-9d8f-4b97-b02f-cb4947603081 ] Request (HypervisorAdminNegativeTestJSON:test_get_hypervisor_uptime_with_non_admin_user): 200 GET http://10.180.1.21/compute/v2.1/os-hypervisors 1.853s
2025-04-19 14:54:09.542 69907 INFO tempest.lib.common.rest_client [req-59fdd440-da61-4420-833b-bd453a9de8d1 req-59fdd440-da61-4420-833b-bd453a9de8d1 ] Request (QuotasAdminTestJSON:test_delete_quota): 200 PUT http://10.180.1.21/compute/v2.1/os-quota-sets/3d20b34af245433c9a675304f2e3752b 1.891s
2025-04-19 14:54:09.564 69927 INFO tempest.lib.common.rest_client [req-69a44dfd-32f3-4c33-9b7b-d32cf299300b req-69a44dfd-32f3-4c33-9b7b-d32cf299300b ] Request (AggregatesAdminNegativeTestJSON:test_aggregate_add_non_exist_host): 404 POST http://10.180.1.21/compute/v2.1/os-aggregates/3/action 1.855s
2025-04-19 14:54:09.588 69915 INFO tempest.lib.common.rest_client [req-a9a33c9d-e54f-467a-88fc-79543a8498e4 req-a9a33c9d-e54f-467a-88fc-79543a8498e4 ] Request (FlavorsAccessNegativeTestJSON:_run_cleanups): 200 GET http://10.180.1.21/compute/v2.1/flavors/detail 1.753s
2025-04-19 14:54:09.603 69929 INFO tempest.lib.common.rest_client [req-58b3bcdb-efdf-4393-83d7-588d856abad5 req-58b3bcdb-efdf-4393-83d7-588d856abad5 ] Request (HostsAdminTestJSON:tearDownClass): 204 DELETE http://10.180.1.21:9696/networking/v2.0/security-groups/6492bdb1-c313-4640-a3ae-59b2dc3901eb 0.259s
2025-04-19 14:54:09.744 69929 INFO tempest.lib.common.rest_client [req-bed48b3d-d985-4f9c-85a2-947329957c09 req-bed48b3d-d985-4f9c-85a2-947329957c09 ] Request (HostsAdminTestJSON:tearDownClass): 204 DELETE http://10.180.1.21/identity/v3/projects/068be6f6adf44354b191e687ed0a7893 0.137s
2025-04-19 14:54:09.848 69943 INFO tempest.lib.common.rest_client [req-b35fc7a5-aaf7-4191-a89d-da711d640362 req-b35fc7a5-aaf7-4191-a89d-da711d640362 ] Request (TenantUsagesTestJSON:setUpClass): 200 GET http://10.180.1.21/compute/v2.1/servers/bdcccdc2-36be-4e0f-9501-026f83c14805 2.132s
2025-04-19 14:54:09.861 69929 INFO tempest.lib.common.rest_client [req-c2cf1c8d-e14a-43d3-b27e-922da08bfe77 req-c2cf1c8d-e14a-43d3-b27e-922da08bfe77 ] Request (QuotaClassesAdminTestJSON:setUpClass): 201 POST http://10.180.1.21/identity/v3/auth/tokens 0.115s
2025-04-19 14:54:09.884 69903 INFO tempest.lib.common.rest_client [req-052e8694-aa4e-4666-ab80-272b44938c1b req-052e8694-aa4e-4666-ab80-272b44938c1b ] Request (FlavorsAccessTestJSON:_run_cleanups): 200 GET http://10.180.1.21/compute/v2.1/flavors/detail 2.027s
2025-04-19 14:54:09.893 69923 INFO tempest.lib.common.rest_client [req-3f55be1d-d1d6-4a7b-a944-82ef62596546 req-3f55be1d-d1d6-4a7b-a944-82ef62596546 ] Request (HypervisorAdminNegativeUnderV252Test:test_show_servers_with_non_admin_user): 403 GET http://10.180.1.21/compute/v2.1/os-hypervisors/1/servers 1.928s
2025-04-19 14:54:09.928 69929 INFO tempest.lib.common.rest_client [req-05761a6a-b753-4e7b-8bcc-b7e3bcd0402e req-05761a6a-b753-4e7b-8bcc-b7e3bcd0402e ] Request (QuotaClassesAdminTestJSON:setUpClass): 201 POST http://10.180.1.21/identity/v3/auth/tokens 0.065s
2025-04-19 14:54:09.972 69929 INFO tempest.lib.common.rest_client [req-81802b1b-e8c3-48c4-b835-7742cf20bd54 req-81802b1b-e8c3-48c4-b835-7742cf20bd54 ] Request (QuotaClassesAdminTestJSON:setUpClass): 200 GET http://10.180.1.21/identity/v3/domains?name=Default 0.043s
2025-04-19 14:54:09.994 69949 INFO tempest.lib.common.rest_client [req-f55c6f9a-1eb9-4a60-a4c7-b85d3d90c643 req-f55c6f9a-1eb9-4a60-a4c7-b85d3d90c643 ] Request (ServersTestManualDisk:setUpClass): 200 GET http://10.180.1.21/compute/v2.1/servers/c5b37706-5ac2-4539-b5d8-7f0dccd4657d 2.014s
2025-04-19 14:54:10.005 69949 INFO tempest.common.waiters [-] State transition "BUILD/None" ==> "BUILD/networking" after 6 second wait
2025-04-19 14:54:10.030 69929 INFO tempest.lib.common.rest_client [req-d51c307b-fcce-4300-959c-06b8eb2886d9 req-d51c307b-fcce-4300-959c-06b8eb2886d9 ] Request (QuotaClassesAdminTestJSON:setUpClass): 201 POST http://10.180.1.21/identity/v3/projects 0.057s
2025-04-19 14:54:10.042 69931 INFO tempest.lib.common.rest_client [req-17c8d512-6bef-44f2-8c83-a19c7e5dc285 req-17c8d512-6bef-44f2-8c83-a19c7e5dc285 ] Request (ValidationResourcesFixture:setUp): 201 POST http://10.180.1.21:9696/networking/v2.0/floatingips 0.985s
2025-04-19 14:54:10.058 69903 INFO tempest.lib.common.rest_client [req-ee656cbe-837c-421f-a106-c18459c68572 req-ee656cbe-837c-421f-a106-c18459c68572 ] Request (FlavorsAccessTestJSON:tearDownClass): 204 DELETE http://10.180.1.21/identity/v3/users/0a36e63c555b408d98465485a5bd8633 0.163s
2025-04-19 14:54:10.130 69935 INFO tempest.lib.common.rest_client [req-5257d08e-f44e-40aa-a3fb-3fc485fbbe61 req-5257d08e-f44e-40aa-a3fb-3fc485fbbe61 ] Request (MigrationsAdminTest:test_list_migrations_in_flavor_resize_situation): 200 GET http://10.180.1.21/compute/v2.1/servers/1cb12eb8-8e6e-4513-8408-18afd328e053 2.275s
2025-04-19 14:54:10.169 69929 INFO tempest.lib.common.rest_client [req-dfa369b5-efb1-47fd-8e74-bab96abf03bd req-dfa369b5-efb1-47fd-8e74-bab96abf03bd ] Request (QuotaClassesAdminTestJSON:setUpClass): 201 POST http://10.180.1.21/identity/v3/users 0.139s
2025-04-19 14:54:10.186 69959 INFO tempest.lib.common.rest_client [req-6ec93126-a150-494b-8f6b-f467dc3a9da8 req-6ec93126-a150-494b-8f6b-f467dc3a9da8 ] Request (FlavorsAdminTestJSON:test_create_flavor_with_none_id): 200 POST http://10.180.1.21/compute/v2.1/flavors 1.968s
2025-04-19 14:54:10.240 69931 INFO tempest.lib.common.rest_client [req-32de00e6-41bd-4479-8d35-3c7564f91bb2 req-32de00e6-41bd-4479-8d35-3c7564f91bb2 ] Request (ServersWithSpecificFlavorTestJSON:test_verify_created_server_ephemeral_disk): 201 POST http://10.180.1.21/identity/v3/auth/tokens 0.195s
2025-04-19 14:54:10.240 69931 INFO tempest.lib.common.fixed_network [-] (ServersWithSpecificFlavorTestJSON:test_verify_created_server_ephemeral_disk) Found network {'id': '056805d0-f098-4bd4-bbd0-52bb911f7a2c', 'name': 'tempest-ServersWithSpecificFlavorTestJSON-437625939-network', 'tenant_id': '785eb6de178e425691c6733e8ba1f4d0', 'admin_state_up': True, 'mtu': 8950, 'status': 'ACTIVE', 'subnets': [], 'shared': False, 'project_id': '785eb6de178e425691c6733e8ba1f4d0', 'port_security_enabled': True, 'router:external': False, 'provider:network_type': 'vlan', 'provider:physical_network': 'default', 'provider:segmentation_id': 127, 'availability_zone_hints': [], 'availability_zones': [], 'ipv4_address_scope': None, 'ipv6_address_scope': None, 'description': '', 'tags': [], 'created_at': '2025-04-19T14:53:44Z', 'updated_at': '2025-04-19T14:53:44Z', 'revision_number': 1} available for tenant
2025-04-19 14:54:10.259 69955 INFO tempest.lib.common.rest_client [req-9fc32d49-d40a-490a-b9eb-06a007ebe7d7 req-9fc32d49-d40a-490a-b9eb-06a007ebe7d7 ] Request (QuotasAdminNegativeTest:test_create_server_when_memory_quota_is_full): 200 PUT http://10.180.1.21/compute/v2.1/os-quota-sets/d0167f8d25d344e58b9f30f1f509b9a4 2.074s
2025-04-19 14:54:10.281 69903 INFO tempest.lib.common.rest_client [req-58f5f06f-e6e2-4c76-b7b8-7ed25bec7c1e req-58f5f06f-e6e2-4c76-b7b8-7ed25bec7c1e ] Request (FlavorsAccessTestJSON:tearDownClass): 204 DELETE http://10.180.1.21/identity/v3/users/0cc6f8c1bdf84df089dd7c7acfb20b2b 0.223s
2025-04-19 14:54:10.282 69903 INFO tempest.lib.common.dynamic_creds [-] Deleting project and security group for project: fee53b1732074d4baaefe61906a0211c
2025-04-19 14:54:10.317 69929 INFO tempest.lib.common.rest_client [req-8ee97708-3c80-4000-aada-2748f0b8aa97 req-8ee97708-3c80-4000-aada-2748f0b8aa97 ] Request (QuotaClassesAdminTestJSON:setUpClass): 200 GET http://10.180.1.21/identity/v3/roles 0.147s
2025-04-19 14:54:10.358 69955 INFO tempest.lib.common.rest_client [req-613df9a6-1435-4482-b5ed-1dd3cc598359 req-613df9a6-1435-4482-b5ed-1dd3cc598359 ] Request (QuotasAdminNegativeTest:test_create_server_when_memory_quota_is_full): 201 POST http://10.180.1.21/identity/v3/auth/tokens 0.093s
2025-04-19 14:54:10.359 69955 INFO tempest.lib.common.fixed_network [-] (QuotasAdminNegativeTest:test_create_server_when_memory_quota_is_full) Found network None available for tenant
2025-04-19 14:54:10.396 69903 INFO tempest.lib.common.rest_client [req-073bf1fa-eaeb-46cc-a97e-3ebfe2f77d57 req-073bf1fa-eaeb-46cc-a97e-3ebfe2f77d57 ] Request (FlavorsAccessTestJSON:tearDownClass): 201 POST http://10.180.1.21/identity/v3/auth/tokens 0.114s
2025-04-19 14:54:10.445 69929 INFO tempest.lib.common.rest_client [req-c4ebcb4c-136a-49d7-a521-6b83f0a7e447 req-c4ebcb4c-136a-49d7-a521-6b83f0a7e447 ] Request (QuotaClassesAdminTestJSON:setUpClass): 204 PUT http://10.180.1.21/identity/v3/projects/f2d27c42032e43279f8bfa11d1a9f63c/users/3b1107546bd4478da51c26f15de522c4/roles/34f33abe56064d64ad3140818273aa38 0.128s
2025-04-19 14:54:10.445 69929 INFO tempest.lib.common.dynamic_creds [-] Dynamic test user 3b1107546bd4478da51c26f15de522c4 is created with scope project and roles: ['member']
2025-04-19 14:54:10.446 69929 INFO tempest.lib.common.dynamic_creds [-] Acquired dynamic creds: credentials: Credentials: {'domain_id': 'default', 'domain_name': 'Default', 'username': 'tempest-QuotaClassesAdminTestJSON-1530546794-project-member', 'project_domain_id': 'default', 'project_domain_name': 'Default', 'project_id': 'f2d27c42032e43279f8bfa11d1a9f63c', 'project_name': 'tempest-QuotaClassesAdminTestJSON-1530546794', 'tenant_id': 'f2d27c42032e43279f8bfa11d1a9f63c', 'tenant_name': 'tempest-QuotaClassesAdminTestJSON-1530546794', 'user_domain_id': 'default', 'user_domain_name': 'Default', 'user_id': '3b1107546bd4478da51c26f15de522c4', 'system': None}, Network: None, Subnet: None, Router: None
2025-04-19 14:54:10.446 69929 INFO tempest.lib.common.dynamic_creds [-] Created isolated network resources for: credentials: Credentials: {'domain_id': 'default', 'domain_name': 'Default', 'username': 'tempest-QuotaClassesAdminTestJSON-1530546794-project-member', 'project_domain_id': 'default', 'project_domain_name': 'Default', 'project_id': 'f2d27c42032e43279f8bfa11d1a9f63c', 'project_name': 'tempest-QuotaClassesAdminTestJSON-1530546794', 'tenant_id': 'f2d27c42032e43279f8bfa11d1a9f63c', 'tenant_name': 'tempest-QuotaClassesAdminTestJSON-1530546794', 'user_domain_id': 'default', 'user_domain_name': 'Default', 'user_id': '3b1107546bd4478da51c26f15de522c4', 'system': None}, Network: None, Subnet: None, Router: None
2025-04-19 14:54:10.464 69951 INFO tempest.lib.common.rest_client [req-866abfb5-8c3f-418a-8aef-57b8348660d3 req-866abfb5-8c3f-418a-8aef-57b8348660d3 ] Request (ImagesNegativeTestJSON:setUpClass): 200 PUT http://10.180.1.21:9696/networking/v2.0/routers/62ab21d3-2b08-4fe2-a40c-caf2d6698c78/add_router_interface 2.133s
2025-04-19 14:54:10.464 69951 INFO tempest.lib.common.dynamic_creds [-] Created isolated network resources for: credentials: Credentials: {'domain_id': 'default', 'domain_name': 'Default', 'username': 'tempest-ImagesNegativeTestJSON-2047427236-project-member', 'project_domain_id': 'default', 'project_domain_name': 'Default', 'project_id': '64f6555ff2524003a2496102d01c9d74', 'project_name': 'tempest-ImagesNegativeTestJSON-2047427236', 'tenant_id': '64f6555ff2524003a2496102d01c9d74', 'tenant_name': 'tempest-ImagesNegativeTestJSON-2047427236', 'user_domain_id': 'default', 'user_domain_name': 'Default', 'user_id': '2d48668a21224969895f53dfe8e3599b', 'system': None}, Network: {'id': '9bc245bd-9bf0-4863-871a-a79d38c1edd7', 'name': 'tempest-ImagesNegativeTestJSON-1726144176-network', 'tenant_id': '64f6555ff2524003a2496102d01c9d74', 'admin_state_up': True, 'mtu': 8950, 'status': 'ACTIVE', 'subnets': [], 'shared': False, 'project_id': '64f6555ff2524003a2496102d01c9d74', 'port_security_enabled': True, 'router:external': False, 'provider:network_type': 'vlan', 'provider:physical_network': 'default', 'provider:segmentation_id': 769, 'availability_zone_hints': [], 'availability_zones': [], 'ipv4_address_scope': None, 'ipv6_address_scope': None, 'description': '', 'tags': [], 'created_at': '2025-04-19T14:54:05Z', 'updated_at': '2025-04-19T14:54:05Z', 'revision_number': 1}, Subnet: {'id': '11b90168-7441-4fe2-9425-4fd74ab5eeaf', 'name': 'tempest-ImagesNegativeTestJSON-1726144176-subnet', 'tenant_id': '64f6555ff2524003a2496102d01c9d74', 'network_id': '9bc245bd-9bf0-4863-871a-a79d38c1edd7', 'ip_version': 4, 'subnetpool_id': None, 'enable_dhcp': True, 'ipv6_ra_mode': None, 'ipv6_address_mode': None, 'gateway_ip': '192.168.128.1', 'cidr': '192.168.128.0/28', 'allocation_pools': [{'start': '192.168.128.2', 'end': '192.168.128.14'}], 'host_routes': [], 'dns_nameservers': [], 'description': '', 'router:external': False, 'service_types': [], 'tags': [], 'created_at': '2025-04-19T14:54:06Z', 'updated_at': '2025-04-19T14:54:06Z', 'revision_number': 0, 'project_id': '64f6555ff2524003a2496102d01c9d74'}, Router: {'id': '62ab21d3-2b08-4fe2-a40c-caf2d6698c78', 'name': 'tempest-ImagesNegativeTestJSON-1726144176-router', 'tenant_id': '64f6555ff2524003a2496102d01c9d74', 'admin_state_up': True, 'status': 'ACTIVE', 'external_gateway_info': {'network_id': '15e7942b-8d5e-46a4-b2ef-482fa95729b2', 'external_fixed_ips': [{'subnet_id': 'bd3301b1-2b52-4d08-ade4-3c40e67083cb', 'ip_address': '10.180.180.249'}], 'enable_snat': True}, 'description': '', 'availability_zones': [], 'distributed': False, 'ha': False, 'availability_zone_hints': [], 'routes': [], 'flavor_id': None, 'tags': [], 'created_at': '2025-04-19T14:54:06Z', 'updated_at': '2025-04-19T14:54:07Z', 'revision_number': 2, 'project_id': '64f6555ff2524003a2496102d01c9d74'}
2025-04-19 14:54:10.521 69937 INFO tempest.lib.common.rest_client [req-b14d5d4c-c3df-478a-8728-3101c51291d4 req-b14d5d4c-c3df-478a-8728-3101c51291d4 ] Request (AttachInterfacesTestJSON:test_create_list_show_delete_interfaces_by_fixed_ip): 200 GET http://10.180.1.21/compute/v2.1/servers/72bb6d82-5ec5-4a20-9599-e4bd68b25d74 2.190s
2025-04-19 14:54:10.547 69929 INFO tempest.lib.common.rest_client [req-5a312d58-33b9-4239-b439-95b46fa08189 req-5a312d58-33b9-4239-b439-95b46fa08189 ] Request (QuotaClassesAdminTestJSON:setUpClass): 201 POST http://10.180.1.21/identity/v3/auth/tokens 0.096s
2025-04-19 14:54:10.656 69951 INFO tempest.lib.common.rest_client [req-f225cf5b-7576-40a1-82f2-83c504550e4b req-f225cf5b-7576-40a1-82f2-83c504550e4b ] Request (ImagesNegativeTestJSON:setUpClass): 201 POST http://10.180.1.21/identity/v3/auth/tokens 0.188s
2025-04-19 14:54:10.702 69951 INFO tempest.lib.common.rest_client [req-f9a5202e-bc00-4a59-97aa-47ad9429caad req-f9a5202e-bc00-4a59-97aa-47ad9429caad ] Request (ImagesNegativeTestJSON:test_create_image_from_deleted_server): 201 POST http://10.180.1.21/identity/v3/auth/tokens 0.038s
2025-04-19 14:54:10.702 69951 INFO tempest.lib.common.fixed_network [-] (ImagesNegativeTestJSON:test_create_image_from_deleted_server) Found network {'id': '9bc245bd-9bf0-4863-871a-a79d38c1edd7', 'name': 'tempest-ImagesNegativeTestJSON-1726144176-network', 'tenant_id': '64f6555ff2524003a2496102d01c9d74', 'admin_state_up': True, 'mtu': 8950, 'status': 'ACTIVE', 'subnets': [], 'shared': False, 'project_id': '64f6555ff2524003a2496102d01c9d74', 'port_security_enabled': True, 'router:external': False, 'provider:network_type': 'vlan', 'provider:physical_network': 'default', 'provider:segmentation_id': 769, 'availability_zone_hints': [], 'availability_zones': [], 'ipv4_address_scope': None, 'ipv6_address_scope': None, 'description': '', 'tags': [], 'created_at': '2025-04-19T14:54:05Z', 'updated_at': '2025-04-19T14:54:05Z', 'revision_number': 1} available for tenant
2025-04-19 14:54:10.710 69929 INFO tempest.lib.common.rest_client [req-94b9c975-c52d-4982-8900-0eb714875e33 req-94b9c975-c52d-4982-8900-0eb714875e33 ] Request (QuotaClassesAdminTestJSON:setUpClass): 201 POST http://10.180.1.21/identity/v3/projects 0.162s
2025-04-19 14:54:10.771 69913 INFO tempest.lib.common.rest_client [req-b802c476-d82f-4d89-9bca-a71575aaf5d9 req-b802c476-d82f-4d89-9bca-a71575aaf5d9 ] Request (FloatingIPDetailsNegativeTestJSON:test_get_nonexistent_floating_ip_details): 404 GET http://10.180.1.21/compute/v2.1/os-floating-ips/ee3c5d7b-702a-4b3b-832e-4fd18d99d084 2.192s
2025-04-19 14:54:10.789 69929 INFO tempest.lib.common.rest_client [req-f0c4f21b-629c-490d-bce7-05c90fef02c0 req-f0c4f21b-629c-490d-bce7-05c90fef02c0 ] Request (QuotaClassesAdminTestJSON:setUpClass): 201 POST http://10.180.1.21/identity/v3/users 0.079s
2025-04-19 14:54:10.835 69929 INFO tempest.lib.common.rest_client [req-62bc3071-516a-444f-8a9c-4618e8201cca req-62bc3071-516a-444f-8a9c-4618e8201cca ] Request (QuotaClassesAdminTestJSON:setUpClass): 200 GET http://10.180.1.21/identity/v3/roles 0.045s
2025-04-19 14:54:10.890 69929 INFO tempest.lib.common.rest_client [req-d4ebb29c-45c3-4dc1-a2e0-280ed037bb36 req-d4ebb29c-45c3-4dc1-a2e0-280ed037bb36 ] Request (QuotaClassesAdminTestJSON:setUpClass): 204 PUT http://10.180.1.21/identity/v3/projects/cf85557c444d4e8db11d5629b7dd0c75/users/ffa0afdc03554580bad92c9e5e95404b/roles/7705cdf19dc042fe803254d7145b0b06 0.054s
2025-04-19 14:54:10.899 69947 INFO tempest.lib.common.rest_client [req-7bc1f9d0-2b57-490d-b590-04b9d430a83c req-7bc1f9d0-2b57-490d-b590-04b9d430a83c ] Request (VolumesAssistedSnapshotsTest:test_volume_assisted_snapshot_create_delete): 200 GET http://10.180.1.21/compute/v2.1/servers/b1e0d3ca-8f60-40e3-b748-c27ab7c346b3 2.078s
2025-04-19 14:54:10.940 69903 INFO tempest.lib.common.rest_client [req-737e1dc5-da5b-401b-9f26-1993bf1c53dd req-737e1dc5-da5b-401b-9f26-1993bf1c53dd ] Request (FlavorsAccessTestJSON:tearDownClass): 200 GET http://10.180.1.21:9696/networking/v2.0/security-groups?tenant_id=fee53b1732074d4baaefe61906a0211c&name=default 0.543s
2025-04-19 14:54:10.965 69909 INFO tempest.lib.common.rest_client [req-7946c446-37d2-42b2-a3b1-bb3eafd053b3 req-7946c446-37d2-42b2-a3b1-bb3eafd053b3 ] Request (ServerActionsTestJSON:setUpClass): 200 PUT http://10.180.1.21:9696/networking/v2.0/routers/ab84e8c2-aa4d-4428-a908-7474dee7f5b7/add_router_interface 2.788s
2025-04-19 14:54:10.965 69909 INFO tempest.lib.common.dynamic_creds [-] Created isolated network resources for: credentials: Credentials: {'domain_id': 'default', 'domain_name': 'Default', 'username': 'tempest-ServerActionsTestJSON-547645922-project-member', 'project_domain_id': 'default', 'project_domain_name': 'Default', 'project_id': '7d9fa402f84943b799c941ef8b421ca8', 'project_name': 'tempest-ServerActionsTestJSON-547645922', 'tenant_id': '7d9fa402f84943b799c941ef8b421ca8', 'tenant_name': 'tempest-ServerActionsTestJSON-547645922', 'user_domain_id': 'default', 'user_domain_name': 'Default', 'user_id': '1377cca8ece84b4cbf5330781196e7c3', 'system': None}, Network: {'id': '37ea5ce5-6e0b-4691-b4de-9889e00c2c2e', 'name': 'tempest-ServerActionsTestJSON-1622975790-network', 'tenant_id': '7d9fa402f84943b799c941ef8b421ca8', 'admin_state_up': True, 'mtu': 8950, 'status': 'ACTIVE', 'subnets': [], 'shared': False, 'project_id': '7d9fa402f84943b799c941ef8b421ca8', 'port_security_enabled': True, 'router:external': False, 'provider:network_type': 'vlan', 'provider:physical_network': 'default', 'provider:segmentation_id': 997, 'availability_zone_hints': [], 'availability_zones': [], 'ipv4_address_scope': None, 'ipv6_address_scope': None, 'description': '', 'tags': [], 'created_at': '2025-04-19T14:54:04Z', 'updated_at': '2025-04-19T14:54:04Z', 'revision_number': 1}, Subnet: {'id': '181a62e8-3ccd-4f39-bf9d-b13da04f9bc6', 'name': 'tempest-ServerActionsTestJSON-1622975790-subnet', 'tenant_id': '7d9fa402f84943b799c941ef8b421ca8', 'network_id': '37ea5ce5-6e0b-4691-b4de-9889e00c2c2e', 'ip_version': 4, 'subnetpool_id': None, 'enable_dhcp': True, 'ipv6_ra_mode': None, 'ipv6_address_mode': None, 'gateway_ip': '192.168.128.1', 'cidr': '192.168.128.0/28', 'allocation_pools': [{'start': '192.168.128.2', 'end': '192.168.128.14'}], 'host_routes': [], 'dns_nameservers': [], 'description': '', 'router:external': False, 'service_types': [], 'tags': [], 'created_at': '2025-04-19T14:54:05Z', 'updated_at': '2025-04-19T14:54:05Z', 'revision_number': 0, 'project_id': '7d9fa402f84943b799c941ef8b421ca8'}, Router: {'id': 'ab84e8c2-aa4d-4428-a908-7474dee7f5b7', 'name': 'tempest-ServerActionsTestJSON-1622975790-router', 'tenant_id': '7d9fa402f84943b799c941ef8b421ca8', 'admin_state_up': True, 'status': 'ACTIVE', 'external_gateway_info': {'network_id': '15e7942b-8d5e-46a4-b2ef-482fa95729b2', 'external_fixed_ips': [{'subnet_id': 'bd3301b1-2b52-4d08-ade4-3c40e67083cb', 'ip_address': '10.180.180.230'}], 'enable_snat': True}, 'description': '', 'availability_zones': [], 'distributed': False, 'ha': False, 'availability_zone_hints': [], 'routes': [], 'flavor_id': None, 'tags': [], 'created_at': '2025-04-19T14:54:05Z', 'updated_at': '2025-04-19T14:54:07Z', 'revision_number': 2, 'project_id': '7d9fa402f84943b799c941ef8b421ca8'}
2025-04-19 14:54:10.992 69929 INFO tempest.lib.common.rest_client [req-6e40f5cb-003c-49d8-b2a6-6bee3567750e req-6e40f5cb-003c-49d8-b2a6-6bee3567750e ] Request (QuotaClassesAdminTestJSON:setUpClass): 200 GET http://10.180.1.21/identity/v3/roles 0.102s
2025-04-19 14:54:11.034 69929 INFO tempest.lib.common.rest_client [req-6e3be0a5-d79a-4859-a03d-2f2f262f3e7a req-6e3be0a5-d79a-4859-a03d-2f2f262f3e7a ] Request (QuotaClassesAdminTestJSON:setUpClass): 204 PUT http://10.180.1.21/identity/v3/projects/cf85557c444d4e8db11d5629b7dd0c75/users/ffa0afdc03554580bad92c9e5e95404b/roles/7705cdf19dc042fe803254d7145b0b06 0.041s
2025-04-19 14:54:11.034 69929 INFO tempest.lib.common.dynamic_creds [-] Dynamic test user ffa0afdc03554580bad92c9e5e95404b is created with scope project and roles: ['admin']
2025-04-19 14:54:11.034 69929 INFO tempest.lib.common.dynamic_creds [-] Acquired dynamic creds: credentials: Credentials: {'domain_id': 'default', 'domain_name': 'Default', 'username': 'tempest-QuotaClassesAdminTestJSON-1395901181-project-admin', 'project_domain_id': 'default', 'project_domain_name': 'Default', 'project_id': 'cf85557c444d4e8db11d5629b7dd0c75', 'project_name': 'tempest-QuotaClassesAdminTestJSON-1395901181', 'tenant_id': 'cf85557c444d4e8db11d5629b7dd0c75', 'tenant_name': 'tempest-QuotaClassesAdminTestJSON-1395901181', 'user_domain_id': 'default', 'user_domain_name': 'Default', 'user_id': 'ffa0afdc03554580bad92c9e5e95404b', 'system': None}, Network: None, Subnet: None, Router: None
2025-04-19 14:54:11.034 69929 INFO tempest.lib.common.dynamic_creds [-] Created isolated network resources for: credentials: Credentials: {'domain_id': 'default', 'domain_name': 'Default', 'username': 'tempest-QuotaClassesAdminTestJSON-1395901181-project-admin', 'project_domain_id': 'default', 'project_domain_name': 'Default', 'project_id': 'cf85557c444d4e8db11d5629b7dd0c75', 'project_name': 'tempest-QuotaClassesAdminTestJSON-1395901181', 'tenant_id': 'cf85557c444d4e8db11d5629b7dd0c75', 'tenant_name': 'tempest-QuotaClassesAdminTestJSON-1395901181', 'user_domain_id': 'default', 'user_domain_name': 'Default', 'user_id': 'ffa0afdc03554580bad92c9e5e95404b', 'system': None}, Network: None, Subnet: None, Router: None
2025-04-19 14:54:11.100 69909 INFO tempest.lib.common.rest_client [req-ecf851cc-d8dc-438e-b119-9a09cfb24970 req-ecf851cc-d8dc-438e-b119-9a09cfb24970 ] Request (ServerActionsTestJSON:setUpClass): 201 POST http://10.180.1.21/identity/v3/auth/tokens 0.131s
2025-04-19 14:54:11.168 69929 INFO tempest.lib.common.rest_client [req-4d0c1e85-ac06-47c0-a4f7-dfd863a5c8f8 req-4d0c1e85-ac06-47c0-a4f7-dfd863a5c8f8 ] Request (QuotaClassesAdminTestJSON:setUpClass): 201 POST http://10.180.1.21/identity/v3/auth/tokens 0.131s
2025-04-19 14:54:11.183 69919 INFO tempest.lib.common.rest_client [req-2d3ca199-3419-4c50-b3d5-e8d9b432dc05 req-2d3ca199-3419-4c50-b3d5-e8d9b432dc05 ] Request (ServersAdmin275Test:test_rebuild_update_server_275): 202 POST http://10.180.1.21/compute/v2.1/servers 2.147s
2025-04-19 14:54:11.296 69939 INFO tempest.lib.common.rest_client [req-e61a5a9d-390d-4890-86e7-63c84fea905a req-e61a5a9d-390d-4890-86e7-63c84fea905a ] Request (ServerMetadataTestJSON:setUpClass): 200 GET http://10.180.1.21/compute/v2.1/servers/63601191-17ad-4e58-ab82-be3decc8c167 2.175s
2025-04-19 14:54:11.341 69901 INFO tempest.lib.common.rest_client [req-374978ec-d890-41fa-97ea-21d38e372058 req-374978ec-d890-41fa-97ea-21d38e372058 ] Request (ImagesMetadataTestJSON:test_set_image_metadata): 200 GET http://10.180.1.21/compute/v2.1/images/fbc0bee1-c720-459e-a3a3-5ceb6f999f59/metadata 2.101s
2025-04-19 14:54:11.363 69963 INFO tempest.lib.common.rest_client [req-6f020f5b-1bb1-4099-8146-7b1b2df4e921 req-6f020f5b-1bb1-4099-8146-7b1b2df4e921 ] Request (KeyPairsV210TestJSON:_run_cleanups): 204 DELETE http://10.180.1.21/compute/v2.1/os-keypairs/tempest-KeyPairsV210TestJSON-keypair-228256992 2.003s
2025-04-19 14:54:11.379 69911 INFO tempest.lib.common.rest_client [req-32a7537b-fe18-46e8-bfd8-9b2a325dd9c7 req-32a7537b-fe18-46e8-bfd8-9b2a325dd9c7 ] Request (FloatingIPsTestJSON:test_delete_floating_ip): 202 DELETE http://10.180.1.21/compute/v2.1/os-floating-ips/dd6368c9-fe5e-4347-a496-cf4ceb80f7ac 2.862s
2025-04-19 14:54:11.388 69926 INFO tempest.lib.common.rest_client [req-e249604b-58f3-47c6-8dcf-6cbbe4f0fe8f req-e249604b-58f3-47c6-8dcf-6cbbe4f0fe8f ] Request (ServicesAdminNegativeV253TestJSON:test_get_service_by_invalid_service_and_valid_host): 200 GET http://10.180.1.21/compute/v2.1/os-services 1.975s
2025-04-19 14:54:11.393 69905 INFO tempest.lib.common.rest_client [req-cf143e35-5a4d-4dfe-a3c4-63b551383a67 req-cf143e35-5a4d-4dfe-a3c4-63b551383a67 ] Request (HypervisorAdminNegativeTestJSON:test_get_hypervisor_uptime_with_non_admin_user): 403 GET http://10.180.1.21/compute/v2.1/os-hypervisors/1/uptime 1.856s
2025-04-19 14:54:11.404 69907 INFO tempest.lib.common.rest_client [req-ba0017af-578a-4283-bb75-2d599bb4cf36 req-ba0017af-578a-4283-bb75-2d599bb4cf36 ] Request (QuotasAdminTestJSON:test_delete_quota): 202 DELETE http://10.180.1.21/compute/v2.1/os-quota-sets/3d20b34af245433c9a675304f2e3752b 1.858s
2025-04-19 14:54:11.428 69927 INFO tempest.lib.common.rest_client [req-6477d80c-6ea8-4283-8dd7-2b4edfc31cc5 req-6477d80c-6ea8-4283-8dd7-2b4edfc31cc5 ] Request (AggregatesAdminNegativeTestJSON:_run_cleanups): 200 DELETE http://10.180.1.21/compute/v2.1/os-aggregates/3 1.863s
2025-04-19 14:54:11.446 69915 INFO tempest.lib.common.rest_client [req-e11dcc74-924d-4229-924e-8e2c8ae82447 req-e11dcc74-924d-4229-924e-8e2c8ae82447 ] Request (FlavorsAccessNegativeTestJSON:test_flavor_non_admin_add): 200 POST http://10.180.1.21/compute/v2.1/flavors 1.848s
2025-04-19 14:54:11.519 69941 INFO tempest.lib.common.rest_client [req-ba2c8e85-b18b-4e28-9d94-1484e268478c req-ba2c8e85-b18b-4e28-9d94-1484e268478c ] Request (ImagesTestJSON:setUpClass): 200 PUT http://10.180.1.21:9696/networking/v2.0/routers/d9dc29e8-d9de-48bb-8297-3b8516cbd75b/add_router_interface 2.621s
