2025-04-19 14:53:45.166 69919 INFO tempest.lib.common.rest_client [req-de2de2a1-4b01-44ce-931a-bf8572b0c0f8 req-de2de2a1-4b01-44ce-931a-bf8572b0c0f8 ] Request (HypervisorAdminV253TestBase:setUpClass): 200 GET http://10.180.1.21/identity/v3/roles 0.539s
2025-04-19 14:53:45.172 69951 INFO tempest.lib.common.rest_client [req-20c7279a-1da5-4431-8b05-51292678c686 req-20c7279a-1da5-4431-8b05-51292678c686 ] Request (FlavorsV2TestJSON:test_list_flavors_detailed_filter_by_min_ram): 200 GET http://10.180.1.21/compute/v2.1/flavors/42 0.039s
2025-04-19 14:53:45.184 69963 INFO tempest.lib.common.rest_client [req-8956ca0a-ebe1-4389-9c88-7945162adbb9 req-8956ca0a-ebe1-4389-9c88-7945162adbb9 ] Request (InstanceUsageAuditLogTestJSON:setUpClass): 201 POST http://10.180.1.21/identity/v3/users 0.509s
2025-04-19 14:53:45.195 69945 INFO tempest.lib.common.rest_client [req-57d956c7-649e-47b5-ad5c-cb526f49e16d req-57d956c7-649e-47b5-ad5c-cb526f49e16d ] Request (KeyPairsV2TestJSON:test_keypairs_create_list_delete): 200 POST http://10.180.1.21/compute/v2.1/os-keypairs 0.053s
2025-04-19 14:53:45.200 69911 INFO tempest.lib.common.rest_client [req-5114a1fd-10f5-4284-8a1a-33dc3c6f0996 req-5114a1fd-10f5-4284-8a1a-33dc3c6f0996 ] Request (HostsAdminNegativeTestJSON:test_startup_host_with_non_admin_user): 403 GET http://10.180.1.21/compute/v2.1/os-hosts/devstack/startup 0.044s
2025-04-19 14:53:45.201 69913 INFO tempest.lib.common.rest_client [req-5e89e7b9-3603-442d-9c67-bda7f8586a6a req-5e89e7b9-3603-442d-9c67-bda7f8586a6a ] Request (ServicesAdminTestJSON:setUpClass): 200 GET http://10.180.1.21/identity/v3/roles 0.518s
2025-04-19 14:53:45.209 69921 INFO tempest.lib.common.rest_client [req-d0b05dc7-229a-4289-b088-8e70dfb8c849 req-d0b05dc7-229a-4289-b088-8e70dfb8c849 ] Request (FlavorsExtraSpecsNegativeTestJSON:test_flavor_update_mismatch_key): 400 PUT http://10.180.1.21/compute/v2.1/flavors/822291054/os-extra_specs/hw:numa_nodes 0.044s
2025-04-19 14:53:45.228 69907 INFO tempest.lib.common.rest_client [req-435a6f54-fb33-4048-acd4-dc454e938618 req-435a6f54-fb33-4048-acd4-dc454e938618 ] Request (QuotasAdminTestJSON:setUpClass): 201 POST http://10.180.1.21/identity/v3/auth/tokens 0.596s
2025-04-19 14:53:45.229 69907 WARNING tempest.lib.common.rest_client [-] Deprecated: "tenant_id" property is deprecated for removal, use "project_id" instead
2025-04-19 14:53:45.236 69951 INFO tempest.lib.common.rest_client [req-19f35cbe-0191-4ebe-8ea5-8a32cde4e434 req-19f35cbe-0191-4ebe-8ea5-8a32cde4e434 ] Request (FlavorsV2TestJSON:test_list_flavors_detailed_filter_by_min_ram): 200 GET http://10.180.1.21/compute/v2.1/flavors/detail?minRam=193 0.061s
2025-04-19 14:53:45.251 69959 INFO tempest.lib.common.rest_client [req-4a841efc-4c5a-453d-a70b-2922274cbef7 req-4a841efc-4c5a-453d-a70b-2922274cbef7 ] Request (FlavorsAdminTestJSON:setUpClass): 201 POST http://10.180.1.21/identity/v3/users 0.504s
2025-04-19 14:53:45.255 69941 INFO tempest.lib.common.rest_client [req-377570cf-eaf3-47db-978c-cc46e76ea1c9 req-377570cf-eaf3-47db-978c-cc46e76ea1c9 ] Request (QuotasAdminTestV257:test_get_updated_quotas): 201 POST http://10.180.1.21/identity/v3/projects 0.519s
2025-04-19 14:53:45.265 69945 INFO tempest.lib.common.rest_client [req-a3fbf9ec-a814-4f1e-91db-f4559af9ffd5 req-a3fbf9ec-a814-4f1e-91db-f4559af9ffd5 ] Request (KeyPairsV2TestJSON:test_keypairs_create_list_delete): 200 POST http://10.180.1.21/compute/v2.1/os-keypairs 0.067s
2025-04-19 14:53:45.275 69911 INFO tempest.lib.common.rest_client [req-30e66387-dea1-4376-93a4-ed1ee21998d5 req-30e66387-dea1-4376-93a4-ed1ee21998d5 ] Request (HostsAdminNegativeTestJSON:test_startup_nonexistent_host): 404 GET http://10.180.1.21/compute/v2.1/os-hosts/nonexistent_hostname/startup 0.072s
2025-04-19 14:53:45.280 69921 INFO tempest.lib.common.rest_client [req-88ca106b-8185-4f0c-b944-c743b8191236 req-88ca106b-8185-4f0c-b944-c743b8191236 ] Request (FlavorsExtraSpecsNegativeTestJSON:test_flavor_update_more_key): 400 PUT http://10.180.1.21/compute/v2.1/flavors/822291054/os-extra_specs/hw:numa_nodes 0.068s
2025-04-19 14:53:45.291 69951 INFO tempest.lib.common.rest_client [req-f8c608e5-b35e-4aba-ac42-e8422b4c756f req-f8c608e5-b35e-4aba-ac42-e8422b4c756f ] Request (FlavorsV2TestJSON:test_list_flavors_detailed_limit_results): 200 GET http://10.180.1.21/compute/v2.1/flavors/detail?limit=1 0.048s
2025-04-19 14:53:45.304 69905 INFO tempest.lib.common.rest_client [req-584fc52d-5051-42bd-81be-4eb353914f7a req-584fc52d-5051-42bd-81be-4eb353914f7a ] Request (FlavorMetadataValidation:setUpClass): 200 GET http://10.180.1.21/identity/v3/roles 0.535s
2025-04-19 14:53:45.306 69915 INFO tempest.lib.common.rest_client [req-9788b687-5996-47a5-9662-6943fde5137d req-9788b687-5996-47a5-9662-6943fde5137d ] Request (FlavorsAccessNegativeTestJSON:setUpClass): 200 GET http://10.180.1.21/identity/v3/roles 0.478s
2025-04-19 14:53:45.319 69945 INFO tempest.lib.common.rest_client [req-41f968a5-d852-42e9-bba1-385248b6cb77 req-41f968a5-d852-42e9-bba1-385248b6cb77 ] Request (KeyPairsV2TestJSON:test_keypairs_create_list_delete): 200 POST http://10.180.1.21/compute/v2.1/os-keypairs 0.051s
2025-04-19 14:53:45.322 69911 INFO tempest.lib.common.rest_client [req-abf1a185-803d-4dc3-99e3-aae713d2bca1 req-abf1a185-803d-4dc3-99e3-aae713d2bca1 ] Request (HostsAdminNegativeTestJSON:test_update_host_with_invalid_maintenance_mode): 400 PUT http://10.180.1.21/compute/v2.1/os-hosts/devstack 0.045s
2025-04-19 14:53:45.323 69929 INFO tempest.lib.common.rest_client [req-349024ee-9c56-4418-b30f-f8efce185bab req-349024ee-9c56-4418-b30f-f8efce185bab ] Request (HostsAdminTestJSON:setUpClass): 200 GET http://10.180.1.21/identity/v3/roles 0.428s
2025-04-19 14:53:45.331 69917 INFO tempest.lib.common.rest_client [req-a1a71824-6d7f-4c1a-8731-bf2104421e61 req-a1a71824-6d7f-4c1a-8731-bf2104421e61 ] Request (DeleteServersAdminTestJSON:setUpClass): 204 PUT http://10.180.1.21/identity/v3/projects/f347e1f7b5a445ac8e60e9ca687ad620/users/66436b3d0c7b45ff85b55bc389c363a6/roles/7705cdf19dc042fe803254d7145b0b06 0.453s
2025-04-19 14:53:45.344 69921 INFO tempest.lib.common.rest_client [req-8cc2d01a-1d5b-4f3c-ac9b-e5540f19fb33 req-8cc2d01a-1d5b-4f3c-ac9b-e5540f19fb33 ] Request (FlavorsExtraSpecsNegativeTestJSON:tearDownClass): 202 DELETE http://10.180.1.21/compute/v2.1/flavors/822291054 0.062s
2025-04-19 14:53:45.358 69951 INFO tempest.lib.common.rest_client [req-687ad09e-6685-4c9c-bfde-d70e1a54e8d9 req-687ad09e-6685-4c9c-bfde-d70e1a54e8d9 ] Request (FlavorsV2TestJSON:test_list_flavors_detailed_using_marker): 200 GET http://10.180.1.21/compute/v2.1/flavors/42 0.061s
2025-04-19 14:53:45.370 69945 INFO tempest.lib.common.rest_client [req-18b99ef0-0f96-4d36-9ffa-1c87fbc5401c req-18b99ef0-0f96-4d36-9ffa-1c87fbc5401c ] Request (KeyPairsV2TestJSON:test_keypairs_create_list_delete): 200 GET http://10.180.1.21/compute/v2.1/os-keypairs 0.049s
2025-04-19 14:53:45.377 69911 INFO tempest.lib.common.rest_client [req-6aadd122-726f-40bd-a669-678d59fe4dd8 req-6aadd122-726f-40bd-a669-678d59fe4dd8 ] Request (HostsAdminNegativeTestJSON:test_update_host_with_invalid_status): 400 PUT http://10.180.1.21/compute/v2.1/os-hosts/devstack 0.053s
2025-04-19 14:53:45.377 69933 INFO tempest.lib.common.rest_client [req-5785a581-2908-4547-af6b-fa9576e5befc req-5785a581-2908-4547-af6b-fa9576e5befc ] Request (AZAdminNegativeTestJSON:setUpClass): 200 GET http://10.180.1.21/identity/v3/roles 0.473s
2025-04-19 14:53:45.393 69921 INFO tempest.lib.common.rest_client [req-a861659b-2dc4-411a-af25-16b162e92d83 req-a861659b-2dc4-411a-af25-16b162e92d83 ] Request (FlavorsExtraSpecsNegativeTestJSON:tearDownClass): 200 GET http://10.180.1.21/compute/v2.1/flavors/detail 0.048s
2025-04-19 14:53:45.400 69943 INFO tempest.lib.common.rest_client [req-747bb2a4-47a2-4f5a-83c4-b7ad7d5c3771 req-747bb2a4-47a2-4f5a-83c4-b7ad7d5c3771 ] Request (TenantUsagesTestJSON:setUpClass): 200 GET http://10.180.1.21/identity/v3/roles 0.482s
2025-04-19 14:53:45.407 69935 INFO tempest.lib.common.rest_client [req-0e2d8167-b0b9-42e6-8753-4d6cfa31dfcf req-0e2d8167-b0b9-42e6-8753-4d6cfa31dfcf ] Request (MigrationsAdminTest:setUpClass): 204 PUT http://10.180.1.21/identity/v3/projects/bc174e7a1144409392c069ec1a114c2b/users/c5456ec1a4874ddfb3c16add8712e9d8/roles/7705cdf19dc042fe803254d7145b0b06 0.474s
2025-04-19 14:53:45.457 69923 INFO tempest.lib.common.rest_client [req-884df74d-1551-4755-b382-584182593eed req-884df74d-1551-4755-b382-584182593eed ] Request (HypervisorAdminTestJSON:setUpClass): 201 POST http://10.180.1.21/identity/v3/auth/tokens 0.505s
2025-04-19 14:53:45.503 69939 INFO tempest.lib.common.rest_client [req-042f88c2-fe14-4abf-9472-b6c289a768a1 req-042f88c2-fe14-4abf-9472-b6c289a768a1 ] Request (NetworksTest:setUpClass): 200 GET http://10.180.1.21/identity/v3/roles 0.504s
2025-04-19 14:53:45.520 69957 INFO tempest.lib.common.rest_client [req-135cb61d-8eac-49b5-bb40-584523e4eba1 req-135cb61d-8eac-49b5-bb40-584523e4eba1 ] Request (AZAdminV2TestJSON:setUpClass): 204 PUT http://10.180.1.21/identity/v3/projects/4c95ed67a06047dbaaf7826e0374296c/users/afdce1ab684f410caa3160bb43d489b9/roles/7705cdf19dc042fe803254d7145b0b06 0.504s
2025-04-19 14:53:45.522 69927 INFO tempest.lib.common.rest_client [req-77d650d9-f64e-405d-b1ad-546eb8e5ebc1 req-77d650d9-f64e-405d-b1ad-546eb8e5ebc1 ] Request (AggregatesAdminNegativeTestJSON:setUpClass): 200 GET http://10.180.1.21/identity/v3/roles 0.502s
2025-04-19 14:53:45.563 69951 INFO tempest.lib.common.rest_client [req-5a5db6ae-2b12-4641-a537-f3c3dace30ba req-5a5db6ae-2b12-4641-a537-f3c3dace30ba ] Request (FlavorsV2TestJSON:test_list_flavors_detailed_using_marker): 200 GET http://10.180.1.21/compute/v2.1/flavors/detail?marker=42 0.203s
2025-04-19 14:53:45.567 69955 INFO tempest.lib.common.rest_client [req-19da2f43-939c-4d1c-88eb-55818e0a283b req-19da2f43-939c-4d1c-88eb-55818e0a283b ] Request (QuotasAdminNegativeTest:setUpClass): 200 GET http://10.180.1.21/identity/v3/roles 0.501s
2025-04-19 14:53:45.571 69909 INFO tempest.lib.common.rest_client [req-58ad651f-286c-433a-a35c-da4d7a2b7843 req-58ad651f-286c-433a-a35c-da4d7a2b7843 ] Request (FlavorsV261TestJSON:setUpClass): 204 PUT http://10.180.1.21/identity/v3/projects/3d9af05b76014b9aabc6ae5e14989365/users/a2b66ef611aa41aba4f8e9dcd602af2c/roles/7705cdf19dc042fe803254d7145b0b06 0.487s
2025-04-19 14:53:45.576 69945 INFO tempest.lib.common.rest_client [req-06ffa08e-aadd-4a6c-b4a4-97f6ec7eb85a req-06ffa08e-aadd-4a6c-b4a4-97f6ec7eb85a ] Request (KeyPairsV2TestJSON:_run_cleanups): 202 DELETE http://10.180.1.21/compute/v2.1/os-keypairs/tempest-KeyPairsV2TestJSON-keypair-1880839797 0.204s
2025-04-19 14:53:45.583 69911 INFO tempest.lib.common.rest_client [req-5c233353-bb63-4390-8b2f-22d376559e9a req-5c233353-bb63-4390-8b2f-22d376559e9a ] Request (HostsAdminNegativeTestJSON:test_update_host_with_non_admin_user): 403 PUT http://10.180.1.21/compute/v2.1/os-hosts/devstack 0.204s
2025-04-19 14:53:45.616 69926 INFO tempest.lib.common.rest_client [req-c665c7f0-e61f-40ec-82b7-c4693fa375bb req-c665c7f0-e61f-40ec-82b7-c4693fa375bb ] Request (HypervisorAdminV228Test:setUpClass): 200 GET http://10.180.1.21/identity/v3/roles 0.471s
2025-04-19 14:53:45.637 69903 INFO tempest.lib.common.rest_client [req-61df9f1a-8550-4f89-b126-5fd66b67293f req-61df9f1a-8550-4f89-b126-5fd66b67293f ] Request (FlavorsAccessTestJSON:setUpClass): 204 PUT http://10.180.1.21/identity/v3/projects/fee53b1732074d4baaefe61906a0211c/users/0cc6f8c1bdf84df089dd7c7acfb20b2b/roles/7705cdf19dc042fe803254d7145b0b06 0.489s
2025-04-19 14:53:45.639 69953 INFO tempest.lib.common.rest_client [req-d820bc82-3012-434d-ba2c-05d5945d21ed req-d820bc82-3012-434d-ba2c-05d5945d21ed ] Request (QuotaClassesAdmin257Test:setUpClass): 204 PUT http://10.180.1.21/identity/v3/projects/1f791ee9579c4d12b85d27dde2aa9663/users/e623aad0e5494f9cae970c8d1d569433/roles/7705cdf19dc042fe803254d7145b0b06 0.475s
2025-04-19 14:53:45.679 69963 INFO tempest.lib.common.rest_client [req-5641d745-84ac-4bc3-8bdf-69c3775d46b5 req-5641d745-84ac-4bc3-8bdf-69c3775d46b5 ] Request (InstanceUsageAuditLogTestJSON:setUpClass): 200 GET http://10.180.1.21/identity/v3/roles 0.494s
2025-04-19 14:53:45.696 69919 INFO tempest.lib.common.rest_client [req-308f8dde-f9e9-4b54-964f-d872ee16bdf9 req-308f8dde-f9e9-4b54-964f-d872ee16bdf9 ] Request (HypervisorAdminV253TestBase:setUpClass): 204 PUT http://10.180.1.21/identity/v3/projects/5925ebf706b945ceabe2c8586039d644/users/83a7723584cf439b8394cdeed15c6103/roles/7705cdf19dc042fe803254d7145b0b06 0.529s
2025-04-19 14:53:45.705 69913 INFO tempest.lib.common.rest_client [req-3288efdc-16d8-47dc-a832-c0ec7f86abc7 req-3288efdc-16d8-47dc-a832-c0ec7f86abc7 ] Request (ServicesAdminTestJSON:setUpClass): 204 PUT http://10.180.1.21/identity/v3/projects/36ced620c8c349108e7610e582859935/users/6eb6d5b6a60a48f2ab5054da0b981970/roles/7705cdf19dc042fe803254d7145b0b06 0.503s
2025-04-19 14:53:45.707 69937 INFO tempest.lib.common.rest_client [req-a8e93e38-7c5c-433e-96c9-a65bc0cf9cf2 req-a8e93e38-7c5c-433e-96c9-a65bc0cf9cf2 ] Request (AttachInterfacesTestJSON:setUpClass): 201 POST http://10.180.1.21:9696/networking/v2.0/routers 0.703s
2025-04-19 14:53:45.728 69931 INFO tempest.lib.common.rest_client [req-a76a33e5-5aa6-4b96-8cb6-5f5b1d855ffb req-a76a33e5-5aa6-4b96-8cb6-5f5b1d855ffb ] Request (ServersWithSpecificFlavorTestJSON:setUpClass): 201 POST http://10.180.1.21:9696/networking/v2.0/routers 1.015s
2025-04-19 14:53:45.757 69941 INFO tempest.lib.common.rest_client [req-60a219ff-3ceb-463c-93ae-3612d358fdb0 req-60a219ff-3ceb-463c-93ae-3612d358fdb0 ] Request (QuotasAdminTestV257:test_get_updated_quotas): 200 GET http://10.180.1.21/identity/v3/domains?name=Default 0.501s
2025-04-19 14:53:45.792 69959 INFO tempest.lib.common.rest_client [req-9e230cfb-fa32-4c6b-bda1-896099607b66 req-9e230cfb-fa32-4c6b-bda1-896099607b66 ] Request (FlavorsAdminTestJSON:setUpClass): 200 GET http://10.180.1.21/identity/v3/roles 0.541s
2025-04-19 14:53:45.823 69905 INFO tempest.lib.common.rest_client [req-3e7d54c1-c817-4d7d-8d34-7ce2b9f1a2dc req-3e7d54c1-c817-4d7d-8d34-7ce2b9f1a2dc ] Request (FlavorMetadataValidation:setUpClass): 204 PUT http://10.180.1.21/identity/v3/projects/12e89f3c4ab043808a3b291e10d8357c/users/9789baa5254140f69c8a212ca6ee6110/roles/7705cdf19dc042fe803254d7145b0b06 0.518s
2025-04-19 14:53:45.831 69915 INFO tempest.lib.common.rest_client [req-04e14d45-e480-4e47-b43d-7a25e1c28a33 req-04e14d45-e480-4e47-b43d-7a25e1c28a33 ] Request (FlavorsAccessNegativeTestJSON:setUpClass): 204 PUT http://10.180.1.21/identity/v3/projects/9e0bd0f0ab574c2d88137f734be8f43f/users/8a33f3ed031241e898225476963fd449/roles/7705cdf19dc042fe803254d7145b0b06 0.524s
2025-04-19 14:53:45.831 69915 INFO tempest.lib.common.dynamic_creds [-] Dynamic test user 8a33f3ed031241e898225476963fd449 is created with scope project and roles: ['admin']
2025-04-19 14:53:45.831 69915 INFO tempest.lib.common.dynamic_creds [-] Acquired dynamic creds: credentials: Credentials: {'domain_id': 'default', 'domain_name': 'Default', 'username': 'tempest-FlavorsAccessNegativeTestJSON-850458769-project-admin', 'project_domain_id': 'default', 'project_domain_name': 'Default', 'project_id': '9e0bd0f0ab574c2d88137f734be8f43f', 'project_name': 'tempest-FlavorsAccessNegativeTestJSON-850458769', 'tenant_id': '9e0bd0f0ab574c2d88137f734be8f43f', 'tenant_name': 'tempest-FlavorsAccessNegativeTestJSON-850458769', 'user_domain_id': 'default', 'user_domain_name': 'Default', 'user_id': '8a33f3ed031241e898225476963fd449', 'system': None}, Network: None, Subnet: None, Router: None
2025-04-19 14:53:45.831 69915 INFO tempest.lib.common.dynamic_creds [-] Created isolated network resources for: credentials: Credentials: {'domain_id': 'default', 'domain_name': 'Default', 'username': 'tempest-FlavorsAccessNegativeTestJSON-850458769-project-admin', 'project_domain_id': 'default', 'project_domain_name': 'Default', 'project_id': '9e0bd0f0ab574c2d88137f734be8f43f', 'project_name': 'tempest-FlavorsAccessNegativeTestJSON-850458769', 'tenant_id': '9e0bd0f0ab574c2d88137f734be8f43f', 'tenant_name': 'tempest-FlavorsAccessNegativeTestJSON-850458769', 'user_domain_id': 'default', 'user_domain_name': 'Default', 'user_id': '8a33f3ed031241e898225476963fd449', 'system': None}, Network: None, Subnet: None, Router: None
2025-04-19 14:53:45.881 69917 INFO tempest.lib.common.rest_client [req-8beaa1a6-8c67-497b-bff1-90d34698365c req-8beaa1a6-8c67-497b-bff1-90d34698365c ] Request (DeleteServersAdminTestJSON:setUpClass): 200 GET http://10.180.1.21/identity/v3/roles 0.549s
2025-04-19 14:53:45.910 69933 INFO tempest.lib.common.rest_client [req-8a337dee-ff04-44b4-9e07-63c92dbb30ae req-8a337dee-ff04-44b4-9e07-63c92dbb30ae ] Request (AZAdminNegativeTestJSON:setUpClass): 204 PUT http://10.180.1.21/identity/v3/projects/9a1b6d1997754f7c8a36ff3b430db466/users/e828f4c52ad54e82948a47cb7ad78e9a/roles/7705cdf19dc042fe803254d7145b0b06 0.532s
2025-04-19 14:53:45.919 69929 INFO tempest.lib.common.rest_client [req-1285893e-7dfe-43f2-b972-0f99a23255fb req-1285893e-7dfe-43f2-b972-0f99a23255fb ] Request (HostsAdminTestJSON:setUpClass): 204 PUT http://10.180.1.21/identity/v3/projects/068be6f6adf44354b191e687ed0a7893/users/40c5590de8a74ecc8fe2c4ded84415f2/roles/7705cdf19dc042fe803254d7145b0b06 0.595s
2025-04-19 14:53:45.971 69947 INFO tempest.lib.common.rest_client [req-3e0f1570-0f9d-43ed-8ad7-38c3c63169ce req-3e0f1570-0f9d-43ed-8ad7-38c3c63169ce ] Request (VolumesAssistedSnapshotsTest:setUpClass): 201 POST http://10.180.1.21:9696/networking/v2.0/routers 1.035s
2025-04-19 14:53:45.976 69943 INFO tempest.lib.common.rest_client [req-15831be1-106e-4325-8040-f15d7de2fa93 req-15831be1-106e-4325-8040-f15d7de2fa93 ] Request (TenantUsagesTestJSON:setUpClass): 204 PUT http://10.180.1.21/identity/v3/projects/2c1650c983ce4b8cab28f15d750699fd/users/0ffd4c51edf34efaa9aa1cbd7741e28f/roles/7705cdf19dc042fe803254d7145b0b06 0.576s
2025-04-19 14:53:46.027 69935 INFO tempest.lib.common.rest_client [req-435399ff-39b7-4b95-846a-895ca3de4c88 req-435399ff-39b7-4b95-846a-895ca3de4c88 ] Request (MigrationsAdminTest:setUpClass): 200 GET http://10.180.1.21/identity/v3/roles 0.619s
2025-04-19 14:53:46.043 69921 INFO tempest.lib.common.rest_client [req-e7c200b5-fd13-4cc0-838a-bd28a0bc8884 req-e7c200b5-fd13-4cc0-838a-bd28a0bc8884 ] Request (FlavorsExtraSpecsNegativeTestJSON:tearDownClass): 204 DELETE http://10.180.1.21/identity/v3/users/89aaa509875f413fbce8e80a9a918cfc 0.645s
2025-04-19 14:53:46.090 69939 INFO tempest.lib.common.rest_client [req-439ef53d-c760-4af1-ac27-018caa811d9c req-439ef53d-c760-4af1-ac27-018caa811d9c ] Request (NetworksTest:setUpClass): 204 PUT http://10.180.1.21/identity/v3/projects/d26784960126440a9bad9a4e0f5eaa41/users/368285f773c04a49ab7e822e3dc1a044/roles/7705cdf19dc042fe803254d7145b0b06 0.586s
2025-04-19 14:53:46.147 69957 INFO tempest.lib.common.rest_client [req-e7f1047f-4299-457d-9616-8f8d6affd54c req-e7f1047f-4299-457d-9616-8f8d6affd54c ] Request (AZAdminV2TestJSON:setUpClass): 200 GET http://10.180.1.21/identity/v3/roles 0.626s
2025-04-19 14:53:46.156 69927 INFO tempest.lib.common.rest_client [req-bfbe01e4-7f28-41e6-8c1b-73629cb65b9c req-bfbe01e4-7f28-41e6-8c1b-73629cb65b9c ] Request (AggregatesAdminNegativeTestJSON:setUpClass): 204 PUT http://10.180.1.21/identity/v3/projects/fea4376fbdb04a6d80b7c3310b7344db/users/0130048574224eaabe01d4b7928de82b/roles/7705cdf19dc042fe803254d7145b0b06 0.634s
2025-04-19 14:53:46.156 69927 INFO tempest.lib.common.dynamic_creds [-] Dynamic test user 0130048574224eaabe01d4b7928de82b is created with scope project and roles: ['admin']
2025-04-19 14:53:46.156 69927 INFO tempest.lib.common.dynamic_creds [-] Acquired dynamic creds: credentials: Credentials: {'domain_id': 'default', 'domain_name': 'Default', 'username': 'tempest-AggregatesAdminNegativeTestJSON-915510186-project-admin', 'project_domain_id': 'default', 'project_domain_name': 'Default', 'project_id': 'fea4376fbdb04a6d80b7c3310b7344db', 'project_name': 'tempest-AggregatesAdminNegativeTestJSON-915510186', 'tenant_id': 'fea4376fbdb04a6d80b7c3310b7344db', 'tenant_name': 'tempest-AggregatesAdminNegativeTestJSON-915510186', 'user_domain_id': 'default', 'user_domain_name': 'Default', 'user_id': '0130048574224eaabe01d4b7928de82b', 'system': None}, Network: None, Subnet: None, Router: None
2025-04-19 14:53:46.156 69927 INFO tempest.lib.common.dynamic_creds [-] Created isolated network resources for: credentials: Credentials: {'domain_id': 'default', 'domain_name': 'Default', 'username': 'tempest-AggregatesAdminNegativeTestJSON-915510186-project-admin', 'project_domain_id': 'default', 'project_domain_name': 'Default', 'project_id': 'fea4376fbdb04a6d80b7c3310b7344db', 'project_name': 'tempest-AggregatesAdminNegativeTestJSON-915510186', 'tenant_id': 'fea4376fbdb04a6d80b7c3310b7344db', 'tenant_name': 'tempest-AggregatesAdminNegativeTestJSON-915510186', 'user_domain_id': 'default', 'user_domain_name': 'Default', 'user_id': '0130048574224eaabe01d4b7928de82b', 'system': None}, Network: None, Subnet: None, Router: None
2025-04-19 14:53:46.200 69955 INFO tempest.lib.common.rest_client [req-0958d217-5b98-4d61-ade9-227dead6da75 req-0958d217-5b98-4d61-ade9-227dead6da75 ] Request (QuotasAdminNegativeTest:setUpClass): 204 PUT http://10.180.1.21/identity/v3/projects/b915d7715ecc403d81ce0697efbbb834/users/fa9449196d6546bab42d0f404d61c853/roles/7705cdf19dc042fe803254d7145b0b06 0.632s
2025-04-19 14:53:46.206 69909 INFO tempest.lib.common.rest_client [req-2fc3c349-bed1-465c-9a0e-4a02c3744b2a req-2fc3c349-bed1-465c-9a0e-4a02c3744b2a ] Request (FlavorsV261TestJSON:setUpClass): 200 GET http://10.180.1.21/identity/v3/roles 0.633s
2025-04-19 14:53:46.260 69926 INFO tempest.lib.common.rest_client [req-97a5a4a2-448d-4b01-ac33-d14dd06e65ca req-97a5a4a2-448d-4b01-ac33-d14dd06e65ca ] Request (HypervisorAdminV228Test:setUpClass): 204 PUT http://10.180.1.21/identity/v3/projects/d8c5e8013ca14a82b7bac63948c5e0cc/users/5e52bd2835d14ada955a69563a6aa1cf/roles/7705cdf19dc042fe803254d7145b0b06 0.643s
2025-04-19 14:53:46.308 69923 INFO tempest.lib.common.rest_client [req-c18059f9-1693-4d4c-af25-a93fb1473c28 req-c18059f9-1693-4d4c-af25-a93fb1473c28 ] Request (HypervisorAdminTestJSON:test_get_hypervisor_list): 200 GET http://10.180.1.21/compute/v2.1/os-hypervisors 0.850s
2025-04-19 14:53:46.324 69951 INFO tempest.lib.common.rest_client [req-d1d95ca1-d5a1-478f-9a5c-f23d765d633d req-d1d95ca1-d5a1-478f-9a5c-f23d765d633d ] Request (FlavorsV2TestJSON:test_list_flavors_filter_by_min_disk): 200 GET http://10.180.1.21/compute/v2.1/flavors/42 0.754s
2025-04-19 14:53:46.339 69945 INFO tempest.lib.common.rest_client [req-08b09f47-e837-4495-a7cb-da71c87d5e91 req-08b09f47-e837-4495-a7cb-da71c87d5e91 ] Request (KeyPairsV2TestJSON:_run_cleanups): 202 DELETE http://10.180.1.21/compute/v2.1/os-keypairs/tempest-KeyPairsV2TestJSON-keypair-1304362233 0.762s
2025-04-19 14:53:46.345 69911 INFO tempest.lib.common.rest_client [req-bb15e40a-b041-4b64-b892-7791c68c00dc req-bb15e40a-b041-4b64-b892-7791c68c00dc ] Request (HostsAdminNegativeTestJSON:test_update_host_without_param): 400 PUT http://10.180.1.21/compute/v2.1/os-hosts/devstack 0.760s
2025-04-19 14:53:46.347 69903 INFO tempest.lib.common.rest_client [req-b5ed234b-eae4-4796-8e4d-9f54b40b4959 req-b5ed234b-eae4-4796-8e4d-9f54b40b4959 ] Request (FlavorsAccessTestJSON:setUpClass): 200 GET http://10.180.1.21/identity/v3/roles 0.709s
2025-04-19 14:53:46.379 69953 INFO tempest.lib.common.rest_client [req-d11608af-dd5d-4063-a7b8-98491e8fe717 req-d11608af-dd5d-4063-a7b8-98491e8fe717 ] Request (QuotaClassesAdmin257Test:setUpClass): 200 GET http://10.180.1.21/identity/v3/roles 0.739s
2025-04-19 14:53:46.381 69963 INFO tempest.lib.common.rest_client [req-9ebb5bd0-dcaf-47fb-ad6a-7b8939ddc4b6 req-9ebb5bd0-dcaf-47fb-ad6a-7b8939ddc4b6 ] Request (InstanceUsageAuditLogTestJSON:setUpClass): 204 PUT http://10.180.1.21/identity/v3/projects/0c6e585041ba4c418e032b9c71665f03/users/f02a5291317844f1815ad8aad307697c/roles/7705cdf19dc042fe803254d7145b0b06 0.701s
2025-04-19 14:53:46.427 69913 INFO tempest.lib.common.rest_client [req-2212a316-cb4f-44c2-8f02-29754910f997 req-2212a316-cb4f-44c2-8f02-29754910f997 ] Request (ServicesAdminTestJSON:setUpClass): 200 GET http://10.180.1.21/identity/v3/roles 0.721s
2025-04-19 14:53:46.428 69919 INFO tempest.lib.common.rest_client [req-c16e8503-3252-4f45-81ca-a32198d4d9e6 req-c16e8503-3252-4f45-81ca-a32198d4d9e6 ] Request (HypervisorAdminV253TestBase:setUpClass): 200 GET http://10.180.1.21/identity/v3/roles 0.732s
2025-04-19 14:53:46.446 69937 INFO tempest.lib.common.rest_client [req-4a44d41a-e87e-40b8-82f7-2f284499deea req-4a44d41a-e87e-40b8-82f7-2f284499deea ] Request (AttachInterfacesTestJSON:setUpClass): 200 PUT http://10.180.1.21:9696/networking/v2.0/routers/9475d57f-0c7f-4a58-bb68-227e24b48deb/add_router_interface 0.738s
2025-04-19 14:53:46.446 69937 INFO tempest.lib.common.dynamic_creds [-] Created isolated network resources for: credentials: Credentials: {'domain_id': 'default', 'domain_name': 'Default', 'username': 'tempest-AttachInterfacesTestJSON-1771464027-project-member', 'project_domain_id': 'default', 'project_domain_name': 'Default', 'project_id': '854ce7cfadbe4b698b2d7fd90b8e97c5', 'project_name': 'tempest-AttachInterfacesTestJSON-1771464027', 'tenant_id': '854ce7cfadbe4b698b2d7fd90b8e97c5', 'tenant_name': 'tempest-AttachInterfacesTestJSON-1771464027', 'user_domain_id': 'default', 'user_domain_name': 'Default', 'user_id': '37e095fdd3b54e82b2904ff564b8c7c7', 'system': None}, Network: {'id': '075bdfcc-7e85-4a28-8d1a-c2a546d1edd8', 'name': 'tempest-AttachInterfacesTestJSON-1205016263-network', 'tenant_id': '854ce7cfadbe4b698b2d7fd90b8e97c5', 'admin_state_up': True, 'mtu': 8950, 'status': 'ACTIVE', 'subnets': [], 'shared': False, 'project_id': '854ce7cfadbe4b698b2d7fd90b8e97c5', 'port_security_enabled': True, 'router:external': False, 'provider:network_type': 'vlan', 'provider:physical_network': 'default', 'provider:segmentation_id': 807, 'availability_zone_hints': [], 'availability_zones': [], 'ipv4_address_scope': None, 'ipv6_address_scope': None, 'description': '', 'tags': [], 'created_at': '2025-04-19T14:53:44Z', 'updated_at': '2025-04-19T14:53:44Z', 'revision_number': 1}, Subnet: {'id': '280c7837-12d4-4b63-bc49-7facba1ee37c', 'name': 'tempest-AttachInterfacesTestJSON-1205016263-subnet', 'tenant_id': '854ce7cfadbe4b698b2d7fd90b8e97c5', 'network_id': '075bdfcc-7e85-4a28-8d1a-c2a546d1edd8', 'ip_version': 4, 'subnetpool_id': None, 'enable_dhcp': True, 'ipv6_ra_mode': None, 'ipv6_address_mode': None, 'gateway_ip': '192.168.128.1', 'cidr': '192.168.128.0/28', 'allocation_pools': [{'start': '192.168.128.2', 'end': '192.168.128.14'}], 'host_routes': [], 'dns_nameservers': [], 'description': '', 'router:external': False, 'service_types': [], 'tags': [], 'created_at': '2025-04-19T14:53:44Z', 'updated_at': '2025-04-19T14:53:44Z', 'revision_number': 0, 'project_id': '854ce7cfadbe4b698b2d7fd90b8e97c5'}, Router: {'id': '9475d57f-0c7f-4a58-bb68-227e24b48deb', 'name': 'tempest-AttachInterfacesTestJSON-1205016263-router', 'tenant_id': '854ce7cfadbe4b698b2d7fd90b8e97c5', 'admin_state_up': True, 'status': 'ACTIVE', 'external_gateway_info': {'network_id': '15e7942b-8d5e-46a4-b2ef-482fa95729b2', 'external_fixed_ips': [{'subnet_id': 'bd3301b1-2b52-4d08-ade4-3c40e67083cb', 'ip_address': '10.180.180.131'}], 'enable_snat': True}, 'description': '', 'availability_zones': [], 'distributed': False, 'ha': False, 'availability_zone_hints': [], 'routes': [], 'flavor_id': None, 'tags': [], 'created_at': '2025-04-19T14:53:45Z', 'updated_at': '2025-04-19T14:53:45Z', 'revision_number': 2, 'project_id': '854ce7cfadbe4b698b2d7fd90b8e97c5'}
2025-04-19 14:53:46.453 69905 INFO tempest.lib.common.rest_client [req-29651dde-ae83-4726-8abe-dd1ea6e9d16c req-29651dde-ae83-4726-8abe-dd1ea6e9d16c ] Request (FlavorMetadataValidation:setUpClass): 200 GET http://10.180.1.21/identity/v3/roles 0.630s
2025-04-19 14:53:46.453 69959 INFO tempest.lib.common.rest_client [req-7d7beaf2-a33d-4b76-9d1b-995fe1f8933e req-7d7beaf2-a33d-4b76-9d1b-995fe1f8933e ] Request (FlavorsAdminTestJSON:setUpClass): 204 PUT http://10.180.1.21/identity/v3/projects/234bd786018a4210a3a934e08c4cc448/users/1584d1aa0c824493b709ad4f9c6a94a5/roles/7705cdf19dc042fe803254d7145b0b06 0.660s
2025-04-19 14:53:46.497 69917 INFO tempest.lib.common.rest_client [req-0cf0d2a2-46da-463e-83e1-13a2ba4ea0a7 req-0cf0d2a2-46da-463e-83e1-13a2ba4ea0a7 ] Request (DeleteServersAdminTestJSON:setUpClass): 204 PUT http://10.180.1.21/identity/v3/projects/f347e1f7b5a445ac8e60e9ca687ad620/users/66436b3d0c7b45ff85b55bc389c363a6/roles/7705cdf19dc042fe803254d7145b0b06 0.616s
2025-04-19 14:53:46.497 69917 INFO tempest.lib.common.dynamic_creds [-] Dynamic test user 66436b3d0c7b45ff85b55bc389c363a6 is created with scope project and roles: ['admin']
2025-04-19 14:53:46.497 69917 INFO tempest.lib.common.dynamic_creds [-] Acquired dynamic creds: credentials: Credentials: {'domain_id': 'default', 'domain_name': 'Default', 'username': 'tempest-DeleteServersAdminTestJSON-1121015912-project-admin', 'project_domain_id': 'default', 'project_domain_name': 'Default', 'project_id': 'f347e1f7b5a445ac8e60e9ca687ad620', 'project_name': 'tempest-DeleteServersAdminTestJSON-1121015912', 'tenant_id': 'f347e1f7b5a445ac8e60e9ca687ad620', 'tenant_name': 'tempest-DeleteServersAdminTestJSON-1121015912', 'user_domain_id': 'default', 'user_domain_name': 'Default', 'user_id': '66436b3d0c7b45ff85b55bc389c363a6', 'system': None}, Network: None, Subnet: None, Router: None
2025-04-19 14:53:46.497 69917 INFO tempest.lib.common.dynamic_creds [-] Created isolated network resources for: credentials: Credentials: {'domain_id': 'default', 'domain_name': 'Default', 'username': 'tempest-DeleteServersAdminTestJSON-1121015912-project-admin', 'project_domain_id': 'default', 'project_domain_name': 'Default', 'project_id': 'f347e1f7b5a445ac8e60e9ca687ad620', 'project_name': 'tempest-DeleteServersAdminTestJSON-1121015912', 'tenant_id': 'f347e1f7b5a445ac8e60e9ca687ad620', 'tenant_name': 'tempest-DeleteServersAdminTestJSON-1121015912', 'user_domain_id': 'default', 'user_domain_name': 'Default', 'user_id': '66436b3d0c7b45ff85b55bc389c363a6', 'system': None}, Network: None, Subnet: None, Router: None
2025-04-19 14:53:46.515 69915 INFO tempest.lib.common.rest_client [req-a3c45ad4-5112-44a2-bd23-98151f167412 req-a3c45ad4-5112-44a2-bd23-98151f167412 ] Request (FlavorsAccessNegativeTestJSON:setUpClass): 201 POST http://10.180.1.21/identity/v3/auth/tokens 0.681s
2025-04-19 14:53:46.550 69933 INFO tempest.lib.common.rest_client [req-f2883d73-c61c-4356-ba47-519a887ea51a req-f2883d73-c61c-4356-ba47-519a887ea51a ] Request (AZAdminNegativeTestJSON:setUpClass): 200 GET http://10.180.1.21/identity/v3/roles 0.639s
2025-04-19 14:53:46.569 69929 INFO tempest.lib.common.rest_client [req-b34f443c-684b-4c5c-be11-49d5fbf2f9e9 req-b34f443c-684b-4c5c-be11-49d5fbf2f9e9 ] Request (HostsAdminTestJSON:setUpClass): 200 GET http://10.180.1.21/identity/v3/roles 0.650s
2025-04-19 14:53:46.573 69943 INFO tempest.lib.common.rest_client [req-509c8b40-3c8f-4751-811f-5c2728fa9b4f req-509c8b40-3c8f-4751-811f-5c2728fa9b4f ] Request (TenantUsagesTestJSON:setUpClass): 200 GET http://10.180.1.21/identity/v3/roles 0.597s
2025-04-19 14:53:46.588 69935 INFO tempest.lib.common.rest_client [req-25d9a0ef-9cfc-4905-b34c-d43f0da47449 req-25d9a0ef-9cfc-4905-b34c-d43f0da47449 ] Request (MigrationsAdminTest:setUpClass): 204 PUT http://10.180.1.21/identity/v3/projects/bc174e7a1144409392c069ec1a114c2b/users/c5456ec1a4874ddfb3c16add8712e9d8/roles/7705cdf19dc042fe803254d7145b0b06 0.561s
2025-04-19 14:53:46.589 69935 INFO tempest.lib.common.dynamic_creds [-] Dynamic test user c5456ec1a4874ddfb3c16add8712e9d8 is created with scope project and roles: ['admin']
2025-04-19 14:53:46.589 69935 INFO tempest.lib.common.dynamic_creds [-] Acquired dynamic creds: credentials: Credentials: {'domain_id': 'default', 'domain_name': 'Default', 'username': 'tempest-MigrationsAdminTest-1730284540-project-admin', 'project_domain_id': 'default', 'project_domain_name': 'Default', 'project_id': 'bc174e7a1144409392c069ec1a114c2b', 'project_name': 'tempest-MigrationsAdminTest-1730284540', 'tenant_id': 'bc174e7a1144409392c069ec1a114c2b', 'tenant_name': 'tempest-MigrationsAdminTest-1730284540', 'user_domain_id': 'default', 'user_domain_name': 'Default', 'user_id': 'c5456ec1a4874ddfb3c16add8712e9d8', 'system': None}, Network: None, Subnet: None, Router: None
2025-04-19 14:53:46.589 69935 INFO tempest.lib.common.dynamic_creds [-] Created isolated network resources for: credentials: Credentials: {'domain_id': 'default', 'domain_name': 'Default', 'username': 'tempest-MigrationsAdminTest-1730284540-project-admin', 'project_domain_id': 'default', 'project_domain_name': 'Default', 'project_id': 'bc174e7a1144409392c069ec1a114c2b', 'project_name': 'tempest-MigrationsAdminTest-1730284540', 'tenant_id': 'bc174e7a1144409392c069ec1a114c2b', 'tenant_name': 'tempest-MigrationsAdminTest-1730284540', 'user_domain_id': 'default', 'user_domain_name': 'Default', 'user_id': 'c5456ec1a4874ddfb3c16add8712e9d8', 'system': None}, Network: None, Subnet: None, Router: None
2025-04-19 14:53:46.647 69921 INFO tempest.lib.common.rest_client [req-e48e3fce-8216-44ec-98f0-e2d24097a890 req-e48e3fce-8216-44ec-98f0-e2d24097a890 ] Request (FlavorsExtraSpecsNegativeTestJSON:tearDownClass): 204 DELETE http://10.180.1.21/identity/v3/users/5d1cddde31aa4f989591813ba21ca6e6 0.603s
2025-04-19 14:53:46.647 69921 INFO tempest.lib.common.dynamic_creds [-] Deleting project and security group for project: f0c978a4522a4580900d572fa6f5f1ae
2025-04-19 14:53:46.657 69939 INFO tempest.lib.common.rest_client [req-eff7e928-1a21-45e4-aedb-30faaecd4941 req-eff7e928-1a21-45e4-aedb-30faaecd4941 ] Request (NetworksTest:setUpClass): 200 GET http://10.180.1.21/identity/v3/roles 0.566s
2025-04-19 14:53:46.702 69957 INFO tempest.lib.common.rest_client [req-1122fe1b-bf96-486e-a568-91c817dad063 req-1122fe1b-bf96-486e-a568-91c817dad063 ] Request (AZAdminV2TestJSON:setUpClass): 204 PUT http://10.180.1.21/identity/v3/projects/4c95ed67a06047dbaaf7826e0374296c/users/afdce1ab684f410caa3160bb43d489b9/roles/7705cdf19dc042fe803254d7145b0b06 0.555s
2025-04-19 14:53:46.702 69957 INFO tempest.lib.common.dynamic_creds [-] Dynamic test user afdce1ab684f410caa3160bb43d489b9 is created with scope project and roles: ['admin']
2025-04-19 14:53:46.702 69957 INFO tempest.lib.common.dynamic_creds [-] Acquired dynamic creds: credentials: Credentials: {'domain_id': 'default', 'domain_name': 'Default', 'username': 'tempest-AZAdminV2TestJSON-2101198927-project-admin', 'project_domain_id': 'default', 'project_domain_name': 'Default', 'project_id': '4c95ed67a06047dbaaf7826e0374296c', 'project_name': 'tempest-AZAdminV2TestJSON-2101198927', 'tenant_id': '4c95ed67a06047dbaaf7826e0374296c', 'tenant_name': 'tempest-AZAdminV2TestJSON-2101198927', 'user_domain_id': 'default', 'user_domain_name': 'Default', 'user_id': 'afdce1ab684f410caa3160bb43d489b9', 'system': None}, Network: None, Subnet: None, Router: None
2025-04-19 14:53:46.702 69957 INFO tempest.lib.common.dynamic_creds [-] Created isolated network resources for: credentials: Credentials: {'domain_id': 'default', 'domain_name': 'Default', 'username': 'tempest-AZAdminV2TestJSON-2101198927-project-admin', 'project_domain_id': 'default', 'project_domain_name': 'Default', 'project_id': '4c95ed67a06047dbaaf7826e0374296c', 'project_name': 'tempest-AZAdminV2TestJSON-2101198927', 'tenant_id': '4c95ed67a06047dbaaf7826e0374296c', 'tenant_name': 'tempest-AZAdminV2TestJSON-2101198927', 'user_domain_id': 'default', 'user_domain_name': 'Default', 'user_id': 'afdce1ab684f410caa3160bb43d489b9', 'system': None}, Network: None, Subnet: None, Router: None
2025-04-19 14:53:46.763 69927 INFO tempest.lib.common.rest_client [req-f21e00ab-ec51-4201-a6ab-773396099c0d req-f21e00ab-ec51-4201-a6ab-773396099c0d ] Request (AggregatesAdminNegativeTestJSON:setUpClass): 201 POST http://10.180.1.21/identity/v3/auth/tokens 0.604s
2025-04-19 14:53:46.775 69955 INFO tempest.lib.common.rest_client [req-69098dd5-f6de-4947-933c-ee4467534c7d req-69098dd5-f6de-4947-933c-ee4467534c7d ] Request (QuotasAdminNegativeTest:setUpClass): 200 GET http://10.180.1.21/identity/v3/roles 0.574s
2025-04-19 14:53:46.783 69909 INFO tempest.lib.common.rest_client [req-db4f76f1-fd23-4b05-bcce-ddae5591fbb7 req-db4f76f1-fd23-4b05-bcce-ddae5591fbb7 ] Request (FlavorsV261TestJSON:setUpClass): 204 PUT http://10.180.1.21/identity/v3/projects/3d9af05b76014b9aabc6ae5e14989365/users/a2b66ef611aa41aba4f8e9dcd602af2c/roles/7705cdf19dc042fe803254d7145b0b06 0.577s
2025-04-19 14:53:46.783 69909 INFO tempest.lib.common.dynamic_creds [-] Dynamic test user a2b66ef611aa41aba4f8e9dcd602af2c is created with scope project and roles: ['admin']
2025-04-19 14:53:46.783 69909 INFO tempest.lib.common.dynamic_creds [-] Acquired dynamic creds: credentials: Credentials: {'domain_id': 'default', 'domain_name': 'Default', 'username': 'tempest-FlavorsV261TestJSON-315020387-project-admin', 'project_domain_id': 'default', 'project_domain_name': 'Default', 'project_id': '3d9af05b76014b9aabc6ae5e14989365', 'project_name': 'tempest-FlavorsV261TestJSON-315020387', 'tenant_id': '3d9af05b76014b9aabc6ae5e14989365', 'tenant_name': 'tempest-FlavorsV261TestJSON-315020387', 'user_domain_id': 'default', 'user_domain_name': 'Default', 'user_id': 'a2b66ef611aa41aba4f8e9dcd602af2c', 'system': None}, Network: None, Subnet: None, Router: None
2025-04-19 14:53:46.783 69909 INFO tempest.lib.common.dynamic_creds [-] Created isolated network resources for: credentials: Credentials: {'domain_id': 'default', 'domain_name': 'Default', 'username': 'tempest-FlavorsV261TestJSON-315020387-project-admin', 'project_domain_id': 'default', 'project_domain_name': 'Default', 'project_id': '3d9af05b76014b9aabc6ae5e14989365', 'project_name': 'tempest-FlavorsV261TestJSON-315020387', 'tenant_id': '3d9af05b76014b9aabc6ae5e14989365', 'tenant_name': 'tempest-FlavorsV261TestJSON-315020387', 'user_domain_id': 'default', 'user_domain_name': 'Default', 'user_id': 'a2b66ef611aa41aba4f8e9dcd602af2c', 'system': None}, Network: None, Subnet: None, Router: None
2025-04-19 14:53:46.836 69926 INFO tempest.lib.common.rest_client [req-3ec60ac9-80da-4be4-9d8a-440b35846639 req-3ec60ac9-80da-4be4-9d8a-440b35846639 ] Request (HypervisorAdminV228Test:setUpClass): 200 GET http://10.180.1.21/identity/v3/roles 0.575s
2025-04-19 14:53:46.864 69903 INFO tempest.lib.common.rest_client [req-b61b0961-13ed-4980-a81f-d5ecaeec224c req-b61b0961-13ed-4980-a81f-d5ecaeec224c ] Request (FlavorsAccessTestJSON:setUpClass): 204 PUT http://10.180.1.21/identity/v3/projects/fee53b1732074d4baaefe61906a0211c/users/0cc6f8c1bdf84df089dd7c7acfb20b2b/roles/7705cdf19dc042fe803254d7145b0b06 0.517s
2025-04-19 14:53:46.864 69903 INFO tempest.lib.common.dynamic_creds [-] Dynamic test user 0cc6f8c1bdf84df089dd7c7acfb20b2b is created with scope project and roles: ['admin']
2025-04-19 14:53:46.864 69903 INFO tempest.lib.common.dynamic_creds [-] Acquired dynamic creds: credentials: Credentials: {'domain_id': 'default', 'domain_name': 'Default', 'username': 'tempest-FlavorsAccessTestJSON-2014199134-project-admin', 'project_domain_id': 'default', 'project_domain_name': 'Default', 'project_id': 'fee53b1732074d4baaefe61906a0211c', 'project_name': 'tempest-FlavorsAccessTestJSON-2014199134', 'tenant_id': 'fee53b1732074d4baaefe61906a0211c', 'tenant_name': 'tempest-FlavorsAccessTestJSON-2014199134', 'user_domain_id': 'default', 'user_domain_name': 'Default', 'user_id': '0cc6f8c1bdf84df089dd7c7acfb20b2b', 'system': None}, Network: None, Subnet: None, Router: None
2025-04-19 14:53:46.864 69903 INFO tempest.lib.common.dynamic_creds [-] Created isolated network resources for: credentials: Credentials: {'domain_id': 'default', 'domain_name': 'Default', 'username': 'tempest-FlavorsAccessTestJSON-2014199134-project-admin', 'project_domain_id': 'default', 'project_domain_name': 'Default', 'project_id': 'fee53b1732074d4baaefe61906a0211c', 'project_name': 'tempest-FlavorsAccessTestJSON-2014199134', 'tenant_id': 'fee53b1732074d4baaefe61906a0211c', 'tenant_name': 'tempest-FlavorsAccessTestJSON-2014199134', 'user_domain_id': 'default', 'user_domain_name': 'Default', 'user_id': '0cc6f8c1bdf84df089dd7c7acfb20b2b', 'system': None}, Network: None, Subnet: None, Router: None
2025-04-19 14:53:46.895 69961 INFO tempest.lib.common.rest_client [req-b1808347-7831-44ac-9f42-42a086c4e9be req-b1808347-7831-44ac-9f42-42a086c4e9be ] Request (ListImageFiltersTestJSON:setUpClass): 201 POST http://10.180.1.21/image/v2/images 3.075s
2025-04-19 14:53:46.926 69953 INFO tempest.lib.common.rest_client [req-f454b93e-b993-4fb6-8ccb-efd6c5bee986 req-f454b93e-b993-4fb6-8ccb-efd6c5bee986 ] Request (QuotaClassesAdmin257Test:setUpClass): 204 PUT http://10.180.1.21/identity/v3/projects/1f791ee9579c4d12b85d27dde2aa9663/users/e623aad0e5494f9cae970c8d1d569433/roles/7705cdf19dc042fe803254d7145b0b06 0.545s
2025-04-19 14:53:46.926 69953 INFO tempest.lib.common.dynamic_creds [-] Dynamic test user e623aad0e5494f9cae970c8d1d569433 is created with scope project and roles: ['admin']
2025-04-19 14:53:46.926 69953 INFO tempest.lib.common.dynamic_creds [-] Acquired dynamic creds: credentials: Credentials: {'domain_id': 'default', 'domain_name': 'Default', 'username': 'tempest-QuotaClassesAdmin257Test-459186848-project-admin', 'project_domain_id': 'default', 'project_domain_name': 'Default', 'project_id': '1f791ee9579c4d12b85d27dde2aa9663', 'project_name': 'tempest-QuotaClassesAdmin257Test-459186848', 'tenant_id': '1f791ee9579c4d12b85d27dde2aa9663', 'tenant_name': 'tempest-QuotaClassesAdmin257Test-459186848', 'user_domain_id': 'default', 'user_domain_name': 'Default', 'user_id': 'e623aad0e5494f9cae970c8d1d569433', 'system': None}, Network: None, Subnet: None, Router: None
2025-04-19 14:53:46.926 69953 INFO tempest.lib.common.dynamic_creds [-] Created isolated network resources for: credentials: Credentials: {'domain_id': 'default', 'domain_name': 'Default', 'username': 'tempest-QuotaClassesAdmin257Test-459186848-project-admin', 'project_domain_id': 'default', 'project_domain_name': 'Default', 'project_id': '1f791ee9579c4d12b85d27dde2aa9663', 'project_name': 'tempest-QuotaClassesAdmin257Test-459186848', 'tenant_id': '1f791ee9579c4d12b85d27dde2aa9663', 'tenant_name': 'tempest-QuotaClassesAdmin257Test-459186848', 'user_domain_id': 'default', 'user_domain_name': 'Default', 'user_id': 'e623aad0e5494f9cae970c8d1d569433', 'system': None}, Network: None, Subnet: None, Router: None
2025-04-19 14:53:46.970 69913 INFO tempest.lib.common.rest_client [req-0921010a-2eec-46b4-96b8-647c60a502c3 req-0921010a-2eec-46b4-96b8-647c60a502c3 ] Request (ServicesAdminTestJSON:setUpClass): 204 PUT http://10.180.1.21/identity/v3/projects/36ced620c8c349108e7610e582859935/users/6eb6d5b6a60a48f2ab5054da0b981970/roles/7705cdf19dc042fe803254d7145b0b06 0.542s
2025-04-19 14:53:46.970 69913 INFO tempest.lib.common.dynamic_creds [-] Dynamic test user 6eb6d5b6a60a48f2ab5054da0b981970 is created with scope project and roles: ['admin']
2025-04-19 14:53:46.970 69913 INFO tempest.lib.common.dynamic_creds [-] Acquired dynamic creds: credentials: Credentials: {'domain_id': 'default', 'domain_name': 'Default', 'username': 'tempest-ServicesAdminTestJSON-2037642016-project-admin', 'project_domain_id': 'default', 'project_domain_name': 'Default', 'project_id': '36ced620c8c349108e7610e582859935', 'project_name': 'tempest-ServicesAdminTestJSON-2037642016', 'tenant_id': '36ced620c8c349108e7610e582859935', 'tenant_name': 'tempest-ServicesAdminTestJSON-2037642016', 'user_domain_id': 'default', 'user_domain_name': 'Default', 'user_id': '6eb6d5b6a60a48f2ab5054da0b981970', 'system': None}, Network: None, Subnet: None, Router: None
2025-04-19 14:53:46.971 69913 INFO tempest.lib.common.dynamic_creds [-] Created isolated network resources for: credentials: Credentials: {'domain_id': 'default', 'domain_name': 'Default', 'username': 'tempest-ServicesAdminTestJSON-2037642016-project-admin', 'project_domain_id': 'default', 'project_domain_name': 'Default', 'project_id': '36ced620c8c349108e7610e582859935', 'project_name': 'tempest-ServicesAdminTestJSON-2037642016', 'tenant_id': '36ced620c8c349108e7610e582859935', 'tenant_name': 'tempest-ServicesAdminTestJSON-2037642016', 'user_domain_id': 'default', 'user_domain_name': 'Default', 'user_id': '6eb6d5b6a60a48f2ab5054da0b981970', 'system': None}, Network: None, Subnet: None, Router: None
2025-04-19 14:53:46.972 69963 INFO tempest.lib.common.rest_client [req-2f072e51-67e3-431f-b10b-3b4b148b747a req-2f072e51-67e3-431f-b10b-3b4b148b747a ] Request (InstanceUsageAuditLogTestJSON:setUpClass): 200 GET http://10.180.1.21/identity/v3/roles 0.590s
2025-04-19 14:53:47.017 69905 INFO tempest.lib.common.rest_client [req-a54a40de-2f8d-480d-90b9-74c85f2d51cc req-a54a40de-2f8d-480d-90b9-74c85f2d51cc ] Request (FlavorMetadataValidation:setUpClass): 204 PUT http://10.180.1.21/identity/v3/projects/12e89f3c4ab043808a3b291e10d8357c/users/9789baa5254140f69c8a212ca6ee6110/roles/7705cdf19dc042fe803254d7145b0b06 0.563s
2025-04-19 14:53:47.017 69905 INFO tempest.lib.common.dynamic_creds [-] Dynamic test user 9789baa5254140f69c8a212ca6ee6110 is created with scope project and roles: ['admin']
2025-04-19 14:53:47.017 69905 INFO tempest.lib.common.dynamic_creds [-] Acquired dynamic creds: credentials: Credentials: {'domain_id': 'default', 'domain_name': 'Default', 'username': 'tempest-FlavorMetadataValidation-457396309-project-admin', 'project_domain_id': 'default', 'project_domain_name': 'Default', 'project_id': '12e89f3c4ab043808a3b291e10d8357c', 'project_name': 'tempest-FlavorMetadataValidation-457396309', 'tenant_id': '12e89f3c4ab043808a3b291e10d8357c', 'tenant_name': 'tempest-FlavorMetadataValidation-457396309', 'user_domain_id': 'default', 'user_domain_name': 'Default', 'user_id': '9789baa5254140f69c8a212ca6ee6110', 'system': None}, Network: None, Subnet: None, Router: None
2025-04-19 14:53:47.017 69905 INFO tempest.lib.common.dynamic_creds [-] Created isolated network resources for: credentials: Credentials: {'domain_id': 'default', 'domain_name': 'Default', 'username': 'tempest-FlavorMetadataValidation-457396309-project-admin', 'project_domain_id': 'default', 'project_domain_name': 'Default', 'project_id': '12e89f3c4ab043808a3b291e10d8357c', 'project_name': 'tempest-FlavorMetadataValidation-457396309', 'tenant_id': '12e89f3c4ab043808a3b291e10d8357c', 'tenant_name': 'tempest-FlavorMetadataValidation-457396309', 'user_domain_id': 'default', 'user_domain_name': 'Default', 'user_id': '9789baa5254140f69c8a212ca6ee6110', 'system': None}, Network: None, Subnet: None, Router: None
2025-04-19 14:53:47.023 69919 INFO tempest.lib.common.rest_client [req-bf11121f-da77-4a1d-8acd-eea3b03a8682 req-bf11121f-da77-4a1d-8acd-eea3b03a8682 ] Request (HypervisorAdminV253TestBase:setUpClass): 204 PUT http://10.180.1.21/identity/v3/projects/5925ebf706b945ceabe2c8586039d644/users/83a7723584cf439b8394cdeed15c6103/roles/7705cdf19dc042fe803254d7145b0b06 0.595s
2025-04-19 14:53:47.024 69919 INFO tempest.lib.common.dynamic_creds [-] Dynamic test user 83a7723584cf439b8394cdeed15c6103 is created with scope project and roles: ['admin']
2025-04-19 14:53:47.024 69919 INFO tempest.lib.common.dynamic_creds [-] Acquired dynamic creds: credentials: Credentials: {'domain_id': 'default', 'domain_name': 'Default', 'username': 'tempest-HypervisorAdminV253TestBase-1352632725-project-admin', 'project_domain_id': 'default', 'project_domain_name': 'Default', 'project_id': '5925ebf706b945ceabe2c8586039d644', 'project_name': 'tempest-HypervisorAdminV253TestBase-1352632725', 'tenant_id': '5925ebf706b945ceabe2c8586039d644', 'tenant_name': 'tempest-HypervisorAdminV253TestBase-1352632725', 'user_domain_id': 'default', 'user_domain_name': 'Default', 'user_id': '83a7723584cf439b8394cdeed15c6103', 'system': None}, Network: None, Subnet: None, Router: None
2025-04-19 14:53:47.024 69919 INFO tempest.lib.common.dynamic_creds [-] Created isolated network resources for: credentials: Credentials: {'domain_id': 'default', 'domain_name': 'Default', 'username': 'tempest-HypervisorAdminV253TestBase-1352632725-project-admin', 'project_domain_id': 'default', 'project_domain_name': 'Default', 'project_id': '5925ebf706b945ceabe2c8586039d644', 'project_name': 'tempest-HypervisorAdminV253TestBase-1352632725', 'tenant_id': '5925ebf706b945ceabe2c8586039d644', 'tenant_name': 'tempest-HypervisorAdminV253TestBase-1352632725', 'user_domain_id': 'default', 'user_domain_name': 'Default', 'user_id': '83a7723584cf439b8394cdeed15c6103', 'system': None}, Network: None, Subnet: None, Router: None
2025-04-19 14:53:47.092 69937 INFO tempest.lib.common.rest_client [req-1be416c2-4e1f-4480-a840-abee5503b6ea req-1be416c2-4e1f-4480-a840-abee5503b6ea ] Request (AttachInterfacesTestJSON:setUpClass): 201 POST http://10.180.1.21/identity/v3/auth/tokens 0.603s
2025-04-19 14:53:47.102 69959 INFO tempest.lib.common.rest_client [req-a58d0691-52fc-4939-be3b-78d1fed72387 req-a58d0691-52fc-4939-be3b-78d1fed72387 ] Request (FlavorsAdminTestJSON:setUpClass): 200 GET http://10.180.1.21/identity/v3/roles 0.648s
2025-04-19 14:53:47.132 69915 INFO tempest.lib.common.rest_client [req-7df98ee7-f601-4f8b-8ce5-3389160b4459 req-7df98ee7-f601-4f8b-8ce5-3389160b4459 ] Request (FlavorsAccessNegativeTestJSON:setUpClass): 201 POST http://10.180.1.21/identity/v3/projects 0.617s
2025-04-19 14:53:47.138 69931 INFO tempest.lib.common.rest_client [req-43d97187-10b8-428e-9f82-2cc0f7389490 req-43d97187-10b8-428e-9f82-2cc0f7389490 ] Request (ServersWithSpecificFlavorTestJSON:setUpClass): 200 PUT http://10.180.1.21:9696/networking/v2.0/routers/590f3322-2dcd-406f-9b50-f5b810df3325/add_router_interface 1.410s
