2025-04-19 14:56:21.163 69903 INFO tempest.lib.common.rest_client [req-c11980b6-f68b-4d0d-979a-886df85db488 req-c11980b6-f68b-4d0d-979a-886df85db488 ] Request (VolumesAdminNegativeTest:test_update_attached_volume_with_nonexistent_volume_in_body): 200 GET http://10.180.1.21/volume/v3/volumes/07504bcc-7ea1-422e-9651-0dfff56da1f8 0.028s
2025-04-19 14:56:21.173 69953 INFO tempest.lib.common.rest_client [req-fbcfb0fc-1830-48a3-9c5f-da5d6d944f15 req-fbcfb0fc-1830-48a3-9c5f-da5d6d944f15 ] Request (ServerMetadataNegativeTestJSON:setUpClass): 201 POST http://10.180.1.21/identity/v3/auth/tokens 0.057s
2025-04-19 14:56:21.200 69953 INFO tempest.lib.common.rest_client [req-e09ca0a0-3046-4a8d-9984-e1c9c838ce82 req-e09ca0a0-3046-4a8d-9984-e1c9c838ce82 ] Request (ServerMetadataNegativeTestJSON:setUpClass): 201 POST http://10.180.1.21/identity/v3/auth/tokens 0.025s
2025-04-19 14:56:21.216 69926 INFO tempest.lib.common.rest_client [req-edbae34e-08e8-4541-ac3f-e9583e1c55db req-edbae34e-08e8-4541-ac3f-e9583e1c55db ] Request (ServersListShow298Test:tearDownClass): 200 GET http://10.180.1.21/compute/v2.1/servers/1aa126ff-b673-49e5-a945-4f32fc7c92e2 0.059s
2025-04-19 14:56:21.223 69953 INFO tempest.lib.common.rest_client [req-288d2b76-34cf-4165-8b8c-de4880497f73 req-288d2b76-34cf-4165-8b8c-de4880497f73 ] Request (ServerMetadataNegativeTestJSON:setUpClass): 200 GET http://10.180.1.21/identity/v3/domains?name=Default 0.022s
2025-04-19 14:56:21.249 69953 INFO tempest.lib.common.rest_client [req-2d2f25bd-3a05-4dd0-a3d4-c6a18b072e07 req-2d2f25bd-3a05-4dd0-a3d4-c6a18b072e07 ] Request (ServerMetadataNegativeTestJSON:setUpClass): 201 POST http://10.180.1.21/identity/v3/projects 0.025s
2025-04-19 14:56:21.298 69953 INFO tempest.lib.common.rest_client [req-98b8e14f-2054-4da5-9f14-d7ca9b41b961 req-98b8e14f-2054-4da5-9f14-d7ca9b41b961 ] Request (ServerMetadataNegativeTestJSON:setUpClass): 201 POST http://10.180.1.21/identity/v3/users 0.048s
2025-04-19 14:56:21.318 69953 INFO tempest.lib.common.rest_client [req-e8af831c-8b0a-4fa1-be0b-4dba45073c29 req-e8af831c-8b0a-4fa1-be0b-4dba45073c29 ] Request (ServerMetadataNegativeTestJSON:setUpClass): 200 GET http://10.180.1.21/identity/v3/roles 0.019s
2025-04-19 14:56:21.342 69953 INFO tempest.lib.common.rest_client [req-e06d88c1-097f-4b45-ada3-7ff9e852eecf req-e06d88c1-097f-4b45-ada3-7ff9e852eecf ] Request (ServerMetadataNegativeTestJSON:setUpClass): 204 PUT http://10.180.1.21/identity/v3/projects/0c71c47461de4104bffe9c686077eaf1/users/f974d860e8e144e79c4f0da4c550837d/roles/34f33abe56064d64ad3140818273aa38 0.023s
2025-04-19 14:56:21.342 69953 INFO tempest.lib.common.dynamic_creds [-] Dynamic test user f974d860e8e144e79c4f0da4c550837d is created with scope project and roles: ['member']
2025-04-19 14:56:21.342 69953 INFO tempest.lib.common.dynamic_creds [-] Acquired dynamic creds: credentials: Credentials: {'domain_id': 'default', 'domain_name': 'Default', 'username': 'tempest-ServerMetadataNegativeTestJSON-1045501013-project-member', 'project_domain_id': 'default', 'project_domain_name': 'Default', 'project_id': '0c71c47461de4104bffe9c686077eaf1', 'project_name': 'tempest-ServerMetadataNegativeTestJSON-1045501013', 'tenant_id': '0c71c47461de4104bffe9c686077eaf1', 'tenant_name': 'tempest-ServerMetadataNegativeTestJSON-1045501013', 'user_domain_id': 'default', 'user_domain_name': 'Default', 'user_id': 'f974d860e8e144e79c4f0da4c550837d', 'system': None}, Network: None, Subnet: None, Router: None
2025-04-19 14:56:21.355 69915 INFO tempest.lib.common.rest_client [req-795cb029-e19a-4722-96a2-53398dfa79f4 req-795cb029-e19a-4722-96a2-53398dfa79f4 ] Request (ServersAdminTestJSON:test_create_server_with_scheduling_hint): 200 GET http://10.180.1.21/compute/v2.1/servers/415bb90f-8235-4e19-84dd-50927452592a 0.051s
2025-04-19 14:56:21.392 69953 INFO tempest.lib.common.rest_client [req-da1d5029-da4f-4ce4-b119-7c45f287f60a req-da1d5029-da4f-4ce4-b119-7c45f287f60a ] Request (ServerMetadataNegativeTestJSON:setUpClass): 201 POST http://10.180.1.21/identity/v3/auth/tokens 0.050s
2025-04-19 14:56:21.416 69929 INFO tempest.lib.common.rest_client [req-91d76d16-2050-4259-8a5b-f54512b4b347 req-91d76d16-2050-4259-8a5b-f54512b4b347 ] Request (MultipleCreateTestJSON:_run_cleanups): 200 GET http://10.180.1.21/compute/v2.1/servers/913da34d-a6f0-414d-92db-ee71f3a93cf4 0.057s
2025-04-19 14:56:21.463 69941 INFO tempest.lib.common.rest_client [req-ec899fbe-0001-4ee2-b2db-693bf625c4c7 req-ec899fbe-0001-4ee2-b2db-693bf625c4c7 ] Request (ImagesTestJSON:test_create_image_from_suspended_server): 200 GET http://10.180.1.21/compute/v2.1/servers/f982cd1a-f5e6-4417-b970-96d5327c84d1 0.055s
2025-04-19 14:56:21.542 69961 INFO tempest.lib.common.rest_client [req-a1693a53-8440-4dd4-936f-72f396e7cd9f req-a1693a53-8440-4dd4-936f-72f396e7cd9f ] Request (ListImageFiltersTestJSON:tearDownClass): 200 GET http://10.180.1.21/compute/v2.1/servers/09fbe61d-3dd5-421d-870b-4320e7ba8c0d 0.066s
2025-04-19 14:56:21.543 69927 INFO tempest.lib.common.rest_client [req-79b60fc3-dd9e-4401-892c-e8f8431cf457 req-79b60fc3-dd9e-4401-892c-e8f8431cf457 ] Request (ServerRescueNegativeTestJSON:setUpClass): 200 GET http://10.180.1.21/compute/v2.1/servers/f6ea22c7-5703-4d58-b92a-42febea3bb06 0.058s
2025-04-19 14:56:21.598 69939 INFO tempest.lib.common.rest_client [req-0f5723eb-d9ae-4221-8109-970c7f6d4567 req-0f5723eb-d9ae-4221-8109-970c7f6d4567 ] Request (ServersNegativeTestJSON:setUpClass): 200 GET http://10.180.1.21/compute/v2.1/servers/9805d5cc-af24-4bf5-b99b-4bc316661526 0.047s
2025-04-19 14:56:21.645 69953 INFO tempest.lib.common.rest_client [req-8e55570b-4304-4387-bfcb-08fe95222164 req-8e55570b-4304-4387-bfcb-08fe95222164 ] Request (ServerMetadataNegativeTestJSON:setUpClass): 201 POST http://10.180.1.21:9696/networking/v2.0/networks 0.252s
2025-04-19 14:56:21.681 69937 INFO tempest.lib.common.rest_client [req-33216f10-e172-45bd-a721-331399f05f36 req-33216f10-e172-45bd-a721-331399f05f36 ] Request (AttachInterfacesTestJSON:test_create_list_show_delete_interfaces_by_network_port): 200 GET http://10.180.1.21/compute/v2.1/servers/a934c7fb-78ef-4ca7-bdeb-49d0b95eaff9 0.061s
2025-04-19 14:56:21.733 69923 INFO tempest.lib.common.rest_client [req-3fc606c7-be3a-405b-b35c-0a448e7c9449 req-3fc606c7-be3a-405b-b35c-0a448e7c9449 ] Request (ServersTestBootFromVolume:setUpClass): 200 GET http://10.180.1.21/compute/v2.1/servers/ef45db2f-2489-474f-ae77-492fa1c8517e 0.052s
2025-04-19 14:56:21.756 69959 INFO tempest.lib.common.rest_client [req-e9f58b51-1e0d-4c6b-9bb0-53388e17e0a2 req-e9f58b51-1e0d-4c6b-9bb0-53388e17e0a2 ] Request (AttachInterfacesV270Test:test_create_get_list_interfaces): 200 GET http://10.180.1.21/compute/v2.1/servers/86790ac3-48f9-4b93-8843-8b1b36383712 0.064s
2025-04-19 14:56:21.762 69947 INFO tempest.lib.common.rest_client [req-741ae211-aeda-4078-92f9-17d9c91647cf req-741ae211-aeda-4078-92f9-17d9c91647cf ] Request (VolumesAssistedSnapshotsTest:_run_cleanups): 200 GET http://10.180.1.21/compute/v2.1/servers/b1e0d3ca-8f60-40e3-b748-c27ab7c346b3/os-volume_attachments 0.050s
2025-04-19 14:56:21.806 69935 INFO tempest.lib.common.rest_client [req-a96e4429-e8dd-45d4-b6e7-54c6fb08b3ce req-a96e4429-e8dd-45d4-b6e7-54c6fb08b3ce ] Request (MigrationsAdminTest:test_resize_server_revert_deleted_flavor): 200 GET http://10.180.1.21/compute/v2.1/servers/ae5bfcf7-62ae-40a6-b700-fcbae3b4d5a2 0.052s
2025-04-19 14:56:21.833 69951 INFO tempest.lib.common.rest_client [req-9201ae2e-00a0-4859-8f5e-5c2ae3446372 req-9201ae2e-00a0-4859-8f5e-5c2ae3446372 ] Request (ServerShowV247Test:test_update_rebuild_list_server): 200 GET http://10.180.1.21/compute/v2.1/servers/e18b7c45-bbd5-411a-95c8-04f20d4fe75c 0.055s
2025-04-19 14:56:21.860 69953 INFO tempest.lib.common.rest_client [req-fa209a16-bf9c-4cdb-9570-0057feeeeff3 req-fa209a16-bf9c-4cdb-9570-0057feeeeff3 ] Request (ServerMetadataNegativeTestJSON:setUpClass): 201 POST http://10.180.1.21:9696/networking/v2.0/subnets 0.215s
2025-04-19 14:56:21.866 69949 INFO tempest.lib.common.rest_client [req-dcc78b3b-187c-4fd0-97fb-fcfb569d7e73 req-dcc78b3b-187c-4fd0-97fb-fcfb569d7e73 ] Request (ListServersNegativeTestJSON:setUpClass): 200 GET http://10.180.1.21/compute/v2.1/servers/e09f313d-695f-419a-ba7a-8fe26d166d3b 0.059s
2025-04-19 14:56:21.936 69901 INFO tempest.lib.common.rest_client [req-d9643da8-7753-4ef4-ba86-41d75c8adffc req-d9643da8-7753-4ef4-ba86-41d75c8adffc ] Request (ServersNegativeTestMultiTenantJSON:setUpClass): 200 GET http://10.180.1.21/compute/v2.1/servers/4762e03c-2f8c-4796-bdd0-9752f3674fb8 0.061s
2025-04-19 14:56:22.001 69917 INFO tempest.lib.common.rest_client [req-dcfac4d4-d6c0-4f34-9a1f-fd19ed7c54b7 req-dcfac4d4-d6c0-4f34-9a1f-fd19ed7c54b7 ] Request (DeleteServersAdminTestJSON:test_delete_server_while_in_error_state): 200 GET http://10.180.1.21/compute/v2.1/servers/c2fc91e3-adaf-4645-b65a-c5ba03435ea6 0.084s
2025-04-19 14:56:22.068 69913 INFO tempest.lib.common.rest_client [req-3b0a87eb-4082-48aa-a807-202a45970c70 req-3b0a87eb-4082-48aa-a807-202a45970c70 ] Request (ServersTestMultiNic:_run_cleanups): 200 GET http://10.180.1.21/compute/v2.1/servers/fff8ab88-9879-49bb-a0bb-f3a8d8830201 0.074s
2025-04-19 14:56:22.091 69905 INFO tempest.lib.common.rest_client [req-91f1c388-f4c4-45cf-b973-e07aadd94290 req-91f1c388-f4c4-45cf-b973-e07aadd94290 ] Request (DeleteServersTestJSON:test_delete_active_server): 200 GET http://10.180.1.21/compute/v2.1/servers/7c5cfee9-4e9f-4616-9e73-6c257b109b04 0.060s
2025-04-19 14:56:22.125 69945 INFO tempest.lib.common.rest_client [req-9464cb9d-34fb-41e7-9c76-f3ad089109b4 req-9464cb9d-34fb-41e7-9c76-f3ad089109b4 ] Request (SecurityGroupsTestJSON:test_server_security_groups): 200 GET http://10.180.1.21/compute/v2.1/servers/0983ed9e-3ca6-4a9c-bece-50c7a4d89797 0.082s
2025-04-19 14:56:22.132 69945 INFO tempest.common.waiters [-] State transition "BUILD/None" ==> "BUILD/networking" after 80 second wait
2025-04-19 14:56:22.150 69919 INFO tempest.lib.common.rest_client [req-6f633425-6c0e-4ff7-aa3a-33ba6669d916 req-6f633425-6c0e-4ff7-aa3a-33ba6669d916 ] Request (AttachVolumeShelveTestJSON:test_attach_volume_shelved_or_offload_server): 200 GET http://10.180.1.21/compute/v2.1/servers/3137d543-006b-4f18-bbff-d1288ea4017b 0.051s
2025-04-19 14:56:22.195 69903 INFO tempest.lib.common.rest_client [req-72bfe67b-fd64-4b94-8c8e-7ade10b29166 req-72bfe67b-fd64-4b94-8c8e-7ade10b29166 ] Request (VolumesAdminNegativeTest:test_update_attached_volume_with_nonexistent_volume_in_body): 200 GET http://10.180.1.21/volume/v3/volumes/07504bcc-7ea1-422e-9651-0dfff56da1f8 0.024s
2025-04-19 14:56:22.201 69921 INFO tempest.lib.common.rest_client [req-d1640f90-6b4f-40cb-911c-8b12726c533e req-d1640f90-6b4f-40cb-911c-8b12726c533e ] Request (ServerRescueTestJSONUnderV235:setUpClass): 200 GET http://10.180.1.21/compute/v2.1/servers/11365266-cec8-4bb8-9795-7091cd73329a 0.055s
2025-04-19 14:56:22.202 69907 INFO paramiko.transport [-] Connected (version 2.0, client dropbear_2020.81)
2025-04-19 14:56:22.278 69909 INFO paramiko.transport [-] Connected (version 2.0, client dropbear_2020.81)
2025-04-19 14:56:22.293 69926 INFO tempest.lib.common.rest_client [req-1ae5b4a1-c441-41e2-b718-8e911e0c3997 req-1ae5b4a1-c441-41e2-b718-8e911e0c3997 ] Request (ServersListShow298Test:tearDownClass): 200 GET http://10.180.1.21/compute/v2.1/servers/1aa126ff-b673-49e5-a945-4f32fc7c92e2 0.066s
2025-04-19 14:56:22.309 69907 INFO paramiko.transport [-] Authentication (publickey) successful!
2025-04-19 14:56:22.309 69907 INFO tempest.lib.common.ssh [-] ssh connection to cirros@10.180.180.228 successfully created
2025-04-19 14:56:22.321 69907 INFO tempest.lib.common.ssh [-] Creating ssh connection to '10.180.180.228:22' as 'cirros' with public key authentication
2025-04-19 14:56:22.325 69907 INFO paramiko.transport [-] Connected (version 2.0, client dropbear_2020.81)
2025-04-19 14:56:22.350 69909 INFO paramiko.transport [-] Authentication (publickey) successful!
2025-04-19 14:56:22.351 69909 INFO tempest.lib.common.ssh [-] ssh connection to cirros@10.180.180.204 successfully created
2025-04-19 14:56:22.361 69909 INFO tempest.lib.common.ssh [-] Creating ssh connection to '10.180.180.204:22' as 'cirros' with public key authentication
2025-04-19 14:56:22.364 69909 INFO paramiko.transport [-] Connected (version 2.0, client dropbear_2020.81)
2025-04-19 14:56:22.411 69915 INFO tempest.lib.common.rest_client [req-452d0220-743a-45f6-9f5f-d13c0436ea92 req-452d0220-743a-45f6-9f5f-d13c0436ea92 ] Request (ServersAdminTestJSON:test_create_server_with_scheduling_hint): 200 GET http://10.180.1.21/compute/v2.1/servers/415bb90f-8235-4e19-84dd-50927452592a 0.048s
2025-04-19 14:56:22.418 69909 INFO paramiko.transport [-] Authentication (publickey) successful!
2025-04-19 14:56:22.419 69909 INFO tempest.lib.common.ssh [-] ssh connection to cirros@10.180.180.204 successfully created
2025-04-19 14:56:22.424 69907 INFO paramiko.transport [-] Authentication (publickey) successful!
2025-04-19 14:56:22.424 69907 INFO tempest.lib.common.ssh [-] ssh connection to cirros@10.180.180.228 successfully created
2025-04-19 14:56:22.484 69929 INFO tempest.lib.common.rest_client [req-0b7f0c36-3865-4ce7-ad9e-bee1679cf651 req-0b7f0c36-3865-4ce7-ad9e-bee1679cf651 ] Request (MultipleCreateTestJSON:_run_cleanups): 200 GET http://10.180.1.21/compute/v2.1/servers/913da34d-a6f0-414d-92db-ee71f3a93cf4 0.060s
2025-04-19 14:56:22.489 69909 INFO tempest.lib.common.rest_client [req-21b20a08-8e1f-41ae-8f46-e016575dfcc8 req-21b20a08-8e1f-41ae-8f46-e016575dfcc8 ] Request (ServerActionsTestJSON:test_reboot_server_hard): 202 POST http://10.180.1.21/compute/v2.1/servers/e6ba8e96-a9bd-4a35-b386-3e7cb9c95ecc/action 0.062s
2025-04-19 14:56:22.534 69941 INFO tempest.lib.common.rest_client [req-5bb10faf-3435-468d-92d0-6628eff30ac7 req-5bb10faf-3435-468d-92d0-6628eff30ac7 ] Request (ImagesTestJSON:test_create_image_from_suspended_server): 200 GET http://10.180.1.21/compute/v2.1/servers/f982cd1a-f5e6-4417-b970-96d5327c84d1 0.062s
2025-04-19 14:56:22.565 69953 INFO tempest.lib.common.rest_client [req-9cde15d8-12ab-4c64-967c-6e4d2c71db50 req-9cde15d8-12ab-4c64-967c-6e4d2c71db50 ] Request (ServerMetadataNegativeTestJSON:setUpClass): 201 POST http://10.180.1.21:9696/networking/v2.0/routers 0.703s
2025-04-19 14:56:22.610 69927 INFO tempest.lib.common.rest_client [req-711a9484-8fad-4834-b446-e0c88d17d620 req-711a9484-8fad-4834-b446-e0c88d17d620 ] Request (ServerRescueNegativeTestJSON:setUpClass): 200 GET http://10.180.1.21/compute/v2.1/servers/f6ea22c7-5703-4d58-b92a-42febea3bb06 0.060s
2025-04-19 14:56:22.664 69909 INFO tempest.lib.common.rest_client [req-b2e0abb6-a542-4383-9d4c-226a34ab5a3c req-b2e0abb6-a542-4383-9d4c-226a34ab5a3c ] Request (ServerActionsTestJSON:test_reboot_server_hard): 200 GET http://10.180.1.21/compute/v2.1/servers/e6ba8e96-a9bd-4a35-b386-3e7cb9c95ecc 0.174s
2025-04-19 14:56:22.670 69961 INFO tempest.lib.common.rest_client [req-23b4f630-8984-4f21-89e8-59103044b31b req-23b4f630-8984-4f21-89e8-59103044b31b ] Request (ListImageFiltersTestJSON:tearDownClass): 200 GET http://10.180.1.21/compute/v2.1/servers/09fbe61d-3dd5-421d-870b-4320e7ba8c0d 0.119s
2025-04-19 14:56:22.731 69939 INFO tempest.lib.common.rest_client [req-7df6f413-9341-4dba-82d5-138df09ecfae req-7df6f413-9341-4dba-82d5-138df09ecfae ] Request (ServersNegativeTestJSON:setUpClass): 200 GET http://10.180.1.21/compute/v2.1/servers/9805d5cc-af24-4bf5-b99b-4bc316661526 0.126s
2025-04-19 14:56:22.745 69937 INFO tempest.lib.common.rest_client [req-0addb5c1-cffc-4b5a-ad42-167ffa1965ca req-0addb5c1-cffc-4b5a-ad42-167ffa1965ca ] Request (AttachInterfacesTestJSON:test_create_list_show_delete_interfaces_by_network_port): 200 GET http://10.180.1.21/compute/v2.1/servers/a934c7fb-78ef-4ca7-bdeb-49d0b95eaff9 0.052s
2025-04-19 14:56:22.796 69947 INFO tempest.lib.common.rest_client [req-8d800ee2-75fa-4874-a703-9a5177d77432 req-8d800ee2-75fa-4874-a703-9a5177d77432 ] Request (VolumesAssistedSnapshotsTest:_run_cleanups): 200 GET http://10.180.1.21/compute/v2.1/servers/b1e0d3ca-8f60-40e3-b748-c27ab7c346b3/os-volume_attachments 0.031s
2025-04-19 14:56:22.800 69923 INFO tempest.lib.common.rest_client [req-6e8b92a7-7791-4999-89c0-f20fc65bdb3f req-6e8b92a7-7791-4999-89c0-f20fc65bdb3f ] Request (ServersTestBootFromVolume:setUpClass): 200 GET http://10.180.1.21/compute/v2.1/servers/ef45db2f-2489-474f-ae77-492fa1c8517e 0.060s
2025-04-19 14:56:22.852 69959 INFO tempest.lib.common.rest_client [req-0f8403fe-e40b-4fee-a8b5-3c82d9f4c266 req-0f8403fe-e40b-4fee-a8b5-3c82d9f4c266 ] Request (AttachInterfacesV270Test:test_create_get_list_interfaces): 200 GET http://10.180.1.21/compute/v2.1/servers/86790ac3-48f9-4b93-8843-8b1b36383712 0.084s
2025-04-19 14:56:22.887 69935 INFO tempest.lib.common.rest_client [req-88e9be87-a09f-4319-811b-7f45827ac3fe req-88e9be87-a09f-4319-811b-7f45827ac3fe ] Request (MigrationsAdminTest:test_resize_server_revert_deleted_flavor): 200 GET http://10.180.1.21/compute/v2.1/servers/ae5bfcf7-62ae-40a6-b700-fcbae3b4d5a2 0.072s
2025-04-19 14:56:22.912 69951 INFO tempest.lib.common.rest_client [req-14b31491-646b-4832-9095-62d6d0c8c0de req-14b31491-646b-4832-9095-62d6d0c8c0de ] Request (ServerShowV247Test:test_update_rebuild_list_server): 200 GET http://10.180.1.21/compute/v2.1/servers/e18b7c45-bbd5-411a-95c8-04f20d4fe75c 0.069s
2025-04-19 14:56:22.956 69949 INFO tempest.lib.common.rest_client [req-9a26aded-76c4-4371-acdb-bfa4217f1431 req-9a26aded-76c4-4371-acdb-bfa4217f1431 ] Request (ListServersNegativeTestJSON:setUpClass): 200 GET http://10.180.1.21/compute/v2.1/servers/e09f313d-695f-419a-ba7a-8fe26d166d3b 0.081s
2025-04-19 14:56:23.012 69901 INFO tempest.lib.common.rest_client [req-7789694c-99fb-46aa-a121-499530295475 req-7789694c-99fb-46aa-a121-499530295475 ] Request (ServersNegativeTestMultiTenantJSON:setUpClass): 200 GET http://10.180.1.21/compute/v2.1/servers/4762e03c-2f8c-4796-bdd0-9752f3674fb8 0.067s
2025-04-19 14:56:23.096 69917 INFO tempest.lib.common.rest_client [req-c2f8993b-63b9-4d18-b4ae-306e00a5be9f req-c2f8993b-63b9-4d18-b4ae-306e00a5be9f ] Request (DeleteServersAdminTestJSON:test_delete_server_while_in_error_state): 200 GET http://10.180.1.21/compute/v2.1/servers/c2fc91e3-adaf-4645-b65a-c5ba03435ea6 0.086s
2025-04-19 14:56:23.157 69905 INFO tempest.lib.common.rest_client [req-b4c8ae6f-08da-4404-bd3f-45ba7f1cb738 req-b4c8ae6f-08da-4404-bd3f-45ba7f1cb738 ] Request (DeleteServersTestJSON:test_delete_active_server): 200 GET http://10.180.1.21/compute/v2.1/servers/7c5cfee9-4e9f-4616-9e73-6c257b109b04 0.058s
2025-04-19 14:56:23.162 69913 INFO tempest.lib.common.rest_client [req-7daa372b-3cee-447f-9716-2cb7ad2988b1 req-7daa372b-3cee-447f-9716-2cb7ad2988b1 ] Request (ServersTestMultiNic:_run_cleanups): 200 GET http://10.180.1.21/compute/v2.1/servers/fff8ab88-9879-49bb-a0bb-f3a8d8830201 0.083s
2025-04-19 14:56:23.232 69919 INFO tempest.lib.common.rest_client [req-d9fb3b8a-bdd4-402a-9fda-947044c397ef req-d9fb3b8a-bdd4-402a-9fda-947044c397ef ] Request (AttachVolumeShelveTestJSON:test_attach_volume_shelved_or_offload_server): 200 GET http://10.180.1.21/compute/v2.1/servers/3137d543-006b-4f18-bbff-d1288ea4017b 0.073s
2025-04-19 14:56:23.249 69903 INFO tempest.lib.common.rest_client [req-6c69554e-6a21-4789-8e44-1d672b69b1ce req-6c69554e-6a21-4789-8e44-1d672b69b1ce ] Request (VolumesAdminNegativeTest:test_update_attached_volume_with_nonexistent_volume_in_body): 200 GET http://10.180.1.21/volume/v3/volumes/07504bcc-7ea1-422e-9651-0dfff56da1f8 0.041s
2025-04-19 14:56:23.275 69945 INFO tempest.lib.common.rest_client [req-1900187f-bbbf-4385-9bae-1de7fe8bba00 req-1900187f-bbbf-4385-9bae-1de7fe8bba00 ] Request (SecurityGroupsTestJSON:test_server_security_groups): 200 GET http://10.180.1.21/compute/v2.1/servers/0983ed9e-3ca6-4a9c-bece-50c7a4d89797 0.142s
2025-04-19 14:56:23.282 69945 INFO tempest.common.waiters [-] State transition "BUILD/networking" ==> "BUILD/block_device_mapping" after 81 second wait
2025-04-19 14:56:23.288 69921 INFO tempest.lib.common.rest_client [req-90779adb-5016-4b11-9b7d-e13868143717 req-90779adb-5016-4b11-9b7d-e13868143717 ] Request (ServerRescueTestJSONUnderV235:setUpClass): 200 GET http://10.180.1.21/compute/v2.1/servers/11365266-cec8-4bb8-9795-7091cd73329a 0.080s
2025-04-19 14:56:23.373 69926 INFO tempest.lib.common.rest_client [req-79249ff3-70ec-4444-8cc3-56f75e6972f7 req-79249ff3-70ec-4444-8cc3-56f75e6972f7 ] Request (ServersListShow298Test:tearDownClass): 200 GET http://10.180.1.21/compute/v2.1/servers/1aa126ff-b673-49e5-a945-4f32fc7c92e2 0.069s
2025-04-19 14:56:23.384 69926 INFO tempest.common.waiters [-] State transition "ACTIVE/deleting" ==> "DELETED/None" after 4 second wait
2025-04-19 14:56:23.433 69953 INFO tempest.lib.common.rest_client [req-c80aaa06-172b-4cae-8f9c-fe6a456b2c0b req-c80aaa06-172b-4cae-8f9c-fe6a456b2c0b ] Request (ServerMetadataNegativeTestJSON:setUpClass): 200 PUT http://10.180.1.21:9696/networking/v2.0/routers/fc323f8e-4e8e-4f44-b6d4-483cb7dc91f0/add_router_interface 0.868s
2025-04-19 14:56:23.434 69953 INFO tempest.lib.common.dynamic_creds [-] Created isolated network resources for: credentials: Credentials: {'domain_id': 'default', 'domain_name': 'Default', 'username': 'tempest-ServerMetadataNegativeTestJSON-1045501013-project-member', 'project_domain_id': 'default', 'project_domain_name': 'Default', 'project_id': '0c71c47461de4104bffe9c686077eaf1', 'project_name': 'tempest-ServerMetadataNegativeTestJSON-1045501013', 'tenant_id': '0c71c47461de4104bffe9c686077eaf1', 'tenant_name': 'tempest-ServerMetadataNegativeTestJSON-1045501013', 'user_domain_id': 'default', 'user_domain_name': 'Default', 'user_id': 'f974d860e8e144e79c4f0da4c550837d', 'system': None}, Network: {'id': '902a0212-ba0d-44e5-89eb-7214b901ea19', 'name': 'tempest-ServerMetadataNegativeTestJSON-2095021011-network', 'tenant_id': '0c71c47461de4104bffe9c686077eaf1', 'admin_state_up': True, 'mtu': 8950, 'status': 'ACTIVE', 'subnets': [], 'shared': False, 'project_id': '0c71c47461de4104bffe9c686077eaf1', 'port_security_enabled': True, 'router:external': False, 'provider:network_type': 'vlan', 'provider:physical_network': 'default', 'provider:segmentation_id': 204, 'availability_zone_hints': [], 'availability_zones': [], 'ipv4_address_scope': None, 'ipv6_address_scope': None, 'description': '', 'tags': [], 'created_at': '2025-04-19T14:56:21Z', 'updated_at': '2025-04-19T14:56:21Z', 'revision_number': 1}, Subnet: {'id': 'ca918528-b675-4171-bf00-3733b969a4b0', 'name': 'tempest-ServerMetadataNegativeTestJSON-2095021011-subnet', 'tenant_id': '0c71c47461de4104bffe9c686077eaf1', 'network_id': '902a0212-ba0d-44e5-89eb-7214b901ea19', 'ip_version': 4, 'subnetpool_id': None, 'enable_dhcp': True, 'ipv6_ra_mode': None, 'ipv6_address_mode': None, 'gateway_ip': '192.168.128.1', 'cidr': '192.168.128.0/28', 'allocation_pools': [{'start': '192.168.128.2', 'end': '192.168.128.14'}], 'host_routes': [], 'dns_nameservers': [], 'description': '', 'router:external': False, 'service_types': [], 'tags': [], 'created_at': '2025-04-19T14:56:21Z', 'updated_at': '2025-04-19T14:56:21Z', 'revision_number': 0, 'project_id': '0c71c47461de4104bffe9c686077eaf1'}, Router: {'id': 'fc323f8e-4e8e-4f44-b6d4-483cb7dc91f0', 'name': 'tempest-ServerMetadataNegativeTestJSON-2095021011-router', 'tenant_id': '0c71c47461de4104bffe9c686077eaf1', 'admin_state_up': True, 'status': 'ACTIVE', 'external_gateway_info': {'network_id': '15e7942b-8d5e-46a4-b2ef-482fa95729b2', 'external_fixed_ips': [{'subnet_id': 'bd3301b1-2b52-4d08-ade4-3c40e67083cb', 'ip_address': '10.180.180.247'}], 'enable_snat': True}, 'description': '', 'availability_zones': [], 'distributed': False, 'ha': False, 'availability_zone_hints': [], 'routes': [], 'flavor_id': None, 'tags': [], 'created_at': '2025-04-19T14:56:21Z', 'updated_at': '2025-04-19T14:56:22Z', 'revision_number': 2, 'project_id': '0c71c47461de4104bffe9c686077eaf1'}
2025-04-19 14:56:23.472 69915 INFO tempest.lib.common.rest_client [req-1e603b4d-f3aa-471a-9754-ad471295ddac req-1e603b4d-f3aa-471a-9754-ad471295ddac ] Request (ServersAdminTestJSON:test_create_server_with_scheduling_hint): 200 GET http://10.180.1.21/compute/v2.1/servers/415bb90f-8235-4e19-84dd-50927452592a 0.053s
2025-04-19 14:56:23.523 69953 INFO tempest.lib.common.rest_client [req-a3e6e5bb-6480-4ba2-a6a5-0020be46c3b8 req-a3e6e5bb-6480-4ba2-a6a5-0020be46c3b8 ] Request (ServerMetadataNegativeTestJSON:setUpClass): 201 POST http://10.180.1.21/identity/v3/auth/tokens 0.086s
2025-04-19 14:56:23.532 69907 INFO tempest.lib.common.rest_client [req-cbd4b19a-0d65-44f5-a026-22b353c8ac6c req-cbd4b19a-0d65-44f5-a026-22b353c8ac6c ] Request (ServersV294TestFqdnHostnames:tearDownClass): 204 DELETE http://10.180.1.21/compute/v2.1/servers/8f8e183c-7597-4fb6-9a9f-8002db7ceaaa 0.074s
2025-04-19 14:56:23.550 69929 INFO tempest.lib.common.rest_client [req-853d1d9d-d5eb-40c7-9a29-2bc460639617 req-853d1d9d-d5eb-40c7-9a29-2bc460639617 ] Request (MultipleCreateTestJSON:_run_cleanups): 200 GET http://10.180.1.21/compute/v2.1/servers/913da34d-a6f0-414d-92db-ee71f3a93cf4 0.059s
2025-04-19 14:56:23.557 69953 INFO tempest.lib.common.rest_client [req-0dd18b6f-732d-4ad0-8faa-55b6d0362c60 req-0dd18b6f-732d-4ad0-8faa-55b6d0362c60 ] Request (ServerMetadataNegativeTestJSON:setUpClass): 201 POST http://10.180.1.21/identity/v3/auth/tokens 0.030s
2025-04-19 14:56:23.558 69953 INFO tempest.lib.common.fixed_network [-] (ServerMetadataNegativeTestJSON:setUpClass) Found network {'id': '902a0212-ba0d-44e5-89eb-7214b901ea19', 'name': 'tempest-ServerMetadataNegativeTestJSON-2095021011-network', 'tenant_id': '0c71c47461de4104bffe9c686077eaf1', 'admin_state_up': True, 'mtu': 8950, 'status': 'ACTIVE', 'subnets': [], 'shared': False, 'project_id': '0c71c47461de4104bffe9c686077eaf1', 'port_security_enabled': True, 'router:external': False, 'provider:network_type': 'vlan', 'provider:physical_network': 'default', 'provider:segmentation_id': 204, 'availability_zone_hints': [], 'availability_zones': [], 'ipv4_address_scope': None, 'ipv6_address_scope': None, 'description': '', 'tags': [], 'created_at': '2025-04-19T14:56:21Z', 'updated_at': '2025-04-19T14:56:21Z', 'revision_number': 1} available for tenant
2025-04-19 14:56:23.610 69941 INFO tempest.lib.common.rest_client [req-4c09e841-fe4a-481e-a321-526ad3f26b8b req-4c09e841-fe4a-481e-a321-526ad3f26b8b ] Request (ImagesTestJSON:test_create_image_from_suspended_server): 200 GET http://10.180.1.21/compute/v2.1/servers/f982cd1a-f5e6-4417-b970-96d5327c84d1 0.069s
2025-04-19 14:56:23.660 69907 INFO tempest.lib.common.rest_client [req-d91b4b84-c6c1-4ffc-9c4c-1bf60225f99b req-d91b4b84-c6c1-4ffc-9c4c-1bf60225f99b ] Request (ServersV294TestFqdnHostnames:tearDownClass): 200 GET http://10.180.1.21/compute/v2.1/servers/8f8e183c-7597-4fb6-9a9f-8002db7ceaaa 0.128s
2025-04-19 14:56:23.717 69927 INFO tempest.lib.common.rest_client [req-d967e04b-cb0f-42af-97be-3580f6ee5c61 req-d967e04b-cb0f-42af-97be-3580f6ee5c61 ] Request (ServerRescueNegativeTestJSON:setUpClass): 200 GET http://10.180.1.21/compute/v2.1/servers/f6ea22c7-5703-4d58-b92a-42febea3bb06 0.100s
2025-04-19 14:56:23.804 69909 INFO tempest.lib.common.rest_client [req-15cbb357-ed37-4824-9015-e12cdddcba3b req-15cbb357-ed37-4824-9015-e12cdddcba3b ] Request (ServerActionsTestJSON:test_reboot_server_hard): 200 GET http://10.180.1.21/compute/v2.1/servers/e6ba8e96-a9bd-4a35-b386-3e7cb9c95ecc 0.128s
2025-04-19 14:56:23.856 69961 INFO tempest.lib.common.rest_client [req-157ce26f-93c2-4167-8fae-b386718b9a68 req-157ce26f-93c2-4167-8fae-b386718b9a68 ] Request (ListImageFiltersTestJSON:tearDownClass): 200 GET http://10.180.1.21/compute/v2.1/servers/09fbe61d-3dd5-421d-870b-4320e7ba8c0d 0.179s
2025-04-19 14:56:23.915 69939 INFO tempest.lib.common.rest_client [req-850ddf28-166e-4280-964a-f7a50631c7b7 req-850ddf28-166e-4280-964a-f7a50631c7b7 ] Request (ServersNegativeTestJSON:setUpClass): 200 GET http://10.180.1.21/compute/v2.1/servers/9805d5cc-af24-4bf5-b99b-4bc316661526 0.175s
2025-04-19 14:56:23.967 69937 INFO tempest.lib.common.rest_client [req-6d2a38ca-019d-4ffd-9e15-a20ce44d1c3a req-6d2a38ca-019d-4ffd-9e15-a20ce44d1c3a ] Request (AttachInterfacesTestJSON:test_create_list_show_delete_interfaces_by_network_port): 200 GET http://10.180.1.21/compute/v2.1/servers/a934c7fb-78ef-4ca7-bdeb-49d0b95eaff9 0.212s
2025-04-19 14:56:23.984 69953 INFO tempest.lib.common.rest_client [req-e60a2580-6255-4303-bf3f-08932d46738f req-e60a2580-6255-4303-bf3f-08932d46738f ] Request (ServerMetadataNegativeTestJSON:setUpClass): 202 POST http://10.180.1.21/compute/v2.1/servers 0.426s
2025-04-19 14:56:23.993 69947 INFO tempest.lib.common.rest_client [req-1b61bc74-2519-4251-937a-b46955c5468e req-1b61bc74-2519-4251-937a-b46955c5468e ] Request (VolumesAssistedSnapshotsTest:_run_cleanups): 200 GET http://10.180.1.21/compute/v2.1/servers/b1e0d3ca-8f60-40e3-b748-c27ab7c346b3/os-volume_attachments 0.195s
2025-04-19 14:56:24.032 69931 INFO paramiko.transport [-] Connected (version 2.0, client dropbear_2020.81)
2025-04-19 14:56:24.041 69923 INFO tempest.lib.common.rest_client [req-4038145f-fbbd-42b4-a3f3-adcc05950ff7 req-4038145f-fbbd-42b4-a3f3-adcc05950ff7 ] Request (ServersTestBootFromVolume:setUpClass): 200 GET http://10.180.1.21/compute/v2.1/servers/ef45db2f-2489-474f-ae77-492fa1c8517e 0.230s
2025-04-19 14:56:24.046 69959 INFO tempest.lib.common.rest_client [req-8e049229-c2ac-4d82-846c-294069bdcd37 req-8e049229-c2ac-4d82-846c-294069bdcd37 ] Request (AttachInterfacesV270Test:test_create_get_list_interfaces): 200 GET http://10.180.1.21/compute/v2.1/servers/86790ac3-48f9-4b93-8843-8b1b36383712 0.179s
2025-04-19 14:56:24.095 69931 INFO paramiko.transport [-] Authentication (publickey) successful!
2025-04-19 14:56:24.095 69931 INFO tempest.lib.common.ssh [-] ssh connection to cirros@10.180.180.241 successfully created
2025-04-19 14:56:24.106 69935 INFO tempest.lib.common.rest_client [req-c558706e-522d-4c02-8685-f42bee259981 req-c558706e-522d-4c02-8685-f42bee259981 ] Request (MigrationsAdminTest:test_resize_server_revert_deleted_flavor): 200 GET http://10.180.1.21/compute/v2.1/servers/ae5bfcf7-62ae-40a6-b700-fcbae3b4d5a2 0.206s
2025-04-19 14:56:24.108 69951 INFO tempest.lib.common.rest_client [req-3559b3a4-0b84-413c-b358-63f32fc252e2 req-3559b3a4-0b84-413c-b358-63f32fc252e2 ] Request (ServerShowV247Test:test_update_rebuild_list_server): 200 GET http://10.180.1.21/compute/v2.1/servers/e18b7c45-bbd5-411a-95c8-04f20d4fe75c 0.184s
2025-04-19 14:56:24.153 69953 INFO tempest.lib.common.rest_client [req-3c819144-d27d-41c3-9905-72683980fb4e req-3c819144-d27d-41c3-9905-72683980fb4e ] Request (ServerMetadataNegativeTestJSON:setUpClass): 200 GET http://10.180.1.21/compute/v2.1/servers/b4e9a64e-f47e-4ca9-9faa-de36436a7480 0.168s
2025-04-19 14:56:24.159 69949 INFO tempest.lib.common.rest_client [req-e562e6d2-7cd5-4631-a14a-822381b01888 req-e562e6d2-7cd5-4631-a14a-822381b01888 ] Request (ListServersNegativeTestJSON:setUpClass): 200 GET http://10.180.1.21/compute/v2.1/servers/e09f313d-695f-419a-ba7a-8fe26d166d3b 0.191s
2025-04-19 14:56:24.175 69943 WARNING tempest.lib.common.ssh [-] Failed to establish authenticated ssh connection to cirros@10.180.180.239 ([Errno None] Unable to connect to port 22 on 10.180.180.239). Number attempts: 1. Retry after 2 seconds.: paramiko.ssh_exception.NoValidConnectionsError: [Errno None] Unable to connect to port 22 on 10.180.180.239
2025-04-19 14:56:24.211 69901 INFO tempest.lib.common.rest_client [req-20eccc08-7c13-41cf-ac61-f37a84070e0d req-20eccc08-7c13-41cf-ac61-f37a84070e0d ] Request (ServersNegativeTestMultiTenantJSON:setUpClass): 200 GET http://10.180.1.21/compute/v2.1/servers/4762e03c-2f8c-4796-bdd0-9752f3674fb8 0.189s
2025-04-19 14:56:24.237 69931 INFO tempest.lib.common.rest_client [req-089139ef-6629-4681-8dcc-e6b2fa5b6fe1 req-089139ef-6629-4681-8dcc-e6b2fa5b6fe1 ] Request (ServersWithSpecificFlavorTestJSON:test_verify_created_server_ephemeral_disk): 204 DELETE http://10.180.1.21/compute/v2.1/servers/bb9939f0-b1d7-4db5-8c01-3ca5e7c4c791 0.130s
2025-04-19 14:56:24.290 69917 INFO tempest.lib.common.rest_client [req-c3f5210a-939b-4476-943e-c378efb5c986 req-c3f5210a-939b-4476-943e-c378efb5c986 ] Request (DeleteServersAdminTestJSON:test_delete_server_while_in_error_state): 200 GET http://10.180.1.21/compute/v2.1/servers/c2fc91e3-adaf-4645-b65a-c5ba03435ea6 0.182s
2025-04-19 14:56:24.299 69903 INFO tempest.lib.common.rest_client [req-49669b40-c91f-403b-8d74-07047765517f req-49669b40-c91f-403b-8d74-07047765517f ] Request (VolumesAdminNegativeTest:test_update_attached_volume_with_nonexistent_volume_in_body): 200 GET http://10.180.1.21/volume/v3/volumes/07504bcc-7ea1-422e-9651-0dfff56da1f8 0.039s
2025-04-19 14:56:24.315 69905 INFO tempest.lib.common.rest_client [req-8064ae73-e8f1-4d6d-ae5e-9cb8263e2695 req-8064ae73-e8f1-4d6d-ae5e-9cb8263e2695 ] Request (DeleteServersTestJSON:test_delete_active_server): 200 GET http://10.180.1.21/compute/v2.1/servers/7c5cfee9-4e9f-4616-9e73-6c257b109b04 0.148s
2025-04-19 14:56:24.348 69931 INFO tempest.lib.common.rest_client [req-43f15c37-8f21-47a9-bc60-618e12dd26ed req-43f15c37-8f21-47a9-bc60-618e12dd26ed ] Request (ServersWithSpecificFlavorTestJSON:test_verify_created_server_ephemeral_disk): 201 POST http://10.180.1.21/identity/v3/auth/tokens 0.102s
2025-04-19 14:56:24.348 69931 INFO tempest.lib.common.fixed_network [-] (ServersWithSpecificFlavorTestJSON:test_verify_created_server_ephemeral_disk) Found network {'id': '056805d0-f098-4bd4-bbd0-52bb911f7a2c', 'name': 'tempest-ServersWithSpecificFlavorTestJSON-437625939-network', 'tenant_id': '785eb6de178e425691c6733e8ba1f4d0', 'admin_state_up': True, 'mtu': 8950, 'status': 'ACTIVE', 'subnets': [], 'shared': False, 'project_id': '785eb6de178e425691c6733e8ba1f4d0', 'port_security_enabled': True, 'router:external': False, 'provider:network_type': 'vlan', 'provider:physical_network': 'default', 'provider:segmentation_id': 127, 'availability_zone_hints': [], 'availability_zones': [], 'ipv4_address_scope': None, 'ipv6_address_scope': None, 'description': '', 'tags': [], 'created_at': '2025-04-19T14:53:44Z', 'updated_at': '2025-04-19T14:53:44Z', 'revision_number': 1} available for tenant
2025-04-19 14:56:24.360 69913 INFO tempest.lib.common.rest_client [req-58649a51-48a4-4a94-98f8-0dd2cc99ae5a req-58649a51-48a4-4a94-98f8-0dd2cc99ae5a ] Request (ServersTestMultiNic:_run_cleanups): 200 GET http://10.180.1.21/compute/v2.1/servers/fff8ab88-9879-49bb-a0bb-f3a8d8830201 0.183s
2025-04-19 14:56:24.379 69919 INFO tempest.lib.common.rest_client [req-a8943a24-17c6-4394-a761-9a192ec88184 req-a8943a24-17c6-4394-a761-9a192ec88184 ] Request (AttachVolumeShelveTestJSON:test_attach_volume_shelved_or_offload_server): 200 GET http://10.180.1.21/compute/v2.1/servers/3137d543-006b-4f18-bbff-d1288ea4017b 0.136s
2025-04-19 14:56:24.428 69921 INFO tempest.lib.common.rest_client [req-1535e747-a0bf-40ff-999f-dfbc828d7987 req-1535e747-a0bf-40ff-999f-dfbc828d7987 ] Request (ServerRescueTestJSONUnderV235:setUpClass): 200 GET http://10.180.1.21/compute/v2.1/servers/11365266-cec8-4bb8-9795-7091cd73329a 0.130s
2025-04-19 14:56:24.500 69963 INFO paramiko.transport [-] Connected (version 2.0, client dropbear_2020.81)
2025-04-19 14:56:24.502 69945 INFO tempest.lib.common.rest_client [req-61d96174-4aba-45dd-a860-4c8143b8b63e req-61d96174-4aba-45dd-a860-4c8143b8b63e ] Request (SecurityGroupsTestJSON:test_server_security_groups): 200 GET http://10.180.1.21/compute/v2.1/servers/0983ed9e-3ca6-4a9c-bece-50c7a4d89797 0.219s
2025-04-19 14:56:24.509 69945 INFO tempest.common.waiters [-] State transition "BUILD/block_device_mapping" ==> "BUILD/spawning" after 82 second wait
2025-04-19 14:56:24.558 69963 INFO paramiko.transport [-] Authentication (publickey) successful!
2025-04-19 14:56:24.559 69963 INFO tempest.lib.common.ssh [-] ssh connection to cirros@10.180.180.254 successfully created
2025-04-19 14:56:24.564 69926 INFO tempest.lib.common.rest_client [req-cac5c5e3-c98e-48c4-8cb8-c175a6b5b9a3 req-cac5c5e3-c98e-48c4-8cb8-c175a6b5b9a3 ] Request (ServersListShow298Test:tearDownClass): 200 GET http://10.180.1.21/compute/v2.1/servers/1aa126ff-b673-49e5-a945-4f32fc7c92e2 0.180s
2025-04-19 14:56:24.627 69915 INFO tempest.lib.common.rest_client [req-34ca9d36-57b8-47be-ac56-e981e1fa0ec5 req-34ca9d36-57b8-47be-ac56-e981e1fa0ec5 ] Request (ServersAdminTestJSON:test_create_server_with_scheduling_hint): 200 GET http://10.180.1.21/compute/v2.1/servers/415bb90f-8235-4e19-84dd-50927452592a 0.147s
2025-04-19 14:56:24.692 69929 INFO tempest.lib.common.rest_client [req-edcdb4c4-04a3-44e4-b161-30e792739a38 req-edcdb4c4-04a3-44e4-b161-30e792739a38 ] Request (MultipleCreateTestJSON:_run_cleanups): 200 GET http://10.180.1.21/compute/v2.1/servers/913da34d-a6f0-414d-92db-ee71f3a93cf4 0.135s
2025-04-19 14:56:24.789 69963 INFO tempest.lib.common.rest_client [req-be8f69a7-45c2-4c7e-8f74-ef21ee82223e req-be8f69a7-45c2-4c7e-8f74-ef21ee82223e ] Request (ServersTestFqdnHostnames:tearDownClass): 204 DELETE http://10.180.1.21/compute/v2.1/servers/4fbd9481-6115-4243-8700-37374677b0bb 0.219s
2025-04-19 14:56:24.797 69931 INFO tempest.lib.common.rest_client [req-341996e9-ba05-40be-9bab-2d454c62ca00 req-341996e9-ba05-40be-9bab-2d454c62ca00 ] Request (ServersWithSpecificFlavorTestJSON:test_verify_created_server_ephemeral_disk): 202 POST http://10.180.1.21/compute/v2.1/servers 0.447s
2025-04-19 14:56:24.850 69941 INFO tempest.lib.common.rest_client [req-c8255c83-a027-465b-af75-15fa11f50f23 req-c8255c83-a027-465b-af75-15fa11f50f23 ] Request (ImagesTestJSON:test_create_image_from_suspended_server): 200 GET http://10.180.1.21/compute/v2.1/servers/f982cd1a-f5e6-4417-b970-96d5327c84d1 0.231s
2025-04-19 14:56:24.957 69907 INFO tempest.lib.common.rest_client [req-bc672d45-ae4b-44ef-b6d7-91a7bb5f2b65 req-bc672d45-ae4b-44ef-b6d7-91a7bb5f2b65 ] Request (ServersV294TestFqdnHostnames:tearDownClass): 200 GET http://10.180.1.21/compute/v2.1/servers/8f8e183c-7597-4fb6-9a9f-8002db7ceaaa 0.280s
2025-04-19 14:56:25.083 69963 INFO tempest.lib.common.rest_client [req-d61126d2-b87b-4bb4-b68c-c5a71372b84f req-d61126d2-b87b-4bb4-b68c-c5a71372b84f ] Request (ServersTestFqdnHostnames:tearDownClass): 200 GET http://10.180.1.21/compute/v2.1/servers/4fbd9481-6115-4243-8700-37374677b0bb 0.293s
2025-04-19 14:56:25.120 69931 INFO tempest.lib.common.rest_client [req-7fce5df2-8493-4606-8177-5140c598b3c6 req-7fce5df2-8493-4606-8177-5140c598b3c6 ] Request (ServersWithSpecificFlavorTestJSON:test_verify_created_server_ephemeral_disk): 200 GET http://10.180.1.21/compute/v2.1/servers/0152d67e-8b6d-4cf4-8395-78b784260d4a 0.321s
2025-04-19 14:56:25.131 69927 INFO tempest.lib.common.rest_client [req-3f3cebe9-23ca-4117-9737-63f7dea835df req-3f3cebe9-23ca-4117-9737-63f7dea835df ] Request (ServerRescueNegativeTestJSON:setUpClass): 200 GET http://10.180.1.21/compute/v2.1/servers/f6ea22c7-5703-4d58-b92a-42febea3bb06 0.400s
2025-04-19 14:56:25.192 69961 INFO tempest.lib.common.rest_client [req-80f17901-b1e4-4e09-a3db-428f7c877229 req-80f17901-b1e4-4e09-a3db-428f7c877229 ] Request (ListImageFiltersTestJSON:tearDownClass): 200 GET http://10.180.1.21/compute/v2.1/servers/09fbe61d-3dd5-421d-870b-4320e7ba8c0d 0.327s
2025-04-19 14:56:25.238 69939 INFO tempest.lib.common.rest_client [req-1f5e6a93-f189-41b7-b67a-f368fb678413 req-1f5e6a93-f189-41b7-b67a-f368fb678413 ] Request (ServersNegativeTestJSON:setUpClass): 200 GET http://10.180.1.21/compute/v2.1/servers/9805d5cc-af24-4bf5-b99b-4bc316661526 0.314s
2025-04-19 14:56:25.242 69909 INFO tempest.lib.common.rest_client [req-d5cbcfbc-a9e3-4f2c-af81-5be535cf45d0 req-d5cbcfbc-a9e3-4f2c-af81-5be535cf45d0 ] Request (ServerActionsTestJSON:test_reboot_server_hard): 200 GET http://10.180.1.21/compute/v2.1/servers/e6ba8e96-a9bd-4a35-b386-3e7cb9c95ecc 0.431s
2025-04-19 14:56:25.276 69947 INFO tempest.lib.common.rest_client [req-59696852-bcf8-4133-9d85-307fa216c941 req-59696852-bcf8-4133-9d85-307fa216c941 ] Request (VolumesAssistedSnapshotsTest:_run_cleanups): 200 GET http://10.180.1.21/compute/v2.1/servers/b1e0d3ca-8f60-40e3-b748-c27ab7c346b3/os-volume_attachments 0.280s
2025-04-19 14:56:25.284 69937 INFO tempest.lib.common.rest_client [req-01f63fab-18b6-46ee-a955-5c6f38ded724 req-01f63fab-18b6-46ee-a955-5c6f38ded724 ] Request (AttachInterfacesTestJSON:test_create_list_show_delete_interfaces_by_network_port): 200 GET http://10.180.1.21/compute/v2.1/servers/a934c7fb-78ef-4ca7-bdeb-49d0b95eaff9 0.308s
2025-04-19 14:56:25.306 69947 INFO tempest.lib.common.rest_client [req-5e5cc372-176a-4107-8708-0d1edd8c5fe6 req-5e5cc372-176a-4107-8708-0d1edd8c5fe6 ] Request (VolumesAssistedSnapshotsTest:_run_cleanups): 200 GET http://10.180.1.21/volume/v3/volumes/125244d5-7506-4182-b4d8-22d60bc10bcc 0.029s
2025-04-19 14:56:25.313 69947 INFO tempest.common.waiters [-] volume 125244d5-7506-4182-b4d8-22d60bc10bcc reached available after waiting for 0.313644 seconds
2025-04-19 14:56:25.335 69923 INFO tempest.lib.common.rest_client [req-0aaa5efe-b5a1-4742-b4fe-61af0de4d448 req-0aaa5efe-b5a1-4742-b4fe-61af0de4d448 ] Request (ServersTestBootFromVolume:setUpClass): 200 GET http://10.180.1.21/compute/v2.1/servers/ef45db2f-2489-474f-ae77-492fa1c8517e 0.279s
2025-04-19 14:56:25.344 69959 INFO tempest.lib.common.rest_client [req-8abcc819-da08-4558-9a77-65c3651bd4aa req-8abcc819-da08-4558-9a77-65c3651bd4aa ] Request (AttachInterfacesV270Test:test_create_get_list_interfaces): 200 GET http://10.180.1.21/compute/v2.1/servers/86790ac3-48f9-4b93-8843-8b1b36383712 0.288s
2025-04-19 14:56:25.349 69903 INFO tempest.lib.common.rest_client [req-101d43dc-530b-46b7-acd0-d908b0a65a8c req-101d43dc-530b-46b7-acd0-d908b0a65a8c ] Request (VolumesAdminNegativeTest:test_update_attached_volume_with_nonexistent_volume_in_body): 200 GET http://10.180.1.21/volume/v3/volumes/07504bcc-7ea1-422e-9651-0dfff56da1f8 0.041s
2025-04-19 14:56:25.358 69903 INFO tempest.common.waiters [-] Attachment 83ded747-f6aa-4c5a-a5bb-36672a20d71f created for volume 07504bcc-7ea1-422e-9651-0dfff56da1f8 to server a370afe3-c2f8-432a-a526-81426d935a9c after waiting for 9.358510 seconds
2025-04-19 14:56:25.377 69947 INFO tempest.lib.common.rest_client [req-e2788c68-f80a-4c3a-95f7-278dba86a8b7 req-e2788c68-f80a-4c3a-95f7-278dba86a8b7 ] Request (VolumesAssistedSnapshotsTest:_run_cleanups): 202 DELETE http://10.180.1.21/volume/v3/volumes/125244d5-7506-4182-b4d8-22d60bc10bcc 0.063s
2025-04-19 14:56:25.392 69903 INFO tempest.lib.common.rest_client [req-cd9cecd4-16be-492c-9cbe-b3d329f3788a req-cd9cecd4-16be-492c-9cbe-b3d329f3788a ] Request (VolumesAdminNegativeTest:test_update_attached_volume_with_nonexistent_volume_in_body): 200 GET http://10.180.1.21/volume/v3/volumes/07504bcc-7ea1-422e-9651-0dfff56da1f8 0.034s
2025-04-19 14:56:25.397 69951 INFO tempest.lib.common.rest_client [req-434155b3-1d9d-4077-aab0-33d075dbaba1 req-434155b3-1d9d-4077-aab0-33d075dbaba1 ] Request (ServerShowV247Test:test_update_rebuild_list_server): 200 GET http://10.180.1.21/compute/v2.1/servers/e18b7c45-bbd5-411a-95c8-04f20d4fe75c 0.277s
2025-04-19 14:56:25.399 69935 INFO tempest.lib.common.rest_client [req-7ff76122-9982-42e6-9b9c-830bc507f5d4 req-7ff76122-9982-42e6-9b9c-830bc507f5d4 ] Request (MigrationsAdminTest:test_resize_server_revert_deleted_flavor): 200 GET http://10.180.1.21/compute/v2.1/servers/ae5bfcf7-62ae-40a6-b700-fcbae3b4d5a2 0.284s
2025-04-19 14:56:25.402 69903 INFO tempest.common.waiters [-] volume 07504bcc-7ea1-422e-9651-0dfff56da1f8 reached in-use after waiting for 0.402799 seconds
2025-04-19 14:56:25.415 69947 INFO tempest.lib.common.rest_client [req-c2f40afc-0707-4a00-a007-07aa2d8a2436 req-c2f40afc-0707-4a00-a007-07aa2d8a2436 ] Request (VolumesAssistedSnapshotsTest:_run_cleanups): 200 GET http://10.180.1.21/volume/v3/volumes/125244d5-7506-4182-b4d8-22d60bc10bcc 0.037s
2025-04-19 14:56:25.464 69953 INFO tempest.lib.common.rest_client [req-e04787b5-6021-4e71-9f0f-d0878f45d77a req-e04787b5-6021-4e71-9f0f-d0878f45d77a ] Request (ServerMetadataNegativeTestJSON:setUpClass): 200 GET http://10.180.1.21/compute/v2.1/servers/b4e9a64e-f47e-4ca9-9faa-de36436a7480 0.302s
2025-04-19 14:56:25.481 69949 INFO tempest.lib.common.rest_client [req-7121c6a7-e074-428e-b5fb-49aa99934eac req-7121c6a7-e074-428e-b5fb-49aa99934eac ] Request (ListServersNegativeTestJSON:setUpClass): 200 GET http://10.180.1.21/compute/v2.1/servers/e09f313d-695f-419a-ba7a-8fe26d166d3b 0.310s
2025-04-19 14:56:25.518 69901 INFO tempest.lib.common.rest_client [req-f30ab548-209e-4ef4-ad77-616ebba3ecba req-f30ab548-209e-4ef4-ad77-616ebba3ecba ] Request (ServersNegativeTestMultiTenantJSON:setUpClass): 200 GET http://10.180.1.21/compute/v2.1/servers/4762e03c-2f8c-4796-bdd0-9752f3674fb8 0.297s
2025-04-19 14:56:25.547 69917 INFO tempest.lib.common.rest_client [req-998ecf2f-46f8-4207-a98d-d6fb77f5e379 req-998ecf2f-46f8-4207-a98d-d6fb77f5e379 ] Request (DeleteServersAdminTestJSON:test_delete_server_while_in_error_state): 200 GET http://10.180.1.21/compute/v2.1/servers/c2fc91e3-adaf-4645-b65a-c5ba03435ea6 0.243s
2025-04-19 14:56:25.571 69913 INFO tempest.lib.common.rest_client [req-e0e05b06-e9cc-46cd-9153-082a07e2912c req-e0e05b06-e9cc-46cd-9153-082a07e2912c ] Request (ServersTestMultiNic:_run_cleanups): 404 GET http://10.180.1.21/compute/v2.1/servers/fff8ab88-9879-49bb-a0bb-f3a8d8830201 0.201s
2025-04-19 14:56:25.571 69905 INFO tempest.lib.common.rest_client [req-d7eaa2b6-d4da-414c-b9be-b698754ded16 req-d7eaa2b6-d4da-414c-b9be-b698754ded16 ] Request (DeleteServersTestJSON:test_delete_active_server): 200 GET http://10.180.1.21/compute/v2.1/servers/7c5cfee9-4e9f-4616-9e73-6c257b109b04 0.244s
2025-04-19 14:56:25.629 69919 INFO tempest.lib.common.rest_client [req-3c0b0aba-9f3c-4ce9-8677-c8883f3961e2 req-3c0b0aba-9f3c-4ce9-8677-c8883f3961e2 ] Request (AttachVolumeShelveTestJSON:test_attach_volume_shelved_or_offload_server): 200 GET http://10.180.1.21/compute/v2.1/servers/3137d543-006b-4f18-bbff-d1288ea4017b 0.240s
2025-04-19 14:56:25.690 69921 INFO tempest.lib.common.rest_client [req-db320e47-d3b3-41c2-8978-da39230cd395 req-db320e47-d3b3-41c2-8978-da39230cd395 ] Request (ServerRescueTestJSONUnderV235:setUpClass): 200 GET http://10.180.1.21/compute/v2.1/servers/11365266-cec8-4bb8-9795-7091cd73329a 0.253s
2025-04-19 14:56:25.747 69903 INFO tempest.lib.common.rest_client [req-4f272be8-235d-43d3-b061-4eef9726fd16 req-4f272be8-235d-43d3-b061-4eef9726fd16 ] Request (VolumesAdminNegativeTest:test_update_attached_volume_with_nonexistent_volume_in_body): 400 PUT http://10.180.1.21/compute/v2.1/servers/a370afe3-c2f8-432a-a526-81426d935a9c/os-volume_attachments/07504bcc-7ea1-422e-9651-0dfff56da1f8 0.344s
2025-04-19 14:56:25.779 69903 INFO tempest.lib.common.rest_client [req-1c35c5c2-5635-4525-b37c-96d17a8ff743 req-1c35c5c2-5635-4525-b37c-96d17a8ff743 ] Request (VolumesAdminNegativeTest:_run_cleanups): 200 GET http://10.180.1.21/volume/v3/volumes/07504bcc-7ea1-422e-9651-0dfff56da1f8 0.030s
2025-04-19 14:56:25.785 69913 INFO tempest.lib.common.rest_client [req-ba15865b-68ea-4316-9803-6072575c6059 req-ba15865b-68ea-4316-9803-6072575c6059 ] Request (ServersTestMultiNic:_run_cleanups): 204 DELETE http://10.180.1.21:9696/networking/v2.0/subnets/c19c8ecd-bf91-4096-8ff2-9d15903cfcc3 0.213s
2025-04-19 14:56:25.853 69926 INFO tempest.lib.common.rest_client [req-efef6e39-9d42-49b8-a5cc-3b24381bdb4f req-efef6e39-9d42-49b8-a5cc-3b24381bdb4f ] Request (ServersListShow298Test:tearDownClass): 200 GET http://10.180.1.21/compute/v2.1/servers/1aa126ff-b673-49e5-a945-4f32fc7c92e2 0.275s
2025-04-19 14:56:25.865 69945 INFO tempest.lib.common.rest_client [req-31e3a0ca-f49d-45f0-adb7-6cbb9831f74d req-31e3a0ca-f49d-45f0-adb7-6cbb9831f74d ] Request (SecurityGroupsTestJSON:test_server_security_groups): 200 GET http://10.180.1.21/compute/v2.1/servers/0983ed9e-3ca6-4a9c-bece-50c7a4d89797 0.354s
2025-04-19 14:56:25.936 69915 INFO tempest.lib.common.rest_client [req-50ab9f51-2d27-4230-b674-6dc987ab6cfe req-50ab9f51-2d27-4230-b674-6dc987ab6cfe ] Request (ServersAdminTestJSON:test_create_server_with_scheduling_hint): 200 GET http://10.180.1.21/compute/v2.1/servers/415bb90f-8235-4e19-84dd-50927452592a 0.300s
2025-04-19 14:56:25.939 69929 INFO tempest.lib.common.rest_client [req-bcbf4227-f985-402c-a22d-1a022167c5cd req-bcbf4227-f985-402c-a22d-1a022167c5cd ] Request (MultipleCreateTestJSON:_run_cleanups): 200 GET http://10.180.1.21/compute/v2.1/servers/913da34d-a6f0-414d-92db-ee71f3a93cf4 0.239s
2025-04-19 14:56:26.003 69941 INFO tempest.lib.common.rest_client [req-c9753693-79fd-4288-aea0-321332948bdb req-c9753693-79fd-4288-aea0-321332948bdb ] Request (ImagesTestJSON:test_create_image_from_suspended_server): 200 GET http://10.180.1.21/compute/v2.1/servers/f982cd1a-f5e6-4417-b970-96d5327c84d1 0.142s
2025-04-19 14:56:26.098 69903 INFO tempest.lib.common.rest_client [req-d8f07eb9-827b-4b92-90b6-6b544d396249 req-d8f07eb9-827b-4b92-90b6-6b544d396249 ] Request (VolumesAdminNegativeTest:_run_cleanups): 202 DELETE http://10.180.1.21/compute/v2.1/servers/a370afe3-c2f8-432a-a526-81426d935a9c/os-volume_attachments/07504bcc-7ea1-422e-9651-0dfff56da1f8 0.308s
2025-04-19 14:56:26.114 69907 INFO tempest.lib.common.rest_client [req-52123394-d56d-44de-8dd4-91931898c538 req-52123394-d56d-44de-8dd4-91931898c538 ] Request (ServersV294TestFqdnHostnames:tearDownClass): 200 GET http://10.180.1.21/compute/v2.1/servers/8f8e183c-7597-4fb6-9a9f-8002db7ceaaa 0.144s
2025-04-19 14:56:26.140 69903 INFO tempest.lib.common.rest_client [req-a4c5450b-fe31-4fee-9bfb-6254c14a72b7 req-a4c5450b-fe31-4fee-9bfb-6254c14a72b7 ] Request (VolumesAdminNegativeTest:_run_cleanups): 200 GET http://10.180.1.21/compute/v2.1/servers/a370afe3-c2f8-432a-a526-81426d935a9c/os-volume_attachments 0.041s
2025-04-19 14:56:26.188 69931 INFO tempest.lib.common.rest_client [req-6307e13b-92fc-4759-9edb-1b9b5cbca704 req-6307e13b-92fc-4759-9edb-1b9b5cbca704 ] Request (ServersWithSpecificFlavorTestJSON:test_verify_created_server_ephemeral_disk): 200 GET http://10.180.1.21/compute/v2.1/servers/0152d67e-8b6d-4cf4-8395-78b784260d4a 0.060s
