2025-04-19 14:56:26.234 69927 INFO tempest.lib.common.rest_client [req-f406db56-8517-475a-ba6d-41cbf3fb595c req-f406db56-8517-475a-ba6d-41cbf3fb595c ] Request (ServerRescueNegativeTestJSON:setUpClass): 200 GET http://10.180.1.21/compute/v2.1/servers/f6ea22c7-5703-4d58-b92a-42febea3bb06 0.096s
2025-04-19 14:56:26.287 69961 INFO tempest.lib.common.rest_client [req-3d66ec39-0a3c-448e-9118-d44b9afa9d4b req-3d66ec39-0a3c-448e-9118-d44b9afa9d4b ] Request (ListImageFiltersTestJSON:tearDownClass): 200 GET http://10.180.1.21/compute/v2.1/servers/09fbe61d-3dd5-421d-870b-4320e7ba8c0d 0.087s
2025-04-19 14:56:26.328 69963 INFO tempest.lib.common.rest_client [req-1e19f310-1959-43fd-901a-af9d7070c8f5 req-1e19f310-1959-43fd-901a-af9d7070c8f5 ] Request (ServersTestFqdnHostnames:tearDownClass): 200 GET http://10.180.1.21/compute/v2.1/servers/4fbd9481-6115-4243-8700-37374677b0bb 0.237s
2025-04-19 14:56:26.339 69939 INFO tempest.lib.common.rest_client [req-50a67338-4c73-45fd-8b6f-02a0607364a3 req-50a67338-4c73-45fd-8b6f-02a0607364a3 ] Request (ServersNegativeTestJSON:setUpClass): 200 GET http://10.180.1.21/compute/v2.1/servers/9805d5cc-af24-4bf5-b99b-4bc316661526 0.092s
2025-04-19 14:56:26.382 69913 INFO tempest.lib.common.rest_client [req-d3c18781-590f-4ade-a1f5-d98546f267f0 req-d3c18781-590f-4ade-a1f5-d98546f267f0 ] Request (ServersTestMultiNic:_run_cleanups): 204 DELETE http://10.180.1.21:9696/networking/v2.0/networks/d1bed9a5-5d17-478f-a1fb-a357fb8a0edc 0.596s
2025-04-19 14:56:26.412 69937 INFO tempest.lib.common.rest_client [req-282d5104-ce1e-486e-9fd5-a4067e09d3ce req-282d5104-ce1e-486e-9fd5-a4067e09d3ce ] Request (AttachInterfacesTestJSON:test_create_list_show_delete_interfaces_by_network_port): 200 GET http://10.180.1.21/compute/v2.1/servers/a934c7fb-78ef-4ca7-bdeb-49d0b95eaff9 0.113s
2025-04-19 14:56:26.451 69947 INFO tempest.lib.common.rest_client [req-454ee679-7a37-48e3-94b3-dcc257c12e39 req-454ee679-7a37-48e3-94b3-dcc257c12e39 ] Request (VolumesAssistedSnapshotsTest:_run_cleanups): 200 GET http://10.180.1.21/volume/v3/volumes/125244d5-7506-4182-b4d8-22d60bc10bcc 0.026s
2025-04-19 14:56:26.468 69923 INFO tempest.lib.common.rest_client [req-9a0dd4a7-0ea4-4cbb-87f6-704f0b5848a0 req-9a0dd4a7-0ea4-4cbb-87f6-704f0b5848a0 ] Request (ServersTestBootFromVolume:setUpClass): 200 GET http://10.180.1.21/compute/v2.1/servers/ef45db2f-2489-474f-ae77-492fa1c8517e 0.124s
2025-04-19 14:56:26.489 69909 INFO tempest.lib.common.rest_client [req-9fb3dd8e-66e6-4d51-998b-79d383728f68 req-9fb3dd8e-66e6-4d51-998b-79d383728f68 ] Request (ServerActionsTestJSON:test_reboot_server_hard): 200 GET http://10.180.1.21/compute/v2.1/servers/e6ba8e96-a9bd-4a35-b386-3e7cb9c95ecc 0.233s
2025-04-19 14:56:26.499 69909 INFO tempest.common.waiters [-] State transition "HARD_REBOOT/rebooting_hard" ==> "HARD_REBOOT/reboot_started_hard" after 4 second wait
2025-04-19 14:56:26.526 69959 INFO tempest.lib.common.rest_client [req-d2abc252-466a-4b75-9488-524ae6dd747b req-d2abc252-466a-4b75-9488-524ae6dd747b ] Request (AttachInterfacesV270Test:test_create_get_list_interfaces): 200 GET http://10.180.1.21/compute/v2.1/servers/86790ac3-48f9-4b93-8843-8b1b36383712 0.171s
2025-04-19 14:56:26.549 69913 INFO tempest.lib.common.rest_client [req-b41bf551-e206-4961-b63a-2ad7c2cbc0e3 req-b41bf551-e206-4961-b63a-2ad7c2cbc0e3 ] Request (ServersTestMultiNic:_run_cleanups): 204 DELETE http://10.180.1.21:9696/networking/v2.0/subnets/92adc8d3-b208-413b-b62b-768a90666507 0.167s
2025-04-19 14:56:26.564 69951 INFO tempest.lib.common.rest_client [req-c852d810-2626-4b6e-acfe-5b111cb94fbd req-c852d810-2626-4b6e-acfe-5b111cb94fbd ] Request (ServerShowV247Test:test_update_rebuild_list_server): 200 GET http://10.180.1.21/compute/v2.1/servers/e18b7c45-bbd5-411a-95c8-04f20d4fe75c 0.155s
2025-04-19 14:56:26.598 69935 INFO tempest.lib.common.rest_client [req-93095691-395a-4a7d-be02-7f399cef5084 req-93095691-395a-4a7d-be02-7f399cef5084 ] Request (MigrationsAdminTest:test_resize_server_revert_deleted_flavor): 200 GET http://10.180.1.21/compute/v2.1/servers/ae5bfcf7-62ae-40a6-b700-fcbae3b4d5a2 0.174s
2025-04-19 14:56:26.623 69953 INFO tempest.lib.common.rest_client [req-b69cecd9-f51a-43ca-8843-8bbdb24291b9 req-b69cecd9-f51a-43ca-8843-8bbdb24291b9 ] Request (ServerMetadataNegativeTestJSON:setUpClass): 200 GET http://10.180.1.21/compute/v2.1/servers/b4e9a64e-f47e-4ca9-9faa-de36436a7480 0.149s
2025-04-19 14:56:26.656 69949 INFO tempest.lib.common.rest_client [req-50136a3c-281a-44a0-92fb-0cf2f666bbf9 req-50136a3c-281a-44a0-92fb-0cf2f666bbf9 ] Request (ListServersNegativeTestJSON:setUpClass): 200 GET http://10.180.1.21/compute/v2.1/servers/e09f313d-695f-419a-ba7a-8fe26d166d3b 0.158s
2025-04-19 14:56:26.680 69901 INFO tempest.lib.common.rest_client [req-5233bee2-4b20-423d-925f-f816a852a876 req-5233bee2-4b20-423d-925f-f816a852a876 ] Request (ServersNegativeTestMultiTenantJSON:setUpClass): 200 GET http://10.180.1.21/compute/v2.1/servers/4762e03c-2f8c-4796-bdd0-9752f3674fb8 0.146s
2025-04-19 14:56:26.735 69917 INFO tempest.lib.common.rest_client [req-a165295a-730f-4dfe-8e4d-32627190eddc req-a165295a-730f-4dfe-8e4d-32627190eddc ] Request (DeleteServersAdminTestJSON:test_delete_server_while_in_error_state): 200 GET http://10.180.1.21/compute/v2.1/servers/c2fc91e3-adaf-4645-b65a-c5ba03435ea6 0.176s
2025-04-19 14:56:26.742 69905 INFO tempest.lib.common.rest_client [req-9e2434f3-9d2f-43e9-a145-a54aa34c8f8d req-9e2434f3-9d2f-43e9-a145-a54aa34c8f8d ] Request (DeleteServersTestJSON:test_delete_active_server): 200 GET http://10.180.1.21/compute/v2.1/servers/7c5cfee9-4e9f-4616-9e73-6c257b109b04 0.163s
2025-04-19 14:56:26.801 69921 INFO tempest.lib.common.rest_client [req-7a377f4d-2f19-4f5f-85b1-756b462c2f0c req-7a377f4d-2f19-4f5f-85b1-756b462c2f0c ] Request (ServerRescueTestJSONUnderV235:setUpClass): 200 GET http://10.180.1.21/compute/v2.1/servers/11365266-cec8-4bb8-9795-7091cd73329a 0.098s
2025-04-19 14:56:26.804 69919 INFO tempest.lib.common.rest_client [req-8d9f1312-3cc5-4467-9316-f724b7cc535d req-8d9f1312-3cc5-4467-9316-f724b7cc535d ] Request (AttachVolumeShelveTestJSON:test_attach_volume_shelved_or_offload_server): 200 GET http://10.180.1.21/compute/v2.1/servers/3137d543-006b-4f18-bbff-d1288ea4017b 0.165s
2025-04-19 14:56:26.864 69913 INFO tempest.lib.common.rest_client [req-6cde15f6-a200-4928-af65-9be438336a0b req-6cde15f6-a200-4928-af65-9be438336a0b ] Request (ServersTestMultiNic:_run_cleanups): 204 DELETE http://10.180.1.21:9696/networking/v2.0/networks/67ee8c9f-1114-4ddb-8185-a2ec7a761e5d 0.314s
2025-04-19 14:56:26.985 69926 INFO tempest.lib.common.rest_client [req-02e972a5-109f-4193-8de7-de8bdf865be7 req-02e972a5-109f-4193-8de7-de8bdf865be7 ] Request (ServersListShow298Test:tearDownClass): 200 GET http://10.180.1.21/compute/v2.1/servers/1aa126ff-b673-49e5-a945-4f32fc7c92e2 0.119s
2025-04-19 14:56:27.022 69945 INFO tempest.lib.common.rest_client [req-52a07c31-b270-4a24-b28a-5aecf582d9a9 req-52a07c31-b270-4a24-b28a-5aecf582d9a9 ] Request (SecurityGroupsTestJSON:test_server_security_groups): 200 GET http://10.180.1.21/compute/v2.1/servers/0983ed9e-3ca6-4a9c-bece-50c7a4d89797 0.149s
2025-04-19 14:56:27.042 69913 INFO tempest.lib.common.rest_client [req-63e4f30b-c1d3-4d3b-9e2b-648930660543 req-63e4f30b-c1d3-4d3b-9e2b-648930660543 ] Request (ServersTestMultiNic:test_verify_multiple_nics_order): 201 POST http://10.180.1.21:9696/networking/v2.0/networks 0.177s
2025-04-19 14:56:27.061 69915 INFO tempest.lib.common.rest_client [req-e8fb4ab4-7148-420d-bb48-2b375ac23e39 req-e8fb4ab4-7148-420d-bb48-2b375ac23e39 ] Request (ServersAdminTestJSON:test_create_server_with_scheduling_hint): 200 GET http://10.180.1.21/compute/v2.1/servers/415bb90f-8235-4e19-84dd-50927452592a 0.113s
2025-04-19 14:56:27.101 69929 INFO tempest.lib.common.rest_client [req-ec3edd83-84c5-4c21-8afb-c0484cda91e0 req-ec3edd83-84c5-4c21-8afb-c0484cda91e0 ] Request (MultipleCreateTestJSON:_run_cleanups): 200 GET http://10.180.1.21/compute/v2.1/servers/913da34d-a6f0-414d-92db-ee71f3a93cf4 0.152s
2025-04-19 14:56:27.128 69941 INFO tempest.lib.common.rest_client [req-fd13f084-368e-4fb4-ae90-cb3ab04ff582 req-fd13f084-368e-4fb4-ae90-cb3ab04ff582 ] Request (ImagesTestJSON:test_create_image_from_suspended_server): 200 GET http://10.180.1.21/compute/v2.1/servers/f982cd1a-f5e6-4417-b970-96d5327c84d1 0.112s
2025-04-19 14:56:27.195 69903 INFO tempest.lib.common.rest_client [req-d49673e0-0d14-4260-8a35-b68a64c32f0a req-d49673e0-0d14-4260-8a35-b68a64c32f0a ] Request (VolumesAdminNegativeTest:_run_cleanups): 200 GET http://10.180.1.21/compute/v2.1/servers/a370afe3-c2f8-432a-a526-81426d935a9c/os-volume_attachments 0.048s
2025-04-19 14:56:27.220 69907 INFO tempest.lib.common.rest_client [req-1065c3eb-ece5-4e23-a764-ca4d6f274dfd req-1065c3eb-ece5-4e23-a764-ca4d6f274dfd ] Request (ServersV294TestFqdnHostnames:tearDownClass): 200 GET http://10.180.1.21/compute/v2.1/servers/8f8e183c-7597-4fb6-9a9f-8002db7ceaaa 0.095s
2025-04-19 14:56:27.246 69943 WARNING tempest.lib.common.ssh [-] Failed to establish authenticated ssh connection to cirros@10.180.180.239 ([Errno None] Unable to connect to port 22 on 10.180.180.239). Number attempts: 2. Retry after 3 seconds.: paramiko.ssh_exception.NoValidConnectionsError: [Errno None] Unable to connect to port 22 on 10.180.180.239
2025-04-19 14:56:27.281 69913 INFO tempest.lib.common.rest_client [req-441f7ae4-e96d-4976-8781-b5b6b5e20896 req-441f7ae4-e96d-4976-8781-b5b6b5e20896 ] Request (ServersTestMultiNic:test_verify_multiple_nics_order): 201 POST http://10.180.1.21:9696/networking/v2.0/subnets 0.238s
2025-04-19 14:56:27.292 69931 INFO tempest.lib.common.rest_client [req-c3e7520c-f1a0-499d-99e5-1053f7df80e2 req-c3e7520c-f1a0-499d-99e5-1053f7df80e2 ] Request (ServersWithSpecificFlavorTestJSON:test_verify_created_server_ephemeral_disk): 200 GET http://10.180.1.21/compute/v2.1/servers/0152d67e-8b6d-4cf4-8395-78b784260d4a 0.090s
2025-04-19 14:56:27.322 69927 INFO tempest.lib.common.rest_client [req-127a4668-544a-4325-bdd9-2181c491f352 req-127a4668-544a-4325-bdd9-2181c491f352 ] Request (ServerRescueNegativeTestJSON:setUpClass): 200 GET http://10.180.1.21/compute/v2.1/servers/f6ea22c7-5703-4d58-b92a-42febea3bb06 0.076s
2025-04-19 14:56:27.385 69961 INFO tempest.lib.common.rest_client [req-0e0d9712-51b4-4b8a-870d-40ee275b9a3c req-0e0d9712-51b4-4b8a-870d-40ee275b9a3c ] Request (ListImageFiltersTestJSON:tearDownClass): 200 GET http://10.180.1.21/compute/v2.1/servers/09fbe61d-3dd5-421d-870b-4320e7ba8c0d 0.085s
2025-04-19 14:56:27.410 69963 INFO tempest.lib.common.rest_client [req-f6f7d361-9084-4c5b-8177-20cb9a3d1736 req-f6f7d361-9084-4c5b-8177-20cb9a3d1736 ] Request (ServersTestFqdnHostnames:tearDownClass): 200 GET http://10.180.1.21/compute/v2.1/servers/4fbd9481-6115-4243-8700-37374677b0bb 0.071s
2025-04-19 14:56:27.417 69913 INFO tempest.lib.common.rest_client [req-533d4dbb-109b-44eb-aa37-9a39bbe031de req-533d4dbb-109b-44eb-aa37-9a39bbe031de ] Request (ServersTestMultiNic:test_verify_multiple_nics_order): 201 POST http://10.180.1.21:9696/networking/v2.0/networks 0.136s
2025-04-19 14:56:27.455 69939 INFO tempest.lib.common.rest_client [req-236ab7de-1b63-449c-bfad-03a21d97b2e3 req-236ab7de-1b63-449c-bfad-03a21d97b2e3 ] Request (ServersNegativeTestJSON:setUpClass): 200 GET http://10.180.1.21/compute/v2.1/servers/9805d5cc-af24-4bf5-b99b-4bc316661526 0.109s
2025-04-19 14:56:27.483 69937 INFO tempest.lib.common.rest_client [req-b83bf6e3-69d1-4bae-9ba6-01be644abf04 req-b83bf6e3-69d1-4bae-9ba6-01be644abf04 ] Request (AttachInterfacesTestJSON:test_create_list_show_delete_interfaces_by_network_port): 200 GET http://10.180.1.21/compute/v2.1/servers/a934c7fb-78ef-4ca7-bdeb-49d0b95eaff9 0.063s
2025-04-19 14:56:27.493 69947 INFO tempest.lib.common.rest_client [req-e40ebaba-0916-48af-b97b-9b179fb1f249 req-e40ebaba-0916-48af-b97b-9b179fb1f249 ] Request (VolumesAssistedSnapshotsTest:_run_cleanups): 200 GET http://10.180.1.21/volume/v3/volumes/125244d5-7506-4182-b4d8-22d60bc10bcc 0.034s
2025-04-19 14:56:27.579 69923 INFO tempest.lib.common.rest_client [req-72c4aa0a-381d-45c9-a6dc-656df620ebb0 req-72c4aa0a-381d-45c9-a6dc-656df620ebb0 ] Request (ServersTestBootFromVolume:setUpClass): 200 GET http://10.180.1.21/compute/v2.1/servers/ef45db2f-2489-474f-ae77-492fa1c8517e 0.103s
2025-04-19 14:56:27.626 69909 INFO tempest.lib.common.rest_client [req-6cea2a28-8232-4443-a4a8-4f0aef0d6c7c req-6cea2a28-8232-4443-a4a8-4f0aef0d6c7c ] Request (ServerActionsTestJSON:test_reboot_server_hard): 200 GET http://10.180.1.21/compute/v2.1/servers/e6ba8e96-a9bd-4a35-b386-3e7cb9c95ecc 0.126s
2025-04-19 14:56:27.638 69909 INFO tempest.common.waiters [-] State transition "HARD_REBOOT/reboot_started_hard" ==> "ACTIVE/None" after 5 second wait
2025-04-19 14:56:27.638 69909 INFO tempest.lib.common.ssh [-] Creating ssh connection to '10.180.180.204:22' as 'cirros' with public key authentication
2025-04-19 14:56:27.642 69959 INFO tempest.lib.common.rest_client [req-caacf2e4-2476-47ba-9139-9de316b680ed req-caacf2e4-2476-47ba-9139-9de316b680ed ] Request (AttachInterfacesV270Test:test_create_get_list_interfaces): 200 GET http://10.180.1.21/compute/v2.1/servers/86790ac3-48f9-4b93-8843-8b1b36383712 0.106s
2025-04-19 14:56:27.662 69913 INFO tempest.lib.common.rest_client [req-07ae4f19-5aae-4031-ad2b-798c29001798 req-07ae4f19-5aae-4031-ad2b-798c29001798 ] Request (ServersTestMultiNic:test_verify_multiple_nics_order): 201 POST http://10.180.1.21:9696/networking/v2.0/subnets 0.245s
2025-04-19 14:56:27.709 69951 INFO tempest.lib.common.rest_client [req-019b94f9-6228-484b-886b-6e40b0a35ce6 req-019b94f9-6228-484b-886b-6e40b0a35ce6 ] Request (ServerShowV247Test:test_update_rebuild_list_server): 200 GET http://10.180.1.21/compute/v2.1/servers/e18b7c45-bbd5-411a-95c8-04f20d4fe75c 0.129s
2025-04-19 14:56:27.710 69935 INFO tempest.lib.common.rest_client [req-80e644d3-2251-466f-a906-edb944f7e76b req-80e644d3-2251-466f-a906-edb944f7e76b ] Request (MigrationsAdminTest:test_resize_server_revert_deleted_flavor): 200 GET http://10.180.1.21/compute/v2.1/servers/ae5bfcf7-62ae-40a6-b700-fcbae3b4d5a2 0.104s
2025-04-19 14:56:27.749 69913 INFO tempest.lib.common.rest_client [req-5d5b5dac-9c51-46da-a6b2-2d5362625b3e req-5d5b5dac-9c51-46da-a6b2-2d5362625b3e ] Request (ServersTestMultiNic:test_verify_multiple_nics_order): 201 POST http://10.180.1.21/identity/v3/auth/tokens 0.081s
2025-04-19 14:56:27.750 69913 INFO tempest.lib.common.fixed_network [-] (ServersTestMultiNic:test_verify_multiple_nics_order) Found network {'id': '906afae4-50c1-4760-9490-9fbd1fc13a93', 'name': 'tempest-ServersTestMultiNic-2113783000-network', 'tenant_id': '0d9406d99f0840228ec6f37b3b36f1ac', 'admin_state_up': True, 'mtu': 8950, 'status': 'ACTIVE', 'subnets': [], 'shared': False, 'project_id': '0d9406d99f0840228ec6f37b3b36f1ac', 'port_security_enabled': True, 'router:external': False, 'provider:network_type': 'vlan', 'provider:physical_network': 'default', 'provider:segmentation_id': 748, 'availability_zone_hints': [], 'availability_zones': [], 'ipv4_address_scope': None, 'ipv6_address_scope': None, 'description': '', 'tags': [], 'created_at': '2025-04-19T14:54:16Z', 'updated_at': '2025-04-19T14:54:16Z', 'revision_number': 1} available for tenant
2025-04-19 14:56:27.766 69953 INFO tempest.lib.common.rest_client [req-8350304d-0cea-472e-85b8-8c0b74fb0a05 req-8350304d-0cea-472e-85b8-8c0b74fb0a05 ] Request (ServerMetadataNegativeTestJSON:setUpClass): 200 GET http://10.180.1.21/compute/v2.1/servers/b4e9a64e-f47e-4ca9-9faa-de36436a7480 0.126s
2025-04-19 14:56:27.770 69949 INFO tempest.lib.common.rest_client [req-334a3fb9-f139-4912-9f6f-cd395d5906a6 req-334a3fb9-f139-4912-9f6f-cd395d5906a6 ] Request (ListServersNegativeTestJSON:setUpClass): 200 GET http://10.180.1.21/compute/v2.1/servers/e09f313d-695f-419a-ba7a-8fe26d166d3b 0.105s
2025-04-19 14:56:27.815 69901 INFO tempest.lib.common.rest_client [req-e1385ee9-4d5b-4d31-a2f3-13f16686038d req-e1385ee9-4d5b-4d31-a2f3-13f16686038d ] Request (ServersNegativeTestMultiTenantJSON:setUpClass): 200 GET http://10.180.1.21/compute/v2.1/servers/4762e03c-2f8c-4796-bdd0-9752f3674fb8 0.126s
2025-04-19 14:56:27.825 69917 INFO tempest.lib.common.rest_client [req-7bd1cb35-f6f0-442d-8f5f-1739e1bc791e req-7bd1cb35-f6f0-442d-8f5f-1739e1bc791e ] Request (DeleteServersAdminTestJSON:test_delete_server_while_in_error_state): 200 GET http://10.180.1.21/compute/v2.1/servers/c2fc91e3-adaf-4645-b65a-c5ba03435ea6 0.077s
2025-04-19 14:56:27.896 69905 INFO tempest.lib.common.rest_client [req-9cc58c75-8b54-4153-9f3a-57e1888fa05d req-9cc58c75-8b54-4153-9f3a-57e1888fa05d ] Request (DeleteServersTestJSON:test_delete_active_server): 200 GET http://10.180.1.21/compute/v2.1/servers/7c5cfee9-4e9f-4616-9e73-6c257b109b04 0.141s
2025-04-19 14:56:27.953 69921 INFO tempest.lib.common.rest_client [req-f127a3c5-bcb6-45c7-8b72-0826a0b57964 req-f127a3c5-bcb6-45c7-8b72-0826a0b57964 ] Request (ServerRescueTestJSONUnderV235:setUpClass): 200 GET http://10.180.1.21/compute/v2.1/servers/11365266-cec8-4bb8-9795-7091cd73329a 0.138s
2025-04-19 14:56:28.002 69919 INFO tempest.lib.common.rest_client [req-02d32a19-4ecc-4ba3-adc7-e264f37146a5 req-02d32a19-4ecc-4ba3-adc7-e264f37146a5 ] Request (AttachVolumeShelveTestJSON:test_attach_volume_shelved_or_offload_server): 200 GET http://10.180.1.21/compute/v2.1/servers/3137d543-006b-4f18-bbff-d1288ea4017b 0.186s
2025-04-19 14:56:28.072 69926 INFO tempest.lib.common.rest_client [req-9a03d2af-9b2a-48b5-93c3-fa7cf6cacc7a req-9a03d2af-9b2a-48b5-93c3-fa7cf6cacc7a ] Request (ServersListShow298Test:tearDownClass): 200 GET http://10.180.1.21/compute/v2.1/servers/1aa126ff-b673-49e5-a945-4f32fc7c92e2 0.076s
2025-04-19 14:56:28.199 69945 INFO tempest.lib.common.rest_client [req-e8a2fde2-55ba-411d-a4d3-b7243a1404e6 req-e8a2fde2-55ba-411d-a4d3-b7243a1404e6 ] Request (SecurityGroupsTestJSON:test_server_security_groups): 200 GET http://10.180.1.21/compute/v2.1/servers/0983ed9e-3ca6-4a9c-bece-50c7a4d89797 0.164s
2025-04-19 14:56:28.215 69913 INFO tempest.lib.common.rest_client [req-09542a17-4b22-4710-9135-b2e4c215e6ac req-09542a17-4b22-4710-9135-b2e4c215e6ac ] Request (ServersTestMultiNic:test_verify_multiple_nics_order): 202 POST http://10.180.1.21/compute/v2.1/servers 0.464s
2025-04-19 14:56:28.264 69915 INFO tempest.lib.common.rest_client [req-28002a47-98cb-46df-a9a8-15e32b3592a8 req-28002a47-98cb-46df-a9a8-15e32b3592a8 ] Request (ServersAdminTestJSON:test_create_server_with_scheduling_hint): 200 GET http://10.180.1.21/compute/v2.1/servers/415bb90f-8235-4e19-84dd-50927452592a 0.191s
2025-04-19 14:56:28.281 69929 INFO tempest.lib.common.rest_client [req-ca9e9b2b-e804-4864-8683-e05c0ee98b75 req-ca9e9b2b-e804-4864-8683-e05c0ee98b75 ] Request (MultipleCreateTestJSON:_run_cleanups): 200 GET http://10.180.1.21/compute/v2.1/servers/913da34d-a6f0-414d-92db-ee71f3a93cf4 0.169s
2025-04-19 14:56:28.308 69903 INFO tempest.lib.common.rest_client [req-d4fa4407-b0d1-431a-a9b1-1867c896c9e5 req-d4fa4407-b0d1-431a-a9b1-1867c896c9e5 ] Request (VolumesAdminNegativeTest:_run_cleanups): 200 GET http://10.180.1.21/compute/v2.1/servers/a370afe3-c2f8-432a-a526-81426d935a9c/os-volume_attachments 0.111s
2025-04-19 14:56:28.320 69941 INFO tempest.lib.common.rest_client [req-e3f32f63-a873-47c0-bf54-9fdb00eff80b req-e3f32f63-a873-47c0-bf54-9fdb00eff80b ] Request (ImagesTestJSON:test_create_image_from_suspended_server): 200 GET http://10.180.1.21/compute/v2.1/servers/f982cd1a-f5e6-4417-b970-96d5327c84d1 0.181s
2025-04-19 14:56:28.346 69913 INFO tempest.lib.common.rest_client [req-7d713560-720c-45f1-bace-a58d3476bbfd req-7d713560-720c-45f1-bace-a58d3476bbfd ] Request (ServersTestMultiNic:test_verify_multiple_nics_order): 200 GET http://10.180.1.21/compute/v2.1/servers/19ce0d06-8777-46de-9b14-f704bb4e149c 0.128s
2025-04-19 14:56:28.394 69907 INFO tempest.lib.common.rest_client [req-ebb036ae-7817-4c36-8897-b5e435308459 req-ebb036ae-7817-4c36-8897-b5e435308459 ] Request (ServersV294TestFqdnHostnames:tearDownClass): 200 GET http://10.180.1.21/compute/v2.1/servers/8f8e183c-7597-4fb6-9a9f-8002db7ceaaa 0.157s
2025-04-19 14:56:28.399 69931 INFO tempest.lib.common.rest_client [req-64333da5-e411-4c22-8be1-9174fa91bdc9 req-64333da5-e411-4c22-8be1-9174fa91bdc9 ] Request (ServersWithSpecificFlavorTestJSON:test_verify_created_server_ephemeral_disk): 200 GET http://10.180.1.21/compute/v2.1/servers/0152d67e-8b6d-4cf4-8395-78b784260d4a 0.097s
2025-04-19 14:56:28.405 69907 INFO tempest.common.waiters [-] State transition "ACTIVE/deleting" ==> "DELETED/None" after 5 second wait
2025-04-19 14:56:28.441 69927 INFO tempest.lib.common.rest_client [req-30f2406b-bb81-4849-a2e8-f681d851afbd req-30f2406b-bb81-4849-a2e8-f681d851afbd ] Request (ServerRescueNegativeTestJSON:setUpClass): 200 GET http://10.180.1.21/compute/v2.1/servers/f6ea22c7-5703-4d58-b92a-42febea3bb06 0.110s
2025-04-19 14:56:28.455 69961 INFO tempest.lib.common.rest_client [req-61d0269f-682e-4371-b636-66169e25ad48 req-61d0269f-682e-4371-b636-66169e25ad48 ] Request (ListImageFiltersTestJSON:tearDownClass): 200 GET http://10.180.1.21/compute/v2.1/servers/09fbe61d-3dd5-421d-870b-4320e7ba8c0d 0.055s
2025-04-19 14:56:28.488 69963 INFO tempest.lib.common.rest_client [req-573efc7f-9b0e-4bd0-81ed-8dd6bb7ece00 req-573efc7f-9b0e-4bd0-81ed-8dd6bb7ece00 ] Request (ServersTestFqdnHostnames:tearDownClass): 200 GET http://10.180.1.21/compute/v2.1/servers/4fbd9481-6115-4243-8700-37374677b0bb 0.068s
2025-04-19 14:56:28.513 69939 INFO tempest.lib.common.rest_client [req-de86588f-4dee-46e7-98b2-b29a8dde53bb req-de86588f-4dee-46e7-98b2-b29a8dde53bb ] Request (ServersNegativeTestJSON:setUpClass): 200 GET http://10.180.1.21/compute/v2.1/servers/9805d5cc-af24-4bf5-b99b-4bc316661526 0.048s
2025-04-19 14:56:28.516 69947 INFO tempest.lib.common.rest_client [req-8271be25-7e13-4145-b10c-edcee4784abe req-8271be25-7e13-4145-b10c-edcee4784abe ] Request (VolumesAssistedSnapshotsTest:_run_cleanups): 404 GET http://10.180.1.21/volume/v3/volumes/125244d5-7506-4182-b4d8-22d60bc10bcc 0.013s
2025-04-19 14:56:28.552 69937 INFO tempest.lib.common.rest_client [req-3ee2d230-5437-4a8f-8e1b-dfc0fcc523c2 req-3ee2d230-5437-4a8f-8e1b-dfc0fcc523c2 ] Request (AttachInterfacesTestJSON:test_create_list_show_delete_interfaces_by_network_port): 200 GET http://10.180.1.21/compute/v2.1/servers/a934c7fb-78ef-4ca7-bdeb-49d0b95eaff9 0.056s
2025-04-19 14:56:28.591 69947 INFO tempest.lib.common.rest_client [req-6b6fb09e-6e26-47cf-9749-2d0dc1570893 req-6b6fb09e-6e26-47cf-9749-2d0dc1570893 ] Request (VolumesAssistedSnapshotsTest:tearDownClass): 204 DELETE http://10.180.1.21/compute/v2.1/servers/b1e0d3ca-8f60-40e3-b748-c27ab7c346b3 0.068s
2025-04-19 14:56:28.642 69923 INFO tempest.lib.common.rest_client [req-1b841c27-4182-46a5-8a3d-22fc46ae0807 req-1b841c27-4182-46a5-8a3d-22fc46ae0807 ] Request (ServersTestBootFromVolume:setUpClass): 200 GET http://10.180.1.21/compute/v2.1/servers/ef45db2f-2489-474f-ae77-492fa1c8517e 0.050s
2025-04-19 14:56:28.709 69959 INFO tempest.lib.common.rest_client [req-2b8cea3b-9ecb-4b86-bb5c-e65e03314327 req-2b8cea3b-9ecb-4b86-bb5c-e65e03314327 ] Request (AttachInterfacesV270Test:test_create_get_list_interfaces): 200 GET http://10.180.1.21/compute/v2.1/servers/86790ac3-48f9-4b93-8843-8b1b36383712 0.052s
2025-04-19 14:56:28.710 69947 INFO tempest.lib.common.rest_client [req-2d65b826-0c18-4f7d-835a-d4b91360f8e3 req-2d65b826-0c18-4f7d-835a-d4b91360f8e3 ] Request (VolumesAssistedSnapshotsTest:tearDownClass): 200 GET http://10.180.1.21/compute/v2.1/servers/b1e0d3ca-8f60-40e3-b748-c27ab7c346b3 0.119s
2025-04-19 14:56:28.776 69951 INFO tempest.lib.common.rest_client [req-e96e0cf3-dc8e-40e5-89f4-affb8c5dc18b req-e96e0cf3-dc8e-40e5-89f4-affb8c5dc18b ] Request (ServerShowV247Test:test_update_rebuild_list_server): 200 GET http://10.180.1.21/compute/v2.1/servers/e18b7c45-bbd5-411a-95c8-04f20d4fe75c 0.054s
2025-04-19 14:56:28.778 69935 INFO tempest.lib.common.rest_client [req-271bb74f-6263-4c5d-beb2-e5d2b70d504f req-271bb74f-6263-4c5d-beb2-e5d2b70d504f ] Request (MigrationsAdminTest:test_resize_server_revert_deleted_flavor): 200 GET http://10.180.1.21/compute/v2.1/servers/ae5bfcf7-62ae-40a6-b700-fcbae3b4d5a2 0.059s
2025-04-19 14:56:28.823 69953 INFO tempest.lib.common.rest_client [req-17df3079-cd75-4047-83ac-aa9b420477f4 req-17df3079-cd75-4047-83ac-aa9b420477f4 ] Request (ServerMetadataNegativeTestJSON:setUpClass): 200 GET http://10.180.1.21/compute/v2.1/servers/b4e9a64e-f47e-4ca9-9faa-de36436a7480 0.048s
2025-04-19 14:56:28.840 69949 INFO tempest.lib.common.rest_client [req-ba4c653a-f273-4194-9956-5b54e2bfbcc2 req-ba4c653a-f273-4194-9956-5b54e2bfbcc2 ] Request (ListServersNegativeTestJSON:setUpClass): 200 GET http://10.180.1.21/compute/v2.1/servers/e09f313d-695f-419a-ba7a-8fe26d166d3b 0.059s
2025-04-19 14:56:28.876 69901 INFO tempest.lib.common.rest_client [req-49d482c7-b118-4521-9152-fbe26e63b919 req-49d482c7-b118-4521-9152-fbe26e63b919 ] Request (ServersNegativeTestMultiTenantJSON:setUpClass): 200 GET http://10.180.1.21/compute/v2.1/servers/4762e03c-2f8c-4796-bdd0-9752f3674fb8 0.052s
2025-04-19 14:56:28.924 69917 INFO tempest.lib.common.rest_client [req-16bf30a8-4599-4730-947b-cc0b5f28b33f req-16bf30a8-4599-4730-947b-cc0b5f28b33f ] Request (DeleteServersAdminTestJSON:test_delete_server_while_in_error_state): 200 GET http://10.180.1.21/compute/v2.1/servers/c2fc91e3-adaf-4645-b65a-c5ba03435ea6 0.087s
2025-04-19 14:56:28.964 69905 INFO tempest.lib.common.rest_client [req-c4b96982-4666-4732-8159-a6b3e662b20c req-c4b96982-4666-4732-8159-a6b3e662b20c ] Request (DeleteServersTestJSON:test_delete_active_server): 200 GET http://10.180.1.21/compute/v2.1/servers/7c5cfee9-4e9f-4616-9e73-6c257b109b04 0.058s
2025-04-19 14:56:29.020 69921 INFO tempest.lib.common.rest_client [req-1381ef73-6419-45a4-b13b-787bc48cb339 req-1381ef73-6419-45a4-b13b-787bc48cb339 ] Request (ServerRescueTestJSONUnderV235:setUpClass): 200 GET http://10.180.1.21/compute/v2.1/servers/11365266-cec8-4bb8-9795-7091cd73329a 0.059s
2025-04-19 14:56:29.065 69919 INFO tempest.lib.common.rest_client [req-7d6be14d-6165-4133-9ed8-ba896f859ded req-7d6be14d-6165-4133-9ed8-ba896f859ded ] Request (AttachVolumeShelveTestJSON:test_attach_volume_shelved_or_offload_server): 200 GET http://10.180.1.21/compute/v2.1/servers/3137d543-006b-4f18-bbff-d1288ea4017b 0.053s
2025-04-19 14:56:29.152 69926 INFO tempest.lib.common.rest_client [req-af0efc54-4422-474d-8785-d9c08f5b95b9 req-af0efc54-4422-474d-8785-d9c08f5b95b9 ] Request (ServersListShow298Test:tearDownClass): 200 GET http://10.180.1.21/compute/v2.1/servers/1aa126ff-b673-49e5-a945-4f32fc7c92e2 0.068s
2025-04-19 14:56:29.319 69945 INFO tempest.lib.common.rest_client [req-091ed573-dbcf-4f07-b656-ad265338cb81 req-091ed573-dbcf-4f07-b656-ad265338cb81 ] Request (SecurityGroupsTestJSON:test_server_security_groups): 200 GET http://10.180.1.21/compute/v2.1/servers/0983ed9e-3ca6-4a9c-bece-50c7a4d89797 0.111s
2025-04-19 14:56:29.328 69915 INFO tempest.lib.common.rest_client [req-f1805d81-b5ee-44c0-9732-07eaf7bdd687 req-f1805d81-b5ee-44c0-9732-07eaf7bdd687 ] Request (ServersAdminTestJSON:test_create_server_with_scheduling_hint): 200 GET http://10.180.1.21/compute/v2.1/servers/415bb90f-8235-4e19-84dd-50927452592a 0.054s
2025-04-19 14:56:29.361 69903 INFO tempest.lib.common.rest_client [req-b43d5a24-4bbf-4961-afa5-6484d269da6f req-b43d5a24-4bbf-4961-afa5-6484d269da6f ] Request (VolumesAdminNegativeTest:_run_cleanups): 200 GET http://10.180.1.21/compute/v2.1/servers/a370afe3-c2f8-432a-a526-81426d935a9c/os-volume_attachments 0.049s
2025-04-19 14:56:29.378 69929 INFO tempest.lib.common.rest_client [req-ec4dada5-4ee9-4f31-8c21-df322393dc5c req-ec4dada5-4ee9-4f31-8c21-df322393dc5c ] Request (MultipleCreateTestJSON:_run_cleanups): 200 GET http://10.180.1.21/compute/v2.1/servers/913da34d-a6f0-414d-92db-ee71f3a93cf4 0.086s
2025-04-19 14:56:29.411 69941 INFO tempest.lib.common.rest_client [req-081605b7-8f1c-4e73-b4c8-0102743aa3dd req-081605b7-8f1c-4e73-b4c8-0102743aa3dd ] Request (ImagesTestJSON:test_create_image_from_suspended_server): 200 GET http://10.180.1.21/compute/v2.1/servers/f982cd1a-f5e6-4417-b970-96d5327c84d1 0.079s
2025-04-19 14:56:29.426 69913 INFO tempest.lib.common.rest_client [req-c50bc209-8104-4b34-962a-d4ccbae486fc req-c50bc209-8104-4b34-962a-d4ccbae486fc ] Request (ServersTestMultiNic:test_verify_multiple_nics_order): 200 GET http://10.180.1.21/compute/v2.1/servers/19ce0d06-8777-46de-9b14-f704bb4e149c 0.072s
2025-04-19 14:56:29.459 69931 INFO tempest.lib.common.rest_client [req-0ff807d1-15e3-4d13-8ba7-04e2e3080fdd req-0ff807d1-15e3-4d13-8ba7-04e2e3080fdd ] Request (ServersWithSpecificFlavorTestJSON:test_verify_created_server_ephemeral_disk): 200 GET http://10.180.1.21/compute/v2.1/servers/0152d67e-8b6d-4cf4-8395-78b784260d4a 0.052s
2025-04-19 14:56:29.485 69907 INFO tempest.lib.common.rest_client [req-d4598336-3820-447a-af33-ba7e0d60fb35 req-d4598336-3820-447a-af33-ba7e0d60fb35 ] Request (ServersV294TestFqdnHostnames:tearDownClass): 200 GET http://10.180.1.21/compute/v2.1/servers/8f8e183c-7597-4fb6-9a9f-8002db7ceaaa 0.078s
2025-04-19 14:56:29.503 69927 INFO tempest.lib.common.rest_client [req-0c40df97-0668-40e7-9c6c-13190339b670 req-0c40df97-0668-40e7-9c6c-13190339b670 ] Request (ServerRescueNegativeTestJSON:setUpClass): 200 GET http://10.180.1.21/compute/v2.1/servers/f6ea22c7-5703-4d58-b92a-42febea3bb06 0.054s
2025-04-19 14:56:29.543 69961 INFO tempest.lib.common.rest_client [req-a9632a47-6808-45f3-9a5e-897f49d30ed2 req-a9632a47-6808-45f3-9a5e-897f49d30ed2 ] Request (ListImageFiltersTestJSON:tearDownClass): 200 GET http://10.180.1.21/compute/v2.1/servers/09fbe61d-3dd5-421d-870b-4320e7ba8c0d 0.079s
2025-04-19 14:56:29.555 69963 INFO tempest.lib.common.rest_client [req-401134c3-2325-4819-bd0b-3735f11fd04e req-401134c3-2325-4819-bd0b-3735f11fd04e ] Request (ServersTestFqdnHostnames:tearDownClass): 200 GET http://10.180.1.21/compute/v2.1/servers/4fbd9481-6115-4243-8700-37374677b0bb 0.059s
2025-04-19 14:56:29.563 69963 INFO tempest.common.waiters [-] State transition "ACTIVE/deleting" ==> "DELETED/None" after 4 second wait
2025-04-19 14:56:29.598 69939 INFO tempest.lib.common.rest_client [req-c1b7ce6d-54f7-4464-b7ae-cca0a5b53cd2 req-c1b7ce6d-54f7-4464-b7ae-cca0a5b53cd2 ] Request (ServersNegativeTestJSON:setUpClass): 200 GET http://10.180.1.21/compute/v2.1/servers/9805d5cc-af24-4bf5-b99b-4bc316661526 0.075s
2025-04-19 14:56:29.611 69937 INFO tempest.lib.common.rest_client [req-0f1dacfc-bda8-4567-8fca-2d4ee6bc0c1e req-0f1dacfc-bda8-4567-8fca-2d4ee6bc0c1e ] Request (AttachInterfacesTestJSON:test_create_list_show_delete_interfaces_by_network_port): 200 GET http://10.180.1.21/compute/v2.1/servers/a934c7fb-78ef-4ca7-bdeb-49d0b95eaff9 0.051s
2025-04-19 14:56:29.705 69923 INFO tempest.lib.common.rest_client [req-d283c686-7c71-4362-8ca3-fdf300ed6314 req-d283c686-7c71-4362-8ca3-fdf300ed6314 ] Request (ServersTestBootFromVolume:setUpClass): 200 GET http://10.180.1.21/compute/v2.1/servers/ef45db2f-2489-474f-ae77-492fa1c8517e 0.056s
2025-04-19 14:56:29.776 69959 INFO tempest.lib.common.rest_client [req-198bffe3-9178-4bab-afd2-cfd3b34233d6 req-198bffe3-9178-4bab-afd2-cfd3b34233d6 ] Request (AttachInterfacesV270Test:test_create_get_list_interfaces): 200 GET http://10.180.1.21/compute/v2.1/servers/86790ac3-48f9-4b93-8843-8b1b36383712 0.057s
2025-04-19 14:56:29.840 69951 INFO tempest.lib.common.rest_client [req-c5cfff74-eb81-4ac7-96a8-8153f662c53a req-c5cfff74-eb81-4ac7-96a8-8153f662c53a ] Request (ServerShowV247Test:test_update_rebuild_list_server): 200 GET http://10.180.1.21/compute/v2.1/servers/e18b7c45-bbd5-411a-95c8-04f20d4fe75c 0.054s
2025-04-19 14:56:29.852 69947 INFO tempest.lib.common.rest_client [req-845c83f6-cbe7-4fb8-960c-67de17e9861c req-845c83f6-cbe7-4fb8-960c-67de17e9861c ] Request (VolumesAssistedSnapshotsTest:tearDownClass): 200 GET http://10.180.1.21/compute/v2.1/servers/b1e0d3ca-8f60-40e3-b748-c27ab7c346b3 0.133s
2025-04-19 14:56:29.884 69935 INFO tempest.lib.common.rest_client [req-5101dfac-1669-4a54-b635-e42beb8a4782 req-5101dfac-1669-4a54-b635-e42beb8a4782 ] Request (MigrationsAdminTest:test_resize_server_revert_deleted_flavor): 200 GET http://10.180.1.21/compute/v2.1/servers/ae5bfcf7-62ae-40a6-b700-fcbae3b4d5a2 0.094s
2025-04-19 14:56:29.898 69953 INFO tempest.lib.common.rest_client [req-86996844-791d-4325-b2bf-abf823aa2837 req-86996844-791d-4325-b2bf-abf823aa2837 ] Request (ServerMetadataNegativeTestJSON:setUpClass): 200 GET http://10.180.1.21/compute/v2.1/servers/b4e9a64e-f47e-4ca9-9faa-de36436a7480 0.063s
2025-04-19 14:56:29.936 69949 INFO tempest.lib.common.rest_client [req-84bf8c2d-3bc4-49fa-a5c3-48bdea0f0014 req-84bf8c2d-3bc4-49fa-a5c3-48bdea0f0014 ] Request (ListServersNegativeTestJSON:setUpClass): 200 GET http://10.180.1.21/compute/v2.1/servers/e09f313d-695f-419a-ba7a-8fe26d166d3b 0.086s
2025-04-19 14:56:29.945 69901 INFO tempest.lib.common.rest_client [req-35e64da2-46e0-42e3-afca-9e23a1c6310f req-35e64da2-46e0-42e3-afca-9e23a1c6310f ] Request (ServersNegativeTestMultiTenantJSON:setUpClass): 200 GET http://10.180.1.21/compute/v2.1/servers/4762e03c-2f8c-4796-bdd0-9752f3674fb8 0.061s
2025-04-19 14:56:29.998 69917 INFO tempest.lib.common.rest_client [req-f4ed1d7a-697a-4e33-b4a0-289ba6419b3f req-f4ed1d7a-697a-4e33-b4a0-289ba6419b3f ] Request (DeleteServersAdminTestJSON:test_delete_server_while_in_error_state): 200 GET http://10.180.1.21/compute/v2.1/servers/c2fc91e3-adaf-4645-b65a-c5ba03435ea6 0.064s
2025-04-19 14:56:30.022 69905 INFO tempest.lib.common.rest_client [req-4d9435dc-edd9-494c-86b0-46c9055381aa req-4d9435dc-edd9-494c-86b0-46c9055381aa ] Request (DeleteServersTestJSON:test_delete_active_server): 200 GET http://10.180.1.21/compute/v2.1/servers/7c5cfee9-4e9f-4616-9e73-6c257b109b04 0.050s
2025-04-19 14:56:30.075 69921 INFO tempest.lib.common.rest_client [req-c90d5370-e017-4edb-b932-e31ed6b67a1e req-c90d5370-e017-4edb-b932-e31ed6b67a1e ] Request (ServerRescueTestJSONUnderV235:setUpClass): 200 GET http://10.180.1.21/compute/v2.1/servers/11365266-cec8-4bb8-9795-7091cd73329a 0.048s
2025-04-19 14:56:30.124 69919 INFO tempest.lib.common.rest_client [req-3679cfaa-8a22-438a-a3d1-e53b747813fb req-3679cfaa-8a22-438a-a3d1-e53b747813fb ] Request (AttachVolumeShelveTestJSON:test_attach_volume_shelved_or_offload_server): 200 GET http://10.180.1.21/compute/v2.1/servers/3137d543-006b-4f18-bbff-d1288ea4017b 0.049s
2025-04-19 14:56:30.231 69926 INFO tempest.lib.common.rest_client [req-34208be9-ff75-4c20-a8c8-c823dae81e02 req-34208be9-ff75-4c20-a8c8-c823dae81e02 ] Request (ServersListShow298Test:tearDownClass): 200 GET http://10.180.1.21/compute/v2.1/servers/1aa126ff-b673-49e5-a945-4f32fc7c92e2 0.068s
2025-04-19 14:56:30.385 69915 INFO tempest.lib.common.rest_client [req-a896afdd-6631-4fb3-9768-7cadd618dae9 req-a896afdd-6631-4fb3-9768-7cadd618dae9 ] Request (ServersAdminTestJSON:test_create_server_with_scheduling_hint): 200 GET http://10.180.1.21/compute/v2.1/servers/415bb90f-8235-4e19-84dd-50927452592a 0.047s
2025-04-19 14:56:30.419 69903 INFO tempest.lib.common.rest_client [req-943f1e6b-8d42-4a85-a1e0-8821da54d91a req-943f1e6b-8d42-4a85-a1e0-8821da54d91a ] Request (VolumesAdminNegativeTest:_run_cleanups): 200 GET http://10.180.1.21/compute/v2.1/servers/a370afe3-c2f8-432a-a526-81426d935a9c/os-volume_attachments 0.055s
2025-04-19 14:56:30.425 69945 INFO tempest.lib.common.rest_client [req-70a74d3f-1e5b-4608-b791-f3b0abd87090 req-70a74d3f-1e5b-4608-b791-f3b0abd87090 ] Request (SecurityGroupsTestJSON:test_server_security_groups): 200 GET http://10.180.1.21/compute/v2.1/servers/0983ed9e-3ca6-4a9c-bece-50c7a4d89797 0.097s
2025-04-19 14:56:30.450 69903 INFO tempest.lib.common.rest_client [req-3fed3096-6c3f-4db5-a8e4-716d20c92e01 req-3fed3096-6c3f-4db5-a8e4-716d20c92e01 ] Request (VolumesAdminNegativeTest:_run_cleanups): 200 GET http://10.180.1.21/volume/v3/volumes/07504bcc-7ea1-422e-9651-0dfff56da1f8 0.030s
2025-04-19 14:56:30.457 69903 INFO tempest.common.waiters [-] volume 07504bcc-7ea1-422e-9651-0dfff56da1f8 reached available after waiting for 0.457097 seconds
2025-04-19 14:56:30.474 69941 INFO tempest.lib.common.rest_client [req-4ef17e65-3ad7-40cc-b0ba-1fc8319a9798 req-4ef17e65-3ad7-40cc-b0ba-1fc8319a9798 ] Request (ImagesTestJSON:test_create_image_from_suspended_server): 200 GET http://10.180.1.21/compute/v2.1/servers/f982cd1a-f5e6-4417-b970-96d5327c84d1 0.055s
2025-04-19 14:56:30.475 69929 INFO tempest.lib.common.rest_client [req-c64536e5-17a3-4d18-8eb4-bc9d5f8ba116 req-c64536e5-17a3-4d18-8eb4-bc9d5f8ba116 ] Request (MultipleCreateTestJSON:_run_cleanups): 200 GET http://10.180.1.21/compute/v2.1/servers/913da34d-a6f0-414d-92db-ee71f3a93cf4 0.089s
2025-04-19 14:56:30.521 69913 INFO tempest.lib.common.rest_client [req-5b1e68aa-21c0-4ed2-81f7-f25c026948de req-5b1e68aa-21c0-4ed2-81f7-f25c026948de ] Request (ServersTestMultiNic:test_verify_multiple_nics_order): 200 GET http://10.180.1.21/compute/v2.1/servers/19ce0d06-8777-46de-9b14-f704bb4e149c 0.085s
2025-04-19 14:56:30.527 69931 INFO tempest.lib.common.rest_client [req-f44d8da6-f78d-47f1-a526-c74e9dac0d38 req-f44d8da6-f78d-47f1-a526-c74e9dac0d38 ] Request (ServersWithSpecificFlavorTestJSON:test_verify_created_server_ephemeral_disk): 200 GET http://10.180.1.21/compute/v2.1/servers/0152d67e-8b6d-4cf4-8395-78b784260d4a 0.059s
2025-04-19 14:56:30.529 69903 INFO tempest.lib.common.rest_client [req-06c179e2-5996-43c8-97e7-796fff7041e0 req-06c179e2-5996-43c8-97e7-796fff7041e0 ] Request (VolumesAdminNegativeTest:test_update_attached_volume_with_nonexistent_volume_in_uri): 201 POST http://10.180.1.21/identity/v3/auth/tokens 0.068s
2025-04-19 14:56:30.529 69903 INFO tempest.lib.common.fixed_network [-] (VolumesAdminNegativeTest:test_update_attached_volume_with_nonexistent_volume_in_uri) Found network {'id': '3b6fd4a5-963a-41c8-90a6-21d1550088f0', 'name': 'tempest-VolumesAdminNegativeTest-542790205-network', 'tenant_id': 'c66bb0cfb416406baa2e0732ce98d865', 'admin_state_up': True, 'mtu': 8950, 'status': 'ACTIVE', 'subnets': [], 'shared': False, 'project_id': 'c66bb0cfb416406baa2e0732ce98d865', 'port_security_enabled': True, 'router:external': False, 'provider:network_type': 'vlan', 'provider:physical_network': 'default', 'provider:segmentation_id': 136, 'availability_zone_hints': [], 'availability_zones': [], 'ipv4_address_scope': None, 'ipv6_address_scope': None, 'description': '', 'tags': [], 'created_at': '2025-04-19T14:54:22Z', 'updated_at': '2025-04-19T14:54:22Z', 'revision_number': 1} available for tenant
2025-04-19 14:56:30.572 69927 INFO tempest.lib.common.rest_client [req-9b5b02e1-0e52-47bb-bf5d-4cacd7f6bb7f req-9b5b02e1-0e52-47bb-bf5d-4cacd7f6bb7f ] Request (ServerRescueNegativeTestJSON:setUpClass): 200 GET http://10.180.1.21/compute/v2.1/servers/f6ea22c7-5703-4d58-b92a-42febea3bb06 0.061s
2025-04-19 14:56:30.576 69907 INFO tempest.lib.common.rest_client [req-e1e4e00e-d05b-484f-afc1-6bc859acf39c req-e1e4e00e-d05b-484f-afc1-6bc859acf39c ] Request (ServersV294TestFqdnHostnames:tearDownClass): 200 GET http://10.180.1.21/compute/v2.1/servers/8f8e183c-7597-4fb6-9a9f-8002db7ceaaa 0.080s
2025-04-19 14:56:30.632 69961 INFO tempest.lib.common.rest_client [req-eec518e8-6caa-4307-b636-9b70e92a0806 req-eec518e8-6caa-4307-b636-9b70e92a0806 ] Request (ListImageFiltersTestJSON:tearDownClass): 200 GET http://10.180.1.21/compute/v2.1/servers/09fbe61d-3dd5-421d-870b-4320e7ba8c0d 0.082s
2025-04-19 14:56:30.685 69963 INFO tempest.lib.common.rest_client [req-91bed9c8-4999-4fff-b29c-4cf34d9602fa req-91bed9c8-4999-4fff-b29c-4cf34d9602fa ] Request (ServersTestFqdnHostnames:tearDownClass): 200 GET http://10.180.1.21/compute/v2.1/servers/4fbd9481-6115-4243-8700-37374677b0bb 0.120s
2025-04-19 14:56:30.733 69939 INFO tempest.lib.common.rest_client [req-6b0efe47-f0ac-42f5-91d0-8b5764b6ba36 req-6b0efe47-f0ac-42f5-91d0-8b5764b6ba36 ] Request (ServersNegativeTestJSON:setUpClass): 200 GET http://10.180.1.21/compute/v2.1/servers/9805d5cc-af24-4bf5-b99b-4bc316661526 0.127s
2025-04-19 14:56:30.790 69937 INFO tempest.lib.common.rest_client [req-db446377-db22-4e4e-ac42-0cb1f5c4b84d req-db446377-db22-4e4e-ac42-0cb1f5c4b84d ] Request (AttachInterfacesTestJSON:test_create_list_show_delete_interfaces_by_network_port): 200 GET http://10.180.1.21/compute/v2.1/servers/a934c7fb-78ef-4ca7-bdeb-49d0b95eaff9 0.172s
2025-04-19 14:56:30.851 69923 INFO tempest.lib.common.rest_client [req-cb2a3842-db47-40e9-8463-f700d8e819d0 req-cb2a3842-db47-40e9-8463-f700d8e819d0 ] Request (ServersTestBootFromVolume:setUpClass): 200 GET http://10.180.1.21/compute/v2.1/servers/ef45db2f-2489-474f-ae77-492fa1c8517e 0.138s
2025-04-19 14:56:30.921 69959 INFO tempest.lib.common.rest_client [req-612df4c7-1da3-4f09-ac06-e1600ffdb95b req-612df4c7-1da3-4f09-ac06-e1600ffdb95b ] Request (AttachInterfacesV270Test:test_create_get_list_interfaces): 200 GET http://10.180.1.21/compute/v2.1/servers/86790ac3-48f9-4b93-8843-8b1b36383712 0.135s
2025-04-19 14:56:30.975 69903 INFO tempest.lib.common.rest_client [req-77ff64e1-51fc-413d-820f-4c270c58ce2b req-77ff64e1-51fc-413d-820f-4c270c58ce2b ] Request (VolumesAdminNegativeTest:test_update_attached_volume_with_nonexistent_volume_in_uri): 202 POST http://10.180.1.21/compute/v2.1/servers 0.445s
2025-04-19 14:56:30.994 69951 INFO tempest.lib.common.rest_client [req-037a84d4-134a-4dde-b60a-43f86494f1e5 req-037a84d4-134a-4dde-b60a-43f86494f1e5 ] Request (ServerShowV247Test:test_update_rebuild_list_server): 200 GET http://10.180.1.21/compute/v2.1/servers/e18b7c45-bbd5-411a-95c8-04f20d4fe75c 0.142s
2025-04-19 14:56:31.048 69935 INFO tempest.lib.common.rest_client [req-0a301ec5-23b0-4266-82f2-1ee1b7ecef67 req-0a301ec5-23b0-4266-82f2-1ee1b7ecef67 ] Request (MigrationsAdminTest:test_resize_server_revert_deleted_flavor): 200 GET http://10.180.1.21/compute/v2.1/servers/ae5bfcf7-62ae-40a6-b700-fcbae3b4d5a2 0.153s
2025-04-19 14:56:31.103 69953 INFO tempest.lib.common.rest_client [req-c40ac0a7-5c4b-4ab3-b92e-c9bf0f9e3b40 req-c40ac0a7-5c4b-4ab3-b92e-c9bf0f9e3b40 ] Request (ServerMetadataNegativeTestJSON:setUpClass): 200 GET http://10.180.1.21/compute/v2.1/servers/b4e9a64e-f47e-4ca9-9faa-de36436a7480 0.196s
2025-04-19 14:56:31.164 69947 INFO tempest.lib.common.rest_client [req-5ee8419d-7b0a-477e-ad7c-af786cc7f7b6 req-5ee8419d-7b0a-477e-ad7c-af786cc7f7b6 ] Request (VolumesAssistedSnapshotsTest:tearDownClass): 200 GET http://10.180.1.21/compute/v2.1/servers/b1e0d3ca-8f60-40e3-b748-c27ab7c346b3 0.301s
2025-04-19 14:56:31.240 69901 INFO tempest.lib.common.rest_client [req-0ef90089-6d09-40f1-aa72-2c8c0223df8b req-0ef90089-6d09-40f1-aa72-2c8c0223df8b ] Request (ServersNegativeTestMultiTenantJSON:setUpClass): 200 GET http://10.180.1.21/compute/v2.1/servers/4762e03c-2f8c-4796-bdd0-9752f3674fb8 0.286s
2025-04-19 14:56:31.305 69903 INFO tempest.lib.common.rest_client [req-9fb6970d-464c-43bb-ade0-64a7556d578b req-9fb6970d-464c-43bb-ade0-64a7556d578b ] Request (VolumesAdminNegativeTest:test_update_attached_volume_with_nonexistent_volume_in_uri): 200 GET http://10.180.1.21/compute/v2.1/servers/6057c2c1-ef4c-464e-9385-47a95cd09825 0.328s
2025-04-19 14:56:31.392 69917 INFO tempest.lib.common.rest_client [req-8a142f8d-4525-4515-8f9e-af940a931f0e req-8a142f8d-4525-4515-8f9e-af940a931f0e ] Request (DeleteServersAdminTestJSON:test_delete_server_while_in_error_state): 200 GET http://10.180.1.21/compute/v2.1/servers/c2fc91e3-adaf-4645-b65a-c5ba03435ea6 0.386s
2025-04-19 14:56:31.437 69949 INFO tempest.lib.common.rest_client [req-89d5bea1-4d4b-4bca-a456-776b16c2ae38 req-89d5bea1-4d4b-4bca-a456-776b16c2ae38 ] Request (ListServersNegativeTestJSON:setUpClass): 200 GET http://10.180.1.21/compute/v2.1/servers/e09f313d-695f-419a-ba7a-8fe26d166d3b 0.492s
2025-04-19 14:56:31.448 69905 INFO tempest.lib.common.rest_client [req-100120a7-d292-4d48-bdb1-b4c34e21865d req-100120a7-d292-4d48-bdb1-b4c34e21865d ] Request (DeleteServersTestJSON:test_delete_active_server): 200 GET http://10.180.1.21/compute/v2.1/servers/7c5cfee9-4e9f-4616-9e73-6c257b109b04 0.419s
2025-04-19 14:56:31.455 69905 INFO tempest.common.waiters [-] State transition "BUILD/None" ==> "BUILD/networking" after 80 second wait
2025-04-19 14:56:31.485 69921 INFO tempest.lib.common.rest_client [req-55b7c88a-6139-4053-a134-62bb2c3b68e6 req-55b7c88a-6139-4053-a134-62bb2c3b68e6 ] Request (ServerRescueTestJSONUnderV235:setUpClass): 200 GET http://10.180.1.21/compute/v2.1/servers/11365266-cec8-4bb8-9795-7091cd73329a 0.399s
2025-04-19 14:56:31.515 69919 INFO tempest.lib.common.rest_client [req-189349c3-b083-46db-9e94-9ea2476433fa req-189349c3-b083-46db-9e94-9ea2476433fa ] Request (AttachVolumeShelveTestJSON:test_attach_volume_shelved_or_offload_server): 200 GET http://10.180.1.21/compute/v2.1/servers/3137d543-006b-4f18-bbff-d1288ea4017b 0.380s
2025-04-19 14:56:31.555 69926 INFO tempest.lib.common.rest_client [req-bf0a02f7-91bd-4768-b52d-aafb1c935200 req-bf0a02f7-91bd-4768-b52d-aafb1c935200 ] Request (ServersListShow298Test:tearDownClass): 200 GET http://10.180.1.21/compute/v2.1/servers/1aa126ff-b673-49e5-a945-4f32fc7c92e2 0.313s
2025-04-19 14:56:31.561 69915 INFO tempest.lib.common.rest_client [req-25fe7054-7ee9-4f77-b64b-5cf8bef0d99b req-25fe7054-7ee9-4f77-b64b-5cf8bef0d99b ] Request (ServersAdminTestJSON:test_create_server_with_scheduling_hint): 200 GET http://10.180.1.21/compute/v2.1/servers/415bb90f-8235-4e19-84dd-50927452592a 0.166s
2025-04-19 14:56:31.609 69941 INFO tempest.lib.common.rest_client [req-3e7877e1-217a-4266-8fca-8e37aab7c4c8 req-3e7877e1-217a-4266-8fca-8e37aab7c4c8 ] Request (ImagesTestJSON:test_create_image_from_suspended_server): 200 GET http://10.180.1.21/compute/v2.1/servers/f982cd1a-f5e6-4417-b970-96d5327c84d1 0.128s
2025-04-19 14:56:31.665 69929 INFO tempest.lib.common.rest_client [req-f025217b-0b69-4d2e-8a44-2bd4a946f016 req-f025217b-0b69-4d2e-8a44-2bd4a946f016 ] Request (MultipleCreateTestJSON:_run_cleanups): 200 GET http://10.180.1.21/compute/v2.1/servers/913da34d-a6f0-414d-92db-ee71f3a93cf4 0.182s
2025-04-19 14:56:31.669 69945 INFO tempest.lib.common.rest_client [req-170a8d11-eb42-4c81-afe3-ece020abc3b5 req-170a8d11-eb42-4c81-afe3-ece020abc3b5 ] Request (SecurityGroupsTestJSON:test_server_security_groups): 200 GET http://10.180.1.21/compute/v2.1/servers/0983ed9e-3ca6-4a9c-bece-50c7a4d89797 0.236s
2025-04-19 14:56:31.714 69931 INFO tempest.lib.common.rest_client [req-9373ae27-07e6-4885-a771-1505176ac8b5 req-9373ae27-07e6-4885-a771-1505176ac8b5 ] Request (ServersWithSpecificFlavorTestJSON:test_verify_created_server_ephemeral_disk): 200 GET http://10.180.1.21/compute/v2.1/servers/0152d67e-8b6d-4cf4-8395-78b784260d4a 0.179s
2025-04-19 14:56:31.738 69913 INFO tempest.lib.common.rest_client [req-002471fd-ea5c-4edf-b1fb-05b3880c4d09 req-002471fd-ea5c-4edf-b1fb-05b3880c4d09 ] Request (ServersTestMultiNic:test_verify_multiple_nics_order): 200 GET http://10.180.1.21/compute/v2.1/servers/19ce0d06-8777-46de-9b14-f704bb4e149c 0.208s
2025-04-19 14:56:31.776 69927 INFO tempest.lib.common.rest_client [req-7b2c24e8-1159-41d3-b65e-91a862b8f20a req-7b2c24e8-1159-41d3-b65e-91a862b8f20a ] Request (ServerRescueNegativeTestJSON:setUpClass): 200 GET http://10.180.1.21/compute/v2.1/servers/f6ea22c7-5703-4d58-b92a-42febea3bb06 0.197s
2025-04-19 14:56:31.826 69907 INFO tempest.lib.common.rest_client [req-4530789c-6629-4003-b2d5-4ff3912700f5 req-4530789c-6629-4003-b2d5-4ff3912700f5 ] Request (ServersV294TestFqdnHostnames:tearDownClass): 200 GET http://10.180.1.21/compute/v2.1/servers/8f8e183c-7597-4fb6-9a9f-8002db7ceaaa 0.238s
2025-04-19 14:56:31.894 69963 INFO tempest.lib.common.rest_client [req-0fa0f5be-6583-4dd9-a273-8d7e238189ff req-0fa0f5be-6583-4dd9-a273-8d7e238189ff ] Request (ServersTestFqdnHostnames:tearDownClass): 200 GET http://10.180.1.21/compute/v2.1/servers/4fbd9481-6115-4243-8700-37374677b0bb 0.201s
2025-04-19 14:56:31.915 69961 INFO tempest.lib.common.rest_client [req-6d58eea2-6811-4f1e-af1d-7acd0ac747ac req-6d58eea2-6811-4f1e-af1d-7acd0ac747ac ] Request (ListImageFiltersTestJSON:tearDownClass): 200 GET http://10.180.1.21/compute/v2.1/servers/09fbe61d-3dd5-421d-870b-4320e7ba8c0d 0.274s
2025-04-19 14:56:31.958 69939 INFO tempest.lib.common.rest_client [req-9dfba28d-abaf-4f9e-bc86-40f191d5829d req-9dfba28d-abaf-4f9e-bc86-40f191d5829d ] Request (ServersNegativeTestJSON:setUpClass): 200 GET http://10.180.1.21/compute/v2.1/servers/9805d5cc-af24-4bf5-b99b-4bc316661526 0.216s
2025-04-19 14:56:31.971 69937 INFO tempest.lib.common.rest_client [req-3ee80f1b-3750-48e9-8ccd-cfa50db462c0 req-3ee80f1b-3750-48e9-8ccd-cfa50db462c0 ] Request (AttachInterfacesTestJSON:test_create_list_show_delete_interfaces_by_network_port): 200 GET http://10.180.1.21/compute/v2.1/servers/a934c7fb-78ef-4ca7-bdeb-49d0b95eaff9 0.172s
2025-04-19 14:56:32.012 69923 INFO tempest.lib.common.rest_client [req-887c4975-4912-4b90-839b-7d65c6a58e0f req-887c4975-4912-4b90-839b-7d65c6a58e0f ] Request (ServersTestBootFromVolume:setUpClass): 200 GET http://10.180.1.21/compute/v2.1/servers/ef45db2f-2489-474f-ae77-492fa1c8517e 0.145s
2025-04-19 14:56:32.038 69959 INFO tempest.lib.common.rest_client [req-8941aa64-2d0d-414f-9850-91b074da3fda req-8941aa64-2d0d-414f-9850-91b074da3fda ] Request (AttachInterfacesV270Test:test_create_get_list_interfaces): 200 GET http://10.180.1.21/compute/v2.1/servers/86790ac3-48f9-4b93-8843-8b1b36383712 0.106s
2025-04-19 14:56:32.068 69951 INFO tempest.lib.common.rest_client [req-2ca72dd0-14f4-4f67-87fb-6acbfaae7bcb req-2ca72dd0-14f4-4f67-87fb-6acbfaae7bcb ] Request (ServerShowV247Test:test_update_rebuild_list_server): 200 GET http://10.180.1.21/compute/v2.1/servers/e18b7c45-bbd5-411a-95c8-04f20d4fe75c 0.061s
2025-04-19 14:56:32.113 69935 INFO tempest.lib.common.rest_client [req-6dc1f2ea-edb3-42ef-9437-c470e4fcb18e req-6dc1f2ea-edb3-42ef-9437-c470e4fcb18e ] Request (MigrationsAdminTest:test_resize_server_revert_deleted_flavor): 200 GET http://10.180.1.21/compute/v2.1/servers/ae5bfcf7-62ae-40a6-b700-fcbae3b4d5a2 0.057s
