2025-04-19 14:54:15.841 69913 INFO tempest.lib.common.rest_client [req-55d8625d-7604-4240-8127-fda5b324edb2 req-55d8625d-7604-4240-8127-fda5b324edb2 ] Request (ServersTestMultiNic:setUpClass): 200 GET http://10.180.1.21/identity/v3/roles 0.066s
2025-04-19 14:54:15.842 69907 INFO tempest.lib.common.rest_client [req-8eed07d2-dd86-4cbb-b16f-ec78473455e5 req-8eed07d2-dd86-4cbb-b16f-ec78473455e5 ] Request (QuotasAdminTestJSON:test_get_updated_quotas): 200 GET http://10.180.1.21/identity/v3/domains?name=Default 0.060s
2025-04-19 14:54:15.868 69963 INFO tempest.lib.common.rest_client [req-6e68cfea-a71d-4452-853f-416d650163b4 req-6e68cfea-a71d-4452-853f-416d650163b4 ] Request (KeyPairsV210TestJSON:tearDownClass): 204 DELETE http://10.180.1.21:9696/networking/v2.0/security-groups/6c850b38-69ba-4f16-9620-626ec3639817 0.136s
2025-04-19 14:54:15.873 69913 INFO tempest.lib.common.rest_client [req-06e4e3f1-e5c1-4ee7-ad9e-257ea11cdf81 req-06e4e3f1-e5c1-4ee7-ad9e-257ea11cdf81 ] Request (ServersTestMultiNic:setUpClass): 204 PUT http://10.180.1.21/identity/v3/projects/0d9406d99f0840228ec6f37b3b36f1ac/users/3201be8906604499b159517c61894457/roles/34f33abe56064d64ad3140818273aa38 0.031s
2025-04-19 14:54:15.873 69913 INFO tempest.lib.common.dynamic_creds [-] Dynamic test user 3201be8906604499b159517c61894457 is created with scope project and roles: ['member']
2025-04-19 14:54:15.873 69913 INFO tempest.lib.common.dynamic_creds [-] Acquired dynamic creds: credentials: Credentials: {'domain_id': 'default', 'domain_name': 'Default', 'username': 'tempest-ServersTestMultiNic-418630813-project-member', 'project_domain_id': 'default', 'project_domain_name': 'Default', 'project_id': '0d9406d99f0840228ec6f37b3b36f1ac', 'project_name': 'tempest-ServersTestMultiNic-418630813', 'tenant_id': '0d9406d99f0840228ec6f37b3b36f1ac', 'tenant_name': 'tempest-ServersTestMultiNic-418630813', 'user_domain_id': 'default', 'user_domain_name': 'Default', 'user_id': '3201be8906604499b159517c61894457', 'system': None}, Network: None, Subnet: None, Router: None
2025-04-19 14:54:15.907 69935 INFO tempest.lib.common.rest_client [req-c2d40e79-49f6-4e9e-84b5-6407ba4eacca req-c2d40e79-49f6-4e9e-84b5-6407ba4eacca ] Request (MigrationsAdminTest:test_list_migrations_in_flavor_resize_situation): 200 GET http://10.180.1.21/compute/v2.1/servers/1cb12eb8-8e6e-4513-8408-18afd328e053 1.503s
2025-04-19 14:54:15.915 69935 INFO tempest.common.waiters [-] State transition "BUILD/spawning" ==> "ACTIVE/None" after 21 second wait
2025-04-19 14:54:15.936 69913 INFO tempest.lib.common.rest_client [req-c198949a-0e1d-448a-8c79-703530a4cf37 req-c198949a-0e1d-448a-8c79-703530a4cf37 ] Request (ServersTestMultiNic:setUpClass): 201 POST http://10.180.1.21/identity/v3/auth/tokens 0.062s
2025-04-19 14:54:15.985 69963 INFO tempest.lib.common.rest_client [req-b54c340c-c9f2-4813-9f3f-d5810876451a req-b54c340c-c9f2-4813-9f3f-d5810876451a ] Request (KeyPairsV210TestJSON:tearDownClass): 204 DELETE http://10.180.1.21/identity/v3/projects/19df63c8fadd49a8abfd17e83b54d163 0.117s
2025-04-19 14:54:15.986 69963 INFO tempest.lib.common.dynamic_creds [-] Deleting project and security group for project: 6226a0d21df04bd7adbacb5d24a7d313
2025-04-19 14:54:16.105 69909 INFO tempest.lib.common.rest_client [req-d40d72a8-f966-4b6f-b993-ccd987e35bf9 req-d40d72a8-f966-4b6f-b993-ccd987e35bf9 ] Request (ServerActionsTestJSON:setUpClass): 202 POST http://10.180.1.21/compute/v2.1/servers 1.921s
2025-04-19 14:54:16.117 69963 INFO tempest.lib.common.rest_client [req-b3b8a6e4-1ed5-4937-b10d-84c7805e706e req-b3b8a6e4-1ed5-4937-b10d-84c7805e706e ] Request (KeyPairsV210TestJSON:tearDownClass): 200 GET http://10.180.1.21:9696/networking/v2.0/security-groups?tenant_id=6226a0d21df04bd7adbacb5d24a7d313&name=default 0.131s
2025-04-19 14:54:16.164 69941 INFO tempest.lib.common.rest_client [req-d217114a-0a60-42d9-b039-dec7f62fe437 req-d217114a-0a60-42d9-b039-dec7f62fe437 ] Request (ImagesTestJSON:test_create_image_from_stopped_server): 200 GET http://10.180.1.21/compute/v2.1/servers/746ee2f3-b43f-44a6-a584-f64f91cacb46 1.590s
2025-04-19 14:54:16.172 69955 INFO tempest.lib.common.rest_client [req-ca570db9-0c3b-4e1e-8015-ddef758d4dd8 req-ca570db9-0c3b-4e1e-8015-ddef758d4dd8 ] Request (QuotasAdminNegativeTest:test_update_quota_normal_user): 403 PUT http://10.180.1.21/compute/v2.1/os-quota-sets/d0167f8d25d344e58b9f30f1f509b9a4 1.483s
2025-04-19 14:54:16.223 69963 INFO tempest.lib.common.rest_client [req-a74589d3-539d-427f-b992-eefe46c45450 req-a74589d3-539d-427f-b992-eefe46c45450 ] Request (KeyPairsV210TestJSON:tearDownClass): 204 DELETE http://10.180.1.21:9696/networking/v2.0/security-groups/ae434080-a357-4d60-a3d1-4145c4003b06 0.105s
2025-04-19 14:54:16.257 69955 INFO tempest.lib.common.rest_client [req-f0bf2b34-1049-4ae3-93cd-9c7c46414576 req-f0bf2b34-1049-4ae3-93cd-9c7c46414576 ] Request (QuotasAdminNegativeTest:tearDownClass): 204 DELETE http://10.180.1.21/identity/v3/users/dfd1d9f8a74f438ba1a8bcc2cc065962 0.083s
2025-04-19 14:54:16.347 69955 INFO tempest.lib.common.rest_client [req-1eefeac3-bca1-443b-9bb9-6d0761fbb0f2 req-1eefeac3-bca1-443b-9bb9-6d0761fbb0f2 ] Request (QuotasAdminNegativeTest:tearDownClass): 204 DELETE http://10.180.1.21/identity/v3/users/fa9449196d6546bab42d0f404d61c853 0.090s
2025-04-19 14:54:16.348 69955 INFO tempest.lib.common.dynamic_creds [-] Deleting project and security group for project: b915d7715ecc403d81ce0697efbbb834
2025-04-19 14:54:16.350 69963 INFO tempest.lib.common.rest_client [req-1b1fb652-3ce4-42c6-a594-16ac3419cb4d req-1b1fb652-3ce4-42c6-a594-16ac3419cb4d ] Request (KeyPairsV210TestJSON:tearDownClass): 204 DELETE http://10.180.1.21/identity/v3/projects/6226a0d21df04bd7adbacb5d24a7d313 0.127s
2025-04-19 14:54:16.388 69917 INFO tempest.lib.common.rest_client [req-3bbb5c4a-2bee-4c29-bc62-8a3d4e5ab41b req-3bbb5c4a-2bee-4c29-bc62-8a3d4e5ab41b ] Request (DeleteServersAdminTestJSON:test_admin_delete_servers_of_others): 204 DELETE http://10.180.1.21/compute/v2.1/servers/a6529acd-76db-430e-9e16-942b98b891d0 1.621s
2025-04-19 14:54:16.401 69955 INFO tempest.lib.common.rest_client [req-833942d1-cc90-4539-bf92-604aa5b4677d req-833942d1-cc90-4539-bf92-604aa5b4677d ] Request (QuotasAdminNegativeTest:tearDownClass): 201 POST http://10.180.1.21/identity/v3/auth/tokens 0.053s
2025-04-19 14:54:16.426 69963 INFO tempest.lib.common.rest_client [req-1183d89e-3e1f-424c-91e3-26f6667e9a5f req-1183d89e-3e1f-424c-91e3-26f6667e9a5f ] Request (FloatingIPsNegativeTestJSON:setUpClass): 201 POST http://10.180.1.21/identity/v3/auth/tokens 0.074s
2025-04-19 14:54:16.454 69963 INFO tempest.lib.common.rest_client [req-113d9538-c338-40a7-8063-b07a81c71be0 req-113d9538-c338-40a7-8063-b07a81c71be0 ] Request (FloatingIPsNegativeTestJSON:setUpClass): 201 POST http://10.180.1.21/identity/v3/auth/tokens 0.026s
2025-04-19 14:54:16.481 69963 INFO tempest.lib.common.rest_client [req-159d5d07-8ba7-469c-b679-36c550f9879f req-159d5d07-8ba7-469c-b679-36c550f9879f ] Request (FloatingIPsNegativeTestJSON:setUpClass): 200 GET http://10.180.1.21/identity/v3/domains?name=Default 0.027s
2025-04-19 14:54:16.520 69963 INFO tempest.lib.common.rest_client [req-18821070-11d6-4079-a8b6-f72bb21bfef8 req-18821070-11d6-4079-a8b6-f72bb21bfef8 ] Request (FloatingIPsNegativeTestJSON:setUpClass): 201 POST http://10.180.1.21/identity/v3/projects 0.038s
2025-04-19 14:54:16.529 69911 INFO tempest.lib.common.rest_client [req-17dffd34-6751-4e87-9506-458ceaccb24e req-17dffd34-6751-4e87-9506-458ceaccb24e ] Request (FloatingIPsTestJSON:tearDownClass): 200 PUT http://10.180.1.21:9696/networking/v2.0/routers/8143587d-f5f9-4677-88f2-b7d21be81d28/remove_router_interface 1.316s
2025-04-19 14:54:16.588 69937 INFO tempest.lib.common.rest_client [req-5221e15a-833b-411f-af97-f339d6f59cad req-5221e15a-833b-411f-af97-f339d6f59cad ] Request (AttachInterfacesTestJSON:test_create_list_show_delete_interfaces_by_fixed_ip): 200 GET http://10.180.1.21/compute/v2.1/servers/72bb6d82-5ec5-4a20-9599-e4bd68b25d74 1.587s
2025-04-19 14:54:16.598 69937 INFO tempest.common.waiters [-] State transition "BUILD/spawning" ==> "ACTIVE/None" after 21 second wait
2025-04-19 14:54:16.600 69963 INFO tempest.lib.common.rest_client [req-e16ac09e-ebbd-4a32-ab9e-fa4804dd0c1e req-e16ac09e-ebbd-4a32-ab9e-fa4804dd0c1e ] Request (FloatingIPsNegativeTestJSON:setUpClass): 201 POST http://10.180.1.21/identity/v3/users 0.080s
2025-04-19 14:54:16.610 69955 INFO tempest.lib.common.rest_client [req-5108e36f-28d3-470c-aa89-18188e75fc9a req-5108e36f-28d3-470c-aa89-18188e75fc9a ] Request (QuotasAdminNegativeTest:tearDownClass): 200 GET http://10.180.1.21:9696/networking/v2.0/security-groups?tenant_id=b915d7715ecc403d81ce0697efbbb834&name=default 0.208s
2025-04-19 14:54:16.630 69923 INFO tempest.lib.common.rest_client [req-fd2c2927-fc9b-483c-8e97-c371f10770ed req-fd2c2927-fc9b-483c-8e97-c371f10770ed ] Request (ServerDiagnosticsNegativeTest:test_get_server_diagnostics_by_non_admin): 202 POST http://10.180.1.21/compute/v2.1/servers 2.088s
2025-04-19 14:54:16.635 69963 INFO tempest.lib.common.rest_client [req-f3769deb-bc43-4446-a536-6ae6fa2585c5 req-f3769deb-bc43-4446-a536-6ae6fa2585c5 ] Request (FloatingIPsNegativeTestJSON:setUpClass): 200 GET http://10.180.1.21/identity/v3/roles 0.034s
2025-04-19 14:54:16.679 69963 INFO tempest.lib.common.rest_client [req-7f05034d-2f7f-465c-88c1-299d36e3d84d req-7f05034d-2f7f-465c-88c1-299d36e3d84d ] Request (FloatingIPsNegativeTestJSON:setUpClass): 204 PUT http://10.180.1.21/identity/v3/projects/11afd9f146ee40cfa00818f612b01d53/users/5b897e800e164cacb477d85542762e80/roles/34f33abe56064d64ad3140818273aa38 0.044s
2025-04-19 14:54:16.680 69963 INFO tempest.lib.common.dynamic_creds [-] Dynamic test user 5b897e800e164cacb477d85542762e80 is created with scope project and roles: ['member']
2025-04-19 14:54:16.680 69963 INFO tempest.lib.common.dynamic_creds [-] Acquired dynamic creds: credentials: Credentials: {'domain_id': 'default', 'domain_name': 'Default', 'username': 'tempest-FloatingIPsNegativeTestJSON-1298142521-project-member', 'project_domain_id': 'default', 'project_domain_name': 'Default', 'project_id': '11afd9f146ee40cfa00818f612b01d53', 'project_name': 'tempest-FloatingIPsNegativeTestJSON-1298142521', 'tenant_id': '11afd9f146ee40cfa00818f612b01d53', 'tenant_name': 'tempest-FloatingIPsNegativeTestJSON-1298142521', 'user_domain_id': 'default', 'user_domain_name': 'Default', 'user_id': '5b897e800e164cacb477d85542762e80', 'system': None}, Network: None, Subnet: None, Router: None
2025-04-19 14:54:16.754 69963 INFO tempest.lib.common.rest_client [req-67f9437c-5c70-4d5c-b73d-b3e5edf334de req-67f9437c-5c70-4d5c-b73d-b3e5edf334de ] Request (FloatingIPsNegativeTestJSON:setUpClass): 201 POST http://10.180.1.21/identity/v3/auth/tokens 0.074s
2025-04-19 14:54:16.789 69955 INFO tempest.lib.common.rest_client [req-a90dffd8-5a6a-4bf9-aa7c-b52c05dd186b req-a90dffd8-5a6a-4bf9-aa7c-b52c05dd186b ] Request (QuotasAdminNegativeTest:tearDownClass): 204 DELETE http://10.180.1.21:9696/networking/v2.0/security-groups/d4643e20-fc9a-403c-8c84-0b273c6793a9 0.178s
2025-04-19 14:54:16.790 69913 INFO tempest.lib.common.rest_client [req-fb8aea71-3ea1-4eea-a9e4-4d58e4b2bb6e req-fb8aea71-3ea1-4eea-a9e4-4d58e4b2bb6e ] Request (ServersTestMultiNic:setUpClass): 201 POST http://10.180.1.21:9696/networking/v2.0/networks 0.854s
2025-04-19 14:54:16.896 69955 INFO tempest.lib.common.rest_client [req-e1f24133-354f-41e5-a52b-321d2f4ca67c req-e1f24133-354f-41e5-a52b-321d2f4ca67c ] Request (QuotasAdminNegativeTest:tearDownClass): 204 DELETE http://10.180.1.21/identity/v3/projects/b915d7715ecc403d81ce0697efbbb834 0.107s
2025-04-19 14:54:16.896 69955 INFO tempest.lib.common.dynamic_creds [-] Deleting project and security group for project: d0167f8d25d344e58b9f30f1f509b9a4
2025-04-19 14:54:16.925 69947 INFO tempest.lib.common.rest_client [req-1a19975e-b2bb-45b1-8f9e-07dfdd924015 req-1a19975e-b2bb-45b1-8f9e-07dfdd924015 ] Request (VolumesAssistedSnapshotsTest:test_volume_assisted_snapshot_create_delete): 200 GET http://10.180.1.21/compute/v2.1/servers/b1e0d3ca-8f60-40e3-b748-c27ab7c346b3 1.847s
2025-04-19 14:54:16.935 69947 INFO tempest.common.waiters [-] State transition "BUILD/networking" ==> "BUILD/spawning" after 9 second wait
2025-04-19 14:54:16.954 69926 INFO tempest.lib.common.rest_client [req-dcd63ff0-adbe-40f4-8999-5afb63225667 req-dcd63ff0-adbe-40f4-8999-5afb63225667 ] Request (ServicesAdminNegativeV253TestJSON:test_get_service_with_valid_service_and_invalid_host): 200 GET http://10.180.1.21/compute/v2.1/os-services?host=xxx&binary=nova-scheduler 1.706s
2025-04-19 14:54:16.986 69903 INFO tempest.lib.common.rest_client [req-32f354d8-820a-4d67-a1b9-c8875a12ac6d req-32f354d8-820a-4d67-a1b9-c8875a12ac6d ] Request (TenantUsagesNegativeTestJSON:test_get_usage_tenant_with_invalid_date): 400 GET http://10.180.1.21/compute/v2.1/os-simple-tenant-usage/2c7140876ae5461284a1c25aacc170b0?start=2025-04-20T14%3A54%3A13.407151&end=2025-04-18T14%3A54%3A13.407151 1.725s
2025-04-19 14:54:16.991 69905 INFO tempest.lib.common.rest_client [req-92df90b9-6db1-4a0a-a235-2d3dc19a90c2 req-92df90b9-6db1-4a0a-a235-2d3dc19a90c2 ] Request (HypervisorAdminNegativeTestJSON:test_show_hypervisor_with_non_admin_user): 403 GET http://10.180.1.21/compute/v2.1/os-hypervisors/1 1.714s
2025-04-19 14:54:17.085 69931 INFO tempest.lib.common.rest_client [req-ff64c4db-37ed-4c36-bcd8-e494249498a7 req-ff64c4db-37ed-4c36-bcd8-e494249498a7 ] Request (ServersWithSpecificFlavorTestJSON:test_verify_created_server_ephemeral_disk): 200 GET http://10.180.1.21/compute/v2.1/servers/bb9939f0-b1d7-4db5-8c01-3ca5e7c4c791 1.629s
2025-04-19 14:54:17.097 69931 INFO tempest.common.waiters [-] State transition "BUILD/scheduling" ==> "BUILD/None" after 3 second wait
2025-04-19 14:54:17.109 69955 INFO tempest.lib.common.rest_client [req-f8e7749f-c3c0-4d71-b1d9-6d72416c97a7 req-f8e7749f-c3c0-4d71-b1d9-6d72416c97a7 ] Request (QuotasAdminNegativeTest:tearDownClass): 200 GET http://10.180.1.21:9696/networking/v2.0/security-groups?tenant_id=d0167f8d25d344e58b9f30f1f509b9a4&name=default 0.212s
2025-04-19 14:54:17.185 69939 INFO tempest.lib.common.rest_client [req-952b3e3b-5c0d-46b3-af99-0d21dce6f51b req-952b3e3b-5c0d-46b3-af99-0d21dce6f51b ] Request (ServerMetadataTestJSON:setUpClass): 200 GET http://10.180.1.21/compute/v2.1/servers/63601191-17ad-4e58-ab82-be3decc8c167 1.647s
2025-04-19 14:54:17.202 69963 INFO tempest.lib.common.rest_client [req-12cb3c94-1b59-43ea-b136-797a45f8d783 req-12cb3c94-1b59-43ea-b136-797a45f8d783 ] Request (FloatingIPsNegativeTestJSON:setUpClass): 201 POST http://10.180.1.21:9696/networking/v2.0/networks 0.447s
2025-04-19 14:54:17.225 69901 INFO tempest.lib.common.rest_client [req-0de96290-4f49-431b-a0b1-84e1bc5a040d req-0de96290-4f49-431b-a0b1-84e1bc5a040d ] Request (ImagesMetadataTestJSON:test_set_image_metadata_item): 200 GET http://10.180.1.21/compute/v2.1/images/fbc0bee1-c720-459e-a3a3-5ceb6f999f59/metadata 1.678s
2025-04-19 14:54:17.249 69955 INFO tempest.lib.common.rest_client [req-e8c48a0e-0921-428c-a0df-df9fc7ce41e1 req-e8c48a0e-0921-428c-a0df-df9fc7ce41e1 ] Request (QuotasAdminNegativeTest:tearDownClass): 204 DELETE http://10.180.1.21:9696/networking/v2.0/security-groups/ceba6950-7e61-48b5-b9a7-021f14f9299b 0.138s
2025-04-19 14:54:17.360 69933 INFO tempest.lib.common.rest_client [req-155a3cb2-fbc1-48c1-81e2-10f0460442e9 req-155a3cb2-fbc1-48c1-81e2-10f0460442e9 ] Request (ServerDiagnosticsV248Test:test_get_server_diagnostics): 200 GET http://10.180.1.21/compute/v2.1/servers/b420c938-c1de-44d8-b30c-03fbee51d268/diagnostics 2.305s
2025-04-19 14:54:17.367 69927 INFO tempest.lib.common.rest_client [req-15d41bea-04c9-45c3-b84f-c584d91bba99 req-15d41bea-04c9-45c3-b84f-c584d91bba99 ] Request (AggregatesAdminNegativeTestJSON:test_aggregate_create_as_user): 403 POST http://10.180.1.21/compute/v2.1/os-aggregates 1.808s
2025-04-19 14:54:17.384 69955 INFO tempest.lib.common.rest_client [req-c391addf-0fec-465b-b26d-095650faa6f2 req-c391addf-0fec-465b-b26d-095650faa6f2 ] Request (QuotasAdminNegativeTest:tearDownClass): 204 DELETE http://10.180.1.21/identity/v3/projects/d0167f8d25d344e58b9f30f1f509b9a4 0.134s
2025-04-19 14:54:17.397 69915 INFO tempest.lib.common.rest_client [req-cf7d6f8c-9798-46ae-a7fe-8b42127c1e09 req-cf7d6f8c-9798-46ae-a7fe-8b42127c1e09 ] Request (FlavorsAccessNegativeTestJSON:_run_cleanups): 200 GET http://10.180.1.21/compute/v2.1/flavors/detail 1.826s
2025-04-19 14:54:17.402 69943 INFO tempest.lib.common.rest_client [req-08d68aea-6804-470d-b6af-8ad3e9480cc8 req-08d68aea-6804-470d-b6af-8ad3e9480cc8 ] Request (TenantUsagesTestJSON:test_get_usage_tenant): 200 GET http://10.180.1.21/compute/v2.1/os-simple-tenant-usage/40777489f7e64dd786004bfd164f9d95?start=2025-04-18T14%3A54%3A15.556975&end=2025-04-20T14%3A54%3A15.556975 1.844s
2025-04-19 14:54:17.409 69963 INFO tempest.lib.common.rest_client [req-eacd5eb1-74e2-49c9-8653-dd0c403c15bc req-eacd5eb1-74e2-49c9-8653-dd0c403c15bc ] Request (FloatingIPsNegativeTestJSON:setUpClass): 201 POST http://10.180.1.21:9696/networking/v2.0/subnets 0.206s
2025-04-19 14:54:17.428 69959 INFO tempest.lib.common.rest_client [req-ee67c5d4-47ad-45b6-a300-611c5e32bc28 req-ee67c5d4-47ad-45b6-a300-611c5e32bc28 ] Request (FlavorsAdminTestJSON:_run_cleanups): 202 DELETE http://10.180.1.21/compute/v2.1/flavors/fb396370-326b-4751-b451-692afca07e49 1.836s
2025-04-19 14:54:17.450 69913 INFO tempest.lib.common.rest_client [req-b18143a1-dea2-4970-ae52-f01a142e14e1 req-b18143a1-dea2-4970-ae52-f01a142e14e1 ] Request (ServersTestMultiNic:setUpClass): 201 POST http://10.180.1.21:9696/networking/v2.0/subnets 0.659s
2025-04-19 14:54:17.456 69955 INFO tempest.lib.common.rest_client [req-4bb6a02e-add9-4187-839d-783017bc17da req-4bb6a02e-add9-4187-839d-783017bc17da ] Request (ServicesAdminNegativeTestJSON:setUpClass): 201 POST http://10.180.1.21/identity/v3/auth/tokens 0.070s
2025-04-19 14:54:17.492 69955 INFO tempest.lib.common.rest_client [req-dcfbd083-ae6a-4523-b6c9-dcf9abba5898 req-dcfbd083-ae6a-4523-b6c9-dcf9abba5898 ] Request (ServicesAdminNegativeTestJSON:setUpClass): 201 POST http://10.180.1.21/identity/v3/auth/tokens 0.033s
2025-04-19 14:54:17.496 69957 INFO tempest.lib.common.rest_client [req-2e6915fb-e97e-4b4f-9ae3-cb2808c6e41e req-2e6915fb-e97e-4b4f-9ae3-cb2808c6e41e ] Request (ServerShowV254Test:test_rebuild_server): 200 GET http://10.180.1.21/compute/v2.1/servers/945b7866-0797-4ba6-984e-cbfc0bc7dbc2 1.653s
2025-04-19 14:54:17.510 69957 INFO tempest.common.waiters [-] State transition "BUILD/spawning" ==> "ACTIVE/None" after 17 second wait
2025-04-19 14:54:17.521 69955 INFO tempest.lib.common.rest_client [req-ffc1b5e8-a2f1-43e9-8cfd-e9daeb85b6c3 req-ffc1b5e8-a2f1-43e9-8cfd-e9daeb85b6c3 ] Request (ServicesAdminNegativeTestJSON:setUpClass): 200 GET http://10.180.1.21/identity/v3/domains?name=Default 0.029s
2025-04-19 14:54:17.554 69955 INFO tempest.lib.common.rest_client [req-40d6044b-382c-4e8f-be3a-b9c88433941d req-40d6044b-382c-4e8f-be3a-b9c88433941d ] Request (ServicesAdminNegativeTestJSON:setUpClass): 201 POST http://10.180.1.21/identity/v3/projects 0.032s
2025-04-19 14:54:17.560 69907 INFO tempest.lib.common.rest_client [req-b296af18-db0f-41ef-92aa-c539685dff8e req-b296af18-db0f-41ef-92aa-c539685dff8e ] Request (QuotasAdminTestJSON:test_get_updated_quotas): 200 PUT http://10.180.1.21/compute/v2.1/os-quota-sets/46ead434c6e544219ab2b181fdec9a13 1.717s
2025-04-19 14:54:17.627 69955 INFO tempest.lib.common.rest_client [req-2b83639a-a830-4a3e-a5ba-038576182026 req-2b83639a-a830-4a3e-a5ba-038576182026 ] Request (ServicesAdminNegativeTestJSON:setUpClass): 201 POST http://10.180.1.21/identity/v3/users 0.072s
2025-04-19 14:54:17.655 69955 INFO tempest.lib.common.rest_client [req-37bcb763-b320-4a36-b8fb-aa219c58a3f7 req-37bcb763-b320-4a36-b8fb-aa219c58a3f7 ] Request (ServicesAdminNegativeTestJSON:setUpClass): 200 GET http://10.180.1.21/identity/v3/roles 0.026s
2025-04-19 14:54:17.699 69955 INFO tempest.lib.common.rest_client [req-877b3e57-96c8-493b-9bf7-84f6068f4e81 req-877b3e57-96c8-493b-9bf7-84f6068f4e81 ] Request (ServicesAdminNegativeTestJSON:setUpClass): 204 PUT http://10.180.1.21/identity/v3/projects/fd2b509382544c8e8eddee966b9b0fb6/users/430af2a972b4465db325caeaa1eb7f7b/roles/34f33abe56064d64ad3140818273aa38 0.044s
2025-04-19 14:54:17.699 69955 INFO tempest.lib.common.dynamic_creds [-] Dynamic test user 430af2a972b4465db325caeaa1eb7f7b is created with scope project and roles: ['member']
2025-04-19 14:54:17.699 69955 INFO tempest.lib.common.dynamic_creds [-] Acquired dynamic creds: credentials: Credentials: {'domain_id': 'default', 'domain_name': 'Default', 'username': 'tempest-ServicesAdminNegativeTestJSON-7566249-project-member', 'project_domain_id': 'default', 'project_domain_name': 'Default', 'project_id': 'fd2b509382544c8e8eddee966b9b0fb6', 'project_name': 'tempest-ServicesAdminNegativeTestJSON-7566249', 'tenant_id': 'fd2b509382544c8e8eddee966b9b0fb6', 'tenant_name': 'tempest-ServicesAdminNegativeTestJSON-7566249', 'user_domain_id': 'default', 'user_domain_name': 'Default', 'user_id': '430af2a972b4465db325caeaa1eb7f7b', 'system': None}, Network: None, Subnet: None, Router: None
2025-04-19 14:54:17.700 69955 INFO tempest.lib.common.dynamic_creds [-] Created isolated network resources for: credentials: Credentials: {'domain_id': 'default', 'domain_name': 'Default', 'username': 'tempest-ServicesAdminNegativeTestJSON-7566249-project-member', 'project_domain_id': 'default', 'project_domain_name': 'Default', 'project_id': 'fd2b509382544c8e8eddee966b9b0fb6', 'project_name': 'tempest-ServicesAdminNegativeTestJSON-7566249', 'tenant_id': 'fd2b509382544c8e8eddee966b9b0fb6', 'tenant_name': 'tempest-ServicesAdminNegativeTestJSON-7566249', 'user_domain_id': 'default', 'user_domain_name': 'Default', 'user_id': '430af2a972b4465db325caeaa1eb7f7b', 'system': None}, Network: None, Subnet: None, Router: None
2025-04-19 14:54:17.702 69911 INFO tempest.lib.common.rest_client [req-f2ab0568-47f1-4fc5-bdfc-f495151823ad req-f2ab0568-47f1-4fc5-bdfc-f495151823ad ] Request (FloatingIPsTestJSON:tearDownClass): 204 DELETE http://10.180.1.21:9696/networking/v2.0/routers/8143587d-f5f9-4677-88f2-b7d21be81d28 1.172s
2025-04-19 14:54:17.741 69945 INFO tempest.lib.common.rest_client [req-052c2969-1450-49c4-97e4-cfd4bee8004e req-052c2969-1450-49c4-97e4-cfd4bee8004e ] Request (SecurityGroupsTestJSON:test_list_security_groups_by_server): 200 GET http://10.180.1.21/compute/v2.1/servers/1dc1383e-8482-4597-bcde-ce1ba3377b12 1.845s
2025-04-19 14:54:17.794 69955 INFO tempest.lib.common.rest_client [req-829c5caa-98bc-4e24-b28c-8be3322650b5 req-829c5caa-98bc-4e24-b28c-8be3322650b5 ] Request (ServicesAdminNegativeTestJSON:setUpClass): 201 POST http://10.180.1.21/identity/v3/auth/tokens 0.090s
2025-04-19 14:54:17.841 69951 INFO tempest.lib.common.rest_client [req-d6f48dba-1fe6-49a9-bc06-60ec406bd93f req-d6f48dba-1fe6-49a9-bc06-60ec406bd93f ] Request (ImagesNegativeTestJSON:test_create_image_from_deleted_server): 200 GET http://10.180.1.21/compute/v2.1/servers/ad145721-739b-40ec-b806-2c91c082be75 1.799s
2025-04-19 14:54:17.851 69951 INFO tempest.common.waiters [-] State transition "BUILD/scheduling" ==> "BUILD/None" after 2 second wait
2025-04-19 14:54:17.864 69935 INFO tempest.lib.common.rest_client [req-8531a5a1-9ec3-4ceb-a31a-f2ef31cc4fd1 req-8531a5a1-9ec3-4ceb-a31a-f2ef31cc4fd1 ] Request (MigrationsAdminTest:test_list_migrations_in_flavor_resize_situation): 202 POST http://10.180.1.21/compute/v2.1/servers/1cb12eb8-8e6e-4513-8408-18afd328e053/action 1.947s
2025-04-19 14:54:17.894 69955 INFO tempest.lib.common.rest_client [req-b190a604-4884-4008-bcb0-e77626aee66e req-b190a604-4884-4008-bcb0-e77626aee66e ] Request (ServicesAdminNegativeTestJSON:setUpClass): 201 POST http://10.180.1.21/identity/v3/projects 0.100s
2025-04-19 14:54:17.941 69909 INFO tempest.lib.common.rest_client [req-a259f913-3a75-4b69-a6eb-08221bac7698 req-a259f913-3a75-4b69-a6eb-08221bac7698 ] Request (ServerActionsTestJSON:setUpClass): 200 GET http://10.180.1.21/compute/v2.1/servers/e6ba8e96-a9bd-4a35-b386-3e7cb9c95ecc 1.834s
2025-04-19 14:54:17.988 69955 INFO tempest.lib.common.rest_client [req-ea3179fd-a222-4887-af38-0c7250249ddc req-ea3179fd-a222-4887-af38-0c7250249ddc ] Request (ServicesAdminNegativeTestJSON:setUpClass): 201 POST http://10.180.1.21/identity/v3/users 0.093s
2025-04-19 14:54:18.015 69955 INFO tempest.lib.common.rest_client [req-31fe1f85-8d7a-4f5d-ae8e-3f14e8a766e6 req-31fe1f85-8d7a-4f5d-ae8e-3f14e8a766e6 ] Request (ServicesAdminNegativeTestJSON:setUpClass): 200 GET http://10.180.1.21/identity/v3/roles 0.027s
2025-04-19 14:54:18.031 69919 INFO tempest.lib.common.rest_client [req-34d71af5-441e-4a63-be65-1dedc1c7850b req-34d71af5-441e-4a63-be65-1dedc1c7850b ] Request (ServersAdmin275Test:test_rebuild_update_server_275): 200 GET http://10.180.1.21/compute/v2.1/servers/e5e667e1-f834-442e-82eb-f1ee771ac463 1.863s
2025-04-19 14:54:18.042 69911 INFO tempest.lib.common.rest_client [req-1d5b3054-f038-4ce1-b328-ad703280c729 req-1d5b3054-f038-4ce1-b328-ad703280c729 ] Request (FloatingIPsTestJSON:tearDownClass): 204 DELETE http://10.180.1.21:9696/networking/v2.0/subnets/1f3f94a8-52cc-44cc-aeef-8bd5f2a8cd5e 0.339s
2025-04-19 14:54:18.044 69955 INFO tempest.lib.common.rest_client [req-c404b5d3-2ccf-4f4f-b559-5ede07f03522 req-c404b5d3-2ccf-4f4f-b559-5ede07f03522 ] Request (ServicesAdminNegativeTestJSON:setUpClass): 204 PUT http://10.180.1.21/identity/v3/projects/64c86c5d7b594878a0332fc5edfb402a/users/743b20b0c2af41ed865867790d87441d/roles/7705cdf19dc042fe803254d7145b0b06 0.028s
2025-04-19 14:54:18.057 69921 INFO tempest.lib.common.rest_client [req-f3b20fc8-640f-423a-ac69-3977a110f3e7 req-f3b20fc8-640f-423a-ac69-3977a110f3e7 ] Request (AttachInterfacesUnderV243Test:test_add_remove_fixed_ip): 200 GET http://10.180.1.21/compute/v2.1/servers/9c195701-261c-4f8d-9558-c4bbb139133a 1.939s
2025-04-19 14:54:18.069 69921 INFO tempest.common.waiters [-] State transition "BUILD/None" ==> "BUILD/spawning" after 9 second wait
2025-04-19 14:54:18.103 69955 INFO tempest.lib.common.rest_client [req-ef8a6903-d9b5-4bf2-a78b-20881fca49f5 req-ef8a6903-d9b5-4bf2-a78b-20881fca49f5 ] Request (ServicesAdminNegativeTestJSON:setUpClass): 200 GET http://10.180.1.21/identity/v3/roles 0.058s
2025-04-19 14:54:18.129 69955 INFO tempest.lib.common.rest_client [req-99698d47-7315-4de3-b541-da4aefc47fcc req-99698d47-7315-4de3-b541-da4aefc47fcc ] Request (ServicesAdminNegativeTestJSON:setUpClass): 204 PUT http://10.180.1.21/identity/v3/projects/64c86c5d7b594878a0332fc5edfb402a/users/743b20b0c2af41ed865867790d87441d/roles/7705cdf19dc042fe803254d7145b0b06 0.025s
2025-04-19 14:54:18.129 69955 INFO tempest.lib.common.dynamic_creds [-] Dynamic test user 743b20b0c2af41ed865867790d87441d is created with scope project and roles: ['admin']
2025-04-19 14:54:18.130 69955 INFO tempest.lib.common.dynamic_creds [-] Acquired dynamic creds: credentials: Credentials: {'domain_id': 'default', 'domain_name': 'Default', 'username': 'tempest-ServicesAdminNegativeTestJSON-1455447857-project-admin', 'project_domain_id': 'default', 'project_domain_name': 'Default', 'project_id': '64c86c5d7b594878a0332fc5edfb402a', 'project_name': 'tempest-ServicesAdminNegativeTestJSON-1455447857', 'tenant_id': '64c86c5d7b594878a0332fc5edfb402a', 'tenant_name': 'tempest-ServicesAdminNegativeTestJSON-1455447857', 'user_domain_id': 'default', 'user_domain_name': 'Default', 'user_id': '743b20b0c2af41ed865867790d87441d', 'system': None}, Network: None, Subnet: None, Router: None
2025-04-19 14:54:18.130 69955 INFO tempest.lib.common.dynamic_creds [-] Created isolated network resources for: credentials: Credentials: {'domain_id': 'default', 'domain_name': 'Default', 'username': 'tempest-ServicesAdminNegativeTestJSON-1455447857-project-admin', 'project_domain_id': 'default', 'project_domain_name': 'Default', 'project_id': '64c86c5d7b594878a0332fc5edfb402a', 'project_name': 'tempest-ServicesAdminNegativeTestJSON-1455447857', 'tenant_id': '64c86c5d7b594878a0332fc5edfb402a', 'tenant_name': 'tempest-ServicesAdminNegativeTestJSON-1455447857', 'user_domain_id': 'default', 'user_domain_name': 'Default', 'user_id': '743b20b0c2af41ed865867790d87441d', 'system': None}, Network: None, Subnet: None, Router: None
2025-04-19 14:54:18.176 69937 INFO tempest.lib.common.rest_client [req-e1acffee-04bf-47e2-876a-b555a9a4602d req-e1acffee-04bf-47e2-876a-b555a9a4602d ] Request (AttachInterfacesTestJSON:test_create_list_show_delete_interfaces_by_fixed_ip): 200 GET http://10.180.1.21/compute/v2.1/servers/72bb6d82-5ec5-4a20-9599-e4bd68b25d74/os-interface 1.577s
2025-04-19 14:54:18.195 69917 INFO tempest.lib.common.rest_client [req-b082c22e-f369-437b-b279-445821ef6996 req-b082c22e-f369-437b-b279-445821ef6996 ] Request (DeleteServersAdminTestJSON:test_admin_delete_servers_of_others): 200 GET http://10.180.1.21/compute/v2.1/servers/a6529acd-76db-430e-9e16-942b98b891d0 1.807s
2025-04-19 14:54:18.209 69955 INFO tempest.lib.common.rest_client [req-b74e483b-2571-4271-b59a-c83a2990b8b6 req-b74e483b-2571-4271-b59a-c83a2990b8b6 ] Request (ServicesAdminNegativeTestJSON:setUpClass): 201 POST http://10.180.1.21/identity/v3/auth/tokens 0.076s
2025-04-19 14:54:18.252 69923 INFO tempest.lib.common.rest_client [req-5469af3a-a486-497e-8057-4170bb3ec669 req-5469af3a-a486-497e-8057-4170bb3ec669 ] Request (ServerDiagnosticsNegativeTest:test_get_server_diagnostics_by_non_admin): 200 GET http://10.180.1.21/compute/v2.1/servers/ce489b44-ae3c-48a2-a77e-5ca07e26b193 1.620s
2025-04-19 14:54:18.328 69961 INFO tempest.lib.common.rest_client [req-4105a7e6-cf00-4249-950e-87715a3b4c70 req-4105a7e6-cf00-4249-950e-87715a3b4c70 ] Request (ListImageFiltersTestJSON:setUpClass): 200 GET http://10.180.1.21/compute/v2.1/servers/09fbe61d-3dd5-421d-870b-4320e7ba8c0d 1.528s
2025-04-19 14:54:18.336 69961 INFO tempest.common.waiters [-] State transition "BUILD/scheduling" ==> "BUILD/None" after 3 second wait
2025-04-19 14:54:18.380 69926 INFO tempest.lib.common.rest_client [req-69825605-2d58-47bd-a65c-9749cf9d82c7 req-69825605-2d58-47bd-a65c-9749cf9d82c7 ] Request (ServicesAdminNegativeV253TestJSON:test_list_services_with_non_admin_user): 403 GET http://10.180.1.21/compute/v2.1/os-services 1.423s
2025-04-19 14:54:18.466 69903 INFO tempest.lib.common.rest_client [req-93860c20-cacc-4667-a6e3-e36f44815038 req-93860c20-cacc-4667-a6e3-e36f44815038 ] Request (TenantUsagesNegativeTestJSON:test_list_usage_all_tenants_with_non_admin_user): 403 GET http://10.180.1.21/compute/v2.1/os-simple-tenant-usage?start=2025-04-18T14%3A54%3A13.407151&end=2025-04-20T14%3A54%3A13.407151&detailed=1 1.478s
2025-04-19 14:54:18.473 69905 INFO tempest.lib.common.rest_client [req-e3bf9647-c6e0-49e1-884f-43b0a4294c82 req-e3bf9647-c6e0-49e1-884f-43b0a4294c82 ] Request (HypervisorAdminNegativeTestJSON:test_show_nonexistent_hypervisor): 404 GET http://10.180.1.21/compute/v2.1/os-hypervisors/6e409917-7f02-473e-82da-b3eaf313439e 1.480s
2025-04-19 14:54:18.491 69949 INFO tempest.lib.common.rest_client [req-ea797086-a5c7-45bc-99b3-eec16eddd442 req-ea797086-a5c7-45bc-99b3-eec16eddd442 ] Request (ServersTestManualDisk:setUpClass): 200 GET http://10.180.1.21/compute/v2.1/servers/c5b37706-5ac2-4539-b5d8-7f0dccd4657d 1.749s
2025-04-19 14:54:18.498 69926 INFO tempest.lib.common.rest_client [req-7a80dc3a-c4c7-4dfb-a856-943cdd811a44 req-7a80dc3a-c4c7-4dfb-a856-943cdd811a44 ] Request (ServicesAdminNegativeV253TestJSON:tearDownClass): 204 DELETE http://10.180.1.21/identity/v3/users/a4c40e4ad84341ce88852c0d5e69ca76 0.116s
2025-04-19 14:54:18.605 69903 INFO tempest.lib.common.rest_client [req-e207f4e1-113a-4b89-97b9-445269758484 req-e207f4e1-113a-4b89-97b9-445269758484 ] Request (TenantUsagesNegativeTestJSON:tearDownClass): 204 DELETE http://10.180.1.21/identity/v3/users/e3cd56648b3e4e1ea50d2f5e2e3d76a8 0.138s
2025-04-19 14:54:18.685 69905 INFO tempest.lib.common.rest_client [req-15e29217-5d71-42f2-a54a-907469efa861 req-15e29217-5d71-42f2-a54a-907469efa861 ] Request (HypervisorAdminNegativeTestJSON:tearDownClass): 204 DELETE http://10.180.1.21/identity/v3/users/022151c2f1ad4d5684d1acb0cd3b3886 0.206s
2025-04-19 14:54:18.706 69926 INFO tempest.lib.common.rest_client [req-bfe92360-72e2-4b7f-af5c-daa5667ac3f7 req-bfe92360-72e2-4b7f-af5c-daa5667ac3f7 ] Request (ServicesAdminNegativeV253TestJSON:tearDownClass): 204 DELETE http://10.180.1.21/identity/v3/users/ce3c62f7a06d4130b1c8c16f654213a0 0.208s
2025-04-19 14:54:18.707 69926 INFO tempest.lib.common.dynamic_creds [-] Deleting project and security group for project: c0b8171cc27f4e20b60550001b008a52
2025-04-19 14:54:18.707 69901 INFO tempest.lib.common.rest_client [req-286102b7-7ed7-427b-bc8c-f9b29a2e3a9b req-286102b7-7ed7-427b-bc8c-f9b29a2e3a9b ] Request (ImagesMetadataTestJSON:setUp): 200 PUT http://10.180.1.21/compute/v2.1/images/fbc0bee1-c720-459e-a3a3-5ceb6f999f59/metadata 1.481s
2025-04-19 14:54:18.745 69927 INFO tempest.lib.common.rest_client [req-27209d02-b91e-4a31-ae18-cd7d855ecd97 req-27209d02-b91e-4a31-ae18-cd7d855ecd97 ] Request (AggregatesAdminNegativeTestJSON:test_aggregate_create_with_existent_aggregate_name): 200 POST http://10.180.1.21/compute/v2.1/os-aggregates 1.377s
2025-04-19 14:54:18.764 69941 INFO tempest.lib.common.rest_client [req-a3098186-9e7f-4e8d-9336-90501f9bbeaa req-a3098186-9e7f-4e8d-9336-90501f9bbeaa ] Request (ImagesTestJSON:test_create_image_from_stopped_server): 200 GET http://10.180.1.21/compute/v2.1/servers/746ee2f3-b43f-44a6-a584-f64f91cacb46 1.590s
2025-04-19 14:54:18.773 69915 INFO tempest.lib.common.rest_client [req-50604b7f-89c7-424f-ae96-c66d101ff51c req-50604b7f-89c7-424f-ae96-c66d101ff51c ] Request (FlavorsAccessNegativeTestJSON:test_flavor_non_admin_remove): 200 POST http://10.180.1.21/compute/v2.1/flavors 1.369s
2025-04-19 14:54:18.798 69943 INFO tempest.lib.common.rest_client [req-1fce7f94-546f-4452-9626-ec129f2b8da3 req-1fce7f94-546f-4452-9626-ec129f2b8da3 ] Request (TenantUsagesTestJSON:test_get_usage_tenant_with_non_admin_user): 200 GET http://10.180.1.21/compute/v2.1/os-simple-tenant-usage/40777489f7e64dd786004bfd164f9d95?start=2025-04-18T14%3A54%3A15.556975&end=2025-04-20T14%3A54%3A15.556975 1.385s
2025-04-19 14:54:18.800 69959 INFO tempest.lib.common.rest_client [req-d2ea1cff-13ad-4d7f-9ae0-b8ddb5f2682f req-d2ea1cff-13ad-4d7f-9ae0-b8ddb5f2682f ] Request (FlavorsAdminTestJSON:_run_cleanups): 200 GET http://10.180.1.21/compute/v2.1/flavors/detail 1.371s
2025-04-19 14:54:18.824 69905 INFO tempest.lib.common.rest_client [req-ad255d40-b0de-4f0f-9186-327aa9ccfaaa req-ad255d40-b0de-4f0f-9186-327aa9ccfaaa ] Request (HypervisorAdminNegativeTestJSON:tearDownClass): 204 DELETE http://10.180.1.21/identity/v3/users/8d581d54ac8b456bad7b536dab2bd482 0.138s
2025-04-19 14:54:18.824 69905 INFO tempest.lib.common.dynamic_creds [-] Deleting project and security group for project: eb1e513d5b5e41f19b176a862fec4cd8
2025-04-19 14:54:18.829 69903 INFO tempest.lib.common.rest_client [req-41347619-3155-40c3-be4c-d87d70cbe630 req-41347619-3155-40c3-be4c-d87d70cbe630 ] Request (TenantUsagesNegativeTestJSON:tearDownClass): 204 DELETE http://10.180.1.21/identity/v3/users/bf87f031ea4e4f5589aecefa1cc9414c 0.223s
2025-04-19 14:54:18.832 69903 INFO tempest.lib.common.dynamic_creds [-] Deleting project and security group for project: 6f3002c181284776b355041e6a6e13e9
2025-04-19 14:54:18.839 69911 INFO tempest.lib.common.rest_client [req-46a1dcc5-2949-4ff8-a3cb-c8dade6e9a1b req-46a1dcc5-2949-4ff8-a3cb-c8dade6e9a1b ] Request (FloatingIPsTestJSON:tearDownClass): 204 DELETE http://10.180.1.21:9696/networking/v2.0/networks/30abf378-5ff3-4043-bd5d-4d4a70b81594 0.796s
2025-04-19 14:54:18.852 69957 INFO tempest.lib.common.rest_client [req-788a302a-40f7-4c62-af83-f613a7c5287a req-788a302a-40f7-4c62-af83-f613a7c5287a ] Request (ServerShowV254Test:test_rebuild_server): 201 POST http://10.180.1.21/compute/v2.1/os-keypairs 1.341s
2025-04-19 14:54:18.901 69905 INFO tempest.lib.common.rest_client [req-c1a2b9da-9bbe-42bc-9263-5a940a4666cd req-c1a2b9da-9bbe-42bc-9263-5a940a4666cd ] Request (HypervisorAdminNegativeTestJSON:tearDownClass): 201 POST http://10.180.1.21/identity/v3/auth/tokens 0.077s
2025-04-19 14:54:18.904 69926 INFO tempest.lib.common.rest_client [req-8af6da93-643e-4610-8d51-c9e3fa4d984b req-8af6da93-643e-4610-8d51-c9e3fa4d984b ] Request (ServicesAdminNegativeV253TestJSON:tearDownClass): 201 POST http://10.180.1.21/identity/v3/auth/tokens 0.197s
2025-04-19 14:54:18.925 69903 INFO tempest.lib.common.rest_client [req-3c3f2efb-04e3-48ba-be7b-b521e9202b7a req-3c3f2efb-04e3-48ba-be7b-b521e9202b7a ] Request (TenantUsagesNegativeTestJSON:tearDownClass): 201 POST http://10.180.1.21/identity/v3/auth/tokens 0.093s
2025-04-19 14:54:19.002 69963 INFO tempest.lib.common.rest_client [req-ac3c8738-c7ee-453b-9484-a2f6b79ef8e8 req-ac3c8738-c7ee-453b-9484-a2f6b79ef8e8 ] Request (FloatingIPsNegativeTestJSON:setUpClass): 201 POST http://10.180.1.21:9696/networking/v2.0/routers 1.593s
2025-04-19 14:54:19.057 69907 INFO tempest.lib.common.rest_client [req-15b25c2b-2361-4da9-8b95-15d81a1cf7e4 req-15b25c2b-2361-4da9-8b95-15d81a1cf7e4 ] Request (QuotasAdminTestJSON:test_get_updated_quotas): 200 GET http://10.180.1.21/compute/v2.1/os-quota-sets/46ead434c6e544219ab2b181fdec9a13/detail 1.495s
2025-04-19 14:54:19.066 69911 INFO tempest.lib.common.rest_client [req-e3e5e523-2129-4cc1-8d34-248da79cd54b req-e3e5e523-2129-4cc1-8d34-248da79cd54b ] Request (FloatingIPsTestJSON:tearDownClass): 204 DELETE http://10.180.1.21/identity/v3/users/1c90d4536746443e908cf58b5484c1f2 0.226s
2025-04-19 14:54:19.066 69911 INFO tempest.lib.common.dynamic_creds [-] Deleting project and security group for project: 260802aead114b25958913253927c6ee
2025-04-19 14:54:19.177 69935 INFO tempest.lib.common.rest_client [req-7f2a27e7-e388-45cd-a2df-3d2f835a6ffc req-7f2a27e7-e388-45cd-a2df-3d2f835a6ffc ] Request (MigrationsAdminTest:test_list_migrations_in_flavor_resize_situation): 200 GET http://10.180.1.21/compute/v2.1/servers/1cb12eb8-8e6e-4513-8408-18afd328e053 1.308s
2025-04-19 14:54:19.194 69911 INFO tempest.lib.common.rest_client [req-0ee43b7b-31ee-4c3e-8a68-7c478456641b req-0ee43b7b-31ee-4c3e-8a68-7c478456641b ] Request (FloatingIPsTestJSON:tearDownClass): 200 GET http://10.180.1.21:9696/networking/v2.0/security-groups?tenant_id=260802aead114b25958913253927c6ee&name=default 0.127s
2025-04-19 14:54:19.264 69907 INFO tempest.lib.common.rest_client [req-a91f2d4e-1acd-4e74-80c2-5d7fc2d4d35e req-a91f2d4e-1acd-4e74-80c2-5d7fc2d4d35e ] Request (QuotasAdminTestJSON:test_get_updated_quotas): 200 GET http://10.180.1.21/identity/v3/domains?name=Default 0.201s
2025-04-19 14:54:19.280 69931 INFO tempest.lib.common.rest_client [req-941b71a8-4f1f-4c6c-9db0-67f2f8ca0c9b req-941b71a8-4f1f-4c6c-9db0-67f2f8ca0c9b ] Request (ServersWithSpecificFlavorTestJSON:test_verify_created_server_ephemeral_disk): 200 GET http://10.180.1.21/compute/v2.1/servers/bb9939f0-b1d7-4db5-8c01-3ca5e7c4c791 1.179s
2025-04-19 14:54:19.292 69907 INFO tempest.lib.common.rest_client [req-64008917-f65c-42c4-9c3f-6ccb5cc56978 req-64008917-f65c-42c4-9c3f-6ccb5cc56978 ] Request (QuotasAdminTestJSON:test_get_updated_quotas): 201 POST http://10.180.1.21/identity/v3/users 0.027s
2025-04-19 14:54:19.314 69907 INFO tempest.lib.common.rest_client [req-9c869fda-d5f4-4c93-928d-068baa738590 req-9c869fda-d5f4-4c93-928d-068baa738590 ] Request (QuotasAdminTestJSON:test_get_updated_quotas): 200 GET http://10.180.1.21/identity/v3/domains?name=Default 0.022s
2025-04-19 14:54:19.364 69939 INFO tempest.lib.common.rest_client [req-ae237278-4afe-41ce-bc50-c427f1ccac17 req-ae237278-4afe-41ce-bc50-c427f1ccac17 ] Request (ServerMetadataTestJSON:setUpClass): 200 GET http://10.180.1.21/compute/v2.1/servers/63601191-17ad-4e58-ab82-be3decc8c167 1.170s
2025-04-19 14:54:19.449 69955 INFO tempest.lib.common.rest_client [req-1f0a718e-998b-43f9-a689-8de37c2d369f req-1f0a718e-998b-43f9-a689-8de37c2d369f ] Request (ServicesAdminNegativeTestJSON:test_get_service_by_invalid_params): 200 GET http://10.180.1.21/compute/v2.1/os-services 1.239s
2025-04-19 14:54:19.517 69911 INFO tempest.lib.common.rest_client [req-bc71f096-af7e-48c2-a773-a360b24d2a2b req-bc71f096-af7e-48c2-a773-a360b24d2a2b ] Request (FloatingIPsTestJSON:tearDownClass): 204 DELETE http://10.180.1.21:9696/networking/v2.0/security-groups/3dc306e0-3b2f-47b0-a6c7-ae945686723f 0.323s
2025-04-19 14:54:19.539 69903 INFO tempest.lib.common.rest_client [req-543ecb37-2d02-4a1c-96b2-59923c5f4a69 req-543ecb37-2d02-4a1c-96b2-59923c5f4a69 ] Request (TenantUsagesNegativeTestJSON:tearDownClass): 200 GET http://10.180.1.21:9696/networking/v2.0/security-groups?tenant_id=6f3002c181284776b355041e6a6e13e9&name=default 0.613s
2025-04-19 14:54:19.557 69947 INFO tempest.lib.common.rest_client [req-e3ed921e-5bc1-4248-9035-4c83f998352b req-e3ed921e-5bc1-4248-9035-4c83f998352b ] Request (VolumesAssistedSnapshotsTest:test_volume_assisted_snapshot_create_delete): 200 GET http://10.180.1.21/compute/v2.1/servers/b1e0d3ca-8f60-40e3-b748-c27ab7c346b3 1.621s
2025-04-19 14:54:19.573 69927 INFO tempest.lib.common.rest_client [req-52a03f56-a98a-4667-95d2-b8e0f1b409ea req-52a03f56-a98a-4667-95d2-b8e0f1b409ea ] Request (AggregatesAdminNegativeTestJSON:test_aggregate_create_with_existent_aggregate_name): 409 POST http://10.180.1.21/compute/v2.1/os-aggregates 0.826s
2025-04-19 14:54:19.601 69911 INFO tempest.lib.common.rest_client [req-9d2dc24b-1921-4188-9295-35839b8d1481 req-9d2dc24b-1921-4188-9295-35839b8d1481 ] Request (FloatingIPsTestJSON:tearDownClass): 204 DELETE http://10.180.1.21/identity/v3/projects/260802aead114b25958913253927c6ee 0.083s
2025-04-19 14:54:19.639 69913 INFO tempest.lib.common.rest_client [req-be370ad2-5c88-4a3f-9200-145528520b33 req-be370ad2-5c88-4a3f-9200-145528520b33 ] Request (ServersTestMultiNic:setUpClass): 201 POST http://10.180.1.21:9696/networking/v2.0/routers 2.189s
2025-04-19 14:54:19.654 69905 INFO tempest.lib.common.rest_client [req-7cb39ec1-0d83-4334-995a-36a841768c5f req-7cb39ec1-0d83-4334-995a-36a841768c5f ] Request (HypervisorAdminNegativeTestJSON:tearDownClass): 200 GET http://10.180.1.21:9696/networking/v2.0/security-groups?tenant_id=eb1e513d5b5e41f19b176a862fec4cd8&name=default 0.752s
2025-04-19 14:54:19.712 69926 INFO tempest.lib.common.rest_client [req-e1ddddd0-cf85-4ad6-8192-0c927d126bd4 req-e1ddddd0-cf85-4ad6-8192-0c927d126bd4 ] Request (ServicesAdminNegativeV253TestJSON:tearDownClass): 200 GET http://10.180.1.21:9696/networking/v2.0/security-groups?tenant_id=c0b8171cc27f4e20b60550001b008a52&name=default 0.807s
2025-04-19 14:54:19.736 69901 INFO tempest.lib.common.rest_client [req-225923cc-b0c1-468b-b97d-53625b5d52be req-225923cc-b0c1-468b-b97d-53625b5d52be ] Request (ImagesMetadataTestJSON:test_update_image_metadata): 200 POST http://10.180.1.21/compute/v2.1/images/fbc0bee1-c720-459e-a3a3-5ceb6f999f59/metadata 1.027s
2025-04-19 14:54:19.794 69903 INFO tempest.lib.common.rest_client [req-aa46bc3c-77d6-4b39-a2ff-74512be19657 req-aa46bc3c-77d6-4b39-a2ff-74512be19657 ] Request (TenantUsagesNegativeTestJSON:tearDownClass): 204 DELETE http://10.180.1.21:9696/networking/v2.0/security-groups/45c9e124-62d9-4d0f-9487-7d7aeee8f620 0.254s
2025-04-19 14:54:19.852 69945 INFO tempest.lib.common.rest_client [req-d0d16ba6-a0b4-4620-bf27-75232f0aa650 req-d0d16ba6-a0b4-4620-bf27-75232f0aa650 ] Request (SecurityGroupsTestJSON:test_list_security_groups_by_server): 200 GET http://10.180.1.21/compute/v2.1/servers/1dc1383e-8482-4597-bcde-ce1ba3377b12 1.101s
2025-04-19 14:54:19.896 69915 INFO tempest.lib.common.rest_client [req-9ad9a2ce-3115-4f6b-9df9-15ecc305b6fe req-9ad9a2ce-3115-4f6b-9df9-15ecc305b6fe ] Request (FlavorsAccessNegativeTestJSON:test_flavor_non_admin_remove): 200 POST http://10.180.1.21/compute/v2.1/flavors/325872957/action 1.118s
2025-04-19 14:54:19.905 69943 INFO tempest.lib.common.rest_client [req-7fa22287-fd4b-4f14-b7f3-14d7d46edc43 req-7fa22287-fd4b-4f14-b7f3-14d7d46edc43 ] Request (TenantUsagesTestJSON:test_list_usage_all_tenants): 200 GET http://10.180.1.21/compute/v2.1/os-simple-tenant-usage?start=2025-04-18T14%3A54%3A15.556975&end=2025-04-20T14%3A54%3A15.556975&detailed=1 1.102s
2025-04-19 14:54:19.922 69959 INFO tempest.lib.common.rest_client [req-a0d4f660-a4e1-4c05-9bfd-91d9e12cd8d0 req-a0d4f660-a4e1-4c05-9bfd-91d9e12cd8d0 ] Request (FlavorsAdminTestJSON:test_create_list_flavor_without_extra_data): 200 POST http://10.180.1.21/compute/v2.1/flavors 1.112s
2025-04-19 14:54:19.939 69903 INFO tempest.lib.common.rest_client [req-4e499483-4a7a-4eb5-b78a-b2a4b3131e35 req-4e499483-4a7a-4eb5-b78a-b2a4b3131e35 ] Request (TenantUsagesNegativeTestJSON:tearDownClass): 204 DELETE http://10.180.1.21/identity/v3/projects/6f3002c181284776b355041e6a6e13e9 0.144s
2025-04-19 14:54:19.939 69903 INFO tempest.lib.common.dynamic_creds [-] Deleting project and security group for project: 2c7140876ae5461284a1c25aacc170b0
2025-04-19 14:54:19.991 69905 INFO tempest.lib.common.rest_client [req-cdff2cf2-0516-452f-8df4-9d128c648639 req-cdff2cf2-0516-452f-8df4-9d128c648639 ] Request (HypervisorAdminNegativeTestJSON:tearDownClass): 204 DELETE http://10.180.1.21:9696/networking/v2.0/security-groups/87a6b5e4-2089-4baa-b5ac-9725d4b0669d 0.333s
2025-04-19 14:54:20.034 69951 INFO tempest.lib.common.rest_client [req-6da4facf-895f-4b4b-8448-010cd281fdbb req-6da4facf-895f-4b4b-8448-010cd281fdbb ] Request (ImagesNegativeTestJSON:test_create_image_from_deleted_server): 200 GET http://10.180.1.21/compute/v2.1/servers/ad145721-739b-40ec-b806-2c91c082be75 1.181s
2025-04-19 14:54:20.051 69926 INFO tempest.lib.common.rest_client [req-5d804c3b-0dcd-408d-8cdf-cd9bf7136c44 req-5d804c3b-0dcd-408d-8cdf-cd9bf7136c44 ] Request (ServicesAdminNegativeV253TestJSON:tearDownClass): 204 DELETE http://10.180.1.21:9696/networking/v2.0/security-groups/32f83051-46a5-462c-addc-c07cf9fb6df9 0.338s
2025-04-19 14:54:20.122 69909 INFO tempest.lib.common.rest_client [req-01873023-188e-449d-8b15-327de0b1bcdf req-01873023-188e-449d-8b15-327de0b1bcdf ] Request (ServerActionsTestJSON:setUpClass): 200 GET http://10.180.1.21/compute/v2.1/servers/e6ba8e96-a9bd-4a35-b386-3e7cb9c95ecc 1.172s
2025-04-19 14:54:20.123 69937 INFO tempest.lib.common.rest_client [req-9b638b7d-90b0-4522-aaf5-e0d3b977ce5f req-9b638b7d-90b0-4522-aaf5-e0d3b977ce5f ] Request (AttachInterfacesTestJSON:test_create_list_show_delete_interfaces_by_fixed_ip): 200 PUT http://10.180.1.21:9696/networking/v2.0/floatingips/70224764-0e2e-4251-8252-4b76d9cec0be 1.945s
2025-04-19 14:54:20.202 69905 INFO tempest.lib.common.rest_client [req-08eea739-255e-4cdd-9881-4d30a708f2c2 req-08eea739-255e-4cdd-9881-4d30a708f2c2 ] Request (HypervisorAdminNegativeTestJSON:tearDownClass): 204 DELETE http://10.180.1.21/identity/v3/projects/eb1e513d5b5e41f19b176a862fec4cd8 0.210s
2025-04-19 14:54:20.202 69905 INFO tempest.lib.common.dynamic_creds [-] Deleting project and security group for project: 5294b81e8a0b4b6a93c4b69e685e9d70
2025-04-19 14:54:20.214 69926 INFO tempest.lib.common.rest_client [req-e996f547-1c3f-47d7-80bd-8e993e4c9ee6 req-e996f547-1c3f-47d7-80bd-8e993e4c9ee6 ] Request (ServicesAdminNegativeV253TestJSON:tearDownClass): 204 DELETE http://10.180.1.21/identity/v3/projects/c0b8171cc27f4e20b60550001b008a52 0.163s
2025-04-19 14:54:20.214 69926 INFO tempest.lib.common.dynamic_creds [-] Deleting project and security group for project: 84e0f748163d47e5b98fb47032c2cdfb
2025-04-19 14:54:20.299 69903 INFO tempest.lib.common.rest_client [req-a7ef1120-f1ba-4e80-8cb7-097a39880f8e req-a7ef1120-f1ba-4e80-8cb7-097a39880f8e ] Request (TenantUsagesNegativeTestJSON:tearDownClass): 200 GET http://10.180.1.21:9696/networking/v2.0/security-groups?tenant_id=2c7140876ae5461284a1c25aacc170b0&name=default 0.360s
2025-04-19 14:54:20.424 69926 INFO tempest.lib.common.rest_client [req-28c0f8a2-8af9-4132-93a1-d3a09f835976 req-28c0f8a2-8af9-4132-93a1-d3a09f835976 ] Request (ServicesAdminNegativeV253TestJSON:tearDownClass): 200 GET http://10.180.1.21:9696/networking/v2.0/security-groups?tenant_id=84e0f748163d47e5b98fb47032c2cdfb&name=default 0.210s
2025-04-19 14:54:20.444 69919 INFO tempest.lib.common.rest_client [req-8a713cb8-aad3-4141-b399-46063fec5571 req-8a713cb8-aad3-4141-b399-46063fec5571 ] Request (ServersAdmin275Test:test_rebuild_update_server_275): 200 GET http://10.180.1.21/compute/v2.1/servers/e5e667e1-f834-442e-82eb-f1ee771ac463 1.400s
2025-04-19 14:54:20.449 69957 INFO tempest.lib.common.rest_client [req-b9bc42b4-f248-4bc7-ae0e-4e12d3973f26 req-b9bc42b4-f248-4bc7-ae0e-4e12d3973f26 ] Request (ServerShowV254Test:test_rebuild_server): 202 POST http://10.180.1.21/compute/v2.1/servers/945b7866-0797-4ba6-984e-cbfc0bc7dbc2/action 1.596s
2025-04-19 14:54:20.475 69905 INFO tempest.lib.common.rest_client [req-836c0134-15cf-4a54-acce-fac87a791f1b req-836c0134-15cf-4a54-acce-fac87a791f1b ] Request (HypervisorAdminNegativeTestJSON:tearDownClass): 200 GET http://10.180.1.21:9696/networking/v2.0/security-groups?tenant_id=5294b81e8a0b4b6a93c4b69e685e9d70&name=default 0.272s
2025-04-19 14:54:20.529 69903 INFO tempest.lib.common.rest_client [req-093449fd-173b-44c5-8484-3b6ddc335c56 req-093449fd-173b-44c5-8484-3b6ddc335c56 ] Request (TenantUsagesNegativeTestJSON:tearDownClass): 204 DELETE http://10.180.1.21:9696/networking/v2.0/security-groups/178247a2-9d96-4598-93a1-9904498972f7 0.229s
2025-04-19 14:54:20.552 69917 INFO tempest.lib.common.rest_client [req-e01dfe66-4e82-4174-a126-ef51e40827cc req-e01dfe66-4e82-4174-a126-ef51e40827cc ] Request (DeleteServersAdminTestJSON:test_admin_delete_servers_of_others): 200 GET http://10.180.1.21/compute/v2.1/servers/a6529acd-76db-430e-9e16-942b98b891d0 1.348s
2025-04-19 14:54:20.633 69923 INFO tempest.lib.common.rest_client [req-1897ae04-60d6-4d3f-862d-3f3a9c12ad60 req-1897ae04-60d6-4d3f-862d-3f3a9c12ad60 ] Request (ServerDiagnosticsNegativeTest:test_get_server_diagnostics_by_non_admin): 200 GET http://10.180.1.21/compute/v2.1/servers/ce489b44-ae3c-48a2-a77e-5ca07e26b193 1.370s
