2025-04-19 14:55:23.873 69953 INFO tempest.lib.common.rest_client [req-bb88f8b2-e4fb-436c-9aa0-46ab677644d5 req-bb88f8b2-e4fb-436c-9aa0-46ab677644d5 ] Request (ServerDiagnosticsTest:test_get_server_diagnostics): 200 GET http://10.180.1.21/compute/v2.1/servers/f2c68220-f055-4558-95c0-526ae266ee62 0.138s
2025-04-19 14:55:23.931 69907 INFO tempest.lib.common.rest_client [req-ec83ce0d-b192-410f-adfb-a9f388f140aa req-ec83ce0d-b192-410f-adfb-a9f388f140aa ] Request (ServersV294TestFqdnHostnames:setUpClass): 200 GET http://10.180.1.21/compute/v2.1/servers/8f8e183c-7597-4fb6-9a9f-8002db7ceaaa 0.140s
2025-04-19 14:55:23.965 69923 INFO tempest.lib.common.rest_client [req-8e2f0320-41e0-4089-a79d-816030afa146 req-8e2f0320-41e0-4089-a79d-816030afa146 ] Request (ServerDiagnosticsNegativeTest:tearDownClass): 200 GET http://10.180.1.21/compute/v2.1/servers/ce489b44-ae3c-48a2-a77e-5ca07e26b193 0.154s
2025-04-19 14:55:23.990 69959 INFO tempest.lib.common.rest_client [req-4bd9d92b-b1ab-44d6-8a24-46e86968fc0b req-4bd9d92b-b1ab-44d6-8a24-46e86968fc0b ] Request (AttachInterfacesV270Test:test_create_get_list_interfaces): 200 GET http://10.180.1.21/compute/v2.1/servers/86790ac3-48f9-4b93-8843-8b1b36383712 0.137s
2025-04-19 14:55:24.039 69929 INFO tempest.lib.common.rest_client [req-8f547ae0-d3e0-4df0-b958-40f0366d8e51 req-8f547ae0-d3e0-4df0-b958-40f0366d8e51 ] Request (MultipleCreateTestJSON:test_multiple_create): 200 GET http://10.180.1.21/compute/v2.1/servers/16b96f96-39d6-40a8-a45b-8fc0432f310c 0.165s
2025-04-19 14:55:24.046 69927 INFO tempest.lib.common.rest_client [req-7ad30aa3-9396-49a6-b633-304544ae6136 req-7ad30aa3-9396-49a6-b633-304544ae6136 ] Request (ServerRescueNegativeTestJSON:setUpClass): 200 GET http://10.180.1.21/compute/v2.1/servers/f6ea22c7-5703-4d58-b92a-42febea3bb06 0.147s
2025-04-19 14:55:24.097 69917 INFO tempest.lib.common.rest_client [req-ec52136f-5740-4b99-91d9-eee7580ace14 req-ec52136f-5740-4b99-91d9-eee7580ace14 ] Request (DeleteServersAdminTestJSON:test_delete_server_while_in_error_state): 200 GET http://10.180.1.21/compute/v2.1/servers/c2fc91e3-adaf-4645-b65a-c5ba03435ea6 0.103s
2025-04-19 14:55:24.116 69945 INFO tempest.lib.common.rest_client [req-b423615f-3196-4762-b946-8e80d54795f9 req-b423615f-3196-4762-b946-8e80d54795f9 ] Request (SecurityGroupsTestJSON:test_server_security_groups): 200 GET http://10.180.1.21/compute/v2.1/servers/0983ed9e-3ca6-4a9c-bece-50c7a4d89797 0.175s
2025-04-19 14:55:24.198 69951 INFO tempest.lib.common.rest_client [req-0547062a-a607-46dd-8baa-9064b68d1e16 req-0547062a-a607-46dd-8baa-9064b68d1e16 ] Request (ImagesNegativeTestJSON:test_create_image_from_deleted_server): 200 GET http://10.180.1.21/compute/v2.1/servers/ad145721-739b-40ec-b806-2c91c082be75 0.123s
2025-04-19 14:55:24.227 69963 INFO tempest.lib.common.rest_client [req-0ae0dd63-819f-4720-88da-1fad427579b5 req-0ae0dd63-819f-4720-88da-1fad427579b5 ] Request (ServersTestFqdnHostnames:test_create_server_with_fqdn_name): 200 GET http://10.180.1.21/compute/v2.1/servers/4fbd9481-6115-4243-8700-37374677b0bb 0.164s
2025-04-19 14:55:24.235 69963 INFO tempest.common.waiters [-] State transition "BUILD/block_device_mapping" ==> "BUILD/spawning" after 42 second wait
2025-04-19 14:55:24.255 69943 INFO tempest.lib.common.rest_client [req-41a567e5-3d76-4bb2-89cd-103e07e2568b req-41a567e5-3d76-4bb2-89cd-103e07e2568b ] Request (ServersTestJSON:setUpClass): 200 GET http://10.180.1.21/compute/v2.1/servers/e2c4ff26-f7ed-443e-8bd7-49a7e8e4a759 0.119s
2025-04-19 14:55:24.287 69921 INFO tempest.lib.common.rest_client [req-dfc5fbbc-179d-4cc2-b7a3-6687d631ed35 req-dfc5fbbc-179d-4cc2-b7a3-6687d631ed35 ] Request (AttachInterfacesUnderV243Test:_run_cleanups): 200 GET http://10.180.1.21/compute/v2.1/servers/9c195701-261c-4f8d-9558-c4bbb139133a 0.141s
2025-04-19 14:55:24.309 69915 INFO tempest.lib.common.rest_client [req-bf240e0e-85b3-4fac-b14e-da791499ffb9 req-bf240e0e-85b3-4fac-b14e-da791499ffb9 ] Request (ServersAdminTestJSON:setUpClass): 200 GET http://10.180.1.21/compute/v2.1/servers/4298e770-e96e-4e91-8712-d352ac2daba5 0.115s
2025-04-19 14:55:24.366 69905 INFO tempest.lib.common.rest_client [req-efca85d8-b7bb-4817-adca-ffa102dc74d4 req-efca85d8-b7bb-4817-adca-ffa102dc74d4 ] Request (DeleteServersTestJSON:test_delete_active_server): 200 GET http://10.180.1.21/compute/v2.1/servers/7c5cfee9-4e9f-4616-9e73-6c257b109b04 0.114s
2025-04-19 14:55:24.414 69935 INFO tempest.lib.common.rest_client [req-8e50f8a1-68aa-4d8c-a7f3-57a0a4b9b5ce req-8e50f8a1-68aa-4d8c-a7f3-57a0a4b9b5ce ] Request (MigrationsAdminTest:test_list_migrations_in_flavor_resize_situation): 200 GET http://10.180.1.21/compute/v2.1/servers/1cb12eb8-8e6e-4513-8408-18afd328e053 0.173s
2025-04-19 14:55:24.428 69939 INFO tempest.lib.common.rest_client [req-7b3b2776-028c-4bf9-bc34-473b36d03a83 req-7b3b2776-028c-4bf9-bc34-473b36d03a83 ] Request (ServerMetadataTestJSON:tearDownClass): 200 GET http://10.180.1.21/compute/v2.1/servers/63601191-17ad-4e58-ab82-be3decc8c167 0.127s
2025-04-19 14:55:24.477 69901 INFO tempest.lib.common.rest_client [req-f48e4b69-4727-43c0-bda6-b8125ca6e0f1 req-f48e4b69-4727-43c0-bda6-b8125ca6e0f1 ] Request (ServersListShow2100Test:tearDownClass): 200 GET http://10.180.1.21/compute/v2.1/servers/c9b37ee9-924e-4a1a-aa27-0c8632c42cce 0.149s
2025-04-19 14:55:24.483 69926 INFO tempest.lib.common.rest_client [req-14bad029-c30c-472b-8022-75d3585cfed9 req-14bad029-c30c-472b-8022-75d3585cfed9 ] Request (ServersListShow298Test:test_list_show_update_rebuild_server_298): 200 GET http://10.180.1.21/compute/v2.1/servers/1aa126ff-b673-49e5-a945-4f32fc7c92e2 0.083s
2025-04-19 14:55:24.514 69961 INFO tempest.lib.common.rest_client [req-3a16ed69-7714-4e81-a6ba-7401124867db req-3a16ed69-7714-4e81-a6ba-7401124867db ] Request (ListImageFiltersTestJSON:setUpClass): 200 GET http://10.180.1.21/compute/v2.1/images/463862af-1214-4711-b2d4-922d754d7b9d 0.094s
2025-04-19 14:55:24.548 69919 INFO tempest.lib.common.rest_client [req-728a0927-86ce-4963-a0a1-a2b34f0031fb req-728a0927-86ce-4963-a0a1-a2b34f0031fb ] Request (ServersAdmin275Test:tearDownClass): 200 GET http://10.180.1.21/compute/v2.1/servers/e5e667e1-f834-442e-82eb-f1ee771ac463 0.081s
2025-04-19 14:55:24.637 69913 INFO tempest.lib.common.rest_client [req-04f8ab09-6422-4283-95c3-efd7a8ab5489 req-04f8ab09-6422-4283-95c3-efd7a8ab5489 ] Request (ServersTestMultiNic:test_verify_duplicate_network_nics): 200 GET http://10.180.1.21/compute/v2.1/servers/fff8ab88-9879-49bb-a0bb-f3a8d8830201 0.105s
2025-04-19 14:55:24.703 69903 INFO tempest.lib.common.rest_client [req-21ce05c9-77f0-46c3-a7fc-656ee0e49738 req-21ce05c9-77f0-46c3-a7fc-656ee0e49738 ] Request (VolumesAdminNegativeTest:test_update_attached_volume_with_nonexistent_volume_in_body): 200 GET http://10.180.1.21/compute/v2.1/servers/a370afe3-c2f8-432a-a526-81426d935a9c 0.090s
2025-04-19 14:55:24.712 69903 INFO tempest.common.waiters [-] State transition "BUILD/None" ==> "BUILD/networking" after 41 second wait
2025-04-19 14:55:24.741 69941 INFO tempest.lib.common.rest_client [req-36e026bc-ce9d-4c62-ab26-894b5e21a2b7 req-36e026bc-ce9d-4c62-ab26-894b5e21a2b7 ] Request (ImagesTestJSON:test_create_image_from_stopped_server): 200 GET http://10.180.1.21/compute/v2.1/images/5740c780-890c-4aec-8688-c9e5fb1e1b32 0.096s
2025-04-19 14:55:24.767 69949 INFO tempest.lib.common.rest_client [req-bc0f20b7-ae23-4f83-8fb6-80e2fe4f6a10 req-bc0f20b7-ae23-4f83-8fb6-80e2fe4f6a10 ] Request (ServersTestManualDisk:tearDownClass): 200 GET http://10.180.1.21/compute/v2.1/servers/c5b37706-5ac2-4539-b5d8-7f0dccd4657d 0.204s
2025-04-19 14:55:24.831 69937 INFO tempest.lib.common.rest_client [req-c2e6c811-bbbb-4ce1-90fc-8a7efc0deb4a req-c2e6c811-bbbb-4ce1-90fc-8a7efc0deb4a ] Request (AttachInterfacesTestJSON:_run_cleanups): 200 GET http://10.180.1.21/compute/v2.1/servers/72bb6d82-5ec5-4a20-9599-e4bd68b25d74 0.121s
2025-04-19 14:55:24.871 69941 INFO tempest.lib.common.rest_client [req-68e61296-0ab3-430d-932e-4ea3983a7e1a req-68e61296-0ab3-430d-932e-4ea3983a7e1a ] Request (ImagesTestJSON:test_create_image_from_stopped_server): 200 GET http://10.180.1.21/compute/v2.1/images/5740c780-890c-4aec-8688-c9e5fb1e1b32 0.125s
2025-04-19 14:55:24.912 69941 INFO tempest.lib.common.rest_client [req-dfa47535-0d34-429d-9968-5bb363528953 req-dfa47535-0d34-429d-9968-5bb363528953 ] Request (ImagesTestJSON:test_create_image_from_stopped_server): 200 GET http://10.180.1.21/image/v2/images/5740c780-890c-4aec-8688-c9e5fb1e1b32/tasks 0.036s
2025-04-19 14:55:24.919 69955 INFO tempest.lib.common.rest_client [req-bcf997b3-c086-48f0-ada7-cf788687dd96 req-bcf997b3-c086-48f0-ada7-cf788687dd96 ] Request (InstanceActionsV221TestJSON:test_get_list_deleted_instance_actions): 200 GET http://10.180.1.21/compute/v2.1/servers/c32d7cb4-082d-49fe-ace8-89069a3d6aa9 0.211s
2025-04-19 14:55:24.928 69955 INFO tempest.common.waiters [-] State transition "BUILD/spawning" ==> "ACTIVE/None" after 42 second wait
2025-04-19 14:55:25.042 69941 INFO tempest.lib.common.rest_client [req-76bab8c4-d292-46bf-8d69-1a005af463ed req-76bab8c4-d292-46bf-8d69-1a005af463ed ] Request (ImagesTestJSON:_run_cleanups): 204 DELETE http://10.180.1.21/compute/v2.1/images/5740c780-890c-4aec-8688-c9e5fb1e1b32 0.130s
2025-04-19 14:55:25.063 69953 INFO tempest.lib.common.rest_client [req-a305e1f4-07b5-4029-b99c-600f7adb5688 req-a305e1f4-07b5-4029-b99c-600f7adb5688 ] Request (ServerDiagnosticsTest:test_get_server_diagnostics): 200 GET http://10.180.1.21/compute/v2.1/servers/f2c68220-f055-4558-95c0-526ae266ee62 0.179s
2025-04-19 14:55:25.074 69953 INFO tempest.common.waiters [-] State transition "BUILD/spawning" ==> "ACTIVE/None" after 46 second wait
2025-04-19 14:55:25.145 69955 INFO tempest.lib.common.rest_client [req-3a7440ae-7615-49d9-a185-23dfb9478352 req-3a7440ae-7615-49d9-a185-23dfb9478352 ] Request (InstanceActionsV221TestJSON:test_get_list_deleted_instance_actions): 204 DELETE http://10.180.1.21/compute/v2.1/servers/c32d7cb4-082d-49fe-ace8-89069a3d6aa9 0.216s
2025-04-19 14:55:25.228 69907 INFO tempest.lib.common.rest_client [req-e21d300a-9638-448a-bbfd-6fcd954b0e00 req-e21d300a-9638-448a-bbfd-6fcd954b0e00 ] Request (ServersV294TestFqdnHostnames:setUpClass): 200 GET http://10.180.1.21/compute/v2.1/servers/8f8e183c-7597-4fb6-9a9f-8002db7ceaaa 0.285s
2025-04-19 14:55:25.230 69923 INFO tempest.lib.common.rest_client [req-b50ac0e0-0462-46e3-b0a7-57725f81a503 req-b50ac0e0-0462-46e3-b0a7-57725f81a503 ] Request (ServerDiagnosticsNegativeTest:tearDownClass): 200 GET http://10.180.1.21/compute/v2.1/servers/ce489b44-ae3c-48a2-a77e-5ca07e26b193 0.255s
2025-04-19 14:55:25.308 69959 INFO tempest.lib.common.rest_client [req-9d4a0a91-b64b-4515-bc96-9f1b5dfd7f73 req-9d4a0a91-b64b-4515-bc96-9f1b5dfd7f73 ] Request (AttachInterfacesV270Test:test_create_get_list_interfaces): 200 GET http://10.180.1.21/compute/v2.1/servers/86790ac3-48f9-4b93-8843-8b1b36383712 0.306s
2025-04-19 14:55:25.311 69941 INFO tempest.lib.common.rest_client [req-8ac9e9e7-91b2-4c70-826b-83d27912722e req-8ac9e9e7-91b2-4c70-826b-83d27912722e ] Request (ImagesTestJSON:_run_cleanups): 204 DELETE http://10.180.1.21/compute/v2.1/servers/746ee2f3-b43f-44a6-a584-f64f91cacb46 0.268s
2025-04-19 14:55:25.376 69927 INFO tempest.lib.common.rest_client [req-3aec109d-9804-463f-971d-ab79884fe9bc req-3aec109d-9804-463f-971d-ab79884fe9bc ] Request (ServerRescueNegativeTestJSON:setUpClass): 200 GET http://10.180.1.21/compute/v2.1/servers/f6ea22c7-5703-4d58-b92a-42febea3bb06 0.320s
2025-04-19 14:55:25.383 69929 INFO tempest.lib.common.rest_client [req-8dcb5f37-a2fb-4064-92e7-f75904d8a317 req-8dcb5f37-a2fb-4064-92e7-f75904d8a317 ] Request (MultipleCreateTestJSON:test_multiple_create): 200 GET http://10.180.1.21/compute/v2.1/servers/16b96f96-39d6-40a8-a45b-8fc0432f310c 0.332s
2025-04-19 14:55:25.399 69941 INFO tempest.lib.common.rest_client [req-0960a42f-e4ba-4c8d-bbee-91bf0f4bf22f req-0960a42f-e4ba-4c8d-bbee-91bf0f4bf22f ] Request (ImagesTestJSON:test_create_image_from_suspended_server): 201 POST http://10.180.1.21/identity/v3/auth/tokens 0.084s
2025-04-19 14:55:25.399 69941 INFO tempest.lib.common.fixed_network [-] (ImagesTestJSON:test_create_image_from_suspended_server) Found network {'id': '02979043-fd91-41b4-a9a2-e5221567afdd', 'name': 'tempest-ImagesTestJSON-1333114874-network', 'tenant_id': 'ed3a9ac97ed14a46ba870b8d022a2e93', 'admin_state_up': True, 'mtu': 8950, 'status': 'ACTIVE', 'subnets': [], 'shared': False, 'project_id': 'ed3a9ac97ed14a46ba870b8d022a2e93', 'port_security_enabled': True, 'router:external': False, 'provider:network_type': 'vlan', 'provider:physical_network': 'default', 'provider:segmentation_id': 917, 'availability_zone_hints': [], 'availability_zones': [], 'ipv4_address_scope': None, 'ipv6_address_scope': None, 'description': '', 'tags': [], 'created_at': '2025-04-19T14:54:05Z', 'updated_at': '2025-04-19T14:54:05Z', 'revision_number': 1} available for tenant
2025-04-19 14:55:25.438 69917 INFO tempest.lib.common.rest_client [req-f90dab05-8ebf-4c83-9a31-2a40e790aeb7 req-f90dab05-8ebf-4c83-9a31-2a40e790aeb7 ] Request (DeleteServersAdminTestJSON:test_delete_server_while_in_error_state): 200 GET http://10.180.1.21/compute/v2.1/servers/c2fc91e3-adaf-4645-b65a-c5ba03435ea6 0.326s
2025-04-19 14:55:25.503 69945 INFO tempest.lib.common.rest_client [req-a4b35d7d-dbad-4e38-b96f-c201a835b1e8 req-a4b35d7d-dbad-4e38-b96f-c201a835b1e8 ] Request (SecurityGroupsTestJSON:test_server_security_groups): 200 GET http://10.180.1.21/compute/v2.1/servers/0983ed9e-3ca6-4a9c-bece-50c7a4d89797 0.372s
2025-04-19 14:55:25.599 69955 INFO tempest.lib.common.rest_client [req-b543889c-416a-4475-b5ce-c843bac56663 req-b543889c-416a-4475-b5ce-c843bac56663 ] Request (InstanceActionsV221TestJSON:test_get_list_deleted_instance_actions): 200 GET http://10.180.1.21/compute/v2.1/servers/c32d7cb4-082d-49fe-ace8-89069a3d6aa9 0.454s
2025-04-19 14:55:25.658 69951 INFO tempest.lib.common.rest_client [req-511dbcf7-2b72-49af-bc04-e545ce1259d4 req-511dbcf7-2b72-49af-bc04-e545ce1259d4 ] Request (ImagesNegativeTestJSON:test_create_image_from_deleted_server): 200 GET http://10.180.1.21/compute/v2.1/servers/ad145721-739b-40ec-b806-2c91c082be75 0.449s
2025-04-19 14:55:25.750 69963 INFO tempest.lib.common.rest_client [req-557bade2-d40a-49c6-afc1-8519dd1fd8aa req-557bade2-d40a-49c6-afc1-8519dd1fd8aa ] Request (ServersTestFqdnHostnames:test_create_server_with_fqdn_name): 200 GET http://10.180.1.21/compute/v2.1/servers/4fbd9481-6115-4243-8700-37374677b0bb 0.510s
2025-04-19 14:55:25.802 69943 INFO tempest.lib.common.rest_client [req-1a76693b-c86c-4343-8d8b-4b00685c808e req-1a76693b-c86c-4343-8d8b-4b00685c808e ] Request (ServersTestJSON:setUpClass): 200 GET http://10.180.1.21/compute/v2.1/servers/e2c4ff26-f7ed-443e-8bd7-49a7e8e4a759 0.538s
2025-04-19 14:55:25.860 69921 INFO tempest.lib.common.rest_client [req-d2b624b0-a1a5-4843-8a8a-b531831dc2ed req-d2b624b0-a1a5-4843-8a8a-b531831dc2ed ] Request (AttachInterfacesUnderV243Test:_run_cleanups): 200 GET http://10.180.1.21/compute/v2.1/servers/9c195701-261c-4f8d-9558-c4bbb139133a 0.563s
2025-04-19 14:55:25.916 69915 INFO tempest.lib.common.rest_client [req-f88622ed-3a3e-43d8-97e3-95049c248d14 req-f88622ed-3a3e-43d8-97e3-95049c248d14 ] Request (ServersAdminTestJSON:setUpClass): 200 GET http://10.180.1.21/compute/v2.1/servers/4298e770-e96e-4e91-8712-d352ac2daba5 0.595s
2025-04-19 14:55:25.969 69905 INFO tempest.lib.common.rest_client [req-0841807d-f875-4faa-b8c0-f0b622a41ae4 req-0841807d-f875-4faa-b8c0-f0b622a41ae4 ] Request (DeleteServersTestJSON:test_delete_active_server): 200 GET http://10.180.1.21/compute/v2.1/servers/7c5cfee9-4e9f-4616-9e73-6c257b109b04 0.588s
2025-04-19 14:55:26.023 69953 INFO tempest.lib.common.rest_client [req-a732b544-8510-4b5e-a727-d94c6e6572cf req-a732b544-8510-4b5e-a727-d94c6e6572cf ] Request (ServerDiagnosticsTest:test_get_server_diagnostics): 200 GET http://10.180.1.21/compute/v2.1/servers/f2c68220-f055-4558-95c0-526ae266ee62/diagnostics 0.949s
2025-04-19 14:55:26.148 69935 INFO tempest.lib.common.rest_client [req-387ecfda-993a-42c8-a32d-7179b3c1faf6 req-387ecfda-993a-42c8-a32d-7179b3c1faf6 ] Request (MigrationsAdminTest:test_list_migrations_in_flavor_resize_situation): 200 GET http://10.180.1.21/compute/v2.1/servers/1cb12eb8-8e6e-4513-8408-18afd328e053 0.726s
2025-04-19 14:55:26.217 69939 INFO tempest.lib.common.rest_client [req-e7b1a2a6-1d8e-4e5c-bdb8-47a37997379d req-e7b1a2a6-1d8e-4e5c-bdb8-47a37997379d ] Request (ServerMetadataTestJSON:tearDownClass): 200 GET http://10.180.1.21/compute/v2.1/servers/63601191-17ad-4e58-ab82-be3decc8c167 0.781s
2025-04-19 14:55:26.289 69901 INFO tempest.lib.common.rest_client [req-1eb505e2-a8fb-49a0-b40b-cd9f7c11b0c9 req-1eb505e2-a8fb-49a0-b40b-cd9f7c11b0c9 ] Request (ServersListShow2100Test:tearDownClass): 200 GET http://10.180.1.21/compute/v2.1/servers/c9b37ee9-924e-4a1a-aa27-0c8632c42cce 0.799s
2025-04-19 14:55:26.318 69941 INFO tempest.lib.common.rest_client [req-1caa35be-dff9-43cb-976a-4d2541661566 req-1caa35be-dff9-43cb-976a-4d2541661566 ] Request (ImagesTestJSON:test_create_image_from_suspended_server): 202 POST http://10.180.1.21/compute/v2.1/servers 0.917s
2025-04-19 14:55:26.362 69926 INFO tempest.lib.common.rest_client [req-e991c9a5-e49b-4e43-b43a-2cfc488c2ea1 req-e991c9a5-e49b-4e43-b43a-2cfc488c2ea1 ] Request (ServersListShow298Test:test_list_show_update_rebuild_server_298): 200 GET http://10.180.1.21/compute/v2.1/servers/1aa126ff-b673-49e5-a945-4f32fc7c92e2 0.864s
2025-04-19 14:55:26.364 69961 INFO tempest.lib.common.rest_client [req-d93aa114-b2c8-40bb-989b-bcc6ea8aee05 req-d93aa114-b2c8-40bb-989b-bcc6ea8aee05 ] Request (ListImageFiltersTestJSON:setUpClass): 200 GET http://10.180.1.21/compute/v2.1/images/463862af-1214-4711-b2d4-922d754d7b9d 0.844s
2025-04-19 14:55:26.376 69926 INFO tempest.common.waiters [-] State transition "BUILD/scheduling" ==> "BUILD/None" after 30 second wait
2025-04-19 14:55:26.470 69919 INFO tempest.lib.common.rest_client [req-47e11ea5-d2e1-44ff-a232-922ccecb128b req-47e11ea5-d2e1-44ff-a232-922ccecb128b ] Request (ServersAdmin275Test:tearDownClass): 200 GET http://10.180.1.21/compute/v2.1/servers/e5e667e1-f834-442e-82eb-f1ee771ac463 0.910s
2025-04-19 14:55:26.561 69913 INFO tempest.lib.common.rest_client [req-1a90537e-d282-4fb4-9cf5-fe17f08e36a7 req-1a90537e-d282-4fb4-9cf5-fe17f08e36a7 ] Request (ServersTestMultiNic:test_verify_duplicate_network_nics): 200 GET http://10.180.1.21/compute/v2.1/servers/fff8ab88-9879-49bb-a0bb-f3a8d8830201 0.916s
2025-04-19 14:55:26.577 69913 INFO tempest.common.waiters [-] State transition "BUILD/spawning" ==> "ACTIVE/None" after 60 second wait
2025-04-19 14:55:26.667 69949 INFO tempest.lib.common.rest_client [req-612a2954-2420-49a8-b009-51885ef0624b req-612a2954-2420-49a8-b009-51885ef0624b ] Request (ServersTestManualDisk:tearDownClass): 200 GET http://10.180.1.21/compute/v2.1/servers/c5b37706-5ac2-4539-b5d8-7f0dccd4657d 0.891s
2025-04-19 14:55:26.693 69903 INFO tempest.lib.common.rest_client [req-89f6098b-0b2e-4b93-8d81-4688cd8bbcbd req-89f6098b-0b2e-4b93-8d81-4688cd8bbcbd ] Request (VolumesAdminNegativeTest:test_update_attached_volume_with_nonexistent_volume_in_body): 200 GET http://10.180.1.21/compute/v2.1/servers/a370afe3-c2f8-432a-a526-81426d935a9c 0.979s
2025-04-19 14:55:26.701 69903 INFO tempest.common.waiters [-] State transition "BUILD/networking" ==> "BUILD/spawning" after 43 second wait
2025-04-19 14:55:26.734 69937 INFO tempest.lib.common.rest_client [req-a75a44fb-d7f4-413c-8725-58528806965d req-a75a44fb-d7f4-413c-8725-58528806965d ] Request (AttachInterfacesTestJSON:_run_cleanups): 200 GET http://10.180.1.21/compute/v2.1/servers/72bb6d82-5ec5-4a20-9599-e4bd68b25d74 0.893s
2025-04-19 14:55:26.787 69953 INFO tempest.lib.common.rest_client [req-0ac5d876-7dae-4103-b973-9a857b3130a6 req-0ac5d876-7dae-4103-b973-9a857b3130a6 ] Request (ServerDiagnosticsTest:tearDownClass): 204 DELETE http://10.180.1.21/compute/v2.1/servers/f2c68220-f055-4558-95c0-526ae266ee62 0.760s
2025-04-19 14:55:26.795 69923 INFO tempest.lib.common.rest_client [req-b6d18054-bb09-4b6a-aacd-11b0c2e592f8 req-b6d18054-bb09-4b6a-aacd-11b0c2e592f8 ] Request (ServerDiagnosticsNegativeTest:tearDownClass): 200 GET http://10.180.1.21/compute/v2.1/servers/ce489b44-ae3c-48a2-a77e-5ca07e26b193 0.556s
2025-04-19 14:55:26.837 69941 INFO tempest.lib.common.rest_client [req-e3194f8d-702c-422e-86dd-b4758337bb12 req-e3194f8d-702c-422e-86dd-b4758337bb12 ] Request (ImagesTestJSON:test_create_image_from_suspended_server): 200 GET http://10.180.1.21/compute/v2.1/servers/f982cd1a-f5e6-4417-b970-96d5327c84d1 0.518s
2025-04-19 14:55:26.916 69959 INFO tempest.lib.common.rest_client [req-cd1fa839-a702-4722-9ff3-b3da270d792e req-cd1fa839-a702-4722-9ff3-b3da270d792e ] Request (AttachInterfacesV270Test:test_create_get_list_interfaces): 200 GET http://10.180.1.21/compute/v2.1/servers/86790ac3-48f9-4b93-8843-8b1b36383712 0.592s
2025-04-19 14:55:26.987 69927 INFO tempest.lib.common.rest_client [req-28e362f8-67cb-419c-91fc-e28692519319 req-28e362f8-67cb-419c-91fc-e28692519319 ] Request (ServerRescueNegativeTestJSON:setUpClass): 200 GET http://10.180.1.21/compute/v2.1/servers/f6ea22c7-5703-4d58-b92a-42febea3bb06 0.596s
2025-04-19 14:55:27.043 69907 INFO tempest.lib.common.rest_client [req-71e6143c-5473-4e67-a3a3-3634861366ad req-71e6143c-5473-4e67-a3a3-3634861366ad ] Request (ServersV294TestFqdnHostnames:setUpClass): 200 GET http://10.180.1.21/compute/v2.1/servers/8f8e183c-7597-4fb6-9a9f-8002db7ceaaa 0.799s
2025-04-19 14:55:27.052 69929 INFO tempest.lib.common.rest_client [req-0ba4a0ca-c332-43ad-ae93-dc94c2e1f306 req-0ba4a0ca-c332-43ad-ae93-dc94c2e1f306 ] Request (MultipleCreateTestJSON:test_multiple_create): 200 GET http://10.180.1.21/compute/v2.1/servers/16b96f96-39d6-40a8-a45b-8fc0432f310c 0.660s
2025-04-19 14:55:27.060 69929 INFO tempest.common.waiters [-] State transition "BUILD/scheduling" ==> "BUILD/None" after 38 second wait
2025-04-19 14:55:27.128 69945 INFO tempest.lib.common.rest_client [req-d6d6e306-47f4-408b-ad1b-af77c87ecaaa req-d6d6e306-47f4-408b-ad1b-af77c87ecaaa ] Request (SecurityGroupsTestJSON:test_server_security_groups): 200 GET http://10.180.1.21/compute/v2.1/servers/0983ed9e-3ca6-4a9c-bece-50c7a4d89797 0.617s
2025-04-19 14:55:27.158 69913 INFO tempest.lib.common.rest_client [req-960983ca-74a6-4af5-975d-8ee4fed26d0c req-960983ca-74a6-4af5-975d-8ee4fed26d0c ] Request (ServersTestMultiNic:test_verify_duplicate_network_nics): 200 GET http://10.180.1.21/compute/v2.1/servers/fff8ab88-9879-49bb-a0bb-f3a8d8830201/ips 0.580s
2025-04-19 14:55:27.281 69955 INFO tempest.lib.common.rest_client [req-c8501fa5-0f0a-4ab1-92c4-2e8c73005485 req-c8501fa5-0f0a-4ab1-92c4-2e8c73005485 ] Request (InstanceActionsV221TestJSON:test_get_list_deleted_instance_actions): 200 GET http://10.180.1.21/compute/v2.1/servers/c32d7cb4-082d-49fe-ace8-89069a3d6aa9 0.672s
2025-04-19 14:55:27.302 69951 INFO tempest.lib.common.rest_client [req-ce377127-782a-4d5b-ba66-846242703e6a req-ce377127-782a-4d5b-ba66-846242703e6a ] Request (ImagesNegativeTestJSON:test_create_image_from_deleted_server): 404 GET http://10.180.1.21/compute/v2.1/servers/ad145721-739b-40ec-b806-2c91c082be75 0.633s
2025-04-19 14:55:27.372 69909 WARNING tempest.lib.common.ssh [-] Failed to establish authenticated ssh connection to cirros@10.180.180.204 ([Errno None] Unable to connect to port 22 on 10.180.180.204). Number attempts: 5. Retry after 6 seconds.: paramiko.ssh_exception.NoValidConnectionsError: [Errno None] Unable to connect to port 22 on 10.180.180.204
2025-04-19 14:55:27.390 69917 INFO tempest.lib.common.rest_client [req-69afdde1-0835-4cd7-9fb0-60ed4d6b45fd req-69afdde1-0835-4cd7-9fb0-60ed4d6b45fd ] Request (DeleteServersAdminTestJSON:test_delete_server_while_in_error_state): 200 GET http://10.180.1.21/compute/v2.1/servers/c2fc91e3-adaf-4645-b65a-c5ba03435ea6 0.942s
2025-04-19 14:55:27.397 69963 INFO tempest.lib.common.rest_client [req-3f1f653b-3fad-4039-b48c-cb26bcc8f587 req-3f1f653b-3fad-4039-b48c-cb26bcc8f587 ] Request (ServersTestFqdnHostnames:test_create_server_with_fqdn_name): 200 GET http://10.180.1.21/compute/v2.1/servers/4fbd9481-6115-4243-8700-37374677b0bb 0.639s
2025-04-19 14:55:27.448 69943 INFO tempest.lib.common.rest_client [req-01eaa60d-e157-4211-aa35-3c3fdae318dc req-01eaa60d-e157-4211-aa35-3c3fdae318dc ] Request (ServersTestJSON:setUpClass): 200 GET http://10.180.1.21/compute/v2.1/servers/e2c4ff26-f7ed-443e-8bd7-49a7e8e4a759 0.638s
2025-04-19 14:55:27.457 69943 INFO tempest.common.waiters [-] State transition "BUILD/scheduling" ==> "BUILD/None" after 26 second wait
2025-04-19 14:55:27.514 69921 INFO tempest.lib.common.rest_client [req-96ad06ad-ab9f-447c-b039-c5818520f62a req-96ad06ad-ab9f-447c-b039-c5818520f62a ] Request (AttachInterfacesUnderV243Test:_run_cleanups): 200 GET http://10.180.1.21/compute/v2.1/servers/9c195701-261c-4f8d-9558-c4bbb139133a 0.646s
2025-04-19 14:55:27.582 69915 INFO tempest.lib.common.rest_client [req-9f1daa6c-ef92-4706-9a01-ab177ff048a2 req-9f1daa6c-ef92-4706-9a01-ab177ff048a2 ] Request (ServersAdminTestJSON:setUpClass): 200 GET http://10.180.1.21/compute/v2.1/servers/4298e770-e96e-4e91-8712-d352ac2daba5 0.656s
2025-04-19 14:55:27.660 69905 INFO tempest.lib.common.rest_client [req-56ce0e19-8e2d-4b33-8943-8d05141606dd req-56ce0e19-8e2d-4b33-8943-8d05141606dd ] Request (DeleteServersTestJSON:test_delete_active_server): 200 GET http://10.180.1.21/compute/v2.1/servers/7c5cfee9-4e9f-4616-9e73-6c257b109b04 0.682s
2025-04-19 14:55:27.663 69953 INFO tempest.lib.common.rest_client [req-f1b9c673-9d8c-4989-993e-8f2fe20830f8 req-f1b9c673-9d8c-4989-993e-8f2fe20830f8 ] Request (ServerDiagnosticsTest:tearDownClass): 200 GET http://10.180.1.21/compute/v2.1/servers/f2c68220-f055-4558-95c0-526ae266ee62 0.876s
2025-04-19 14:55:27.766 69913 INFO tempest.lib.common.rest_client [req-50195a1a-63a0-40df-86ec-e6b76328c9d5 req-50195a1a-63a0-40df-86ec-e6b76328c9d5 ] Request (ServersTestMultiNic:_run_cleanups): 204 DELETE http://10.180.1.21/compute/v2.1/servers/fff8ab88-9879-49bb-a0bb-f3a8d8830201 0.605s
2025-04-19 14:55:27.791 69947 WARNING tempest.lib.common.ssh [-] Failed to establish authenticated ssh connection to cirros@10.180.180.140 ([Errno None] Unable to connect to port 22 on 10.180.180.140). Number attempts: 7. Retry after 8 seconds.: paramiko.ssh_exception.NoValidConnectionsError: [Errno None] Unable to connect to port 22 on 10.180.180.140
2025-04-19 14:55:27.796 69935 INFO tempest.lib.common.rest_client [req-6b8d0e25-d1ee-4e16-8fdb-a62cd45412ff req-6b8d0e25-d1ee-4e16-8fdb-a62cd45412ff ] Request (MigrationsAdminTest:test_list_migrations_in_flavor_resize_situation): 200 GET http://10.180.1.21/compute/v2.1/servers/1cb12eb8-8e6e-4513-8408-18afd328e053 0.636s
2025-04-19 14:55:27.821 69951 INFO tempest.lib.common.rest_client [req-fa8fed8a-ea16-4a16-bbb3-eee7dffa65b6 req-fa8fed8a-ea16-4a16-bbb3-eee7dffa65b6 ] Request (ImagesNegativeTestJSON:test_create_image_from_deleted_server): 404 POST http://10.180.1.21/compute/v2.1/servers/ad145721-739b-40ec-b806-2c91c082be75/action 0.519s
2025-04-19 14:55:27.851 69939 INFO tempest.lib.common.rest_client [req-6f444c7f-54c9-4b03-b878-c74262ec732e req-6f444c7f-54c9-4b03-b878-c74262ec732e ] Request (ServerMetadataTestJSON:tearDownClass): 200 GET http://10.180.1.21/compute/v2.1/servers/63601191-17ad-4e58-ab82-be3decc8c167 0.626s
2025-04-19 14:55:27.905 69961 INFO tempest.lib.common.rest_client [req-01df7999-fd97-4225-ad66-0eaba84c7a47 req-01df7999-fd97-4225-ad66-0eaba84c7a47 ] Request (ListImageFiltersTestJSON:setUpClass): 200 GET http://10.180.1.21/compute/v2.1/images/463862af-1214-4711-b2d4-922d754d7b9d 0.536s
2025-04-19 14:55:27.930 69901 INFO tempest.lib.common.rest_client [req-7f3bf4ff-2d50-4249-8980-883e2c9e68bf req-7f3bf4ff-2d50-4249-8980-883e2c9e68bf ] Request (ServersListShow2100Test:tearDownClass): 200 GET http://10.180.1.21/compute/v2.1/servers/c9b37ee9-924e-4a1a-aa27-0c8632c42cce 0.625s
2025-04-19 14:55:27.948 69901 INFO tempest.common.waiters [-] State transition "ACTIVE/deleting" ==> "DELETED/None" after 5 second wait
2025-04-19 14:55:27.999 69926 INFO tempest.lib.common.rest_client [req-60b53a8d-2411-485b-8770-ee870bf0d873 req-60b53a8d-2411-485b-8770-ee870bf0d873 ] Request (ServersListShow298Test:test_list_show_update_rebuild_server_298): 200 GET http://10.180.1.21/compute/v2.1/servers/1aa126ff-b673-49e5-a945-4f32fc7c92e2 0.622s
2025-04-19 14:55:28.016 69919 INFO tempest.lib.common.rest_client [req-00acf689-bb54-4245-88f9-422e807cc9b5 req-00acf689-bb54-4245-88f9-422e807cc9b5 ] Request (ServersAdmin275Test:tearDownClass): 200 GET http://10.180.1.21/compute/v2.1/servers/e5e667e1-f834-442e-82eb-f1ee771ac463 0.534s
2025-04-19 14:55:28.058 69949 INFO tempest.lib.common.rest_client [req-4b670409-df83-465e-86bd-bea3abe8042b req-4b670409-df83-465e-86bd-bea3abe8042b ] Request (ServersTestManualDisk:tearDownClass): 200 GET http://10.180.1.21/compute/v2.1/servers/c5b37706-5ac2-4539-b5d8-7f0dccd4657d 0.382s
2025-04-19 14:55:28.128 69937 INFO tempest.lib.common.rest_client [req-cb6faba6-f87f-4ef1-b67c-34dd1a7ca83a req-cb6faba6-f87f-4ef1-b67c-34dd1a7ca83a ] Request (AttachInterfacesTestJSON:_run_cleanups): 200 GET http://10.180.1.21/compute/v2.1/servers/72bb6d82-5ec5-4a20-9599-e4bd68b25d74 0.383s
2025-04-19 14:55:28.169 69903 INFO tempest.lib.common.rest_client [req-2b3892de-5cdc-459c-87e3-10f994dd9893 req-2b3892de-5cdc-459c-87e3-10f994dd9893 ] Request (VolumesAdminNegativeTest:test_update_attached_volume_with_nonexistent_volume_in_body): 200 GET http://10.180.1.21/compute/v2.1/servers/a370afe3-c2f8-432a-a526-81426d935a9c 0.466s
2025-04-19 14:55:28.237 69923 INFO tempest.lib.common.rest_client [req-0c048ea9-7237-4089-84b2-06c565d5cb37 req-0c048ea9-7237-4089-84b2-06c565d5cb37 ] Request (ServerDiagnosticsNegativeTest:tearDownClass): 200 GET http://10.180.1.21/compute/v2.1/servers/ce489b44-ae3c-48a2-a77e-5ca07e26b193 0.430s
2025-04-19 14:55:28.255 69951 INFO tempest.lib.common.rest_client [req-04427797-aab8-42d5-bbd8-db22f7cfc989 req-04427797-aab8-42d5-bbd8-db22f7cfc989 ] Request (ImagesNegativeTestJSON:test_create_image_from_invalid_server): 404 POST http://10.180.1.21/compute/v2.1/servers/tempest-invalid-1778536665/action 0.432s
2025-04-19 14:55:28.307 69913 INFO tempest.lib.common.rest_client [req-66a15919-2b9e-41b1-b8d9-2dca3f779be0 req-66a15919-2b9e-41b1-b8d9-2dca3f779be0 ] Request (ServersTestMultiNic:_run_cleanups): 200 GET http://10.180.1.21/compute/v2.1/servers/fff8ab88-9879-49bb-a0bb-f3a8d8830201 0.540s
2025-04-19 14:55:28.317 69941 INFO tempest.lib.common.rest_client [req-338c8703-c8ea-4047-b0f7-2397a4fab72b req-338c8703-c8ea-4047-b0f7-2397a4fab72b ] Request (ImagesTestJSON:test_create_image_from_suspended_server): 200 GET http://10.180.1.21/compute/v2.1/servers/f982cd1a-f5e6-4417-b970-96d5327c84d1 0.468s
2025-04-19 14:55:28.376 69959 INFO tempest.lib.common.rest_client [req-5d65cb28-fb0e-4301-afb6-8d549a1271c4 req-5d65cb28-fb0e-4301-afb6-8d549a1271c4 ] Request (AttachInterfacesV270Test:test_create_get_list_interfaces): 200 GET http://10.180.1.21/compute/v2.1/servers/86790ac3-48f9-4b93-8843-8b1b36383712 0.441s
2025-04-19 14:55:28.387 69927 INFO tempest.lib.common.rest_client [req-2c324087-cb8d-4328-b9d4-e274463ecc2c req-2c324087-cb8d-4328-b9d4-e274463ecc2c ] Request (ServerRescueNegativeTestJSON:setUpClass): 200 GET http://10.180.1.21/compute/v2.1/servers/f6ea22c7-5703-4d58-b92a-42febea3bb06 0.392s
2025-04-19 14:55:28.447 69929 INFO tempest.lib.common.rest_client [req-20eb30b4-da9a-4bf0-bb82-f9ce1a3df96e req-20eb30b4-da9a-4bf0-bb82-f9ce1a3df96e ] Request (MultipleCreateTestJSON:test_multiple_create): 200 GET http://10.180.1.21/compute/v2.1/servers/16b96f96-39d6-40a8-a45b-8fc0432f310c 0.385s
2025-04-19 14:55:28.496 69945 INFO tempest.lib.common.rest_client [req-da6f9dcc-630c-4fd6-bb49-e118e5cdbaea req-da6f9dcc-630c-4fd6-bb49-e118e5cdbaea ] Request (SecurityGroupsTestJSON:test_server_security_groups): 200 GET http://10.180.1.21/compute/v2.1/servers/0983ed9e-3ca6-4a9c-bece-50c7a4d89797 0.358s
2025-04-19 14:55:28.507 69951 INFO tempest.lib.common.rest_client [req-fee58455-eb23-4eb4-bb48-b12711dc226b req-fee58455-eb23-4eb4-bb48-b12711dc226b ] Request (ImagesNegativeTestJSON:test_create_image_specify_uuid_35_characters_or_less): 404 POST http://10.180.1.21/compute/v2.1/servers/aaaaaaaaaaaaaaaaaaaaaaaaaaaaaaaaaaa/action 0.250s
2025-04-19 14:55:28.525 69907 INFO tempest.lib.common.rest_client [req-0d6ee045-d1b2-4ce5-bdd0-44d324424853 req-0d6ee045-d1b2-4ce5-bdd0-44d324424853 ] Request (ServersV294TestFqdnHostnames:setUpClass): 200 GET http://10.180.1.21/compute/v2.1/servers/8f8e183c-7597-4fb6-9a9f-8002db7ceaaa 0.470s
2025-04-19 14:55:28.564 69955 INFO tempest.lib.common.rest_client [req-c1078bc5-6d9e-46cd-b909-44f737223034 req-c1078bc5-6d9e-46cd-b909-44f737223034 ] Request (InstanceActionsV221TestJSON:test_get_list_deleted_instance_actions): 200 GET http://10.180.1.21/compute/v2.1/servers/c32d7cb4-082d-49fe-ace8-89069a3d6aa9 0.273s
2025-04-19 14:55:28.574 69917 INFO tempest.lib.common.rest_client [req-8a0eceaf-90b5-4d6c-9ff6-d54c1298a096 req-8a0eceaf-90b5-4d6c-9ff6-d54c1298a096 ] Request (DeleteServersAdminTestJSON:test_delete_server_while_in_error_state): 200 GET http://10.180.1.21/compute/v2.1/servers/c2fc91e3-adaf-4645-b65a-c5ba03435ea6 0.176s
2025-04-19 14:55:28.623 69943 INFO tempest.lib.common.rest_client [req-61f19bbb-b186-4131-a601-b80cf046e361 req-61f19bbb-b186-4131-a601-b80cf046e361 ] Request (ServersTestJSON:setUpClass): 200 GET http://10.180.1.21/compute/v2.1/servers/e2c4ff26-f7ed-443e-8bd7-49a7e8e4a759 0.165s
2025-04-19 14:55:28.629 69951 INFO tempest.lib.common.rest_client [req-3f5079bb-4f53-4b87-a10a-f3590a98cf5c req-3f5079bb-4f53-4b87-a10a-f3590a98cf5c ] Request (ImagesNegativeTestJSON:test_create_image_specify_uuid_37_characters_or_more): 404 POST http://10.180.1.21/compute/v2.1/servers/aaaaaaaaaaaaaaaaaaaaaaaaaaaaaaaaaaaaa/action 0.117s
2025-04-19 14:55:28.687 69963 INFO tempest.lib.common.rest_client [req-6aae8070-c6e1-41af-bd56-5800e85a6301 req-6aae8070-c6e1-41af-bd56-5800e85a6301 ] Request (ServersTestFqdnHostnames:test_create_server_with_fqdn_name): 200 GET http://10.180.1.21/compute/v2.1/servers/4fbd9481-6115-4243-8700-37374677b0bb 0.276s
2025-04-19 14:55:28.699 69921 INFO tempest.lib.common.rest_client [req-dbc0b00e-e2e7-4d2f-b307-5cb274093ebc req-dbc0b00e-e2e7-4d2f-b307-5cb274093ebc ] Request (AttachInterfacesUnderV243Test:_run_cleanups): 200 GET http://10.180.1.21/compute/v2.1/servers/9c195701-261c-4f8d-9558-c4bbb139133a 0.177s
2025-04-19 14:55:28.721 69951 INFO tempest.lib.common.rest_client [req-16e530f1-8b7c-435b-9e4b-1003ee2da3fa req-16e530f1-8b7c-435b-9e4b-1003ee2da3fa ] Request (ImagesNegativeTestJSON:tearDownClass): 404 DELETE http://10.180.1.21/compute/v2.1/servers/ad145721-739b-40ec-b806-2c91c082be75 0.089s
2025-04-19 14:55:28.745 69915 INFO tempest.lib.common.rest_client [req-bae451da-3620-495f-b11d-d730838ca608 req-bae451da-3620-495f-b11d-d730838ca608 ] Request (ServersAdminTestJSON:setUpClass): 200 GET http://10.180.1.21/compute/v2.1/servers/4298e770-e96e-4e91-8712-d352ac2daba5 0.147s
2025-04-19 14:55:28.777 69905 INFO tempest.lib.common.rest_client [req-11277186-6244-4f7c-bb3a-8345bb4187d6 req-11277186-6244-4f7c-bb3a-8345bb4187d6 ] Request (DeleteServersTestJSON:test_delete_active_server): 200 GET http://10.180.1.21/compute/v2.1/servers/7c5cfee9-4e9f-4616-9e73-6c257b109b04 0.109s
2025-04-19 14:55:28.801 69951 INFO tempest.lib.common.rest_client [req-2f4a8cd0-cbd6-4b8f-a67b-e46f70a008b7 req-2f4a8cd0-cbd6-4b8f-a67b-e46f70a008b7 ] Request (ImagesNegativeTestJSON:tearDownClass): 404 GET http://10.180.1.21/compute/v2.1/servers/ad145721-739b-40ec-b806-2c91c082be75 0.079s
2025-04-19 14:55:28.856 69953 INFO tempest.lib.common.rest_client [req-4e444385-5197-4daf-8c05-229250220bf3 req-4e444385-5197-4daf-8c05-229250220bf3 ] Request (ServerDiagnosticsTest:tearDownClass): 200 GET http://10.180.1.21/compute/v2.1/servers/f2c68220-f055-4558-95c0-526ae266ee62 0.184s
2025-04-19 14:55:28.959 69939 INFO tempest.lib.common.rest_client [req-ed8d21ea-b060-4493-ae6f-c30b59e8065d req-ed8d21ea-b060-4493-ae6f-c30b59e8065d ] Request (ServerMetadataTestJSON:tearDownClass): 200 GET http://10.180.1.21/compute/v2.1/servers/63601191-17ad-4e58-ab82-be3decc8c167 0.098s
2025-04-19 14:55:29.002 69961 INFO tempest.lib.common.rest_client [req-31524059-c5e2-4633-8f38-d557e04d7f8d req-31524059-c5e2-4633-8f38-d557e04d7f8d ] Request (ListImageFiltersTestJSON:setUpClass): 200 GET http://10.180.1.21/compute/v2.1/images/463862af-1214-4711-b2d4-922d754d7b9d 0.093s
2025-04-19 14:55:29.083 69901 INFO tempest.lib.common.rest_client [req-96a9e1ab-e34b-422d-a8d9-415e4700fe69 req-96a9e1ab-e34b-422d-a8d9-415e4700fe69 ] Request (ServersListShow2100Test:tearDownClass): 200 GET http://10.180.1.21/compute/v2.1/servers/c9b37ee9-924e-4a1a-aa27-0c8632c42cce 0.133s
2025-04-19 14:55:29.101 69935 INFO tempest.lib.common.rest_client [req-c1ee0b7d-33b5-421c-8c65-70ab41b5e69a req-c1ee0b7d-33b5-421c-8c65-70ab41b5e69a ] Request (MigrationsAdminTest:test_list_migrations_in_flavor_resize_situation): 200 GET http://10.180.1.21/compute/v2.1/servers/1cb12eb8-8e6e-4513-8408-18afd328e053 0.289s
2025-04-19 14:55:29.142 69926 INFO tempest.lib.common.rest_client [req-6d1a0c94-9d82-490a-afb6-6a10fcd96a41 req-6d1a0c94-9d82-490a-afb6-6a10fcd96a41 ] Request (ServersListShow298Test:test_list_show_update_rebuild_server_298): 200 GET http://10.180.1.21/compute/v2.1/servers/1aa126ff-b673-49e5-a945-4f32fc7c92e2 0.130s
2025-04-19 14:55:29.180 69919 INFO tempest.lib.common.rest_client [req-bd641629-e024-417a-8659-664aaf08d35e req-bd641629-e024-417a-8659-664aaf08d35e ] Request (ServersAdmin275Test:tearDownClass): 200 GET http://10.180.1.21/compute/v2.1/servers/e5e667e1-f834-442e-82eb-f1ee771ac463 0.144s
2025-04-19 14:55:29.218 69949 INFO tempest.lib.common.rest_client [req-fae2ba0c-4155-42fc-ad98-de825a78217e req-fae2ba0c-4155-42fc-ad98-de825a78217e ] Request (ServersTestManualDisk:tearDownClass): 200 GET http://10.180.1.21/compute/v2.1/servers/c5b37706-5ac2-4539-b5d8-7f0dccd4657d 0.149s
2025-04-19 14:55:29.233 69949 INFO tempest.common.waiters [-] State transition "ACTIVE/deleting" ==> "DELETED/None" after 6 second wait
2025-04-19 14:55:29.265 69937 INFO tempest.lib.common.rest_client [req-e86aec12-818b-4de4-9660-87f85a7a8f68 req-e86aec12-818b-4de4-9660-87f85a7a8f68 ] Request (AttachInterfacesTestJSON:_run_cleanups): 200 GET http://10.180.1.21/compute/v2.1/servers/72bb6d82-5ec5-4a20-9599-e4bd68b25d74 0.125s
2025-04-19 14:55:29.315 69903 INFO tempest.lib.common.rest_client [req-541fabb6-8893-439f-9ab0-a865a1360c74 req-541fabb6-8893-439f-9ab0-a865a1360c74 ] Request (VolumesAdminNegativeTest:test_update_attached_volume_with_nonexistent_volume_in_body): 200 GET http://10.180.1.21/compute/v2.1/servers/a370afe3-c2f8-432a-a526-81426d935a9c 0.127s
2025-04-19 14:55:29.346 69923 INFO tempest.lib.common.rest_client [req-ef3f5ec4-3356-4e03-b588-ea9df1663213 req-ef3f5ec4-3356-4e03-b588-ea9df1663213 ] Request (ServerDiagnosticsNegativeTest:tearDownClass): 200 GET http://10.180.1.21/compute/v2.1/servers/ce489b44-ae3c-48a2-a77e-5ca07e26b193 0.095s
2025-04-19 14:55:29.409 69941 INFO tempest.lib.common.rest_client [req-6a041518-32de-4141-b430-09dec7a9ab61 req-6a041518-32de-4141-b430-09dec7a9ab61 ] Request (ImagesTestJSON:test_create_image_from_suspended_server): 200 GET http://10.180.1.21/compute/v2.1/servers/f982cd1a-f5e6-4417-b970-96d5327c84d1 0.084s
2025-04-19 14:55:29.469 69959 INFO tempest.lib.common.rest_client [req-11422c02-b0b4-4f1e-86d7-5d81f5d1601b req-11422c02-b0b4-4f1e-86d7-5d81f5d1601b ] Request (AttachInterfacesV270Test:test_create_get_list_interfaces): 200 GET http://10.180.1.21/compute/v2.1/servers/86790ac3-48f9-4b93-8843-8b1b36383712 0.081s
2025-04-19 14:55:29.522 69927 INFO tempest.lib.common.rest_client [req-6a748a5e-8022-4e49-b818-04308f9f0b3b req-6a748a5e-8022-4e49-b818-04308f9f0b3b ] Request (ServerRescueNegativeTestJSON:setUpClass): 200 GET http://10.180.1.21/compute/v2.1/servers/f6ea22c7-5703-4d58-b92a-42febea3bb06 0.111s
2025-04-19 14:55:29.576 69929 INFO tempest.lib.common.rest_client [req-0080080e-b156-4375-8375-e4c6b59d144d req-0080080e-b156-4375-8375-e4c6b59d144d ] Request (MultipleCreateTestJSON:test_multiple_create): 200 GET http://10.180.1.21/compute/v2.1/servers/16b96f96-39d6-40a8-a45b-8fc0432f310c 0.115s
2025-04-19 14:55:29.641 69945 INFO tempest.lib.common.rest_client [req-da281a1b-cd60-42a5-b329-062eba249dd3 req-da281a1b-cd60-42a5-b329-062eba249dd3 ] Request (SecurityGroupsTestJSON:test_server_security_groups): 200 GET http://10.180.1.21/compute/v2.1/servers/0983ed9e-3ca6-4a9c-bece-50c7a4d89797 0.136s
2025-04-19 14:55:29.658 69913 INFO tempest.lib.common.rest_client [req-8a748ec5-d681-44fa-a229-a6c69ffca297 req-8a748ec5-d681-44fa-a229-a6c69ffca297 ] Request (ServersTestMultiNic:_run_cleanups): 200 GET http://10.180.1.21/compute/v2.1/servers/fff8ab88-9879-49bb-a0bb-f3a8d8830201 0.341s
2025-04-19 14:55:29.772 69955 INFO tempest.lib.common.rest_client [req-bfdc473f-247a-410e-bf6b-c5ec8ac8d818 req-bfdc473f-247a-410e-bf6b-c5ec8ac8d818 ] Request (InstanceActionsV221TestJSON:test_get_list_deleted_instance_actions): 200 GET http://10.180.1.21/compute/v2.1/servers/c32d7cb4-082d-49fe-ace8-89069a3d6aa9 0.199s
2025-04-19 14:55:29.789 69955 INFO tempest.common.waiters [-] State transition "ACTIVE/deleting" ==> "DELETED/None" after 4 second wait
2025-04-19 14:55:29.834 69907 INFO tempest.lib.common.rest_client [req-65091bfc-360b-4399-b162-13f502bc32c7 req-65091bfc-360b-4399-b162-13f502bc32c7 ] Request (ServersV294TestFqdnHostnames:setUpClass): 200 GET http://10.180.1.21/compute/v2.1/servers/8f8e183c-7597-4fb6-9a9f-8002db7ceaaa 0.296s
2025-04-19 14:55:29.838 69917 INFO tempest.lib.common.rest_client [req-827c0424-7926-477d-9d56-674c5fa5702c req-827c0424-7926-477d-9d56-674c5fa5702c ] Request (DeleteServersAdminTestJSON:test_delete_server_while_in_error_state): 200 GET http://10.180.1.21/compute/v2.1/servers/c2fc91e3-adaf-4645-b65a-c5ba03435ea6 0.254s
2025-04-19 14:55:29.901 69943 INFO tempest.lib.common.rest_client [req-e99edbae-478b-4230-a4e1-25db319264dd req-e99edbae-478b-4230-a4e1-25db319264dd ] Request (ServersTestJSON:setUpClass): 200 GET http://10.180.1.21/compute/v2.1/servers/e2c4ff26-f7ed-443e-8bd7-49a7e8e4a759 0.270s
2025-04-19 14:55:29.972 69921 INFO tempest.lib.common.rest_client [req-4159fbc1-a294-45d4-a710-5c3966706fbf req-4159fbc1-a294-45d4-a710-5c3966706fbf ] Request (AttachInterfacesUnderV243Test:_run_cleanups): 200 GET http://10.180.1.21/compute/v2.1/servers/9c195701-261c-4f8d-9558-c4bbb139133a 0.266s
2025-04-19 14:55:30.029 69915 INFO tempest.lib.common.rest_client [req-011a18fe-2bd0-4724-b65b-980164c8a756 req-011a18fe-2bd0-4724-b65b-980164c8a756 ] Request (ServersAdminTestJSON:setUpClass): 200 GET http://10.180.1.21/compute/v2.1/servers/4298e770-e96e-4e91-8712-d352ac2daba5 0.273s
2025-04-19 14:55:30.082 69905 INFO tempest.lib.common.rest_client [req-956148bc-3872-43a7-8cf7-708443472541 req-956148bc-3872-43a7-8cf7-708443472541 ] Request (DeleteServersTestJSON:test_delete_active_server): 200 GET http://10.180.1.21/compute/v2.1/servers/7c5cfee9-4e9f-4616-9e73-6c257b109b04 0.295s
2025-04-19 14:55:30.096 69951 INFO tempest.lib.common.rest_client [req-7ec0384d-6438-4b13-9d35-760ebd2fe435 req-7ec0384d-6438-4b13-9d35-760ebd2fe435 ] Request (ImagesNegativeTestJSON:tearDownClass): 200 PUT http://10.180.1.21:9696/networking/v2.0/routers/62ab21d3-2b08-4fe2-a40c-caf2d6698c78/remove_router_interface 1.294s
2025-04-19 14:55:30.135 69963 INFO tempest.lib.common.rest_client [req-a7991408-c941-4a9d-8fab-f1437fbec324 req-a7991408-c941-4a9d-8fab-f1437fbec324 ] Request (ServersTestFqdnHostnames:test_create_server_with_fqdn_name): 200 GET http://10.180.1.21/compute/v2.1/servers/4fbd9481-6115-4243-8700-37374677b0bb 0.440s
2025-04-19 14:55:30.149 69953 INFO tempest.lib.common.rest_client [req-411c5452-a4f1-4773-9a65-c56cf66a519c req-411c5452-a4f1-4773-9a65-c56cf66a519c ] Request (ServerDiagnosticsTest:tearDownClass): 200 GET http://10.180.1.21/compute/v2.1/servers/f2c68220-f055-4558-95c0-526ae266ee62 0.282s
2025-04-19 14:55:30.196 69961 INFO tempest.lib.common.rest_client [req-4c12c29e-e9a3-4b71-a3c5-0a28959c37f4 req-4c12c29e-e9a3-4b71-a3c5-0a28959c37f4 ] Request (ListImageFiltersTestJSON:setUpClass): 200 GET http://10.180.1.21/compute/v2.1/images/463862af-1214-4711-b2d4-922d754d7b9d 0.188s
2025-04-19 14:55:30.226 69939 INFO tempest.lib.common.rest_client [req-9369881a-9aba-41c9-9442-20393853c9fd req-9369881a-9aba-41c9-9442-20393853c9fd ] Request (ServerMetadataTestJSON:tearDownClass): 200 GET http://10.180.1.21/compute/v2.1/servers/63601191-17ad-4e58-ab82-be3decc8c167 0.257s
2025-04-19 14:55:30.325 69901 INFO tempest.lib.common.rest_client [req-a6518261-c2f0-4f6b-b7d2-161f60b1a9b0 req-a6518261-c2f0-4f6b-b7d2-161f60b1a9b0 ] Request (ServersListShow2100Test:tearDownClass): 200 GET http://10.180.1.21/compute/v2.1/servers/c9b37ee9-924e-4a1a-aa27-0c8632c42cce 0.228s
2025-04-19 14:55:30.350 69931 WARNING tempest.lib.common.ssh [-] Failed to establish authenticated ssh connection to cirros@10.180.180.241 ([Errno None] Unable to connect to port 22 on 10.180.180.241). Number attempts: 6. Retry after 7 seconds.: paramiko.ssh_exception.NoValidConnectionsError: [Errno None] Unable to connect to port 22 on 10.180.180.241
2025-04-19 14:55:30.390 69926 INFO tempest.lib.common.rest_client [req-c6cac3c8-3cc7-435d-be87-94491509e346 req-c6cac3c8-3cc7-435d-be87-94491509e346 ] Request (ServersListShow298Test:test_list_show_update_rebuild_server_298): 200 GET http://10.180.1.21/compute/v2.1/servers/1aa126ff-b673-49e5-a945-4f32fc7c92e2 0.231s
2025-04-19 14:55:30.435 69935 INFO tempest.lib.common.rest_client [req-dc116cdd-48cb-4ad7-870a-c537850150e1 req-dc116cdd-48cb-4ad7-870a-c537850150e1 ] Request (MigrationsAdminTest:test_list_migrations_in_flavor_resize_situation): 200 GET http://10.180.1.21/compute/v2.1/servers/1cb12eb8-8e6e-4513-8408-18afd328e053 0.324s
2025-04-19 14:55:30.471 69919 INFO tempest.lib.common.rest_client [req-0fe97714-0e60-458c-b16c-450d9482622f req-0fe97714-0e60-458c-b16c-450d9482622f ] Request (ServersAdmin275Test:tearDownClass): 200 GET http://10.180.1.21/compute/v2.1/servers/e5e667e1-f834-442e-82eb-f1ee771ac463 0.273s
2025-04-19 14:55:30.537 69951 INFO tempest.lib.common.rest_client [req-d32f5442-140b-4aec-9968-e7df5a3626f9 req-d32f5442-140b-4aec-9968-e7df5a3626f9 ] Request (ImagesNegativeTestJSON:tearDownClass): 204 DELETE http://10.180.1.21:9696/networking/v2.0/routers/62ab21d3-2b08-4fe2-a40c-caf2d6698c78 0.440s
2025-04-19 14:55:30.543 69949 INFO tempest.lib.common.rest_client [req-90138081-bd3e-457b-aba0-e6ceba333f8f req-90138081-bd3e-457b-aba0-e6ceba333f8f ] Request (ServersTestManualDisk:tearDownClass): 200 GET http://10.180.1.21/compute/v2.1/servers/c5b37706-5ac2-4539-b5d8-7f0dccd4657d 0.310s
2025-04-19 14:55:30.545 69937 INFO tempest.lib.common.rest_client [req-92586fea-1270-404b-bbac-b3a7bf66e799 req-92586fea-1270-404b-bbac-b3a7bf66e799 ] Request (AttachInterfacesTestJSON:_run_cleanups): 200 GET http://10.180.1.21/compute/v2.1/servers/72bb6d82-5ec5-4a20-9599-e4bd68b25d74 0.272s
2025-04-19 14:55:30.647 69923 INFO tempest.lib.common.rest_client [req-2be95d48-c4fb-47f6-9ab5-3935d272dfe2 req-2be95d48-c4fb-47f6-9ab5-3935d272dfe2 ] Request (ServerDiagnosticsNegativeTest:tearDownClass): 200 GET http://10.180.1.21/compute/v2.1/servers/ce489b44-ae3c-48a2-a77e-5ca07e26b193 0.291s
2025-04-19 14:55:30.678 69903 INFO tempest.lib.common.rest_client [req-45ed9888-bc3b-484c-80de-f084b63e927e req-45ed9888-bc3b-484c-80de-f084b63e927e ] Request (VolumesAdminNegativeTest:test_update_attached_volume_with_nonexistent_volume_in_body): 200 GET http://10.180.1.21/compute/v2.1/servers/a370afe3-c2f8-432a-a526-81426d935a9c 0.354s
2025-04-19 14:55:30.695 69951 INFO tempest.lib.common.rest_client [req-1e2ce737-8a5f-441a-a2a6-ffe487e14415 req-1e2ce737-8a5f-441a-a2a6-ffe487e14415 ] Request (ImagesNegativeTestJSON:tearDownClass): 204 DELETE http://10.180.1.21:9696/networking/v2.0/subnets/11b90168-7441-4fe2-9425-4fd74ab5eeaf 0.158s
2025-04-19 14:55:30.722 69941 INFO tempest.lib.common.rest_client [req-e28370b4-feac-4bd4-8162-4306d40bcb18 req-e28370b4-feac-4bd4-8162-4306d40bcb18 ] Request (ImagesTestJSON:test_create_image_from_suspended_server): 200 GET http://10.180.1.21/compute/v2.1/servers/f982cd1a-f5e6-4417-b970-96d5327c84d1 0.300s
2025-04-19 14:55:30.742 69959 INFO tempest.lib.common.rest_client [req-a8521fff-0df6-4729-a7a9-db0b8d192099 req-a8521fff-0df6-4729-a7a9-db0b8d192099 ] Request (AttachInterfacesV270Test:test_create_get_list_interfaces): 200 GET http://10.180.1.21/compute/v2.1/servers/86790ac3-48f9-4b93-8843-8b1b36383712 0.257s
2025-04-19 14:55:30.790 69927 INFO tempest.lib.common.rest_client [req-a79ce63a-0394-4039-8a3c-cf845f5ed656 req-a79ce63a-0394-4039-8a3c-cf845f5ed656 ] Request (ServerRescueNegativeTestJSON:setUpClass): 200 GET http://10.180.1.21/compute/v2.1/servers/f6ea22c7-5703-4d58-b92a-42febea3bb06 0.260s
2025-04-19 14:55:30.798 69929 INFO tempest.lib.common.rest_client [req-d57d1845-0431-47ff-9785-f81d1dd3c0e2 req-d57d1845-0431-47ff-9785-f81d1dd3c0e2 ] Request (MultipleCreateTestJSON:test_multiple_create): 200 GET http://10.180.1.21/compute/v2.1/servers/16b96f96-39d6-40a8-a45b-8fc0432f310c 0.209s
2025-04-19 14:55:30.861 69945 INFO tempest.lib.common.rest_client [req-cd62f81b-1a40-409c-a7fb-7a1cc9e36c14 req-cd62f81b-1a40-409c-a7fb-7a1cc9e36c14 ] Request (SecurityGroupsTestJSON:test_server_security_groups): 200 GET http://10.180.1.21/compute/v2.1/servers/0983ed9e-3ca6-4a9c-bece-50c7a4d89797 0.207s
2025-04-19 14:55:30.927 69913 INFO tempest.lib.common.rest_client [req-1eca1214-d6ba-425f-bfe4-45b7811f3ffa req-1eca1214-d6ba-425f-bfe4-45b7811f3ffa ] Request (ServersTestMultiNic:_run_cleanups): 200 GET http://10.180.1.21/compute/v2.1/servers/fff8ab88-9879-49bb-a0bb-f3a8d8830201 0.262s
