2025-03-16 13:48:28.478 68961 INFO tempest.lib.common.rest_client [req-2e31c4ae-7933-48b1-8063-f96a160e58e1 req-2e31c4ae-7933-48b1-8063-f96a160e58e1 ] Request (ServersV294TestFqdnHostnames:setUpClass): 200 GET http://10.180.1.21/compute/v2.1/servers/9554d8a9-6914-4833-81b9-5246d5217106 6.595s
2025-03-16 13:48:28.542 68991 INFO tempest.lib.common.rest_client [req-727f8c57-cbd1-4b3f-8a86-13f3e64c38a1 req-727f8c57-cbd1-4b3f-8a86-13f3e64c38a1 ] Request (ServerMetadataTestJSON:setUpClass): 200 GET http://10.180.1.21/compute/v2.1/servers/054d3be2-55c6-4aeb-b3a8-12accde45b9e 6.560s
2025-03-16 13:48:28.607 68993 INFO tempest.lib.common.rest_client [req-2ec7da22-0a84-4206-8df2-97f844f69b6b req-2ec7da22-0a84-4206-8df2-97f844f69b6b ] Request (MigrationsAdminTest:test_list_migrations_in_flavor_resize_situation): 200 GET http://10.180.1.21/compute/v2.1/servers/acbca5be-4f1e-43eb-b5ad-af7e5faed870 6.693s
2025-03-16 13:48:28.625 68993 INFO tempest.common.waiters [-] State transition "RESIZE/resize_migrating" ==> "RESIZE/resize_finish" after 46 second wait
2025-03-16 13:48:28.641 68945 INFO tempest.lib.common.rest_client [req-6a187650-e92e-4318-96e4-64c96bf4d982 req-6a187650-e92e-4318-96e4-64c96bf4d982 ] Request (ServersAdminNegativeTestJSON:tearDownClass): 200 GET http://10.180.1.21/compute/v2.1/servers/a8fff535-2bd4-4e9a-94f1-c1e9da9b6b2e 6.578s
2025-03-16 13:48:28.666 68957 INFO tempest.lib.common.rest_client [req-74239192-5150-44ac-8b7b-5487d13f7b16 req-74239192-5150-44ac-8b7b-5487d13f7b16 ] Request (InstanceActionsNegativeTestJSON:tearDownClass): 404 GET http://10.180.1.21/compute/v2.1/servers/59985f8a-277d-4930-8c47-61161cb531b6 6.506s
2025-03-16 13:48:28.884 68997 INFO tempest.lib.common.rest_client [req-e77e1aa8-ec31-40c5-8f4e-3f4c98f8dcba req-e77e1aa8-ec31-40c5-8f4e-3f4c98f8dcba ] Request (ServersTestMultiNic:test_verify_duplicate_network_nics): 200 GET http://10.180.1.21/compute/v2.1/servers/ef394827-1b6c-43d7-acf7-6bddde9f05a1 6.790s
2025-03-16 13:48:29.174 68947 INFO tempest.lib.common.rest_client [req-621848ae-40a6-4551-8ca9-b32a7ee6d623 req-621848ae-40a6-4551-8ca9-b32a7ee6d623 ] Request (ImagesOneServerTestJSON:test_create_image_specify_multibyte_character_image_name): 200 GET http://10.180.1.21/compute/v2.1/images/8d4fd83f-57a5-460b-bed5-337f30595b75 1.381s
2025-03-16 13:48:29.329 68951 INFO tempest.lib.common.rest_client [req-8a16b9b4-9b7c-4077-aa76-d16bfe86e165 req-8a16b9b4-9b7c-4077-aa76-d16bfe86e165 ] Request (ServerDiskConfigTestJSON:test_rebuild_server_with_manual_disk_config): 200 GET http://10.180.1.21/compute/v2.1/servers/d1ec15c3-dc28-4b64-8277-48d732289a64 0.922s
2025-03-16 13:48:29.377 68973 INFO tempest.lib.common.rest_client [req-c12b857e-173d-43fc-ab5f-91bec2ffbfad req-c12b857e-173d-43fc-ab5f-91bec2ffbfad ] Request (ListImageFiltersTestJSON:setUpClass): 200 GET http://10.180.1.21/compute/v2.1/images/df033e8c-8059-496f-9796-2c681ea071d0 0.584s
2025-03-16 13:48:29.460 68999 INFO tempest.lib.common.rest_client [req-c0016682-24aa-4121-bc41-9ba1cb7b8fe8 req-c0016682-24aa-4121-bc41-9ba1cb7b8fe8 ] Request (ServersAaction247Test:tearDownClass): 200 GET http://10.180.1.21/compute/v2.1/servers/a138922c-a6ed-40e6-bfac-b5647b472eeb 0.586s
2025-03-16 13:48:29.485 69007 INFO tempest.lib.common.rest_client [req-0dfcd834-3781-467a-bb57-e572e08276ef req-0dfcd834-3781-467a-bb57-e572e08276ef ] Request (TenantUsagesTestJSON:tearDownClass): 404 GET http://10.180.1.21/compute/v2.1/servers/02cecd4f-38a7-449c-8422-9b4cb2434407 0.609s
2025-03-16 13:48:29.554 68987 INFO tempest.lib.common.rest_client [req-c411d766-aede-4764-96a6-ef84b5c7968e req-c411d766-aede-4764-96a6-ef84b5c7968e ] Request (ServerActionsTestJSON:setUpClass): 200 GET http://10.180.1.21/compute/v2.1/servers/401f7afd-55f9-40df-8ea7-892c97c15b01 0.625s
2025-03-16 13:48:29.658 69007 INFO tempest.lib.common.rest_client [req-f38da103-6058-43e3-959c-ae6ec6f883fa req-f38da103-6058-43e3-959c-ae6ec6f883fa ] Request (TenantUsagesTestJSON:tearDownClass): 204 DELETE http://10.180.1.21/identity/v3/users/429a38609e0b4c8abb81156c3cdf5392 0.172s
2025-03-16 13:48:29.658 68967 INFO tempest.lib.common.rest_client [req-cc21aef3-f19d-469c-ae9b-dff504fa8ce2 req-cc21aef3-f19d-469c-ae9b-dff504fa8ce2 ] Request (ListServersNegativeTestJSON:setUpClass): 200 GET http://10.180.1.21/compute/v2.1/servers/dd38324c-5574-48d6-b5f7-f59d65605e52 0.715s
2025-03-16 13:48:29.710 68995 INFO tempest.lib.common.rest_client [req-8047e29b-20ae-46e9-a658-af8b29099d1c req-8047e29b-20ae-46e9-a658-af8b29099d1c ] Request (ImagesTestJSON:test_create_image_from_stopped_server): 200 GET http://10.180.1.21/compute/v2.1/images/74db4ad4-c2cf-4849-99fb-34532943bb2d 0.753s
2025-03-16 13:48:29.786 69005 INFO tempest.lib.common.rest_client [req-c847db44-1f5e-4a81-ba14-cb4dc492c696 req-c847db44-1f5e-4a81-ba14-cb4dc492c696 ] Request (ImagesOneServerNegativeTestJSON:_run_cleanups): 200 GET http://10.180.1.21/compute/v2.1/servers/d97f7887-afa4-4707-99dd-ef8376e41103 0.786s
2025-03-16 13:48:29.788 69007 INFO tempest.lib.common.rest_client [req-30b0a3e0-533a-4ed5-bd10-1538e4843586 req-30b0a3e0-533a-4ed5-bd10-1538e4843586 ] Request (TenantUsagesTestJSON:tearDownClass): 204 DELETE http://10.180.1.21/identity/v3/users/f2b77b8d8d06407ab06f337aa7ca73e1 0.129s
2025-03-16 13:48:29.788 69007 INFO tempest.lib.common.dynamic_creds [-] Deleting project and security group for project: 72fea9c2f1ef4e3d8eabebaba8e374f3
2025-03-16 13:48:29.795 69005 INFO tempest.common.waiters [-] State transition "BUILD/scheduling" ==> "BUILD/None" after 24 second wait
2025-03-16 13:48:29.862 69007 INFO tempest.lib.common.rest_client [req-909dfc0c-ce60-4e19-b912-28709b4166c8 req-909dfc0c-ce60-4e19-b912-28709b4166c8 ] Request (TenantUsagesTestJSON:tearDownClass): 201 POST http://10.180.1.21/identity/v3/auth/tokens 0.073s
2025-03-16 13:48:29.869 68971 INFO tempest.lib.common.rest_client [req-53ef7226-f60d-4752-8ce1-c0abdd244aba req-53ef7226-f60d-4752-8ce1-c0abdd244aba ] Request (FloatingIPsAssociationNegativeTestJSON:tearDownClass): 200 GET http://10.180.1.21/compute/v2.1/servers/683ec368-79b8-4bcd-87f2-ac1528f5f8dd 0.840s
2025-03-16 13:48:29.890 68957 INFO tempest.lib.common.rest_client [req-e4deb043-d1f4-43e2-a967-9329c2899342 req-e4deb043-d1f4-43e2-a967-9329c2899342 ] Request (InstanceActionsNegativeTestJSON:tearDownClass): 200 PUT http://10.180.1.21:9696/networking/v2.0/routers/95050ed7-8b9e-432e-8945-033bbd83ffc1/remove_router_interface 1.223s
2025-03-16 13:48:29.939 68955 INFO tempest.lib.common.rest_client [req-065c0607-4351-49bb-9992-e999d87c1243 req-065c0607-4351-49bb-9992-e999d87c1243 ] Request (SecurityGroupsTestJSON:test_server_security_groups): 200 GET http://10.180.1.21/compute/v2.1/servers/420b0636-2a0f-4e54-aec4-ae0083e300e5 0.879s
2025-03-16 13:48:29.976 68949 INFO tempest.lib.common.rest_client [req-08fb2994-e6c5-488a-b23b-df5a53c56d5f req-08fb2994-e6c5-488a-b23b-df5a53c56d5f ] Request (FloatingIPsAssociationTestJSON:test_associate_already_associated_floating_ip): 202 POST http://10.180.1.21/compute/v2.1/servers/7b60bcbc-dc20-4423-aaae-0e1b20127384/action 1.606s
2025-03-16 13:48:29.998 69007 INFO tempest.lib.common.rest_client [req-da8684fb-11fd-48c9-bce2-3eccab895104 req-da8684fb-11fd-48c9-bce2-3eccab895104 ] Request (TenantUsagesTestJSON:tearDownClass): 200 GET http://10.180.1.21:9696/networking/v2.0/security-groups?tenant_id=72fea9c2f1ef4e3d8eabebaba8e374f3&name=default 0.135s
2025-03-16 13:48:30.007 68953 INFO tempest.lib.common.rest_client [req-e0ac333d-6583-49c1-9765-d881cc42f299 req-e0ac333d-6583-49c1-9765-d881cc42f299 ] Request (DeleteServersAdminTestJSON:test_delete_server_while_in_error_state): 200 GET http://10.180.1.21/compute/v2.1/servers/b711c51c-67bc-4485-a3d4-ebfd4db35ae0 0.912s
2025-03-16 13:48:30.039 69001 INFO tempest.lib.common.rest_client [req-d4e426f8-4a92-4ddf-b5be-a7850500c33f req-d4e426f8-4a92-4ddf-b5be-a7850500c33f ] Request (ServerActionsTestOtherA:setUpClass): 200 GET http://10.180.1.21/compute/v2.1/servers/7d63cf7b-7227-4d99-b08c-b7bc56020e1b 0.916s
2025-03-16 13:48:30.113 68981 INFO tempest.lib.common.rest_client [req-8448b9c4-4f26-44bd-a4c5-20478141d10d req-8448b9c4-4f26-44bd-a4c5-20478141d10d ] Request (ImagesNegativeTestJSON:test_create_image_from_deleted_server): 200 GET http://10.180.1.21/compute/v2.1/servers/8ba8e593-f0bc-495d-9c67-a9583e152b70 0.915s
2025-03-16 13:48:30.187 68947 INFO tempest.lib.common.rest_client [req-00e92cbb-d3f3-4cd1-a13a-572d861911a6 req-00e92cbb-d3f3-4cd1-a13a-572d861911a6 ] Request (ImagesOneServerTestJSON:test_create_image_specify_multibyte_character_image_name): 200 GET http://10.180.1.21/compute/v2.1/servers/35dabbb3-7b76-45e6-a060-3a8f65674b68 1.008s
2025-03-16 13:48:30.193 69007 INFO tempest.lib.common.rest_client [req-a7caff90-cdcb-4be6-9045-a3c139512b9a req-a7caff90-cdcb-4be6-9045-a3c139512b9a ] Request (TenantUsagesTestJSON:tearDownClass): 204 DELETE http://10.180.1.21:9696/networking/v2.0/security-groups/1d2301fd-2e15-400f-9db9-11af7b4fd238 0.194s
2025-03-16 13:48:30.197 68951 INFO tempest.lib.common.rest_client [req-4583174b-8ff0-4b88-83a8-3af17ceea2c9 req-4583174b-8ff0-4b88-83a8-3af17ceea2c9 ] Request (ServerDiskConfigTestJSON:test_rebuild_server_with_manual_disk_config): 200 PUT http://10.180.1.21/compute/v2.1/servers/d1ec15c3-dc28-4b64-8277-48d732289a64 0.860s
2025-03-16 13:48:30.262 68991 INFO tempest.lib.common.rest_client [req-5a870bcd-e19c-4251-b1f7-3da47caf6bd1 req-5a870bcd-e19c-4251-b1f7-3da47caf6bd1 ] Request (ServerMetadataTestJSON:setUpClass): 200 GET http://10.180.1.21/compute/v2.1/servers/054d3be2-55c6-4aeb-b3a8-12accde45b9e 0.709s
2025-03-16 13:48:30.278 68961 INFO tempest.lib.common.rest_client [req-45e7b729-c9a1-4ae9-88c4-b074ea1bcc4b req-45e7b729-c9a1-4ae9-88c4-b074ea1bcc4b ] Request (ServersV294TestFqdnHostnames:setUpClass): 200 GET http://10.180.1.21/compute/v2.1/servers/9554d8a9-6914-4833-81b9-5246d5217106 0.788s
2025-03-16 13:48:30.295 69007 INFO tempest.lib.common.rest_client [req-2550237a-f025-4e64-9831-f9451fc97b3d req-2550237a-f025-4e64-9831-f9451fc97b3d ] Request (TenantUsagesTestJSON:tearDownClass): 204 DELETE http://10.180.1.21/identity/v3/projects/72fea9c2f1ef4e3d8eabebaba8e374f3 0.102s
2025-03-16 13:48:30.295 69007 INFO tempest.lib.common.dynamic_creds [-] Deleting project and security group for project: 126fd6975b3d4cc4bcada03fbb030e10
2025-03-16 13:48:30.346 68945 INFO tempest.lib.common.rest_client [req-2a4b2a6b-fcf7-47e5-9f6c-54df9ca2827b req-2a4b2a6b-fcf7-47e5-9f6c-54df9ca2827b ] Request (ServersAdminNegativeTestJSON:tearDownClass): 200 GET http://10.180.1.21/compute/v2.1/servers/a8fff535-2bd4-4e9a-94f1-c1e9da9b6b2e 0.696s
2025-03-16 13:48:30.377 68993 INFO tempest.lib.common.rest_client [req-3c13ad8b-fd2a-4055-a0f1-0f0b6f4719cd req-3c13ad8b-fd2a-4055-a0f1-0f0b6f4719cd ] Request (MigrationsAdminTest:test_list_migrations_in_flavor_resize_situation): 200 GET http://10.180.1.21/compute/v2.1/servers/acbca5be-4f1e-43eb-b5ad-af7e5faed870 0.745s
2025-03-16 13:48:30.383 68995 INFO tempest.lib.common.rest_client [req-164b3bb7-9412-45b1-aa77-e13d83ae1b2c req-164b3bb7-9412-45b1-aa77-e13d83ae1b2c ] Request (ImagesTestJSON:test_create_image_from_stopped_server): 200 GET http://10.180.1.21/compute/v2.1/images/74db4ad4-c2cf-4849-99fb-34532943bb2d 0.669s
2025-03-16 13:48:30.392 68993 INFO tempest.common.waiters [-] State transition "RESIZE/resize_finish" ==> "VERIFY_RESIZE/None" after 48 second wait
2025-03-16 13:48:30.414 68957 INFO tempest.lib.common.rest_client [req-3dd7865a-8b92-400f-a925-676c02fbd24b req-3dd7865a-8b92-400f-a925-676c02fbd24b ] Request (InstanceActionsNegativeTestJSON:tearDownClass): 204 DELETE http://10.180.1.21:9696/networking/v2.0/routers/95050ed7-8b9e-432e-8945-033bbd83ffc1 0.523s
2025-03-16 13:48:30.421 68995 INFO tempest.lib.common.rest_client [req-bbbced93-a3da-460a-9611-25748d25d44f req-bbbced93-a3da-460a-9611-25748d25d44f ] Request (ImagesTestJSON:test_create_image_from_stopped_server): 200 GET http://10.180.1.21/image/v2/images/74db4ad4-c2cf-4849-99fb-34532943bb2d/tasks 0.029s
2025-03-16 13:48:30.577 69007 INFO tempest.lib.common.rest_client [req-84e16c49-4d2e-464b-bd42-b9c6afd9fb04 req-84e16c49-4d2e-464b-bd42-b9c6afd9fb04 ] Request (TenantUsagesTestJSON:tearDownClass): 200 GET http://10.180.1.21:9696/networking/v2.0/security-groups?tenant_id=126fd6975b3d4cc4bcada03fbb030e10&name=default 0.281s
2025-03-16 13:48:30.597 68997 INFO tempest.lib.common.rest_client [req-6650c07d-960b-4ede-ad91-7ac20388e5b1 req-6650c07d-960b-4ede-ad91-7ac20388e5b1 ] Request (ServersTestMultiNic:test_verify_duplicate_network_nics): 200 GET http://10.180.1.21/compute/v2.1/servers/ef394827-1b6c-43d7-acf7-6bddde9f05a1 0.703s
2025-03-16 13:48:30.701 69007 INFO tempest.lib.common.rest_client [req-32a99a57-8375-4be8-b8ba-5d8ab01b54cc req-32a99a57-8375-4be8-b8ba-5d8ab01b54cc ] Request (TenantUsagesTestJSON:tearDownClass): 204 DELETE http://10.180.1.21:9696/networking/v2.0/security-groups/828b4bc3-d378-4da2-82c8-799238db213e 0.123s
2025-03-16 13:48:30.809 68951 INFO tempest.lib.common.rest_client [req-a66c9bfe-0b67-4bfc-9011-a0e856f3269d req-a66c9bfe-0b67-4bfc-9011-a0e856f3269d ] Request (ServerDiskConfigTestJSON:test_rebuild_server_with_manual_disk_config): 200 GET http://10.180.1.21/compute/v2.1/servers/d1ec15c3-dc28-4b64-8277-48d732289a64 0.601s
2025-03-16 13:48:30.819 68957 INFO tempest.lib.common.rest_client [req-ddfbfd2d-dadc-4133-85b9-a67cdfefbb18 req-ddfbfd2d-dadc-4133-85b9-a67cdfefbb18 ] Request (InstanceActionsNegativeTestJSON:tearDownClass): 204 DELETE http://10.180.1.21:9696/networking/v2.0/subnets/bb475461-1486-45b1-93d1-8c3558085956 0.405s
2025-03-16 13:48:30.849 68973 INFO tempest.lib.common.rest_client [req-dc552bee-45f3-4277-ae05-54a74f75f4ba req-dc552bee-45f3-4277-ae05-54a74f75f4ba ] Request (ListImageFiltersTestJSON:setUpClass): 200 GET http://10.180.1.21/compute/v2.1/images/df033e8c-8059-496f-9796-2c681ea071d0 0.466s
2025-03-16 13:48:30.865 69007 INFO tempest.lib.common.rest_client [req-b85e51f0-5cc7-4a38-89c0-4e6f3176e061 req-b85e51f0-5cc7-4a38-89c0-4e6f3176e061 ] Request (TenantUsagesTestJSON:tearDownClass): 204 DELETE http://10.180.1.21/identity/v3/projects/126fd6975b3d4cc4bcada03fbb030e10 0.163s
2025-03-16 13:48:30.917 68993 INFO tempest.lib.common.rest_client [req-5c30acf9-f7d4-44ec-9086-cf4c05e86fcd req-5c30acf9-f7d4-44ec-9086-cf4c05e86fcd ] Request (MigrationsAdminTest:test_list_migrations_in_flavor_resize_situation): 204 POST http://10.180.1.21/compute/v2.1/servers/acbca5be-4f1e-43eb-b5ad-af7e5faed870/action 0.524s
2025-03-16 13:48:30.950 69007 INFO tempest.lib.common.rest_client [req-710d50eb-97e1-4bc3-a0c7-a936e54e6513 req-710d50eb-97e1-4bc3-a0c7-a936e54e6513 ] Request (ServersTestBootFromVolume:setUpClass): 201 POST http://10.180.1.21/identity/v3/auth/tokens 0.082s
2025-03-16 13:48:30.983 69007 INFO tempest.lib.common.rest_client [req-0a205dda-5433-4f05-9c2e-95d96d915657 req-0a205dda-5433-4f05-9c2e-95d96d915657 ] Request (ServersTestBootFromVolume:setUpClass): 201 POST http://10.180.1.21/identity/v3/auth/tokens 0.031s
2025-03-16 13:48:31.011 69007 INFO tempest.lib.common.rest_client [req-277e2a84-c435-4174-8f7a-8154db8619df req-277e2a84-c435-4174-8f7a-8154db8619df ] Request (ServersTestBootFromVolume:setUpClass): 200 GET http://10.180.1.21/identity/v3/domains?name=Default 0.027s
2025-03-16 13:48:31.030 68995 INFO tempest.lib.common.rest_client [req-5f458da6-3858-4abc-8537-babfc270db36 req-5f458da6-3858-4abc-8537-babfc270db36 ] Request (ImagesTestJSON:_run_cleanups): 204 DELETE http://10.180.1.21/compute/v2.1/images/74db4ad4-c2cf-4849-99fb-34532943bb2d 0.607s
2025-03-16 13:48:31.042 69007 INFO tempest.lib.common.rest_client [req-7c0934b9-2140-43ed-bb29-0c2124ee9046 req-7c0934b9-2140-43ed-bb29-0c2124ee9046 ] Request (ServersTestBootFromVolume:setUpClass): 201 POST http://10.180.1.21/identity/v3/projects 0.030s
2025-03-16 13:48:31.107 68999 INFO tempest.lib.common.rest_client [req-9dd987c7-8559-4b85-849d-6326e7962896 req-9dd987c7-8559-4b85-849d-6326e7962896 ] Request (ServersAaction247Test:tearDownClass): 200 GET http://10.180.1.21/compute/v2.1/servers/a138922c-a6ed-40e6-bfac-b5647b472eeb 0.635s
2025-03-16 13:48:31.109 69007 INFO tempest.lib.common.rest_client [req-43df9223-c81f-4b92-b81d-a97af11af527 req-43df9223-c81f-4b92-b81d-a97af11af527 ] Request (ServersTestBootFromVolume:setUpClass): 201 POST http://10.180.1.21/identity/v3/users 0.067s
2025-03-16 13:48:31.137 69007 INFO tempest.lib.common.rest_client [req-37250ef3-5769-4d56-abd0-3bbbd709dc51 req-37250ef3-5769-4d56-abd0-3bbbd709dc51 ] Request (ServersTestBootFromVolume:setUpClass): 200 GET http://10.180.1.21/identity/v3/roles 0.027s
2025-03-16 13:48:31.167 68987 INFO tempest.lib.common.rest_client [req-83bcd895-9102-481f-80d0-c0297e947b40 req-83bcd895-9102-481f-80d0-c0297e947b40 ] Request (ServerActionsTestJSON:setUpClass): 200 GET http://10.180.1.21/compute/v2.1/servers/401f7afd-55f9-40df-8ea7-892c97c15b01 0.599s
2025-03-16 13:48:31.183 69007 INFO tempest.lib.common.rest_client [req-4c36df20-ed88-43d8-b555-7a2d7257213b req-4c36df20-ed88-43d8-b555-7a2d7257213b ] Request (ServersTestBootFromVolume:setUpClass): 204 PUT http://10.180.1.21/identity/v3/projects/0ce80c6953af46e8814364f6b9dbaf8f/users/26ab4a3c72254f25ac7d19dcba378535/roles/6594a047acdb47e8b9858bd488fc3e7d 0.046s
2025-03-16 13:48:31.184 69007 INFO tempest.lib.common.dynamic_creds [-] Dynamic test user 26ab4a3c72254f25ac7d19dcba378535 is created with scope project and roles: ['member']
2025-03-16 13:48:31.184 69007 INFO tempest.lib.common.dynamic_creds [-] Acquired dynamic creds: credentials: Credentials: {'domain_id': 'default', 'domain_name': 'Default', 'username': 'tempest-ServersTestBootFromVolume-1850351980-project-member', 'project_domain_id': 'default', 'project_domain_name': 'Default', 'project_id': '0ce80c6953af46e8814364f6b9dbaf8f', 'project_name': 'tempest-ServersTestBootFromVolume-1850351980', 'tenant_id': '0ce80c6953af46e8814364f6b9dbaf8f', 'tenant_name': 'tempest-ServersTestBootFromVolume-1850351980', 'user_domain_id': 'default', 'user_domain_name': 'Default', 'user_id': '26ab4a3c72254f25ac7d19dcba378535', 'system': None}, Network: None, Subnet: None, Router: None
2025-03-16 13:48:31.227 68967 INFO tempest.lib.common.rest_client [req-864ac2ac-9f07-4802-8da7-38c1411177cc req-864ac2ac-9f07-4802-8da7-38c1411177cc ] Request (ListServersNegativeTestJSON:setUpClass): 200 GET http://10.180.1.21/compute/v2.1/servers/dd38324c-5574-48d6-b5f7-f59d65605e52 0.558s
2025-03-16 13:48:31.244 69007 INFO tempest.lib.common.rest_client [req-92c9f9ad-1eb8-4d17-92b0-c463a7c5419e req-92c9f9ad-1eb8-4d17-92b0-c463a7c5419e ] Request (ServersTestBootFromVolume:setUpClass): 201 POST http://10.180.1.21/identity/v3/auth/tokens 0.059s
2025-03-16 13:48:31.332 69005 INFO tempest.lib.common.rest_client [req-d219200e-4d2d-47da-a6cd-ae5ded820db0 req-d219200e-4d2d-47da-a6cd-ae5ded820db0 ] Request (ImagesOneServerNegativeTestJSON:_run_cleanups): 200 GET http://10.180.1.21/compute/v2.1/servers/d97f7887-afa4-4707-99dd-ef8376e41103 0.535s
2025-03-16 13:48:31.463 68951 INFO tempest.lib.common.rest_client [req-47300847-2c86-429e-853b-08f32c24c888 req-47300847-2c86-429e-853b-08f32c24c888 ] Request (ServerDiskConfigTestJSON:test_rebuild_server_with_manual_disk_config): 200 GET http://10.180.1.21/compute/v2.1/servers/d1ec15c3-dc28-4b64-8277-48d732289a64 0.639s
2025-03-16 13:48:31.464 68957 INFO tempest.lib.common.rest_client [req-2bedc2a0-46cd-40cf-bbd2-77f6264ee5ed req-2bedc2a0-46cd-40cf-bbd2-77f6264ee5ed ] Request (InstanceActionsNegativeTestJSON:tearDownClass): 204 DELETE http://10.180.1.21:9696/networking/v2.0/networks/72469945-7c95-4b01-8b3e-bb05630e0b30 0.644s
2025-03-16 13:48:31.534 68971 INFO tempest.lib.common.rest_client [req-1f3eaf81-f500-4f32-a028-fb0fd6015a1f req-1f3eaf81-f500-4f32-a028-fb0fd6015a1f ] Request (FloatingIPsAssociationNegativeTestJSON:tearDownClass): 200 GET http://10.180.1.21/compute/v2.1/servers/683ec368-79b8-4bcd-87f2-ac1528f5f8dd 0.654s
2025-03-16 13:48:31.552 68957 INFO tempest.lib.common.rest_client [req-bb741d3d-ecfc-443a-aa1b-cf6adbc6c877 req-bb741d3d-ecfc-443a-aa1b-cf6adbc6c877 ] Request (InstanceActionsNegativeTestJSON:tearDownClass): 204 DELETE http://10.180.1.21/identity/v3/users/79fad3218af849e6a61ed1904ad8f77d 0.088s
2025-03-16 13:48:31.552 68957 INFO tempest.lib.common.dynamic_creds [-] Deleting project and security group for project: 517ac7e9919047f5b63ac43d040c640d
2025-03-16 13:48:31.589 68957 INFO tempest.lib.common.rest_client [req-d7385635-c576-4da8-844f-2060e699855e req-d7385635-c576-4da8-844f-2060e699855e ] Request (InstanceActionsNegativeTestJSON:tearDownClass): 200 GET http://10.180.1.21:9696/networking/v2.0/security-groups?tenant_id=517ac7e9919047f5b63ac43d040c640d&name=default 0.037s
2025-03-16 13:48:31.656 69007 INFO tempest.lib.common.rest_client [req-09cecbe0-bdd1-422d-83c7-4ef47f819d48 req-09cecbe0-bdd1-422d-83c7-4ef47f819d48 ] Request (ServersTestBootFromVolume:setUpClass): 201 POST http://10.180.1.21:9696/networking/v2.0/networks 0.412s
2025-03-16 13:48:31.740 68993 INFO tempest.lib.common.rest_client [req-a9cdf1fc-cdad-424d-a096-a7bcdfd32184 req-a9cdf1fc-cdad-424d-a096-a7bcdfd32184 ] Request (MigrationsAdminTest:test_list_migrations_in_flavor_resize_situation): 200 GET http://10.180.1.21/compute/v2.1/servers/acbca5be-4f1e-43eb-b5ad-af7e5faed870 0.823s
2025-03-16 13:48:31.779 68957 INFO tempest.lib.common.rest_client [req-0061acc8-71a9-42d8-a435-e504beaeff60 req-0061acc8-71a9-42d8-a435-e504beaeff60 ] Request (InstanceActionsNegativeTestJSON:tearDownClass): 204 DELETE http://10.180.1.21:9696/networking/v2.0/security-groups/a7bdb5a4-a0ea-4cea-b849-59115071eb54 0.189s
2025-03-16 13:48:31.810 68955 INFO tempest.lib.common.rest_client [req-bdbf06e0-0683-4e57-92e9-fde5a8ba57a4 req-bdbf06e0-0683-4e57-92e9-fde5a8ba57a4 ] Request (SecurityGroupsTestJSON:test_server_security_groups): 200 GET http://10.180.1.21/compute/v2.1/servers/420b0636-2a0f-4e54-aec4-ae0083e300e5 0.861s
2025-03-16 13:48:31.861 69007 INFO tempest.lib.common.rest_client [req-41e6a991-83b9-4e9d-961f-931f4ea42c62 req-41e6a991-83b9-4e9d-961f-931f4ea42c62 ] Request (ServersTestBootFromVolume:setUpClass): 201 POST http://10.180.1.21:9696/networking/v2.0/subnets 0.204s
2025-03-16 13:48:31.881 68953 INFO tempest.lib.common.rest_client [req-9ca6222f-c6b4-4d05-b967-af0fb8c91695 req-9ca6222f-c6b4-4d05-b967-af0fb8c91695 ] Request (DeleteServersAdminTestJSON:test_delete_server_while_in_error_state): 200 GET http://10.180.1.21/compute/v2.1/servers/b711c51c-67bc-4485-a3d4-ebfd4db35ae0 0.862s
2025-03-16 13:48:31.914 68957 INFO tempest.lib.common.rest_client [req-c4421683-7de1-4e9b-8ffd-24f889648a9e req-c4421683-7de1-4e9b-8ffd-24f889648a9e ] Request (InstanceActionsNegativeTestJSON:tearDownClass): 204 DELETE http://10.180.1.21/identity/v3/projects/517ac7e9919047f5b63ac43d040c640d 0.133s
2025-03-16 13:48:31.969 68995 INFO tempest.lib.common.rest_client [req-371d47ae-8979-487d-b6c4-dc9b4a737b02 req-371d47ae-8979-487d-b6c4-dc9b4a737b02 ] Request (ImagesTestJSON:_run_cleanups): 204 DELETE http://10.180.1.21/compute/v2.1/servers/c5649df0-b209-49ed-8816-67691d515acc 0.939s
2025-03-16 13:48:31.998 68957 INFO tempest.lib.common.rest_client [req-85858fea-e1d2-4648-a0c8-44220f3e6d56 req-85858fea-e1d2-4648-a0c8-44220f3e6d56 ] Request (ServerRescueNegativeTestJSON:setUpClass): 201 POST http://10.180.1.21/identity/v3/auth/tokens 0.082s
2025-03-16 13:48:32.031 69001 INFO tempest.lib.common.rest_client [req-e041e3cd-f570-4f8e-98f9-db700f814497 req-e041e3cd-f570-4f8e-98f9-db700f814497 ] Request (ServerActionsTestOtherA:setUpClass): 200 GET http://10.180.1.21/compute/v2.1/servers/7d63cf7b-7227-4d99-b08c-b7bc56020e1b 0.982s
2025-03-16 13:48:32.034 68957 INFO tempest.lib.common.rest_client [req-92871812-a0ef-4c60-b3d0-92f29d1c07f3 req-92871812-a0ef-4c60-b3d0-92f29d1c07f3 ] Request (ServerRescueNegativeTestJSON:setUpClass): 201 POST http://10.180.1.21/identity/v3/auth/tokens 0.033s
2025-03-16 13:48:32.054 68995 INFO tempest.lib.common.rest_client [req-ba2bb4ad-3276-4d5c-9006-5c7d34a4478f req-ba2bb4ad-3276-4d5c-9006-5c7d34a4478f ] Request (ImagesTestJSON:test_create_image_from_suspended_server): 201 POST http://10.180.1.21/identity/v3/auth/tokens 0.080s
2025-03-16 13:48:32.054 68995 INFO tempest.lib.common.fixed_network [-] (ImagesTestJSON:test_create_image_from_suspended_server) Found network {'id': '60ad20a7-2d31-40c9-8abf-ade15825e519', 'name': 'tempest-ImagesTestJSON-414593193-network', 'tenant_id': '2f5cdc528c2243938b69ff15a105ecce', 'admin_state_up': True, 'mtu': 8950, 'status': 'ACTIVE', 'subnets': [], 'shared': False, 'project_id': '2f5cdc528c2243938b69ff15a105ecce', 'port_security_enabled': True, 'router:external': False, 'provider:network_type': 'vlan', 'provider:physical_network': 'default', 'provider:segmentation_id': 620, 'availability_zone_hints': [], 'availability_zones': [], 'ipv4_address_scope': None, 'ipv6_address_scope': None, 'description': '', 'tags': [], 'created_at': '2025-03-16T13:47:04Z', 'updated_at': '2025-03-16T13:47:04Z', 'revision_number': 1} available for tenant
2025-03-16 13:48:32.065 68957 INFO tempest.lib.common.rest_client [req-400344b8-2a16-4cbc-8289-7d816bddb22d req-400344b8-2a16-4cbc-8289-7d816bddb22d ] Request (ServerRescueNegativeTestJSON:setUpClass): 200 GET http://10.180.1.21/identity/v3/domains?name=Default 0.031s
2025-03-16 13:48:32.100 68957 INFO tempest.lib.common.rest_client [req-b464be6f-dd1b-44a9-b5da-2dd14ad33725 req-b464be6f-dd1b-44a9-b5da-2dd14ad33725 ] Request (ServerRescueNegativeTestJSON:setUpClass): 201 POST http://10.180.1.21/identity/v3/projects 0.035s
2025-03-16 13:48:32.102 68981 INFO tempest.lib.common.rest_client [req-79a29cf5-d512-477e-81ec-8ba155bac1a8 req-79a29cf5-d512-477e-81ec-8ba155bac1a8 ] Request (ImagesNegativeTestJSON:test_create_image_from_deleted_server): 200 GET http://10.180.1.21/compute/v2.1/servers/8ba8e593-f0bc-495d-9c67-a9583e152b70 0.979s
2025-03-16 13:48:32.184 68957 INFO tempest.lib.common.rest_client [req-9158cc89-8afa-4d62-8a32-28ef53d4aaeb req-9158cc89-8afa-4d62-8a32-28ef53d4aaeb ] Request (ServerRescueNegativeTestJSON:setUpClass): 201 POST http://10.180.1.21/identity/v3/users 0.083s
2025-03-16 13:48:32.215 68957 INFO tempest.lib.common.rest_client [req-a26e8eaa-0f2f-4d81-915e-9da3f15b1f83 req-a26e8eaa-0f2f-4d81-915e-9da3f15b1f83 ] Request (ServerRescueNegativeTestJSON:setUpClass): 200 GET http://10.180.1.21/identity/v3/roles 0.030s
2025-03-16 13:48:32.251 68957 INFO tempest.lib.common.rest_client [req-758666db-9d60-4dc8-8714-7a722c8d08e1 req-758666db-9d60-4dc8-8714-7a722c8d08e1 ] Request (ServerRescueNegativeTestJSON:setUpClass): 204 PUT http://10.180.1.21/identity/v3/projects/204ffe04b4334ff28ad9a3c77246ce4f/users/09f509a348e244e68e979db65be7d6ac/roles/6594a047acdb47e8b9858bd488fc3e7d 0.036s
2025-03-16 13:48:32.252 68957 INFO tempest.lib.common.dynamic_creds [-] Dynamic test user 09f509a348e244e68e979db65be7d6ac is created with scope project and roles: ['member']
2025-03-16 13:48:32.252 68957 INFO tempest.lib.common.dynamic_creds [-] Acquired dynamic creds: credentials: Credentials: {'domain_id': 'default', 'domain_name': 'Default', 'username': 'tempest-ServerRescueNegativeTestJSON-1810634604-project-member', 'project_domain_id': 'default', 'project_domain_name': 'Default', 'project_id': '204ffe04b4334ff28ad9a3c77246ce4f', 'project_name': 'tempest-ServerRescueNegativeTestJSON-1810634604', 'tenant_id': '204ffe04b4334ff28ad9a3c77246ce4f', 'tenant_name': 'tempest-ServerRescueNegativeTestJSON-1810634604', 'user_domain_id': 'default', 'user_domain_name': 'Default', 'user_id': '09f509a348e244e68e979db65be7d6ac', 'system': None}, Network: None, Subnet: None, Router: None
2025-03-16 13:48:32.318 68947 INFO tempest.lib.common.rest_client [req-0213546f-5127-4a64-800e-3a91f690dd20 req-0213546f-5127-4a64-800e-3a91f690dd20 ] Request (ImagesOneServerTestJSON:test_create_image_specify_multibyte_character_image_name): 200 GET http://10.180.1.21/compute/v2.1/servers/35dabbb3-7b76-45e6-a060-3a8f65674b68 1.112s
2025-03-16 13:48:32.326 68947 INFO tempest.common.waiters [-] State transition "ACTIVE/image_uploading" ==> "ACTIVE/None" after 2 second wait
2025-03-16 13:48:32.329 68957 INFO tempest.lib.common.rest_client [req-e1a5c762-106b-4b0b-b26b-f4ce362179c6 req-e1a5c762-106b-4b0b-b26b-f4ce362179c6 ] Request (ServerRescueNegativeTestJSON:setUpClass): 201 POST http://10.180.1.21/identity/v3/auth/tokens 0.077s
2025-03-16 13:48:32.388 68991 INFO tempest.lib.common.rest_client [req-92cc5b6a-ee3d-4860-8d86-5910fc3333c9 req-92cc5b6a-ee3d-4860-8d86-5910fc3333c9 ] Request (ServerMetadataTestJSON:setUpClass): 200 GET http://10.180.1.21/compute/v2.1/servers/054d3be2-55c6-4aeb-b3a8-12accde45b9e 1.114s
2025-03-16 13:48:32.478 68961 INFO tempest.lib.common.rest_client [req-08c76de9-e19a-468b-a65e-24bffc6e1f99 req-08c76de9-e19a-468b-a65e-24bffc6e1f99 ] Request (ServersV294TestFqdnHostnames:setUpClass): 200 GET http://10.180.1.21/compute/v2.1/servers/9554d8a9-6914-4833-81b9-5246d5217106 1.189s
2025-03-16 13:48:32.569 68945 INFO tempest.lib.common.rest_client [req-8c317b5d-908b-4487-9b60-9517e930ce76 req-8c317b5d-908b-4487-9b60-9517e930ce76 ] Request (ServersAdminNegativeTestJSON:tearDownClass): 200 GET http://10.180.1.21/compute/v2.1/servers/a8fff535-2bd4-4e9a-94f1-c1e9da9b6b2e 1.211s
2025-03-16 13:48:32.745 68951 INFO tempest.lib.common.rest_client [req-302ce0ed-88fd-4600-afa1-a0f9f7f5d5f3 req-302ce0ed-88fd-4600-afa1-a0f9f7f5d5f3 ] Request (ServerDiskConfigTestJSON:test_rebuild_server_with_manual_disk_config): 202 POST http://10.180.1.21/compute/v2.1/servers/d1ec15c3-dc28-4b64-8277-48d732289a64/action 1.274s
2025-03-16 13:48:32.783 68957 INFO tempest.lib.common.rest_client [req-5f296f09-e5c0-4e21-a50b-75f3e860dbbf req-5f296f09-e5c0-4e21-a50b-75f3e860dbbf ] Request (ServerRescueNegativeTestJSON:setUpClass): 201 POST http://10.180.1.21:9696/networking/v2.0/networks 0.454s
2025-03-16 13:48:32.898 69007 INFO tempest.lib.common.rest_client [req-57326f95-31a4-4359-b402-458db4650a4f req-57326f95-31a4-4359-b402-458db4650a4f ] Request (ServersTestBootFromVolume:setUpClass): 201 POST http://10.180.1.21:9696/networking/v2.0/routers 1.037s
2025-03-16 13:48:32.984 68997 INFO tempest.lib.common.rest_client [req-15a7485a-3b1c-45a5-b2bd-a900b4007aef req-15a7485a-3b1c-45a5-b2bd-a900b4007aef ] Request (ServersTestMultiNic:test_verify_duplicate_network_nics): 200 GET http://10.180.1.21/compute/v2.1/servers/ef394827-1b6c-43d7-acf7-6bddde9f05a1 1.377s
2025-03-16 13:48:33.026 68973 INFO tempest.lib.common.rest_client [req-32a35397-5e36-4783-9a2c-968b2f797c19 req-32a35397-5e36-4783-9a2c-968b2f797c19 ] Request (ListImageFiltersTestJSON:setUpClass): 200 GET http://10.180.1.21/compute/v2.1/images/df033e8c-8059-496f-9796-2c681ea071d0 1.168s
2025-03-16 13:48:33.122 68949 INFO tempest.lib.common.rest_client [req-1e945fc4-e975-418f-8fac-8603c5954c39 req-1e945fc4-e975-418f-8fac-8603c5954c39 ] Request (FloatingIPsAssociationTestJSON:test_associate_already_associated_floating_ip): 202 POST http://10.180.1.21/compute/v2.1/servers/d7b3a786-75c2-4512-9a54-2fabaca08b9c/action 3.145s
2025-03-16 13:48:33.237 68999 INFO tempest.lib.common.rest_client [req-38862594-c1ce-40a0-b15f-0abff03ae609 req-38862594-c1ce-40a0-b15f-0abff03ae609 ] Request (ServersAaction247Test:tearDownClass): 200 GET http://10.180.1.21/compute/v2.1/servers/a138922c-a6ed-40e6-bfac-b5647b472eeb 1.116s
2025-03-16 13:48:33.237 68985 WARNING tempest.lib.common.ssh [-] Failed to establish authenticated ssh connection to cirros@10.180.180.216 ([Errno None] Unable to connect to port 22 on 10.180.180.216). Number attempts: 10. Retry after 11 seconds.: paramiko.ssh_exception.NoValidConnectionsError: [Errno None] Unable to connect to port 22 on 10.180.180.216
2025-03-16 13:48:33.334 68987 INFO tempest.lib.common.rest_client [req-51071df9-79e5-4091-b462-1e2020529248 req-51071df9-79e5-4091-b462-1e2020529248 ] Request (ServerActionsTestJSON:setUpClass): 200 GET http://10.180.1.21/compute/v2.1/servers/401f7afd-55f9-40df-8ea7-892c97c15b01 1.157s
2025-03-16 13:48:33.396 68957 INFO tempest.lib.common.rest_client [req-3f9163c9-e18d-4a5f-943d-456a7a65ef05 req-3f9163c9-e18d-4a5f-943d-456a7a65ef05 ] Request (ServerRescueNegativeTestJSON:setUpClass): 201 POST http://10.180.1.21:9696/networking/v2.0/subnets 0.612s
2025-03-16 13:48:33.571 68967 INFO tempest.lib.common.rest_client [req-f3a9c7c1-52e8-43fe-8531-8e58267b179f req-f3a9c7c1-52e8-43fe-8531-8e58267b179f ] Request (ListServersNegativeTestJSON:setUpClass): 200 GET http://10.180.1.21/compute/v2.1/servers/dd38324c-5574-48d6-b5f7-f59d65605e52 1.333s
2025-03-16 13:48:33.579 68967 INFO tempest.common.waiters [-] State transition "BUILD/None" ==> "BUILD/spawning" after 72 second wait
2025-03-16 13:48:33.676 68995 INFO tempest.lib.common.rest_client [req-aa1c5c48-6d2c-4aa0-bd78-8e0527f3aebc req-aa1c5c48-6d2c-4aa0-bd78-8e0527f3aebc ] Request (ImagesTestJSON:test_create_image_from_suspended_server): 202 POST http://10.180.1.21/compute/v2.1/servers 1.621s
2025-03-16 13:48:33.741 69005 INFO tempest.lib.common.rest_client [req-f8f05eab-e085-4639-a00e-0ac553e34b09 req-f8f05eab-e085-4639-a00e-0ac553e34b09 ] Request (ImagesOneServerNegativeTestJSON:_run_cleanups): 200 GET http://10.180.1.21/compute/v2.1/servers/d97f7887-afa4-4707-99dd-ef8376e41103 1.394s
2025-03-16 13:48:33.758 68947 INFO tempest.lib.common.rest_client [req-bba642ce-510e-481b-b2eb-e6295aa376d2 req-bba642ce-510e-481b-b2eb-e6295aa376d2 ] Request (ImagesOneServerTestJSON:tearDownClass): 204 DELETE http://10.180.1.21/compute/v2.1/images/8d4fd83f-57a5-460b-bed5-337f30595b75 1.429s
2025-03-16 13:48:33.837 68971 INFO tempest.lib.common.rest_client [req-e74ad6d9-caec-4d6e-9235-29e04632899b req-e74ad6d9-caec-4d6e-9235-29e04632899b ] Request (FloatingIPsAssociationNegativeTestJSON:tearDownClass): 200 GET http://10.180.1.21/compute/v2.1/servers/683ec368-79b8-4bcd-87f2-ac1528f5f8dd 1.288s
2025-03-16 13:48:34.048 68993 INFO tempest.lib.common.rest_client [req-2af34a93-c16d-4622-a711-0e208e48e95a req-2af34a93-c16d-4622-a711-0e208e48e95a ] Request (MigrationsAdminTest:test_list_migrations_in_flavor_resize_situation): 200 GET http://10.180.1.21/compute/v2.1/servers/acbca5be-4f1e-43eb-b5ad-af7e5faed870 1.296s
2025-03-16 13:48:34.064 68959 WARNING tempest.lib.common.ssh [-] Failed to establish authenticated ssh connection to cirros@10.180.180.138 ([Errno None] Unable to connect to port 22 on 10.180.180.138). Number attempts: 10. Retry after 11 seconds.: paramiko.ssh_exception.NoValidConnectionsError: [Errno None] Unable to connect to port 22 on 10.180.180.138
2025-03-16 13:48:34.067 68951 INFO tempest.lib.common.rest_client [req-ee343b80-4b3a-4133-9b3e-f1a4156cf60a req-ee343b80-4b3a-4133-9b3e-f1a4156cf60a ] Request (ServerDiskConfigTestJSON:test_rebuild_server_with_manual_disk_config): 200 GET http://10.180.1.21/compute/v2.1/servers/d1ec15c3-dc28-4b64-8277-48d732289a64 1.316s
2025-03-16 13:48:34.117 68955 INFO tempest.lib.common.rest_client [req-a6e7ae4b-0493-4910-94e7-c5ff8411d638 req-a6e7ae4b-0493-4910-94e7-c5ff8411d638 ] Request (SecurityGroupsTestJSON:test_server_security_groups): 200 GET http://10.180.1.21/compute/v2.1/servers/420b0636-2a0f-4e54-aec4-ae0083e300e5 1.297s
2025-03-16 13:48:34.156 68953 INFO tempest.lib.common.rest_client [req-c58c4893-bae6-4398-93db-1ef4b2d4ffe0 req-c58c4893-bae6-4398-93db-1ef4b2d4ffe0 ] Request (DeleteServersAdminTestJSON:test_delete_server_while_in_error_state): 200 GET http://10.180.1.21/compute/v2.1/servers/b711c51c-67bc-4485-a3d4-ebfd4db35ae0 1.263s
2025-03-16 13:48:34.191 69001 INFO tempest.lib.common.rest_client [req-a3317110-3ec0-481a-bebc-6ce1384f016b req-a3317110-3ec0-481a-bebc-6ce1384f016b ] Request (ServerActionsTestOtherA:setUpClass): 200 GET http://10.180.1.21/compute/v2.1/servers/7d63cf7b-7227-4d99-b08c-b7bc56020e1b 1.152s
2025-03-16 13:48:34.223 68981 INFO tempest.lib.common.rest_client [req-b9e8fab3-265b-47d1-8738-54e8bd8c114c req-b9e8fab3-265b-47d1-8738-54e8bd8c114c ] Request (ImagesNegativeTestJSON:test_create_image_from_deleted_server): 200 GET http://10.180.1.21/compute/v2.1/servers/8ba8e593-f0bc-495d-9c67-a9583e152b70 1.110s
2025-03-16 13:48:34.286 68991 INFO tempest.lib.common.rest_client [req-02d996cc-a234-4c12-ae6f-aabd7e862089 req-02d996cc-a234-4c12-ae6f-aabd7e862089 ] Request (ServerMetadataTestJSON:setUpClass): 200 GET http://10.180.1.21/compute/v2.1/servers/054d3be2-55c6-4aeb-b3a8-12accde45b9e 0.889s
2025-03-16 13:48:34.369 68961 INFO tempest.lib.common.rest_client [req-1e351926-9a08-40e3-bfb0-9b69485b3e8e req-1e351926-9a08-40e3-bfb0-9b69485b3e8e ] Request (ServersV294TestFqdnHostnames:setUpClass): 200 GET http://10.180.1.21/compute/v2.1/servers/9554d8a9-6914-4833-81b9-5246d5217106 0.878s
2025-03-16 13:48:34.396 68945 INFO tempest.lib.common.rest_client [req-b987d819-1078-496d-8b1a-a05ad0d7e428 req-b987d819-1078-496d-8b1a-a05ad0d7e428 ] Request (ServersAdminNegativeTestJSON:tearDownClass): 404 GET http://10.180.1.21/compute/v2.1/servers/a8fff535-2bd4-4e9a-94f1-c1e9da9b6b2e 0.814s
2025-03-16 13:48:34.401 69007 INFO tempest.lib.common.rest_client [req-be51b982-93a4-4fa9-982b-fcb8409bd096 req-be51b982-93a4-4fa9-982b-fcb8409bd096 ] Request (ServersTestBootFromVolume:setUpClass): 200 PUT http://10.180.1.21:9696/networking/v2.0/routers/a7714205-4f82-4246-8259-0650cdc73002/add_router_interface 1.502s
2025-03-16 13:48:34.401 69007 INFO tempest.lib.common.dynamic_creds [-] Created isolated network resources for: credentials: Credentials: {'domain_id': 'default', 'domain_name': 'Default', 'username': 'tempest-ServersTestBootFromVolume-1850351980-project-member', 'project_domain_id': 'default', 'project_domain_name': 'Default', 'project_id': '0ce80c6953af46e8814364f6b9dbaf8f', 'project_name': 'tempest-ServersTestBootFromVolume-1850351980', 'tenant_id': '0ce80c6953af46e8814364f6b9dbaf8f', 'tenant_name': 'tempest-ServersTestBootFromVolume-1850351980', 'user_domain_id': 'default', 'user_domain_name': 'Default', 'user_id': '26ab4a3c72254f25ac7d19dcba378535', 'system': None}, Network: {'id': '082e5e4b-23b3-4575-8d8f-51d5258f74fb', 'name': 'tempest-ServersTestBootFromVolume-2048563646-network', 'tenant_id': '0ce80c6953af46e8814364f6b9dbaf8f', 'admin_state_up': True, 'mtu': 8950, 'status': 'ACTIVE', 'subnets': [], 'shared': False, 'project_id': '0ce80c6953af46e8814364f6b9dbaf8f', 'port_security_enabled': True, 'router:external': False, 'provider:network_type': 'vlan', 'provider:physical_network': 'default', 'provider:segmentation_id': 454, 'availability_zone_hints': [], 'availability_zones': [], 'ipv4_address_scope': None, 'ipv6_address_scope': None, 'description': '', 'tags': [], 'created_at': '2025-03-16T13:48:31Z', 'updated_at': '2025-03-16T13:48:31Z', 'revision_number': 1}, Subnet: {'id': '4c470876-10ea-4e0e-bc5d-d8d5ab17eef1', 'name': 'tempest-ServersTestBootFromVolume-2048563646-subnet', 'tenant_id': '0ce80c6953af46e8814364f6b9dbaf8f', 'network_id': '082e5e4b-23b3-4575-8d8f-51d5258f74fb', 'ip_version': 4, 'subnetpool_id': None, 'enable_dhcp': True, 'ipv6_ra_mode': None, 'ipv6_address_mode': None, 'gateway_ip': '192.168.128.1', 'cidr': '192.168.128.0/28', 'allocation_pools': [{'start': '192.168.128.2', 'end': '192.168.128.14'}], 'host_routes': [], 'dns_nameservers': [], 'description': '', 'router:external': False, 'service_types': [], 'tags': [], 'created_at': '2025-03-16T13:48:31Z', 'updated_at': '2025-03-16T13:48:31Z', 'revision_number': 0, 'project_id': '0ce80c6953af46e8814364f6b9dbaf8f'}, Router: {'id': 'a7714205-4f82-4246-8259-0650cdc73002', 'name': 'tempest-ServersTestBootFromVolume-2048563646-router', 'tenant_id': '0ce80c6953af46e8814364f6b9dbaf8f', 'admin_state_up': True, 'status': 'ACTIVE', 'external_gateway_info': {'network_id': '9a960a2e-2448-4235-b33f-c63f59788617', 'external_fixed_ips': [{'subnet_id': 'b8806e08-7b7c-43be-adcf-723aec8d6dd0', 'ip_address': '10.180.180.205'}], 'enable_snat': True}, 'description': '', 'availability_zones': [], 'distributed': False, 'ha': False, 'availability_zone_hints': [], 'routes': [], 'flavor_id': None, 'tags': [], 'created_at': '2025-03-16T13:48:31Z', 'updated_at': '2025-03-16T13:48:32Z', 'revision_number': 2, 'project_id': '0ce80c6953af46e8814364f6b9dbaf8f'}
2025-03-16 13:48:34.476 68995 INFO tempest.lib.common.rest_client [req-5ee78f9c-3d13-49a6-8e05-fa3554d8afeb req-5ee78f9c-3d13-49a6-8e05-fa3554d8afeb ] Request (ImagesTestJSON:test_create_image_from_suspended_server): 200 GET http://10.180.1.21/compute/v2.1/servers/65a95fef-d9f4-4fbc-b735-4af788dc8d5e 0.796s
2025-03-16 13:48:34.508 68947 INFO tempest.lib.common.rest_client [req-02a343ee-8e9a-41f0-aac9-7cf2e72ad5e6 req-02a343ee-8e9a-41f0-aac9-7cf2e72ad5e6 ] Request (ImagesOneServerTestJSON:tearDownClass): 404 DELETE http://10.180.1.21/compute/v2.1/images/56471c24-7f3a-4646-a7a5-516c5b3ea558 0.750s
2025-03-16 13:48:34.541 69007 INFO tempest.lib.common.rest_client [req-48460253-2d1b-4cc0-ab47-d3da9be32a40 req-48460253-2d1b-4cc0-ab47-d3da9be32a40 ] Request (ServersTestBootFromVolume:setUpClass): 201 POST http://10.180.1.21/identity/v3/auth/tokens 0.134s
2025-03-16 13:48:34.585 68949 INFO tempest.lib.common.rest_client [req-730fcf56-6dac-48d7-91c0-ab049fab4fa7 req-730fcf56-6dac-48d7-91c0-ab049fab4fa7 ] Request (FloatingIPsAssociationTestJSON:test_associate_already_associated_floating_ip): 409 POST http://10.180.1.21/compute/v2.1/servers/7b60bcbc-dc20-4423-aaae-0e1b20127384/action 1.463s
2025-03-16 13:48:34.655 68973 INFO tempest.lib.common.rest_client [req-132add5b-3e35-4cee-bc91-a383ad4e520a req-132add5b-3e35-4cee-bc91-a383ad4e520a ] Request (ListImageFiltersTestJSON:setUpClass): 200 GET http://10.180.1.21/compute/v2.1/images/df033e8c-8059-496f-9796-2c681ea071d0 0.623s
2025-03-16 13:48:34.990 68999 INFO tempest.lib.common.rest_client [req-2675ab89-49f5-4abb-8c7e-7494e1100c22 req-2675ab89-49f5-4abb-8c7e-7494e1100c22 ] Request (ServersAaction247Test:tearDownClass): 200 GET http://10.180.1.21/compute/v2.1/servers/a138922c-a6ed-40e6-bfac-b5647b472eeb 0.744s
2025-03-16 13:48:35.079 68987 INFO tempest.lib.common.rest_client [req-5bf9993b-3f0f-4b3c-8923-8cf1958ae58f req-5bf9993b-3f0f-4b3c-8923-8cf1958ae58f ] Request (ServerActionsTestJSON:setUpClass): 200 GET http://10.180.1.21/compute/v2.1/servers/401f7afd-55f9-40df-8ea7-892c97c15b01 0.736s
2025-03-16 13:48:35.092 68979 WARNING tempest.lib.common.ssh [-] Failed to establish authenticated ssh connection to cirros@10.180.180.180 ([Errno None] Unable to connect to port 22 on 10.180.180.180). Number attempts: 4. Retry after 5 seconds.: paramiko.ssh_exception.NoValidConnectionsError: [Errno None] Unable to connect to port 22 on 10.180.180.180
2025-03-16 13:48:35.167 68997 INFO tempest.lib.common.rest_client [req-221f6961-c9d9-4df3-bfba-efc5c23877be req-221f6961-c9d9-4df3-bfba-efc5c23877be ] Request (ServersTestMultiNic:test_verify_duplicate_network_nics): 200 GET http://10.180.1.21/compute/v2.1/servers/ef394827-1b6c-43d7-acf7-6bddde9f05a1 1.175s
2025-03-16 13:48:35.178 68945 INFO tempest.lib.common.rest_client [req-203eb640-1506-40fb-b34c-86fb56395153 req-203eb640-1506-40fb-b34c-86fb56395153 ] Request (ServersAdminNegativeTestJSON:tearDownClass): 204 DELETE http://10.180.1.21/compute/v2.1/servers/f92f4394-a6f9-41cf-973a-a5cc0ecb624f 0.782s
2025-03-16 13:48:35.225 68957 INFO tempest.lib.common.rest_client [req-099d86c8-5a8b-415f-b176-979038580646 req-099d86c8-5a8b-415f-b176-979038580646 ] Request (ServerRescueNegativeTestJSON:setUpClass): 201 POST http://10.180.1.21:9696/networking/v2.0/routers 1.827s
2025-03-16 13:48:35.265 68947 INFO tempest.lib.common.rest_client [req-e8b9241f-7b72-4c3a-884d-1309cb5f7b83 req-e8b9241f-7b72-4c3a-884d-1309cb5f7b83 ] Request (ImagesOneServerTestJSON:tearDownClass): 204 DELETE http://10.180.1.21/compute/v2.1/servers/35dabbb3-7b76-45e6-a060-3a8f65674b68 0.757s
2025-03-16 13:48:35.311 69007 INFO tempest.lib.common.rest_client [req-fa834de8-ad4d-4117-95bc-d965b756d5d9 req-fa834de8-ad4d-4117-95bc-d965b756d5d9 ] Request (ServersTestBootFromVolume:setUpClass): 200 POST http://10.180.1.21/compute/v2.1/os-keypairs 0.767s
2025-03-16 13:48:35.480 68967 INFO tempest.lib.common.rest_client [req-58153615-61d2-4695-9ccd-4311eb51b0f0 req-58153615-61d2-4695-9ccd-4311eb51b0f0 ] Request (ListServersNegativeTestJSON:setUpClass): 200 GET http://10.180.1.21/compute/v2.1/servers/dd38324c-5574-48d6-b5f7-f59d65605e52 0.900s
2025-03-16 13:48:35.568 69005 INFO tempest.lib.common.rest_client [req-ae7f61bd-dd13-4218-9a86-5d965132efef req-ae7f61bd-dd13-4218-9a86-5d965132efef ] Request (ImagesOneServerNegativeTestJSON:_run_cleanups): 200 GET http://10.180.1.21/compute/v2.1/servers/d97f7887-afa4-4707-99dd-ef8376e41103 0.816s
2025-03-16 13:48:35.600 69007 INFO tempest.lib.common.rest_client [req-ced2ba84-2544-4599-9020-090dfac52984 req-ced2ba84-2544-4599-9020-090dfac52984 ] Request (ServersTestBootFromVolume:setUpClass): 201 POST http://10.180.1.21:9696/networking/v2.0/security-groups 0.287s
2025-03-16 13:48:35.671 68971 INFO tempest.lib.common.rest_client [req-a45c4b9d-9c69-4f4c-84b5-a3fc6d95be8e req-a45c4b9d-9c69-4f4c-84b5-a3fc6d95be8e ] Request (FloatingIPsAssociationNegativeTestJSON:tearDownClass): 200 GET http://10.180.1.21/compute/v2.1/servers/683ec368-79b8-4bcd-87f2-ac1528f5f8dd 0.824s
2025-03-16 13:48:35.773 69007 INFO tempest.lib.common.rest_client [req-c83952e8-f3de-421b-a062-5304f63fc703 req-c83952e8-f3de-421b-a062-5304f63fc703 ] Request (ServersTestBootFromVolume:setUpClass): 201 POST http://10.180.1.21:9696/networking/v2.0/security-group-rules 0.171s
2025-03-16 13:48:35.861 68993 INFO tempest.lib.common.rest_client [req-d4951511-7a9a-4cbe-9ee3-7dac741f49e7 req-d4951511-7a9a-4cbe-9ee3-7dac741f49e7 ] Request (MigrationsAdminTest:test_list_migrations_in_flavor_resize_situation): 200 GET http://10.180.1.21/compute/v2.1/servers/acbca5be-4f1e-43eb-b5ad-af7e5faed870 0.801s
2025-03-16 13:48:35.914 69007 INFO tempest.lib.common.rest_client [req-7a61645f-0a19-47d7-9d64-bc904eb53833 req-7a61645f-0a19-47d7-9d64-bc904eb53833 ] Request (ServersTestBootFromVolume:setUpClass): 201 POST http://10.180.1.21:9696/networking/v2.0/security-group-rules 0.141s
2025-03-16 13:48:36.029 68969 WARNING tempest.lib.common.ssh [-] Failed to establish authenticated ssh connection to cirros@10.180.180.211 ([Errno None] Unable to connect to port 22 on 10.180.180.211). Number attempts: 9. Retry after 10 seconds.: paramiko.ssh_exception.NoValidConnectionsError: [Errno None] Unable to connect to port 22 on 10.180.180.211
2025-03-16 13:48:36.059 68951 INFO tempest.lib.common.rest_client [req-75404efa-9a27-470a-915d-957da789ce1a req-75404efa-9a27-470a-915d-957da789ce1a ] Request (ServerDiskConfigTestJSON:test_rebuild_server_with_manual_disk_config): 200 GET http://10.180.1.21/compute/v2.1/servers/d1ec15c3-dc28-4b64-8277-48d732289a64 0.983s
2025-03-16 13:48:36.067 68951 INFO tempest.common.waiters [-] State transition "REBUILD/rebuilding" ==> "REBUILD/rebuild_block_device_mapping" after 2 second wait
2025-03-16 13:48:36.131 68955 INFO tempest.lib.common.rest_client [req-4db12d57-6ac2-401e-94eb-7d9861aec671 req-4db12d57-6ac2-401e-94eb-7d9861aec671 ] Request (SecurityGroupsTestJSON:test_server_security_groups): 200 GET http://10.180.1.21/compute/v2.1/servers/420b0636-2a0f-4e54-aec4-ae0083e300e5 1.006s
2025-03-16 13:48:36.206 68953 INFO tempest.lib.common.rest_client [req-2103df2c-cdc6-4259-8759-ed55734851b8 req-2103df2c-cdc6-4259-8759-ed55734851b8 ] Request (DeleteServersAdminTestJSON:test_delete_server_while_in_error_state): 200 GET http://10.180.1.21/compute/v2.1/servers/b711c51c-67bc-4485-a3d4-ebfd4db35ae0 1.039s
2025-03-16 13:48:36.372 68945 INFO tempest.lib.common.rest_client [req-ce3633f4-c656-4223-9346-53cd11a8d5f6 req-ce3633f4-c656-4223-9346-53cd11a8d5f6 ] Request (ServersAdminNegativeTestJSON:tearDownClass): 200 GET http://10.180.1.21/compute/v2.1/servers/f92f4394-a6f9-41cf-973a-a5cc0ecb624f 1.193s
2025-03-16 13:48:36.375 68983 WARNING tempest.lib.common.ssh [-] Failed to establish authenticated ssh connection to cirros@10.180.180.142 ([Errno None] Unable to connect to port 22 on 10.180.180.142). Number attempts: 8. Retry after 9 seconds.: paramiko.ssh_exception.NoValidConnectionsError: [Errno None] Unable to connect to port 22 on 10.180.180.142
2025-03-16 13:48:36.465 69001 INFO tempest.lib.common.rest_client [req-5fda5cb1-9242-42ff-a08a-3e93606fa92b req-5fda5cb1-9242-42ff-a08a-3e93606fa92b ] Request (ServerActionsTestOtherA:setUpClass): 200 GET http://10.180.1.21/compute/v2.1/servers/7d63cf7b-7227-4d99-b08c-b7bc56020e1b 1.260s
2025-03-16 13:48:36.577 68981 INFO tempest.lib.common.rest_client [req-887422d0-e0af-43ae-9125-94624a0aeb20 req-887422d0-e0af-43ae-9125-94624a0aeb20 ] Request (ImagesNegativeTestJSON:test_create_image_from_deleted_server): 200 GET http://10.180.1.21/compute/v2.1/servers/8ba8e593-f0bc-495d-9c67-a9583e152b70 1.328s
2025-03-16 13:48:36.586 68981 INFO tempest.common.waiters [-] State transition "BUILD/scheduling" ==> "BUILD/None" after 25 second wait
2025-03-16 13:48:36.859 68947 INFO tempest.lib.common.rest_client [req-cb1fa64d-3f14-4e72-8177-c5b0b95bf966 req-cb1fa64d-3f14-4e72-8177-c5b0b95bf966 ] Request (ImagesOneServerTestJSON:tearDownClass): 200 GET http://10.180.1.21/compute/v2.1/servers/35dabbb3-7b76-45e6-a060-3a8f65674b68 1.593s
2025-03-16 13:48:36.881 68957 INFO tempest.lib.common.rest_client [req-46bc26d6-863a-4005-bf2d-ede90e1f3ffe req-46bc26d6-863a-4005-bf2d-ede90e1f3ffe ] Request (ServerRescueNegativeTestJSON:setUpClass): 200 PUT http://10.180.1.21:9696/networking/v2.0/routers/d4d21519-8ce8-42fa-83b4-ac2844ed86cc/add_router_interface 1.656s
