2025-03-16 13:46:25.143 68955 INFO tempest.lib.common.dynamic_creds [-] Acquired dynamic creds: credentials: Credentials: {'domain_id': 'default', 'domain_name': 'Default', 'username': 'tempest-KeyPairsV210TestJSON-1830143476-project-member', 'project_domain_id': 'default', 'project_domain_name': 'Default', 'project_id': 'b4b72b3b9f6d4f9099fa165c45b4f4ba', 'project_name': 'tempest-KeyPairsV210TestJSON-1830143476', 'tenant_id': 'b4b72b3b9f6d4f9099fa165c45b4f4ba', 'tenant_name': 'tempest-KeyPairsV210TestJSON-1830143476', 'user_domain_id': 'default', 'user_domain_name': 'Default', 'user_id': 'f9cf44635ddd415eaf58c9276d10a155', 'system': None}, Network: None, Subnet: None, Router: None
2025-03-16 13:46:25.143 68955 INFO tempest.lib.common.dynamic_creds [-] Created isolated network resources for: credentials: Credentials: {'domain_id': 'default', 'domain_name': 'Default', 'username': 'tempest-KeyPairsV210TestJSON-1830143476-project-member', 'project_domain_id': 'default', 'project_domain_name': 'Default', 'project_id': 'b4b72b3b9f6d4f9099fa165c45b4f4ba', 'project_name': 'tempest-KeyPairsV210TestJSON-1830143476', 'tenant_id': 'b4b72b3b9f6d4f9099fa165c45b4f4ba', 'tenant_name': 'tempest-KeyPairsV210TestJSON-1830143476', 'user_domain_id': 'default', 'user_domain_name': 'Default', 'user_id': 'f9cf44635ddd415eaf58c9276d10a155', 'system': None}, Network: None, Subnet: None, Router: None
2025-03-16 13:46:25.190 68965 INFO tempest.lib.common.rest_client [req-eef72ef6-f631-420e-aced-e02a45baf9d3 req-eef72ef6-f631-420e-aced-e02a45baf9d3 ] Request (InstanceUsageAuditLogNegativeTestJSON:setUpClass): 200 GET http://10.180.1.21/identity/v3/roles 0.700s
2025-03-16 13:46:25.200 68967 INFO tempest.lib.common.rest_client [req-5c1eeebe-0be5-41e1-b69a-61cc8d163051 req-5c1eeebe-0be5-41e1-b69a-61cc8d163051 ] Request (QuotasAdminTestJSON:setUpClass): 200 GET http://10.180.1.21/identity/v3/roles 0.722s
2025-03-16 13:46:25.215 68987 INFO tempest.lib.common.rest_client [req-1c4dab87-7e57-47f8-a576-dc33a7bc8a23 req-1c4dab87-7e57-47f8-a576-dc33a7bc8a23 ] Request (FlavorsAdminTestJSON:setUpClass): 200 GET http://10.180.1.21/identity/v3/roles 0.675s
2025-03-16 13:46:25.219 68991 INFO tempest.lib.common.rest_client [req-e01f0fa2-7cea-4539-8f3b-9ae8ca0bade4 req-e01f0fa2-7cea-4539-8f3b-9ae8ca0bade4 ] Request (ServerDiagnosticsNegativeTest:setUpClass): 200 GET http://10.180.1.21/identity/v3/roles 0.657s
2025-03-16 13:46:25.260 68969 INFO tempest.lib.common.rest_client [req-ace91418-4cd5-4ff7-9bbf-28b6af5b4a0c req-ace91418-4cd5-4ff7-9bbf-28b6af5b4a0c ] Request (ServersWithSpecificFlavorTestJSON:setUpClass): 200 PUT http://10.180.1.21:9696/networking/v2.0/routers/bcaf7fbf-b335-4f13-9ef3-9f2d71946398/add_router_interface 0.866s
2025-03-16 13:46:25.260 68969 INFO tempest.lib.common.dynamic_creds [-] Created isolated network resources for: credentials: Credentials: {'domain_id': 'default', 'domain_name': 'Default', 'username': 'tempest-ServersWithSpecificFlavorTestJSON-1482287130-project-member', 'project_domain_id': 'default', 'project_domain_name': 'Default', 'project_id': '6ffe416460c345188cf54651ea40aec4', 'project_name': 'tempest-ServersWithSpecificFlavorTestJSON-1482287130', 'tenant_id': '6ffe416460c345188cf54651ea40aec4', 'tenant_name': 'tempest-ServersWithSpecificFlavorTestJSON-1482287130', 'user_domain_id': 'default', 'user_domain_name': 'Default', 'user_id': '597c8986ad5340f390a6d6c0ca799688', 'system': None}, Network: {'id': '9da9598f-f4da-475d-881b-b8a2d7871efe', 'name': 'tempest-ServersWithSpecificFlavorTestJSON-1118469854-network', 'tenant_id': '6ffe416460c345188cf54651ea40aec4', 'admin_state_up': True, 'mtu': 8950, 'status': 'ACTIVE', 'subnets': [], 'shared': False, 'project_id': '6ffe416460c345188cf54651ea40aec4', 'port_security_enabled': True, 'router:external': False, 'provider:network_type': 'vlan', 'provider:physical_network': 'default', 'provider:segmentation_id': 599, 'availability_zone_hints': [], 'availability_zones': [], 'ipv4_address_scope': None, 'ipv6_address_scope': None, 'description': '', 'tags': [], 'created_at': '2025-03-16T13:46:23Z', 'updated_at': '2025-03-16T13:46:23Z', 'revision_number': 1}, Subnet: {'id': '6951728a-7694-4a95-8b49-9e0a95633ce8', 'name': 'tempest-ServersWithSpecificFlavorTestJSON-1118469854-subnet', 'tenant_id': '6ffe416460c345188cf54651ea40aec4', 'network_id': '9da9598f-f4da-475d-881b-b8a2d7871efe', 'ip_version': 4, 'subnetpool_id': None, 'enable_dhcp': True, 'ipv6_ra_mode': None, 'ipv6_address_mode': None, 'gateway_ip': '192.168.128.1', 'cidr': '192.168.128.0/28', 'allocation_pools': [{'start': '192.168.128.2', 'end': '192.168.128.14'}], 'host_routes': [], 'dns_nameservers': [], 'description': '', 'router:external': False, 'service_types': [], 'tags': [], 'created_at': '2025-03-16T13:46:23Z', 'updated_at': '2025-03-16T13:46:23Z', 'revision_number': 0, 'project_id': '6ffe416460c345188cf54651ea40aec4'}, Router: {'id': 'bcaf7fbf-b335-4f13-9ef3-9f2d71946398', 'name': 'tempest-ServersWithSpecificFlavorTestJSON-1118469854-router', 'tenant_id': '6ffe416460c345188cf54651ea40aec4', 'admin_state_up': True, 'status': 'ACTIVE', 'external_gateway_info': {'network_id': '9a960a2e-2448-4235-b33f-c63f59788617', 'external_fixed_ips': [{'subnet_id': 'b8806e08-7b7c-43be-adcf-723aec8d6dd0', 'ip_address': '10.180.180.156'}], 'enable_snat': True}, 'description': '', 'availability_zones': [], 'distributed': False, 'ha': False, 'availability_zone_hints': [], 'routes': [], 'flavor_id': None, 'tags': [], 'created_at': '2025-03-16T13:46:23Z', 'updated_at': '2025-03-16T13:46:23Z', 'revision_number': 2, 'project_id': '6ffe416460c345188cf54651ea40aec4'}
2025-03-16 13:46:25.277 68981 INFO tempest.lib.common.rest_client [req-2454c6ce-6797-495a-bd9d-911baaad4e3e req-2454c6ce-6797-495a-bd9d-911baaad4e3e ] Request (HypervisorAdminNegativeTestJSON:setUpClass): 201 POST http://10.180.1.21/identity/v3/auth/tokens 0.666s
2025-03-16 13:46:25.301 68971 INFO tempest.lib.common.rest_client [req-845e7ca3-c1a3-48a6-8fea-0cd467f5fe65 req-845e7ca3-c1a3-48a6-8fea-0cd467f5fe65 ] Request (QuotaClassesAdminTestJSON:setUpClass): 200 GET http://10.180.1.21/identity/v3/roles 0.641s
2025-03-16 13:46:25.323 69001 INFO tempest.lib.common.rest_client [req-2efe3269-509a-4208-8af3-c56fbffe29a1 req-2efe3269-509a-4208-8af3-c56fbffe29a1 ] Request (FlavorsAccessTestJSON:setUpClass): 200 GET http://10.180.1.21/identity/v3/roles 0.612s
2025-03-16 13:46:25.347 68979 INFO tempest.lib.common.rest_client [req-48bc58b2-142e-4813-a6aa-0e2c8f6e385d req-48bc58b2-142e-4813-a6aa-0e2c8f6e385d ] Request (ServicesAdminTestJSON:setUpClass): 204 PUT http://10.180.1.21/identity/v3/projects/4e439fca46ed4c42b6bf3631b044316c/users/3872ae4a49b34e8db407b84643c9cf35/roles/2912b38335ec454ea7073bf5150deb72 0.588s
2025-03-16 13:46:25.347 68945 INFO tempest.lib.common.rest_client [req-7d832493-3f8e-47a8-b58f-051534cc1648 req-7d832493-3f8e-47a8-b58f-051534cc1648 ] Request (ServersAdminNegativeTestJSON:setUpClass): 201 POST http://10.180.1.21/identity/v3/auth/tokens 0.640s
2025-03-16 13:46:25.348 68979 INFO tempest.lib.common.dynamic_creds [-] Dynamic test user 3872ae4a49b34e8db407b84643c9cf35 is created with scope project and roles: ['admin']
2025-03-16 13:46:25.348 68979 INFO tempest.lib.common.dynamic_creds [-] Acquired dynamic creds: credentials: Credentials: {'domain_id': 'default', 'domain_name': 'Default', 'username': 'tempest-ServicesAdminTestJSON-1657605862-project-admin', 'project_domain_id': 'default', 'project_domain_name': 'Default', 'project_id': '4e439fca46ed4c42b6bf3631b044316c', 'project_name': 'tempest-ServicesAdminTestJSON-1657605862', 'tenant_id': '4e439fca46ed4c42b6bf3631b044316c', 'tenant_name': 'tempest-ServicesAdminTestJSON-1657605862', 'user_domain_id': 'default', 'user_domain_name': 'Default', 'user_id': '3872ae4a49b34e8db407b84643c9cf35', 'system': None}, Network: None, Subnet: None, Router: None
2025-03-16 13:46:25.348 68979 INFO tempest.lib.common.dynamic_creds [-] Created isolated network resources for: credentials: Credentials: {'domain_id': 'default', 'domain_name': 'Default', 'username': 'tempest-ServicesAdminTestJSON-1657605862-project-admin', 'project_domain_id': 'default', 'project_domain_name': 'Default', 'project_id': '4e439fca46ed4c42b6bf3631b044316c', 'project_name': 'tempest-ServicesAdminTestJSON-1657605862', 'tenant_id': '4e439fca46ed4c42b6bf3631b044316c', 'tenant_name': 'tempest-ServicesAdminTestJSON-1657605862', 'user_domain_id': 'default', 'user_domain_name': 'Default', 'user_id': '3872ae4a49b34e8db407b84643c9cf35', 'system': None}, Network: None, Subnet: None, Router: None
2025-03-16 13:46:25.348 68945 WARNING tempest.lib.common.rest_client [-] Deprecated: "tenant_id" property is deprecated for removal, use "project_id" instead
2025-03-16 13:46:25.400 68947 INFO tempest.lib.common.rest_client [req-833feeb8-1b54-4fe2-8876-b9c86073b7ae req-833feeb8-1b54-4fe2-8876-b9c86073b7ae ] Request (HostsAdminNegativeTestJSON:setUpClass): 201 POST http://10.180.1.21/identity/v3/auth/tokens 0.579s
2025-03-16 13:46:25.407 69005 INFO tempest.lib.common.rest_client [req-cefa8286-2cfb-4429-aaee-d43e59064f7c req-cefa8286-2cfb-4429-aaee-d43e59064f7c ] Request (HypervisorAdminV228Test:setUpClass): 200 GET http://10.180.1.21/identity/v3/roles 0.620s
2025-03-16 13:46:25.427 69007 INFO tempest.lib.common.rest_client [req-0c5adb41-ecd3-4c92-bf12-ca1f90a4c551 req-0c5adb41-ecd3-4c92-bf12-ca1f90a4c551 ] Request (QuotaClassesAdmin257Test:setUpClass): 200 GET http://10.180.1.21/identity/v3/roles 0.560s
2025-03-16 13:46:25.482 68977 INFO tempest.lib.common.rest_client [req-723d29ff-b586-4f3b-818b-2e49598e0a71 req-723d29ff-b586-4f3b-818b-2e49598e0a71 ] Request (AggregatesAdminNegativeTestJSON:setUpClass): 201 POST http://10.180.1.21/identity/v3/auth/tokens 0.611s
2025-03-16 13:46:25.493 68995 INFO tempest.lib.common.rest_client [req-73975392-4825-4e76-95b3-b28b5bbdc08c req-73975392-4825-4e76-95b3-b28b5bbdc08c ] Request (NetworksTest:setUpClass): 201 POST http://10.180.1.21/identity/v3/auth/tokens 0.579s
2025-03-16 13:46:25.513 68963 INFO tempest.lib.common.rest_client [req-fb7470bb-20c8-4d0b-9c23-6c58c354d455 req-fb7470bb-20c8-4d0b-9c23-6c58c354d455 ] Request (SecurityGroupsTestAdminJSON:setUpClass): 204 PUT http://10.180.1.21/identity/v3/projects/d86b0ca66da94dcbb210dedf26bd52d1/users/fd63eb59fa254474bb68bea0e990becf/roles/2912b38335ec454ea7073bf5150deb72 0.542s
2025-03-16 13:46:25.514 68963 INFO tempest.lib.common.dynamic_creds [-] Dynamic test user fd63eb59fa254474bb68bea0e990becf is created with scope project and roles: ['admin']
2025-03-16 13:46:25.514 68963 INFO tempest.lib.common.dynamic_creds [-] Acquired dynamic creds: credentials: Credentials: {'domain_id': 'default', 'domain_name': 'Default', 'username': 'tempest-SecurityGroupsTestAdminJSON-1223141377-project-admin', 'project_domain_id': 'default', 'project_domain_name': 'Default', 'project_id': 'd86b0ca66da94dcbb210dedf26bd52d1', 'project_name': 'tempest-SecurityGroupsTestAdminJSON-1223141377', 'tenant_id': 'd86b0ca66da94dcbb210dedf26bd52d1', 'tenant_name': 'tempest-SecurityGroupsTestAdminJSON-1223141377', 'user_domain_id': 'default', 'user_domain_name': 'Default', 'user_id': 'fd63eb59fa254474bb68bea0e990becf', 'system': None}, Network: None, Subnet: None, Router: None
2025-03-16 13:46:25.514 68963 INFO tempest.lib.common.dynamic_creds [-] Created isolated network resources for: credentials: Credentials: {'domain_id': 'default', 'domain_name': 'Default', 'username': 'tempest-SecurityGroupsTestAdminJSON-1223141377-project-admin', 'project_domain_id': 'default', 'project_domain_name': 'Default', 'project_id': 'd86b0ca66da94dcbb210dedf26bd52d1', 'project_name': 'tempest-SecurityGroupsTestAdminJSON-1223141377', 'tenant_id': 'd86b0ca66da94dcbb210dedf26bd52d1', 'tenant_name': 'tempest-SecurityGroupsTestAdminJSON-1223141377', 'user_domain_id': 'default', 'user_domain_name': 'Default', 'user_id': 'fd63eb59fa254474bb68bea0e990becf', 'system': None}, Network: None, Subnet: None, Router: None
2025-03-16 13:46:25.547 68949 INFO tempest.lib.common.rest_client [req-147b939b-2632-4715-9878-483204549429 req-147b939b-2632-4715-9878-483204549429 ] Request (HypervisorAdminUnderV252Test:setUpClass): 201 POST http://10.180.1.21/identity/v3/auth/tokens 0.627s
2025-03-16 13:46:25.600 68983 INFO tempest.lib.common.rest_client [req-8fbb8957-a324-4dd5-96db-18f9602c3ec4 req-8fbb8957-a324-4dd5-96db-18f9602c3ec4 ] Request (HypervisorAdminV253TestBase:setUpClass): 200 GET http://10.180.1.21/identity/v3/roles 0.597s
2025-03-16 13:46:25.617 69003 INFO tempest.lib.common.rest_client [req-c5336eb3-fa3c-40a7-9a36-9ab873681132 req-c5336eb3-fa3c-40a7-9a36-9ab873681132 ] Request (QuotasAdminNegativeTest:setUpClass): 200 GET http://10.180.1.21/identity/v3/roles 0.552s
2025-03-16 13:46:25.635 68961 INFO tempest.lib.common.rest_client [req-23f3278d-ed1d-4a17-bc86-1cbd1baeebe8 req-23f3278d-ed1d-4a17-bc86-1cbd1baeebe8 ] Request (ServerDiagnosticsTest:setUpClass): 201 POST http://10.180.1.21/identity/v3/auth/tokens 0.625s
2025-03-16 13:46:25.638 68997 INFO tempest.lib.common.rest_client [req-bb487b80-0781-4902-b573-43d2d55acd19 req-bb487b80-0781-4902-b573-43d2d55acd19 ] Request (HypervisorAdminTestJSON:setUpClass): 204 PUT http://10.180.1.21/identity/v3/projects/90812fd7d28548d0b402086fe031f11d/users/7b2a3f1fbb5541579e887beec91c4b46/roles/2912b38335ec454ea7073bf5150deb72 0.557s
2025-03-16 13:46:25.639 68997 INFO tempest.lib.common.dynamic_creds [-] Dynamic test user 7b2a3f1fbb5541579e887beec91c4b46 is created with scope project and roles: ['admin']
2025-03-16 13:46:25.639 68997 INFO tempest.lib.common.dynamic_creds [-] Acquired dynamic creds: credentials: Credentials: {'domain_id': 'default', 'domain_name': 'Default', 'username': 'tempest-HypervisorAdminTestJSON-1956970093-project-admin', 'project_domain_id': 'default', 'project_domain_name': 'Default', 'project_id': '90812fd7d28548d0b402086fe031f11d', 'project_name': 'tempest-HypervisorAdminTestJSON-1956970093', 'tenant_id': '90812fd7d28548d0b402086fe031f11d', 'tenant_name': 'tempest-HypervisorAdminTestJSON-1956970093', 'user_domain_id': 'default', 'user_domain_name': 'Default', 'user_id': '7b2a3f1fbb5541579e887beec91c4b46', 'system': None}, Network: None, Subnet: None, Router: None
2025-03-16 13:46:25.639 68997 INFO tempest.lib.common.dynamic_creds [-] Created isolated network resources for: credentials: Credentials: {'domain_id': 'default', 'domain_name': 'Default', 'username': 'tempest-HypervisorAdminTestJSON-1956970093-project-admin', 'project_domain_id': 'default', 'project_domain_name': 'Default', 'project_id': '90812fd7d28548d0b402086fe031f11d', 'project_name': 'tempest-HypervisorAdminTestJSON-1956970093', 'tenant_id': '90812fd7d28548d0b402086fe031f11d', 'tenant_name': 'tempest-HypervisorAdminTestJSON-1956970093', 'user_domain_id': 'default', 'user_domain_name': 'Default', 'user_id': '7b2a3f1fbb5541579e887beec91c4b46', 'system': None}, Network: None, Subnet: None, Router: None
2025-03-16 13:46:25.684 68999 INFO tempest.lib.common.rest_client [req-06132183-c238-4718-bc85-329eefaee501 req-06132183-c238-4718-bc85-329eefaee501 ] Request (FlavorsExtraSpecsTestJSON:setUpClass): 200 GET http://10.180.1.21/identity/v3/roles 0.567s
2025-03-16 13:46:25.695 68955 INFO tempest.lib.common.rest_client [req-ae34296e-9ea7-4463-9214-6e1169585c80 req-ae34296e-9ea7-4463-9214-6e1169585c80 ] Request (KeyPairsV210TestJSON:setUpClass): 201 POST http://10.180.1.21/identity/v3/auth/tokens 0.549s
2025-03-16 13:46:25.709 68965 INFO tempest.lib.common.rest_client [req-0e2e6f8f-5476-4107-8807-1dcd6c7635ef req-0e2e6f8f-5476-4107-8807-1dcd6c7635ef ] Request (InstanceUsageAuditLogNegativeTestJSON:setUpClass): 204 PUT http://10.180.1.21/identity/v3/projects/a2c92ed62a8e40149fba7cc8d2ad0139/users/2b0dc4c1c0da46c3b81427790db7b715/roles/2912b38335ec454ea7073bf5150deb72 0.519s
2025-03-16 13:46:25.709 68965 INFO tempest.lib.common.dynamic_creds [-] Dynamic test user 2b0dc4c1c0da46c3b81427790db7b715 is created with scope project and roles: ['admin']
2025-03-16 13:46:25.709 68965 INFO tempest.lib.common.dynamic_creds [-] Acquired dynamic creds: credentials: Credentials: {'domain_id': 'default', 'domain_name': 'Default', 'username': 'tempest-InstanceUsageAuditLogNegativeTestJSON-346431978-project-admin', 'project_domain_id': 'default', 'project_domain_name': 'Default', 'project_id': 'a2c92ed62a8e40149fba7cc8d2ad0139', 'project_name': 'tempest-InstanceUsageAuditLogNegativeTestJSON-346431978', 'tenant_id': 'a2c92ed62a8e40149fba7cc8d2ad0139', 'tenant_name': 'tempest-InstanceUsageAuditLogNegativeTestJSON-346431978', 'user_domain_id': 'default', 'user_domain_name': 'Default', 'user_id': '2b0dc4c1c0da46c3b81427790db7b715', 'system': None}, Network: None, Subnet: None, Router: None
2025-03-16 13:46:25.710 68965 INFO tempest.lib.common.dynamic_creds [-] Created isolated network resources for: credentials: Credentials: {'domain_id': 'default', 'domain_name': 'Default', 'username': 'tempest-InstanceUsageAuditLogNegativeTestJSON-346431978-project-admin', 'project_domain_id': 'default', 'project_domain_name': 'Default', 'project_id': 'a2c92ed62a8e40149fba7cc8d2ad0139', 'project_name': 'tempest-InstanceUsageAuditLogNegativeTestJSON-346431978', 'tenant_id': 'a2c92ed62a8e40149fba7cc8d2ad0139', 'tenant_name': 'tempest-InstanceUsageAuditLogNegativeTestJSON-346431978', 'user_domain_id': 'default', 'user_domain_name': 'Default', 'user_id': '2b0dc4c1c0da46c3b81427790db7b715', 'system': None}, Network: None, Subnet: None, Router: None
2025-03-16 13:46:25.750 68959 INFO tempest.lib.common.rest_client [req-be2f2d0e-5d6d-47cf-ae74-91e304cf9147 req-be2f2d0e-5d6d-47cf-ae74-91e304cf9147 ] Request (VolumesAssistedSnapshotsTest:setUpClass): 201 POST http://10.180.1.21/identity/v3/auth/tokens 0.585s
2025-03-16 13:46:25.758 68967 INFO tempest.lib.common.rest_client [req-a0ac1919-6aad-4018-96a5-da5d8eb6c9e7 req-a0ac1919-6aad-4018-96a5-da5d8eb6c9e7 ] Request (QuotasAdminTestJSON:setUpClass): 204 PUT http://10.180.1.21/identity/v3/projects/c2fcb3181a3e49579659142bc5b02e9e/users/dd0a9ff645da410d988e55650bde80ae/roles/2912b38335ec454ea7073bf5150deb72 0.558s
2025-03-16 13:46:25.758 68967 INFO tempest.lib.common.dynamic_creds [-] Dynamic test user dd0a9ff645da410d988e55650bde80ae is created with scope project and roles: ['admin']
2025-03-16 13:46:25.758 68967 INFO tempest.lib.common.dynamic_creds [-] Acquired dynamic creds: credentials: Credentials: {'domain_id': 'default', 'domain_name': 'Default', 'username': 'tempest-QuotasAdminTestJSON-1606663035-project-admin', 'project_domain_id': 'default', 'project_domain_name': 'Default', 'project_id': 'c2fcb3181a3e49579659142bc5b02e9e', 'project_name': 'tempest-QuotasAdminTestJSON-1606663035', 'tenant_id': 'c2fcb3181a3e49579659142bc5b02e9e', 'tenant_name': 'tempest-QuotasAdminTestJSON-1606663035', 'user_domain_id': 'default', 'user_domain_name': 'Default', 'user_id': 'dd0a9ff645da410d988e55650bde80ae', 'system': None}, Network: None, Subnet: None, Router: None
2025-03-16 13:46:25.758 68967 INFO tempest.lib.common.dynamic_creds [-] Created isolated network resources for: credentials: Credentials: {'domain_id': 'default', 'domain_name': 'Default', 'username': 'tempest-QuotasAdminTestJSON-1606663035-project-admin', 'project_domain_id': 'default', 'project_domain_name': 'Default', 'project_id': 'c2fcb3181a3e49579659142bc5b02e9e', 'project_name': 'tempest-QuotasAdminTestJSON-1606663035', 'tenant_id': 'c2fcb3181a3e49579659142bc5b02e9e', 'tenant_name': 'tempest-QuotasAdminTestJSON-1606663035', 'user_domain_id': 'default', 'user_domain_name': 'Default', 'user_id': 'dd0a9ff645da410d988e55650bde80ae', 'system': None}, Network: None, Subnet: None, Router: None
2025-03-16 13:46:25.766 68987 INFO tempest.lib.common.rest_client [req-0277c31f-0149-4396-aa3b-4076b4c9e368 req-0277c31f-0149-4396-aa3b-4076b4c9e368 ] Request (FlavorsAdminTestJSON:setUpClass): 204 PUT http://10.180.1.21/identity/v3/projects/ba012a7f1d2a492e95c47b6737eeab18/users/0a81e8cb0709457cba4e413b704cdfd4/roles/2912b38335ec454ea7073bf5150deb72 0.551s
2025-03-16 13:46:25.767 68987 INFO tempest.lib.common.dynamic_creds [-] Dynamic test user 0a81e8cb0709457cba4e413b704cdfd4 is created with scope project and roles: ['admin']
2025-03-16 13:46:25.767 68987 INFO tempest.lib.common.dynamic_creds [-] Acquired dynamic creds: credentials: Credentials: {'domain_id': 'default', 'domain_name': 'Default', 'username': 'tempest-FlavorsAdminTestJSON-2077164271-project-admin', 'project_domain_id': 'default', 'project_domain_name': 'Default', 'project_id': 'ba012a7f1d2a492e95c47b6737eeab18', 'project_name': 'tempest-FlavorsAdminTestJSON-2077164271', 'tenant_id': 'ba012a7f1d2a492e95c47b6737eeab18', 'tenant_name': 'tempest-FlavorsAdminTestJSON-2077164271', 'user_domain_id': 'default', 'user_domain_name': 'Default', 'user_id': '0a81e8cb0709457cba4e413b704cdfd4', 'system': None}, Network: None, Subnet: None, Router: None
2025-03-16 13:46:25.767 68987 INFO tempest.lib.common.dynamic_creds [-] Created isolated network resources for: credentials: Credentials: {'domain_id': 'default', 'domain_name': 'Default', 'username': 'tempest-FlavorsAdminTestJSON-2077164271-project-admin', 'project_domain_id': 'default', 'project_domain_name': 'Default', 'project_id': 'ba012a7f1d2a492e95c47b6737eeab18', 'project_name': 'tempest-FlavorsAdminTestJSON-2077164271', 'tenant_id': 'ba012a7f1d2a492e95c47b6737eeab18', 'tenant_name': 'tempest-FlavorsAdminTestJSON-2077164271', 'user_domain_id': 'default', 'user_domain_name': 'Default', 'user_id': '0a81e8cb0709457cba4e413b704cdfd4', 'system': None}, Network: None, Subnet: None, Router: None
2025-03-16 13:46:25.826 68991 INFO tempest.lib.common.rest_client [req-1935db9c-36be-46a1-8099-8020350e64be req-1935db9c-36be-46a1-8099-8020350e64be ] Request (ServerDiagnosticsNegativeTest:setUpClass): 204 PUT http://10.180.1.21/identity/v3/projects/452c793786c34f3383e74abbe8dc323d/users/9fa36ecb426e4f05bbee4d0b3ddc5a70/roles/2912b38335ec454ea7073bf5150deb72 0.606s
2025-03-16 13:46:25.826 68991 INFO tempest.lib.common.dynamic_creds [-] Dynamic test user 9fa36ecb426e4f05bbee4d0b3ddc5a70 is created with scope project and roles: ['admin']
2025-03-16 13:46:25.826 68991 INFO tempest.lib.common.dynamic_creds [-] Acquired dynamic creds: credentials: Credentials: {'domain_id': 'default', 'domain_name': 'Default', 'username': 'tempest-ServerDiagnosticsNegativeTest-284382716-project-admin', 'project_domain_id': 'default', 'project_domain_name': 'Default', 'project_id': '452c793786c34f3383e74abbe8dc323d', 'project_name': 'tempest-ServerDiagnosticsNegativeTest-284382716', 'tenant_id': '452c793786c34f3383e74abbe8dc323d', 'tenant_name': 'tempest-ServerDiagnosticsNegativeTest-284382716', 'user_domain_id': 'default', 'user_domain_name': 'Default', 'user_id': '9fa36ecb426e4f05bbee4d0b3ddc5a70', 'system': None}, Network: None, Subnet: None, Router: None
2025-03-16 13:46:25.826 68991 INFO tempest.lib.common.dynamic_creds [-] Created isolated network resources for: credentials: Credentials: {'domain_id': 'default', 'domain_name': 'Default', 'username': 'tempest-ServerDiagnosticsNegativeTest-284382716-project-admin', 'project_domain_id': 'default', 'project_domain_name': 'Default', 'project_id': '452c793786c34f3383e74abbe8dc323d', 'project_name': 'tempest-ServerDiagnosticsNegativeTest-284382716', 'tenant_id': '452c793786c34f3383e74abbe8dc323d', 'tenant_name': 'tempest-ServerDiagnosticsNegativeTest-284382716', 'user_domain_id': 'default', 'user_domain_name': 'Default', 'user_id': '9fa36ecb426e4f05bbee4d0b3ddc5a70', 'system': None}, Network: None, Subnet: None, Router: None
2025-03-16 13:46:25.864 68971 INFO tempest.lib.common.rest_client [req-9d333b85-2437-4c0f-a55b-8145d9292d70 req-9d333b85-2437-4c0f-a55b-8145d9292d70 ] Request (QuotaClassesAdminTestJSON:setUpClass): 204 PUT http://10.180.1.21/identity/v3/projects/56b7b5ce7bb44fa19e171452ce729643/users/f3970e95904c4c7d819fb4b5ce299e0b/roles/2912b38335ec454ea7073bf5150deb72 0.562s
2025-03-16 13:46:25.864 68971 INFO tempest.lib.common.dynamic_creds [-] Dynamic test user f3970e95904c4c7d819fb4b5ce299e0b is created with scope project and roles: ['admin']
2025-03-16 13:46:25.864 68971 INFO tempest.lib.common.dynamic_creds [-] Acquired dynamic creds: credentials: Credentials: {'domain_id': 'default', 'domain_name': 'Default', 'username': 'tempest-QuotaClassesAdminTestJSON-1000413390-project-admin', 'project_domain_id': 'default', 'project_domain_name': 'Default', 'project_id': '56b7b5ce7bb44fa19e171452ce729643', 'project_name': 'tempest-QuotaClassesAdminTestJSON-1000413390', 'tenant_id': '56b7b5ce7bb44fa19e171452ce729643', 'tenant_name': 'tempest-QuotaClassesAdminTestJSON-1000413390', 'user_domain_id': 'default', 'user_domain_name': 'Default', 'user_id': 'f3970e95904c4c7d819fb4b5ce299e0b', 'system': None}, Network: None, Subnet: None, Router: None
2025-03-16 13:46:25.864 68971 INFO tempest.lib.common.dynamic_creds [-] Created isolated network resources for: credentials: Credentials: {'domain_id': 'default', 'domain_name': 'Default', 'username': 'tempest-QuotaClassesAdminTestJSON-1000413390-project-admin', 'project_domain_id': 'default', 'project_domain_name': 'Default', 'project_id': '56b7b5ce7bb44fa19e171452ce729643', 'project_name': 'tempest-QuotaClassesAdminTestJSON-1000413390', 'tenant_id': '56b7b5ce7bb44fa19e171452ce729643', 'tenant_name': 'tempest-QuotaClassesAdminTestJSON-1000413390', 'user_domain_id': 'default', 'user_domain_name': 'Default', 'user_id': 'f3970e95904c4c7d819fb4b5ce299e0b', 'system': None}, Network: None, Subnet: None, Router: None
2025-03-16 13:46:25.887 68969 INFO tempest.lib.common.rest_client [req-43a23f28-a726-49d4-a83f-42016798aca7 req-43a23f28-a726-49d4-a83f-42016798aca7 ] Request (ServersWithSpecificFlavorTestJSON:setUpClass): 201 POST http://10.180.1.21/identity/v3/auth/tokens 0.581s
2025-03-16 13:46:25.907 69001 INFO tempest.lib.common.rest_client [req-b05d63df-b39f-4e4c-b49d-626654744662 req-b05d63df-b39f-4e4c-b49d-626654744662 ] Request (FlavorsAccessTestJSON:setUpClass): 204 PUT http://10.180.1.21/identity/v3/projects/79c1bdd2b7c54d94aaa3d89a5c20c333/users/17bcd14e2ce14eeba614467ea79f8c66/roles/2912b38335ec454ea7073bf5150deb72 0.584s
2025-03-16 13:46:25.908 69001 INFO tempest.lib.common.dynamic_creds [-] Dynamic test user 17bcd14e2ce14eeba614467ea79f8c66 is created with scope project and roles: ['admin']
2025-03-16 13:46:25.908 69001 INFO tempest.lib.common.dynamic_creds [-] Acquired dynamic creds: credentials: Credentials: {'domain_id': 'default', 'domain_name': 'Default', 'username': 'tempest-FlavorsAccessTestJSON-687556436-project-admin', 'project_domain_id': 'default', 'project_domain_name': 'Default', 'project_id': '79c1bdd2b7c54d94aaa3d89a5c20c333', 'project_name': 'tempest-FlavorsAccessTestJSON-687556436', 'tenant_id': '79c1bdd2b7c54d94aaa3d89a5c20c333', 'tenant_name': 'tempest-FlavorsAccessTestJSON-687556436', 'user_domain_id': 'default', 'user_domain_name': 'Default', 'user_id': '17bcd14e2ce14eeba614467ea79f8c66', 'system': None}, Network: None, Subnet: None, Router: None
2025-03-16 13:46:25.908 69001 INFO tempest.lib.common.dynamic_creds [-] Created isolated network resources for: credentials: Credentials: {'domain_id': 'default', 'domain_name': 'Default', 'username': 'tempest-FlavorsAccessTestJSON-687556436-project-admin', 'project_domain_id': 'default', 'project_domain_name': 'Default', 'project_id': '79c1bdd2b7c54d94aaa3d89a5c20c333', 'project_name': 'tempest-FlavorsAccessTestJSON-687556436', 'tenant_id': '79c1bdd2b7c54d94aaa3d89a5c20c333', 'tenant_name': 'tempest-FlavorsAccessTestJSON-687556436', 'user_domain_id': 'default', 'user_domain_name': 'Default', 'user_id': '17bcd14e2ce14eeba614467ea79f8c66', 'system': None}, Network: None, Subnet: None, Router: None
2025-03-16 13:46:25.953 68945 INFO tempest.lib.common.rest_client [req-8069cee6-e149-42be-9760-1cd718d6af79 req-8069cee6-e149-42be-9760-1cd718d6af79 ] Request (ServersAdminNegativeTestJSON:setUpClass): 201 POST http://10.180.1.21/identity/v3/auth/tokens 0.598s
2025-03-16 13:46:25.954 68945 INFO tempest.lib.common.fixed_network [-] (ServersAdminNegativeTestJSON:setUpClass) Found network None available for tenant
2025-03-16 13:46:25.966 68979 INFO tempest.lib.common.rest_client [req-933e88c4-0a76-474a-9120-ee9c16d6ac67 req-933e88c4-0a76-474a-9120-ee9c16d6ac67 ] Request (ServicesAdminTestJSON:setUpClass): 201 POST http://10.180.1.21/identity/v3/auth/tokens 0.614s
2025-03-16 13:46:26.013 69005 INFO tempest.lib.common.rest_client [req-6637ed54-b6de-489c-aa67-40f8a8976528 req-6637ed54-b6de-489c-aa67-40f8a8976528 ] Request (HypervisorAdminV228Test:setUpClass): 204 PUT http://10.180.1.21/identity/v3/projects/38f459cb34934d1a823029b525492cc4/users/31e71e5ab9a24f329756b59145f8b2cd/roles/2912b38335ec454ea7073bf5150deb72 0.606s
2025-03-16 13:46:26.014 68947 INFO tempest.lib.common.rest_client [req-82abc1cd-ce75-4ef8-a942-ed1d3a7bb8f2 req-82abc1cd-ce75-4ef8-a942-ed1d3a7bb8f2 ] Request (HostsAdminNegativeTestJSON:setUpClass): 201 POST http://10.180.1.21/identity/v3/auth/tokens 0.612s
2025-03-16 13:46:26.014 69005 INFO tempest.lib.common.dynamic_creds [-] Dynamic test user 31e71e5ab9a24f329756b59145f8b2cd is created with scope project and roles: ['admin']
2025-03-16 13:46:26.015 69005 INFO tempest.lib.common.dynamic_creds [-] Acquired dynamic creds: credentials: Credentials: {'domain_id': 'default', 'domain_name': 'Default', 'username': 'tempest-HypervisorAdminV228Test-33065419-project-admin', 'project_domain_id': 'default', 'project_domain_name': 'Default', 'project_id': '38f459cb34934d1a823029b525492cc4', 'project_name': 'tempest-HypervisorAdminV228Test-33065419', 'tenant_id': '38f459cb34934d1a823029b525492cc4', 'tenant_name': 'tempest-HypervisorAdminV228Test-33065419', 'user_domain_id': 'default', 'user_domain_name': 'Default', 'user_id': '31e71e5ab9a24f329756b59145f8b2cd', 'system': None}, Network: None, Subnet: None, Router: None
2025-03-16 13:46:26.015 69005 INFO tempest.lib.common.dynamic_creds [-] Created isolated network resources for: credentials: Credentials: {'domain_id': 'default', 'domain_name': 'Default', 'username': 'tempest-HypervisorAdminV228Test-33065419-project-admin', 'project_domain_id': 'default', 'project_domain_name': 'Default', 'project_id': '38f459cb34934d1a823029b525492cc4', 'project_name': 'tempest-HypervisorAdminV228Test-33065419', 'tenant_id': '38f459cb34934d1a823029b525492cc4', 'tenant_name': 'tempest-HypervisorAdminV228Test-33065419', 'user_domain_id': 'default', 'user_domain_name': 'Default', 'user_id': '31e71e5ab9a24f329756b59145f8b2cd', 'system': None}, Network: None, Subnet: None, Router: None
2025-03-16 13:46:26.062 69007 INFO tempest.lib.common.rest_client [req-e4de509f-0355-445b-877f-cbf7d643a271 req-e4de509f-0355-445b-877f-cbf7d643a271 ] Request (QuotaClassesAdmin257Test:setUpClass): 204 PUT http://10.180.1.21/identity/v3/projects/cf0b6d7d9fa54dbd94b09a342a27d0e8/users/36195f605a6e4ae585e7c7de37c30af0/roles/2912b38335ec454ea7073bf5150deb72 0.635s
2025-03-16 13:46:26.062 69007 INFO tempest.lib.common.dynamic_creds [-] Dynamic test user 36195f605a6e4ae585e7c7de37c30af0 is created with scope project and roles: ['admin']
2025-03-16 13:46:26.063 69007 INFO tempest.lib.common.dynamic_creds [-] Acquired dynamic creds: credentials: Credentials: {'domain_id': 'default', 'domain_name': 'Default', 'username': 'tempest-QuotaClassesAdmin257Test-1673484747-project-admin', 'project_domain_id': 'default', 'project_domain_name': 'Default', 'project_id': 'cf0b6d7d9fa54dbd94b09a342a27d0e8', 'project_name': 'tempest-QuotaClassesAdmin257Test-1673484747', 'tenant_id': 'cf0b6d7d9fa54dbd94b09a342a27d0e8', 'tenant_name': 'tempest-QuotaClassesAdmin257Test-1673484747', 'user_domain_id': 'default', 'user_domain_name': 'Default', 'user_id': '36195f605a6e4ae585e7c7de37c30af0', 'system': None}, Network: None, Subnet: None, Router: None
2025-03-16 13:46:26.063 69007 INFO tempest.lib.common.dynamic_creds [-] Created isolated network resources for: credentials: Credentials: {'domain_id': 'default', 'domain_name': 'Default', 'username': 'tempest-QuotaClassesAdmin257Test-1673484747-project-admin', 'project_domain_id': 'default', 'project_domain_name': 'Default', 'project_id': 'cf0b6d7d9fa54dbd94b09a342a27d0e8', 'project_name': 'tempest-QuotaClassesAdmin257Test-1673484747', 'tenant_id': 'cf0b6d7d9fa54dbd94b09a342a27d0e8', 'tenant_name': 'tempest-QuotaClassesAdmin257Test-1673484747', 'user_domain_id': 'default', 'user_domain_name': 'Default', 'user_id': '36195f605a6e4ae585e7c7de37c30af0', 'system': None}, Network: None, Subnet: None, Router: None
2025-03-16 13:46:26.077 68963 INFO tempest.lib.common.rest_client [req-fe22c50d-acd5-4d6b-9794-f0ad58afd0cd req-fe22c50d-acd5-4d6b-9794-f0ad58afd0cd ] Request (SecurityGroupsTestAdminJSON:setUpClass): 201 POST http://10.180.1.21/identity/v3/auth/tokens 0.559s
2025-03-16 13:46:26.129 68983 INFO tempest.lib.common.rest_client [req-930b61ef-c784-4594-9f65-be310e7261c2 req-930b61ef-c784-4594-9f65-be310e7261c2 ] Request (HypervisorAdminV253TestBase:setUpClass): 204 PUT http://10.180.1.21/identity/v3/projects/2c6b3bf268cf4da7a6d38c2f70278bf2/users/25f7609b360e4574a17ec96d7bed6063/roles/2912b38335ec454ea7073bf5150deb72 0.528s
2025-03-16 13:46:26.129 68983 INFO tempest.lib.common.dynamic_creds [-] Dynamic test user 25f7609b360e4574a17ec96d7bed6063 is created with scope project and roles: ['admin']
2025-03-16 13:46:26.129 68983 INFO tempest.lib.common.dynamic_creds [-] Acquired dynamic creds: credentials: Credentials: {'domain_id': 'default', 'domain_name': 'Default', 'username': 'tempest-HypervisorAdminV253TestBase-1455148181-project-admin', 'project_domain_id': 'default', 'project_domain_name': 'Default', 'project_id': '2c6b3bf268cf4da7a6d38c2f70278bf2', 'project_name': 'tempest-HypervisorAdminV253TestBase-1455148181', 'tenant_id': '2c6b3bf268cf4da7a6d38c2f70278bf2', 'tenant_name': 'tempest-HypervisorAdminV253TestBase-1455148181', 'user_domain_id': 'default', 'user_domain_name': 'Default', 'user_id': '25f7609b360e4574a17ec96d7bed6063', 'system': None}, Network: None, Subnet: None, Router: None
2025-03-16 13:46:26.131 68983 INFO tempest.lib.common.dynamic_creds [-] Created isolated network resources for: credentials: Credentials: {'domain_id': 'default', 'domain_name': 'Default', 'username': 'tempest-HypervisorAdminV253TestBase-1455148181-project-admin', 'project_domain_id': 'default', 'project_domain_name': 'Default', 'project_id': '2c6b3bf268cf4da7a6d38c2f70278bf2', 'project_name': 'tempest-HypervisorAdminV253TestBase-1455148181', 'tenant_id': '2c6b3bf268cf4da7a6d38c2f70278bf2', 'tenant_name': 'tempest-HypervisorAdminV253TestBase-1455148181', 'user_domain_id': 'default', 'user_domain_name': 'Default', 'user_id': '25f7609b360e4574a17ec96d7bed6063', 'system': None}, Network: None, Subnet: None, Router: None
2025-03-16 13:46:26.146 68975 INFO tempest.lib.common.rest_client [req-1c5b61ce-2e88-4fb3-81f2-f406fe6c0664 req-1c5b61ce-2e88-4fb3-81f2-f406fe6c0664 ] Request (FlavorsV2NegativeTest:test_boot_with_low_ram): 201 POST http://10.180.1.21/image/v2/images 2.508s
2025-03-16 13:46:26.169 69003 INFO tempest.lib.common.rest_client [req-9172f4e8-fe75-4050-bb0e-17cb51163553 req-9172f4e8-fe75-4050-bb0e-17cb51163553 ] Request (QuotasAdminNegativeTest:setUpClass): 204 PUT http://10.180.1.21/identity/v3/projects/b91db6e824e04cd09475bb1745fe5341/users/d4213d5030804e4c9630511b82287e17/roles/2912b38335ec454ea7073bf5150deb72 0.551s
2025-03-16 13:46:26.170 69003 INFO tempest.lib.common.dynamic_creds [-] Dynamic test user d4213d5030804e4c9630511b82287e17 is created with scope project and roles: ['admin']
2025-03-16 13:46:26.170 69003 INFO tempest.lib.common.dynamic_creds [-] Acquired dynamic creds: credentials: Credentials: {'domain_id': 'default', 'domain_name': 'Default', 'username': 'tempest-QuotasAdminNegativeTest-1288478949-project-admin', 'project_domain_id': 'default', 'project_domain_name': 'Default', 'project_id': 'b91db6e824e04cd09475bb1745fe5341', 'project_name': 'tempest-QuotasAdminNegativeTest-1288478949', 'tenant_id': 'b91db6e824e04cd09475bb1745fe5341', 'tenant_name': 'tempest-QuotasAdminNegativeTest-1288478949', 'user_domain_id': 'default', 'user_domain_name': 'Default', 'user_id': 'd4213d5030804e4c9630511b82287e17', 'system': None}, Network: None, Subnet: None, Router: None
2025-03-16 13:46:26.170 69003 INFO tempest.lib.common.dynamic_creds [-] Created isolated network resources for: credentials: Credentials: {'domain_id': 'default', 'domain_name': 'Default', 'username': 'tempest-QuotasAdminNegativeTest-1288478949-project-admin', 'project_domain_id': 'default', 'project_domain_name': 'Default', 'project_id': 'b91db6e824e04cd09475bb1745fe5341', 'project_name': 'tempest-QuotasAdminNegativeTest-1288478949', 'tenant_id': 'b91db6e824e04cd09475bb1745fe5341', 'tenant_name': 'tempest-QuotasAdminNegativeTest-1288478949', 'user_domain_id': 'default', 'user_domain_name': 'Default', 'user_id': 'd4213d5030804e4c9630511b82287e17', 'system': None}, Network: None, Subnet: None, Router: None
2025-03-16 13:46:26.179 68961 INFO tempest.lib.common.rest_client [req-d5d982a9-cf4c-40fe-8c57-68bc0ddb1da8 req-d5d982a9-cf4c-40fe-8c57-68bc0ddb1da8 ] Request (ServerDiagnosticsTest:test_get_server_diagnostics): 201 POST http://10.180.1.21/identity/v3/auth/tokens 0.540s
2025-03-16 13:46:26.179 68961 INFO tempest.lib.common.fixed_network [-] (ServerDiagnosticsTest:test_get_server_diagnostics) Found network None available for tenant
2025-03-16 13:46:26.241 68999 INFO tempest.lib.common.rest_client [req-718d574e-b777-4a41-b460-e1a7d8215866 req-718d574e-b777-4a41-b460-e1a7d8215866 ] Request (FlavorsExtraSpecsTestJSON:setUpClass): 204 PUT http://10.180.1.21/identity/v3/projects/394c353e1d2644538b83b74bbd57ef32/users/fdeb34aeccec439e9cbf4b705af00b97/roles/2912b38335ec454ea7073bf5150deb72 0.556s
2025-03-16 13:46:26.241 68999 INFO tempest.lib.common.dynamic_creds [-] Dynamic test user fdeb34aeccec439e9cbf4b705af00b97 is created with scope project and roles: ['admin']
2025-03-16 13:46:26.242 68999 INFO tempest.lib.common.dynamic_creds [-] Acquired dynamic creds: credentials: Credentials: {'domain_id': 'default', 'domain_name': 'Default', 'username': 'tempest-FlavorsExtraSpecsTestJSON-1896254352-project-admin', 'project_domain_id': 'default', 'project_domain_name': 'Default', 'project_id': '394c353e1d2644538b83b74bbd57ef32', 'project_name': 'tempest-FlavorsExtraSpecsTestJSON-1896254352', 'tenant_id': '394c353e1d2644538b83b74bbd57ef32', 'tenant_name': 'tempest-FlavorsExtraSpecsTestJSON-1896254352', 'user_domain_id': 'default', 'user_domain_name': 'Default', 'user_id': 'fdeb34aeccec439e9cbf4b705af00b97', 'system': None}, Network: None, Subnet: None, Router: None
2025-03-16 13:46:26.242 68999 INFO tempest.lib.common.dynamic_creds [-] Created isolated network resources for: credentials: Credentials: {'domain_id': 'default', 'domain_name': 'Default', 'username': 'tempest-FlavorsExtraSpecsTestJSON-1896254352-project-admin', 'project_domain_id': 'default', 'project_domain_name': 'Default', 'project_id': '394c353e1d2644538b83b74bbd57ef32', 'project_name': 'tempest-FlavorsExtraSpecsTestJSON-1896254352', 'tenant_id': '394c353e1d2644538b83b74bbd57ef32', 'tenant_name': 'tempest-FlavorsExtraSpecsTestJSON-1896254352', 'user_domain_id': 'default', 'user_domain_name': 'Default', 'user_id': 'fdeb34aeccec439e9cbf4b705af00b97', 'system': None}, Network: None, Subnet: None, Router: None
2025-03-16 13:46:26.242 68997 INFO tempest.lib.common.rest_client [req-2184a602-00f4-4255-86c8-06aebc1641e1 req-2184a602-00f4-4255-86c8-06aebc1641e1 ] Request (HypervisorAdminTestJSON:setUpClass): 201 POST http://10.180.1.21/identity/v3/auth/tokens 0.600s
2025-03-16 13:46:26.299 68955 INFO tempest.lib.common.rest_client [req-a97c19ec-3e98-485c-a5de-e4684ecc23de req-a97c19ec-3e98-485c-a5de-e4684ecc23de ] Request (KeyPairsV210TestJSON:setUpClass): 201 POST http://10.180.1.21/identity/v3/projects 0.604s
2025-03-16 13:46:26.309 68965 INFO tempest.lib.common.rest_client [req-628c4cd7-bf48-413b-b050-22152905ee30 req-628c4cd7-bf48-413b-b050-22152905ee30 ] Request (InstanceUsageAuditLogNegativeTestJSON:setUpClass): 201 POST http://10.180.1.21/identity/v3/auth/tokens 0.596s
2025-03-16 13:46:26.377 68967 INFO tempest.lib.common.rest_client [req-c7c27103-d105-4996-a0f5-4d3a0a9836fe req-c7c27103-d105-4996-a0f5-4d3a0a9836fe ] Request (QuotasAdminTestJSON:setUpClass): 201 POST http://10.180.1.21/identity/v3/auth/tokens 0.616s
2025-03-16 13:46:26.377 68967 WARNING tempest.lib.common.rest_client [-] Deprecated: "tenant_id" property is deprecated for removal, use "project_id" instead
2025-03-16 13:46:26.379 68959 INFO tempest.lib.common.rest_client [req-ad503dce-3180-4f34-a741-836717b27d2c req-ad503dce-3180-4f34-a741-836717b27d2c ] Request (VolumesAssistedSnapshotsTest:setUpClass): 201 POST http://10.180.1.21/identity/v3/projects 0.628s
2025-03-16 13:46:26.445 68953 INFO tempest.lib.common.rest_client [req-6d244f83-9949-4ca5-b50e-d29eee8fd23e req-6d244f83-9949-4ca5-b50e-d29eee8fd23e ] Request (DeleteServersAdminTestJSON:test_admin_delete_servers_of_others): 202 POST http://10.180.1.21/compute/v2.1/servers 5.855s
2025-03-16 13:46:26.461 68987 INFO tempest.lib.common.rest_client [req-86275871-411d-4251-8b73-be5d895a5ea9 req-86275871-411d-4251-8b73-be5d895a5ea9 ] Request (FlavorsAdminTestJSON:setUpClass): 201 POST http://10.180.1.21/identity/v3/auth/tokens 0.691s
2025-03-16 13:46:26.502 68973 INFO tempest.lib.common.rest_client [req-afa065cd-c9c1-41d7-9fc5-36c1c6f37e88 req-afa065cd-c9c1-41d7-9fc5-36c1c6f37e88 ] Request (ListImageFiltersTestJSON:setUpClass): 201 POST http://10.180.1.21/image/v2/images 4.493s
2025-03-16 13:46:26.507 68985 INFO tempest.lib.common.rest_client [req-a6c76fa6-9184-4f18-909a-1798f39f53ae req-a6c76fa6-9184-4f18-909a-1798f39f53ae ] Request (ListImagesTestJSON:test_list_images): 200 GET http://10.180.1.21/compute/v2.1/images 3.750s
2025-03-16 13:46:26.527 68991 INFO tempest.lib.common.rest_client [req-874b6b6b-3400-4790-b8e7-8f4f70cec19c req-874b6b6b-3400-4790-b8e7-8f4f70cec19c ] Request (ServerDiagnosticsNegativeTest:setUpClass): 201 POST http://10.180.1.21/identity/v3/auth/tokens 0.698s
2025-03-16 13:46:26.529 68971 INFO tempest.lib.common.rest_client [req-ed2be2c6-7aed-45f9-b166-71999c35e0f4 req-ed2be2c6-7aed-45f9-b166-71999c35e0f4 ] Request (QuotaClassesAdminTestJSON:setUpClass): 201 POST http://10.180.1.21/identity/v3/auth/tokens 0.663s
2025-03-16 13:46:26.589 68969 INFO tempest.lib.common.rest_client [req-a6050768-4014-4fbb-9376-b06cb68ab7a9 req-a6050768-4014-4fbb-9376-b06cb68ab7a9 ] Request (ServersWithSpecificFlavorTestJSON:setUpClass): 201 POST http://10.180.1.21/identity/v3/projects 0.701s
2025-03-16 13:46:26.593 69001 INFO tempest.lib.common.rest_client [req-b6ec1c0d-4825-4daa-9284-3cac468b16ec req-b6ec1c0d-4825-4daa-9284-3cac468b16ec ] Request (FlavorsAccessTestJSON:setUpClass): 201 POST http://10.180.1.21/identity/v3/auth/tokens 0.682s
2025-03-16 13:46:26.594 69001 WARNING tempest.lib.common.rest_client [-] Deprecated: "tenant_id" property is deprecated for removal, use "project_id" instead
2025-03-16 13:46:26.645 68947 INFO tempest.lib.common.rest_client [req-6ea8f9f7-b773-4c52-8be0-b34625490638 req-6ea8f9f7-b773-4c52-8be0-b34625490638 ] Request (HostsAdminNegativeTestJSON:setUpClass): 200 GET http://10.180.1.21/identity/v3/domains?name=Default 0.630s
2025-03-16 13:46:26.660 69005 INFO tempest.lib.common.rest_client [req-218ec20a-9f26-414b-b74c-562782a2ec25 req-218ec20a-9f26-414b-b74c-562782a2ec25 ] Request (HypervisorAdminV228Test:setUpClass): 201 POST http://10.180.1.21/identity/v3/auth/tokens 0.643s
2025-03-16 13:46:26.707 69007 INFO tempest.lib.common.rest_client [req-fb1f7983-642c-4770-abfd-ddf9844df21d req-fb1f7983-642c-4770-abfd-ddf9844df21d ] Request (QuotaClassesAdmin257Test:setUpClass): 201 POST http://10.180.1.21/identity/v3/auth/tokens 0.639s
2025-03-16 13:46:26.721 68983 INFO tempest.lib.common.rest_client [req-93f80aca-142e-4b10-9727-a1c6367e504e req-93f80aca-142e-4b10-9727-a1c6367e504e ] Request (HypervisorAdminV253TestBase:setUpClass): 201 POST http://10.180.1.21/identity/v3/auth/tokens 0.588s
2025-03-16 13:46:26.767 69003 INFO tempest.lib.common.rest_client [req-7b16fac5-7f77-431b-8327-78339a7e6041 req-7b16fac5-7f77-431b-8327-78339a7e6041 ] Request (QuotasAdminNegativeTest:setUpClass): 201 POST http://10.180.1.21/identity/v3/auth/tokens 0.595s
2025-03-16 13:46:26.768 69003 WARNING tempest.lib.common.rest_client [-] Deprecated: "tenant_id" property is deprecated for removal, use "project_id" instead
2025-03-16 13:46:26.796 68955 INFO tempest.lib.common.rest_client [req-b135feec-6adf-4ffe-a0d2-a1046c7f2e1a req-b135feec-6adf-4ffe-a0d2-a1046c7f2e1a ] Request (KeyPairsV210TestJSON:setUpClass): 201 POST http://10.180.1.21/identity/v3/users 0.496s
2025-03-16 13:46:26.828 68999 INFO tempest.lib.common.rest_client [req-90c28f17-f6e1-497e-a3a3-83e108ac3bba req-90c28f17-f6e1-497e-a3a3-83e108ac3bba ] Request (FlavorsExtraSpecsTestJSON:setUpClass): 201 POST http://10.180.1.21/identity/v3/auth/tokens 0.583s
2025-03-16 13:46:26.832 68959 INFO tempest.lib.common.rest_client [req-b2265456-81a6-49f3-a7eb-abb722a379ce req-b2265456-81a6-49f3-a7eb-abb722a379ce ] Request (VolumesAssistedSnapshotsTest:setUpClass): 201 POST http://10.180.1.21/identity/v3/users 0.452s
2025-03-16 13:46:26.881 68967 INFO tempest.lib.common.rest_client [req-9df496d9-30dd-470e-9e0b-dbca1153207e req-9df496d9-30dd-470e-9e0b-dbca1153207e ] Request (QuotasAdminTestJSON:test_delete_quota): 200 GET http://10.180.1.21/identity/v3/domains?name=Default 0.502s
2025-03-16 13:46:26.914 68989 INFO tempest.lib.common.rest_client [req-d2dcc822-7577-433c-95fc-1ece553d5879 req-d2dcc822-7577-433c-95fc-1ece553d5879 ] Request (MultipleCreateNegativeTestJSON:test_max_count_less_than_min_count): 400 POST http://10.180.1.21/compute/v2.1/servers 4.121s
2025-03-16 13:46:26.980 68991 INFO tempest.lib.common.rest_client [req-11268af2-c433-4acc-8572-3da3e1f65228 req-11268af2-c433-4acc-8572-3da3e1f65228 ] Request (ServerDiagnosticsNegativeTest:test_get_server_diagnostics_by_non_admin): 201 POST http://10.180.1.21/identity/v3/auth/tokens 0.449s
2025-03-16 13:46:26.981 68991 INFO tempest.lib.common.fixed_network [-] (ServerDiagnosticsNegativeTest:test_get_server_diagnostics_by_non_admin) Found network None available for tenant
2025-03-16 13:46:26.982 68969 INFO tempest.lib.common.rest_client [req-a1577be0-11fc-47a4-a53d-0916eae962ee req-a1577be0-11fc-47a4-a53d-0916eae962ee ] Request (ServersWithSpecificFlavorTestJSON:setUpClass): 201 POST http://10.180.1.21/identity/v3/users 0.393s
2025-03-16 13:46:26.996 68957 INFO tempest.lib.common.rest_client [req-cad3e595-9174-4250-9bf6-333c2d118994 req-cad3e595-9174-4250-9bf6-333c2d118994 ] Request (KeyPairsV2TestJSON:test_get_keypair_detail): 200 POST http://10.180.1.21/compute/v2.1/os-keypairs 3.090s
2025-03-16 13:46:27.012 68947 INFO tempest.lib.common.rest_client [req-b8491511-a7a5-48b5-b23a-54898440f808 req-b8491511-a7a5-48b5-b23a-54898440f808 ] Request (HostsAdminNegativeTestJSON:setUpClass): 201 POST http://10.180.1.21/identity/v3/projects 0.367s
2025-03-16 13:46:27.056 68955 INFO tempest.lib.common.rest_client [req-5088f423-c6f4-4d85-94d3-366159e54114 req-5088f423-c6f4-4d85-94d3-366159e54114 ] Request (KeyPairsV210TestJSON:setUpClass): 200 GET http://10.180.1.21/identity/v3/roles 0.259s
2025-03-16 13:46:27.058 68959 INFO tempest.lib.common.rest_client [req-3f9a30e9-9a6d-465d-a516-287117be3c5f req-3f9a30e9-9a6d-465d-a516-287117be3c5f ] Request (VolumesAssistedSnapshotsTest:setUpClass): 200 GET http://10.180.1.21/identity/v3/roles 0.226s
2025-03-16 13:46:27.108 68967 INFO tempest.lib.common.rest_client [req-15bb2723-c4ad-402e-a248-617561f8b5e0 req-15bb2723-c4ad-402e-a248-617561f8b5e0 ] Request (QuotasAdminTestJSON:test_delete_quota): 201 POST http://10.180.1.21/identity/v3/projects 0.226s
2025-03-16 13:46:27.152 68989 INFO tempest.lib.common.rest_client [req-3763ec29-7210-45e4-814b-1e8292eeb2b6 req-3763ec29-7210-45e4-814b-1e8292eeb2b6 ] Request (MultipleCreateNegativeTestJSON:test_max_count_less_than_one): 201 POST http://10.180.1.21/identity/v3/auth/tokens 0.229s
2025-03-16 13:46:27.152 68989 INFO tempest.lib.common.fixed_network [-] (MultipleCreateNegativeTestJSON:test_max_count_less_than_one) Found network None available for tenant
2025-03-16 13:46:27.161 68993 INFO tempest.lib.common.rest_client [req-d15fe7b6-c3e2-41dd-bf76-3e791cefa805 req-d15fe7b6-c3e2-41dd-bf76-3e791cefa805 ] Request (HostsAdminTestJSON:test_list_hosts): 200 GET http://10.180.1.21/compute/v2.1/os-hosts 3.196s
2025-03-16 13:46:27.180 68969 INFO tempest.lib.common.rest_client [req-9c10e4e4-6779-4493-8488-7dd9614c8410 req-9c10e4e4-6779-4493-8488-7dd9614c8410 ] Request (ServersWithSpecificFlavorTestJSON:setUpClass): 200 GET http://10.180.1.21/identity/v3/roles 0.197s
2025-03-16 13:46:27.198 68947 INFO tempest.lib.common.rest_client [req-9976fd61-68d4-4bb0-8d30-cc220f6773c5 req-9976fd61-68d4-4bb0-8d30-cc220f6773c5 ] Request (HostsAdminNegativeTestJSON:setUpClass): 201 POST http://10.180.1.21/identity/v3/users 0.185s
2025-03-16 13:46:27.246 68955 INFO tempest.lib.common.rest_client [req-8d652cd8-e78f-4466-af96-ba053812f5db req-8d652cd8-e78f-4466-af96-ba053812f5db ] Request (KeyPairsV210TestJSON:setUpClass): 204 PUT http://10.180.1.21/identity/v3/projects/7a770e4aa51c4aebae4d998f5a6e16d6/users/f3d4e32ac4854723b37b6f9018fa85ff/roles/2912b38335ec454ea7073bf5150deb72 0.190s
2025-03-16 13:46:27.294 68967 INFO tempest.lib.common.rest_client [req-c8165dbc-c971-4ceb-94f7-22f94ee05939 req-c8165dbc-c971-4ceb-94f7-22f94ee05939 ] Request (QuotasAdminTestJSON:test_delete_quota): 200 GET http://10.180.1.21/identity/v3/domains?name=Default 0.184s
