2025-03-16 13:46:49.328 68999 INFO tempest.lib.common.rest_client [req-df748af3-ae78-448e-baa9-6a4bfa586361 req-df748af3-ae78-448e-baa9-6a4bfa586361 ] Request (FlavorsExtraSpecsTestJSON:tearDownClass): 204 DELETE http://10.180.1.21/identity/v3/projects/949f7c185e384802b74b659cfb04b4f4 0.185s
2025-03-16 13:46:49.328 68999 INFO tempest.lib.common.dynamic_creds [-] Deleting project and security group for project: 394c353e1d2644538b83b74bbd57ef32
2025-03-16 13:46:49.335 69003 INFO tempest.lib.common.rest_client [req-9f78685d-0b2e-4dce-992f-ee4aac5ddec8 req-9f78685d-0b2e-4dce-992f-ee4aac5ddec8 ] Request (QuotasAdminNegativeTest:tearDownClass): 204 DELETE http://10.180.1.21/identity/v3/users/d4213d5030804e4c9630511b82287e17 0.133s
2025-03-16 13:46:49.335 69003 INFO tempest.lib.common.dynamic_creds [-] Deleting project and security group for project: ad2a5393e1814737a7f8bc20cec782ba
2025-03-16 13:46:49.398 69003 INFO tempest.lib.common.rest_client [req-e715f605-5e08-4212-8732-09047c795105 req-e715f605-5e08-4212-8732-09047c795105 ] Request (QuotasAdminNegativeTest:tearDownClass): 201 POST http://10.180.1.21/identity/v3/auth/tokens 0.062s
2025-03-16 13:46:49.433 68955 INFO tempest.lib.common.rest_client [req-c912c9f4-9bb1-4f4a-9ed3-46e5f422ac15 req-c912c9f4-9bb1-4f4a-9ed3-46e5f422ac15 ] Request (SecurityGroupsTestJSON:test_list_security_groups_by_server): 200 POST http://10.180.1.21/compute/v2.1/os-security-groups 1.117s
2025-03-16 13:46:49.441 68947 INFO tempest.lib.common.rest_client [req-c7b5266e-4798-4f15-bf75-f85b5c508eda req-c7b5266e-4798-4f15-bf75-f85b5c508eda ] Request (HostsAdminNegativeTestJSON:test_update_host_without_param): 400 PUT http://10.180.1.21/compute/v2.1/os-hosts/devstack 1.122s
2025-03-16 13:46:49.451 68967 INFO tempest.lib.common.rest_client [req-c7503cd0-8e56-42c2-8dc3-5a5ef24e01da req-c7503cd0-8e56-42c2-8dc3-5a5ef24e01da ] Request (FloatingIPsTestJSON:setUpClass): 201 POST http://10.180.1.21/identity/v3/projects 0.180s
2025-03-16 13:46:49.453 68953 INFO tempest.lib.common.rest_client [req-f6507f8b-6d18-4a37-b5d8-5e8bc67aaf2b req-f6507f8b-6d18-4a37-b5d8-5e8bc67aaf2b ] Request (DeleteServersAdminTestJSON:test_admin_delete_servers_of_others): 200 GET http://10.180.1.21/compute/v2.1/servers/60fd4a1b-603d-4b55-a997-2da9b973ca82 1.134s
2025-03-16 13:46:49.464 68987 INFO tempest.lib.common.rest_client [req-45a76585-0b54-489f-9f1d-2104ca340cac req-45a76585-0b54-489f-9f1d-2104ca340cac ] Request (FlavorsAdminTestJSON:_run_cleanups): 202 DELETE http://10.180.1.21/compute/v2.1/flavors/b3075bdc-9092-4189-88d3-b9d58b0c1279 1.123s
2025-03-16 13:46:49.467 68953 INFO tempest.common.waiters [-] State transition "BUILD/spawning" ==> "ACTIVE/None" after 20 second wait
2025-03-16 13:46:49.475 68977 INFO tempest.lib.common.rest_client [req-84954b9e-a799-4080-a751-bcca0832d1fb req-84954b9e-a799-4080-a751-bcca0832d1fb ] Request (AggregatesAdminNegativeTestJSON:test_aggregate_create_as_user): 403 POST http://10.180.1.21/compute/v2.1/os-aggregates 1.005s
2025-03-16 13:46:49.485 68979 INFO tempest.lib.common.rest_client [req-103d5171-92df-45de-b4eb-290d5f7a2414 req-103d5171-92df-45de-b4eb-290d5f7a2414 ] Request (ServicesAdminNegativeV253TestJSON:test_get_service_with_valid_service_and_invalid_host): 200 GET http://10.180.1.21/compute/v2.1/os-services 1.135s
2025-03-16 13:46:49.512 68999 INFO tempest.lib.common.rest_client [req-e60812fc-2284-462e-9084-188b4d01462c req-e60812fc-2284-462e-9084-188b4d01462c ] Request (FlavorsExtraSpecsTestJSON:tearDownClass): 200 GET http://10.180.1.21:9696/networking/v2.0/security-groups?tenant_id=394c353e1d2644538b83b74bbd57ef32&name=default 0.183s
2025-03-16 13:46:49.532 68995 INFO tempest.lib.common.rest_client [req-1d20d038-e692-475d-94d4-d872e76e8bbe req-1d20d038-e692-475d-94d4-d872e76e8bbe ] Request (FlavorsV2TestJSON:test_list_flavors_detailed_using_marker): 200 GET http://10.180.1.21/compute/v2.1/flavors/detail?marker=42 1.041s
2025-03-16 13:46:49.572 68955 INFO tempest.lib.common.rest_client [req-9772484f-7cb3-4de5-8707-ab84c6d740e7 req-9772484f-7cb3-4de5-8707-ab84c6d740e7 ] Request (SecurityGroupsTestJSON:test_list_security_groups_by_server): 201 POST http://10.180.1.21/identity/v3/auth/tokens 0.132s
2025-03-16 13:46:49.572 68955 INFO tempest.lib.common.fixed_network [-] (SecurityGroupsTestJSON:test_list_security_groups_by_server) Found network {'id': '24f4c492-9ea2-4a16-bb82-f18bbb765a74', 'name': 'tempest-SecurityGroupsTestJSON-1825967604-network', 'tenant_id': 'b6befe839bc34fc3a18c15775d620ffe', 'admin_state_up': True, 'mtu': 8950, 'status': 'ACTIVE', 'subnets': [], 'shared': False, 'project_id': 'b6befe839bc34fc3a18c15775d620ffe', 'port_security_enabled': True, 'router:external': False, 'provider:network_type': 'vlan', 'provider:physical_network': 'default', 'provider:segmentation_id': 633, 'availability_zone_hints': [], 'availability_zones': [], 'ipv4_address_scope': None, 'ipv6_address_scope': None, 'description': '', 'tags': [], 'created_at': '2025-03-16T13:46:43Z', 'updated_at': '2025-03-16T13:46:43Z', 'revision_number': 1} available for tenant
2025-03-16 13:46:49.608 68965 INFO tempest.lib.common.rest_client [req-8e311396-4447-4f89-a4c8-7aa2235c1e03 req-8e311396-4447-4f89-a4c8-7aa2235c1e03 ] Request (ServerDiagnosticsV248Test:test_get_server_diagnostics): 200 GET http://10.180.1.21/compute/v2.1/servers/4ba9555c-aa88-464a-817c-bc8c5b042e6f 0.792s
2025-03-16 13:46:49.650 68967 INFO tempest.lib.common.rest_client [req-b5ff322b-31ae-46c1-ba1b-e3c3b102877b req-b5ff322b-31ae-46c1-ba1b-e3c3b102877b ] Request (FloatingIPsTestJSON:setUpClass): 201 POST http://10.180.1.21/identity/v3/users 0.198s
2025-03-16 13:46:49.664 68975 INFO tempest.lib.common.rest_client [req-b7ad11a0-93f6-4870-83de-12124bc50731 req-b7ad11a0-93f6-4870-83de-12124bc50731 ] Request (ServersListShow296Test:test_list_show_update_rebuild_server_296): 200 GET http://10.180.1.21/compute/v2.1/servers/dd7c8e0b-7816-40a9-8aad-67541de9fd67 0.826s
2025-03-16 13:46:49.682 68967 INFO tempest.lib.common.rest_client [req-634ea22f-e7d2-484c-923a-dbcaceb4badc req-634ea22f-e7d2-484c-923a-dbcaceb4badc ] Request (FloatingIPsTestJSON:setUpClass): 200 GET http://10.180.1.21/identity/v3/roles 0.031s
2025-03-16 13:46:49.736 68967 INFO tempest.lib.common.rest_client [req-beb60b24-1251-4f71-8991-2528e70e3bcc req-beb60b24-1251-4f71-8991-2528e70e3bcc ] Request (FloatingIPsTestJSON:setUpClass): 204 PUT http://10.180.1.21/identity/v3/projects/8331349d28374305a0c57bcae9cc9b6b/users/22dbc65a48e748bcbe25e7e5c454aced/roles/6594a047acdb47e8b9858bd488fc3e7d 0.054s
2025-03-16 13:46:49.737 68967 INFO tempest.lib.common.dynamic_creds [-] Dynamic test user 22dbc65a48e748bcbe25e7e5c454aced is created with scope project and roles: ['member']
2025-03-16 13:46:49.737 68967 INFO tempest.lib.common.dynamic_creds [-] Acquired dynamic creds: credentials: Credentials: {'domain_id': 'default', 'domain_name': 'Default', 'username': 'tempest-FloatingIPsTestJSON-852224667-project-member', 'project_domain_id': 'default', 'project_domain_name': 'Default', 'project_id': '8331349d28374305a0c57bcae9cc9b6b', 'project_name': 'tempest-FloatingIPsTestJSON-852224667', 'tenant_id': '8331349d28374305a0c57bcae9cc9b6b', 'tenant_name': 'tempest-FloatingIPsTestJSON-852224667', 'user_domain_id': 'default', 'user_domain_name': 'Default', 'user_id': '22dbc65a48e748bcbe25e7e5c454aced', 'system': None}, Network: None, Subnet: None, Router: None
2025-03-16 13:46:49.773 68999 INFO tempest.lib.common.rest_client [req-5e4c3298-3741-4a64-94af-ba34767a8d99 req-5e4c3298-3741-4a64-94af-ba34767a8d99 ] Request (FlavorsExtraSpecsTestJSON:tearDownClass): 204 DELETE http://10.180.1.21:9696/networking/v2.0/security-groups/5ea92f7c-f206-4993-8d6f-ead75b1aa09b 0.261s
2025-03-16 13:46:49.800 69003 INFO tempest.lib.common.rest_client [req-43eef447-6165-4af3-b586-124a9f6083a6 req-43eef447-6165-4af3-b586-124a9f6083a6 ] Request (QuotasAdminNegativeTest:tearDownClass): 200 GET http://10.180.1.21:9696/networking/v2.0/security-groups?tenant_id=ad2a5393e1814737a7f8bc20cec782ba&name=default 0.401s
2025-03-16 13:46:49.813 68967 INFO tempest.lib.common.rest_client [req-0515c74a-bdb6-4069-b963-87775ce531ee req-0515c74a-bdb6-4069-b963-87775ce531ee ] Request (FloatingIPsTestJSON:setUpClass): 201 POST http://10.180.1.21/identity/v3/auth/tokens 0.075s
2025-03-16 13:46:49.881 68999 INFO tempest.lib.common.rest_client [req-d659cd6a-9a11-4343-816d-5144080b2127 req-d659cd6a-9a11-4343-816d-5144080b2127 ] Request (FlavorsExtraSpecsTestJSON:tearDownClass): 204 DELETE http://10.180.1.21/identity/v3/projects/394c353e1d2644538b83b74bbd57ef32 0.107s
2025-03-16 13:46:49.903 69001 INFO tempest.lib.common.rest_client [req-450b8e9d-bdce-4680-bfe9-443e3b926775 req-450b8e9d-bdce-4680-bfe9-443e3b926775 ] Request (FlavorsAccessNegativeTestJSON:test_add_flavor_access_duplicate): 409 POST http://10.180.1.21/compute/v2.1/flavors/1711116087/action 0.986s
2025-03-16 13:46:49.948 69003 INFO tempest.lib.common.rest_client [req-404e77ac-7c3d-431c-994b-e0c6cc87aa20 req-404e77ac-7c3d-431c-994b-e0c6cc87aa20 ] Request (QuotasAdminNegativeTest:tearDownClass): 204 DELETE http://10.180.1.21:9696/networking/v2.0/security-groups/21a792ec-5fda-49a0-ba0d-795506992ee5 0.148s
2025-03-16 13:46:49.963 68985 INFO tempest.lib.common.rest_client [req-d86f6a61-080c-4a17-b5c5-baec4a68600d req-d86f6a61-080c-4a17-b5c5-baec4a68600d ] Request (ServersTestFqdnHostnames:test_create_server_with_fqdn_name): 200 GET http://10.180.1.21/compute/v2.1/servers/4dc4fb7f-e866-43fd-9539-4a2d50d4fcbf 1.064s
2025-03-16 13:46:49.971 68985 INFO tempest.common.waiters [-] State transition "BUILD/None" ==> "BUILD/spawning" after 10 second wait
2025-03-16 13:46:49.972 68999 INFO tempest.lib.common.rest_client [req-ab9e5097-55bd-4004-9e57-5765d6e7a9f7 req-ab9e5097-55bd-4004-9e57-5765d6e7a9f7 ] Request (KeyPairsNegativeTestJSON:setUpClass): 201 POST http://10.180.1.21/identity/v3/auth/tokens 0.089s
2025-03-16 13:46:49.993 68993 INFO tempest.lib.common.rest_client [req-022899a7-5d69-42ac-bc3e-ad4c4ad608be req-022899a7-5d69-42ac-bc3e-ad4c4ad608be ] Request (MigrationsAdminTest:test_list_migrations_in_flavor_resize_situation): 200 GET http://10.180.1.21/compute/v2.1/servers/acbca5be-4f1e-43eb-b5ad-af7e5faed870 1.042s
2025-03-16 13:46:50.052 69003 INFO tempest.lib.common.rest_client [req-4999dc6f-7611-4907-8211-98abcf842471 req-4999dc6f-7611-4907-8211-98abcf842471 ] Request (QuotasAdminNegativeTest:tearDownClass): 204 DELETE http://10.180.1.21/identity/v3/projects/ad2a5393e1814737a7f8bc20cec782ba 0.104s
2025-03-16 13:46:50.053 69003 INFO tempest.lib.common.dynamic_creds [-] Deleting project and security group for project: b91db6e824e04cd09475bb1745fe5341
2025-03-16 13:46:50.067 68969 INFO tempest.lib.common.rest_client [req-6668ec93-50cf-4978-8d68-d50fc9fa3b3a req-6668ec93-50cf-4978-8d68-d50fc9fa3b3a ] Request (ServersWithSpecificFlavorTestJSON:test_verify_created_server_ephemeral_disk): 200 GET http://10.180.1.21/compute/v2.1/servers/4ce29621-f4bb-4b84-afc1-5cc5c5fdcc8a 1.027s
2025-03-16 13:46:50.121 68999 INFO tempest.lib.common.rest_client [req-de9b78d3-2a21-49cd-b79d-859d88393762 req-de9b78d3-2a21-49cd-b79d-859d88393762 ] Request (KeyPairsNegativeTestJSON:setUpClass): 201 POST http://10.180.1.21/identity/v3/auth/tokens 0.145s
2025-03-16 13:46:50.156 68999 INFO tempest.lib.common.rest_client [req-4894f62d-f223-4176-8c20-b312c9b7d068 req-4894f62d-f223-4176-8c20-b312c9b7d068 ] Request (KeyPairsNegativeTestJSON:setUpClass): 200 GET http://10.180.1.21/identity/v3/domains?name=Default 0.034s
2025-03-16 13:46:50.189 68945 INFO tempest.lib.common.rest_client [req-5580aece-bfbb-48f6-a467-1087b23b9ff0 req-5580aece-bfbb-48f6-a467-1087b23b9ff0 ] Request (ServersAdminNegativeTestJSON:setUpClass): 200 GET http://10.180.1.21/compute/v2.1/servers/f92f4394-a6f9-41cf-973a-a5cc0ecb624f 1.222s
2025-03-16 13:46:50.201 68999 INFO tempest.lib.common.rest_client [req-79b9ef81-a092-4ad0-acd3-42a4d1fec0b5 req-79b9ef81-a092-4ad0-acd3-42a4d1fec0b5 ] Request (KeyPairsNegativeTestJSON:setUpClass): 201 POST http://10.180.1.21/identity/v3/projects 0.045s
2025-03-16 13:46:50.210 69007 INFO tempest.lib.common.rest_client [req-5c959c4a-cee7-4c9d-8a5f-b5d1b7505d86 req-5c959c4a-cee7-4c9d-8a5f-b5d1b7505d86 ] Request (QuotaClassesAdmin257Test:test_update_default_quotas): 200 PUT http://10.180.1.21/compute/v2.1/os-quota-class-sets/default 0.955s
2025-03-16 13:46:50.274 68999 INFO tempest.lib.common.rest_client [req-3d13751b-3011-409d-9605-fa3f6bf62557 req-3d13751b-3011-409d-9605-fa3f6bf62557 ] Request (KeyPairsNegativeTestJSON:setUpClass): 201 POST http://10.180.1.21/identity/v3/users 0.072s
2025-03-16 13:46:50.277 68981 INFO tempest.lib.common.rest_client [req-b46b8eac-1526-4967-8870-cfbbde4732eb req-b46b8eac-1526-4967-8870-cfbbde4732eb ] Request (ServerExternalEventsTest:test_create_server_external_events): 200 GET http://10.180.1.21/compute/v2.1/servers/fc93649b-1a68-4939-bf5a-6218f5186bd2 0.840s
2025-03-16 13:46:50.308 68999 INFO tempest.lib.common.rest_client [req-095f4b22-ebc1-4ee2-bf64-ed4e9573b2ee req-095f4b22-ebc1-4ee2-bf64-ed4e9573b2ee ] Request (KeyPairsNegativeTestJSON:setUpClass): 200 GET http://10.180.1.21/identity/v3/roles 0.034s
2025-03-16 13:46:50.319 68951 INFO tempest.lib.common.rest_client [req-79d27aa4-c352-4bc2-aef0-0a31475e3145 req-79d27aa4-c352-4bc2-aef0-0a31475e3145 ] Request (ServerDiskConfigTestJSON:test_rebuild_server_with_auto_disk_config): 200 GET http://10.180.1.21/compute/v2.1/servers/757963ce-ffa5-45a2-ab05-4700cea02493 1.003s
2025-03-16 13:46:50.327 68951 INFO tempest.common.waiters [-] State transition "BUILD/spawning" ==> "ACTIVE/None" after 21 second wait
2025-03-16 13:46:50.331 69003 INFO tempest.lib.common.rest_client [req-f8bc44e9-0865-4ae9-924f-44efeb8b25e8 req-f8bc44e9-0865-4ae9-924f-44efeb8b25e8 ] Request (QuotasAdminNegativeTest:tearDownClass): 200 GET http://10.180.1.21:9696/networking/v2.0/security-groups?tenant_id=b91db6e824e04cd09475bb1745fe5341&name=default 0.278s
2025-03-16 13:46:50.332 69005 INFO tempest.lib.common.rest_client [req-f0307663-41d7-4f37-abe4-b93981fa1e38 req-f0307663-41d7-4f37-abe4-b93981fa1e38 ] Request (ImagesOneServerNegativeTestJSON:setUpClass): 200 GET http://10.180.1.21/compute/v2.1/servers/20f5b953-f903-41ca-9a8c-a1b06d61c9ce 0.893s
2025-03-16 13:46:50.338 68947 INFO tempest.lib.common.rest_client [req-a4e57e6f-b459-4ee5-a3d3-72aa53d76e0c req-a4e57e6f-b459-4ee5-a3d3-72aa53d76e0c ] Request (HostsAdminNegativeTestJSON:test_update_nonexistent_host): 404 PUT http://10.180.1.21/compute/v2.1/os-hosts/nonexistent_hostname 0.895s
2025-03-16 13:46:50.355 68957 INFO tempest.lib.common.rest_client [req-04006eea-60d4-447c-8f2c-ef01f5e0cbf3 req-04006eea-60d4-447c-8f2c-ef01f5e0cbf3 ] Request (InstanceActionsNegativeTestJSON:setUpClass): 200 PUT http://10.180.1.21:9696/networking/v2.0/routers/95050ed7-8b9e-432e-8945-033bbd83ffc1/add_router_interface 1.540s
2025-03-16 13:46:50.355 68957 INFO tempest.lib.common.dynamic_creds [-] Created isolated network resources for: credentials: Credentials: {'domain_id': 'default', 'domain_name': 'Default', 'username': 'tempest-InstanceActionsNegativeTestJSON-1178097015-project-member', 'project_domain_id': 'default', 'project_domain_name': 'Default', 'project_id': '517ac7e9919047f5b63ac43d040c640d', 'project_name': 'tempest-InstanceActionsNegativeTestJSON-1178097015', 'tenant_id': '517ac7e9919047f5b63ac43d040c640d', 'tenant_name': 'tempest-InstanceActionsNegativeTestJSON-1178097015', 'user_domain_id': 'default', 'user_domain_name': 'Default', 'user_id': '79fad3218af849e6a61ed1904ad8f77d', 'system': None}, Network: {'id': '72469945-7c95-4b01-8b3e-bb05630e0b30', 'name': 'tempest-InstanceActionsNegativeTestJSON-890687971-network', 'tenant_id': '517ac7e9919047f5b63ac43d040c640d', 'admin_state_up': True, 'mtu': 8950, 'status': 'ACTIVE', 'subnets': [], 'shared': False, 'project_id': '517ac7e9919047f5b63ac43d040c640d', 'port_security_enabled': True, 'router:external': False, 'provider:network_type': 'vlan', 'provider:physical_network': 'default', 'provider:segmentation_id': 140, 'availability_zone_hints': [], 'availability_zones': [], 'ipv4_address_scope': None, 'ipv6_address_scope': None, 'description': '', 'tags': [], 'created_at': '2025-03-16T13:46:47Z', 'updated_at': '2025-03-16T13:46:47Z', 'revision_number': 1}, Subnet: {'id': 'bb475461-1486-45b1-93d1-8c3558085956', 'name': 'tempest-InstanceActionsNegativeTestJSON-890687971-subnet', 'tenant_id': '517ac7e9919047f5b63ac43d040c640d', 'network_id': '72469945-7c95-4b01-8b3e-bb05630e0b30', 'ip_version': 4, 'subnetpool_id': None, 'enable_dhcp': True, 'ipv6_ra_mode': None, 'ipv6_address_mode': None, 'gateway_ip': '192.168.128.1', 'cidr': '192.168.128.0/28', 'allocation_pools': [{'start': '192.168.128.2', 'end': '192.168.128.14'}], 'host_routes': [], 'dns_nameservers': [], 'description': '', 'router:external': False, 'service_types': [], 'tags': [], 'created_at': '2025-03-16T13:46:47Z', 'updated_at': '2025-03-16T13:46:47Z', 'revision_number': 0, 'project_id': '517ac7e9919047f5b63ac43d040c640d'}, Router: {'id': '95050ed7-8b9e-432e-8945-033bbd83ffc1', 'name': 'tempest-InstanceActionsNegativeTestJSON-890687971-router', 'tenant_id': '517ac7e9919047f5b63ac43d040c640d', 'admin_state_up': True, 'status': 'ACTIVE', 'external_gateway_info': {'network_id': '9a960a2e-2448-4235-b33f-c63f59788617', 'external_fixed_ips': [{'subnet_id': 'b8806e08-7b7c-43be-adcf-723aec8d6dd0', 'ip_address': '10.180.180.185'}], 'enable_snat': True}, 'description': '', 'availability_zones': [], 'distributed': False, 'ha': False, 'availability_zone_hints': [], 'routes': [], 'flavor_id': None, 'tags': [], 'created_at': '2025-03-16T13:46:48Z', 'updated_at': '2025-03-16T13:46:48Z', 'revision_number': 2, 'project_id': '517ac7e9919047f5b63ac43d040c640d'}
2025-03-16 13:46:50.358 68987 INFO tempest.lib.common.rest_client [req-2ff5a757-f7dc-415a-b9b8-89a1d638fe43 req-2ff5a757-f7dc-415a-b9b8-89a1d638fe43 ] Request (FlavorsAdminTestJSON:_run_cleanups): 200 GET http://10.180.1.21/compute/v2.1/flavors/detail 0.891s
2025-03-16 13:46:50.363 68999 INFO tempest.lib.common.rest_client [req-fb581d97-aa76-4713-896f-f4ef0c87f5b6 req-fb581d97-aa76-4713-896f-f4ef0c87f5b6 ] Request (KeyPairsNegativeTestJSON:setUpClass): 204 PUT http://10.180.1.21/identity/v3/projects/decf5b54a79f4df59b89e6b8c8d9b691/users/ec970ed4def84e0cb5e64cbe221af26c/roles/6594a047acdb47e8b9858bd488fc3e7d 0.055s
2025-03-16 13:46:50.364 68999 INFO tempest.lib.common.dynamic_creds [-] Dynamic test user ec970ed4def84e0cb5e64cbe221af26c is created with scope project and roles: ['member']
2025-03-16 13:46:50.364 68999 INFO tempest.lib.common.dynamic_creds [-] Acquired dynamic creds: credentials: Credentials: {'domain_id': 'default', 'domain_name': 'Default', 'username': 'tempest-KeyPairsNegativeTestJSON-816554632-project-member', 'project_domain_id': 'default', 'project_domain_name': 'Default', 'project_id': 'decf5b54a79f4df59b89e6b8c8d9b691', 'project_name': 'tempest-KeyPairsNegativeTestJSON-816554632', 'tenant_id': 'decf5b54a79f4df59b89e6b8c8d9b691', 'tenant_name': 'tempest-KeyPairsNegativeTestJSON-816554632', 'user_domain_id': 'default', 'user_domain_name': 'Default', 'user_id': 'ec970ed4def84e0cb5e64cbe221af26c', 'system': None}, Network: None, Subnet: None, Router: None
2025-03-16 13:46:50.364 68999 INFO tempest.lib.common.dynamic_creds [-] Created isolated network resources for: credentials: Credentials: {'domain_id': 'default', 'domain_name': 'Default', 'username': 'tempest-KeyPairsNegativeTestJSON-816554632-project-member', 'project_domain_id': 'default', 'project_domain_name': 'Default', 'project_id': 'decf5b54a79f4df59b89e6b8c8d9b691', 'project_name': 'tempest-KeyPairsNegativeTestJSON-816554632', 'tenant_id': 'decf5b54a79f4df59b89e6b8c8d9b691', 'tenant_name': 'tempest-KeyPairsNegativeTestJSON-816554632', 'user_domain_id': 'default', 'user_domain_name': 'Default', 'user_id': 'ec970ed4def84e0cb5e64cbe221af26c', 'system': None}, Network: None, Subnet: None, Router: None
2025-03-16 13:46:50.392 68977 INFO tempest.lib.common.rest_client [req-626ced6a-5bd1-43d3-892f-a828c34d2b0c req-626ced6a-5bd1-43d3-892f-a828c34d2b0c ] Request (AggregatesAdminNegativeTestJSON:test_aggregate_create_with_existent_aggregate_name): 200 POST http://10.180.1.21/compute/v2.1/os-aggregates 0.915s
2025-03-16 13:46:50.414 68979 INFO tempest.lib.common.rest_client [req-e10c4d43-dd09-4068-9d54-ed2969d7640d req-e10c4d43-dd09-4068-9d54-ed2969d7640d ] Request (ServicesAdminNegativeV253TestJSON:test_get_service_with_valid_service_and_invalid_host): 200 GET http://10.180.1.21/compute/v2.1/os-services?host=xxx&binary=nova-scheduler 0.926s
2025-03-16 13:46:50.457 68967 INFO tempest.lib.common.rest_client [req-f1fd1d5f-d3fb-486a-a8d5-0764e84d82bf req-f1fd1d5f-d3fb-486a-a8d5-0764e84d82bf ] Request (FloatingIPsTestJSON:setUpClass): 201 POST http://10.180.1.21:9696/networking/v2.0/networks 0.644s
2025-03-16 13:46:50.495 69003 INFO tempest.lib.common.rest_client [req-400385bb-ed06-49c0-8a04-60b1d88d319d req-400385bb-ed06-49c0-8a04-60b1d88d319d ] Request (QuotasAdminNegativeTest:tearDownClass): 204 DELETE http://10.180.1.21:9696/networking/v2.0/security-groups/e1fb970b-ba33-4024-991a-6a18ced1e246 0.164s
2025-03-16 13:46:50.496 68947 INFO tempest.lib.common.rest_client [req-63bc59ae-4b37-4ee7-920f-072b43ba7167 req-63bc59ae-4b37-4ee7-920f-072b43ba7167 ] Request (HostsAdminNegativeTestJSON:tearDownClass): 204 DELETE http://10.180.1.21/identity/v3/users/49812bc3372840658d4efc48d7612789 0.155s
2025-03-16 13:46:50.497 68983 INFO tempest.lib.common.rest_client [req-50b93e80-c05a-44f9-b8c3-65e270593a71 req-50b93e80-c05a-44f9-b8c3-65e270593a71 ] Request (ServersTestManualDisk:setUpClass): 200 GET http://10.180.1.21/compute/v2.1/servers/2c3a53eb-b938-4b9c-9967-abc0c2bd3a2f 0.984s
2025-03-16 13:46:50.518 68995 INFO tempest.lib.common.rest_client [req-344794da-bacb-4243-bbc5-d99fdc1d44ff req-344794da-bacb-4243-bbc5-d99fdc1d44ff ] Request (FlavorsV2TestJSON:test_list_flavors_filter_by_min_disk): 200 GET http://10.180.1.21/compute/v2.1/flavors/42 0.977s
2025-03-16 13:46:50.597 68999 INFO tempest.lib.common.rest_client [req-dbfc00c5-c356-430a-8604-5a595e8c3809 req-dbfc00c5-c356-430a-8604-5a595e8c3809 ] Request (KeyPairsNegativeTestJSON:setUpClass): 201 POST http://10.180.1.21/identity/v3/auth/tokens 0.226s
2025-03-16 13:46:50.608 68957 INFO tempest.lib.common.rest_client [req-2189cdbc-6325-4eaa-8f3e-d3c5c8b30e5f req-2189cdbc-6325-4eaa-8f3e-d3c5c8b30e5f ] Request (InstanceActionsNegativeTestJSON:setUpClass): 201 POST http://10.180.1.21/identity/v3/auth/tokens 0.240s
2025-03-16 13:46:50.676 68953 INFO tempest.lib.common.rest_client [req-cb409afb-6332-4330-9212-9411f06e7ecf req-cb409afb-6332-4330-9212-9411f06e7ecf ] Request (DeleteServersAdminTestJSON:test_admin_delete_servers_of_others): 204 DELETE http://10.180.1.21/compute/v2.1/servers/60fd4a1b-603d-4b55-a997-2da9b973ca82 1.206s
2025-03-16 13:46:50.677 68967 INFO tempest.lib.common.rest_client [req-4334e7be-b351-41f8-94d9-48a9d2e73fe6 req-4334e7be-b351-41f8-94d9-48a9d2e73fe6 ] Request (FloatingIPsTestJSON:setUpClass): 201 POST http://10.180.1.21:9696/networking/v2.0/subnets 0.219s
2025-03-16 13:46:50.723 69003 INFO tempest.lib.common.rest_client [req-b4ab147d-ed09-44b3-8d64-145860054f1b req-b4ab147d-ed09-44b3-8d64-145860054f1b ] Request (QuotasAdminNegativeTest:tearDownClass): 204 DELETE http://10.180.1.21/identity/v3/projects/b91db6e824e04cd09475bb1745fe5341 0.227s
2025-03-16 13:46:50.731 68947 INFO tempest.lib.common.rest_client [req-a8b265d7-0177-497a-8813-ebbee796ad4c req-a8b265d7-0177-497a-8813-ebbee796ad4c ] Request (HostsAdminNegativeTestJSON:tearDownClass): 204 DELETE http://10.180.1.21/identity/v3/users/d1eb0a0beb2e43a2b0a906d2e3a76567 0.235s
2025-03-16 13:46:50.731 68947 INFO tempest.lib.common.dynamic_creds [-] Deleting project and security group for project: 835d8bae12d049ddba99203e132d2475
2025-03-16 13:46:50.777 68957 INFO tempest.lib.common.rest_client [req-a64a2cc6-8cab-417a-96d4-9c99a4dc5e4e req-a64a2cc6-8cab-417a-96d4-9c99a4dc5e4e ] Request (InstanceActionsNegativeTestJSON:setUpClass): 201 POST http://10.180.1.21/identity/v3/auth/tokens 0.166s
2025-03-16 13:46:50.777 68957 INFO tempest.lib.common.fixed_network [-] (InstanceActionsNegativeTestJSON:setUpClass) Found network {'id': '72469945-7c95-4b01-8b3e-bb05630e0b30', 'name': 'tempest-InstanceActionsNegativeTestJSON-890687971-network', 'tenant_id': '517ac7e9919047f5b63ac43d040c640d', 'admin_state_up': True, 'mtu': 8950, 'status': 'ACTIVE', 'subnets': [], 'shared': False, 'project_id': '517ac7e9919047f5b63ac43d040c640d', 'port_security_enabled': True, 'router:external': False, 'provider:network_type': 'vlan', 'provider:physical_network': 'default', 'provider:segmentation_id': 140, 'availability_zone_hints': [], 'availability_zones': [], 'ipv4_address_scope': None, 'ipv6_address_scope': None, 'description': '', 'tags': [], 'created_at': '2025-03-16T13:46:47Z', 'updated_at': '2025-03-16T13:46:47Z', 'revision_number': 1} available for tenant
2025-03-16 13:46:50.792 69003 INFO tempest.lib.common.rest_client [req-71fb261d-b617-488b-90e2-b15ae6db947d req-71fb261d-b617-488b-90e2-b15ae6db947d ] Request (FloatingIPDetailsTestJSON:setUpClass): 201 POST http://10.180.1.21/identity/v3/auth/tokens 0.067s
2025-03-16 13:46:50.803 68947 INFO tempest.lib.common.rest_client [req-b7ad08a9-f6e2-4be1-83e5-2e93683ca440 req-b7ad08a9-f6e2-4be1-83e5-2e93683ca440 ] Request (HostsAdminNegativeTestJSON:tearDownClass): 201 POST http://10.180.1.21/identity/v3/auth/tokens 0.072s
2025-03-16 13:46:50.826 69003 INFO tempest.lib.common.rest_client [req-34171de2-384d-4a5d-a89a-7cafe2e0e1d4 req-34171de2-384d-4a5d-a89a-7cafe2e0e1d4 ] Request (FloatingIPDetailsTestJSON:setUpClass): 201 POST http://10.180.1.21/identity/v3/auth/tokens 0.031s
2025-03-16 13:46:50.854 69003 INFO tempest.lib.common.rest_client [req-64189d33-54ba-4bb8-9002-92b4cdd94980 req-64189d33-54ba-4bb8-9002-92b4cdd94980 ] Request (FloatingIPDetailsTestJSON:setUpClass): 200 GET http://10.180.1.21/identity/v3/domains?name=Default 0.028s
2025-03-16 13:46:50.878 68961 INFO tempest.lib.common.rest_client [req-8bc68244-8f75-4655-ba0a-1ca5ed7cf3bf req-8bc68244-8f75-4655-ba0a-1ca5ed7cf3bf ] Request (ServerDiagnosticsTest:test_get_server_diagnostics): 200 GET http://10.180.1.21/compute/v2.1/servers/68cec116-992b-4a44-8d91-bad5c26c4798 1.199s
2025-03-16 13:46:50.895 69003 INFO tempest.lib.common.rest_client [req-68861252-5a64-490f-84ce-d21d89aa72f8 req-68861252-5a64-490f-84ce-d21d89aa72f8 ] Request (FloatingIPDetailsTestJSON:setUpClass): 201 POST http://10.180.1.21/identity/v3/projects 0.040s
2025-03-16 13:46:50.954 68973 INFO tempest.lib.common.rest_client [req-f6ef34fd-e547-413b-b09c-ba044ca1be2e req-f6ef34fd-e547-413b-b09c-ba044ca1be2e ] Request (ListImageFiltersTestJSON:setUpClass): 200 GET http://10.180.1.21/compute/v2.1/servers/10d5e8a7-7d54-40e9-84c8-b3975235442d 1.188s
2025-03-16 13:46:50.964 69003 INFO tempest.lib.common.rest_client [req-17459cc9-4bc4-447a-9136-f93f67bb0560 req-17459cc9-4bc4-447a-9136-f93f67bb0560 ] Request (FloatingIPDetailsTestJSON:setUpClass): 201 POST http://10.180.1.21/identity/v3/users 0.067s
2025-03-16 13:46:50.986 69003 INFO tempest.lib.common.rest_client [req-c2cd4913-0d19-4748-905c-7253cdb97b6c req-c2cd4913-0d19-4748-905c-7253cdb97b6c ] Request (FloatingIPDetailsTestJSON:setUpClass): 200 GET http://10.180.1.21/identity/v3/roles 0.022s
2025-03-16 13:46:50.990 68947 INFO tempest.lib.common.rest_client [req-4542184a-1aa8-4891-85a3-13c6de0420fe req-4542184a-1aa8-4891-85a3-13c6de0420fe ] Request (HostsAdminNegativeTestJSON:tearDownClass): 200 GET http://10.180.1.21:9696/networking/v2.0/security-groups?tenant_id=835d8bae12d049ddba99203e132d2475&name=default 0.187s
2025-03-16 13:46:51.017 69003 INFO tempest.lib.common.rest_client [req-6459493e-0fca-4a3d-bf81-112b96530d1d req-6459493e-0fca-4a3d-bf81-112b96530d1d ] Request (FloatingIPDetailsTestJSON:setUpClass): 204 PUT http://10.180.1.21/identity/v3/projects/0fbdc88af94f4ede9e30a02a1f0e00c2/users/11c43b6c118c4bcaaafc7fda3ffee3ba/roles/6594a047acdb47e8b9858bd488fc3e7d 0.031s
2025-03-16 13:46:51.018 69003 INFO tempest.lib.common.dynamic_creds [-] Dynamic test user 11c43b6c118c4bcaaafc7fda3ffee3ba is created with scope project and roles: ['member']
2025-03-16 13:46:51.018 69003 INFO tempest.lib.common.dynamic_creds [-] Acquired dynamic creds: credentials: Credentials: {'domain_id': 'default', 'domain_name': 'Default', 'username': 'tempest-FloatingIPDetailsTestJSON-390163991-project-member', 'project_domain_id': 'default', 'project_domain_name': 'Default', 'project_id': '0fbdc88af94f4ede9e30a02a1f0e00c2', 'project_name': 'tempest-FloatingIPDetailsTestJSON-390163991', 'tenant_id': '0fbdc88af94f4ede9e30a02a1f0e00c2', 'tenant_name': 'tempest-FloatingIPDetailsTestJSON-390163991', 'user_domain_id': 'default', 'user_domain_name': 'Default', 'user_id': '11c43b6c118c4bcaaafc7fda3ffee3ba', 'system': None}, Network: None, Subnet: None, Router: None
2025-03-16 13:46:51.081 68947 INFO tempest.lib.common.rest_client [req-5c886848-b527-42f1-98ed-a8fd511a7257 req-5c886848-b527-42f1-98ed-a8fd511a7257 ] Request (HostsAdminNegativeTestJSON:tearDownClass): 204 DELETE http://10.180.1.21:9696/networking/v2.0/security-groups/a9c42244-8a2f-46fb-b893-218d2b74e656 0.090s
2025-03-16 13:46:51.087 69003 INFO tempest.lib.common.rest_client [req-42e6754b-e4d0-4318-9a7a-2df7e7e155bd req-42e6754b-e4d0-4318-9a7a-2df7e7e155bd ] Request (FloatingIPDetailsTestJSON:setUpClass): 201 POST http://10.180.1.21/identity/v3/auth/tokens 0.068s
2025-03-16 13:46:51.107 68955 INFO tempest.lib.common.rest_client [req-b257db10-7f1e-40e2-86c4-3ac9599ed548 req-b257db10-7f1e-40e2-86c4-3ac9599ed548 ] Request (SecurityGroupsTestJSON:test_list_security_groups_by_server): 202 POST http://10.180.1.21/compute/v2.1/servers 1.533s
2025-03-16 13:46:51.165 68947 INFO tempest.lib.common.rest_client [req-092347b5-3f6c-44f9-913f-9fff86ce7efe req-092347b5-3f6c-44f9-913f-9fff86ce7efe ] Request (HostsAdminNegativeTestJSON:tearDownClass): 204 DELETE http://10.180.1.21/identity/v3/projects/835d8bae12d049ddba99203e132d2475 0.083s
2025-03-16 13:46:51.165 68947 INFO tempest.lib.common.dynamic_creds [-] Deleting project and security group for project: efb5487061e4479e936d4464fbd4778b
2025-03-16 13:46:51.183 69001 INFO tempest.lib.common.rest_client [req-d48cc0c3-e2a3-4630-89e8-52f5ed7e7376 req-d48cc0c3-e2a3-4630-89e8-52f5ed7e7376 ] Request (FlavorsAccessNegativeTestJSON:_run_cleanups): 200 POST http://10.180.1.21/compute/v2.1/flavors/1711116087/action 1.280s
2025-03-16 13:46:51.203 68959 INFO tempest.lib.common.rest_client [req-722bdebd-481a-4c42-b51e-78e33df40660 req-722bdebd-481a-4c42-b51e-78e33df40660 ] Request (VolumesAssistedSnapshotsTest:test_volume_assisted_snapshot_create_delete): 200 GET http://10.180.1.21/compute/v2.1/servers/946c78be-7449-4163-85ec-be6ac8e85268 1.186s
2025-03-16 13:46:51.293 68949 INFO tempest.lib.common.rest_client [req-57b3ca1e-46c5-4748-8ef1-e16d63b21c65 req-57b3ca1e-46c5-4748-8ef1-e16d63b21c65 ] Request (FloatingIPsAssociationTestJSON:setUpClass): 200 GET http://10.180.1.21/compute/v2.1/servers/7b60bcbc-dc20-4423-aaae-0e1b20127384 1.149s
2025-03-16 13:46:51.309 68947 INFO tempest.lib.common.rest_client [req-59aaabff-f0a1-459c-9f80-5279e9c06936 req-59aaabff-f0a1-459c-9f80-5279e9c06936 ] Request (HostsAdminNegativeTestJSON:tearDownClass): 200 GET http://10.180.1.21:9696/networking/v2.0/security-groups?tenant_id=efb5487061e4479e936d4464fbd4778b&name=default 0.143s
2025-03-16 13:46:51.378 68989 INFO tempest.lib.common.rest_client [req-96026e58-5c35-488d-a0f8-6f50ed78e95b req-96026e58-5c35-488d-a0f8-6f50ed78e95b ] Request (ServerAddressesTestJSON:setUpClass): 200 GET http://10.180.1.21/compute/v2.1/servers/328774c6-f757-444d-b9ce-3663119c0940 1.171s
2025-03-16 13:46:51.389 68989 INFO tempest.common.waiters [-] State transition "BUILD/scheduling" ==> "BUILD/None" after 4 second wait
2025-03-16 13:46:51.397 69007 INFO tempest.lib.common.rest_client [req-8c8c861e-f0ed-4f31-8c0c-28b8a6fff146 req-8c8c861e-f0ed-4f31-8c0c-28b8a6fff146 ] Request (QuotaClassesAdmin257Test:test_update_default_quotas): 200 GET http://10.180.1.21/compute/v2.1/os-quota-class-sets/default 1.185s
2025-03-16 13:46:51.432 68991 INFO tempest.lib.common.rest_client [req-c694ef9a-e336-427f-bcd8-5cb9da28e105 req-c694ef9a-e336-427f-bcd8-5cb9da28e105 ] Request (ServerDiagnosticsNegativeTest:test_get_server_diagnostics_by_non_admin): 200 GET http://10.180.1.21/compute/v2.1/servers/028fd908-1efd-44b7-a8d5-cfe8065a2857 1.361s
2025-03-16 13:46:51.443 68947 INFO tempest.lib.common.rest_client [req-dd885356-3ffe-45bb-9fd2-3fa1422ebe8c req-dd885356-3ffe-45bb-9fd2-3fa1422ebe8c ] Request (HostsAdminNegativeTestJSON:tearDownClass): 204 DELETE http://10.180.1.21:9696/networking/v2.0/security-groups/e44a8357-bd29-4f06-94b8-120ac56cc0ba 0.133s
2025-03-16 13:46:51.471 68987 INFO tempest.lib.common.rest_client [req-0946e6a4-075c-4add-8426-92c8868307e6 req-0946e6a4-075c-4add-8426-92c8868307e6 ] Request (FlavorsAdminTestJSON:test_create_list_flavor_without_extra_data): 200 POST http://10.180.1.21/compute/v2.1/flavors 1.103s
2025-03-16 13:46:51.484 68977 INFO tempest.lib.common.rest_client [req-a02bfff5-8556-499f-b668-9c5011e72ba1 req-a02bfff5-8556-499f-b668-9c5011e72ba1 ] Request (AggregatesAdminNegativeTestJSON:test_aggregate_create_with_existent_aggregate_name): 409 POST http://10.180.1.21/compute/v2.1/os-aggregates 1.091s
2025-03-16 13:46:51.523 68947 INFO tempest.lib.common.rest_client [req-66653bbf-e10f-4d70-9231-abf63b975144 req-66653bbf-e10f-4d70-9231-abf63b975144 ] Request (HostsAdminNegativeTestJSON:tearDownClass): 204 DELETE http://10.180.1.21/identity/v3/projects/efb5487061e4479e936d4464fbd4778b 0.080s
2025-03-16 13:46:51.532 69003 INFO tempest.lib.common.rest_client [req-3d546bdf-da27-4925-a1f2-513f8556c127 req-3d546bdf-da27-4925-a1f2-513f8556c127 ] Request (FloatingIPDetailsTestJSON:setUpClass): 201 POST http://10.180.1.21:9696/networking/v2.0/networks 0.445s
2025-03-16 13:46:51.598 68947 INFO tempest.lib.common.rest_client [req-4b1f89c8-edb3-4bf3-864c-0b03272f6b26 req-4b1f89c8-edb3-4bf3-864c-0b03272f6b26 ] Request (ImagesOneServerTestJSON:setUpClass): 201 POST http://10.180.1.21/identity/v3/auth/tokens 0.072s
2025-03-16 13:46:51.639 68947 INFO tempest.lib.common.rest_client [req-b2b171c0-da25-4d67-9253-4bd9c17cc514 req-b2b171c0-da25-4d67-9253-4bd9c17cc514 ] Request (ImagesOneServerTestJSON:setUpClass): 201 POST http://10.180.1.21/identity/v3/auth/tokens 0.036s
2025-03-16 13:46:51.645 68951 INFO tempest.lib.common.rest_client [req-07abb9ce-1ac1-4beb-8b14-481ab864d7d9 req-07abb9ce-1ac1-4beb-8b14-481ab864d7d9 ] Request (ServerDiskConfigTestJSON:test_rebuild_server_with_auto_disk_config): 200 GET http://10.180.1.21/compute/v2.1/servers/757963ce-ffa5-45a2-ab05-4700cea02493 1.318s
2025-03-16 13:46:51.674 68947 INFO tempest.lib.common.rest_client [req-59f561a3-b03e-481c-8e48-c432e0f757ab req-59f561a3-b03e-481c-8e48-c432e0f757ab ] Request (ImagesOneServerTestJSON:setUpClass): 200 GET http://10.180.1.21/identity/v3/domains?name=Default 0.034s
2025-03-16 13:46:51.675 68979 INFO tempest.lib.common.rest_client [req-c54b58e2-3272-4987-a7e7-6684e0296a2f req-c54b58e2-3272-4987-a7e7-6684e0296a2f ] Request (ServicesAdminNegativeV253TestJSON:test_list_services_with_non_admin_user): 403 GET http://10.180.1.21/compute/v2.1/os-services 1.251s
2025-03-16 13:46:51.676 68995 INFO tempest.lib.common.rest_client [req-8f57700a-285b-4b33-aa4c-0565b88a1b91 req-8f57700a-285b-4b33-aa4c-0565b88a1b91 ] Request (FlavorsV2TestJSON:test_list_flavors_filter_by_min_disk): 200 GET http://10.180.1.21/compute/v2.1/flavors?minDisk=2 1.156s
2025-03-16 13:46:51.722 68947 INFO tempest.lib.common.rest_client [req-e14a14b6-850a-4a9e-8e58-a0290ca6bf1e req-e14a14b6-850a-4a9e-8e58-a0290ca6bf1e ] Request (ImagesOneServerTestJSON:setUpClass): 201 POST http://10.180.1.21/identity/v3/projects 0.047s
2025-03-16 13:46:51.750 69003 INFO tempest.lib.common.rest_client [req-f7aa44b2-6157-4c43-a5b4-9d177f0c7970 req-f7aa44b2-6157-4c43-a5b4-9d177f0c7970 ] Request (FloatingIPDetailsTestJSON:setUpClass): 201 POST http://10.180.1.21:9696/networking/v2.0/subnets 0.217s
2025-03-16 13:46:51.765 68999 INFO tempest.lib.common.rest_client [req-a301e746-7031-488d-b56d-ada5dc005b09 req-a301e746-7031-488d-b56d-ada5dc005b09 ] Request (KeyPairsNegativeTestJSON:test_create_keypair_invalid_name): 400 POST http://10.180.1.21/compute/v2.1/os-keypairs 1.163s
2025-03-16 13:46:51.796 68965 INFO tempest.lib.common.rest_client [req-bd038170-367f-426c-a05d-c3deea473fcf req-bd038170-367f-426c-a05d-c3deea473fcf ] Request (ServerDiagnosticsV248Test:test_get_server_diagnostics): 200 GET http://10.180.1.21/compute/v2.1/servers/4ba9555c-aa88-464a-817c-bc8c5b042e6f 1.174s
2025-03-16 13:46:51.846 68947 INFO tempest.lib.common.rest_client [req-a0b90ffa-23ef-45fa-9034-115b7f1ed4ec req-a0b90ffa-23ef-45fa-9034-115b7f1ed4ec ] Request (ImagesOneServerTestJSON:setUpClass): 201 POST http://10.180.1.21/identity/v3/users 0.123s
2025-03-16 13:46:51.895 68979 INFO tempest.lib.common.rest_client [req-497618bb-4b0a-4309-a088-e0e4f200b1b7 req-497618bb-4b0a-4309-a088-e0e4f200b1b7 ] Request (ServicesAdminNegativeV253TestJSON:tearDownClass): 204 DELETE http://10.180.1.21/identity/v3/users/72510c3b9d5d4673adc81be2c7afdb19 0.218s
2025-03-16 13:46:51.902 68975 INFO tempest.lib.common.rest_client [req-7d605d11-5ded-485e-8431-2b17fdc4863b req-7d605d11-5ded-485e-8431-2b17fdc4863b ] Request (ServersListShow296Test:test_list_show_update_rebuild_server_296): 200 GET http://10.180.1.21/compute/v2.1/servers/dd7c8e0b-7816-40a9-8aad-67541de9fd67 1.224s
2025-03-16 13:46:51.911 68947 INFO tempest.lib.common.rest_client [req-7e9de073-9461-4378-a455-7a201c4080dd req-7e9de073-9461-4378-a455-7a201c4080dd ] Request (ImagesOneServerTestJSON:setUpClass): 200 GET http://10.180.1.21/identity/v3/roles 0.065s
2025-03-16 13:46:52.012 68953 INFO tempest.lib.common.rest_client [req-c0ef5862-4dc6-4fc8-a946-7a25ef4e4d5f req-c0ef5862-4dc6-4fc8-a946-7a25ef4e4d5f ] Request (DeleteServersAdminTestJSON:test_admin_delete_servers_of_others): 200 GET http://10.180.1.21/compute/v2.1/servers/60fd4a1b-603d-4b55-a997-2da9b973ca82 1.335s
2025-03-16 13:46:52.017 68979 INFO tempest.lib.common.rest_client [req-8c4ea5c2-0492-469e-ac8e-bbdfef0619cb req-8c4ea5c2-0492-469e-ac8e-bbdfef0619cb ] Request (ServicesAdminNegativeV253TestJSON:tearDownClass): 204 DELETE http://10.180.1.21/identity/v3/users/550cd5ac5ae24eaaa754b23ae031d706 0.122s
2025-03-16 13:46:52.017 68979 INFO tempest.lib.common.dynamic_creds [-] Deleting project and security group for project: 3c5d459b10d94fe09febce04a38f9070
2025-03-16 13:46:52.088 68979 INFO tempest.lib.common.rest_client [req-95565a78-f9e8-4db0-bac4-197bd234647b req-95565a78-f9e8-4db0-bac4-197bd234647b ] Request (ServicesAdminNegativeV253TestJSON:tearDownClass): 201 POST http://10.180.1.21/identity/v3/auth/tokens 0.070s
2025-03-16 13:46:52.088 68947 INFO tempest.lib.common.rest_client [req-02426131-1ccc-4576-aa70-e5b4003abd46 req-02426131-1ccc-4576-aa70-e5b4003abd46 ] Request (ImagesOneServerTestJSON:setUpClass): 204 PUT http://10.180.1.21/identity/v3/projects/7c6090a8b9dd418fbf083fd43b2468a9/users/3643d48a703f45db9d76ef0a0e704ed8/roles/6594a047acdb47e8b9858bd488fc3e7d 0.177s
2025-03-16 13:46:52.088 68947 INFO tempest.lib.common.dynamic_creds [-] Dynamic test user 3643d48a703f45db9d76ef0a0e704ed8 is created with scope project and roles: ['member']
2025-03-16 13:46:52.089 68947 INFO tempest.lib.common.dynamic_creds [-] Acquired dynamic creds: credentials: Credentials: {'domain_id': 'default', 'domain_name': 'Default', 'username': 'tempest-ImagesOneServerTestJSON-1441375864-project-member', 'project_domain_id': 'default', 'project_domain_name': 'Default', 'project_id': '7c6090a8b9dd418fbf083fd43b2468a9', 'project_name': 'tempest-ImagesOneServerTestJSON-1441375864', 'tenant_id': '7c6090a8b9dd418fbf083fd43b2468a9', 'tenant_name': 'tempest-ImagesOneServerTestJSON-1441375864', 'user_domain_id': 'default', 'user_domain_name': 'Default', 'user_id': '3643d48a703f45db9d76ef0a0e704ed8', 'system': None}, Network: None, Subnet: None, Router: None
2025-03-16 13:46:52.152 68947 INFO tempest.lib.common.rest_client [req-cd668ffa-f8af-4967-948b-6da3a264b1a6 req-cd668ffa-f8af-4967-948b-6da3a264b1a6 ] Request (ImagesOneServerTestJSON:setUpClass): 201 POST http://10.180.1.21/identity/v3/auth/tokens 0.063s
2025-03-16 13:46:52.239 68985 INFO tempest.lib.common.rest_client [req-6f9b1904-caa6-49da-9d74-902763663c85 req-6f9b1904-caa6-49da-9d74-902763663c85 ] Request (ServersTestFqdnHostnames:test_create_server_with_fqdn_name): 200 GET http://10.180.1.21/compute/v2.1/servers/4dc4fb7f-e866-43fd-9539-4a2d50d4fcbf 1.267s
2025-03-16 13:46:52.304 68993 INFO tempest.lib.common.rest_client [req-d275a4c1-f7ec-42cd-88fb-dca7db9e2d94 req-d275a4c1-f7ec-42cd-88fb-dca7db9e2d94 ] Request (MigrationsAdminTest:test_list_migrations_in_flavor_resize_situation): 200 GET http://10.180.1.21/compute/v2.1/servers/acbca5be-4f1e-43eb-b5ad-af7e5faed870 1.294s
2025-03-16 13:46:52.449 68979 INFO tempest.lib.common.rest_client [req-912efbf7-347d-4265-aedd-c59ed0167aa0 req-912efbf7-347d-4265-aedd-c59ed0167aa0 ] Request (ServicesAdminNegativeV253TestJSON:tearDownClass): 200 GET http://10.180.1.21:9696/networking/v2.0/security-groups?tenant_id=3c5d459b10d94fe09febce04a38f9070&name=default 0.361s
2025-03-16 13:46:52.552 68969 INFO tempest.lib.common.rest_client [req-f62917b9-9854-47c5-88d6-69907dbb2b73 req-f62917b9-9854-47c5-88d6-69907dbb2b73 ] Request (ServersWithSpecificFlavorTestJSON:test_verify_created_server_ephemeral_disk): 200 GET http://10.180.1.21/compute/v2.1/servers/4ce29621-f4bb-4b84-afc1-5cc5c5fdcc8a 1.472s
2025-03-16 13:46:52.596 68979 INFO tempest.lib.common.rest_client [req-4acb8190-a041-4ef3-9283-4781362f457a req-4acb8190-a041-4ef3-9283-4781362f457a ] Request (ServicesAdminNegativeV253TestJSON:tearDownClass): 204 DELETE http://10.180.1.21:9696/networking/v2.0/security-groups/4bebd9b7-a283-4e43-aedf-e05847d133fd 0.147s
2025-03-16 13:46:52.640 68955 INFO tempest.lib.common.rest_client [req-e0652d3c-c15d-40ab-a3c5-0125518f8ac5 req-e0652d3c-c15d-40ab-a3c5-0125518f8ac5 ] Request (SecurityGroupsTestJSON:test_list_security_groups_by_server): 200 GET http://10.180.1.21/compute/v2.1/servers/eca40a24-cf88-4d85-aec1-f571763e7e11 1.531s
2025-03-16 13:46:52.659 69001 INFO tempest.lib.common.rest_client [req-ceb42bfe-7b76-4b85-a1a5-e7cabe30ae06 req-ceb42bfe-7b76-4b85-a1a5-e7cabe30ae06 ] Request (FlavorsAccessNegativeTestJSON:_run_cleanups): 202 DELETE http://10.180.1.21/compute/v2.1/flavors/1711116087 1.475s
2025-03-16 13:46:52.693 68979 INFO tempest.lib.common.rest_client [req-c751d0f9-e5ac-4124-8f3c-8e25e64faba2 req-c751d0f9-e5ac-4124-8f3c-8e25e64faba2 ] Request (ServicesAdminNegativeV253TestJSON:tearDownClass): 204 DELETE http://10.180.1.21/identity/v3/projects/3c5d459b10d94fe09febce04a38f9070 0.096s
2025-03-16 13:46:52.693 68979 INFO tempest.lib.common.dynamic_creds [-] Deleting project and security group for project: ffa77a3ae0e8463e902e0494f88a665c
2025-03-16 13:46:52.697 69003 INFO tempest.lib.common.rest_client [req-32894fb5-8aab-4bb0-99de-f610cd37eb17 req-32894fb5-8aab-4bb0-99de-f610cd37eb17 ] Request (FloatingIPDetailsTestJSON:setUpClass): 201 POST http://10.180.1.21:9696/networking/v2.0/routers 0.946s
2025-03-16 13:46:52.711 68967 INFO tempest.lib.common.rest_client [req-30de1829-e6e8-4080-9a14-8bec808ad0ee req-30de1829-e6e8-4080-9a14-8bec808ad0ee ] Request (FloatingIPsTestJSON:setUpClass): 201 POST http://10.180.1.21:9696/networking/v2.0/routers 2.033s
2025-03-16 13:46:52.911 68945 INFO tempest.lib.common.rest_client [req-0279f180-99f2-4883-96aa-9c49abf6e975 req-0279f180-99f2-4883-96aa-9c49abf6e975 ] Request (ServersAdminNegativeTestJSON:setUpClass): 200 GET http://10.180.1.21/compute/v2.1/servers/f92f4394-a6f9-41cf-973a-a5cc0ecb624f 1.705s
2025-03-16 13:46:52.918 68945 INFO tempest.common.waiters [-] State transition "BUILD/spawning" ==> "ACTIVE/None" after 23 second wait
2025-03-16 13:46:52.941 68979 INFO tempest.lib.common.rest_client [req-6bfcada0-3721-4374-8932-98b5b1887527 req-6bfcada0-3721-4374-8932-98b5b1887527 ] Request (ServicesAdminNegativeV253TestJSON:tearDownClass): 200 GET http://10.180.1.21:9696/networking/v2.0/security-groups?tenant_id=ffa77a3ae0e8463e902e0494f88a665c&name=default 0.248s
2025-03-16 13:46:53.027 68981 INFO tempest.lib.common.rest_client [req-7b6b202c-9bfd-4162-aa55-d10da5309033 req-7b6b202c-9bfd-4162-aa55-d10da5309033 ] Request (ServerExternalEventsTest:test_create_server_external_events): 200 GET http://10.180.1.21/compute/v2.1/servers/fc93649b-1a68-4939-bf5a-6218f5186bd2 1.739s
2025-03-16 13:46:53.030 68947 INFO tempest.lib.common.rest_client [req-57a5e25f-a2c5-437a-87fe-a0d67cf97c5e req-57a5e25f-a2c5-437a-87fe-a0d67cf97c5e ] Request (ImagesOneServerTestJSON:setUpClass): 201 POST http://10.180.1.21:9696/networking/v2.0/networks 0.878s
2025-03-16 13:46:53.040 68957 INFO tempest.lib.common.rest_client [req-3407cc1b-2b0f-472a-a1b4-d1d4b4e1735a req-3407cc1b-2b0f-472a-a1b4-d1d4b4e1735a ] Request (InstanceActionsNegativeTestJSON:setUpClass): 202 POST http://10.180.1.21/compute/v2.1/servers 2.262s
2025-03-16 13:46:53.116 69007 INFO tempest.lib.common.rest_client [req-85cfe0f0-c116-4642-92a5-81f5a8306013 req-85cfe0f0-c116-4642-92a5-81f5a8306013 ] Request (QuotaClassesAdmin257Test:_run_cleanups): 200 PUT http://10.180.1.21/compute/v2.1/os-quota-class-sets/default 1.717s
2025-03-16 13:46:53.135 68987 INFO tempest.lib.common.rest_client [req-c52a45d2-280c-44bb-b520-d5cf5743bcf1 req-c52a45d2-280c-44bb-b520-d5cf5743bcf1 ] Request (FlavorsAdminTestJSON:test_create_list_flavor_without_extra_data): 200 GET http://10.180.1.21/compute/v2.1/flavors/880195697 1.661s
2025-03-16 13:46:53.170 68977 INFO tempest.lib.common.rest_client [req-f0e4a6c7-14ad-4278-b6d8-d5e5b4b86c5a req-f0e4a6c7-14ad-4278-b6d8-d5e5b4b86c5a ] Request (AggregatesAdminNegativeTestJSON:_run_cleanups): 200 DELETE http://10.180.1.21/compute/v2.1/os-aggregates/4 1.684s
2025-03-16 13:46:53.204 68979 INFO tempest.lib.common.rest_client [req-e63c51da-b9ac-43be-8861-64d9222b5bc2 req-e63c51da-b9ac-43be-8861-64d9222b5bc2 ] Request (ServicesAdminNegativeV253TestJSON:tearDownClass): 204 DELETE http://10.180.1.21:9696/networking/v2.0/security-groups/83b43e05-2834-467b-be7e-16f1e2e0bb16 0.263s
2025-03-16 13:46:53.333 68979 INFO tempest.lib.common.rest_client [req-a2819653-323a-4045-a62b-44a3b30d1b2d req-a2819653-323a-4045-a62b-44a3b30d1b2d ] Request (ServicesAdminNegativeV253TestJSON:tearDownClass): 204 DELETE http://10.180.1.21/identity/v3/projects/ffa77a3ae0e8463e902e0494f88a665c 0.128s
2025-03-16 13:46:53.334 68979 INFO tempest.test [-] raised in SpiceDirectConsoleTestJSON.setUpClass. Invoking tearDownClass.
2025-03-16 13:46:53.346 69007 INFO tempest.lib.common.rest_client [req-1b46aa2a-8598-4616-b7cc-f7269d308eed req-1b46aa2a-8598-4616-b7cc-f7269d308eed ] Request (QuotaClassesAdmin257Test:tearDownClass): 204 DELETE http://10.180.1.21/identity/v3/users/c429b7eca88c4243a2190b17825139e1 0.215s
2025-03-16 13:46:53.359 68983 INFO tempest.lib.common.rest_client [req-c3eb29fb-29ac-436f-9c45-57392b1dfeb6 req-c3eb29fb-29ac-436f-9c45-57392b1dfeb6 ] Request (ServersTestManualDisk:setUpClass): 200 GET http://10.180.1.21/compute/v2.1/servers/2c3a53eb-b938-4b9c-9967-abc0c2bd3a2f 1.849s
2025-03-16 13:46:53.388 69005 INFO tempest.lib.common.rest_client [req-e82a8b87-b10e-4cd6-8d30-9307db9a0847 req-e82a8b87-b10e-4cd6-8d30-9307db9a0847 ] Request (ImagesOneServerNegativeTestJSON:setUpClass): 200 GET http://10.180.1.21/compute/v2.1/servers/20f5b953-f903-41ca-9a8c-a1b06d61c9ce 2.047s
2025-03-16 13:46:53.407 69005 INFO tempest.common.waiters [-] State transition "BUILD/None" ==> "BUILD/spawning" after 11 second wait
2025-03-16 13:46:53.414 68995 INFO tempest.lib.common.rest_client [req-994ee615-e634-4a9c-bf44-3cf9d44be81d req-994ee615-e634-4a9c-bf44-3cf9d44be81d ] Request (FlavorsV2TestJSON:test_list_flavors_filter_by_min_ram): 200 GET http://10.180.1.21/compute/v2.1/flavors/42 1.728s
2025-03-16 13:46:53.417 68979 INFO tempest.lib.common.rest_client [req-d862df69-4f00-4d98-a2e8-ef778c60f752 req-d862df69-4f00-4d98-a2e8-ef778c60f752 ] Request (VolumesAdminNegativeTest:setUpClass): 201 POST http://10.180.1.21/identity/v3/auth/tokens 0.081s
2025-03-16 13:46:53.451 68979 INFO tempest.lib.common.rest_client [req-ad7db2f0-db8c-40ba-9b76-f017f7f09dd8 req-ad7db2f0-db8c-40ba-9b76-f017f7f09dd8 ] Request (VolumesAdminNegativeTest:setUpClass): 201 POST http://10.180.1.21/identity/v3/auth/tokens 0.030s
2025-03-16 13:46:53.484 68979 INFO tempest.lib.common.rest_client [req-38371896-ca4e-43b8-acd6-81958a78ac9d req-38371896-ca4e-43b8-acd6-81958a78ac9d ] Request (VolumesAdminNegativeTest:setUpClass): 200 GET http://10.180.1.21/identity/v3/domains?name=Default 0.032s
2025-03-16 13:46:53.503 68999 INFO tempest.lib.common.rest_client [req-14342639-a11d-48e1-b0b1-c45707e5cc15 req-14342639-a11d-48e1-b0b1-c45707e5cc15 ] Request (KeyPairsNegativeTestJSON:test_create_keypair_when_public_key_bits_exceeds_maximum): 400 POST http://10.180.1.21/compute/v2.1/os-keypairs 1.735s
2025-03-16 13:46:53.540 69007 INFO tempest.lib.common.rest_client [req-b76c8e04-610a-4c5c-9a5f-ca20bc574165 req-b76c8e04-610a-4c5c-9a5f-ca20bc574165 ] Request (QuotaClassesAdmin257Test:tearDownClass): 204 DELETE http://10.180.1.21/identity/v3/users/36195f605a6e4ae585e7c7de37c30af0 0.194s
2025-03-16 13:46:53.540 69007 INFO tempest.lib.common.dynamic_creds [-] Deleting project and security group for project: cf0b6d7d9fa54dbd94b09a342a27d0e8
2025-03-16 13:46:53.573 68979 INFO tempest.lib.common.rest_client [req-64733d3d-3a0a-444a-b879-fdd9ce4a2cc9 req-64733d3d-3a0a-444a-b879-fdd9ce4a2cc9 ] Request (VolumesAdminNegativeTest:setUpClass): 201 POST http://10.180.1.21/identity/v3/projects 0.088s
