2025-03-16 13:47:41.034 69003 INFO tempest.lib.common.rest_client [req-389901c2-b6e8-44d5-80f7-cdb8945eb2cd req-389901c2-b6e8-44d5-80f7-cdb8945eb2cd ] Request (VolumesTestJSON:test_volume_list): 200 GET http://10.180.1.21/compute/v2.1/os-volumes 0.308s
2025-03-16 13:47:41.060 68945 INFO tempest.lib.common.rest_client [req-e743987e-b4a1-4a19-bfba-dffc9fa67127 req-e743987e-b4a1-4a19-bfba-dffc9fa67127 ] Request (ServersAdminNegativeTestJSON:test_migrate_server_invalid_state): 200 GET http://10.180.1.21/compute/v2.1/servers/a8fff535-2bd4-4e9a-94f1-c1e9da9b6b2e 0.345s
2025-03-16 13:47:41.086 68951 INFO tempest.lib.common.rest_client [req-be75894a-6cbd-4f86-b7de-d698dec50439 req-be75894a-6cbd-4f86-b7de-d698dec50439 ] Request (ServerDiskConfigTestJSON:test_rebuild_server_with_manual_disk_config): 200 GET http://10.180.1.21/compute/v2.1/servers/d1ec15c3-dc28-4b64-8277-48d732289a64 0.351s
2025-03-16 13:47:41.140 68967 INFO tempest.lib.common.rest_client [req-38478b7d-7877-4af4-9cfa-eaab986f1360 req-38478b7d-7877-4af4-9cfa-eaab986f1360 ] Request (ListServersNegativeTestJSON:setUpClass): 200 GET http://10.180.1.21/compute/v2.1/servers/dd38324c-5574-48d6-b5f7-f59d65605e52 0.278s
2025-03-16 13:47:41.165 69007 INFO tempest.lib.common.rest_client [req-89de57f8-ed9d-4dbe-9e7e-b4431e971630 req-89de57f8-ed9d-4dbe-9e7e-b4431e971630 ] Request (TenantUsagesTestJSON:setUpClass): 200 GET http://10.180.1.21/compute/v2.1/servers/02cecd4f-38a7-449c-8422-9b4cb2434407 0.327s
2025-03-16 13:47:41.208 69005 INFO tempest.lib.common.rest_client [req-d294c711-e9fc-4337-b8d7-3449ea66e175 req-d294c711-e9fc-4337-b8d7-3449ea66e175 ] Request (ImagesOneServerNegativeTestJSON:_run_cleanups): 200 GET http://10.180.1.21/compute/v2.1/servers/20f5b953-f903-41ca-9a8c-a1b06d61c9ce 0.298s
2025-03-16 13:47:41.224 68987 INFO tempest.lib.common.rest_client [req-6f419447-768f-4ba9-b87b-c43b897de3c5 req-6f419447-768f-4ba9-b87b-c43b897de3c5 ] Request (ServerActionsTestJSON:setUpClass): 200 PUT http://10.180.1.21:9696/networking/v2.0/routers/c0174623-bff6-487a-a2ea-5f3b5112b813/add_router_interface 0.844s
2025-03-16 13:47:41.224 68987 INFO tempest.lib.common.dynamic_creds [-] Created isolated network resources for: credentials: Credentials: {'domain_id': 'default', 'domain_name': 'Default', 'username': 'tempest-ServerActionsTestJSON-362911001-project-member', 'project_domain_id': 'default', 'project_domain_name': 'Default', 'project_id': '791921538e824be89c26ff6041bfbd7f', 'project_name': 'tempest-ServerActionsTestJSON-362911001', 'tenant_id': '791921538e824be89c26ff6041bfbd7f', 'tenant_name': 'tempest-ServerActionsTestJSON-362911001', 'user_domain_id': 'default', 'user_domain_name': 'Default', 'user_id': 'eab7ce88ac8c438cb81a24fdff3232f9', 'system': None}, Network: {'id': '1650185a-bb95-46c5-a488-03ce154a8bbe', 'name': 'tempest-ServerActionsTestJSON-227328532-network', 'tenant_id': '791921538e824be89c26ff6041bfbd7f', 'admin_state_up': True, 'mtu': 8950, 'status': 'ACTIVE', 'subnets': [], 'shared': False, 'project_id': '791921538e824be89c26ff6041bfbd7f', 'port_security_enabled': True, 'router:external': False, 'provider:network_type': 'vlan', 'provider:physical_network': 'default', 'provider:segmentation_id': 409, 'availability_zone_hints': [], 'availability_zones': [], 'ipv4_address_scope': None, 'ipv6_address_scope': None, 'description': '', 'tags': [], 'created_at': '2025-03-16T13:47:39Z', 'updated_at': '2025-03-16T13:47:39Z', 'revision_number': 1}, Subnet: {'id': '2e7badfc-3ba0-4f7e-ae22-ed707ac9c54e', 'name': 'tempest-ServerActionsTestJSON-227328532-subnet', 'tenant_id': '791921538e824be89c26ff6041bfbd7f', 'network_id': '1650185a-bb95-46c5-a488-03ce154a8bbe', 'ip_version': 4, 'subnetpool_id': None, 'enable_dhcp': True, 'ipv6_ra_mode': None, 'ipv6_address_mode': None, 'gateway_ip': '192.168.128.1', 'cidr': '192.168.128.0/28', 'allocation_pools': [{'start': '192.168.128.2', 'end': '192.168.128.14'}], 'host_routes': [], 'dns_nameservers': [], 'description': '', 'router:external': False, 'service_types': [], 'tags': [], 'created_at': '2025-03-16T13:47:39Z', 'updated_at': '2025-03-16T13:47:39Z', 'revision_number': 0, 'project_id': '791921538e824be89c26ff6041bfbd7f'}, Router: {'id': 'c0174623-bff6-487a-a2ea-5f3b5112b813', 'name': 'tempest-ServerActionsTestJSON-227328532-router', 'tenant_id': '791921538e824be89c26ff6041bfbd7f', 'admin_state_up': True, 'status': 'ACTIVE', 'external_gateway_info': {'network_id': '9a960a2e-2448-4235-b33f-c63f59788617', 'external_fixed_ips': [{'subnet_id': 'b8806e08-7b7c-43be-adcf-723aec8d6dd0', 'ip_address': '10.180.180.172'}], 'enable_snat': True}, 'description': '', 'availability_zones': [], 'distributed': False, 'ha': False, 'availability_zone_hints': [], 'routes': [], 'flavor_id': None, 'tags': [], 'created_at': '2025-03-16T13:47:39Z', 'updated_at': '2025-03-16T13:47:39Z', 'revision_number': 2, 'project_id': '791921538e824be89c26ff6041bfbd7f'}
2025-03-16 13:47:41.275 68965 INFO tempest.lib.common.rest_client [req-d952d246-e522-4a7e-8a45-159b060f4f87 req-d952d246-e522-4a7e-8a45-159b060f4f87 ] Request (ServerDiagnosticsV248Test:tearDownClass): 200 GET http://10.180.1.21/compute/v2.1/servers/4ba9555c-aa88-464a-817c-bc8c5b042e6f 0.333s
2025-03-16 13:47:41.315 68987 INFO tempest.lib.common.rest_client [req-9c931efc-fdb3-4f51-84be-c927b63cff48 req-9c931efc-fdb3-4f51-84be-c927b63cff48 ] Request (ServerActionsTestJSON:setUpClass): 201 POST http://10.180.1.21/identity/v3/auth/tokens 0.088s
2025-03-16 13:47:41.384 68991 INFO tempest.lib.common.rest_client [req-88b8b51c-f8d3-47f0-9613-c4fea98f3e10 req-88b8b51c-f8d3-47f0-9613-c4fea98f3e10 ] Request (SecurityGroupRulesTestJSON:tearDownClass): 202 DELETE http://10.180.1.21/compute/v2.1/os-security-groups/4bd110bd-581b-4c12-a140-11fbc878c91b 0.415s
2025-03-16 13:47:41.460 68975 INFO tempest.lib.common.rest_client [req-d33b9d73-d66d-4a4c-9aa9-83f23cabf295 req-d33b9d73-d66d-4a4c-9aa9-83f23cabf295 ] Request (ServersListShow296Test:tearDownClass): 200 GET http://10.180.1.21/compute/v2.1/servers/dd7c8e0b-7816-40a9-8aad-67541de9fd67 0.444s
2025-03-16 13:47:41.525 69003 INFO tempest.lib.common.rest_client [req-9ee1f12e-bee1-43fd-9994-a86699963eae req-9ee1f12e-bee1-43fd-9994-a86699963eae ] Request (VolumesTestJSON:test_volume_list_param_limit): 200 GET http://10.180.1.21/compute/v2.1/os-volumes?limit=2 0.486s
2025-03-16 13:47:41.586 68995 INFO tempest.lib.common.rest_client [req-89b3250d-e12d-4ea4-92c7-361d47098a7a req-89b3250d-e12d-4ea4-92c7-361d47098a7a ] Request (ImagesTestJSON:test_create_image_from_stopped_server): 200 GET http://10.180.1.21/compute/v2.1/servers/c5649df0-b209-49ed-8816-67691d515acc 0.473s
2025-03-16 13:47:41.603 68993 INFO tempest.lib.common.rest_client [req-4e5f36f3-5f4e-445d-a04e-e9c547a50c97 req-4e5f36f3-5f4e-445d-a04e-e9c547a50c97 ] Request (MigrationsAdminTest:test_list_migrations_in_flavor_resize_situation): 202 POST http://10.180.1.21/compute/v2.1/servers/acbca5be-4f1e-43eb-b5ad-af7e5faed870/action 0.674s
2025-03-16 13:47:41.662 68949 INFO tempest.lib.common.rest_client [req-9fcd89e4-3189-4ed9-9a02-aea4f57affd6 req-9fcd89e4-3189-4ed9-9a02-aea4f57affd6 ] Request (FloatingIPsAssociationTestJSON:test_associate_already_associated_floating_ip): 200 GET http://10.180.1.21/compute/v2.1/servers/d7b3a786-75c2-4512-9a54-2fabaca08b9c 0.488s
2025-03-16 13:47:41.706 68955 INFO tempest.lib.common.rest_client [req-cbe917eb-fff3-4730-9dba-4c6803ef15a2 req-cbe917eb-fff3-4730-9dba-4c6803ef15a2 ] Request (SecurityGroupsTestJSON:test_list_security_groups_by_server): 200 GET http://10.180.1.21/compute/v2.1/servers/eca40a24-cf88-4d85-aec1-f571763e7e11 0.579s
2025-03-16 13:47:41.713 68955 INFO tempest.common.waiters [-] State transition "BUILD/spawning" ==> "ACTIVE/None" after 49 second wait
2025-03-16 13:47:41.717 68953 INFO tempest.lib.common.rest_client [req-41e5caf0-a583-4b88-bdd1-fd95fa6817c6 req-41e5caf0-a583-4b88-bdd1-fd95fa6817c6 ] Request (DeleteServersAdminTestJSON:test_delete_server_while_in_error_state): 200 GET http://10.180.1.21/compute/v2.1/servers/b711c51c-67bc-4485-a3d4-ebfd4db35ae0 0.527s
2025-03-16 13:47:41.784 68987 INFO tempest.lib.common.rest_client [req-18a1ae7d-56aa-4aa2-8605-15256c434999 req-18a1ae7d-56aa-4aa2-8605-15256c434999 ] Request (ServerActionsTestJSON:setUpClass): 200 POST http://10.180.1.21/compute/v2.1/os-keypairs 0.466s
2025-03-16 13:47:41.800 68999 INFO tempest.lib.common.rest_client [req-2af231ba-e383-47c1-8581-c43c0d37479b req-2af231ba-e383-47c1-8581-c43c0d37479b ] Request (ServersAaction247Test:test_create_backup): 200 GET http://10.180.1.21/compute/v2.1/servers/a138922c-a6ed-40e6-bfac-b5647b472eeb 0.565s
2025-03-16 13:47:41.845 68983 WARNING tempest.lib.common.ssh [-] Failed to establish authenticated ssh connection to cirros@10.180.180.142 ([Errno None] Unable to connect to port 22 on 10.180.180.142). Number attempts: 2. Retry after 3 seconds.: paramiko.ssh_exception.NoValidConnectionsError: [Errno None] Unable to connect to port 22 on 10.180.180.142
2025-03-16 13:47:41.919 68987 INFO tempest.lib.common.rest_client [req-591ef07c-2907-4ee2-819f-74193cd8ffe5 req-591ef07c-2907-4ee2-819f-74193cd8ffe5 ] Request (ServerActionsTestJSON:setUpClass): 201 POST http://10.180.1.21:9696/networking/v2.0/security-groups 0.134s
2025-03-16 13:47:42.028 68987 INFO tempest.lib.common.rest_client [req-f30ad2a6-1fdf-4733-9bf7-2ddf48345d80 req-f30ad2a6-1fdf-4733-9bf7-2ddf48345d80 ] Request (ServerActionsTestJSON:setUpClass): 201 POST http://10.180.1.21:9696/networking/v2.0/security-group-rules 0.108s
2025-03-16 13:47:42.114 68987 INFO tempest.lib.common.rest_client [req-ac2302ae-e45b-4cfa-ba3f-06a99f846faf req-ac2302ae-e45b-4cfa-ba3f-06a99f846faf ] Request (ServerActionsTestJSON:setUpClass): 201 POST http://10.180.1.21:9696/networking/v2.0/security-group-rules 0.085s
2025-03-16 13:47:42.226 68957 INFO tempest.lib.common.rest_client [req-40f45c06-c8f2-4b4b-a51c-6744efbce74b req-40f45c06-c8f2-4b4b-a51c-6744efbce74b ] Request (InstanceActionsNegativeTestJSON:setUpClass): 200 GET http://10.180.1.21/compute/v2.1/servers/59985f8a-277d-4930-8c47-61161cb531b6 0.749s
2025-03-16 13:47:42.236 68959 WARNING tempest.lib.common.ssh [-] Failed to establish authenticated ssh connection to cirros@10.180.180.138 ([Errno None] Unable to connect to port 22 on 10.180.180.138). Number attempts: 5. Retry after 6 seconds.: paramiko.ssh_exception.NoValidConnectionsError: [Errno None] Unable to connect to port 22 on 10.180.180.138
2025-03-16 13:47:42.260 68991 INFO tempest.lib.common.rest_client [req-1cd4394c-6e91-49d4-8749-5586a8953096 req-1cd4394c-6e91-49d4-8749-5586a8953096 ] Request (SecurityGroupRulesTestJSON:tearDownClass): 202 DELETE http://10.180.1.21/compute/v2.1/os-security-groups/4a216d07-c425-40eb-8a42-f84b2c523098 0.875s
2025-03-16 13:47:42.313 69003 INFO tempest.lib.common.rest_client [req-1b25e0d9-8f88-4160-8a2a-9880d169a5e9 req-1b25e0d9-8f88-4160-8a2a-9880d169a5e9 ] Request (VolumesTestJSON:test_volume_list_param_offset_and_limit): 200 GET http://10.180.1.21/compute/v2.1/os-volumes 0.782s
2025-03-16 13:47:42.316 69001 INFO tempest.lib.common.rest_client [req-7cceb1c3-1ac5-4398-bde6-064700eeef3b req-7cceb1c3-1ac5-4398-bde6-064700eeef3b ] Request (ServerActionsTestOtherA:setUpClass): 200 GET http://10.180.1.21/compute/v2.1/servers/7d63cf7b-7227-4d99-b08c-b7bc56020e1b 0.825s
2025-03-16 13:47:42.388 68961 INFO tempest.lib.common.rest_client [req-06464959-9061-434f-8963-39b7a564fedf req-06464959-9061-434f-8963-39b7a564fedf ] Request (ServersV294TestFqdnHostnames:setUpClass): 200 GET http://10.180.1.21/compute/v2.1/servers/9554d8a9-6914-4833-81b9-5246d5217106 0.811s
2025-03-16 13:47:42.396 68981 INFO tempest.lib.common.rest_client [req-fbd64e29-4702-401e-8a27-f5ca6192add8 req-fbd64e29-4702-401e-8a27-f5ca6192add8 ] Request (ServerExternalEventsTest:tearDownClass): 200 GET http://10.180.1.21/compute/v2.1/servers/fc93649b-1a68-4939-bf5a-6218f5186bd2 0.836s
2025-03-16 13:47:42.476 68997 INFO tempest.lib.common.rest_client [req-266e3ab5-1e5b-4e13-a1cd-e02084fb2756 req-266e3ab5-1e5b-4e13-a1cd-e02084fb2756 ] Request (ServersTestMultiNic:test_verify_duplicate_network_nics): 200 GET http://10.180.1.21/compute/v2.1/servers/ef394827-1b6c-43d7-acf7-6bddde9f05a1 0.858s
2025-03-16 13:47:42.545 68993 INFO tempest.lib.common.rest_client [req-6bd4a4fc-74b7-4dfb-814e-08734ff996e2 req-6bd4a4fc-74b7-4dfb-814e-08734ff996e2 ] Request (MigrationsAdminTest:test_list_migrations_in_flavor_resize_situation): 200 GET http://10.180.1.21/compute/v2.1/servers/acbca5be-4f1e-43eb-b5ad-af7e5faed870 0.942s
2025-03-16 13:47:42.548 68971 INFO tempest.lib.common.rest_client [req-9a770062-6736-4e95-873a-5078b09591c1 req-9a770062-6736-4e95-873a-5078b09591c1 ] Request (FloatingIPsAssociationNegativeTestJSON:setUpClass): 200 GET http://10.180.1.21/compute/v2.1/servers/683ec368-79b8-4bcd-87f2-ac1528f5f8dd 0.904s
2025-03-16 13:47:42.593 68987 INFO tempest.lib.common.rest_client [req-df9e860e-ccd5-47d2-aa1a-23af39575136 req-df9e860e-ccd5-47d2-aa1a-23af39575136 ] Request (ServerActionsTestJSON:setUpClass): 201 POST http://10.180.1.21:9696/networking/v2.0/floatingips 0.478s
2025-03-16 13:47:42.620 68989 INFO tempest.lib.common.rest_client [req-38aee5c7-a94d-4876-baee-d87d30b615dc req-38aee5c7-a94d-4876-baee-d87d30b615dc ] Request (ServerAddressesTestJSON:tearDownClass): 200 GET http://10.180.1.21/compute/v2.1/servers/328774c6-f757-444d-b9ce-3663119c0940 0.929s
2025-03-16 13:47:42.636 68987 INFO tempest.lib.common.rest_client [req-649b2ab7-14cb-4168-a289-b2aaa6193451 req-649b2ab7-14cb-4168-a289-b2aaa6193451 ] Request (ServerActionsTestJSON:setUpClass): 201 POST http://10.180.1.21/identity/v3/auth/tokens 0.040s
2025-03-16 13:47:42.637 68987 INFO tempest.lib.common.fixed_network [-] (ServerActionsTestJSON:setUpClass) Found network {'id': '1650185a-bb95-46c5-a488-03ce154a8bbe', 'name': 'tempest-ServerActionsTestJSON-227328532-network', 'tenant_id': '791921538e824be89c26ff6041bfbd7f', 'admin_state_up': True, 'mtu': 8950, 'status': 'ACTIVE', 'subnets': [], 'shared': False, 'project_id': '791921538e824be89c26ff6041bfbd7f', 'port_security_enabled': True, 'router:external': False, 'provider:network_type': 'vlan', 'provider:physical_network': 'default', 'provider:segmentation_id': 409, 'availability_zone_hints': [], 'availability_zones': [], 'ipv4_address_scope': None, 'ipv6_address_scope': None, 'description': '', 'tags': [], 'created_at': '2025-03-16T13:47:39Z', 'updated_at': '2025-03-16T13:47:39Z', 'revision_number': 1} available for tenant
2025-03-16 13:47:42.693 68947 INFO tempest.lib.common.rest_client [req-7442e778-98de-4b87-87ef-90b269f693f8 req-7442e778-98de-4b87-87ef-90b269f693f8 ] Request (ImagesOneServerTestJSON:setUpClass): 200 GET http://10.180.1.21/compute/v2.1/servers/35dabbb3-7b76-45e6-a060-3a8f65674b68 0.973s
2025-03-16 13:47:42.702 68947 INFO tempest.common.waiters [-] State transition "BUILD/None" ==> "BUILD/networking" after 40 second wait
2025-03-16 13:47:42.744 68979 INFO tempest.lib.common.rest_client [req-30131169-f64c-47d9-b776-b33a08a69916 req-30131169-f64c-47d9-b776-b33a08a69916 ] Request (VolumesAdminNegativeTest:test_update_attached_volume_with_nonexistent_volume_in_body): 200 GET http://10.180.1.21/compute/v2.1/servers/aded3c33-08be-4109-960c-111194975958 0.892s
2025-03-16 13:47:42.781 68973 INFO tempest.lib.common.rest_client [req-003e1e65-15bc-46aa-80ae-73ce0d2a9b1a req-003e1e65-15bc-46aa-80ae-73ce0d2a9b1a ] Request (ListImageFiltersTestJSON:setUpClass): 200 GET http://10.180.1.21/compute/v2.1/images/e7f719f0-aa6b-41de-9308-46a17e427045 0.820s
2025-03-16 13:47:42.907 68945 INFO tempest.lib.common.rest_client [req-d2697ded-dfd5-4a20-afb9-8e23077636e8 req-d2697ded-dfd5-4a20-afb9-8e23077636e8 ] Request (ServersAdminNegativeTestJSON:test_migrate_server_invalid_state): 200 GET http://10.180.1.21/compute/v2.1/servers/a8fff535-2bd4-4e9a-94f1-c1e9da9b6b2e 0.837s
2025-03-16 13:47:42.983 68951 INFO tempest.lib.common.rest_client [req-f3fd9bf2-b13f-409e-9b6b-d3a6e8945ad5 req-f3fd9bf2-b13f-409e-9b6b-d3a6e8945ad5 ] Request (ServerDiskConfigTestJSON:test_rebuild_server_with_manual_disk_config): 200 GET http://10.180.1.21/compute/v2.1/servers/d1ec15c3-dc28-4b64-8277-48d732289a64 0.889s
2025-03-16 13:47:42.994 68951 INFO tempest.common.waiters [-] State transition "BUILD/scheduling" ==> "BUILD/None" after 27 second wait
2025-03-16 13:47:43.054 68967 INFO tempest.lib.common.rest_client [req-fd0db905-21f5-4b99-9883-9123e86624b5 req-fd0db905-21f5-4b99-9883-9123e86624b5 ] Request (ListServersNegativeTestJSON:setUpClass): 200 GET http://10.180.1.21/compute/v2.1/servers/dd38324c-5574-48d6-b5f7-f59d65605e52 0.907s
2025-03-16 13:47:43.083 68955 INFO tempest.lib.common.rest_client [req-18efeaed-8e48-4493-a6e3-23848481e9a0 req-18efeaed-8e48-4493-a6e3-23848481e9a0 ] Request (SecurityGroupsTestJSON:test_list_security_groups_by_server): 202 POST http://10.180.1.21/compute/v2.1/servers/eca40a24-cf88-4d85-aec1-f571763e7e11/action 1.369s
2025-03-16 13:47:43.165 69005 INFO tempest.lib.common.rest_client [req-fdcc751f-cb51-4f9d-8e34-0d43358dec6d req-fdcc751f-cb51-4f9d-8e34-0d43358dec6d ] Request (ImagesOneServerNegativeTestJSON:_run_cleanups): 200 GET http://10.180.1.21/compute/v2.1/servers/20f5b953-f903-41ca-9a8c-a1b06d61c9ce 0.949s
2025-03-16 13:47:43.236 69007 INFO tempest.lib.common.rest_client [req-a96742ee-3d29-4b56-b1fd-9a03071f6a13 req-a96742ee-3d29-4b56-b1fd-9a03071f6a13 ] Request (TenantUsagesTestJSON:setUpClass): 200 GET http://10.180.1.21/compute/v2.1/servers/02cecd4f-38a7-449c-8422-9b4cb2434407 1.054s
2025-03-16 13:47:43.312 68965 INFO tempest.lib.common.rest_client [req-6d3fbca5-b4c1-44d9-8d8a-8efac8d53eb6 req-6d3fbca5-b4c1-44d9-8d8a-8efac8d53eb6 ] Request (ServerDiagnosticsV248Test:tearDownClass): 200 GET http://10.180.1.21/compute/v2.1/servers/4ba9555c-aa88-464a-817c-bc8c5b042e6f 1.026s
2025-03-16 13:47:43.350 69003 INFO tempest.lib.common.rest_client [req-5af4a2ed-cd18-4eb8-a1a8-d5f94287c196 req-5af4a2ed-cd18-4eb8-a1a8-d5f94287c196 ] Request (VolumesTestJSON:test_volume_list_param_offset_and_limit): 200 GET http://10.180.1.21/compute/v2.1/os-volumes?offset=1&limit=1 1.033s
2025-03-16 13:47:43.380 68991 INFO tempest.lib.common.rest_client [req-366d2b76-f115-4707-826e-6de31b3c6c7b req-366d2b76-f115-4707-826e-6de31b3c6c7b ] Request (SecurityGroupRulesTestJSON:tearDownClass): 202 DELETE http://10.180.1.21/compute/v2.1/os-security-groups/9969753d-fa9a-4368-81c2-3d4885ef0b5a 1.120s
2025-03-16 13:47:43.418 68975 INFO tempest.lib.common.rest_client [req-094c01aa-76d7-4718-9952-167d0f84246b req-094c01aa-76d7-4718-9952-167d0f84246b ] Request (ServersListShow296Test:tearDownClass): 200 GET http://10.180.1.21/compute/v2.1/servers/dd7c8e0b-7816-40a9-8aad-67541de9fd67 0.944s
2025-03-16 13:47:43.449 68995 INFO tempest.lib.common.rest_client [req-43102d70-99f0-45d8-87cc-2d0d462b9663 req-43102d70-99f0-45d8-87cc-2d0d462b9663 ] Request (ImagesTestJSON:test_create_image_from_stopped_server): 200 GET http://10.180.1.21/compute/v2.1/servers/c5649df0-b209-49ed-8816-67691d515acc 0.855s
2025-03-16 13:47:43.527 68949 INFO tempest.lib.common.rest_client [req-c2087fa8-d47c-47a3-b9fd-a43a10768a1d req-c2087fa8-d47c-47a3-b9fd-a43a10768a1d ] Request (FloatingIPsAssociationTestJSON:test_associate_already_associated_floating_ip): 200 GET http://10.180.1.21/compute/v2.1/servers/d7b3a786-75c2-4512-9a54-2fabaca08b9c 0.851s
2025-03-16 13:47:43.585 68953 INFO tempest.lib.common.rest_client [req-1ab1fae2-e91e-4f10-963a-387facf64aa8 req-1ab1fae2-e91e-4f10-963a-387facf64aa8 ] Request (DeleteServersAdminTestJSON:test_delete_server_while_in_error_state): 200 GET http://10.180.1.21/compute/v2.1/servers/b711c51c-67bc-4485-a3d4-ebfd4db35ae0 0.856s
2025-03-16 13:47:43.593 68953 INFO tempest.common.waiters [-] State transition "BUILD/scheduling" ==> "BUILD/None" after 29 second wait
2025-03-16 13:47:43.679 68999 INFO tempest.lib.common.rest_client [req-5b1b7aee-d583-4610-8639-b226ae0d929c req-5b1b7aee-d583-4610-8639-b226ae0d929c ] Request (ServersAaction247Test:test_create_backup): 200 GET http://10.180.1.21/compute/v2.1/servers/a138922c-a6ed-40e6-bfac-b5647b472eeb 0.864s
2025-03-16 13:47:44.002 68987 INFO tempest.lib.common.rest_client [req-e5f5f0cf-dc6f-4853-95bc-1c675f38f830 req-e5f5f0cf-dc6f-4853-95bc-1c675f38f830 ] Request (ServerActionsTestJSON:setUpClass): 202 POST http://10.180.1.21/compute/v2.1/servers 1.365s
2025-03-16 13:47:44.151 68957 INFO tempest.lib.common.rest_client [req-7ea643e1-db08-4307-bf3a-7e1c8728fc3f req-7ea643e1-db08-4307-bf3a-7e1c8728fc3f ] Request (InstanceActionsNegativeTestJSON:setUpClass): 200 GET http://10.180.1.21/compute/v2.1/servers/59985f8a-277d-4930-8c47-61161cb531b6 0.909s
2025-03-16 13:47:44.158 68957 INFO tempest.common.waiters [-] State transition "BUILD/spawning" ==> "ACTIVE/None" after 50 second wait
2025-03-16 13:47:44.206 69001 INFO tempest.lib.common.rest_client [req-86ed24e4-f74c-43db-a683-ddb19b2f1cc3 req-86ed24e4-f74c-43db-a683-ddb19b2f1cc3 ] Request (ServerActionsTestOtherA:setUpClass): 200 GET http://10.180.1.21/compute/v2.1/servers/7d63cf7b-7227-4d99-b08c-b7bc56020e1b 0.878s
2025-03-16 13:47:44.244 68955 INFO tempest.lib.common.rest_client [req-3a80f572-596d-41a7-8c39-650a0059bb70 req-3a80f572-596d-41a7-8c39-650a0059bb70 ] Request (SecurityGroupsTestJSON:test_list_security_groups_by_server): 202 POST http://10.180.1.21/compute/v2.1/servers/eca40a24-cf88-4d85-aec1-f571763e7e11/action 1.160s
2025-03-16 13:47:44.247 69003 INFO tempest.lib.common.rest_client [req-bc229496-2412-49b0-8e73-f287efd7ea41 req-bc229496-2412-49b0-8e73-f287efd7ea41 ] Request (VolumesTestJSON:test_volume_list_with_detail_param_limit): 200 GET http://10.180.1.21/compute/v2.1/os-volumes/detail?limit=2 0.893s
2025-03-16 13:47:44.329 68961 INFO tempest.lib.common.rest_client [req-96547be3-0676-471a-8804-9f2418a41d67 req-96547be3-0676-471a-8804-9f2418a41d67 ] Request (ServersV294TestFqdnHostnames:setUpClass): 200 GET http://10.180.1.21/compute/v2.1/servers/9554d8a9-6914-4833-81b9-5246d5217106 0.927s
2025-03-16 13:47:44.376 68991 INFO tempest.lib.common.rest_client [req-952b7bcb-4264-4162-b447-9a5ccb53e2ea req-952b7bcb-4264-4162-b447-9a5ccb53e2ea ] Request (SecurityGroupRulesTestJSON:tearDownClass): 202 DELETE http://10.180.1.21/compute/v2.1/os-security-groups/5e5d87e0-80d4-40c8-845a-a56e82a0553f 0.995s
2025-03-16 13:47:44.399 68981 INFO tempest.lib.common.rest_client [req-c71ee4d4-a3fc-48b1-aadf-1cd96ccbb2f4 req-c71ee4d4-a3fc-48b1-aadf-1cd96ccbb2f4 ] Request (ServerExternalEventsTest:tearDownClass): 200 GET http://10.180.1.21/compute/v2.1/servers/fc93649b-1a68-4939-bf5a-6218f5186bd2 0.985s
2025-03-16 13:47:44.439 68997 INFO tempest.lib.common.rest_client [req-50fe27bb-67be-43b8-ab6f-d80f50021698 req-50fe27bb-67be-43b8-ab6f-d80f50021698 ] Request (ServersTestMultiNic:test_verify_duplicate_network_nics): 200 GET http://10.180.1.21/compute/v2.1/servers/ef394827-1b6c-43d7-acf7-6bddde9f05a1 0.953s
2025-03-16 13:47:44.459 68971 INFO tempest.lib.common.rest_client [req-88e7ee33-70fa-49b2-be89-7fd6cec7fc38 req-88e7ee33-70fa-49b2-be89-7fd6cec7fc38 ] Request (FloatingIPsAssociationNegativeTestJSON:setUpClass): 200 GET http://10.180.1.21/compute/v2.1/servers/683ec368-79b8-4bcd-87f2-ac1528f5f8dd 0.902s
2025-03-16 13:47:44.532 68989 INFO tempest.lib.common.rest_client [req-2829ffc0-f650-4b3d-8c8d-7d461bcce20c req-2829ffc0-f650-4b3d-8c8d-7d461bcce20c ] Request (ServerAddressesTestJSON:tearDownClass): 200 GET http://10.180.1.21/compute/v2.1/servers/328774c6-f757-444d-b9ce-3663119c0940 0.903s
2025-03-16 13:47:44.632 68993 INFO tempest.lib.common.rest_client [req-f4d651ca-e0a4-4273-be81-a7eba3444bcc req-f4d651ca-e0a4-4273-be81-a7eba3444bcc ] Request (MigrationsAdminTest:test_list_migrations_in_flavor_resize_situation): 200 GET http://10.180.1.21/compute/v2.1/servers/acbca5be-4f1e-43eb-b5ad-af7e5faed870 1.073s
2025-03-16 13:47:44.672 68947 INFO tempest.lib.common.rest_client [req-618962f3-9581-4d53-8155-4fc25e995f4a req-618962f3-9581-4d53-8155-4fc25e995f4a ] Request (ImagesOneServerTestJSON:setUpClass): 200 GET http://10.180.1.21/compute/v2.1/servers/35dabbb3-7b76-45e6-a060-3a8f65674b68 0.968s
2025-03-16 13:47:44.680 68947 INFO tempest.common.waiters [-] State transition "BUILD/networking" ==> "BUILD/spawning" after 42 second wait
2025-03-16 13:47:44.703 68979 INFO tempest.lib.common.rest_client [req-73c3d197-fb3f-4a21-b346-f26facf5a525 req-73c3d197-fb3f-4a21-b346-f26facf5a525 ] Request (VolumesAdminNegativeTest:test_update_attached_volume_with_nonexistent_volume_in_body): 200 GET http://10.180.1.21/compute/v2.1/servers/aded3c33-08be-4109-960c-111194975958 0.948s
2025-03-16 13:47:44.716 68973 INFO tempest.lib.common.rest_client [req-f863d67b-2699-4f36-8948-af926e166fc9 req-f863d67b-2699-4f36-8948-af926e166fc9 ] Request (ListImageFiltersTestJSON:setUpClass): 200 GET http://10.180.1.21/compute/v2.1/images/e7f719f0-aa6b-41de-9308-46a17e427045 0.928s
2025-03-16 13:47:44.779 68951 INFO tempest.lib.common.rest_client [req-54a49851-6299-474f-8101-921a2cb2a3cc req-54a49851-6299-474f-8101-921a2cb2a3cc ] Request (ServerDiskConfigTestJSON:test_rebuild_server_with_manual_disk_config): 200 GET http://10.180.1.21/compute/v2.1/servers/d1ec15c3-dc28-4b64-8277-48d732289a64 0.783s
2025-03-16 13:47:44.819 68945 INFO tempest.lib.common.rest_client [req-c359c78d-ad2d-47fb-9b00-a145ceb98686 req-c359c78d-ad2d-47fb-9b00-a145ceb98686 ] Request (ServersAdminNegativeTestJSON:test_migrate_server_invalid_state): 200 GET http://10.180.1.21/compute/v2.1/servers/a8fff535-2bd4-4e9a-94f1-c1e9da9b6b2e 0.898s
2025-03-16 13:47:44.844 68987 INFO tempest.lib.common.rest_client [req-06721543-0ffc-4a24-8a98-c79dc870c0ab req-06721543-0ffc-4a24-8a98-c79dc870c0ab ] Request (ServerActionsTestJSON:setUpClass): 200 GET http://10.180.1.21/compute/v2.1/servers/401f7afd-55f9-40df-8ea7-892c97c15b01 0.841s
2025-03-16 13:47:44.871 68967 INFO tempest.lib.common.rest_client [req-9caf4f74-29cb-47dc-910a-8538a0c84547 req-9caf4f74-29cb-47dc-910a-8538a0c84547 ] Request (ListServersNegativeTestJSON:setUpClass): 200 GET http://10.180.1.21/compute/v2.1/servers/dd38324c-5574-48d6-b5f7-f59d65605e52 0.807s
2025-03-16 13:47:44.878 68957 INFO tempest.lib.common.rest_client [req-3e055ebe-3a6c-4e0b-830a-4321fd7af754 req-3e055ebe-3a6c-4e0b-830a-4321fd7af754 ] Request (InstanceActionsNegativeTestJSON:test_get_instance_action_invalid_request): 404 GET http://10.180.1.21/compute/v2.1/servers/59985f8a-277d-4930-8c47-61161cb531b6/os-instance-actions/999 0.718s
2025-03-16 13:47:44.916 68985 WARNING tempest.lib.common.ssh [-] Failed to establish authenticated ssh connection to cirros@10.180.180.216 ([Errno None] Unable to connect to port 22 on 10.180.180.216). Number attempts: 6. Retry after 7 seconds.: paramiko.ssh_exception.NoValidConnectionsError: [Errno None] Unable to connect to port 22 on 10.180.180.216
2025-03-16 13:47:44.953 69005 INFO tempest.lib.common.rest_client [req-76435c31-38ee-4673-9c90-b79f472c224f req-76435c31-38ee-4673-9c90-b79f472c224f ] Request (ImagesOneServerNegativeTestJSON:_run_cleanups): 200 GET http://10.180.1.21/compute/v2.1/servers/20f5b953-f903-41ca-9a8c-a1b06d61c9ce 0.777s
2025-03-16 13:47:45.007 68955 INFO tempest.lib.common.rest_client [req-f1599ec0-ea33-4a3f-9508-61ccbc5de57f req-f1599ec0-ea33-4a3f-9508-61ccbc5de57f ] Request (SecurityGroupsTestJSON:test_list_security_groups_by_server): 200 GET http://10.180.1.21/compute/v2.1/servers/eca40a24-cf88-4d85-aec1-f571763e7e11/os-security-groups 0.763s
2025-03-16 13:47:45.050 69003 INFO tempest.lib.common.rest_client [req-1e05a784-069c-441e-bc2d-34678011245b req-1e05a784-069c-441e-bc2d-34678011245b ] Request (VolumesTestJSON:test_volume_list_with_detail_param_offset_and_limit): 200 GET http://10.180.1.21/compute/v2.1/os-volumes/detail 0.799s
2025-03-16 13:47:45.060 69007 INFO tempest.lib.common.rest_client [req-a0b3fe10-7a0d-4d4d-b25a-cdc4a0c9bcdb req-a0b3fe10-7a0d-4d4d-b25a-cdc4a0c9bcdb ] Request (TenantUsagesTestJSON:setUpClass): 200 GET http://10.180.1.21/compute/v2.1/servers/02cecd4f-38a7-449c-8422-9b4cb2434407 0.814s
2025-03-16 13:47:45.098 68991 INFO tempest.lib.common.rest_client [req-81a3053c-67c0-4733-a129-65386ce02613 req-81a3053c-67c0-4733-a129-65386ce02613 ] Request (SecurityGroupRulesTestJSON:tearDownClass): 200 PUT http://10.180.1.21:9696/networking/v2.0/routers/e81cd8a3-5dea-4244-ad90-ef55cc57d3a1/remove_router_interface 0.722s
2025-03-16 13:47:45.128 68965 INFO tempest.lib.common.rest_client [req-c9dd0019-89d9-42b4-b77e-3b48cc646aab req-c9dd0019-89d9-42b4-b77e-3b48cc646aab ] Request (ServerDiagnosticsV248Test:tearDownClass): 200 GET http://10.180.1.21/compute/v2.1/servers/4ba9555c-aa88-464a-817c-bc8c5b042e6f 0.796s
2025-03-16 13:47:45.161 68975 INFO tempest.lib.common.rest_client [req-0eb3d120-e829-4a0c-8195-58f4bbdc731e req-0eb3d120-e829-4a0c-8195-58f4bbdc731e ] Request (ServersListShow296Test:tearDownClass): 200 GET http://10.180.1.21/compute/v2.1/servers/dd7c8e0b-7816-40a9-8aad-67541de9fd67 0.732s
2025-03-16 13:47:45.191 68995 INFO tempest.lib.common.rest_client [req-947017f6-7dbb-4263-a928-9921a9079d63 req-947017f6-7dbb-4263-a928-9921a9079d63 ] Request (ImagesTestJSON:test_create_image_from_stopped_server): 200 GET http://10.180.1.21/compute/v2.1/servers/c5649df0-b209-49ed-8816-67691d515acc 0.731s
2025-03-16 13:47:45.240 68949 INFO tempest.lib.common.rest_client [req-c5e39daa-df3a-427f-a700-4cb2843ccf01 req-c5e39daa-df3a-427f-a700-4cb2843ccf01 ] Request (FloatingIPsAssociationTestJSON:test_associate_already_associated_floating_ip): 200 GET http://10.180.1.21/compute/v2.1/servers/d7b3a786-75c2-4512-9a54-2fabaca08b9c 0.703s
2025-03-16 13:47:45.249 68949 INFO tempest.common.waiters [-] State transition "BUILD/scheduling" ==> "BUILD/None" after 29 second wait
2025-03-16 13:47:45.263 68953 INFO tempest.lib.common.rest_client [req-a4779b82-6940-4004-9dc7-18b88e8b2398 req-a4779b82-6940-4004-9dc7-18b88e8b2398 ] Request (DeleteServersAdminTestJSON:test_delete_server_while_in_error_state): 200 GET http://10.180.1.21/compute/v2.1/servers/b711c51c-67bc-4485-a3d4-ebfd4db35ae0 0.669s
2025-03-16 13:47:45.273 68957 INFO tempest.lib.common.rest_client [req-dca95e8e-e080-4bcf-85d9-084ebf6079ed req-dca95e8e-e080-4bcf-85d9-084ebf6079ed ] Request (InstanceActionsNegativeTestJSON:test_list_instance_actions_non_existent_server): 404 GET http://10.180.1.21/compute/v2.1/servers/72a688f2-56c6-4bfe-9f03-1317b8135cd7/os-instance-actions 0.393s
2025-03-16 13:47:45.308 68999 INFO tempest.lib.common.rest_client [req-46a65caa-74c1-4ebe-8d0b-7af4e9790061 req-46a65caa-74c1-4ebe-8d0b-7af4e9790061 ] Request (ServersAaction247Test:test_create_backup): 200 GET http://10.180.1.21/compute/v2.1/servers/a138922c-a6ed-40e6-bfac-b5647b472eeb 0.615s
2025-03-16 13:47:45.342 69003 INFO tempest.lib.common.rest_client [req-9c25470e-8217-4208-9031-b1be8ac0cbb1 req-9c25470e-8217-4208-9031-b1be8ac0cbb1 ] Request (VolumesTestJSON:test_volume_list_with_detail_param_offset_and_limit): 200 GET http://10.180.1.21/compute/v2.1/os-volumes/detail?offset=1&limit=1 0.288s
2025-03-16 13:47:45.413 69001 INFO tempest.lib.common.rest_client [req-8e0afcaf-d486-4397-8b5e-5bece1c9ed46 req-8e0afcaf-d486-4397-8b5e-5bece1c9ed46 ] Request (ServerActionsTestOtherA:setUpClass): 200 GET http://10.180.1.21/compute/v2.1/servers/7d63cf7b-7227-4d99-b08c-b7bc56020e1b 0.199s
2025-03-16 13:47:45.467 68955 INFO tempest.lib.common.rest_client [req-45996dd7-be7e-4d88-896d-d8bfb789956c req-45996dd7-be7e-4d88-896d-d8bfb789956c ] Request (SecurityGroupsTestJSON:test_security_group_create_get_delete): 200 POST http://10.180.1.21/compute/v2.1/os-security-groups 0.455s
2025-03-16 13:47:45.473 68991 INFO tempest.lib.common.rest_client [req-262e5a9c-8466-4285-9343-a426feadec5f req-262e5a9c-8466-4285-9343-a426feadec5f ] Request (SecurityGroupRulesTestJSON:tearDownClass): 204 DELETE http://10.180.1.21:9696/networking/v2.0/routers/e81cd8a3-5dea-4244-ad90-ef55cc57d3a1 0.374s
2025-03-16 13:47:45.542 68961 INFO tempest.lib.common.rest_client [req-4342efd5-5237-4871-90aa-d9b6a03f4c0c req-4342efd5-5237-4871-90aa-d9b6a03f4c0c ] Request (ServersV294TestFqdnHostnames:setUpClass): 200 GET http://10.180.1.21/compute/v2.1/servers/9554d8a9-6914-4833-81b9-5246d5217106 0.200s
2025-03-16 13:47:45.572 68957 INFO tempest.lib.common.rest_client [req-9cfd4dfb-21f7-4e90-adf8-8ba1a45d5cba req-9cfd4dfb-21f7-4e90-adf8-8ba1a45d5cba ] Request (InstanceActionsNegativeTestJSON:tearDownClass): 204 DELETE http://10.180.1.21/compute/v2.1/servers/59985f8a-277d-4930-8c47-61161cb531b6 0.298s
2025-03-16 13:47:45.588 69003 INFO tempest.lib.common.rest_client [req-179339f4-8421-4961-a8cf-f0f3c51ddfe3 req-179339f4-8421-4961-a8cf-f0f3c51ddfe3 ] Request (VolumesTestJSON:test_volume_list_with_details): 200 GET http://10.180.1.21/compute/v2.1/os-volumes/detail 0.242s
2025-03-16 13:47:45.664 68981 INFO tempest.lib.common.rest_client [req-4933415e-25ba-4045-9a56-0563b81b2f72 req-4933415e-25ba-4045-9a56-0563b81b2f72 ] Request (ServerExternalEventsTest:tearDownClass): 200 GET http://10.180.1.21/compute/v2.1/servers/fc93649b-1a68-4939-bf5a-6218f5186bd2 0.255s
2025-03-16 13:47:45.665 69003 INFO tempest.lib.common.rest_client [req-0d762c0c-1bca-426d-bd30-af59a5434e42 req-0d762c0c-1bca-426d-bd30-af59a5434e42 ] Request (VolumesTestJSON:tearDownClass): 202 DELETE http://10.180.1.21/volume/v3/volumes/53afd31a-1547-4aeb-a407-5074b5e88882 0.068s
2025-03-16 13:47:45.679 68997 INFO tempest.lib.common.rest_client [req-5e823e5a-b2bd-4c04-bd0c-12bac5bdfbd9 req-5e823e5a-b2bd-4c04-bd0c-12bac5bdfbd9 ] Request (ServersTestMultiNic:test_verify_duplicate_network_nics): 200 GET http://10.180.1.21/compute/v2.1/servers/ef394827-1b6c-43d7-acf7-6bddde9f05a1 0.231s
2025-03-16 13:47:45.694 68991 INFO tempest.lib.common.rest_client [req-d301cff2-3288-4eee-8b63-ecf5bfe2cfdc req-d301cff2-3288-4eee-8b63-ecf5bfe2cfdc ] Request (SecurityGroupRulesTestJSON:tearDownClass): 204 DELETE http://10.180.1.21:9696/networking/v2.0/subnets/19d358db-0236-4193-969b-337596ce3898 0.220s
2025-03-16 13:47:45.705 69003 INFO tempest.lib.common.rest_client [req-446c9c1c-f78a-47ce-9358-60f0764cc2f8 req-446c9c1c-f78a-47ce-9358-60f0764cc2f8 ] Request (VolumesTestJSON:tearDownClass): 200 GET http://10.180.1.21/volume/v3/volumes/53afd31a-1547-4aeb-a407-5074b5e88882 0.039s
2025-03-16 13:47:45.708 68955 INFO tempest.lib.common.rest_client [req-ab6f023e-e3b5-4ae5-8eba-dc8705d2c156 req-ab6f023e-e3b5-4ae5-8eba-dc8705d2c156 ] Request (SecurityGroupsTestJSON:test_security_group_create_get_delete): 200 GET http://10.180.1.21/compute/v2.1/os-security-groups/b30eeb2f-f564-4e8a-8d6c-235cefc9f3a1 0.237s
2025-03-16 13:47:45.747 68971 INFO tempest.lib.common.rest_client [req-839106eb-185c-4d27-89bb-114b1b2496d0 req-839106eb-185c-4d27-89bb-114b1b2496d0 ] Request (FloatingIPsAssociationNegativeTestJSON:setUpClass): 200 GET http://10.180.1.21/compute/v2.1/servers/683ec368-79b8-4bcd-87f2-ac1528f5f8dd 0.278s
2025-03-16 13:47:45.756 68971 INFO tempest.common.waiters [-] State transition "BUILD/None" ==> "BUILD/networking" after 36 second wait
2025-03-16 13:47:45.789 68989 INFO tempest.lib.common.rest_client [req-d8443b84-edb6-4288-adba-c3ee50e9dacf req-d8443b84-edb6-4288-adba-c3ee50e9dacf ] Request (ServerAddressesTestJSON:tearDownClass): 200 GET http://10.180.1.21/compute/v2.1/servers/328774c6-f757-444d-b9ce-3663119c0940 0.247s
2025-03-16 13:47:45.918 68957 INFO tempest.lib.common.rest_client [req-1271839d-d37d-4ca8-a5b7-98d2ecbf3b91 req-1271839d-d37d-4ca8-a5b7-98d2ecbf3b91 ] Request (InstanceActionsNegativeTestJSON:tearDownClass): 200 GET http://10.180.1.21/compute/v2.1/servers/59985f8a-277d-4930-8c47-61161cb531b6 0.346s
2025-03-16 13:47:45.950 68993 INFO tempest.lib.common.rest_client [req-0384426b-83d3-456b-81ef-9ec7a8e2a687 req-0384426b-83d3-456b-81ef-9ec7a8e2a687 ] Request (MigrationsAdminTest:test_list_migrations_in_flavor_resize_situation): 200 GET http://10.180.1.21/compute/v2.1/servers/acbca5be-4f1e-43eb-b5ad-af7e5faed870 0.307s
2025-03-16 13:47:46.006 68979 INFO tempest.lib.common.rest_client [req-5e8b99f5-7610-46e4-85e7-beb664ab899e req-5e8b99f5-7610-46e4-85e7-beb664ab899e ] Request (VolumesAdminNegativeTest:test_update_attached_volume_with_nonexistent_volume_in_body): 200 GET http://10.180.1.21/compute/v2.1/servers/aded3c33-08be-4109-960c-111194975958 0.294s
2025-03-16 13:47:46.062 68947 INFO tempest.lib.common.rest_client [req-e0c031a7-0c09-4b82-aa05-ced46c54f0cc req-e0c031a7-0c09-4b82-aa05-ced46c54f0cc ] Request (ImagesOneServerTestJSON:setUpClass): 200 GET http://10.180.1.21/compute/v2.1/servers/35dabbb3-7b76-45e6-a060-3a8f65674b68 0.379s
2025-03-16 13:47:46.104 68973 INFO tempest.lib.common.rest_client [req-718fbf38-6f80-45eb-a72e-66f9bcd8484b req-718fbf38-6f80-45eb-a72e-66f9bcd8484b ] Request (ListImageFiltersTestJSON:setUpClass): 200 GET http://10.180.1.21/compute/v2.1/images/e7f719f0-aa6b-41de-9308-46a17e427045 0.384s
2025-03-16 13:47:46.131 68991 INFO tempest.lib.common.rest_client [req-f099b65d-193e-43ec-8a5d-db98ef42ea3c req-f099b65d-193e-43ec-8a5d-db98ef42ea3c ] Request (SecurityGroupRulesTestJSON:tearDownClass): 204 DELETE http://10.180.1.21:9696/networking/v2.0/networks/729ea429-d4f0-4a4d-a4e3-8747ff368439 0.437s
2025-03-16 13:47:46.134 68969 WARNING tempest.lib.common.ssh [-] Failed to establish authenticated ssh connection to cirros@10.180.180.211 ([Errno None] Unable to connect to port 22 on 10.180.180.211). Number attempts: 4. Retry after 5 seconds.: paramiko.ssh_exception.NoValidConnectionsError: [Errno None] Unable to connect to port 22 on 10.180.180.211
2025-03-16 13:47:46.135 68955 INFO tempest.lib.common.rest_client [req-b1cfa44e-9c32-4e02-a758-afb121f1272b req-b1cfa44e-9c32-4e02-a758-afb121f1272b ] Request (SecurityGroupsTestJSON:test_security_group_create_get_delete): 202 DELETE http://10.180.1.21/compute/v2.1/os-security-groups/b30eeb2f-f564-4e8a-8d6c-235cefc9f3a1 0.422s
2025-03-16 13:47:46.168 68951 INFO tempest.lib.common.rest_client [req-8e01f1b4-7a0c-4823-aa8d-8a0b41488304 req-8e01f1b4-7a0c-4823-aa8d-8a0b41488304 ] Request (ServerDiskConfigTestJSON:test_rebuild_server_with_manual_disk_config): 200 GET http://10.180.1.21/compute/v2.1/servers/d1ec15c3-dc28-4b64-8277-48d732289a64 0.372s
2025-03-16 13:47:46.239 68987 INFO tempest.lib.common.rest_client [req-56ab057f-135f-4203-8d8a-d995ba6483cd req-56ab057f-135f-4203-8d8a-d995ba6483cd ] Request (ServerActionsTestJSON:setUpClass): 200 GET http://10.180.1.21/compute/v2.1/servers/401f7afd-55f9-40df-8ea7-892c97c15b01 0.384s
2025-03-16 13:47:46.271 68991 INFO tempest.lib.common.rest_client [req-bfb54ef9-3eca-4404-8e23-a6f5e9916cd7 req-bfb54ef9-3eca-4404-8e23-a6f5e9916cd7 ] Request (SecurityGroupRulesTestJSON:tearDownClass): 204 DELETE http://10.180.1.21/identity/v3/users/a592255dfa484b75be83d0eebdb34289 0.139s
2025-03-16 13:47:46.271 68991 INFO tempest.lib.common.dynamic_creds [-] Deleting project and security group for project: db38033c51aa452cae1debe6799a2042
2025-03-16 13:47:46.289 68945 INFO tempest.lib.common.rest_client [req-437040a3-c100-4603-af13-13ed8bbcb67d req-437040a3-c100-4603-af13-13ed8bbcb67d ] Request (ServersAdminNegativeTestJSON:test_migrate_server_invalid_state): 200 GET http://10.180.1.21/compute/v2.1/servers/a8fff535-2bd4-4e9a-94f1-c1e9da9b6b2e 0.457s
2025-03-16 13:47:46.308 68967 INFO tempest.lib.common.rest_client [req-41d5ce57-16a8-4845-8fea-10a03936f5b0 req-41d5ce57-16a8-4845-8fea-10a03936f5b0 ] Request (ListServersNegativeTestJSON:setUpClass): 200 GET http://10.180.1.21/compute/v2.1/servers/dd38324c-5574-48d6-b5f7-f59d65605e52 0.419s
2025-03-16 13:47:46.314 68991 INFO tempest.lib.common.rest_client [req-77a187f5-a6f5-4e13-a5a0-6ddfb3b93d66 req-77a187f5-a6f5-4e13-a5a0-6ddfb3b93d66 ] Request (SecurityGroupRulesTestJSON:tearDownClass): 200 GET http://10.180.1.21:9696/networking/v2.0/security-groups?tenant_id=db38033c51aa452cae1debe6799a2042&name=default 0.042s
2025-03-16 13:47:46.395 69005 INFO tempest.lib.common.rest_client [req-420b70ca-cf7b-4212-b0e6-5da890233d03 req-420b70ca-cf7b-4212-b0e6-5da890233d03 ] Request (ImagesOneServerNegativeTestJSON:_run_cleanups): 200 GET http://10.180.1.21/compute/v2.1/servers/20f5b953-f903-41ca-9a8c-a1b06d61c9ce 0.433s
2025-03-16 13:47:46.436 68955 INFO tempest.lib.common.rest_client [req-b9ea5d60-9198-452b-b10d-023aebe81d27 req-b9ea5d60-9198-452b-b10d-023aebe81d27 ] Request (SecurityGroupsTestJSON:test_security_group_create_get_delete): 404 GET http://10.180.1.21/compute/v2.1/os-security-groups/b30eeb2f-f564-4e8a-8d6c-235cefc9f3a1 0.300s
2025-03-16 13:47:46.508 69007 INFO tempest.lib.common.rest_client [req-c188eb6c-334a-4069-98bd-aa43f1269e3a req-c188eb6c-334a-4069-98bd-aa43f1269e3a ] Request (TenantUsagesTestJSON:setUpClass): 200 GET http://10.180.1.21/compute/v2.1/servers/02cecd4f-38a7-449c-8422-9b4cb2434407 0.439s
2025-03-16 13:47:46.526 68965 INFO tempest.lib.common.rest_client [req-4100abfc-730f-43f1-98da-9c07b73c3db8 req-4100abfc-730f-43f1-98da-9c07b73c3db8 ] Request (ServerDiagnosticsV248Test:tearDownClass): 200 GET http://10.180.1.21/compute/v2.1/servers/4ba9555c-aa88-464a-817c-bc8c5b042e6f 0.386s
2025-03-16 13:47:46.556 68991 INFO tempest.lib.common.rest_client [req-d2545de0-a712-4647-83ff-0e0b221862be req-d2545de0-a712-4647-83ff-0e0b221862be ] Request (SecurityGroupRulesTestJSON:tearDownClass): 204 DELETE http://10.180.1.21:9696/networking/v2.0/security-groups/42e15055-a5cb-475f-bbb2-d95b43ef5e93 0.241s
2025-03-16 13:47:46.613 68995 INFO tempest.lib.common.rest_client [req-8836ba03-0312-4684-892d-ca7919b6ae6e req-8836ba03-0312-4684-892d-ca7919b6ae6e ] Request (ImagesTestJSON:test_create_image_from_stopped_server): 200 GET http://10.180.1.21/compute/v2.1/servers/c5649df0-b209-49ed-8816-67691d515acc 0.408s
2025-03-16 13:47:46.637 68975 INFO tempest.lib.common.rest_client [req-75b5f169-7ad5-461b-808c-09ab5f47e86b req-75b5f169-7ad5-461b-808c-09ab5f47e86b ] Request (ServersListShow296Test:tearDownClass): 200 GET http://10.180.1.21/compute/v2.1/servers/dd7c8e0b-7816-40a9-8aad-67541de9fd67 0.461s
2025-03-16 13:47:46.685 68949 INFO tempest.lib.common.rest_client [req-76fdf790-c239-49af-aaa1-5d0637658f97 req-76fdf790-c239-49af-aaa1-5d0637658f97 ] Request (FloatingIPsAssociationTestJSON:test_associate_already_associated_floating_ip): 200 GET http://10.180.1.21/compute/v2.1/servers/d7b3a786-75c2-4512-9a54-2fabaca08b9c 0.435s
2025-03-16 13:47:46.698 68953 INFO tempest.lib.common.rest_client [req-0e87cc00-e7ca-418a-a402-f58e9b166290 req-0e87cc00-e7ca-418a-a402-f58e9b166290 ] Request (DeleteServersAdminTestJSON:test_delete_server_while_in_error_state): 200 GET http://10.180.1.21/compute/v2.1/servers/b711c51c-67bc-4485-a3d4-ebfd4db35ae0 0.419s
2025-03-16 13:47:46.731 69003 INFO tempest.lib.common.rest_client [req-3296c85b-a2b1-44a0-82bf-136f02088445 req-3296c85b-a2b1-44a0-82bf-136f02088445 ] Request (VolumesTestJSON:tearDownClass): 404 GET http://10.180.1.21/volume/v3/volumes/53afd31a-1547-4aeb-a407-5074b5e88882 0.019s
2025-03-16 13:47:46.750 68991 INFO tempest.lib.common.rest_client [req-e3fb8862-02f3-4304-ab1b-1f8f9b805ae6 req-e3fb8862-02f3-4304-ab1b-1f8f9b805ae6 ] Request (SecurityGroupRulesTestJSON:tearDownClass): 204 DELETE http://10.180.1.21/identity/v3/projects/db38033c51aa452cae1debe6799a2042 0.194s
2025-03-16 13:47:46.774 68999 INFO tempest.lib.common.rest_client [req-a3189a07-69bb-4e8e-8090-15a7f592b51f req-a3189a07-69bb-4e8e-8090-15a7f592b51f ] Request (ServersAaction247Test:test_create_backup): 200 GET http://10.180.1.21/compute/v2.1/servers/a138922c-a6ed-40e6-bfac-b5647b472eeb 0.454s
2025-03-16 13:47:46.775 69001 INFO tempest.lib.common.rest_client [req-66d0b16c-3715-4d6f-a971-fc6a68805de9 req-66d0b16c-3715-4d6f-a971-fc6a68805de9 ] Request (ServerActionsTestOtherA:setUpClass): 200 GET http://10.180.1.21/compute/v2.1/servers/7d63cf7b-7227-4d99-b08c-b7bc56020e1b 0.344s
2025-03-16 13:47:46.788 69003 INFO tempest.lib.common.rest_client [req-04f16356-76ca-4ce2-aec8-794efd647113 req-04f16356-76ca-4ce2-aec8-794efd647113 ] Request (VolumesTestJSON:tearDownClass): 202 DELETE http://10.180.1.21/volume/v3/volumes/3fd1a8bb-c412-4e32-8c61-f1e3270ae3a4 0.056s
2025-03-16 13:47:46.828 69003 INFO tempest.lib.common.rest_client [req-d22dc906-94bf-4601-a6a6-b80f6a7add7d req-d22dc906-94bf-4601-a6a6-b80f6a7add7d ] Request (VolumesTestJSON:tearDownClass): 200 GET http://10.180.1.21/volume/v3/volumes/3fd1a8bb-c412-4e32-8c61-f1e3270ae3a4 0.039s
2025-03-16 13:47:46.835 68991 INFO tempest.lib.common.rest_client [req-20cb0b68-6a20-4f0f-964b-068cc5039cc8 req-20cb0b68-6a20-4f0f-964b-068cc5039cc8 ] Request (ServerMetadataTestJSON:setUpClass): 201 POST http://10.180.1.21/identity/v3/auth/tokens 0.083s
2025-03-16 13:47:46.845 68961 INFO tempest.lib.common.rest_client [req-603479b1-0a9a-4241-b54c-c65bb61c3789 req-603479b1-0a9a-4241-b54c-c65bb61c3789 ] Request (ServersV294TestFqdnHostnames:setUpClass): 200 GET http://10.180.1.21/compute/v2.1/servers/9554d8a9-6914-4833-81b9-5246d5217106 0.290s
2025-03-16 13:47:46.922 68981 INFO tempest.lib.common.rest_client [req-a6c81bfe-2520-43c2-9f1f-81106778a1ae req-a6c81bfe-2520-43c2-9f1f-81106778a1ae ] Request (ServerExternalEventsTest:tearDownClass): 200 GET http://10.180.1.21/compute/v2.1/servers/fc93649b-1a68-4939-bf5a-6218f5186bd2 0.247s
2025-03-16 13:47:46.931 68955 INFO tempest.lib.common.rest_client [req-a546a3a7-5e15-437c-a58d-24f9e2520634 req-a546a3a7-5e15-437c-a58d-24f9e2520634 ] Request (SecurityGroupsTestJSON:test_security_groups_create_list_delete): 200 POST http://10.180.1.21/compute/v2.1/os-security-groups 0.494s
2025-03-16 13:47:46.972 68997 INFO tempest.lib.common.rest_client [req-a2d30d07-c6d6-4c9f-802b-8d6e159a1b13 req-a2d30d07-c6d6-4c9f-802b-8d6e159a1b13 ] Request (ServersTestMultiNic:test_verify_duplicate_network_nics): 200 GET http://10.180.1.21/compute/v2.1/servers/ef394827-1b6c-43d7-acf7-6bddde9f05a1 0.280s
2025-03-16 13:47:47.016 68991 INFO tempest.lib.common.rest_client [req-4856b627-930d-4a34-9aed-8ed73e5086b1 req-4856b627-930d-4a34-9aed-8ed73e5086b1 ] Request (ServerMetadataTestJSON:setUpClass): 201 POST http://10.180.1.21/identity/v3/auth/tokens 0.175s
2025-03-16 13:47:47.037 68989 INFO tempest.lib.common.rest_client [req-7f44332f-bdbc-4650-af0b-9a337cb918d3 req-7f44332f-bdbc-4650-af0b-9a337cb918d3 ] Request (ServerAddressesTestJSON:tearDownClass): 200 GET http://10.180.1.21/compute/v2.1/servers/328774c6-f757-444d-b9ce-3663119c0940 0.239s
2025-03-16 13:47:47.045 68991 INFO tempest.lib.common.rest_client [req-f309efcf-c312-4724-b18a-84985e8a9f75 req-f309efcf-c312-4724-b18a-84985e8a9f75 ] Request (ServerMetadataTestJSON:setUpClass): 200 GET http://10.180.1.21/identity/v3/domains?name=Default 0.029s
2025-03-16 13:47:47.072 68971 INFO tempest.lib.common.rest_client [req-29539afd-d7b2-4e50-b97c-85f00f46a5f9 req-29539afd-d7b2-4e50-b97c-85f00f46a5f9 ] Request (FloatingIPsAssociationNegativeTestJSON:setUpClass): 200 GET http://10.180.1.21/compute/v2.1/servers/683ec368-79b8-4bcd-87f2-ac1528f5f8dd 0.314s
2025-03-16 13:47:47.080 68971 INFO tempest.common.waiters [-] State transition "BUILD/networking" ==> "BUILD/spawning" after 38 second wait
2025-03-16 13:47:47.087 68991 INFO tempest.lib.common.rest_client [req-f32e7c6a-9b72-45b1-88de-b7172eaab3e6 req-f32e7c6a-9b72-45b1-88de-b7172eaab3e6 ] Request (ServerMetadataTestJSON:setUpClass): 201 POST http://10.180.1.21/identity/v3/projects 0.040s
2025-03-16 13:47:47.164 68957 INFO tempest.lib.common.rest_client [req-f6c18e71-634d-41bd-b29f-8521c325b9a9 req-f6c18e71-634d-41bd-b29f-8521c325b9a9 ] Request (InstanceActionsNegativeTestJSON:tearDownClass): 200 GET http://10.180.1.21/compute/v2.1/servers/59985f8a-277d-4930-8c47-61161cb531b6 0.229s
2025-03-16 13:47:47.169 68991 INFO tempest.lib.common.rest_client [req-ba3a2bf5-f411-4658-9aec-979c320a43af req-ba3a2bf5-f411-4658-9aec-979c320a43af ] Request (ServerMetadataTestJSON:setUpClass): 201 POST http://10.180.1.21/identity/v3/users 0.081s
2025-03-16 13:47:47.195 68991 INFO tempest.lib.common.rest_client [req-7cc52956-19be-4db5-b689-512fac97397e req-7cc52956-19be-4db5-b689-512fac97397e ] Request (ServerMetadataTestJSON:setUpClass): 200 GET http://10.180.1.21/identity/v3/roles 0.026s
2025-03-16 13:47:47.224 68955 INFO tempest.lib.common.rest_client [req-465b7101-7d17-475d-840d-28071ea2e9e3 req-465b7101-7d17-475d-840d-28071ea2e9e3 ] Request (SecurityGroupsTestJSON:test_security_groups_create_list_delete): 200 POST http://10.180.1.21/compute/v2.1/os-security-groups 0.287s
2025-03-16 13:47:47.230 68991 INFO tempest.lib.common.rest_client [req-386dd62a-e9d0-4bd9-a83f-205e9fd97471 req-386dd62a-e9d0-4bd9-a83f-205e9fd97471 ] Request (ServerMetadataTestJSON:setUpClass): 204 PUT http://10.180.1.21/identity/v3/projects/5886f94e567e47e0b5c6b834bcf8d44d/users/9bf86e27c22140a79524ec6be7780b40/roles/6594a047acdb47e8b9858bd488fc3e7d 0.035s
2025-03-16 13:47:47.231 68991 INFO tempest.lib.common.dynamic_creds [-] Dynamic test user 9bf86e27c22140a79524ec6be7780b40 is created with scope project and roles: ['member']
2025-03-16 13:47:47.231 68991 INFO tempest.lib.common.dynamic_creds [-] Acquired dynamic creds: credentials: Credentials: {'domain_id': 'default', 'domain_name': 'Default', 'username': 'tempest-ServerMetadataTestJSON-1955941093-project-member', 'project_domain_id': 'default', 'project_domain_name': 'Default', 'project_id': '5886f94e567e47e0b5c6b834bcf8d44d', 'project_name': 'tempest-ServerMetadataTestJSON-1955941093', 'tenant_id': '5886f94e567e47e0b5c6b834bcf8d44d', 'tenant_name': 'tempest-ServerMetadataTestJSON-1955941093', 'user_domain_id': 'default', 'user_domain_name': 'Default', 'user_id': '9bf86e27c22140a79524ec6be7780b40', 'system': None}, Network: None, Subnet: None, Router: None
2025-03-16 13:47:47.279 68993 INFO tempest.lib.common.rest_client [req-98e89c0a-e2ee-4013-bd9e-a671dcf631c6 req-98e89c0a-e2ee-4013-bd9e-a671dcf631c6 ] Request (MigrationsAdminTest:test_list_migrations_in_flavor_resize_situation): 200 GET http://10.180.1.21/compute/v2.1/servers/acbca5be-4f1e-43eb-b5ad-af7e5faed870 0.318s
