2025-03-18 08:56:10.805 68543 INFO tempest.lib.common.rest_client [req-8b7aa9b6-e361-4234-b6dc-dff887cfd01a req-8b7aa9b6-e361-4234-b6dc-dff887cfd01a ] Request (ServerDiskConfigTestJSON:setUpClass): 201 POST http://10.180.1.21:9696/networking/v2.0/subnets 0.184s
2025-03-18 08:56:10.828 68574 INFO tempest.lib.common.rest_client [req-259c7014-9fbf-46d8-9cab-18dc856d5e38 req-259c7014-9fbf-46d8-9cab-18dc856d5e38 ] Request (ServersNegativeTestMultiTenantJSON:setUpClass): 202 POST http://10.180.1.21/compute/v2.1/servers 2.140s
2025-03-18 08:56:10.992 68576 INFO tempest.lib.common.rest_client [req-7c2e66e7-c4aa-49b7-ad6d-a40efd60776f req-7c2e66e7-c4aa-49b7-ad6d-a40efd60776f ] Request (DeleteServersAdminTestJSON:test_delete_server_while_in_error_state): 200 GET http://10.180.1.21/compute/v2.1/servers/b36e80dd-0344-4908-8a25-4d4dd07931c3 1.947s
2025-03-18 08:56:11.002 68576 INFO tempest.common.waiters [-] State transition "BUILD/None" ==> "BUILD/spawning" after 29 second wait
2025-03-18 08:56:11.010 68518 INFO tempest.lib.common.rest_client [req-958af806-d126-4d84-bf27-f788efd2fb6b req-958af806-d126-4d84-bf27-f788efd2fb6b ] Request (ImagesNegativeTestJSON:test_create_image_from_deleted_server): 202 POST http://10.180.1.21/compute/v2.1/servers 2.112s
2025-03-18 08:56:11.054 68534 INFO tempest.lib.common.rest_client [req-33f5bf63-4fa8-44c9-91bf-1981657affd8 req-33f5bf63-4fa8-44c9-91bf-1981657affd8 ] Request (AttachInterfacesV270Test:test_create_get_list_interfaces): 200 GET http://10.180.1.21/compute/v2.1/servers/7faccb18-35c1-4c02-9a01-f410755052f9 1.877s
2025-03-18 08:56:11.070 68538 INFO tempest.lib.common.rest_client [req-8723d9ea-014f-4eb7-bc22-a37c693b46f1 req-8723d9ea-014f-4eb7-bc22-a37c693b46f1 ] Request (ServersAaction247Test:test_create_backup): 200 GET http://10.180.1.21/compute/v2.1/servers/112fe205-82ae-498b-82df-5ca6b5d13b59 1.881s
2025-03-18 08:56:11.083 68538 INFO tempest.common.waiters [-] State transition "BUILD/scheduling" ==> "BUILD/None" after 15 second wait
2025-03-18 08:56:11.132 68560 INFO tempest.lib.common.rest_client [req-9c0e12c8-0a24-41fb-a0b3-8dc6dff102d3 req-9c0e12c8-0a24-41fb-a0b3-8dc6dff102d3 ] Request (FloatingIPsAssociationNegativeTestJSON:tearDownClass): 200 GET http://10.180.1.21/compute/v2.1/servers/2b2c2af2-02ef-4013-b63b-ffe7f9414072 1.837s
2025-03-18 08:56:11.146 68558 INFO tempest.lib.common.rest_client [req-5bb91b27-9f56-4fa5-a527-a97823073463 req-5bb91b27-9f56-4fa5-a527-a97823073463 ] Request (ServerActionsTestJSON:setUpClass): 200 GET http://10.180.1.21/compute/v2.1/servers/4bbb344e-11e3-48ad-ad1d-437222dbf06d 1.809s
2025-03-18 08:56:11.193 68564 INFO tempest.lib.common.rest_client [req-17db32dc-3408-41f3-b448-26a43c5ba507 req-17db32dc-3408-41f3-b448-26a43c5ba507 ] Request (ServersAdminTestJSON:test_inject_network_info): 200 GET http://10.180.1.21/compute/v2.1/servers/92a7e525-691d-4b2f-915f-89595543fe46 1.833s
2025-03-18 08:56:11.213 68546 INFO tempest.lib.common.rest_client [req-88117f99-379e-40ba-9d1e-9a298efbb041 req-88117f99-379e-40ba-9d1e-9a298efbb041 ] Request (ServerRescueTestJSONUnderV235:tearDownClass): 200 GET http://10.180.1.21/compute/v2.1/servers/21b5ba2f-3b5e-485a-a59c-6626f8b4be36 1.807s
2025-03-18 08:56:11.276 68536 INFO tempest.lib.common.rest_client [req-f6805f65-af3b-47cc-bc76-a08d62292ec9 req-f6805f65-af3b-47cc-bc76-a08d62292ec9 ] Request (ServersAdminNegativeTestJSON:test_migrate_server_invalid_state): 200 GET http://10.180.1.21/compute/v2.1/servers/b63e221e-88cd-4b8c-88ca-c1cb8b7c6318 1.638s
2025-03-18 08:56:11.294 68520 INFO tempest.lib.common.rest_client [req-6d366a3c-e347-4f2e-82a2-66a09e2babe9 req-6d366a3c-e347-4f2e-82a2-66a09e2babe9 ] Request (SecurityGroupsTestJSON:test_list_security_groups_by_server): 200 GET http://10.180.1.21/compute/v2.1/servers/f7e67fe3-6adc-4973-baba-514bb05f5a45 1.818s
2025-03-18 08:56:11.299 68524 INFO tempest.lib.common.rest_client [req-b3f04e07-4871-4afa-9453-80bdf1212435 req-b3f04e07-4871-4afa-9453-80bdf1212435 ] Request (ImagesOneServerNegativeTestJSON:test_create_image_specify_metadata_over_limits): 400 POST http://10.180.1.21/compute/v2.1/servers/8e5aa82d-8c22-4b8e-9133-361bfe0b33c3/action 1.513s
2025-03-18 08:56:11.342 68532 INFO tempest.lib.common.rest_client [req-a49ac6eb-5bff-4364-baf4-5ea6ef9fba79 req-a49ac6eb-5bff-4364-baf4-5ea6ef9fba79 ] Request (ServersAdmin275Test:_run_cleanups): 200 GET http://10.180.1.21/compute/v2.1/servers/26efde6f-cfcd-4f89-9807-94e7622a0e96 1.605s
2025-03-18 08:56:11.343 68540 INFO tempest.lib.common.rest_client [req-ae400126-6134-4488-9060-ca924bfaae8f req-ae400126-6134-4488-9060-ca924bfaae8f ] Request (ServerActionsV293TestJSON:setUpClass): 200 GET http://10.180.1.21/volume/v3/volumes/c6bb1076-4c7f-4b16-9a39-4e71df5f95a9 0.041s
2025-03-18 08:56:11.359 68532 INFO tempest.common.waiters [-] State transition "REBUILD/rebuild_spawning" ==> "ACTIVE/None" after 12 second wait
2025-03-18 08:56:11.421 68526 INFO tempest.lib.common.rest_client [req-b5da238f-26ef-485e-b837-71ceb3bcdd91 req-b5da238f-26ef-485e-b837-71ceb3bcdd91 ] Request (ServersTestJSON:setUpClass): 200 GET http://10.180.1.21/compute/v2.1/servers/adc7fc48-1cfa-4fcf-a0bc-abafd8fc8c10 1.526s
2025-03-18 08:56:11.430 68526 INFO tempest.common.waiters [-] State transition "BUILD/spawning" ==> "ACTIVE/None" after 37 second wait
2025-03-18 08:56:11.529 68552 INFO tempest.lib.common.rest_client [req-28f10010-74a0-4035-bb6c-24f37e335397 req-28f10010-74a0-4035-bb6c-24f37e335397 ] Request (ServerDiagnosticsTest:tearDownClass): 200 GET http://10.180.1.21/compute/v2.1/servers/fa531961-a1f6-4fc9-bc74-dc1693dbfd70 0.994s
2025-03-18 08:56:11.567 68548 INFO tempest.lib.common.rest_client [req-0a6d7bd4-4d79-48d5-90c9-979a3ac4b561 req-0a6d7bd4-4d79-48d5-90c9-979a3ac4b561 ] Request (SecurityGroupRulesTestJSON:test_security_group_rules_create): 200 POST http://10.180.1.21/compute/v2.1/os-security-groups 1.261s
2025-03-18 08:56:11.593 68516 INFO tempest.lib.common.rest_client [req-727f80c8-4837-4884-8397-cc3672de5737 req-727f80c8-4837-4884-8397-cc3672de5737 ] Request (ListServersNegativeTestJSON:setUpClass): 200 GET http://10.180.1.21/compute/v2.1/servers/002960bc-570e-4ed4-889f-5a476cc9471c 1.028s
2025-03-18 08:56:11.630 68554 INFO tempest.lib.common.rest_client [req-557244c6-1d93-46ad-a950-1fc00db94e02 req-557244c6-1d93-46ad-a950-1fc00db94e02 ] Request (ListServerFiltersTestJSON:setUpClass): 200 GET http://10.180.1.21/compute/v2.1/servers/87daeab7-1a43-48d7-8adc-3baa04a1d099 0.994s
2025-03-18 08:56:11.661 68556 INFO tempest.lib.common.rest_client [req-761c8a68-bde5-4a6e-b4b4-c97583184b47 req-761c8a68-bde5-4a6e-b4b4-c97583184b47 ] Request (ServersTestMultiNic:_run_cleanups): 200 GET http://10.180.1.21/compute/v2.1/servers/3443ca21-8dbf-4c50-9028-c1989ec04399 0.997s
2025-03-18 08:56:11.686 68569 INFO tempest.lib.common.rest_client [req-98032bc0-38b9-48bb-a0fc-261458a322ba req-98032bc0-38b9-48bb-a0fc-261458a322ba ] Request (ServerGroupTestJSON:test_create_server_with_scheduler_hint_group): 200 GET http://10.180.1.21/compute/v2.1/servers/e6415680-4084-41ed-9cce-cae4c14919da 0.951s
2025-03-18 08:56:11.710 68544 INFO tempest.lib.common.rest_client [req-a00ce22f-229a-44e0-8ba1-5cdffbdb4197 req-a00ce22f-229a-44e0-8ba1-5cdffbdb4197 ] Request (ImagesTestJSON:test_create_image_from_stopped_server): 200 GET http://10.180.1.21/compute/v2.1/images/8c77b48c-66eb-4b62-984b-f11270028d61 0.944s
2025-03-18 08:56:11.758 68574 INFO tempest.lib.common.rest_client [req-19cbb4e2-2b83-468c-9c16-1b2d64b44311 req-19cbb4e2-2b83-468c-9c16-1b2d64b44311 ] Request (ServersNegativeTestMultiTenantJSON:setUpClass): 200 GET http://10.180.1.21/compute/v2.1/servers/1b6ff85a-4b0e-49e6-a6bb-26ab474b4e97 0.928s
2025-03-18 08:56:11.811 68543 INFO tempest.lib.common.rest_client [req-05c21065-975d-4da5-906d-0f6866523ba2 req-05c21065-975d-4da5-906d-0f6866523ba2 ] Request (ServerDiskConfigTestJSON:setUpClass): 201 POST http://10.180.1.21:9696/networking/v2.0/routers 1.006s
2025-03-18 08:56:11.827 68518 INFO tempest.lib.common.rest_client [req-16500744-180f-4a70-919c-ae9d3aab894b req-16500744-180f-4a70-919c-ae9d3aab894b ] Request (ImagesNegativeTestJSON:test_create_image_from_deleted_server): 200 GET http://10.180.1.21/compute/v2.1/servers/8d737621-6a66-4c01-b11b-91073036750f 0.815s
2025-03-18 08:56:11.843 68522 INFO tempest.lib.common.rest_client [req-7e16b5ac-8395-472c-96a5-35b3accb0923 req-7e16b5ac-8395-472c-96a5-35b3accb0923 ] Request (MigrationsAdminTest:test_list_migrations_in_flavor_resize_situation): 200 GET http://10.180.1.21/compute/v2.1/servers/e6481c67-cb8e-48a4-9749-fb060e70ffa4 0.893s
2025-03-18 08:56:11.881 68566 INFO tempest.lib.common.rest_client [req-c908d098-1527-498a-b6c8-dc873aeab50c req-c908d098-1527-498a-b6c8-dc873aeab50c ] Request (InstanceActionsNegativeTestJSON:setUpClass): 200 GET http://10.180.1.21/compute/v2.1/servers/6c0b1a50-ac65-424d-aa40-934135372423 0.855s
2025-03-18 08:56:11.972 68524 INFO tempest.lib.common.rest_client [req-2878159f-a60d-44ab-b2c6-62e6019d8730 req-2878159f-a60d-44ab-b2c6-62e6019d8730 ] Request (ImagesOneServerNegativeTestJSON:tearDown): 200 GET http://10.180.1.21/compute/v2.1/servers/8e5aa82d-8c22-4b8e-9133-361bfe0b33c3 0.672s
2025-03-18 08:56:12.126 68526 INFO tempest.lib.common.rest_client [req-1d1e8c7a-7353-40f5-9e94-f6def5f6f75f req-1d1e8c7a-7353-40f5-9e94-f6def5f6f75f ] Request (ServersTestJSON:setUpClass): 200 GET http://10.180.1.21/compute/v2.1/servers/adc7fc48-1cfa-4fcf-a0bc-abafd8fc8c10/os-interface 0.695s
2025-03-18 08:56:12.173 68532 INFO tempest.lib.common.rest_client [req-e2a69d36-ebb6-435e-b7cf-45f65dbd0117 req-e2a69d36-ebb6-435e-b7cf-45f65dbd0117 ] Request (ServersAdmin275Test:tearDownClass): 204 DELETE http://10.180.1.21/compute/v2.1/servers/26efde6f-cfcd-4f89-9807-94e7622a0e96 0.812s
2025-03-18 08:56:12.373 68524 INFO tempest.lib.common.rest_client [req-aad2417c-5566-46fd-a2f6-46a284165cd9 req-aad2417c-5566-46fd-a2f6-46a284165cd9 ] Request (ImagesOneServerNegativeTestJSON:setUp): 200 GET http://10.180.1.21/compute/v2.1/servers/8e5aa82d-8c22-4b8e-9133-361bfe0b33c3 0.386s
2025-03-18 08:56:12.391 68540 INFO tempest.lib.common.rest_client [req-63318f9e-1012-4988-8767-466be4be7dae req-63318f9e-1012-4988-8767-466be4be7dae ] Request (ServerActionsV293TestJSON:setUpClass): 200 GET http://10.180.1.21/volume/v3/volumes/c6bb1076-4c7f-4b16-9a39-4e71df5f95a9 0.036s
2025-03-18 08:56:12.441 68548 INFO tempest.lib.common.rest_client [req-4d5562ed-9056-4245-80c5-3880200c40f8 req-4d5562ed-9056-4245-80c5-3880200c40f8 ] Request (SecurityGroupRulesTestJSON:test_security_group_rules_create): 200 POST http://10.180.1.21/compute/v2.1/os-security-group-rules 0.870s
2025-03-18 08:56:12.528 68534 INFO tempest.lib.common.rest_client [req-c4c2afa8-bb09-4500-806e-69fda89c37f8 req-c4c2afa8-bb09-4500-806e-69fda89c37f8 ] Request (AttachInterfacesV270Test:test_create_get_list_interfaces): 200 GET http://10.180.1.21/compute/v2.1/servers/7faccb18-35c1-4c02-9a01-f410755052f9 0.462s
2025-03-18 08:56:12.614 68538 INFO tempest.lib.common.rest_client [req-c3b53bb3-9e2b-4f6d-84e5-3b0d282285d0 req-c3b53bb3-9e2b-4f6d-84e5-3b0d282285d0 ] Request (ServersAaction247Test:test_create_backup): 200 GET http://10.180.1.21/compute/v2.1/servers/112fe205-82ae-498b-82df-5ca6b5d13b59 0.530s
2025-03-18 08:56:12.668 68576 INFO tempest.lib.common.rest_client [req-2f9bf281-1937-47d1-8b5b-47d5d9aa76dd req-2f9bf281-1937-47d1-8b5b-47d5d9aa76dd ] Request (DeleteServersAdminTestJSON:test_delete_server_while_in_error_state): 200 GET http://10.180.1.21/compute/v2.1/servers/b36e80dd-0344-4908-8a25-4d4dd07931c3 0.665s
2025-03-18 08:56:12.692 68560 INFO tempest.lib.common.rest_client [req-038f3431-bca1-4f1c-bdae-43481818c7f1 req-038f3431-bca1-4f1c-bdae-43481818c7f1 ] Request (FloatingIPsAssociationNegativeTestJSON:tearDownClass): 200 GET http://10.180.1.21/compute/v2.1/servers/2b2c2af2-02ef-4013-b63b-ffe7f9414072 0.552s
2025-03-18 08:56:12.744 68528 WARNING tempest.lib.common.ssh [-] Failed to establish authenticated ssh connection to cirros@10.180.180.245 ([Errno None] Unable to connect to port 22 on 10.180.180.245). Number attempts: 6. Retry after 7 seconds.: paramiko.ssh_exception.NoValidConnectionsError: [Errno None] Unable to connect to port 22 on 10.180.180.245
2025-03-18 08:56:12.751 68558 INFO tempest.lib.common.rest_client [req-354389df-c4e9-410a-a920-9dfd816646b1 req-354389df-c4e9-410a-a920-9dfd816646b1 ] Request (ServerActionsTestJSON:setUpClass): 200 GET http://10.180.1.21/compute/v2.1/servers/4bbb344e-11e3-48ad-ad1d-437222dbf06d 0.595s
2025-03-18 08:56:12.781 68532 INFO tempest.lib.common.rest_client [req-7a982437-ff1f-4265-9e36-c2d92f6a93b8 req-7a982437-ff1f-4265-9e36-c2d92f6a93b8 ] Request (ServersAdmin275Test:tearDownClass): 200 GET http://10.180.1.21/compute/v2.1/servers/26efde6f-cfcd-4f89-9807-94e7622a0e96 0.607s
2025-03-18 08:56:12.855 68564 INFO tempest.lib.common.rest_client [req-2ca700ca-6849-4252-a939-20cdf4cd1d26 req-2ca700ca-6849-4252-a939-20cdf4cd1d26 ] Request (ServersAdminTestJSON:test_inject_network_info): 200 GET http://10.180.1.21/compute/v2.1/servers/92a7e525-691d-4b2f-915f-89595543fe46 0.654s
2025-03-18 08:56:12.893 68546 INFO tempest.lib.common.rest_client [req-80b78cac-d69e-426c-b4b2-6f58f50211b7 req-80b78cac-d69e-426c-b4b2-6f58f50211b7 ] Request (ServerRescueTestJSONUnderV235:tearDownClass): 200 GET http://10.180.1.21/compute/v2.1/servers/21b5ba2f-3b5e-485a-a59c-6626f8b4be36 0.670s
2025-03-18 08:56:12.916 68536 INFO tempest.lib.common.rest_client [req-372faf0c-6d87-4751-bd11-5c3c486a1f22 req-372faf0c-6d87-4751-bd11-5c3c486a1f22 ] Request (ServersAdminNegativeTestJSON:test_migrate_server_invalid_state): 200 GET http://10.180.1.21/compute/v2.1/servers/b63e221e-88cd-4b8c-88ca-c1cb8b7c6318 0.628s
2025-03-18 08:56:12.922 68524 INFO tempest.lib.common.rest_client [req-3eb5e11d-d18c-47ba-b3c9-d0056713d3c8 req-3eb5e11d-d18c-47ba-b3c9-d0056713d3c8 ] Request (ImagesOneServerNegativeTestJSON:test_create_image_specify_name_over_character_limit): 400 POST http://10.180.1.21/compute/v2.1/servers/8e5aa82d-8c22-4b8e-9133-361bfe0b33c3/action 0.542s
2025-03-18 08:56:13.140 68520 INFO tempest.lib.common.rest_client [req-9f3b36c9-cd0b-417b-a7ba-8c42d42c1663 req-9f3b36c9-cd0b-417b-a7ba-8c42d42c1663 ] Request (SecurityGroupsTestJSON:test_list_security_groups_by_server): 200 GET http://10.180.1.21/compute/v2.1/servers/f7e67fe3-6adc-4973-baba-514bb05f5a45 0.835s
2025-03-18 08:56:13.220 68548 INFO tempest.lib.common.rest_client [req-b150709d-2e4f-4b9e-a63d-21e2f14c5af1 req-b150709d-2e4f-4b9e-a63d-21e2f14c5af1 ] Request (SecurityGroupRulesTestJSON:test_security_group_rules_create_with_optional_cidr): 200 POST http://10.180.1.21/compute/v2.1/os-security-groups 0.774s
2025-03-18 08:56:13.233 68552 INFO tempest.lib.common.rest_client [req-568d3f36-a357-4307-b071-638ee780bd3d req-568d3f36-a357-4307-b071-638ee780bd3d ] Request (ServerDiagnosticsTest:tearDownClass): 200 GET http://10.180.1.21/compute/v2.1/servers/fa531961-a1f6-4fc9-bc74-dc1693dbfd70 0.694s
2025-03-18 08:56:13.277 68526 INFO tempest.lib.common.rest_client [req-291b6f93-e0b7-46b1-9bf1-b9e41fc14cca req-291b6f93-e0b7-46b1-9bf1-b9e41fc14cca ] Request (ServersTestJSON:setUpClass): 200 PUT http://10.180.1.21:9696/networking/v2.0/floatingips/644bd90c-b6cf-4ced-834d-85bfa2afe765 1.149s
2025-03-18 08:56:13.297 68516 INFO tempest.lib.common.rest_client [req-cfb1508d-4b9d-4fcd-b28d-0acd43afa4f9 req-cfb1508d-4b9d-4fcd-b28d-0acd43afa4f9 ] Request (ListServersNegativeTestJSON:setUpClass): 200 GET http://10.180.1.21/compute/v2.1/servers/002960bc-570e-4ed4-889f-5a476cc9471c 0.695s
2025-03-18 08:56:13.309 68554 INFO tempest.lib.common.rest_client [req-abee02c2-0326-467a-9bf5-c87ba422399c req-abee02c2-0326-467a-9bf5-c87ba422399c ] Request (ListServerFiltersTestJSON:setUpClass): 200 GET http://10.180.1.21/compute/v2.1/servers/87daeab7-1a43-48d7-8adc-3baa04a1d099 0.671s
2025-03-18 08:56:13.384 68569 INFO tempest.lib.common.rest_client [req-ae6830ff-5c60-4fb3-a5b9-ea9581f1005f req-ae6830ff-5c60-4fb3-a5b9-ea9581f1005f ] Request (ServerGroupTestJSON:test_create_server_with_scheduler_hint_group): 200 GET http://10.180.1.21/compute/v2.1/servers/e6415680-4084-41ed-9cce-cae4c14919da 0.686s
2025-03-18 08:56:13.388 68556 INFO tempest.lib.common.rest_client [req-41804377-d0f9-4eaa-9eec-c908b29d52f5 req-41804377-d0f9-4eaa-9eec-c908b29d52f5 ] Request (ServersTestMultiNic:_run_cleanups): 200 GET http://10.180.1.21/compute/v2.1/servers/3443ca21-8dbf-4c50-9028-c1989ec04399 0.714s
2025-03-18 08:56:13.438 68544 INFO tempest.lib.common.rest_client [req-a95d0bee-79af-445c-998f-ea047c98b7da req-a95d0bee-79af-445c-998f-ea047c98b7da ] Request (ImagesTestJSON:test_create_image_from_stopped_server): 200 GET http://10.180.1.21/compute/v2.1/images/8c77b48c-66eb-4b62-984b-f11270028d61 0.724s
2025-03-18 08:56:13.450 68540 INFO tempest.lib.common.rest_client [req-96e0754e-dd76-44f0-8796-33be12157013 req-96e0754e-dd76-44f0-8796-33be12157013 ] Request (ServerActionsV293TestJSON:setUpClass): 200 GET http://10.180.1.21/volume/v3/volumes/c6bb1076-4c7f-4b16-9a39-4e71df5f95a9 0.044s
2025-03-18 08:56:13.455 68574 INFO tempest.lib.common.rest_client [req-396f8c66-c071-4faf-8dfc-a2fff1388bce req-396f8c66-c071-4faf-8dfc-a2fff1388bce ] Request (ServersNegativeTestMultiTenantJSON:setUpClass): 200 GET http://10.180.1.21/compute/v2.1/servers/1b6ff85a-4b0e-49e6-a6bb-26ab474b4e97 0.686s
2025-03-18 08:56:13.504 68518 INFO tempest.lib.common.rest_client [req-fa4c2144-07d7-45d1-bd43-abbbce43c971 req-fa4c2144-07d7-45d1-bd43-abbbce43c971 ] Request (ImagesNegativeTestJSON:test_create_image_from_deleted_server): 200 GET http://10.180.1.21/compute/v2.1/servers/8d737621-6a66-4c01-b11b-91073036750f 0.668s
2025-03-18 08:56:13.568 68566 INFO tempest.lib.common.rest_client [req-63f82c2e-944b-4410-bc2d-c2481ef480f7 req-63f82c2e-944b-4410-bc2d-c2481ef480f7 ] Request (InstanceActionsNegativeTestJSON:setUpClass): 200 GET http://10.180.1.21/compute/v2.1/servers/6c0b1a50-ac65-424d-aa40-934135372423 0.679s
2025-03-18 08:56:13.576 68543 INFO tempest.lib.common.rest_client [req-bbc993f9-b045-4dd0-a4aa-f2b285dcea3a req-bbc993f9-b045-4dd0-a4aa-f2b285dcea3a ] Request (ServerDiskConfigTestJSON:setUpClass): 200 PUT http://10.180.1.21:9696/networking/v2.0/routers/d92c7bce-3221-48aa-8220-d1330dadaa05/add_router_interface 1.764s
2025-03-18 08:56:13.576 68543 INFO tempest.lib.common.dynamic_creds [-] Created isolated network resources for: credentials: Credentials: {'domain_id': 'default', 'domain_name': 'Default', 'username': 'tempest-ServerDiskConfigTestJSON-1668921131-project-member', 'project_domain_id': 'default', 'project_domain_name': 'Default', 'project_id': '06d5afa2103343acb64fd90083df7b13', 'project_name': 'tempest-ServerDiskConfigTestJSON-1668921131', 'tenant_id': '06d5afa2103343acb64fd90083df7b13', 'tenant_name': 'tempest-ServerDiskConfigTestJSON-1668921131', 'user_domain_id': 'default', 'user_domain_name': 'Default', 'user_id': 'a5e7c31429014c9dae68150d034bdaeb', 'system': None}, Network: {'id': '9e33a7cb-00af-4ba3-b8d0-ab776fbec9b9', 'name': 'tempest-ServerDiskConfigTestJSON-2741496-network', 'tenant_id': '06d5afa2103343acb64fd90083df7b13', 'admin_state_up': True, 'mtu': 8950, 'status': 'ACTIVE', 'subnets': [], 'shared': False, 'project_id': '06d5afa2103343acb64fd90083df7b13', 'port_security_enabled': True, 'router:external': False, 'provider:network_type': 'vlan', 'provider:physical_network': 'default', 'provider:segmentation_id': 914, 'availability_zone_hints': [], 'availability_zones': [], 'ipv4_address_scope': None, 'ipv6_address_scope': None, 'description': '', 'tags': [], 'created_at': '2025-03-18T08:56:10Z', 'updated_at': '2025-03-18T08:56:10Z', 'revision_number': 1}, Subnet: {'id': 'c4512487-bb66-4790-afeb-2174946e99f2', 'name': 'tempest-ServerDiskConfigTestJSON-2741496-subnet', 'tenant_id': '06d5afa2103343acb64fd90083df7b13', 'network_id': '9e33a7cb-00af-4ba3-b8d0-ab776fbec9b9', 'ip_version': 4, 'subnetpool_id': None, 'enable_dhcp': True, 'ipv6_ra_mode': None, 'ipv6_address_mode': None, 'gateway_ip': '192.168.128.1', 'cidr': '192.168.128.0/28', 'allocation_pools': [{'start': '192.168.128.2', 'end': '192.168.128.14'}], 'host_routes': [], 'dns_nameservers': [], 'description': '', 'router:external': False, 'service_types': [], 'tags': [], 'created_at': '2025-03-18T08:56:10Z', 'updated_at': '2025-03-18T08:56:10Z', 'revision_number': 0, 'project_id': '06d5afa2103343acb64fd90083df7b13'}, Router: {'id': 'd92c7bce-3221-48aa-8220-d1330dadaa05', 'name': 'tempest-ServerDiskConfigTestJSON-2741496-router', 'tenant_id': '06d5afa2103343acb64fd90083df7b13', 'admin_state_up': True, 'status': 'ACTIVE', 'external_gateway_info': {'network_id': '450df520-7ce6-4357-94a6-c9800d0fe452', 'external_fixed_ips': [{'subnet_id': 'a9b9645b-bbc0-4566-971d-2ce8edde904a', 'ip_address': '10.180.180.175'}], 'enable_snat': True}, 'description': '', 'availability_zones': [], 'distributed': False, 'ha': False, 'availability_zone_hints': [], 'routes': [], 'flavor_id': None, 'tags': [], 'created_at': '2025-03-18T08:56:10Z', 'updated_at': '2025-03-18T08:56:11Z', 'revision_number': 2, 'project_id': '06d5afa2103343acb64fd90083df7b13'}
2025-03-18 08:56:13.593 68522 INFO tempest.lib.common.rest_client [req-640b09f5-2d7d-4b1a-a93a-e5fbd086ce0d req-640b09f5-2d7d-4b1a-a93a-e5fbd086ce0d ] Request (MigrationsAdminTest:test_list_migrations_in_flavor_resize_situation): 200 GET http://10.180.1.21/compute/v2.1/servers/e6481c67-cb8e-48a4-9749-fb060e70ffa4 0.740s
2025-03-18 08:56:13.686 68543 INFO tempest.lib.common.rest_client [req-c41bc554-a751-4f1c-988f-6873d6030053 req-c41bc554-a751-4f1c-988f-6873d6030053 ] Request (ServerDiskConfigTestJSON:setUpClass): 201 POST http://10.180.1.21/identity/v3/auth/tokens 0.106s
2025-03-18 08:56:13.721 68543 INFO tempest.lib.common.rest_client [req-3da5613a-f680-4098-ab7f-04b6cc6bb866 req-3da5613a-f680-4098-ab7f-04b6cc6bb866 ] Request (ServerDiskConfigTestJSON:test_rebuild_server_with_auto_disk_config): 201 POST http://10.180.1.21/identity/v3/auth/tokens 0.029s
2025-03-18 08:56:13.722 68543 INFO tempest.lib.common.fixed_network [-] (ServerDiskConfigTestJSON:test_rebuild_server_with_auto_disk_config) Found network {'id': '9e33a7cb-00af-4ba3-b8d0-ab776fbec9b9', 'name': 'tempest-ServerDiskConfigTestJSON-2741496-network', 'tenant_id': '06d5afa2103343acb64fd90083df7b13', 'admin_state_up': True, 'mtu': 8950, 'status': 'ACTIVE', 'subnets': [], 'shared': False, 'project_id': '06d5afa2103343acb64fd90083df7b13', 'port_security_enabled': True, 'router:external': False, 'provider:network_type': 'vlan', 'provider:physical_network': 'default', 'provider:segmentation_id': 914, 'availability_zone_hints': [], 'availability_zones': [], 'ipv4_address_scope': None, 'ipv6_address_scope': None, 'description': '', 'tags': [], 'created_at': '2025-03-18T08:56:10Z', 'updated_at': '2025-03-18T08:56:10Z', 'revision_number': 1} available for tenant
2025-03-18 08:56:13.734 68524 INFO tempest.lib.common.rest_client [req-e5cdee47-984d-4027-b19a-c11639b48a74 req-e5cdee47-984d-4027-b19a-c11639b48a74 ] Request (ImagesOneServerNegativeTestJSON:tearDown): 200 GET http://10.180.1.21/compute/v2.1/servers/8e5aa82d-8c22-4b8e-9133-361bfe0b33c3 0.811s
2025-03-18 08:56:13.838 68548 INFO tempest.lib.common.rest_client [req-8fc78a46-447f-44bc-8d7a-ee7577a82455 req-8fc78a46-447f-44bc-8d7a-ee7577a82455 ] Request (SecurityGroupRulesTestJSON:test_security_group_rules_create_with_optional_cidr): 200 POST http://10.180.1.21/compute/v2.1/os-security-group-rules 0.612s
2025-03-18 08:56:13.864 68526 INFO tempest.lib.common.rest_client [req-b69b5269-54c9-44b1-9afc-10703f83984d req-b69b5269-54c9-44b1-9afc-10703f83984d ] Request (ServersTestJSON:setUpClass): 200 GET http://10.180.1.21/compute/v2.1/servers/adc7fc48-1cfa-4fcf-a0bc-abafd8fc8c10 0.587s
2025-03-18 08:56:13.876 68526 INFO tempest.lib.common.ssh [-] Creating ssh connection to '10.180.180.146:22' as 'cirros' with public key authentication
2025-03-18 08:56:13.925 68534 INFO tempest.lib.common.rest_client [req-3475c722-499c-4e39-9af0-2c877cef216e req-3475c722-499c-4e39-9af0-2c877cef216e ] Request (AttachInterfacesV270Test:test_create_get_list_interfaces): 200 GET http://10.180.1.21/compute/v2.1/servers/7faccb18-35c1-4c02-9a01-f410755052f9 0.386s
2025-03-18 08:56:13.929 68538 INFO tempest.lib.common.rest_client [req-64aefa68-489f-4246-882d-3aaf6bd6e2ff req-64aefa68-489f-4246-882d-3aaf6bd6e2ff ] Request (ServersAaction247Test:test_create_backup): 200 GET http://10.180.1.21/compute/v2.1/servers/112fe205-82ae-498b-82df-5ca6b5d13b59 0.300s
2025-03-18 08:56:13.992 68560 INFO tempest.lib.common.rest_client [req-9ef2ce6e-57ac-43a5-966b-238f446daf4e req-9ef2ce6e-57ac-43a5-966b-238f446daf4e ] Request (FloatingIPsAssociationNegativeTestJSON:tearDownClass): 200 GET http://10.180.1.21/compute/v2.1/servers/2b2c2af2-02ef-4013-b63b-ffe7f9414072 0.289s
2025-03-18 08:56:14.034 68576 INFO tempest.lib.common.rest_client [req-d5f6d220-74d0-47ff-8769-c236d0613eed req-d5f6d220-74d0-47ff-8769-c236d0613eed ] Request (DeleteServersAdminTestJSON:test_delete_server_while_in_error_state): 200 GET http://10.180.1.21/compute/v2.1/servers/b36e80dd-0344-4908-8a25-4d4dd07931c3 0.356s
2025-03-18 08:56:14.151 68524 INFO tempest.lib.common.rest_client [req-30121f3e-1624-42b8-b832-6b2d5ef82084 req-30121f3e-1624-42b8-b832-6b2d5ef82084 ] Request (ImagesOneServerNegativeTestJSON:setUp): 200 GET http://10.180.1.21/compute/v2.1/servers/8e5aa82d-8c22-4b8e-9133-361bfe0b33c3 0.407s
2025-03-18 08:56:14.218 68558 INFO tempest.lib.common.rest_client [req-e382b8fe-42e5-407a-b582-e2f81dc062c5 req-e382b8fe-42e5-407a-b582-e2f81dc062c5 ] Request (ServerActionsTestJSON:setUpClass): 200 GET http://10.180.1.21/compute/v2.1/servers/4bbb344e-11e3-48ad-ad1d-437222dbf06d 0.457s
2025-03-18 08:56:14.278 68532 INFO tempest.lib.common.rest_client [req-992afd4d-2254-471b-93a2-5fad6055a27d req-992afd4d-2254-471b-93a2-5fad6055a27d ] Request (ServersAdmin275Test:tearDownClass): 200 GET http://10.180.1.21/compute/v2.1/servers/26efde6f-cfcd-4f89-9807-94e7622a0e96 0.483s
2025-03-18 08:56:14.438 68543 INFO tempest.lib.common.rest_client [req-595e02a4-7057-4357-998e-39468b25e9f9 req-595e02a4-7057-4357-998e-39468b25e9f9 ] Request (ServerDiskConfigTestJSON:test_rebuild_server_with_auto_disk_config): 202 POST http://10.180.1.21/compute/v2.1/servers 0.715s
2025-03-18 08:56:14.483 68548 INFO tempest.lib.common.rest_client [req-6153792d-1531-4152-bdf1-d275ed1a3765 req-6153792d-1531-4152-bdf1-d275ed1a3765 ] Request (SecurityGroupRulesTestJSON:test_security_group_rules_create_with_optional_group_id): 200 POST http://10.180.1.21/compute/v2.1/os-security-groups 0.642s
2025-03-18 08:56:14.502 68540 INFO tempest.lib.common.rest_client [req-92f9043e-c96e-440a-8929-fec8f22ea872 req-92f9043e-c96e-440a-8929-fec8f22ea872 ] Request (ServerActionsV293TestJSON:setUpClass): 200 GET http://10.180.1.21/volume/v3/volumes/c6bb1076-4c7f-4b16-9a39-4e71df5f95a9 0.041s
2025-03-18 08:56:14.555 68564 INFO tempest.lib.common.rest_client [req-f230ff27-2dfe-4478-857a-59cf41e81bdd req-f230ff27-2dfe-4478-857a-59cf41e81bdd ] Request (ServersAdminTestJSON:test_inject_network_info): 200 GET http://10.180.1.21/compute/v2.1/servers/92a7e525-691d-4b2f-915f-89595543fe46 0.690s
2025-03-18 08:56:14.567 68546 INFO tempest.lib.common.rest_client [req-82fdf79a-5457-4c49-8787-44ccca2e6b79 req-82fdf79a-5457-4c49-8787-44ccca2e6b79 ] Request (ServerRescueTestJSONUnderV235:tearDownClass): 200 GET http://10.180.1.21/compute/v2.1/servers/21b5ba2f-3b5e-485a-a59c-6626f8b4be36 0.660s
2025-03-18 08:56:14.636 68536 INFO tempest.lib.common.rest_client [req-0ac15ee0-b184-4b6e-9421-f93c9db7bd9f req-0ac15ee0-b184-4b6e-9421-f93c9db7bd9f ] Request (ServersAdminNegativeTestJSON:test_migrate_server_invalid_state): 200 GET http://10.180.1.21/compute/v2.1/servers/b63e221e-88cd-4b8c-88ca-c1cb8b7c6318 0.709s
2025-03-18 08:56:14.742 68520 INFO tempest.lib.common.rest_client [req-1947276c-581a-4b30-833a-4f2e06d9f870 req-1947276c-581a-4b30-833a-4f2e06d9f870 ] Request (SecurityGroupsTestJSON:test_list_security_groups_by_server): 200 GET http://10.180.1.21/compute/v2.1/servers/f7e67fe3-6adc-4973-baba-514bb05f5a45 0.592s
2025-03-18 08:56:14.820 68552 INFO tempest.lib.common.rest_client [req-c22b80ea-5eea-47d7-8eef-e34ad3a54be1 req-c22b80ea-5eea-47d7-8eef-e34ad3a54be1 ] Request (ServerDiagnosticsTest:tearDownClass): 200 GET http://10.180.1.21/compute/v2.1/servers/fa531961-a1f6-4fc9-bc74-dc1693dbfd70 0.575s
2025-03-18 08:56:14.882 68516 INFO tempest.lib.common.rest_client [req-c628dccf-1aa3-4934-976c-d29a3089b6a9 req-c628dccf-1aa3-4934-976c-d29a3089b6a9 ] Request (ListServersNegativeTestJSON:setUpClass): 200 GET http://10.180.1.21/compute/v2.1/servers/002960bc-570e-4ed4-889f-5a476cc9471c 0.573s
2025-03-18 08:56:14.945 68554 INFO tempest.lib.common.rest_client [req-49f17b4d-8230-4533-9a8e-123b3d1d1027 req-49f17b4d-8230-4533-9a8e-123b3d1d1027 ] Request (ListServerFiltersTestJSON:setUpClass): 200 GET http://10.180.1.21/compute/v2.1/servers/87daeab7-1a43-48d7-8adc-3baa04a1d099 0.623s
2025-03-18 08:56:15.025 68569 INFO tempest.lib.common.rest_client [req-f7f50a3b-8984-4a83-b06f-a974cf768250 req-f7f50a3b-8984-4a83-b06f-a974cf768250 ] Request (ServerGroupTestJSON:test_create_server_with_scheduler_hint_group): 200 GET http://10.180.1.21/compute/v2.1/servers/e6415680-4084-41ed-9cce-cae4c14919da 0.631s
2025-03-18 08:56:15.097 68556 INFO tempest.lib.common.rest_client [req-a986d7aa-e9e5-4ca7-b88d-e98e497a78bd req-a986d7aa-e9e5-4ca7-b88d-e98e497a78bd ] Request (ServersTestMultiNic:_run_cleanups): 200 GET http://10.180.1.21/compute/v2.1/servers/3443ca21-8dbf-4c50-9028-c1989ec04399 0.699s
2025-03-18 08:56:15.152 68524 INFO tempest.lib.common.rest_client [req-8709300e-8073-4294-af1f-d6eca4a01920 req-8709300e-8073-4294-af1f-d6eca4a01920 ] Request (ImagesOneServerNegativeTestJSON:test_create_second_image_when_first_image_is_being_saved): 202 POST http://10.180.1.21/compute/v2.1/servers/8e5aa82d-8c22-4b8e-9133-361bfe0b33c3/action 0.992s
2025-03-18 08:56:15.178 68543 INFO tempest.lib.common.rest_client [req-dbdd4952-15c3-401c-bdb1-329d80edabc6 req-dbdd4952-15c3-401c-bdb1-329d80edabc6 ] Request (ServerDiskConfigTestJSON:test_rebuild_server_with_auto_disk_config): 200 GET http://10.180.1.21/compute/v2.1/servers/5030d6f8-3dd0-4a1e-a5b7-547f52dc563b 0.738s
2025-03-18 08:56:15.189 68544 INFO tempest.lib.common.rest_client [req-9bcc7a40-4931-4a84-a8f6-b8712f0023fa req-9bcc7a40-4931-4a84-a8f6-b8712f0023fa ] Request (ImagesTestJSON:test_create_image_from_stopped_server): 200 GET http://10.180.1.21/compute/v2.1/images/8c77b48c-66eb-4b62-984b-f11270028d61 0.743s
2025-03-18 08:56:15.238 68578 WARNING tempest.lib.common.ssh [-] Failed to establish authenticated ssh connection to cirros@10.180.180.180 ([Errno None] Unable to connect to port 22 on 10.180.180.180). Number attempts: 3. Retry after 4 seconds.: paramiko.ssh_exception.NoValidConnectionsError: [Errno None] Unable to connect to port 22 on 10.180.180.180
2025-03-18 08:56:15.242 68574 INFO tempest.lib.common.rest_client [req-5198b9a4-7c40-4c79-a028-c6402acfe84c req-5198b9a4-7c40-4c79-a028-c6402acfe84c ] Request (ServersNegativeTestMultiTenantJSON:setUpClass): 200 GET http://10.180.1.21/compute/v2.1/servers/1b6ff85a-4b0e-49e6-a6bb-26ab474b4e97 0.777s
2025-03-18 08:56:15.317 68518 INFO tempest.lib.common.rest_client [req-e933bdb1-5ce1-40a8-8549-ebb9954bcf9f req-e933bdb1-5ce1-40a8-8549-ebb9954bcf9f ] Request (ImagesNegativeTestJSON:test_create_image_from_deleted_server): 200 GET http://10.180.1.21/compute/v2.1/servers/8d737621-6a66-4c01-b11b-91073036750f 0.805s
2025-03-18 08:56:15.392 68566 INFO tempest.lib.common.rest_client [req-48b16de8-3e72-40e2-ae10-2a22643545a1 req-48b16de8-3e72-40e2-ae10-2a22643545a1 ] Request (InstanceActionsNegativeTestJSON:setUpClass): 200 GET http://10.180.1.21/compute/v2.1/servers/6c0b1a50-ac65-424d-aa40-934135372423 0.804s
2025-03-18 08:56:15.423 68548 INFO tempest.lib.common.rest_client [req-9cdde3bf-c3b6-4735-a5fc-e449c3ac47ad req-9cdde3bf-c3b6-4735-a5fc-e449c3ac47ad ] Request (SecurityGroupRulesTestJSON:test_security_group_rules_create_with_optional_group_id): 200 POST http://10.180.1.21/compute/v2.1/os-security-groups 0.932s
2025-03-18 08:56:15.529 68534 INFO tempest.lib.common.rest_client [req-49f200ca-8e36-4a27-85a1-3d24c8ee546d req-49f200ca-8e36-4a27-85a1-3d24c8ee546d ] Request (AttachInterfacesV270Test:test_create_get_list_interfaces): 200 GET http://10.180.1.21/compute/v2.1/servers/7faccb18-35c1-4c02-9a01-f410755052f9 0.594s
2025-03-18 08:56:15.541 68534 INFO tempest.common.waiters [-] State transition "BUILD/None" ==> "BUILD/block_device_mapping" after 30 second wait
2025-03-18 08:56:15.549 68540 INFO tempest.lib.common.rest_client [req-cf20ad84-3f91-4f58-9130-a06ab0bb69d8 req-cf20ad84-3f91-4f58-9130-a06ab0bb69d8 ] Request (ServerActionsV293TestJSON:setUpClass): 200 GET http://10.180.1.21/volume/v3/volumes/c6bb1076-4c7f-4b16-9a39-4e71df5f95a9 0.036s
2025-03-18 08:56:15.568 68522 INFO tempest.lib.common.rest_client [req-979c2651-62fe-47ee-95df-779bc86d052f req-979c2651-62fe-47ee-95df-779bc86d052f ] Request (MigrationsAdminTest:test_list_migrations_in_flavor_resize_situation): 200 GET http://10.180.1.21/compute/v2.1/servers/e6481c67-cb8e-48a4-9749-fb060e70ffa4 0.963s
2025-03-18 08:56:15.589 68538 INFO tempest.lib.common.rest_client [req-a6ea731f-d0c5-4111-b830-c9c6a26f6985 req-a6ea731f-d0c5-4111-b830-c9c6a26f6985 ] Request (ServersAaction247Test:test_create_backup): 200 GET http://10.180.1.21/compute/v2.1/servers/112fe205-82ae-498b-82df-5ca6b5d13b59 0.650s
2025-03-18 08:56:15.646 68560 INFO tempest.lib.common.rest_client [req-f7813e7a-1ab0-4c33-adad-57ab8f0b9d3c req-f7813e7a-1ab0-4c33-adad-57ab8f0b9d3c ] Request (FloatingIPsAssociationNegativeTestJSON:tearDownClass): 200 GET http://10.180.1.21/compute/v2.1/servers/2b2c2af2-02ef-4013-b63b-ffe7f9414072 0.640s
2025-03-18 08:56:15.688 68524 INFO tempest.lib.common.rest_client [req-bb3a6790-06a5-41ce-acf5-7100a1ff2216 req-bb3a6790-06a5-41ce-acf5-7100a1ff2216 ] Request (ImagesOneServerNegativeTestJSON:test_create_second_image_when_first_image_is_being_saved): 409 POST http://10.180.1.21/compute/v2.1/servers/8e5aa82d-8c22-4b8e-9133-361bfe0b33c3/action 0.532s
2025-03-18 08:56:15.736 68576 INFO tempest.lib.common.rest_client [req-abbf943a-4de9-4b07-ac6c-ca46c9e31938 req-abbf943a-4de9-4b07-ac6c-ca46c9e31938 ] Request (DeleteServersAdminTestJSON:test_delete_server_while_in_error_state): 200 GET http://10.180.1.21/compute/v2.1/servers/b36e80dd-0344-4908-8a25-4d4dd07931c3 0.694s
2025-03-18 08:56:15.757 68558 INFO tempest.lib.common.rest_client [req-095e0a7c-20cf-485c-9d7a-3d03934ff8e4 req-095e0a7c-20cf-485c-9d7a-3d03934ff8e4 ] Request (ServerActionsTestJSON:setUpClass): 200 GET http://10.180.1.21/compute/v2.1/servers/4bbb344e-11e3-48ad-ad1d-437222dbf06d 0.527s
2025-03-18 08:56:15.813 68532 INFO tempest.lib.common.rest_client [req-8e1ec443-70a9-4f26-9484-ba40b0afc946 req-8e1ec443-70a9-4f26-9484-ba40b0afc946 ] Request (ServersAdmin275Test:tearDownClass): 200 GET http://10.180.1.21/compute/v2.1/servers/26efde6f-cfcd-4f89-9807-94e7622a0e96 0.522s
2025-03-18 08:56:15.877 68550 WARNING tempest.lib.common.ssh [-] Failed to establish authenticated ssh connection to cirros@10.180.180.194 ([Errno None] Unable to connect to port 22 on 10.180.180.194). Number attempts: 4. Retry after 5 seconds.: paramiko.ssh_exception.NoValidConnectionsError: [Errno None] Unable to connect to port 22 on 10.180.180.194
2025-03-18 08:56:15.900 68564 INFO tempest.lib.common.rest_client [req-b6533d24-05d4-4384-abb0-9287c8451bfe req-b6533d24-05d4-4384-abb0-9287c8451bfe ] Request (ServersAdminTestJSON:test_inject_network_info): 200 GET http://10.180.1.21/compute/v2.1/servers/92a7e525-691d-4b2f-915f-89595543fe46 0.332s
2025-03-18 08:56:15.987 68546 INFO tempest.lib.common.rest_client [req-8f772c4f-5a15-4227-a0fd-11f43553eac5 req-8f772c4f-5a15-4227-a0fd-11f43553eac5 ] Request (ServerRescueTestJSONUnderV235:tearDownClass): 200 GET http://10.180.1.21/compute/v2.1/servers/21b5ba2f-3b5e-485a-a59c-6626f8b4be36 0.412s
2025-03-18 08:56:16.078 68536 INFO tempest.lib.common.rest_client [req-244e6d58-0faf-4e4f-9d8b-831d08b175ac req-244e6d58-0faf-4e4f-9d8b-831d08b175ac ] Request (ServersAdminNegativeTestJSON:test_migrate_server_invalid_state): 200 GET http://10.180.1.21/compute/v2.1/servers/b63e221e-88cd-4b8c-88ca-c1cb8b7c6318 0.432s
2025-03-18 08:56:16.139 68548 INFO tempest.lib.common.rest_client [req-e55a3b56-5916-4852-8e47-0fa65c57e87f req-e55a3b56-5916-4852-8e47-0fa65c57e87f ] Request (SecurityGroupRulesTestJSON:test_security_group_rules_create_with_optional_group_id): 200 POST http://10.180.1.21/compute/v2.1/os-security-group-rules 0.713s
2025-03-18 08:56:16.141 68548 WARNING tempest.lib.common.rest_client [-] Deprecated: "tenant_id" property is deprecated for removal, use "project_id" instead
2025-03-18 08:56:16.198 68524 INFO tempest.lib.common.rest_client [req-ad36d423-fc64-4c55-bb43-98c2fb24fd34 req-ad36d423-fc64-4c55-bb43-98c2fb24fd34 ] Request (ImagesOneServerNegativeTestJSON:test_create_second_image_when_first_image_is_being_saved): 204 DELETE http://10.180.1.21/compute/v2.1/images/1abaa8bb-592b-47c3-aaac-9a123b4bd551 0.509s
2025-03-18 08:56:16.295 68552 INFO tempest.lib.common.rest_client [req-ffde7ba6-1c1a-4811-a6cf-3adead351df9 req-ffde7ba6-1c1a-4811-a6cf-3adead351df9 ] Request (ServerDiagnosticsTest:tearDownClass): 200 GET http://10.180.1.21/compute/v2.1/servers/fa531961-a1f6-4fc9-bc74-dc1693dbfd70 0.461s
2025-03-18 08:56:16.314 68520 INFO tempest.lib.common.rest_client [req-c7bcd228-3272-458e-9da0-84e632ef5458 req-c7bcd228-3272-458e-9da0-84e632ef5458 ] Request (SecurityGroupsTestJSON:test_list_security_groups_by_server): 200 GET http://10.180.1.21/compute/v2.1/servers/f7e67fe3-6adc-4973-baba-514bb05f5a45 0.565s
2025-03-18 08:56:16.365 68516 INFO tempest.lib.common.rest_client [req-2bbb3358-2833-48e9-8333-f31a529282e3 req-2bbb3358-2833-48e9-8333-f31a529282e3 ] Request (ListServersNegativeTestJSON:setUpClass): 200 GET http://10.180.1.21/compute/v2.1/servers/002960bc-570e-4ed4-889f-5a476cc9471c 0.475s
2025-03-18 08:56:16.385 68554 INFO tempest.lib.common.rest_client [req-f5dd4a67-2342-45b4-b5fe-618917124588 req-f5dd4a67-2342-45b4-b5fe-618917124588 ] Request (ListServerFiltersTestJSON:setUpClass): 200 GET http://10.180.1.21/compute/v2.1/servers/87daeab7-1a43-48d7-8adc-3baa04a1d099 0.430s
2025-03-18 08:56:16.436 68569 INFO tempest.lib.common.rest_client [req-8652f3db-ec45-483a-9ddb-b22383ae7f5a req-8652f3db-ec45-483a-9ddb-b22383ae7f5a ] Request (ServerGroupTestJSON:test_create_server_with_scheduler_hint_group): 200 GET http://10.180.1.21/compute/v2.1/servers/e6415680-4084-41ed-9cce-cae4c14919da 0.402s
2025-03-18 08:56:16.460 68556 INFO tempest.lib.common.rest_client [req-c8a13b44-b602-4c43-a39f-742a6387d433 req-c8a13b44-b602-4c43-a39f-742a6387d433 ] Request (ServersTestMultiNic:_run_cleanups): 200 GET http://10.180.1.21/compute/v2.1/servers/3443ca21-8dbf-4c50-9028-c1989ec04399 0.350s
2025-03-18 08:56:16.515 68543 INFO tempest.lib.common.rest_client [req-d0289c63-918d-41e5-9395-c12f9275194e req-d0289c63-918d-41e5-9395-c12f9275194e ] Request (ServerDiskConfigTestJSON:test_rebuild_server_with_auto_disk_config): 200 GET http://10.180.1.21/compute/v2.1/servers/5030d6f8-3dd0-4a1e-a5b7-547f52dc563b 0.328s
2025-03-18 08:56:16.587 68540 INFO tempest.lib.common.rest_client [req-496a3a56-72ed-4dcb-a917-237a4390d847 req-496a3a56-72ed-4dcb-a917-237a4390d847 ] Request (ServerActionsV293TestJSON:setUpClass): 200 GET http://10.180.1.21/volume/v3/volumes/c6bb1076-4c7f-4b16-9a39-4e71df5f95a9 0.029s
2025-03-18 08:56:16.596 68548 INFO tempest.lib.common.rest_client [req-7e7dfe77-e6cd-4fad-bc3b-69e0d941d3be req-7e7dfe77-e6cd-4fad-bc3b-69e0d941d3be ] Request (SecurityGroupRulesTestJSON:test_security_group_rules_delete_when_peer_group_deleted): 200 POST http://10.180.1.21/compute/v2.1/os-security-groups 0.453s
2025-03-18 08:56:16.601 68540 INFO tempest.common.waiters [-] volume c6bb1076-4c7f-4b16-9a39-4e71df5f95a9 reached available after waiting for 19.601505 seconds
2025-03-18 08:56:16.632 68524 INFO tempest.lib.common.rest_client [req-6d63348d-7c88-4f57-abc7-886b7c49dc89 req-6d63348d-7c88-4f57-abc7-886b7c49dc89 ] Request (ImagesOneServerNegativeTestJSON:tearDown): 200 GET http://10.180.1.21/compute/v2.1/servers/8e5aa82d-8c22-4b8e-9133-361bfe0b33c3 0.433s
2025-03-18 08:56:16.648 68544 INFO tempest.lib.common.rest_client [req-ee9cf67e-7abe-4087-b22d-0eeefd0df13e req-ee9cf67e-7abe-4087-b22d-0eeefd0df13e ] Request (ImagesTestJSON:test_create_image_from_stopped_server): 200 GET http://10.180.1.21/compute/v2.1/images/8c77b48c-66eb-4b62-984b-f11270028d61 0.450s
2025-03-18 08:56:16.683 68574 INFO tempest.lib.common.rest_client [req-6d32f1d7-eadb-4c82-abab-14378d56d0dc req-6d32f1d7-eadb-4c82-abab-14378d56d0dc ] Request (ServersNegativeTestMultiTenantJSON:setUpClass): 200 GET http://10.180.1.21/compute/v2.1/servers/1b6ff85a-4b0e-49e6-a6bb-26ab474b4e97 0.426s
2025-03-18 08:56:16.697 68518 INFO tempest.lib.common.rest_client [req-556ffe58-7b5d-436c-b2e3-f666cb40a778 req-556ffe58-7b5d-436c-b2e3-f666cb40a778 ] Request (ImagesNegativeTestJSON:test_create_image_from_deleted_server): 200 GET http://10.180.1.21/compute/v2.1/servers/8d737621-6a66-4c01-b11b-91073036750f 0.371s
2025-03-18 08:56:16.731 68566 INFO tempest.lib.common.rest_client [req-ce2110b5-dd8a-45d0-ada9-8e5067376ddd req-ce2110b5-dd8a-45d0-ada9-8e5067376ddd ] Request (InstanceActionsNegativeTestJSON:setUpClass): 200 GET http://10.180.1.21/compute/v2.1/servers/6c0b1a50-ac65-424d-aa40-934135372423 0.326s
2025-03-18 08:56:16.802 68534 INFO tempest.lib.common.rest_client [req-b9951fc3-ed4e-4345-98ff-7f700ec8427b req-b9951fc3-ed4e-4345-98ff-7f700ec8427b ] Request (AttachInterfacesV270Test:test_create_get_list_interfaces): 200 GET http://10.180.1.21/compute/v2.1/servers/7faccb18-35c1-4c02-9a01-f410755052f9 0.260s
2025-03-18 08:56:16.821 68534 INFO tempest.common.waiters [-] State transition "BUILD/block_device_mapping" ==> "BUILD/spawning" after 31 second wait
2025-03-18 08:56:16.832 68522 INFO tempest.lib.common.rest_client [req-62bfd434-6971-42d6-91db-4afa56acf96f req-62bfd434-6971-42d6-91db-4afa56acf96f ] Request (MigrationsAdminTest:test_list_migrations_in_flavor_resize_situation): 200 GET http://10.180.1.21/compute/v2.1/servers/e6481c67-cb8e-48a4-9749-fb060e70ffa4 0.253s
2025-03-18 08:56:16.882 68538 INFO tempest.lib.common.rest_client [req-7412331b-f638-4f5d-8be6-af5cf667e48f req-7412331b-f638-4f5d-8be6-af5cf667e48f ] Request (ServersAaction247Test:test_create_backup): 200 GET http://10.180.1.21/compute/v2.1/servers/112fe205-82ae-498b-82df-5ca6b5d13b59 0.279s
2025-03-18 08:56:17.255 68548 INFO tempest.lib.common.rest_client [req-32e440bb-6db8-4c8d-9369-03b0420e2dd4 req-32e440bb-6db8-4c8d-9369-03b0420e2dd4 ] Request (SecurityGroupRulesTestJSON:test_security_group_rules_delete_when_peer_group_deleted): 200 POST http://10.180.1.21/compute/v2.1/os-security-groups 0.651s
2025-03-18 08:56:17.277 68560 INFO tempest.lib.common.rest_client [req-f05768f2-b7e5-4f08-a0d6-eeebf8b07ede req-f05768f2-b7e5-4f08-a0d6-eeebf8b07ede ] Request (FloatingIPsAssociationNegativeTestJSON:tearDownClass): 404 GET http://10.180.1.21/compute/v2.1/servers/2b2c2af2-02ef-4013-b63b-ffe7f9414072 0.624s
2025-03-18 08:56:17.407 68576 INFO tempest.lib.common.rest_client [req-85f81c9d-7192-4b10-823f-aefd8229490f req-85f81c9d-7192-4b10-823f-aefd8229490f ] Request (DeleteServersAdminTestJSON:test_delete_server_while_in_error_state): 200 GET http://10.180.1.21/compute/v2.1/servers/b36e80dd-0344-4908-8a25-4d4dd07931c3 0.662s
2025-03-18 08:56:17.477 68558 INFO tempest.lib.common.rest_client [req-2ef949f8-1b8f-4125-a1e6-c54a7bfeedb8 req-2ef949f8-1b8f-4125-a1e6-c54a7bfeedb8 ] Request (ServerActionsTestJSON:setUpClass): 200 GET http://10.180.1.21/compute/v2.1/servers/4bbb344e-11e3-48ad-ad1d-437222dbf06d 0.711s
2025-03-18 08:56:17.540 68532 INFO tempest.lib.common.rest_client [req-75016911-8828-4a51-ae49-c317f549c508 req-75016911-8828-4a51-ae49-c317f549c508 ] Request (ServersAdmin275Test:tearDownClass): 200 GET http://10.180.1.21/compute/v2.1/servers/26efde6f-cfcd-4f89-9807-94e7622a0e96 0.713s
2025-03-18 08:56:17.543 68540 INFO tempest.lib.common.rest_client [req-55a2ee16-7b9e-4f99-a67b-c04e2479dbe0 req-55a2ee16-7b9e-4f99-a67b-c04e2479dbe0 ] Request (ServerActionsV293TestJSON:setUpClass): 202 POST http://10.180.1.21/compute/v2.1/servers 0.941s
2025-03-18 08:56:17.551 68532 INFO tempest.common.waiters [-] State transition "ACTIVE/deleting" ==> "DELETED/None" after 5 second wait
2025-03-18 08:56:17.605 68564 INFO tempest.lib.common.rest_client [req-548abfeb-25cd-48cb-9d77-5132fb81ca90 req-548abfeb-25cd-48cb-9d77-5132fb81ca90 ] Request (ServersAdminTestJSON:test_inject_network_info): 200 GET http://10.180.1.21/compute/v2.1/servers/92a7e525-691d-4b2f-915f-89595543fe46 0.697s
2025-03-18 08:56:17.619 68546 INFO tempest.lib.common.rest_client [req-ed3201ed-10ea-49f0-8d2d-ffaddf920e96 req-ed3201ed-10ea-49f0-8d2d-ffaddf920e96 ] Request (ServerRescueTestJSONUnderV235:tearDownClass): 200 GET http://10.180.1.21/compute/v2.1/servers/21b5ba2f-3b5e-485a-a59c-6626f8b4be36 0.617s
2025-03-18 08:56:17.673 68536 INFO tempest.lib.common.rest_client [req-fa65e537-2477-4c5f-8677-aef88a3a917d req-fa65e537-2477-4c5f-8677-aef88a3a917d ] Request (ServersAdminNegativeTestJSON:test_migrate_server_invalid_state): 200 GET http://10.180.1.21/compute/v2.1/servers/b63e221e-88cd-4b8c-88ca-c1cb8b7c6318 0.587s
2025-03-18 08:56:17.751 68552 INFO tempest.lib.common.rest_client [req-bcfed971-a8cd-4ac7-8d5f-49277673473f req-bcfed971-a8cd-4ac7-8d5f-49277673473f ] Request (ServerDiagnosticsTest:tearDownClass): 200 GET http://10.180.1.21/compute/v2.1/servers/fa531961-a1f6-4fc9-bc74-dc1693dbfd70 0.446s
2025-03-18 08:56:17.903 68520 INFO tempest.lib.common.rest_client [req-04084be8-12bd-411f-ac23-af5d95ff7d7e req-04084be8-12bd-411f-ac23-af5d95ff7d7e ] Request (SecurityGroupsTestJSON:test_list_security_groups_by_server): 200 GET http://10.180.1.21/compute/v2.1/servers/f7e67fe3-6adc-4973-baba-514bb05f5a45 0.576s
2025-03-18 08:56:17.911 68520 INFO tempest.common.waiters [-] State transition "BUILD/spawning" ==> "ACTIVE/None" after 40 second wait
2025-03-18 08:56:17.937 68548 INFO tempest.lib.common.rest_client [req-e1312f3b-4e2b-4722-99c2-80ca0cfd779a req-e1312f3b-4e2b-4722-99c2-80ca0cfd779a ] Request (SecurityGroupRulesTestJSON:test_security_group_rules_delete_when_peer_group_deleted): 200 POST http://10.180.1.21/compute/v2.1/os-security-group-rules 0.678s
2025-03-18 08:56:17.971 68516 INFO tempest.lib.common.rest_client [req-6677ccb1-cd53-4a3d-bacf-690ced76c94f req-6677ccb1-cd53-4a3d-bacf-690ced76c94f ] Request (ListServersNegativeTestJSON:setUpClass): 200 GET http://10.180.1.21/compute/v2.1/servers/002960bc-570e-4ed4-889f-5a476cc9471c 0.596s
2025-03-18 08:56:17.992 68526 WARNING tempest.lib.common.ssh [-] Failed to establish authenticated ssh connection to cirros@10.180.180.146 ([Errno None] Unable to connect to port 22 on 10.180.180.146). Number attempts: 1. Retry after 2 seconds.: paramiko.ssh_exception.NoValidConnectionsError: [Errno None] Unable to connect to port 22 on 10.180.180.146
2025-03-18 08:56:18.002 68560 INFO tempest.lib.common.rest_client [req-5caccd9b-0d84-4478-8600-0b72b209dae1 req-5caccd9b-0d84-4478-8600-0b72b209dae1 ] Request (FloatingIPsAssociationNegativeTestJSON:tearDownClass): 200 PUT http://10.180.1.21:9696/networking/v2.0/routers/f482fd0c-4173-4c90-9980-511c0ea8dcec/remove_router_interface 0.724s
2025-03-18 08:56:18.005 68554 INFO tempest.lib.common.rest_client [req-63ac0dec-aabf-4b46-9641-de2a9877647d req-63ac0dec-aabf-4b46-9641-de2a9877647d ] Request (ListServerFiltersTestJSON:setUpClass): 200 GET http://10.180.1.21/compute/v2.1/servers/87daeab7-1a43-48d7-8adc-3baa04a1d099 0.611s
2025-03-18 08:56:18.035 68569 INFO tempest.lib.common.rest_client [req-ee44ef6f-d437-4d24-aed8-25121c85e6e5 req-ee44ef6f-d437-4d24-aed8-25121c85e6e5 ] Request (ServerGroupTestJSON:test_create_server_with_scheduler_hint_group): 200 GET http://10.180.1.21/compute/v2.1/servers/e6415680-4084-41ed-9cce-cae4c14919da 0.591s
2025-03-18 08:56:18.101 68543 INFO tempest.lib.common.rest_client [req-ccdf6001-7b77-4341-b99a-4ef6205c3856 req-ccdf6001-7b77-4341-b99a-4ef6205c3856 ] Request (ServerDiskConfigTestJSON:test_rebuild_server_with_auto_disk_config): 200 GET http://10.180.1.21/compute/v2.1/servers/5030d6f8-3dd0-4a1e-a5b7-547f52dc563b 0.574s
2025-03-18 08:56:18.107 68556 INFO tempest.lib.common.rest_client [req-a4494d05-283b-4b3f-b7f3-d8d1bdb6bd7a req-a4494d05-283b-4b3f-b7f3-d8d1bdb6bd7a ] Request (ServersTestMultiNic:_run_cleanups): 200 GET http://10.180.1.21/compute/v2.1/servers/3443ca21-8dbf-4c50-9028-c1989ec04399 0.639s
2025-03-18 08:56:18.161 68540 INFO tempest.lib.common.rest_client [req-fff6708e-60a7-43c7-88b6-1e1fbddb80b8 req-fff6708e-60a7-43c7-88b6-1e1fbddb80b8 ] Request (ServerActionsV293TestJSON:setUpClass): 200 GET http://10.180.1.21/compute/v2.1/servers/9e2bfb4b-822d-4728-9a5b-a126fde49d45 0.616s
2025-03-18 08:56:18.214 68544 INFO tempest.lib.common.rest_client [req-e451cec9-4787-4d53-9e46-3c0d46cfb883 req-e451cec9-4787-4d53-9e46-3c0d46cfb883 ] Request (ImagesTestJSON:test_create_image_from_stopped_server): 200 GET http://10.180.1.21/compute/v2.1/images/8c77b48c-66eb-4b62-984b-f11270028d61 0.561s
2025-03-18 08:56:18.275 68574 INFO tempest.lib.common.rest_client [req-97bb9849-2413-44d7-91b0-a335c4f6dafe req-97bb9849-2413-44d7-91b0-a335c4f6dafe ] Request (ServersNegativeTestMultiTenantJSON:setUpClass): 200 GET http://10.180.1.21/compute/v2.1/servers/1b6ff85a-4b0e-49e6-a6bb-26ab474b4e97 0.579s
2025-03-18 08:56:18.280 68524 INFO tempest.lib.common.rest_client [req-b5cc3754-879f-4521-9bd2-03822ef51972 req-b5cc3754-879f-4521-9bd2-03822ef51972 ] Request (ImagesOneServerNegativeTestJSON:tearDown): 200 GET http://10.180.1.21/compute/v2.1/servers/8e5aa82d-8c22-4b8e-9133-361bfe0b33c3 0.629s
