2025-03-18 08:56:23.964 68560 INFO tempest.lib.common.rest_client [req-9760a3e1-0384-4e7d-b9ad-8134fbe20ccc req-9760a3e1-0384-4e7d-b9ad-8134fbe20ccc ] Request (ValidationResourcesFixture:setUp): 200 POST http://10.180.1.21/compute/v2.1/os-keypairs 0.488s
2025-03-18 08:56:23.971 68546 INFO tempest.lib.common.rest_client [req-2b8572c7-ecd6-450b-82ea-dda71baf40d6 req-2b8572c7-ecd6-450b-82ea-dda71baf40d6 ] Request (ServerShowV263Test:tearDownClass): 201 POST http://10.180.1.21/identity/v3/auth/tokens 0.066s
2025-03-18 08:56:24.015 68522 INFO tempest.lib.common.rest_client [req-ae7cbd3e-7cc4-44e7-afe5-f704e4156dc3 req-ae7cbd3e-7cc4-44e7-afe5-f704e4156dc3 ] Request (MigrationsAdminTest:test_list_migrations_in_flavor_resize_situation): 200 GET http://10.180.1.21/compute/v2.1/servers/e6481c67-cb8e-48a4-9749-fb060e70ffa4 0.495s
2025-03-18 08:56:24.047 68524 INFO tempest.lib.common.rest_client [req-a10db801-26a2-45bc-9b97-32314ffd19f6 req-a10db801-26a2-45bc-9b97-32314ffd19f6 ] Request (ImagesOneServerNegativeTestJSON:_run_cleanups): 204 DELETE http://10.180.1.21/compute/v2.1/servers/8e5aa82d-8c22-4b8e-9133-361bfe0b33c3 0.495s
2025-03-18 08:56:24.075 68560 INFO tempest.lib.common.rest_client [req-8fbc84a5-94b7-45fb-b09a-4f8c64835b8c req-8fbc84a5-94b7-45fb-b09a-4f8c64835b8c ] Request (ValidationResourcesFixture:setUp): 201 POST http://10.180.1.21:9696/networking/v2.0/security-groups 0.109s
2025-03-18 08:56:24.095 68538 INFO tempest.lib.common.rest_client [req-63ad9b7d-8d98-4973-97ac-507b902b68ad req-63ad9b7d-8d98-4973-97ac-507b902b68ad ] Request (ServersAaction247Test:test_create_backup): 200 GET http://10.180.1.21/compute/v2.1/servers/112fe205-82ae-498b-82df-5ca6b5d13b59 0.493s
2025-03-18 08:56:24.111 68544 INFO tempest.lib.common.rest_client [req-f6f2e7d6-e39d-45c2-92f4-7739e6dd01e1 req-f6f2e7d6-e39d-45c2-92f4-7739e6dd01e1 ] Request (ImagesTestJSON:test_create_image_from_suspended_server): 200 GET http://10.180.1.21/compute/v2.1/servers/faed078e-05e1-49ca-a279-c6e9116a3a46 0.423s
2025-03-18 08:56:24.135 68548 INFO tempest.lib.common.rest_client [req-9e3ca5e8-f48b-4598-bd92-d5d5cea04381 req-9e3ca5e8-f48b-4598-bd92-d5d5cea04381 ] Request (SecurityGroupRulesTestJSON:tearDownClass): 404 DELETE http://10.180.1.21/compute/v2.1/os-security-groups/a31a68c3-1c86-4ec6-8fb3-6b940b4a4cef 0.381s
2025-03-18 08:56:24.152 68558 INFO tempest.lib.common.rest_client [req-78280629-320e-46e9-8c85-1cc9e6638ad1 req-78280629-320e-46e9-8c85-1cc9e6638ad1 ] Request (ServerActionsTestJSON:setUpClass): 200 GET http://10.180.1.21/compute/v2.1/servers/4bbb344e-11e3-48ad-ad1d-437222dbf06d 0.431s
2025-03-18 08:56:24.202 68564 INFO tempest.lib.common.rest_client [req-d829cc42-bfb1-4175-8c08-2827a84df9b7 req-d829cc42-bfb1-4175-8c08-2827a84df9b7 ] Request (ServersAdminTestJSON:test_inject_network_info): 200 GET http://10.180.1.21/compute/v2.1/servers/92a7e525-691d-4b2f-915f-89595543fe46 0.431s
2025-03-18 08:56:24.233 68532 INFO tempest.lib.common.rest_client [req-ef216441-f8e6-4b57-b8b2-66669db475ec req-ef216441-f8e6-4b57-b8b2-66669db475ec ] Request (ServersAdmin275Test:tearDownClass): 200 GET http://10.180.1.21/compute/v2.1/servers/26efde6f-cfcd-4f89-9807-94e7622a0e96 0.404s
2025-03-18 08:56:24.247 68560 INFO tempest.lib.common.rest_client [req-4bc6a9ce-26ce-4c01-b0d9-2ebc76413d1f req-4bc6a9ce-26ce-4c01-b0d9-2ebc76413d1f ] Request (ValidationResourcesFixture:setUp): 201 POST http://10.180.1.21:9696/networking/v2.0/security-group-rules 0.171s
2025-03-18 08:56:24.260 68546 INFO tempest.lib.common.rest_client [req-8008e4ff-aca0-44e0-8453-6ba9861236d4 req-8008e4ff-aca0-44e0-8453-6ba9861236d4 ] Request (ServerShowV263Test:tearDownClass): 200 GET http://10.180.1.21:9696/networking/v2.0/security-groups?tenant_id=4f1ba806e9c04675902655ba4e7fe2f5&name=default 0.289s
2025-03-18 08:56:24.279 68536 INFO tempest.lib.common.rest_client [req-c86c890f-080d-4118-9571-06c4ba4e5799 req-c86c890f-080d-4118-9571-06c4ba4e5799 ] Request (ServersAdminNegativeTestJSON:test_migrate_server_invalid_state): 200 GET http://10.180.1.21/compute/v2.1/servers/b63e221e-88cd-4b8c-88ca-c1cb8b7c6318 0.428s
2025-03-18 08:56:24.350 68516 INFO tempest.lib.common.rest_client [req-9897bcef-3d03-4ad7-b847-73587debc4c7 req-9897bcef-3d03-4ad7-b847-73587debc4c7 ] Request (ListServersNegativeTestJSON:setUpClass): 200 GET http://10.180.1.21/compute/v2.1/servers/002960bc-570e-4ed4-889f-5a476cc9471c 0.429s
2025-03-18 08:56:24.396 68560 INFO tempest.lib.common.rest_client [req-171c3359-4ab5-4af3-ad2c-74cf9222e6f9 req-171c3359-4ab5-4af3-ad2c-74cf9222e6f9 ] Request (ValidationResourcesFixture:setUp): 201 POST http://10.180.1.21:9696/networking/v2.0/security-group-rules 0.148s
2025-03-18 08:56:24.422 68546 INFO tempest.lib.common.rest_client [req-2f46c8b2-74ab-45bf-98b2-459ebd1b3f7e req-2f46c8b2-74ab-45bf-98b2-459ebd1b3f7e ] Request (ServerShowV263Test:tearDownClass): 204 DELETE http://10.180.1.21:9696/networking/v2.0/security-groups/dee34f3f-a166-4c3d-88f5-f88d81a0bad7 0.161s
2025-03-18 08:56:24.448 68552 INFO tempest.lib.common.rest_client [req-af395857-2659-46be-9ecb-68c00df8a1e9 req-af395857-2659-46be-9ecb-68c00df8a1e9 ] Request (ServerDiagnosticsTest:tearDownClass): 200 GET http://10.180.1.21/compute/v2.1/servers/fa531961-a1f6-4fc9-bc74-dc1693dbfd70 0.479s
2025-03-18 08:56:24.454 68550 WARNING tempest.lib.common.ssh [-] Failed to establish authenticated ssh connection to cirros@10.180.180.194 ([Errno None] Unable to connect to port 22 on 10.180.180.194). Number attempts: 5. Retry after 6 seconds.: paramiko.ssh_exception.NoValidConnectionsError: [Errno None] Unable to connect to port 22 on 10.180.180.194
2025-03-18 08:56:24.489 68520 INFO tempest.lib.common.rest_client [req-c60e53e5-8817-4401-ac8b-57811ce7db1f req-c60e53e5-8817-4401-ac8b-57811ce7db1f ] Request (SecurityGroupsTestJSON:test_security_groups_create_list_delete): 200 POST http://10.180.1.21/compute/v2.1/os-security-groups 0.590s
2025-03-18 08:56:24.512 68546 INFO tempest.lib.common.rest_client [req-b40ff85b-b38b-4ef2-b3bf-f2bbdc5da428 req-b40ff85b-b38b-4ef2-b3bf-f2bbdc5da428 ] Request (ServerShowV263Test:tearDownClass): 204 DELETE http://10.180.1.21/identity/v3/projects/4f1ba806e9c04675902655ba4e7fe2f5 0.090s
2025-03-18 08:56:24.519 68554 INFO tempest.lib.common.rest_client [req-4748e506-1345-486f-a29d-0eaf0414923e req-4748e506-1345-486f-a29d-0eaf0414923e ] Request (ListServerFiltersTestJSON:setUpClass): 200 GET http://10.180.1.21/compute/v2.1/servers/87daeab7-1a43-48d7-8adc-3baa04a1d099 0.520s
2025-03-18 08:56:24.600 68569 INFO tempest.lib.common.rest_client [req-d6a80976-a12d-48ee-8489-d810c793f57f req-d6a80976-a12d-48ee-8489-d810c793f57f ] Request (ServerGroupTestJSON:test_create_server_with_scheduler_hint_group): 200 GET http://10.180.1.21/compute/v2.1/servers/e6415680-4084-41ed-9cce-cae4c14919da 0.552s
2025-03-18 08:56:24.607 68546 INFO tempest.lib.common.rest_client [req-89493f1d-8619-4e1f-b687-3f5731976e64 req-89493f1d-8619-4e1f-b687-3f5731976e64 ] Request (ServersListShow296Test:setUpClass): 201 POST http://10.180.1.21/identity/v3/auth/tokens 0.094s
2025-03-18 08:56:24.647 68546 INFO tempest.lib.common.rest_client [req-b099d114-95e9-4829-96fb-3a3624b9b902 req-b099d114-95e9-4829-96fb-3a3624b9b902 ] Request (ServersListShow296Test:setUpClass): 201 POST http://10.180.1.21/identity/v3/auth/tokens 0.035s
2025-03-18 08:56:24.669 68524 INFO tempest.lib.common.rest_client [req-9aafce20-e248-45d2-8477-19c92f73725e req-9aafce20-e248-45d2-8477-19c92f73725e ] Request (ImagesOneServerNegativeTestJSON:_run_cleanups): 200 GET http://10.180.1.21/compute/v2.1/servers/8e5aa82d-8c22-4b8e-9133-361bfe0b33c3 0.621s
2025-03-18 08:56:24.680 68543 INFO tempest.lib.common.rest_client [req-2476410c-6bd9-4621-b8aa-162154d66558 req-2476410c-6bd9-4621-b8aa-162154d66558 ] Request (ServerDiskConfigTestJSON:test_rebuild_server_with_auto_disk_config): 200 GET http://10.180.1.21/compute/v2.1/servers/5030d6f8-3dd0-4a1e-a5b7-547f52dc563b 0.561s
2025-03-18 08:56:24.691 68546 INFO tempest.lib.common.rest_client [req-aefe0659-f31e-40bf-8a73-bccac2fb1a6a req-aefe0659-f31e-40bf-8a73-bccac2fb1a6a ] Request (ServersListShow296Test:setUpClass): 200 GET http://10.180.1.21/identity/v3/domains?name=Default 0.044s
2025-03-18 08:56:24.701 68556 INFO tempest.lib.common.rest_client [req-39aba7ee-b4c1-41a8-a255-221875a5cd86 req-39aba7ee-b4c1-41a8-a255-221875a5cd86 ] Request (ServersTestMultiNic:_run_cleanups): 404 GET http://10.180.1.21/compute/v2.1/servers/3443ca21-8dbf-4c50-9028-c1989ec04399 0.476s
2025-03-18 08:56:24.731 68546 INFO tempest.lib.common.rest_client [req-ef1748d6-0d47-4f83-b566-881b11a22af6 req-ef1748d6-0d47-4f83-b566-881b11a22af6 ] Request (ServersListShow296Test:setUpClass): 201 POST http://10.180.1.21/identity/v3/projects 0.040s
2025-03-18 08:56:24.781 68540 INFO tempest.lib.common.rest_client [req-6823537e-38ed-46b8-81b5-45a148aa6e0e req-6823537e-38ed-46b8-81b5-45a148aa6e0e ] Request (ServerActionsV293TestJSON:setUpClass): 200 GET http://10.180.1.21/compute/v2.1/servers/9e2bfb4b-822d-4728-9a5b-a126fde49d45 0.480s
2025-03-18 08:56:24.807 68548 INFO tempest.lib.common.rest_client [req-138768df-78e8-4350-a458-859217340d9b req-138768df-78e8-4350-a458-859217340d9b ] Request (SecurityGroupRulesTestJSON:tearDownClass): 202 DELETE http://10.180.1.21/compute/v2.1/os-security-groups/f877485c-3245-4fff-b35b-61de81467bcd 0.672s
2025-03-18 08:56:24.814 68546 INFO tempest.lib.common.rest_client [req-681115a3-c056-49e0-91f9-489e72545a8b req-681115a3-c056-49e0-91f9-489e72545a8b ] Request (ServersListShow296Test:setUpClass): 201 POST http://10.180.1.21/identity/v3/users 0.082s
2025-03-18 08:56:24.845 68546 INFO tempest.lib.common.rest_client [req-159bff4e-6675-45b7-b9d6-5a74f3627f28 req-159bff4e-6675-45b7-b9d6-5a74f3627f28 ] Request (ServersListShow296Test:setUpClass): 200 GET http://10.180.1.21/identity/v3/roles 0.030s
2025-03-18 08:56:24.849 68574 INFO tempest.lib.common.rest_client [req-98d81bbc-e5c1-4f77-abbd-34708bb86e59 req-98d81bbc-e5c1-4f77-abbd-34708bb86e59 ] Request (ServersNegativeTestMultiTenantJSON:setUpClass): 200 GET http://10.180.1.21/compute/v2.1/servers/1b6ff85a-4b0e-49e6-a6bb-26ab474b4e97 0.479s
2025-03-18 08:56:24.880 68546 INFO tempest.lib.common.rest_client [req-954ae8c2-4a9f-48c6-94d6-4306b04f7eb9 req-954ae8c2-4a9f-48c6-94d6-4306b04f7eb9 ] Request (ServersListShow296Test:setUpClass): 204 PUT http://10.180.1.21/identity/v3/projects/98d409e008574ad49473093bc0ac5442/users/afb22a38a91640d2b91c2fe6f9c8db52/roles/2d99c22cb3064247b90da6b605583005 0.034s
2025-03-18 08:56:24.880 68546 INFO tempest.lib.common.dynamic_creds [-] Dynamic test user afb22a38a91640d2b91c2fe6f9c8db52 is created with scope project and roles: ['member']
2025-03-18 08:56:24.880 68546 INFO tempest.lib.common.dynamic_creds [-] Acquired dynamic creds: credentials: Credentials: {'domain_id': 'default', 'domain_name': 'Default', 'username': 'tempest-ServersListShow296Test-1306615926-project-member', 'project_domain_id': 'default', 'project_domain_name': 'Default', 'project_id': '98d409e008574ad49473093bc0ac5442', 'project_name': 'tempest-ServersListShow296Test-1306615926', 'tenant_id': '98d409e008574ad49473093bc0ac5442', 'tenant_name': 'tempest-ServersListShow296Test-1306615926', 'user_domain_id': 'default', 'user_domain_name': 'Default', 'user_id': 'afb22a38a91640d2b91c2fe6f9c8db52', 'system': None}, Network: None, Subnet: None, Router: None
2025-03-18 08:56:24.880 68546 INFO tempest.lib.common.dynamic_creds [-] Created isolated network resources for: credentials: Credentials: {'domain_id': 'default', 'domain_name': 'Default', 'username': 'tempest-ServersListShow296Test-1306615926-project-member', 'project_domain_id': 'default', 'project_domain_name': 'Default', 'project_id': '98d409e008574ad49473093bc0ac5442', 'project_name': 'tempest-ServersListShow296Test-1306615926', 'tenant_id': '98d409e008574ad49473093bc0ac5442', 'tenant_name': 'tempest-ServersListShow296Test-1306615926', 'user_domain_id': 'default', 'user_domain_name': 'Default', 'user_id': 'afb22a38a91640d2b91c2fe6f9c8db52', 'system': None}, Network: None, Subnet: None, Router: None
2025-03-18 08:56:24.911 68566 INFO tempest.lib.common.rest_client [req-5d07fbe1-f057-4efc-ae74-8534fabb6055 req-5d07fbe1-f057-4efc-ae74-8534fabb6055 ] Request (InstanceActionsNegativeTestJSON:setUpClass): 200 GET http://10.180.1.21/compute/v2.1/servers/6c0b1a50-ac65-424d-aa40-934135372423 0.311s
2025-03-18 08:56:24.920 68566 INFO tempest.common.waiters [-] State transition "BUILD/scheduling" ==> "BUILD/None" after 24 second wait
2025-03-18 08:56:24.941 68520 INFO tempest.lib.common.rest_client [req-c4d496cd-3b12-4dde-9b1d-0769890a7430 req-c4d496cd-3b12-4dde-9b1d-0769890a7430 ] Request (SecurityGroupsTestJSON:test_security_groups_create_list_delete): 200 POST http://10.180.1.21/compute/v2.1/os-security-groups 0.448s
2025-03-18 08:56:24.964 68546 INFO tempest.lib.common.rest_client [req-d29b3f65-6b92-4a23-90bf-e25797140d58 req-d29b3f65-6b92-4a23-90bf-e25797140d58 ] Request (ServersListShow296Test:setUpClass): 201 POST http://10.180.1.21/identity/v3/auth/tokens 0.081s
2025-03-18 08:56:24.969 68518 INFO tempest.lib.common.rest_client [req-3b1943ea-d816-4938-8577-5b0fc91fa2ca req-3b1943ea-d816-4938-8577-5b0fc91fa2ca ] Request (ImagesNegativeTestJSON:test_create_image_from_deleted_server): 200 GET http://10.180.1.21/compute/v2.1/servers/8d737621-6a66-4c01-b11b-91073036750f 0.362s
2025-03-18 08:56:24.988 68556 INFO tempest.lib.common.rest_client [req-3a8fd285-52e6-4f1d-a02d-1516c8c1c45f req-3a8fd285-52e6-4f1d-a02d-1516c8c1c45f ] Request (ServersTestMultiNic:_run_cleanups): 204 DELETE http://10.180.1.21:9696/networking/v2.0/subnets/0ea404c9-6ef7-4bc3-be27-69f99bf5efeb 0.287s
2025-03-18 08:56:24.995 68546 INFO tempest.lib.common.rest_client [req-4e6ca849-925f-465e-966b-1c9845711e0b req-4e6ca849-925f-465e-966b-1c9845711e0b ] Request (ServersListShow296Test:test_list_show_update_rebuild_server_296): 201 POST http://10.180.1.21/identity/v3/auth/tokens 0.027s
2025-03-18 08:56:24.995 68546 INFO tempest.lib.common.fixed_network [-] (ServersListShow296Test:test_list_show_update_rebuild_server_296) Found network None available for tenant
2025-03-18 08:56:25.104 68560 INFO tempest.lib.common.rest_client [req-a9b641be-a5cc-4675-902b-9bed99df3d15 req-a9b641be-a5cc-4675-902b-9bed99df3d15 ] Request (ValidationResourcesFixture:setUp): 201 POST http://10.180.1.21:9696/networking/v2.0/floatingips 0.708s
2025-03-18 08:56:25.124 68576 INFO tempest.lib.common.rest_client [req-12cb1ed9-f408-4808-a9ae-a4d83912003d req-12cb1ed9-f408-4808-a9ae-a4d83912003d ] Request (DeleteServersAdminTestJSON:test_delete_server_while_in_error_state): 200 GET http://10.180.1.21/compute/v2.1/servers/b36e80dd-0344-4908-8a25-4d4dd07931c3 0.351s
2025-03-18 08:56:25.159 68560 INFO tempest.lib.common.rest_client [req-ea916835-ebf7-4e30-91f5-25aafe8f8e65 req-ea916835-ebf7-4e30-91f5-25aafe8f8e65 ] Request (AttachInterfacesUnderV243Test:test_add_remove_fixed_ip): 201 POST http://10.180.1.21/identity/v3/auth/tokens 0.052s
2025-03-18 08:56:25.160 68560 INFO tempest.lib.common.fixed_network [-] (AttachInterfacesUnderV243Test:test_add_remove_fixed_ip) Found network {'id': 'dad55fd3-1467-409b-b59d-551e58124f38', 'name': 'tempest-AttachInterfacesUnderV243Test-124863210-network', 'tenant_id': 'e9bae8922acb413b91e49b66e23cf337', 'admin_state_up': True, 'mtu': 8950, 'status': 'ACTIVE', 'subnets': [], 'shared': False, 'project_id': 'e9bae8922acb413b91e49b66e23cf337', 'port_security_enabled': True, 'router:external': False, 'provider:network_type': 'vlan', 'provider:physical_network': 'default', 'provider:segmentation_id': 161, 'availability_zone_hints': [], 'availability_zones': [], 'ipv4_address_scope': None, 'ipv6_address_scope': None, 'description': '', 'tags': [], 'created_at': '2025-03-18T08:56:19Z', 'updated_at': '2025-03-18T08:56:19Z', 'revision_number': 1} available for tenant
2025-03-18 08:56:25.209 68548 INFO tempest.lib.common.rest_client [req-29efefcc-bbfe-4f3c-8dfa-9759c554688c req-29efefcc-bbfe-4f3c-8dfa-9759c554688c ] Request (SecurityGroupRulesTestJSON:tearDownClass): 202 DELETE http://10.180.1.21/compute/v2.1/os-security-groups/ac8d4f01-293f-461c-9378-b09c581ee319 0.401s
2025-03-18 08:56:25.289 68534 INFO tempest.lib.common.rest_client [req-4fbc9945-858b-4c1b-bf30-7e38cdd5bc5f req-4fbc9945-858b-4c1b-bf30-7e38cdd5bc5f ] Request (AttachInterfacesV270Test:test_create_get_list_interfaces): 200 GET http://10.180.1.21/compute/v2.1/servers/7faccb18-35c1-4c02-9a01-f410755052f9 0.405s
2025-03-18 08:56:25.399 68520 INFO tempest.lib.common.rest_client [req-18f1ea2a-4d02-4fa7-a942-5775c8e0e7fd req-18f1ea2a-4d02-4fa7-a942-5775c8e0e7fd ] Request (SecurityGroupsTestJSON:test_security_groups_create_list_delete): 200 POST http://10.180.1.21/compute/v2.1/os-security-groups 0.454s
2025-03-18 08:56:25.500 68556 INFO tempest.lib.common.rest_client [req-c946f86f-390f-467e-987c-a9e2ea57197f req-c946f86f-390f-467e-987c-a9e2ea57197f ] Request (ServersTestMultiNic:_run_cleanups): 204 DELETE http://10.180.1.21:9696/networking/v2.0/networks/11af5638-a78e-4bf0-aab6-53b3151e9eca 0.511s
2025-03-18 08:56:25.515 68546 INFO tempest.lib.common.rest_client [req-ac552427-e346-4b6b-a82a-2ba10facfdde req-ac552427-e346-4b6b-a82a-2ba10facfdde ] Request (ServersListShow296Test:test_list_show_update_rebuild_server_296): 202 POST http://10.180.1.21/compute/v2.1/servers 0.519s
2025-03-18 08:56:25.569 68522 INFO tempest.lib.common.rest_client [req-a8e00024-1df8-4f0e-a076-427a92d49719 req-a8e00024-1df8-4f0e-a076-427a92d49719 ] Request (MigrationsAdminTest:test_list_migrations_in_flavor_resize_situation): 200 GET http://10.180.1.21/compute/v2.1/servers/e6481c67-cb8e-48a4-9749-fb060e70ffa4 0.544s
2025-03-18 08:56:25.573 68538 INFO tempest.lib.common.rest_client [req-7ab9bae8-236a-4500-902c-9c8f9e7bb04f req-7ab9bae8-236a-4500-902c-9c8f9e7bb04f ] Request (ServersAaction247Test:test_create_backup): 200 GET http://10.180.1.21/compute/v2.1/servers/112fe205-82ae-498b-82df-5ca6b5d13b59 0.465s
2025-03-18 08:56:25.627 68544 INFO tempest.lib.common.rest_client [req-e2f7951a-a360-4ab4-9a5c-8cab87268755 req-e2f7951a-a360-4ab4-9a5c-8cab87268755 ] Request (ImagesTestJSON:test_create_image_from_suspended_server): 200 GET http://10.180.1.21/compute/v2.1/servers/faed078e-05e1-49ca-a279-c6e9116a3a46 0.505s
2025-03-18 08:56:25.656 68556 INFO tempest.lib.common.rest_client [req-5f304de3-80d9-4881-89ec-000badde2382 req-5f304de3-80d9-4881-89ec-000badde2382 ] Request (ServersTestMultiNic:_run_cleanups): 204 DELETE http://10.180.1.21:9696/networking/v2.0/subnets/553c286f-3de3-4f60-b7a1-a9383496739e 0.156s
2025-03-18 08:56:25.685 68558 INFO tempest.lib.common.rest_client [req-0ceded74-43c8-472d-a76d-d09992eab194 req-0ceded74-43c8-472d-a76d-d09992eab194 ] Request (ServerActionsTestJSON:setUpClass): 200 GET http://10.180.1.21/compute/v2.1/servers/4bbb344e-11e3-48ad-ad1d-437222dbf06d 0.522s
2025-03-18 08:56:25.839 68548 INFO tempest.lib.common.rest_client [req-6319b4d1-b505-4b5c-b040-8674cd0a0f4a req-6319b4d1-b505-4b5c-b040-8674cd0a0f4a ] Request (SecurityGroupRulesTestJSON:tearDownClass): 202 DELETE http://10.180.1.21/compute/v2.1/os-security-groups/bec55ea0-28e3-495f-9402-9e79daea06a3 0.630s
2025-03-18 08:56:25.898 68564 INFO tempest.lib.common.rest_client [req-dee50021-9900-4d5e-9a56-69c35ac39389 req-dee50021-9900-4d5e-9a56-69c35ac39389 ] Request (ServersAdminTestJSON:test_inject_network_info): 200 GET http://10.180.1.21/compute/v2.1/servers/92a7e525-691d-4b2f-915f-89595543fe46 0.684s
2025-03-18 08:56:25.904 68556 INFO tempest.lib.common.rest_client [req-bc90f88f-16d6-42a5-a47c-e7d957f29514 req-bc90f88f-16d6-42a5-a47c-e7d957f29514 ] Request (ServersTestMultiNic:_run_cleanups): 204 DELETE http://10.180.1.21:9696/networking/v2.0/networks/63d61472-0fbd-4896-b663-bcbc369ecb08 0.247s
2025-03-18 08:56:25.978 68532 INFO tempest.lib.common.rest_client [req-94dea316-d2fb-43c5-a141-1a566d7fd70d req-94dea316-d2fb-43c5-a141-1a566d7fd70d ] Request (ServersAdmin275Test:tearDownClass): 200 GET http://10.180.1.21/compute/v2.1/servers/26efde6f-cfcd-4f89-9807-94e7622a0e96 0.728s
2025-03-18 08:56:26.014 68560 INFO tempest.lib.common.rest_client [req-5817d4b6-ce45-40cf-bce9-96e96604c09b req-5817d4b6-ce45-40cf-bce9-96e96604c09b ] Request (AttachInterfacesUnderV243Test:test_add_remove_fixed_ip): 202 POST http://10.180.1.21/compute/v2.1/servers 0.853s
2025-03-18 08:56:26.020 68556 INFO tempest.lib.common.rest_client [req-449f81f3-962d-4b8f-b758-feae7f717dfa req-449f81f3-962d-4b8f-b758-feae7f717dfa ] Request (ServersTestMultiNic:test_verify_multiple_nics_order): 201 POST http://10.180.1.21:9696/networking/v2.0/networks 0.114s
2025-03-18 08:56:26.034 68536 INFO tempest.lib.common.rest_client [req-7fb3b4c9-f22f-42c7-8a08-dc5eb8a2fbc3 req-7fb3b4c9-f22f-42c7-8a08-dc5eb8a2fbc3 ] Request (ServersAdminNegativeTestJSON:test_migrate_server_invalid_state): 200 GET http://10.180.1.21/compute/v2.1/servers/b63e221e-88cd-4b8c-88ca-c1cb8b7c6318 0.744s
2025-03-18 08:56:26.086 68516 INFO tempest.lib.common.rest_client [req-c87f9c64-141a-4f41-b240-45baf8b4f15f req-c87f9c64-141a-4f41-b240-45baf8b4f15f ] Request (ListServersNegativeTestJSON:setUpClass): 200 GET http://10.180.1.21/compute/v2.1/servers/002960bc-570e-4ed4-889f-5a476cc9471c 0.727s
2025-03-18 08:56:26.159 68552 INFO tempest.lib.common.rest_client [req-2a43a033-c2a7-44fd-94a4-7a67064bb2e8 req-2a43a033-c2a7-44fd-94a4-7a67064bb2e8 ] Request (ServerDiagnosticsTest:tearDownClass): 200 GET http://10.180.1.21/compute/v2.1/servers/fa531961-a1f6-4fc9-bc74-dc1693dbfd70 0.701s
2025-03-18 08:56:26.164 68520 INFO tempest.lib.common.rest_client [req-3d9a762a-0fdc-4723-907f-3b23cfacf8e8 req-3d9a762a-0fdc-4723-907f-3b23cfacf8e8 ] Request (SecurityGroupsTestJSON:test_security_groups_create_list_delete): 200 GET http://10.180.1.21/compute/v2.1/os-security-groups 0.757s
2025-03-18 08:56:26.219 68546 INFO tempest.lib.common.rest_client [req-1ff9a7e2-76b6-40c0-805c-e4ace97921e2 req-1ff9a7e2-76b6-40c0-805c-e4ace97921e2 ] Request (ServersListShow296Test:test_list_show_update_rebuild_server_296): 200 GET http://10.180.1.21/compute/v2.1/servers/daa314ca-8e53-4e19-af98-749c8c782876 0.702s
2025-03-18 08:56:26.232 68554 INFO tempest.lib.common.rest_client [req-31056171-123f-41a6-9432-17cb41750191 req-31056171-123f-41a6-9432-17cb41750191 ] Request (ListServerFiltersTestJSON:setUpClass): 200 GET http://10.180.1.21/compute/v2.1/servers/87daeab7-1a43-48d7-8adc-3baa04a1d099 0.699s
2025-03-18 08:56:26.281 68569 INFO tempest.lib.common.rest_client [req-2801e592-c966-4e72-8995-16c726984218 req-2801e592-c966-4e72-8995-16c726984218 ] Request (ServerGroupTestJSON:test_create_server_with_scheduler_hint_group): 200 GET http://10.180.1.21/compute/v2.1/servers/e6415680-4084-41ed-9cce-cae4c14919da 0.669s
2025-03-18 08:56:26.329 68556 INFO tempest.lib.common.rest_client [req-507a2cfc-a4cb-4a85-9992-141f850c5459 req-507a2cfc-a4cb-4a85-9992-141f850c5459 ] Request (ServersTestMultiNic:test_verify_multiple_nics_order): 201 POST http://10.180.1.21:9696/networking/v2.0/subnets 0.309s
2025-03-18 08:56:26.345 68543 INFO tempest.lib.common.rest_client [req-d3ad320f-06e3-4764-8e56-77f45c50f967 req-d3ad320f-06e3-4764-8e56-77f45c50f967 ] Request (ServerDiskConfigTestJSON:test_rebuild_server_with_auto_disk_config): 200 GET http://10.180.1.21/compute/v2.1/servers/5030d6f8-3dd0-4a1e-a5b7-547f52dc563b 0.653s
2025-03-18 08:56:26.377 68524 INFO tempest.lib.common.rest_client [req-2b07c5f7-b98d-43e4-ae21-e0fcf8aaa487 req-2b07c5f7-b98d-43e4-ae21-e0fcf8aaa487 ] Request (ImagesOneServerNegativeTestJSON:_run_cleanups): 200 GET http://10.180.1.21/compute/v2.1/servers/8e5aa82d-8c22-4b8e-9133-361bfe0b33c3 0.695s
2025-03-18 08:56:26.423 68540 INFO tempest.lib.common.rest_client [req-77ff4d3e-becf-4d79-842e-d09d0b60b9ce req-77ff4d3e-becf-4d79-842e-d09d0b60b9ce ] Request (ServerActionsV293TestJSON:setUpClass): 200 GET http://10.180.1.21/compute/v2.1/servers/9e2bfb4b-822d-4728-9a5b-a126fde49d45 0.630s
2025-03-18 08:56:26.439 68556 INFO tempest.lib.common.rest_client [req-254c89d6-4a2f-4d7d-8401-04e50c39b21b req-254c89d6-4a2f-4d7d-8401-04e50c39b21b ] Request (ServersTestMultiNic:test_verify_multiple_nics_order): 201 POST http://10.180.1.21:9696/networking/v2.0/networks 0.110s
2025-03-18 08:56:26.492 68574 INFO tempest.lib.common.rest_client [req-ff7db0b1-c02b-4d21-9304-4b2dd955b924 req-ff7db0b1-c02b-4d21-9304-4b2dd955b924 ] Request (ServersNegativeTestMultiTenantJSON:setUpClass): 200 GET http://10.180.1.21/compute/v2.1/servers/1b6ff85a-4b0e-49e6-a6bb-26ab474b4e97 0.631s
2025-03-18 08:56:26.554 68566 INFO tempest.lib.common.rest_client [req-6296589f-c3c9-4d17-a863-7d82eeab14f6 req-6296589f-c3c9-4d17-a863-7d82eeab14f6 ] Request (InstanceActionsNegativeTestJSON:setUpClass): 200 GET http://10.180.1.21/compute/v2.1/servers/6c0b1a50-ac65-424d-aa40-934135372423 0.631s
2025-03-18 08:56:26.567 68548 INFO tempest.lib.common.rest_client [req-c047efb3-79cd-4143-8945-5ec86e900ea3 req-c047efb3-79cd-4143-8945-5ec86e900ea3 ] Request (SecurityGroupRulesTestJSON:tearDownClass): 202 DELETE http://10.180.1.21/compute/v2.1/os-security-groups/997b586f-f82d-402c-9a78-efdbb57b0ea9 0.727s
2025-03-18 08:56:26.622 68518 INFO tempest.lib.common.rest_client [req-1bc52919-c11c-498a-a317-7950999d4a0d req-1bc52919-c11c-498a-a317-7950999d4a0d ] Request (ImagesNegativeTestJSON:test_create_image_from_deleted_server): 200 GET http://10.180.1.21/compute/v2.1/servers/8d737621-6a66-4c01-b11b-91073036750f 0.645s
2025-03-18 08:56:26.634 68560 INFO tempest.lib.common.rest_client [req-15c66023-7d7d-4a06-80f8-8bed53c8abaa req-15c66023-7d7d-4a06-80f8-8bed53c8abaa ] Request (AttachInterfacesUnderV243Test:test_add_remove_fixed_ip): 200 GET http://10.180.1.21/compute/v2.1/servers/e834d430-07da-48c1-9eb5-4884c24ba994 0.617s
2025-03-18 08:56:26.643 68556 INFO tempest.lib.common.rest_client [req-6e22f5f4-81c9-443f-bfcc-fde4e34ea3fc req-6e22f5f4-81c9-443f-bfcc-fde4e34ea3fc ] Request (ServersTestMultiNic:test_verify_multiple_nics_order): 201 POST http://10.180.1.21:9696/networking/v2.0/subnets 0.202s
2025-03-18 08:56:26.699 68576 INFO tempest.lib.common.rest_client [req-22df5b6a-e4be-4199-b62d-b00808a22132 req-22df5b6a-e4be-4199-b62d-b00808a22132 ] Request (DeleteServersAdminTestJSON:test_delete_server_while_in_error_state): 200 GET http://10.180.1.21/compute/v2.1/servers/b36e80dd-0344-4908-8a25-4d4dd07931c3 0.559s
2025-03-18 08:56:26.708 68576 INFO tempest.common.waiters [-] State transition "ERROR/deleting" ==> "DELETED/None" after 3 second wait
2025-03-18 08:56:26.718 68556 INFO tempest.lib.common.rest_client [req-adb650ce-b1d7-4d5d-b927-ce293bc4880b req-adb650ce-b1d7-4d5d-b927-ce293bc4880b ] Request (ServersTestMultiNic:test_verify_multiple_nics_order): 201 POST http://10.180.1.21/identity/v3/auth/tokens 0.071s
2025-03-18 08:56:26.719 68556 INFO tempest.lib.common.fixed_network [-] (ServersTestMultiNic:test_verify_multiple_nics_order) Found network {'id': 'd912cd68-f7ea-473b-a60f-320a4c8c595f', 'name': 'tempest-ServersTestMultiNic-543743242-network', 'tenant_id': 'b7530619713142eb9727991a6d05be6a', 'admin_state_up': True, 'mtu': 8950, 'status': 'ACTIVE', 'subnets': [], 'shared': False, 'project_id': 'b7530619713142eb9727991a6d05be6a', 'port_security_enabled': True, 'router:external': False, 'provider:network_type': 'vlan', 'provider:physical_network': 'default', 'provider:segmentation_id': 450, 'availability_zone_hints': [], 'availability_zones': [], 'ipv4_address_scope': None, 'ipv6_address_scope': None, 'description': '', 'tags': [], 'created_at': '2025-03-18T08:55:02Z', 'updated_at': '2025-03-18T08:55:02Z', 'revision_number': 1} available for tenant
2025-03-18 08:56:26.754 68520 INFO tempest.lib.common.rest_client [req-d7485c79-4f9a-4cf3-8e8a-30cbc4a9680e req-d7485c79-4f9a-4cf3-8e8a-30cbc4a9680e ] Request (SecurityGroupsTestJSON:test_security_groups_create_list_delete): 202 DELETE http://10.180.1.21/compute/v2.1/os-security-groups/7320051d-4b5c-4556-866b-816d1241de60 0.585s
2025-03-18 08:56:26.819 68534 INFO tempest.lib.common.rest_client [req-863a4f0c-7731-4c65-9bd3-38e541292a78 req-863a4f0c-7731-4c65-9bd3-38e541292a78 ] Request (AttachInterfacesV270Test:test_create_get_list_interfaces): 200 GET http://10.180.1.21/compute/v2.1/servers/7faccb18-35c1-4c02-9a01-f410755052f9 0.511s
2025-03-18 08:56:26.827 68534 INFO tempest.common.waiters [-] State transition "BUILD/spawning" ==> "ACTIVE/None" after 41 second wait
2025-03-18 08:56:26.903 68548 INFO tempest.lib.common.rest_client [req-32de3934-7816-4e96-a711-f26959a7af9f req-32de3934-7816-4e96-a711-f26959a7af9f ] Request (SecurityGroupRulesTestJSON:tearDownClass): 202 DELETE http://10.180.1.21/compute/v2.1/os-security-groups/84c4bd48-a365-4bd4-962c-b3a380aeaa3d 0.336s
2025-03-18 08:56:26.929 68522 INFO tempest.lib.common.rest_client [req-23cac843-77b5-4379-a181-75068e74d627 req-23cac843-77b5-4379-a181-75068e74d627 ] Request (MigrationsAdminTest:test_list_migrations_in_flavor_resize_situation): 200 GET http://10.180.1.21/compute/v2.1/servers/e6481c67-cb8e-48a4-9749-fb060e70ffa4 0.347s
2025-03-18 08:56:26.963 68538 INFO tempest.lib.common.rest_client [req-ff2c0802-0e80-4460-976f-900eabf2111f req-ff2c0802-0e80-4460-976f-900eabf2111f ] Request (ServersAaction247Test:test_create_backup): 200 GET http://10.180.1.21/compute/v2.1/servers/112fe205-82ae-498b-82df-5ca6b5d13b59 0.376s
2025-03-18 08:56:26.996 68544 INFO tempest.lib.common.rest_client [req-b5c2bd19-4f10-43a5-94ad-baf2785ebae8 req-b5c2bd19-4f10-43a5-94ad-baf2785ebae8 ] Request (ImagesTestJSON:test_create_image_from_suspended_server): 200 GET http://10.180.1.21/compute/v2.1/servers/faed078e-05e1-49ca-a279-c6e9116a3a46 0.360s
2025-03-18 08:56:27.026 68558 INFO tempest.lib.common.rest_client [req-929a1896-ec04-4add-a850-b5364c42e604 req-929a1896-ec04-4add-a850-b5364c42e604 ] Request (ServerActionsTestJSON:setUpClass): 200 GET http://10.180.1.21/compute/v2.1/servers/4bbb344e-11e3-48ad-ad1d-437222dbf06d 0.332s
2025-03-18 08:56:27.046 68520 INFO tempest.lib.common.rest_client [req-c903e647-340e-4011-86ad-6a9ddc3eda57 req-c903e647-340e-4011-86ad-6a9ddc3eda57 ] Request (SecurityGroupsTestJSON:test_security_groups_create_list_delete): 404 GET http://10.180.1.21/compute/v2.1/os-security-groups/7320051d-4b5c-4556-866b-816d1241de60 0.292s
2025-03-18 08:56:27.365 68556 INFO tempest.lib.common.rest_client [req-49fbbe1f-eca1-4952-ac59-14fb2d8f4a85 req-49fbbe1f-eca1-4952-ac59-14fb2d8f4a85 ] Request (ServersTestMultiNic:test_verify_multiple_nics_order): 202 POST http://10.180.1.21/compute/v2.1/servers 0.646s
2025-03-18 08:56:27.433 68564 INFO tempest.lib.common.rest_client [req-1bd5f17f-8b7c-47ac-860e-0fd7b5d7ff7c req-1bd5f17f-8b7c-47ac-860e-0fd7b5d7ff7c ] Request (ServersAdminTestJSON:test_inject_network_info): 200 GET http://10.180.1.21/compute/v2.1/servers/92a7e525-691d-4b2f-915f-89595543fe46 0.525s
2025-03-18 08:56:27.506 68532 INFO tempest.lib.common.rest_client [req-932c761b-b9b7-4f20-bd8e-431b71a5f02e req-932c761b-b9b7-4f20-bd8e-431b71a5f02e ] Request (ServersAdmin275Test:tearDownClass): 200 GET http://10.180.1.21/compute/v2.1/servers/26efde6f-cfcd-4f89-9807-94e7622a0e96 0.517s
2025-03-18 08:56:27.577 68536 INFO tempest.lib.common.rest_client [req-307afde5-9922-4c65-b26e-d5d3c8df4ab4 req-307afde5-9922-4c65-b26e-d5d3c8df4ab4 ] Request (ServersAdminNegativeTestJSON:test_migrate_server_invalid_state): 200 GET http://10.180.1.21/compute/v2.1/servers/b63e221e-88cd-4b8c-88ca-c1cb8b7c6318 0.534s
2025-03-18 08:56:27.608 68548 INFO tempest.lib.common.rest_client [req-a8a722a0-5fa9-4674-a06b-325536f5ffea req-a8a722a0-5fa9-4674-a06b-325536f5ffea ] Request (SecurityGroupRulesTestJSON:tearDownClass): 200 PUT http://10.180.1.21:9696/networking/v2.0/routers/6ddec2c1-d308-4946-9b17-8b901ba55b3f/remove_router_interface 0.704s
2025-03-18 08:56:27.679 68520 INFO tempest.lib.common.rest_client [req-6c2710e8-837f-47bd-9f4c-b3eb36b86c17 req-6c2710e8-837f-47bd-9f4c-b3eb36b86c17 ] Request (SecurityGroupsTestJSON:test_security_groups_create_list_delete): 202 DELETE http://10.180.1.21/compute/v2.1/os-security-groups/a8ff13ec-b20d-4b1b-84ab-09a241ff4bdc 0.633s
2025-03-18 08:56:27.729 68516 INFO tempest.lib.common.rest_client [req-e26363d6-bca2-4bae-9fb1-99ba161d4899 req-e26363d6-bca2-4bae-9fb1-99ba161d4899 ] Request (ListServersNegativeTestJSON:setUpClass): 200 GET http://10.180.1.21/compute/v2.1/servers/002960bc-570e-4ed4-889f-5a476cc9471c 0.625s
2025-03-18 08:56:27.784 68552 INFO tempest.lib.common.rest_client [req-1a46a51c-7e6e-47c1-a86b-c062e7fddacb req-1a46a51c-7e6e-47c1-a86b-c062e7fddacb ] Request (ServerDiagnosticsTest:tearDownClass): 200 GET http://10.180.1.21/compute/v2.1/servers/fa531961-a1f6-4fc9-bc74-dc1693dbfd70 0.614s
2025-03-18 08:56:27.838 68546 INFO tempest.lib.common.rest_client [req-e3b5c14a-3ef1-430f-bd30-e92c16a30716 req-e3b5c14a-3ef1-430f-bd30-e92c16a30716 ] Request (ServersListShow296Test:test_list_show_update_rebuild_server_296): 200 GET http://10.180.1.21/compute/v2.1/servers/daa314ca-8e53-4e19-af98-749c8c782876 0.608s
2025-03-18 08:56:27.887 68554 INFO tempest.lib.common.rest_client [req-c7587913-b3fc-4df4-a428-063531748631 req-c7587913-b3fc-4df4-a428-063531748631 ] Request (ListServerFiltersTestJSON:setUpClass): 200 GET http://10.180.1.21/compute/v2.1/servers/87daeab7-1a43-48d7-8adc-3baa04a1d099 0.638s
2025-03-18 08:56:27.929 68548 INFO tempest.lib.common.rest_client [req-17dd2acf-f8ed-465b-9e07-2e59bbd50d77 req-17dd2acf-f8ed-465b-9e07-2e59bbd50d77 ] Request (SecurityGroupRulesTestJSON:tearDownClass): 204 DELETE http://10.180.1.21:9696/networking/v2.0/routers/6ddec2c1-d308-4946-9b17-8b901ba55b3f 0.321s
2025-03-18 08:56:27.932 68569 INFO tempest.lib.common.rest_client [req-f36b9a04-be7e-40d2-9fce-9efa6f069216 req-f36b9a04-be7e-40d2-9fce-9efa6f069216 ] Request (ServerGroupTestJSON:test_create_server_with_scheduler_hint_group): 200 GET http://10.180.1.21/compute/v2.1/servers/e6415680-4084-41ed-9cce-cae4c14919da 0.642s
2025-03-18 08:56:27.993 68543 INFO tempest.lib.common.rest_client [req-2804c216-2b19-47cb-aded-89e633e4d457 req-2804c216-2b19-47cb-aded-89e633e4d457 ] Request (ServerDiskConfigTestJSON:test_rebuild_server_with_auto_disk_config): 200 GET http://10.180.1.21/compute/v2.1/servers/5030d6f8-3dd0-4a1e-a5b7-547f52dc563b 0.638s
2025-03-18 08:56:28.053 68556 INFO tempest.lib.common.rest_client [req-03e3aae0-2a79-41c6-a189-42acf333f1d7 req-03e3aae0-2a79-41c6-a189-42acf333f1d7 ] Request (ServersTestMultiNic:test_verify_multiple_nics_order): 200 GET http://10.180.1.21/compute/v2.1/servers/084f19f1-db26-4524-b863-f9a4e968888c 0.685s
2025-03-18 08:56:28.110 68524 INFO tempest.lib.common.rest_client [req-421a3b72-95c1-4142-8764-97749bbba54f req-421a3b72-95c1-4142-8764-97749bbba54f ] Request (ImagesOneServerNegativeTestJSON:_run_cleanups): 200 GET http://10.180.1.21/compute/v2.1/servers/8e5aa82d-8c22-4b8e-9133-361bfe0b33c3 0.721s
2025-03-18 08:56:28.116 68524 INFO tempest.common.waiters [-] State transition "ACTIVE/deleting" ==> "DELETED/None" after 4 second wait
2025-03-18 08:56:28.141 68548 INFO tempest.lib.common.rest_client [req-3c825999-3da2-443e-96b0-ced0ad589c06 req-3c825999-3da2-443e-96b0-ced0ad589c06 ] Request (SecurityGroupRulesTestJSON:tearDownClass): 204 DELETE http://10.180.1.21:9696/networking/v2.0/subnets/877a57e7-f6b5-4982-b69d-1483d7fb22e7 0.212s
2025-03-18 08:56:28.176 68540 INFO tempest.lib.common.rest_client [req-87ce13ef-d85a-459d-b2ac-f28f4723455a req-87ce13ef-d85a-459d-b2ac-f28f4723455a ] Request (ServerActionsV293TestJSON:setUpClass): 200 GET http://10.180.1.21/compute/v2.1/servers/9e2bfb4b-822d-4728-9a5b-a126fde49d45 0.743s
2025-03-18 08:56:28.239 68574 INFO tempest.lib.common.rest_client [req-32b30a8c-2531-4623-9dc2-9c7c8ab6f002 req-32b30a8c-2531-4623-9dc2-9c7c8ab6f002 ] Request (ServersNegativeTestMultiTenantJSON:setUpClass): 200 GET http://10.180.1.21/compute/v2.1/servers/1b6ff85a-4b0e-49e6-a6bb-26ab474b4e97 0.736s
2025-03-18 08:56:28.296 68566 INFO tempest.lib.common.rest_client [req-16ea57dd-2b1b-4831-bff4-69c17c1225bb req-16ea57dd-2b1b-4831-bff4-69c17c1225bb ] Request (InstanceActionsNegativeTestJSON:setUpClass): 200 GET http://10.180.1.21/compute/v2.1/servers/6c0b1a50-ac65-424d-aa40-934135372423 0.731s
2025-03-18 08:56:28.383 68518 INFO tempest.lib.common.rest_client [req-61c7d9c6-65e7-4cb2-a029-ce69a5f68deb req-61c7d9c6-65e7-4cb2-a029-ce69a5f68deb ] Request (ImagesNegativeTestJSON:test_create_image_from_deleted_server): 200 GET http://10.180.1.21/compute/v2.1/servers/8d737621-6a66-4c01-b11b-91073036750f 0.752s
2025-03-18 08:56:28.408 68548 INFO tempest.lib.common.rest_client [req-2da55bd7-221b-488c-b6b4-670da2de11ec req-2da55bd7-221b-488c-b6b4-670da2de11ec ] Request (SecurityGroupRulesTestJSON:tearDownClass): 204 DELETE http://10.180.1.21:9696/networking/v2.0/networks/2264fdf3-6c67-4ff9-b36b-8a51e3898f3d 0.266s
2025-03-18 08:56:28.443 68560 INFO tempest.lib.common.rest_client [req-c58e6729-1682-4303-94ab-7e7898e187f7 req-c58e6729-1682-4303-94ab-7e7898e187f7 ] Request (AttachInterfacesUnderV243Test:test_add_remove_fixed_ip): 200 GET http://10.180.1.21/compute/v2.1/servers/e834d430-07da-48c1-9eb5-4884c24ba994 0.797s
2025-03-18 08:56:28.461 68520 INFO tempest.lib.common.rest_client [req-befd0e9e-3666-4613-bc6a-4c219d19ffa0 req-befd0e9e-3666-4613-bc6a-4c219d19ffa0 ] Request (SecurityGroupsTestJSON:test_security_groups_create_list_delete): 404 GET http://10.180.1.21/compute/v2.1/os-security-groups/a8ff13ec-b20d-4b1b-84ab-09a241ff4bdc 0.781s
2025-03-18 08:56:28.524 68548 INFO tempest.lib.common.rest_client [req-630ba82d-ffd9-4b59-95ff-9634c5673af7 req-630ba82d-ffd9-4b59-95ff-9634c5673af7 ] Request (SecurityGroupRulesTestJSON:tearDownClass): 204 DELETE http://10.180.1.21/identity/v3/users/21505774cf274688b5394b23f4288a8a 0.116s
2025-03-18 08:56:28.524 68548 INFO tempest.lib.common.dynamic_creds [-] Deleting project and security group for project: 8740e299bb8b4749bd94ec0d21839cf1
2025-03-18 08:56:28.526 68576 INFO tempest.lib.common.rest_client [req-0349ce3c-05ac-4613-94a5-d61549d125ad req-0349ce3c-05ac-4613-94a5-d61549d125ad ] Request (DeleteServersAdminTestJSON:test_delete_server_while_in_error_state): 200 GET http://10.180.1.21/compute/v2.1/servers/b36e80dd-0344-4908-8a25-4d4dd07931c3 0.817s
2025-03-18 08:56:28.552 68548 INFO tempest.lib.common.rest_client [req-91856a84-5cb3-4969-b0df-115fec960d18 req-91856a84-5cb3-4969-b0df-115fec960d18 ] Request (SecurityGroupRulesTestJSON:tearDownClass): 200 GET http://10.180.1.21:9696/networking/v2.0/security-groups?tenant_id=8740e299bb8b4749bd94ec0d21839cf1&name=default 0.027s
2025-03-18 08:56:28.620 68522 INFO tempest.lib.common.rest_client [req-51e7a85c-5dfd-4d08-86f6-7fcf0d475bb9 req-51e7a85c-5dfd-4d08-86f6-7fcf0d475bb9 ] Request (MigrationsAdminTest:test_list_migrations_in_flavor_resize_situation): 200 GET http://10.180.1.21/compute/v2.1/servers/e6481c67-cb8e-48a4-9749-fb060e70ffa4 0.682s
2025-03-18 08:56:28.633 68548 INFO tempest.lib.common.rest_client [req-f61e9ce0-60f1-427c-b5f7-f7b9b6c80874 req-f61e9ce0-60f1-427c-b5f7-f7b9b6c80874 ] Request (SecurityGroupRulesTestJSON:tearDownClass): 204 DELETE http://10.180.1.21:9696/networking/v2.0/security-groups/3f6e4ecd-86aa-4342-a107-05e4f625f29e 0.080s
2025-03-18 08:56:28.675 68538 INFO tempest.lib.common.rest_client [req-f659fb86-28bf-41fe-8c2d-e69e3eccc1b4 req-f659fb86-28bf-41fe-8c2d-e69e3eccc1b4 ] Request (ServersAaction247Test:test_create_backup): 200 GET http://10.180.1.21/compute/v2.1/servers/112fe205-82ae-498b-82df-5ca6b5d13b59 0.698s
2025-03-18 08:56:28.715 68548 INFO tempest.lib.common.rest_client [req-4c1a69b0-016b-49f9-afd2-eedb6cd9086d req-4c1a69b0-016b-49f9-afd2-eedb6cd9086d ] Request (SecurityGroupRulesTestJSON:tearDownClass): 204 DELETE http://10.180.1.21/identity/v3/projects/8740e299bb8b4749bd94ec0d21839cf1 0.082s
2025-03-18 08:56:28.727 68544 INFO tempest.lib.common.rest_client [req-7ea8734e-53e7-4832-85ee-d9760902eb1e req-7ea8734e-53e7-4832-85ee-d9760902eb1e ] Request (ImagesTestJSON:test_create_image_from_suspended_server): 200 GET http://10.180.1.21/compute/v2.1/servers/faed078e-05e1-49ca-a279-c6e9116a3a46 0.718s
2025-03-18 08:56:28.777 68548 INFO tempest.lib.common.rest_client [req-a569ddff-ee85-4173-9158-3944cb9647ed req-a569ddff-ee85-4173-9158-3944cb9647ed ] Request (ServerMetadataNegativeTestJSON:setUpClass): 201 POST http://10.180.1.21/identity/v3/auth/tokens 0.061s
2025-03-18 08:56:28.783 68558 INFO tempest.lib.common.rest_client [req-d694e6e1-d64e-44bf-9269-0ba84864dca4 req-d694e6e1-d64e-44bf-9269-0ba84864dca4 ] Request (ServerActionsTestJSON:setUpClass): 200 GET http://10.180.1.21/compute/v2.1/servers/4bbb344e-11e3-48ad-ad1d-437222dbf06d 0.746s
2025-03-18 08:56:28.790 68558 INFO tempest.common.waiters [-] State transition "BUILD/scheduling" ==> "BUILD/None" after 17 second wait
2025-03-18 08:56:28.805 68548 INFO tempest.lib.common.rest_client [req-0379a002-ef0e-4d8d-ad1d-c75a0ce43ed1 req-0379a002-ef0e-4d8d-ad1d-c75a0ce43ed1 ] Request (ServerMetadataNegativeTestJSON:setUpClass): 201 POST http://10.180.1.21/identity/v3/auth/tokens 0.025s
2025-03-18 08:56:28.826 68548 INFO tempest.lib.common.rest_client [req-3930b8ee-ceaa-4c01-8c87-000220d5d901 req-3930b8ee-ceaa-4c01-8c87-000220d5d901 ] Request (ServerMetadataNegativeTestJSON:setUpClass): 200 GET http://10.180.1.21/identity/v3/domains?name=Default 0.021s
2025-03-18 08:56:28.832 68564 INFO tempest.lib.common.rest_client [req-a3d98fe6-ba5e-4dee-9204-25b9ae648412 req-a3d98fe6-ba5e-4dee-9204-25b9ae648412 ] Request (ServersAdminTestJSON:test_inject_network_info): 200 GET http://10.180.1.21/compute/v2.1/servers/92a7e525-691d-4b2f-915f-89595543fe46 0.390s
2025-03-18 08:56:28.853 68548 INFO tempest.lib.common.rest_client [req-c1f79bc7-0138-4f47-8192-e2f5f95056be req-c1f79bc7-0138-4f47-8192-e2f5f95056be ] Request (ServerMetadataNegativeTestJSON:setUpClass): 201 POST http://10.180.1.21/identity/v3/projects 0.026s
2025-03-18 08:56:28.907 68548 INFO tempest.lib.common.rest_client [req-31ca61ec-e8e0-4d4e-922a-dcc872c34b23 req-31ca61ec-e8e0-4d4e-922a-dcc872c34b23 ] Request (ServerMetadataNegativeTestJSON:setUpClass): 201 POST http://10.180.1.21/identity/v3/users 0.054s
2025-03-18 08:56:28.929 68548 INFO tempest.lib.common.rest_client [req-2a4311e2-9cc8-41e0-8cba-b19bc13f17ee req-2a4311e2-9cc8-41e0-8cba-b19bc13f17ee ] Request (ServerMetadataNegativeTestJSON:setUpClass): 200 GET http://10.180.1.21/identity/v3/roles 0.021s
2025-03-18 08:56:28.954 68520 INFO tempest.lib.common.rest_client [req-6626f78a-0a7e-42a4-b2af-0a912749bb26 req-6626f78a-0a7e-42a4-b2af-0a912749bb26 ] Request (SecurityGroupsTestJSON:test_security_groups_create_list_delete): 202 DELETE http://10.180.1.21/compute/v2.1/os-security-groups/236e171c-54c4-437d-881f-46558bd31141 0.493s
2025-03-18 08:56:28.958 68548 INFO tempest.lib.common.rest_client [req-edbac782-5144-4507-8ad7-bae5d2c75b36 req-edbac782-5144-4507-8ad7-bae5d2c75b36 ] Request (ServerMetadataNegativeTestJSON:setUpClass): 204 PUT http://10.180.1.21/identity/v3/projects/523fe6e2a92f49f6b7dee61737288f24/users/bdf4a94086b14fec9384d90b167b7ed0/roles/2d99c22cb3064247b90da6b605583005 0.029s
2025-03-18 08:56:28.958 68548 INFO tempest.lib.common.dynamic_creds [-] Dynamic test user bdf4a94086b14fec9384d90b167b7ed0 is created with scope project and roles: ['member']
2025-03-18 08:56:28.958 68548 INFO tempest.lib.common.dynamic_creds [-] Acquired dynamic creds: credentials: Credentials: {'domain_id': 'default', 'domain_name': 'Default', 'username': 'tempest-ServerMetadataNegativeTestJSON-822485904-project-member', 'project_domain_id': 'default', 'project_domain_name': 'Default', 'project_id': '523fe6e2a92f49f6b7dee61737288f24', 'project_name': 'tempest-ServerMetadataNegativeTestJSON-822485904', 'tenant_id': '523fe6e2a92f49f6b7dee61737288f24', 'tenant_name': 'tempest-ServerMetadataNegativeTestJSON-822485904', 'user_domain_id': 'default', 'user_domain_name': 'Default', 'user_id': 'bdf4a94086b14fec9384d90b167b7ed0', 'system': None}, Network: None, Subnet: None, Router: None
2025-03-18 08:56:29.030 68548 INFO tempest.lib.common.rest_client [req-5da68e24-e947-4c1b-aef2-4bef914275a3 req-5da68e24-e947-4c1b-aef2-4bef914275a3 ] Request (ServerMetadataNegativeTestJSON:setUpClass): 201 POST http://10.180.1.21/identity/v3/auth/tokens 0.071s
2025-03-18 08:56:29.062 68562 WARNING tempest.lib.common.ssh [-] Failed to establish authenticated ssh connection to cirros@10.180.180.225 ([Errno None] Unable to connect to port 22 on 10.180.180.225). Number attempts: 7. Retry after 8 seconds.: paramiko.ssh_exception.NoValidConnectionsError: [Errno None] Unable to connect to port 22 on 10.180.180.225
2025-03-18 08:56:29.241 68532 INFO tempest.lib.common.rest_client [req-19aaf8eb-b971-4fa0-a64a-0748b50080e0 req-19aaf8eb-b971-4fa0-a64a-0748b50080e0 ] Request (ServersAdmin275Test:tearDownClass): 200 GET http://10.180.1.21/compute/v2.1/servers/26efde6f-cfcd-4f89-9807-94e7622a0e96 0.724s
2025-03-18 08:56:29.282 68548 INFO tempest.lib.common.rest_client [req-dc575d8c-69fb-462c-8bb3-1fcd5996201c req-dc575d8c-69fb-462c-8bb3-1fcd5996201c ] Request (ServerMetadataNegativeTestJSON:setUpClass): 201 POST http://10.180.1.21:9696/networking/v2.0/networks 0.251s
2025-03-18 08:56:29.309 68536 INFO tempest.lib.common.rest_client [req-5d737554-be8f-4ae3-af4a-618100b02675 req-5d737554-be8f-4ae3-af4a-618100b02675 ] Request (ServersAdminNegativeTestJSON:test_migrate_server_invalid_state): 200 GET http://10.180.1.21/compute/v2.1/servers/b63e221e-88cd-4b8c-88ca-c1cb8b7c6318 0.723s
2025-03-18 08:56:29.379 68516 INFO tempest.lib.common.rest_client [req-f9aa2633-0151-4610-9df9-d73408357c11 req-f9aa2633-0151-4610-9df9-d73408357c11 ] Request (ListServersNegativeTestJSON:setUpClass): 200 GET http://10.180.1.21/compute/v2.1/servers/002960bc-570e-4ed4-889f-5a476cc9471c 0.642s
2025-03-18 08:56:29.470 68552 INFO tempest.lib.common.rest_client [req-22942ec2-eb1d-4c3c-83d9-c9aa3370e3ec req-22942ec2-eb1d-4c3c-83d9-c9aa3370e3ec ] Request (ServerDiagnosticsTest:tearDownClass): 200 GET http://10.180.1.21/compute/v2.1/servers/fa531961-a1f6-4fc9-bc74-dc1693dbfd70 0.679s
2025-03-18 08:56:29.504 68548 INFO tempest.lib.common.rest_client [req-a11bd474-497c-4297-8fb5-feca6c7649c5 req-a11bd474-497c-4297-8fb5-feca6c7649c5 ] Request (ServerMetadataNegativeTestJSON:setUpClass): 201 POST http://10.180.1.21:9696/networking/v2.0/subnets 0.221s
2025-03-18 08:56:29.556 68546 INFO tempest.lib.common.rest_client [req-5b70179b-520a-40bd-9ea8-a0513a6ef8f0 req-5b70179b-520a-40bd-9ea8-a0513a6ef8f0 ] Request (ServersListShow296Test:test_list_show_update_rebuild_server_296): 200 GET http://10.180.1.21/compute/v2.1/servers/daa314ca-8e53-4e19-af98-749c8c782876 0.705s
2025-03-18 08:56:29.734 68554 INFO tempest.lib.common.rest_client [req-a9cf99c2-145d-4033-bd78-b4699646b57a req-a9cf99c2-145d-4033-bd78-b4699646b57a ] Request (ListServerFiltersTestJSON:setUpClass): 200 GET http://10.180.1.21/compute/v2.1/servers/87daeab7-1a43-48d7-8adc-3baa04a1d099 0.838s
2025-03-18 08:56:29.741 68554 INFO tempest.common.waiters [-] State transition "BUILD/None" ==> "BUILD/block_device_mapping" after 43 second wait
2025-03-18 08:56:29.801 68569 INFO tempest.lib.common.rest_client [req-e2fa955a-d8ca-4e64-8291-d8613c7239a0 req-e2fa955a-d8ca-4e64-8291-d8613c7239a0 ] Request (ServerGroupTestJSON:test_create_server_with_scheduler_hint_group): 200 GET http://10.180.1.21/compute/v2.1/servers/e6415680-4084-41ed-9cce-cae4c14919da 0.861s
2025-03-18 08:56:29.827 68520 INFO tempest.lib.common.rest_client [req-9f756a4e-7a0a-4683-82d2-79a2b312e2ea req-9f756a4e-7a0a-4683-82d2-79a2b312e2ea ] Request (SecurityGroupsTestJSON:test_security_groups_create_list_delete): 404 GET http://10.180.1.21/compute/v2.1/os-security-groups/236e171c-54c4-437d-881f-46558bd31141 0.872s
2025-03-18 08:56:29.887 68543 INFO tempest.lib.common.rest_client [req-e5a33a2e-3571-4808-b35b-0d7da10f4581 req-e5a33a2e-3571-4808-b35b-0d7da10f4581 ] Request (ServerDiskConfigTestJSON:test_rebuild_server_with_auto_disk_config): 200 GET http://10.180.1.21/compute/v2.1/servers/5030d6f8-3dd0-4a1e-a5b7-547f52dc563b 0.884s
2025-03-18 08:56:29.947 68556 INFO tempest.lib.common.rest_client [req-35244685-89ff-4c04-9195-87796c48dd61 req-35244685-89ff-4c04-9195-87796c48dd61 ] Request (ServersTestMultiNic:test_verify_multiple_nics_order): 200 GET http://10.180.1.21/compute/v2.1/servers/084f19f1-db26-4524-b863-f9a4e968888c 0.886s
2025-03-18 08:56:30.012 68524 INFO tempest.lib.common.rest_client [req-5b68ed43-6b8a-42d6-92a5-7ccd6d73dbcb req-5b68ed43-6b8a-42d6-92a5-7ccd6d73dbcb ] Request (ImagesOneServerNegativeTestJSON:_run_cleanups): 200 GET http://10.180.1.21/compute/v2.1/servers/8e5aa82d-8c22-4b8e-9133-361bfe0b33c3 0.895s
2025-03-18 08:56:30.078 68540 INFO tempest.lib.common.rest_client [req-8f68af81-e206-4269-9216-1010349b4290 req-8f68af81-e206-4269-9216-1010349b4290 ] Request (ServerActionsV293TestJSON:setUpClass): 200 GET http://10.180.1.21/compute/v2.1/servers/9e2bfb4b-822d-4728-9a5b-a126fde49d45 0.891s
2025-03-18 08:56:30.101 68534 INFO tempest.lib.common.rest_client [req-96718fc6-4971-49ed-8f05-86b266479720 req-96718fc6-4971-49ed-8f05-86b266479720 ] Request (AttachInterfacesV270Test:test_create_get_list_interfaces): 400 POST http://10.180.1.21/compute/v2.1/servers/7faccb18-35c1-4c02-9a01-f410755052f9/os-interface 3.273s
2025-03-18 08:56:30.136 68574 INFO tempest.lib.common.rest_client [req-1e945bb8-7522-4629-8d6b-731c067fa8ee req-1e945bb8-7522-4629-8d6b-731c067fa8ee ] Request (ServersNegativeTestMultiTenantJSON:setUpClass): 200 GET http://10.180.1.21/compute/v2.1/servers/1b6ff85a-4b0e-49e6-a6bb-26ab474b4e97 0.884s
2025-03-18 08:56:30.150 68526 WARNING tempest.lib.common.ssh [-] Failed to establish authenticated ssh connection to cirros@10.180.180.146 ([Errno None] Unable to connect to port 22 on 10.180.180.146). Number attempts: 3. Retry after 4 seconds.: paramiko.ssh_exception.NoValidConnectionsError: [Errno None] Unable to connect to port 22 on 10.180.180.146
