2025-03-18 08:55:20.862 68526 INFO tempest.lib.common.rest_client [req-24c19539-f1a2-432a-b87f-9fd884c670d2 req-24c19539-f1a2-432a-b87f-9fd884c670d2 ] Request (ServersTestJSON:setUpClass): 201 POST http://10.180.1.21:9696/networking/v2.0/routers 1.997s
2025-03-18 08:55:20.889 68552 INFO tempest.lib.common.rest_client [req-edf0a8aa-6c5a-4090-b156-a1083a7acfb7 req-edf0a8aa-6c5a-4090-b156-a1083a7acfb7 ] Request (QuotasAdminNegativeTest:tearDownClass): 200 GET http://10.180.1.21:9696/networking/v2.0/security-groups?tenant_id=350be6c180a74aeca9f11553c52ef4bc&name=default 0.435s
2025-03-18 08:55:20.921 68574 INFO tempest.lib.common.rest_client [req-c74a63cc-d667-4e71-85ea-07e94d97c36e req-c74a63cc-d667-4e71-85ea-07e94d97c36e ] Request (FloatingIPsNegativeTestJSON:test_allocate_floating_ip_from_nonexistent_pool): 404 POST http://10.180.1.21/compute/v2.1/os-floating-ips 2.803s
2025-03-18 08:55:20.934 68516 INFO tempest.lib.common.rest_client [req-e53c9f92-bc35-4572-a283-37f8ff5c0447 req-e53c9f92-bc35-4572-a283-37f8ff5c0447 ] Request (QuotaClassesAdmin257Test:setUpClass): 201 POST http://10.180.1.21/identity/v3/auth/tokens 0.080s
2025-03-18 08:55:20.958 68540 INFO tempest.lib.common.rest_client [req-03e0af1d-5d48-424c-b697-480cc2930ce2 req-03e0af1d-5d48-424c-b697-480cc2930ce2 ] Request (ImagesMetadataTestJSON:test_delete_image_metadata_item): 200 GET http://10.180.1.21/compute/v2.1/images/461104d6-caed-4917-953f-ba9ddd6f8fe1/metadata 2.582s
2025-03-18 08:55:21.024 68516 INFO tempest.lib.common.rest_client [req-aaeee47a-f8fd-4301-8979-7072602b0849 req-aaeee47a-f8fd-4301-8979-7072602b0849 ] Request (QuotaClassesAdmin257Test:setUpClass): 201 POST http://10.180.1.21/identity/v3/projects 0.089s
2025-03-18 08:55:21.088 68560 INFO tempest.lib.common.rest_client [req-63b5ea76-590d-4333-b945-e0abf4d0e465 req-63b5ea76-590d-4333-b945-e0abf4d0e465 ] Request (FloatingIPsAssociationNegativeTestJSON:test_associate_ip_to_server_with_floating_ip): 200 POST http://10.180.1.21/compute/v2.1/os-floating-ips 4.387s
2025-03-18 08:55:21.091 68516 INFO tempest.lib.common.rest_client [req-51867ba2-1812-466c-b0ad-de51f448c653 req-51867ba2-1812-466c-b0ad-de51f448c653 ] Request (QuotaClassesAdmin257Test:setUpClass): 201 POST http://10.180.1.21/identity/v3/users 0.067s
2025-03-18 08:55:21.113 68516 INFO tempest.lib.common.rest_client [req-7ed68304-c59d-4355-93c7-cec6508f4059 req-7ed68304-c59d-4355-93c7-cec6508f4059 ] Request (QuotaClassesAdmin257Test:setUpClass): 200 GET http://10.180.1.21/identity/v3/roles 0.021s
2025-03-18 08:55:21.148 68516 INFO tempest.lib.common.rest_client [req-36d5c1c7-f2a5-4610-ad9f-77a16a88098f req-36d5c1c7-f2a5-4610-ad9f-77a16a88098f ] Request (QuotaClassesAdmin257Test:setUpClass): 204 PUT http://10.180.1.21/identity/v3/projects/5d491074eabe48f289da9af345a2cfa1/users/da59da3b8df14f218f9efa03d7e1fca1/roles/a10b52f484a949e2b4857b1571f4801e 0.034s
2025-03-18 08:55:21.161 68552 INFO tempest.lib.common.rest_client [req-a7b47fc0-cce3-4c4b-b10e-0d0beb043b67 req-a7b47fc0-cce3-4c4b-b10e-0d0beb043b67 ] Request (QuotasAdminNegativeTest:tearDownClass): 204 DELETE http://10.180.1.21:9696/networking/v2.0/security-groups/a13117bf-d806-4cf7-a7bc-2924d39bf658 0.272s
2025-03-18 08:55:21.171 68562 INFO tempest.lib.common.rest_client [req-66688596-7f66-45c8-95b5-674bbd123a81 req-66688596-7f66-45c8-95b5-674bbd123a81 ] Request (VolumesAssistedSnapshotsTest:test_volume_assisted_snapshot_create_delete): 200 GET http://10.180.1.21/compute/v2.1/servers/b65a2734-9ebf-4730-bc75-bffaa1621091 2.729s
2025-03-18 08:55:21.202 68538 INFO tempest.lib.common.rest_client [req-5bdc96da-1e6f-4624-b756-5fad86df6ab4 req-5bdc96da-1e6f-4624-b756-5fad86df6ab4 ] Request (FlavorsAccessNegativeTestJSON:_run_cleanups): 200 GET http://10.180.1.21/compute/v2.1/flavors/detail 2.750s
2025-03-18 08:55:21.203 68566 INFO tempest.lib.common.rest_client [req-79fdbe26-280b-4d87-99ff-2e3e6696ac16 req-79fdbe26-280b-4d87-99ff-2e3e6696ac16 ] Request (QuotasAdminTestJSON:test_delete_quota): 200 PUT http://10.180.1.21/compute/v2.1/os-quota-sets/3a2ddeb8480243e6bca2877081011da2 2.782s
2025-03-18 08:55:21.209 68524 INFO tempest.lib.common.rest_client [req-ad9c4b58-3bbd-442e-94c0-cd0489c5c786 req-ad9c4b58-3bbd-442e-94c0-cd0489c5c786 ] Request (ImagesOneServerNegativeTestJSON:setUpClass): 201 POST http://10.180.1.21:9696/networking/v2.0/subnets 0.696s
2025-03-18 08:55:21.248 68572 INFO tempest.lib.common.rest_client [req-90aec702-39e3-43f8-9b33-06211b6d7aa1 req-90aec702-39e3-43f8-9b33-06211b6d7aa1 ] Request (KeyPairsV2TestJSON:test_keypairs_create_list_delete): 200 POST http://10.180.1.21/compute/v2.1/os-keypairs 2.763s
2025-03-18 08:55:21.249 68516 INFO tempest.lib.common.rest_client [req-0a69789d-20c8-4af4-b552-46b15e59ab7d req-0a69789d-20c8-4af4-b552-46b15e59ab7d ] Request (QuotaClassesAdmin257Test:setUpClass): 200 GET http://10.180.1.21/identity/v3/roles 0.101s
2025-03-18 08:55:21.269 68516 INFO tempest.lib.common.rest_client [req-8434b92c-2d43-44fb-90a8-a0c609ca929f req-8434b92c-2d43-44fb-90a8-a0c609ca929f ] Request (QuotaClassesAdmin257Test:setUpClass): 204 PUT http://10.180.1.21/identity/v3/projects/5d491074eabe48f289da9af345a2cfa1/users/da59da3b8df14f218f9efa03d7e1fca1/roles/a10b52f484a949e2b4857b1571f4801e 0.020s
2025-03-18 08:55:21.269 68516 INFO tempest.lib.common.dynamic_creds [-] Dynamic test user da59da3b8df14f218f9efa03d7e1fca1 is created with scope project and roles: ['admin']
2025-03-18 08:55:21.269 68516 INFO tempest.lib.common.dynamic_creds [-] Acquired dynamic creds: credentials: Credentials: {'domain_id': 'default', 'domain_name': 'Default', 'username': 'tempest-QuotaClassesAdmin257Test-27809158-project-admin', 'project_domain_id': 'default', 'project_domain_name': 'Default', 'project_id': '5d491074eabe48f289da9af345a2cfa1', 'project_name': 'tempest-QuotaClassesAdmin257Test-27809158', 'tenant_id': '5d491074eabe48f289da9af345a2cfa1', 'tenant_name': 'tempest-QuotaClassesAdmin257Test-27809158', 'user_domain_id': 'default', 'user_domain_name': 'Default', 'user_id': 'da59da3b8df14f218f9efa03d7e1fca1', 'system': None}, Network: None, Subnet: None, Router: None
2025-03-18 08:55:21.269 68516 INFO tempest.lib.common.dynamic_creds [-] Created isolated network resources for: credentials: Credentials: {'domain_id': 'default', 'domain_name': 'Default', 'username': 'tempest-QuotaClassesAdmin257Test-27809158-project-admin', 'project_domain_id': 'default', 'project_domain_name': 'Default', 'project_id': '5d491074eabe48f289da9af345a2cfa1', 'project_name': 'tempest-QuotaClassesAdmin257Test-27809158', 'tenant_id': '5d491074eabe48f289da9af345a2cfa1', 'tenant_name': 'tempest-QuotaClassesAdmin257Test-27809158', 'user_domain_id': 'default', 'user_domain_name': 'Default', 'user_id': 'da59da3b8df14f218f9efa03d7e1fca1', 'system': None}, Network: None, Subnet: None, Router: None
2025-03-18 08:55:21.289 68552 INFO tempest.lib.common.rest_client [req-c7b957e5-f836-41d0-8966-dd28aa60724a req-c7b957e5-f836-41d0-8966-dd28aa60724a ] Request (QuotasAdminNegativeTest:tearDownClass): 204 DELETE http://10.180.1.21/identity/v3/projects/350be6c180a74aeca9f11553c52ef4bc 0.128s
2025-03-18 08:55:21.344 68550 INFO tempest.lib.common.rest_client [req-547c8b78-bc25-4e97-8ab5-830e4e2e769e req-547c8b78-bc25-4e97-8ab5-830e4e2e769e ] Request (ServersWithSpecificFlavorTestJSON:test_verify_created_server_ephemeral_disk): 200 GET http://10.180.1.21/compute/v2.1/servers/0d5a26e6-dbfd-4baf-800a-46df79939a9e 2.762s
2025-03-18 08:55:21.372 68516 INFO tempest.lib.common.rest_client [req-03624774-7dd2-4636-8197-b89ee342b043 req-03624774-7dd2-4636-8197-b89ee342b043 ] Request (QuotaClassesAdmin257Test:setUpClass): 201 POST http://10.180.1.21/identity/v3/auth/tokens 0.100s
2025-03-18 08:55:21.409 68534 INFO tempest.lib.common.rest_client [req-4315a833-8d40-4065-8525-faa7ce94e7f3 req-4315a833-8d40-4065-8525-faa7ce94e7f3 ] Request (SecurityGroupsNegativeTestJSON:test_delete_nonexistent_security_group): 404 DELETE http://10.180.1.21/compute/v2.1/os-security-groups/0c668668-4cc7-427b-a15d-1a43f4190429 2.349s
2025-03-18 08:55:21.429 68552 INFO tempest.lib.common.rest_client [req-9ef0a79b-bf0d-44aa-b6a4-7f659a2bd909 req-9ef0a79b-bf0d-44aa-b6a4-7f659a2bd909 ] Request (ServerDiagnosticsTest:setUpClass): 201 POST http://10.180.1.21/identity/v3/auth/tokens 0.138s
2025-03-18 08:55:21.464 68552 INFO tempest.lib.common.rest_client [req-a12e423e-51ff-4dbf-9419-3befbb6ff0e7 req-a12e423e-51ff-4dbf-9419-3befbb6ff0e7 ] Request (ServerDiagnosticsTest:setUpClass): 201 POST http://10.180.1.21/identity/v3/auth/tokens 0.033s
2025-03-18 08:55:21.491 68552 INFO tempest.lib.common.rest_client [req-d0a10ae8-d312-4fb2-8ff3-c6a3de47d6e5 req-d0a10ae8-d312-4fb2-8ff3-c6a3de47d6e5 ] Request (ServerDiagnosticsTest:setUpClass): 200 GET http://10.180.1.21/identity/v3/domains?name=Default 0.027s
2025-03-18 08:55:21.521 68552 INFO tempest.lib.common.rest_client [req-059a0a8c-e88e-4441-bc91-658aa2b3be56 req-059a0a8c-e88e-4441-bc91-658aa2b3be56 ] Request (ServerDiagnosticsTest:setUpClass): 201 POST http://10.180.1.21/identity/v3/projects 0.030s
2025-03-18 08:55:21.585 68552 INFO tempest.lib.common.rest_client [req-aef93cde-f6aa-49a4-9b04-e52194c81e1d req-aef93cde-f6aa-49a4-9b04-e52194c81e1d ] Request (ServerDiagnosticsTest:setUpClass): 201 POST http://10.180.1.21/identity/v3/users 0.063s
2025-03-18 08:55:21.610 68552 INFO tempest.lib.common.rest_client [req-cc584c8a-8294-4585-8b76-03a6c51d5869 req-cc584c8a-8294-4585-8b76-03a6c51d5869 ] Request (ServerDiagnosticsTest:setUpClass): 200 GET http://10.180.1.21/identity/v3/roles 0.024s
2025-03-18 08:55:21.623 68564 INFO tempest.lib.common.rest_client [req-934c91a8-4d24-4b45-9f73-0ac2d30b71ee req-934c91a8-4d24-4b45-9f73-0ac2d30b71ee ] Request (ServersAdminTestJSON:setUpClass): 200 GET http://10.180.1.21/compute/v2.1/servers/3399c49e-5663-46a8-8135-7f0f70f00028 2.465s
2025-03-18 08:55:21.641 68552 INFO tempest.lib.common.rest_client [req-bdbe28c9-de8a-4601-bce8-1830c48bc3a9 req-bdbe28c9-de8a-4601-bce8-1830c48bc3a9 ] Request (ServerDiagnosticsTest:setUpClass): 204 PUT http://10.180.1.21/identity/v3/projects/d3577701654c4965a83f9ce20fa5d054/users/fac5f278fdff41a1a7ec8a8dc87f1559/roles/2d99c22cb3064247b90da6b605583005 0.031s
2025-03-18 08:55:21.641 68552 INFO tempest.lib.common.dynamic_creds [-] Dynamic test user fac5f278fdff41a1a7ec8a8dc87f1559 is created with scope project and roles: ['member']
2025-03-18 08:55:21.642 68552 INFO tempest.lib.common.dynamic_creds [-] Acquired dynamic creds: credentials: Credentials: {'domain_id': 'default', 'domain_name': 'Default', 'username': 'tempest-ServerDiagnosticsTest-1502075202-project-member', 'project_domain_id': 'default', 'project_domain_name': 'Default', 'project_id': 'd3577701654c4965a83f9ce20fa5d054', 'project_name': 'tempest-ServerDiagnosticsTest-1502075202', 'tenant_id': 'd3577701654c4965a83f9ce20fa5d054', 'tenant_name': 'tempest-ServerDiagnosticsTest-1502075202', 'user_domain_id': 'default', 'user_domain_name': 'Default', 'user_id': 'fac5f278fdff41a1a7ec8a8dc87f1559', 'system': None}, Network: None, Subnet: None, Router: None
2025-03-18 08:55:21.642 68552 INFO tempest.lib.common.dynamic_creds [-] Created isolated network resources for: credentials: Credentials: {'domain_id': 'default', 'domain_name': 'Default', 'username': 'tempest-ServerDiagnosticsTest-1502075202-project-member', 'project_domain_id': 'default', 'project_domain_name': 'Default', 'project_id': 'd3577701654c4965a83f9ce20fa5d054', 'project_name': 'tempest-ServerDiagnosticsTest-1502075202', 'tenant_id': 'd3577701654c4965a83f9ce20fa5d054', 'tenant_name': 'tempest-ServerDiagnosticsTest-1502075202', 'user_domain_id': 'default', 'user_domain_name': 'Default', 'user_id': 'fac5f278fdff41a1a7ec8a8dc87f1559', 'system': None}, Network: None, Subnet: None, Router: None
2025-03-18 08:55:21.736 68552 INFO tempest.lib.common.rest_client [req-ab4b7b59-94d5-401e-9671-2099743fbc0b req-ab4b7b59-94d5-401e-9671-2099743fbc0b ] Request (ServerDiagnosticsTest:setUpClass): 201 POST http://10.180.1.21/identity/v3/auth/tokens 0.087s
2025-03-18 08:55:21.806 68552 INFO tempest.lib.common.rest_client [req-50904c8f-1c48-43eb-bea8-7fb58501a36f req-50904c8f-1c48-43eb-bea8-7fb58501a36f ] Request (ServerDiagnosticsTest:setUpClass): 201 POST http://10.180.1.21/identity/v3/projects 0.069s
2025-03-18 08:55:21.864 68552 INFO tempest.lib.common.rest_client [req-3a67c218-e4e8-473d-a7fa-285d89a21f25 req-3a67c218-e4e8-473d-a7fa-285d89a21f25 ] Request (ServerDiagnosticsTest:setUpClass): 201 POST http://10.180.1.21/identity/v3/users 0.057s
2025-03-18 08:55:21.878 68578 INFO tempest.lib.common.rest_client [req-a4c01bf5-8dbd-4802-8883-45cb967ae0db req-a4c01bf5-8dbd-4802-8883-45cb967ae0db ] Request (ServersV294TestFqdnHostnames:setUpClass): 201 POST http://10.180.1.21:9696/networking/v2.0/floatingips 1.373s
2025-03-18 08:55:21.885 68552 INFO tempest.lib.common.rest_client [req-014726ce-a5be-443f-96e4-d7e7866207db req-014726ce-a5be-443f-96e4-d7e7866207db ] Request (ServerDiagnosticsTest:setUpClass): 200 GET http://10.180.1.21/identity/v3/roles 0.020s
2025-03-18 08:55:21.921 68552 INFO tempest.lib.common.rest_client [req-0b439637-b69c-4431-a100-338f23eaaa9c req-0b439637-b69c-4431-a100-338f23eaaa9c ] Request (ServerDiagnosticsTest:setUpClass): 204 PUT http://10.180.1.21/identity/v3/projects/468986990896420abec15d9043fd8164/users/5a22bbdd7c784f8b91b2208098bb4270/roles/a10b52f484a949e2b4857b1571f4801e 0.035s
2025-03-18 08:55:21.953 68578 INFO tempest.lib.common.rest_client [req-75a087c3-6fe1-4d86-8bcd-1f5cce02cbc4 req-75a087c3-6fe1-4d86-8bcd-1f5cce02cbc4 ] Request (ServersV294TestFqdnHostnames:setUpClass): 201 POST http://10.180.1.21/identity/v3/auth/tokens 0.069s
2025-03-18 08:55:21.954 68578 INFO tempest.lib.common.fixed_network [-] (ServersV294TestFqdnHostnames:setUpClass) Found network {'id': 'dae9c6a6-d53b-4036-8eaf-ea7ad33806e2', 'name': 'tempest-ServersV294TestFqdnHostnames-442128270-network', 'tenant_id': '0ba99daf6517467dabc8ac87eca60879', 'admin_state_up': True, 'mtu': 8950, 'status': 'ACTIVE', 'subnets': [], 'shared': False, 'project_id': '0ba99daf6517467dabc8ac87eca60879', 'port_security_enabled': True, 'router:external': False, 'provider:network_type': 'vlan', 'provider:physical_network': 'default', 'provider:segmentation_id': 602, 'availability_zone_hints': [], 'availability_zones': [], 'ipv4_address_scope': None, 'ipv6_address_scope': None, 'description': '', 'tags': [], 'created_at': '2025-03-18T08:55:08Z', 'updated_at': '2025-03-18T08:55:08Z', 'revision_number': 1} available for tenant
2025-03-18 08:55:21.979 68552 INFO tempest.lib.common.rest_client [req-a0f0a88e-8d53-4249-b16a-b80d86161945 req-a0f0a88e-8d53-4249-b16a-b80d86161945 ] Request (ServerDiagnosticsTest:setUpClass): 200 GET http://10.180.1.21/identity/v3/roles 0.057s
2025-03-18 08:55:22.000 68552 INFO tempest.lib.common.rest_client [req-c889c0f0-6f95-48fb-8974-a440db634097 req-c889c0f0-6f95-48fb-8974-a440db634097 ] Request (ServerDiagnosticsTest:setUpClass): 204 PUT http://10.180.1.21/identity/v3/projects/468986990896420abec15d9043fd8164/users/5a22bbdd7c784f8b91b2208098bb4270/roles/a10b52f484a949e2b4857b1571f4801e 0.019s
2025-03-18 08:55:22.000 68552 INFO tempest.lib.common.dynamic_creds [-] Dynamic test user 5a22bbdd7c784f8b91b2208098bb4270 is created with scope project and roles: ['admin']
2025-03-18 08:55:22.000 68552 INFO tempest.lib.common.dynamic_creds [-] Acquired dynamic creds: credentials: Credentials: {'domain_id': 'default', 'domain_name': 'Default', 'username': 'tempest-ServerDiagnosticsTest-863090435-project-admin', 'project_domain_id': 'default', 'project_domain_name': 'Default', 'project_id': '468986990896420abec15d9043fd8164', 'project_name': 'tempest-ServerDiagnosticsTest-863090435', 'tenant_id': '468986990896420abec15d9043fd8164', 'tenant_name': 'tempest-ServerDiagnosticsTest-863090435', 'user_domain_id': 'default', 'user_domain_name': 'Default', 'user_id': '5a22bbdd7c784f8b91b2208098bb4270', 'system': None}, Network: None, Subnet: None, Router: None
2025-03-18 08:55:22.001 68552 INFO tempest.lib.common.dynamic_creds [-] Created isolated network resources for: credentials: Credentials: {'domain_id': 'default', 'domain_name': 'Default', 'username': 'tempest-ServerDiagnosticsTest-863090435-project-admin', 'project_domain_id': 'default', 'project_domain_name': 'Default', 'project_id': '468986990896420abec15d9043fd8164', 'project_name': 'tempest-ServerDiagnosticsTest-863090435', 'tenant_id': '468986990896420abec15d9043fd8164', 'tenant_name': 'tempest-ServerDiagnosticsTest-863090435', 'user_domain_id': 'default', 'user_domain_name': 'Default', 'user_id': '5a22bbdd7c784f8b91b2208098bb4270', 'system': None}, Network: None, Subnet: None, Router: None
2025-03-18 08:55:22.075 68552 INFO tempest.lib.common.rest_client [req-3a411f35-ab12-4442-8750-f6c3fbc778e5 req-3a411f35-ab12-4442-8750-f6c3fbc778e5 ] Request (ServerDiagnosticsTest:setUpClass): 201 POST http://10.180.1.21/identity/v3/auth/tokens 0.071s
2025-03-18 08:55:22.142 68552 INFO tempest.lib.common.rest_client [req-00003fa5-3278-4000-80b0-171087e898c4 req-00003fa5-3278-4000-80b0-171087e898c4 ] Request (ServerDiagnosticsTest:test_get_server_diagnostics): 201 POST http://10.180.1.21/identity/v3/auth/tokens 0.058s
2025-03-18 08:55:22.143 68552 INFO tempest.lib.common.fixed_network [-] (ServerDiagnosticsTest:test_get_server_diagnostics) Found network None available for tenant
2025-03-18 08:55:22.199 68530 INFO tempest.lib.common.rest_client [req-57a434d1-2b41-48f4-8226-6e5166cb59e6 req-57a434d1-2b41-48f4-8226-6e5166cb59e6 ] Request (VolumesAdminNegativeTest:test_update_attached_volume_with_nonexistent_volume_in_body): 200 GET http://10.180.1.21/compute/v2.1/servers/e7cfb8f9-facb-4c79-a98c-dbd84cd54c20 2.432s
2025-03-18 08:55:22.203 68554 INFO tempest.lib.common.rest_client [req-bab3b5e6-5e65-4be3-941d-45ec7eb43123 req-bab3b5e6-5e65-4be3-941d-45ec7eb43123 ] Request (HypervisorAdminNegativeTestJSON:test_get_hypervisor_stats_with_non_admin_user): 403 GET http://10.180.1.21/compute/v2.1/os-hypervisors/statistics 2.413s
2025-03-18 08:55:22.213 68530 INFO tempest.common.waiters [-] State transition "BUILD/spawning" ==> "ACTIVE/None" after 23 second wait
2025-03-18 08:55:22.507 68569 INFO tempest.lib.common.rest_client [req-c62629e0-8d4a-4ade-abbd-6ce006969150 req-c62629e0-8d4a-4ade-abbd-6ce006969150 ] Request (ServerGroupTestJSON:setUpClass): 201 POST http://10.180.1.21:9696/networking/v2.0/routers 1.961s
2025-03-18 08:55:22.524 68546 INFO tempest.lib.common.rest_client [req-8e6646ad-f2a0-4b37-9576-bb56ca4cf2d4 req-8e6646ad-f2a0-4b37-9576-bb56ca4cf2d4 ] Request (ServerRescueTestJSONUnderV235:setUpClass): 200 GET http://10.180.1.21/compute/v2.1/servers/21b5ba2f-3b5e-485a-a59c-6626f8b4be36 2.600s
2025-03-18 08:55:22.617 68544 INFO tempest.lib.common.rest_client [req-fc76be11-09ee-4200-9e55-be358ee7207f req-fc76be11-09ee-4200-9e55-be358ee7207f ] Request (ImagesTestJSON:test_create_image_from_stopped_server): 202 POST http://10.180.1.21/compute/v2.1/servers 3.296s
2025-03-18 08:55:22.984 68524 INFO tempest.lib.common.rest_client [req-f8d04dc4-e2cd-4741-950d-306bd2d75404 req-f8d04dc4-e2cd-4741-950d-306bd2d75404 ] Request (ImagesOneServerNegativeTestJSON:setUpClass): 201 POST http://10.180.1.21:9696/networking/v2.0/routers 1.774s
2025-03-18 08:55:23.061 68543 INFO tempest.lib.common.rest_client [req-d52be563-9e7d-44e1-9a08-81331bc048b1 req-d52be563-9e7d-44e1-9a08-81331bc048b1 ] Request (TenantUsagesTestJSON:setUpClass): 200 GET http://10.180.1.21/compute/v2.1/servers/1a83858e-331a-4b23-8ef3-393c123d155b 2.976s
2025-03-18 08:55:23.063 68576 INFO tempest.lib.common.rest_client [req-f4113db5-611e-4f06-aebd-8d0204b55636 req-f4113db5-611e-4f06-aebd-8d0204b55636 ] Request (DeleteServersAdminTestJSON:test_admin_delete_servers_of_others): 200 GET http://10.180.1.21/compute/v2.1/servers/e4908ba5-34c1-4386-a4ed-d1454f741a13 3.027s
2025-03-18 08:55:23.071 68543 INFO tempest.common.waiters [-] State transition "BUILD/None" ==> "BUILD/spawning" after 17 second wait
2025-03-18 08:55:23.090 68558 INFO tempest.lib.common.rest_client [req-69069191-c22a-4e60-9dff-001fb7b9f022 req-69069191-c22a-4e60-9dff-001fb7b9f022 ] Request (AggregatesAdminNegativeTestJSON:test_aggregate_create_with_existent_aggregate_name): 200 POST http://10.180.1.21/compute/v2.1/os-aggregates 2.846s
2025-03-18 08:55:23.120 68520 INFO tempest.lib.common.rest_client [req-10f9762c-3383-4a05-9f2f-dc66080ca780 req-10f9762c-3383-4a05-9f2f-dc66080ca780 ] Request (HostsAdminNegativeTestJSON:test_update_nonexistent_host): 404 PUT http://10.180.1.21/compute/v2.1/os-hosts/nonexistent_hostname 2.868s
2025-03-18 08:55:23.159 68548 INFO tempest.lib.common.rest_client [req-b6b6e2dd-7c3f-4aa8-9c71-47498f7bf2a5 req-b6b6e2dd-7c3f-4aa8-9c71-47498f7bf2a5 ] Request (FlavorsAdminTestJSON:_run_cleanups): 200 GET http://10.180.1.21/compute/v2.1/flavors/detail 2.883s
2025-03-18 08:55:23.232 68570 INFO tempest.lib.common.rest_client [req-810c8a46-b9be-4a96-9876-e32436639e93 req-810c8a46-b9be-4a96-9876-e32436639e93 ] Request (ServerExternalEventsTest:tearDownClass): 204 DELETE http://10.180.1.21/compute/v2.1/servers/46f9a4a5-b9a1-43a3-96d4-ada3222b82f9 2.994s
2025-03-18 08:55:23.262 68556 INFO tempest.lib.common.rest_client [req-7cfb95cb-b774-440c-ab14-0abdeba7ea5a req-7cfb95cb-b774-440c-ab14-0abdeba7ea5a ] Request (ServersTestMultiNic:test_verify_duplicate_network_nics): 200 GET http://10.180.1.21/compute/v2.1/servers/3443ca21-8dbf-4c50-9028-c1989ec04399 2.865s
2025-03-18 08:55:23.349 68520 INFO tempest.lib.common.rest_client [req-90cebdbd-671d-47e9-b251-38c00f9dd61e req-90cebdbd-671d-47e9-b251-38c00f9dd61e ] Request (HostsAdminNegativeTestJSON:tearDownClass): 204 DELETE http://10.180.1.21/identity/v3/users/017ad178ce8547f08cf086fcaf9f0f39 0.226s
2025-03-18 08:55:23.387 68536 INFO tempest.lib.common.rest_client [req-1abf037b-0873-41e1-ad46-89267af7b01a req-1abf037b-0873-41e1-ad46-89267af7b01a ] Request (ServersAdminNegativeTestJSON:setUpClass): 200 GET http://10.180.1.21/compute/v2.1/servers/56ee06de-74a2-447a-860c-307ab88a8eeb 2.594s
2025-03-18 08:55:23.399 68536 INFO tempest.common.waiters [-] State transition "BUILD/scheduling" ==> "BUILD/None" after 11 second wait
2025-03-18 08:55:23.467 68574 INFO tempest.lib.common.rest_client [req-db339968-cfba-44df-b8a8-94619f1f3a90 req-db339968-cfba-44df-b8a8-94619f1f3a90 ] Request (FloatingIPsNegativeTestJSON:test_delete_nonexistent_floating_ip): 404 DELETE http://10.180.1.21/compute/v2.1/os-floating-ips/544a74bf-3d31-4a73-8a20-76ad8d3b2bca 2.540s
2025-03-18 08:55:23.498 68520 INFO tempest.lib.common.rest_client [req-0ac1fe5c-e7a6-43ff-bab9-8b1ac7c1aaa8 req-0ac1fe5c-e7a6-43ff-bab9-8b1ac7c1aaa8 ] Request (HostsAdminNegativeTestJSON:tearDownClass): 204 DELETE http://10.180.1.21/identity/v3/users/64b3472a65f046439a33f5a00ace98b4 0.149s
2025-03-18 08:55:23.498 68520 INFO tempest.lib.common.dynamic_creds [-] Deleting project and security group for project: 0763aea5f4de486991690cc8d217cbb3
2025-03-18 08:55:23.534 68522 INFO tempest.lib.common.rest_client [req-7bb4f887-65f5-47be-bb45-cba8bf95dc4d req-7bb4f887-65f5-47be-bb45-cba8bf95dc4d ] Request (MigrationsAdminTest:test_list_migrations_in_flavor_resize_situation): 200 GET http://10.180.1.21/compute/v2.1/servers/e6481c67-cb8e-48a4-9749-fb060e70ffa4 2.827s
2025-03-18 08:55:23.543 68522 INFO tempest.common.waiters [-] State transition "BUILD/spawning" ==> "ACTIVE/None" after 27 second wait
2025-03-18 08:55:23.585 68520 INFO tempest.lib.common.rest_client [req-4e68c2c2-de55-47b6-a153-ac428d55d659 req-4e68c2c2-de55-47b6-a153-ac428d55d659 ] Request (HostsAdminNegativeTestJSON:tearDownClass): 201 POST http://10.180.1.21/identity/v3/auth/tokens 0.087s
2025-03-18 08:55:23.751 68540 INFO tempest.lib.common.rest_client [req-b2c7a261-8e42-4ac6-9f0d-0779eb7dbd95 req-b2c7a261-8e42-4ac6-9f0d-0779eb7dbd95 ] Request (ImagesMetadataTestJSON:setUp): 200 PUT http://10.180.1.21/compute/v2.1/images/461104d6-caed-4917-953f-ba9ddd6f8fe1/metadata 2.791s
2025-03-18 08:55:24.088 68532 INFO tempest.lib.common.rest_client [req-40171b2f-1364-4307-8fbf-168496983316 req-40171b2f-1364-4307-8fbf-168496983316 ] Request (ServersAdmin275Test:test_rebuild_update_server_275): 200 GET http://10.180.1.21/compute/v2.1/servers/26efde6f-cfcd-4f89-9807-94e7622a0e96 2.946s
2025-03-18 08:55:24.107 68566 INFO tempest.lib.common.rest_client [req-41a63130-fdb6-4c17-82d4-48fa233637ea req-41a63130-fdb6-4c17-82d4-48fa233637ea ] Request (QuotasAdminTestJSON:test_delete_quota): 202 DELETE http://10.180.1.21/compute/v2.1/os-quota-sets/3a2ddeb8480243e6bca2877081011da2 2.902s
2025-03-18 08:55:24.132 68538 INFO tempest.lib.common.rest_client [req-021c7b55-17ec-468f-9230-345e5534a7c4 req-021c7b55-17ec-468f-9230-345e5534a7c4 ] Request (FlavorsAccessNegativeTestJSON:test_flavor_non_admin_remove): 200 POST http://10.180.1.21/compute/v2.1/flavors 2.920s
2025-03-18 08:55:24.144 68572 INFO tempest.lib.common.rest_client [req-10aef39f-ebb1-4bf8-b9d7-14310411ed01 req-10aef39f-ebb1-4bf8-b9d7-14310411ed01 ] Request (KeyPairsV2TestJSON:test_keypairs_create_list_delete): 200 GET http://10.180.1.21/compute/v2.1/os-keypairs 2.891s
2025-03-18 08:55:24.149 68534 INFO tempest.lib.common.rest_client [req-71d990c3-21e2-4f2f-bc41-d39d9224a6fd req-71d990c3-21e2-4f2f-bc41-d39d9224a6fd ] Request (SecurityGroupsNegativeTestJSON:test_delete_security_group_without_passing_id): 404 DELETE http://10.180.1.21/compute/v2.1/os-security-groups/ 2.738s
2025-03-18 08:55:24.180 68520 INFO tempest.lib.common.rest_client [req-7d6649ff-52b3-4e7d-9992-8a89cd337951 req-7d6649ff-52b3-4e7d-9992-8a89cd337951 ] Request (HostsAdminNegativeTestJSON:tearDownClass): 200 GET http://10.180.1.21:9696/networking/v2.0/security-groups?tenant_id=0763aea5f4de486991690cc8d217cbb3&name=default 0.594s
2025-03-18 08:55:24.469 68518 INFO tempest.lib.common.rest_client [req-b237750b-1e84-4478-845a-1578dda98893 req-b237750b-1e84-4478-845a-1578dda98893 ] Request (ServerDiagnosticsNegativeTest:test_get_server_diagnostics_by_non_admin): 200 GET http://10.180.1.21/compute/v2.1/servers/0c277809-2917-4d44-accf-5d128570d8c4 2.861s
2025-03-18 08:55:24.691 68520 INFO tempest.lib.common.rest_client [req-9f9aa1b3-cb45-4e75-9afb-ae082becde45 req-9f9aa1b3-cb45-4e75-9afb-ae082becde45 ] Request (HostsAdminNegativeTestJSON:tearDownClass): 204 DELETE http://10.180.1.21:9696/networking/v2.0/security-groups/111e3c0f-66c3-4810-ab5b-c22092e44cd8 0.511s
2025-03-18 08:55:24.724 68526 INFO tempest.lib.common.rest_client [req-0d647b61-7341-41ce-bf2e-3a6ed05eeb55 req-0d647b61-7341-41ce-bf2e-3a6ed05eeb55 ] Request (ServersTestJSON:setUpClass): 200 PUT http://10.180.1.21:9696/networking/v2.0/routers/e54f66b3-357f-4ce4-8565-9a3c78e8ee1c/add_router_interface 3.859s
2025-03-18 08:55:24.724 68526 INFO tempest.lib.common.dynamic_creds [-] Created isolated network resources for: credentials: Credentials: {'domain_id': 'default', 'domain_name': 'Default', 'username': 'tempest-ServersTestJSON-114039571-project-member', 'project_domain_id': 'default', 'project_domain_name': 'Default', 'project_id': '607f5b3459f44d2f9f6a031691f49a0a', 'project_name': 'tempest-ServersTestJSON-114039571', 'tenant_id': '607f5b3459f44d2f9f6a031691f49a0a', 'tenant_name': 'tempest-ServersTestJSON-114039571', 'user_domain_id': 'default', 'user_domain_name': 'Default', 'user_id': 'fc389e9c9ce345bd9498fa1ce42d9b53', 'system': None}, Network: {'id': '358ed924-aeb8-4f16-b806-0f4f32af79f7', 'name': 'tempest-ServersTestJSON-1947285100-network', 'tenant_id': '607f5b3459f44d2f9f6a031691f49a0a', 'admin_state_up': True, 'mtu': 8950, 'status': 'ACTIVE', 'subnets': [], 'shared': False, 'project_id': '607f5b3459f44d2f9f6a031691f49a0a', 'port_security_enabled': True, 'router:external': False, 'provider:network_type': 'vlan', 'provider:physical_network': 'default', 'provider:segmentation_id': 72, 'availability_zone_hints': [], 'availability_zones': [], 'ipv4_address_scope': None, 'ipv6_address_scope': None, 'description': '', 'tags': [], 'created_at': '2025-03-18T08:55:18Z', 'updated_at': '2025-03-18T08:55:18Z', 'revision_number': 1}, Subnet: {'id': '80444f13-b39f-46d1-be58-e47ff9b09cb6', 'name': 'tempest-ServersTestJSON-1947285100-subnet', 'tenant_id': '607f5b3459f44d2f9f6a031691f49a0a', 'network_id': '358ed924-aeb8-4f16-b806-0f4f32af79f7', 'ip_version': 4, 'subnetpool_id': None, 'enable_dhcp': True, 'ipv6_ra_mode': None, 'ipv6_address_mode': None, 'gateway_ip': '192.168.128.1', 'cidr': '192.168.128.0/28', 'allocation_pools': [{'start': '192.168.128.2', 'end': '192.168.128.14'}], 'host_routes': [], 'dns_nameservers': [], 'description': '', 'router:external': False, 'service_types': [], 'tags': [], 'created_at': '2025-03-18T08:55:18Z', 'updated_at': '2025-03-18T08:55:18Z', 'revision_number': 0, 'project_id': '607f5b3459f44d2f9f6a031691f49a0a'}, Router: {'id': 'e54f66b3-357f-4ce4-8565-9a3c78e8ee1c', 'name': 'tempest-ServersTestJSON-1947285100-router', 'tenant_id': '607f5b3459f44d2f9f6a031691f49a0a', 'admin_state_up': True, 'status': 'ACTIVE', 'external_gateway_info': {'network_id': '450df520-7ce6-4357-94a6-c9800d0fe452', 'external_fixed_ips': [{'subnet_id': 'a9b9645b-bbc0-4566-971d-2ce8edde904a', 'ip_address': '10.180.180.241'}], 'enable_snat': True}, 'description': '', 'availability_zones': [], 'distributed': False, 'ha': False, 'availability_zone_hints': [], 'routes': [], 'flavor_id': None, 'tags': [], 'created_at': '2025-03-18T08:55:18Z', 'updated_at': '2025-03-18T08:55:19Z', 'revision_number': 2, 'project_id': '607f5b3459f44d2f9f6a031691f49a0a'}
2025-03-18 08:55:24.795 68520 INFO tempest.lib.common.rest_client [req-9df7e5e7-5352-4c58-b342-3d1fe2e1b83b req-9df7e5e7-5352-4c58-b342-3d1fe2e1b83b ] Request (HostsAdminNegativeTestJSON:tearDownClass): 204 DELETE http://10.180.1.21/identity/v3/projects/0763aea5f4de486991690cc8d217cbb3 0.103s
2025-03-18 08:55:24.795 68520 INFO tempest.lib.common.dynamic_creds [-] Deleting project and security group for project: 95281a0e971340719f40c478740f3397
2025-03-18 08:55:24.825 68526 INFO tempest.lib.common.rest_client [req-6be64784-f12a-4c22-a3f4-6748cf7eedce req-6be64784-f12a-4c22-a3f4-6748cf7eedce ] Request (ServersTestJSON:setUpClass): 201 POST http://10.180.1.21/identity/v3/auth/tokens 0.095s
2025-03-18 08:55:24.912 68528 INFO tempest.lib.common.rest_client [req-c4ae8383-b524-40bb-a3a6-edcb85834b1e req-c4ae8383-b524-40bb-a3a6-edcb85834b1e ] Request (AttachInterfacesTestJSON:test_create_list_show_delete_interfaces_by_fixed_ip): 200 GET http://10.180.1.21/compute/v2.1/servers/a9204581-7d78-46e0-8b74-5da309b58fa4 3.044s
2025-03-18 08:55:25.062 68520 INFO tempest.lib.common.rest_client [req-ce9394de-312d-414a-a89a-6da47bbe260a req-ce9394de-312d-414a-a89a-6da47bbe260a ] Request (HostsAdminNegativeTestJSON:tearDownClass): 200 GET http://10.180.1.21:9696/networking/v2.0/security-groups?tenant_id=95281a0e971340719f40c478740f3397&name=default 0.267s
2025-03-18 08:55:25.297 68524 INFO tempest.lib.common.rest_client [req-d109e202-efe9-44ae-b238-0292b957ec95 req-d109e202-efe9-44ae-b238-0292b957ec95 ] Request (ImagesOneServerNegativeTestJSON:setUpClass): 200 PUT http://10.180.1.21:9696/networking/v2.0/routers/88127f14-b06a-44f5-aa95-d472ea56ee1e/add_router_interface 2.313s
2025-03-18 08:55:25.298 68524 INFO tempest.lib.common.dynamic_creds [-] Created isolated network resources for: credentials: Credentials: {'domain_id': 'default', 'domain_name': 'Default', 'username': 'tempest-ImagesOneServerNegativeTestJSON-1304072162-project-member', 'project_domain_id': 'default', 'project_domain_name': 'Default', 'project_id': '75f78afbbe5b4ef8a21023346071b8e6', 'project_name': 'tempest-ImagesOneServerNegativeTestJSON-1304072162', 'tenant_id': '75f78afbbe5b4ef8a21023346071b8e6', 'tenant_name': 'tempest-ImagesOneServerNegativeTestJSON-1304072162', 'user_domain_id': 'default', 'user_domain_name': 'Default', 'user_id': '0e0895cbed614a14b4ddcfc36eea3598', 'system': None}, Network: {'id': '047ab88f-59d3-49d7-a3df-88aa3481e909', 'name': 'tempest-ImagesOneServerNegativeTestJSON-1397756758-network', 'tenant_id': '75f78afbbe5b4ef8a21023346071b8e6', 'admin_state_up': True, 'mtu': 8950, 'status': 'ACTIVE', 'subnets': [], 'shared': False, 'project_id': '75f78afbbe5b4ef8a21023346071b8e6', 'port_security_enabled': True, 'router:external': False, 'provider:network_type': 'vlan', 'provider:physical_network': 'default', 'provider:segmentation_id': 400, 'availability_zone_hints': [], 'availability_zones': [], 'ipv4_address_scope': None, 'ipv6_address_scope': None, 'description': '', 'tags': [], 'created_at': '2025-03-18T08:55:20Z', 'updated_at': '2025-03-18T08:55:20Z', 'revision_number': 1}, Subnet: {'id': 'd82929d1-c855-4415-abda-65013b43b656', 'name': 'tempest-ImagesOneServerNegativeTestJSON-1397756758-subnet', 'tenant_id': '75f78afbbe5b4ef8a21023346071b8e6', 'network_id': '047ab88f-59d3-49d7-a3df-88aa3481e909', 'ip_version': 4, 'subnetpool_id': None, 'enable_dhcp': True, 'ipv6_ra_mode': None, 'ipv6_address_mode': None, 'gateway_ip': '192.168.128.1', 'cidr': '192.168.128.0/28', 'allocation_pools': [{'start': '192.168.128.2', 'end': '192.168.128.14'}], 'host_routes': [], 'dns_nameservers': [], 'description': '', 'router:external': False, 'service_types': [], 'tags': [], 'created_at': '2025-03-18T08:55:20Z', 'updated_at': '2025-03-18T08:55:20Z', 'revision_number': 0, 'project_id': '75f78afbbe5b4ef8a21023346071b8e6'}, Router: {'id': '88127f14-b06a-44f5-aa95-d472ea56ee1e', 'name': 'tempest-ImagesOneServerNegativeTestJSON-1397756758-router', 'tenant_id': '75f78afbbe5b4ef8a21023346071b8e6', 'admin_state_up': True, 'status': 'ACTIVE', 'external_gateway_info': {'network_id': '450df520-7ce6-4357-94a6-c9800d0fe452', 'external_fixed_ips': [{'subnet_id': 'a9b9645b-bbc0-4566-971d-2ce8edde904a', 'ip_address': '10.180.180.130'}], 'enable_snat': True}, 'description': '', 'availability_zones': [], 'distributed': False, 'ha': False, 'availability_zone_hints': [], 'routes': [], 'flavor_id': None, 'tags': [], 'created_at': '2025-03-18T08:55:21Z', 'updated_at': '2025-03-18T08:55:22Z', 'revision_number': 2, 'project_id': '75f78afbbe5b4ef8a21023346071b8e6'}
2025-03-18 08:55:25.334 68520 INFO tempest.lib.common.rest_client [req-e4bfac99-e9b2-4fa5-a6ea-1165ef7d4e28 req-e4bfac99-e9b2-4fa5-a6ea-1165ef7d4e28 ] Request (HostsAdminNegativeTestJSON:tearDownClass): 204 DELETE http://10.180.1.21:9696/networking/v2.0/security-groups/03222e2c-3a26-4150-98d9-c00550a84013 0.271s
2025-03-18 08:55:25.391 68574 INFO tempest.lib.common.rest_client [req-c9596678-95f2-4fa7-9e0e-f3391d8d3b61 req-c9596678-95f2-4fa7-9e0e-f3391d8d3b61 ] Request (FloatingIPsNegativeTestJSON:tearDownClass): 200 PUT http://10.180.1.21:9696/networking/v2.0/routers/1bec0776-7e07-4d04-80f6-0f58c15dc0a7/remove_router_interface 1.922s
2025-03-18 08:55:25.420 68524 INFO tempest.lib.common.rest_client [req-e6b3351a-4c49-4f76-8898-06628f8a8a5e req-e6b3351a-4c49-4f76-8898-06628f8a8a5e ] Request (ImagesOneServerNegativeTestJSON:setUpClass): 201 POST http://10.180.1.21/identity/v3/auth/tokens 0.115s
2025-03-18 08:55:25.456 68524 INFO tempest.lib.common.rest_client [req-c7ae820a-c133-480e-8473-f493ce046bee req-c7ae820a-c133-480e-8473-f493ce046bee ] Request (ImagesOneServerNegativeTestJSON:setUpClass): 201 POST http://10.180.1.21/identity/v3/auth/tokens 0.033s
2025-03-18 08:55:25.457 68524 INFO tempest.lib.common.fixed_network [-] (ImagesOneServerNegativeTestJSON:setUpClass) Found network {'id': '047ab88f-59d3-49d7-a3df-88aa3481e909', 'name': 'tempest-ImagesOneServerNegativeTestJSON-1397756758-network', 'tenant_id': '75f78afbbe5b4ef8a21023346071b8e6', 'admin_state_up': True, 'mtu': 8950, 'status': 'ACTIVE', 'subnets': [], 'shared': False, 'project_id': '75f78afbbe5b4ef8a21023346071b8e6', 'port_security_enabled': True, 'router:external': False, 'provider:network_type': 'vlan', 'provider:physical_network': 'default', 'provider:segmentation_id': 400, 'availability_zone_hints': [], 'availability_zones': [], 'ipv4_address_scope': None, 'ipv6_address_scope': None, 'description': '', 'tags': [], 'created_at': '2025-03-18T08:55:20Z', 'updated_at': '2025-03-18T08:55:20Z', 'revision_number': 1} available for tenant
2025-03-18 08:55:25.501 68520 INFO tempest.lib.common.rest_client [req-06d472ff-cac6-480c-8c3d-9e8054fbf837 req-06d472ff-cac6-480c-8c3d-9e8054fbf837 ] Request (HostsAdminNegativeTestJSON:tearDownClass): 204 DELETE http://10.180.1.21/identity/v3/projects/95281a0e971340719f40c478740f3397 0.166s
2025-03-18 08:55:25.579 68520 INFO tempest.lib.common.rest_client [req-9001764e-b050-4d39-a5ba-4d7674aaa8ac req-9001764e-b050-4d39-a5ba-4d7674aaa8ac ] Request (SecurityGroupsTestJSON:setUpClass): 201 POST http://10.180.1.21/identity/v3/auth/tokens 0.076s
2025-03-18 08:55:25.619 68520 INFO tempest.lib.common.rest_client [req-51fa420c-3670-46f4-93c8-a148b92da498 req-51fa420c-3670-46f4-93c8-a148b92da498 ] Request (SecurityGroupsTestJSON:setUpClass): 201 POST http://10.180.1.21/identity/v3/auth/tokens 0.035s
2025-03-18 08:55:25.651 68520 INFO tempest.lib.common.rest_client [req-3d6a4d12-3990-411d-8b3f-60ca7d4c67a2 req-3d6a4d12-3990-411d-8b3f-60ca7d4c67a2 ] Request (SecurityGroupsTestJSON:setUpClass): 200 GET http://10.180.1.21/identity/v3/domains?name=Default 0.032s
2025-03-18 08:55:25.688 68520 INFO tempest.lib.common.rest_client [req-d045b098-0416-4a57-a0dc-f185e6ef26e6 req-d045b098-0416-4a57-a0dc-f185e6ef26e6 ] Request (SecurityGroupsTestJSON:setUpClass): 201 POST http://10.180.1.21/identity/v3/projects 0.036s
2025-03-18 08:55:25.759 68520 INFO tempest.lib.common.rest_client [req-344a3901-b8d2-4d04-bc44-9030797eefda req-344a3901-b8d2-4d04-bc44-9030797eefda ] Request (SecurityGroupsTestJSON:setUpClass): 201 POST http://10.180.1.21/identity/v3/users 0.070s
2025-03-18 08:55:25.782 68520 INFO tempest.lib.common.rest_client [req-04abe059-bebc-4aa7-9a3a-f59e1b94cad7 req-04abe059-bebc-4aa7-9a3a-f59e1b94cad7 ] Request (SecurityGroupsTestJSON:setUpClass): 200 GET http://10.180.1.21/identity/v3/roles 0.022s
2025-03-18 08:55:25.821 68520 INFO tempest.lib.common.rest_client [req-ac224379-ec1f-4d57-bec5-e45a15b3f834 req-ac224379-ec1f-4d57-bec5-e45a15b3f834 ] Request (SecurityGroupsTestJSON:setUpClass): 204 PUT http://10.180.1.21/identity/v3/projects/76b44ad269524167a24451bd032ce59f/users/88bfb95cc34f4ea3805a920c5d4203fa/roles/2d99c22cb3064247b90da6b605583005 0.039s
2025-03-18 08:55:25.821 68520 INFO tempest.lib.common.dynamic_creds [-] Dynamic test user 88bfb95cc34f4ea3805a920c5d4203fa is created with scope project and roles: ['member']
2025-03-18 08:55:25.822 68520 INFO tempest.lib.common.dynamic_creds [-] Acquired dynamic creds: credentials: Credentials: {'domain_id': 'default', 'domain_name': 'Default', 'username': 'tempest-SecurityGroupsTestJSON-442348368-project-member', 'project_domain_id': 'default', 'project_domain_name': 'Default', 'project_id': '76b44ad269524167a24451bd032ce59f', 'project_name': 'tempest-SecurityGroupsTestJSON-442348368', 'tenant_id': '76b44ad269524167a24451bd032ce59f', 'tenant_name': 'tempest-SecurityGroupsTestJSON-442348368', 'user_domain_id': 'default', 'user_domain_name': 'Default', 'user_id': '88bfb95cc34f4ea3805a920c5d4203fa', 'system': None}, Network: None, Subnet: None, Router: None
2025-03-18 08:55:25.894 68520 INFO tempest.lib.common.rest_client [req-3ccf1107-60dd-4b3e-a00c-f4deeac86e75 req-3ccf1107-60dd-4b3e-a00c-f4deeac86e75 ] Request (SecurityGroupsTestJSON:setUpClass): 201 POST http://10.180.1.21/identity/v3/auth/tokens 0.072s
2025-03-18 08:55:25.949 68574 INFO tempest.lib.common.rest_client [req-80880113-ba0b-4008-b043-f13bea953538 req-80880113-ba0b-4008-b043-f13bea953538 ] Request (FloatingIPsNegativeTestJSON:tearDownClass): 204 DELETE http://10.180.1.21:9696/networking/v2.0/routers/1bec0776-7e07-4d04-80f6-0f58c15dc0a7 0.558s
2025-03-18 08:55:25.989 68578 INFO tempest.lib.common.rest_client [req-117913a6-491a-4d73-8c5c-9bf854cd4ff3 req-117913a6-491a-4d73-8c5c-9bf854cd4ff3 ] Request (ServersV294TestFqdnHostnames:setUpClass): 202 POST http://10.180.1.21/compute/v2.1/servers 4.034s
2025-03-18 08:55:26.104 68569 INFO tempest.lib.common.rest_client [req-d17b266f-07e3-4800-8ea6-83b1b20aa40d req-d17b266f-07e3-4800-8ea6-83b1b20aa40d ] Request (ServerGroupTestJSON:setUpClass): 200 PUT http://10.180.1.21:9696/networking/v2.0/routers/50ac21c4-2534-4abb-b96f-aeef612b394d/add_router_interface 3.596s
2025-03-18 08:55:26.104 68569 INFO tempest.lib.common.dynamic_creds [-] Created isolated network resources for: credentials: Credentials: {'domain_id': 'default', 'domain_name': 'Default', 'username': 'tempest-ServerGroupTestJSON-466519684-project-member', 'project_domain_id': 'default', 'project_domain_name': 'Default', 'project_id': '68be6f72e5be4c33a2c4960469e704d1', 'project_name': 'tempest-ServerGroupTestJSON-466519684', 'tenant_id': '68be6f72e5be4c33a2c4960469e704d1', 'tenant_name': 'tempest-ServerGroupTestJSON-466519684', 'user_domain_id': 'default', 'user_domain_name': 'Default', 'user_id': 'db70354f840545c28ca5bec948ecb32e', 'system': None}, Network: {'id': '5bb0909a-d167-4012-a8e8-3c3a5fa1b4e4', 'name': 'tempest-ServerGroupTestJSON-184529044-network', 'tenant_id': '68be6f72e5be4c33a2c4960469e704d1', 'admin_state_up': True, 'mtu': 8950, 'status': 'ACTIVE', 'subnets': [], 'shared': False, 'project_id': '68be6f72e5be4c33a2c4960469e704d1', 'port_security_enabled': True, 'router:external': False, 'provider:network_type': 'vlan', 'provider:physical_network': 'default', 'provider:segmentation_id': 822, 'availability_zone_hints': [], 'availability_zones': [], 'ipv4_address_scope': None, 'ipv6_address_scope': None, 'description': '', 'tags': [], 'created_at': '2025-03-18T08:55:19Z', 'updated_at': '2025-03-18T08:55:19Z', 'revision_number': 1}, Subnet: {'id': '460e7113-baf8-41bf-bd07-98ae7c78b6db', 'name': 'tempest-ServerGroupTestJSON-184529044-subnet', 'tenant_id': '68be6f72e5be4c33a2c4960469e704d1', 'network_id': '5bb0909a-d167-4012-a8e8-3c3a5fa1b4e4', 'ip_version': 4, 'subnetpool_id': None, 'enable_dhcp': True, 'ipv6_ra_mode': None, 'ipv6_address_mode': None, 'gateway_ip': '192.168.128.1', 'cidr': '192.168.128.0/28', 'allocation_pools': [{'start': '192.168.128.2', 'end': '192.168.128.14'}], 'host_routes': [], 'dns_nameservers': [], 'description': '', 'router:external': False, 'service_types': [], 'tags': [], 'created_at': '2025-03-18T08:55:20Z', 'updated_at': '2025-03-18T08:55:20Z', 'revision_number': 0, 'project_id': '68be6f72e5be4c33a2c4960469e704d1'}, Router: {'id': '50ac21c4-2534-4abb-b96f-aeef612b394d', 'name': 'tempest-ServerGroupTestJSON-184529044-router', 'tenant_id': '68be6f72e5be4c33a2c4960469e704d1', 'admin_state_up': True, 'status': 'ACTIVE', 'external_gateway_info': {'network_id': '450df520-7ce6-4357-94a6-c9800d0fe452', 'external_fixed_ips': [{'subnet_id': 'a9b9645b-bbc0-4566-971d-2ce8edde904a', 'ip_address': '10.180.180.128'}], 'enable_snat': True}, 'description': '', 'availability_zones': [], 'distributed': False, 'ha': False, 'availability_zone_hints': [], 'routes': [], 'flavor_id': None, 'tags': [], 'created_at': '2025-03-18T08:55:20Z', 'updated_at': '2025-03-18T08:55:21Z', 'revision_number': 2, 'project_id': '68be6f72e5be4c33a2c4960469e704d1'}
2025-03-18 08:55:26.197 68574 INFO tempest.lib.common.rest_client [req-b5699692-4333-42b6-bda4-6662dcd3246e req-b5699692-4333-42b6-bda4-6662dcd3246e ] Request (FloatingIPsNegativeTestJSON:tearDownClass): 204 DELETE http://10.180.1.21:9696/networking/v2.0/subnets/8700dca1-086b-44c8-b587-b6bb9e3f1dc6 0.245s
2025-03-18 08:55:26.242 68569 INFO tempest.lib.common.rest_client [req-b7c7dd3f-ecdb-4093-a70c-8a37b095d8c9 req-b7c7dd3f-ecdb-4093-a70c-8a37b095d8c9 ] Request (ServerGroupTestJSON:setUpClass): 201 POST http://10.180.1.21/identity/v3/auth/tokens 0.131s
2025-03-18 08:55:26.370 68520 INFO tempest.lib.common.rest_client [req-4302eb94-78ba-43e9-8740-ccde3ec115dc req-4302eb94-78ba-43e9-8740-ccde3ec115dc ] Request (SecurityGroupsTestJSON:setUpClass): 201 POST http://10.180.1.21:9696/networking/v2.0/networks 0.476s
2025-03-18 08:55:26.560 68552 INFO tempest.lib.common.rest_client [req-2c7132f2-0c95-44e1-aa20-ac56eb7921b1 req-2c7132f2-0c95-44e1-aa20-ac56eb7921b1 ] Request (ServerDiagnosticsTest:test_get_server_diagnostics): 202 POST http://10.180.1.21/compute/v2.1/servers 4.416s
2025-03-18 08:55:26.796 68574 INFO tempest.lib.common.rest_client [req-1b9e85bc-ebc6-4293-be79-4ba0110e60ca req-1b9e85bc-ebc6-4293-be79-4ba0110e60ca ] Request (FloatingIPsNegativeTestJSON:tearDownClass): 204 DELETE http://10.180.1.21:9696/networking/v2.0/networks/6a909ca5-23b3-46ed-a376-f015e8d98dad 0.599s
2025-03-18 08:55:26.876 68520 INFO tempest.lib.common.rest_client [req-773207cb-33b6-483d-92d9-ae991b2368a9 req-773207cb-33b6-483d-92d9-ae991b2368a9 ] Request (SecurityGroupsTestJSON:setUpClass): 201 POST http://10.180.1.21:9696/networking/v2.0/subnets 0.504s
2025-03-18 08:55:26.883 68574 INFO tempest.lib.common.rest_client [req-64474053-d145-4f61-be92-7725f4658e0d req-64474053-d145-4f61-be92-7725f4658e0d ] Request (FloatingIPsNegativeTestJSON:tearDownClass): 204 DELETE http://10.180.1.21/identity/v3/users/3fb624a2742c41f589857b51241d8923 0.086s
2025-03-18 08:55:26.883 68574 INFO tempest.lib.common.dynamic_creds [-] Deleting project and security group for project: b25bee7fe721466b80ca940685fdc05d
2025-03-18 08:55:26.931 68562 INFO tempest.lib.common.rest_client [req-094af6ee-7cbc-4bf3-bb0d-5b188964c0c7 req-094af6ee-7cbc-4bf3-bb0d-5b188964c0c7 ] Request (VolumesAssistedSnapshotsTest:test_volume_assisted_snapshot_create_delete): 200 GET http://10.180.1.21/compute/v2.1/servers/b65a2734-9ebf-4730-bc75-bffaa1621091 4.746s
2025-03-18 08:55:26.940 68562 INFO tempest.common.waiters [-] State transition "BUILD/None" ==> "BUILD/spawning" after 18 second wait
2025-03-18 08:55:26.970 68574 INFO tempest.lib.common.rest_client [req-688e0caa-f62e-46f6-91b4-04c64ca2bd59 req-688e0caa-f62e-46f6-91b4-04c64ca2bd59 ] Request (FloatingIPsNegativeTestJSON:tearDownClass): 200 GET http://10.180.1.21:9696/networking/v2.0/security-groups?tenant_id=b25bee7fe721466b80ca940685fdc05d&name=default 0.087s
2025-03-18 08:55:27.075 68554 INFO tempest.lib.common.rest_client [req-c310fb6d-4178-41a5-8b46-c81208867741 req-c310fb6d-4178-41a5-8b46-c81208867741 ] Request (HypervisorAdminNegativeTestJSON:test_get_hypervisor_uptime_with_non_admin_user): 200 GET http://10.180.1.21/compute/v2.1/os-hypervisors 4.870s
2025-03-18 08:55:27.123 68560 INFO tempest.lib.common.rest_client [req-e6e66138-935b-4e46-b50b-65c7a108efd7 req-e6e66138-935b-4e46-b50b-65c7a108efd7 ] Request (FloatingIPsAssociationNegativeTestJSON:test_associate_ip_to_server_with_floating_ip): 202 POST http://10.180.1.21/compute/v2.1/servers/2b2c2af2-02ef-4013-b63b-ffe7f9414072/action 6.032s
2025-03-18 08:55:27.180 68574 INFO tempest.lib.common.rest_client [req-96a91320-b916-420e-a622-0487a4ef4f1f req-96a91320-b916-420e-a622-0487a4ef4f1f ] Request (FloatingIPsNegativeTestJSON:tearDownClass): 204 DELETE http://10.180.1.21:9696/networking/v2.0/security-groups/d219c1e8-27bc-4e6b-a3fe-32f42cd0a33a 0.209s
2025-03-18 08:55:27.223 68550 INFO tempest.lib.common.rest_client [req-77f66892-d3f1-4fa1-bad7-bae31ac7d559 req-77f66892-d3f1-4fa1-bad7-bae31ac7d559 ] Request (ServersWithSpecificFlavorTestJSON:test_verify_created_server_ephemeral_disk): 200 GET http://10.180.1.21/compute/v2.1/servers/0d5a26e6-dbfd-4baf-800a-46df79939a9e 4.868s
2025-03-18 08:55:27.232 68550 INFO tempest.common.waiters [-] State transition "BUILD/scheduling" ==> "BUILD/None" after 10 second wait
2025-03-18 08:55:27.247 68530 INFO tempest.lib.common.rest_client [req-e89ef461-601e-487f-92df-0cb76d3aee37 req-e89ef461-601e-487f-92df-0cb76d3aee37 ] Request (VolumesAdminNegativeTest:test_update_attached_volume_with_nonexistent_volume_in_body): 200 GET http://10.180.1.21/compute/v2.1/servers/e7cfb8f9-facb-4c79-a98c-dbd84cd54c20/os-interface 5.034s
2025-03-18 08:55:27.301 68544 INFO tempest.lib.common.rest_client [req-ff6232b5-a98d-4653-a886-40727e774a4b req-ff6232b5-a98d-4653-a886-40727e774a4b ] Request (ImagesTestJSON:test_create_image_from_stopped_server): 200 GET http://10.180.1.21/compute/v2.1/servers/287b6463-6084-4002-9667-e6bb607f61d7 4.682s
2025-03-18 08:55:27.322 68574 INFO tempest.lib.common.rest_client [req-142d033e-73d0-4bac-9630-589e0134bef1 req-142d033e-73d0-4bac-9630-589e0134bef1 ] Request (FloatingIPsNegativeTestJSON:tearDownClass): 204 DELETE http://10.180.1.21/identity/v3/projects/b25bee7fe721466b80ca940685fdc05d 0.142s
2025-03-18 08:55:27.333 68558 INFO tempest.lib.common.rest_client [req-a422d1bc-5c8d-4dae-879b-6a21aa7a7e20 req-a422d1bc-5c8d-4dae-879b-6a21aa7a7e20 ] Request (AggregatesAdminNegativeTestJSON:test_aggregate_create_with_existent_aggregate_name): 409 POST http://10.180.1.21/compute/v2.1/os-aggregates 4.240s
2025-03-18 08:55:27.370 68548 INFO tempest.lib.common.rest_client [req-fa39dfa0-e507-4fc2-aa81-8389aa48e268 req-fa39dfa0-e507-4fc2-aa81-8389aa48e268 ] Request (FlavorsAdminTestJSON:test_create_list_flavor_without_extra_data): 200 POST http://10.180.1.21/compute/v2.1/flavors 4.200s
2025-03-18 08:55:27.421 68574 INFO tempest.lib.common.rest_client [req-e9d11bb1-94ca-4f67-84fb-618332ed53ca req-e9d11bb1-94ca-4f67-84fb-618332ed53ca ] Request (SecurityGroupRulesNegativeTestJSON:setUpClass): 201 POST http://10.180.1.21/identity/v3/auth/tokens 0.097s
2025-03-18 08:55:27.485 68574 INFO tempest.lib.common.rest_client [req-6555a4d0-9417-484d-a20f-4b9aef69b140 req-6555a4d0-9417-484d-a20f-4b9aef69b140 ] Request (SecurityGroupRulesNegativeTestJSON:setUpClass): 201 POST http://10.180.1.21/identity/v3/auth/tokens 0.060s
2025-03-18 08:55:27.522 68574 INFO tempest.lib.common.rest_client [req-d649a69c-0669-4373-b531-4879cff73e18 req-d649a69c-0669-4373-b531-4879cff73e18 ] Request (SecurityGroupRulesNegativeTestJSON:setUpClass): 200 GET http://10.180.1.21/identity/v3/domains?name=Default 0.037s
