2025-03-18 08:56:52.566 68544 INFO tempest.lib.common.rest_client [req-5b8966e2-ea1b-465f-a65b-ff56f7eb384f req-5b8966e2-ea1b-465f-a65b-ff56f7eb384f ] Request (ImagesTestJSON:test_create_image_from_suspended_server): 200 GET http://10.180.1.21/compute/v2.1/servers/faed078e-05e1-49ca-a279-c6e9116a3a46 0.280s
2025-03-18 08:56:52.623 68520 INFO tempest.lib.common.rest_client [req-9a42ec41-570c-4a32-b0d9-9abf235fa7f6 req-9a42ec41-570c-4a32-b0d9-9abf235fa7f6 ] Request (SecurityGroupsTestJSON:test_server_security_groups): 200 GET http://10.180.1.21/compute/v2.1/servers/73f40b7d-48eb-41a0-8097-f155dca16c2d 0.274s
2025-03-18 08:56:52.681 68554 INFO tempest.lib.common.rest_client [req-9624dd0b-5044-438b-ae6f-8fa4628bf33b req-9624dd0b-5044-438b-ae6f-8fa4628bf33b ] Request (ListServerFiltersTestJSON:test_list_servers_filtered_by_ip_regex): 200 GET http://10.180.1.21/compute/v2.1/servers/f2ef062b-6901-4c45-b6fc-e664b15d1d3a 0.344s
2025-03-18 08:56:52.682 68564 INFO tempest.lib.common.rest_client [req-4aaeab1e-349c-4a95-98bf-a38a5ff82dde req-4aaeab1e-349c-4a95-98bf-a38a5ff82dde ] Request (ServersAdminTestJSON:test_inject_network_info): 200 GET http://10.180.1.21/compute/v2.1/servers/92a7e525-691d-4b2f-915f-89595543fe46 0.273s
2025-03-18 08:56:52.732 68569 INFO tempest.lib.common.rest_client [req-dcf3dc86-ea52-4982-81e5-0667b1e199f2 req-dcf3dc86-ea52-4982-81e5-0667b1e199f2 ] Request (ServerGroupTestJSON:_run_cleanups): 200 GET http://10.180.1.21/compute/v2.1/servers/e6415680-4084-41ed-9cce-cae4c14919da 0.168s
2025-03-18 08:56:52.782 68543 INFO tempest.lib.common.rest_client [req-96c01710-f592-4b2a-b130-ed5a6ebb6ef3 req-96c01710-f592-4b2a-b130-ed5a6ebb6ef3 ] Request (ServerDiskConfigTestJSON:test_rebuild_server_with_auto_disk_config): 200 GET http://10.180.1.21/compute/v2.1/servers/5030d6f8-3dd0-4a1e-a5b7-547f52dc563b 0.136s
2025-03-18 08:56:52.792 68516 INFO tempest.lib.common.rest_client [req-2b73bf12-4108-41c4-9a2b-bd0d2e3c77ad req-2b73bf12-4108-41c4-9a2b-bd0d2e3c77ad ] Request (ListServersNegativeTestJSON:setUpClass): 200 GET http://10.180.1.21/compute/v2.1/servers/002960bc-570e-4ed4-889f-5a476cc9471c 0.197s
2025-03-18 08:56:52.848 68546 INFO tempest.lib.common.rest_client [req-99bf5f30-ffba-4e96-a2d5-34f6ddea5700 req-99bf5f30-ffba-4e96-a2d5-34f6ddea5700 ] Request (ServersListShow296Test:test_list_show_update_rebuild_server_296): 200 GET http://10.180.1.21/compute/v2.1/servers/daa314ca-8e53-4e19-af98-749c8c782876 0.140s
2025-03-18 08:56:52.871 68554 INFO tempest.lib.common.rest_client [req-185a3366-ed6a-44ce-8465-d74847b9392d req-185a3366-ed6a-44ce-8465-d74847b9392d ] Request (ListServerFiltersTestJSON:test_list_servers_filtered_by_ip_regex): 200 GET http://10.180.1.21/compute/v2.1/servers/87daeab7-1a43-48d7-8adc-3baa04a1d099 0.183s
2025-03-18 08:56:52.886 68556 INFO tempest.lib.common.rest_client [req-d011e808-872e-40bf-bc62-6124306617a4 req-d011e808-872e-40bf-bc62-6124306617a4 ] Request (ServersTestMultiNic:test_verify_multiple_nics_order): 200 GET http://10.180.1.21/compute/v2.1/servers/084f19f1-db26-4524-b863-f9a4e968888c 0.172s
2025-03-18 08:56:52.916 68574 INFO tempest.lib.common.rest_client [req-a6561855-74b8-455b-ab4a-533b0ed170ec req-a6561855-74b8-455b-ab4a-533b0ed170ec ] Request (ServersNegativeTestMultiTenantJSON:setUpClass): 200 GET http://10.180.1.21/compute/v2.1/servers/1b6ff85a-4b0e-49e6-a6bb-26ab474b4e97 0.143s
2025-03-18 08:56:52.945 68534 INFO tempest.lib.common.rest_client [req-1d784b8a-dd1c-4935-aa1b-f4328fcdf2cf req-1d784b8a-dd1c-4935-aa1b-f4328fcdf2cf ] Request (AttachInterfacesV270Test:tearDownClass): 200 GET http://10.180.1.21/compute/v2.1/servers/7faccb18-35c1-4c02-9a01-f410755052f9 0.171s
2025-03-18 08:56:52.972 68538 INFO tempest.lib.common.rest_client [req-fa6c670b-0110-43e7-bbe6-a0a1573bacf7 req-fa6c670b-0110-43e7-bbe6-a0a1573bacf7 ] Request (ServersAaction247Test:tearDownClass): 200 GET http://10.180.1.21/compute/v2.1/servers/112fe205-82ae-498b-82df-5ca6b5d13b59 0.128s
2025-03-18 08:56:52.982 68538 INFO tempest.common.waiters [-] State transition "ACTIVE/deleting" ==> "DELETED/None" after 4 second wait
2025-03-18 08:56:53.027 68540 INFO tempest.lib.common.rest_client [req-6df9b316-f378-4f38-b7bb-b211cd15b035 req-6df9b316-f378-4f38-b7bb-b211cd15b035 ] Request (ServerActionsV293TestJSON:setUpClass): 200 GET http://10.180.1.21/compute/v2.1/servers/9e2bfb4b-822d-4728-9a5b-a126fde49d45 0.131s
2025-03-18 08:56:53.082 68566 INFO tempest.lib.common.rest_client [req-b4382d86-f5b5-4038-925f-88cb18c39d47 req-b4382d86-f5b5-4038-925f-88cb18c39d47 ] Request (InstanceActionsNegativeTestJSON:setUpClass): 200 GET http://10.180.1.21/compute/v2.1/servers/6c0b1a50-ac65-424d-aa40-934135372423 0.142s
2025-03-18 08:56:53.147 68524 INFO tempest.lib.common.rest_client [req-438388f5-1303-4a7a-bfdd-b31dc5b7c5ad req-438388f5-1303-4a7a-bfdd-b31dc5b7c5ad ] Request (ImagesOneServerNegativeTestJSON:_run_cleanups): 200 GET http://10.180.1.21/compute/v2.1/servers/8e5aa82d-8c22-4b8e-9133-361bfe0b33c3 0.170s
2025-03-18 08:56:53.168 68554 INFO tempest.lib.common.rest_client [req-00f01a99-c578-4b5a-878f-1a42b2e929c6 req-00f01a99-c578-4b5a-878f-1a42b2e929c6 ] Request (ListServerFiltersTestJSON:test_list_servers_filtered_by_ip_regex): 200 GET http://10.180.1.21/compute/v2.1/servers/detail 0.289s
2025-03-18 08:56:53.255 68562 WARNING tempest.lib.common.ssh [-] Failed to establish authenticated ssh connection to cirros@10.180.180.225 ([Errno None] Unable to connect to port 22 on 10.180.180.225). Number attempts: 9. Retry after 10 seconds.: paramiko.ssh_exception.NoValidConnectionsError: [Errno None] Unable to connect to port 22 on 10.180.180.225
2025-03-18 08:56:53.266 68554 INFO tempest.lib.common.rest_client [req-0aff0536-d780-4e13-bb2c-663af3ea7030 req-0aff0536-d780-4e13-bb2c-663af3ea7030 ] Request (ListServerFiltersTestJSON:test_list_servers_filtered_by_ip_regex): 200 GET http://10.180.1.21/compute/v2.1/servers?ip=192.168.128. 0.089s
2025-03-18 08:56:53.317 68548 INFO tempest.lib.common.rest_client [req-ea76352b-53c0-4082-86d8-1406ac1202d4 req-ea76352b-53c0-4082-86d8-1406ac1202d4 ] Request (ServerMetadataNegativeTestJSON:setUpClass): 200 GET http://10.180.1.21/compute/v2.1/servers/fdb15207-4edb-4315-b849-04643bdac5e9 0.053s
2025-03-18 08:56:53.346 68554 INFO tempest.lib.common.rest_client [req-bdc4d441-2b8e-44b8-9f14-acfef281c004 req-bdc4d441-2b8e-44b8-9f14-acfef281c004 ] Request (ListServerFiltersTestJSON:test_list_servers_filtered_by_name_regex): 200 GET http://10.180.1.21/compute/v2.1/servers?name=%5E.%2A%5C-instance%5C-%5B0-9%5D%2B%24 0.077s
2025-03-18 08:56:53.383 68522 INFO tempest.lib.common.rest_client [req-1e2408a5-bc6e-48c5-b657-bc3ec01d9100 req-1e2408a5-bc6e-48c5-b657-bc3ec01d9100 ] Request (MigrationsAdminTest:test_resize_server_revert_deleted_flavor): 200 GET http://10.180.1.21/compute/v2.1/servers/b131322c-0c3e-4508-8e93-5dada3d44f34 0.054s
2025-03-18 08:56:53.393 68554 INFO tempest.lib.common.rest_client [req-14cd87e6-f5b3-43f2-9f79-e4322661a9c0 req-14cd87e6-f5b3-43f2-9f79-e4322661a9c0 ] Request (ListServerFiltersTestJSON:test_list_servers_filtered_by_name_regex): 200 GET http://10.180.1.21/compute/v2.1/servers?name=%5E.%2A%5C-instance%5C-.%2A%24 0.045s
2025-03-18 08:56:53.441 68554 INFO tempest.lib.common.rest_client [req-1f8e30ab-3ebe-4c0f-8d58-7b268609c5b2 req-1f8e30ab-3ebe-4c0f-8d58-7b268609c5b2 ] Request (ListServerFiltersTestJSON:test_list_servers_filtered_by_name_regex): 200 GET http://10.180.1.21/compute/v2.1/servers?name=2133944292 0.045s
2025-03-18 08:56:53.443 68560 INFO tempest.lib.common.rest_client [req-fa4864c9-a3fd-414b-90d6-27dde3e1950f req-fa4864c9-a3fd-414b-90d6-27dde3e1950f ] Request (AttachInterfacesUnderV243Test:test_add_remove_fixed_ip): 200 GET http://10.180.1.21/compute/v2.1/servers/e834d430-07da-48c1-9eb5-4884c24ba994 0.053s
2025-03-18 08:56:53.490 68518 INFO tempest.lib.common.rest_client [req-4464df31-d523-4f80-b3f0-c20d731f31ae req-4464df31-d523-4f80-b3f0-c20d731f31ae ] Request (ImagesNegativeTestJSON:test_create_image_from_deleted_server): 200 GET http://10.180.1.21/compute/v2.1/servers/8d737621-6a66-4c01-b11b-91073036750f 0.063s
2025-03-18 08:56:53.493 68554 INFO tempest.lib.common.rest_client [req-8e2ba48f-4df3-4273-8a9a-a1aed9c759a0 req-8e2ba48f-4df3-4273-8a9a-a1aed9c759a0 ] Request (ListServerFiltersTestJSON:test_list_servers_filtered_by_name_wildcard): 200 GET http://10.180.1.21/compute/v2.1/servers?name=-instance 0.049s
2025-03-18 08:56:53.537 68554 INFO tempest.lib.common.rest_client [req-1fbecf31-60ca-4537-8a19-57850c32057c req-1fbecf31-60ca-4537-8a19-57850c32057c ] Request (ListServerFiltersTestJSON:test_list_servers_filtered_by_name_wildcard): 200 GET http://10.180.1.21/compute/v2.1/servers?name=t-ListServerFiltersTestJSON-instance-213394429 0.042s
2025-03-18 08:56:53.547 68552 INFO tempest.lib.common.rest_client [req-9907bf81-a062-425a-8826-47409c5a42d9 req-9907bf81-a062-425a-8826-47409c5a42d9 ] Request (ServerDiagnosticsV248Test:test_get_server_diagnostics): 200 GET http://10.180.1.21/compute/v2.1/servers/f5b4aac1-464e-460c-9c19-2c5d43302016 0.100s
2025-03-18 08:56:53.590 68558 INFO tempest.lib.common.rest_client [req-e2a07ed9-32e9-4622-b69c-20ab7833b659 req-e2a07ed9-32e9-4622-b69c-20ab7833b659 ] Request (ServerActionsTestJSON:setUpClass): 200 GET http://10.180.1.21/compute/v2.1/servers/4bbb344e-11e3-48ad-ad1d-437222dbf06d 0.091s
2025-03-18 08:56:53.614 68576 INFO tempest.lib.common.rest_client [req-dbd88af1-dff1-47dc-a752-43a65ce47c9e req-dbd88af1-dff1-47dc-a752-43a65ce47c9e ] Request (DeleteServersAdminTestJSON:test_delete_server_while_in_error_state): 200 GET http://10.180.1.21/compute/v2.1/servers/b36e80dd-0344-4908-8a25-4d4dd07931c3 0.099s
2025-03-18 08:56:53.663 68554 INFO tempest.lib.common.rest_client [req-cdf557c0-44b0-44ba-9855-99a9253124eb req-cdf557c0-44b0-44ba-9855-99a9253124eb ] Request (ListServerFiltersTestJSON:tearDownClass): 204 DELETE http://10.180.1.21/compute/v2.1/servers/87daeab7-1a43-48d7-8adc-3baa04a1d099 0.121s
2025-03-18 08:56:53.671 68536 INFO tempest.lib.common.rest_client [req-2401134e-2fce-4cda-825c-e9785f503523 req-2401134e-2fce-4cda-825c-e9785f503523 ] Request (ServersAdminNegativeTestJSON:tearDownClass): 200 GET http://10.180.1.21/compute/v2.1/servers/b63e221e-88cd-4b8c-88ca-c1cb8b7c6318 0.114s
2025-03-18 08:56:53.718 68544 INFO tempest.lib.common.rest_client [req-91a85112-7df7-44e6-9fb1-48388c0378e0 req-91a85112-7df7-44e6-9fb1-48388c0378e0 ] Request (ImagesTestJSON:test_create_image_from_suspended_server): 200 GET http://10.180.1.21/compute/v2.1/servers/faed078e-05e1-49ca-a279-c6e9116a3a46 0.143s
2025-03-18 08:56:53.725 68520 INFO tempest.lib.common.rest_client [req-629283b4-27f1-45ab-b334-e41157ee4de8 req-629283b4-27f1-45ab-b334-e41157ee4de8 ] Request (SecurityGroupsTestJSON:test_server_security_groups): 200 GET http://10.180.1.21/compute/v2.1/servers/73f40b7d-48eb-41a0-8097-f155dca16c2d 0.094s
2025-03-18 08:56:53.778 68564 INFO tempest.lib.common.rest_client [req-3f33062e-25e5-44f1-8c2e-fea319cabb2b req-3f33062e-25e5-44f1-8c2e-fea319cabb2b ] Request (ServersAdminTestJSON:test_inject_network_info): 200 GET http://10.180.1.21/compute/v2.1/servers/92a7e525-691d-4b2f-915f-89595543fe46 0.088s
2025-03-18 08:56:53.817 68554 INFO tempest.lib.common.rest_client [req-1b609d89-ab76-448d-95bc-7223ce7f11a4 req-1b609d89-ab76-448d-95bc-7223ce7f11a4 ] Request (ListServerFiltersTestJSON:tearDownClass): 200 GET http://10.180.1.21/compute/v2.1/servers/87daeab7-1a43-48d7-8adc-3baa04a1d099 0.154s
2025-03-18 08:56:53.840 68569 INFO tempest.lib.common.rest_client [req-e176d4ca-bf73-4c56-9a3a-a699f44e0817 req-e176d4ca-bf73-4c56-9a3a-a699f44e0817 ] Request (ServerGroupTestJSON:_run_cleanups): 200 GET http://10.180.1.21/compute/v2.1/servers/e6415680-4084-41ed-9cce-cae4c14919da 0.100s
2025-03-18 08:56:53.863 68543 INFO tempest.lib.common.rest_client [req-3d1edf1c-5bd4-409a-83e2-8188f91ba3e2 req-3d1edf1c-5bd4-409a-83e2-8188f91ba3e2 ] Request (ServerDiskConfigTestJSON:test_rebuild_server_with_auto_disk_config): 200 GET http://10.180.1.21/compute/v2.1/servers/5030d6f8-3dd0-4a1e-a5b7-547f52dc563b 0.073s
2025-03-18 08:56:53.929 68546 INFO tempest.lib.common.rest_client [req-6f35e985-312a-4985-b821-f4fda7c05ffb req-6f35e985-312a-4985-b821-f4fda7c05ffb ] Request (ServersListShow296Test:test_list_show_update_rebuild_server_296): 200 GET http://10.180.1.21/compute/v2.1/servers/daa314ca-8e53-4e19-af98-749c8c782876 0.069s
2025-03-18 08:56:53.935 68516 INFO tempest.lib.common.rest_client [req-b6c19413-5e8a-4104-9596-678ac81b6ae6 req-b6c19413-5e8a-4104-9596-678ac81b6ae6 ] Request (ListServersNegativeTestJSON:setUpClass): 200 GET http://10.180.1.21/compute/v2.1/servers/002960bc-570e-4ed4-889f-5a476cc9471c 0.135s
2025-03-18 08:56:53.973 68556 INFO tempest.lib.common.rest_client [req-fcea388a-effb-46d2-a390-1fa57438e80e req-fcea388a-effb-46d2-a390-1fa57438e80e ] Request (ServersTestMultiNic:test_verify_multiple_nics_order): 200 GET http://10.180.1.21/compute/v2.1/servers/084f19f1-db26-4524-b863-f9a4e968888c 0.080s
2025-03-18 08:56:53.986 68574 INFO tempest.lib.common.rest_client [req-0ca0ceb7-cb6f-4362-9fa3-0ff1b78967ce req-0ca0ceb7-cb6f-4362-9fa3-0ff1b78967ce ] Request (ServersNegativeTestMultiTenantJSON:setUpClass): 200 GET http://10.180.1.21/compute/v2.1/servers/1b6ff85a-4b0e-49e6-a6bb-26ab474b4e97 0.062s
2025-03-18 08:56:54.034 68534 INFO tempest.lib.common.rest_client [req-d09d02ea-2781-4924-92dc-a93c55962d60 req-d09d02ea-2781-4924-92dc-a93c55962d60 ] Request (AttachInterfacesV270Test:tearDownClass): 200 GET http://10.180.1.21/compute/v2.1/servers/7faccb18-35c1-4c02-9a01-f410755052f9 0.079s
2025-03-18 08:56:54.041 68538 INFO tempest.lib.common.rest_client [req-aa2ae4b3-548e-4eea-bc0c-1b8a29ab1678 req-aa2ae4b3-548e-4eea-bc0c-1b8a29ab1678 ] Request (ServersAaction247Test:tearDownClass): 200 GET http://10.180.1.21/compute/v2.1/servers/112fe205-82ae-498b-82df-5ca6b5d13b59 0.058s
2025-03-18 08:56:54.092 68540 INFO tempest.lib.common.rest_client [req-0cbb13a6-e931-4ac1-b15e-e15069a1b67e req-0cbb13a6-e931-4ac1-b15e-e15069a1b67e ] Request (ServerActionsV293TestJSON:setUpClass): 200 GET http://10.180.1.21/compute/v2.1/servers/9e2bfb4b-822d-4728-9a5b-a126fde49d45 0.054s
2025-03-18 08:56:54.136 68566 INFO tempest.lib.common.rest_client [req-6a6750f1-ca04-4554-868a-b41c8c3ec435 req-6a6750f1-ca04-4554-868a-b41c8c3ec435 ] Request (InstanceActionsNegativeTestJSON:setUpClass): 200 GET http://10.180.1.21/compute/v2.1/servers/6c0b1a50-ac65-424d-aa40-934135372423 0.047s
2025-03-18 08:56:54.212 68524 INFO tempest.lib.common.rest_client [req-690c1729-c385-44bc-8a12-e593f41fc49b req-690c1729-c385-44bc-8a12-e593f41fc49b ] Request (ImagesOneServerNegativeTestJSON:_run_cleanups): 200 GET http://10.180.1.21/compute/v2.1/servers/8e5aa82d-8c22-4b8e-9133-361bfe0b33c3 0.058s
2025-03-18 08:56:54.379 68548 INFO tempest.lib.common.rest_client [req-7795f370-f901-4488-ab05-46f40dc96d5f req-7795f370-f901-4488-ab05-46f40dc96d5f ] Request (ServerMetadataNegativeTestJSON:setUpClass): 200 GET http://10.180.1.21/compute/v2.1/servers/fdb15207-4edb-4315-b849-04643bdac5e9 0.054s
2025-03-18 08:56:54.444 68522 INFO tempest.lib.common.rest_client [req-56a47945-eaa8-47d7-8a9f-accaf21b0ff9 req-56a47945-eaa8-47d7-8a9f-accaf21b0ff9 ] Request (MigrationsAdminTest:test_resize_server_revert_deleted_flavor): 200 GET http://10.180.1.21/compute/v2.1/servers/b131322c-0c3e-4508-8e93-5dada3d44f34 0.053s
2025-03-18 08:56:54.502 68560 INFO tempest.lib.common.rest_client [req-2d7fbce4-2cd8-404c-bc6a-62fc342db030 req-2d7fbce4-2cd8-404c-bc6a-62fc342db030 ] Request (AttachInterfacesUnderV243Test:test_add_remove_fixed_ip): 200 GET http://10.180.1.21/compute/v2.1/servers/e834d430-07da-48c1-9eb5-4884c24ba994 0.051s
2025-03-18 08:56:54.546 68518 INFO tempest.lib.common.rest_client [req-5c026ae9-c2b4-4f4e-8b9e-3988a765e711 req-5c026ae9-c2b4-4f4e-8b9e-3988a765e711 ] Request (ImagesNegativeTestJSON:test_create_image_from_deleted_server): 200 GET http://10.180.1.21/compute/v2.1/servers/8d737621-6a66-4c01-b11b-91073036750f 0.047s
2025-03-18 08:56:54.612 68552 INFO tempest.lib.common.rest_client [req-61d4eaab-1e20-469b-8860-ce1e84c1ede3 req-61d4eaab-1e20-469b-8860-ce1e84c1ede3 ] Request (ServerDiagnosticsV248Test:test_get_server_diagnostics): 200 GET http://10.180.1.21/compute/v2.1/servers/f5b4aac1-464e-460c-9c19-2c5d43302016 0.055s
2025-03-18 08:56:54.654 68558 INFO tempest.lib.common.rest_client [req-b49b5cbe-fa16-40cd-bc84-08ab1d54ab52 req-b49b5cbe-fa16-40cd-bc84-08ab1d54ab52 ] Request (ServerActionsTestJSON:setUpClass): 200 GET http://10.180.1.21/compute/v2.1/servers/4bbb344e-11e3-48ad-ad1d-437222dbf06d 0.051s
2025-03-18 08:56:54.693 68576 INFO tempest.lib.common.rest_client [req-f6ea4c6b-80f9-4557-b82a-ec6db3548c91 req-f6ea4c6b-80f9-4557-b82a-ec6db3548c91 ] Request (DeleteServersAdminTestJSON:test_delete_server_while_in_error_state): 200 GET http://10.180.1.21/compute/v2.1/servers/b36e80dd-0344-4908-8a25-4d4dd07931c3 0.068s
2025-03-18 08:56:54.748 68536 INFO tempest.lib.common.rest_client [req-a249f940-640d-46e8-a201-4cf0a80caf2a req-a249f940-640d-46e8-a201-4cf0a80caf2a ] Request (ServersAdminNegativeTestJSON:tearDownClass): 200 GET http://10.180.1.21/compute/v2.1/servers/b63e221e-88cd-4b8c-88ca-c1cb8b7c6318 0.066s
2025-03-18 08:56:54.796 68544 INFO tempest.lib.common.rest_client [req-8b96d504-f82c-4dfe-a90c-d6c27f0e09e2 req-8b96d504-f82c-4dfe-a90c-d6c27f0e09e2 ] Request (ImagesTestJSON:test_create_image_from_suspended_server): 200 GET http://10.180.1.21/compute/v2.1/servers/faed078e-05e1-49ca-a279-c6e9116a3a46 0.070s
2025-03-18 08:56:54.804 68520 INFO tempest.lib.common.rest_client [req-fe764c35-ebf8-4825-8211-c3e1af31312c req-fe764c35-ebf8-4825-8211-c3e1af31312c ] Request (SecurityGroupsTestJSON:test_server_security_groups): 200 GET http://10.180.1.21/compute/v2.1/servers/73f40b7d-48eb-41a0-8097-f155dca16c2d 0.071s
2025-03-18 08:56:54.851 68564 INFO tempest.lib.common.rest_client [req-ae90edf6-1850-4818-b52b-596e19ef9aa5 req-ae90edf6-1850-4818-b52b-596e19ef9aa5 ] Request (ServersAdminTestJSON:test_inject_network_info): 200 GET http://10.180.1.21/compute/v2.1/servers/92a7e525-691d-4b2f-915f-89595543fe46 0.065s
2025-03-18 08:56:54.912 68569 INFO tempest.lib.common.rest_client [req-1c6e7f29-bb0f-4c7a-a9f3-b9e6f501500a req-1c6e7f29-bb0f-4c7a-a9f3-b9e6f501500a ] Request (ServerGroupTestJSON:_run_cleanups): 200 GET http://10.180.1.21/compute/v2.1/servers/e6415680-4084-41ed-9cce-cae4c14919da 0.065s
2025-03-18 08:56:54.965 68543 INFO tempest.lib.common.rest_client [req-5020f8fd-4081-402b-82de-8997d8ec5ccf req-5020f8fd-4081-402b-82de-8997d8ec5ccf ] Request (ServerDiskConfigTestJSON:test_rebuild_server_with_auto_disk_config): 200 GET http://10.180.1.21/compute/v2.1/servers/5030d6f8-3dd0-4a1e-a5b7-547f52dc563b 0.094s
2025-03-18 08:56:54.978 68554 INFO tempest.lib.common.rest_client [req-b3b8822e-9107-4e17-9808-3fde1ba74b66 req-b3b8822e-9107-4e17-9808-3fde1ba74b66 ] Request (ListServerFiltersTestJSON:tearDownClass): 200 GET http://10.180.1.21/compute/v2.1/servers/87daeab7-1a43-48d7-8adc-3baa04a1d099 0.147s
2025-03-18 08:56:55.041 68546 INFO tempest.lib.common.rest_client [req-7c46b978-9866-49cf-82d8-da5b2fbe2779 req-7c46b978-9866-49cf-82d8-da5b2fbe2779 ] Request (ServersListShow296Test:test_list_show_update_rebuild_server_296): 200 GET http://10.180.1.21/compute/v2.1/servers/daa314ca-8e53-4e19-af98-749c8c782876 0.100s
2025-03-18 08:56:55.096 68556 INFO tempest.lib.common.rest_client [req-4e2fb2c0-2325-4f3e-920a-fba2f1d3a7e4 req-4e2fb2c0-2325-4f3e-920a-fba2f1d3a7e4 ] Request (ServersTestMultiNic:test_verify_multiple_nics_order): 200 GET http://10.180.1.21/compute/v2.1/servers/084f19f1-db26-4524-b863-f9a4e968888c 0.114s
2025-03-18 08:56:55.101 68516 INFO tempest.lib.common.rest_client [req-6a2d75af-1283-467f-91bd-f0669c72f512 req-6a2d75af-1283-467f-91bd-f0669c72f512 ] Request (ListServersNegativeTestJSON:setUpClass): 200 GET http://10.180.1.21/compute/v2.1/servers/002960bc-570e-4ed4-889f-5a476cc9471c 0.157s
2025-03-18 08:56:55.140 68574 INFO tempest.lib.common.rest_client [req-65b0fa2f-911d-4d2f-9f49-e957b5554308 req-65b0fa2f-911d-4d2f-9f49-e957b5554308 ] Request (ServersNegativeTestMultiTenantJSON:setUpClass): 200 GET http://10.180.1.21/compute/v2.1/servers/1b6ff85a-4b0e-49e6-a6bb-26ab474b4e97 0.144s
2025-03-18 08:56:55.153 68534 INFO tempest.lib.common.rest_client [req-a219a07d-4cc8-455d-b70f-c6c51a6ea322 req-a219a07d-4cc8-455d-b70f-c6c51a6ea322 ] Request (AttachInterfacesV270Test:tearDownClass): 200 GET http://10.180.1.21/compute/v2.1/servers/7faccb18-35c1-4c02-9a01-f410755052f9 0.108s
2025-03-18 08:56:55.200 68538 INFO tempest.lib.common.rest_client [req-7ebb1cdb-956e-4f94-aeee-f9eb47b6ae7b req-7ebb1cdb-956e-4f94-aeee-f9eb47b6ae7b ] Request (ServersAaction247Test:tearDownClass): 200 GET http://10.180.1.21/compute/v2.1/servers/112fe205-82ae-498b-82df-5ca6b5d13b59 0.149s
2025-03-18 08:56:55.206 68540 INFO tempest.lib.common.rest_client [req-67ab76a6-714c-4862-a9df-e33e84376d97 req-67ab76a6-714c-4862-a9df-e33e84376d97 ] Request (ServerActionsV293TestJSON:setUpClass): 200 GET http://10.180.1.21/compute/v2.1/servers/9e2bfb4b-822d-4728-9a5b-a126fde49d45 0.104s
2025-03-18 08:56:55.243 68566 INFO tempest.lib.common.rest_client [req-ccc523f0-9a11-4e38-8d38-bd176b82ee75 req-ccc523f0-9a11-4e38-8d38-bd176b82ee75 ] Request (InstanceActionsNegativeTestJSON:setUpClass): 200 GET http://10.180.1.21/compute/v2.1/servers/6c0b1a50-ac65-424d-aa40-934135372423 0.099s
2025-03-18 08:56:55.250 68566 INFO tempest.common.waiters [-] State transition "BUILD/None" ==> "BUILD/networking" after 55 second wait
2025-03-18 08:56:55.274 68524 INFO tempest.lib.common.rest_client [req-2ed6e9ac-e11e-4b60-92b6-5f6b8f113be5 req-2ed6e9ac-e11e-4b60-92b6-5f6b8f113be5 ] Request (ImagesOneServerNegativeTestJSON:_run_cleanups): 200 GET http://10.180.1.21/compute/v2.1/servers/8e5aa82d-8c22-4b8e-9133-361bfe0b33c3 0.053s
2025-03-18 08:56:55.453 68548 INFO tempest.lib.common.rest_client [req-77ac0178-97f8-4350-bd75-06ff427bdbf9 req-77ac0178-97f8-4350-bd75-06ff427bdbf9 ] Request (ServerMetadataNegativeTestJSON:setUpClass): 200 GET http://10.180.1.21/compute/v2.1/servers/fdb15207-4edb-4315-b849-04643bdac5e9 0.065s
2025-03-18 08:56:55.502 68522 INFO tempest.lib.common.rest_client [req-fb32ab3e-67a1-4e97-962b-163fb7efea31 req-fb32ab3e-67a1-4e97-962b-163fb7efea31 ] Request (MigrationsAdminTest:test_resize_server_revert_deleted_flavor): 200 GET http://10.180.1.21/compute/v2.1/servers/b131322c-0c3e-4508-8e93-5dada3d44f34 0.050s
2025-03-18 08:56:55.568 68560 INFO tempest.lib.common.rest_client [req-78b5cc5b-e822-406b-b626-b2a6b7261724 req-78b5cc5b-e822-406b-b626-b2a6b7261724 ] Request (AttachInterfacesUnderV243Test:test_add_remove_fixed_ip): 200 GET http://10.180.1.21/compute/v2.1/servers/e834d430-07da-48c1-9eb5-4884c24ba994 0.059s
2025-03-18 08:56:55.613 68518 INFO tempest.lib.common.rest_client [req-b7888805-7815-4071-96f5-e24d99e975e3 req-b7888805-7815-4071-96f5-e24d99e975e3 ] Request (ImagesNegativeTestJSON:test_create_image_from_deleted_server): 200 GET http://10.180.1.21/compute/v2.1/servers/8d737621-6a66-4c01-b11b-91073036750f 0.060s
2025-03-18 08:56:55.680 68552 INFO tempest.lib.common.rest_client [req-ed8edb98-7df4-4de0-9de6-2255f8bc31c0 req-ed8edb98-7df4-4de0-9de6-2255f8bc31c0 ] Request (ServerDiagnosticsV248Test:test_get_server_diagnostics): 200 GET http://10.180.1.21/compute/v2.1/servers/f5b4aac1-464e-460c-9c19-2c5d43302016 0.057s
2025-03-18 08:56:55.721 68558 INFO tempest.lib.common.rest_client [req-8a80487e-bd73-4250-b0b5-86acd5c9198c req-8a80487e-bd73-4250-b0b5-86acd5c9198c ] Request (ServerActionsTestJSON:setUpClass): 200 GET http://10.180.1.21/compute/v2.1/servers/4bbb344e-11e3-48ad-ad1d-437222dbf06d 0.058s
2025-03-18 08:56:55.777 68576 INFO tempest.lib.common.rest_client [req-8c4269ea-1b9c-4389-8007-b34716b79cb7 req-8c4269ea-1b9c-4389-8007-b34716b79cb7 ] Request (DeleteServersAdminTestJSON:test_delete_server_while_in_error_state): 200 GET http://10.180.1.21/compute/v2.1/servers/b36e80dd-0344-4908-8a25-4d4dd07931c3 0.076s
2025-03-18 08:56:55.822 68536 INFO tempest.lib.common.rest_client [req-87f86629-a9b2-4e60-830d-2c6f41f24718 req-87f86629-a9b2-4e60-830d-2c6f41f24718 ] Request (ServersAdminNegativeTestJSON:tearDownClass): 200 GET http://10.180.1.21/compute/v2.1/servers/b63e221e-88cd-4b8c-88ca-c1cb8b7c6318 0.066s
2025-03-18 08:56:55.880 68544 INFO tempest.lib.common.rest_client [req-a6426bc9-a641-44b2-b43e-766acc0d37ee req-a6426bc9-a641-44b2-b43e-766acc0d37ee ] Request (ImagesTestJSON:test_create_image_from_suspended_server): 200 GET http://10.180.1.21/compute/v2.1/servers/faed078e-05e1-49ca-a279-c6e9116a3a46 0.076s
2025-03-18 08:56:55.880 68520 INFO tempest.lib.common.rest_client [req-e44f01aa-4a29-4e95-83d1-2de054a2c580 req-e44f01aa-4a29-4e95-83d1-2de054a2c580 ] Request (SecurityGroupsTestJSON:test_server_security_groups): 200 GET http://10.180.1.21/compute/v2.1/servers/73f40b7d-48eb-41a0-8097-f155dca16c2d 0.065s
2025-03-18 08:56:55.937 68564 INFO tempest.lib.common.rest_client [req-090cef9c-7e2e-4ed1-93e4-ccdc2b8b9fe7 req-090cef9c-7e2e-4ed1-93e4-ccdc2b8b9fe7 ] Request (ServersAdminTestJSON:test_inject_network_info): 200 GET http://10.180.1.21/compute/v2.1/servers/92a7e525-691d-4b2f-915f-89595543fe46 0.076s
2025-03-18 08:56:55.942 68526 WARNING tempest.lib.common.ssh [-] Failed to establish authenticated ssh connection to cirros@10.180.180.146 ([Errno None] Unable to connect to port 22 on 10.180.180.146). Number attempts: 6. Retry after 7 seconds.: paramiko.ssh_exception.NoValidConnectionsError: [Errno None] Unable to connect to port 22 on 10.180.180.146
2025-03-18 08:56:55.979 68569 INFO tempest.lib.common.rest_client [req-c4efe1d7-ca2a-4ff4-891e-fe95cb8ac7de req-c4efe1d7-ca2a-4ff4-891e-fe95cb8ac7de ] Request (ServerGroupTestJSON:_run_cleanups): 200 GET http://10.180.1.21/compute/v2.1/servers/e6415680-4084-41ed-9cce-cae4c14919da 0.058s
2025-03-18 08:56:56.035 68543 INFO tempest.lib.common.rest_client [req-e51d3e79-1ec4-4130-8412-6f1e32f497d3 req-e51d3e79-1ec4-4130-8412-6f1e32f497d3 ] Request (ServerDiskConfigTestJSON:test_rebuild_server_with_auto_disk_config): 200 GET http://10.180.1.21/compute/v2.1/servers/5030d6f8-3dd0-4a1e-a5b7-547f52dc563b 0.057s
2025-03-18 08:56:56.062 68554 INFO tempest.lib.common.rest_client [req-7f2ebce3-988d-45bf-adbe-0309c05e5153 req-7f2ebce3-988d-45bf-adbe-0309c05e5153 ] Request (ListServerFiltersTestJSON:tearDownClass): 200 GET http://10.180.1.21/compute/v2.1/servers/87daeab7-1a43-48d7-8adc-3baa04a1d099 0.076s
2025-03-18 08:56:56.141 68546 INFO tempest.lib.common.rest_client [req-a883cd47-bff2-4111-958b-ea3da1ad5d00 req-a883cd47-bff2-4111-958b-ea3da1ad5d00 ] Request (ServersListShow296Test:test_list_show_update_rebuild_server_296): 200 GET http://10.180.1.21/compute/v2.1/servers/daa314ca-8e53-4e19-af98-749c8c782876 0.089s
2025-03-18 08:56:56.171 68556 INFO tempest.lib.common.rest_client [req-53059060-d6d3-451c-9d74-0d32e676817f req-53059060-d6d3-451c-9d74-0d32e676817f ] Request (ServersTestMultiNic:test_verify_multiple_nics_order): 200 GET http://10.180.1.21/compute/v2.1/servers/084f19f1-db26-4524-b863-f9a4e968888c 0.066s
2025-03-18 08:56:56.200 68550 WARNING tempest.lib.common.ssh [-] Failed to establish authenticated ssh connection to cirros@10.180.180.194 ([Errno None] Unable to connect to port 22 on 10.180.180.194). Number attempts: 8. Retry after 9 seconds.: paramiko.ssh_exception.NoValidConnectionsError: [Errno None] Unable to connect to port 22 on 10.180.180.194
2025-03-18 08:56:56.229 68574 INFO tempest.lib.common.rest_client [req-d130c901-c3e4-4303-bbdd-63d72debb9bf req-d130c901-c3e4-4303-bbdd-63d72debb9bf ] Request (ServersNegativeTestMultiTenantJSON:setUpClass): 200 GET http://10.180.1.21/compute/v2.1/servers/1b6ff85a-4b0e-49e6-a6bb-26ab474b4e97 0.080s
2025-03-18 08:56:56.273 68516 INFO tempest.lib.common.rest_client [req-5550acbb-2365-4610-a3bb-74ff1023d7a3 req-5550acbb-2365-4610-a3bb-74ff1023d7a3 ] Request (ListServersNegativeTestJSON:setUpClass): 200 GET http://10.180.1.21/compute/v2.1/servers/002960bc-570e-4ed4-889f-5a476cc9471c 0.164s
2025-03-18 08:56:56.297 68534 INFO tempest.lib.common.rest_client [req-c6978c8e-2a20-482b-b69c-e0612b064184 req-c6978c8e-2a20-482b-b69c-e0612b064184 ] Request (AttachInterfacesV270Test:tearDownClass): 200 GET http://10.180.1.21/compute/v2.1/servers/7faccb18-35c1-4c02-9a01-f410755052f9 0.134s
2025-03-18 08:56:56.335 68538 INFO tempest.lib.common.rest_client [req-4cbb4994-b669-466d-9c10-4a50fac4503d req-4cbb4994-b669-466d-9c10-4a50fac4503d ] Request (ServersAaction247Test:tearDownClass): 200 GET http://10.180.1.21/compute/v2.1/servers/112fe205-82ae-498b-82df-5ca6b5d13b59 0.122s
2025-03-18 08:56:56.353 68540 INFO tempest.lib.common.rest_client [req-27cb3f56-8ac1-4bf0-8ed8-a576d10948f9 req-27cb3f56-8ac1-4bf0-8ed8-a576d10948f9 ] Request (ServerActionsV293TestJSON:setUpClass): 200 GET http://10.180.1.21/compute/v2.1/servers/9e2bfb4b-822d-4728-9a5b-a126fde49d45 0.136s
2025-03-18 08:56:56.427 68524 INFO tempest.lib.common.rest_client [req-a668567b-2791-48cd-8e2f-dec0b7db5b15 req-a668567b-2791-48cd-8e2f-dec0b7db5b15 ] Request (ImagesOneServerNegativeTestJSON:_run_cleanups): 200 GET http://10.180.1.21/compute/v2.1/servers/8e5aa82d-8c22-4b8e-9133-361bfe0b33c3 0.146s
2025-03-18 08:56:56.471 68566 INFO tempest.lib.common.rest_client [req-b21d976d-8666-45d4-be2b-50823530d0c4 req-b21d976d-8666-45d4-be2b-50823530d0c4 ] Request (InstanceActionsNegativeTestJSON:setUpClass): 200 GET http://10.180.1.21/compute/v2.1/servers/6c0b1a50-ac65-424d-aa40-934135372423 0.219s
2025-03-18 08:56:56.478 68566 INFO tempest.common.waiters [-] State transition "BUILD/networking" ==> "BUILD/block_device_mapping" after 56 second wait
2025-03-18 08:56:56.511 68548 INFO tempest.lib.common.rest_client [req-fc6f1378-9cd3-408a-a5a9-319e27556cb7 req-fc6f1378-9cd3-408a-a5a9-319e27556cb7 ] Request (ServerMetadataNegativeTestJSON:setUpClass): 200 GET http://10.180.1.21/compute/v2.1/servers/fdb15207-4edb-4315-b849-04643bdac5e9 0.050s
2025-03-18 08:56:56.564 68522 INFO tempest.lib.common.rest_client [req-a6d83dd6-ad2a-4196-8829-f17feb6dd6ef req-a6d83dd6-ad2a-4196-8829-f17feb6dd6ef ] Request (MigrationsAdminTest:test_resize_server_revert_deleted_flavor): 200 GET http://10.180.1.21/compute/v2.1/servers/b131322c-0c3e-4508-8e93-5dada3d44f34 0.055s
2025-03-18 08:56:56.630 68560 INFO tempest.lib.common.rest_client [req-44bc1209-e47b-4611-bc71-42f8302c6255 req-44bc1209-e47b-4611-bc71-42f8302c6255 ] Request (AttachInterfacesUnderV243Test:test_add_remove_fixed_ip): 200 GET http://10.180.1.21/compute/v2.1/servers/e834d430-07da-48c1-9eb5-4884c24ba994 0.054s
2025-03-18 08:56:56.671 68518 INFO tempest.lib.common.rest_client [req-a108d054-03ea-4253-9ce0-293ef6633aa1 req-a108d054-03ea-4253-9ce0-293ef6633aa1 ] Request (ImagesNegativeTestJSON:test_create_image_from_deleted_server): 200 GET http://10.180.1.21/compute/v2.1/servers/8d737621-6a66-4c01-b11b-91073036750f 0.051s
2025-03-18 08:56:56.745 68552 INFO tempest.lib.common.rest_client [req-f69261f2-336e-4179-99e3-6d7da4db4eec req-f69261f2-336e-4179-99e3-6d7da4db4eec ] Request (ServerDiagnosticsV248Test:test_get_server_diagnostics): 200 GET http://10.180.1.21/compute/v2.1/servers/f5b4aac1-464e-460c-9c19-2c5d43302016 0.056s
2025-03-18 08:56:56.792 68558 INFO tempest.lib.common.rest_client [req-b083189c-df8c-40a7-b094-ab8fa546b065 req-b083189c-df8c-40a7-b094-ab8fa546b065 ] Request (ServerActionsTestJSON:setUpClass): 200 GET http://10.180.1.21/compute/v2.1/servers/4bbb344e-11e3-48ad-ad1d-437222dbf06d 0.063s
2025-03-18 08:56:56.846 68576 INFO tempest.lib.common.rest_client [req-f77e8ed2-a317-4510-a2d2-903c97e65ef3 req-f77e8ed2-a317-4510-a2d2-903c97e65ef3 ] Request (DeleteServersAdminTestJSON:test_delete_server_while_in_error_state): 200 GET http://10.180.1.21/compute/v2.1/servers/b36e80dd-0344-4908-8a25-4d4dd07931c3 0.061s
2025-03-18 08:56:56.886 68536 INFO tempest.lib.common.rest_client [req-a37e761c-d85a-41cc-9b4f-207fba4fafd7 req-a37e761c-d85a-41cc-9b4f-207fba4fafd7 ] Request (ServersAdminNegativeTestJSON:tearDownClass): 200 GET http://10.180.1.21/compute/v2.1/servers/b63e221e-88cd-4b8c-88ca-c1cb8b7c6318 0.057s
2025-03-18 08:56:56.946 68520 INFO tempest.lib.common.rest_client [req-a124fc54-0c87-43d0-b503-1a60b0b10aa7 req-a124fc54-0c87-43d0-b503-1a60b0b10aa7 ] Request (SecurityGroupsTestJSON:test_server_security_groups): 200 GET http://10.180.1.21/compute/v2.1/servers/73f40b7d-48eb-41a0-8097-f155dca16c2d 0.056s
2025-03-18 08:56:56.949 68544 INFO tempest.lib.common.rest_client [req-cf222f7c-4089-4d0b-9a01-70f37ca5f2af req-cf222f7c-4089-4d0b-9a01-70f37ca5f2af ] Request (ImagesTestJSON:test_create_image_from_suspended_server): 200 GET http://10.180.1.21/compute/v2.1/servers/faed078e-05e1-49ca-a279-c6e9116a3a46 0.062s
2025-03-18 08:56:56.957 68544 INFO tempest.common.waiters [-] State transition "BUILD/scheduling" ==> "BUILD/None" after 34 second wait
2025-03-18 08:56:56.999 68564 INFO tempest.lib.common.rest_client [req-1a622157-56de-47d8-93f5-1a5d02096fa6 req-1a622157-56de-47d8-93f5-1a5d02096fa6 ] Request (ServersAdminTestJSON:test_inject_network_info): 200 GET http://10.180.1.21/compute/v2.1/servers/92a7e525-691d-4b2f-915f-89595543fe46 0.052s
2025-03-18 08:56:57.043 68569 INFO tempest.lib.common.rest_client [req-0fd31293-1ca5-4570-9cb8-b0817b0b77b1 req-0fd31293-1ca5-4570-9cb8-b0817b0b77b1 ] Request (ServerGroupTestJSON:_run_cleanups): 200 GET http://10.180.1.21/compute/v2.1/servers/e6415680-4084-41ed-9cce-cae4c14919da 0.055s
2025-03-18 08:56:57.097 68543 INFO tempest.lib.common.rest_client [req-b82cd128-25bc-42c2-8256-b3084c4db4b6 req-b82cd128-25bc-42c2-8256-b3084c4db4b6 ] Request (ServerDiskConfigTestJSON:test_rebuild_server_with_auto_disk_config): 200 GET http://10.180.1.21/compute/v2.1/servers/5030d6f8-3dd0-4a1e-a5b7-547f52dc563b 0.050s
2025-03-18 08:56:57.125 68554 INFO tempest.lib.common.rest_client [req-c2a401bc-f5b0-41ef-a89d-98a5c107e58c req-c2a401bc-f5b0-41ef-a89d-98a5c107e58c ] Request (ListServerFiltersTestJSON:tearDownClass): 200 GET http://10.180.1.21/compute/v2.1/servers/87daeab7-1a43-48d7-8adc-3baa04a1d099 0.054s
2025-03-18 08:56:57.239 68556 INFO tempest.lib.common.rest_client [req-f2e94fca-ab4b-4b9c-95d3-78144f4005a1 req-f2e94fca-ab4b-4b9c-95d3-78144f4005a1 ] Request (ServersTestMultiNic:test_verify_multiple_nics_order): 200 GET http://10.180.1.21/compute/v2.1/servers/084f19f1-db26-4524-b863-f9a4e968888c 0.060s
2025-03-18 08:56:57.240 68546 INFO tempest.lib.common.rest_client [req-9b09b982-ea1b-43a7-b311-f29a2fbb9ffd req-9b09b982-ea1b-43a7-b311-f29a2fbb9ffd ] Request (ServersListShow296Test:test_list_show_update_rebuild_server_296): 200 GET http://10.180.1.21/compute/v2.1/servers/daa314ca-8e53-4e19-af98-749c8c782876 0.084s
2025-03-18 08:56:57.293 68574 INFO tempest.lib.common.rest_client [req-979912c0-f3bc-4a07-b216-62692f5fbf0d req-979912c0-f3bc-4a07-b216-62692f5fbf0d ] Request (ServersNegativeTestMultiTenantJSON:setUpClass): 200 GET http://10.180.1.21/compute/v2.1/servers/1b6ff85a-4b0e-49e6-a6bb-26ab474b4e97 0.056s
2025-03-18 08:56:57.405 68534 INFO tempest.lib.common.rest_client [req-c2b15679-bfb6-4a74-afe5-55e6f7c13507 req-c2b15679-bfb6-4a74-afe5-55e6f7c13507 ] Request (AttachInterfacesV270Test:tearDownClass): 200 GET http://10.180.1.21/compute/v2.1/servers/7faccb18-35c1-4c02-9a01-f410755052f9 0.097s
2025-03-18 08:56:57.456 68516 INFO tempest.lib.common.rest_client [req-d4822d8b-bfe0-4f01-95d9-ed1264dca023 req-d4822d8b-bfe0-4f01-95d9-ed1264dca023 ] Request (ListServersNegativeTestJSON:setUpClass): 200 GET http://10.180.1.21/compute/v2.1/servers/002960bc-570e-4ed4-889f-5a476cc9471c 0.175s
2025-03-18 08:56:57.474 68538 INFO tempest.lib.common.rest_client [req-fef566da-ce3b-41f8-a615-ea6f087eb2c0 req-fef566da-ce3b-41f8-a615-ea6f087eb2c0 ] Request (ServersAaction247Test:tearDownClass): 200 GET http://10.180.1.21/compute/v2.1/servers/112fe205-82ae-498b-82df-5ca6b5d13b59 0.129s
2025-03-18 08:56:57.525 68540 INFO tempest.lib.common.rest_client [req-cddbefda-76a6-41d8-aa0e-2d24851ab68c req-cddbefda-76a6-41d8-aa0e-2d24851ab68c ] Request (ServerActionsV293TestJSON:setUpClass): 200 GET http://10.180.1.21/compute/v2.1/servers/9e2bfb4b-822d-4728-9a5b-a126fde49d45 0.156s
2025-03-18 08:56:57.548 68524 INFO tempest.lib.common.rest_client [req-ae7fd122-8a63-47e1-b015-6ee303ef63bf req-ae7fd122-8a63-47e1-b015-6ee303ef63bf ] Request (ImagesOneServerNegativeTestJSON:_run_cleanups): 200 GET http://10.180.1.21/compute/v2.1/servers/8e5aa82d-8c22-4b8e-9133-361bfe0b33c3 0.112s
2025-03-18 08:56:57.605 68530 WARNING tempest.lib.common.ssh [-] Failed to establish authenticated ssh connection to cirros@10.180.180.187 ([Errno None] Unable to connect to port 22 on 10.180.180.187). Number attempts: 10. Retry after 11 seconds.: paramiko.ssh_exception.NoValidConnectionsError: [Errno None] Unable to connect to port 22 on 10.180.180.187
2025-03-18 08:56:57.616 68548 INFO tempest.lib.common.rest_client [req-cf2f121f-8fa3-4d83-8470-e1b3eccb88fe req-cf2f121f-8fa3-4d83-8470-e1b3eccb88fe ] Request (ServerMetadataNegativeTestJSON:setUpClass): 200 GET http://10.180.1.21/compute/v2.1/servers/fdb15207-4edb-4315-b849-04643bdac5e9 0.097s
2025-03-18 08:56:57.678 68522 INFO tempest.lib.common.rest_client [req-cef9cb05-f956-4171-b111-18f5b0307722 req-cef9cb05-f956-4171-b111-18f5b0307722 ] Request (MigrationsAdminTest:test_resize_server_revert_deleted_flavor): 200 GET http://10.180.1.21/compute/v2.1/servers/b131322c-0c3e-4508-8e93-5dada3d44f34 0.106s
2025-03-18 08:56:57.685 68566 INFO tempest.lib.common.rest_client [req-ef52efc1-2d6e-4f85-93d0-a694c2284c17 req-ef52efc1-2d6e-4f85-93d0-a694c2284c17 ] Request (InstanceActionsNegativeTestJSON:setUpClass): 200 GET http://10.180.1.21/compute/v2.1/servers/6c0b1a50-ac65-424d-aa40-934135372423 0.206s
2025-03-18 08:56:57.691 68566 INFO tempest.common.waiters [-] State transition "BUILD/block_device_mapping" ==> "BUILD/spawning" after 57 second wait
2025-03-18 08:56:57.747 68518 INFO tempest.lib.common.rest_client [req-5f1abf9f-0db3-4474-8584-14e236c8e863 req-5f1abf9f-0db3-4474-8584-14e236c8e863 ] Request (ImagesNegativeTestJSON:test_create_image_from_deleted_server): 200 GET http://10.180.1.21/compute/v2.1/servers/8d737621-6a66-4c01-b11b-91073036750f 0.064s
2025-03-18 08:56:57.749 68560 INFO tempest.lib.common.rest_client [req-ef80013a-9c3a-4817-83d5-a0c4e2393437 req-ef80013a-9c3a-4817-83d5-a0c4e2393437 ] Request (AttachInterfacesUnderV243Test:test_add_remove_fixed_ip): 200 GET http://10.180.1.21/compute/v2.1/servers/e834d430-07da-48c1-9eb5-4884c24ba994 0.111s
2025-03-18 08:56:57.829 68552 INFO tempest.lib.common.rest_client [req-ab3bb280-4a30-4d17-a3c5-687cc0423ae9 req-ab3bb280-4a30-4d17-a3c5-687cc0423ae9 ] Request (ServerDiagnosticsV248Test:test_get_server_diagnostics): 200 GET http://10.180.1.21/compute/v2.1/servers/f5b4aac1-464e-460c-9c19-2c5d43302016 0.073s
2025-03-18 08:56:57.870 68558 INFO tempest.lib.common.rest_client [req-56ff4f59-774b-4b2f-a404-ea19f27da8d1 req-56ff4f59-774b-4b2f-a404-ea19f27da8d1 ] Request (ServerActionsTestJSON:setUpClass): 200 GET http://10.180.1.21/compute/v2.1/servers/4bbb344e-11e3-48ad-ad1d-437222dbf06d 0.070s
2025-03-18 08:56:57.929 68576 INFO tempest.lib.common.rest_client [req-d48ae97b-70f7-4cd2-941a-e9a3c6a52f98 req-d48ae97b-70f7-4cd2-941a-e9a3c6a52f98 ] Request (DeleteServersAdminTestJSON:test_delete_server_while_in_error_state): 200 GET http://10.180.1.21/compute/v2.1/servers/b36e80dd-0344-4908-8a25-4d4dd07931c3 0.075s
2025-03-18 08:56:57.959 68536 INFO tempest.lib.common.rest_client [req-4e810084-7b49-49fa-b26b-f08f7bbfe4b6 req-4e810084-7b49-49fa-b26b-f08f7bbfe4b6 ] Request (ServersAdminNegativeTestJSON:tearDownClass): 200 GET http://10.180.1.21/compute/v2.1/servers/b63e221e-88cd-4b8c-88ca-c1cb8b7c6318 0.065s
2025-03-18 08:56:58.023 68544 INFO tempest.lib.common.rest_client [req-8890defe-0c06-4973-b5bc-4c499769807e req-8890defe-0c06-4973-b5bc-4c499769807e ] Request (ImagesTestJSON:test_create_image_from_suspended_server): 200 GET http://10.180.1.21/compute/v2.1/servers/faed078e-05e1-49ca-a279-c6e9116a3a46 0.065s
2025-03-18 08:56:58.024 68520 INFO tempest.lib.common.rest_client [req-6f2219a3-6dad-4474-b76f-ccca6765476e req-6f2219a3-6dad-4474-b76f-ccca6765476e ] Request (SecurityGroupsTestJSON:test_server_security_groups): 200 GET http://10.180.1.21/compute/v2.1/servers/73f40b7d-48eb-41a0-8097-f155dca16c2d 0.069s
2025-03-18 08:56:58.071 68564 INFO tempest.lib.common.rest_client [req-a663a99d-8cd8-466d-be33-f73985430792 req-a663a99d-8cd8-466d-be33-f73985430792 ] Request (ServersAdminTestJSON:test_inject_network_info): 200 GET http://10.180.1.21/compute/v2.1/servers/92a7e525-691d-4b2f-915f-89595543fe46 0.065s
2025-03-18 08:56:58.107 68569 INFO tempest.lib.common.rest_client [req-deb460a8-47de-44ec-ab4f-94502f5d643c req-deb460a8-47de-44ec-ab4f-94502f5d643c ] Request (ServerGroupTestJSON:_run_cleanups): 200 GET http://10.180.1.21/compute/v2.1/servers/e6415680-4084-41ed-9cce-cae4c14919da 0.057s
2025-03-18 08:56:58.152 68543 INFO tempest.lib.common.rest_client [req-cf521422-7274-4131-ae7e-1e16918e1b59 req-cf521422-7274-4131-ae7e-1e16918e1b59 ] Request (ServerDiskConfigTestJSON:test_rebuild_server_with_auto_disk_config): 200 GET http://10.180.1.21/compute/v2.1/servers/5030d6f8-3dd0-4a1e-a5b7-547f52dc563b 0.047s
2025-03-18 08:56:58.197 68554 INFO tempest.lib.common.rest_client [req-3259606d-7cbc-41f3-b25a-17d44ca11c90 req-3259606d-7cbc-41f3-b25a-17d44ca11c90 ] Request (ListServerFiltersTestJSON:tearDownClass): 200 GET http://10.180.1.21/compute/v2.1/servers/87daeab7-1a43-48d7-8adc-3baa04a1d099 0.065s
2025-03-18 08:56:58.204 68554 INFO tempest.common.waiters [-] State transition "ACTIVE/deleting" ==> "DELETED/None" after 5 second wait
2025-03-18 08:56:58.301 68556 INFO tempest.lib.common.rest_client [req-ec75dd94-dda7-466d-b824-7cf77738d307 req-ec75dd94-dda7-466d-b824-7cf77738d307 ] Request (ServersTestMultiNic:test_verify_multiple_nics_order): 200 GET http://10.180.1.21/compute/v2.1/servers/084f19f1-db26-4524-b863-f9a4e968888c 0.052s
2025-03-18 08:56:58.314 68546 INFO tempest.lib.common.rest_client [req-65132922-e36a-4071-9622-edffd0b72894 req-65132922-e36a-4071-9622-edffd0b72894 ] Request (ServersListShow296Test:test_list_show_update_rebuild_server_296): 200 GET http://10.180.1.21/compute/v2.1/servers/daa314ca-8e53-4e19-af98-749c8c782876 0.063s
2025-03-18 08:56:58.354 68574 INFO tempest.lib.common.rest_client [req-17b47172-56b7-4b63-b269-e3c4664f9737 req-17b47172-56b7-4b63-b269-e3c4664f9737 ] Request (ServersNegativeTestMultiTenantJSON:setUpClass): 200 GET http://10.180.1.21/compute/v2.1/servers/1b6ff85a-4b0e-49e6-a6bb-26ab474b4e97 0.051s
2025-03-18 08:56:58.472 68534 INFO tempest.lib.common.rest_client [req-fef550af-4ff9-4a9c-bfe0-8018fc8991ad req-fef550af-4ff9-4a9c-bfe0-8018fc8991ad ] Request (AttachInterfacesV270Test:tearDownClass): 200 GET http://10.180.1.21/compute/v2.1/servers/7faccb18-35c1-4c02-9a01-f410755052f9 0.054s
2025-03-18 08:56:58.543 68538 INFO tempest.lib.common.rest_client [req-c00044f7-ac4f-40cf-b618-22c6e4371407 req-c00044f7-ac4f-40cf-b618-22c6e4371407 ] Request (ServersAaction247Test:tearDownClass): 200 GET http://10.180.1.21/compute/v2.1/servers/112fe205-82ae-498b-82df-5ca6b5d13b59 0.058s
2025-03-18 08:56:58.560 68516 INFO tempest.lib.common.rest_client [req-8390dd55-3fab-43d7-bc8f-bd4ac62b1a3e req-8390dd55-3fab-43d7-bc8f-bd4ac62b1a3e ] Request (ListServersNegativeTestJSON:setUpClass): 200 GET http://10.180.1.21/compute/v2.1/servers/002960bc-570e-4ed4-889f-5a476cc9471c 0.097s
2025-03-18 08:56:58.599 68540 INFO tempest.lib.common.rest_client [req-28379744-3dd8-43e3-95b9-b040ae2ff844 req-28379744-3dd8-43e3-95b9-b040ae2ff844 ] Request (ServerActionsV293TestJSON:setUpClass): 200 GET http://10.180.1.21/compute/v2.1/servers/9e2bfb4b-822d-4728-9a5b-a126fde49d45 0.058s
2025-03-18 08:56:58.617 68524 INFO tempest.lib.common.rest_client [req-b2cfa5e9-9263-4efa-98ac-57368a832f1a req-b2cfa5e9-9263-4efa-98ac-57368a832f1a ] Request (ImagesOneServerNegativeTestJSON:_run_cleanups): 200 GET http://10.180.1.21/compute/v2.1/servers/8e5aa82d-8c22-4b8e-9133-361bfe0b33c3 0.058s
2025-03-18 08:56:58.671 68548 INFO tempest.lib.common.rest_client [req-23d7f18f-470e-4210-aa58-96744869b08b req-23d7f18f-470e-4210-aa58-96744869b08b ] Request (ServerMetadataNegativeTestJSON:setUpClass): 200 GET http://10.180.1.21/compute/v2.1/servers/fdb15207-4edb-4315-b849-04643bdac5e9 0.047s
2025-03-18 08:56:58.741 68522 INFO tempest.lib.common.rest_client [req-962c4dc6-a41d-4d72-b163-4a9973cb280a req-962c4dc6-a41d-4d72-b163-4a9973cb280a ] Request (MigrationsAdminTest:test_resize_server_revert_deleted_flavor): 200 GET http://10.180.1.21/compute/v2.1/servers/b131322c-0c3e-4508-8e93-5dada3d44f34 0.052s
2025-03-18 08:56:58.785 68566 INFO tempest.lib.common.rest_client [req-652525e7-a99e-4527-8ca0-42b409a874aa req-652525e7-a99e-4527-8ca0-42b409a874aa ] Request (InstanceActionsNegativeTestJSON:setUpClass): 200 GET http://10.180.1.21/compute/v2.1/servers/6c0b1a50-ac65-424d-aa40-934135372423 0.093s
2025-03-18 08:56:58.804 68518 INFO tempest.lib.common.rest_client [req-25fbdb68-84e8-46a6-aea3-da6c5ba93cba req-25fbdb68-84e8-46a6-aea3-da6c5ba93cba ] Request (ImagesNegativeTestJSON:test_create_image_from_deleted_server): 200 GET http://10.180.1.21/compute/v2.1/servers/8d737621-6a66-4c01-b11b-91073036750f 0.049s
2025-03-18 08:56:58.835 68560 INFO tempest.lib.common.rest_client [req-63dda978-2df4-4d05-8817-97c8b384dfbe req-63dda978-2df4-4d05-8817-97c8b384dfbe ] Request (AttachInterfacesUnderV243Test:test_add_remove_fixed_ip): 200 GET http://10.180.1.21/compute/v2.1/servers/e834d430-07da-48c1-9eb5-4884c24ba994 0.074s
2025-03-18 08:56:58.905 68552 INFO tempest.lib.common.rest_client [req-96200169-b2e9-443f-8020-ba40cb121058 req-96200169-b2e9-443f-8020-ba40cb121058 ] Request (ServerDiagnosticsV248Test:test_get_server_diagnostics): 200 GET http://10.180.1.21/compute/v2.1/servers/f5b4aac1-464e-460c-9c19-2c5d43302016 0.052s
2025-03-18 08:56:58.929 68558 INFO tempest.lib.common.rest_client [req-224b1f5a-b957-469d-aed1-b39ac01e87f9 req-224b1f5a-b957-469d-aed1-b39ac01e87f9 ] Request (ServerActionsTestJSON:setUpClass): 200 GET http://10.180.1.21/compute/v2.1/servers/4bbb344e-11e3-48ad-ad1d-437222dbf06d 0.049s
2025-03-18 08:56:58.997 68576 INFO tempest.lib.common.rest_client [req-76235974-7918-44d9-aed4-596d1f1fb351 req-76235974-7918-44d9-aed4-596d1f1fb351 ] Request (DeleteServersAdminTestJSON:test_delete_server_while_in_error_state): 200 GET http://10.180.1.21/compute/v2.1/servers/b36e80dd-0344-4908-8a25-4d4dd07931c3 0.060s
2025-03-18 08:56:59.026 68536 INFO tempest.lib.common.rest_client [req-16b9be17-204d-4402-9078-2302b02f2b1c req-16b9be17-204d-4402-9078-2302b02f2b1c ] Request (ServersAdminNegativeTestJSON:tearDownClass): 200 GET http://10.180.1.21/compute/v2.1/servers/b63e221e-88cd-4b8c-88ca-c1cb8b7c6318 0.058s
2025-03-18 08:56:59.084 68544 INFO tempest.lib.common.rest_client [req-0c3b870b-5e2f-4895-bb99-e8cb4070d61c req-0c3b870b-5e2f-4895-bb99-e8cb4070d61c ] Request (ImagesTestJSON:test_create_image_from_suspended_server): 200 GET http://10.180.1.21/compute/v2.1/servers/faed078e-05e1-49ca-a279-c6e9116a3a46 0.053s
2025-03-18 08:56:59.085 68520 INFO tempest.lib.common.rest_client [req-fdc24e1c-756a-42be-8eab-83b7980c608d req-fdc24e1c-756a-42be-8eab-83b7980c608d ] Request (SecurityGroupsTestJSON:test_server_security_groups): 200 GET http://10.180.1.21/compute/v2.1/servers/73f40b7d-48eb-41a0-8097-f155dca16c2d 0.054s
2025-03-18 08:56:59.130 68564 INFO tempest.lib.common.rest_client [req-d94ca995-659d-4ccf-ba99-c296db49a1cd req-d94ca995-659d-4ccf-ba99-c296db49a1cd ] Request (ServersAdminTestJSON:test_inject_network_info): 200 GET http://10.180.1.21/compute/v2.1/servers/92a7e525-691d-4b2f-915f-89595543fe46 0.052s
2025-03-18 08:56:59.167 68569 INFO tempest.lib.common.rest_client [req-0a54e4c4-d5ea-4559-baa0-331a0096645b req-0a54e4c4-d5ea-4559-baa0-331a0096645b ] Request (ServerGroupTestJSON:_run_cleanups): 200 GET http://10.180.1.21/compute/v2.1/servers/e6415680-4084-41ed-9cce-cae4c14919da 0.051s
2025-03-18 08:56:59.204 68543 INFO tempest.lib.common.rest_client [req-2458048a-99cb-4017-b162-178964676204 req-2458048a-99cb-4017-b162-178964676204 ] Request (ServerDiskConfigTestJSON:test_rebuild_server_with_auto_disk_config): 200 GET http://10.180.1.21/compute/v2.1/servers/5030d6f8-3dd0-4a1e-a5b7-547f52dc563b 0.043s
2025-03-18 08:56:59.254 68554 INFO tempest.lib.common.rest_client [req-7e8cf0cf-4ebf-47ce-813a-89e3922fd333 req-7e8cf0cf-4ebf-47ce-813a-89e3922fd333 ] Request (ListServerFiltersTestJSON:tearDownClass): 200 GET http://10.180.1.21/compute/v2.1/servers/87daeab7-1a43-48d7-8adc-3baa04a1d099 0.048s
2025-03-18 08:56:59.359 68556 INFO tempest.lib.common.rest_client [req-04f85e79-e61a-4cd8-9466-ede546ee3a0e req-04f85e79-e61a-4cd8-9466-ede546ee3a0e ] Request (ServersTestMultiNic:test_verify_multiple_nics_order): 200 GET http://10.180.1.21/compute/v2.1/servers/084f19f1-db26-4524-b863-f9a4e968888c 0.047s
2025-03-18 08:56:59.382 68546 INFO tempest.lib.common.rest_client [req-3a40af87-e8c3-4927-9cb8-bf2abb3a334f req-3a40af87-e8c3-4927-9cb8-bf2abb3a334f ] Request (ServersListShow296Test:test_list_show_update_rebuild_server_296): 200 GET http://10.180.1.21/compute/v2.1/servers/daa314ca-8e53-4e19-af98-749c8c782876 0.057s
2025-03-18 08:56:59.410 68574 INFO tempest.lib.common.rest_client [req-63c5bca9-bec5-40ff-81b4-b9f8a12b9614 req-63c5bca9-bec5-40ff-81b4-b9f8a12b9614 ] Request (ServersNegativeTestMultiTenantJSON:setUpClass): 200 GET http://10.180.1.21/compute/v2.1/servers/1b6ff85a-4b0e-49e6-a6bb-26ab474b4e97 0.049s
2025-03-18 08:56:59.536 68534 INFO tempest.lib.common.rest_client [req-edd22f18-c67b-4298-99a4-beb831846020 req-edd22f18-c67b-4298-99a4-beb831846020 ] Request (AttachInterfacesV270Test:tearDownClass): 200 GET http://10.180.1.21/compute/v2.1/servers/7faccb18-35c1-4c02-9a01-f410755052f9 0.054s
