2025-03-18 08:55:12.328 68524 INFO tempest.lib.common.dynamic_creds [-] Acquired dynamic creds: credentials: Credentials: {'domain_id': 'default', 'domain_name': 'Default', 'username': 'tempest-FlavorsV2NegativeTest-448885633-project-member', 'project_domain_id': 'default', 'project_domain_name': 'Default', 'project_id': '8282fed8b2d5416e9046186120329db7', 'project_name': 'tempest-FlavorsV2NegativeTest-448885633', 'tenant_id': '8282fed8b2d5416e9046186120329db7', 'tenant_name': 'tempest-FlavorsV2NegativeTest-448885633', 'user_domain_id': 'default', 'user_domain_name': 'Default', 'user_id': 'bce0464a08e5450abd91b5b8cc0b7321', 'system': None}, Network: None, Subnet: None, Router: None
2025-03-18 08:55:12.328 68524 INFO tempest.lib.common.dynamic_creds [-] Created isolated network resources for: credentials: Credentials: {'domain_id': 'default', 'domain_name': 'Default', 'username': 'tempest-FlavorsV2NegativeTest-448885633-project-member', 'project_domain_id': 'default', 'project_domain_name': 'Default', 'project_id': '8282fed8b2d5416e9046186120329db7', 'project_name': 'tempest-FlavorsV2NegativeTest-448885633', 'tenant_id': '8282fed8b2d5416e9046186120329db7', 'tenant_name': 'tempest-FlavorsV2NegativeTest-448885633', 'user_domain_id': 'default', 'user_domain_name': 'Default', 'user_id': 'bce0464a08e5450abd91b5b8cc0b7321', 'system': None}, Network: None, Subnet: None, Router: None
2025-03-18 08:55:12.382 68550 INFO tempest.lib.common.rest_client [req-94dccc38-5c3e-44da-95a1-bddf7d98626d req-94dccc38-5c3e-44da-95a1-bddf7d98626d ] Request (ServersWithSpecificFlavorTestJSON:test_verify_created_server_ephemeral_disk): 201 POST http://10.180.1.21/identity/v3/auth/tokens 0.085s
2025-03-18 08:55:12.383 68550 INFO tempest.lib.common.fixed_network [-] (ServersWithSpecificFlavorTestJSON:test_verify_created_server_ephemeral_disk) Found network {'id': '538c5715-2dd2-4329-aa0c-0beb930b9ef8', 'name': 'tempest-ServersWithSpecificFlavorTestJSON-150075415-network', 'tenant_id': '98bca311ae284313b3d6e284a40668e4', 'admin_state_up': True, 'mtu': 8950, 'status': 'ACTIVE', 'subnets': [], 'shared': False, 'project_id': '98bca311ae284313b3d6e284a40668e4', 'port_security_enabled': True, 'router:external': False, 'provider:network_type': 'vlan', 'provider:physical_network': 'default', 'provider:segmentation_id': 69, 'availability_zone_hints': [], 'availability_zones': [], 'ipv4_address_scope': None, 'ipv6_address_scope': None, 'description': '', 'tags': [], 'created_at': '2025-03-18T08:54:45Z', 'updated_at': '2025-03-18T08:54:45Z', 'revision_number': 1} available for tenant
2025-03-18 08:55:12.389 68516 INFO tempest.lib.common.rest_client [req-28cdb1a3-72b6-4142-8297-b556a354582e req-28cdb1a3-72b6-4142-8297-b556a354582e ] Request (HypervisorAdminV228Test:setUpClass): 201 POST http://10.180.1.21/identity/v3/auth/tokens 0.079s
2025-03-18 08:55:12.419 68516 INFO tempest.lib.common.rest_client [req-f04e4d9b-64b5-4e1c-a7ed-798468b6d503 req-f04e4d9b-64b5-4e1c-a7ed-798468b6d503 ] Request (HypervisorAdminV228Test:setUpClass): 200 GET http://10.180.1.21/identity/v3/domains?name=Default 0.030s
2025-03-18 08:55:12.458 68516 INFO tempest.lib.common.rest_client [req-156822a0-3407-4106-9ce8-f210ad2b49e6 req-156822a0-3407-4106-9ce8-f210ad2b49e6 ] Request (HypervisorAdminV228Test:setUpClass): 201 POST http://10.180.1.21/identity/v3/projects 0.038s
2025-03-18 08:55:12.473 68524 INFO tempest.lib.common.rest_client [req-fe4b3c30-f25b-4687-99d0-211fb6d80952 req-fe4b3c30-f25b-4687-99d0-211fb6d80952 ] Request (FlavorsV2NegativeTest:setUpClass): 201 POST http://10.180.1.21/identity/v3/auth/tokens 0.139s
2025-03-18 08:55:12.522 68516 INFO tempest.lib.common.rest_client [req-a599b129-c1f9-4f12-af2b-1d56d6a48660 req-a599b129-c1f9-4f12-af2b-1d56d6a48660 ] Request (HypervisorAdminV228Test:setUpClass): 201 POST http://10.180.1.21/identity/v3/users 0.064s
2025-03-18 08:55:12.528 68544 INFO tempest.lib.common.rest_client [req-501c665b-1704-442f-b5da-ca00115409b7 req-501c665b-1704-442f-b5da-ca00115409b7 ] Request (SecurityGroupsTestAdminJSON:_run_cleanups): 202 DELETE http://10.180.1.21/compute/v2.1/os-security-groups/140d6f05-d7d3-4678-8a76-ae974e9f62b3 2.341s
2025-03-18 08:55:12.532 68569 INFO tempest.lib.common.rest_client [req-997d955d-f198-4d6f-b63e-fef024167f05 req-997d955d-f198-4d6f-b63e-fef024167f05 ] Request (FloatingIPsTestJSON:tearDownClass): 204 DELETE http://10.180.1.21:9696/networking/v2.0/routers/39cbeae6-ad85-49d3-8cf6-5cb267029804 1.387s
2025-03-18 08:55:12.548 68534 INFO tempest.lib.common.rest_client [req-7c71a04d-ddbf-457a-b761-41663740a227 req-7c71a04d-ddbf-457a-b761-41663740a227 ] Request (SecurityGroupsNegativeTestJSON:setUpClass): 201 POST http://10.180.1.21:9696/networking/v2.0/subnets 0.662s
2025-03-18 08:55:12.555 68554 INFO tempest.lib.common.rest_client [req-4ae571f8-eff4-4224-b659-befb2838f13e req-4ae571f8-eff4-4224-b659-befb2838f13e ] Request (FlavorsAccessTestJSON:tearDownClass): 200 GET http://10.180.1.21:9696/networking/v2.0/security-groups?tenant_id=bed8ac97e44c4eecb6860db9cf87c51c&name=default 0.411s
2025-03-18 08:55:12.582 68516 INFO tempest.lib.common.rest_client [req-0aa20888-7dab-4ef8-9768-df8aeea081ff req-0aa20888-7dab-4ef8-9768-df8aeea081ff ] Request (HypervisorAdminV228Test:setUpClass): 200 GET http://10.180.1.21/identity/v3/roles 0.058s
2025-03-18 08:55:12.624 68516 INFO tempest.lib.common.rest_client [req-4d97294e-9781-4bff-81fe-feed9ae5f744 req-4d97294e-9781-4bff-81fe-feed9ae5f744 ] Request (HypervisorAdminV228Test:setUpClass): 204 PUT http://10.180.1.21/identity/v3/projects/5b72d16a13c440b0bc9789318cd97e16/users/00ba2f4d29f147a2a61a995ab6faeaab/roles/2d99c22cb3064247b90da6b605583005 0.041s
2025-03-18 08:55:12.624 68516 INFO tempest.lib.common.dynamic_creds [-] Dynamic test user 00ba2f4d29f147a2a61a995ab6faeaab is created with scope project and roles: ['member']
2025-03-18 08:55:12.625 68516 INFO tempest.lib.common.dynamic_creds [-] Acquired dynamic creds: credentials: Credentials: {'domain_id': 'default', 'domain_name': 'Default', 'username': 'tempest-HypervisorAdminV228Test-1266000430-project-member', 'project_domain_id': 'default', 'project_domain_name': 'Default', 'project_id': '5b72d16a13c440b0bc9789318cd97e16', 'project_name': 'tempest-HypervisorAdminV228Test-1266000430', 'tenant_id': '5b72d16a13c440b0bc9789318cd97e16', 'tenant_name': 'tempest-HypervisorAdminV228Test-1266000430', 'user_domain_id': 'default', 'user_domain_name': 'Default', 'user_id': '00ba2f4d29f147a2a61a995ab6faeaab', 'system': None}, Network: None, Subnet: None, Router: None
2025-03-18 08:55:12.625 68516 INFO tempest.lib.common.dynamic_creds [-] Created isolated network resources for: credentials: Credentials: {'domain_id': 'default', 'domain_name': 'Default', 'username': 'tempest-HypervisorAdminV228Test-1266000430-project-member', 'project_domain_id': 'default', 'project_domain_name': 'Default', 'project_id': '5b72d16a13c440b0bc9789318cd97e16', 'project_name': 'tempest-HypervisorAdminV228Test-1266000430', 'tenant_id': '5b72d16a13c440b0bc9789318cd97e16', 'tenant_name': 'tempest-HypervisorAdminV228Test-1266000430', 'user_domain_id': 'default', 'user_domain_name': 'Default', 'user_id': '00ba2f4d29f147a2a61a995ab6faeaab', 'system': None}, Network: None, Subnet: None, Router: None
2025-03-18 08:55:12.648 68544 INFO tempest.lib.common.rest_client [req-9cbfab4b-2905-4ef0-8450-3ff80c2b8fbe req-9cbfab4b-2905-4ef0-8450-3ff80c2b8fbe ] Request (SecurityGroupsTestAdminJSON:tearDownClass): 204 DELETE http://10.180.1.21/identity/v3/users/203d78caebc14f97bb45eb718389a6f2 0.112s
2025-03-18 08:55:12.717 68516 INFO tempest.lib.common.rest_client [req-7610aeb6-e1c2-46a9-8e43-149e135e6488 req-7610aeb6-e1c2-46a9-8e43-149e135e6488 ] Request (HypervisorAdminV228Test:setUpClass): 201 POST http://10.180.1.21/identity/v3/auth/tokens 0.088s
2025-03-18 08:55:12.759 68560 INFO tempest.lib.common.rest_client [req-bffd16ae-8ed2-4e7b-93c7-8c646e2a7167 req-bffd16ae-8ed2-4e7b-93c7-8c646e2a7167 ] Request (FloatingIPsAssociationNegativeTestJSON:setUpClass): 200 GET http://10.180.1.21/compute/v2.1/servers/2b2c2af2-02ef-4013-b63b-ffe7f9414072 1.947s
2025-03-18 08:55:12.769 68516 INFO tempest.lib.common.rest_client [req-4918153d-6adb-40d0-b20c-14a1f11f4061 req-4918153d-6adb-40d0-b20c-14a1f11f4061 ] Request (HypervisorAdminV228Test:setUpClass): 201 POST http://10.180.1.21/identity/v3/projects 0.052s
2025-03-18 08:55:12.793 68569 INFO tempest.lib.common.rest_client [req-94a70477-bfeb-4dca-9609-9fa0542d76b3 req-94a70477-bfeb-4dca-9609-9fa0542d76b3 ] Request (FloatingIPsTestJSON:tearDownClass): 204 DELETE http://10.180.1.21:9696/networking/v2.0/subnets/9fe6fd6d-c526-43ab-95c7-d930e3190ca2 0.261s
2025-03-18 08:55:12.793 68558 INFO tempest.lib.common.rest_client [req-0c303aef-16ca-49e7-af6d-a5a8fad80945 req-0c303aef-16ca-49e7-af6d-a5a8fad80945 ] Request (AggregatesAdminNegativeTestJSON:_run_cleanups): 200 DELETE http://10.180.1.21/compute/v2.1/os-aggregates/3 1.797s
2025-03-18 08:55:12.807 68520 INFO tempest.lib.common.rest_client [req-60825b68-e349-4e73-b1ad-2ec4593df7f6 req-60825b68-e349-4e73-b1ad-2ec4593df7f6 ] Request (HostsAdminNegativeTestJSON:test_update_host_with_invalid_maintenance_mode): 400 PUT http://10.180.1.21/compute/v2.1/os-hosts/devstack 1.790s
2025-03-18 08:55:12.819 68544 INFO tempest.lib.common.rest_client [req-5ad5acd6-83fb-4e16-8564-9dc96013d5ad req-5ad5acd6-83fb-4e16-8564-9dc96013d5ad ] Request (SecurityGroupsTestAdminJSON:tearDownClass): 204 DELETE http://10.180.1.21/identity/v3/users/36365dd5530047b3b23023327d097978 0.171s
2025-03-18 08:55:12.820 68544 INFO tempest.lib.common.dynamic_creds [-] Deleting project and security group for project: 4c9fcb85eef442d6a8e32499dd59109c
2025-03-18 08:55:12.822 68526 INFO tempest.lib.common.rest_client [req-917e6893-ebbe-45fe-98c3-5634423ff8ee req-917e6893-ebbe-45fe-98c3-5634423ff8ee ] Request (QuotaClassesAdminTestJSON:test_update_default_quotas): 200 GET http://10.180.1.21/compute/v2.1/os-quota-class-sets/default 1.628s
2025-03-18 08:55:12.847 68532 INFO tempest.lib.common.rest_client [req-b25c3b50-e5de-48cb-b916-b3b99325cc60 req-b25c3b50-e5de-48cb-b916-b3b99325cc60 ] Request (ServersAdmin275Test:test_rebuild_update_server_275): 200 GET http://10.180.1.21/compute/v2.1/servers/26efde6f-cfcd-4f89-9807-94e7622a0e96 1.870s
2025-03-18 08:55:12.873 68540 INFO tempest.lib.common.rest_client [req-6a69209f-86aa-4e9a-ac12-057f1b5943ce req-6a69209f-86aa-4e9a-ac12-057f1b5943ce ] Request (ImagesMetadataTestJSON:setUpClass): 200 GET http://10.180.1.21/compute/v2.1/images/461104d6-caed-4917-953f-ba9ddd6f8fe1 1.625s
2025-03-18 08:55:12.879 68548 INFO tempest.lib.common.rest_client [req-53ff6d5a-3517-4004-bb10-eaf5893f05e2 req-53ff6d5a-3517-4004-bb10-eaf5893f05e2 ] Request (FlavorsAdminTestJSON:_run_cleanups): 202 DELETE http://10.180.1.21/compute/v2.1/flavors/a3e2458e-0ffd-4db4-93bb-1c501a862817 1.523s
2025-03-18 08:55:12.887 68516 INFO tempest.lib.common.rest_client [req-669d6294-c030-42a2-aa56-0cd09787ad53 req-669d6294-c030-42a2-aa56-0cd09787ad53 ] Request (HypervisorAdminV228Test:setUpClass): 201 POST http://10.180.1.21/identity/v3/users 0.118s
2025-03-18 08:55:12.917 68516 INFO tempest.lib.common.rest_client [req-baa68d52-c2a5-4150-911f-3a57edf2044d req-baa68d52-c2a5-4150-911f-3a57edf2044d ] Request (HypervisorAdminV228Test:setUpClass): 200 GET http://10.180.1.21/identity/v3/roles 0.029s
2025-03-18 08:55:12.922 68544 INFO tempest.lib.common.rest_client [req-426f2f36-fdcd-42b7-b21c-6aa5e33215a2 req-426f2f36-fdcd-42b7-b21c-6aa5e33215a2 ] Request (SecurityGroupsTestAdminJSON:tearDownClass): 201 POST http://10.180.1.21/identity/v3/auth/tokens 0.102s
2025-03-18 08:55:12.947 68516 INFO tempest.lib.common.rest_client [req-3f67392b-9cdf-4e55-81f8-5c72818a9e4d req-3f67392b-9cdf-4e55-81f8-5c72818a9e4d ] Request (HypervisorAdminV228Test:setUpClass): 204 PUT http://10.180.1.21/identity/v3/projects/37999e7995574c37b66a4a96534f1aa6/users/719f811551a24391b261a32eb275d311/roles/a10b52f484a949e2b4857b1571f4801e 0.030s
2025-03-18 08:55:13.001 68516 INFO tempest.lib.common.rest_client [req-beea4927-cb24-4ed9-948c-34721e33004d req-beea4927-cb24-4ed9-948c-34721e33004d ] Request (HypervisorAdminV228Test:setUpClass): 200 GET http://10.180.1.21/identity/v3/roles 0.054s
2025-03-18 08:55:13.011 68528 INFO tempest.lib.common.rest_client [req-06b1d15a-4348-43c3-bb19-62d5aa311864 req-06b1d15a-4348-43c3-bb19-62d5aa311864 ] Request (AttachInterfacesTestJSON:test_create_list_show_delete_interfaces_by_fixed_ip): 200 GET http://10.180.1.21/compute/v2.1/servers/a9204581-7d78-46e0-8b74-5da309b58fa4 1.286s
2025-03-18 08:55:13.029 68516 INFO tempest.lib.common.rest_client [req-26f54de7-1831-464e-bef9-678ca84b28ed req-26f54de7-1831-464e-bef9-678ca84b28ed ] Request (HypervisorAdminV228Test:setUpClass): 204 PUT http://10.180.1.21/identity/v3/projects/37999e7995574c37b66a4a96534f1aa6/users/719f811551a24391b261a32eb275d311/roles/a10b52f484a949e2b4857b1571f4801e 0.027s
2025-03-18 08:55:13.029 68516 INFO tempest.lib.common.dynamic_creds [-] Dynamic test user 719f811551a24391b261a32eb275d311 is created with scope project and roles: ['admin']
2025-03-18 08:55:13.029 68516 INFO tempest.lib.common.dynamic_creds [-] Acquired dynamic creds: credentials: Credentials: {'domain_id': 'default', 'domain_name': 'Default', 'username': 'tempest-HypervisorAdminV228Test-543335240-project-admin', 'project_domain_id': 'default', 'project_domain_name': 'Default', 'project_id': '37999e7995574c37b66a4a96534f1aa6', 'project_name': 'tempest-HypervisorAdminV228Test-543335240', 'tenant_id': '37999e7995574c37b66a4a96534f1aa6', 'tenant_name': 'tempest-HypervisorAdminV228Test-543335240', 'user_domain_id': 'default', 'user_domain_name': 'Default', 'user_id': '719f811551a24391b261a32eb275d311', 'system': None}, Network: None, Subnet: None, Router: None
2025-03-18 08:55:13.029 68516 INFO tempest.lib.common.dynamic_creds [-] Created isolated network resources for: credentials: Credentials: {'domain_id': 'default', 'domain_name': 'Default', 'username': 'tempest-HypervisorAdminV228Test-543335240-project-admin', 'project_domain_id': 'default', 'project_domain_name': 'Default', 'project_id': '37999e7995574c37b66a4a96534f1aa6', 'project_name': 'tempest-HypervisorAdminV228Test-543335240', 'tenant_id': '37999e7995574c37b66a4a96534f1aa6', 'tenant_name': 'tempest-HypervisorAdminV228Test-543335240', 'user_domain_id': 'default', 'user_domain_name': 'Default', 'user_id': '719f811551a24391b261a32eb275d311', 'system': None}, Network: None, Subnet: None, Router: None
2025-03-18 08:55:13.100 68544 INFO tempest.lib.common.rest_client [req-9bd5c473-16aa-463b-a72f-80b057393021 req-9bd5c473-16aa-463b-a72f-80b057393021 ] Request (SecurityGroupsTestAdminJSON:tearDownClass): 200 GET http://10.180.1.21:9696/networking/v2.0/security-groups?tenant_id=4c9fcb85eef442d6a8e32499dd59109c&name=default 0.178s
2025-03-18 08:55:13.116 68518 INFO tempest.lib.common.rest_client [req-410b203a-2c13-455c-835b-d233fb16768a req-410b203a-2c13-455c-835b-d233fb16768a ] Request (ServerDiagnosticsNegativeTest:test_get_server_diagnostics_by_non_admin): 200 GET http://10.180.1.21/compute/v2.1/servers/0c277809-2917-4d44-accf-5d128570d8c4 1.279s
2025-03-18 08:55:13.131 68516 INFO tempest.lib.common.rest_client [req-6ced3b87-ab34-4881-a32b-86e821e34def req-6ced3b87-ab34-4881-a32b-86e821e34def ] Request (HypervisorAdminV228Test:setUpClass): 201 POST http://10.180.1.21/identity/v3/auth/tokens 0.099s
2025-03-18 08:55:13.133 68554 INFO tempest.lib.common.rest_client [req-dd107a39-cfc4-4ade-875b-7d449f63785f req-dd107a39-cfc4-4ade-875b-7d449f63785f ] Request (FlavorsAccessTestJSON:tearDownClass): 204 DELETE http://10.180.1.21:9696/networking/v2.0/security-groups/e69338aa-3bcb-4820-804a-27169a4da250 0.577s
2025-03-18 08:55:13.157 68538 INFO tempest.lib.common.rest_client [req-0f1e9429-25a5-42d7-94de-931dc9c27744 req-0f1e9429-25a5-42d7-94de-931dc9c27744 ] Request (FlavorsAccessNegativeTestJSON:test_flavor_non_admin_add): 200 POST http://10.180.1.21/compute/v2.1/flavors 1.227s
2025-03-18 08:55:13.238 68576 INFO tempest.lib.common.rest_client [req-0f7de19e-ab46-4c6f-8ffe-916ea861ad74 req-0f7de19e-ab46-4c6f-8ffe-916ea861ad74 ] Request (DeleteServersAdminTestJSON:test_admin_delete_servers_of_others): 200 GET http://10.180.1.21/compute/v2.1/servers/e4908ba5-34c1-4386-a4ed-d1454f741a13 1.653s
2025-03-18 08:55:13.268 68554 INFO tempest.lib.common.rest_client [req-8ff5f85b-aa2b-4576-b1ac-9cd0b9437815 req-8ff5f85b-aa2b-4576-b1ac-9cd0b9437815 ] Request (FlavorsAccessTestJSON:tearDownClass): 204 DELETE http://10.180.1.21/identity/v3/projects/bed8ac97e44c4eecb6860db9cf87c51c 0.135s
2025-03-18 08:55:13.374 68554 INFO tempest.lib.common.rest_client [req-76090bf4-3f1b-4e27-97ae-b422d4f8a8f1 req-76090bf4-3f1b-4e27-97ae-b422d4f8a8f1 ] Request (HypervisorAdminNegativeTestJSON:setUpClass): 201 POST http://10.180.1.21/identity/v3/auth/tokens 0.103s
2025-03-18 08:55:13.389 68569 INFO tempest.lib.common.rest_client [req-10a05527-ae64-4591-afbf-4d59deadda06 req-10a05527-ae64-4591-afbf-4d59deadda06 ] Request (FloatingIPsTestJSON:tearDownClass): 204 DELETE http://10.180.1.21:9696/networking/v2.0/networks/9ea41c38-112f-4179-87aa-e8b9925fd98c 0.595s
2025-03-18 08:55:13.400 68544 INFO tempest.lib.common.rest_client [req-92221c92-07fb-4788-9c81-7f286845c21a req-92221c92-07fb-4788-9c81-7f286845c21a ] Request (SecurityGroupsTestAdminJSON:tearDownClass): 204 DELETE http://10.180.1.21:9696/networking/v2.0/security-groups/30c2cab1-0bb7-4f14-a4cb-2606a6c7bf6f 0.299s
2025-03-18 08:55:13.411 68554 INFO tempest.lib.common.rest_client [req-2827c0aa-5b38-40a8-9de3-54f52bb52e87 req-2827c0aa-5b38-40a8-9de3-54f52bb52e87 ] Request (HypervisorAdminNegativeTestJSON:setUpClass): 201 POST http://10.180.1.21/identity/v3/auth/tokens 0.034s
2025-03-18 08:55:13.452 68546 INFO tempest.lib.common.rest_client [req-9f4b3802-40e9-4c87-8646-21ad96dc9a5b req-9f4b3802-40e9-4c87-8646-21ad96dc9a5b ] Request (ServerRescueTestJSONUnderV235:setUpClass): 200 GET http://10.180.1.21/compute/v2.1/servers/21b5ba2f-3b5e-485a-a59c-6626f8b4be36 1.427s
2025-03-18 08:55:13.463 68546 INFO tempest.common.waiters [-] State transition "BUILD/spawning" ==> "ACTIVE/None" after 20 second wait
2025-03-18 08:55:13.478 68569 INFO tempest.lib.common.rest_client [req-d03dec1b-97ce-402b-8b44-627411632aaf req-d03dec1b-97ce-402b-8b44-627411632aaf ] Request (FloatingIPsTestJSON:tearDownClass): 204 DELETE http://10.180.1.21/identity/v3/users/c3d92ba235c44edbab33576e5df309c6 0.089s
2025-03-18 08:55:13.479 68569 INFO tempest.lib.common.dynamic_creds [-] Deleting project and security group for project: b45a8c76f5d4433eba531e19168f0be6
2025-03-18 08:55:13.480 68572 INFO tempest.lib.common.rest_client [req-20de36df-4b71-4997-a4b4-6ada0267f829 req-20de36df-4b71-4997-a4b4-6ada0267f829 ] Request (KeyPairsV2TestJSON:_run_cleanups): 202 DELETE http://10.180.1.21/compute/v2.1/os-keypairs/tempest-keypair-71007550 1.292s
2025-03-18 08:55:13.530 68569 INFO tempest.lib.common.rest_client [req-c5d037a4-3060-4e1c-90bc-f6d21ef23f4a req-c5d037a4-3060-4e1c-90bc-f6d21ef23f4a ] Request (FloatingIPsTestJSON:tearDownClass): 200 GET http://10.180.1.21:9696/networking/v2.0/security-groups?tenant_id=b45a8c76f5d4433eba531e19168f0be6&name=default 0.051s
2025-03-18 08:55:13.541 68544 INFO tempest.lib.common.rest_client [req-d99db0fd-9670-4706-a6d6-5930b0e56717 req-d99db0fd-9670-4706-a6d6-5930b0e56717 ] Request (SecurityGroupsTestAdminJSON:tearDownClass): 204 DELETE http://10.180.1.21/identity/v3/projects/4c9fcb85eef442d6a8e32499dd59109c 0.140s
2025-03-18 08:55:13.541 68544 INFO tempest.lib.common.dynamic_creds [-] Deleting project and security group for project: 2113d33694914f708093afc9277b6e92
2025-03-18 08:55:13.574 68554 INFO tempest.lib.common.rest_client [req-14560a70-0641-48b4-b087-668e550024f7 req-14560a70-0641-48b4-b087-668e550024f7 ] Request (HypervisorAdminNegativeTestJSON:setUpClass): 200 GET http://10.180.1.21/identity/v3/domains?name=Default 0.162s
2025-03-18 08:55:13.591 68544 INFO tempest.lib.common.rest_client [req-4ef71a77-d724-4a47-b538-68a94a8284e2 req-4ef71a77-d724-4a47-b538-68a94a8284e2 ] Request (SecurityGroupsTestAdminJSON:tearDownClass): 200 GET http://10.180.1.21:9696/networking/v2.0/security-groups?tenant_id=2113d33694914f708093afc9277b6e92&name=default 0.049s
2025-03-18 08:55:13.621 68554 INFO tempest.lib.common.rest_client [req-0ea8d6a6-29b2-4b08-a3bd-38bc4e806f99 req-0ea8d6a6-29b2-4b08-a3bd-38bc4e806f99 ] Request (HypervisorAdminNegativeTestJSON:setUpClass): 201 POST http://10.180.1.21/identity/v3/projects 0.046s
2025-03-18 08:55:13.686 68554 INFO tempest.lib.common.rest_client [req-46ebfa01-a2f3-4292-8d7d-8ccc1ad8398c req-46ebfa01-a2f3-4292-8d7d-8ccc1ad8398c ] Request (HypervisorAdminNegativeTestJSON:setUpClass): 201 POST http://10.180.1.21/identity/v3/users 0.064s
2025-03-18 08:55:13.720 68554 INFO tempest.lib.common.rest_client [req-22c118b2-c4b2-477e-9cb6-1ea900cef931 req-22c118b2-c4b2-477e-9cb6-1ea900cef931 ] Request (HypervisorAdminNegativeTestJSON:setUpClass): 200 GET http://10.180.1.21/identity/v3/roles 0.033s
2025-03-18 08:55:13.742 68569 INFO tempest.lib.common.rest_client [req-0713ad12-573e-4c2e-8230-14795a2d152d req-0713ad12-573e-4c2e-8230-14795a2d152d ] Request (FloatingIPsTestJSON:tearDownClass): 204 DELETE http://10.180.1.21:9696/networking/v2.0/security-groups/7e139e09-9333-4b93-9be7-91083c0309f7 0.211s
2025-03-18 08:55:13.754 68552 INFO tempest.lib.common.rest_client [req-4789972a-55f3-4897-91b3-8a6d1dc7838e req-4789972a-55f3-4897-91b3-8a6d1dc7838e ] Request (QuotasAdminNegativeTest:test_create_server_when_memory_quota_is_full): 403 POST http://10.180.1.21/compute/v2.1/servers 1.665s
2025-03-18 08:55:13.772 68554 INFO tempest.lib.common.rest_client [req-23a69ca8-76e5-49da-a8a8-f976ea422412 req-23a69ca8-76e5-49da-a8a8-f976ea422412 ] Request (HypervisorAdminNegativeTestJSON:setUpClass): 204 PUT http://10.180.1.21/identity/v3/projects/6fc9ddce35f146ae95b3bc840618d5c9/users/6a4cce5364774839a0de36863bcc30d3/roles/2d99c22cb3064247b90da6b605583005 0.052s
2025-03-18 08:55:13.772 68554 INFO tempest.lib.common.dynamic_creds [-] Dynamic test user 6a4cce5364774839a0de36863bcc30d3 is created with scope project and roles: ['member']
2025-03-18 08:55:13.773 68554 INFO tempest.lib.common.dynamic_creds [-] Acquired dynamic creds: credentials: Credentials: {'domain_id': 'default', 'domain_name': 'Default', 'username': 'tempest-HypervisorAdminNegativeTestJSON-1361741346-project-member', 'project_domain_id': 'default', 'project_domain_name': 'Default', 'project_id': '6fc9ddce35f146ae95b3bc840618d5c9', 'project_name': 'tempest-HypervisorAdminNegativeTestJSON-1361741346', 'tenant_id': '6fc9ddce35f146ae95b3bc840618d5c9', 'tenant_name': 'tempest-HypervisorAdminNegativeTestJSON-1361741346', 'user_domain_id': 'default', 'user_domain_name': 'Default', 'user_id': '6a4cce5364774839a0de36863bcc30d3', 'system': None}, Network: None, Subnet: None, Router: None
2025-03-18 08:55:13.774 68554 INFO tempest.lib.common.dynamic_creds [-] Created isolated network resources for: credentials: Credentials: {'domain_id': 'default', 'domain_name': 'Default', 'username': 'tempest-HypervisorAdminNegativeTestJSON-1361741346-project-member', 'project_domain_id': 'default', 'project_domain_name': 'Default', 'project_id': '6fc9ddce35f146ae95b3bc840618d5c9', 'project_name': 'tempest-HypervisorAdminNegativeTestJSON-1361741346', 'tenant_id': '6fc9ddce35f146ae95b3bc840618d5c9', 'tenant_name': 'tempest-HypervisorAdminNegativeTestJSON-1361741346', 'user_domain_id': 'default', 'user_domain_name': 'Default', 'user_id': '6a4cce5364774839a0de36863bcc30d3', 'system': None}, Network: None, Subnet: None, Router: None
2025-03-18 08:55:13.778 68544 INFO tempest.lib.common.rest_client [req-f638cdc6-ab66-44d2-9a61-beb29950f393 req-f638cdc6-ab66-44d2-9a61-beb29950f393 ] Request (SecurityGroupsTestAdminJSON:tearDownClass): 204 DELETE http://10.180.1.21:9696/networking/v2.0/security-groups/62c77e98-3a18-436f-bbc8-1a1753b61be1 0.186s
2025-03-18 08:55:13.795 68570 INFO tempest.lib.common.rest_client [req-0a74f18e-ebf0-4c69-abc2-56d0adbc0926 req-0a74f18e-ebf0-4c69-abc2-56d0adbc0926 ] Request (ServerExternalEventsTest:test_create_server_external_events): 200 GET http://10.180.1.21/compute/v2.1/servers/46f9a4a5-b9a1-43a3-96d4-ada3222b82f9 1.478s
2025-03-18 08:55:13.830 68569 INFO tempest.lib.common.rest_client [req-c83e8902-a5e3-4754-92ed-9f89ba52f3e8 req-c83e8902-a5e3-4754-92ed-9f89ba52f3e8 ] Request (FloatingIPsTestJSON:tearDownClass): 204 DELETE http://10.180.1.21/identity/v3/projects/b45a8c76f5d4433eba531e19168f0be6 0.088s
2025-03-18 08:55:13.856 68562 INFO tempest.lib.common.rest_client [req-e20fa678-47fb-45be-b93d-87ba2501f5e4 req-e20fa678-47fb-45be-b93d-87ba2501f5e4 ] Request (VolumesAssistedSnapshotsTest:test_volume_assisted_snapshot_create_delete): 200 GET http://10.180.1.21/compute/v2.1/servers/b65a2734-9ebf-4730-bc75-bffaa1621091 1.514s
2025-03-18 08:55:13.865 68562 INFO tempest.common.waiters [-] State transition "BUILD/scheduling" ==> "BUILD/None" after 5 second wait
2025-03-18 08:55:13.868 68574 INFO tempest.lib.common.rest_client [req-0051c741-e26f-4d32-84c9-78268ef48ddc req-0051c741-e26f-4d32-84c9-78268ef48ddc ] Request (FloatingIPsNegativeTestJSON:setUpClass): 201 POST http://10.180.1.21:9696/networking/v2.0/routers 1.681s
2025-03-18 08:55:13.906 68554 INFO tempest.lib.common.rest_client [req-13a62221-5d46-4e48-95ff-e53523bafc1d req-13a62221-5d46-4e48-95ff-e53523bafc1d ] Request (HypervisorAdminNegativeTestJSON:setUpClass): 201 POST http://10.180.1.21/identity/v3/auth/tokens 0.126s
2025-03-18 08:55:13.927 68544 INFO tempest.lib.common.rest_client [req-4262f821-ef92-4ed6-9c54-c48d842bfe7b req-4262f821-ef92-4ed6-9c54-c48d842bfe7b ] Request (SecurityGroupsTestAdminJSON:tearDownClass): 204 DELETE http://10.180.1.21/identity/v3/projects/2113d33694914f708093afc9277b6e92 0.148s
2025-03-18 08:55:13.969 68569 INFO tempest.lib.common.rest_client [req-450539d6-fb6e-4121-9b26-fb073c036876 req-450539d6-fb6e-4121-9b26-fb073c036876 ] Request (AbsoluteLimitsTestJSON:setUpClass): 201 POST http://10.180.1.21/identity/v3/auth/tokens 0.138s
2025-03-18 08:55:14.004 68554 INFO tempest.lib.common.rest_client [req-f11fee58-6e30-49e8-8102-b808f704c6ac req-f11fee58-6e30-49e8-8102-b808f704c6ac ] Request (HypervisorAdminNegativeTestJSON:setUpClass): 201 POST http://10.180.1.21/identity/v3/projects 0.097s
2025-03-18 08:55:14.063 68524 INFO tempest.lib.common.rest_client [req-4ff5fce0-cde6-4154-b664-68143f202f29 req-4ff5fce0-cde6-4154-b664-68143f202f29 ] Request (FlavorsV2NegativeTest:test_boot_with_low_ram): 200 GET http://10.180.1.21/compute/v2.1/flavors/42 1.589s
2025-03-18 08:55:14.076 68544 INFO tempest.lib.common.rest_client [req-11589b2d-5c88-48f7-ad51-3f44a44c9169 req-11589b2d-5c88-48f7-ad51-3f44a44c9169 ] Request (ImagesTestJSON:setUpClass): 201 POST http://10.180.1.21/identity/v3/auth/tokens 0.146s
2025-03-18 08:55:14.110 68554 INFO tempest.lib.common.rest_client [req-a016d1e1-6df3-4b6b-839f-477bae70a9f7 req-a016d1e1-6df3-4b6b-839f-477bae70a9f7 ] Request (HypervisorAdminNegativeTestJSON:setUpClass): 201 POST http://10.180.1.21/identity/v3/users 0.105s
2025-03-18 08:55:14.112 68569 INFO tempest.lib.common.rest_client [req-57acfb15-0296-4351-bfa1-cc2dc8948ad1 req-57acfb15-0296-4351-bfa1-cc2dc8948ad1 ] Request (AbsoluteLimitsTestJSON:setUpClass): 201 POST http://10.180.1.21/identity/v3/auth/tokens 0.140s
2025-03-18 08:55:14.131 68554 INFO tempest.lib.common.rest_client [req-e29b4c6c-43d8-4434-8d0b-dd7ce714cbad req-e29b4c6c-43d8-4434-8d0b-dd7ce714cbad ] Request (HypervisorAdminNegativeTestJSON:setUpClass): 200 GET http://10.180.1.21/identity/v3/roles 0.020s
2025-03-18 08:55:14.138 68544 INFO tempest.lib.common.rest_client [req-a67531cc-ab09-485e-bf7e-5a46213be8dc req-a67531cc-ab09-485e-bf7e-5a46213be8dc ] Request (ImagesTestJSON:setUpClass): 201 POST http://10.180.1.21/identity/v3/auth/tokens 0.059s
2025-03-18 08:55:14.155 68569 INFO tempest.lib.common.rest_client [req-48c012cf-071e-4925-9f2f-56c251b97b83 req-48c012cf-071e-4925-9f2f-56c251b97b83 ] Request (AbsoluteLimitsTestJSON:setUpClass): 200 GET http://10.180.1.21/identity/v3/domains?name=Default 0.043s
2025-03-18 08:55:14.193 68554 INFO tempest.lib.common.rest_client [req-7739b6c3-d058-40f8-a969-651766944843 req-7739b6c3-d058-40f8-a969-651766944843 ] Request (HypervisorAdminNegativeTestJSON:setUpClass): 204 PUT http://10.180.1.21/identity/v3/projects/0d4cfed684b543ab9e4e50359524fe51/users/1a7d7430a10f4e7d9ce5260fb80b890f/roles/a10b52f484a949e2b4857b1571f4801e 0.061s
2025-03-18 08:55:14.252 68544 INFO tempest.lib.common.rest_client [req-a7957f49-c64f-4d09-8a5c-12ebfd9dc320 req-a7957f49-c64f-4d09-8a5c-12ebfd9dc320 ] Request (ImagesTestJSON:setUpClass): 200 GET http://10.180.1.21/identity/v3/domains?name=Default 0.114s
2025-03-18 08:55:14.280 68554 INFO tempest.lib.common.rest_client [req-8a2dbb0d-c088-491e-85b9-ef20159056dd req-8a2dbb0d-c088-491e-85b9-ef20159056dd ] Request (HypervisorAdminNegativeTestJSON:setUpClass): 200 GET http://10.180.1.21/identity/v3/roles 0.087s
2025-03-18 08:55:14.290 68569 INFO tempest.lib.common.rest_client [req-4a6366f8-9508-42a4-88f9-9f7e0885d1b1 req-4a6366f8-9508-42a4-88f9-9f7e0885d1b1 ] Request (AbsoluteLimitsTestJSON:setUpClass): 201 POST http://10.180.1.21/identity/v3/projects 0.134s
2025-03-18 08:55:14.364 68544 INFO tempest.lib.common.rest_client [req-067581d9-6c4b-4b6c-9df1-31c71c7b273d req-067581d9-6c4b-4b6c-9df1-31c71c7b273d ] Request (ImagesTestJSON:setUpClass): 201 POST http://10.180.1.21/identity/v3/projects 0.111s
2025-03-18 08:55:14.370 68554 INFO tempest.lib.common.rest_client [req-70793641-b09a-427f-aef1-3b07480979b0 req-70793641-b09a-427f-aef1-3b07480979b0 ] Request (HypervisorAdminNegativeTestJSON:setUpClass): 204 PUT http://10.180.1.21/identity/v3/projects/0d4cfed684b543ab9e4e50359524fe51/users/1a7d7430a10f4e7d9ce5260fb80b890f/roles/a10b52f484a949e2b4857b1571f4801e 0.089s
2025-03-18 08:55:14.370 68554 INFO tempest.lib.common.dynamic_creds [-] Dynamic test user 1a7d7430a10f4e7d9ce5260fb80b890f is created with scope project and roles: ['admin']
2025-03-18 08:55:14.370 68554 INFO tempest.lib.common.dynamic_creds [-] Acquired dynamic creds: credentials: Credentials: {'domain_id': 'default', 'domain_name': 'Default', 'username': 'tempest-HypervisorAdminNegativeTestJSON-1975743420-project-admin', 'project_domain_id': 'default', 'project_domain_name': 'Default', 'project_id': '0d4cfed684b543ab9e4e50359524fe51', 'project_name': 'tempest-HypervisorAdminNegativeTestJSON-1975743420', 'tenant_id': '0d4cfed684b543ab9e4e50359524fe51', 'tenant_name': 'tempest-HypervisorAdminNegativeTestJSON-1975743420', 'user_domain_id': 'default', 'user_domain_name': 'Default', 'user_id': '1a7d7430a10f4e7d9ce5260fb80b890f', 'system': None}, Network: None, Subnet: None, Router: None
2025-03-18 08:55:14.370 68554 INFO tempest.lib.common.dynamic_creds [-] Created isolated network resources for: credentials: Credentials: {'domain_id': 'default', 'domain_name': 'Default', 'username': 'tempest-HypervisorAdminNegativeTestJSON-1975743420-project-admin', 'project_domain_id': 'default', 'project_domain_name': 'Default', 'project_id': '0d4cfed684b543ab9e4e50359524fe51', 'project_name': 'tempest-HypervisorAdminNegativeTestJSON-1975743420', 'tenant_id': '0d4cfed684b543ab9e4e50359524fe51', 'tenant_name': 'tempest-HypervisorAdminNegativeTestJSON-1975743420', 'user_domain_id': 'default', 'user_domain_name': 'Default', 'user_id': '1a7d7430a10f4e7d9ce5260fb80b890f', 'system': None}, Network: None, Subnet: None, Router: None
2025-03-18 08:55:14.462 68569 INFO tempest.lib.common.rest_client [req-d71c1101-a2c0-4f7a-a989-4e382968f3f4 req-d71c1101-a2c0-4f7a-a989-4e382968f3f4 ] Request (AbsoluteLimitsTestJSON:setUpClass): 201 POST http://10.180.1.21/identity/v3/users 0.172s
2025-03-18 08:55:14.473 68544 INFO tempest.lib.common.rest_client [req-e54a2f5c-4d94-4c10-9d54-ef8dd0e6b33d req-e54a2f5c-4d94-4c10-9d54-ef8dd0e6b33d ] Request (ImagesTestJSON:setUpClass): 201 POST http://10.180.1.21/identity/v3/users 0.108s
2025-03-18 08:55:14.555 68554 INFO tempest.lib.common.rest_client [req-3d2b25ce-7a87-4a2d-83cc-98e51ddfff81 req-3d2b25ce-7a87-4a2d-83cc-98e51ddfff81 ] Request (HypervisorAdminNegativeTestJSON:setUpClass): 201 POST http://10.180.1.21/identity/v3/auth/tokens 0.182s
2025-03-18 08:55:14.560 68569 INFO tempest.lib.common.rest_client [req-62feee74-3c39-4416-824e-04fc7f1c5914 req-62feee74-3c39-4416-824e-04fc7f1c5914 ] Request (AbsoluteLimitsTestJSON:setUpClass): 200 GET http://10.180.1.21/identity/v3/roles 0.097s
2025-03-18 08:55:14.571 68524 INFO tempest.lib.common.rest_client [req-0936ae55-93cf-4964-a931-ed16e89d845c req-0936ae55-93cf-4964-a931-ed16e89d845c ] Request (FlavorsV2NegativeTest:test_boot_with_low_ram): 201 POST http://10.180.1.21/image/v2/images 0.496s
2025-03-18 08:55:14.576 68544 INFO tempest.lib.common.rest_client [req-6833fdfa-f08c-4b5b-9504-b5f04f685db6 req-6833fdfa-f08c-4b5b-9504-b5f04f685db6 ] Request (ImagesTestJSON:setUpClass): 200 GET http://10.180.1.21/identity/v3/roles 0.102s
2025-03-18 08:55:14.599 68564 INFO tempest.lib.common.rest_client [req-5e797801-ca44-4fbf-868b-2d8c539a3fe9 req-5e797801-ca44-4fbf-868b-2d8c539a3fe9 ] Request (ServersAdminTestJSON:setUpClass): 200 GET http://10.180.1.21/compute/v2.1/servers/3399c49e-5663-46a8-8135-7f0f70f00028 2.111s
2025-03-18 08:55:14.603 68569 INFO tempest.lib.common.rest_client [req-2b99c78a-a50d-48ed-a391-05d427e1b67a req-2b99c78a-a50d-48ed-a391-05d427e1b67a ] Request (AbsoluteLimitsTestJSON:setUpClass): 204 PUT http://10.180.1.21/identity/v3/projects/496e9fae85464c1e98e6ef604542cbf0/users/961696f29b6c4e189b55e50087969e2e/roles/2d99c22cb3064247b90da6b605583005 0.041s
2025-03-18 08:55:14.603 68569 INFO tempest.lib.common.dynamic_creds [-] Dynamic test user 961696f29b6c4e189b55e50087969e2e is created with scope project and roles: ['member']
2025-03-18 08:55:14.603 68569 INFO tempest.lib.common.dynamic_creds [-] Acquired dynamic creds: credentials: Credentials: {'domain_id': 'default', 'domain_name': 'Default', 'username': 'tempest-AbsoluteLimitsTestJSON-192120132-project-member', 'project_domain_id': 'default', 'project_domain_name': 'Default', 'project_id': '496e9fae85464c1e98e6ef604542cbf0', 'project_name': 'tempest-AbsoluteLimitsTestJSON-192120132', 'tenant_id': '496e9fae85464c1e98e6ef604542cbf0', 'tenant_name': 'tempest-AbsoluteLimitsTestJSON-192120132', 'user_domain_id': 'default', 'user_domain_name': 'Default', 'user_id': '961696f29b6c4e189b55e50087969e2e', 'system': None}, Network: None, Subnet: None, Router: None
2025-03-18 08:55:14.604 68569 INFO tempest.lib.common.dynamic_creds [-] Created isolated network resources for: credentials: Credentials: {'domain_id': 'default', 'domain_name': 'Default', 'username': 'tempest-AbsoluteLimitsTestJSON-192120132-project-member', 'project_domain_id': 'default', 'project_domain_name': 'Default', 'project_id': '496e9fae85464c1e98e6ef604542cbf0', 'project_name': 'tempest-AbsoluteLimitsTestJSON-192120132', 'tenant_id': '496e9fae85464c1e98e6ef604542cbf0', 'tenant_name': 'tempest-AbsoluteLimitsTestJSON-192120132', 'user_domain_id': 'default', 'user_domain_name': 'Default', 'user_id': '961696f29b6c4e189b55e50087969e2e', 'system': None}, Network: None, Subnet: None, Router: None
2025-03-18 08:55:14.610 68564 INFO tempest.common.waiters [-] State transition "BUILD/None" ==> "BUILD/spawning" after 10 second wait
2025-03-18 08:55:14.615 68544 INFO tempest.lib.common.rest_client [req-c49d4090-258a-40ff-9f4b-0a10f089a2d4 req-c49d4090-258a-40ff-9f4b-0a10f089a2d4 ] Request (ImagesTestJSON:setUpClass): 204 PUT http://10.180.1.21/identity/v3/projects/fa1b0d897d3f4564a2d88e6b4b05d891/users/67f4e3d9df294d98a964eebcfc4e7290/roles/2d99c22cb3064247b90da6b605583005 0.038s
2025-03-18 08:55:14.615 68544 INFO tempest.lib.common.dynamic_creds [-] Dynamic test user 67f4e3d9df294d98a964eebcfc4e7290 is created with scope project and roles: ['member']
2025-03-18 08:55:14.615 68544 INFO tempest.lib.common.dynamic_creds [-] Acquired dynamic creds: credentials: Credentials: {'domain_id': 'default', 'domain_name': 'Default', 'username': 'tempest-ImagesTestJSON-964484771-project-member', 'project_domain_id': 'default', 'project_domain_name': 'Default', 'project_id': 'fa1b0d897d3f4564a2d88e6b4b05d891', 'project_name': 'tempest-ImagesTestJSON-964484771', 'tenant_id': 'fa1b0d897d3f4564a2d88e6b4b05d891', 'tenant_name': 'tempest-ImagesTestJSON-964484771', 'user_domain_id': 'default', 'user_domain_name': 'Default', 'user_id': '67f4e3d9df294d98a964eebcfc4e7290', 'system': None}, Network: None, Subnet: None, Router: None
2025-03-18 08:55:14.678 68569 INFO tempest.lib.common.rest_client [req-730a0d24-9108-49ba-ba79-592fcc2ddd47 req-730a0d24-9108-49ba-ba79-592fcc2ddd47 ] Request (AbsoluteLimitsTestJSON:setUpClass): 201 POST http://10.180.1.21/identity/v3/auth/tokens 0.070s
2025-03-18 08:55:14.727 68544 INFO tempest.lib.common.rest_client [req-02f98353-3cf3-4cb7-9dcd-f9753e80a1ff req-02f98353-3cf3-4cb7-9dcd-f9753e80a1ff ] Request (ImagesTestJSON:setUpClass): 201 POST http://10.180.1.21/identity/v3/auth/tokens 0.111s
2025-03-18 08:55:15.053 68530 INFO tempest.lib.common.rest_client [req-5c5f5e22-6f08-41b2-806d-73c063c4eb49 req-5c5f5e22-6f08-41b2-806d-73c063c4eb49 ] Request (VolumesAdminNegativeTest:test_update_attached_volume_with_nonexistent_volume_in_body): 200 GET http://10.180.1.21/compute/v2.1/servers/e7cfb8f9-facb-4c79-a98c-dbd84cd54c20 2.364s
2025-03-18 08:55:15.063 68558 INFO tempest.lib.common.rest_client [req-634fcbad-ee6f-447f-87c6-4e5934875615 req-634fcbad-ee6f-447f-87c6-4e5934875615 ] Request (AggregatesAdminNegativeTestJSON:test_aggregate_create_aggregate_name_length_exceeds_255): 400 POST http://10.180.1.21/compute/v2.1/os-aggregates 2.268s
2025-03-18 08:55:15.175 68543 INFO tempest.lib.common.rest_client [req-afff063a-785a-4c9c-923d-2a1a9967acd6 req-afff063a-785a-4c9c-923d-2a1a9967acd6 ] Request (TenantUsagesTestJSON:setUpClass): 200 GET http://10.180.1.21/compute/v2.1/servers/1a83858e-331a-4b23-8ef3-393c123d155b 2.377s
2025-03-18 08:55:15.185 68520 INFO tempest.lib.common.rest_client [req-18783566-379f-4431-8fb3-62b052bfc519 req-18783566-379f-4431-8fb3-62b052bfc519 ] Request (HostsAdminNegativeTestJSON:test_update_host_with_invalid_status): 400 PUT http://10.180.1.21/compute/v2.1/os-hosts/devstack 2.376s
2025-03-18 08:55:15.194 68543 INFO tempest.common.waiters [-] State transition "BUILD/scheduling" ==> "BUILD/None" after 9 second wait
2025-03-18 08:55:15.268 68550 INFO tempest.lib.common.rest_client [req-1eb299fd-c912-4332-bdf6-aa52fa5d4337 req-1eb299fd-c912-4332-bdf6-aa52fa5d4337 ] Request (ServersWithSpecificFlavorTestJSON:test_verify_created_server_ephemeral_disk): 202 POST http://10.180.1.21/compute/v2.1/servers 2.885s
2025-03-18 08:55:15.283 68526 INFO tempest.lib.common.rest_client [req-dac92cc3-bbde-46cb-8a52-aa06acd0663c req-dac92cc3-bbde-46cb-8a52-aa06acd0663c ] Request (QuotaClassesAdminTestJSON:_run_cleanups): 200 PUT http://10.180.1.21/compute/v2.1/os-quota-class-sets/default 2.459s
2025-03-18 08:55:15.301 68544 INFO tempest.lib.common.rest_client [req-12ea788e-d05f-47a0-b47b-b4408f00de4c req-12ea788e-d05f-47a0-b47b-b4408f00de4c ] Request (ImagesTestJSON:setUpClass): 201 POST http://10.180.1.21:9696/networking/v2.0/networks 0.574s
2025-03-18 08:55:15.312 68524 INFO tempest.lib.common.rest_client [req-afe83ede-8e53-4cbd-acfe-052b1cf66eb2 req-afe83ede-8e53-4cbd-acfe-052b1cf66eb2 ] Request (FlavorsV2NegativeTest:test_boot_with_low_ram): 204 PUT http://10.180.1.21/image/v2/images/a0a0cf35-d315-45dd-8b47-b1fcd1a7a836/file 0.741s
2025-03-18 08:55:15.328 68548 INFO tempest.lib.common.rest_client [req-847db44b-1959-49bb-89c5-f7c4e4184474 req-847db44b-1959-49bb-89c5-f7c4e4184474 ] Request (FlavorsAdminTestJSON:_run_cleanups): 200 GET http://10.180.1.21/compute/v2.1/flavors/detail 2.446s
2025-03-18 08:55:15.344 68574 INFO tempest.lib.common.rest_client [req-9066120a-b754-4bab-836b-a5f0853ef25a req-9066120a-b754-4bab-836b-a5f0853ef25a ] Request (FloatingIPsNegativeTestJSON:setUpClass): 200 PUT http://10.180.1.21:9696/networking/v2.0/routers/1bec0776-7e07-4d04-80f6-0f58c15dc0a7/add_router_interface 1.475s
2025-03-18 08:55:15.344 68574 INFO tempest.lib.common.dynamic_creds [-] Created isolated network resources for: credentials: Credentials: {'domain_id': 'default', 'domain_name': 'Default', 'username': 'tempest-FloatingIPsNegativeTestJSON-668553401-project-member', 'project_domain_id': 'default', 'project_domain_name': 'Default', 'project_id': 'b25bee7fe721466b80ca940685fdc05d', 'project_name': 'tempest-FloatingIPsNegativeTestJSON-668553401', 'tenant_id': 'b25bee7fe721466b80ca940685fdc05d', 'tenant_name': 'tempest-FloatingIPsNegativeTestJSON-668553401', 'user_domain_id': 'default', 'user_domain_name': 'Default', 'user_id': '3fb624a2742c41f589857b51241d8923', 'system': None}, Network: {'id': '6a909ca5-23b3-46ed-a376-f015e8d98dad', 'name': 'tempest-FloatingIPsNegativeTestJSON-1578678972-network', 'tenant_id': 'b25bee7fe721466b80ca940685fdc05d', 'admin_state_up': True, 'mtu': 8950, 'status': 'ACTIVE', 'subnets': [], 'shared': False, 'project_id': 'b25bee7fe721466b80ca940685fdc05d', 'port_security_enabled': True, 'router:external': False, 'provider:network_type': 'vlan', 'provider:physical_network': 'default', 'provider:segmentation_id': 776, 'availability_zone_hints': [], 'availability_zones': [], 'ipv4_address_scope': None, 'ipv6_address_scope': None, 'description': '', 'tags': [], 'created_at': '2025-03-18T08:55:10Z', 'updated_at': '2025-03-18T08:55:11Z', 'revision_number': 1}, Subnet: {'id': '8700dca1-086b-44c8-b587-b6bb9e3f1dc6', 'name': 'tempest-FloatingIPsNegativeTestJSON-1578678972-subnet', 'tenant_id': 'b25bee7fe721466b80ca940685fdc05d', 'network_id': '6a909ca5-23b3-46ed-a376-f015e8d98dad', 'ip_version': 4, 'subnetpool_id': None, 'enable_dhcp': True, 'ipv6_ra_mode': None, 'ipv6_address_mode': None, 'gateway_ip': '192.168.128.1', 'cidr': '192.168.128.0/28', 'allocation_pools': [{'start': '192.168.128.2', 'end': '192.168.128.14'}], 'host_routes': [], 'dns_nameservers': [], 'description': '', 'router:external': False, 'service_types': [], 'tags': [], 'created_at': '2025-03-18T08:55:11Z', 'updated_at': '2025-03-18T08:55:11Z', 'revision_number': 0, 'project_id': 'b25bee7fe721466b80ca940685fdc05d'}, Router: {'id': '1bec0776-7e07-4d04-80f6-0f58c15dc0a7', 'name': 'tempest-FloatingIPsNegativeTestJSON-1578678972-router', 'tenant_id': 'b25bee7fe721466b80ca940685fdc05d', 'admin_state_up': True, 'status': 'ACTIVE', 'external_gateway_info': {'network_id': '450df520-7ce6-4357-94a6-c9800d0fe452', 'external_fixed_ips': [{'subnet_id': 'a9b9645b-bbc0-4566-971d-2ce8edde904a', 'ip_address': '10.180.180.138'}], 'enable_snat': True}, 'description': '', 'availability_zones': [], 'distributed': False, 'ha': False, 'availability_zone_hints': [], 'routes': [], 'flavor_id': None, 'tags': [], 'created_at': '2025-03-18T08:55:12Z', 'updated_at': '2025-03-18T08:55:13Z', 'revision_number': 2, 'project_id': 'b25bee7fe721466b80ca940685fdc05d'}
2025-03-18 08:55:15.407 68556 INFO tempest.lib.common.rest_client [req-a505dff5-cfa5-4cd5-9001-059123682d88 req-a505dff5-cfa5-4cd5-9001-059123682d88 ] Request (ServersTestMultiNic:test_verify_duplicate_network_nics): 200 GET http://10.180.1.21/compute/v2.1/servers/3443ca21-8dbf-4c50-9028-c1989ec04399 2.536s
2025-03-18 08:55:15.487 68524 INFO tempest.lib.common.rest_client [req-36138dc8-34de-4ba4-9941-7c5a9076a1c1 req-36138dc8-34de-4ba4-9941-7c5a9076a1c1 ] Request (FlavorsV2NegativeTest:test_boot_with_low_ram): 201 POST http://10.180.1.21/identity/v3/auth/tokens 0.168s
2025-03-18 08:55:15.487 68524 INFO tempest.lib.common.fixed_network [-] (FlavorsV2NegativeTest:test_boot_with_low_ram) Found network None available for tenant
2025-03-18 08:55:15.525 68526 INFO tempest.lib.common.rest_client [req-000c574a-b69c-4c8a-aa41-af733fd7b78c req-000c574a-b69c-4c8a-aa41-af733fd7b78c ] Request (QuotaClassesAdminTestJSON:tearDownClass): 204 DELETE http://10.180.1.21/identity/v3/users/e016292ddd294596affc6f988c5cb631 0.235s
2025-03-18 08:55:15.618 68574 INFO tempest.lib.common.rest_client [req-40e64da6-f672-438d-973a-3dc474786585 req-40e64da6-f672-438d-973a-3dc474786585 ] Request (FloatingIPsNegativeTestJSON:setUpClass): 201 POST http://10.180.1.21/identity/v3/auth/tokens 0.268s
2025-03-18 08:55:15.624 68566 INFO tempest.lib.common.rest_client [req-cdcd7a8a-98b4-4b6e-8f0a-868a6965ea19 req-cdcd7a8a-98b4-4b6e-8f0a-868a6965ea19 ] Request (QuotasAdminTestJSON:test_delete_quota): 200 GET http://10.180.1.21/identity/v3/domains?name=Default 0.283s
2025-03-18 08:55:15.638 68534 INFO tempest.lib.common.rest_client [req-54ab957e-ec37-43e5-989c-9b7e79fcd042 req-54ab957e-ec37-43e5-989c-9b7e79fcd042 ] Request (SecurityGroupsNegativeTestJSON:setUpClass): 201 POST http://10.180.1.21:9696/networking/v2.0/routers 3.089s
2025-03-18 08:55:15.686 68566 INFO tempest.lib.common.rest_client [req-716455e5-9bcc-4c46-965b-6fc99f9a6403 req-716455e5-9bcc-4c46-965b-6fc99f9a6403 ] Request (QuotasAdminTestJSON:test_delete_quota): 201 POST http://10.180.1.21/identity/v3/projects 0.061s
2025-03-18 08:55:15.731 68522 INFO tempest.lib.common.rest_client [req-7a66e911-3b1d-49e8-a656-10b57a1a390f req-7a66e911-3b1d-49e8-a656-10b57a1a390f ] Request (MigrationsAdminTest:test_list_migrations_in_flavor_resize_situation): 200 GET http://10.180.1.21/compute/v2.1/servers/e6481c67-cb8e-48a4-9749-fb060e70ffa4 2.828s
2025-03-18 08:55:15.759 68540 INFO tempest.lib.common.rest_client [req-28376a43-4559-4c87-b8d8-a6ab1b378a61 req-28376a43-4559-4c87-b8d8-a6ab1b378a61 ] Request (ImagesMetadataTestJSON:setUp): 200 PUT http://10.180.1.21/compute/v2.1/images/461104d6-caed-4917-953f-ba9ddd6f8fe1/metadata 2.878s
2025-03-18 08:55:15.776 68526 INFO tempest.lib.common.rest_client [req-21546d76-decd-4680-a6d0-1228d8055513 req-21546d76-decd-4680-a6d0-1228d8055513 ] Request (QuotaClassesAdminTestJSON:tearDownClass): 204 DELETE http://10.180.1.21/identity/v3/users/315951b606e64812a6849e6d5459fcda 0.250s
2025-03-18 08:55:15.776 68526 INFO tempest.lib.common.dynamic_creds [-] Deleting project and security group for project: 30f3e811202f46479e1930765cf9d965
2025-03-18 08:55:15.818 68544 INFO tempest.lib.common.rest_client [req-03dc9030-a716-4f94-981f-0876b58655d6 req-03dc9030-a716-4f94-981f-0876b58655d6 ] Request (ImagesTestJSON:setUpClass): 201 POST http://10.180.1.21:9696/networking/v2.0/subnets 0.515s
2025-03-18 08:55:15.857 68566 INFO tempest.lib.common.rest_client [req-c33703db-0077-43f3-ba76-f955cacb50a0 req-c33703db-0077-43f3-ba76-f955cacb50a0 ] Request (QuotasAdminTestJSON:test_delete_quota): 200 GET http://10.180.1.21/identity/v3/domains?name=Default 0.171s
2025-03-18 08:55:15.878 68536 INFO tempest.lib.common.rest_client [req-e08edf6f-6e92-4f82-9c29-54aa46d9ee23 req-e08edf6f-6e92-4f82-9c29-54aa46d9ee23 ] Request (ServersAdminNegativeTestJSON:setUpClass): 200 GET http://10.180.1.21/compute/v2.1/servers/56ee06de-74a2-447a-860c-307ab88a8eeb 2.732s
2025-03-18 08:55:15.918 68526 INFO tempest.lib.common.rest_client [req-15d688c1-ec33-4ad3-ac1a-e69951bf5a93 req-15d688c1-ec33-4ad3-ac1a-e69951bf5a93 ] Request (QuotaClassesAdminTestJSON:tearDownClass): 201 POST http://10.180.1.21/identity/v3/auth/tokens 0.141s
2025-03-18 08:55:15.955 68516 INFO tempest.lib.common.rest_client [req-85dd6837-5ab8-46ff-9899-c586c01a662d req-85dd6837-5ab8-46ff-9899-c586c01a662d ] Request (HypervisorAdminV228Test:test_get_list_hypervisor_details): 200 GET http://10.180.1.21/compute/v2.1/os-hypervisors 2.823s
2025-03-18 08:55:15.998 68538 INFO tempest.lib.common.rest_client [req-523c8f00-645b-4dfd-8ef7-670e970d947a req-523c8f00-645b-4dfd-8ef7-670e970d947a ] Request (FlavorsAccessNegativeTestJSON:test_flavor_non_admin_add): 403 POST http://10.180.1.21/compute/v2.1/flavors/447632021/action 2.838s
2025-03-18 08:55:16.024 68578 INFO tempest.lib.common.rest_client [req-2476131f-00da-43ef-ba46-1d1203bddcf6 req-2476131f-00da-43ef-ba46-1d1203bddcf6 ] Request (ServersV294TestFqdnHostnames:setUpClass): 200 PUT http://10.180.1.21:9696/networking/v2.0/routers/308d16ff-a6ca-49ba-a8fc-52898dfbd917/add_router_interface 4.142s
