2025-03-18 08:56:47.873 68558 INFO tempest.lib.common.rest_client [req-9db1781d-e0f5-4b4b-aeb8-9eff864877ca req-9db1781d-e0f5-4b4b-aeb8-9eff864877ca ] Request (ServerActionsTestJSON:setUpClass): 200 GET http://10.180.1.21/compute/v2.1/servers/4bbb344e-11e3-48ad-ad1d-437222dbf06d 0.126s
2025-03-18 08:56:47.949 68536 INFO tempest.lib.common.rest_client [req-845bae71-445e-4c68-89f8-a811aeb37ffc req-845bae71-445e-4c68-89f8-a811aeb37ffc ] Request (ServersAdminNegativeTestJSON:tearDownClass): 200 GET http://10.180.1.21/compute/v2.1/servers/b63e221e-88cd-4b8c-88ca-c1cb8b7c6318 0.197s
2025-03-18 08:56:48.001 68576 INFO tempest.lib.common.rest_client [req-8e6e4d98-6e53-4ddc-b827-d37bf328d3c5 req-8e6e4d98-6e53-4ddc-b827-d37bf328d3c5 ] Request (DeleteServersAdminTestJSON:test_delete_server_while_in_error_state): 200 GET http://10.180.1.21/compute/v2.1/servers/b36e80dd-0344-4908-8a25-4d4dd07931c3 0.186s
2025-03-18 08:56:48.045 68544 INFO tempest.lib.common.rest_client [req-39a3fde6-1c82-47dc-87d9-e26453f3d710 req-39a3fde6-1c82-47dc-87d9-e26453f3d710 ] Request (ImagesTestJSON:test_create_image_from_suspended_server): 200 GET http://10.180.1.21/compute/v2.1/servers/faed078e-05e1-49ca-a279-c6e9116a3a46 0.228s
2025-03-18 08:56:48.088 68520 INFO tempest.lib.common.rest_client [req-cfd62d5d-378c-46c5-895d-faae7c1c1609 req-cfd62d5d-378c-46c5-895d-faae7c1c1609 ] Request (SecurityGroupsTestJSON:test_server_security_groups): 200 GET http://10.180.1.21/compute/v2.1/servers/73f40b7d-48eb-41a0-8097-f155dca16c2d 0.224s
2025-03-18 08:56:48.135 68564 INFO tempest.lib.common.rest_client [req-3fc40a0c-7299-480a-a729-cd131ba88fcc req-3fc40a0c-7299-480a-a729-cd131ba88fcc ] Request (ServersAdminTestJSON:test_inject_network_info): 200 GET http://10.180.1.21/compute/v2.1/servers/92a7e525-691d-4b2f-915f-89595543fe46 0.219s
2025-03-18 08:56:48.188 68516 INFO tempest.lib.common.rest_client [req-6e14e969-721e-44cf-9a31-53e7ee564192 req-6e14e969-721e-44cf-9a31-53e7ee564192 ] Request (ListServersNegativeTestJSON:setUpClass): 200 GET http://10.180.1.21/compute/v2.1/servers/002960bc-570e-4ed4-889f-5a476cc9471c 0.235s
2025-03-18 08:56:48.260 68569 INFO tempest.lib.common.rest_client [req-7d0d9f36-33ce-438a-b395-0d6e2b821df0 req-7d0d9f36-33ce-438a-b395-0d6e2b821df0 ] Request (ServerGroupTestJSON:_run_cleanups): 200 GET http://10.180.1.21/compute/v2.1/servers/e6415680-4084-41ed-9cce-cae4c14919da 0.292s
2025-03-18 08:56:48.268 68569 INFO tempest.common.waiters [-] State transition "ACTIVE/deleting" ==> "DELETED/None" after 4 second wait
2025-03-18 08:56:48.276 68532 INFO tempest.lib.common.rest_client [req-67ad9da6-dccc-4e3d-8f2e-b88b773793b0 req-67ad9da6-dccc-4e3d-8f2e-b88b773793b0 ] Request (ServersAdmin275Test:tearDownClass): 404 GET http://10.180.1.21/compute/v2.1/servers/26efde6f-cfcd-4f89-9807-94e7622a0e96 0.240s
2025-03-18 08:56:48.283 68538 INFO tempest.lib.common.rest_client [req-257dd840-bb30-4055-850f-aa64b5327749 req-257dd840-bb30-4055-850f-aa64b5327749 ] Request (ServersAaction247Test:test_create_backup): 202 POST http://10.180.1.21/compute/v2.1/servers/112fe205-82ae-498b-82df-5ca6b5d13b59/action 0.470s
2025-03-18 08:56:48.343 68543 INFO tempest.lib.common.rest_client [req-b31a6270-d6b9-4e5a-b9bd-9f9ce1e22d0e req-b31a6270-d6b9-4e5a-b9bd-9f9ce1e22d0e ] Request (ServerDiskConfigTestJSON:test_rebuild_server_with_auto_disk_config): 200 GET http://10.180.1.21/compute/v2.1/servers/5030d6f8-3dd0-4a1e-a5b7-547f52dc563b 0.245s
2025-03-18 08:56:48.349 68546 INFO tempest.lib.common.rest_client [req-b3f4454b-2c02-43d1-8f00-74b68fb4b040 req-b3f4454b-2c02-43d1-8f00-74b68fb4b040 ] Request (ServersListShow296Test:test_list_show_update_rebuild_server_296): 200 GET http://10.180.1.21/compute/v2.1/servers/daa314ca-8e53-4e19-af98-749c8c782876 0.256s
2025-03-18 08:56:48.394 68532 INFO tempest.lib.common.rest_client [req-77bd0976-d74b-4185-ba92-5911090e3097 req-77bd0976-d74b-4185-ba92-5911090e3097 ] Request (ServersAdmin275Test:tearDownClass): 204 DELETE http://10.180.1.21/identity/v3/users/b526e00aa7924555a4ab297ebfb0af65 0.117s
2025-03-18 08:56:48.409 68556 INFO tempest.lib.common.rest_client [req-18769daa-fdee-4480-91e8-4a2cdadcf5ec req-18769daa-fdee-4480-91e8-4a2cdadcf5ec ] Request (ServersTestMultiNic:test_verify_multiple_nics_order): 200 GET http://10.180.1.21/compute/v2.1/servers/084f19f1-db26-4524-b863-f9a4e968888c 0.140s
2025-03-18 08:56:48.419 68534 INFO tempest.lib.common.rest_client [req-ac2e7bd3-c407-47a6-b7a1-c93b061054ee req-ac2e7bd3-c407-47a6-b7a1-c93b061054ee ] Request (AttachInterfacesV270Test:tearDownClass): 200 GET http://10.180.1.21/compute/v2.1/servers/7faccb18-35c1-4c02-9a01-f410755052f9 0.187s
2025-03-18 08:56:48.469 68574 INFO tempest.lib.common.rest_client [req-27873bca-634e-44b4-93aa-dc95260de517 req-27873bca-634e-44b4-93aa-dc95260de517 ] Request (ServersNegativeTestMultiTenantJSON:setUpClass): 200 GET http://10.180.1.21/compute/v2.1/servers/1b6ff85a-4b0e-49e6-a6bb-26ab474b4e97 0.048s
2025-03-18 08:56:48.487 68532 INFO tempest.lib.common.rest_client [req-a41fef14-e5d8-480f-a078-ff9d4c612cac req-a41fef14-e5d8-480f-a078-ff9d4c612cac ] Request (ServersAdmin275Test:tearDownClass): 204 DELETE http://10.180.1.21/identity/v3/users/9a125943d79b424a9c85d64a43872a2a 0.092s
2025-03-18 08:56:48.487 68532 INFO tempest.lib.common.dynamic_creds [-] Deleting project and security group for project: 797209eedbb142c1aa74b510077962b3
2025-03-18 08:56:48.487 68538 INFO tempest.lib.common.rest_client [req-b587673c-6493-4978-ab13-00345595c62b req-b587673c-6493-4978-ab13-00345595c62b ] Request (ServersAaction247Test:tearDownClass): 204 DELETE http://10.180.1.21/compute/v2.1/servers/112fe205-82ae-498b-82df-5ca6b5d13b59 0.202s
2025-03-18 08:56:48.539 68532 INFO tempest.lib.common.rest_client [req-9aa2b31d-e224-4acf-885a-858fd01f6c20 req-9aa2b31d-e224-4acf-885a-858fd01f6c20 ] Request (ServersAdmin275Test:tearDownClass): 201 POST http://10.180.1.21/identity/v3/auth/tokens 0.052s
2025-03-18 08:56:48.540 68538 INFO tempest.lib.common.rest_client [req-7afc4c3d-516b-43b2-87b5-4fc294be831d req-7afc4c3d-516b-43b2-87b5-4fc294be831d ] Request (ServersAaction247Test:tearDownClass): 200 GET http://10.180.1.21/compute/v2.1/servers/112fe205-82ae-498b-82df-5ca6b5d13b59 0.052s
2025-03-18 08:56:48.559 68540 INFO tempest.lib.common.rest_client [req-75b24d9b-0ac1-4972-aeb6-49b7294af1e6 req-75b24d9b-0ac1-4972-aeb6-49b7294af1e6 ] Request (ServerActionsV293TestJSON:setUpClass): 200 GET http://10.180.1.21/compute/v2.1/servers/9e2bfb4b-822d-4728-9a5b-a126fde49d45 0.051s
2025-03-18 08:56:48.569 68540 INFO tempest.common.waiters [-] State transition "BUILD/scheduling" ==> "BUILD/None" after 30 second wait
2025-03-18 08:56:48.627 68566 INFO tempest.lib.common.rest_client [req-523155d5-7bf2-49f8-8613-85a7caa7f127 req-523155d5-7bf2-49f8-8613-85a7caa7f127 ] Request (InstanceActionsNegativeTestJSON:setUpClass): 200 GET http://10.180.1.21/compute/v2.1/servers/6c0b1a50-ac65-424d-aa40-934135372423 0.049s
2025-03-18 08:56:48.681 68554 INFO tempest.lib.common.rest_client [req-68acd648-d261-47ad-b19f-8cf9cb95dd59 req-68acd648-d261-47ad-b19f-8cf9cb95dd59 ] Request (ListServerFiltersTestJSON:test_list_servers_filter_by_shutoff_status): 200 GET http://10.180.1.21/compute/v2.1/servers/61aaee44-9333-4eab-bc8f-cba4b828b845 0.117s
2025-03-18 08:56:48.686 68524 INFO tempest.lib.common.rest_client [req-5e46c281-46a1-4723-bfa8-3386c4294d6b req-5e46c281-46a1-4723-bfa8-3386c4294d6b ] Request (ImagesOneServerNegativeTestJSON:_run_cleanups): 200 GET http://10.180.1.21/compute/v2.1/servers/8e5aa82d-8c22-4b8e-9133-361bfe0b33c3 0.058s
2025-03-18 08:56:48.696 68532 INFO tempest.lib.common.rest_client [req-4a310cb6-4dc3-407b-a776-b94c3f94b7e8 req-4a310cb6-4dc3-407b-a776-b94c3f94b7e8 ] Request (ServersAdmin275Test:tearDownClass): 200 GET http://10.180.1.21:9696/networking/v2.0/security-groups?tenant_id=797209eedbb142c1aa74b510077962b3&name=default 0.157s
2025-03-18 08:56:48.740 68548 INFO tempest.lib.common.rest_client [req-73a80e5a-eb9a-4fe6-b86b-fb2ec5c8e41c req-73a80e5a-eb9a-4fe6-b86b-fb2ec5c8e41c ] Request (ServerMetadataNegativeTestJSON:setUpClass): 200 GET http://10.180.1.21/compute/v2.1/servers/fdb15207-4edb-4315-b849-04643bdac5e9 0.085s
2025-03-18 08:56:48.751 68522 INFO tempest.lib.common.rest_client [req-62c5eb81-3a71-449f-a533-c5a03172aa42 req-62c5eb81-3a71-449f-a533-c5a03172aa42 ] Request (MigrationsAdminTest:test_resize_server_revert_deleted_flavor): 200 GET http://10.180.1.21/compute/v2.1/servers/b131322c-0c3e-4508-8e93-5dada3d44f34 0.072s
2025-03-18 08:56:48.791 68560 INFO tempest.lib.common.rest_client [req-93eec924-c4ed-4c48-86d3-29cb5f924135 req-93eec924-c4ed-4c48-86d3-29cb5f924135 ] Request (AttachInterfacesUnderV243Test:test_add_remove_fixed_ip): 200 GET http://10.180.1.21/compute/v2.1/servers/e834d430-07da-48c1-9eb5-4884c24ba994 0.095s
2025-03-18 08:56:48.806 68518 INFO tempest.lib.common.rest_client [req-f732205d-e489-4071-9975-133c5f16ccd3 req-f732205d-e489-4071-9975-133c5f16ccd3 ] Request (ImagesNegativeTestJSON:test_create_image_from_deleted_server): 200 GET http://10.180.1.21/compute/v2.1/servers/8d737621-6a66-4c01-b11b-91073036750f 0.057s
2025-03-18 08:56:48.817 68532 INFO tempest.lib.common.rest_client [req-af14391c-5287-4bf1-9a4f-bec12b83ea38 req-af14391c-5287-4bf1-9a4f-bec12b83ea38 ] Request (ServersAdmin275Test:tearDownClass): 204 DELETE http://10.180.1.21:9696/networking/v2.0/security-groups/abd8391f-13fa-4ce6-ab05-d1523ef51180 0.119s
2025-03-18 08:56:48.874 68532 INFO tempest.lib.common.rest_client [req-127663f6-b8fb-43e5-a0e1-6be30b2ac699 req-127663f6-b8fb-43e5-a0e1-6be30b2ac699 ] Request (ServersAdmin275Test:tearDownClass): 204 DELETE http://10.180.1.21/identity/v3/projects/797209eedbb142c1aa74b510077962b3 0.057s
2025-03-18 08:56:48.875 68532 INFO tempest.lib.common.dynamic_creds [-] Deleting project and security group for project: 65ba8c6314b745529774f8de1ee600dc
2025-03-18 08:56:48.878 68552 INFO tempest.lib.common.rest_client [req-59f5b81d-de10-4dfe-895e-da76c957c80b req-59f5b81d-de10-4dfe-895e-da76c957c80b ] Request (ServerDiagnosticsV248Test:test_get_server_diagnostics): 200 GET http://10.180.1.21/compute/v2.1/servers/f5b4aac1-464e-460c-9c19-2c5d43302016 0.054s
2025-03-18 08:56:48.954 68558 INFO tempest.lib.common.rest_client [req-ab553b3b-d02b-4262-bec4-c2208adc94a6 req-ab553b3b-d02b-4262-bec4-c2208adc94a6 ] Request (ServerActionsTestJSON:setUpClass): 200 GET http://10.180.1.21/compute/v2.1/servers/4bbb344e-11e3-48ad-ad1d-437222dbf06d 0.072s
2025-03-18 08:56:49.050 68532 INFO tempest.lib.common.rest_client [req-65ead9b1-9961-44e6-90d3-8137e7d04e51 req-65ead9b1-9961-44e6-90d3-8137e7d04e51 ] Request (ServersAdmin275Test:tearDownClass): 200 GET http://10.180.1.21:9696/networking/v2.0/security-groups?tenant_id=65ba8c6314b745529774f8de1ee600dc&name=default 0.175s
2025-03-18 08:56:49.081 68576 INFO tempest.lib.common.rest_client [req-73a42082-6940-4039-9a2d-e7de199b560f req-73a42082-6940-4039-9a2d-e7de199b560f ] Request (DeleteServersAdminTestJSON:test_delete_server_while_in_error_state): 200 GET http://10.180.1.21/compute/v2.1/servers/b36e80dd-0344-4908-8a25-4d4dd07931c3 0.073s
2025-03-18 08:56:49.102 68536 INFO tempest.lib.common.rest_client [req-95d64c21-f13f-44c1-bed9-b1b042176741 req-95d64c21-f13f-44c1-bed9-b1b042176741 ] Request (ServersAdminNegativeTestJSON:tearDownClass): 200 GET http://10.180.1.21/compute/v2.1/servers/b63e221e-88cd-4b8c-88ca-c1cb8b7c6318 0.144s
2025-03-18 08:56:49.127 68532 INFO tempest.lib.common.rest_client [req-175c9d4b-f37c-43c6-b411-8c89d7572146 req-175c9d4b-f37c-43c6-b411-8c89d7572146 ] Request (ServersAdmin275Test:tearDownClass): 204 DELETE http://10.180.1.21:9696/networking/v2.0/security-groups/15b10972-5af1-4952-9087-b1dacaeb400d 0.076s
2025-03-18 08:56:49.135 68544 INFO tempest.lib.common.rest_client [req-023a9543-325c-4574-b490-27d157518616 req-023a9543-325c-4574-b490-27d157518616 ] Request (ImagesTestJSON:test_create_image_from_suspended_server): 200 GET http://10.180.1.21/compute/v2.1/servers/faed078e-05e1-49ca-a279-c6e9116a3a46 0.081s
2025-03-18 08:56:49.150 68520 INFO tempest.lib.common.rest_client [req-16506805-e0a5-4dde-8659-82f0a9a83dba req-16506805-e0a5-4dde-8659-82f0a9a83dba ] Request (SecurityGroupsTestJSON:test_server_security_groups): 200 GET http://10.180.1.21/compute/v2.1/servers/73f40b7d-48eb-41a0-8097-f155dca16c2d 0.054s
2025-03-18 08:56:49.196 68564 INFO tempest.lib.common.rest_client [req-7ad0670d-e5d0-49c0-89db-e504a5f89621 req-7ad0670d-e5d0-49c0-89db-e504a5f89621 ] Request (ServersAdminTestJSON:test_inject_network_info): 200 GET http://10.180.1.21/compute/v2.1/servers/92a7e525-691d-4b2f-915f-89595543fe46 0.053s
2025-03-18 08:56:49.220 68532 INFO tempest.lib.common.rest_client [req-294334f6-1e3f-4147-a408-230d094c4c35 req-294334f6-1e3f-4147-a408-230d094c4c35 ] Request (ServersAdmin275Test:tearDownClass): 204 DELETE http://10.180.1.21/identity/v3/projects/65ba8c6314b745529774f8de1ee600dc 0.093s
2025-03-18 08:56:49.249 68516 INFO tempest.lib.common.rest_client [req-19238b7a-bf6f-4167-b314-4dfb62b606f4 req-19238b7a-bf6f-4167-b314-4dfb62b606f4 ] Request (ListServersNegativeTestJSON:setUpClass): 200 GET http://10.180.1.21/compute/v2.1/servers/002960bc-570e-4ed4-889f-5a476cc9471c 0.052s
2025-03-18 08:56:49.276 68532 INFO tempest.lib.common.rest_client [req-9f982fcd-2d35-4d0b-9e79-1c4316e527c6 req-9f982fcd-2d35-4d0b-9e79-1c4316e527c6 ] Request (ImagesDeleteNegativeTestJSON:setUpClass): 201 POST http://10.180.1.21/identity/v3/auth/tokens 0.053s
2025-03-18 08:56:49.303 68532 INFO tempest.lib.common.rest_client [req-a6b55079-a1df-405a-a3ec-bbf05b1d7680 req-a6b55079-a1df-405a-a3ec-bbf05b1d7680 ] Request (ImagesDeleteNegativeTestJSON:setUpClass): 201 POST http://10.180.1.21/identity/v3/auth/tokens 0.024s
2025-03-18 08:56:49.326 68569 INFO tempest.lib.common.rest_client [req-d66989d2-38d0-4872-a0c9-93d69b568b48 req-d66989d2-38d0-4872-a0c9-93d69b568b48 ] Request (ServerGroupTestJSON:_run_cleanups): 200 GET http://10.180.1.21/compute/v2.1/servers/e6415680-4084-41ed-9cce-cae4c14919da 0.057s
2025-03-18 08:56:49.328 68532 INFO tempest.lib.common.rest_client [req-3333eb46-160d-49c7-b9e7-acf7af736569 req-3333eb46-160d-49c7-b9e7-acf7af736569 ] Request (ImagesDeleteNegativeTestJSON:setUpClass): 200 GET http://10.180.1.21/identity/v3/domains?name=Default 0.025s
2025-03-18 08:56:49.358 68532 INFO tempest.lib.common.rest_client [req-c62b9f8b-67a1-4f81-9938-92cd82baa425 req-c62b9f8b-67a1-4f81-9938-92cd82baa425 ] Request (ImagesDeleteNegativeTestJSON:setUpClass): 201 POST http://10.180.1.21/identity/v3/projects 0.029s
2025-03-18 08:56:49.423 68532 INFO tempest.lib.common.rest_client [req-c593f625-0281-41e4-a492-f26c19006fc1 req-c593f625-0281-41e4-a492-f26c19006fc1 ] Request (ImagesDeleteNegativeTestJSON:setUpClass): 201 POST http://10.180.1.21/identity/v3/users 0.064s
2025-03-18 08:56:49.443 68532 INFO tempest.lib.common.rest_client [req-a2ed2c09-d8b8-45b7-bd56-c5ca12c73b9f req-a2ed2c09-d8b8-45b7-bd56-c5ca12c73b9f ] Request (ImagesDeleteNegativeTestJSON:setUpClass): 200 GET http://10.180.1.21/identity/v3/roles 0.020s
2025-03-18 08:56:49.447 68543 INFO tempest.lib.common.rest_client [req-72a5f2ce-cfed-4559-926a-0fcabda15693 req-72a5f2ce-cfed-4559-926a-0fcabda15693 ] Request (ServerDiskConfigTestJSON:test_rebuild_server_with_auto_disk_config): 200 GET http://10.180.1.21/compute/v2.1/servers/5030d6f8-3dd0-4a1e-a5b7-547f52dc563b 0.095s
2025-03-18 08:56:49.456 68546 INFO tempest.lib.common.rest_client [req-e64f574d-680c-4ec5-8ca8-34aa91a65ff5 req-e64f574d-680c-4ec5-8ca8-34aa91a65ff5 ] Request (ServersListShow296Test:test_list_show_update_rebuild_server_296): 200 GET http://10.180.1.21/compute/v2.1/servers/daa314ca-8e53-4e19-af98-749c8c782876 0.094s
2025-03-18 08:56:49.469 68532 INFO tempest.lib.common.rest_client [req-80be1d22-5a7a-4b52-b41c-eccf236fb691 req-80be1d22-5a7a-4b52-b41c-eccf236fb691 ] Request (ImagesDeleteNegativeTestJSON:setUpClass): 204 PUT http://10.180.1.21/identity/v3/projects/5dda307d9f154c29acf843fee9053c0e/users/0bc159394eec4125a08dcd482dfd701b/roles/2d99c22cb3064247b90da6b605583005 0.026s
2025-03-18 08:56:49.470 68532 INFO tempest.lib.common.dynamic_creds [-] Dynamic test user 0bc159394eec4125a08dcd482dfd701b is created with scope project and roles: ['member']
2025-03-18 08:56:49.470 68532 INFO tempest.lib.common.dynamic_creds [-] Acquired dynamic creds: credentials: Credentials: {'domain_id': 'default', 'domain_name': 'Default', 'username': 'tempest-ImagesDeleteNegativeTestJSON-2004517749-project-member', 'project_domain_id': 'default', 'project_domain_name': 'Default', 'project_id': '5dda307d9f154c29acf843fee9053c0e', 'project_name': 'tempest-ImagesDeleteNegativeTestJSON-2004517749', 'tenant_id': '5dda307d9f154c29acf843fee9053c0e', 'tenant_name': 'tempest-ImagesDeleteNegativeTestJSON-2004517749', 'user_domain_id': 'default', 'user_domain_name': 'Default', 'user_id': '0bc159394eec4125a08dcd482dfd701b', 'system': None}, Network: None, Subnet: None, Router: None
2025-03-18 08:56:49.470 68532 INFO tempest.lib.common.dynamic_creds [-] Created isolated network resources for: credentials: Credentials: {'domain_id': 'default', 'domain_name': 'Default', 'username': 'tempest-ImagesDeleteNegativeTestJSON-2004517749-project-member', 'project_domain_id': 'default', 'project_domain_name': 'Default', 'project_id': '5dda307d9f154c29acf843fee9053c0e', 'project_name': 'tempest-ImagesDeleteNegativeTestJSON-2004517749', 'tenant_id': '5dda307d9f154c29acf843fee9053c0e', 'tenant_name': 'tempest-ImagesDeleteNegativeTestJSON-2004517749', 'user_domain_id': 'default', 'user_domain_name': 'Default', 'user_id': '0bc159394eec4125a08dcd482dfd701b', 'system': None}, Network: None, Subnet: None, Router: None
2025-03-18 08:56:49.496 68556 INFO tempest.lib.common.rest_client [req-468c71f1-5904-47fd-8d1c-f239e65aeb6e req-468c71f1-5904-47fd-8d1c-f239e65aeb6e ] Request (ServersTestMultiNic:test_verify_multiple_nics_order): 200 GET http://10.180.1.21/compute/v2.1/servers/084f19f1-db26-4524-b863-f9a4e968888c 0.079s
2025-03-18 08:56:49.538 68534 INFO tempest.lib.common.rest_client [req-539deca0-8e1e-4b78-9d66-0ce3d92a92a7 req-539deca0-8e1e-4b78-9d66-0ce3d92a92a7 ] Request (AttachInterfacesV270Test:tearDownClass): 200 GET http://10.180.1.21/compute/v2.1/servers/7faccb18-35c1-4c02-9a01-f410755052f9 0.106s
2025-03-18 08:56:49.542 68532 INFO tempest.lib.common.rest_client [req-c090f775-3d1e-491f-92a7-8cf85e434acb req-c090f775-3d1e-491f-92a7-8cf85e434acb ] Request (ImagesDeleteNegativeTestJSON:setUpClass): 201 POST http://10.180.1.21/identity/v3/auth/tokens 0.069s
2025-03-18 08:56:49.557 68574 INFO tempest.lib.common.rest_client [req-e5b3deb0-8d74-45f3-817d-5e4acccb5bcf req-e5b3deb0-8d74-45f3-817d-5e4acccb5bcf ] Request (ServersNegativeTestMultiTenantJSON:setUpClass): 200 GET http://10.180.1.21/compute/v2.1/servers/1b6ff85a-4b0e-49e6-a6bb-26ab474b4e97 0.079s
2025-03-18 08:56:49.602 68532 INFO tempest.lib.common.rest_client [req-4167c3c6-6f42-452f-bee4-412c4c80fe42 req-4167c3c6-6f42-452f-bee4-412c4c80fe42 ] Request (ImagesDeleteNegativeTestJSON:test_delete_image_blank_id): 404 DELETE http://10.180.1.21/compute/v2.1/images/ 0.058s
2025-03-18 08:56:49.614 68538 INFO tempest.lib.common.rest_client [req-053d08b1-522e-4619-ba13-94c5d7c1567a req-053d08b1-522e-4619-ba13-94c5d7c1567a ] Request (ServersAaction247Test:tearDownClass): 200 GET http://10.180.1.21/compute/v2.1/servers/112fe205-82ae-498b-82df-5ca6b5d13b59 0.064s
2025-03-18 08:56:49.634 68532 INFO tempest.lib.common.rest_client [req-24e6d4a1-c5b8-4473-b9a9-930bfc927625 req-24e6d4a1-c5b8-4473-b9a9-930bfc927625 ] Request (ImagesDeleteNegativeTestJSON:test_delete_image_negative_image_id): 404 DELETE http://10.180.1.21/compute/v2.1/images/-1 0.031s
2025-03-18 08:56:49.663 68540 INFO tempest.lib.common.rest_client [req-6006737e-75af-459e-85a2-021c3b4a1722 req-6006737e-75af-459e-85a2-021c3b4a1722 ] Request (ServerActionsV293TestJSON:setUpClass): 200 GET http://10.180.1.21/compute/v2.1/servers/9e2bfb4b-822d-4728-9a5b-a126fde49d45 0.094s
2025-03-18 08:56:49.681 68566 INFO tempest.lib.common.rest_client [req-9d7e968a-bb3c-4255-a400-143ba68ab796 req-9d7e968a-bb3c-4255-a400-143ba68ab796 ] Request (InstanceActionsNegativeTestJSON:setUpClass): 200 GET http://10.180.1.21/compute/v2.1/servers/6c0b1a50-ac65-424d-aa40-934135372423 0.047s
2025-03-18 08:56:49.686 68532 INFO tempest.lib.common.rest_client [req-dbf518f7-227e-4759-861d-c9c56c64642a req-dbf518f7-227e-4759-861d-c9c56c64642a ] Request (ImagesDeleteNegativeTestJSON:test_delete_image_non_hex_string_id): 404 DELETE http://10.180.1.21/compute/v2.1/images/11eed29c-2996-48a9-9480-4fb1cd40a37j 0.050s
2025-03-18 08:56:49.701 68532 INFO tempest.lib.common.rest_client [req-dc8cd339-5431-4ef4-a5d0-524dba9f8aae req-dc8cd339-5431-4ef4-a5d0-524dba9f8aae ] Request (ImagesDeleteNegativeTestJSON:test_delete_image_with_id_over_character_limit): 404 DELETE http://10.180.1.21/compute/v2.1/images/b2955a0e-29be-4cc4-a870-1bedaa2cba421 0.013s
2025-03-18 08:56:49.752 68524 INFO tempest.lib.common.rest_client [req-5e754040-6dd1-42e2-b694-3a43cdc0b714 req-5e754040-6dd1-42e2-b694-3a43cdc0b714 ] Request (ImagesOneServerNegativeTestJSON:_run_cleanups): 200 GET http://10.180.1.21/compute/v2.1/servers/8e5aa82d-8c22-4b8e-9133-361bfe0b33c3 0.058s
2025-03-18 08:56:49.769 68532 INFO tempest.lib.common.rest_client [req-bbc3b7f3-119d-42dc-90e9-c7e796e99240 req-bbc3b7f3-119d-42dc-90e9-c7e796e99240 ] Request (ImagesDeleteNegativeTestJSON:test_delete_image_with_invalid_image_id): 404 DELETE http://10.180.1.21/compute/v2.1/images/tempest-invalid-508271613 0.067s
2025-03-18 08:56:49.790 68554 INFO tempest.lib.common.rest_client [req-6a141a1e-647e-4a30-a1ae-1a16ebaeb808 req-6a141a1e-647e-4a30-a1ae-1a16ebaeb808 ] Request (ListServerFiltersTestJSON:test_list_servers_filter_by_shutoff_status): 200 GET http://10.180.1.21/compute/v2.1/servers/61aaee44-9333-4eab-bc8f-cba4b828b845 0.101s
2025-03-18 08:56:49.819 68548 INFO tempest.lib.common.rest_client [req-62822f3a-85f0-4df4-abd6-3d1f041c8dab req-62822f3a-85f0-4df4-abd6-3d1f041c8dab ] Request (ServerMetadataNegativeTestJSON:setUpClass): 200 GET http://10.180.1.21/compute/v2.1/servers/fdb15207-4edb-4315-b849-04643bdac5e9 0.072s
2025-03-18 08:56:49.835 68532 INFO tempest.lib.common.rest_client [req-dd8b6305-721a-427a-9641-8716128f8333 req-dd8b6305-721a-427a-9641-8716128f8333 ] Request (ImagesDeleteNegativeTestJSON:test_delete_non_existent_image): 404 DELETE http://10.180.1.21/compute/v2.1/images/db320498-5496-4bb5-aadd-d405ddda75d4 0.064s
2025-03-18 08:56:49.843 68522 INFO tempest.lib.common.rest_client [req-11e52554-7beb-40b6-a056-aaec9a9cd71b req-11e52554-7beb-40b6-a056-aaec9a9cd71b ] Request (MigrationsAdminTest:test_resize_server_revert_deleted_flavor): 200 GET http://10.180.1.21/compute/v2.1/servers/b131322c-0c3e-4508-8e93-5dada3d44f34 0.084s
2025-03-18 08:56:49.891 68560 INFO tempest.lib.common.rest_client [req-df9b913d-0d99-4bae-b6c6-1d2e25afbc5a req-df9b913d-0d99-4bae-b6c6-1d2e25afbc5a ] Request (AttachInterfacesUnderV243Test:test_add_remove_fixed_ip): 200 GET http://10.180.1.21/compute/v2.1/servers/e834d430-07da-48c1-9eb5-4884c24ba994 0.091s
2025-03-18 08:56:49.902 68518 INFO tempest.lib.common.rest_client [req-730f06d1-573b-44c9-9cdd-b9a5b28d58ed req-730f06d1-573b-44c9-9cdd-b9a5b28d58ed ] Request (ImagesNegativeTestJSON:test_create_image_from_deleted_server): 200 GET http://10.180.1.21/compute/v2.1/servers/8d737621-6a66-4c01-b11b-91073036750f 0.088s
2025-03-18 08:56:49.945 68532 INFO tempest.lib.common.rest_client [req-bff09b3b-7299-4ded-85ff-f7c43487a64c req-bff09b3b-7299-4ded-85ff-f7c43487a64c ] Request (ImagesDeleteNegativeTestJSON:tearDownClass): 204 DELETE http://10.180.1.21/identity/v3/users/0bc159394eec4125a08dcd482dfd701b 0.108s
2025-03-18 08:56:49.946 68532 INFO tempest.lib.common.dynamic_creds [-] Deleting project and security group for project: 5dda307d9f154c29acf843fee9053c0e
2025-03-18 08:56:49.954 68552 INFO tempest.lib.common.rest_client [req-c10c5367-c27b-4dc5-bbc5-40b9d5f59a9c req-c10c5367-c27b-4dc5-bbc5-40b9d5f59a9c ] Request (ServerDiagnosticsV248Test:test_get_server_diagnostics): 200 GET http://10.180.1.21/compute/v2.1/servers/f5b4aac1-464e-460c-9c19-2c5d43302016 0.065s
2025-03-18 08:56:50.001 68532 INFO tempest.lib.common.rest_client [req-42ad8cf0-2d95-4500-a413-7a04244dcf3f req-42ad8cf0-2d95-4500-a413-7a04244dcf3f ] Request (ImagesDeleteNegativeTestJSON:tearDownClass): 201 POST http://10.180.1.21/identity/v3/auth/tokens 0.054s
2025-03-18 08:56:50.026 68558 INFO tempest.lib.common.rest_client [req-b8e85051-037b-406b-9c73-51783ab0bb1a req-b8e85051-037b-406b-9c73-51783ab0bb1a ] Request (ServerActionsTestJSON:setUpClass): 200 GET http://10.180.1.21/compute/v2.1/servers/4bbb344e-11e3-48ad-ad1d-437222dbf06d 0.061s
2025-03-18 08:56:50.139 68532 INFO tempest.lib.common.rest_client [req-91aca1da-9af0-4111-94b7-0f68ccb09747 req-91aca1da-9af0-4111-94b7-0f68ccb09747 ] Request (ImagesDeleteNegativeTestJSON:tearDownClass): 200 GET http://10.180.1.21:9696/networking/v2.0/security-groups?tenant_id=5dda307d9f154c29acf843fee9053c0e&name=default 0.138s
2025-03-18 08:56:50.146 68576 INFO tempest.lib.common.rest_client [req-e9cef0b9-2471-455d-8cf6-23de60233e33 req-e9cef0b9-2471-455d-8cf6-23de60233e33 ] Request (DeleteServersAdminTestJSON:test_delete_server_while_in_error_state): 200 GET http://10.180.1.21/compute/v2.1/servers/b36e80dd-0344-4908-8a25-4d4dd07931c3 0.057s
2025-03-18 08:56:50.167 68536 INFO tempest.lib.common.rest_client [req-fd296678-344d-4c6f-8730-3015789a6ae7 req-fd296678-344d-4c6f-8730-3015789a6ae7 ] Request (ServersAdminNegativeTestJSON:tearDownClass): 200 GET http://10.180.1.21/compute/v2.1/servers/b63e221e-88cd-4b8c-88ca-c1cb8b7c6318 0.052s
2025-03-18 08:56:50.194 68544 INFO tempest.lib.common.rest_client [req-7ecc5c59-92a7-4851-ab71-497904e9db1d req-7ecc5c59-92a7-4851-ab71-497904e9db1d ] Request (ImagesTestJSON:test_create_image_from_suspended_server): 200 GET http://10.180.1.21/compute/v2.1/servers/faed078e-05e1-49ca-a279-c6e9116a3a46 0.052s
2025-03-18 08:56:50.210 68532 INFO tempest.lib.common.rest_client [req-38a6d134-17c3-4b6c-a3a0-ac45052adf39 req-38a6d134-17c3-4b6c-a3a0-ac45052adf39 ] Request (ImagesDeleteNegativeTestJSON:tearDownClass): 204 DELETE http://10.180.1.21:9696/networking/v2.0/security-groups/b4e34258-7646-4267-8c39-a8d91b98d6ec 0.070s
2025-03-18 08:56:50.213 68520 INFO tempest.lib.common.rest_client [req-5ad0f63c-841b-4a83-9ff7-55beb73c2868 req-5ad0f63c-841b-4a83-9ff7-55beb73c2868 ] Request (SecurityGroupsTestJSON:test_server_security_groups): 200 GET http://10.180.1.21/compute/v2.1/servers/73f40b7d-48eb-41a0-8097-f155dca16c2d 0.054s
2025-03-18 08:56:50.255 68564 INFO tempest.lib.common.rest_client [req-c26c8f6d-4a4d-4bec-ad75-3b3491d65a41 req-c26c8f6d-4a4d-4bec-ad75-3b3491d65a41 ] Request (ServersAdminTestJSON:test_inject_network_info): 200 GET http://10.180.1.21/compute/v2.1/servers/92a7e525-691d-4b2f-915f-89595543fe46 0.050s
2025-03-18 08:56:50.262 68532 INFO tempest.lib.common.rest_client [req-d443212c-079a-4756-b3ea-fc13bc3677cb req-d443212c-079a-4756-b3ea-fc13bc3677cb ] Request (ImagesDeleteNegativeTestJSON:tearDownClass): 204 DELETE http://10.180.1.21/identity/v3/projects/5dda307d9f154c29acf843fee9053c0e 0.052s
2025-03-18 08:56:50.263 68532 INFO tempest.test [-] raised in ServerBootFromVolumeStableRescueTest.setUpClass. Invoking tearDownClass.
2025-03-18 08:56:50.316 68516 INFO tempest.lib.common.rest_client [req-f0e436f1-0323-43eb-97e5-801a767e9bf7 req-f0e436f1-0323-43eb-97e5-801a767e9bf7 ] Request (ListServersNegativeTestJSON:setUpClass): 200 GET http://10.180.1.21/compute/v2.1/servers/002960bc-570e-4ed4-889f-5a476cc9471c 0.059s
2025-03-18 08:56:50.323 68516 INFO tempest.common.waiters [-] State transition "BUILD/None" ==> "BUILD/networking" after 50 second wait
2025-03-18 08:56:50.323 68532 INFO tempest.lib.common.rest_client [req-2a63429e-7d15-4d54-b33e-caf5cbc50bd4 req-2a63429e-7d15-4d54-b33e-caf5cbc50bd4 ] Request (QuotasTestJSON:setUpClass): 201 POST http://10.180.1.21/identity/v3/auth/tokens 0.058s
2025-03-18 08:56:50.355 68532 INFO tempest.lib.common.rest_client [req-e1f1187c-98c9-464b-ae62-de653caf75b7 req-e1f1187c-98c9-464b-ae62-de653caf75b7 ] Request (QuotasTestJSON:setUpClass): 201 POST http://10.180.1.21/identity/v3/auth/tokens 0.030s
2025-03-18 08:56:50.384 68532 INFO tempest.lib.common.rest_client [req-267e44f7-f048-4a6e-991c-d890e75229ad req-267e44f7-f048-4a6e-991c-d890e75229ad ] Request (QuotasTestJSON:setUpClass): 200 GET http://10.180.1.21/identity/v3/domains?name=Default 0.028s
2025-03-18 08:56:50.411 68532 INFO tempest.lib.common.rest_client [req-98d740be-6945-4b94-8b27-4565c2fae5db req-98d740be-6945-4b94-8b27-4565c2fae5db ] Request (QuotasTestJSON:setUpClass): 201 POST http://10.180.1.21/identity/v3/projects 0.026s
2025-03-18 08:56:50.413 68569 INFO tempest.lib.common.rest_client [req-bb2aeb4a-a58e-458b-a302-d4106c95fac2 req-bb2aeb4a-a58e-458b-a302-d4106c95fac2 ] Request (ServerGroupTestJSON:_run_cleanups): 200 GET http://10.180.1.21/compute/v2.1/servers/e6415680-4084-41ed-9cce-cae4c14919da 0.079s
2025-03-18 08:56:50.489 68532 INFO tempest.lib.common.rest_client [req-cbb39dca-cefd-4798-b374-70e59029d30f req-cbb39dca-cefd-4798-b374-70e59029d30f ] Request (QuotasTestJSON:setUpClass): 201 POST http://10.180.1.21/identity/v3/users 0.077s
2025-03-18 08:56:50.518 68532 INFO tempest.lib.common.rest_client [req-aa04efa3-0e67-47ce-85e0-cca0ae896021 req-aa04efa3-0e67-47ce-85e0-cca0ae896021 ] Request (QuotasTestJSON:setUpClass): 200 GET http://10.180.1.21/identity/v3/roles 0.027s
2025-03-18 08:56:50.524 68543 INFO tempest.lib.common.rest_client [req-5bb03572-515a-4ea9-8c50-76484c2be950 req-5bb03572-515a-4ea9-8c50-76484c2be950 ] Request (ServerDiskConfigTestJSON:test_rebuild_server_with_auto_disk_config): 200 GET http://10.180.1.21/compute/v2.1/servers/5030d6f8-3dd0-4a1e-a5b7-547f52dc563b 0.069s
2025-03-18 08:56:50.552 68532 INFO tempest.lib.common.rest_client [req-65c148a1-1c10-4bd7-bf42-23621acf0a60 req-65c148a1-1c10-4bd7-bf42-23621acf0a60 ] Request (QuotasTestJSON:setUpClass): 204 PUT http://10.180.1.21/identity/v3/projects/be430b2549cf4bfba6fa2db93789925c/users/f4d5180829364598a7e27edf49dc17c5/roles/2d99c22cb3064247b90da6b605583005 0.034s
2025-03-18 08:56:50.552 68532 INFO tempest.lib.common.dynamic_creds [-] Dynamic test user f4d5180829364598a7e27edf49dc17c5 is created with scope project and roles: ['member']
2025-03-18 08:56:50.552 68532 INFO tempest.lib.common.dynamic_creds [-] Acquired dynamic creds: credentials: Credentials: {'domain_id': 'default', 'domain_name': 'Default', 'username': 'tempest-QuotasTestJSON-263508135-project-member', 'project_domain_id': 'default', 'project_domain_name': 'Default', 'project_id': 'be430b2549cf4bfba6fa2db93789925c', 'project_name': 'tempest-QuotasTestJSON-263508135', 'tenant_id': 'be430b2549cf4bfba6fa2db93789925c', 'tenant_name': 'tempest-QuotasTestJSON-263508135', 'user_domain_id': 'default', 'user_domain_name': 'Default', 'user_id': 'f4d5180829364598a7e27edf49dc17c5', 'system': None}, Network: None, Subnet: None, Router: None
2025-03-18 08:56:50.553 68532 INFO tempest.lib.common.dynamic_creds [-] Created isolated network resources for: credentials: Credentials: {'domain_id': 'default', 'domain_name': 'Default', 'username': 'tempest-QuotasTestJSON-263508135-project-member', 'project_domain_id': 'default', 'project_domain_name': 'Default', 'project_id': 'be430b2549cf4bfba6fa2db93789925c', 'project_name': 'tempest-QuotasTestJSON-263508135', 'tenant_id': 'be430b2549cf4bfba6fa2db93789925c', 'tenant_name': 'tempest-QuotasTestJSON-263508135', 'user_domain_id': 'default', 'user_domain_name': 'Default', 'user_id': 'f4d5180829364598a7e27edf49dc17c5', 'system': None}, Network: None, Subnet: None, Router: None
2025-03-18 08:56:50.556 68546 INFO tempest.lib.common.rest_client [req-3da3dfe3-a2df-4204-bb8a-f7866f973a5a req-3da3dfe3-a2df-4204-bb8a-f7866f973a5a ] Request (ServersListShow296Test:test_list_show_update_rebuild_server_296): 200 GET http://10.180.1.21/compute/v2.1/servers/daa314ca-8e53-4e19-af98-749c8c782876 0.089s
2025-03-18 08:56:50.582 68556 INFO tempest.lib.common.rest_client [req-8a469e1e-0d9d-4f96-b373-8c58eda8cec4 req-8a469e1e-0d9d-4f96-b373-8c58eda8cec4 ] Request (ServersTestMultiNic:test_verify_multiple_nics_order): 200 GET http://10.180.1.21/compute/v2.1/servers/084f19f1-db26-4524-b863-f9a4e968888c 0.075s
2025-03-18 08:56:50.626 68534 INFO tempest.lib.common.rest_client [req-52da0b0f-2fb2-4bda-a197-4a606cb46a99 req-52da0b0f-2fb2-4bda-a197-4a606cb46a99 ] Request (AttachInterfacesV270Test:tearDownClass): 200 GET http://10.180.1.21/compute/v2.1/servers/7faccb18-35c1-4c02-9a01-f410755052f9 0.077s
2025-03-18 08:56:50.636 68532 INFO tempest.lib.common.rest_client [req-2be5ed11-048d-4531-b8b8-85474059ba8e req-2be5ed11-048d-4531-b8b8-85474059ba8e ] Request (QuotasTestJSON:setUpClass): 201 POST http://10.180.1.21/identity/v3/auth/tokens 0.080s
2025-03-18 08:56:50.637 68532 WARNING tempest.lib.common.rest_client [-] Deprecated: "tenant_id" property is deprecated for removal, use "project_id" instead
2025-03-18 08:56:50.639 68574 INFO tempest.lib.common.rest_client [req-ede49aa7-0f3b-4341-8b68-2b70be76b429 req-ede49aa7-0f3b-4341-8b68-2b70be76b429 ] Request (ServersNegativeTestMultiTenantJSON:setUpClass): 200 GET http://10.180.1.21/compute/v2.1/servers/1b6ff85a-4b0e-49e6-a6bb-26ab474b4e97 0.075s
2025-03-18 08:56:50.688 68538 INFO tempest.lib.common.rest_client [req-fbe46634-acd4-4103-8c91-f28c62f9c87c req-fbe46634-acd4-4103-8c91-f28c62f9c87c ] Request (ServersAaction247Test:tearDownClass): 200 GET http://10.180.1.21/compute/v2.1/servers/112fe205-82ae-498b-82df-5ca6b5d13b59 0.063s
2025-03-18 08:56:50.729 68532 INFO tempest.lib.common.rest_client [req-1da5171b-7757-41e9-b519-c0a3e5dc50d1 req-1da5171b-7757-41e9-b519-c0a3e5dc50d1 ] Request (QuotasTestJSON:test_compare_tenant_quotas_with_default_quotas): 200 GET http://10.180.1.21/compute/v2.1/os-quota-sets/be430b2549cf4bfba6fa2db93789925c/defaults 0.091s
2025-03-18 08:56:50.745 68540 INFO tempest.lib.common.rest_client [req-8031890e-55ac-485a-b65b-17208faa0ae9 req-8031890e-55ac-485a-b65b-17208faa0ae9 ] Request (ServerActionsV293TestJSON:setUpClass): 200 GET http://10.180.1.21/compute/v2.1/servers/9e2bfb4b-822d-4728-9a5b-a126fde49d45 0.072s
2025-03-18 08:56:50.782 68566 INFO tempest.lib.common.rest_client [req-596227ea-59d6-472c-800c-f6d26ff275de req-596227ea-59d6-472c-800c-f6d26ff275de ] Request (InstanceActionsNegativeTestJSON:setUpClass): 200 GET http://10.180.1.21/compute/v2.1/servers/6c0b1a50-ac65-424d-aa40-934135372423 0.093s
2025-03-18 08:56:50.786 68532 INFO tempest.lib.common.rest_client [req-cd5a15a3-65a0-4ce5-bca3-af490895d4bd req-cd5a15a3-65a0-4ce5-bca3-af490895d4bd ] Request (QuotasTestJSON:test_compare_tenant_quotas_with_default_quotas): 200 GET http://10.180.1.21/compute/v2.1/os-quota-sets/be430b2549cf4bfba6fa2db93789925c 0.055s
2025-03-18 08:56:50.823 68532 INFO tempest.lib.common.rest_client [req-393a1556-ede6-42cd-b0ab-50e84a2d6659 req-393a1556-ede6-42cd-b0ab-50e84a2d6659 ] Request (QuotasTestJSON:test_get_default_quotas): 200 GET http://10.180.1.21/compute/v2.1/os-quota-sets/be430b2549cf4bfba6fa2db93789925c/defaults 0.031s
2025-03-18 08:56:50.846 68524 INFO tempest.lib.common.rest_client [req-a40648d7-4b70-414f-b6b2-8a1502feb081 req-a40648d7-4b70-414f-b6b2-8a1502feb081 ] Request (ImagesOneServerNegativeTestJSON:_run_cleanups): 200 GET http://10.180.1.21/compute/v2.1/servers/8e5aa82d-8c22-4b8e-9133-361bfe0b33c3 0.087s
2025-03-18 08:56:50.902 68548 INFO tempest.lib.common.rest_client [req-1e75f87c-a7c8-4bb2-852f-cc9a3abbd9e8 req-1e75f87c-a7c8-4bb2-852f-cc9a3abbd9e8 ] Request (ServerMetadataNegativeTestJSON:setUpClass): 200 GET http://10.180.1.21/compute/v2.1/servers/fdb15207-4edb-4315-b849-04643bdac5e9 0.076s
2025-03-18 08:56:50.942 68532 INFO tempest.lib.common.rest_client [req-5dddfd38-e7c6-4e62-a976-98feb451f780 req-5dddfd38-e7c6-4e62-a976-98feb451f780 ] Request (QuotasTestJSON:test_get_quotas): 200 GET http://10.180.1.21/compute/v2.1/os-quota-sets/be430b2549cf4bfba6fa2db93789925c 0.116s
2025-03-18 08:56:50.951 68554 INFO tempest.lib.common.rest_client [req-ee5cf535-b498-41ae-91db-80c2e225d07d req-ee5cf535-b498-41ae-91db-80c2e225d07d ] Request (ListServerFiltersTestJSON:test_list_servers_filter_by_shutoff_status): 200 GET http://10.180.1.21/compute/v2.1/servers/61aaee44-9333-4eab-bc8f-cba4b828b845 0.150s
2025-03-18 08:56:50.959 68554 INFO tempest.common.waiters [-] State transition "SHUTOFF/powering-on" ==> "ACTIVE/None" after 4 second wait
2025-03-18 08:56:51.005 68522 INFO tempest.lib.common.rest_client [req-550a2276-0028-4313-a502-fadf69b3d2b6 req-550a2276-0028-4313-a502-fadf69b3d2b6 ] Request (MigrationsAdminTest:test_resize_server_revert_deleted_flavor): 200 GET http://10.180.1.21/compute/v2.1/servers/b131322c-0c3e-4508-8e93-5dada3d44f34 0.147s
2025-03-18 08:56:51.009 68560 INFO tempest.lib.common.rest_client [req-12c43df8-cc17-4240-8a63-7ca9aebb3aad req-12c43df8-cc17-4240-8a63-7ca9aebb3aad ] Request (AttachInterfacesUnderV243Test:test_add_remove_fixed_ip): 200 GET http://10.180.1.21/compute/v2.1/servers/e834d430-07da-48c1-9eb5-4884c24ba994 0.110s
2025-03-18 08:56:51.056 68532 INFO tempest.lib.common.rest_client [req-128b8c38-f3e9-4a04-baa9-3857c47f28ea req-128b8c38-f3e9-4a04-baa9-3857c47f28ea ] Request (QuotasTestJSON:test_get_quotas): 200 GET http://10.180.1.21/compute/v2.1/os-quota-sets/be430b2549cf4bfba6fa2db93789925c?user_id=f4d5180829364598a7e27edf49dc17c5 0.111s
2025-03-18 08:56:51.063 68518 INFO tempest.lib.common.rest_client [req-8baca91f-eccd-44bb-bea7-c87df53e31be req-8baca91f-eccd-44bb-bea7-c87df53e31be ] Request (ImagesNegativeTestJSON:test_create_image_from_deleted_server): 200 GET http://10.180.1.21/compute/v2.1/servers/8d737621-6a66-4c01-b11b-91073036750f 0.152s
2025-03-18 08:56:51.068 68554 INFO tempest.lib.common.rest_client [req-601c8967-8017-4a9e-aec6-6817b3b4526d req-601c8967-8017-4a9e-aec6-6817b3b4526d ] Request (ListServerFiltersTestJSON:test_list_servers_filter_by_zero_limit): 200 GET http://10.180.1.21/compute/v2.1/servers?limit=0 0.107s
2025-03-18 08:56:51.110 68552 INFO tempest.lib.common.rest_client [req-3e95678d-381d-4f2c-9eb0-834d1413d122 req-3e95678d-381d-4f2c-9eb0-834d1413d122 ] Request (ServerDiagnosticsV248Test:test_get_server_diagnostics): 200 GET http://10.180.1.21/compute/v2.1/servers/f5b4aac1-464e-460c-9c19-2c5d43302016 0.146s
2025-03-18 08:56:51.122 68558 INFO tempest.lib.common.rest_client [req-5121bc85-56b4-49a1-892f-4373aba09476 req-5121bc85-56b4-49a1-892f-4373aba09476 ] Request (ServerActionsTestJSON:setUpClass): 200 GET http://10.180.1.21/compute/v2.1/servers/4bbb344e-11e3-48ad-ad1d-437222dbf06d 0.087s
2025-03-18 08:56:51.164 68532 INFO tempest.lib.common.rest_client [req-0a142454-b142-4b51-ac95-0d5a0a73938f req-0a142454-b142-4b51-ac95-0d5a0a73938f ] Request (QuotasTestJSON:tearDownClass): 204 DELETE http://10.180.1.21/identity/v3/users/f4d5180829364598a7e27edf49dc17c5 0.102s
2025-03-18 08:56:51.165 68532 INFO tempest.lib.common.dynamic_creds [-] Deleting project and security group for project: be430b2549cf4bfba6fa2db93789925c
2025-03-18 08:56:51.211 68554 INFO tempest.lib.common.rest_client [req-88951ee6-1f05-49ad-9fef-7ca21787e1c4 req-88951ee6-1f05-49ad-9fef-7ca21787e1c4 ] Request (ListServerFiltersTestJSON:test_list_servers_filtered_by_ip): 200 GET http://10.180.1.21/compute/v2.1/servers/61aaee44-9333-4eab-bc8f-cba4b828b845 0.140s
2025-03-18 08:56:51.217 68576 INFO tempest.lib.common.rest_client [req-929024dd-ad17-4a10-b425-03051ea31c11 req-929024dd-ad17-4a10-b425-03051ea31c11 ] Request (DeleteServersAdminTestJSON:test_delete_server_while_in_error_state): 200 GET http://10.180.1.21/compute/v2.1/servers/b36e80dd-0344-4908-8a25-4d4dd07931c3 0.064s
2025-03-18 08:56:51.218 68532 INFO tempest.lib.common.rest_client [req-3f61d0e1-b3bb-4617-a959-80b36610954b req-3f61d0e1-b3bb-4617-a959-80b36610954b ] Request (QuotasTestJSON:tearDownClass): 201 POST http://10.180.1.21/identity/v3/auth/tokens 0.053s
2025-03-18 08:56:51.273 68544 INFO tempest.lib.common.rest_client [req-5e95c6ec-7bcc-4d91-b06c-799406c42775 req-5e95c6ec-7bcc-4d91-b06c-799406c42775 ] Request (ImagesTestJSON:test_create_image_from_suspended_server): 200 GET http://10.180.1.21/compute/v2.1/servers/faed078e-05e1-49ca-a279-c6e9116a3a46 0.071s
2025-03-18 08:56:51.274 68536 INFO tempest.lib.common.rest_client [req-9071c0e6-e9fd-40e9-a565-bdb4de5a81eb req-9071c0e6-e9fd-40e9-a565-bdb4de5a81eb ] Request (ServersAdminNegativeTestJSON:tearDownClass): 200 GET http://10.180.1.21/compute/v2.1/servers/b63e221e-88cd-4b8c-88ca-c1cb8b7c6318 0.098s
2025-03-18 08:56:51.281 68536 INFO tempest.common.waiters [-] State transition "SUSPENDED/deleting" ==> "DELETED/None" after 4 second wait
2025-03-18 08:56:51.336 68520 INFO tempest.lib.common.rest_client [req-44a65d9d-3ad0-4a6e-a4b3-b352c843d5ce req-44a65d9d-3ad0-4a6e-a4b3-b352c843d5ce ] Request (SecurityGroupsTestJSON:test_server_security_groups): 200 GET http://10.180.1.21/compute/v2.1/servers/73f40b7d-48eb-41a0-8097-f155dca16c2d 0.113s
2025-03-18 08:56:51.402 68564 INFO tempest.lib.common.rest_client [req-6dbb4393-72db-4019-a970-a420e786e47d req-6dbb4393-72db-4019-a970-a420e786e47d ] Request (ServersAdminTestJSON:test_inject_network_info): 200 GET http://10.180.1.21/compute/v2.1/servers/92a7e525-691d-4b2f-915f-89595543fe46 0.137s
2025-03-18 08:56:51.423 68532 INFO tempest.lib.common.rest_client [req-0aa2745b-6d85-4ccd-9a40-ca53d0da5923 req-0aa2745b-6d85-4ccd-9a40-ca53d0da5923 ] Request (QuotasTestJSON:tearDownClass): 200 GET http://10.180.1.21:9696/networking/v2.0/security-groups?tenant_id=be430b2549cf4bfba6fa2db93789925c&name=default 0.205s
2025-03-18 08:56:51.495 68554 INFO tempest.lib.common.rest_client [req-ac33c9fc-20f9-4aa8-a728-11f8282dc83a req-ac33c9fc-20f9-4aa8-a728-11f8282dc83a ] Request (ListServerFiltersTestJSON:test_list_servers_filtered_by_ip): 200 GET http://10.180.1.21/compute/v2.1/servers/f2ef062b-6901-4c45-b6fc-e664b15d1d3a 0.274s
2025-03-18 08:56:51.557 68569 INFO tempest.lib.common.rest_client [req-88378692-12a4-4c02-a48e-f786712aa30e req-88378692-12a4-4c02-a48e-f786712aa30e ] Request (ServerGroupTestJSON:_run_cleanups): 200 GET http://10.180.1.21/compute/v2.1/servers/e6415680-4084-41ed-9cce-cae4c14919da 0.135s
2025-03-18 08:56:51.579 68532 INFO tempest.lib.common.rest_client [req-fa62c062-12ab-41d9-ad42-b3164d49d36c req-fa62c062-12ab-41d9-ad42-b3164d49d36c ] Request (QuotasTestJSON:tearDownClass): 204 DELETE http://10.180.1.21:9696/networking/v2.0/security-groups/5683969d-f5e9-411e-97eb-dfe0d8991b86 0.156s
2025-03-18 08:56:51.585 68516 INFO tempest.lib.common.rest_client [req-00295b81-ca95-4d03-a4e4-ee041596600b req-00295b81-ca95-4d03-a4e4-ee041596600b ] Request (ListServersNegativeTestJSON:setUpClass): 200 GET http://10.180.1.21/compute/v2.1/servers/002960bc-570e-4ed4-889f-5a476cc9471c 0.261s
2025-03-18 08:56:51.591 68578 WARNING tempest.lib.common.ssh [-] Failed to establish authenticated ssh connection to cirros@10.180.180.180 ([Errno None] Unable to connect to port 22 on 10.180.180.180). Number attempts: 7. Retry after 8 seconds.: paramiko.ssh_exception.NoValidConnectionsError: [Errno None] Unable to connect to port 22 on 10.180.180.180
2025-03-18 08:56:51.594 68516 INFO tempest.common.waiters [-] State transition "BUILD/networking" ==> "BUILD/spawning" after 51 second wait
2025-03-18 08:56:51.636 68543 INFO tempest.lib.common.rest_client [req-304b2146-4260-46bc-a279-4636d1d339a8 req-304b2146-4260-46bc-a279-4636d1d339a8 ] Request (ServerDiskConfigTestJSON:test_rebuild_server_with_auto_disk_config): 200 GET http://10.180.1.21/compute/v2.1/servers/5030d6f8-3dd0-4a1e-a5b7-547f52dc563b 0.101s
2025-03-18 08:56:51.643 68532 INFO tempest.lib.common.rest_client [req-4213894f-4261-4185-bab3-bb5fb7a396ac req-4213894f-4261-4185-bab3-bb5fb7a396ac ] Request (QuotasTestJSON:tearDownClass): 204 DELETE http://10.180.1.21/identity/v3/projects/be430b2549cf4bfba6fa2db93789925c 0.063s
2025-03-18 08:56:51.657 68554 INFO tempest.lib.common.rest_client [req-44c70360-9214-45a0-ae4d-98df125d896c req-44c70360-9214-45a0-ae4d-98df125d896c ] Request (ListServerFiltersTestJSON:test_list_servers_filtered_by_ip): 200 GET http://10.180.1.21/compute/v2.1/servers/87daeab7-1a43-48d7-8adc-3baa04a1d099 0.154s
2025-03-18 08:56:51.698 68546 INFO tempest.lib.common.rest_client [req-d9fc1c35-fd37-483a-b0b8-430999cac8b7 req-d9fc1c35-fd37-483a-b0b8-430999cac8b7 ] Request (ServersListShow296Test:test_list_show_update_rebuild_server_296): 200 GET http://10.180.1.21/compute/v2.1/servers/daa314ca-8e53-4e19-af98-749c8c782876 0.129s
2025-03-18 08:56:51.706 68556 INFO tempest.lib.common.rest_client [req-b69a8ac5-2e41-4ef9-a036-210d8e78d794 req-b69a8ac5-2e41-4ef9-a036-210d8e78d794 ] Request (ServersTestMultiNic:test_verify_multiple_nics_order): 200 GET http://10.180.1.21/compute/v2.1/servers/084f19f1-db26-4524-b863-f9a4e968888c 0.111s
2025-03-18 08:56:51.763 68574 INFO tempest.lib.common.rest_client [req-55f0e5d6-3de7-43db-b571-037dceefd022 req-55f0e5d6-3de7-43db-b571-037dceefd022 ] Request (ServersNegativeTestMultiTenantJSON:setUpClass): 200 GET http://10.180.1.21/compute/v2.1/servers/1b6ff85a-4b0e-49e6-a6bb-26ab474b4e97 0.115s
2025-03-18 08:56:51.763 68534 INFO tempest.lib.common.rest_client [req-b38b87db-95c1-4a5a-875b-0fa033b261b7 req-b38b87db-95c1-4a5a-875b-0fa033b261b7 ] Request (AttachInterfacesV270Test:tearDownClass): 200 GET http://10.180.1.21/compute/v2.1/servers/7faccb18-35c1-4c02-9a01-f410755052f9 0.122s
2025-03-18 08:56:51.834 68538 INFO tempest.lib.common.rest_client [req-7fdf91b3-95b5-43f7-b190-74758030a422 req-7fdf91b3-95b5-43f7-b190-74758030a422 ] Request (ServersAaction247Test:tearDownClass): 200 GET http://10.180.1.21/compute/v2.1/servers/112fe205-82ae-498b-82df-5ca6b5d13b59 0.135s
2025-03-18 08:56:51.885 68540 INFO tempest.lib.common.rest_client [req-10d4e90e-227f-4bd4-b774-86745b5d7aa7 req-10d4e90e-227f-4bd4-b774-86745b5d7aa7 ] Request (ServerActionsV293TestJSON:setUpClass): 200 GET http://10.180.1.21/compute/v2.1/servers/9e2bfb4b-822d-4728-9a5b-a126fde49d45 0.127s
2025-03-18 08:56:51.908 68554 INFO tempest.lib.common.rest_client [req-1100d443-bf41-4cc5-8bb7-22b2541bf5ed req-1100d443-bf41-4cc5-8bb7-22b2541bf5ed ] Request (ListServerFiltersTestJSON:test_list_servers_filtered_by_ip): 200 GET http://10.180.1.21/compute/v2.1/servers?ip=192.168.128.11 0.237s
2025-03-18 08:56:51.932 68566 INFO tempest.lib.common.rest_client [req-84b841a6-51ed-4116-ae00-137e27cbf175 req-84b841a6-51ed-4116-ae00-137e27cbf175 ] Request (InstanceActionsNegativeTestJSON:setUpClass): 200 GET http://10.180.1.21/compute/v2.1/servers/6c0b1a50-ac65-424d-aa40-934135372423 0.140s
2025-03-18 08:56:51.970 68524 INFO tempest.lib.common.rest_client [req-08122fb7-b201-4529-82ff-39fe4fcfb4c6 req-08122fb7-b201-4529-82ff-39fe4fcfb4c6 ] Request (ImagesOneServerNegativeTestJSON:_run_cleanups): 200 GET http://10.180.1.21/compute/v2.1/servers/8e5aa82d-8c22-4b8e-9133-361bfe0b33c3 0.116s
2025-03-18 08:56:52.254 68548 INFO tempest.lib.common.rest_client [req-d6b0da3a-4fd1-442f-a6e8-cda7f3cd1c5c req-d6b0da3a-4fd1-442f-a6e8-cda7f3cd1c5c ] Request (ServerMetadataNegativeTestJSON:setUpClass): 200 GET http://10.180.1.21/compute/v2.1/servers/fdb15207-4edb-4315-b849-04643bdac5e9 0.339s
2025-03-18 08:56:52.320 68522 INFO tempest.lib.common.rest_client [req-222fecc8-d7be-4eae-ae47-9c14993fa264 req-222fecc8-d7be-4eae-ae47-9c14993fa264 ] Request (MigrationsAdminTest:test_resize_server_revert_deleted_flavor): 200 GET http://10.180.1.21/compute/v2.1/servers/b131322c-0c3e-4508-8e93-5dada3d44f34 0.307s
2025-03-18 08:56:52.328 68554 INFO tempest.lib.common.rest_client [req-f53a6345-15dd-4e18-87a3-43b611271a31 req-f53a6345-15dd-4e18-87a3-43b611271a31 ] Request (ListServerFiltersTestJSON:test_list_servers_filtered_by_ip_regex): 200 GET http://10.180.1.21/compute/v2.1/servers/61aaee44-9333-4eab-bc8f-cba4b828b845 0.417s
2025-03-18 08:56:52.381 68560 INFO tempest.lib.common.rest_client [req-b85239c9-ad45-4bf6-8934-72d84310e7ba req-b85239c9-ad45-4bf6-8934-72d84310e7ba ] Request (AttachInterfacesUnderV243Test:test_add_remove_fixed_ip): 200 GET http://10.180.1.21/compute/v2.1/servers/e834d430-07da-48c1-9eb5-4884c24ba994 0.361s
2025-03-18 08:56:52.414 68518 INFO tempest.lib.common.rest_client [req-c480cca6-2070-48aa-9c81-cb4c336ee435 req-c480cca6-2070-48aa-9c81-cb4c336ee435 ] Request (ImagesNegativeTestJSON:test_create_image_from_deleted_server): 200 GET http://10.180.1.21/compute/v2.1/servers/8d737621-6a66-4c01-b11b-91073036750f 0.342s
2025-03-18 08:56:52.437 68552 INFO tempest.lib.common.rest_client [req-1d19d8dd-cd74-4eeb-a39e-9e2d3223fa58 req-1d19d8dd-cd74-4eeb-a39e-9e2d3223fa58 ] Request (ServerDiagnosticsV248Test:test_get_server_diagnostics): 200 GET http://10.180.1.21/compute/v2.1/servers/f5b4aac1-464e-460c-9c19-2c5d43302016 0.313s
2025-03-18 08:56:52.489 68558 INFO tempest.lib.common.rest_client [req-bb5cdf00-2b78-43af-a038-b3a5c64ed6d4 req-bb5cdf00-2b78-43af-a038-b3a5c64ed6d4 ] Request (ServerActionsTestJSON:setUpClass): 200 GET http://10.180.1.21/compute/v2.1/servers/4bbb344e-11e3-48ad-ad1d-437222dbf06d 0.360s
2025-03-18 08:56:52.507 68576 INFO tempest.lib.common.rest_client [req-ee3f66f3-e29f-4579-a33e-cbce43ccb595 req-ee3f66f3-e29f-4579-a33e-cbce43ccb595 ] Request (DeleteServersAdminTestJSON:test_delete_server_while_in_error_state): 200 GET http://10.180.1.21/compute/v2.1/servers/b36e80dd-0344-4908-8a25-4d4dd07931c3 0.282s
2025-03-18 08:56:52.548 68536 INFO tempest.lib.common.rest_client [req-0bdc44c3-4540-41fb-bdc0-5b2797aee4fe req-0bdc44c3-4540-41fb-bdc0-5b2797aee4fe ] Request (ServersAdminNegativeTestJSON:tearDownClass): 200 GET http://10.180.1.21/compute/v2.1/servers/b63e221e-88cd-4b8c-88ca-c1cb8b7c6318 0.266s
