2025-03-18 08:54:52.985 68562 INFO tempest.lib.common.rest_client [req-fda1ad67-47fb-41d1-8d39-512b3802f1af req-fda1ad67-47fb-41d1-8d39-512b3802f1af ] Request (VolumesAssistedSnapshotsTest:setUpClass): 201 POST http://10.180.1.21:9696/networking/v2.0/routers 1.265s
2025-03-18 08:54:52.990 68526 INFO tempest.lib.common.rest_client [req-90c5f493-d13c-482a-90e7-cd31c2e016fd req-90c5f493-d13c-482a-90e7-cd31c2e016fd ] Request (QuotaClassesAdminTestJSON:setUpClass): 204 PUT http://10.180.1.21/identity/v3/projects/525f5f77c7994d3b9f7bb1e0c402b708/users/315951b606e64812a6849e6d5459fcda/roles/a10b52f484a949e2b4857b1571f4801e 0.074s
2025-03-18 08:54:52.990 68526 INFO tempest.lib.common.dynamic_creds [-] Dynamic test user 315951b606e64812a6849e6d5459fcda is created with scope project and roles: ['admin']
2025-03-18 08:54:52.990 68526 INFO tempest.lib.common.dynamic_creds [-] Acquired dynamic creds: credentials: Credentials: {'domain_id': 'default', 'domain_name': 'Default', 'username': 'tempest-QuotaClassesAdminTestJSON-690375194-project-admin', 'project_domain_id': 'default', 'project_domain_name': 'Default', 'project_id': '525f5f77c7994d3b9f7bb1e0c402b708', 'project_name': 'tempest-QuotaClassesAdminTestJSON-690375194', 'tenant_id': '525f5f77c7994d3b9f7bb1e0c402b708', 'tenant_name': 'tempest-QuotaClassesAdminTestJSON-690375194', 'user_domain_id': 'default', 'user_domain_name': 'Default', 'user_id': '315951b606e64812a6849e6d5459fcda', 'system': None}, Network: None, Subnet: None, Router: None
2025-03-18 08:54:52.990 68526 INFO tempest.lib.common.dynamic_creds [-] Created isolated network resources for: credentials: Credentials: {'domain_id': 'default', 'domain_name': 'Default', 'username': 'tempest-QuotaClassesAdminTestJSON-690375194-project-admin', 'project_domain_id': 'default', 'project_domain_name': 'Default', 'project_id': '525f5f77c7994d3b9f7bb1e0c402b708', 'project_name': 'tempest-QuotaClassesAdminTestJSON-690375194', 'tenant_id': '525f5f77c7994d3b9f7bb1e0c402b708', 'tenant_name': 'tempest-QuotaClassesAdminTestJSON-690375194', 'user_domain_id': 'default', 'user_domain_name': 'Default', 'user_id': '315951b606e64812a6849e6d5459fcda', 'system': None}, Network: None, Subnet: None, Router: None
2025-03-18 08:54:53.026 68564 INFO tempest.lib.common.rest_client [req-4617c58b-bc58-495e-9a44-ad83fbbd3afd req-4617c58b-bc58-495e-9a44-ad83fbbd3afd ] Request (ServersAdminTestJSON:setUpClass): 201 POST http://10.180.1.21:9696/networking/v2.0/subnets 0.388s
2025-03-18 08:54:53.038 68536 INFO tempest.lib.common.rest_client [req-77d1410c-8ad0-4cb2-990c-23414b153dad req-77d1410c-8ad0-4cb2-990c-23414b153dad ] Request (FlavorsV255TestJSON:test_crud_flavor): 200 POST http://10.180.1.21/compute/v2.1/flavors 2.984s
2025-03-18 08:54:53.051 68520 INFO tempest.lib.common.rest_client [req-d2b6483a-0702-4072-8f00-46b7ac4ee20a req-d2b6483a-0702-4072-8f00-46b7ac4ee20a ] Request (HostsAdminNegativeTestJSON:setUpClass): 200 GET http://10.180.1.21/identity/v3/roles 0.111s
2025-03-18 08:54:53.120 68526 INFO tempest.lib.common.rest_client [req-b9ed0852-4ef9-4cd4-b3ec-3868f8869501 req-b9ed0852-4ef9-4cd4-b3ec-3868f8869501 ] Request (QuotaClassesAdminTestJSON:setUpClass): 201 POST http://10.180.1.21/identity/v3/auth/tokens 0.127s
2025-03-18 08:54:53.143 68520 INFO tempest.lib.common.rest_client [req-732b50f2-d1e3-4658-bbf2-239482e93a8b req-732b50f2-d1e3-4658-bbf2-239482e93a8b ] Request (HostsAdminNegativeTestJSON:setUpClass): 204 PUT http://10.180.1.21/identity/v3/projects/95281a0e971340719f40c478740f3397/users/64b3472a65f046439a33f5a00ace98b4/roles/a10b52f484a949e2b4857b1571f4801e 0.091s
2025-03-18 08:54:53.143 68520 INFO tempest.lib.common.dynamic_creds [-] Dynamic test user 64b3472a65f046439a33f5a00ace98b4 is created with scope project and roles: ['admin']
2025-03-18 08:54:53.144 68520 INFO tempest.lib.common.dynamic_creds [-] Acquired dynamic creds: credentials: Credentials: {'domain_id': 'default', 'domain_name': 'Default', 'username': 'tempest-HostsAdminNegativeTestJSON-1774973940-project-admin', 'project_domain_id': 'default', 'project_domain_name': 'Default', 'project_id': '95281a0e971340719f40c478740f3397', 'project_name': 'tempest-HostsAdminNegativeTestJSON-1774973940', 'tenant_id': '95281a0e971340719f40c478740f3397', 'tenant_name': 'tempest-HostsAdminNegativeTestJSON-1774973940', 'user_domain_id': 'default', 'user_domain_name': 'Default', 'user_id': '64b3472a65f046439a33f5a00ace98b4', 'system': None}, Network: None, Subnet: None, Router: None
2025-03-18 08:54:53.144 68520 INFO tempest.lib.common.dynamic_creds [-] Created isolated network resources for: credentials: Credentials: {'domain_id': 'default', 'domain_name': 'Default', 'username': 'tempest-HostsAdminNegativeTestJSON-1774973940-project-admin', 'project_domain_id': 'default', 'project_domain_name': 'Default', 'project_id': '95281a0e971340719f40c478740f3397', 'project_name': 'tempest-HostsAdminNegativeTestJSON-1774973940', 'tenant_id': '95281a0e971340719f40c478740f3397', 'tenant_name': 'tempest-HostsAdminNegativeTestJSON-1774973940', 'user_domain_id': 'default', 'user_domain_name': 'Default', 'user_id': '64b3472a65f046439a33f5a00ace98b4', 'system': None}, Network: None, Subnet: None, Router: None
2025-03-18 08:54:53.195 68558 INFO tempest.lib.common.rest_client [req-be66ce9b-ba57-479b-9019-accd89e46fb5 req-be66ce9b-ba57-479b-9019-accd89e46fb5 ] Request (AggregatesAdminNegativeTestJSON:setUpClass): 200 GET http://10.180.1.21/compute/v2.1/os-services?binary=nova-compute 2.963s
2025-03-18 08:54:53.257 68538 INFO tempest.lib.common.rest_client [req-caf6baac-5c4c-4e06-b8fd-6a6402d1cfc4 req-caf6baac-5c4c-4e06-b8fd-6a6402d1cfc4 ] Request (AZAdminNegativeTestJSON:tearDownClass): 204 DELETE http://10.180.1.21:9696/networking/v2.0/security-groups/866a60ea-2a85-4785-b59a-c19dda4f9f68 0.309s
2025-03-18 08:54:53.272 68520 INFO tempest.lib.common.rest_client [req-a141517a-0b84-410c-b122-97a608e9c4a5 req-a141517a-0b84-410c-b122-97a608e9c4a5 ] Request (HostsAdminNegativeTestJSON:setUpClass): 201 POST http://10.180.1.21/identity/v3/auth/tokens 0.124s
2025-03-18 08:54:53.296 68528 INFO tempest.lib.common.rest_client [req-301e8850-a329-4e44-8dc4-3513efef9e0a req-301e8850-a329-4e44-8dc4-3513efef9e0a ] Request (AttachInterfacesTestJSON:setUpClass): 201 POST http://10.180.1.21:9696/networking/v2.0/subnets 0.469s
2025-03-18 08:54:53.371 68530 INFO tempest.lib.common.rest_client [req-8693a61f-bd53-4bf1-84b6-bceaa56c4dc1 req-8693a61f-bd53-4bf1-84b6-bceaa56c4dc1 ] Request (VolumesAdminNegativeTest:test_update_attached_volume_with_nonexistent_volume_in_body): 200 POST http://10.180.1.21/compute/v2.1/os-keypairs 3.034s
2025-03-18 08:54:53.396 68538 INFO tempest.lib.common.rest_client [req-38e0ff2b-c098-4d38-a64a-5e02c59a1259 req-38e0ff2b-c098-4d38-a64a-5e02c59a1259 ] Request (AZAdminNegativeTestJSON:tearDownClass): 204 DELETE http://10.180.1.21/identity/v3/projects/f8883220dde8416c8ca19ce5369cc089 0.139s
2025-03-18 08:54:53.479 68538 INFO tempest.lib.common.rest_client [req-ee5a4403-a94e-4185-96e9-e1831acf23fb req-ee5a4403-a94e-4185-96e9-e1831acf23fb ] Request (FlavorsAccessNegativeTestJSON:setUpClass): 201 POST http://10.180.1.21/identity/v3/auth/tokens 0.081s
2025-03-18 08:54:53.514 68538 INFO tempest.lib.common.rest_client [req-85844fe4-690f-494a-aa38-9f4d76c6ee6f req-85844fe4-690f-494a-aa38-9f4d76c6ee6f ] Request (FlavorsAccessNegativeTestJSON:setUpClass): 201 POST http://10.180.1.21/identity/v3/auth/tokens 0.032s
2025-03-18 08:54:53.537 68538 INFO tempest.lib.common.rest_client [req-62060c36-9d48-4443-a57c-cd7d3f71b9be req-62060c36-9d48-4443-a57c-cd7d3f71b9be ] Request (FlavorsAccessNegativeTestJSON:setUpClass): 200 GET http://10.180.1.21/identity/v3/domains?name=Default 0.022s
2025-03-18 08:54:53.546 68552 INFO tempest.lib.common.rest_client [req-ac66ee97-7980-4484-ad8d-7e0974db2a03 req-ac66ee97-7980-4484-ad8d-7e0974db2a03 ] Request (QuotasAdminNegativeTest:test_create_server_when_cpu_quota_is_full): 200 GET http://10.180.1.21/compute/v2.1/os-quota-sets/350be6c180a74aeca9f11553c52ef4bc 3.206s
2025-03-18 08:54:53.561 68544 INFO tempest.lib.common.rest_client [req-1769b208-0fdb-4c79-b673-09cc71fa5188 req-1769b208-0fdb-4c79-b673-09cc71fa5188 ] Request (SecurityGroupsTestAdminJSON:test_list_security_groups_list_all_tenants_filter): 200 POST http://10.180.1.21/compute/v2.1/os-security-groups 3.389s
2025-03-18 08:54:53.569 68538 INFO tempest.lib.common.rest_client [req-2ddbc138-0735-4cbe-b6d8-dc1f582b6bd8 req-2ddbc138-0735-4cbe-b6d8-dc1f582b6bd8 ] Request (FlavorsAccessNegativeTestJSON:setUpClass): 201 POST http://10.180.1.21/identity/v3/projects 0.031s
2025-03-18 08:54:53.602 68530 INFO tempest.lib.common.rest_client [req-1e24dac7-6534-4dc2-b47d-adcfdddc77cc req-1e24dac7-6534-4dc2-b47d-adcfdddc77cc ] Request (VolumesAdminNegativeTest:test_update_attached_volume_with_nonexistent_volume_in_body): 201 POST http://10.180.1.21:9696/networking/v2.0/security-groups 0.229s
2025-03-18 08:54:53.638 68548 INFO tempest.lib.common.rest_client [req-fd64bbe1-5de1-47f8-8d74-4f5a435f5ea2 req-fd64bbe1-5de1-47f8-8d74-4f5a435f5ea2 ] Request (FlavorsAdminTestJSON:test_create_flavor_using_string_ram): 200 POST http://10.180.1.21/compute/v2.1/flavors 3.209s
2025-03-18 08:54:53.689 68538 INFO tempest.lib.common.rest_client [req-36c06a54-0c4c-4d9c-a862-8ea27c1fc4b7 req-36c06a54-0c4c-4d9c-a862-8ea27c1fc4b7 ] Request (FlavorsAccessNegativeTestJSON:setUpClass): 201 POST http://10.180.1.21/identity/v3/users 0.119s
2025-03-18 08:54:53.716 68538 INFO tempest.lib.common.rest_client [req-22e93f20-8fde-4f64-a070-05a66750cb5d req-22e93f20-8fde-4f64-a070-05a66750cb5d ] Request (FlavorsAccessNegativeTestJSON:setUpClass): 200 GET http://10.180.1.21/identity/v3/roles 0.027s
2025-03-18 08:54:53.745 68538 INFO tempest.lib.common.rest_client [req-6e50c5e6-3c8b-431e-8576-dd1c1cacd6fc req-6e50c5e6-3c8b-431e-8576-dd1c1cacd6fc ] Request (FlavorsAccessNegativeTestJSON:setUpClass): 204 PUT http://10.180.1.21/identity/v3/projects/5a515d13ca0f48feb980611da034aecd/users/c0a63a86385941eeac24e405b8379cee/roles/2d99c22cb3064247b90da6b605583005 0.029s
2025-03-18 08:54:53.746 68538 INFO tempest.lib.common.dynamic_creds [-] Dynamic test user c0a63a86385941eeac24e405b8379cee is created with scope project and roles: ['member']
2025-03-18 08:54:53.746 68538 INFO tempest.lib.common.dynamic_creds [-] Acquired dynamic creds: credentials: Credentials: {'domain_id': 'default', 'domain_name': 'Default', 'username': 'tempest-FlavorsAccessNegativeTestJSON-943572380-project-member', 'project_domain_id': 'default', 'project_domain_name': 'Default', 'project_id': '5a515d13ca0f48feb980611da034aecd', 'project_name': 'tempest-FlavorsAccessNegativeTestJSON-943572380', 'tenant_id': '5a515d13ca0f48feb980611da034aecd', 'tenant_name': 'tempest-FlavorsAccessNegativeTestJSON-943572380', 'user_domain_id': 'default', 'user_domain_name': 'Default', 'user_id': 'c0a63a86385941eeac24e405b8379cee', 'system': None}, Network: None, Subnet: None, Router: None
2025-03-18 08:54:53.746 68538 INFO tempest.lib.common.dynamic_creds [-] Created isolated network resources for: credentials: Credentials: {'domain_id': 'default', 'domain_name': 'Default', 'username': 'tempest-FlavorsAccessNegativeTestJSON-943572380-project-member', 'project_domain_id': 'default', 'project_domain_name': 'Default', 'project_id': '5a515d13ca0f48feb980611da034aecd', 'project_name': 'tempest-FlavorsAccessNegativeTestJSON-943572380', 'tenant_id': '5a515d13ca0f48feb980611da034aecd', 'tenant_name': 'tempest-FlavorsAccessNegativeTestJSON-943572380', 'user_domain_id': 'default', 'user_domain_name': 'Default', 'user_id': 'c0a63a86385941eeac24e405b8379cee', 'system': None}, Network: None, Subnet: None, Router: None
2025-03-18 08:54:53.777 68550 INFO tempest.lib.common.rest_client [req-a5a070b7-3968-4d65-acb2-e3f663fa587b req-a5a070b7-3968-4d65-acb2-e3f663fa587b ] Request (ServersWithSpecificFlavorTestJSON:setUpClass): 201 POST http://10.180.1.21:9696/networking/v2.0/routers 1.342s
2025-03-18 08:54:53.808 68546 INFO tempest.lib.common.rest_client [req-0832e27e-c1e0-4fc1-ac96-a07d9099ef06 req-0832e27e-c1e0-4fc1-ac96-a07d9099ef06 ] Request (ServerRescueTestJSONUnderV235:setUpClass): 200 GET http://10.180.1.21/compute/v2.1/servers/21b5ba2f-3b5e-485a-a59c-6626f8b4be36 3.002s
2025-03-18 08:54:53.817 68538 INFO tempest.lib.common.rest_client [req-6319478b-d262-4ab2-8269-9745aaf9faae req-6319478b-d262-4ab2-8269-9745aaf9faae ] Request (FlavorsAccessNegativeTestJSON:setUpClass): 201 POST http://10.180.1.21/identity/v3/auth/tokens 0.066s
2025-03-18 08:54:53.854 68530 INFO tempest.lib.common.rest_client [req-2d29b7a2-1fb8-41b7-b752-2233eb6dc77e req-2d29b7a2-1fb8-41b7-b752-2233eb6dc77e ] Request (VolumesAdminNegativeTest:test_update_attached_volume_with_nonexistent_volume_in_body): 201 POST http://10.180.1.21:9696/networking/v2.0/security-group-rules 0.252s
2025-03-18 08:54:53.882 68538 INFO tempest.lib.common.rest_client [req-b7378f62-38fa-4755-a2c3-dd349fb38f19 req-b7378f62-38fa-4755-a2c3-dd349fb38f19 ] Request (FlavorsAccessNegativeTestJSON:setUpClass): 201 POST http://10.180.1.21/identity/v3/projects 0.065s
2025-03-18 08:54:53.945 68538 INFO tempest.lib.common.rest_client [req-08a01d9c-d098-4b7b-a1d6-e9f041fc36ad req-08a01d9c-d098-4b7b-a1d6-e9f041fc36ad ] Request (FlavorsAccessNegativeTestJSON:setUpClass): 201 POST http://10.180.1.21/identity/v3/users 0.062s
2025-03-18 08:54:53.974 68538 INFO tempest.lib.common.rest_client [req-b16e6fe9-8a30-47c8-887c-23498e79ebab req-b16e6fe9-8a30-47c8-887c-23498e79ebab ] Request (FlavorsAccessNegativeTestJSON:setUpClass): 200 GET http://10.180.1.21/identity/v3/roles 0.029s
2025-03-18 08:54:54.016 68538 INFO tempest.lib.common.rest_client [req-d3060b99-d5d1-4ccd-8090-9f0ee012edb5 req-d3060b99-d5d1-4ccd-8090-9f0ee012edb5 ] Request (FlavorsAccessNegativeTestJSON:setUpClass): 204 PUT http://10.180.1.21/identity/v3/projects/0ae8b168a6894d22a2deb18a6e265f9d/users/074c2ee6235747098280fff682cd6368/roles/a10b52f484a949e2b4857b1571f4801e 0.041s
2025-03-18 08:54:54.028 68576 INFO tempest.lib.common.rest_client [req-f7d66f3e-8f51-467f-a0be-c4388fc6e477 req-f7d66f3e-8f51-467f-a0be-c4388fc6e477 ] Request (DeleteServersAdminTestJSON:test_admin_delete_servers_of_others): 202 POST http://10.180.1.21/compute/v2.1/servers 3.375s
2025-03-18 08:54:54.088 68530 INFO tempest.lib.common.rest_client [req-cd3450cd-44dd-4584-9d5d-c72557b252cd req-cd3450cd-44dd-4584-9d5d-c72557b252cd ] Request (VolumesAdminNegativeTest:test_update_attached_volume_with_nonexistent_volume_in_body): 201 POST http://10.180.1.21:9696/networking/v2.0/security-group-rules 0.233s
2025-03-18 08:54:54.094 68538 INFO tempest.lib.common.rest_client [req-2507787d-8794-4c49-8b11-f798806bb31b req-2507787d-8794-4c49-8b11-f798806bb31b ] Request (FlavorsAccessNegativeTestJSON:setUpClass): 200 GET http://10.180.1.21/identity/v3/roles 0.077s
2025-03-18 08:54:54.117 68538 INFO tempest.lib.common.rest_client [req-beb73df6-3beb-4d41-921c-96b03b52f414 req-beb73df6-3beb-4d41-921c-96b03b52f414 ] Request (FlavorsAccessNegativeTestJSON:setUpClass): 204 PUT http://10.180.1.21/identity/v3/projects/0ae8b168a6894d22a2deb18a6e265f9d/users/074c2ee6235747098280fff682cd6368/roles/a10b52f484a949e2b4857b1571f4801e 0.022s
2025-03-18 08:54:54.117 68538 INFO tempest.lib.common.dynamic_creds [-] Dynamic test user 074c2ee6235747098280fff682cd6368 is created with scope project and roles: ['admin']
2025-03-18 08:54:54.117 68538 INFO tempest.lib.common.dynamic_creds [-] Acquired dynamic creds: credentials: Credentials: {'domain_id': 'default', 'domain_name': 'Default', 'username': 'tempest-FlavorsAccessNegativeTestJSON-1698495438-project-admin', 'project_domain_id': 'default', 'project_domain_name': 'Default', 'project_id': '0ae8b168a6894d22a2deb18a6e265f9d', 'project_name': 'tempest-FlavorsAccessNegativeTestJSON-1698495438', 'tenant_id': '0ae8b168a6894d22a2deb18a6e265f9d', 'tenant_name': 'tempest-FlavorsAccessNegativeTestJSON-1698495438', 'user_domain_id': 'default', 'user_domain_name': 'Default', 'user_id': '074c2ee6235747098280fff682cd6368', 'system': None}, Network: None, Subnet: None, Router: None
2025-03-18 08:54:54.117 68538 INFO tempest.lib.common.dynamic_creds [-] Created isolated network resources for: credentials: Credentials: {'domain_id': 'default', 'domain_name': 'Default', 'username': 'tempest-FlavorsAccessNegativeTestJSON-1698495438-project-admin', 'project_domain_id': 'default', 'project_domain_name': 'Default', 'project_id': '0ae8b168a6894d22a2deb18a6e265f9d', 'project_name': 'tempest-FlavorsAccessNegativeTestJSON-1698495438', 'tenant_id': '0ae8b168a6894d22a2deb18a6e265f9d', 'tenant_name': 'tempest-FlavorsAccessNegativeTestJSON-1698495438', 'user_domain_id': 'default', 'user_domain_name': 'Default', 'user_id': '074c2ee6235747098280fff682cd6368', 'system': None}, Network: None, Subnet: None, Router: None
2025-03-18 08:54:54.222 68538 INFO tempest.lib.common.rest_client [req-5cfbbe48-d87e-4a42-81a0-f56b0319a4d6 req-5cfbbe48-d87e-4a42-81a0-f56b0319a4d6 ] Request (FlavorsAccessNegativeTestJSON:setUpClass): 201 POST http://10.180.1.21/identity/v3/auth/tokens 0.100s
2025-03-18 08:54:54.235 68554 INFO tempest.lib.common.rest_client [req-7f9dc9a4-a77f-46fa-9941-9c444104929a req-7f9dc9a4-a77f-46fa-9941-9c444104929a ] Request (FlavorsAccessTestJSON:test_flavor_access_add_remove): 200 POST http://10.180.1.21/compute/v2.1/flavors/1538264071/action 3.060s
2025-03-18 08:54:54.303 68534 INFO tempest.lib.common.rest_client [req-41b533ae-380a-4ecc-ae97-48297fc215e7 req-41b533ae-380a-4ecc-ae97-48297fc215e7 ] Request (HypervisorAdminUnderV252Test:test_get_hypervisor_show_servers): 200 GET http://10.180.1.21/compute/v2.1/os-hypervisors/domain-c8.fc996f14-c53b-4953-92e3-bdfa48f5cc28/servers 2.599s
2025-03-18 08:54:54.327 68538 INFO tempest.lib.common.rest_client [req-ae899b87-b1cf-460d-b85d-5b940b63683f req-ae899b87-b1cf-460d-b85d-5b940b63683f ] Request (FlavorsAccessNegativeTestJSON:setUpClass): 201 POST http://10.180.1.21/identity/v3/projects 0.103s
2025-03-18 08:54:54.409 68538 INFO tempest.lib.common.rest_client [req-e427f924-ea38-4f8a-afb6-b561d8f0c7be req-e427f924-ea38-4f8a-afb6-b561d8f0c7be ] Request (FlavorsAccessNegativeTestJSON:setUpClass): 201 POST http://10.180.1.21/identity/v3/users 0.080s
2025-03-18 08:54:54.434 68538 INFO tempest.lib.common.rest_client [req-27bfbd3a-393f-4a8a-ae69-db393c4cbda4 req-27bfbd3a-393f-4a8a-ae69-db393c4cbda4 ] Request (FlavorsAccessNegativeTestJSON:setUpClass): 200 GET http://10.180.1.21/identity/v3/roles 0.025s
2025-03-18 08:54:54.462 68538 INFO tempest.lib.common.rest_client [req-ca176af8-90a5-4e76-b005-0dbca8d24ccf req-ca176af8-90a5-4e76-b005-0dbca8d24ccf ] Request (FlavorsAccessNegativeTestJSON:setUpClass): 204 PUT http://10.180.1.21/identity/v3/projects/43299f9b9aa84e86ba7b1fde090697f3/users/3ae1e84ce48948629a8b8a1df69f8a3b/roles/2d99c22cb3064247b90da6b605583005 0.028s
2025-03-18 08:54:54.463 68538 INFO tempest.lib.common.dynamic_creds [-] Dynamic test user 3ae1e84ce48948629a8b8a1df69f8a3b is created with scope project and roles: ['member']
2025-03-18 08:54:54.463 68538 INFO tempest.lib.common.dynamic_creds [-] Acquired dynamic creds: credentials: Credentials: {'domain_id': 'default', 'domain_name': 'Default', 'username': 'tempest-FlavorsAccessNegativeTestJSON-1062146599-project-member', 'project_domain_id': 'default', 'project_domain_name': 'Default', 'project_id': '43299f9b9aa84e86ba7b1fde090697f3', 'project_name': 'tempest-FlavorsAccessNegativeTestJSON-1062146599', 'tenant_id': '43299f9b9aa84e86ba7b1fde090697f3', 'tenant_name': 'tempest-FlavorsAccessNegativeTestJSON-1062146599', 'user_domain_id': 'default', 'user_domain_name': 'Default', 'user_id': '3ae1e84ce48948629a8b8a1df69f8a3b', 'system': None}, Network: None, Subnet: None, Router: None
2025-03-18 08:54:54.463 68538 INFO tempest.lib.common.dynamic_creds [-] Created isolated network resources for: credentials: Credentials: {'domain_id': 'default', 'domain_name': 'Default', 'username': 'tempest-FlavorsAccessNegativeTestJSON-1062146599-project-member', 'project_domain_id': 'default', 'project_domain_name': 'Default', 'project_id': '43299f9b9aa84e86ba7b1fde090697f3', 'project_name': 'tempest-FlavorsAccessNegativeTestJSON-1062146599', 'tenant_id': '43299f9b9aa84e86ba7b1fde090697f3', 'tenant_name': 'tempest-FlavorsAccessNegativeTestJSON-1062146599', 'user_domain_id': 'default', 'user_domain_name': 'Default', 'user_id': '3ae1e84ce48948629a8b8a1df69f8a3b', 'system': None}, Network: None, Subnet: None, Router: None
2025-03-18 08:54:54.500 68543 INFO tempest.lib.common.rest_client [req-353ffb80-2e49-4678-af17-187c91e9f8b2 req-353ffb80-2e49-4678-af17-187c91e9f8b2 ] Request (QuotasAdminTestV236:test_get_updated_quotas): 200 GET http://10.180.1.21/compute/v2.1/os-quota-sets/1aa45cb529f840b89ab437d85c2697c1/detail 2.782s
2025-03-18 08:54:54.552 68538 INFO tempest.lib.common.rest_client [req-50a72ee0-19fa-457b-9a70-48ca5c40c721 req-50a72ee0-19fa-457b-9a70-48ca5c40c721 ] Request (FlavorsAccessNegativeTestJSON:setUpClass): 201 POST http://10.180.1.21/identity/v3/auth/tokens 0.086s
2025-03-18 08:54:54.553 68538 WARNING tempest.lib.common.rest_client [-] Deprecated: "tenant_id" property is deprecated for removal, use "project_id" instead
2025-03-18 08:54:54.637 68543 INFO tempest.lib.common.rest_client [req-0d7f3a9f-0d5d-40fd-9075-1ab80db6c457 req-0d7f3a9f-0d5d-40fd-9075-1ab80db6c457 ] Request (QuotasAdminTestV236:test_get_updated_quotas): 200 GET http://10.180.1.21/identity/v3/domains?name=Default 0.128s
2025-03-18 08:54:54.666 68543 INFO tempest.lib.common.rest_client [req-46ca1532-a1a5-456f-b0ae-2157f2ddbc55 req-46ca1532-a1a5-456f-b0ae-2157f2ddbc55 ] Request (QuotasAdminTestV236:test_get_updated_quotas): 201 POST http://10.180.1.21/identity/v3/users 0.028s
2025-03-18 08:54:54.696 68543 INFO tempest.lib.common.rest_client [req-bba89551-11be-4505-aaaa-9a2c3a3a3e31 req-bba89551-11be-4505-aaaa-9a2c3a3a3e31 ] Request (QuotasAdminTestV236:test_get_updated_quotas): 200 GET http://10.180.1.21/identity/v3/domains?name=Default 0.030s
2025-03-18 08:54:54.753 68564 INFO tempest.lib.common.rest_client [req-1bd04459-addc-42e9-b4b6-cadb16735a87 req-1bd04459-addc-42e9-b4b6-cadb16735a87 ] Request (ServersAdminTestJSON:setUpClass): 201 POST http://10.180.1.21:9696/networking/v2.0/routers 1.726s
2025-03-18 08:54:54.989 68570 INFO tempest.lib.common.rest_client [req-80630e34-fad6-4f84-8380-30c34b3e9b97 req-80630e34-fad6-4f84-8380-30c34b3e9b97 ] Request (ServerExternalEventsTest:test_create_server_external_events): 202 POST http://10.180.1.21/compute/v2.1/servers 3.095s
2025-03-18 08:54:55.021 68516 INFO tempest.lib.common.rest_client [req-a9930628-23d0-41f4-8c06-cc4d5ad9cbc1 req-a9930628-23d0-41f4-8c06-cc4d5ad9cbc1 ] Request (HostsAdminTestJSON:test_list_hosts_with_a_blank_zone): 200 GET http://10.180.1.21/compute/v2.1/os-hosts?zone= 2.985s
2025-03-18 08:54:55.101 68569 INFO tempest.lib.common.rest_client [req-a88cfe8c-f5cb-4265-a31b-b9a4ddb3336a req-a88cfe8c-f5cb-4265-a31b-b9a4ddb3336a ] Request (FloatingIPsTestJSON:test_allocate_floating_ip): 200 POST http://10.180.1.21/compute/v2.1/os-floating-ips 4.282s
2025-03-18 08:54:55.119 68518 INFO tempest.lib.common.rest_client [req-b212d88f-1be8-4cc6-b849-2cb7866750fd req-b212d88f-1be8-4cc6-b849-2cb7866750fd ] Request (InstanceUsageAuditLogTestJSON:test_get_instance_usage_audit_log): 200 GET http://10.180.1.21/compute/v2.1/os-instance_usage_audit_log/2025-03-18%2008%3A54%3A52 2.810s
2025-03-18 08:54:55.189 68532 INFO tempest.lib.common.rest_client [req-d74b3d4f-1a38-4edd-b45c-b04d5c59a213 req-d74b3d4f-1a38-4edd-b45c-b04d5c59a213 ] Request (FlavorsV261TestJSON:test_crud_flavor): 200 GET http://10.180.1.21/compute/v2.1/flavors/833924426 2.694s
2025-03-18 08:54:55.262 68550 INFO tempest.lib.common.rest_client [req-daa94220-f9b7-4d2c-86f9-daf5402abc74 req-daa94220-f9b7-4d2c-86f9-daf5402abc74 ] Request (ServersWithSpecificFlavorTestJSON:setUpClass): 200 PUT http://10.180.1.21:9696/networking/v2.0/routers/62a3074e-f779-4913-85de-73efa7ada976/add_router_interface 1.484s
2025-03-18 08:54:55.262 68550 INFO tempest.lib.common.dynamic_creds [-] Created isolated network resources for: credentials: Credentials: {'domain_id': 'default', 'domain_name': 'Default', 'username': 'tempest-ServersWithSpecificFlavorTestJSON-1645373979-project-admin', 'project_domain_id': 'default', 'project_domain_name': 'Default', 'project_id': 'ba8a4b7f673441949fb816491034055f', 'project_name': 'tempest-ServersWithSpecificFlavorTestJSON-1645373979', 'tenant_id': 'ba8a4b7f673441949fb816491034055f', 'tenant_name': 'tempest-ServersWithSpecificFlavorTestJSON-1645373979', 'user_domain_id': 'default', 'user_domain_name': 'Default', 'user_id': 'c93093f002c043e3ac853c4d4d0ba505', 'system': None}, Network: {'id': 'a4cd32c7-440a-4269-9f26-fb191e312b0b', 'name': 'tempest-ServersWithSpecificFlavorTestJSON-1234529010-network', 'tenant_id': 'ba8a4b7f673441949fb816491034055f', 'admin_state_up': True, 'mtu': 8950, 'status': 'ACTIVE', 'subnets': [], 'shared': False, 'project_id': 'ba8a4b7f673441949fb816491034055f', 'port_security_enabled': True, 'router:external': False, 'provider:network_type': 'vlan', 'provider:physical_network': 'default', 'provider:segmentation_id': 659, 'availability_zone_hints': [], 'availability_zones': [], 'ipv4_address_scope': None, 'ipv6_address_scope': None, 'description': '', 'tags': [], 'created_at': '2025-03-18T08:54:51Z', 'updated_at': '2025-03-18T08:54:51Z', 'revision_number': 1}, Subnet: {'id': '87216653-9ac4-46bd-8c46-60dbc9c0aa9b', 'name': 'tempest-ServersWithSpecificFlavorTestJSON-1234529010-subnet', 'tenant_id': 'ba8a4b7f673441949fb816491034055f', 'network_id': 'a4cd32c7-440a-4269-9f26-fb191e312b0b', 'ip_version': 4, 'subnetpool_id': None, 'enable_dhcp': True, 'ipv6_ra_mode': None, 'ipv6_address_mode': None, 'gateway_ip': '192.168.128.1', 'cidr': '192.168.128.0/28', 'allocation_pools': [{'start': '192.168.128.2', 'end': '192.168.128.14'}], 'host_routes': [], 'dns_nameservers': [], 'description': '', 'router:external': False, 'service_types': [], 'tags': [], 'created_at': '2025-03-18T08:54:52Z', 'updated_at': '2025-03-18T08:54:52Z', 'revision_number': 0, 'project_id': 'ba8a4b7f673441949fb816491034055f'}, Router: {'id': '62a3074e-f779-4913-85de-73efa7ada976', 'name': 'tempest-ServersWithSpecificFlavorTestJSON-1234529010-router', 'tenant_id': 'ba8a4b7f673441949fb816491034055f', 'admin_state_up': True, 'status': 'ACTIVE', 'external_gateway_info': {'network_id': '450df520-7ce6-4357-94a6-c9800d0fe452', 'external_fixed_ips': [{'subnet_id': 'a9b9645b-bbc0-4566-971d-2ce8edde904a', 'ip_address': '10.180.180.156'}], 'enable_snat': True}, 'description': '', 'availability_zones': [], 'distributed': False, 'ha': False, 'availability_zone_hints': [], 'routes': [], 'flavor_id': None, 'tags': [], 'created_at': '2025-03-18T08:54:52Z', 'updated_at': '2025-03-18T08:54:53Z', 'revision_number': 2, 'project_id': 'ba8a4b7f673441949fb816491034055f'}
2025-03-18 08:54:55.296 68560 INFO tempest.lib.common.rest_client [req-14f3bdbb-0b49-40e2-8d44-ca0722c6b3c2 req-14f3bdbb-0b49-40e2-8d44-ca0722c6b3c2 ] Request (FloatingIPsAssociationNegativeTestJSON:setUpClass): 200 GET http://10.180.1.21/compute/v2.1/servers/2b2c2af2-02ef-4013-b63b-ffe7f9414072 2.788s
2025-03-18 08:54:55.317 68556 INFO tempest.lib.common.rest_client [req-a336f66b-f454-4b54-98e8-3cbe20d261fe req-a336f66b-f454-4b54-98e8-3cbe20d261fe ] Request (ImagesMetadataNegativeTestJSON:test_list_nonexistent_image_metadata): 404 GET http://10.180.1.21/compute/v2.1/images/0f45178e-fe37-44bc-82c0-3d25f30dd537/metadata 2.782s
2025-03-18 08:54:55.342 68524 INFO tempest.lib.common.rest_client [req-24d59da7-45a8-4104-aff1-603e5d1c314e req-24d59da7-45a8-4104-aff1-603e5d1c314e ] Request (ServicesAdminNegativeV253TestJSON:test_disable_service_with_invalid_service_id): 404 PUT http://10.180.1.21/compute/v2.1/os-services/15c3e15f-e0fe-40a1-98e7-4ca36e0a3d1f 2.618s
2025-03-18 08:54:55.367 68572 INFO tempest.lib.common.rest_client [req-2ca8f253-2d95-4216-b912-ae75b1a3b17c req-2ca8f253-2d95-4216-b912-ae75b1a3b17c ] Request (HypervisorAdminTestJSON:test_get_hypervisor_list_details): 200 GET http://10.180.1.21/compute/v2.1/os-hypervisors/detail 2.521s
2025-03-18 08:54:55.375 68550 INFO tempest.lib.common.rest_client [req-f9857c65-34cb-4967-96ce-1ed0c15e54a5 req-f9857c65-34cb-4967-96ce-1ed0c15e54a5 ] Request (ServersWithSpecificFlavorTestJSON:setUpClass): 201 POST http://10.180.1.21/identity/v3/auth/tokens 0.111s
2025-03-18 08:54:55.407 68540 INFO tempest.lib.common.rest_client [req-d5d28166-0498-426b-bdc8-b6cd7eed95ee req-d5d28166-0498-426b-bdc8-b6cd7eed95ee ] Request (HypervisorAdminV253TestBase:test_list_show_detail_hypervisors): 200 GET http://10.180.1.21/compute/v2.1/os-hypervisors?with_servers=True 2.497s
2025-03-18 08:54:55.430 68562 INFO tempest.lib.common.rest_client [req-b1d2dfbe-16b3-4f43-a11a-3ca1e24109ae req-b1d2dfbe-16b3-4f43-a11a-3ca1e24109ae ] Request (VolumesAssistedSnapshotsTest:setUpClass): 200 PUT http://10.180.1.21:9696/networking/v2.0/routers/1d15aeaa-50cb-401e-aff7-bfa51fb597bc/add_router_interface 2.444s
2025-03-18 08:54:55.432 68562 INFO tempest.lib.common.dynamic_creds [-] Created isolated network resources for: credentials: Credentials: {'domain_id': 'default', 'domain_name': 'Default', 'username': 'tempest-VolumesAssistedSnapshotsTest-72105933-project-admin', 'project_domain_id': 'default', 'project_domain_name': 'Default', 'project_id': 'ddc56d517b6a466a81ab1ccc9bcd3f00', 'project_name': 'tempest-VolumesAssistedSnapshotsTest-72105933', 'tenant_id': 'ddc56d517b6a466a81ab1ccc9bcd3f00', 'tenant_name': 'tempest-VolumesAssistedSnapshotsTest-72105933', 'user_domain_id': 'default', 'user_domain_name': 'Default', 'user_id': '038a5b0483e544e4a2d5373d5c5e6546', 'system': None}, Network: {'id': '2bbcd219-efcc-418f-840d-d43b5eed6e99', 'name': 'tempest-VolumesAssistedSnapshotsTest-1154944098-network', 'tenant_id': 'ddc56d517b6a466a81ab1ccc9bcd3f00', 'admin_state_up': True, 'mtu': 8950, 'status': 'ACTIVE', 'subnets': [], 'shared': False, 'project_id': 'ddc56d517b6a466a81ab1ccc9bcd3f00', 'port_security_enabled': True, 'router:external': False, 'provider:network_type': 'vlan', 'provider:physical_network': 'default', 'provider:segmentation_id': 317, 'availability_zone_hints': [], 'availability_zones': [], 'ipv4_address_scope': None, 'ipv6_address_scope': None, 'description': '', 'tags': [], 'created_at': '2025-03-18T08:54:51Z', 'updated_at': '2025-03-18T08:54:51Z', 'revision_number': 1}, Subnet: {'id': '1ca04c33-9525-4fd6-ae6f-963399bf6e8f', 'name': 'tempest-VolumesAssistedSnapshotsTest-1154944098-subnet', 'tenant_id': 'ddc56d517b6a466a81ab1ccc9bcd3f00', 'network_id': '2bbcd219-efcc-418f-840d-d43b5eed6e99', 'ip_version': 4, 'subnetpool_id': None, 'enable_dhcp': True, 'ipv6_ra_mode': None, 'ipv6_address_mode': None, 'gateway_ip': '192.168.128.1', 'cidr': '192.168.128.0/28', 'allocation_pools': [{'start': '192.168.128.2', 'end': '192.168.128.14'}], 'host_routes': [], 'dns_nameservers': [], 'description': '', 'router:external': False, 'service_types': [], 'tags': [], 'created_at': '2025-03-18T08:54:51Z', 'updated_at': '2025-03-18T08:54:51Z', 'revision_number': 0, 'project_id': 'ddc56d517b6a466a81ab1ccc9bcd3f00'}, Router: {'id': '1d15aeaa-50cb-401e-aff7-bfa51fb597bc', 'name': 'tempest-VolumesAssistedSnapshotsTest-1154944098-router', 'tenant_id': 'ddc56d517b6a466a81ab1ccc9bcd3f00', 'admin_state_up': True, 'status': 'ACTIVE', 'external_gateway_info': {'network_id': '450df520-7ce6-4357-94a6-c9800d0fe452', 'external_fixed_ips': [{'subnet_id': 'a9b9645b-bbc0-4566-971d-2ce8edde904a', 'ip_address': '10.180.180.171'}], 'enable_snat': True}, 'description': '', 'availability_zones': [], 'distributed': False, 'ha': False, 'availability_zone_hints': [], 'routes': [], 'flavor_id': None, 'tags': [], 'created_at': '2025-03-18T08:54:51Z', 'updated_at': '2025-03-18T08:54:52Z', 'revision_number': 2, 'project_id': 'ddc56d517b6a466a81ab1ccc9bcd3f00'}
2025-03-18 08:54:55.435 68528 INFO tempest.lib.common.rest_client [req-a6dc0cf2-93f4-48e4-a94e-cd1aa7e02f51 req-a6dc0cf2-93f4-48e4-a94e-cd1aa7e02f51 ] Request (AttachInterfacesTestJSON:setUpClass): 201 POST http://10.180.1.21:9696/networking/v2.0/routers 2.138s
2025-03-18 08:54:55.438 68530 INFO tempest.lib.common.rest_client [req-2ba2ce9f-a210-4f7d-a19e-13b001304af2 req-2ba2ce9f-a210-4f7d-a19e-13b001304af2 ] Request (VolumesAdminNegativeTest:test_update_attached_volume_with_nonexistent_volume_in_body): 201 POST http://10.180.1.21:9696/networking/v2.0/floatingips 1.349s
2025-03-18 08:54:55.456 68522 INFO tempest.lib.common.rest_client [req-b4879966-be36-4302-894f-f6c3aa1f7522 req-b4879966-be36-4302-894f-f6c3aa1f7522 ] Request (MigrationsAdminTest:test_list_migrations_in_flavor_resize_situation): 202 POST http://10.180.1.21/compute/v2.1/servers 2.971s
2025-03-18 08:54:55.496 68578 INFO tempest.lib.common.rest_client [req-ee040489-1ccf-4148-a50f-730f201b900b req-ee040489-1ccf-4148-a50f-730f201b900b ] Request (HypervisorAdminNegativeUnderV252Test:test_search_hypervisor_with_non_admin_user): 403 GET http://10.180.1.21/compute/v2.1/os-hypervisors/domain-c8.fc996f14-c53b-4953-92e3-bdfa48f5cc28/search 2.534s
2025-03-18 08:54:55.542 68558 INFO tempest.lib.common.rest_client [req-2ac6fe0b-386d-4a45-b32d-2bfab8cd976e req-2ac6fe0b-386d-4a45-b32d-2bfab8cd976e ] Request (AggregatesAdminNegativeTestJSON:test_aggregate_add_existent_host): 200 POST http://10.180.1.21/compute/v2.1/os-aggregates 2.340s
2025-03-18 08:54:55.547 68530 INFO tempest.lib.common.rest_client [req-7cd65960-fd2e-45f3-b715-2f02b8f80767 req-7cd65960-fd2e-45f3-b715-2f02b8f80767 ] Request (VolumesAdminNegativeTest:test_update_attached_volume_with_nonexistent_volume_in_body): 201 POST http://10.180.1.21/identity/v3/auth/tokens 0.102s
2025-03-18 08:54:55.548 68530 INFO tempest.lib.common.fixed_network [-] (VolumesAdminNegativeTest:test_update_attached_volume_with_nonexistent_volume_in_body) Found network {'id': '9d1be3d0-2381-4042-831a-e80a3acc22be', 'name': 'tempest-VolumesAdminNegativeTest-1106450012-network', 'tenant_id': 'c4251d6ca9254b8c92d47199b54ea8c6', 'admin_state_up': True, 'mtu': 8950, 'status': 'ACTIVE', 'subnets': [], 'shared': False, 'project_id': 'c4251d6ca9254b8c92d47199b54ea8c6', 'port_security_enabled': True, 'router:external': False, 'provider:network_type': 'vlan', 'provider:physical_network': 'default', 'provider:segmentation_id': 555, 'availability_zone_hints': [], 'availability_zones': [], 'ipv4_address_scope': None, 'ipv6_address_scope': None, 'description': '', 'tags': [], 'created_at': '2025-03-18T08:54:38Z', 'updated_at': '2025-03-18T08:54:38Z', 'revision_number': 1} available for tenant
2025-03-18 08:54:55.549 68562 INFO tempest.lib.common.rest_client [req-1cb1b16b-84e5-4ddd-aa32-6ab1deb0d96d req-1cb1b16b-84e5-4ddd-aa32-6ab1deb0d96d ] Request (VolumesAssistedSnapshotsTest:setUpClass): 201 POST http://10.180.1.21/identity/v3/auth/tokens 0.112s
2025-03-18 08:54:55.638 68536 INFO tempest.lib.common.rest_client [req-e6e07c75-9981-4714-9e4b-537eded29605 req-e6e07c75-9981-4714-9e4b-537eded29605 ] Request (FlavorsV255TestJSON:test_crud_flavor): 200 GET http://10.180.1.21/compute/v2.1/flavors/429902742 2.598s
2025-03-18 08:54:55.646 68520 INFO tempest.lib.common.rest_client [req-e1ffb9b8-8c7c-4638-a402-a64f70c80647 req-e1ffb9b8-8c7c-4638-a402-a64f70c80647 ] Request (HostsAdminNegativeTestJSON:setUpClass): 200 GET http://10.180.1.21/compute/v2.1/os-hosts 2.373s
2025-03-18 08:54:55.661 68562 INFO tempest.lib.common.rest_client [req-a8ef9dc1-be49-4564-9cbf-304046b16d56 req-a8ef9dc1-be49-4564-9cbf-304046b16d56 ] Request (VolumesAssistedSnapshotsTest:setUpClass): 201 POST http://10.180.1.21/identity/v3/projects 0.110s
2025-03-18 08:54:55.719 68562 INFO tempest.lib.common.rest_client [req-a15b7bbb-1231-4639-89fc-1603ca042664 req-a15b7bbb-1231-4639-89fc-1603ca042664 ] Request (VolumesAssistedSnapshotsTest:setUpClass): 201 POST http://10.180.1.21/identity/v3/users 0.058s
2025-03-18 08:54:55.740 68562 INFO tempest.lib.common.rest_client [req-2fef9bda-cc23-4dcc-92ed-9620ba90cfb2 req-2fef9bda-cc23-4dcc-92ed-9620ba90cfb2 ] Request (VolumesAssistedSnapshotsTest:setUpClass): 200 GET http://10.180.1.21/identity/v3/roles 0.020s
2025-03-18 08:54:55.765 68562 INFO tempest.lib.common.rest_client [req-5eae85a7-6aa6-45b5-a301-23bd0cfcf95d req-5eae85a7-6aa6-45b5-a301-23bd0cfcf95d ] Request (VolumesAssistedSnapshotsTest:setUpClass): 204 PUT http://10.180.1.21/identity/v3/projects/f3216215934443c9a5dfb9d3c7b25985/users/f5fa393716364824a4bb89b3672bdc6f/roles/c21d143d0bc24b4da1fd027afec628ba 0.024s
2025-03-18 08:54:55.786 68552 INFO tempest.lib.common.rest_client [req-6018966c-e2e7-4990-a24b-0aca55a4429e req-6018966c-e2e7-4990-a24b-0aca55a4429e ] Request (QuotasAdminNegativeTest:test_create_server_when_cpu_quota_is_full): 200 PUT http://10.180.1.21/compute/v2.1/os-quota-sets/350be6c180a74aeca9f11553c52ef4bc 2.238s
2025-03-18 08:54:55.811 68548 INFO tempest.lib.common.rest_client [req-302c4662-0c5e-43eb-b6b2-661dd7f14ea5 req-302c4662-0c5e-43eb-b6b2-661dd7f14ea5 ] Request (FlavorsAdminTestJSON:_run_cleanups): 202 DELETE http://10.180.1.21/compute/v2.1/flavors/799002060 2.170s
2025-03-18 08:54:55.837 68562 INFO tempest.lib.common.rest_client [req-79ad97ae-391a-49b3-ab0b-3a3d3e794072 req-79ad97ae-391a-49b3-ab0b-3a3d3e794072 ] Request (VolumesAssistedSnapshotsTest:setUpClass): 200 GET http://10.180.1.21/identity/v3/roles 0.071s
2025-03-18 08:54:55.843 68544 INFO tempest.lib.common.rest_client [req-f7377820-6b48-48fe-bbf4-7a875df99af9 req-f7377820-6b48-48fe-bbf4-7a875df99af9 ] Request (SecurityGroupsTestAdminJSON:test_list_security_groups_list_all_tenants_filter): 200 POST http://10.180.1.21/compute/v2.1/os-security-groups 2.277s
2025-03-18 08:54:55.850 68552 INFO tempest.lib.common.rest_client [req-6a9b71c0-29a6-414d-80c4-1b7cbbd97623 req-6a9b71c0-29a6-414d-80c4-1b7cbbd97623 ] Request (QuotasAdminNegativeTest:test_create_server_when_cpu_quota_is_full): 201 POST http://10.180.1.21/identity/v3/auth/tokens 0.057s
2025-03-18 08:54:55.850 68552 INFO tempest.lib.common.fixed_network [-] (QuotasAdminNegativeTest:test_create_server_when_cpu_quota_is_full) Found network None available for tenant
2025-03-18 08:54:55.855 68562 INFO tempest.lib.common.rest_client [req-e909b9c3-686b-41d5-b417-91743971f33a req-e909b9c3-686b-41d5-b417-91743971f33a ] Request (VolumesAssistedSnapshotsTest:setUpClass): 204 PUT http://10.180.1.21/identity/v3/projects/f3216215934443c9a5dfb9d3c7b25985/users/f5fa393716364824a4bb89b3672bdc6f/roles/a10b52f484a949e2b4857b1571f4801e 0.017s
2025-03-18 08:54:55.855 68562 INFO tempest.lib.common.dynamic_creds [-] Dynamic test user f5fa393716364824a4bb89b3672bdc6f is created with scope project and roles: ['service', 'admin']
2025-03-18 08:54:55.855 68562 INFO tempest.lib.common.dynamic_creds [-] Acquired dynamic creds: credentials: Credentials: {'domain_id': 'default', 'domain_name': 'Default', 'username': 'tempest-VolumesAssistedSnapshotsTest-1117666656-project', 'project_domain_id': 'default', 'project_domain_name': 'Default', 'project_id': 'f3216215934443c9a5dfb9d3c7b25985', 'project_name': 'tempest-VolumesAssistedSnapshotsTest-1117666656', 'tenant_id': 'f3216215934443c9a5dfb9d3c7b25985', 'tenant_name': 'tempest-VolumesAssistedSnapshotsTest-1117666656', 'user_domain_id': 'default', 'user_domain_name': 'Default', 'user_id': 'f5fa393716364824a4bb89b3672bdc6f', 'system': None}, Network: None, Subnet: None, Router: None
2025-03-18 08:54:55.868 68576 INFO tempest.lib.common.rest_client [req-da6f5b82-04a4-4d00-80d5-aa7ffcc106ff req-da6f5b82-04a4-4d00-80d5-aa7ffcc106ff ] Request (DeleteServersAdminTestJSON:test_admin_delete_servers_of_others): 200 GET http://10.180.1.21/compute/v2.1/servers/e4908ba5-34c1-4386-a4ed-d1454f741a13 1.839s
2025-03-18 08:54:55.899 68534 INFO tempest.lib.common.rest_client [req-33d99a87-2923-4ce2-bf10-0965dfa9e00c req-33d99a87-2923-4ce2-bf10-0965dfa9e00c ] Request (HypervisorAdminUnderV252Test:test_search_hypervisor): 200 GET http://10.180.1.21/compute/v2.1/os-hypervisors 1.586s
2025-03-18 08:54:56.029 68538 INFO tempest.lib.common.rest_client [req-6c68fdb2-0d69-4a70-8d8a-68d1fc23228b req-6c68fdb2-0d69-4a70-8d8a-68d1fc23228b ] Request (FlavorsAccessNegativeTestJSON:test_add_flavor_access_duplicate): 200 POST http://10.180.1.21/compute/v2.1/flavors 1.474s
2025-03-18 08:54:56.031 68554 INFO tempest.lib.common.rest_client [req-c3798fd1-e14e-47cf-b4a9-2c0869a2cdd4 req-c3798fd1-e14e-47cf-b4a9-2c0869a2cdd4 ] Request (FlavorsAccessTestJSON:test_flavor_access_add_remove): 200 GET http://10.180.1.21/compute/v2.1/flavors/detail 1.795s
2025-03-18 08:54:56.119 68546 INFO tempest.lib.common.rest_client [req-235bc554-4bcb-4c05-a3d5-1f4b71f3b298 req-235bc554-4bcb-4c05-a3d5-1f4b71f3b298 ] Request (ServerRescueTestJSONUnderV235:setUpClass): 200 GET http://10.180.1.21/compute/v2.1/servers/21b5ba2f-3b5e-485a-a59c-6626f8b4be36 1.302s
2025-03-18 08:54:56.129 68546 INFO tempest.common.waiters [-] State transition "BUILD/None" ==> "BUILD/networking" after 3 second wait
2025-03-18 08:54:56.146 68564 INFO tempest.lib.common.rest_client [req-dccf6618-0a6d-4114-9483-19c648ca5c12 req-dccf6618-0a6d-4114-9483-19c648ca5c12 ] Request (ServersAdminTestJSON:setUpClass): 200 PUT http://10.180.1.21:9696/networking/v2.0/routers/ddbc7177-44c7-4975-9383-4d3edfdf9f12/add_router_interface 1.393s
2025-03-18 08:54:56.146 68564 INFO tempest.lib.common.dynamic_creds [-] Created isolated network resources for: credentials: Credentials: {'domain_id': 'default', 'domain_name': 'Default', 'username': 'tempest-ServersAdminTestJSON-483620633-project-admin', 'project_domain_id': 'default', 'project_domain_name': 'Default', 'project_id': 'dd5319805e194bb8ade67ee566b21644', 'project_name': 'tempest-ServersAdminTestJSON-483620633', 'tenant_id': 'dd5319805e194bb8ade67ee566b21644', 'tenant_name': 'tempest-ServersAdminTestJSON-483620633', 'user_domain_id': 'default', 'user_domain_name': 'Default', 'user_id': 'f581eeb9d25c453aa465e9018f2015d1', 'system': None}, Network: {'id': 'fe41ce3a-6a53-4070-9564-04204cc2ec92', 'name': 'tempest-ServersAdminTestJSON-1735697274-network', 'tenant_id': 'dd5319805e194bb8ade67ee566b21644', 'admin_state_up': True, 'mtu': 8950, 'status': 'ACTIVE', 'subnets': [], 'shared': False, 'project_id': 'dd5319805e194bb8ade67ee566b21644', 'port_security_enabled': True, 'router:external': False, 'provider:network_type': 'vlan', 'provider:physical_network': 'default', 'provider:segmentation_id': 158, 'availability_zone_hints': [], 'availability_zones': [], 'ipv4_address_scope': None, 'ipv6_address_scope': None, 'description': '', 'tags': [], 'created_at': '2025-03-18T08:54:52Z', 'updated_at': '2025-03-18T08:54:52Z', 'revision_number': 1}, Subnet: {'id': '2ff1f6c5-0c91-4c6a-87f9-8856b9e5dcbb', 'name': 'tempest-ServersAdminTestJSON-1735697274-subnet', 'tenant_id': 'dd5319805e194bb8ade67ee566b21644', 'network_id': 'fe41ce3a-6a53-4070-9564-04204cc2ec92', 'ip_version': 4, 'subnetpool_id': None, 'enable_dhcp': True, 'ipv6_ra_mode': None, 'ipv6_address_mode': None, 'gateway_ip': '192.168.128.1', 'cidr': '192.168.128.0/28', 'allocation_pools': [{'start': '192.168.128.2', 'end': '192.168.128.14'}], 'host_routes': [], 'dns_nameservers': [], 'description': '', 'router:external': False, 'service_types': [], 'tags': [], 'created_at': '2025-03-18T08:54:52Z', 'updated_at': '2025-03-18T08:54:52Z', 'revision_number': 0, 'project_id': 'dd5319805e194bb8ade67ee566b21644'}, Router: {'id': 'ddbc7177-44c7-4975-9383-4d3edfdf9f12', 'name': 'tempest-ServersAdminTestJSON-1735697274-router', 'tenant_id': 'dd5319805e194bb8ade67ee566b21644', 'admin_state_up': True, 'status': 'ACTIVE', 'external_gateway_info': {'network_id': '450df520-7ce6-4357-94a6-c9800d0fe452', 'external_fixed_ips': [{'subnet_id': 'a9b9645b-bbc0-4566-971d-2ce8edde904a', 'ip_address': '10.180.180.140'}], 'enable_snat': True}, 'description': '', 'availability_zones': [], 'distributed': False, 'ha': False, 'availability_zone_hints': [], 'routes': [], 'flavor_id': None, 'tags': [], 'created_at': '2025-03-18T08:54:53Z', 'updated_at': '2025-03-18T08:54:53Z', 'revision_number': 2, 'project_id': 'dd5319805e194bb8ade67ee566b21644'}
2025-03-18 08:54:56.202 68562 INFO tempest.lib.common.rest_client [req-f4f2fc05-f905-4ff0-9e5c-8df877f5f795 req-f4f2fc05-f905-4ff0-9e5c-8df877f5f795 ] Request (VolumesAssistedSnapshotsTest:setUpClass): 201 POST http://10.180.1.21:9696/networking/v2.0/networks 0.347s
2025-03-18 08:54:56.206 68543 INFO tempest.lib.common.rest_client [req-92659949-42df-4e3e-8c0b-96a7bd189a56 req-92659949-42df-4e3e-8c0b-96a7bd189a56 ] Request (QuotasAdminTestV236:test_get_updated_quotas): 200 PUT http://10.180.1.21/compute/v2.1/os-quota-sets/1aa45cb529f840b89ab437d85c2697c1?user_id=418666776d324033ba2f6a3aa5b13809 1.509s
2025-03-18 08:54:56.228 68516 INFO tempest.lib.common.rest_client [req-f026b29a-0cbd-4e86-a129-72248e0916bd req-f026b29a-0cbd-4e86-a129-72248e0916bd ] Request (HostsAdminTestJSON:test_list_hosts_with_nonexistent_zone): 200 GET http://10.180.1.21/compute/v2.1/os-hosts?zone=xxx 1.205s
2025-03-18 08:54:56.244 68570 INFO tempest.lib.common.rest_client [req-0bff9e8d-0989-47f4-92d2-ac28cc085d1a req-0bff9e8d-0989-47f4-92d2-ac28cc085d1a ] Request (ServerExternalEventsTest:test_create_server_external_events): 200 GET http://10.180.1.21/compute/v2.1/servers/46f9a4a5-b9a1-43a3-96d4-ada3222b82f9 1.253s
2025-03-18 08:54:56.269 68564 INFO tempest.lib.common.rest_client [req-34e09a7f-c955-42ea-956c-805fc23e2571 req-34e09a7f-c955-42ea-956c-805fc23e2571 ] Request (ServersAdminTestJSON:setUpClass): 201 POST http://10.180.1.21/identity/v3/auth/tokens 0.120s
2025-03-18 08:54:56.270 68518 INFO tempest.lib.common.rest_client [req-30c7a244-9209-4ae1-90a4-636e49f06dbd req-30c7a244-9209-4ae1-90a4-636e49f06dbd ] Request (InstanceUsageAuditLogTestJSON:test_list_instance_usage_audit_logs): 200 GET http://10.180.1.21/compute/v2.1/os-instance_usage_audit_log 1.146s
2025-03-18 08:54:56.330 68532 INFO tempest.lib.common.rest_client [req-9444b035-f93f-4be4-bca5-8b32da23d7dc req-9444b035-f93f-4be4-bca5-8b32da23d7dc ] Request (FlavorsV261TestJSON:test_crud_flavor): 200 PUT http://10.180.1.21/compute/v2.1/flavors/833924426 1.138s
2025-03-18 08:54:56.350 68556 INFO tempest.lib.common.rest_client [req-410be145-8981-4160-a09d-03d1f8acf6ce req-410be145-8981-4160-a09d-03d1f8acf6ce ] Request (ImagesMetadataNegativeTestJSON:test_set_nonexistent_image_metadata): 404 PUT http://10.180.1.21/compute/v2.1/images/8769b685-4366-46fe-b458-d44ca9e68a70/metadata 1.032s
2025-03-18 08:54:56.363 68564 INFO tempest.lib.common.rest_client [req-98d768a6-670f-4310-aa5d-e2741ad47dd6 req-98d768a6-670f-4310-aa5d-e2741ad47dd6 ] Request (ServersAdminTestJSON:setUpClass): 201 POST http://10.180.1.21/identity/v3/auth/tokens 0.089s
2025-03-18 08:54:56.364 68564 INFO tempest.lib.common.fixed_network [-] (ServersAdminTestJSON:setUpClass) Found network {'id': '62abfdd5-d174-418a-a563-22bd8fc23f4f', 'name': 'tempest-ServersAdminTestJSON-2020670051-network', 'tenant_id': '7c76a2c7a58d4ca6bf89cb2a573815d8', 'admin_state_up': True, 'mtu': 8950, 'status': 'ACTIVE', 'subnets': [], 'shared': False, 'project_id': '7c76a2c7a58d4ca6bf89cb2a573815d8', 'port_security_enabled': True, 'router:external': False, 'provider:network_type': 'vlan', 'provider:physical_network': 'default', 'provider:segmentation_id': 747, 'availability_zone_hints': [], 'availability_zones': [], 'ipv4_address_scope': None, 'ipv6_address_scope': None, 'description': '', 'tags': [], 'created_at': '2025-03-18T08:54:45Z', 'updated_at': '2025-03-18T08:54:45Z', 'revision_number': 1} available for tenant
2025-03-18 08:54:56.364 68524 INFO tempest.lib.common.rest_client [req-ec4ef7bd-a849-4dce-8f92-7c98eb9a4402 req-ec4ef7bd-a849-4dce-8f92-7c98eb9a4402 ] Request (ServicesAdminNegativeV253TestJSON:test_enable_service_with_invalid_service_id): 404 PUT http://10.180.1.21/compute/v2.1/os-services/15c3e15f-e0fe-40a1-98e7-4ca36e0a3d1f 1.021s
2025-03-18 08:54:56.444 68518 INFO tempest.lib.common.rest_client [req-bd04f364-6401-4200-a4a0-578bc0e2cff7 req-bd04f364-6401-4200-a4a0-578bc0e2cff7 ] Request (InstanceUsageAuditLogTestJSON:tearDownClass): 204 DELETE http://10.180.1.21/identity/v3/users/84c88eb12db842e387397bf65e983d80 0.168s
2025-03-18 08:54:56.457 68550 INFO tempest.lib.common.rest_client [req-ef722bcc-a11f-421f-b05a-8ccf253cf5d2 req-ef722bcc-a11f-421f-b05a-8ccf253cf5d2 ] Request (ServersWithSpecificFlavorTestJSON:test_verify_created_server_ephemeral_disk): 200 GET http://10.180.1.21/compute/v2.1/flavors/42 1.081s
2025-03-18 08:54:56.464 68562 INFO tempest.lib.common.rest_client [req-912cd7ed-0f45-47fa-96f9-d68c5a916765 req-912cd7ed-0f45-47fa-96f9-d68c5a916765 ] Request (VolumesAssistedSnapshotsTest:setUpClass): 201 POST http://10.180.1.21:9696/networking/v2.0/subnets 0.262s
2025-03-18 08:54:56.470 68569 INFO tempest.lib.common.rest_client [req-b093c09f-b0b7-4795-9573-83fb232af0bc req-b093c09f-b0b7-4795-9573-83fb232af0bc ] Request (FloatingIPsTestJSON:test_allocate_floating_ip): 200 GET http://10.180.1.21/compute/v2.1/os-floating-ips/6ce25237-ab0a-4d59-9b23-d102f741e83f 1.365s
2025-03-18 08:54:56.488 68572 INFO tempest.lib.common.rest_client [req-04b643ec-adcb-4d5d-9068-e33cc497529b req-04b643ec-adcb-4d5d-9068-e33cc497529b ] Request (HypervisorAdminTestJSON:test_get_hypervisor_show_details): 200 GET http://10.180.1.21/compute/v2.1/os-hypervisors 1.108s
2025-03-18 08:54:56.499 68540 INFO tempest.lib.common.rest_client [req-3d83700f-28df-4eee-b264-2cdfb79cdb5a req-3d83700f-28df-4eee-b264-2cdfb79cdb5a ] Request (HypervisorAdminV253TestBase:test_list_show_detail_hypervisors): 200 GET http://10.180.1.21/compute/v2.1/os-hypervisors/b5d39026-5764-431b-9299-baecdda2ef12 1.089s
