2025-03-18 08:55:08.254 68536 INFO tempest.lib.common.rest_client [req-943e738f-f675-4753-a028-31b02d873cd4 req-943e738f-f675-4753-a028-31b02d873cd4 ] Request (ServersAdminNegativeTestJSON:setUpClass): 204 PUT http://10.180.1.21/identity/v3/projects/c52fe7bebc38421fbde00221bd4c0383/users/997096153539483e9ef27fa553c1963a/roles/a10b52f484a949e2b4857b1571f4801e 0.177s
2025-03-18 08:55:08.262 68516 INFO tempest.lib.common.rest_client [req-21daf2be-2354-4ed9-84fd-9393391bcd73 req-21daf2be-2354-4ed9-84fd-9393391bcd73 ] Request (HostsAdminTestJSON:test_show_host_detail): 200 GET http://10.180.1.21/compute/v2.1/os-hosts 1.255s
2025-03-18 08:55:08.275 68520 INFO tempest.lib.common.rest_client [req-f42dc6fc-794c-48d3-86d4-7c30799820eb req-f42dc6fc-794c-48d3-86d4-7c30799820eb ] Request (HostsAdminNegativeTestJSON:test_shutdown_nonexistent_host): 404 GET http://10.180.1.21/compute/v2.1/os-hosts/nonexistent_hostname/shutdown 1.262s
2025-03-18 08:55:08.302 68548 INFO tempest.lib.common.rest_client [req-002fb941-a0b8-4d31-b1c6-9804b6364608 req-002fb941-a0b8-4d31-b1c6-9804b6364608 ] Request (FlavorsAdminTestJSON:_run_cleanups): 202 DELETE http://10.180.1.21/compute/v2.1/flavors/735620256 1.266s
2025-03-18 08:55:08.353 68540 INFO tempest.lib.common.rest_client [req-dc6038bb-75d0-4d63-8a21-94d199b21611 req-dc6038bb-75d0-4d63-8a21-94d199b21611 ] Request (InstanceUsageAuditLogNegativeTestJSON:tearDownClass): 204 DELETE http://10.180.1.21/identity/v3/projects/6959c631e9df44b0b32ba444d4556711 0.179s
2025-03-18 08:55:08.353 68540 INFO tempest.lib.common.dynamic_creds [-] Deleting project and security group for project: f7945348118241f583fb960f7bab9091
2025-03-18 08:55:08.368 68574 INFO tempest.lib.common.rest_client [req-1c95b960-206d-45a5-a8b0-9b1ac9fd155d req-1c95b960-206d-45a5-a8b0-9b1ac9fd155d ] Request (QuotasAdminTestV257:tearDownClass): 204 DELETE http://10.180.1.21/identity/v3/users/8d65ece85e434214a9b390b4dba8d7f1 0.260s
2025-03-18 08:55:08.369 68574 INFO tempest.lib.common.dynamic_creds [-] Deleting project and security group for project: 2c4937eb2e3d4a5b8292fb3544da5d4f
2025-03-18 08:55:08.513 68570 INFO tempest.lib.common.rest_client [req-58785eff-55da-446d-9354-8f06feb1fe87 req-58785eff-55da-446d-9354-8f06feb1fe87 ] Request (ServerExternalEventsTest:test_create_server_external_events): 200 GET http://10.180.1.21/compute/v2.1/servers/46f9a4a5-b9a1-43a3-96d4-ada3222b82f9 1.446s
2025-03-18 08:55:08.517 68540 INFO tempest.lib.common.rest_client [req-19b7b774-336f-4e64-8f3b-256ed9246547 req-19b7b774-336f-4e64-8f3b-256ed9246547 ] Request (InstanceUsageAuditLogNegativeTestJSON:tearDownClass): 200 GET http://10.180.1.21:9696/networking/v2.0/security-groups?tenant_id=f7945348118241f583fb960f7bab9091&name=default 0.163s
2025-03-18 08:55:08.544 68534 INFO tempest.lib.common.rest_client [req-3b54ae73-1dce-45a9-b11e-692e3c4e6bb4 req-3b54ae73-1dce-45a9-b11e-692e3c4e6bb4 ] Request (NetworksTest:tearDownClass): 204 DELETE http://10.180.1.21/identity/v3/users/d257130ebedf4d0884eaa2670709fa4c 0.366s
2025-03-18 08:55:08.545 68534 INFO tempest.lib.common.dynamic_creds [-] Deleting project and security group for project: f1a60e9834444b5f91144397f00b7e08
2025-03-18 08:55:08.556 68552 INFO tempest.lib.common.rest_client [req-407458f4-5182-4db4-b72a-bc39698c6c44 req-407458f4-5182-4db4-b72a-bc39698c6c44 ] Request (QuotasAdminNegativeTest:_run_cleanups): 200 PUT http://10.180.1.21/compute/v2.1/os-quota-sets/350be6c180a74aeca9f11553c52ef4bc 1.721s
2025-03-18 08:55:08.567 68536 INFO tempest.lib.common.rest_client [req-ad914301-2a86-4f7e-a726-3803c595a9e2 req-ad914301-2a86-4f7e-a726-3803c595a9e2 ] Request (ServersAdminNegativeTestJSON:setUpClass): 200 GET http://10.180.1.21/identity/v3/roles 0.313s
2025-03-18 08:55:08.601 68562 INFO tempest.lib.common.rest_client [req-f9043d35-5be1-47e0-b165-62877418a09a req-f9043d35-5be1-47e0-b165-62877418a09a ] Request (VolumesAssistedSnapshotsTest:test_volume_assisted_snapshot_create_delete): 200 GET http://10.180.1.21/compute/v2.1/servers/b65a2734-9ebf-4730-bc75-bffaa1621091 1.469s
2025-03-18 08:55:08.603 68574 INFO tempest.lib.common.rest_client [req-0d73a94e-c47d-4ba5-acab-2327d41eba1c req-0d73a94e-c47d-4ba5-acab-2327d41eba1c ] Request (QuotasAdminTestV257:tearDownClass): 201 POST http://10.180.1.21/identity/v3/auth/tokens 0.233s
2025-03-18 08:55:08.608 68540 INFO tempest.lib.common.rest_client [req-0b9a8f22-c3be-484f-8513-f6e7d74a2c9f req-0b9a8f22-c3be-484f-8513-f6e7d74a2c9f ] Request (InstanceUsageAuditLogNegativeTestJSON:tearDownClass): 204 DELETE http://10.180.1.21:9696/networking/v2.0/security-groups/ae1fddab-b8fd-4949-a77e-2c5c79b374da 0.090s
2025-03-18 08:55:08.621 68534 INFO tempest.lib.common.rest_client [req-26cf4584-0a65-4bdb-8a8a-cb5d3848e3d3 req-26cf4584-0a65-4bdb-8a8a-cb5d3848e3d3 ] Request (NetworksTest:tearDownClass): 201 POST http://10.180.1.21/identity/v3/auth/tokens 0.076s
2025-03-18 08:55:08.627 68536 INFO tempest.lib.common.rest_client [req-a60c30ef-abbd-469a-8827-447896ac3a66 req-a60c30ef-abbd-469a-8827-447896ac3a66 ] Request (ServersAdminNegativeTestJSON:setUpClass): 204 PUT http://10.180.1.21/identity/v3/projects/c52fe7bebc38421fbde00221bd4c0383/users/997096153539483e9ef27fa553c1963a/roles/a10b52f484a949e2b4857b1571f4801e 0.059s
2025-03-18 08:55:08.628 68536 INFO tempest.lib.common.dynamic_creds [-] Dynamic test user 997096153539483e9ef27fa553c1963a is created with scope project and roles: ['admin']
2025-03-18 08:55:08.628 68536 INFO tempest.lib.common.dynamic_creds [-] Acquired dynamic creds: credentials: Credentials: {'domain_id': 'default', 'domain_name': 'Default', 'username': 'tempest-ServersAdminNegativeTestJSON-1627507831-project-admin', 'project_domain_id': 'default', 'project_domain_name': 'Default', 'project_id': 'c52fe7bebc38421fbde00221bd4c0383', 'project_name': 'tempest-ServersAdminNegativeTestJSON-1627507831', 'tenant_id': 'c52fe7bebc38421fbde00221bd4c0383', 'tenant_name': 'tempest-ServersAdminNegativeTestJSON-1627507831', 'user_domain_id': 'default', 'user_domain_name': 'Default', 'user_id': '997096153539483e9ef27fa553c1963a', 'system': None}, Network: None, Subnet: None, Router: None
2025-03-18 08:55:08.628 68536 INFO tempest.lib.common.dynamic_creds [-] Created isolated network resources for: credentials: Credentials: {'domain_id': 'default', 'domain_name': 'Default', 'username': 'tempest-ServersAdminNegativeTestJSON-1627507831-project-admin', 'project_domain_id': 'default', 'project_domain_name': 'Default', 'project_id': 'c52fe7bebc38421fbde00221bd4c0383', 'project_name': 'tempest-ServersAdminNegativeTestJSON-1627507831', 'tenant_id': 'c52fe7bebc38421fbde00221bd4c0383', 'tenant_name': 'tempest-ServersAdminNegativeTestJSON-1627507831', 'user_domain_id': 'default', 'user_domain_name': 'Default', 'user_id': '997096153539483e9ef27fa553c1963a', 'system': None}, Network: None, Subnet: None, Router: None
2025-03-18 08:55:08.713 68540 INFO tempest.lib.common.rest_client [req-7317efa1-9e2f-4c44-94d9-176df0a47b54 req-7317efa1-9e2f-4c44-94d9-176df0a47b54 ] Request (InstanceUsageAuditLogNegativeTestJSON:tearDownClass): 204 DELETE http://10.180.1.21/identity/v3/projects/f7945348118241f583fb960f7bab9091 0.104s
2025-03-18 08:55:08.743 68578 INFO tempest.lib.common.rest_client [req-116f7cb7-a332-4a29-abae-27b857006964 req-116f7cb7-a332-4a29-abae-27b857006964 ] Request (ServersV294TestFqdnHostnames:setUpClass): 201 POST http://10.180.1.21:9696/networking/v2.0/networks 0.698s
2025-03-18 08:55:08.785 68530 INFO tempest.lib.common.rest_client [req-b6278a44-03cb-4c9c-aa86-f8d86266d6ee req-b6278a44-03cb-4c9c-aa86-f8d86266d6ee ] Request (VolumesAdminNegativeTest:test_update_attached_volume_with_nonexistent_volume_in_body): 200 GET http://10.180.1.21/compute/v2.1/servers/e7cfb8f9-facb-4c79-a98c-dbd84cd54c20 1.629s
2025-03-18 08:55:08.792 68544 INFO tempest.lib.common.rest_client [req-585cede5-9b58-4dff-b000-49d681b98080 req-585cede5-9b58-4dff-b000-49d681b98080 ] Request (SecurityGroupsTestAdminJSON:_run_cleanups): 202 DELETE http://10.180.1.21/compute/v2.1/os-security-groups/7a3312ce-428a-4c7e-a87c-6a76caa908b4 1.658s
2025-03-18 08:55:08.794 68540 INFO tempest.lib.common.rest_client [req-07065040-d915-4ccc-ac0d-e44e4115120d req-07065040-d915-4ccc-ac0d-e44e4115120d ] Request (ImagesMetadataTestJSON:setUpClass): 201 POST http://10.180.1.21/identity/v3/auth/tokens 0.080s
2025-03-18 08:55:08.799 68530 INFO tempest.common.waiters [-] State transition "BUILD/None" ==> "BUILD/spawning" after 9 second wait
2025-03-18 08:55:08.801 68536 INFO tempest.lib.common.rest_client [req-a76f07ad-0d94-4c3f-bddf-62ec0f4dd8b5 req-a76f07ad-0d94-4c3f-bddf-62ec0f4dd8b5 ] Request (ServersAdminNegativeTestJSON:setUpClass): 201 POST http://10.180.1.21/identity/v3/auth/tokens 0.169s
2025-03-18 08:55:08.802 68536 WARNING tempest.lib.common.rest_client [-] Deprecated: "tenant_id" property is deprecated for removal, use "project_id" instead
2025-03-18 08:55:08.828 68540 INFO tempest.lib.common.rest_client [req-992177a9-1f94-4bd7-9846-1c41a9c85ca7 req-992177a9-1f94-4bd7-9846-1c41a9c85ca7 ] Request (ImagesMetadataTestJSON:setUpClass): 201 POST http://10.180.1.21/identity/v3/auth/tokens 0.031s
2025-03-18 08:55:08.848 68569 INFO tempest.lib.common.rest_client [req-a87bacec-aef3-4280-8833-673bee48087d req-a87bacec-aef3-4280-8833-673bee48087d ] Request (FloatingIPsTestJSON:_run_cleanups): 404 DELETE http://10.180.1.21/compute/v2.1/os-floating-ips/dc50a682-03a8-4b43-8125-871a54feb4c1 1.228s
2025-03-18 08:55:08.855 68540 INFO tempest.lib.common.rest_client [req-d793796e-d8ba-4d6a-a9e3-37f830a6383b req-d793796e-d8ba-4d6a-a9e3-37f830a6383b ] Request (ImagesMetadataTestJSON:setUpClass): 200 GET http://10.180.1.21/identity/v3/domains?name=Default 0.026s
2025-03-18 08:55:08.864 68574 INFO tempest.lib.common.rest_client [req-c2888bc6-7d85-4633-b969-51d7681ed3c4 req-c2888bc6-7d85-4633-b969-51d7681ed3c4 ] Request (QuotasAdminTestV257:tearDownClass): 200 GET http://10.180.1.21:9696/networking/v2.0/security-groups?tenant_id=2c4937eb2e3d4a5b8292fb3544da5d4f&name=default 0.260s
2025-03-18 08:55:08.868 68538 INFO tempest.lib.common.rest_client [req-5ec5b3ca-7ae1-4347-bbe7-ec278b1185b6 req-5ec5b3ca-7ae1-4347-bbe7-ec278b1185b6 ] Request (FlavorsAccessNegativeTestJSON:test_flavor_access_list_with_public_flavor): 404 GET http://10.180.1.21/compute/v2.1/flavors/784946768/os-flavor-access 1.226s
2025-03-18 08:55:08.878 68536 INFO tempest.lib.common.rest_client [req-16425294-ce78-4af9-a244-0ca6e770d4a3 req-16425294-ce78-4af9-a244-0ca6e770d4a3 ] Request (ServersAdminNegativeTestJSON:setUpClass): 201 POST http://10.180.1.21/identity/v3/auth/tokens 0.071s
2025-03-18 08:55:08.880 68536 INFO tempest.lib.common.fixed_network [-] (ServersAdminNegativeTestJSON:setUpClass) Found network None available for tenant
2025-03-18 08:55:08.887 68540 INFO tempest.lib.common.rest_client [req-73d4eb16-1d50-41db-bcfb-66dfb1acba75 req-73d4eb16-1d50-41db-bcfb-66dfb1acba75 ] Request (ImagesMetadataTestJSON:setUpClass): 201 POST http://10.180.1.21/identity/v3/projects 0.031s
2025-03-18 08:55:08.889 68554 INFO tempest.lib.common.rest_client [req-320ec970-e265-4371-8275-00292d366e4a req-320ec970-e265-4371-8275-00292d366e4a ] Request (FlavorsAccessTestJSON:_run_cleanups): 202 DELETE http://10.180.1.21/compute/v2.1/flavors/178952481 1.232s
2025-03-18 08:55:08.951 68564 INFO tempest.lib.common.rest_client [req-15d23e52-00d1-4786-9849-f06eded83a6e req-15d23e52-00d1-4786-9849-f06eded83a6e ] Request (ServersAdminTestJSON:setUpClass): 200 GET http://10.180.1.21/compute/v2.1/servers/3399c49e-5663-46a8-8135-7f0f70f00028 1.275s
2025-03-18 08:55:08.957 68522 INFO tempest.lib.common.rest_client [req-a8405a70-86fa-4c4d-8066-baf443023717 req-a8405a70-86fa-4c4d-8066-baf443023717 ] Request (MigrationsAdminTest:test_list_migrations_in_flavor_resize_situation): 200 GET http://10.180.1.21/compute/v2.1/servers/e6481c67-cb8e-48a4-9749-fb060e70ffa4 1.405s
2025-03-18 08:55:08.997 68540 INFO tempest.lib.common.rest_client [req-5f6ac883-8f6a-4d91-be8e-792042f399c7 req-5f6ac883-8f6a-4d91-be8e-792042f399c7 ] Request (ImagesMetadataTestJSON:setUpClass): 201 POST http://10.180.1.21/identity/v3/users 0.109s
2025-03-18 08:55:09.014 68543 INFO tempest.lib.common.rest_client [req-35d8963e-3494-4f9a-be48-fc1c45c752e3 req-35d8963e-3494-4f9a-be48-fc1c45c752e3 ] Request (TenantUsagesTestJSON:setUpClass): 200 GET http://10.180.1.21/compute/v2.1/servers/1a83858e-331a-4b23-8ef3-393c123d155b 1.268s
2025-03-18 08:55:09.022 68540 INFO tempest.lib.common.rest_client [req-7415ea33-f1aa-40e2-8030-ed842666bb7e req-7415ea33-f1aa-40e2-8030-ed842666bb7e ] Request (ImagesMetadataTestJSON:setUpClass): 200 GET http://10.180.1.21/identity/v3/roles 0.024s
2025-03-18 08:55:09.028 68574 INFO tempest.lib.common.rest_client [req-a83e9e63-b8f1-4a45-817e-e1a4aea7c103 req-a83e9e63-b8f1-4a45-817e-e1a4aea7c103 ] Request (QuotasAdminTestV257:tearDownClass): 204 DELETE http://10.180.1.21:9696/networking/v2.0/security-groups/b08fcf90-92f4-47a3-9aa3-95d04797424f 0.164s
2025-03-18 08:55:09.031 68556 INFO tempest.lib.common.rest_client [req-277ad694-fd45-4345-9e68-40710bbb4f07 req-277ad694-fd45-4345-9e68-40710bbb4f07 ] Request (ServersTestMultiNic:test_verify_duplicate_network_nics): 200 GET http://10.180.1.21/compute/v2.1/servers/3443ca21-8dbf-4c50-9028-c1989ec04399 1.136s
2025-03-18 08:55:09.033 68534 INFO tempest.lib.common.rest_client [req-0aa37cbb-7f4b-4872-a831-bcfe4dbb81be req-0aa37cbb-7f4b-4872-a831-bcfe4dbb81be ] Request (NetworksTest:tearDownClass): 200 GET http://10.180.1.21:9696/networking/v2.0/security-groups?tenant_id=f1a60e9834444b5f91144397f00b7e08&name=default 0.411s
2025-03-18 08:55:09.054 68540 INFO tempest.lib.common.rest_client [req-1629a92e-6bb8-4d13-8649-4489e09e89f2 req-1629a92e-6bb8-4d13-8649-4489e09e89f2 ] Request (ImagesMetadataTestJSON:setUpClass): 204 PUT http://10.180.1.21/identity/v3/projects/5118a282a4484a8082e72e9a987c06ec/users/581d9727c7dd4f62beda2f3e4d2048ba/roles/2d99c22cb3064247b90da6b605583005 0.032s
2025-03-18 08:55:09.054 68540 INFO tempest.lib.common.dynamic_creds [-] Dynamic test user 581d9727c7dd4f62beda2f3e4d2048ba is created with scope project and roles: ['member']
2025-03-18 08:55:09.054 68540 INFO tempest.lib.common.dynamic_creds [-] Acquired dynamic creds: credentials: Credentials: {'domain_id': 'default', 'domain_name': 'Default', 'username': 'tempest-ImagesMetadataTestJSON-798036658-project-member', 'project_domain_id': 'default', 'project_domain_name': 'Default', 'project_id': '5118a282a4484a8082e72e9a987c06ec', 'project_name': 'tempest-ImagesMetadataTestJSON-798036658', 'tenant_id': '5118a282a4484a8082e72e9a987c06ec', 'tenant_name': 'tempest-ImagesMetadataTestJSON-798036658', 'user_domain_id': 'default', 'user_domain_name': 'Default', 'user_id': '581d9727c7dd4f62beda2f3e4d2048ba', 'system': None}, Network: None, Subnet: None, Router: None
2025-03-18 08:55:09.054 68540 INFO tempest.lib.common.dynamic_creds [-] Created isolated network resources for: credentials: Credentials: {'domain_id': 'default', 'domain_name': 'Default', 'username': 'tempest-ImagesMetadataTestJSON-798036658-project-member', 'project_domain_id': 'default', 'project_domain_name': 'Default', 'project_id': '5118a282a4484a8082e72e9a987c06ec', 'project_name': 'tempest-ImagesMetadataTestJSON-798036658', 'tenant_id': '5118a282a4484a8082e72e9a987c06ec', 'tenant_name': 'tempest-ImagesMetadataTestJSON-798036658', 'user_domain_id': 'default', 'user_domain_name': 'Default', 'user_id': '581d9727c7dd4f62beda2f3e4d2048ba', 'system': None}, Network: None, Subnet: None, Router: None
2025-03-18 08:55:09.110 68534 INFO tempest.lib.common.rest_client [req-ae9864f8-8d42-4638-ba59-20965dd7564c req-ae9864f8-8d42-4638-ba59-20965dd7564c ] Request (NetworksTest:tearDownClass): 204 DELETE http://10.180.1.21:9696/networking/v2.0/security-groups/96b781a4-c99c-4457-8d92-ce2f900d6393 0.076s
2025-03-18 08:55:09.136 68574 INFO tempest.lib.common.rest_client [req-933569cf-295f-4137-ad58-4565e86e29bd req-933569cf-295f-4137-ad58-4565e86e29bd ] Request (QuotasAdminTestV257:tearDownClass): 204 DELETE http://10.180.1.21/identity/v3/projects/2c4937eb2e3d4a5b8292fb3544da5d4f 0.107s
2025-03-18 08:55:09.136 68574 INFO tempest.lib.common.dynamic_creds [-] Deleting project and security group for project: 1ea40f7c812449c3b5b8c843b75cc651
2025-03-18 08:55:09.144 68524 INFO tempest.lib.common.rest_client [req-dd82aa64-a879-4a27-ae1a-9cf002051b9c req-dd82aa64-a879-4a27-ae1a-9cf002051b9c ] Request (ServicesAdminNegativeV253TestJSON:test_list_services_with_non_admin_user): 403 GET http://10.180.1.21/compute/v2.1/os-services 1.222s
2025-03-18 08:55:09.157 68578 INFO tempest.lib.common.rest_client [req-7e9fc96d-9f7a-481e-86a0-d2c83a159cbd req-7e9fc96d-9f7a-481e-86a0-d2c83a159cbd ] Request (ServersV294TestFqdnHostnames:setUpClass): 201 POST http://10.180.1.21:9696/networking/v2.0/subnets 0.413s
2025-03-18 08:55:09.177 68572 INFO tempest.lib.common.rest_client [req-925a4c37-3222-4817-b1ba-7c18288d54ae req-925a4c37-3222-4817-b1ba-7c18288d54ae ] Request (KeyPairsV2TestJSON:test_keypair_create_delete): 200 POST http://10.180.1.21/compute/v2.1/os-keypairs 1.191s
2025-03-18 08:55:09.200 68540 INFO tempest.lib.common.rest_client [req-f46603e4-a87d-4469-aeb2-d69d0850a711 req-f46603e4-a87d-4469-aeb2-d69d0850a711 ] Request (ImagesMetadataTestJSON:setUpClass): 201 POST http://10.180.1.21/identity/v3/auth/tokens 0.141s
2025-03-18 08:55:09.208 68550 INFO tempest.lib.common.rest_client [req-9e8dfa27-769b-49a1-bc19-1662a210579f req-9e8dfa27-769b-49a1-bc19-1662a210579f ] Request (ValidationResourcesFixture:setUp): 200 POST http://10.180.1.21/compute/v2.1/os-keypairs 1.203s
2025-03-18 08:55:09.245 68574 INFO tempest.lib.common.rest_client [req-0fccb6e3-7e55-451b-9824-6804a3d919ba req-0fccb6e3-7e55-451b-9824-6804a3d919ba ] Request (QuotasAdminTestV257:tearDownClass): 200 GET http://10.180.1.21:9696/networking/v2.0/security-groups?tenant_id=1ea40f7c812449c3b5b8c843b75cc651&name=default 0.109s
2025-03-18 08:55:09.319 68534 INFO tempest.lib.common.rest_client [req-95d0ce0e-ed1d-4961-acd0-27bea34b2a91 req-95d0ce0e-ed1d-4961-acd0-27bea34b2a91 ] Request (NetworksTest:tearDownClass): 204 DELETE http://10.180.1.21/identity/v3/projects/f1a60e9834444b5f91144397f00b7e08 0.209s
2025-03-18 08:55:09.319 68534 INFO tempest.lib.common.dynamic_creds [-] Deleting project and security group for project: 5e970fdc0bf24ae69918b38b03db63f5
2025-03-18 08:55:09.384 68524 INFO tempest.lib.common.rest_client [req-94bdfd27-8bb8-430d-8471-03ee5a5685bb req-94bdfd27-8bb8-430d-8471-03ee5a5685bb ] Request (ServicesAdminNegativeV253TestJSON:tearDownClass): 204 DELETE http://10.180.1.21/identity/v3/users/d5cac70d52ea479f9196b91128134a5f 0.239s
2025-03-18 08:55:09.390 68532 INFO tempest.lib.common.rest_client [req-8112aa79-ee13-4bde-bbb2-3ad5ff64c08f req-8112aa79-ee13-4bde-bbb2-3ad5ff64c08f ] Request (ServersAdmin275Test:test_rebuild_update_server_275): 202 POST http://10.180.1.21/compute/v2.1/servers 1.435s
2025-03-18 08:55:09.419 68558 INFO tempest.lib.common.rest_client [req-89b0808a-738e-4ad1-9b7f-1194d9e3ab7f req-89b0808a-738e-4ad1-9b7f-1194d9e3ab7f ] Request (AggregatesAdminNegativeTestJSON:test_aggregate_add_non_exist_host): 200 POST http://10.180.1.21/compute/v2.1/os-aggregates 1.185s
2025-03-18 08:55:09.484 68516 INFO tempest.lib.common.rest_client [req-609d0f1c-67a2-41b9-ab58-b1f56d32b73b req-609d0f1c-67a2-41b9-ab58-b1f56d32b73b ] Request (HostsAdminTestJSON:test_show_host_detail): 200 GET http://10.180.1.21/compute/v2.1/os-hosts/cpu-1 1.220s
2025-03-18 08:55:09.491 68520 INFO tempest.lib.common.rest_client [req-46ff207b-7acd-494b-aa75-0ee6c9f1ef61 req-46ff207b-7acd-494b-aa75-0ee6c9f1ef61 ] Request (HostsAdminNegativeTestJSON:test_startup_host_with_non_admin_user): 403 GET http://10.180.1.21/compute/v2.1/os-hosts/devstack/startup 1.214s
2025-03-18 08:55:09.551 68526 INFO tempest.lib.common.rest_client [req-a2259f62-59a8-46fb-ae6c-bc6758e11cc1 req-a2259f62-59a8-46fb-ae6c-bc6758e11cc1 ] Request (QuotaClassesAdminTestJSON:test_update_default_quotas): 200 GET http://10.180.1.21/compute/v2.1/os-quota-class-sets/default 1.522s
2025-03-18 08:55:09.620 68524 INFO tempest.lib.common.rest_client [req-2ac3eed6-cb12-4321-9cf4-5ff085972d47 req-2ac3eed6-cb12-4321-9cf4-5ff085972d47 ] Request (ServicesAdminNegativeV253TestJSON:tearDownClass): 204 DELETE http://10.180.1.21/identity/v3/users/277a9e171ec34a7e975b71c91322b81c 0.235s
2025-03-18 08:55:09.620 68524 INFO tempest.lib.common.dynamic_creds [-] Deleting project and security group for project: 553a8ee0d02c46a3a3d8e251a3769ea0
2025-03-18 08:55:09.633 68550 INFO tempest.lib.common.rest_client [req-07b47a2b-0a3a-4b3f-ad00-a4adbae5034a req-07b47a2b-0a3a-4b3f-ad00-a4adbae5034a ] Request (ValidationResourcesFixture:setUp): 201 POST http://10.180.1.21:9696/networking/v2.0/security-groups 0.423s
2025-03-18 08:55:09.653 68574 INFO tempest.lib.common.rest_client [req-45f2d234-8b96-4b5b-8fab-1e664387a516 req-45f2d234-8b96-4b5b-8fab-1e664387a516 ] Request (QuotasAdminTestV257:tearDownClass): 204 DELETE http://10.180.1.21:9696/networking/v2.0/security-groups/6162d868-f1cf-4f3c-a783-4d9526d71282 0.407s
2025-03-18 08:55:09.685 68534 INFO tempest.lib.common.rest_client [req-b674cb8b-1292-473c-9bbd-225220cea120 req-b674cb8b-1292-473c-9bbd-225220cea120 ] Request (NetworksTest:tearDownClass): 200 GET http://10.180.1.21:9696/networking/v2.0/security-groups?tenant_id=5e970fdc0bf24ae69918b38b03db63f5&name=default 0.365s
2025-03-18 08:55:09.693 68516 INFO tempest.lib.common.rest_client [req-bab9b605-be49-47a2-b93d-f665824975af req-bab9b605-be49-47a2-b93d-f665824975af ] Request (HostsAdminTestJSON:tearDownClass): 204 DELETE http://10.180.1.21/identity/v3/users/3d6561717adc499c9f845fb8ea11005f 0.207s
2025-03-18 08:55:09.774 68524 INFO tempest.lib.common.rest_client [req-88cc80bc-3f93-4748-ab91-c28f72caf2f2 req-88cc80bc-3f93-4748-ab91-c28f72caf2f2 ] Request (ServicesAdminNegativeV253TestJSON:tearDownClass): 201 POST http://10.180.1.21/identity/v3/auth/tokens 0.154s
2025-03-18 08:55:09.795 68560 INFO tempest.lib.common.rest_client [req-b64c7f55-bfe3-460d-899b-f7cb00bf7413 req-b64c7f55-bfe3-460d-899b-f7cb00bf7413 ] Request (FloatingIPsAssociationNegativeTestJSON:setUpClass): 200 GET http://10.180.1.21/compute/v2.1/servers/2b2c2af2-02ef-4013-b63b-ffe7f9414072 1.517s
2025-03-18 08:55:09.830 68548 INFO tempest.lib.common.rest_client [req-683d5a6d-bd06-4413-90e7-c63b4b39b379 req-683d5a6d-bd06-4413-90e7-c63b4b39b379 ] Request (FlavorsAdminTestJSON:_run_cleanups): 200 GET http://10.180.1.21/compute/v2.1/flavors/detail 1.528s
2025-03-18 08:55:09.843 68574 INFO tempest.lib.common.rest_client [req-5246b611-5675-4e45-9b6c-cc20e6be4c5e req-5246b611-5675-4e45-9b6c-cc20e6be4c5e ] Request (QuotasAdminTestV257:tearDownClass): 204 DELETE http://10.180.1.21/identity/v3/projects/1ea40f7c812449c3b5b8c843b75cc651 0.189s
2025-03-18 08:55:09.846 68516 INFO tempest.lib.common.rest_client [req-7c6c18d1-9cb1-478c-9ccd-ad3ee40fc0a9 req-7c6c18d1-9cb1-478c-9ccd-ad3ee40fc0a9 ] Request (HostsAdminTestJSON:tearDownClass): 204 DELETE http://10.180.1.21/identity/v3/users/7dce3d3d1eac4f84a2530125330f4d3e 0.153s
2025-03-18 08:55:09.847 68516 INFO tempest.lib.common.dynamic_creds [-] Deleting project and security group for project: 882de0b11de0473a93e2d17fb2e79286
2025-03-18 08:55:09.942 68574 INFO tempest.lib.common.rest_client [req-6e9414ca-87ad-475b-b506-5571f9511c52 req-6e9414ca-87ad-475b-b506-5571f9511c52 ] Request (FloatingIPsNegativeTestJSON:setUpClass): 201 POST http://10.180.1.21/identity/v3/auth/tokens 0.098s
2025-03-18 08:55:09.968 68516 INFO tempest.lib.common.rest_client [req-04204d6f-e6a5-424b-9861-ad11b4b9497f req-04204d6f-e6a5-424b-9861-ad11b4b9497f ] Request (HostsAdminTestJSON:tearDownClass): 201 POST http://10.180.1.21/identity/v3/auth/tokens 0.121s
2025-03-18 08:55:10.025 68574 INFO tempest.lib.common.rest_client [req-e1881e77-c30d-4fe9-b6a4-98362d61bc38 req-e1881e77-c30d-4fe9-b6a4-98362d61bc38 ] Request (FloatingIPsNegativeTestJSON:setUpClass): 201 POST http://10.180.1.21/identity/v3/auth/tokens 0.081s
2025-03-18 08:55:10.069 68552 INFO tempest.lib.common.rest_client [req-eb05ff67-f275-4b14-9f7a-ba4e7985bc33 req-eb05ff67-f275-4b14-9f7a-ba4e7985bc33 ] Request (QuotasAdminNegativeTest:test_create_server_when_memory_quota_is_full): 200 GET http://10.180.1.21/compute/v2.1/os-quota-sets/350be6c180a74aeca9f11553c52ef4bc 1.505s
2025-03-18 08:55:10.083 68574 INFO tempest.lib.common.rest_client [req-4be9a66d-7e9f-4c95-bdc2-9d4fc464986c req-4be9a66d-7e9f-4c95-bdc2-9d4fc464986c ] Request (FloatingIPsNegativeTestJSON:setUpClass): 200 GET http://10.180.1.21/identity/v3/domains?name=Default 0.057s
2025-03-18 08:55:10.092 68538 INFO tempest.lib.common.rest_client [req-f99dd053-790c-4454-b09d-453a396a006f req-f99dd053-790c-4454-b09d-453a396a006f ] Request (FlavorsAccessNegativeTestJSON:_run_cleanups): 202 DELETE http://10.180.1.21/compute/v2.1/flavors/784946768 1.223s
2025-03-18 08:55:10.122 68574 INFO tempest.lib.common.rest_client [req-5cc81379-abde-4c9d-ab92-336682f4f354 req-5cc81379-abde-4c9d-ab92-336682f4f354 ] Request (FloatingIPsNegativeTestJSON:setUpClass): 201 POST http://10.180.1.21/identity/v3/projects 0.039s
2025-03-18 08:55:10.160 68550 INFO tempest.lib.common.rest_client [req-22ec217c-12c0-497c-8553-3960b07cebba req-22ec217c-12c0-497c-8553-3960b07cebba ] Request (ValidationResourcesFixture:setUp): 201 POST http://10.180.1.21:9696/networking/v2.0/security-group-rules 0.527s
2025-03-18 08:55:10.166 68534 INFO tempest.lib.common.rest_client [req-c54ed0d9-75a4-421d-ac2a-44fea5285e80 req-c54ed0d9-75a4-421d-ac2a-44fea5285e80 ] Request (NetworksTest:tearDownClass): 204 DELETE http://10.180.1.21:9696/networking/v2.0/security-groups/e6003dbb-df27-4eb8-b98b-957c82357bce 0.481s
2025-03-18 08:55:10.184 68544 INFO tempest.lib.common.rest_client [req-c6d95e7f-9f79-4bea-a592-138c0c8b3a01 req-c6d95e7f-9f79-4bea-a592-138c0c8b3a01 ] Request (SecurityGroupsTestAdminJSON:_run_cleanups): 202 DELETE http://10.180.1.21/compute/v2.1/os-security-groups/7c3d2421-374c-4759-a737-1b5db559a1e1 1.391s
2025-03-18 08:55:10.187 68574 INFO tempest.lib.common.rest_client [req-0c208b91-aa43-451d-a326-d6bb657cbadf req-0c208b91-aa43-451d-a326-d6bb657cbadf ] Request (FloatingIPsNegativeTestJSON:setUpClass): 201 POST http://10.180.1.21/identity/v3/users 0.064s
2025-03-18 08:55:10.214 68574 INFO tempest.lib.common.rest_client [req-a2cee0a1-6749-48e3-8e55-7b10be9676c3 req-a2cee0a1-6749-48e3-8e55-7b10be9676c3 ] Request (FloatingIPsNegativeTestJSON:setUpClass): 200 GET http://10.180.1.21/identity/v3/roles 0.027s
2025-03-18 08:55:10.224 68534 INFO tempest.lib.common.rest_client [req-1b557d75-f9e2-4ea2-a22a-6d3dff0f789e req-1b557d75-f9e2-4ea2-a22a-6d3dff0f789e ] Request (NetworksTest:tearDownClass): 204 DELETE http://10.180.1.21/identity/v3/projects/5e970fdc0bf24ae69918b38b03db63f5 0.058s
2025-03-18 08:55:10.245 68540 INFO tempest.lib.common.rest_client [req-c6bd78ef-4f95-4b0f-b6ba-2fd0bf50be11 req-c6bd78ef-4f95-4b0f-b6ba-2fd0bf50be11 ] Request (ImagesMetadataTestJSON:setUpClass): 201 POST http://10.180.1.21/image/v2/images 1.042s
2025-03-18 08:55:10.288 68574 INFO tempest.lib.common.rest_client [req-2fe62af1-88cc-49fe-8dc9-e10bdcf0059f req-2fe62af1-88cc-49fe-8dc9-e10bdcf0059f ] Request (FloatingIPsNegativeTestJSON:setUpClass): 204 PUT http://10.180.1.21/identity/v3/projects/b25bee7fe721466b80ca940685fdc05d/users/3fb624a2742c41f589857b51241d8923/roles/2d99c22cb3064247b90da6b605583005 0.073s
2025-03-18 08:55:10.288 68574 INFO tempest.lib.common.dynamic_creds [-] Dynamic test user 3fb624a2742c41f589857b51241d8923 is created with scope project and roles: ['member']
2025-03-18 08:55:10.288 68574 INFO tempest.lib.common.dynamic_creds [-] Acquired dynamic creds: credentials: Credentials: {'domain_id': 'default', 'domain_name': 'Default', 'username': 'tempest-FloatingIPsNegativeTestJSON-668553401-project-member', 'project_domain_id': 'default', 'project_domain_name': 'Default', 'project_id': 'b25bee7fe721466b80ca940685fdc05d', 'project_name': 'tempest-FloatingIPsNegativeTestJSON-668553401', 'tenant_id': 'b25bee7fe721466b80ca940685fdc05d', 'tenant_name': 'tempest-FloatingIPsNegativeTestJSON-668553401', 'user_domain_id': 'default', 'user_domain_name': 'Default', 'user_id': '3fb624a2742c41f589857b51241d8923', 'system': None}, Network: None, Subnet: None, Router: None
2025-03-18 08:55:10.298 68534 INFO tempest.lib.common.rest_client [req-683bcfa1-669c-41e1-b3de-c1c57959f474 req-683bcfa1-669c-41e1-b3de-c1c57959f474 ] Request (SecurityGroupsNegativeTestJSON:setUpClass): 201 POST http://10.180.1.21/identity/v3/auth/tokens 0.071s
2025-03-18 08:55:10.360 68574 INFO tempest.lib.common.rest_client [req-80baeaff-46a8-4d3f-9f01-f8df82c84f8c req-80baeaff-46a8-4d3f-9f01-f8df82c84f8c ] Request (FloatingIPsNegativeTestJSON:setUpClass): 201 POST http://10.180.1.21/identity/v3/auth/tokens 0.072s
2025-03-18 08:55:10.389 68534 INFO tempest.lib.common.rest_client [req-2535da03-eb8a-489a-90ec-3351fcde8f8e req-2535da03-eb8a-489a-90ec-3351fcde8f8e ] Request (SecurityGroupsNegativeTestJSON:setUpClass): 201 POST http://10.180.1.21/identity/v3/auth/tokens 0.089s
2025-03-18 08:55:10.425 68524 INFO tempest.lib.common.rest_client [req-ddb667ee-4c90-47a1-a42a-4196fae622bb req-ddb667ee-4c90-47a1-a42a-4196fae622bb ] Request (ServicesAdminNegativeV253TestJSON:tearDownClass): 200 GET http://10.180.1.21:9696/networking/v2.0/security-groups?tenant_id=553a8ee0d02c46a3a3d8e251a3769ea0&name=default 0.650s
2025-03-18 08:55:10.462 68534 INFO tempest.lib.common.rest_client [req-4fade3bb-f2d1-4c35-a979-7c1d5f3cef1e req-4fade3bb-f2d1-4c35-a979-7c1d5f3cef1e ] Request (SecurityGroupsNegativeTestJSON:setUpClass): 200 GET http://10.180.1.21/identity/v3/domains?name=Default 0.073s
2025-03-18 08:55:10.502 68534 INFO tempest.lib.common.rest_client [req-b17a73d8-2cd4-49a1-90c7-b2ce56c0c6bb req-b17a73d8-2cd4-49a1-90c7-b2ce56c0c6bb ] Request (SecurityGroupsNegativeTestJSON:setUpClass): 201 POST http://10.180.1.21/identity/v3/projects 0.039s
2025-03-18 08:55:10.544 68516 INFO tempest.lib.common.rest_client [req-c4ba9626-2578-47cd-a2c6-75ef2437055b req-c4ba9626-2578-47cd-a2c6-75ef2437055b ] Request (HostsAdminTestJSON:tearDownClass): 200 GET http://10.180.1.21:9696/networking/v2.0/security-groups?tenant_id=882de0b11de0473a93e2d17fb2e79286&name=default 0.575s
2025-03-18 08:55:10.569 68576 INFO tempest.lib.common.rest_client [req-3f33543d-b85b-4500-8f40-240532a18d85 req-3f33543d-b85b-4500-8f40-240532a18d85 ] Request (DeleteServersAdminTestJSON:test_admin_delete_servers_of_others): 200 GET http://10.180.1.21/compute/v2.1/servers/e4908ba5-34c1-4386-a4ed-d1454f741a13 1.682s
2025-03-18 08:55:10.584 68534 INFO tempest.lib.common.rest_client [req-dc66e6a2-7889-4c33-9b1f-98caf5dbf00f req-dc66e6a2-7889-4c33-9b1f-98caf5dbf00f ] Request (SecurityGroupsNegativeTestJSON:setUpClass): 201 POST http://10.180.1.21/identity/v3/users 0.081s
2025-03-18 08:55:10.599 68554 INFO tempest.lib.common.rest_client [req-070f6283-196b-4413-8d60-cefa19068a76 req-070f6283-196b-4413-8d60-cefa19068a76 ] Request (FlavorsAccessTestJSON:_run_cleanups): 200 GET http://10.180.1.21/compute/v2.1/flavors/detail 1.709s
2025-03-18 08:55:10.612 68534 INFO tempest.lib.common.rest_client [req-5f2374e4-ff87-445b-a12e-8dbc05379663 req-5f2374e4-ff87-445b-a12e-8dbc05379663 ] Request (SecurityGroupsNegativeTestJSON:setUpClass): 200 GET http://10.180.1.21/identity/v3/roles 0.027s
2025-03-18 08:55:10.628 68550 INFO tempest.lib.common.rest_client [req-e6c0c7c5-b23f-428e-b588-31855a979b12 req-e6c0c7c5-b23f-428e-b588-31855a979b12 ] Request (ValidationResourcesFixture:setUp): 201 POST http://10.180.1.21:9696/networking/v2.0/security-group-rules 0.467s
2025-03-18 08:55:10.655 68534 INFO tempest.lib.common.rest_client [req-ab14e2df-de92-48aa-a26a-1a73b2974e1f req-ab14e2df-de92-48aa-a26a-1a73b2974e1f ] Request (SecurityGroupsNegativeTestJSON:setUpClass): 204 PUT http://10.180.1.21/identity/v3/projects/74bbfb85fead43d3bac52d1c5a55dbc4/users/ca1641b3cd6b44e1bfe7c91581953a03/roles/2d99c22cb3064247b90da6b605583005 0.042s
2025-03-18 08:55:10.655 68534 INFO tempest.lib.common.dynamic_creds [-] Dynamic test user ca1641b3cd6b44e1bfe7c91581953a03 is created with scope project and roles: ['member']
2025-03-18 08:55:10.655 68534 INFO tempest.lib.common.dynamic_creds [-] Acquired dynamic creds: credentials: Credentials: {'domain_id': 'default', 'domain_name': 'Default', 'username': 'tempest-SecurityGroupsNegativeTestJSON-1235038623-project-member', 'project_domain_id': 'default', 'project_domain_name': 'Default', 'project_id': '74bbfb85fead43d3bac52d1c5a55dbc4', 'project_name': 'tempest-SecurityGroupsNegativeTestJSON-1235038623', 'tenant_id': '74bbfb85fead43d3bac52d1c5a55dbc4', 'tenant_name': 'tempest-SecurityGroupsNegativeTestJSON-1235038623', 'user_domain_id': 'default', 'user_domain_name': 'Default', 'user_id': 'ca1641b3cd6b44e1bfe7c91581953a03', 'system': None}, Network: None, Subnet: None, Router: None
2025-03-18 08:55:10.707 68528 INFO tempest.lib.common.rest_client [req-7301dff1-ffe6-4732-86b9-d8c5fd244e49 req-7301dff1-ffe6-4732-86b9-d8c5fd244e49 ] Request (AttachInterfacesTestJSON:test_create_list_show_delete_interfaces_by_fixed_ip): 200 GET http://10.180.1.21/compute/v2.1/servers/a9204581-7d78-46e0-8b74-5da309b58fa4 1.742s
2025-03-18 08:55:10.708 68554 INFO tempest.lib.common.rest_client [req-e95e619a-3ece-4b5e-9f22-4ca6195ff8f4 req-e95e619a-3ece-4b5e-9f22-4ca6195ff8f4 ] Request (FlavorsAccessTestJSON:tearDownClass): 204 DELETE http://10.180.1.21/identity/v3/users/98851ae61c4544b1bc86c662cf61de4e 0.100s
2025-03-18 08:55:10.711 68536 INFO tempest.lib.common.rest_client [req-2b2a3635-9b3d-4f96-a1b6-e874c41e553b req-2b2a3635-9b3d-4f96-a1b6-e874c41e553b ] Request (ServersAdminNegativeTestJSON:setUpClass): 202 POST http://10.180.1.21/compute/v2.1/servers 1.830s
2025-03-18 08:55:10.726 68534 INFO tempest.lib.common.rest_client [req-aca71b0d-bc0e-4dc0-8437-bd26a657263f req-aca71b0d-bc0e-4dc0-8437-bd26a657263f ] Request (SecurityGroupsNegativeTestJSON:setUpClass): 201 POST http://10.180.1.21/identity/v3/auth/tokens 0.070s
2025-03-18 08:55:10.731 68572 INFO tempest.lib.common.rest_client [req-1dacae17-f9ca-4bdf-b192-75cee3102411 req-1dacae17-f9ca-4bdf-b192-75cee3102411 ] Request (KeyPairsV2TestJSON:_run_cleanups): 202 DELETE http://10.180.1.21/compute/v2.1/os-keypairs/tempest-keypair-904694298 1.553s
2025-03-18 08:55:10.788 68524 INFO tempest.lib.common.rest_client [req-afc9a496-e898-42c9-89d3-fce5891926dc req-afc9a496-e898-42c9-89d3-fce5891926dc ] Request (ServicesAdminNegativeV253TestJSON:tearDownClass): 204 DELETE http://10.180.1.21:9696/networking/v2.0/security-groups/156e62c1-1288-410c-b49c-2ea46f2f6316 0.363s
2025-03-18 08:55:10.824 68518 INFO tempest.lib.common.rest_client [req-1bac3e5e-4598-4236-ae4d-8f5e6e54e8ac req-1bac3e5e-4598-4236-ae4d-8f5e6e54e8ac ] Request (ServerDiagnosticsNegativeTest:test_get_server_diagnostics_by_non_admin): 200 GET http://10.180.1.21/compute/v2.1/servers/0c277809-2917-4d44-accf-5d128570d8c4 1.599s
2025-03-18 08:55:10.840 68554 INFO tempest.lib.common.rest_client [req-d1cc905c-61a5-4a62-b306-d84304d54762 req-d1cc905c-61a5-4a62-b306-d84304d54762 ] Request (FlavorsAccessTestJSON:tearDownClass): 204 DELETE http://10.180.1.21/identity/v3/users/2e43e170812344749ecc5c72593917b8 0.131s
2025-03-18 08:55:10.840 68554 INFO tempest.lib.common.dynamic_creds [-] Deleting project and security group for project: 60039ae1c1fd409982cc48002db74ea8
2025-03-18 08:55:10.963 68532 INFO tempest.lib.common.rest_client [req-102e2ec4-e7d1-4804-9ca3-eca381efdbd8 req-102e2ec4-e7d1-4804-9ca3-eca381efdbd8 ] Request (ServersAdmin275Test:test_rebuild_update_server_275): 200 PUT http://10.180.1.21/compute/v2.1/servers/26efde6f-cfcd-4f89-9807-94e7622a0e96 1.571s
2025-03-18 08:55:10.968 68516 INFO tempest.lib.common.rest_client [req-e8309d0f-e0bb-4d40-9fb7-1bce87d96445 req-e8309d0f-e0bb-4d40-9fb7-1bce87d96445 ] Request (HostsAdminTestJSON:tearDownClass): 204 DELETE http://10.180.1.21:9696/networking/v2.0/security-groups/d65b31f7-c5ea-4955-85db-c9dd006ead28 0.424s
2025-03-18 08:55:10.995 68524 INFO tempest.lib.common.rest_client [req-ad79273d-d633-4136-9aa6-d7d1c1a6f6d5 req-ad79273d-d633-4136-9aa6-d7d1c1a6f6d5 ] Request (ServicesAdminNegativeV253TestJSON:tearDownClass): 204 DELETE http://10.180.1.21/identity/v3/projects/553a8ee0d02c46a3a3d8e251a3769ea0 0.206s
2025-03-18 08:55:10.995 68524 INFO tempest.lib.common.dynamic_creds [-] Deleting project and security group for project: 8218fc32a8a6461cb6436c6e9fa4cd37
2025-03-18 08:55:10.995 68558 INFO tempest.lib.common.rest_client [req-70e3e6c9-64f7-461b-b891-92ea8782f0ca req-70e3e6c9-64f7-461b-b891-92ea8782f0ca ] Request (AggregatesAdminNegativeTestJSON:test_aggregate_add_non_exist_host): 404 POST http://10.180.1.21/compute/v2.1/os-aggregates/3/action 1.574s
2025-03-18 08:55:11.011 68546 INFO tempest.lib.common.rest_client [req-2ce080e0-a821-467f-8603-0b5db86dabc7 req-2ce080e0-a821-467f-8603-0b5db86dabc7 ] Request (ServerRescueTestJSONUnderV235:setUpClass): 200 GET http://10.180.1.21/compute/v2.1/servers/21b5ba2f-3b5e-485a-a59c-6626f8b4be36 1.851s
2025-03-18 08:55:11.012 68520 INFO tempest.lib.common.rest_client [req-7ada44b6-b08f-45fa-875b-2f8c15398d1a req-7ada44b6-b08f-45fa-875b-2f8c15398d1a ] Request (HostsAdminNegativeTestJSON:test_startup_nonexistent_host): 404 GET http://10.180.1.21/compute/v2.1/os-hosts/nonexistent_hostname/startup 1.519s
2025-03-18 08:55:11.013 68554 INFO tempest.lib.common.rest_client [req-c9d1eced-cede-49d7-bb64-a5235117c8bc req-c9d1eced-cede-49d7-bb64-a5235117c8bc ] Request (FlavorsAccessTestJSON:tearDownClass): 201 POST http://10.180.1.21/identity/v3/auth/tokens 0.172s
2025-03-18 08:55:11.096 68516 INFO tempest.lib.common.rest_client [req-08466aed-9079-4d09-9d8f-186be20a0e15 req-08466aed-9079-4d09-9d8f-186be20a0e15 ] Request (HostsAdminTestJSON:tearDownClass): 204 DELETE http://10.180.1.21/identity/v3/projects/882de0b11de0473a93e2d17fb2e79286 0.128s
2025-03-18 08:55:11.097 68516 INFO tempest.lib.common.dynamic_creds [-] Deleting project and security group for project: 17620877ab61476ebb5a51075f135b09
2025-03-18 08:55:11.143 68569 INFO tempest.lib.common.rest_client [req-359c2ff2-e839-4d0f-b25c-af3279138b62 req-359c2ff2-e839-4d0f-b25c-af3279138b62 ] Request (FloatingIPsTestJSON:tearDownClass): 200 PUT http://10.180.1.21:9696/networking/v2.0/routers/39cbeae6-ad85-49d3-8cf6-5cb267029804/remove_router_interface 2.293s
2025-03-18 08:55:11.192 68526 INFO tempest.lib.common.rest_client [req-a0752f47-8076-4af1-b474-29ae1a6c6031 req-a0752f47-8076-4af1-b474-29ae1a6c6031 ] Request (QuotaClassesAdminTestJSON:test_update_default_quotas): 200 PUT http://10.180.1.21/compute/v2.1/os-quota-class-sets/default 1.637s
2025-03-18 08:55:11.248 68540 INFO tempest.lib.common.rest_client [req-d2c354bd-5a4c-4a26-813d-2f9933e254c6 req-d2c354bd-5a4c-4a26-813d-2f9933e254c6 ] Request (ImagesMetadataTestJSON:setUpClass): 204 PUT http://10.180.1.21/image/v2/images/461104d6-caed-4917-953f-ba9ddd6f8fe1/file 1.002s
2025-03-18 08:55:11.302 68570 INFO tempest.lib.common.rest_client [req-eda03971-b261-4817-89d1-86452ffdd21c req-eda03971-b261-4817-89d1-86452ffdd21c ] Request (ServerExternalEventsTest:test_create_server_external_events): 200 GET http://10.180.1.21/compute/v2.1/servers/46f9a4a5-b9a1-43a3-96d4-ada3222b82f9 1.778s
2025-03-18 08:55:11.313 68574 INFO tempest.lib.common.rest_client [req-d31c375b-398f-4353-855a-c4cc32578d7f req-d31c375b-398f-4353-855a-c4cc32578d7f ] Request (FloatingIPsNegativeTestJSON:setUpClass): 201 POST http://10.180.1.21:9696/networking/v2.0/networks 0.952s
2025-03-18 08:55:11.333 68562 INFO tempest.lib.common.rest_client [req-776b5908-32be-4c87-a83e-61ad5699132e req-776b5908-32be-4c87-a83e-61ad5699132e ] Request (VolumesAssistedSnapshotsTest:test_volume_assisted_snapshot_create_delete): 200 GET http://10.180.1.21/compute/v2.1/servers/b65a2734-9ebf-4730-bc75-bffaa1621091 1.720s
2025-03-18 08:55:11.337 68524 INFO tempest.lib.common.rest_client [req-6e8078f2-6708-4438-991d-e72a76e8df41 req-6e8078f2-6708-4438-991d-e72a76e8df41 ] Request (ServicesAdminNegativeV253TestJSON:tearDownClass): 200 GET http://10.180.1.21:9696/networking/v2.0/security-groups?tenant_id=8218fc32a8a6461cb6436c6e9fa4cd37&name=default 0.342s
2025-03-18 08:55:11.354 68548 INFO tempest.lib.common.rest_client [req-9d3f38f5-3ffb-4a72-b26a-b85897c69603 req-9d3f38f5-3ffb-4a72-b26a-b85897c69603 ] Request (FlavorsAdminTestJSON:test_create_flavor_with_none_id): 200 POST http://10.180.1.21/compute/v2.1/flavors 1.516s
2025-03-18 08:55:11.479 68564 INFO tempest.lib.common.rest_client [req-0e62faac-b008-41cb-93e2-42bbc302538f req-0e62faac-b008-41cb-93e2-42bbc302538f ] Request (ServersAdminTestJSON:setUpClass): 200 GET http://10.180.1.21/compute/v2.1/servers/3399c49e-5663-46a8-8135-7f0f70f00028 1.518s
2025-03-18 08:55:11.577 68554 INFO tempest.lib.common.rest_client [req-d1e13e07-5ac7-47c2-81df-e6a307cf49b9 req-d1e13e07-5ac7-47c2-81df-e6a307cf49b9 ] Request (FlavorsAccessTestJSON:tearDownClass): 200 GET http://10.180.1.21:9696/networking/v2.0/security-groups?tenant_id=60039ae1c1fd409982cc48002db74ea8&name=default 0.562s
2025-03-18 08:55:11.585 68516 INFO tempest.lib.common.rest_client [req-3d530c03-e092-4b04-8000-1577d1984813 req-3d530c03-e092-4b04-8000-1577d1984813 ] Request (HostsAdminTestJSON:tearDownClass): 200 GET http://10.180.1.21:9696/networking/v2.0/security-groups?tenant_id=17620877ab61476ebb5a51075f135b09&name=default 0.488s
2025-03-18 08:55:11.678 68530 INFO tempest.lib.common.rest_client [req-6d66a423-a84b-4597-bd92-8b40aa85e6f1 req-6d66a423-a84b-4597-bd92-8b40aa85e6f1 ] Request (VolumesAdminNegativeTest:test_update_attached_volume_with_nonexistent_volume_in_body): 200 GET http://10.180.1.21/compute/v2.1/servers/e7cfb8f9-facb-4c79-a98c-dbd84cd54c20 1.877s
2025-03-18 08:55:11.784 68543 INFO tempest.lib.common.rest_client [req-2d6bc6a6-5f43-4e60-bcb8-3d13d5a2864e req-2d6bc6a6-5f43-4e60-bcb8-3d13d5a2864e ] Request (TenantUsagesTestJSON:setUpClass): 200 GET http://10.180.1.21/compute/v2.1/servers/1a83858e-331a-4b23-8ef3-393c123d155b 1.761s
2025-03-18 08:55:11.785 68524 INFO tempest.lib.common.rest_client [req-d607a9e4-0a7d-42ea-b600-64a6cde444e0 req-d607a9e4-0a7d-42ea-b600-64a6cde444e0 ] Request (ServicesAdminNegativeV253TestJSON:tearDownClass): 204 DELETE http://10.180.1.21:9696/networking/v2.0/security-groups/3180350b-375b-4e68-9c29-f0c72f127f73 0.447s
2025-03-18 08:55:11.861 68556 INFO tempest.lib.common.rest_client [req-9d9b0be1-c18e-4508-8b3b-3a35f5484aa3 req-9d9b0be1-c18e-4508-8b3b-3a35f5484aa3 ] Request (ServersTestMultiNic:test_verify_duplicate_network_nics): 200 GET http://10.180.1.21/compute/v2.1/servers/3443ca21-8dbf-4c50-9028-c1989ec04399 1.820s
2025-03-18 08:55:11.867 68524 INFO tempest.lib.common.rest_client [req-a3ddc57a-d0c0-479b-b7e6-260e444ece50 req-a3ddc57a-d0c0-479b-b7e6-260e444ece50 ] Request (ServicesAdminNegativeV253TestJSON:tearDownClass): 204 DELETE http://10.180.1.21/identity/v3/projects/8218fc32a8a6461cb6436c6e9fa4cd37 0.082s
2025-03-18 08:55:11.881 68578 INFO tempest.lib.common.rest_client [req-482140c7-4438-4d48-b23e-3c9a6781200a req-482140c7-4438-4d48-b23e-3c9a6781200a ] Request (ServersV294TestFqdnHostnames:setUpClass): 201 POST http://10.180.1.21:9696/networking/v2.0/routers 2.724s
2025-03-18 08:55:11.886 68534 INFO tempest.lib.common.rest_client [req-b631d8bf-c779-4b9e-9ebe-5c9fdc55152e req-b631d8bf-c779-4b9e-9ebe-5c9fdc55152e ] Request (SecurityGroupsNegativeTestJSON:setUpClass): 201 POST http://10.180.1.21:9696/networking/v2.0/networks 1.158s
2025-03-18 08:55:11.892 68522 INFO tempest.lib.common.rest_client [req-76ad2fe8-09bc-4f0a-80f4-7838997c9d5a req-76ad2fe8-09bc-4f0a-80f4-7838997c9d5a ] Request (MigrationsAdminTest:test_list_migrations_in_flavor_resize_situation): 200 GET http://10.180.1.21/compute/v2.1/servers/e6481c67-cb8e-48a4-9749-fb060e70ffa4 1.924s
2025-03-18 08:55:11.921 68538 INFO tempest.lib.common.rest_client [req-a7b3a1e3-2ea1-4067-a171-6f588f7b93c0 req-a7b3a1e3-2ea1-4067-a171-6f588f7b93c0 ] Request (FlavorsAccessNegativeTestJSON:_run_cleanups): 200 GET http://10.180.1.21/compute/v2.1/flavors/detail 1.827s
2025-03-18 08:55:11.941 68524 INFO tempest.lib.common.rest_client [req-12e40be2-cc40-434b-be75-db19886b9502 req-12e40be2-cc40-434b-be75-db19886b9502 ] Request (FlavorsV2NegativeTest:setUpClass): 201 POST http://10.180.1.21/identity/v3/auth/tokens 0.072s
2025-03-18 08:55:11.979 68524 INFO tempest.lib.common.rest_client [req-ea07b8c9-f091-4688-a790-9d059856f4d2 req-ea07b8c9-f091-4688-a790-9d059856f4d2 ] Request (FlavorsV2NegativeTest:setUpClass): 201 POST http://10.180.1.21/identity/v3/auth/tokens 0.031s
2025-03-18 08:55:12.009 68524 INFO tempest.lib.common.rest_client [req-48c7a573-9d84-42f5-bfe6-27e57e5e7832 req-48c7a573-9d84-42f5-bfe6-27e57e5e7832 ] Request (FlavorsV2NegativeTest:setUpClass): 200 GET http://10.180.1.21/identity/v3/domains?name=Default 0.030s
2025-03-18 08:55:12.024 68552 INFO tempest.lib.common.rest_client [req-188d5f26-7777-4dfd-8c88-2990c768a16d req-188d5f26-7777-4dfd-8c88-2990c768a16d ] Request (QuotasAdminNegativeTest:test_create_server_when_memory_quota_is_full): 200 PUT http://10.180.1.21/compute/v2.1/os-quota-sets/350be6c180a74aeca9f11553c52ef4bc 1.951s
2025-03-18 08:55:12.042 68524 INFO tempest.lib.common.rest_client [req-fd8da42d-ab6e-43cf-bb9c-14b703270a21 req-fd8da42d-ab6e-43cf-bb9c-14b703270a21 ] Request (FlavorsV2NegativeTest:setUpClass): 201 POST http://10.180.1.21/identity/v3/projects 0.032s
2025-03-18 08:55:12.056 68554 INFO tempest.lib.common.rest_client [req-82922f70-c6e2-4641-8a25-61b81143390d req-82922f70-c6e2-4641-8a25-61b81143390d ] Request (FlavorsAccessTestJSON:tearDownClass): 204 DELETE http://10.180.1.21:9696/networking/v2.0/security-groups/bdc44bcc-4983-4c22-acd7-7f45680e8ac5 0.479s
2025-03-18 08:55:12.086 68552 INFO tempest.lib.common.rest_client [req-8174ee68-503e-49e2-a721-d78c78b7b612 req-8174ee68-503e-49e2-a721-d78c78b7b612 ] Request (QuotasAdminNegativeTest:test_create_server_when_memory_quota_is_full): 201 POST http://10.180.1.21/identity/v3/auth/tokens 0.057s
2025-03-18 08:55:12.088 68552 INFO tempest.lib.common.fixed_network [-] (QuotasAdminNegativeTest:test_create_server_when_memory_quota_is_full) Found network None available for tenant
2025-03-18 08:55:12.092 68516 INFO tempest.lib.common.rest_client [req-bed87a8f-f88c-44d9-88b2-5fca3a548d91 req-bed87a8f-f88c-44d9-88b2-5fca3a548d91 ] Request (HostsAdminTestJSON:tearDownClass): 204 DELETE http://10.180.1.21:9696/networking/v2.0/security-groups/3f9908fb-7a8f-47d8-827a-6f008767c5bf 0.506s
2025-03-18 08:55:12.106 68524 INFO tempest.lib.common.rest_client [req-c532594d-55d9-4be1-97b8-26899f8b7d63 req-c532594d-55d9-4be1-97b8-26899f8b7d63 ] Request (FlavorsV2NegativeTest:setUpClass): 201 POST http://10.180.1.21/identity/v3/users 0.064s
2025-03-18 08:55:12.135 68536 INFO tempest.lib.common.rest_client [req-241e735f-7320-48af-90b0-0428d48655bb req-241e735f-7320-48af-90b0-0428d48655bb ] Request (ServersAdminNegativeTestJSON:setUpClass): 200 GET http://10.180.1.21/compute/v2.1/servers/56ee06de-74a2-447a-860c-307ab88a8eeb 1.422s
2025-03-18 08:55:12.144 68554 INFO tempest.lib.common.rest_client [req-9a7481f2-61ce-4e68-8eaf-fdfebe1d8138 req-9a7481f2-61ce-4e68-8eaf-fdfebe1d8138 ] Request (FlavorsAccessTestJSON:tearDownClass): 204 DELETE http://10.180.1.21/identity/v3/projects/60039ae1c1fd409982cc48002db74ea8 0.087s
2025-03-18 08:55:12.144 68554 INFO tempest.lib.common.dynamic_creds [-] Deleting project and security group for project: bed8ac97e44c4eecb6860db9cf87c51c
2025-03-18 08:55:12.183 68516 INFO tempest.lib.common.rest_client [req-233380a9-e718-4e33-bd5f-098c18f1d11e req-233380a9-e718-4e33-bd5f-098c18f1d11e ] Request (HostsAdminTestJSON:tearDownClass): 204 DELETE http://10.180.1.21/identity/v3/projects/17620877ab61476ebb5a51075f135b09 0.091s
2025-03-18 08:55:12.186 68574 INFO tempest.lib.common.rest_client [req-241561f3-b42e-4d36-84e2-acff20ec7d26 req-241561f3-b42e-4d36-84e2-acff20ec7d26 ] Request (FloatingIPsNegativeTestJSON:setUpClass): 201 POST http://10.180.1.21:9696/networking/v2.0/subnets 0.873s
2025-03-18 08:55:12.187 68572 INFO tempest.lib.common.rest_client [req-012f5aa8-9c40-45ae-90b8-d03bf29a0010 req-012f5aa8-9c40-45ae-90b8-d03bf29a0010 ] Request (KeyPairsV2TestJSON:test_keypair_create_with_pub_key): 200 POST http://10.180.1.21/compute/v2.1/os-keypairs 1.454s
2025-03-18 08:55:12.267 68524 INFO tempest.lib.common.rest_client [req-5a7c1200-2a03-46f1-a8e0-176439973e23 req-5a7c1200-2a03-46f1-a8e0-176439973e23 ] Request (FlavorsV2NegativeTest:setUpClass): 200 GET http://10.180.1.21/identity/v3/roles 0.160s
2025-03-18 08:55:12.292 68550 INFO tempest.lib.common.rest_client [req-fa41d157-387b-4bc0-9625-5889c1ea83ab req-fa41d157-387b-4bc0-9625-5889c1ea83ab ] Request (ValidationResourcesFixture:setUp): 201 POST http://10.180.1.21:9696/networking/v2.0/floatingips 1.663s
2025-03-18 08:55:12.307 68516 INFO tempest.lib.common.rest_client [req-d7f67645-781a-447b-b697-f8e6bfd25716 req-d7f67645-781a-447b-b697-f8e6bfd25716 ] Request (HypervisorAdminV228Test:setUpClass): 201 POST http://10.180.1.21/identity/v3/auth/tokens 0.122s
2025-03-18 08:55:12.327 68524 INFO tempest.lib.common.rest_client [req-c72363ba-9d87-4497-94d7-c046b8e6848c req-c72363ba-9d87-4497-94d7-c046b8e6848c ] Request (FlavorsV2NegativeTest:setUpClass): 204 PUT http://10.180.1.21/identity/v3/projects/8282fed8b2d5416e9046186120329db7/users/bce0464a08e5450abd91b5b8cc0b7321/roles/2d99c22cb3064247b90da6b605583005 0.060s
2025-03-18 08:55:12.328 68524 INFO tempest.lib.common.dynamic_creds [-] Dynamic test user bce0464a08e5450abd91b5b8cc0b7321 is created with scope project and roles: ['member']
