2025-03-18 16:41:53.978 68584 INFO tempest.lib.common.rest_client [req-f1ead1ca-6195-42f6-9100-03711a1ce565 req-f1ead1ca-6195-42f6-9100-03711a1ce565 ] Request (DeleteServersAdminTestJSON:test_delete_server_while_in_error_state): 200 GET http://10.180.1.21/compute/v2.1/servers/a45be5f5-c1a5-45b1-8b88-7eca1b3cb8b6 0.062s
2025-03-18 16:41:54.025 68620 INFO tempest.lib.common.rest_client [req-f3063e1d-2de8-453a-9cf3-20a7eeecacc1 req-f3063e1d-2de8-453a-9cf3-20a7eeecacc1 ] Request (ServerTagsTestJSON:setUpClass): 200 GET http://10.180.1.21/compute/v2.1/servers/1602c168-e4e2-46ef-80d9-adfee191fde7 0.055s
2025-03-18 16:41:54.145 68570 INFO tempest.lib.common.rest_client [req-19158770-cf47-4d0a-a8c1-a8107a130723 req-19158770-cf47-4d0a-a8c1-a8107a130723 ] Request (FloatingIPsAssociationTestJSON:tearDownClass): 200 GET http://10.180.1.21/compute/v2.1/servers/6ea307bd-2ca4-4143-8cf0-e8d50bfc6353 0.056s
2025-03-18 16:41:54.190 68590 INFO tempest.lib.common.rest_client [req-21ceb75e-05f3-41b1-b9d8-1d19321b3879 req-21ceb75e-05f3-41b1-b9d8-1d19321b3879 ] Request (ImagesTestJSON:test_create_image_from_stopped_server): 200 GET http://10.180.1.21/compute/v2.1/servers/4fca172c-bc9d-4345-8d9a-ff65eb5bd56a 0.051s
2025-03-18 16:41:54.241 68592 INFO tempest.lib.common.rest_client [req-bfba3b66-6d9e-4ac3-a59a-72766903a87d req-bfba3b66-6d9e-4ac3-a59a-72766903a87d ] Request (ServersTestMultiNic:_run_cleanups): 200 GET http://10.180.1.21/compute/v2.1/servers/220c91c5-79e3-4a25-a5cc-708741b4356a 0.078s
2025-03-18 16:41:54.283 68582 INFO tempest.lib.common.rest_client [req-7937a5d2-1001-47c5-ac71-8d143d5e51b9 req-7937a5d2-1001-47c5-ac71-8d143d5e51b9 ] Request (ServerRescueTestJSON:test_rescue_unrescue_instance): 200 GET http://10.180.1.21/compute/v2.1/servers/6f44a390-b18c-4da9-b779-3e45c1a9ed92 0.167s
2025-03-18 16:41:54.287 68608 INFO tempest.lib.common.rest_client [req-4f5824b5-9915-46d7-8b8c-0b3faaf3ebbf req-4f5824b5-9915-46d7-8b8c-0b3faaf3ebbf ] Request (ServersTestBootFromVolume:setUpClass): 200 GET http://10.180.1.21/compute/v2.1/servers/83b41147-3328-4251-8b8c-242a50534830 0.088s
2025-03-18 16:41:54.338 68630 INFO tempest.lib.common.rest_client [req-9f946f9c-974a-412a-adfd-a66bb6363aa7 req-9f946f9c-974a-412a-adfd-a66bb6363aa7 ] Request (ListServersNegativeTestJSON:setUpClass): 200 GET http://10.180.1.21/compute/v2.1/servers/47de732d-5723-4c39-bb80-cbc393cbb123 0.073s
2025-03-18 16:41:54.361 68576 INFO tempest.lib.common.rest_client [req-25ae19e4-2e2f-4a9d-95e0-9888b9fabc3d req-25ae19e4-2e2f-4a9d-95e0-9888b9fabc3d ] Request (ServerActionsV293TestJSON:setUpClass): 200 GET http://10.180.1.21/compute/v2.1/servers/6dc99502-2329-4b20-828e-20591575c8ab 0.063s
2025-03-18 16:41:54.420 68618 WARNING tempest.lib.common.ssh [-] Failed to establish authenticated ssh connection to cirros@10.180.180.193 ([Errno None] Unable to connect to port 22 on 10.180.180.193). Number attempts: 10. Retry after 11 seconds.: paramiko.ssh_exception.NoValidConnectionsError: [Errno None] Unable to connect to port 22 on 10.180.180.193
2025-03-18 16:41:54.456 68598 INFO tempest.lib.common.rest_client [req-c80ff520-8220-42d4-a490-6e592e7ceb4a req-c80ff520-8220-42d4-a490-6e592e7ceb4a ] Request (ServersAdminNegativeTestJSON:tearDownClass): 200 GET http://10.180.1.21/compute/v2.1/servers/0e58da0b-2ce7-4018-b5b0-ac3be1fd8df9 0.071s
2025-03-18 16:41:54.458 68604 INFO tempest.lib.common.rest_client [req-43d0d173-8d0d-4ec6-a1af-da63c7dcf9dc req-43d0d173-8d0d-4ec6-a1af-da63c7dcf9dc ] Request (ServersNegativeTestJSON:setUpClass): 200 GET http://10.180.1.21/compute/v2.1/servers/e4180bfa-0718-445e-823c-0fc272adb215 0.053s
2025-03-18 16:41:54.665 68611 INFO tempest.lib.common.rest_client [req-62c0c3a3-f6d9-494b-b37d-d11df750890b req-62c0c3a3-f6d9-494b-b37d-d11df750890b ] Request (InstanceActionsTestJSON:setUpClass): 200 GET http://10.180.1.21/compute/v2.1/servers/cd01f9f6-0793-4e51-8197-6022d31f9a97 0.102s
2025-03-18 16:41:54.731 68574 INFO tempest.lib.common.rest_client [req-67fefa73-f6cd-450f-bb71-18842c9836a1 req-67fefa73-f6cd-450f-bb71-18842c9836a1 ] Request (ImagesOneServerNegativeTestJSON:setUpClass): 200 GET http://10.180.1.21/compute/v2.1/servers/28add4e9-37aa-40bf-8aca-78214365ee1b 0.148s
2025-03-18 16:41:54.789 68600 INFO tempest.lib.common.rest_client [req-25758bc7-164a-40ef-ad36-131138cfc149 req-25758bc7-164a-40ef-ad36-131138cfc149 ] Request (ServersTestJSON:test_create_server_with_ipv6_addr_only): 200 GET http://10.180.1.21/compute/v2.1/servers/ea193bed-f2ab-46db-9db5-3c0ca3c18b3b 0.168s
2025-03-18 16:41:54.846 68617 INFO tempest.lib.common.rest_client [req-667d7664-f523-4acc-b530-7a8e63406fba req-667d7664-f523-4acc-b530-7a8e63406fba ] Request (ServerDiskConfigTestJSON:test_rebuild_server_with_auto_disk_config): 200 GET http://10.180.1.21/compute/v2.1/servers/afb6920d-1c34-440d-a0df-33e48701dade 0.193s
2025-03-18 16:41:54.908 68632 INFO tempest.lib.common.rest_client [req-b3607560-acac-45e0-bbcc-a7328c08df5e req-b3607560-acac-45e0-bbcc-a7328c08df5e ] Request (ServerPasswordTestJSON:tearDownClass): 200 GET http://10.180.1.21/compute/v2.1/servers/357679d3-4eba-4d3f-9178-43e4521fe6aa 0.171s
2025-03-18 16:41:54.917 68614 INFO tempest.lib.common.rest_client [req-6afc2de5-db7d-4cb3-8720-f4e1494b0bad req-6afc2de5-db7d-4cb3-8720-f4e1494b0bad ] Request (ServersAdminTestJSON:test_inject_network_info): 200 GET http://10.180.1.21/compute/v2.1/servers/066e61d9-8593-438c-87f0-871332f73ffd 0.397s
2025-03-18 16:41:54.973 68586 INFO tempest.lib.common.rest_client [req-555e5817-8356-4069-ab23-15863479414a req-555e5817-8356-4069-ab23-15863479414a ] Request (InstanceActionsV221TestJSON:test_get_list_deleted_instance_actions): 200 GET http://10.180.1.21/compute/v2.1/servers/60fe2903-0080-4440-b2a4-e25fd9a177e0 0.160s
2025-03-18 16:41:54.981 68596 INFO tempest.lib.common.rest_client [req-96474119-723f-402e-8eee-2554127eb923 req-96474119-723f-402e-8eee-2554127eb923 ] Request (MigrationsAdminTest:test_resize_server_revert_deleted_flavor): 200 GET http://10.180.1.21/compute/v2.1/servers/0196b796-8e2b-470e-90a0-4cd261d46415 0.067s
2025-03-18 16:41:54.995 68588 INFO tempest.lib.common.rest_client [req-2c7ecae5-4538-48e6-bd9f-0c86e6d11901 req-2c7ecae5-4538-48e6-bd9f-0c86e6d11901 ] Request (ImagesNegativeTestJSON:tearDownClass): 200 PUT http://10.180.1.21:9696/networking/v2.0/routers/e87d5adf-04c7-4dd3-a9dd-594d5be4fa9e/remove_router_interface 1.030s
2025-03-18 16:41:55.057 68584 INFO tempest.lib.common.rest_client [req-19880824-f7f3-414c-b001-7845a4930c8f req-19880824-f7f3-414c-b001-7845a4930c8f ] Request (DeleteServersAdminTestJSON:test_delete_server_while_in_error_state): 200 GET http://10.180.1.21/compute/v2.1/servers/a45be5f5-c1a5-45b1-8b88-7eca1b3cb8b6 0.069s
2025-03-18 16:41:55.110 68620 INFO tempest.lib.common.rest_client [req-7cfe3d8f-723c-449d-bd09-ef105be97bfc req-7cfe3d8f-723c-449d-bd09-ef105be97bfc ] Request (ServerTagsTestJSON:setUpClass): 200 GET http://10.180.1.21/compute/v2.1/servers/1602c168-e4e2-46ef-80d9-adfee191fde7 0.077s
2025-03-18 16:41:55.182 68594 INFO tempest.lib.common.rest_client [req-2fd4c270-3148-4a55-8db2-373bec8de3e5 req-2fd4c270-3148-4a55-8db2-373bec8de3e5 ] Request (ServerMetadataNegativeTestJSON:setUpClass): 200 GET http://10.180.1.21/compute/v2.1/servers/b218486a-5377-493a-af05-62611c6d65e2 0.248s
2025-03-18 16:41:55.239 68570 INFO tempest.lib.common.rest_client [req-8e06e202-6079-4ac5-8964-0cb60159dfa7 req-8e06e202-6079-4ac5-8964-0cb60159dfa7 ] Request (FloatingIPsAssociationTestJSON:tearDownClass): 200 GET http://10.180.1.21/compute/v2.1/servers/6ea307bd-2ca4-4143-8cf0-e8d50bfc6353 0.083s
2025-03-18 16:41:55.276 68590 INFO tempest.lib.common.rest_client [req-624d3b8a-8862-4f6a-9885-900e4efd1e9d req-624d3b8a-8862-4f6a-9885-900e4efd1e9d ] Request (ImagesTestJSON:test_create_image_from_stopped_server): 200 GET http://10.180.1.21/compute/v2.1/servers/4fca172c-bc9d-4345-8d9a-ff65eb5bd56a 0.073s
2025-03-18 16:41:55.314 68592 INFO tempest.lib.common.rest_client [req-ee71a797-cab3-496d-98b4-d808f6ee073c req-ee71a797-cab3-496d-98b4-d808f6ee073c ] Request (ServersTestMultiNic:_run_cleanups): 200 GET http://10.180.1.21/compute/v2.1/servers/220c91c5-79e3-4a25-a5cc-708741b4356a 0.065s
2025-03-18 16:41:55.371 68608 INFO tempest.lib.common.rest_client [req-a47027d9-8dc7-487e-97c8-e645e114d44e req-a47027d9-8dc7-487e-97c8-e645e114d44e ] Request (ServersTestBootFromVolume:setUpClass): 200 GET http://10.180.1.21/compute/v2.1/servers/83b41147-3328-4251-8b8c-242a50534830 0.076s
2025-03-18 16:41:55.413 68582 INFO tempest.lib.common.rest_client [req-29b1b51e-0faa-4fd5-88c6-369921084df5 req-29b1b51e-0faa-4fd5-88c6-369921084df5 ] Request (ServerRescueTestJSON:test_rescue_unrescue_instance): 200 GET http://10.180.1.21/compute/v2.1/servers/6f44a390-b18c-4da9-b779-3e45c1a9ed92 0.123s
2025-03-18 16:41:55.434 68630 INFO tempest.lib.common.rest_client [req-4a1b89e1-7d6a-4557-9629-e249ae0690bb req-4a1b89e1-7d6a-4557-9629-e249ae0690bb ] Request (ListServersNegativeTestJSON:setUpClass): 200 GET http://10.180.1.21/compute/v2.1/servers/47de732d-5723-4c39-bb80-cbc393cbb123 0.088s
2025-03-18 16:41:55.479 68576 INFO tempest.lib.common.rest_client [req-15dd8c7e-6e02-4778-9275-6ede84cfa96f req-15dd8c7e-6e02-4778-9275-6ede84cfa96f ] Request (ServerActionsV293TestJSON:setUpClass): 200 GET http://10.180.1.21/compute/v2.1/servers/6dc99502-2329-4b20-828e-20591575c8ab 0.107s
2025-03-18 16:41:55.503 68588 INFO tempest.lib.common.rest_client [req-51eeb7e5-4c2d-49e3-ac9d-0ac96bb2c314 req-51eeb7e5-4c2d-49e3-ac9d-0ac96bb2c314 ] Request (ImagesNegativeTestJSON:tearDownClass): 204 DELETE http://10.180.1.21:9696/networking/v2.0/routers/e87d5adf-04c7-4dd3-a9dd-594d5be4fa9e 0.507s
2025-03-18 16:41:55.551 68604 INFO tempest.lib.common.rest_client [req-5e3a2b92-2326-4b27-94d2-6eec63bdeb52 req-5e3a2b92-2326-4b27-94d2-6eec63bdeb52 ] Request (ServersNegativeTestJSON:setUpClass): 200 GET http://10.180.1.21/compute/v2.1/servers/e4180bfa-0718-445e-823c-0fc272adb215 0.084s
2025-03-18 16:41:55.652 68598 INFO tempest.lib.common.rest_client [req-eb830e8f-03b0-4785-a416-1d8e414c63e4 req-eb830e8f-03b0-4785-a416-1d8e414c63e4 ] Request (ServersAdminNegativeTestJSON:tearDownClass): 200 GET http://10.180.1.21/compute/v2.1/servers/0e58da0b-2ce7-4018-b5b0-ac3be1fd8df9 0.185s
2025-03-18 16:41:55.724 68588 INFO tempest.lib.common.rest_client [req-4df01a2a-a15b-42ce-8007-a04ee5570c30 req-4df01a2a-a15b-42ce-8007-a04ee5570c30 ] Request (ImagesNegativeTestJSON:tearDownClass): 204 DELETE http://10.180.1.21:9696/networking/v2.0/subnets/c676dca7-debe-4bff-877b-3db812dbac43 0.221s
2025-03-18 16:41:55.826 68611 INFO tempest.lib.common.rest_client [req-f9518aa4-ddb8-418c-a870-973d906dd10a req-f9518aa4-ddb8-418c-a870-973d906dd10a ] Request (InstanceActionsTestJSON:setUpClass): 200 GET http://10.180.1.21/compute/v2.1/servers/cd01f9f6-0793-4e51-8197-6022d31f9a97 0.146s
2025-03-18 16:41:55.877 68574 INFO tempest.lib.common.rest_client [req-0fbdf697-7edb-41db-9f12-1684a991278d req-0fbdf697-7edb-41db-9f12-1684a991278d ] Request (ImagesOneServerNegativeTestJSON:setUpClass): 200 GET http://10.180.1.21/compute/v2.1/servers/28add4e9-37aa-40bf-8aca-78214365ee1b 0.136s
2025-03-18 16:41:55.923 68600 INFO tempest.lib.common.rest_client [req-a64cbd23-3c88-4c7e-995b-c08104713596 req-a64cbd23-3c88-4c7e-995b-c08104713596 ] Request (ServersTestJSON:test_create_server_with_ipv6_addr_only): 200 GET http://10.180.1.21/compute/v2.1/servers/ea193bed-f2ab-46db-9db5-3c0ca3c18b3b 0.127s
2025-03-18 16:41:55.961 68588 INFO tempest.lib.common.rest_client [req-0379b4d5-fc3d-4ac1-9807-24f12f9c1bb5 req-0379b4d5-fc3d-4ac1-9807-24f12f9c1bb5 ] Request (ImagesNegativeTestJSON:tearDownClass): 204 DELETE http://10.180.1.21:9696/networking/v2.0/networks/bc798c08-be0a-45c6-aaca-de8cc7fda79a 0.236s
2025-03-18 16:41:55.964 68622 INFO tempest.lib.common.rest_client [req-422c3cc3-a66e-45c0-aaba-760b60eefede req-422c3cc3-a66e-45c0-aaba-760b60eefede ] Request (ServerDiagnosticsV248Test:test_get_server_diagnostics): 200 GET http://10.180.1.21/compute/v2.1/servers/8fe7d6b6-f9d6-41d3-b0b9-de114a053c17/diagnostics 0.588s
2025-03-18 16:41:55.968 68617 INFO tempest.lib.common.rest_client [req-8ab4533a-1dbd-4176-85a5-69810551f739 req-8ab4533a-1dbd-4176-85a5-69810551f739 ] Request (ServerDiskConfigTestJSON:test_rebuild_server_with_auto_disk_config): 200 GET http://10.180.1.21/compute/v2.1/servers/afb6920d-1c34-440d-a0df-33e48701dade 0.112s
2025-03-18 16:41:56.026 68632 INFO tempest.lib.common.rest_client [req-1d8f125e-6688-48c8-a27c-8f1fb9907cdd req-1d8f125e-6688-48c8-a27c-8f1fb9907cdd ] Request (ServerPasswordTestJSON:tearDownClass): 200 GET http://10.180.1.21/compute/v2.1/servers/357679d3-4eba-4d3f-9178-43e4521fe6aa 0.109s
2025-03-18 16:41:56.044 68588 INFO tempest.lib.common.rest_client [req-73f247af-00dc-4a98-b576-23a0e20e6fbd req-73f247af-00dc-4a98-b576-23a0e20e6fbd ] Request (ImagesNegativeTestJSON:tearDownClass): 204 DELETE http://10.180.1.21/identity/v3/users/e7cdcbe1f97c4862816465a065c717ed 0.083s
2025-03-18 16:41:56.044 68588 INFO tempest.lib.common.dynamic_creds [-] Deleting project and security group for project: 04344cf2b25a40329293cff1bdf1eb6f
2025-03-18 16:41:56.069 68588 INFO tempest.lib.common.rest_client [req-9d45f3a7-a95b-4209-95c3-e4f27f355494 req-9d45f3a7-a95b-4209-95c3-e4f27f355494 ] Request (ImagesNegativeTestJSON:tearDownClass): 200 GET http://10.180.1.21:9696/networking/v2.0/security-groups?tenant_id=04344cf2b25a40329293cff1bdf1eb6f&name=default 0.024s
2025-03-18 16:41:56.086 68614 INFO tempest.lib.common.rest_client [req-412ebd37-6655-4175-9d36-25b2ef9bdbc5 req-412ebd37-6655-4175-9d36-25b2ef9bdbc5 ] Request (ServersAdminTestJSON:test_inject_network_info): 200 GET http://10.180.1.21/compute/v2.1/servers/066e61d9-8593-438c-87f0-871332f73ffd 0.161s
2025-03-18 16:41:56.100 68622 INFO tempest.lib.common.rest_client [req-997fab7e-1d43-4dc2-8062-501b06131e5d req-997fab7e-1d43-4dc2-8062-501b06131e5d ] Request (ServerDiagnosticsV248Test:tearDownClass): 204 DELETE http://10.180.1.21/compute/v2.1/servers/8fe7d6b6-f9d6-41d3-b0b9-de114a053c17 0.127s
2025-03-18 16:41:56.144 68586 INFO tempest.lib.common.rest_client [req-4d8ece6e-e3f6-4c03-a33b-218591e23387 req-4d8ece6e-e3f6-4c03-a33b-218591e23387 ] Request (InstanceActionsV221TestJSON:test_get_list_deleted_instance_actions): 200 GET http://10.180.1.21/compute/v2.1/servers/60fe2903-0080-4440-b2a4-e25fd9a177e0 0.162s
2025-03-18 16:41:56.151 68596 INFO tempest.lib.common.rest_client [req-1e824c98-9f61-49d7-ba9e-361eea81f43e req-1e824c98-9f61-49d7-ba9e-361eea81f43e ] Request (MigrationsAdminTest:test_resize_server_revert_deleted_flavor): 200 GET http://10.180.1.21/compute/v2.1/servers/0196b796-8e2b-470e-90a0-4cd261d46415 0.163s
2025-03-18 16:41:56.161 68588 INFO tempest.lib.common.rest_client [req-e93ef688-c65a-4f05-9442-3c05a4d0a8a2 req-e93ef688-c65a-4f05-9442-3c05a4d0a8a2 ] Request (ImagesNegativeTestJSON:tearDownClass): 204 DELETE http://10.180.1.21:9696/networking/v2.0/security-groups/2df0d086-9a85-4289-b2ee-e5962835cab7 0.091s
2025-03-18 16:41:56.199 68584 INFO tempest.lib.common.rest_client [req-47f7e0c8-716a-4132-8dbf-2254d4a94d29 req-47f7e0c8-716a-4132-8dbf-2254d4a94d29 ] Request (DeleteServersAdminTestJSON:test_delete_server_while_in_error_state): 200 GET http://10.180.1.21/compute/v2.1/servers/a45be5f5-c1a5-45b1-8b88-7eca1b3cb8b6 0.127s
2025-03-18 16:41:56.200 68622 INFO tempest.lib.common.rest_client [req-4dfc0106-a737-4054-954f-a629daccf3a9 req-4dfc0106-a737-4054-954f-a629daccf3a9 ] Request (ServerDiagnosticsV248Test:tearDownClass): 200 GET http://10.180.1.21/compute/v2.1/servers/8fe7d6b6-f9d6-41d3-b0b9-de114a053c17 0.100s
2025-03-18 16:41:56.242 68588 INFO tempest.lib.common.rest_client [req-79e65860-7d89-496d-a550-99d10a69f984 req-79e65860-7d89-496d-a550-99d10a69f984 ] Request (ImagesNegativeTestJSON:tearDownClass): 204 DELETE http://10.180.1.21/identity/v3/projects/04344cf2b25a40329293cff1bdf1eb6f 0.080s
2025-03-18 16:41:56.243 68588 INFO tempest.test [-] raised in ServerPersonalityTestJSON.setUpClass. Invoking tearDownClass.
2025-03-18 16:41:56.246 68620 INFO tempest.lib.common.rest_client [req-4da0094d-9727-4ca9-82b7-cc8ff3a96517 req-4da0094d-9727-4ca9-82b7-cc8ff3a96517 ] Request (ServerTagsTestJSON:setUpClass): 200 GET http://10.180.1.21/compute/v2.1/servers/1602c168-e4e2-46ef-80d9-adfee191fde7 0.127s
2025-03-18 16:41:56.303 68594 INFO tempest.lib.common.rest_client [req-b0465d24-5416-4bcf-96e8-359bf99a3554 req-b0465d24-5416-4bcf-96e8-359bf99a3554 ] Request (ServerMetadataNegativeTestJSON:setUpClass): 200 GET http://10.180.1.21/compute/v2.1/servers/b218486a-5377-493a-af05-62611c6d65e2 0.100s
2025-03-18 16:41:56.310 68570 INFO tempest.lib.common.rest_client [req-385d891c-9cb5-417b-8ca6-1b74b479a85b req-385d891c-9cb5-417b-8ca6-1b74b479a85b ] Request (FloatingIPsAssociationTestJSON:tearDownClass): 200 GET http://10.180.1.21/compute/v2.1/servers/6ea307bd-2ca4-4143-8cf0-e8d50bfc6353 0.063s
2025-03-18 16:41:56.323 68594 INFO tempest.common.waiters [-] State transition "BUILD/spawning" ==> "ACTIVE/None" after 56 second wait
2025-03-18 16:41:56.370 68590 INFO tempest.lib.common.rest_client [req-d41185c0-660d-452b-b7ae-ec36208501c6 req-d41185c0-660d-452b-b7ae-ec36208501c6 ] Request (ImagesTestJSON:test_create_image_from_stopped_server): 200 GET http://10.180.1.21/compute/v2.1/servers/4fca172c-bc9d-4345-8d9a-ff65eb5bd56a 0.085s
2025-03-18 16:41:56.386 68592 INFO tempest.lib.common.rest_client [req-c871f24c-1660-4112-80ac-c276ebb234a6 req-c871f24c-1660-4112-80ac-c276ebb234a6 ] Request (ServersTestMultiNic:_run_cleanups): 200 GET http://10.180.1.21/compute/v2.1/servers/220c91c5-79e3-4a25-a5cc-708741b4356a 0.062s
2025-03-18 16:41:56.386 68594 INFO tempest.lib.common.rest_client [req-7e3a3aad-cbe8-4d07-8ab2-898a3dc38e78 req-7e3a3aad-cbe8-4d07-8ab2-898a3dc38e78 ] Request (ServerMetadataNegativeTestJSON:test_create_server_metadata_blank_key): 201 POST http://10.180.1.21/identity/v3/auth/tokens 0.058s
2025-03-18 16:41:56.386 68594 INFO tempest.lib.common.fixed_network [-] (ServerMetadataNegativeTestJSON:test_create_server_metadata_blank_key) Found network {'id': '454dde14-8e7a-4ebe-b5b4-36858a8eb4ef', 'name': 'tempest-ServerMetadataNegativeTestJSON-1505451730-network', 'tenant_id': '147bd38898a347ed911842d832f9f688', 'admin_state_up': True, 'mtu': 8950, 'status': 'ACTIVE', 'subnets': [], 'shared': False, 'project_id': '147bd38898a347ed911842d832f9f688', 'port_security_enabled': True, 'router:external': False, 'provider:network_type': 'vlan', 'provider:physical_network': 'default', 'provider:segmentation_id': 576, 'availability_zone_hints': [], 'availability_zones': [], 'ipv4_address_scope': None, 'ipv6_address_scope': None, 'description': '', 'tags': [], 'created_at': '2025-03-18T16:40:52Z', 'updated_at': '2025-03-18T16:40:52Z', 'revision_number': 1} available for tenant
2025-03-18 16:41:56.394 68594 INFO tempest.lib.common.rest_client [req-08126075-ccdd-4264-83f1-50a0a4bdcba0 req-08126075-ccdd-4264-83f1-50a0a4bdcba0 ] Request (ServerMetadataNegativeTestJSON:test_create_server_metadata_blank_key): 400 POST http://10.180.1.21/compute/v2.1/servers 0.007s
2025-03-18 16:41:56.404 68594 INFO tempest.lib.common.rest_client [req-fb1e1274-21b6-4f1c-858b-fb3f2766b9a0 req-fb1e1274-21b6-4f1c-858b-fb3f2766b9a0 ] Request (ServerMetadataNegativeTestJSON:test_delete_metadata_non_existent_server): 404 DELETE http://10.180.1.21/compute/v2.1/servers/b5b6b632-934b-4e69-b2b3-1fe59bbfe0dd/metadata/d 0.009s
2025-03-18 16:41:56.415 68594 INFO tempest.lib.common.rest_client [req-0e2bc8a6-8e26-42e7-8813-b5bde4064b89 req-0e2bc8a6-8e26-42e7-8813-b5bde4064b89 ] Request (ServerMetadataNegativeTestJSON:test_list_server_metadata_non_existent_server): 404 GET http://10.180.1.21/compute/v2.1/servers/32f02c2f-e417-4a9e-856e-e0adca42fde4/metadata 0.010s
2025-03-18 16:41:56.434 68608 INFO tempest.lib.common.rest_client [req-f91be964-2132-4e0f-90d3-7758b227e206 req-f91be964-2132-4e0f-90d3-7758b227e206 ] Request (ServersTestBootFromVolume:setUpClass): 200 GET http://10.180.1.21/compute/v2.1/servers/83b41147-3328-4251-8b8c-242a50534830 0.054s
2025-03-18 16:41:56.489 68594 INFO tempest.lib.common.rest_client [req-aaa63d59-65c5-43fa-b745-28e400607cb7 req-aaa63d59-65c5-43fa-b745-28e400607cb7 ] Request (ServerMetadataNegativeTestJSON:test_metadata_items_limit): 200 GET http://10.180.1.21/compute/v2.1/os-quota-sets/147bd38898a347ed911842d832f9f688 0.073s
2025-03-18 16:41:56.517 68582 INFO tempest.lib.common.rest_client [req-f47ceddf-f334-4e2a-aa06-6c8a17be4fd6 req-f47ceddf-f334-4e2a-aa06-6c8a17be4fd6 ] Request (ServerRescueTestJSON:test_rescue_unrescue_instance): 200 GET http://10.180.1.21/compute/v2.1/servers/6f44a390-b18c-4da9-b779-3e45c1a9ed92 0.096s
2025-03-18 16:41:56.524 68582 INFO tempest.common.waiters [-] State transition "ACTIVE/rescuing" ==> "RESCUE/None" after 8 second wait
2025-03-18 16:41:56.536 68630 INFO tempest.lib.common.rest_client [req-30ed3afa-c279-4232-93a0-79cf34253ee0 req-30ed3afa-c279-4232-93a0-79cf34253ee0 ] Request (ListServersNegativeTestJSON:setUpClass): 200 GET http://10.180.1.21/compute/v2.1/servers/47de732d-5723-4c39-bb80-cbc393cbb123 0.091s
2025-03-18 16:41:56.560 68594 INFO tempest.lib.common.rest_client [req-44f6ac04-c28e-4161-9ee4-72d51e09b2f0 req-44f6ac04-c28e-4161-9ee4-72d51e09b2f0 ] Request (ServerMetadataNegativeTestJSON:test_metadata_items_limit): 403 PUT http://10.180.1.21/compute/v2.1/servers/b218486a-5377-493a-af05-62611c6d65e2/metadata 0.069s
2025-03-18 16:41:56.592 68576 INFO tempest.lib.common.rest_client [req-72fb9319-48a8-4040-8a60-7af83e06e273 req-72fb9319-48a8-4040-8a60-7af83e06e273 ] Request (ServerActionsV293TestJSON:setUpClass): 200 GET http://10.180.1.21/compute/v2.1/servers/6dc99502-2329-4b20-828e-20591575c8ab 0.100s
2025-03-18 16:41:56.613 68582 INFO tempest.lib.common.rest_client [req-193d4872-c0da-4b32-9647-25edab46ebd5 req-193d4872-c0da-4b32-9647-25edab46ebd5 ] Request (ServerRescueTestJSON:test_rescue_unrescue_instance): 202 POST http://10.180.1.21/compute/v2.1/servers/6f44a390-b18c-4da9-b779-3e45c1a9ed92/action 0.088s
2025-03-18 16:41:56.641 68594 INFO tempest.lib.common.rest_client [req-15282c77-4047-43d5-9879-e0d819220127 req-15282c77-4047-43d5-9879-e0d819220127 ] Request (ServerMetadataNegativeTestJSON:test_metadata_items_limit): 403 POST http://10.180.1.21/compute/v2.1/servers/b218486a-5377-493a-af05-62611c6d65e2/metadata 0.080s
2025-03-18 16:41:56.671 68604 INFO tempest.lib.common.rest_client [req-b512cb59-b68e-4f4c-a606-d0f77b412329 req-b512cb59-b68e-4f4c-a606-d0f77b412329 ] Request (ServersNegativeTestJSON:setUpClass): 200 GET http://10.180.1.21/compute/v2.1/servers/e4180bfa-0718-445e-823c-0fc272adb215 0.109s
2025-03-18 16:41:56.690 68594 INFO tempest.lib.common.rest_client [req-8a0b72a7-50d1-4542-8951-6805ae57b653 req-8a0b72a7-50d1-4542-8951-6805ae57b653 ] Request (ServerMetadataNegativeTestJSON:test_server_create_metadata_key_too_long): 201 POST http://10.180.1.21/identity/v3/auth/tokens 0.045s
2025-03-18 16:41:56.690 68594 INFO tempest.lib.common.fixed_network [-] (ServerMetadataNegativeTestJSON:test_server_create_metadata_key_too_long) Found network {'id': '454dde14-8e7a-4ebe-b5b4-36858a8eb4ef', 'name': 'tempest-ServerMetadataNegativeTestJSON-1505451730-network', 'tenant_id': '147bd38898a347ed911842d832f9f688', 'admin_state_up': True, 'mtu': 8950, 'status': 'ACTIVE', 'subnets': [], 'shared': False, 'project_id': '147bd38898a347ed911842d832f9f688', 'port_security_enabled': True, 'router:external': False, 'provider:network_type': 'vlan', 'provider:physical_network': 'default', 'provider:segmentation_id': 576, 'availability_zone_hints': [], 'availability_zones': [], 'ipv4_address_scope': None, 'ipv6_address_scope': None, 'description': '', 'tags': [], 'created_at': '2025-03-18T16:40:52Z', 'updated_at': '2025-03-18T16:40:52Z', 'revision_number': 1} available for tenant
2025-03-18 16:41:56.736 68598 INFO tempest.lib.common.rest_client [req-def9ab9b-127f-4c1c-a65a-4330a9b47de2 req-def9ab9b-127f-4c1c-a65a-4330a9b47de2 ] Request (ServersAdminNegativeTestJSON:tearDownClass): 200 GET http://10.180.1.21/compute/v2.1/servers/0e58da0b-2ce7-4018-b5b0-ac3be1fd8df9 0.075s
2025-03-18 16:41:56.741 68594 INFO tempest.lib.common.rest_client [req-8844cbb7-9508-4479-8849-c4927ea276da req-8844cbb7-9508-4479-8849-c4927ea276da ] Request (ServerMetadataNegativeTestJSON:test_server_create_metadata_key_too_long): 400 POST http://10.180.1.21/compute/v2.1/servers 0.050s
2025-03-18 16:41:56.769 68594 INFO tempest.lib.common.rest_client [req-8dcde7c3-8a3c-4fec-b6b2-1b32e1fc7cfc req-8dcde7c3-8a3c-4fec-b6b2-1b32e1fc7cfc ] Request (ServerMetadataNegativeTestJSON:test_server_create_metadata_key_too_long): 201 POST http://10.180.1.21/identity/v3/auth/tokens 0.024s
2025-03-18 16:41:56.770 68594 INFO tempest.lib.common.fixed_network [-] (ServerMetadataNegativeTestJSON:test_server_create_metadata_key_too_long) Found network {'id': '454dde14-8e7a-4ebe-b5b4-36858a8eb4ef', 'name': 'tempest-ServerMetadataNegativeTestJSON-1505451730-network', 'tenant_id': '147bd38898a347ed911842d832f9f688', 'admin_state_up': True, 'mtu': 8950, 'status': 'ACTIVE', 'subnets': [], 'shared': False, 'project_id': '147bd38898a347ed911842d832f9f688', 'port_security_enabled': True, 'router:external': False, 'provider:network_type': 'vlan', 'provider:physical_network': 'default', 'provider:segmentation_id': 576, 'availability_zone_hints': [], 'availability_zones': [], 'ipv4_address_scope': None, 'ipv6_address_scope': None, 'description': '', 'tags': [], 'created_at': '2025-03-18T16:40:52Z', 'updated_at': '2025-03-18T16:40:52Z', 'revision_number': 1} available for tenant
2025-03-18 16:41:56.778 68594 INFO tempest.lib.common.rest_client [req-e5114ae2-4959-4bdc-affb-8a7b27f4e098 req-e5114ae2-4959-4bdc-affb-8a7b27f4e098 ] Request (ServerMetadataNegativeTestJSON:test_server_create_metadata_key_too_long): 400 POST http://10.180.1.21/compute/v2.1/servers 0.008s
2025-03-18 16:41:56.795 68582 INFO tempest.lib.common.rest_client [req-bd6420ae-de7d-4322-beb9-d111369adfb0 req-bd6420ae-de7d-4322-beb9-d111369adfb0 ] Request (ServerRescueTestJSON:test_rescue_unrescue_instance): 200 GET http://10.180.1.21/compute/v2.1/servers/6f44a390-b18c-4da9-b779-3e45c1a9ed92 0.181s
2025-03-18 16:41:56.806 68594 INFO tempest.lib.common.rest_client [req-55bc0a7e-2869-4c95-a378-9018b637fdd6 req-55bc0a7e-2869-4c95-a378-9018b637fdd6 ] Request (ServerMetadataNegativeTestJSON:test_server_create_metadata_key_too_long): 201 POST http://10.180.1.21/identity/v3/auth/tokens 0.025s
2025-03-18 16:41:56.806 68594 INFO tempest.lib.common.fixed_network [-] (ServerMetadataNegativeTestJSON:test_server_create_metadata_key_too_long) Found network {'id': '454dde14-8e7a-4ebe-b5b4-36858a8eb4ef', 'name': 'tempest-ServerMetadataNegativeTestJSON-1505451730-network', 'tenant_id': '147bd38898a347ed911842d832f9f688', 'admin_state_up': True, 'mtu': 8950, 'status': 'ACTIVE', 'subnets': [], 'shared': False, 'project_id': '147bd38898a347ed911842d832f9f688', 'port_security_enabled': True, 'router:external': False, 'provider:network_type': 'vlan', 'provider:physical_network': 'default', 'provider:segmentation_id': 576, 'availability_zone_hints': [], 'availability_zones': [], 'ipv4_address_scope': None, 'ipv6_address_scope': None, 'description': '', 'tags': [], 'created_at': '2025-03-18T16:40:52Z', 'updated_at': '2025-03-18T16:40:52Z', 'revision_number': 1} available for tenant
2025-03-18 16:41:56.815 68594 INFO tempest.lib.common.rest_client [req-b4796b3e-6bb7-4cfe-8c43-1fef6f627be9 req-b4796b3e-6bb7-4cfe-8c43-1fef6f627be9 ] Request (ServerMetadataNegativeTestJSON:test_server_create_metadata_key_too_long): 400 POST http://10.180.1.21/compute/v2.1/servers 0.007s
2025-03-18 16:41:56.841 68594 INFO tempest.lib.common.rest_client [req-37ce1420-c6ab-404c-82ae-1c1f42e1fde0 req-37ce1420-c6ab-404c-82ae-1c1f42e1fde0 ] Request (ServerMetadataNegativeTestJSON:test_server_create_metadata_key_too_long): 201 POST http://10.180.1.21/identity/v3/auth/tokens 0.024s
2025-03-18 16:41:56.842 68594 INFO tempest.lib.common.fixed_network [-] (ServerMetadataNegativeTestJSON:test_server_create_metadata_key_too_long) Found network {'id': '454dde14-8e7a-4ebe-b5b4-36858a8eb4ef', 'name': 'tempest-ServerMetadataNegativeTestJSON-1505451730-network', 'tenant_id': '147bd38898a347ed911842d832f9f688', 'admin_state_up': True, 'mtu': 8950, 'status': 'ACTIVE', 'subnets': [], 'shared': False, 'project_id': '147bd38898a347ed911842d832f9f688', 'port_security_enabled': True, 'router:external': False, 'provider:network_type': 'vlan', 'provider:physical_network': 'default', 'provider:segmentation_id': 576, 'availability_zone_hints': [], 'availability_zones': [], 'ipv4_address_scope': None, 'ipv6_address_scope': None, 'description': '', 'tags': [], 'created_at': '2025-03-18T16:40:52Z', 'updated_at': '2025-03-18T16:40:52Z', 'revision_number': 1} available for tenant
2025-03-18 16:41:56.850 68594 INFO tempest.lib.common.rest_client [req-81b264a1-34ed-45eb-a7ce-9b05e4f78a2a req-81b264a1-34ed-45eb-a7ce-9b05e4f78a2a ] Request (ServerMetadataNegativeTestJSON:test_server_create_metadata_key_too_long): 400 POST http://10.180.1.21/compute/v2.1/servers 0.008s
2025-03-18 16:41:56.862 68594 INFO tempest.lib.common.rest_client [req-30de2096-303d-48c5-a415-786d400f2ce2 req-30de2096-303d-48c5-a415-786d400f2ce2 ] Request (ServerMetadataNegativeTestJSON:test_server_metadata_non_existent_server): 404 GET http://10.180.1.21/compute/v2.1/servers/2039ea90-b0de-445a-8624-7dd2c945fdc1/metadata/test2 0.010s
2025-03-18 16:41:56.887 68594 INFO tempest.lib.common.rest_client [req-287e15ac-e227-4fd5-9945-75fe36922c76 req-287e15ac-e227-4fd5-9945-75fe36922c76 ] Request (ServerMetadataNegativeTestJSON:test_set_metadata_invalid_key): 400 PUT http://10.180.1.21/compute/v2.1/servers/b218486a-5377-493a-af05-62611c6d65e2/metadata/key 0.024s
2025-03-18 16:41:56.936 68574 INFO tempest.lib.common.rest_client [req-2b55120a-6fb4-4fa6-85ba-8b9ec48567cd req-2b55120a-6fb4-4fa6-85ba-8b9ec48567cd ] Request (ImagesOneServerNegativeTestJSON:setUpClass): 200 GET http://10.180.1.21/compute/v2.1/servers/28add4e9-37aa-40bf-8aca-78214365ee1b 0.048s
2025-03-18 16:41:56.946 68594 INFO tempest.lib.common.rest_client [req-2a53ffa6-cdb6-4e9e-b805-4d585960a95d req-2a53ffa6-cdb6-4e9e-b805-4d585960a95d ] Request (ServerMetadataNegativeTestJSON:test_set_metadata_non_existent_server): 404 PUT http://10.180.1.21/compute/v2.1/servers/e4c75dc0-976d-4724-a577-5613c55d5af5/metadata 0.057s
2025-03-18 16:41:56.946 68611 INFO tempest.lib.common.rest_client [req-e47fbe93-9e22-4d29-a5ba-e4ef26f795fb req-e47fbe93-9e22-4d29-a5ba-e4ef26f795fb ] Request (InstanceActionsTestJSON:setUpClass): 200 GET http://10.180.1.21/compute/v2.1/servers/cd01f9f6-0793-4e51-8197-6022d31f9a97 0.112s
2025-03-18 16:41:56.954 68594 INFO tempest.lib.common.rest_client [req-6f4ff92f-3c97-4d2a-856d-fb3433349302 req-6f4ff92f-3c97-4d2a-856d-fb3433349302 ] Request (ServerMetadataNegativeTestJSON:test_set_server_metadata_blank_key): 400 PUT http://10.180.1.21/compute/v2.1/servers/b218486a-5377-493a-af05-62611c6d65e2/metadata 0.007s
2025-03-18 16:41:56.961 68594 INFO tempest.lib.common.rest_client [req-db76fa61-9c1f-47db-8227-a6c66a76ccca req-db76fa61-9c1f-47db-8227-a6c66a76ccca ] Request (ServerMetadataNegativeTestJSON:test_set_server_metadata_missing_metadata): 400 PUT http://10.180.1.21/compute/v2.1/servers/b218486a-5377-493a-af05-62611c6d65e2/metadata 0.006s
2025-03-18 16:41:56.972 68594 INFO tempest.lib.common.rest_client [req-4999f216-8d46-4600-b0ae-1db918f5cbc2 req-4999f216-8d46-4600-b0ae-1db918f5cbc2 ] Request (ServerMetadataNegativeTestJSON:test_update_metadata_non_existent_server): 404 POST http://10.180.1.21/compute/v2.1/servers/d3223a5b-9185-47fe-9727-003f3f0f0cbd/metadata 0.009s
2025-03-18 16:41:56.980 68594 INFO tempest.lib.common.rest_client [req-b3de6524-40c2-4a64-a53d-c0cea36370ff req-b3de6524-40c2-4a64-a53d-c0cea36370ff ] Request (ServerMetadataNegativeTestJSON:test_update_metadata_with_blank_key): 400 POST http://10.180.1.21/compute/v2.1/servers/b218486a-5377-493a-af05-62611c6d65e2/metadata 0.007s
2025-03-18 16:41:56.993 68600 INFO tempest.lib.common.rest_client [req-21c270ea-13e1-4605-ade0-0e22d477aa94 req-21c270ea-13e1-4605-ade0-0e22d477aa94 ] Request (ServersTestJSON:test_create_server_with_ipv6_addr_only): 200 GET http://10.180.1.21/compute/v2.1/servers/ea193bed-f2ab-46db-9db5-3c0ca3c18b3b 0.061s
2025-03-18 16:41:57.027 68617 INFO tempest.lib.common.rest_client [req-c239ad95-64a9-40c6-ab5e-88009fd7cbc8 req-c239ad95-64a9-40c6-ab5e-88009fd7cbc8 ] Request (ServerDiskConfigTestJSON:test_rebuild_server_with_auto_disk_config): 200 GET http://10.180.1.21/compute/v2.1/servers/afb6920d-1c34-440d-a0df-33e48701dade 0.051s
2025-03-18 16:41:57.063 68594 INFO tempest.lib.common.rest_client [req-1ee07bc5-eea0-444a-9941-12d12de5013d req-1ee07bc5-eea0-444a-9941-12d12de5013d ] Request (ServerMetadataNegativeTestJSON:tearDownClass): 204 DELETE http://10.180.1.21/compute/v2.1/servers/b218486a-5377-493a-af05-62611c6d65e2 0.082s
2025-03-18 16:41:57.096 68632 INFO tempest.lib.common.rest_client [req-8b63a347-126c-4014-acfb-929d1465a22c req-8b63a347-126c-4014-acfb-929d1465a22c ] Request (ServerPasswordTestJSON:tearDownClass): 200 GET http://10.180.1.21/compute/v2.1/servers/357679d3-4eba-4d3f-9178-43e4521fe6aa 0.061s
2025-03-18 16:41:57.178 68594 INFO tempest.lib.common.rest_client [req-c6d41113-d28f-4f1a-98b3-6c2c9ed73ee0 req-c6d41113-d28f-4f1a-98b3-6c2c9ed73ee0 ] Request (ServerMetadataNegativeTestJSON:tearDownClass): 200 GET http://10.180.1.21/compute/v2.1/servers/b218486a-5377-493a-af05-62611c6d65e2 0.114s
2025-03-18 16:41:57.188 68614 INFO tempest.lib.common.rest_client [req-a4149426-a457-4c91-88ef-7da3ba03e23b req-a4149426-a457-4c91-88ef-7da3ba03e23b ] Request (ServersAdminTestJSON:test_inject_network_info): 200 GET http://10.180.1.21/compute/v2.1/servers/066e61d9-8593-438c-87f0-871332f73ffd 0.092s
2025-03-18 16:41:57.243 68586 INFO tempest.lib.common.rest_client [req-9504093e-1fef-48db-a057-5c12004b2b45 req-9504093e-1fef-48db-a057-5c12004b2b45 ] Request (InstanceActionsV221TestJSON:test_get_list_deleted_instance_actions): 200 GET http://10.180.1.21/compute/v2.1/servers/60fe2903-0080-4440-b2a4-e25fd9a177e0 0.090s
2025-03-18 16:41:57.244 68596 INFO tempest.lib.common.rest_client [req-d6e535f3-8d80-44fe-a8c4-f0d500ca9a3c req-d6e535f3-8d80-44fe-a8c4-f0d500ca9a3c ] Request (MigrationsAdminTest:test_resize_server_revert_deleted_flavor): 200 GET http://10.180.1.21/compute/v2.1/servers/0196b796-8e2b-470e-90a0-4cd261d46415 0.085s
2025-03-18 16:41:57.307 68584 INFO tempest.lib.common.rest_client [req-bb291322-db82-49d8-ba69-c3d7c90e1a31 req-bb291322-db82-49d8-ba69-c3d7c90e1a31 ] Request (DeleteServersAdminTestJSON:test_delete_server_while_in_error_state): 200 GET http://10.180.1.21/compute/v2.1/servers/a45be5f5-c1a5-45b1-8b88-7eca1b3cb8b6 0.100s
2025-03-18 16:41:57.317 68622 INFO tempest.lib.common.rest_client [req-56f3598e-d514-46f2-8ff1-0a751f092261 req-56f3598e-d514-46f2-8ff1-0a751f092261 ] Request (ServerDiagnosticsV248Test:tearDownClass): 200 GET http://10.180.1.21/compute/v2.1/servers/8fe7d6b6-f9d6-41d3-b0b9-de114a053c17 0.108s
2025-03-18 16:41:57.349 68570 INFO tempest.lib.common.rest_client [req-06bc8d52-a05b-4d75-9844-980215b1e0ff req-06bc8d52-a05b-4d75-9844-980215b1e0ff ] Request (FloatingIPsAssociationTestJSON:tearDownClass): 404 GET http://10.180.1.21/compute/v2.1/servers/6ea307bd-2ca4-4143-8cf0-e8d50bfc6353 0.023s
2025-03-18 16:41:57.366 68612 WARNING tempest.lib.common.ssh [-] Failed to establish authenticated ssh connection to cirros@10.180.180.194 ([Errno None] Unable to connect to port 22 on 10.180.180.194). Number attempts: 9. Retry after 10 seconds.: paramiko.ssh_exception.NoValidConnectionsError: [Errno None] Unable to connect to port 22 on 10.180.180.194
2025-03-18 16:41:57.366 68620 INFO tempest.lib.common.rest_client [req-06e0ff5c-d010-473d-8bde-3358fffce53a req-06e0ff5c-d010-473d-8bde-3358fffce53a ] Request (ServerTagsTestJSON:setUpClass): 200 GET http://10.180.1.21/compute/v2.1/servers/1602c168-e4e2-46ef-80d9-adfee191fde7 0.110s
2025-03-18 16:41:57.433 68590 INFO tempest.lib.common.rest_client [req-96e70e90-c816-4d08-8c3f-f689ec40aa44 req-96e70e90-c816-4d08-8c3f-f689ec40aa44 ] Request (ImagesTestJSON:test_create_image_from_stopped_server): 200 GET http://10.180.1.21/compute/v2.1/servers/4fca172c-bc9d-4345-8d9a-ff65eb5bd56a 0.055s
2025-03-18 16:41:57.490 68592 INFO tempest.lib.common.rest_client [req-d60ed65d-7d72-4ea1-b370-275419626da2 req-d60ed65d-7d72-4ea1-b370-275419626da2 ] Request (ServersTestMultiNic:_run_cleanups): 200 GET http://10.180.1.21/compute/v2.1/servers/220c91c5-79e3-4a25-a5cc-708741b4356a 0.096s
2025-03-18 16:41:57.545 68608 INFO tempest.lib.common.rest_client [req-cb34f51c-1c88-4de1-854e-1cba3024b824 req-cb34f51c-1c88-4de1-854e-1cba3024b824 ] Request (ServersTestBootFromVolume:setUpClass): 200 GET http://10.180.1.21/compute/v2.1/servers/83b41147-3328-4251-8b8c-242a50534830 0.104s
2025-03-18 16:41:57.618 68630 INFO tempest.lib.common.rest_client [req-d16dad62-5891-418d-8553-d3f70a09f197 req-d16dad62-5891-418d-8553-d3f70a09f197 ] Request (ListServersNegativeTestJSON:setUpClass): 200 GET http://10.180.1.21/compute/v2.1/servers/47de732d-5723-4c39-bb80-cbc393cbb123 0.073s
2025-03-18 16:41:57.740 68570 INFO tempest.lib.common.rest_client [req-629025ed-8975-4fc6-a7eb-d2f336a126a9 req-629025ed-8975-4fc6-a7eb-d2f336a126a9 ] Request (FloatingIPsAssociationTestJSON:tearDownClass): 202 DELETE http://10.180.1.21/compute/v2.1/os-floating-ips/78fc38a1-bea5-4747-a59b-fc09fd3462e8 0.390s
2025-03-18 16:41:57.742 68576 INFO tempest.lib.common.rest_client [req-4cf6e6d9-145f-4a45-b2a7-c2cfdc8db619 req-4cf6e6d9-145f-4a45-b2a7-c2cfdc8db619 ] Request (ServerActionsV293TestJSON:setUpClass): 200 GET http://10.180.1.21/compute/v2.1/servers/6dc99502-2329-4b20-828e-20591575c8ab 0.140s
2025-03-18 16:41:57.800 68604 INFO tempest.lib.common.rest_client [req-b628fdc8-7581-4645-921d-cb0456e7da79 req-b628fdc8-7581-4645-921d-cb0456e7da79 ] Request (ServersNegativeTestJSON:setUpClass): 200 GET http://10.180.1.21/compute/v2.1/servers/e4180bfa-0718-445e-823c-0fc272adb215 0.120s
2025-03-18 16:41:57.839 68570 INFO tempest.lib.common.rest_client [req-9ee722b1-189f-4356-a0b2-15ea4daa99fd req-9ee722b1-189f-4356-a0b2-15ea4daa99fd ] Request (FloatingIPsAssociationTestJSON:tearDownClass): 204 DELETE http://10.180.1.21/compute/v2.1/servers/2a13c39c-ba50-460c-9ed1-371aacf4c757 0.098s
2025-03-18 16:41:57.886 68598 INFO tempest.lib.common.rest_client [req-277078c4-0c5b-4b49-b070-e12cb02b7510 req-277078c4-0c5b-4b49-b070-e12cb02b7510 ] Request (ServersAdminNegativeTestJSON:tearDownClass): 200 GET http://10.180.1.21/compute/v2.1/servers/0e58da0b-2ce7-4018-b5b0-ac3be1fd8df9 0.141s
2025-03-18 16:41:57.977 68582 INFO tempest.lib.common.rest_client [req-46e16d21-87cd-4e73-940b-612ada7414f4 req-46e16d21-87cd-4e73-940b-612ada7414f4 ] Request (ServerRescueTestJSON:test_rescue_unrescue_instance): 200 GET http://10.180.1.21/compute/v2.1/servers/6f44a390-b18c-4da9-b779-3e45c1a9ed92 0.174s
2025-03-18 16:41:58.023 68570 INFO tempest.lib.common.rest_client [req-c59ac0a3-ee57-4dfd-927b-db75990b9984 req-c59ac0a3-ee57-4dfd-927b-db75990b9984 ] Request (FloatingIPsAssociationTestJSON:tearDownClass): 200 GET http://10.180.1.21/compute/v2.1/servers/2a13c39c-ba50-460c-9ed1-371aacf4c757 0.184s
2025-03-18 16:41:58.043 68574 INFO tempest.lib.common.rest_client [req-d4644844-0689-458e-9e48-7fa7bfe35fcd req-d4644844-0689-458e-9e48-7fa7bfe35fcd ] Request (ImagesOneServerNegativeTestJSON:setUpClass): 200 GET http://10.180.1.21/compute/v2.1/servers/28add4e9-37aa-40bf-8aca-78214365ee1b 0.099s
2025-03-18 16:41:58.112 68600 INFO tempest.lib.common.rest_client [req-a9b3d19f-f40f-4c43-a267-09799e7d31c4 req-a9b3d19f-f40f-4c43-a267-09799e7d31c4 ] Request (ServersTestJSON:test_create_server_with_ipv6_addr_only): 200 GET http://10.180.1.21/compute/v2.1/servers/ea193bed-f2ab-46db-9db5-3c0ca3c18b3b 0.112s
2025-03-18 16:41:58.133 68611 INFO tempest.lib.common.rest_client [req-3d8e5955-f088-4761-a37e-33ebd851b2fe req-3d8e5955-f088-4761-a37e-33ebd851b2fe ] Request (InstanceActionsTestJSON:setUpClass): 200 GET http://10.180.1.21/compute/v2.1/servers/cd01f9f6-0793-4e51-8197-6022d31f9a97 0.179s
2025-03-18 16:41:58.162 68617 INFO tempest.lib.common.rest_client [req-a6cad666-45c0-4fe8-9e3e-dba2012ca305 req-a6cad666-45c0-4fe8-9e3e-dba2012ca305 ] Request (ServerDiskConfigTestJSON:test_rebuild_server_with_auto_disk_config): 200 GET http://10.180.1.21/compute/v2.1/servers/afb6920d-1c34-440d-a0df-33e48701dade 0.126s
2025-03-18 16:41:58.197 68632 INFO tempest.lib.common.rest_client [req-5dfdb949-df2b-4e4d-9ad3-2ee5f0b9dfdd req-5dfdb949-df2b-4e4d-9ad3-2ee5f0b9dfdd ] Request (ServerPasswordTestJSON:tearDownClass): 200 GET http://10.180.1.21/compute/v2.1/servers/357679d3-4eba-4d3f-9178-43e4521fe6aa 0.093s
2025-03-18 16:41:58.304 68614 INFO tempest.lib.common.rest_client [req-b47f0c7d-e30d-4dc4-8aa6-57a4266d7de6 req-b47f0c7d-e30d-4dc4-8aa6-57a4266d7de6 ] Request (ServersAdminTestJSON:test_inject_network_info): 200 GET http://10.180.1.21/compute/v2.1/servers/066e61d9-8593-438c-87f0-871332f73ffd 0.108s
2025-03-18 16:41:58.324 68594 INFO tempest.lib.common.rest_client [req-527901f0-3f48-4e42-ae51-e688e4e42947 req-527901f0-3f48-4e42-ae51-e688e4e42947 ] Request (ServerMetadataNegativeTestJSON:tearDownClass): 200 GET http://10.180.1.21/compute/v2.1/servers/b218486a-5377-493a-af05-62611c6d65e2 0.136s
2025-03-18 16:41:58.372 68586 INFO tempest.lib.common.rest_client [req-b5229af7-0915-450e-859d-154d79a7f66b req-b5229af7-0915-450e-859d-154d79a7f66b ] Request (InstanceActionsV221TestJSON:test_get_list_deleted_instance_actions): 200 GET http://10.180.1.21/compute/v2.1/servers/60fe2903-0080-4440-b2a4-e25fd9a177e0 0.120s
2025-03-18 16:41:58.391 68596 INFO tempest.lib.common.rest_client [req-3836c93e-9122-4f9e-91a6-ddfeef3f3b0f req-3836c93e-9122-4f9e-91a6-ddfeef3f3b0f ] Request (MigrationsAdminTest:test_resize_server_revert_deleted_flavor): 200 GET http://10.180.1.21/compute/v2.1/servers/0196b796-8e2b-470e-90a0-4cd261d46415 0.138s
2025-03-18 16:41:58.432 68584 INFO tempest.lib.common.rest_client [req-969ce013-e6a0-43b5-b6cd-324905104228 req-969ce013-e6a0-43b5-b6cd-324905104228 ] Request (DeleteServersAdminTestJSON:test_delete_server_while_in_error_state): 200 GET http://10.180.1.21/compute/v2.1/servers/a45be5f5-c1a5-45b1-8b88-7eca1b3cb8b6 0.113s
2025-03-18 16:41:58.444 68622 INFO tempest.lib.common.rest_client [req-10ee9d49-88dc-4347-b32d-1fc62a852827 req-10ee9d49-88dc-4347-b32d-1fc62a852827 ] Request (ServerDiagnosticsV248Test:tearDownClass): 200 GET http://10.180.1.21/compute/v2.1/servers/8fe7d6b6-f9d6-41d3-b0b9-de114a053c17 0.114s
2025-03-18 16:41:58.452 68624 WARNING tempest.lib.common.ssh [-] Failed to establish authenticated ssh connection to cirros@10.180.180.138 ([Errno None] Unable to connect to port 22 on 10.180.180.138). Number attempts: 3. Retry after 4 seconds.: paramiko.ssh_exception.NoValidConnectionsError: [Errno None] Unable to connect to port 22 on 10.180.180.138
2025-03-18 16:41:58.484 68620 INFO tempest.lib.common.rest_client [req-51e27ef4-4ed2-4d98-88af-4186f67da5ee req-51e27ef4-4ed2-4d98-88af-4186f67da5ee ] Request (ServerTagsTestJSON:setUpClass): 200 GET http://10.180.1.21/compute/v2.1/servers/1602c168-e4e2-46ef-80d9-adfee191fde7 0.107s
2025-03-18 16:41:58.500 68590 INFO tempest.lib.common.rest_client [req-c48e10b0-7a5b-42a5-beac-a4ff9ebc10c0 req-c48e10b0-7a5b-42a5-beac-a4ff9ebc10c0 ] Request (ImagesTestJSON:test_create_image_from_stopped_server): 200 GET http://10.180.1.21/compute/v2.1/servers/4fca172c-bc9d-4345-8d9a-ff65eb5bd56a 0.058s
2025-03-18 16:41:58.517 68572 WARNING tempest.lib.common.ssh [-] Failed to establish authenticated ssh connection to cirros@10.180.180.201 ([Errno None] Unable to connect to port 22 on 10.180.180.201). Number attempts: 7. Retry after 8 seconds.: paramiko.ssh_exception.NoValidConnectionsError: [Errno None] Unable to connect to port 22 on 10.180.180.201
2025-03-18 16:41:58.569 68592 INFO tempest.lib.common.rest_client [req-b82f4349-466a-4d8e-accf-c9f7f978be0b req-b82f4349-466a-4d8e-accf-c9f7f978be0b ] Request (ServersTestMultiNic:_run_cleanups): 200 GET http://10.180.1.21/compute/v2.1/servers/220c91c5-79e3-4a25-a5cc-708741b4356a 0.071s
2025-03-18 16:41:58.607 68608 INFO tempest.lib.common.rest_client [req-14cb9b98-cd3b-4306-9767-bd085dc724b4 req-14cb9b98-cd3b-4306-9767-bd085dc724b4 ] Request (ServersTestBootFromVolume:setUpClass): 200 GET http://10.180.1.21/compute/v2.1/servers/83b41147-3328-4251-8b8c-242a50534830 0.053s
2025-03-18 16:41:58.675 68630 INFO tempest.lib.common.rest_client [req-d9dfb4bd-55a8-4d96-855c-afa0f1db4272 req-d9dfb4bd-55a8-4d96-855c-afa0f1db4272 ] Request (ListServersNegativeTestJSON:setUpClass): 200 GET http://10.180.1.21/compute/v2.1/servers/47de732d-5723-4c39-bb80-cbc393cbb123 0.049s
2025-03-18 16:41:58.811 68576 INFO tempest.lib.common.rest_client [req-c8ab34f4-76c9-4c66-a18b-b0770dcc5a89 req-c8ab34f4-76c9-4c66-a18b-b0770dcc5a89 ] Request (ServerActionsV293TestJSON:setUpClass): 200 GET http://10.180.1.21/compute/v2.1/servers/6dc99502-2329-4b20-828e-20591575c8ab 0.057s
2025-03-18 16:41:58.866 68604 INFO tempest.lib.common.rest_client [req-51a0e6b3-ab8a-4114-95e4-6ffa4235ee19 req-51a0e6b3-ab8a-4114-95e4-6ffa4235ee19 ] Request (ServersNegativeTestJSON:setUpClass): 200 GET http://10.180.1.21/compute/v2.1/servers/e4180bfa-0718-445e-823c-0fc272adb215 0.051s
2025-03-18 16:41:58.958 68598 INFO tempest.lib.common.rest_client [req-dd64d90c-a2de-4769-b882-a390b69c3895 req-dd64d90c-a2de-4769-b882-a390b69c3895 ] Request (ServersAdminNegativeTestJSON:tearDownClass): 200 GET http://10.180.1.21/compute/v2.1/servers/0e58da0b-2ce7-4018-b5b0-ac3be1fd8df9 0.061s
2025-03-18 16:41:59.084 68582 INFO tempest.lib.common.rest_client [req-d23b58d1-f020-468e-a133-b07ed3214ba5 req-d23b58d1-f020-468e-a133-b07ed3214ba5 ] Request (ServerRescueTestJSON:test_rescue_unrescue_instance): 200 GET http://10.180.1.21/compute/v2.1/servers/6f44a390-b18c-4da9-b779-3e45c1a9ed92 0.095s
2025-03-18 16:41:59.139 68574 INFO tempest.lib.common.rest_client [req-9356df68-cf80-4b62-a8f8-894da08b4218 req-9356df68-cf80-4b62-a8f8-894da08b4218 ] Request (ImagesOneServerNegativeTestJSON:setUpClass): 200 GET http://10.180.1.21/compute/v2.1/servers/28add4e9-37aa-40bf-8aca-78214365ee1b 0.084s
2025-03-18 16:41:59.167 68570 INFO tempest.lib.common.rest_client [req-2081f1de-b13a-4306-a083-16ebed640a1a req-2081f1de-b13a-4306-a083-16ebed640a1a ] Request (FloatingIPsAssociationTestJSON:tearDownClass): 200 GET http://10.180.1.21/compute/v2.1/servers/2a13c39c-ba50-460c-9ed1-371aacf4c757 0.133s
2025-03-18 16:41:59.194 68600 INFO tempest.lib.common.rest_client [req-b5462440-a8be-4854-9415-0722daf6001d req-b5462440-a8be-4854-9415-0722daf6001d ] Request (ServersTestJSON:test_create_server_with_ipv6_addr_only): 200 GET http://10.180.1.21/compute/v2.1/servers/ea193bed-f2ab-46db-9db5-3c0ca3c18b3b 0.074s
2025-03-18 16:41:59.243 68617 INFO tempest.lib.common.rest_client [req-debf60dd-fe3b-41b4-b3a0-e899dbf95dbb req-debf60dd-fe3b-41b4-b3a0-e899dbf95dbb ] Request (ServerDiskConfigTestJSON:test_rebuild_server_with_auto_disk_config): 200 GET http://10.180.1.21/compute/v2.1/servers/afb6920d-1c34-440d-a0df-33e48701dade 0.072s
2025-03-18 16:41:59.279 68611 INFO tempest.lib.common.rest_client [req-497cc86e-dc93-4ca3-80c4-5e3cab5b7d4d req-497cc86e-dc93-4ca3-80c4-5e3cab5b7d4d ] Request (InstanceActionsTestJSON:setUpClass): 200 GET http://10.180.1.21/compute/v2.1/servers/cd01f9f6-0793-4e51-8197-6022d31f9a97 0.137s
2025-03-18 16:41:59.292 68632 INFO tempest.lib.common.rest_client [req-05c9d349-6a4f-45d5-8522-72ad5a98dc88 req-05c9d349-6a4f-45d5-8522-72ad5a98dc88 ] Request (ServerPasswordTestJSON:tearDownClass): 200 GET http://10.180.1.21/compute/v2.1/servers/357679d3-4eba-4d3f-9178-43e4521fe6aa 0.082s
2025-03-18 16:41:59.409 68614 INFO tempest.lib.common.rest_client [req-1264feb7-bb54-461d-be1f-c0aba0a7d5a9 req-1264feb7-bb54-461d-be1f-c0aba0a7d5a9 ] Request (ServersAdminTestJSON:test_inject_network_info): 200 GET http://10.180.1.21/compute/v2.1/servers/066e61d9-8593-438c-87f0-871332f73ffd 0.094s
2025-03-18 16:41:59.417 68614 INFO tempest.common.waiters [-] State transition "BUILD/spawning" ==> "ACTIVE/None" after 57 second wait
2025-03-18 16:41:59.421 68594 INFO tempest.lib.common.rest_client [req-b356e072-20dc-4216-9f39-520638e6d3df req-b356e072-20dc-4216-9f39-520638e6d3df ] Request (ServerMetadataNegativeTestJSON:tearDownClass): 200 GET http://10.180.1.21/compute/v2.1/servers/b218486a-5377-493a-af05-62611c6d65e2 0.085s
2025-03-18 16:41:59.464 68586 INFO tempest.lib.common.rest_client [req-83373384-4026-4c4f-a0a9-86b451c604c4 req-83373384-4026-4c4f-a0a9-86b451c604c4 ] Request (InstanceActionsV221TestJSON:test_get_list_deleted_instance_actions): 200 GET http://10.180.1.21/compute/v2.1/servers/60fe2903-0080-4440-b2a4-e25fd9a177e0 0.079s
2025-03-18 16:41:59.470 68596 INFO tempest.lib.common.rest_client [req-093c5b10-64b4-4849-872c-4d2687f087c4 req-093c5b10-64b4-4849-872c-4d2687f087c4 ] Request (MigrationsAdminTest:test_resize_server_revert_deleted_flavor): 200 GET http://10.180.1.21/compute/v2.1/servers/0196b796-8e2b-470e-90a0-4cd261d46415 0.071s
2025-03-18 16:41:59.526 68584 INFO tempest.lib.common.rest_client [req-fd843d1d-8303-4393-9ba3-d3de80c84f20 req-fd843d1d-8303-4393-9ba3-d3de80c84f20 ] Request (DeleteServersAdminTestJSON:test_delete_server_while_in_error_state): 200 GET http://10.180.1.21/compute/v2.1/servers/a45be5f5-c1a5-45b1-8b88-7eca1b3cb8b6 0.086s
2025-03-18 16:41:59.557 68614 INFO tempest.lib.common.rest_client [req-d708cdba-a2f0-4e5c-ac10-de0e254e00cd req-d708cdba-a2f0-4e5c-ac10-de0e254e00cd ] Request (ServersAdminTestJSON:test_inject_network_info): 202 POST http://10.180.1.21/compute/v2.1/servers/066e61d9-8593-438c-87f0-871332f73ffd/action 0.140s
