2025-03-18 16:42:06.247 68611 INFO tempest.lib.common.rest_client [req-a4c98fac-ac24-4efe-985d-2b3243b02044 req-a4c98fac-ac24-4efe-985d-2b3243b02044 ] Request (InstanceActionsTestJSON:tearDownClass): 200 GET http://10.180.1.21/compute/v2.1/servers/cd01f9f6-0793-4e51-8197-6022d31f9a97 0.149s
2025-03-18 16:42:06.266 68592 INFO tempest.lib.common.rest_client [req-c0ff609f-0353-468e-84e2-c621193b5ca7 req-c0ff609f-0353-468e-84e2-c621193b5ca7 ] Request (ServersTestMultiNic:test_verify_multiple_nics_order): 201 POST http://10.180.1.21:9696/networking/v2.0/subnets 0.476s
2025-03-18 16:42:06.295 68596 INFO tempest.lib.common.rest_client [req-15f6cb0e-6301-4f71-b594-d51845a62d67 req-15f6cb0e-6301-4f71-b594-d51845a62d67 ] Request (MigrationsAdminTest:test_resize_server_revert_deleted_flavor): 200 GET http://10.180.1.21/compute/v2.1/servers/0196b796-8e2b-470e-90a0-4cd261d46415 0.104s
2025-03-18 16:42:06.296 68586 INFO tempest.lib.common.rest_client [req-1a9cf79d-b432-4438-a02f-3869bfd6d7bd req-1a9cf79d-b432-4438-a02f-3869bfd6d7bd ] Request (InstanceActionsV221TestJSON:test_get_list_deleted_instance_actions): 200 GET http://10.180.1.21/compute/v2.1/servers/60fe2903-0080-4440-b2a4-e25fd9a177e0 0.134s
2025-03-18 16:42:06.333 68592 INFO tempest.lib.common.rest_client [req-439a4155-4857-41dc-98ab-ce9a97e01978 req-439a4155-4857-41dc-98ab-ce9a97e01978 ] Request (ServersTestMultiNic:test_verify_multiple_nics_order): 201 POST http://10.180.1.21/identity/v3/auth/tokens 0.064s
2025-03-18 16:42:06.334 68592 INFO tempest.lib.common.fixed_network [-] (ServersTestMultiNic:test_verify_multiple_nics_order) Found network {'id': '153600e9-bbcd-49a9-b40b-8a9a15ce5ddd', 'name': 'tempest-ServersTestMultiNic-18088282-network', 'tenant_id': '0d00b1bf23444593a92380c6da3d7403', 'admin_state_up': True, 'mtu': 8950, 'status': 'ACTIVE', 'subnets': [], 'shared': False, 'project_id': '0d00b1bf23444593a92380c6da3d7403', 'port_security_enabled': True, 'router:external': False, 'provider:network_type': 'vlan', 'provider:physical_network': 'default', 'provider:segmentation_id': 888, 'availability_zone_hints': [], 'availability_zones': [], 'ipv4_address_scope': None, 'ipv6_address_scope': None, 'description': '', 'tags': [], 'created_at': '2025-03-18T16:40:21Z', 'updated_at': '2025-03-18T16:40:21Z', 'revision_number': 1} available for tenant
2025-03-18 16:42:06.351 68584 INFO tempest.lib.common.rest_client [req-cf6dd144-bbf5-4dbc-a657-f4c1dcf23d79 req-cf6dd144-bbf5-4dbc-a657-f4c1dcf23d79 ] Request (DeleteServersAdminTestJSON:test_delete_server_while_in_error_state): 200 GET http://10.180.1.21/compute/v2.1/servers/a45be5f5-c1a5-45b1-8b88-7eca1b3cb8b6 0.086s
2025-03-18 16:42:06.391 68582 INFO tempest.lib.common.rest_client [req-83ccf31a-68ed-43a8-aa32-fa47db066818 req-83ccf31a-68ed-43a8-aa32-fa47db066818 ] Request (ServerRescueTestJSON:tearDownClass): 200 GET http://10.180.1.21/compute/v2.1/servers/6f44a390-b18c-4da9-b779-3e45c1a9ed92 0.114s
2025-03-18 16:42:06.400 68582 INFO tempest.common.waiters [-] State transition "ACTIVE/deleting" ==> "DELETED/None" after 5 second wait
2025-03-18 16:42:06.408 68620 INFO tempest.lib.common.rest_client [req-dec5b1d8-2eed-4a4f-a99d-38bc77e31c00 req-dec5b1d8-2eed-4a4f-a99d-38bc77e31c00 ] Request (ServerTagsTestJSON:setUpClass): 200 GET http://10.180.1.21/compute/v2.1/servers/1602c168-e4e2-46ef-80d9-adfee191fde7 0.075s
2025-03-18 16:42:06.475 68622 INFO tempest.lib.common.rest_client [req-d9f0ab88-5f74-4f88-9684-1616541501fc req-d9f0ab88-5f74-4f88-9684-1616541501fc ] Request (ServerDiagnosticsV248Test:tearDownClass): 200 GET http://10.180.1.21/compute/v2.1/servers/8fe7d6b6-f9d6-41d3-b0b9-de114a053c17 0.113s
2025-03-18 16:42:06.529 68608 INFO tempest.lib.common.rest_client [req-1168808a-168f-4c62-b3ad-513a22621c7d req-1168808a-168f-4c62-b3ad-513a22621c7d ] Request (ServersTestBootFromVolume:setUpClass): 200 GET http://10.180.1.21/compute/v2.1/servers/83b41147-3328-4251-8b8c-242a50534830 0.127s
2025-03-18 16:42:06.597 68630 INFO tempest.lib.common.rest_client [req-0142c288-4499-478f-a2f8-4bf00ff5bb54 req-0142c288-4499-478f-a2f8-4bf00ff5bb54 ] Request (ListServersNegativeTestJSON:setUpClass): 200 GET http://10.180.1.21/compute/v2.1/servers/47de732d-5723-4c39-bb80-cbc393cbb123 0.161s
2025-03-18 16:42:06.656 68576 INFO tempest.lib.common.rest_client [req-44238c14-0cb8-4ba8-9b83-c3f6e00860ea req-44238c14-0cb8-4ba8-9b83-c3f6e00860ea ] Request (ServerActionsV293TestJSON:setUpClass): 200 GET http://10.180.1.21/compute/v2.1/servers/6dc99502-2329-4b20-828e-20591575c8ab 0.082s
2025-03-18 16:42:06.753 68590 INFO tempest.lib.common.rest_client [req-50b00861-895d-48ab-b43b-86f6c67fb03f req-50b00861-895d-48ab-b43b-86f6c67fb03f ] Request (ImagesTestJSON:test_create_image_from_stopped_server): 200 GET http://10.180.1.21/compute/v2.1/servers/4fca172c-bc9d-4345-8d9a-ff65eb5bd56a 0.109s
2025-03-18 16:42:06.803 68604 INFO tempest.lib.common.rest_client [req-bfb99f0e-0454-4e5e-ba9d-4140307bace3 req-bfb99f0e-0454-4e5e-ba9d-4140307bace3 ] Request (ServersNegativeTestJSON:setUpClass): 200 GET http://10.180.1.21/compute/v2.1/servers/e4180bfa-0718-445e-823c-0fc272adb215 0.127s
2025-03-18 16:42:06.822 68592 INFO tempest.lib.common.rest_client [req-5538b3c8-1b92-41ff-a4ca-b9e5fb823df7 req-5538b3c8-1b92-41ff-a4ca-b9e5fb823df7 ] Request (ServersTestMultiNic:test_verify_multiple_nics_order): 202 POST http://10.180.1.21/compute/v2.1/servers 0.488s
2025-03-18 16:42:06.861 68598 INFO tempest.lib.common.rest_client [req-6bde7d07-6d42-4327-8315-f7b5683c1232 req-6bde7d07-6d42-4327-8315-f7b5683c1232 ] Request (ServersAdminNegativeTestJSON:tearDownClass): 200 GET http://10.180.1.21/compute/v2.1/servers/0e58da0b-2ce7-4018-b5b0-ac3be1fd8df9 0.160s
2025-03-18 16:42:06.861 68592 INFO tempest.lib.common.rest_client [req-e0ee7296-9ae5-414d-a13d-e6ad19e2a120 req-e0ee7296-9ae5-414d-a13d-e6ad19e2a120 ] Request (ServersTestMultiNic:test_verify_multiple_nics_order): 200 GET http://10.180.1.21/compute/v2.1/servers/9efc688b-d665-45de-bc9e-ada61e5cb4a1 0.037s
2025-03-18 16:42:07.015 68614 INFO tempest.lib.common.rest_client [req-da5384bc-beb8-45f3-b03b-1b2bcd543f0c req-da5384bc-beb8-45f3-b03b-1b2bcd543f0c ] Request (ServersAdminTestJSON:test_rebuild_server_in_error_state): 200 GET http://10.180.1.21/compute/v2.1/servers/9cf39460-a830-432d-aba3-d5e0ebca02b8 0.095s
2025-03-18 16:42:07.016 68570 INFO tempest.lib.common.rest_client [req-2e5ccf8a-aaa6-4551-8d60-2c8aade80b8c req-2e5ccf8a-aaa6-4551-8d60-2c8aade80b8c ] Request (FloatingIPsAssociationTestJSON:tearDownClass): 200 GET http://10.180.1.21/compute/v2.1/servers/2a13c39c-ba50-460c-9ed1-371aacf4c757 0.067s
2025-03-18 16:42:07.064 68574 INFO tempest.lib.common.rest_client [req-592ca799-b231-48fe-a109-c23e24629b39 req-592ca799-b231-48fe-a109-c23e24629b39 ] Request (ImagesOneServerNegativeTestJSON:setUpClass): 200 GET http://10.180.1.21/compute/v2.1/servers/28add4e9-37aa-40bf-8aca-78214365ee1b 0.085s
2025-03-18 16:42:07.084 68617 INFO tempest.lib.common.rest_client [req-ae472e8f-e5fe-439f-811e-7fc684a73a5e req-ae472e8f-e5fe-439f-811e-7fc684a73a5e ] Request (ServerDiskConfigTestJSON:test_rebuild_server_with_auto_disk_config): 200 GET http://10.180.1.21/compute/v2.1/servers/afb6920d-1c34-440d-a0df-33e48701dade 0.063s
2025-03-18 16:42:07.224 68594 INFO tempest.lib.common.rest_client [req-fc190dd0-837d-400f-ac80-39cea5e80b53 req-fc190dd0-837d-400f-ac80-39cea5e80b53 ] Request (ServerMetadataNegativeTestJSON:tearDownClass): 200 GET http://10.180.1.21/compute/v2.1/servers/b218486a-5377-493a-af05-62611c6d65e2 0.061s
2025-03-18 16:42:07.289 68600 INFO tempest.lib.common.rest_client [req-d89e9f94-9030-4211-8b27-4b9d829388af req-d89e9f94-9030-4211-8b27-4b9d829388af ] Request (ServersTestJSON:test_create_server_with_ipv6_addr_only): 200 GET http://10.180.1.21/compute/v2.1/servers/ea193bed-f2ab-46db-9db5-3c0ca3c18b3b 0.064s
2025-03-18 16:42:07.367 68611 INFO tempest.lib.common.rest_client [req-bc70f9e6-6639-4e0b-9a16-c10f080d2a76 req-bc70f9e6-6639-4e0b-9a16-c10f080d2a76 ] Request (InstanceActionsTestJSON:tearDownClass): 200 GET http://10.180.1.21/compute/v2.1/servers/cd01f9f6-0793-4e51-8197-6022d31f9a97 0.110s
2025-03-18 16:42:07.372 68596 INFO tempest.lib.common.rest_client [req-1755ec13-0fc2-47ae-982c-ce4608c04402 req-1755ec13-0fc2-47ae-982c-ce4608c04402 ] Request (MigrationsAdminTest:test_resize_server_revert_deleted_flavor): 200 GET http://10.180.1.21/compute/v2.1/servers/0196b796-8e2b-470e-90a0-4cd261d46415 0.069s
2025-03-18 16:42:07.428 68584 INFO tempest.lib.common.rest_client [req-7fd0458a-0a5c-4a50-b1c1-84491bece21b req-7fd0458a-0a5c-4a50-b1c1-84491bece21b ] Request (DeleteServersAdminTestJSON:test_delete_server_while_in_error_state): 200 GET http://10.180.1.21/compute/v2.1/servers/a45be5f5-c1a5-45b1-8b88-7eca1b3cb8b6 0.067s
2025-03-18 16:42:07.433 68586 INFO tempest.lib.common.rest_client [req-efb4599d-bc79-4d17-bc2d-4a8b7d6a6fdc req-efb4599d-bc79-4d17-bc2d-4a8b7d6a6fdc ] Request (InstanceActionsV221TestJSON:test_get_list_deleted_instance_actions): 200 GET http://10.180.1.21/compute/v2.1/servers/60fe2903-0080-4440-b2a4-e25fd9a177e0 0.127s
2025-03-18 16:42:07.487 68582 INFO tempest.lib.common.rest_client [req-42fbe9f4-2493-4eb7-94bd-685a1ecca1f5 req-42fbe9f4-2493-4eb7-94bd-685a1ecca1f5 ] Request (ServerRescueTestJSON:tearDownClass): 200 GET http://10.180.1.21/compute/v2.1/servers/6f44a390-b18c-4da9-b779-3e45c1a9ed92 0.086s
2025-03-18 16:42:07.554 68622 INFO tempest.lib.common.rest_client [req-5ca7544d-0140-44ee-aeba-6c3a504c04a5 req-5ca7544d-0140-44ee-aeba-6c3a504c04a5 ] Request (ServerDiagnosticsV248Test:tearDownClass): 200 GET http://10.180.1.21/compute/v2.1/servers/8fe7d6b6-f9d6-41d3-b0b9-de114a053c17 0.067s
2025-03-18 16:42:07.574 68620 INFO tempest.lib.common.rest_client [req-c61f716e-7e8d-41a6-a8d7-164c13ce7661 req-c61f716e-7e8d-41a6-a8d7-164c13ce7661 ] Request (ServerTagsTestJSON:setUpClass): 200 GET http://10.180.1.21/compute/v2.1/servers/1602c168-e4e2-46ef-80d9-adfee191fde7 0.157s
2025-03-18 16:42:07.582 68620 INFO tempest.common.waiters [-] State transition "BUILD/None" ==> "BUILD/networking" after 48 second wait
2025-03-18 16:42:07.612 68608 INFO tempest.lib.common.rest_client [req-28e2edb2-1cab-4585-83f8-c198a0ba0693 req-28e2edb2-1cab-4585-83f8-c198a0ba0693 ] Request (ServersTestBootFromVolume:setUpClass): 200 GET http://10.180.1.21/compute/v2.1/servers/83b41147-3328-4251-8b8c-242a50534830 0.074s
2025-03-18 16:42:07.655 68630 INFO tempest.lib.common.rest_client [req-c4dcbcf9-6edd-4e14-b2a0-2cc8be9ee3ff req-c4dcbcf9-6edd-4e14-b2a0-2cc8be9ee3ff ] Request (ListServersNegativeTestJSON:setUpClass): 200 GET http://10.180.1.21/compute/v2.1/servers/47de732d-5723-4c39-bb80-cbc393cbb123 0.049s
2025-03-18 16:42:07.723 68576 INFO tempest.lib.common.rest_client [req-325b77d6-f2c9-4078-babc-fcff2ec3238c req-325b77d6-f2c9-4078-babc-fcff2ec3238c ] Request (ServerActionsV293TestJSON:setUpClass): 200 GET http://10.180.1.21/compute/v2.1/servers/6dc99502-2329-4b20-828e-20591575c8ab 0.057s
2025-03-18 16:42:07.852 68590 INFO tempest.lib.common.rest_client [req-e8f76448-9ebf-4ab1-bb27-28c58e60cfa9 req-e8f76448-9ebf-4ab1-bb27-28c58e60cfa9 ] Request (ImagesTestJSON:test_create_image_from_stopped_server): 200 GET http://10.180.1.21/compute/v2.1/servers/4fca172c-bc9d-4345-8d9a-ff65eb5bd56a 0.090s
2025-03-18 16:42:07.859 68604 INFO tempest.lib.common.rest_client [req-f242aee9-9935-4dbe-a509-4215c08b40cc req-f242aee9-9935-4dbe-a509-4215c08b40cc ] Request (ServersNegativeTestJSON:setUpClass): 200 GET http://10.180.1.21/compute/v2.1/servers/e4180bfa-0718-445e-823c-0fc272adb215 0.049s
2025-03-18 16:42:07.920 68592 INFO tempest.lib.common.rest_client [req-bfd6d8a4-60da-4ff2-91c9-d4afc335ac6d req-bfd6d8a4-60da-4ff2-91c9-d4afc335ac6d ] Request (ServersTestMultiNic:test_verify_multiple_nics_order): 200 GET http://10.180.1.21/compute/v2.1/servers/9efc688b-d665-45de-bc9e-ada61e5cb4a1 0.051s
2025-03-18 16:42:07.929 68598 INFO tempest.lib.common.rest_client [req-df146cab-8ba0-44e4-942a-812aaa1e1174 req-df146cab-8ba0-44e4-942a-812aaa1e1174 ] Request (ServersAdminNegativeTestJSON:tearDownClass): 200 GET http://10.180.1.21/compute/v2.1/servers/0e58da0b-2ce7-4018-b5b0-ac3be1fd8df9 0.060s
2025-03-18 16:42:08.081 68570 INFO tempest.lib.common.rest_client [req-9d2a3e04-59b2-4fce-880a-2679653c36d9 req-9d2a3e04-59b2-4fce-880a-2679653c36d9 ] Request (FloatingIPsAssociationTestJSON:tearDownClass): 200 GET http://10.180.1.21/compute/v2.1/servers/2a13c39c-ba50-460c-9ed1-371aacf4c757 0.057s
2025-03-18 16:42:08.117 68614 INFO tempest.lib.common.rest_client [req-21a087d9-c0c1-4ac3-888d-7f62474f7da8 req-21a087d9-c0c1-4ac3-888d-7f62474f7da8 ] Request (ServersAdminTestJSON:test_rebuild_server_in_error_state): 200 GET http://10.180.1.21/compute/v2.1/servers/9cf39460-a830-432d-aba3-d5e0ebca02b8 0.094s
2025-03-18 16:42:08.131 68574 INFO tempest.lib.common.rest_client [req-585b5eb2-673b-4b7f-aa73-a264d0abe656 req-585b5eb2-673b-4b7f-aa73-a264d0abe656 ] Request (ImagesOneServerNegativeTestJSON:setUpClass): 200 GET http://10.180.1.21/compute/v2.1/servers/28add4e9-37aa-40bf-8aca-78214365ee1b 0.059s
2025-03-18 16:42:08.172 68617 INFO tempest.lib.common.rest_client [req-077500f3-55df-4256-b786-af812b5b69e4 req-077500f3-55df-4256-b786-af812b5b69e4 ] Request (ServerDiskConfigTestJSON:test_rebuild_server_with_auto_disk_config): 200 GET http://10.180.1.21/compute/v2.1/servers/afb6920d-1c34-440d-a0df-33e48701dade 0.077s
2025-03-18 16:42:08.295 68594 INFO tempest.lib.common.rest_client [req-27c32933-0e20-45e9-a457-e7f8463f2d0e req-27c32933-0e20-45e9-a457-e7f8463f2d0e ] Request (ServerMetadataNegativeTestJSON:tearDownClass): 200 GET http://10.180.1.21/compute/v2.1/servers/b218486a-5377-493a-af05-62611c6d65e2 0.063s
2025-03-18 16:42:08.365 68600 INFO tempest.lib.common.rest_client [req-365bcc64-25ea-4bed-b941-6c11b962349c req-365bcc64-25ea-4bed-b941-6c11b962349c ] Request (ServersTestJSON:test_create_server_with_ipv6_addr_only): 200 GET http://10.180.1.21/compute/v2.1/servers/ea193bed-f2ab-46db-9db5-3c0ca3c18b3b 0.063s
2025-03-18 16:42:08.439 68596 INFO tempest.lib.common.rest_client [req-5c30b8e6-bb2c-4e48-8ce0-b34e69300ee6 req-5c30b8e6-bb2c-4e48-8ce0-b34e69300ee6 ] Request (MigrationsAdminTest:test_resize_server_revert_deleted_flavor): 200 GET http://10.180.1.21/compute/v2.1/servers/0196b796-8e2b-470e-90a0-4cd261d46415 0.059s
2025-03-18 16:42:08.473 68611 INFO tempest.lib.common.rest_client [req-6a9c9486-a852-4464-a905-ae3532b098a3 req-6a9c9486-a852-4464-a905-ae3532b098a3 ] Request (InstanceActionsTestJSON:tearDownClass): 200 GET http://10.180.1.21/compute/v2.1/servers/cd01f9f6-0793-4e51-8197-6022d31f9a97 0.098s
2025-03-18 16:42:08.526 68584 INFO tempest.lib.common.rest_client [req-4436c613-dbf3-4f9c-9d8e-85b8d24354cf req-4436c613-dbf3-4f9c-9d8e-85b8d24354cf ] Request (DeleteServersAdminTestJSON:test_delete_server_while_in_error_state): 200 GET http://10.180.1.21/compute/v2.1/servers/a45be5f5-c1a5-45b1-8b88-7eca1b3cb8b6 0.088s
2025-03-18 16:42:08.531 68586 INFO tempest.lib.common.rest_client [req-99097aab-a248-4791-bbe8-b545fe0d8fb8 req-99097aab-a248-4791-bbe8-b545fe0d8fb8 ] Request (InstanceActionsV221TestJSON:test_get_list_deleted_instance_actions): 200 GET http://10.180.1.21/compute/v2.1/servers/60fe2903-0080-4440-b2a4-e25fd9a177e0 0.084s
2025-03-18 16:42:08.601 68582 INFO tempest.lib.common.rest_client [req-13ce7f08-a3fd-4047-918c-691c09f469e5 req-13ce7f08-a3fd-4047-918c-691c09f469e5 ] Request (ServerRescueTestJSON:tearDownClass): 200 GET http://10.180.1.21/compute/v2.1/servers/6f44a390-b18c-4da9-b779-3e45c1a9ed92 0.103s
2025-03-18 16:42:08.644 68622 INFO tempest.lib.common.rest_client [req-d4ee1379-028e-48ce-8051-5fd125569af8 req-d4ee1379-028e-48ce-8051-5fd125569af8 ] Request (ServerDiagnosticsV248Test:tearDownClass): 200 GET http://10.180.1.21/compute/v2.1/servers/8fe7d6b6-f9d6-41d3-b0b9-de114a053c17 0.076s
2025-03-18 16:42:08.708 68608 INFO tempest.lib.common.rest_client [req-21a12b0a-e21f-4f66-a094-fc09493d5b3c req-21a12b0a-e21f-4f66-a094-fc09493d5b3c ] Request (ServersTestBootFromVolume:setUpClass): 200 GET http://10.180.1.21/compute/v2.1/servers/83b41147-3328-4251-8b8c-242a50534830 0.087s
2025-03-18 16:42:08.721 68620 INFO tempest.lib.common.rest_client [req-3f48a2e9-0717-4cc7-bd62-958ba9d42634 req-3f48a2e9-0717-4cc7-bd62-958ba9d42634 ] Request (ServerTagsTestJSON:setUpClass): 200 GET http://10.180.1.21/compute/v2.1/servers/1602c168-e4e2-46ef-80d9-adfee191fde7 0.137s
2025-03-18 16:42:08.730 68620 INFO tempest.common.waiters [-] State transition "BUILD/networking" ==> "BUILD/spawning" after 49 second wait
2025-03-18 16:42:08.766 68630 INFO tempest.lib.common.rest_client [req-6e55a100-e093-4b5a-83d7-475ad644cf09 req-6e55a100-e093-4b5a-83d7-475ad644cf09 ] Request (ListServersNegativeTestJSON:setUpClass): 200 GET http://10.180.1.21/compute/v2.1/servers/47de732d-5723-4c39-bb80-cbc393cbb123 0.103s
2025-03-18 16:42:08.799 68576 INFO tempest.lib.common.rest_client [req-03b852a2-d176-49de-98fa-c5e72d8f7720 req-03b852a2-d176-49de-98fa-c5e72d8f7720 ] Request (ServerActionsV293TestJSON:setUpClass): 200 GET http://10.180.1.21/compute/v2.1/servers/6dc99502-2329-4b20-828e-20591575c8ab 0.065s
2025-03-18 16:42:08.919 68604 INFO tempest.lib.common.rest_client [req-7d17ccd5-5397-404b-a887-0cd57f3e33f0 req-7d17ccd5-5397-404b-a887-0cd57f3e33f0 ] Request (ServersNegativeTestJSON:setUpClass): 200 GET http://10.180.1.21/compute/v2.1/servers/e4180bfa-0718-445e-823c-0fc272adb215 0.052s
2025-03-18 16:42:08.978 68592 INFO tempest.lib.common.rest_client [req-8bf1c4b5-18ae-4a94-9b8d-f769373a331a req-8bf1c4b5-18ae-4a94-9b8d-f769373a331a ] Request (ServersTestMultiNic:test_verify_multiple_nics_order): 200 GET http://10.180.1.21/compute/v2.1/servers/9efc688b-d665-45de-bc9e-ada61e5cb4a1 0.050s
2025-03-18 16:42:08.991 68590 INFO tempest.lib.common.rest_client [req-0d8d6432-5d65-4e36-8830-b362403f671b req-0d8d6432-5d65-4e36-8830-b362403f671b ] Request (ImagesTestJSON:test_create_image_from_stopped_server): 200 GET http://10.180.1.21/compute/v2.1/servers/4fca172c-bc9d-4345-8d9a-ff65eb5bd56a 0.130s
2025-03-18 16:42:09.012 68618 WARNING tempest.lib.common.ssh [-] Failed to establish authenticated ssh connection to cirros@10.180.180.193 ([Errno None] Unable to connect to port 22 on 10.180.180.193). Number attempts: 11. Retry after 12 seconds.: paramiko.ssh_exception.NoValidConnectionsError: [Errno None] Unable to connect to port 22 on 10.180.180.193
2025-03-18 16:42:09.029 68598 INFO tempest.lib.common.rest_client [req-42b1ce17-8b9e-455b-bd85-f3d62dbf7fdb req-42b1ce17-8b9e-455b-bd85-f3d62dbf7fdb ] Request (ServersAdminNegativeTestJSON:tearDownClass): 200 GET http://10.180.1.21/compute/v2.1/servers/0e58da0b-2ce7-4018-b5b0-ac3be1fd8df9 0.094s
2025-03-18 16:42:09.147 68570 INFO tempest.lib.common.rest_client [req-c95f26c2-94f7-4200-be0d-9b9e291b0534 req-c95f26c2-94f7-4200-be0d-9b9e291b0534 ] Request (FloatingIPsAssociationTestJSON:tearDownClass): 200 GET http://10.180.1.21/compute/v2.1/servers/2a13c39c-ba50-460c-9ed1-371aacf4c757 0.059s
2025-03-18 16:42:09.197 68574 INFO tempest.lib.common.rest_client [req-efb61b89-8a78-4b8f-988a-c91972afc778 req-efb61b89-8a78-4b8f-988a-c91972afc778 ] Request (ImagesOneServerNegativeTestJSON:setUpClass): 200 GET http://10.180.1.21/compute/v2.1/servers/28add4e9-37aa-40bf-8aca-78214365ee1b 0.059s
2025-03-18 16:42:09.241 68617 INFO tempest.lib.common.rest_client [req-08924c5c-d68a-46ce-8cf6-46ef15efa4ef req-08924c5c-d68a-46ce-8cf6-46ef15efa4ef ] Request (ServerDiskConfigTestJSON:test_rebuild_server_with_auto_disk_config): 200 GET http://10.180.1.21/compute/v2.1/servers/afb6920d-1c34-440d-a0df-33e48701dade 0.061s
2025-03-18 16:42:09.244 68614 INFO tempest.lib.common.rest_client [req-705d48a1-0fcc-4202-9c07-334d57792418 req-705d48a1-0fcc-4202-9c07-334d57792418 ] Request (ServersAdminTestJSON:test_rebuild_server_in_error_state): 200 GET http://10.180.1.21/compute/v2.1/servers/9cf39460-a830-432d-aba3-d5e0ebca02b8 0.118s
2025-03-18 16:42:09.358 68594 INFO tempest.lib.common.rest_client [req-9761bf80-6c6a-480e-8f6a-12d45a8ad72e req-9761bf80-6c6a-480e-8f6a-12d45a8ad72e ] Request (ServerMetadataNegativeTestJSON:tearDownClass): 200 GET http://10.180.1.21/compute/v2.1/servers/b218486a-5377-493a-af05-62611c6d65e2 0.056s
2025-03-18 16:42:09.424 68600 INFO tempest.lib.common.rest_client [req-ae418dbe-04cd-4419-b6fc-e17b37143e4a req-ae418dbe-04cd-4419-b6fc-e17b37143e4a ] Request (ServersTestJSON:test_create_server_with_ipv6_addr_only): 200 GET http://10.180.1.21/compute/v2.1/servers/ea193bed-f2ab-46db-9db5-3c0ca3c18b3b 0.051s
2025-03-18 16:42:09.493 68596 INFO tempest.lib.common.rest_client [req-b8e37e20-bc40-431e-ba92-3610c9dc40d8 req-b8e37e20-bc40-431e-ba92-3610c9dc40d8 ] Request (MigrationsAdminTest:test_resize_server_revert_deleted_flavor): 200 GET http://10.180.1.21/compute/v2.1/servers/0196b796-8e2b-470e-90a0-4cd261d46415 0.046s
2025-03-18 16:42:09.531 68611 INFO tempest.lib.common.rest_client [req-77d6f94d-b4c8-4523-80f5-36b0968669fa req-77d6f94d-b4c8-4523-80f5-36b0968669fa ] Request (InstanceActionsTestJSON:tearDownClass): 200 GET http://10.180.1.21/compute/v2.1/servers/cd01f9f6-0793-4e51-8197-6022d31f9a97 0.048s
2025-03-18 16:42:09.558 68584 INFO tempest.lib.common.rest_client [req-f6a655c1-51fb-448d-8acd-7c22c807ee3c req-f6a655c1-51fb-448d-8acd-7c22c807ee3c ] Request (DeleteServersAdminTestJSON:test_delete_server_while_in_error_state): 404 GET http://10.180.1.21/compute/v2.1/servers/a45be5f5-c1a5-45b1-8b88-7eca1b3cb8b6 0.023s
2025-03-18 16:42:09.586 68584 INFO tempest.lib.common.rest_client [req-b96ba4e2-ee5f-4b06-b31b-65c70ea400e5 req-b96ba4e2-ee5f-4b06-b31b-65c70ea400e5 ] Request (DeleteServersAdminTestJSON:tearDownClass): 404 DELETE http://10.180.1.21/compute/v2.1/servers/a45be5f5-c1a5-45b1-8b88-7eca1b3cb8b6 0.027s
2025-03-18 16:42:09.603 68586 INFO tempest.lib.common.rest_client [req-1759f8df-b2ba-482b-b74b-24c09f0afd6d req-1759f8df-b2ba-482b-b74b-24c09f0afd6d ] Request (InstanceActionsV221TestJSON:test_get_list_deleted_instance_actions): 200 GET http://10.180.1.21/compute/v2.1/servers/60fe2903-0080-4440-b2a4-e25fd9a177e0 0.059s
2025-03-18 16:42:09.615 68584 INFO tempest.lib.common.rest_client [req-1d292ed3-bbab-435e-9761-d06a53e64b9b req-1d292ed3-bbab-435e-9761-d06a53e64b9b ] Request (DeleteServersAdminTestJSON:tearDownClass): 404 GET http://10.180.1.21/compute/v2.1/servers/a45be5f5-c1a5-45b1-8b88-7eca1b3cb8b6 0.028s
2025-03-18 16:42:09.634 68584 INFO tempest.lib.common.rest_client [req-a5ca3a0d-520b-4968-aa4f-7ae67effa5ff req-a5ca3a0d-520b-4968-aa4f-7ae67effa5ff ] Request (DeleteServersAdminTestJSON:tearDownClass): 404 DELETE http://10.180.1.21/compute/v2.1/servers/b4cf4ada-ebe6-49aa-a8d8-d661e9fccb40 0.018s
2025-03-18 16:42:09.654 68584 INFO tempest.lib.common.rest_client [req-6e2201cd-e39d-4c23-a7f5-e7e74224d743 req-6e2201cd-e39d-4c23-a7f5-e7e74224d743 ] Request (DeleteServersAdminTestJSON:tearDownClass): 404 GET http://10.180.1.21/compute/v2.1/servers/b4cf4ada-ebe6-49aa-a8d8-d661e9fccb40 0.020s
2025-03-18 16:42:09.663 68582 INFO tempest.lib.common.rest_client [req-501b5a1e-f535-42fa-bb03-f4a37a6c1139 req-501b5a1e-f535-42fa-bb03-f4a37a6c1139 ] Request (ServerRescueTestJSON:tearDownClass): 200 GET http://10.180.1.21/compute/v2.1/servers/6f44a390-b18c-4da9-b779-3e45c1a9ed92 0.053s
2025-03-18 16:42:09.712 68622 INFO tempest.lib.common.rest_client [req-b54b4285-5a0d-48d4-9b15-516c35e37825 req-b54b4285-5a0d-48d4-9b15-516c35e37825 ] Request (ServerDiagnosticsV248Test:tearDownClass): 200 GET http://10.180.1.21/compute/v2.1/servers/8fe7d6b6-f9d6-41d3-b0b9-de114a053c17 0.058s
2025-03-18 16:42:09.767 68584 INFO tempest.lib.common.rest_client [req-41abbfa9-e5b7-4575-8875-006d7a9f2ec1 req-41abbfa9-e5b7-4575-8875-006d7a9f2ec1 ] Request (DeleteServersAdminTestJSON:tearDownClass): 204 DELETE http://10.180.1.21/identity/v3/users/9bd3423e000e4c3e9720c7603e4a2884 0.112s
2025-03-18 16:42:09.768 68608 INFO tempest.lib.common.rest_client [req-d8d4d2fd-5580-4e42-82db-4c87225b7def req-d8d4d2fd-5580-4e42-82db-4c87225b7def ] Request (ServersTestBootFromVolume:setUpClass): 200 GET http://10.180.1.21/compute/v2.1/servers/83b41147-3328-4251-8b8c-242a50534830 0.052s
2025-03-18 16:42:09.835 68630 INFO tempest.lib.common.rest_client [req-6670361b-4343-4b6f-92bb-d48a2def82e8 req-6670361b-4343-4b6f-92bb-d48a2def82e8 ] Request (ListServersNegativeTestJSON:setUpClass): 200 GET http://10.180.1.21/compute/v2.1/servers/47de732d-5723-4c39-bb80-cbc393cbb123 0.059s
2025-03-18 16:42:09.846 68620 INFO tempest.lib.common.rest_client [req-1e6e0ac6-26c1-426a-af3c-d4e6169e801b req-1e6e0ac6-26c1-426a-af3c-d4e6169e801b ] Request (ServerTagsTestJSON:setUpClass): 200 GET http://10.180.1.21/compute/v2.1/servers/1602c168-e4e2-46ef-80d9-adfee191fde7 0.115s
2025-03-18 16:42:09.865 68584 INFO tempest.lib.common.rest_client [req-020d4c39-25cc-41ac-b28b-3082a2cb1b36 req-020d4c39-25cc-41ac-b28b-3082a2cb1b36 ] Request (DeleteServersAdminTestJSON:tearDownClass): 204 DELETE http://10.180.1.21/identity/v3/users/a428be4953cd447690429da009132f61 0.097s
2025-03-18 16:42:09.865 68584 INFO tempest.lib.common.dynamic_creds [-] Deleting project and security group for project: 95d033f64a004e809d73f805ea9ab165
2025-03-18 16:42:09.888 68576 INFO tempest.lib.common.rest_client [req-0f4b2606-3504-49c0-a4d5-048a254baacd req-0f4b2606-3504-49c0-a4d5-048a254baacd ] Request (ServerActionsV293TestJSON:setUpClass): 200 GET http://10.180.1.21/compute/v2.1/servers/6dc99502-2329-4b20-828e-20591575c8ab 0.077s
2025-03-18 16:42:09.921 68584 INFO tempest.lib.common.rest_client [req-54479f81-4a3e-4f5a-b2d7-82f0713f619d req-54479f81-4a3e-4f5a-b2d7-82f0713f619d ] Request (DeleteServersAdminTestJSON:tearDownClass): 201 POST http://10.180.1.21/identity/v3/auth/tokens 0.055s
2025-03-18 16:42:09.983 68604 INFO tempest.lib.common.rest_client [req-34f92f10-80a1-4a1a-8665-38237f9518fa req-34f92f10-80a1-4a1a-8665-38237f9518fa ] Request (ServersNegativeTestJSON:setUpClass): 200 GET http://10.180.1.21/compute/v2.1/servers/e4180bfa-0718-445e-823c-0fc272adb215 0.052s
2025-03-18 16:42:10.018 68584 INFO tempest.lib.common.rest_client [req-1be4a457-6b0e-4113-8d4b-e10df76379ca req-1be4a457-6b0e-4113-8d4b-e10df76379ca ] Request (DeleteServersAdminTestJSON:tearDownClass): 200 GET http://10.180.1.21:9696/networking/v2.0/security-groups?tenant_id=95d033f64a004e809d73f805ea9ab165&name=default 0.096s
2025-03-18 16:42:10.051 68592 INFO tempest.lib.common.rest_client [req-b9850120-1f5e-45ba-b359-221e9082b040 req-b9850120-1f5e-45ba-b359-221e9082b040 ] Request (ServersTestMultiNic:test_verify_multiple_nics_order): 200 GET http://10.180.1.21/compute/v2.1/servers/9efc688b-d665-45de-bc9e-ada61e5cb4a1 0.065s
2025-03-18 16:42:10.100 68572 WARNING tempest.lib.common.ssh [-] Failed to establish authenticated ssh connection to cirros@10.180.180.201 ([Errno None] Unable to connect to port 22 on 10.180.180.201). Number attempts: 8. Retry after 9 seconds.: paramiko.ssh_exception.NoValidConnectionsError: [Errno None] Unable to connect to port 22 on 10.180.180.201
2025-03-18 16:42:10.113 68598 INFO tempest.lib.common.rest_client [req-698c901a-1a4d-4606-b4d2-4ecb0cf8e5d1 req-698c901a-1a4d-4606-b4d2-4ecb0cf8e5d1 ] Request (ServersAdminNegativeTestJSON:tearDownClass): 200 GET http://10.180.1.21/compute/v2.1/servers/0e58da0b-2ce7-4018-b5b0-ac3be1fd8df9 0.076s
2025-03-18 16:42:10.137 68590 INFO tempest.lib.common.rest_client [req-c682310c-4d54-4e4c-86ca-9e652daa8f25 req-c682310c-4d54-4e4c-86ca-9e652daa8f25 ] Request (ImagesTestJSON:test_create_image_from_stopped_server): 200 GET http://10.180.1.21/compute/v2.1/servers/4fca172c-bc9d-4345-8d9a-ff65eb5bd56a 0.139s
2025-03-18 16:42:10.144 68590 INFO tempest.common.waiters [-] State transition "BUILD/spawning" ==> "ACTIVE/None" after 62 second wait
2025-03-18 16:42:10.152 68584 INFO tempest.lib.common.rest_client [req-5973d97d-8399-4249-9e5a-2e19d93266b4 req-5973d97d-8399-4249-9e5a-2e19d93266b4 ] Request (DeleteServersAdminTestJSON:tearDownClass): 204 DELETE http://10.180.1.21:9696/networking/v2.0/security-groups/ce0d9cc1-beed-430c-93b9-ef35c7952a39 0.134s
2025-03-18 16:42:10.215 68584 INFO tempest.lib.common.rest_client [req-060361ca-8ba0-4329-9f31-962e417a5fe4 req-060361ca-8ba0-4329-9f31-962e417a5fe4 ] Request (DeleteServersAdminTestJSON:tearDownClass): 204 DELETE http://10.180.1.21/identity/v3/projects/95d033f64a004e809d73f805ea9ab165 0.062s
2025-03-18 16:42:10.215 68584 INFO tempest.lib.common.dynamic_creds [-] Deleting project and security group for project: c01f9160cb824fdf87d314bbecd78e29
2025-03-18 16:42:10.215 68590 INFO tempest.lib.common.rest_client [req-75bbc17a-832f-451e-a53d-9b386092ed39 req-75bbc17a-832f-451e-a53d-9b386092ed39 ] Request (ImagesTestJSON:test_create_image_from_stopped_server): 202 POST http://10.180.1.21/compute/v2.1/servers/4fca172c-bc9d-4345-8d9a-ff65eb5bd56a/action 0.070s
2025-03-18 16:42:10.217 68570 INFO tempest.lib.common.rest_client [req-a60d92d1-eef0-436d-bf83-735876f3f66a req-a60d92d1-eef0-436d-bf83-735876f3f66a ] Request (FloatingIPsAssociationTestJSON:tearDownClass): 200 GET http://10.180.1.21/compute/v2.1/servers/2a13c39c-ba50-460c-9ed1-371aacf4c757 0.062s
2025-03-18 16:42:10.268 68574 INFO tempest.lib.common.rest_client [req-43ab863c-321e-48e6-aa75-4c5b8d0b588b req-43ab863c-321e-48e6-aa75-4c5b8d0b588b ] Request (ImagesOneServerNegativeTestJSON:setUpClass): 200 GET http://10.180.1.21/compute/v2.1/servers/28add4e9-37aa-40bf-8aca-78214365ee1b 0.062s
2025-03-18 16:42:10.317 68617 INFO tempest.lib.common.rest_client [req-313660ea-5f94-4920-a50f-e374c9eec62e req-313660ea-5f94-4920-a50f-e374c9eec62e ] Request (ServerDiskConfigTestJSON:test_rebuild_server_with_auto_disk_config): 200 GET http://10.180.1.21/compute/v2.1/servers/afb6920d-1c34-440d-a0df-33e48701dade 0.069s
2025-03-18 16:42:10.347 68590 INFO tempest.lib.common.rest_client [req-957a6507-efba-4800-a47b-5d7b4a4caeda req-957a6507-efba-4800-a47b-5d7b4a4caeda ] Request (ImagesTestJSON:test_create_image_from_stopped_server): 200 GET http://10.180.1.21/compute/v2.1/servers/4fca172c-bc9d-4345-8d9a-ff65eb5bd56a 0.131s
2025-03-18 16:42:10.351 68584 INFO tempest.lib.common.rest_client [req-08d5ceda-86db-48bb-91fb-499962c62899 req-08d5ceda-86db-48bb-91fb-499962c62899 ] Request (DeleteServersAdminTestJSON:tearDownClass): 200 GET http://10.180.1.21:9696/networking/v2.0/security-groups?tenant_id=c01f9160cb824fdf87d314bbecd78e29&name=default 0.136s
2025-03-18 16:42:10.405 68614 INFO tempest.lib.common.rest_client [req-4bfc4988-0bfb-4850-8990-d4922cac0bb8 req-4bfc4988-0bfb-4850-8990-d4922cac0bb8 ] Request (ServersAdminTestJSON:test_rebuild_server_in_error_state): 200 GET http://10.180.1.21/compute/v2.1/servers/9cf39460-a830-432d-aba3-d5e0ebca02b8 0.153s
2025-03-18 16:42:10.431 68594 INFO tempest.lib.common.rest_client [req-1f923eab-628d-4f3c-b42a-1dfdbdb83e93 req-1f923eab-628d-4f3c-b42a-1dfdbdb83e93 ] Request (ServerMetadataNegativeTestJSON:tearDownClass): 200 GET http://10.180.1.21/compute/v2.1/servers/b218486a-5377-493a-af05-62611c6d65e2 0.064s
2025-03-18 16:42:10.445 68584 INFO tempest.lib.common.rest_client [req-c6d2b355-3864-44ff-a67b-3c5b890b5488 req-c6d2b355-3864-44ff-a67b-3c5b890b5488 ] Request (DeleteServersAdminTestJSON:tearDownClass): 204 DELETE http://10.180.1.21:9696/networking/v2.0/security-groups/43cfa698-8f98-475e-8a60-f52b2bace554 0.093s
2025-03-18 16:42:10.488 68600 INFO tempest.lib.common.rest_client [req-1c606158-9481-4b30-927b-87bc88adaa77 req-1c606158-9481-4b30-927b-87bc88adaa77 ] Request (ServersTestJSON:test_create_server_with_ipv6_addr_only): 200 GET http://10.180.1.21/compute/v2.1/servers/ea193bed-f2ab-46db-9db5-3c0ca3c18b3b 0.057s
2025-03-18 16:42:10.546 68584 INFO tempest.lib.common.rest_client [req-a5af8e1c-5f93-47a5-9bb8-2ad8dfd1aec2 req-a5af8e1c-5f93-47a5-9bb8-2ad8dfd1aec2 ] Request (DeleteServersAdminTestJSON:tearDownClass): 204 DELETE http://10.180.1.21/identity/v3/projects/c01f9160cb824fdf87d314bbecd78e29 0.100s
2025-03-18 16:42:10.559 68596 INFO tempest.lib.common.rest_client [req-55591032-44e8-41f9-b16a-1aa7fc8eac5c req-55591032-44e8-41f9-b16a-1aa7fc8eac5c ] Request (MigrationsAdminTest:test_resize_server_revert_deleted_flavor): 200 GET http://10.180.1.21/compute/v2.1/servers/0196b796-8e2b-470e-90a0-4cd261d46415 0.057s
2025-03-18 16:42:10.602 68584 INFO tempest.lib.common.rest_client [req-7a1da584-aa31-48eb-b547-49b1680dff74 req-7a1da584-aa31-48eb-b547-49b1680dff74 ] Request (FlavorsAccessTestJSON:setUpClass): 201 POST http://10.180.1.21/identity/v3/auth/tokens 0.055s
2025-03-18 16:42:10.605 68611 INFO tempest.lib.common.rest_client [req-f0ef6a51-0e65-4c63-922b-d3e1ae7cd357 req-f0ef6a51-0e65-4c63-922b-d3e1ae7cd357 ] Request (InstanceActionsTestJSON:tearDownClass): 200 GET http://10.180.1.21/compute/v2.1/servers/cd01f9f6-0793-4e51-8197-6022d31f9a97 0.066s
2025-03-18 16:42:10.612 68611 INFO tempest.common.waiters [-] State transition "ACTIVE/deleting" ==> "DELETED/None" after 4 second wait
2025-03-18 16:42:10.633 68584 INFO tempest.lib.common.rest_client [req-e5fd0e2d-de71-4ea3-b0fe-29997ea0d9f5 req-e5fd0e2d-de71-4ea3-b0fe-29997ea0d9f5 ] Request (FlavorsAccessTestJSON:setUpClass): 201 POST http://10.180.1.21/identity/v3/auth/tokens 0.028s
2025-03-18 16:42:10.658 68584 INFO tempest.lib.common.rest_client [req-52c2aab3-cef3-4230-ae10-d9260efaf1f7 req-52c2aab3-cef3-4230-ae10-d9260efaf1f7 ] Request (FlavorsAccessTestJSON:setUpClass): 200 GET http://10.180.1.21/identity/v3/domains?name=Default 0.024s
2025-03-18 16:42:10.671 68586 INFO tempest.lib.common.rest_client [req-ede129d2-6f9b-4965-a404-b208233355fa req-ede129d2-6f9b-4965-a404-b208233355fa ] Request (InstanceActionsV221TestJSON:test_get_list_deleted_instance_actions): 200 GET http://10.180.1.21/compute/v2.1/servers/60fe2903-0080-4440-b2a4-e25fd9a177e0 0.059s
2025-03-18 16:42:10.691 68584 INFO tempest.lib.common.rest_client [req-1e8219e3-9e40-4622-80b4-9eaf35f27f8e req-1e8219e3-9e40-4622-80b4-9eaf35f27f8e ] Request (FlavorsAccessTestJSON:setUpClass): 201 POST http://10.180.1.21/identity/v3/projects 0.032s
2025-03-18 16:42:10.730 68582 INFO tempest.lib.common.rest_client [req-19c71924-8c36-45b4-b78a-b13454220f11 req-19c71924-8c36-45b4-b78a-b13454220f11 ] Request (ServerRescueTestJSON:tearDownClass): 200 GET http://10.180.1.21/compute/v2.1/servers/6f44a390-b18c-4da9-b779-3e45c1a9ed92 0.061s
2025-03-18 16:42:10.745 68584 INFO tempest.lib.common.rest_client [req-1ecd5d10-192b-44c9-8dc8-0f2fa821f885 req-1ecd5d10-192b-44c9-8dc8-0f2fa821f885 ] Request (FlavorsAccessTestJSON:setUpClass): 201 POST http://10.180.1.21/identity/v3/users 0.053s
2025-03-18 16:42:10.775 68584 INFO tempest.lib.common.rest_client [req-5276e037-2012-419f-81f3-c8606c0b0a08 req-5276e037-2012-419f-81f3-c8606c0b0a08 ] Request (FlavorsAccessTestJSON:setUpClass): 200 GET http://10.180.1.21/identity/v3/roles 0.029s
2025-03-18 16:42:10.811 68622 INFO tempest.lib.common.rest_client [req-22038fcb-5c73-4d47-b5ce-78a749932f35 req-22038fcb-5c73-4d47-b5ce-78a749932f35 ] Request (ServerDiagnosticsV248Test:tearDownClass): 200 GET http://10.180.1.21/compute/v2.1/servers/8fe7d6b6-f9d6-41d3-b0b9-de114a053c17 0.089s
2025-03-18 16:42:10.819 68584 INFO tempest.lib.common.rest_client [req-8b51260c-17f0-4f6c-ab46-aa6db8e8277c req-8b51260c-17f0-4f6c-ab46-aa6db8e8277c ] Request (FlavorsAccessTestJSON:setUpClass): 204 PUT http://10.180.1.21/identity/v3/projects/dbcacf01a5894aa38c37f0e9b9b519a3/users/bf07e9b2c17d4403b1cbfae488766bfe/roles/b05b1ecb8e2a4b40b582c2557603172f 0.043s
2025-03-18 16:42:10.819 68584 INFO tempest.lib.common.dynamic_creds [-] Dynamic test user bf07e9b2c17d4403b1cbfae488766bfe is created with scope project and roles: ['member']
2025-03-18 16:42:10.819 68584 INFO tempest.lib.common.dynamic_creds [-] Acquired dynamic creds: credentials: Credentials: {'domain_id': 'default', 'domain_name': 'Default', 'username': 'tempest-FlavorsAccessTestJSON-1519066406-project-member', 'project_domain_id': 'default', 'project_domain_name': 'Default', 'project_id': 'dbcacf01a5894aa38c37f0e9b9b519a3', 'project_name': 'tempest-FlavorsAccessTestJSON-1519066406', 'tenant_id': 'dbcacf01a5894aa38c37f0e9b9b519a3', 'tenant_name': 'tempest-FlavorsAccessTestJSON-1519066406', 'user_domain_id': 'default', 'user_domain_name': 'Default', 'user_id': 'bf07e9b2c17d4403b1cbfae488766bfe', 'system': None}, Network: None, Subnet: None, Router: None
2025-03-18 16:42:10.819 68584 INFO tempest.lib.common.dynamic_creds [-] Created isolated network resources for: credentials: Credentials: {'domain_id': 'default', 'domain_name': 'Default', 'username': 'tempest-FlavorsAccessTestJSON-1519066406-project-member', 'project_domain_id': 'default', 'project_domain_name': 'Default', 'project_id': 'dbcacf01a5894aa38c37f0e9b9b519a3', 'project_name': 'tempest-FlavorsAccessTestJSON-1519066406', 'tenant_id': 'dbcacf01a5894aa38c37f0e9b9b519a3', 'tenant_name': 'tempest-FlavorsAccessTestJSON-1519066406', 'user_domain_id': 'default', 'user_domain_name': 'Default', 'user_id': 'bf07e9b2c17d4403b1cbfae488766bfe', 'system': None}, Network: None, Subnet: None, Router: None
2025-03-18 16:42:10.851 68608 INFO tempest.lib.common.rest_client [req-d7dfb665-a451-4b73-a08e-f8a5eb82d18d req-d7dfb665-a451-4b73-a08e-f8a5eb82d18d ] Request (ServersTestBootFromVolume:setUpClass): 200 GET http://10.180.1.21/compute/v2.1/servers/83b41147-3328-4251-8b8c-242a50534830 0.075s
2025-03-18 16:42:10.897 68630 INFO tempest.lib.common.rest_client [req-b9243c39-9b94-4438-b26e-77ca9fa93c1e req-b9243c39-9b94-4438-b26e-77ca9fa93c1e ] Request (ListServersNegativeTestJSON:setUpClass): 200 GET http://10.180.1.21/compute/v2.1/servers/47de732d-5723-4c39-bb80-cbc393cbb123 0.053s
2025-03-18 16:42:10.897 68584 INFO tempest.lib.common.rest_client [req-b8fdd97f-88d2-48e2-b666-7044edbb8fae req-b8fdd97f-88d2-48e2-b666-7044edbb8fae ] Request (FlavorsAccessTestJSON:setUpClass): 201 POST http://10.180.1.21/identity/v3/auth/tokens 0.071s
2025-03-18 16:42:10.932 68612 WARNING tempest.lib.common.ssh [-] Failed to establish authenticated ssh connection to cirros@10.180.180.194 ([Errno None] Unable to connect to port 22 on 10.180.180.194). Number attempts: 10. Retry after 11 seconds.: paramiko.ssh_exception.NoValidConnectionsError: [Errno None] Unable to connect to port 22 on 10.180.180.194
2025-03-18 16:42:10.958 68576 INFO tempest.lib.common.rest_client [req-4d3154a6-e6e1-4ef9-8c2c-0e29491cb585 req-4d3154a6-e6e1-4ef9-8c2c-0e29491cb585 ] Request (ServerActionsV293TestJSON:setUpClass): 200 GET http://10.180.1.21/compute/v2.1/servers/6dc99502-2329-4b20-828e-20591575c8ab 0.058s
2025-03-18 16:42:10.960 68584 INFO tempest.lib.common.rest_client [req-7ee485ad-85e2-4e91-816a-e01e6199c9bc req-7ee485ad-85e2-4e91-816a-e01e6199c9bc ] Request (FlavorsAccessTestJSON:setUpClass): 201 POST http://10.180.1.21/identity/v3/projects 0.062s
2025-03-18 16:42:10.978 68620 INFO tempest.lib.common.rest_client [req-b18c9b0a-6201-4f72-b1fb-7eb7854d9293 req-b18c9b0a-6201-4f72-b1fb-7eb7854d9293 ] Request (ServerTagsTestJSON:setUpClass): 200 GET http://10.180.1.21/compute/v2.1/servers/1602c168-e4e2-46ef-80d9-adfee191fde7 0.121s
2025-03-18 16:42:11.018 68584 INFO tempest.lib.common.rest_client [req-11c670de-58fc-4829-bb66-754432a5e2c5 req-11c670de-58fc-4829-bb66-754432a5e2c5 ] Request (FlavorsAccessTestJSON:setUpClass): 201 POST http://10.180.1.21/identity/v3/users 0.058s
2025-03-18 16:42:11.039 68584 INFO tempest.lib.common.rest_client [req-0479f593-eac6-4eef-8a15-840095775b24 req-0479f593-eac6-4eef-8a15-840095775b24 ] Request (FlavorsAccessTestJSON:setUpClass): 200 GET http://10.180.1.21/identity/v3/roles 0.020s
2025-03-18 16:42:11.042 68604 INFO tempest.lib.common.rest_client [req-abeb17fb-c9d2-471b-bcb8-e12786a5b203 req-abeb17fb-c9d2-471b-bcb8-e12786a5b203 ] Request (ServersNegativeTestJSON:setUpClass): 200 GET http://10.180.1.21/compute/v2.1/servers/e4180bfa-0718-445e-823c-0fc272adb215 0.050s
2025-03-18 16:42:11.069 68584 INFO tempest.lib.common.rest_client [req-804cc756-c59b-4abe-b2ee-1e52d2be685a req-804cc756-c59b-4abe-b2ee-1e52d2be685a ] Request (FlavorsAccessTestJSON:setUpClass): 204 PUT http://10.180.1.21/identity/v3/projects/f943ca6f3ff943cdb62b9d684c9e8741/users/470c3e2d7ca243ebb10ef063a7054577/roles/f7bfae9dbf164612b9c5e887f18e4a7b 0.029s
2025-03-18 16:42:11.119 68592 INFO tempest.lib.common.rest_client [req-80a48203-10b7-4643-84a9-cf96e5901936 req-80a48203-10b7-4643-84a9-cf96e5901936 ] Request (ServersTestMultiNic:test_verify_multiple_nics_order): 200 GET http://10.180.1.21/compute/v2.1/servers/9efc688b-d665-45de-bc9e-ada61e5cb4a1 0.054s
2025-03-18 16:42:11.121 68584 INFO tempest.lib.common.rest_client [req-38967628-6ec5-4c26-8f70-ec111d0df23b req-38967628-6ec5-4c26-8f70-ec111d0df23b ] Request (FlavorsAccessTestJSON:setUpClass): 200 GET http://10.180.1.21/identity/v3/roles 0.052s
2025-03-18 16:42:11.137 68584 INFO tempest.lib.common.rest_client [req-585b6187-7a8e-47ef-bf02-0c9cab44e87d req-585b6187-7a8e-47ef-bf02-0c9cab44e87d ] Request (FlavorsAccessTestJSON:setUpClass): 204 PUT http://10.180.1.21/identity/v3/projects/f943ca6f3ff943cdb62b9d684c9e8741/users/470c3e2d7ca243ebb10ef063a7054577/roles/f7bfae9dbf164612b9c5e887f18e4a7b 0.016s
2025-03-18 16:42:11.137 68584 INFO tempest.lib.common.dynamic_creds [-] Dynamic test user 470c3e2d7ca243ebb10ef063a7054577 is created with scope project and roles: ['admin']
2025-03-18 16:42:11.137 68584 INFO tempest.lib.common.dynamic_creds [-] Acquired dynamic creds: credentials: Credentials: {'domain_id': 'default', 'domain_name': 'Default', 'username': 'tempest-FlavorsAccessTestJSON-198903521-project-admin', 'project_domain_id': 'default', 'project_domain_name': 'Default', 'project_id': 'f943ca6f3ff943cdb62b9d684c9e8741', 'project_name': 'tempest-FlavorsAccessTestJSON-198903521', 'tenant_id': 'f943ca6f3ff943cdb62b9d684c9e8741', 'tenant_name': 'tempest-FlavorsAccessTestJSON-198903521', 'user_domain_id': 'default', 'user_domain_name': 'Default', 'user_id': '470c3e2d7ca243ebb10ef063a7054577', 'system': None}, Network: None, Subnet: None, Router: None
2025-03-18 16:42:11.137 68584 INFO tempest.lib.common.dynamic_creds [-] Created isolated network resources for: credentials: Credentials: {'domain_id': 'default', 'domain_name': 'Default', 'username': 'tempest-FlavorsAccessTestJSON-198903521-project-admin', 'project_domain_id': 'default', 'project_domain_name': 'Default', 'project_id': 'f943ca6f3ff943cdb62b9d684c9e8741', 'project_name': 'tempest-FlavorsAccessTestJSON-198903521', 'tenant_id': 'f943ca6f3ff943cdb62b9d684c9e8741', 'tenant_name': 'tempest-FlavorsAccessTestJSON-198903521', 'user_domain_id': 'default', 'user_domain_name': 'Default', 'user_id': '470c3e2d7ca243ebb10ef063a7054577', 'system': None}, Network: None, Subnet: None, Router: None
2025-03-18 16:42:11.180 68598 INFO tempest.lib.common.rest_client [req-408348db-3475-4ba2-bf6f-77d2964535f4 req-408348db-3475-4ba2-bf6f-77d2964535f4 ] Request (ServersAdminNegativeTestJSON:tearDownClass): 200 GET http://10.180.1.21/compute/v2.1/servers/0e58da0b-2ce7-4018-b5b0-ac3be1fd8df9 0.059s
2025-03-18 16:42:11.205 68584 INFO tempest.lib.common.rest_client [req-eea3d5a7-71af-4ba5-9ec3-32059071afc8 req-eea3d5a7-71af-4ba5-9ec3-32059071afc8 ] Request (FlavorsAccessTestJSON:setUpClass): 201 POST http://10.180.1.21/identity/v3/auth/tokens 0.066s
2025-03-18 16:42:11.206 68584 WARNING tempest.lib.common.rest_client [-] Deprecated: "tenant_id" property is deprecated for removal, use "project_id" instead
2025-03-18 16:42:11.279 68570 INFO tempest.lib.common.rest_client [req-64d04647-afa9-47c0-a397-eb0bc51f7c8b req-64d04647-afa9-47c0-a397-eb0bc51f7c8b ] Request (FloatingIPsAssociationTestJSON:tearDownClass): 200 GET http://10.180.1.21/compute/v2.1/servers/2a13c39c-ba50-460c-9ed1-371aacf4c757 0.055s
2025-03-18 16:42:11.282 68584 INFO tempest.lib.common.rest_client [req-1797c461-008b-4ed7-aa49-27d027723d8e req-1797c461-008b-4ed7-aa49-27d027723d8e ] Request (FlavorsAccessTestJSON:test_flavor_access_add_remove): 200 POST http://10.180.1.21/compute/v2.1/flavors 0.075s
2025-03-18 16:42:11.316 68626 WARNING tempest.lib.common.ssh [-] Failed to establish authenticated ssh connection to cirros@10.180.180.237 ([Errno None] Unable to connect to port 22 on 10.180.180.237). Number attempts: 6. Retry after 7 seconds.: paramiko.ssh_exception.NoValidConnectionsError: [Errno None] Unable to connect to port 22 on 10.180.180.237
2025-03-18 16:42:11.323 68574 INFO tempest.lib.common.rest_client [req-ef40aa40-0df8-4760-8ce8-faea1c7f7961 req-ef40aa40-0df8-4760-8ce8-faea1c7f7961 ] Request (ImagesOneServerNegativeTestJSON:setUpClass): 200 GET http://10.180.1.21/compute/v2.1/servers/28add4e9-37aa-40bf-8aca-78214365ee1b 0.045s
2025-03-18 16:42:11.325 68584 INFO tempest.lib.common.rest_client [req-9df4f7f3-de93-4545-a965-78b3c7d0d4b4 req-9df4f7f3-de93-4545-a965-78b3c7d0d4b4 ] Request (FlavorsAccessTestJSON:test_flavor_access_add_remove): 200 POST http://10.180.1.21/compute/v2.1/flavors/1497837769/action 0.040s
2025-03-18 16:42:11.370 68617 INFO tempest.lib.common.rest_client [req-472ba52d-b801-4fdb-9c9d-f17d49039a9a req-472ba52d-b801-4fdb-9c9d-f17d49039a9a ] Request (ServerDiskConfigTestJSON:test_rebuild_server_with_auto_disk_config): 200 GET http://10.180.1.21/compute/v2.1/servers/afb6920d-1c34-440d-a0df-33e48701dade 0.044s
2025-03-18 16:42:11.401 68584 INFO tempest.lib.common.rest_client [req-8952c178-e70a-4223-a23e-0b7351cb8f8c req-8952c178-e70a-4223-a23e-0b7351cb8f8c ] Request (FlavorsAccessTestJSON:test_flavor_access_add_remove): 200 GET http://10.180.1.21/compute/v2.1/flavors/detail 0.075s
2025-03-18 16:42:11.446 68584 INFO tempest.lib.common.rest_client [req-271f647f-93a3-4802-be90-f9792a1f8c81 req-271f647f-93a3-4802-be90-f9792a1f8c81 ] Request (FlavorsAccessTestJSON:test_flavor_access_add_remove): 200 POST http://10.180.1.21/compute/v2.1/flavors/1497837769/action 0.040s
2025-03-18 16:42:11.452 68590 INFO tempest.lib.common.rest_client [req-3e60766a-85c3-421f-9409-d7af494443b0 req-3e60766a-85c3-421f-9409-d7af494443b0 ] Request (ImagesTestJSON:test_create_image_from_stopped_server): 200 GET http://10.180.1.21/compute/v2.1/servers/4fca172c-bc9d-4345-8d9a-ff65eb5bd56a 0.097s
2025-03-18 16:42:11.503 68594 INFO tempest.lib.common.rest_client [req-836cbf9a-2614-4359-879d-68ea74184f7d req-836cbf9a-2614-4359-879d-68ea74184f7d ] Request (ServerMetadataNegativeTestJSON:tearDownClass): 200 GET http://10.180.1.21/compute/v2.1/servers/b218486a-5377-493a-af05-62611c6d65e2 0.057s
2025-03-18 16:42:11.528 68584 INFO tempest.lib.common.rest_client [req-0230708d-7a2d-4c81-a830-464d066fc0ba req-0230708d-7a2d-4c81-a830-464d066fc0ba ] Request (FlavorsAccessTestJSON:test_flavor_access_add_remove): 200 GET http://10.180.1.21/compute/v2.1/flavors/detail 0.081s
2025-03-18 16:42:11.554 68614 INFO tempest.lib.common.rest_client [req-4e43669c-7e20-4361-9d61-864c9ea2e9de req-4e43669c-7e20-4361-9d61-864c9ea2e9de ] Request (ServersAdminTestJSON:test_rebuild_server_in_error_state): 200 GET http://10.180.1.21/compute/v2.1/servers/9cf39460-a830-432d-aba3-d5e0ebca02b8 0.141s
2025-03-18 16:42:11.567 68584 INFO tempest.lib.common.rest_client [req-9ed5da1e-7a0f-4ca4-9aa9-a428d44c4410 req-9ed5da1e-7a0f-4ca4-9aa9-a428d44c4410 ] Request (FlavorsAccessTestJSON:_run_cleanups): 202 DELETE http://10.180.1.21/compute/v2.1/flavors/1497837769 0.032s
2025-03-18 16:42:11.588 68600 INFO tempest.lib.common.rest_client [req-a4216b03-20b7-4624-b408-abbacc6a5a76 req-a4216b03-20b7-4624-b408-abbacc6a5a76 ] Request (ServersTestJSON:test_create_server_with_ipv6_addr_only): 200 GET http://10.180.1.21/compute/v2.1/servers/ea193bed-f2ab-46db-9db5-3c0ca3c18b3b 0.091s
2025-03-18 16:42:11.595 68600 INFO tempest.common.waiters [-] State transition "BUILD/None" ==> "BUILD/networking" after 51 second wait
2025-03-18 16:42:11.609 68584 INFO tempest.lib.common.rest_client [req-2e8ed38a-3a4d-4d3f-a693-995df4b5c3a2 req-2e8ed38a-3a4d-4d3f-a693-995df4b5c3a2 ] Request (FlavorsAccessTestJSON:_run_cleanups): 200 GET http://10.180.1.21/compute/v2.1/flavors/detail 0.042s
2025-03-18 16:42:11.631 68596 INFO tempest.lib.common.rest_client [req-e668c68b-ac99-4dd4-8955-0588c9d26faa req-e668c68b-ac99-4dd4-8955-0588c9d26faa ] Request (MigrationsAdminTest:test_resize_server_revert_deleted_flavor): 200 GET http://10.180.1.21/compute/v2.1/servers/0196b796-8e2b-470e-90a0-4cd261d46415 0.064s
2025-03-18 16:42:11.643 68584 INFO tempest.lib.common.rest_client [req-c678e1ce-2ba7-4f3c-8fa5-c5621fea493a req-c678e1ce-2ba7-4f3c-8fa5-c5621fea493a ] Request (FlavorsAccessTestJSON:test_flavor_access_list_with_private_flavor): 200 POST http://10.180.1.21/compute/v2.1/flavors 0.028s
2025-03-18 16:42:11.668 68584 INFO tempest.lib.common.rest_client [req-c36bc106-7e6d-4e2d-9775-f200d632111f req-c36bc106-7e6d-4e2d-9775-f200d632111f ] Request (FlavorsAccessTestJSON:test_flavor_access_list_with_private_flavor): 200 GET http://10.180.1.21/compute/v2.1/flavors/199021954/os-flavor-access 0.022s
2025-03-18 16:42:11.675 68611 INFO tempest.lib.common.rest_client [req-aa3625ae-0c23-4586-8383-34f30bed08f0 req-aa3625ae-0c23-4586-8383-34f30bed08f0 ] Request (InstanceActionsTestJSON:tearDownClass): 200 GET http://10.180.1.21/compute/v2.1/servers/cd01f9f6-0793-4e51-8197-6022d31f9a97 0.062s
2025-03-18 16:42:11.693 68584 INFO tempest.lib.common.rest_client [req-6739a525-6b38-41c8-ac68-0f6f30d277e5 req-6739a525-6b38-41c8-ac68-0f6f30d277e5 ] Request (FlavorsAccessTestJSON:_run_cleanups): 202 DELETE http://10.180.1.21/compute/v2.1/flavors/199021954 0.023s
2025-03-18 16:42:11.719 68584 INFO tempest.lib.common.rest_client [req-baa47bf7-05e6-4c7b-8da7-78eb62055786 req-baa47bf7-05e6-4c7b-8da7-78eb62055786 ] Request (FlavorsAccessTestJSON:_run_cleanups): 200 GET http://10.180.1.21/compute/v2.1/flavors/detail 0.025s
2025-03-18 16:42:11.750 68586 INFO tempest.lib.common.rest_client [req-cd83fefe-34c2-4e99-b32a-9b13a549d155 req-cd83fefe-34c2-4e99-b32a-9b13a549d155 ] Request (InstanceActionsV221TestJSON:test_get_list_deleted_instance_actions): 200 GET http://10.180.1.21/compute/v2.1/servers/60fe2903-0080-4440-b2a4-e25fd9a177e0 0.067s
