2025-03-18 16:41:33.829 68630 INFO tempest.lib.common.rest_client [req-f38f0ea3-4b2f-4e22-8be0-32e1f3335a94 req-f38f0ea3-4b2f-4e22-8be0-32e1f3335a94 ] Request (ListServersNegativeTestJSON:setUpClass): 201 POST http://10.180.1.21:9696/networking/v2.0/networks 0.258s
2025-03-18 16:41:33.890 68620 INFO tempest.lib.common.rest_client [req-bb51d48a-31e2-4ca3-9584-c5139bb75924 req-bb51d48a-31e2-4ca3-9584-c5139bb75924 ] Request (ServerTagsTestJSON:setUpClass): 200 GET http://10.180.1.21/compute/v2.1/servers/1602c168-e4e2-46ef-80d9-adfee191fde7 0.053s
2025-03-18 16:41:33.983 68630 INFO tempest.lib.common.rest_client [req-e5a08c0a-640e-4e91-bb83-a51bc1e6572f req-e5a08c0a-640e-4e91-bb83-a51bc1e6572f ] Request (ListServersNegativeTestJSON:setUpClass): 201 POST http://10.180.1.21:9696/networking/v2.0/subnets 0.153s
2025-03-18 16:41:33.985 68608 INFO tempest.lib.common.rest_client [req-5667cd37-1757-4831-b4cf-c88162965109 req-5667cd37-1757-4831-b4cf-c88162965109 ] Request (ServersTestBootFromVolume:setUpClass): 200 GET http://10.180.1.21/volume/v3/volumes/1753aec1-e5d8-4d28-9027-0885bf59bbee 0.030s
2025-03-18 16:41:33.986 68576 INFO tempest.lib.common.rest_client [req-c60d5c37-3f1a-48b3-881e-bc79cb6686f7 req-c60d5c37-3f1a-48b3-881e-bc79cb6686f7 ] Request (ServerActionsV293TestJSON:setUpClass): 200 GET http://10.180.1.21/volume/v3/volumes/d30ebc03-0a45-4e07-b149-749a58a702b1 0.030s
2025-03-18 16:41:34.092 68598 INFO tempest.lib.common.rest_client [req-607d1a13-bcdd-4191-9ceb-0d48cb54ff9c req-607d1a13-bcdd-4191-9ceb-0d48cb54ff9c ] Request (ServersAdminNegativeTestJSON:tearDownClass): 200 GET http://10.180.1.21/compute/v2.1/servers/db064b9d-7b96-4dea-bcdc-a663c9255357 0.073s
2025-03-18 16:41:34.151 68592 INFO tempest.lib.common.rest_client [req-cbc797e2-d1ae-4480-a4d9-e92a9da236a4 req-cbc797e2-d1ae-4480-a4d9-e92a9da236a4 ] Request (ServersTestMultiNic:_run_cleanups): 200 GET http://10.180.1.21/compute/v2.1/servers/220c91c5-79e3-4a25-a5cc-708741b4356a 0.068s
2025-03-18 16:41:34.218 68570 INFO tempest.lib.common.rest_client [req-bcd5aafc-b57b-445b-ab35-01ce42953041 req-bcd5aafc-b57b-445b-ab35-01ce42953041 ] Request (FloatingIPsAssociationTestJSON:tearDownClass): 200 GET http://10.180.1.21/compute/v2.1/servers/6ea307bd-2ca4-4143-8cf0-e8d50bfc6353 0.073s
2025-03-18 16:41:34.252 68586 INFO tempest.lib.common.rest_client [req-d216052c-bc1e-4e9b-9f80-574a3f145058 req-d216052c-bc1e-4e9b-9f80-574a3f145058 ] Request (InstanceActionsV221TestJSON:test_get_list_deleted_instance_actions): 200 GET http://10.180.1.21/compute/v2.1/servers/60fe2903-0080-4440-b2a4-e25fd9a177e0 0.134s
2025-03-18 16:41:34.265 68586 INFO tempest.common.waiters [-] State transition "BUILD/spawning" ==> "ACTIVE/None" after 44 second wait
2025-03-18 16:41:34.276 68582 INFO tempest.lib.common.rest_client [req-3c65e763-bfb3-4c0e-9bb4-7c3a8040681c req-3c65e763-bfb3-4c0e-9bb4-7c3a8040681c ] Request (ServerRescueTestJSON:test_rescue_unrescue_instance): 200 GET http://10.180.1.21/compute/v2.1/servers/6f44a390-b18c-4da9-b779-3e45c1a9ed92 0.101s
2025-03-18 16:41:34.312 68590 INFO tempest.lib.common.rest_client [req-7cb19ad5-3cd0-4b9b-803f-79550ef682ab req-7cb19ad5-3cd0-4b9b-803f-79550ef682ab ] Request (ImagesTestJSON:test_create_image_from_stopped_server): 200 GET http://10.180.1.21/compute/v2.1/servers/4fca172c-bc9d-4345-8d9a-ff65eb5bd56a 0.107s
2025-03-18 16:41:34.339 68574 INFO tempest.lib.common.rest_client [req-c9c658a2-baf3-45a1-bcc7-dccd61e0621c req-c9c658a2-baf3-45a1-bcc7-dccd61e0621c ] Request (ImagesOneServerTestJSON:tearDownClass): 200 GET http://10.180.1.21/compute/v2.1/servers/7575146e-b572-457f-a8e8-34005b5e9028 0.104s
2025-03-18 16:41:34.377 68614 INFO tempest.lib.common.rest_client [req-f1b813d6-7a67-453e-bda6-ba116b6dd81d req-f1b813d6-7a67-453e-bda6-ba116b6dd81d ] Request (ServersAdminTestJSON:test_inject_network_info): 200 GET http://10.180.1.21/compute/v2.1/servers/066e61d9-8593-438c-87f0-871332f73ffd 0.111s
2025-03-18 16:41:34.418 68586 INFO tempest.lib.common.rest_client [req-61682e7e-88d5-490a-bf8c-8c175918b4d8 req-61682e7e-88d5-490a-bf8c-8c175918b4d8 ] Request (InstanceActionsV221TestJSON:test_get_list_deleted_instance_actions): 204 DELETE http://10.180.1.21/compute/v2.1/servers/60fe2903-0080-4440-b2a4-e25fd9a177e0 0.152s
2025-03-18 16:41:34.472 68624 INFO tempest.lib.common.rest_client [req-acaefc81-20ac-4d38-9f64-28118f416e05 req-acaefc81-20ac-4d38-9f64-28118f416e05 ] Request (ServersTestJSON:setUpClass): 200 GET http://10.180.1.21/compute/v2.1/servers/e1dee11e-e22b-48b2-9767-e1a06d5d0325 0.175s
2025-03-18 16:41:34.475 68622 INFO tempest.lib.common.rest_client [req-532b42e5-901a-4d5c-b1a5-a3556821c9ad req-532b42e5-901a-4d5c-b1a5-a3556821c9ad ] Request (ServerDiagnosticsV248Test:test_get_server_diagnostics): 200 GET http://10.180.1.21/compute/v2.1/servers/8fe7d6b6-f9d6-41d3-b0b9-de114a053c17 0.145s
2025-03-18 16:41:34.478 68624 INFO tempest.common.waiters [-] State transition "BUILD/networking" ==> "BUILD/spawning" after 39 second wait
2025-03-18 16:41:34.535 68600 INFO tempest.lib.common.rest_client [req-cd2b8c04-e916-4c8c-947f-c8a75cf65e71 req-cd2b8c04-e916-4c8c-947f-c8a75cf65e71 ] Request (ServersTestJSON:test_create_server_with_ipv6_addr_only): 200 GET http://10.180.1.21/compute/v2.1/servers/ea193bed-f2ab-46db-9db5-3c0ca3c18b3b 0.186s
2025-03-18 16:41:34.535 68604 INFO tempest.lib.common.rest_client [req-4383eb7d-3ce2-446d-8a6c-7f021773ea63 req-4383eb7d-3ce2-446d-8a6c-7f021773ea63 ] Request (ServersNegativeTestJSON:setUpClass): 200 GET http://10.180.1.21/compute/v2.1/servers/e4180bfa-0718-445e-823c-0fc272adb215 0.158s
2025-03-18 16:41:34.593 68594 INFO tempest.lib.common.rest_client [req-bdfff689-3a8a-46a3-8db1-19978641e203 req-bdfff689-3a8a-46a3-8db1-19978641e203 ] Request (ServerMetadataNegativeTestJSON:setUpClass): 200 GET http://10.180.1.21/compute/v2.1/servers/b218486a-5377-493a-af05-62611c6d65e2 0.135s
2025-03-18 16:41:34.648 68632 INFO tempest.lib.common.rest_client [req-bf67a55d-d524-4305-a4fc-5bc2b29a0a82 req-bf67a55d-d524-4305-a4fc-5bc2b29a0a82 ] Request (ServerPasswordTestJSON:tearDownClass): 200 GET http://10.180.1.21/compute/v2.1/servers/357679d3-4eba-4d3f-9178-43e4521fe6aa 0.169s
2025-03-18 16:41:34.678 68586 INFO tempest.lib.common.rest_client [req-64274c65-1f4f-4368-a72e-7cd00af20057 req-64274c65-1f4f-4368-a72e-7cd00af20057 ] Request (InstanceActionsV221TestJSON:test_get_list_deleted_instance_actions): 200 GET http://10.180.1.21/compute/v2.1/servers/60fe2903-0080-4440-b2a4-e25fd9a177e0 0.260s
2025-03-18 16:41:34.691 68611 INFO tempest.lib.common.rest_client [req-85ff90b2-0261-4487-b314-c9cc91415f18 req-85ff90b2-0261-4487-b314-c9cc91415f18 ] Request (InstanceActionsTestJSON:setUpClass): 200 GET http://10.180.1.21/compute/v2.1/servers/cd01f9f6-0793-4e51-8197-6022d31f9a97 0.171s
2025-03-18 16:41:34.736 68617 INFO tempest.lib.common.rest_client [req-e10686d3-b2b9-4928-ae98-c6b2233bba8a req-e10686d3-b2b9-4928-ae98-c6b2233bba8a ] Request (ServerDiskConfigTestJSON:test_rebuild_server_with_auto_disk_config): 200 GET http://10.180.1.21/compute/v2.1/servers/afb6920d-1c34-440d-a0df-33e48701dade 0.083s
2025-03-18 16:41:34.739 68588 INFO tempest.lib.common.rest_client [req-66ca0ca4-e81b-4862-b58f-5b1b9e64a946 req-66ca0ca4-e81b-4862-b58f-5b1b9e64a946 ] Request (ImagesNegativeTestJSON:test_create_image_from_deleted_server): 200 GET http://10.180.1.21/compute/v2.1/servers/f42defe1-aa9a-4277-b53f-4a72bc3150a2 0.102s
2025-03-18 16:41:34.781 68630 INFO tempest.lib.common.rest_client [req-30d4f651-51dd-43f5-b516-8caf9c640f18 req-30d4f651-51dd-43f5-b516-8caf9c640f18 ] Request (ListServersNegativeTestJSON:setUpClass): 201 POST http://10.180.1.21:9696/networking/v2.0/routers 0.797s
2025-03-18 16:41:34.786 68596 INFO tempest.lib.common.rest_client [req-39bb6c8f-2fce-467f-b393-fdec030f3685 req-39bb6c8f-2fce-467f-b393-fdec030f3685 ] Request (MigrationsAdminTest:test_resize_server_revert_deleted_flavor): 200 GET http://10.180.1.21/compute/v2.1/servers/0196b796-8e2b-470e-90a0-4cd261d46415 0.048s
2025-03-18 16:41:34.790 68584 INFO tempest.lib.common.rest_client [req-80328ca2-b691-4563-94c2-03975340275c req-80328ca2-b691-4563-94c2-03975340275c ] Request (DeleteServersAdminTestJSON:test_delete_server_while_in_error_state): 200 GET http://10.180.1.21/compute/v2.1/servers/a45be5f5-c1a5-45b1-8b88-7eca1b3cb8b6 0.059s
2025-03-18 16:41:34.952 68620 INFO tempest.lib.common.rest_client [req-f58dd443-d3b6-41ca-b321-c42da37f9cec req-f58dd443-d3b6-41ca-b321-c42da37f9cec ] Request (ServerTagsTestJSON:setUpClass): 200 GET http://10.180.1.21/compute/v2.1/servers/1602c168-e4e2-46ef-80d9-adfee191fde7 0.053s
2025-03-18 16:41:35.022 68576 INFO tempest.lib.common.rest_client [req-a063d6b9-578b-494d-9185-f53004715355 req-a063d6b9-578b-494d-9185-f53004715355 ] Request (ServerActionsV293TestJSON:setUpClass): 200 GET http://10.180.1.21/volume/v3/volumes/d30ebc03-0a45-4e07-b149-749a58a702b1 0.028s
2025-03-18 16:41:35.022 68608 INFO tempest.lib.common.rest_client [req-fa1c6b2b-ac67-4346-9b95-35d404574f64 req-fa1c6b2b-ac67-4346-9b95-35d404574f64 ] Request (ServersTestBootFromVolume:setUpClass): 200 GET http://10.180.1.21/volume/v3/volumes/1753aec1-e5d8-4d28-9027-0885bf59bbee 0.029s
2025-03-18 16:41:35.178 68598 INFO tempest.lib.common.rest_client [req-50845bfe-ff41-4172-bee1-08085044fbbe req-50845bfe-ff41-4172-bee1-08085044fbbe ] Request (ServersAdminNegativeTestJSON:tearDownClass): 200 GET http://10.180.1.21/compute/v2.1/servers/db064b9d-7b96-4dea-bcdc-a663c9255357 0.075s
2025-03-18 16:41:35.237 68592 INFO tempest.lib.common.rest_client [req-17ae1ebe-5821-47c3-9e98-4abffb4402d2 req-17ae1ebe-5821-47c3-9e98-4abffb4402d2 ] Request (ServersTestMultiNic:_run_cleanups): 200 GET http://10.180.1.21/compute/v2.1/servers/220c91c5-79e3-4a25-a5cc-708741b4356a 0.073s
2025-03-18 16:41:35.305 68570 INFO tempest.lib.common.rest_client [req-9526eb34-a187-4622-bd06-e3e8d15b6a5d req-9526eb34-a187-4622-bd06-e3e8d15b6a5d ] Request (FloatingIPsAssociationTestJSON:tearDownClass): 200 GET http://10.180.1.21/compute/v2.1/servers/6ea307bd-2ca4-4143-8cf0-e8d50bfc6353 0.072s
2025-03-18 16:41:35.387 68590 INFO tempest.lib.common.rest_client [req-4381e7b2-2d9d-494f-b88e-3745178c3950 req-4381e7b2-2d9d-494f-b88e-3745178c3950 ] Request (ImagesTestJSON:test_create_image_from_stopped_server): 200 GET http://10.180.1.21/compute/v2.1/servers/4fca172c-bc9d-4345-8d9a-ff65eb5bd56a 0.066s
2025-03-18 16:41:35.461 68574 INFO tempest.lib.common.rest_client [req-b256a8c2-ce1b-4cb6-9bdd-25a88f0c9ea5 req-b256a8c2-ce1b-4cb6-9bdd-25a88f0c9ea5 ] Request (ImagesOneServerTestJSON:tearDownClass): 200 GET http://10.180.1.21/compute/v2.1/servers/7575146e-b572-457f-a8e8-34005b5e9028 0.113s
2025-03-18 16:41:35.514 68614 INFO tempest.lib.common.rest_client [req-25eb0d62-a5d5-4fd2-9ef5-8c1a3c3e68ff req-25eb0d62-a5d5-4fd2-9ef5-8c1a3c3e68ff ] Request (ServersAdminTestJSON:test_inject_network_info): 200 GET http://10.180.1.21/compute/v2.1/servers/066e61d9-8593-438c-87f0-871332f73ffd 0.123s
2025-03-18 16:41:35.582 68582 INFO tempest.lib.common.rest_client [req-69a0eb84-1811-450a-999d-3c38a6188f02 req-69a0eb84-1811-450a-999d-3c38a6188f02 ] Request (ServerRescueTestJSON:test_rescue_unrescue_instance): 200 GET http://10.180.1.21/compute/v2.1/servers/6f44a390-b18c-4da9-b779-3e45c1a9ed92 0.297s
2025-03-18 16:41:35.634 68622 INFO tempest.lib.common.rest_client [req-cfaf801f-20fb-45c7-920f-f466974c9b85 req-cfaf801f-20fb-45c7-920f-f466974c9b85 ] Request (ServerDiagnosticsV248Test:test_get_server_diagnostics): 200 GET http://10.180.1.21/compute/v2.1/servers/8fe7d6b6-f9d6-41d3-b0b9-de114a053c17 0.147s
2025-03-18 16:41:35.635 68624 INFO tempest.lib.common.rest_client [req-8ea7a427-f853-4a30-827e-10c4554d2ffc req-8ea7a427-f853-4a30-827e-10c4554d2ffc ] Request (ServersTestJSON:setUpClass): 200 GET http://10.180.1.21/compute/v2.1/servers/e1dee11e-e22b-48b2-9767-e1a06d5d0325 0.157s
2025-03-18 16:41:35.645 68622 INFO tempest.common.waiters [-] State transition "BUILD/None" ==> "BUILD/networking" after 40 second wait
2025-03-18 16:41:35.685 68600 INFO tempest.lib.common.rest_client [req-90bd47cf-98a0-48da-851f-354b955f5323 req-90bd47cf-98a0-48da-851f-354b955f5323 ] Request (ServersTestJSON:test_create_server_with_ipv6_addr_only): 200 GET http://10.180.1.21/compute/v2.1/servers/ea193bed-f2ab-46db-9db5-3c0ca3c18b3b 0.141s
2025-03-18 16:41:35.688 68604 INFO tempest.lib.common.rest_client [req-452adfc8-bd2c-43aa-8c3d-b472547465a4 req-452adfc8-bd2c-43aa-8c3d-b472547465a4 ] Request (ServersNegativeTestJSON:setUpClass): 200 GET http://10.180.1.21/compute/v2.1/servers/e4180bfa-0718-445e-823c-0fc272adb215 0.145s
2025-03-18 16:41:35.695 68604 INFO tempest.common.waiters [-] State transition "BUILD/scheduling" ==> "BUILD/None" after 9 second wait
2025-03-18 16:41:35.735 68594 INFO tempest.lib.common.rest_client [req-8cedb188-010b-4f19-8651-19f0aa6a67d6 req-8cedb188-010b-4f19-8651-19f0aa6a67d6 ] Request (ServerMetadataNegativeTestJSON:setUpClass): 200 GET http://10.180.1.21/compute/v2.1/servers/b218486a-5377-493a-af05-62611c6d65e2 0.130s
2025-03-18 16:41:35.751 68632 INFO tempest.lib.common.rest_client [req-f5caff61-209a-4ff5-8051-2c0fda67caa8 req-f5caff61-209a-4ff5-8051-2c0fda67caa8 ] Request (ServerPasswordTestJSON:tearDownClass): 200 GET http://10.180.1.21/compute/v2.1/servers/357679d3-4eba-4d3f-9178-43e4521fe6aa 0.093s
2025-03-18 16:41:35.800 68611 INFO tempest.lib.common.rest_client [req-ce752064-9449-4943-8b93-1299d4648caa req-ce752064-9449-4943-8b93-1299d4648caa ] Request (InstanceActionsTestJSON:setUpClass): 200 GET http://10.180.1.21/compute/v2.1/servers/cd01f9f6-0793-4e51-8197-6022d31f9a97 0.101s
2025-03-18 16:41:35.851 68617 INFO tempest.lib.common.rest_client [req-3a2c0cbf-a753-4ee5-859c-b8f0d2e3e333 req-3a2c0cbf-a753-4ee5-859c-b8f0d2e3e333 ] Request (ServerDiskConfigTestJSON:test_rebuild_server_with_auto_disk_config): 200 GET http://10.180.1.21/compute/v2.1/servers/afb6920d-1c34-440d-a0df-33e48701dade 0.106s
2025-03-18 16:41:35.857 68630 INFO tempest.lib.common.rest_client [req-30b885b1-c515-4c8f-a2fb-073b5167adc6 req-30b885b1-c515-4c8f-a2fb-073b5167adc6 ] Request (ListServersNegativeTestJSON:setUpClass): 200 PUT http://10.180.1.21:9696/networking/v2.0/routers/14571f0c-9dd7-479e-bae1-33596c5d41be/add_router_interface 1.076s
2025-03-18 16:41:35.857 68630 INFO tempest.lib.common.dynamic_creds [-] Created isolated network resources for: credentials: Credentials: {'domain_id': 'default', 'domain_name': 'Default', 'username': 'tempest-ListServersNegativeTestJSON-1015952662-project-member', 'project_domain_id': 'default', 'project_domain_name': 'Default', 'project_id': '25432722c5cd4eeb9cdc7782e8ffe6d1', 'project_name': 'tempest-ListServersNegativeTestJSON-1015952662', 'tenant_id': '25432722c5cd4eeb9cdc7782e8ffe6d1', 'tenant_name': 'tempest-ListServersNegativeTestJSON-1015952662', 'user_domain_id': 'default', 'user_domain_name': 'Default', 'user_id': 'fc53d909e71a49b193928b45ee9d0b73', 'system': None}, Network: {'id': '5cb67257-1431-4913-810f-10dea565dc7f', 'name': 'tempest-ListServersNegativeTestJSON-1183116964-network', 'tenant_id': '25432722c5cd4eeb9cdc7782e8ffe6d1', 'admin_state_up': True, 'mtu': 8950, 'status': 'ACTIVE', 'subnets': [], 'shared': False, 'project_id': '25432722c5cd4eeb9cdc7782e8ffe6d1', 'port_security_enabled': True, 'router:external': False, 'provider:network_type': 'vlan', 'provider:physical_network': 'default', 'provider:segmentation_id': 261, 'availability_zone_hints': [], 'availability_zones': [], 'ipv4_address_scope': None, 'ipv6_address_scope': None, 'description': '', 'tags': [], 'created_at': '2025-03-18T16:41:33Z', 'updated_at': '2025-03-18T16:41:33Z', 'revision_number': 1}, Subnet: {'id': '7f506cde-1030-4cac-9f35-e4d9d3331fb9', 'name': 'tempest-ListServersNegativeTestJSON-1183116964-subnet', 'tenant_id': '25432722c5cd4eeb9cdc7782e8ffe6d1', 'network_id': '5cb67257-1431-4913-810f-10dea565dc7f', 'ip_version': 4, 'subnetpool_id': None, 'enable_dhcp': True, 'ipv6_ra_mode': None, 'ipv6_address_mode': None, 'gateway_ip': '192.168.128.1', 'cidr': '192.168.128.0/28', 'allocation_pools': [{'start': '192.168.128.2', 'end': '192.168.128.14'}], 'host_routes': [], 'dns_nameservers': [], 'description': '', 'router:external': False, 'service_types': [], 'tags': [], 'created_at': '2025-03-18T16:41:33Z', 'updated_at': '2025-03-18T16:41:33Z', 'revision_number': 0, 'project_id': '25432722c5cd4eeb9cdc7782e8ffe6d1'}, Router: {'id': '14571f0c-9dd7-479e-bae1-33596c5d41be', 'name': 'tempest-ListServersNegativeTestJSON-1183116964-router', 'tenant_id': '25432722c5cd4eeb9cdc7782e8ffe6d1', 'admin_state_up': True, 'status': 'ACTIVE', 'external_gateway_info': {'network_id': 'b3826991-2d97-49f9-baa8-bea9a5ee7ad8', 'external_fixed_ips': [{'subnet_id': '37dc24ae-f8e6-4fbc-85ab-84cf4f7a5714', 'ip_address': '10.180.180.218'}], 'enable_snat': True}, 'description': '', 'availability_zones': [], 'distributed': False, 'ha': False, 'availability_zone_hints': [], 'routes': [], 'flavor_id': None, 'tags': [], 'created_at': '2025-03-18T16:41:34Z', 'updated_at': '2025-03-18T16:41:34Z', 'revision_number': 2, 'project_id': '25432722c5cd4eeb9cdc7782e8ffe6d1'}
2025-03-18 16:41:35.862 68626 WARNING tempest.lib.common.ssh [-] Failed to establish authenticated ssh connection to cirros@10.180.180.237 ([Errno None] Unable to connect to port 22 on 10.180.180.237). Number attempts: 1. Retry after 2 seconds.: paramiko.ssh_exception.NoValidConnectionsError: [Errno None] Unable to connect to port 22 on 10.180.180.237
2025-03-18 16:41:35.884 68586 INFO tempest.lib.common.rest_client [req-0a2e51fd-d4bf-4eac-b6a0-0f124352538a req-0a2e51fd-d4bf-4eac-b6a0-0f124352538a ] Request (InstanceActionsV221TestJSON:test_get_list_deleted_instance_actions): 200 GET http://10.180.1.21/compute/v2.1/servers/60fe2903-0080-4440-b2a4-e25fd9a177e0 0.196s
2025-03-18 16:41:35.929 68588 INFO tempest.lib.common.rest_client [req-a34f1a96-b82f-439a-a767-572e6cf946c3 req-a34f1a96-b82f-439a-a767-572e6cf946c3 ] Request (ImagesNegativeTestJSON:test_create_image_from_deleted_server): 200 GET http://10.180.1.21/compute/v2.1/servers/f42defe1-aa9a-4277-b53f-4a72bc3150a2 0.183s
2025-03-18 16:41:35.941 68596 INFO tempest.lib.common.rest_client [req-d99a9f94-8115-4463-a825-222cf04f6c8f req-d99a9f94-8115-4463-a825-222cf04f6c8f ] Request (MigrationsAdminTest:test_resize_server_revert_deleted_flavor): 200 GET http://10.180.1.21/compute/v2.1/servers/0196b796-8e2b-470e-90a0-4cd261d46415 0.144s
2025-03-18 16:41:35.987 68584 INFO tempest.lib.common.rest_client [req-40f1e149-4979-4fd0-92a2-c61c85053965 req-40f1e149-4979-4fd0-92a2-c61c85053965 ] Request (DeleteServersAdminTestJSON:test_delete_server_while_in_error_state): 200 GET http://10.180.1.21/compute/v2.1/servers/a45be5f5-c1a5-45b1-8b88-7eca1b3cb8b6 0.187s
2025-03-18 16:41:35.992 68630 INFO tempest.lib.common.rest_client [req-0109f98d-dff1-4deb-933b-a0a63b7a63bf req-0109f98d-dff1-4deb-933b-a0a63b7a63bf ] Request (ListServersNegativeTestJSON:setUpClass): 201 POST http://10.180.1.21/identity/v3/auth/tokens 0.125s
2025-03-18 16:41:36.028 68630 INFO tempest.lib.common.rest_client [req-be0ebd00-8181-411f-a1f2-bac5b0a0812a req-be0ebd00-8181-411f-a1f2-bac5b0a0812a ] Request (ListServersNegativeTestJSON:setUpClass): 201 POST http://10.180.1.21/identity/v3/auth/tokens 0.033s
2025-03-18 16:41:36.028 68630 INFO tempest.lib.common.fixed_network [-] (ListServersNegativeTestJSON:setUpClass) Found network {'id': '5cb67257-1431-4913-810f-10dea565dc7f', 'name': 'tempest-ListServersNegativeTestJSON-1183116964-network', 'tenant_id': '25432722c5cd4eeb9cdc7782e8ffe6d1', 'admin_state_up': True, 'mtu': 8950, 'status': 'ACTIVE', 'subnets': [], 'shared': False, 'project_id': '25432722c5cd4eeb9cdc7782e8ffe6d1', 'port_security_enabled': True, 'router:external': False, 'provider:network_type': 'vlan', 'provider:physical_network': 'default', 'provider:segmentation_id': 261, 'availability_zone_hints': [], 'availability_zones': [], 'ipv4_address_scope': None, 'ipv6_address_scope': None, 'description': '', 'tags': [], 'created_at': '2025-03-18T16:41:33Z', 'updated_at': '2025-03-18T16:41:33Z', 'revision_number': 1} available for tenant
2025-03-18 16:41:36.039 68620 INFO tempest.lib.common.rest_client [req-8810fd46-a9d5-4a62-a344-bf07dee01e45 req-8810fd46-a9d5-4a62-a344-bf07dee01e45 ] Request (ServerTagsTestJSON:setUpClass): 200 GET http://10.180.1.21/compute/v2.1/servers/1602c168-e4e2-46ef-80d9-adfee191fde7 0.073s
2025-03-18 16:41:36.070 68576 INFO tempest.lib.common.rest_client [req-b33e025b-04cc-4bed-ae5d-cf15a8a475ec req-b33e025b-04cc-4bed-ae5d-cf15a8a475ec ] Request (ServerActionsV293TestJSON:setUpClass): 200 GET http://10.180.1.21/volume/v3/volumes/d30ebc03-0a45-4e07-b149-749a58a702b1 0.038s
2025-03-18 16:41:36.078 68608 INFO tempest.lib.common.rest_client [req-a5c2a386-6236-460c-9326-084ce167cc30 req-a5c2a386-6236-460c-9326-084ce167cc30 ] Request (ServersTestBootFromVolume:setUpClass): 200 GET http://10.180.1.21/volume/v3/volumes/1753aec1-e5d8-4d28-9027-0885bf59bbee 0.047s
2025-03-18 16:41:36.267 68598 INFO tempest.lib.common.rest_client [req-de833c20-4185-4845-853b-799f91771e27 req-de833c20-4185-4845-853b-799f91771e27 ] Request (ServersAdminNegativeTestJSON:tearDownClass): 200 GET http://10.180.1.21/compute/v2.1/servers/db064b9d-7b96-4dea-bcdc-a663c9255357 0.077s
2025-03-18 16:41:36.319 68592 INFO tempest.lib.common.rest_client [req-5cce3343-b550-48e3-8914-c4746c68b177 req-5cce3343-b550-48e3-8914-c4746c68b177 ] Request (ServersTestMultiNic:_run_cleanups): 200 GET http://10.180.1.21/compute/v2.1/servers/220c91c5-79e3-4a25-a5cc-708741b4356a 0.071s
2025-03-18 16:41:36.373 68570 INFO tempest.lib.common.rest_client [req-89b848e0-9f56-4162-b286-1a15126d4e08 req-89b848e0-9f56-4162-b286-1a15126d4e08 ] Request (FloatingIPsAssociationTestJSON:tearDownClass): 200 GET http://10.180.1.21/compute/v2.1/servers/6ea307bd-2ca4-4143-8cf0-e8d50bfc6353 0.060s
2025-03-18 16:41:36.455 68590 INFO tempest.lib.common.rest_client [req-e80cb17b-10b9-4de0-8bba-35e4db8c0f0f req-e80cb17b-10b9-4de0-8bba-35e4db8c0f0f ] Request (ImagesTestJSON:test_create_image_from_stopped_server): 200 GET http://10.180.1.21/compute/v2.1/servers/4fca172c-bc9d-4345-8d9a-ff65eb5bd56a 0.055s
2025-03-18 16:41:36.485 68630 INFO tempest.lib.common.rest_client [req-db64a5a9-f99b-47ad-8342-8ea1d81e2342 req-db64a5a9-f99b-47ad-8342-8ea1d81e2342 ] Request (ListServersNegativeTestJSON:setUpClass): 202 POST http://10.180.1.21/compute/v2.1/servers 0.457s
2025-03-18 16:41:36.548 68574 INFO tempest.lib.common.rest_client [req-53896351-90ff-451e-bb90-62b37df1e35c req-53896351-90ff-451e-bb90-62b37df1e35c ] Request (ImagesOneServerTestJSON:tearDownClass): 200 GET http://10.180.1.21/compute/v2.1/servers/7575146e-b572-457f-a8e8-34005b5e9028 0.077s
2025-03-18 16:41:36.558 68630 INFO tempest.lib.common.rest_client [req-b54aa9e2-3dfb-430f-a91d-b9754f4b2a0f req-b54aa9e2-3dfb-430f-a91d-b9754f4b2a0f ] Request (ListServersNegativeTestJSON:setUpClass): 200 GET http://10.180.1.21/compute/v2.1/servers 0.070s
2025-03-18 16:41:36.610 68630 INFO tempest.lib.common.rest_client [req-2665cdab-4dc3-47f2-9a75-01ca3d738503 req-2665cdab-4dc3-47f2-9a75-01ca3d738503 ] Request (ListServersNegativeTestJSON:setUpClass): 200 GET http://10.180.1.21/compute/v2.1/servers/47de732d-5723-4c39-bb80-cbc393cbb123 0.050s
2025-03-18 16:41:36.628 68578 WARNING tempest.lib.common.ssh [-] Failed to establish authenticated ssh connection to cirros@10.180.180.204 ([Errno None] Unable to connect to port 22 on 10.180.180.204). Number attempts: 7. Retry after 8 seconds.: paramiko.ssh_exception.NoValidConnectionsError: [Errno None] Unable to connect to port 22 on 10.180.180.204
2025-03-18 16:41:36.630 68614 INFO tempest.lib.common.rest_client [req-56ec6560-d3be-4175-9710-0d57212cfefa req-56ec6560-d3be-4175-9710-0d57212cfefa ] Request (ServersAdminTestJSON:test_inject_network_info): 200 GET http://10.180.1.21/compute/v2.1/servers/066e61d9-8593-438c-87f0-871332f73ffd 0.104s
2025-03-18 16:41:36.678 68582 INFO tempest.lib.common.rest_client [req-e750a3a2-7829-4f88-94f2-901656a5ad78 req-e750a3a2-7829-4f88-94f2-901656a5ad78 ] Request (ServerRescueTestJSON:test_rescue_unrescue_instance): 200 GET http://10.180.1.21/compute/v2.1/servers/6f44a390-b18c-4da9-b779-3e45c1a9ed92 0.088s
2025-03-18 16:41:36.749 68622 INFO tempest.lib.common.rest_client [req-09a6adf2-b6e8-466d-92e4-c049f59cddf4 req-09a6adf2-b6e8-466d-92e4-c049f59cddf4 ] Request (ServerDiagnosticsV248Test:test_get_server_diagnostics): 200 GET http://10.180.1.21/compute/v2.1/servers/8fe7d6b6-f9d6-41d3-b0b9-de114a053c17 0.102s
2025-03-18 16:41:36.761 68622 INFO tempest.common.waiters [-] State transition "BUILD/networking" ==> "BUILD/block_device_mapping" after 41 second wait
2025-03-18 16:41:36.799 68624 INFO tempest.lib.common.rest_client [req-3aded3c9-e795-4119-98ac-ccb6f015f243 req-3aded3c9-e795-4119-98ac-ccb6f015f243 ] Request (ServersTestJSON:setUpClass): 200 GET http://10.180.1.21/compute/v2.1/servers/e1dee11e-e22b-48b2-9767-e1a06d5d0325 0.155s
2025-03-18 16:41:36.812 68600 INFO tempest.lib.common.rest_client [req-e6381b8a-651b-4853-82a9-ccbb81e6bb76 req-e6381b8a-651b-4853-82a9-ccbb81e6bb76 ] Request (ServersTestJSON:test_create_server_with_ipv6_addr_only): 200 GET http://10.180.1.21/compute/v2.1/servers/ea193bed-f2ab-46db-9db5-3c0ca3c18b3b 0.116s
2025-03-18 16:41:36.855 68604 INFO tempest.lib.common.rest_client [req-44015a0f-5c54-4a55-ab10-ebea654bc743 req-44015a0f-5c54-4a55-ab10-ebea654bc743 ] Request (ServersNegativeTestJSON:setUpClass): 200 GET http://10.180.1.21/compute/v2.1/servers/e4180bfa-0718-445e-823c-0fc272adb215 0.159s
2025-03-18 16:41:36.868 68594 INFO tempest.lib.common.rest_client [req-ca1c7870-f822-4db2-8113-0a103ce102d9 req-ca1c7870-f822-4db2-8113-0a103ce102d9 ] Request (ServerMetadataNegativeTestJSON:setUpClass): 200 GET http://10.180.1.21/compute/v2.1/servers/b218486a-5377-493a-af05-62611c6d65e2 0.123s
2025-03-18 16:41:36.922 68632 INFO tempest.lib.common.rest_client [req-82d2f54c-bf27-42c1-9119-9df098664df1 req-82d2f54c-bf27-42c1-9119-9df098664df1 ] Request (ServerPasswordTestJSON:tearDownClass): 200 GET http://10.180.1.21/compute/v2.1/servers/357679d3-4eba-4d3f-9178-43e4521fe6aa 0.162s
2025-03-18 16:41:36.929 68611 INFO tempest.lib.common.rest_client [req-9a3ff0b8-89f7-4999-a9bb-51b94430b281 req-9a3ff0b8-89f7-4999-a9bb-51b94430b281 ] Request (InstanceActionsTestJSON:setUpClass): 200 GET http://10.180.1.21/compute/v2.1/servers/cd01f9f6-0793-4e51-8197-6022d31f9a97 0.115s
2025-03-18 16:41:36.977 68617 INFO tempest.lib.common.rest_client [req-98e0a14a-b6b7-43fe-b219-ef4b6e8bd49b req-98e0a14a-b6b7-43fe-b219-ef4b6e8bd49b ] Request (ServerDiskConfigTestJSON:test_rebuild_server_with_auto_disk_config): 200 GET http://10.180.1.21/compute/v2.1/servers/afb6920d-1c34-440d-a0df-33e48701dade 0.115s
2025-03-18 16:41:36.984 68586 INFO tempest.lib.common.rest_client [req-4443d33e-4553-44cb-ba5b-8e4397c18cf1 req-4443d33e-4553-44cb-ba5b-8e4397c18cf1 ] Request (InstanceActionsV221TestJSON:test_get_list_deleted_instance_actions): 200 GET http://10.180.1.21/compute/v2.1/servers/60fe2903-0080-4440-b2a4-e25fd9a177e0 0.090s
2025-03-18 16:41:37.039 68588 INFO tempest.lib.common.rest_client [req-34e0d94f-d8a4-42b4-94c5-a090e3ebdbcd req-34e0d94f-d8a4-42b4-94c5-a090e3ebdbcd ] Request (ImagesNegativeTestJSON:test_create_image_from_deleted_server): 200 GET http://10.180.1.21/compute/v2.1/servers/f42defe1-aa9a-4277-b53f-4a72bc3150a2 0.097s
2025-03-18 16:41:37.046 68596 INFO tempest.lib.common.rest_client [req-58ddeb39-bbd0-4fab-a355-e71860b79696 req-58ddeb39-bbd0-4fab-a355-e71860b79696 ] Request (MigrationsAdminTest:test_resize_server_revert_deleted_flavor): 200 GET http://10.180.1.21/compute/v2.1/servers/0196b796-8e2b-470e-90a0-4cd261d46415 0.095s
2025-03-18 16:41:37.108 68584 INFO tempest.lib.common.rest_client [req-9c2ed313-f379-46e9-96da-ceca610918b2 req-9c2ed313-f379-46e9-96da-ceca610918b2 ] Request (DeleteServersAdminTestJSON:test_delete_server_while_in_error_state): 200 GET http://10.180.1.21/compute/v2.1/servers/a45be5f5-c1a5-45b1-8b88-7eca1b3cb8b6 0.112s
2025-03-18 16:41:37.115 68620 INFO tempest.lib.common.rest_client [req-92b9f6ab-b2d6-4e21-b792-81973e2414e7 req-92b9f6ab-b2d6-4e21-b792-81973e2414e7 ] Request (ServerTagsTestJSON:setUpClass): 200 GET http://10.180.1.21/compute/v2.1/servers/1602c168-e4e2-46ef-80d9-adfee191fde7 0.063s
2025-03-18 16:41:37.122 68576 INFO tempest.lib.common.rest_client [req-35de948f-a1dc-46a6-b3a4-6bef9d7b731b req-35de948f-a1dc-46a6-b3a4-6bef9d7b731b ] Request (ServerActionsV293TestJSON:setUpClass): 200 GET http://10.180.1.21/volume/v3/volumes/d30ebc03-0a45-4e07-b149-749a58a702b1 0.039s
2025-03-18 16:41:37.123 68608 INFO tempest.lib.common.rest_client [req-52c1dbb2-376b-451a-b654-f7eb69d06040 req-52c1dbb2-376b-451a-b654-f7eb69d06040 ] Request (ServersTestBootFromVolume:setUpClass): 200 GET http://10.180.1.21/volume/v3/volumes/1753aec1-e5d8-4d28-9027-0885bf59bbee 0.034s
2025-03-18 16:41:37.349 68598 INFO tempest.lib.common.rest_client [req-53738a3b-357d-4bb8-878c-f4df1a0a0b0b req-53738a3b-357d-4bb8-878c-f4df1a0a0b0b ] Request (ServersAdminNegativeTestJSON:tearDownClass): 200 GET http://10.180.1.21/compute/v2.1/servers/db064b9d-7b96-4dea-bcdc-a663c9255357 0.072s
2025-03-18 16:41:37.391 68592 INFO tempest.lib.common.rest_client [req-1a71bc77-df7b-41bb-abc0-122e981ebd89 req-1a71bc77-df7b-41bb-abc0-122e981ebd89 ] Request (ServersTestMultiNic:_run_cleanups): 200 GET http://10.180.1.21/compute/v2.1/servers/220c91c5-79e3-4a25-a5cc-708741b4356a 0.064s
2025-03-18 16:41:37.449 68570 INFO tempest.lib.common.rest_client [req-c1ebd8bd-6c2b-4b83-94cd-e57b11820a97 req-c1ebd8bd-6c2b-4b83-94cd-e57b11820a97 ] Request (FloatingIPsAssociationTestJSON:tearDownClass): 200 GET http://10.180.1.21/compute/v2.1/servers/6ea307bd-2ca4-4143-8cf0-e8d50bfc6353 0.067s
2025-03-18 16:41:37.522 68590 INFO tempest.lib.common.rest_client [req-fc9d9d77-d087-44b1-af9c-b1823cf6325c req-fc9d9d77-d087-44b1-af9c-b1823cf6325c ] Request (ImagesTestJSON:test_create_image_from_stopped_server): 200 GET http://10.180.1.21/compute/v2.1/servers/4fca172c-bc9d-4345-8d9a-ff65eb5bd56a 0.058s
2025-03-18 16:41:37.625 68574 INFO tempest.lib.common.rest_client [req-3c36d45a-5818-4591-9115-b44dc102d687 req-3c36d45a-5818-4591-9115-b44dc102d687 ] Request (ImagesOneServerTestJSON:tearDownClass): 200 GET http://10.180.1.21/compute/v2.1/servers/7575146e-b572-457f-a8e8-34005b5e9028 0.065s
2025-03-18 16:41:37.667 68630 INFO tempest.lib.common.rest_client [req-0a665b52-0037-4d58-831c-38df663d26de req-0a665b52-0037-4d58-831c-38df663d26de ] Request (ListServersNegativeTestJSON:setUpClass): 200 GET http://10.180.1.21/compute/v2.1/servers/47de732d-5723-4c39-bb80-cbc393cbb123 0.050s
2025-03-18 16:41:37.691 68614 INFO tempest.lib.common.rest_client [req-32bec81a-e514-4e74-9868-937c28dcb3a3 req-32bec81a-e514-4e74-9868-937c28dcb3a3 ] Request (ServersAdminTestJSON:test_inject_network_info): 200 GET http://10.180.1.21/compute/v2.1/servers/066e61d9-8593-438c-87f0-871332f73ffd 0.053s
2025-03-18 16:41:37.744 68582 INFO tempest.lib.common.rest_client [req-0c92150c-e8e3-4398-b43d-0228d40b53b8 req-0c92150c-e8e3-4398-b43d-0228d40b53b8 ] Request (ServerRescueTestJSON:test_rescue_unrescue_instance): 200 GET http://10.180.1.21/compute/v2.1/servers/6f44a390-b18c-4da9-b779-3e45c1a9ed92 0.054s
2025-03-18 16:41:37.825 68622 INFO tempest.lib.common.rest_client [req-0c618e89-b544-4583-aec3-5b77aa57715c req-0c618e89-b544-4583-aec3-5b77aa57715c ] Request (ServerDiagnosticsV248Test:test_get_server_diagnostics): 200 GET http://10.180.1.21/compute/v2.1/servers/8fe7d6b6-f9d6-41d3-b0b9-de114a053c17 0.063s
2025-03-18 16:41:37.834 68622 INFO tempest.common.waiters [-] State transition "BUILD/block_device_mapping" ==> "BUILD/spawning" after 42 second wait
2025-03-18 16:41:37.888 68600 INFO tempest.lib.common.rest_client [req-1caac435-6861-4ffe-99c0-cde559a27c55 req-1caac435-6861-4ffe-99c0-cde559a27c55 ] Request (ServersTestJSON:test_create_server_with_ipv6_addr_only): 200 GET http://10.180.1.21/compute/v2.1/servers/ea193bed-f2ab-46db-9db5-3c0ca3c18b3b 0.064s
2025-03-18 16:41:37.920 68624 INFO tempest.lib.common.rest_client [req-04411fe8-46e5-49fb-9dfa-61780a186066 req-04411fe8-46e5-49fb-9dfa-61780a186066 ] Request (ServersTestJSON:setUpClass): 200 GET http://10.180.1.21/compute/v2.1/servers/e1dee11e-e22b-48b2-9767-e1a06d5d0325 0.111s
2025-03-18 16:41:37.939 68604 INFO tempest.lib.common.rest_client [req-507dfa09-b9fa-41a0-a9b6-52887e1dc836 req-507dfa09-b9fa-41a0-a9b6-52887e1dc836 ] Request (ServersNegativeTestJSON:setUpClass): 200 GET http://10.180.1.21/compute/v2.1/servers/e4180bfa-0718-445e-823c-0fc272adb215 0.073s
2025-03-18 16:41:37.982 68594 INFO tempest.lib.common.rest_client [req-e81f1ce4-c3ba-4680-84a5-590982bad7c8 req-e81f1ce4-c3ba-4680-84a5-590982bad7c8 ] Request (ServerMetadataNegativeTestJSON:setUpClass): 200 GET http://10.180.1.21/compute/v2.1/servers/b218486a-5377-493a-af05-62611c6d65e2 0.105s
2025-03-18 16:41:37.998 68611 INFO tempest.lib.common.rest_client [req-339a37fa-c5d3-4e05-bfc1-13f947787f68 req-339a37fa-c5d3-4e05-bfc1-13f947787f68 ] Request (InstanceActionsTestJSON:setUpClass): 200 GET http://10.180.1.21/compute/v2.1/servers/cd01f9f6-0793-4e51-8197-6022d31f9a97 0.059s
2025-03-18 16:41:38.052 68632 INFO tempest.lib.common.rest_client [req-cd802501-9b5c-4cc2-8abc-b37581395c7f req-cd802501-9b5c-4cc2-8abc-b37581395c7f ] Request (ServerPasswordTestJSON:tearDownClass): 200 GET http://10.180.1.21/compute/v2.1/servers/357679d3-4eba-4d3f-9178-43e4521fe6aa 0.109s
2025-03-18 16:41:38.061 68617 INFO tempest.lib.common.rest_client [req-7e0fd924-726d-4887-882a-4ba8b2cabda4 req-7e0fd924-726d-4887-882a-4ba8b2cabda4 ] Request (ServerDiskConfigTestJSON:test_rebuild_server_with_auto_disk_config): 200 GET http://10.180.1.21/compute/v2.1/servers/afb6920d-1c34-440d-a0df-33e48701dade 0.071s
2025-03-18 16:41:38.108 68586 INFO tempest.lib.common.rest_client [req-7bc9537a-2474-460b-a6ea-95f40a7ff9a0 req-7bc9537a-2474-460b-a6ea-95f40a7ff9a0 ] Request (InstanceActionsV221TestJSON:test_get_list_deleted_instance_actions): 200 GET http://10.180.1.21/compute/v2.1/servers/60fe2903-0080-4440-b2a4-e25fd9a177e0 0.113s
2025-03-18 16:41:38.116 68586 INFO tempest.common.waiters [-] State transition "ACTIVE/deleting" ==> "DELETED/None" after 4 second wait
2025-03-18 16:41:38.129 68588 INFO tempest.lib.common.rest_client [req-96aa7343-152a-4aa1-a244-930e40b63cb0 req-96aa7343-152a-4aa1-a244-930e40b63cb0 ] Request (ImagesNegativeTestJSON:test_create_image_from_deleted_server): 200 GET http://10.180.1.21/compute/v2.1/servers/f42defe1-aa9a-4277-b53f-4a72bc3150a2 0.080s
2025-03-18 16:41:38.156 68596 INFO tempest.lib.common.rest_client [req-d54fc8fd-10aa-4460-a1db-e2e583fbe8d4 req-d54fc8fd-10aa-4460-a1db-e2e583fbe8d4 ] Request (MigrationsAdminTest:test_resize_server_revert_deleted_flavor): 200 GET http://10.180.1.21/compute/v2.1/servers/0196b796-8e2b-470e-90a0-4cd261d46415 0.100s
2025-03-18 16:41:38.159 68608 INFO tempest.lib.common.rest_client [req-a9d8ab86-402a-45c7-9368-747042c21b28 req-a9d8ab86-402a-45c7-9368-747042c21b28 ] Request (ServersTestBootFromVolume:setUpClass): 200 GET http://10.180.1.21/volume/v3/volumes/1753aec1-e5d8-4d28-9027-0885bf59bbee 0.028s
2025-03-18 16:41:38.160 68576 INFO tempest.lib.common.rest_client [req-8ed75dd0-1fff-4a46-8896-bd8a75448829 req-8ed75dd0-1fff-4a46-8896-bd8a75448829 ] Request (ServerActionsV293TestJSON:setUpClass): 200 GET http://10.180.1.21/volume/v3/volumes/d30ebc03-0a45-4e07-b149-749a58a702b1 0.030s
2025-03-18 16:41:38.165 68608 INFO tempest.common.waiters [-] volume 1753aec1-e5d8-4d28-9027-0885bf59bbee reached available after waiting for 20.165705 seconds
2025-03-18 16:41:38.167 68576 INFO tempest.common.waiters [-] volume d30ebc03-0a45-4e07-b149-749a58a702b1 reached available after waiting for 20.167858 seconds
2025-03-18 16:41:38.185 68584 INFO tempest.lib.common.rest_client [req-5b94b7a4-5140-48ca-99d4-567b2fcc4a46 req-5b94b7a4-5140-48ca-99d4-567b2fcc4a46 ] Request (DeleteServersAdminTestJSON:test_delete_server_while_in_error_state): 200 GET http://10.180.1.21/compute/v2.1/servers/a45be5f5-c1a5-45b1-8b88-7eca1b3cb8b6 0.067s
2025-03-18 16:41:38.202 68620 INFO tempest.lib.common.rest_client [req-fdf640ee-cb09-47a0-b8e9-5ffd23ef5bed req-fdf640ee-cb09-47a0-b8e9-5ffd23ef5bed ] Request (ServerTagsTestJSON:setUpClass): 200 GET http://10.180.1.21/compute/v2.1/servers/1602c168-e4e2-46ef-80d9-adfee191fde7 0.071s
2025-03-18 16:41:38.356 68572 WARNING tempest.lib.common.ssh [-] Failed to establish authenticated ssh connection to cirros@10.180.180.201 ([Errno None] Unable to connect to port 22 on 10.180.180.201). Number attempts: 5. Retry after 6 seconds.: paramiko.ssh_exception.NoValidConnectionsError: [Errno None] Unable to connect to port 22 on 10.180.180.201
2025-03-18 16:41:38.624 68608 INFO tempest.lib.common.rest_client [req-11f6ae77-3b3b-4a26-968b-5f7699f105a0 req-11f6ae77-3b3b-4a26-968b-5f7699f105a0 ] Request (ServersTestBootFromVolume:setUpClass): 202 POST http://10.180.1.21/compute/v2.1/servers 0.459s
2025-03-18 16:41:38.628 68576 INFO tempest.lib.common.rest_client [req-8b5949e3-b377-4912-8a8a-61cf2d3c39e5 req-8b5949e3-b377-4912-8a8a-61cf2d3c39e5 ] Request (ServerActionsV293TestJSON:setUpClass): 202 POST http://10.180.1.21/compute/v2.1/servers 0.461s
2025-03-18 16:41:38.699 68598 INFO tempest.lib.common.rest_client [req-77019fc0-ed8c-411d-ad3b-6b0aee9ed896 req-77019fc0-ed8c-411d-ad3b-6b0aee9ed896 ] Request (ServersAdminNegativeTestJSON:tearDownClass): 200 GET http://10.180.1.21/compute/v2.1/servers/db064b9d-7b96-4dea-bcdc-a663c9255357 0.341s
2025-03-18 16:41:38.704 68592 INFO tempest.lib.common.rest_client [req-6c83d490-97eb-4628-b19a-44b51f1681dd req-6c83d490-97eb-4628-b19a-44b51f1681dd ] Request (ServersTestMultiNic:_run_cleanups): 200 GET http://10.180.1.21/compute/v2.1/servers/220c91c5-79e3-4a25-a5cc-708741b4356a 0.305s
2025-03-18 16:41:38.758 68570 INFO tempest.lib.common.rest_client [req-7f1f7736-c8b7-4689-9a8c-c51f2418fe1c req-7f1f7736-c8b7-4689-9a8c-c51f2418fe1c ] Request (FloatingIPsAssociationTestJSON:tearDownClass): 200 GET http://10.180.1.21/compute/v2.1/servers/6ea307bd-2ca4-4143-8cf0-e8d50bfc6353 0.301s
2025-03-18 16:41:38.769 68590 INFO tempest.lib.common.rest_client [req-83d8ca9b-50dc-4eaa-9c41-2505d928f098 req-83d8ca9b-50dc-4eaa-9c41-2505d928f098 ] Request (ImagesTestJSON:test_create_image_from_stopped_server): 200 GET http://10.180.1.21/compute/v2.1/servers/4fca172c-bc9d-4345-8d9a-ff65eb5bd56a 0.239s
2025-03-18 16:41:38.805 68608 INFO tempest.lib.common.rest_client [req-ca074271-7e7c-41a1-8617-8d4e6838ef6d req-ca074271-7e7c-41a1-8617-8d4e6838ef6d ] Request (ServersTestBootFromVolume:setUpClass): 200 GET http://10.180.1.21/compute/v2.1/servers/83b41147-3328-4251-8b8c-242a50534830 0.176s
2025-03-18 16:41:38.818 68576 INFO tempest.lib.common.rest_client [req-38b6d3ec-fcd9-4a72-9948-5a5f19cbc9ee req-38b6d3ec-fcd9-4a72-9948-5a5f19cbc9ee ] Request (ServerActionsV293TestJSON:setUpClass): 200 GET http://10.180.1.21/compute/v2.1/servers/6dc99502-2329-4b20-828e-20591575c8ab 0.186s
2025-03-18 16:41:38.869 68574 INFO tempest.lib.common.rest_client [req-46160078-a33d-49e4-a3e2-f0f37569c920 req-46160078-a33d-49e4-a3e2-f0f37569c920 ] Request (ImagesOneServerTestJSON:tearDownClass): 200 GET http://10.180.1.21/compute/v2.1/servers/7575146e-b572-457f-a8e8-34005b5e9028 0.235s
2025-03-18 16:41:38.877 68630 INFO tempest.lib.common.rest_client [req-e7da390b-acb7-43eb-96db-9f5ed7cb98b6 req-e7da390b-acb7-43eb-96db-9f5ed7cb98b6 ] Request (ListServersNegativeTestJSON:setUpClass): 200 GET http://10.180.1.21/compute/v2.1/servers/47de732d-5723-4c39-bb80-cbc393cbb123 0.201s
2025-03-18 16:41:38.925 68614 INFO tempest.lib.common.rest_client [req-b85db8f6-f12e-4c65-8937-3b668e2ab36c req-b85db8f6-f12e-4c65-8937-3b668e2ab36c ] Request (ServersAdminTestJSON:test_inject_network_info): 200 GET http://10.180.1.21/compute/v2.1/servers/066e61d9-8593-438c-87f0-871332f73ffd 0.222s
2025-03-18 16:41:38.932 68602 WARNING tempest.lib.common.ssh [-] Failed to establish authenticated ssh connection to cirros@10.180.180.192 ([Errno None] Unable to connect to port 22 on 10.180.180.192). Number attempts: 7. Retry after 8 seconds.: paramiko.ssh_exception.NoValidConnectionsError: [Errno None] Unable to connect to port 22 on 10.180.180.192
2025-03-18 16:41:38.934 68626 WARNING tempest.lib.common.ssh [-] Failed to establish authenticated ssh connection to cirros@10.180.180.237 ([Errno None] Unable to connect to port 22 on 10.180.180.237). Number attempts: 2. Retry after 3 seconds.: paramiko.ssh_exception.NoValidConnectionsError: [Errno None] Unable to connect to port 22 on 10.180.180.237
2025-03-18 16:41:38.988 68622 INFO tempest.lib.common.rest_client [req-ce12de1e-66e8-49ba-ab18-bfad05fb8972 req-ce12de1e-66e8-49ba-ab18-bfad05fb8972 ] Request (ServerDiagnosticsV248Test:test_get_server_diagnostics): 200 GET http://10.180.1.21/compute/v2.1/servers/8fe7d6b6-f9d6-41d3-b0b9-de114a053c17 0.153s
2025-03-18 16:41:39.004 68582 INFO tempest.lib.common.rest_client [req-b337d0dc-c790-4f7c-b7d3-2865af890135 req-b337d0dc-c790-4f7c-b7d3-2865af890135 ] Request (ServerRescueTestJSON:test_rescue_unrescue_instance): 200 GET http://10.180.1.21/compute/v2.1/servers/6f44a390-b18c-4da9-b779-3e45c1a9ed92 0.252s
2025-03-18 16:41:39.013 68582 INFO tempest.common.waiters [-] State transition "BUILD/None" ==> "BUILD/networking" after 42 second wait
2025-03-18 16:41:39.042 68600 INFO tempest.lib.common.rest_client [req-583b1895-aae7-4ea2-958e-dfe83a8dd544 req-583b1895-aae7-4ea2-958e-dfe83a8dd544 ] Request (ServersTestJSON:test_create_server_with_ipv6_addr_only): 200 GET http://10.180.1.21/compute/v2.1/servers/ea193bed-f2ab-46db-9db5-3c0ca3c18b3b 0.146s
2025-03-18 16:41:39.099 68624 INFO tempest.lib.common.rest_client [req-e5e9472d-1904-42d9-a7c5-4dac080339b1 req-e5e9472d-1904-42d9-a7c5-4dac080339b1 ] Request (ServersTestJSON:setUpClass): 200 GET http://10.180.1.21/compute/v2.1/servers/e1dee11e-e22b-48b2-9767-e1a06d5d0325 0.172s
2025-03-18 16:41:39.103 68604 INFO tempest.lib.common.rest_client [req-0f51c2b9-3ad9-4f58-9f31-fee7fbb02b69 req-0f51c2b9-3ad9-4f58-9f31-fee7fbb02b69 ] Request (ServersNegativeTestJSON:setUpClass): 200 GET http://10.180.1.21/compute/v2.1/servers/e4180bfa-0718-445e-823c-0fc272adb215 0.152s
2025-03-18 16:41:39.156 68611 INFO tempest.lib.common.rest_client [req-706838a0-5c49-459f-aa5d-87639d306ecb req-706838a0-5c49-459f-aa5d-87639d306ecb ] Request (InstanceActionsTestJSON:setUpClass): 200 GET http://10.180.1.21/compute/v2.1/servers/cd01f9f6-0793-4e51-8197-6022d31f9a97 0.148s
2025-03-18 16:41:39.157 68594 INFO tempest.lib.common.rest_client [req-3c7090c0-9d76-41da-a4bd-0780c4841199 req-3c7090c0-9d76-41da-a4bd-0780c4841199 ] Request (ServerMetadataNegativeTestJSON:setUpClass): 200 GET http://10.180.1.21/compute/v2.1/servers/b218486a-5377-493a-af05-62611c6d65e2 0.161s
2025-03-18 16:41:39.210 68617 INFO tempest.lib.common.rest_client [req-b02bcdd4-deb6-40dc-9e01-a148671fc3e7 req-b02bcdd4-deb6-40dc-9e01-a148671fc3e7 ] Request (ServerDiskConfigTestJSON:test_rebuild_server_with_auto_disk_config): 200 GET http://10.180.1.21/compute/v2.1/servers/afb6920d-1c34-440d-a0df-33e48701dade 0.141s
2025-03-18 16:41:39.229 68632 INFO tempest.lib.common.rest_client [req-4bb35871-c270-4338-9c64-1f42e731dd31 req-4bb35871-c270-4338-9c64-1f42e731dd31 ] Request (ServerPasswordTestJSON:tearDownClass): 200 GET http://10.180.1.21/compute/v2.1/servers/357679d3-4eba-4d3f-9178-43e4521fe6aa 0.165s
2025-03-18 16:41:39.283 68586 INFO tempest.lib.common.rest_client [req-9586c1e0-8978-49d5-b2c6-19fb13e7bca0 req-9586c1e0-8978-49d5-b2c6-19fb13e7bca0 ] Request (InstanceActionsV221TestJSON:test_get_list_deleted_instance_actions): 200 GET http://10.180.1.21/compute/v2.1/servers/60fe2903-0080-4440-b2a4-e25fd9a177e0 0.166s
2025-03-18 16:41:39.299 68588 INFO tempest.lib.common.rest_client [req-153df584-88c9-41aa-a190-f157d40d0864 req-153df584-88c9-41aa-a190-f157d40d0864 ] Request (ImagesNegativeTestJSON:test_create_image_from_deleted_server): 200 GET http://10.180.1.21/compute/v2.1/servers/f42defe1-aa9a-4277-b53f-4a72bc3150a2 0.163s
2025-03-18 16:41:39.332 68596 INFO tempest.lib.common.rest_client [req-af09c9ec-dc85-4358-8c4d-f9d5a7ea517b req-af09c9ec-dc85-4358-8c4d-f9d5a7ea517b ] Request (MigrationsAdminTest:test_resize_server_revert_deleted_flavor): 200 GET http://10.180.1.21/compute/v2.1/servers/0196b796-8e2b-470e-90a0-4cd261d46415 0.167s
2025-03-18 16:41:39.358 68584 INFO tempest.lib.common.rest_client [req-e7f8ba5d-c7d0-4dc8-9376-beff1f0cc119 req-e7f8ba5d-c7d0-4dc8-9376-beff1f0cc119 ] Request (DeleteServersAdminTestJSON:test_delete_server_while_in_error_state): 200 GET http://10.180.1.21/compute/v2.1/servers/a45be5f5-c1a5-45b1-8b88-7eca1b3cb8b6 0.165s
2025-03-18 16:41:39.399 68620 INFO tempest.lib.common.rest_client [req-56cea517-d683-4053-ad2d-a0a20cb2ea82 req-56cea517-d683-4053-ad2d-a0a20cb2ea82 ] Request (ServerTagsTestJSON:setUpClass): 200 GET http://10.180.1.21/compute/v2.1/servers/1602c168-e4e2-46ef-80d9-adfee191fde7 0.188s
2025-03-18 16:41:39.781 68592 INFO tempest.lib.common.rest_client [req-c3b8c319-b943-4679-8a8f-10eef587f75a req-c3b8c319-b943-4679-8a8f-10eef587f75a ] Request (ServersTestMultiNic:_run_cleanups): 200 GET http://10.180.1.21/compute/v2.1/servers/220c91c5-79e3-4a25-a5cc-708741b4356a 0.062s
2025-03-18 16:41:39.782 68598 INFO tempest.lib.common.rest_client [req-2e5cc57d-33f9-4971-9008-aaf967e8e1fa req-2e5cc57d-33f9-4971-9008-aaf967e8e1fa ] Request (ServersAdminNegativeTestJSON:tearDownClass): 200 GET http://10.180.1.21/compute/v2.1/servers/db064b9d-7b96-4dea-bcdc-a663c9255357 0.072s
2025-03-18 16:41:39.838 68570 INFO tempest.lib.common.rest_client [req-2cb332fd-76a9-491c-bfe8-baba3611a2a8 req-2cb332fd-76a9-491c-bfe8-baba3611a2a8 ] Request (FloatingIPsAssociationTestJSON:tearDownClass): 200 GET http://10.180.1.21/compute/v2.1/servers/6ea307bd-2ca4-4143-8cf0-e8d50bfc6353 0.070s
2025-03-18 16:41:39.845 68590 INFO tempest.lib.common.rest_client [req-6c9ef5f2-2ac8-49ac-abcd-f58ebcdab1f5 req-6c9ef5f2-2ac8-49ac-abcd-f58ebcdab1f5 ] Request (ImagesTestJSON:test_create_image_from_stopped_server): 200 GET http://10.180.1.21/compute/v2.1/servers/4fca172c-bc9d-4345-8d9a-ff65eb5bd56a 0.067s
2025-03-18 16:41:39.896 68608 INFO tempest.lib.common.rest_client [req-4b094874-4bc7-4c96-9288-0e750f4a9b1e req-4b094874-4bc7-4c96-9288-0e750f4a9b1e ] Request (ServersTestBootFromVolume:setUpClass): 200 GET http://10.180.1.21/compute/v2.1/servers/83b41147-3328-4251-8b8c-242a50534830 0.081s
2025-03-18 16:41:39.908 68576 INFO tempest.lib.common.rest_client [req-764fadc0-7d02-4f79-9160-18bf47ea20f3 req-764fadc0-7d02-4f79-9160-18bf47ea20f3 ] Request (ServerActionsV293TestJSON:setUpClass): 200 GET http://10.180.1.21/compute/v2.1/servers/6dc99502-2329-4b20-828e-20591575c8ab 0.080s
2025-03-18 16:41:39.956 68630 INFO tempest.lib.common.rest_client [req-138c6666-869f-497a-9f30-a4ebbd5f6b75 req-138c6666-869f-497a-9f30-a4ebbd5f6b75 ] Request (ListServersNegativeTestJSON:setUpClass): 200 GET http://10.180.1.21/compute/v2.1/servers/47de732d-5723-4c39-bb80-cbc393cbb123 0.071s
2025-03-18 16:41:39.959 68574 INFO tempest.lib.common.rest_client [req-ac6a6d45-d0fd-4e0c-842f-84954f14d359 req-ac6a6d45-d0fd-4e0c-842f-84954f14d359 ] Request (ImagesOneServerTestJSON:tearDownClass): 200 GET http://10.180.1.21/compute/v2.1/servers/7575146e-b572-457f-a8e8-34005b5e9028 0.083s
2025-03-18 16:41:40.004 68614 INFO tempest.lib.common.rest_client [req-d1db4b25-31ed-4a96-8c9f-88a0aab4f237 req-d1db4b25-31ed-4a96-8c9f-88a0aab4f237 ] Request (ServersAdminTestJSON:test_inject_network_info): 200 GET http://10.180.1.21/compute/v2.1/servers/066e61d9-8593-438c-87f0-871332f73ffd 0.065s
2025-03-18 16:41:40.060 68622 INFO tempest.lib.common.rest_client [req-36d32d2e-b7a4-4bad-9a93-95feedd9cd18 req-36d32d2e-b7a4-4bad-9a93-95feedd9cd18 ] Request (ServerDiagnosticsV248Test:test_get_server_diagnostics): 200 GET http://10.180.1.21/compute/v2.1/servers/8fe7d6b6-f9d6-41d3-b0b9-de114a053c17 0.062s
2025-03-18 16:41:40.115 68600 INFO tempest.lib.common.rest_client [req-75b4893d-2d6d-4785-8a9a-8ab734cd8986 req-75b4893d-2d6d-4785-8a9a-8ab734cd8986 ] Request (ServersTestJSON:test_create_server_with_ipv6_addr_only): 200 GET http://10.180.1.21/compute/v2.1/servers/ea193bed-f2ab-46db-9db5-3c0ca3c18b3b 0.064s
2025-03-18 16:41:40.119 68582 INFO tempest.lib.common.rest_client [req-da6b120c-835d-4822-bc37-305215a4ec48 req-da6b120c-835d-4822-bc37-305215a4ec48 ] Request (ServerRescueTestJSON:test_rescue_unrescue_instance): 200 GET http://10.180.1.21/compute/v2.1/servers/6f44a390-b18c-4da9-b779-3e45c1a9ed92 0.105s
2025-03-18 16:41:40.128 68582 INFO tempest.common.waiters [-] State transition "BUILD/networking" ==> "BUILD/spawning" after 43 second wait
2025-03-18 16:41:40.169 68604 INFO tempest.lib.common.rest_client [req-5e7c0700-bb57-45db-92f6-a9a2782bf095 req-5e7c0700-bb57-45db-92f6-a9a2782bf095 ] Request (ServersNegativeTestJSON:setUpClass): 200 GET http://10.180.1.21/compute/v2.1/servers/e4180bfa-0718-445e-823c-0fc272adb215 0.052s
2025-03-18 16:41:40.216 68624 INFO tempest.lib.common.rest_client [req-b1315f94-bb68-43fe-aba8-5d221a19c714 req-b1315f94-bb68-43fe-aba8-5d221a19c714 ] Request (ServersTestJSON:setUpClass): 200 GET http://10.180.1.21/compute/v2.1/servers/e1dee11e-e22b-48b2-9767-e1a06d5d0325 0.108s
2025-03-18 16:41:40.218 68611 INFO tempest.lib.common.rest_client [req-e002dccb-0103-4323-81f9-14a1b666e728 req-e002dccb-0103-4323-81f9-14a1b666e728 ] Request (InstanceActionsTestJSON:setUpClass): 200 GET http://10.180.1.21/compute/v2.1/servers/cd01f9f6-0793-4e51-8197-6022d31f9a97 0.052s
2025-03-18 16:41:40.265 68594 INFO tempest.lib.common.rest_client [req-dcb66370-2ce4-4e46-afd8-f26bfd1e453e req-dcb66370-2ce4-4e46-afd8-f26bfd1e453e ] Request (ServerMetadataNegativeTestJSON:setUpClass): 200 GET http://10.180.1.21/compute/v2.1/servers/b218486a-5377-493a-af05-62611c6d65e2 0.099s
