2025-03-18 16:41:40.273 68617 INFO tempest.lib.common.rest_client [req-4a6119ab-5f6a-41a1-930a-2041a8a399da req-4a6119ab-5f6a-41a1-930a-2041a8a399da ] Request (ServerDiskConfigTestJSON:test_rebuild_server_with_auto_disk_config): 200 GET http://10.180.1.21/compute/v2.1/servers/afb6920d-1c34-440d-a0df-33e48701dade 0.053s
2025-03-18 16:41:40.316 68632 INFO tempest.lib.common.rest_client [req-da48c7cc-3ddd-4356-a1ac-b08d64e62466 req-da48c7cc-3ddd-4356-a1ac-b08d64e62466 ] Request (ServerPasswordTestJSON:tearDownClass): 200 GET http://10.180.1.21/compute/v2.1/servers/357679d3-4eba-4d3f-9178-43e4521fe6aa 0.076s
2025-03-18 16:41:40.358 68586 INFO tempest.lib.common.rest_client [req-1ccc726d-6306-43eb-92de-92c4c5faedfc req-1ccc726d-6306-43eb-92de-92c4c5faedfc ] Request (InstanceActionsV221TestJSON:test_get_list_deleted_instance_actions): 200 GET http://10.180.1.21/compute/v2.1/servers/60fe2903-0080-4440-b2a4-e25fd9a177e0 0.061s
2025-03-18 16:41:40.369 68588 INFO tempest.lib.common.rest_client [req-e4e93365-c439-491c-ac8c-a03e10ab8549 req-e4e93365-c439-491c-ac8c-a03e10ab8549 ] Request (ImagesNegativeTestJSON:test_create_image_from_deleted_server): 200 GET http://10.180.1.21/compute/v2.1/servers/f42defe1-aa9a-4277-b53f-4a72bc3150a2 0.060s
2025-03-18 16:41:40.406 68596 INFO tempest.lib.common.rest_client [req-a7c87b2d-f9c1-4113-a48f-b54bf54ea1e7 req-a7c87b2d-f9c1-4113-a48f-b54bf54ea1e7 ] Request (MigrationsAdminTest:test_resize_server_revert_deleted_flavor): 200 GET http://10.180.1.21/compute/v2.1/servers/0196b796-8e2b-470e-90a0-4cd261d46415 0.061s
2025-03-18 16:41:40.423 68584 INFO tempest.lib.common.rest_client [req-10c2f002-5209-461f-aadb-f3a0b1d8ffc8 req-10c2f002-5209-461f-aadb-f3a0b1d8ffc8 ] Request (DeleteServersAdminTestJSON:test_delete_server_while_in_error_state): 200 GET http://10.180.1.21/compute/v2.1/servers/a45be5f5-c1a5-45b1-8b88-7eca1b3cb8b6 0.057s
2025-03-18 16:41:40.465 68620 INFO tempest.lib.common.rest_client [req-160d5d81-2a9c-476e-97a6-cf1740d05fc6 req-160d5d81-2a9c-476e-97a6-cf1740d05fc6 ] Request (ServerTagsTestJSON:setUpClass): 200 GET http://10.180.1.21/compute/v2.1/servers/1602c168-e4e2-46ef-80d9-adfee191fde7 0.053s
2025-03-18 16:41:40.852 68618 WARNING tempest.lib.common.ssh [-] Failed to establish authenticated ssh connection to cirros@10.180.180.193 ([Errno None] Unable to connect to port 22 on 10.180.180.193). Number attempts: 9. Retry after 10 seconds.: paramiko.ssh_exception.NoValidConnectionsError: [Errno None] Unable to connect to port 22 on 10.180.180.193
2025-03-18 16:41:40.867 68592 INFO tempest.lib.common.rest_client [req-8df38625-9abf-48fd-bb1d-dce873b0b503 req-8df38625-9abf-48fd-bb1d-dce873b0b503 ] Request (ServersTestMultiNic:_run_cleanups): 200 GET http://10.180.1.21/compute/v2.1/servers/220c91c5-79e3-4a25-a5cc-708741b4356a 0.079s
2025-03-18 16:41:40.874 68598 INFO tempest.lib.common.rest_client [req-dffde5ff-60ae-46b3-a49e-3991d1099f79 req-dffde5ff-60ae-46b3-a49e-3991d1099f79 ] Request (ServersAdminNegativeTestJSON:tearDownClass): 200 GET http://10.180.1.21/compute/v2.1/servers/db064b9d-7b96-4dea-bcdc-a663c9255357 0.084s
2025-03-18 16:41:40.928 68590 INFO tempest.lib.common.rest_client [req-129a415b-4ce6-4512-b96b-05d95a15a671 req-129a415b-4ce6-4512-b96b-05d95a15a671 ] Request (ImagesTestJSON:test_create_image_from_stopped_server): 200 GET http://10.180.1.21/compute/v2.1/servers/4fca172c-bc9d-4345-8d9a-ff65eb5bd56a 0.075s
2025-03-18 16:41:40.928 68570 INFO tempest.lib.common.rest_client [req-53d65f0e-c63f-4c06-bf31-7b5ef8b8cb67 req-53d65f0e-c63f-4c06-bf31-7b5ef8b8cb67 ] Request (FloatingIPsAssociationTestJSON:tearDownClass): 200 GET http://10.180.1.21/compute/v2.1/servers/6ea307bd-2ca4-4143-8cf0-e8d50bfc6353 0.081s
2025-03-18 16:41:40.979 68608 INFO tempest.lib.common.rest_client [req-9a3ddda2-cdc2-49d4-887e-ca46e56e341b req-9a3ddda2-cdc2-49d4-887e-ca46e56e341b ] Request (ServersTestBootFromVolume:setUpClass): 200 GET http://10.180.1.21/compute/v2.1/servers/83b41147-3328-4251-8b8c-242a50534830 0.069s
2025-03-18 16:41:40.985 68576 INFO tempest.lib.common.rest_client [req-539081b0-40ef-4b40-ae6c-0ab7eafa49d8 req-539081b0-40ef-4b40-ae6c-0ab7eafa49d8 ] Request (ServerActionsV293TestJSON:setUpClass): 200 GET http://10.180.1.21/compute/v2.1/servers/6dc99502-2329-4b20-828e-20591575c8ab 0.066s
2025-03-18 16:41:41.005 68574 INFO tempest.lib.common.rest_client [req-36ded28f-1c15-4953-adb3-b98425940a00 req-36ded28f-1c15-4953-adb3-b98425940a00 ] Request (ImagesOneServerTestJSON:tearDownClass): 404 GET http://10.180.1.21/compute/v2.1/servers/7575146e-b572-457f-a8e8-34005b5e9028 0.037s
2025-03-18 16:41:41.027 68630 INFO tempest.lib.common.rest_client [req-14155a72-65d2-4785-8f7c-b83841b51794 req-14155a72-65d2-4785-8f7c-b83841b51794 ] Request (ListServersNegativeTestJSON:setUpClass): 200 GET http://10.180.1.21/compute/v2.1/servers/47de732d-5723-4c39-bb80-cbc393cbb123 0.061s
2025-03-18 16:41:41.069 68614 INFO tempest.lib.common.rest_client [req-4fd20afb-94d2-4444-8a9d-fc80bbee0eda req-4fd20afb-94d2-4444-8a9d-fc80bbee0eda ] Request (ServersAdminTestJSON:test_inject_network_info): 200 GET http://10.180.1.21/compute/v2.1/servers/066e61d9-8593-438c-87f0-871332f73ffd 0.057s
2025-03-18 16:41:41.127 68622 INFO tempest.lib.common.rest_client [req-88656753-e335-4fae-9878-c3ab628fed98 req-88656753-e335-4fae-9878-c3ab628fed98 ] Request (ServerDiagnosticsV248Test:test_get_server_diagnostics): 200 GET http://10.180.1.21/compute/v2.1/servers/8fe7d6b6-f9d6-41d3-b0b9-de114a053c17 0.056s
2025-03-18 16:41:41.179 68600 INFO tempest.lib.common.rest_client [req-19df58d2-7b64-47be-ab82-11c46684f3ac req-19df58d2-7b64-47be-ab82-11c46684f3ac ] Request (ServersTestJSON:test_create_server_with_ipv6_addr_only): 200 GET http://10.180.1.21/compute/v2.1/servers/ea193bed-f2ab-46db-9db5-3c0ca3c18b3b 0.055s
2025-03-18 16:41:41.210 68582 INFO tempest.lib.common.rest_client [req-ca15fff5-77c4-461c-a089-e380cf24769f req-ca15fff5-77c4-461c-a089-e380cf24769f ] Request (ServerRescueTestJSON:test_rescue_unrescue_instance): 200 GET http://10.180.1.21/compute/v2.1/servers/6f44a390-b18c-4da9-b779-3e45c1a9ed92 0.080s
2025-03-18 16:41:41.228 68604 INFO tempest.lib.common.rest_client [req-9ad39b53-6d2e-4abd-aa75-268e50eed02b req-9ad39b53-6d2e-4abd-aa75-268e50eed02b ] Request (ServersNegativeTestJSON:setUpClass): 200 GET http://10.180.1.21/compute/v2.1/servers/e4180bfa-0718-445e-823c-0fc272adb215 0.051s
2025-03-18 16:41:41.282 68611 INFO tempest.lib.common.rest_client [req-14c56cac-4ee1-4687-99b6-2999b7722c97 req-14c56cac-4ee1-4687-99b6-2999b7722c97 ] Request (InstanceActionsTestJSON:setUpClass): 200 GET http://10.180.1.21/compute/v2.1/servers/cd01f9f6-0793-4e51-8197-6022d31f9a97 0.056s
2025-03-18 16:41:41.322 68624 INFO tempest.lib.common.rest_client [req-6f96bce9-ea2e-49eb-b36c-4d0360418a0b req-6f96bce9-ea2e-49eb-b36c-4d0360418a0b ] Request (ServersTestJSON:setUpClass): 200 GET http://10.180.1.21/compute/v2.1/servers/e1dee11e-e22b-48b2-9767-e1a06d5d0325 0.097s
2025-03-18 16:41:41.331 68594 INFO tempest.lib.common.rest_client [req-1beea3d8-f8ea-41ba-bd3c-7de61147ac4c req-1beea3d8-f8ea-41ba-bd3c-7de61147ac4c ] Request (ServerMetadataNegativeTestJSON:setUpClass): 200 GET http://10.180.1.21/compute/v2.1/servers/b218486a-5377-493a-af05-62611c6d65e2 0.059s
2025-03-18 16:41:41.364 68580 WARNING tempest.lib.common.ssh [-] Failed to establish authenticated ssh connection to cirros@10.180.180.229 ([Errno None] Unable to connect to port 22 on 10.180.180.229). Number attempts: 7. Retry after 8 seconds.: paramiko.ssh_exception.NoValidConnectionsError: [Errno None] Unable to connect to port 22 on 10.180.180.229
2025-03-18 16:41:41.376 68617 INFO tempest.lib.common.rest_client [req-679e446c-3a99-4d52-b2af-95e5e61f420d req-679e446c-3a99-4d52-b2af-95e5e61f420d ] Request (ServerDiskConfigTestJSON:test_rebuild_server_with_auto_disk_config): 200 GET http://10.180.1.21/compute/v2.1/servers/afb6920d-1c34-440d-a0df-33e48701dade 0.094s
2025-03-18 16:41:41.395 68632 INFO tempest.lib.common.rest_client [req-c75c4718-42ee-41cc-88a1-aee5f5a36865 req-c75c4718-42ee-41cc-88a1-aee5f5a36865 ] Request (ServerPasswordTestJSON:tearDownClass): 200 GET http://10.180.1.21/compute/v2.1/servers/357679d3-4eba-4d3f-9178-43e4521fe6aa 0.072s
2025-03-18 16:41:41.430 68586 INFO tempest.lib.common.rest_client [req-028f9dd1-c2fa-46e9-9846-e52c471f41ec req-028f9dd1-c2fa-46e9-9846-e52c471f41ec ] Request (InstanceActionsV221TestJSON:test_get_list_deleted_instance_actions): 200 GET http://10.180.1.21/compute/v2.1/servers/60fe2903-0080-4440-b2a4-e25fd9a177e0 0.063s
2025-03-18 16:41:41.452 68588 INFO tempest.lib.common.rest_client [req-7e85535a-0ff3-4254-9ebb-d750b6ec0dcd req-7e85535a-0ff3-4254-9ebb-d750b6ec0dcd ] Request (ImagesNegativeTestJSON:test_create_image_from_deleted_server): 200 GET http://10.180.1.21/compute/v2.1/servers/f42defe1-aa9a-4277-b53f-4a72bc3150a2 0.075s
2025-03-18 16:41:41.474 68596 INFO tempest.lib.common.rest_client [req-689efdae-7f12-4acc-991b-d4b771171e53 req-689efdae-7f12-4acc-991b-d4b771171e53 ] Request (MigrationsAdminTest:test_resize_server_revert_deleted_flavor): 200 GET http://10.180.1.21/compute/v2.1/servers/0196b796-8e2b-470e-90a0-4cd261d46415 0.060s
2025-03-18 16:41:41.507 68584 INFO tempest.lib.common.rest_client [req-97f16a03-61ea-49f1-8967-83afe7e78c0f req-97f16a03-61ea-49f1-8967-83afe7e78c0f ] Request (DeleteServersAdminTestJSON:test_delete_server_while_in_error_state): 200 GET http://10.180.1.21/compute/v2.1/servers/a45be5f5-c1a5-45b1-8b88-7eca1b3cb8b6 0.075s
2025-03-18 16:41:41.534 68620 INFO tempest.lib.common.rest_client [req-e99e1a7d-fe02-4858-8463-a5d11a6eec22 req-e99e1a7d-fe02-4858-8463-a5d11a6eec22 ] Request (ServerTagsTestJSON:setUpClass): 200 GET http://10.180.1.21/compute/v2.1/servers/1602c168-e4e2-46ef-80d9-adfee191fde7 0.058s
2025-03-18 16:41:41.712 68574 INFO tempest.lib.common.rest_client [req-1c208056-d7e9-4641-b590-0e6bef1bda1e req-1c208056-d7e9-4641-b590-0e6bef1bda1e ] Request (ImagesOneServerTestJSON:tearDownClass): 200 PUT http://10.180.1.21:9696/networking/v2.0/routers/2c953f7b-067e-41d4-8583-63c5aa1b5caf/remove_router_interface 0.707s
2025-03-18 16:41:41.948 68598 INFO tempest.lib.common.rest_client [req-9b44c8c8-b052-4e4a-8830-053446d5ab91 req-9b44c8c8-b052-4e4a-8830-053446d5ab91 ] Request (ServersAdminNegativeTestJSON:tearDownClass): 200 GET http://10.180.1.21/compute/v2.1/servers/db064b9d-7b96-4dea-bcdc-a663c9255357 0.065s
2025-03-18 16:41:41.962 68592 INFO tempest.lib.common.rest_client [req-9246703f-c68b-4d75-8068-ab59bcde3f33 req-9246703f-c68b-4d75-8068-ab59bcde3f33 ] Request (ServersTestMultiNic:_run_cleanups): 200 GET http://10.180.1.21/compute/v2.1/servers/220c91c5-79e3-4a25-a5cc-708741b4356a 0.086s
2025-03-18 16:41:42.002 68570 INFO tempest.lib.common.rest_client [req-d95689a3-6a51-4d83-9018-9783a98dea64 req-d95689a3-6a51-4d83-9018-9783a98dea64 ] Request (FloatingIPsAssociationTestJSON:tearDownClass): 200 GET http://10.180.1.21/compute/v2.1/servers/6ea307bd-2ca4-4143-8cf0-e8d50bfc6353 0.066s
2025-03-18 16:41:42.024 68590 INFO tempest.lib.common.rest_client [req-63bcda39-7f5b-4064-8d27-f090a7ea9e25 req-63bcda39-7f5b-4064-8d27-f090a7ea9e25 ] Request (ImagesTestJSON:test_create_image_from_stopped_server): 200 GET http://10.180.1.21/compute/v2.1/servers/4fca172c-bc9d-4345-8d9a-ff65eb5bd56a 0.087s
2025-03-18 16:41:42.064 68608 INFO tempest.lib.common.rest_client [req-c47ac4b0-305b-4b2a-aad0-1bdc654040a1 req-c47ac4b0-305b-4b2a-aad0-1bdc654040a1 ] Request (ServersTestBootFromVolume:setUpClass): 200 GET http://10.180.1.21/compute/v2.1/servers/83b41147-3328-4251-8b8c-242a50534830 0.078s
2025-03-18 16:41:42.100 68576 INFO tempest.lib.common.rest_client [req-c7253f01-e053-444b-a74c-b6142accdb9f req-c7253f01-e053-444b-a74c-b6142accdb9f ] Request (ServerActionsV293TestJSON:setUpClass): 200 GET http://10.180.1.21/compute/v2.1/servers/6dc99502-2329-4b20-828e-20591575c8ab 0.099s
2025-03-18 16:41:42.128 68630 INFO tempest.lib.common.rest_client [req-12eef1d3-45b6-4e1f-925b-7a84c6df725f req-12eef1d3-45b6-4e1f-925b-7a84c6df725f ] Request (ListServersNegativeTestJSON:setUpClass): 200 GET http://10.180.1.21/compute/v2.1/servers/47de732d-5723-4c39-bb80-cbc393cbb123 0.090s
2025-03-18 16:41:42.160 68614 INFO tempest.lib.common.rest_client [req-7a01f5d0-4a6c-4282-b997-0ea05898c2a3 req-7a01f5d0-4a6c-4282-b997-0ea05898c2a3 ] Request (ServersAdminTestJSON:test_inject_network_info): 200 GET http://10.180.1.21/compute/v2.1/servers/066e61d9-8593-438c-87f0-871332f73ffd 0.084s
2025-03-18 16:41:42.181 68574 INFO tempest.lib.common.rest_client [req-ba873275-9edf-4ea6-9bae-891080446243 req-ba873275-9edf-4ea6-9bae-891080446243 ] Request (ImagesOneServerTestJSON:tearDownClass): 204 DELETE http://10.180.1.21:9696/networking/v2.0/routers/2c953f7b-067e-41d4-8583-63c5aa1b5caf 0.469s
2025-03-18 16:41:42.207 68622 INFO tempest.lib.common.rest_client [req-ec87fc2d-2bec-4ae2-ba17-170597ae7f0c req-ec87fc2d-2bec-4ae2-ba17-170597ae7f0c ] Request (ServerDiagnosticsV248Test:test_get_server_diagnostics): 200 GET http://10.180.1.21/compute/v2.1/servers/8fe7d6b6-f9d6-41d3-b0b9-de114a053c17 0.067s
2025-03-18 16:41:42.247 68600 INFO tempest.lib.common.rest_client [req-5a404a2c-23dd-4144-b6d8-f83d2fc33440 req-5a404a2c-23dd-4144-b6d8-f83d2fc33440 ] Request (ServersTestJSON:test_create_server_with_ipv6_addr_only): 200 GET http://10.180.1.21/compute/v2.1/servers/ea193bed-f2ab-46db-9db5-3c0ca3c18b3b 0.060s
2025-03-18 16:41:42.308 68604 INFO tempest.lib.common.rest_client [req-6ddbdac4-07d7-4837-8d7b-19eb28b1d8ee req-6ddbdac4-07d7-4837-8d7b-19eb28b1d8ee ] Request (ServersNegativeTestJSON:setUpClass): 200 GET http://10.180.1.21/compute/v2.1/servers/e4180bfa-0718-445e-823c-0fc272adb215 0.070s
2025-03-18 16:41:42.326 68582 INFO tempest.lib.common.rest_client [req-d77ef32f-2a78-4665-854b-4cff6e2e19af req-d77ef32f-2a78-4665-854b-4cff6e2e19af ] Request (ServerRescueTestJSON:test_rescue_unrescue_instance): 200 GET http://10.180.1.21/compute/v2.1/servers/6f44a390-b18c-4da9-b779-3e45c1a9ed92 0.108s
2025-03-18 16:41:42.341 68574 INFO tempest.lib.common.rest_client [req-0b3ba0cb-695a-4ba9-b9fb-9f3a726d44e6 req-0b3ba0cb-695a-4ba9-b9fb-9f3a726d44e6 ] Request (ImagesOneServerTestJSON:tearDownClass): 204 DELETE http://10.180.1.21:9696/networking/v2.0/subnets/508199f4-d25a-4407-89fd-090f40628051 0.159s
2025-03-18 16:41:42.366 68611 INFO tempest.lib.common.rest_client [req-5cd9b0b5-4ed9-4d05-8992-804e0cd8e0ca req-5cd9b0b5-4ed9-4d05-8992-804e0cd8e0ca ] Request (InstanceActionsTestJSON:setUpClass): 200 GET http://10.180.1.21/compute/v2.1/servers/cd01f9f6-0793-4e51-8197-6022d31f9a97 0.076s
2025-03-18 16:41:42.412 68594 INFO tempest.lib.common.rest_client [req-6e007ced-e332-416a-97d7-699684627774 req-6e007ced-e332-416a-97d7-699684627774 ] Request (ServerMetadataNegativeTestJSON:setUpClass): 200 GET http://10.180.1.21/compute/v2.1/servers/b218486a-5377-493a-af05-62611c6d65e2 0.070s
2025-03-18 16:41:42.455 68617 INFO tempest.lib.common.rest_client [req-6687732d-95bd-4c32-b7d1-fedf54607f67 req-6687732d-95bd-4c32-b7d1-fedf54607f67 ] Request (ServerDiskConfigTestJSON:test_rebuild_server_with_auto_disk_config): 200 GET http://10.180.1.21/compute/v2.1/servers/afb6920d-1c34-440d-a0df-33e48701dade 0.066s
2025-03-18 16:41:42.506 68632 INFO tempest.lib.common.rest_client [req-f6e63249-ca82-457f-bbe3-32fcf9462c11 req-f6e63249-ca82-457f-bbe3-32fcf9462c11 ] Request (ServerPasswordTestJSON:tearDownClass): 200 GET http://10.180.1.21/compute/v2.1/servers/357679d3-4eba-4d3f-9178-43e4521fe6aa 0.102s
2025-03-18 16:41:42.524 68624 INFO tempest.lib.common.rest_client [req-8267791e-a60b-4630-8dc3-11102e202b98 req-8267791e-a60b-4630-8dc3-11102e202b98 ] Request (ServersTestJSON:setUpClass): 200 GET http://10.180.1.21/compute/v2.1/servers/e1dee11e-e22b-48b2-9767-e1a06d5d0325 0.192s
2025-03-18 16:41:42.572 68586 INFO tempest.lib.common.rest_client [req-8736cacf-8db6-4066-b2b2-aad78bc3b352 req-8736cacf-8db6-4066-b2b2-aad78bc3b352 ] Request (InstanceActionsV221TestJSON:test_get_list_deleted_instance_actions): 200 GET http://10.180.1.21/compute/v2.1/servers/60fe2903-0080-4440-b2a4-e25fd9a177e0 0.133s
2025-03-18 16:41:42.593 68588 INFO tempest.lib.common.rest_client [req-fc443984-5f69-4a12-9ddb-b90b14b93919 req-fc443984-5f69-4a12-9ddb-b90b14b93919 ] Request (ImagesNegativeTestJSON:test_create_image_from_deleted_server): 200 GET http://10.180.1.21/compute/v2.1/servers/f42defe1-aa9a-4277-b53f-4a72bc3150a2 0.132s
2025-03-18 16:41:42.638 68596 INFO tempest.lib.common.rest_client [req-815544af-f3e4-4504-b0a8-c53ad5efb20a req-815544af-f3e4-4504-b0a8-c53ad5efb20a ] Request (MigrationsAdminTest:test_resize_server_revert_deleted_flavor): 200 GET http://10.180.1.21/compute/v2.1/servers/0196b796-8e2b-470e-90a0-4cd261d46415 0.156s
2025-03-18 16:41:42.660 68584 INFO tempest.lib.common.rest_client [req-44cf8690-7712-4a41-8165-60bffc3d0c2c req-44cf8690-7712-4a41-8165-60bffc3d0c2c ] Request (DeleteServersAdminTestJSON:test_delete_server_while_in_error_state): 200 GET http://10.180.1.21/compute/v2.1/servers/a45be5f5-c1a5-45b1-8b88-7eca1b3cb8b6 0.145s
2025-03-18 16:41:42.686 68574 INFO tempest.lib.common.rest_client [req-a814d2d6-e6d5-4802-b3f0-3d1a65a91e45 req-a814d2d6-e6d5-4802-b3f0-3d1a65a91e45 ] Request (ImagesOneServerTestJSON:tearDownClass): 204 DELETE http://10.180.1.21:9696/networking/v2.0/networks/a32cd672-3963-4cc5-a51d-eb20ba64d322 0.345s
2025-03-18 16:41:42.697 68620 INFO tempest.lib.common.rest_client [req-969fed49-0332-4f44-8361-c2f385ddf533 req-969fed49-0332-4f44-8361-c2f385ddf533 ] Request (ServerTagsTestJSON:setUpClass): 200 GET http://10.180.1.21/compute/v2.1/servers/1602c168-e4e2-46ef-80d9-adfee191fde7 0.153s
2025-03-18 16:41:42.763 68574 INFO tempest.lib.common.rest_client [req-f503525c-e8b2-4c99-9ef5-41cded4374f9 req-f503525c-e8b2-4c99-9ef5-41cded4374f9 ] Request (ImagesOneServerTestJSON:tearDownClass): 204 DELETE http://10.180.1.21/identity/v3/users/bcf586f5fddb4d7baab283c10935a722 0.077s
2025-03-18 16:41:42.763 68574 INFO tempest.lib.common.dynamic_creds [-] Deleting project and security group for project: 5c4e177d7c124f77842f8acaa1ecb85a
2025-03-18 16:41:42.795 68574 INFO tempest.lib.common.rest_client [req-02b105ea-d06b-40a3-8c23-0d2bb7f5a4c8 req-02b105ea-d06b-40a3-8c23-0d2bb7f5a4c8 ] Request (ImagesOneServerTestJSON:tearDownClass): 200 GET http://10.180.1.21:9696/networking/v2.0/security-groups?tenant_id=5c4e177d7c124f77842f8acaa1ecb85a&name=default 0.031s
2025-03-18 16:41:42.873 68574 INFO tempest.lib.common.rest_client [req-3f5f878e-0938-4f2c-9d6e-c30aa0f6fa3f req-3f5f878e-0938-4f2c-9d6e-c30aa0f6fa3f ] Request (ImagesOneServerTestJSON:tearDownClass): 204 DELETE http://10.180.1.21:9696/networking/v2.0/security-groups/50714050-007a-4626-a0ec-9af6963c3d4e 0.077s
2025-03-18 16:41:42.960 68574 INFO tempest.lib.common.rest_client [req-26f56839-ad8f-46e3-8453-ffb52b8e86f3 req-26f56839-ad8f-46e3-8453-ffb52b8e86f3 ] Request (ImagesOneServerTestJSON:tearDownClass): 204 DELETE http://10.180.1.21/identity/v3/projects/5c4e177d7c124f77842f8acaa1ecb85a 0.086s
2025-03-18 16:41:42.980 68598 INFO tempest.lib.common.rest_client [req-e387a0d6-04c8-48a2-933a-9033214fb6cd req-e387a0d6-04c8-48a2-933a-9033214fb6cd ] Request (ServersAdminNegativeTestJSON:tearDownClass): 404 GET http://10.180.1.21/compute/v2.1/servers/db064b9d-7b96-4dea-bcdc-a663c9255357 0.023s
2025-03-18 16:41:43.026 68574 INFO tempest.lib.common.rest_client [req-697ec2d2-58f2-4fcf-93c7-058c5a26ed96 req-697ec2d2-58f2-4fcf-93c7-058c5a26ed96 ] Request (ImagesOneServerNegativeTestJSON:setUpClass): 201 POST http://10.180.1.21/identity/v3/auth/tokens 0.064s
2025-03-18 16:41:43.047 68592 INFO tempest.lib.common.rest_client [req-669fa0f8-b914-43e6-815d-b6c2e8428dc6 req-669fa0f8-b914-43e6-815d-b6c2e8428dc6 ] Request (ServersTestMultiNic:_run_cleanups): 200 GET http://10.180.1.21/compute/v2.1/servers/220c91c5-79e3-4a25-a5cc-708741b4356a 0.076s
2025-03-18 16:41:43.063 68574 INFO tempest.lib.common.rest_client [req-f21732cf-6bde-4074-a2c9-6db459f672ce req-f21732cf-6bde-4074-a2c9-6db459f672ce ] Request (ImagesOneServerNegativeTestJSON:setUpClass): 201 POST http://10.180.1.21/identity/v3/auth/tokens 0.034s
2025-03-18 16:41:43.076 68598 INFO tempest.lib.common.rest_client [req-1c1d0955-4ee3-4805-aa4f-98aede9a26d3 req-1c1d0955-4ee3-4805-aa4f-98aede9a26d3 ] Request (ServersAdminNegativeTestJSON:tearDownClass): 204 DELETE http://10.180.1.21/compute/v2.1/servers/0e58da0b-2ce7-4018-b5b0-ac3be1fd8df9 0.096s
2025-03-18 16:41:43.090 68574 INFO tempest.lib.common.rest_client [req-016a4f5b-b1a9-46a2-b7b1-56eb0c8dd153 req-016a4f5b-b1a9-46a2-b7b1-56eb0c8dd153 ] Request (ImagesOneServerNegativeTestJSON:setUpClass): 200 GET http://10.180.1.21/identity/v3/domains?name=Default 0.026s
2025-03-18 16:41:43.107 68570 INFO tempest.lib.common.rest_client [req-cf113b88-f84d-47e9-8515-9295330df954 req-cf113b88-f84d-47e9-8515-9295330df954 ] Request (FloatingIPsAssociationTestJSON:tearDownClass): 200 GET http://10.180.1.21/compute/v2.1/servers/6ea307bd-2ca4-4143-8cf0-e8d50bfc6353 0.087s
2025-03-18 16:41:43.116 68574 INFO tempest.lib.common.rest_client [req-052c8718-8940-43ad-82de-d96fbc35e4e6 req-052c8718-8940-43ad-82de-d96fbc35e4e6 ] Request (ImagesOneServerNegativeTestJSON:setUpClass): 201 POST http://10.180.1.21/identity/v3/projects 0.026s
2025-03-18 16:41:43.135 68590 INFO tempest.lib.common.rest_client [req-246d62f1-6c85-4c3a-b664-2d4dd2c67cad req-246d62f1-6c85-4c3a-b664-2d4dd2c67cad ] Request (ImagesTestJSON:test_create_image_from_stopped_server): 200 GET http://10.180.1.21/compute/v2.1/servers/4fca172c-bc9d-4345-8d9a-ff65eb5bd56a 0.102s
2025-03-18 16:41:43.163 68608 INFO tempest.lib.common.rest_client [req-b4177a1c-248a-4878-a012-728409fac0f5 req-b4177a1c-248a-4878-a012-728409fac0f5 ] Request (ServersTestBootFromVolume:setUpClass): 200 GET http://10.180.1.21/compute/v2.1/servers/83b41147-3328-4251-8b8c-242a50534830 0.088s
2025-03-18 16:41:43.181 68574 INFO tempest.lib.common.rest_client [req-a1fbf1e3-e2f0-4a9a-b82d-65c4b67132ea req-a1fbf1e3-e2f0-4a9a-b82d-65c4b67132ea ] Request (ImagesOneServerNegativeTestJSON:setUpClass): 201 POST http://10.180.1.21/identity/v3/users 0.065s
2025-03-18 16:41:43.204 68574 INFO tempest.lib.common.rest_client [req-5382ba41-7cf4-4a46-95ad-6d0193a11d9d req-5382ba41-7cf4-4a46-95ad-6d0193a11d9d ] Request (ImagesOneServerNegativeTestJSON:setUpClass): 200 GET http://10.180.1.21/identity/v3/roles 0.022s
2025-03-18 16:41:43.225 68576 INFO tempest.lib.common.rest_client [req-239c3ce5-ba66-482c-81cd-5c2eb5b9e9c1 req-239c3ce5-ba66-482c-81cd-5c2eb5b9e9c1 ] Request (ServerActionsV293TestJSON:setUpClass): 200 GET http://10.180.1.21/compute/v2.1/servers/6dc99502-2329-4b20-828e-20591575c8ab 0.110s
2025-03-18 16:41:43.235 68574 INFO tempest.lib.common.rest_client [req-635a698d-a78e-44fc-9577-039650b71fc5 req-635a698d-a78e-44fc-9577-039650b71fc5 ] Request (ImagesOneServerNegativeTestJSON:setUpClass): 204 PUT http://10.180.1.21/identity/v3/projects/e4dbc2940b7d4da19dfec0fd71f0bfc0/users/09c88045a16a43d3b12abf4f2c077b41/roles/b05b1ecb8e2a4b40b582c2557603172f 0.030s
2025-03-18 16:41:43.235 68574 INFO tempest.lib.common.dynamic_creds [-] Dynamic test user 09c88045a16a43d3b12abf4f2c077b41 is created with scope project and roles: ['member']
2025-03-18 16:41:43.235 68574 INFO tempest.lib.common.dynamic_creds [-] Acquired dynamic creds: credentials: Credentials: {'domain_id': 'default', 'domain_name': 'Default', 'username': 'tempest-ImagesOneServerNegativeTestJSON-1362220434-project-member', 'project_domain_id': 'default', 'project_domain_name': 'Default', 'project_id': 'e4dbc2940b7d4da19dfec0fd71f0bfc0', 'project_name': 'tempest-ImagesOneServerNegativeTestJSON-1362220434', 'tenant_id': 'e4dbc2940b7d4da19dfec0fd71f0bfc0', 'tenant_name': 'tempest-ImagesOneServerNegativeTestJSON-1362220434', 'user_domain_id': 'default', 'user_domain_name': 'Default', 'user_id': '09c88045a16a43d3b12abf4f2c077b41', 'system': None}, Network: None, Subnet: None, Router: None
2025-03-18 16:41:43.277 68630 INFO tempest.lib.common.rest_client [req-b741a36d-aa20-410d-849e-632fabf8e2b9 req-b741a36d-aa20-410d-849e-632fabf8e2b9 ] Request (ListServersNegativeTestJSON:setUpClass): 200 GET http://10.180.1.21/compute/v2.1/servers/47de732d-5723-4c39-bb80-cbc393cbb123 0.142s
2025-03-18 16:41:43.284 68598 INFO tempest.lib.common.rest_client [req-73fca232-cfb0-41aa-a498-436b353f0331 req-73fca232-cfb0-41aa-a498-436b353f0331 ] Request (ServersAdminNegativeTestJSON:tearDownClass): 200 GET http://10.180.1.21/compute/v2.1/servers/0e58da0b-2ce7-4018-b5b0-ac3be1fd8df9 0.207s
2025-03-18 16:41:43.299 68574 INFO tempest.lib.common.rest_client [req-d355bf0e-0123-4045-a766-9af009f1da2a req-d355bf0e-0123-4045-a766-9af009f1da2a ] Request (ImagesOneServerNegativeTestJSON:setUpClass): 201 POST http://10.180.1.21/identity/v3/auth/tokens 0.063s
2025-03-18 16:41:43.326 68614 INFO tempest.lib.common.rest_client [req-bca031e4-e643-43a5-8823-ad50f7110ec5 req-bca031e4-e643-43a5-8823-ad50f7110ec5 ] Request (ServersAdminTestJSON:test_inject_network_info): 200 GET http://10.180.1.21/compute/v2.1/servers/066e61d9-8593-438c-87f0-871332f73ffd 0.156s
2025-03-18 16:41:43.344 68622 INFO tempest.lib.common.rest_client [req-93fadab1-7e58-4c9d-840f-b183bd5a3904 req-93fadab1-7e58-4c9d-840f-b183bd5a3904 ] Request (ServerDiagnosticsV248Test:test_get_server_diagnostics): 200 GET http://10.180.1.21/compute/v2.1/servers/8fe7d6b6-f9d6-41d3-b0b9-de114a053c17 0.126s
2025-03-18 16:41:43.382 68600 INFO tempest.lib.common.rest_client [req-32bab81d-e3a5-4e94-ba6b-700f73e39ad1 req-32bab81d-e3a5-4e94-ba6b-700f73e39ad1 ] Request (ServersTestJSON:test_create_server_with_ipv6_addr_only): 200 GET http://10.180.1.21/compute/v2.1/servers/ea193bed-f2ab-46db-9db5-3c0ca3c18b3b 0.126s
2025-03-18 16:41:43.401 68604 INFO tempest.lib.common.rest_client [req-0ac77abc-3b23-4b56-89f3-c6ba322bb74d req-0ac77abc-3b23-4b56-89f3-c6ba322bb74d ] Request (ServersNegativeTestJSON:setUpClass): 200 GET http://10.180.1.21/compute/v2.1/servers/e4180bfa-0718-445e-823c-0fc272adb215 0.084s
2025-03-18 16:41:43.453 68611 INFO tempest.lib.common.rest_client [req-d4419ced-19fd-4593-9e10-477ffc65991c req-d4419ced-19fd-4593-9e10-477ffc65991c ] Request (InstanceActionsTestJSON:setUpClass): 200 GET http://10.180.1.21/compute/v2.1/servers/cd01f9f6-0793-4e51-8197-6022d31f9a97 0.078s
2025-03-18 16:41:43.521 68594 INFO tempest.lib.common.rest_client [req-ee81b7e9-b6bb-4529-bd08-23c1f1c3d791 req-ee81b7e9-b6bb-4529-bd08-23c1f1c3d791 ] Request (ServerMetadataNegativeTestJSON:setUpClass): 200 GET http://10.180.1.21/compute/v2.1/servers/b218486a-5377-493a-af05-62611c6d65e2 0.102s
2025-03-18 16:41:43.525 68582 INFO tempest.lib.common.rest_client [req-070c2523-b445-4a36-8fdc-1d5c1eb56fff req-070c2523-b445-4a36-8fdc-1d5c1eb56fff ] Request (ServerRescueTestJSON:test_rescue_unrescue_instance): 200 GET http://10.180.1.21/compute/v2.1/servers/6f44a390-b18c-4da9-b779-3e45c1a9ed92 0.191s
2025-03-18 16:41:43.585 68617 INFO tempest.lib.common.rest_client [req-24cc59a1-07c7-475f-b55a-f114abfd4ade req-24cc59a1-07c7-475f-b55a-f114abfd4ade ] Request (ServerDiskConfigTestJSON:test_rebuild_server_with_auto_disk_config): 200 GET http://10.180.1.21/compute/v2.1/servers/afb6920d-1c34-440d-a0df-33e48701dade 0.122s
2025-03-18 16:41:43.597 68632 INFO tempest.lib.common.rest_client [req-3b80e54b-7ee1-4e13-9f58-7f5428a6eb90 req-3b80e54b-7ee1-4e13-9f58-7f5428a6eb90 ] Request (ServerPasswordTestJSON:tearDownClass): 200 GET http://10.180.1.21/compute/v2.1/servers/357679d3-4eba-4d3f-9178-43e4521fe6aa 0.082s
2025-03-18 16:41:43.607 68574 INFO tempest.lib.common.rest_client [req-2a20e6c6-c135-4d12-8689-dd629f058dbc req-2a20e6c6-c135-4d12-8689-dd629f058dbc ] Request (ImagesOneServerNegativeTestJSON:setUpClass): 201 POST http://10.180.1.21:9696/networking/v2.0/networks 0.307s
2025-03-18 16:41:43.653 68586 INFO tempest.lib.common.rest_client [req-e40c7000-3eb3-407f-b44b-6e94be40054a req-e40c7000-3eb3-407f-b44b-6e94be40054a ] Request (InstanceActionsV221TestJSON:test_get_list_deleted_instance_actions): 200 GET http://10.180.1.21/compute/v2.1/servers/60fe2903-0080-4440-b2a4-e25fd9a177e0 0.066s
2025-03-18 16:41:43.708 68588 INFO tempest.lib.common.rest_client [req-9ca371c5-a403-449b-910e-bc1f0e8f6a38 req-9ca371c5-a403-449b-910e-bc1f0e8f6a38 ] Request (ImagesNegativeTestJSON:test_create_image_from_deleted_server): 200 GET http://10.180.1.21/compute/v2.1/servers/f42defe1-aa9a-4277-b53f-4a72bc3150a2 0.107s
2025-03-18 16:41:43.759 68596 INFO tempest.lib.common.rest_client [req-a01afa56-ac30-4622-98a9-154c2ac7eeb4 req-a01afa56-ac30-4622-98a9-154c2ac7eeb4 ] Request (MigrationsAdminTest:test_resize_server_revert_deleted_flavor): 200 GET http://10.180.1.21/compute/v2.1/servers/0196b796-8e2b-470e-90a0-4cd261d46415 0.105s
2025-03-18 16:41:43.786 68624 INFO tempest.lib.common.rest_client [req-e40afeeb-0a83-44c5-91ff-7924f97ae8ea req-e40afeeb-0a83-44c5-91ff-7924f97ae8ea ] Request (ServersTestJSON:setUpClass): 200 GET http://10.180.1.21/compute/v2.1/servers/e1dee11e-e22b-48b2-9767-e1a06d5d0325 0.252s
2025-03-18 16:41:43.795 68624 INFO tempest.common.waiters [-] State transition "BUILD/spawning" ==> "ACTIVE/None" after 48 second wait
2025-03-18 16:41:43.815 68584 INFO tempest.lib.common.rest_client [req-7b79990e-cccd-46de-a25d-8e6ab2276d9f req-7b79990e-cccd-46de-a25d-8e6ab2276d9f ] Request (DeleteServersAdminTestJSON:test_delete_server_while_in_error_state): 200 GET http://10.180.1.21/compute/v2.1/servers/a45be5f5-c1a5-45b1-8b88-7eca1b3cb8b6 0.146s
2025-03-18 16:41:43.844 68620 INFO tempest.lib.common.rest_client [req-e36cc0cb-130e-45d9-8112-83d4840c8750 req-e36cc0cb-130e-45d9-8112-83d4840c8750 ] Request (ServerTagsTestJSON:setUpClass): 200 GET http://10.180.1.21/compute/v2.1/servers/1602c168-e4e2-46ef-80d9-adfee191fde7 0.137s
2025-03-18 16:41:43.848 68574 INFO tempest.lib.common.rest_client [req-d60ed621-48a1-4b79-8865-dc94715a8fff req-d60ed621-48a1-4b79-8865-dc94715a8fff ] Request (ImagesOneServerNegativeTestJSON:setUpClass): 201 POST http://10.180.1.21:9696/networking/v2.0/subnets 0.240s
2025-03-18 16:41:43.881 68624 INFO tempest.lib.common.rest_client [req-b98aab2f-dedd-47e8-acaf-4d6f44fa1fe8 req-b98aab2f-dedd-47e8-acaf-4d6f44fa1fe8 ] Request (ServersTestJSON:setUpClass): 200 GET http://10.180.1.21/compute/v2.1/servers/e1dee11e-e22b-48b2-9767-e1a06d5d0325/os-interface 0.085s
2025-03-18 16:41:44.153 68592 INFO tempest.lib.common.rest_client [req-5c84233c-41cb-4ff9-a915-aaceb66d8a9d req-5c84233c-41cb-4ff9-a915-aaceb66d8a9d ] Request (ServersTestMultiNic:_run_cleanups): 200 GET http://10.180.1.21/compute/v2.1/servers/220c91c5-79e3-4a25-a5cc-708741b4356a 0.097s
2025-03-18 16:41:44.196 68570 INFO tempest.lib.common.rest_client [req-9875bdac-1b95-47a9-9377-3269049a7d07 req-9875bdac-1b95-47a9-9377-3269049a7d07 ] Request (FloatingIPsAssociationTestJSON:tearDownClass): 200 GET http://10.180.1.21/compute/v2.1/servers/6ea307bd-2ca4-4143-8cf0-e8d50bfc6353 0.079s
2025-03-18 16:41:44.213 68590 INFO tempest.lib.common.rest_client [req-f3621649-74f8-4e87-bc3d-e35ad091e933 req-f3621649-74f8-4e87-bc3d-e35ad091e933 ] Request (ImagesTestJSON:test_create_image_from_stopped_server): 200 GET http://10.180.1.21/compute/v2.1/servers/4fca172c-bc9d-4345-8d9a-ff65eb5bd56a 0.066s
2025-03-18 16:41:44.263 68608 INFO tempest.lib.common.rest_client [req-b784448b-8112-4839-9a36-ea8c13789daa req-b784448b-8112-4839-9a36-ea8c13789daa ] Request (ServersTestBootFromVolume:setUpClass): 200 GET http://10.180.1.21/compute/v2.1/servers/83b41147-3328-4251-8b8c-242a50534830 0.092s
2025-03-18 16:41:44.308 68576 INFO tempest.lib.common.rest_client [req-0192ee58-f437-4262-8794-04ba17d781d9 req-0192ee58-f437-4262-8794-04ba17d781d9 ] Request (ServerActionsV293TestJSON:setUpClass): 200 GET http://10.180.1.21/compute/v2.1/servers/6dc99502-2329-4b20-828e-20591575c8ab 0.070s
2025-03-18 16:41:44.349 68630 INFO tempest.lib.common.rest_client [req-9d8e60be-aa60-43bc-bd13-79b2c13d3764 req-9d8e60be-aa60-43bc-bd13-79b2c13d3764 ] Request (ListServersNegativeTestJSON:setUpClass): 200 GET http://10.180.1.21/compute/v2.1/servers/47de732d-5723-4c39-bb80-cbc393cbb123 0.063s
2025-03-18 16:41:44.411 68624 INFO tempest.lib.common.rest_client [req-94c8e7ed-74fb-4405-9057-a32c6135aa16 req-94c8e7ed-74fb-4405-9057-a32c6135aa16 ] Request (ServersTestJSON:setUpClass): 200 PUT http://10.180.1.21:9696/networking/v2.0/floatingips/eee442b6-ab03-4538-91f6-14cbea156776 0.529s
2025-03-18 16:41:44.416 68614 INFO tempest.lib.common.rest_client [req-e977695a-7f27-45bf-b1e5-5b4020a229bc req-e977695a-7f27-45bf-b1e5-5b4020a229bc ] Request (ServersAdminTestJSON:test_inject_network_info): 200 GET http://10.180.1.21/compute/v2.1/servers/066e61d9-8593-438c-87f0-871332f73ffd 0.082s
2025-03-18 16:41:44.441 68598 INFO tempest.lib.common.rest_client [req-0fe634ea-adf4-4eb1-bcdd-786c8afdb018 req-0fe634ea-adf4-4eb1-bcdd-786c8afdb018 ] Request (ServersAdminNegativeTestJSON:tearDownClass): 200 GET http://10.180.1.21/compute/v2.1/servers/0e58da0b-2ce7-4018-b5b0-ac3be1fd8df9 0.145s
2025-03-18 16:41:44.467 68622 INFO tempest.lib.common.rest_client [req-25c1a221-f32d-4a40-827c-a30ca032ac9d req-25c1a221-f32d-4a40-827c-a30ca032ac9d ] Request (ServerDiagnosticsV248Test:test_get_server_diagnostics): 200 GET http://10.180.1.21/compute/v2.1/servers/8fe7d6b6-f9d6-41d3-b0b9-de114a053c17 0.111s
2025-03-18 16:41:44.477 68622 INFO tempest.common.waiters [-] State transition "BUILD/spawning" ==> "ACTIVE/None" after 49 second wait
2025-03-18 16:41:44.552 68604 INFO tempest.lib.common.rest_client [req-fd083957-84ca-43b8-be3f-066aee9418fe req-fd083957-84ca-43b8-be3f-066aee9418fe ] Request (ServersNegativeTestJSON:setUpClass): 200 GET http://10.180.1.21/compute/v2.1/servers/e4180bfa-0718-445e-823c-0fc272adb215 0.142s
2025-03-18 16:41:44.604 68574 INFO tempest.lib.common.rest_client [req-496a28c1-4941-4e13-a968-f8c1b1eefafd req-496a28c1-4941-4e13-a968-f8c1b1eefafd ] Request (ImagesOneServerNegativeTestJSON:setUpClass): 201 POST http://10.180.1.21:9696/networking/v2.0/routers 0.756s
2025-03-18 16:41:44.650 68624 INFO tempest.lib.common.rest_client [req-b0ce45a9-4763-4d43-b4d9-cf12c463b6d1 req-b0ce45a9-4763-4d43-b4d9-cf12c463b6d1 ] Request (ServersTestJSON:setUpClass): 200 GET http://10.180.1.21/compute/v2.1/servers/e1dee11e-e22b-48b2-9767-e1a06d5d0325 0.238s
2025-03-18 16:41:44.658 68624 INFO tempest.lib.common.ssh [-] Creating ssh connection to '10.180.180.138:22' as 'cirros' with public key authentication
2025-03-18 16:41:44.705 68611 INFO tempest.lib.common.rest_client [req-fad6293a-946e-4b4d-8c7a-8d1553eb51d9 req-fad6293a-946e-4b4d-8c7a-8d1553eb51d9 ] Request (InstanceActionsTestJSON:setUpClass): 200 GET http://10.180.1.21/compute/v2.1/servers/cd01f9f6-0793-4e51-8197-6022d31f9a97 0.243s
2025-03-18 16:41:44.746 68600 INFO tempest.lib.common.rest_client [req-51f986b7-3a83-45aa-91d3-fbe6f09d00b5 req-51f986b7-3a83-45aa-91d3-fbe6f09d00b5 ] Request (ServersTestJSON:test_create_server_with_ipv6_addr_only): 200 GET http://10.180.1.21/compute/v2.1/servers/ea193bed-f2ab-46db-9db5-3c0ca3c18b3b 0.356s
2025-03-18 16:41:44.758 68612 WARNING tempest.lib.common.ssh [-] Failed to establish authenticated ssh connection to cirros@10.180.180.194 ([Errno None] Unable to connect to port 22 on 10.180.180.194). Number attempts: 8. Retry after 9 seconds.: paramiko.ssh_exception.NoValidConnectionsError: [Errno None] Unable to connect to port 22 on 10.180.180.194
2025-03-18 16:41:44.798 68594 INFO tempest.lib.common.rest_client [req-5e9cb048-33b2-49a0-a040-1e9419ad64e1 req-5e9cb048-33b2-49a0-a040-1e9419ad64e1 ] Request (ServerMetadataNegativeTestJSON:setUpClass): 200 GET http://10.180.1.21/compute/v2.1/servers/b218486a-5377-493a-af05-62611c6d65e2 0.266s
2025-03-18 16:41:44.951 68582 INFO tempest.lib.common.rest_client [req-8913b5d5-75c5-43df-be01-4630b6a0ce41 req-8913b5d5-75c5-43df-be01-4630b6a0ce41 ] Request (ServerRescueTestJSON:test_rescue_unrescue_instance): 200 GET http://10.180.1.21/compute/v2.1/servers/6f44a390-b18c-4da9-b779-3e45c1a9ed92 0.419s
2025-03-18 16:41:45.019 68617 INFO tempest.lib.common.rest_client [req-8cc6ae5b-7416-4394-95f1-e22ce82d8156 req-8cc6ae5b-7416-4394-95f1-e22ce82d8156 ] Request (ServerDiskConfigTestJSON:test_rebuild_server_with_auto_disk_config): 200 GET http://10.180.1.21/compute/v2.1/servers/afb6920d-1c34-440d-a0df-33e48701dade 0.426s
2025-03-18 16:41:45.031 68617 INFO tempest.common.waiters [-] State transition "BUILD/scheduling" ==> "BUILD/None" after 17 second wait
2025-03-18 16:41:45.103 68632 INFO tempest.lib.common.rest_client [req-36764faa-a787-44de-9748-479127d51b71 req-36764faa-a787-44de-9748-479127d51b71 ] Request (ServerPasswordTestJSON:tearDownClass): 200 GET http://10.180.1.21/compute/v2.1/servers/357679d3-4eba-4d3f-9178-43e4521fe6aa 0.498s
2025-03-18 16:41:45.170 68586 INFO tempest.lib.common.rest_client [req-15af3ce4-4e08-4e8b-a7eb-13244fe31f6b req-15af3ce4-4e08-4e8b-a7eb-13244fe31f6b ] Request (InstanceActionsV221TestJSON:test_get_list_deleted_instance_actions): 200 GET http://10.180.1.21/compute/v2.1/servers/60fe2903-0080-4440-b2a4-e25fd9a177e0 0.508s
2025-03-18 16:41:45.247 68588 INFO tempest.lib.common.rest_client [req-ef3637f8-d9e2-4602-b503-e4801d6d3b5b req-ef3637f8-d9e2-4602-b503-e4801d6d3b5b ] Request (ImagesNegativeTestJSON:test_create_image_from_deleted_server): 200 GET http://10.180.1.21/compute/v2.1/servers/f42defe1-aa9a-4277-b53f-4a72bc3150a2 0.531s
2025-03-18 16:41:45.326 68596 INFO tempest.lib.common.rest_client [req-41d0fde6-c7c6-4f3c-92ec-3065c773c0f9 req-41d0fde6-c7c6-4f3c-92ec-3065c773c0f9 ] Request (MigrationsAdminTest:test_resize_server_revert_deleted_flavor): 200 GET http://10.180.1.21/compute/v2.1/servers/0196b796-8e2b-470e-90a0-4cd261d46415 0.560s
2025-03-18 16:41:45.361 68622 INFO tempest.lib.common.rest_client [req-3703b7e6-30a6-4584-b483-9f2edbbf4b48 req-3703b7e6-30a6-4584-b483-9f2edbbf4b48 ] Request (ServerDiagnosticsV248Test:test_get_server_diagnostics): 200 GET http://10.180.1.21/compute/v2.1/servers/8fe7d6b6-f9d6-41d3-b0b9-de114a053c17/diagnostics 0.883s
2025-03-18 16:41:45.417 68584 INFO tempest.lib.common.rest_client [req-d05b560d-d890-47bb-9537-21f0ce3247d0 req-d05b560d-d890-47bb-9537-21f0ce3247d0 ] Request (DeleteServersAdminTestJSON:test_delete_server_while_in_error_state): 200 GET http://10.180.1.21/compute/v2.1/servers/a45be5f5-c1a5-45b1-8b88-7eca1b3cb8b6 0.587s
2025-03-18 16:41:45.430 68620 INFO tempest.lib.common.rest_client [req-778f775f-5462-4b23-bfb4-7bd5428793c1 req-778f775f-5462-4b23-bfb4-7bd5428793c1 ] Request (ServerTagsTestJSON:setUpClass): 200 GET http://10.180.1.21/compute/v2.1/servers/1602c168-e4e2-46ef-80d9-adfee191fde7 0.574s
2025-03-18 16:41:45.488 68570 INFO tempest.lib.common.rest_client [req-994a944c-1ebd-47ea-bffd-382482298dd2 req-994a944c-1ebd-47ea-bffd-382482298dd2 ] Request (FloatingIPsAssociationTestJSON:tearDownClass): 200 GET http://10.180.1.21/compute/v2.1/servers/6ea307bd-2ca4-4143-8cf0-e8d50bfc6353 0.284s
2025-03-18 16:41:45.493 68592 INFO tempest.lib.common.rest_client [req-e3480760-f745-4edf-9c2f-e37e362eecde req-e3480760-f745-4edf-9c2f-e37e362eecde ] Request (ServersTestMultiNic:_run_cleanups): 200 GET http://10.180.1.21/compute/v2.1/servers/220c91c5-79e3-4a25-a5cc-708741b4356a 0.333s
2025-03-18 16:41:45.524 68626 WARNING tempest.lib.common.ssh [-] Failed to establish authenticated ssh connection to cirros@10.180.180.237 ([Errno None] Unable to connect to port 22 on 10.180.180.237). Number attempts: 3. Retry after 4 seconds.: paramiko.ssh_exception.NoValidConnectionsError: [Errno None] Unable to connect to port 22 on 10.180.180.237
2025-03-18 16:41:45.552 68590 INFO tempest.lib.common.rest_client [req-0298c174-b012-4e53-a7f5-27be4eb8e46b req-0298c174-b012-4e53-a7f5-27be4eb8e46b ] Request (ImagesTestJSON:test_create_image_from_stopped_server): 200 GET http://10.180.1.21/compute/v2.1/servers/4fca172c-bc9d-4345-8d9a-ff65eb5bd56a 0.329s
2025-03-18 16:41:45.563 68608 INFO tempest.lib.common.rest_client [req-21f7eba3-eaf5-44be-b7f0-7ef25704d857 req-21f7eba3-eaf5-44be-b7f0-7ef25704d857 ] Request (ServersTestBootFromVolume:setUpClass): 200 GET http://10.180.1.21/compute/v2.1/servers/83b41147-3328-4251-8b8c-242a50534830 0.292s
2025-03-18 16:41:45.609 68576 INFO tempest.lib.common.rest_client [req-29014ab1-e174-4a93-ae95-f953bcae4758 req-29014ab1-e174-4a93-ae95-f953bcae4758 ] Request (ServerActionsV293TestJSON:setUpClass): 200 GET http://10.180.1.21/compute/v2.1/servers/6dc99502-2329-4b20-828e-20591575c8ab 0.288s
2025-03-18 16:41:45.638 68630 INFO tempest.lib.common.rest_client [req-06ec7686-f6b0-46b4-8fc4-a486a44ff2ff req-06ec7686-f6b0-46b4-8fc4-a486a44ff2ff ] Request (ListServersNegativeTestJSON:setUpClass): 200 GET http://10.180.1.21/compute/v2.1/servers/47de732d-5723-4c39-bb80-cbc393cbb123 0.276s
2025-03-18 16:41:45.688 68614 INFO tempest.lib.common.rest_client [req-b8f56740-13c5-47c5-81ca-c1e32af5ac87 req-b8f56740-13c5-47c5-81ca-c1e32af5ac87 ] Request (ServersAdminTestJSON:test_inject_network_info): 200 GET http://10.180.1.21/compute/v2.1/servers/066e61d9-8593-438c-87f0-871332f73ffd 0.263s
2025-03-18 16:41:45.726 68598 INFO tempest.lib.common.rest_client [req-85ca9ea4-bd28-4e97-89de-1ee7d2994cb9 req-85ca9ea4-bd28-4e97-89de-1ee7d2994cb9 ] Request (ServersAdminNegativeTestJSON:tearDownClass): 200 GET http://10.180.1.21/compute/v2.1/servers/0e58da0b-2ce7-4018-b5b0-ac3be1fd8df9 0.276s
2025-03-18 16:41:45.763 68604 INFO tempest.lib.common.rest_client [req-b350d1b8-73a2-4e84-8268-91b07d4092b0 req-b350d1b8-73a2-4e84-8268-91b07d4092b0 ] Request (ServersNegativeTestJSON:setUpClass): 200 GET http://10.180.1.21/compute/v2.1/servers/e4180bfa-0718-445e-823c-0fc272adb215 0.201s
2025-03-18 16:41:45.797 68611 INFO tempest.lib.common.rest_client [req-fb326f44-0387-4feb-8c8a-747494dd9978 req-fb326f44-0387-4feb-8c8a-747494dd9978 ] Request (InstanceActionsTestJSON:setUpClass): 200 GET http://10.180.1.21/compute/v2.1/servers/cd01f9f6-0793-4e51-8197-6022d31f9a97 0.082s
2025-03-18 16:41:45.831 68600 INFO tempest.lib.common.rest_client [req-ed934dd5-eede-4583-bab4-327bc70a7b74 req-ed934dd5-eede-4583-bab4-327bc70a7b74 ] Request (ServersTestJSON:test_create_server_with_ipv6_addr_only): 200 GET http://10.180.1.21/compute/v2.1/servers/ea193bed-f2ab-46db-9db5-3c0ca3c18b3b 0.077s
2025-03-18 16:41:45.871 68594 INFO tempest.lib.common.rest_client [req-5af42581-2679-460f-8c1d-10025c493e38 req-5af42581-2679-460f-8c1d-10025c493e38 ] Request (ServerMetadataNegativeTestJSON:setUpClass): 200 GET http://10.180.1.21/compute/v2.1/servers/b218486a-5377-493a-af05-62611c6d65e2 0.060s
2025-03-18 16:41:45.885 68594 INFO tempest.common.waiters [-] State transition "BUILD/None" ==> "BUILD/networking" after 45 second wait
2025-03-18 16:41:46.111 68582 INFO tempest.lib.common.rest_client [req-e65b0500-0e4c-4ac0-904d-10890b7082a9 req-e65b0500-0e4c-4ac0-904d-10890b7082a9 ] Request (ServerRescueTestJSON:test_rescue_unrescue_instance): 200 GET http://10.180.1.21/compute/v2.1/servers/6f44a390-b18c-4da9-b779-3e45c1a9ed92 0.149s
2025-03-18 16:41:46.165 68617 INFO tempest.lib.common.rest_client [req-423b7a50-74d9-4619-943e-59dde37243b6 req-423b7a50-74d9-4619-943e-59dde37243b6 ] Request (ServerDiskConfigTestJSON:test_rebuild_server_with_auto_disk_config): 200 GET http://10.180.1.21/compute/v2.1/servers/afb6920d-1c34-440d-a0df-33e48701dade 0.131s
2025-03-18 16:41:46.176 68632 INFO tempest.lib.common.rest_client [req-57fb53bf-f118-415f-8988-4dd2eaab5b1c req-57fb53bf-f118-415f-8988-4dd2eaab5b1c ] Request (ServerPasswordTestJSON:tearDownClass): 200 GET http://10.180.1.21/compute/v2.1/servers/357679d3-4eba-4d3f-9178-43e4521fe6aa 0.061s
2025-03-18 16:41:46.186 68574 INFO tempest.lib.common.rest_client [req-1e00e72b-75fd-4f32-adfb-b660b7f42c90 req-1e00e72b-75fd-4f32-adfb-b660b7f42c90 ] Request (ImagesOneServerNegativeTestJSON:setUpClass): 200 PUT http://10.180.1.21:9696/networking/v2.0/routers/41050979-435d-4a3c-b05a-6a068e6a5c33/add_router_interface 1.580s
2025-03-18 16:41:46.186 68574 INFO tempest.lib.common.dynamic_creds [-] Created isolated network resources for: credentials: Credentials: {'domain_id': 'default', 'domain_name': 'Default', 'username': 'tempest-ImagesOneServerNegativeTestJSON-1362220434-project-member', 'project_domain_id': 'default', 'project_domain_name': 'Default', 'project_id': 'e4dbc2940b7d4da19dfec0fd71f0bfc0', 'project_name': 'tempest-ImagesOneServerNegativeTestJSON-1362220434', 'tenant_id': 'e4dbc2940b7d4da19dfec0fd71f0bfc0', 'tenant_name': 'tempest-ImagesOneServerNegativeTestJSON-1362220434', 'user_domain_id': 'default', 'user_domain_name': 'Default', 'user_id': '09c88045a16a43d3b12abf4f2c077b41', 'system': None}, Network: {'id': '85fd49bb-8713-44a0-ad26-ce75f3f5f837', 'name': 'tempest-ImagesOneServerNegativeTestJSON-1306560034-network', 'tenant_id': 'e4dbc2940b7d4da19dfec0fd71f0bfc0', 'admin_state_up': True, 'mtu': 8950, 'status': 'ACTIVE', 'subnets': [], 'shared': False, 'project_id': 'e4dbc2940b7d4da19dfec0fd71f0bfc0', 'port_security_enabled': True, 'router:external': False, 'provider:network_type': 'vlan', 'provider:physical_network': 'default', 'provider:segmentation_id': 429, 'availability_zone_hints': [], 'availability_zones': [], 'ipv4_address_scope': None, 'ipv6_address_scope': None, 'description': '', 'tags': [], 'created_at': '2025-03-18T16:41:43Z', 'updated_at': '2025-03-18T16:41:43Z', 'revision_number': 1}, Subnet: {'id': '113e990f-bcce-4b44-9374-6b35be8ecd65', 'name': 'tempest-ImagesOneServerNegativeTestJSON-1306560034-subnet', 'tenant_id': 'e4dbc2940b7d4da19dfec0fd71f0bfc0', 'network_id': '85fd49bb-8713-44a0-ad26-ce75f3f5f837', 'ip_version': 4, 'subnetpool_id': None, 'enable_dhcp': True, 'ipv6_ra_mode': None, 'ipv6_address_mode': None, 'gateway_ip': '192.168.128.1', 'cidr': '192.168.128.0/28', 'allocation_pools': [{'start': '192.168.128.2', 'end': '192.168.128.14'}], 'host_routes': [], 'dns_nameservers': [], 'description': '', 'router:external': False, 'service_types': [], 'tags': [], 'created_at': '2025-03-18T16:41:43Z', 'updated_at': '2025-03-18T16:41:43Z', 'revision_number': 0, 'project_id': 'e4dbc2940b7d4da19dfec0fd71f0bfc0'}, Router: {'id': '41050979-435d-4a3c-b05a-6a068e6a5c33', 'name': 'tempest-ImagesOneServerNegativeTestJSON-1306560034-router', 'tenant_id': 'e4dbc2940b7d4da19dfec0fd71f0bfc0', 'admin_state_up': True, 'status': 'ACTIVE', 'external_gateway_info': {'network_id': 'b3826991-2d97-49f9-baa8-bea9a5ee7ad8', 'external_fixed_ips': [{'subnet_id': '37dc24ae-f8e6-4fbc-85ab-84cf4f7a5714', 'ip_address': '10.180.180.231'}], 'enable_snat': True}, 'description': '', 'availability_zones': [], 'distributed': False, 'ha': False, 'availability_zone_hints': [], 'routes': [], 'flavor_id': None, 'tags': [], 'created_at': '2025-03-18T16:41:43Z', 'updated_at': '2025-03-18T16:41:44Z', 'revision_number': 2, 'project_id': 'e4dbc2940b7d4da19dfec0fd71f0bfc0'}
2025-03-18 16:41:46.267 68586 INFO tempest.lib.common.rest_client [req-ef11822d-f969-4bf4-9693-323417b98e93 req-ef11822d-f969-4bf4-9693-323417b98e93 ] Request (InstanceActionsV221TestJSON:test_get_list_deleted_instance_actions): 200 GET http://10.180.1.21/compute/v2.1/servers/60fe2903-0080-4440-b2a4-e25fd9a177e0 0.075s
2025-03-18 16:41:46.283 68574 INFO tempest.lib.common.rest_client [req-fadfc6a4-a302-44f4-876a-397d8620e8e7 req-fadfc6a4-a302-44f4-876a-397d8620e8e7 ] Request (ImagesOneServerNegativeTestJSON:setUpClass): 201 POST http://10.180.1.21/identity/v3/auth/tokens 0.094s
2025-03-18 16:41:46.319 68574 INFO tempest.lib.common.rest_client [req-542824ce-2912-4e57-a8f2-a9440a10eb42 req-542824ce-2912-4e57-a8f2-a9440a10eb42 ] Request (ImagesOneServerNegativeTestJSON:setUpClass): 201 POST http://10.180.1.21/identity/v3/auth/tokens 0.033s
2025-03-18 16:41:46.320 68574 INFO tempest.lib.common.fixed_network [-] (ImagesOneServerNegativeTestJSON:setUpClass) Found network {'id': '85fd49bb-8713-44a0-ad26-ce75f3f5f837', 'name': 'tempest-ImagesOneServerNegativeTestJSON-1306560034-network', 'tenant_id': 'e4dbc2940b7d4da19dfec0fd71f0bfc0', 'admin_state_up': True, 'mtu': 8950, 'status': 'ACTIVE', 'subnets': [], 'shared': False, 'project_id': 'e4dbc2940b7d4da19dfec0fd71f0bfc0', 'port_security_enabled': True, 'router:external': False, 'provider:network_type': 'vlan', 'provider:physical_network': 'default', 'provider:segmentation_id': 429, 'availability_zone_hints': [], 'availability_zones': [], 'ipv4_address_scope': None, 'ipv6_address_scope': None, 'description': '', 'tags': [], 'created_at': '2025-03-18T16:41:43Z', 'updated_at': '2025-03-18T16:41:43Z', 'revision_number': 1} available for tenant
2025-03-18 16:41:46.328 68588 INFO tempest.lib.common.rest_client [req-89136f1b-2ef4-4751-91f8-d30aec06f42b req-89136f1b-2ef4-4751-91f8-d30aec06f42b ] Request (ImagesNegativeTestJSON:test_create_image_from_deleted_server): 200 GET http://10.180.1.21/compute/v2.1/servers/f42defe1-aa9a-4277-b53f-4a72bc3150a2 0.073s
2025-03-18 16:41:46.387 68596 INFO tempest.lib.common.rest_client [req-6f4ceeb4-2312-4dbc-b266-aa606d5490be req-6f4ceeb4-2312-4dbc-b266-aa606d5490be ] Request (MigrationsAdminTest:test_resize_server_revert_deleted_flavor): 200 GET http://10.180.1.21/compute/v2.1/servers/0196b796-8e2b-470e-90a0-4cd261d46415 0.052s
2025-03-18 16:41:46.393 68596 INFO tempest.common.waiters [-] State transition "BUILD/scheduling" ==> "BUILD/None" after 18 second wait
2025-03-18 16:41:46.487 68584 INFO tempest.lib.common.rest_client [req-eb034023-ee25-4cf8-b64c-972970643147 req-eb034023-ee25-4cf8-b64c-972970643147 ] Request (DeleteServersAdminTestJSON:test_delete_server_while_in_error_state): 200 GET http://10.180.1.21/compute/v2.1/servers/a45be5f5-c1a5-45b1-8b88-7eca1b3cb8b6 0.060s
2025-03-18 16:41:46.558 68620 INFO tempest.lib.common.rest_client [req-01eed93b-7a17-4e31-88da-872cac10c7bf req-01eed93b-7a17-4e31-88da-872cac10c7bf ] Request (ServerTagsTestJSON:setUpClass): 200 GET http://10.180.1.21/compute/v2.1/servers/1602c168-e4e2-46ef-80d9-adfee191fde7 0.118s
