2025-03-18 16:42:42.639 68622 INFO tempest.lib.common.rest_client [req-6f202501-0731-4e8c-927d-6f418313db8c req-6f202501-0731-4e8c-927d-6f418313db8c ] Request (ServersNegativeTestMultiTenantJSON:setUpClass): 200 GET http://10.180.1.21/identity/v3/roles 0.237s
2025-03-18 16:42:42.701 68570 INFO tempest.lib.common.rest_client [req-0ed00f89-5c7c-4fb2-8dfb-e21c6d023ed7 req-0ed00f89-5c7c-4fb2-8dfb-e21c6d023ed7 ] Request (FloatingIPsAssociationTestJSON:tearDownClass): 200 GET http://10.180.1.21:9696/networking/v2.0/security-groups?tenant_id=8a12d92afe574b19a0a0d9a8f78750e4&name=default 0.065s
2025-03-18 16:42:42.706 68608 INFO tempest.lib.common.rest_client [req-c6879a55-11c7-4abf-a30e-d8dc234dde66 req-c6879a55-11c7-4abf-a30e-d8dc234dde66 ] Request (ServersTestBootFromVolume:setUpClass): 200 GET http://10.180.1.21/compute/v2.1/servers/83b41147-3328-4251-8b8c-242a50534830 0.483s
2025-03-18 16:42:42.714 68592 INFO tempest.lib.common.rest_client [req-f89f8527-bbe8-4795-955b-1fcf2498e290 req-f89f8527-bbe8-4795-955b-1fcf2498e290 ] Request (ServersTestMultiNic:test_verify_multiple_nics_order): 200 GET http://10.180.1.21/compute/v2.1/servers/9efc688b-d665-45de-bc9e-ada61e5cb4a1 0.418s
2025-03-18 16:42:42.718 68598 INFO tempest.lib.common.rest_client [req-4632c72e-fa7a-49f4-9d1c-b4b80bf6bd5f req-4632c72e-fa7a-49f4-9d1c-b4b80bf6bd5f ] Request (ServerAddressesTestJSON:setUpClass): 200 GET http://10.180.1.21/identity/v3/domains?name=Default 0.151s
2025-03-18 16:42:42.721 68622 INFO tempest.lib.common.rest_client [req-c3734627-5558-4a2a-aa51-a6d7cce6284f req-c3734627-5558-4a2a-aa51-a6d7cce6284f ] Request (ServersNegativeTestMultiTenantJSON:setUpClass): 204 PUT http://10.180.1.21/identity/v3/projects/b83ed8a78d29480595e0dc1dad3b7d47/users/3c28d97245644582b6aefd51b64b8cf4/roles/b05b1ecb8e2a4b40b582c2557603172f 0.082s
2025-03-18 16:42:42.722 68622 INFO tempest.lib.common.dynamic_creds [-] Dynamic test user 3c28d97245644582b6aefd51b64b8cf4 is created with scope project and roles: ['member']
2025-03-18 16:42:42.722 68622 INFO tempest.lib.common.dynamic_creds [-] Acquired dynamic creds: credentials: Credentials: {'domain_id': 'default', 'domain_name': 'Default', 'username': 'tempest-ServersNegativeTestMultiTenantJSON-1666364815-project-member', 'project_domain_id': 'default', 'project_domain_name': 'Default', 'project_id': 'b83ed8a78d29480595e0dc1dad3b7d47', 'project_name': 'tempest-ServersNegativeTestMultiTenantJSON-1666364815', 'tenant_id': 'b83ed8a78d29480595e0dc1dad3b7d47', 'tenant_name': 'tempest-ServersNegativeTestMultiTenantJSON-1666364815', 'user_domain_id': 'default', 'user_domain_name': 'Default', 'user_id': '3c28d97245644582b6aefd51b64b8cf4', 'system': None}, Network: None, Subnet: None, Router: None
2025-03-18 16:42:42.807 68598 INFO tempest.lib.common.rest_client [req-0d1cc768-3585-40db-8c24-0a69375d872b req-0d1cc768-3585-40db-8c24-0a69375d872b ] Request (ServerAddressesTestJSON:setUpClass): 201 POST http://10.180.1.21/identity/v3/projects 0.087s
2025-03-18 16:42:42.848 68594 INFO tempest.lib.common.rest_client [req-4d67d485-2725-4d96-b82f-6eb489439d8f req-4d67d485-2725-4d96-b82f-6eb489439d8f ] Request (ServerMetadataNegativeTestJSON:tearDownClass): 204 DELETE http://10.180.1.21:9696/networking/v2.0/security-groups/e0a9bfc9-0ef9-47ad-84ec-d07318565854 0.252s
2025-03-18 16:42:42.874 68598 INFO tempest.lib.common.rest_client [req-38348da9-fcf4-437a-9768-2ab0588041ba req-38348da9-fcf4-437a-9768-2ab0588041ba ] Request (ServerAddressesTestJSON:setUpClass): 201 POST http://10.180.1.21/identity/v3/users 0.067s
2025-03-18 16:42:42.900 68598 INFO tempest.lib.common.rest_client [req-86633525-6da5-449a-91b4-fde17ade0321 req-86633525-6da5-449a-91b4-fde17ade0321 ] Request (ServerAddressesTestJSON:setUpClass): 200 GET http://10.180.1.21/identity/v3/roles 0.025s
2025-03-18 16:42:42.916 68570 INFO tempest.lib.common.rest_client [req-f06ea881-0e25-42df-8134-57113526307d req-f06ea881-0e25-42df-8134-57113526307d ] Request (FloatingIPsAssociationTestJSON:tearDownClass): 204 DELETE http://10.180.1.21:9696/networking/v2.0/security-groups/75398e3a-53ae-4d3e-af24-b78bdf9db275 0.215s
2025-03-18 16:42:42.942 68594 INFO tempest.lib.common.rest_client [req-1d5697a4-11e7-44e0-8b91-514cb89c00aa req-1d5697a4-11e7-44e0-8b91-514cb89c00aa ] Request (ServerMetadataNegativeTestJSON:tearDownClass): 204 DELETE http://10.180.1.21/identity/v3/projects/147bd38898a347ed911842d832f9f688 0.093s
2025-03-18 16:42:42.943 68594 INFO tempest.test [-] raised in AttachVolumeMultiAttachTest.setUpClass. Invoking tearDownClass.
2025-03-18 16:42:42.977 68626 WARNING tempest.lib.common.ssh [-] Failed to establish authenticated ssh connection to cirros@10.180.180.237 ([Errno None] Unable to connect to port 22 on 10.180.180.237). Number attempts: 9. Retry after 10 seconds.: paramiko.ssh_exception.NoValidConnectionsError: [Errno None] Unable to connect to port 22 on 10.180.180.237
2025-03-18 16:42:42.989 68576 INFO tempest.lib.common.rest_client [req-d062a63e-ca87-41c5-b4ab-7c7b3e19acb4 req-d062a63e-ca87-41c5-b4ab-7c7b3e19acb4 ] Request (ServerActionsV293TestJSON:setUpClass): 200 GET http://10.180.1.21/compute/v2.1/servers/6dc99502-2329-4b20-828e-20591575c8ab 0.381s
2025-03-18 16:42:42.995 68598 INFO tempest.lib.common.rest_client [req-0938865a-e725-4c0f-bdcd-277fff0d3099 req-0938865a-e725-4c0f-bdcd-277fff0d3099 ] Request (ServerAddressesTestJSON:setUpClass): 204 PUT http://10.180.1.21/identity/v3/projects/03675eac2154418e9e7c3fa1193fda58/users/9bee03b680bf4001beae940741c1848c/roles/b05b1ecb8e2a4b40b582c2557603172f 0.094s
2025-03-18 16:42:42.995 68598 INFO tempest.lib.common.dynamic_creds [-] Dynamic test user 9bee03b680bf4001beae940741c1848c is created with scope project and roles: ['member']
2025-03-18 16:42:42.995 68598 INFO tempest.lib.common.dynamic_creds [-] Acquired dynamic creds: credentials: Credentials: {'domain_id': 'default', 'domain_name': 'Default', 'username': 'tempest-ServerAddressesTestJSON-828450723-project-member', 'project_domain_id': 'default', 'project_domain_name': 'Default', 'project_id': '03675eac2154418e9e7c3fa1193fda58', 'project_name': 'tempest-ServerAddressesTestJSON-828450723', 'tenant_id': '03675eac2154418e9e7c3fa1193fda58', 'tenant_name': 'tempest-ServerAddressesTestJSON-828450723', 'user_domain_id': 'default', 'user_domain_name': 'Default', 'user_id': '9bee03b680bf4001beae940741c1848c', 'system': None}, Network: None, Subnet: None, Router: None
2025-03-18 16:42:43.062 68594 INFO tempest.lib.common.rest_client [req-547c8b0c-ae46-48fc-9de3-152d93e0553b req-547c8b0c-ae46-48fc-9de3-152d93e0553b ] Request (AttachVolumeNegativeTest:setUpClass): 201 POST http://10.180.1.21/identity/v3/auth/tokens 0.116s
2025-03-18 16:42:43.086 68622 INFO tempest.lib.common.rest_client [req-3166abb9-6830-45b2-b337-5700b0e4b866 req-3166abb9-6830-45b2-b337-5700b0e4b866 ] Request (ServersNegativeTestMultiTenantJSON:setUpClass): 201 POST http://10.180.1.21:9696/networking/v2.0/networks 0.364s
2025-03-18 16:42:43.119 68570 INFO tempest.lib.common.rest_client [req-7782acac-0680-40be-b8b7-4763c05e6168 req-7782acac-0680-40be-b8b7-4763c05e6168 ] Request (FloatingIPsAssociationTestJSON:tearDownClass): 204 DELETE http://10.180.1.21/identity/v3/projects/8a12d92afe574b19a0a0d9a8f78750e4 0.202s
2025-03-18 16:42:43.141 68598 INFO tempest.lib.common.rest_client [req-4b5a0894-955f-42ea-8cc0-fbd1723cc0c5 req-4b5a0894-955f-42ea-8cc0-fbd1723cc0c5 ] Request (ServerAddressesTestJSON:setUpClass): 201 POST http://10.180.1.21/identity/v3/auth/tokens 0.145s
2025-03-18 16:42:43.151 68594 INFO tempest.lib.common.rest_client [req-8b324df9-048c-4aa5-b60d-ab729136ba5f req-8b324df9-048c-4aa5-b60d-ab729136ba5f ] Request (AttachVolumeNegativeTest:setUpClass): 201 POST http://10.180.1.21/identity/v3/auth/tokens 0.086s
2025-03-18 16:42:43.172 68570 INFO tempest.lib.common.rest_client [req-039e14e2-02dc-4887-92e4-ee794bfe1ca5 req-039e14e2-02dc-4887-92e4-ee794bfe1ca5 ] Request (SecurityGroupsTestJSON:setUpClass): 201 POST http://10.180.1.21/identity/v3/auth/tokens 0.051s
2025-03-18 16:42:43.184 68594 INFO tempest.lib.common.rest_client [req-4962ec37-2c34-4a86-8062-882c2c8476f5 req-4962ec37-2c34-4a86-8062-882c2c8476f5 ] Request (AttachVolumeNegativeTest:setUpClass): 200 GET http://10.180.1.21/identity/v3/domains?name=Default 0.033s
2025-03-18 16:42:43.185 68630 INFO tempest.lib.common.rest_client [req-42b395de-4998-4adc-8861-2bd8b98b4890 req-42b395de-4998-4adc-8861-2bd8b98b4890 ] Request (ListServersNegativeTestJSON:setUpClass): 200 GET http://10.180.1.21/compute/v2.1/servers/47de732d-5723-4c39-bb80-cbc393cbb123 0.355s
2025-03-18 16:42:43.208 68582 INFO tempest.lib.common.rest_client [req-f3e1f26d-17dc-4f8c-91c7-dc4d9878ec07 req-f3e1f26d-17dc-4f8c-91c7-dc4d9878ec07 ] Request (ServerRescueTestJSON:tearDownClass): 200 GET http://10.180.1.21/compute/v2.1/servers/8b337bf1-2ea4-455f-8027-9efac83ae6bf 0.319s
2025-03-18 16:42:43.213 68570 INFO tempest.lib.common.rest_client [req-1b11344e-166a-4b6f-9c0d-4b063ea07a43 req-1b11344e-166a-4b6f-9c0d-4b063ea07a43 ] Request (SecurityGroupsTestJSON:setUpClass): 201 POST http://10.180.1.21/identity/v3/auth/tokens 0.039s
2025-03-18 16:42:43.239 68594 INFO tempest.lib.common.rest_client [req-32ed5dde-eabb-42b5-b0b6-2ac8f0602d5c req-32ed5dde-eabb-42b5-b0b6-2ac8f0602d5c ] Request (AttachVolumeNegativeTest:setUpClass): 201 POST http://10.180.1.21/identity/v3/projects 0.054s
2025-03-18 16:42:43.258 68570 INFO tempest.lib.common.rest_client [req-1b2ec5c9-c02c-4c20-97ca-4450f16abf5b req-1b2ec5c9-c02c-4c20-97ca-4450f16abf5b ] Request (SecurityGroupsTestJSON:setUpClass): 200 GET http://10.180.1.21/identity/v3/domains?name=Default 0.044s
2025-03-18 16:42:43.262 68574 INFO tempest.lib.common.rest_client [req-f0fb74b2-eda5-41a0-a74a-14a596f23272 req-f0fb74b2-eda5-41a0-a74a-14a596f23272 ] Request (ImagesOneServerNegativeTestJSON:setUpClass): 200 GET http://10.180.1.21/compute/v2.1/servers/28add4e9-37aa-40bf-8aca-78214365ee1b 0.331s
2025-03-18 16:42:43.298 68620 INFO tempest.lib.common.rest_client [req-f4ada213-3e9a-4627-bf28-8fc0a4fb3df3 req-f4ada213-3e9a-4627-bf28-8fc0a4fb3df3 ] Request (ServerTagsTestJSON:tearDownClass): 200 GET http://10.180.1.21/compute/v2.1/servers/1602c168-e4e2-46ef-80d9-adfee191fde7 0.275s
2025-03-18 16:42:43.308 68594 INFO tempest.lib.common.rest_client [req-79f69c43-5f65-4c1f-b261-eeeafd1ede05 req-79f69c43-5f65-4c1f-b261-eeeafd1ede05 ] Request (AttachVolumeNegativeTest:setUpClass): 201 POST http://10.180.1.21/identity/v3/users 0.068s
2025-03-18 16:42:43.343 68604 INFO tempest.lib.common.rest_client [req-49fe2eab-a166-47bb-8bac-1c6ce20b797e req-49fe2eab-a166-47bb-8bac-1c6ce20b797e ] Request (ServersNegativeTestJSON:setUpClass): 200 GET http://10.180.1.21/compute/v2.1/servers/e4180bfa-0718-445e-823c-0fc272adb215 0.286s
2025-03-18 16:42:43.346 68570 INFO tempest.lib.common.rest_client [req-08cc981d-f37b-474d-875b-728bd41e8b3f req-08cc981d-f37b-474d-875b-728bd41e8b3f ] Request (SecurityGroupsTestJSON:setUpClass): 201 POST http://10.180.1.21/identity/v3/projects 0.087s
2025-03-18 16:42:43.351 68594 INFO tempest.lib.common.rest_client [req-c5c71221-edda-433d-9794-c442031fa1cf req-c5c71221-edda-433d-9794-c442031fa1cf ] Request (AttachVolumeNegativeTest:setUpClass): 200 GET http://10.180.1.21/identity/v3/roles 0.042s
2025-03-18 16:42:43.396 68614 INFO tempest.lib.common.rest_client [req-2aaa5801-5840-4148-8674-a965f35b43d3 req-2aaa5801-5840-4148-8674-a965f35b43d3 ] Request (ServersAdminTestJSON:tearDownClass): 200 GET http://10.180.1.21/compute/v2.1/servers/066e61d9-8593-438c-87f0-871332f73ffd 0.261s
2025-03-18 16:42:43.415 68570 INFO tempest.lib.common.rest_client [req-96b697af-59df-4873-9091-6f330d6e45dd req-96b697af-59df-4873-9091-6f330d6e45dd ] Request (SecurityGroupsTestJSON:setUpClass): 201 POST http://10.180.1.21/identity/v3/users 0.068s
2025-03-18 16:42:43.421 68584 INFO tempest.lib.common.rest_client [req-305db51a-54b2-4cfd-be1e-0e6894eb60d1 req-305db51a-54b2-4cfd-be1e-0e6894eb60d1 ] Request (TenantUsagesTestJSON:setUpClass): 200 GET http://10.180.1.21/compute/v2.1/servers/4de9c926-3c1c-477b-9d20-15b926760b5d 0.195s
2025-03-18 16:42:43.422 68622 INFO tempest.lib.common.rest_client [req-903e67d8-81ff-4dae-af3c-80fdf3753940 req-903e67d8-81ff-4dae-af3c-80fdf3753940 ] Request (ServersNegativeTestMultiTenantJSON:setUpClass): 201 POST http://10.180.1.21:9696/networking/v2.0/subnets 0.335s
2025-03-18 16:42:43.433 68594 INFO tempest.lib.common.rest_client [req-ced64fc1-11ee-4463-acd9-bef133c9206b req-ced64fc1-11ee-4463-acd9-bef133c9206b ] Request (AttachVolumeNegativeTest:setUpClass): 204 PUT http://10.180.1.21/identity/v3/projects/423c2aca34d0475fac26f9be311ffbb7/users/20635a5fed614cd0a3d4a96c4c6ef87e/roles/b05b1ecb8e2a4b40b582c2557603172f 0.082s
2025-03-18 16:42:43.434 68594 INFO tempest.lib.common.dynamic_creds [-] Dynamic test user 20635a5fed614cd0a3d4a96c4c6ef87e is created with scope project and roles: ['member']
2025-03-18 16:42:43.434 68594 INFO tempest.lib.common.dynamic_creds [-] Acquired dynamic creds: credentials: Credentials: {'domain_id': 'default', 'domain_name': 'Default', 'username': 'tempest-AttachVolumeNegativeTest-167391817-project-member', 'project_domain_id': 'default', 'project_domain_name': 'Default', 'project_id': '423c2aca34d0475fac26f9be311ffbb7', 'project_name': 'tempest-AttachVolumeNegativeTest-167391817', 'tenant_id': '423c2aca34d0475fac26f9be311ffbb7', 'tenant_name': 'tempest-AttachVolumeNegativeTest-167391817', 'user_domain_id': 'default', 'user_domain_name': 'Default', 'user_id': '20635a5fed614cd0a3d4a96c4c6ef87e', 'system': None}, Network: None, Subnet: None, Router: None
2025-03-18 16:42:43.438 68570 INFO tempest.lib.common.rest_client [req-9843d79e-7dc9-4832-ade0-10077beab0ef req-9843d79e-7dc9-4832-ade0-10077beab0ef ] Request (SecurityGroupsTestJSON:setUpClass): 200 GET http://10.180.1.21/identity/v3/roles 0.022s
2025-03-18 16:42:43.498 68594 INFO tempest.lib.common.rest_client [req-0f1b55fa-e81b-4375-97e7-30cf27c0a845 req-0f1b55fa-e81b-4375-97e7-30cf27c0a845 ] Request (AttachVolumeNegativeTest:setUpClass): 201 POST http://10.180.1.21/identity/v3/auth/tokens 0.063s
2025-03-18 16:42:43.505 68570 INFO tempest.lib.common.rest_client [req-9f65cd93-f941-4c51-ad36-da952093005a req-9f65cd93-f941-4c51-ad36-da952093005a ] Request (SecurityGroupsTestJSON:setUpClass): 204 PUT http://10.180.1.21/identity/v3/projects/dfc86a3be8e54e51af3b518499e5aeca/users/420e35a728444a2dbf4b34526e978db0/roles/b05b1ecb8e2a4b40b582c2557603172f 0.066s
2025-03-18 16:42:43.505 68570 INFO tempest.lib.common.dynamic_creds [-] Dynamic test user 420e35a728444a2dbf4b34526e978db0 is created with scope project and roles: ['member']
2025-03-18 16:42:43.506 68570 INFO tempest.lib.common.dynamic_creds [-] Acquired dynamic creds: credentials: Credentials: {'domain_id': 'default', 'domain_name': 'Default', 'username': 'tempest-SecurityGroupsTestJSON-1986492904-project-member', 'project_domain_id': 'default', 'project_domain_name': 'Default', 'project_id': 'dfc86a3be8e54e51af3b518499e5aeca', 'project_name': 'tempest-SecurityGroupsTestJSON-1986492904', 'tenant_id': 'dfc86a3be8e54e51af3b518499e5aeca', 'tenant_name': 'tempest-SecurityGroupsTestJSON-1986492904', 'user_domain_id': 'default', 'user_domain_name': 'Default', 'user_id': '420e35a728444a2dbf4b34526e978db0', 'system': None}, Network: None, Subnet: None, Router: None
2025-03-18 16:42:43.592 68570 INFO tempest.lib.common.rest_client [req-a9f74688-73fc-443e-896f-6c150838979c req-a9f74688-73fc-443e-896f-6c150838979c ] Request (SecurityGroupsTestJSON:setUpClass): 201 POST http://10.180.1.21/identity/v3/auth/tokens 0.086s
2025-03-18 16:42:43.698 68611 INFO tempest.lib.common.rest_client [req-747db5f3-0246-4e15-b6c7-64860781435b req-747db5f3-0246-4e15-b6c7-64860781435b ] Request (InstanceActionsTestJSON:tearDownClass): 200 PUT http://10.180.1.21:9696/networking/v2.0/routers/70eb7eb4-e4a0-4f8c-897c-4cb92da0dd98/remove_router_interface 2.832s
2025-03-18 16:42:43.721 68596 INFO tempest.lib.common.rest_client [req-d55fffcf-e164-4260-ae11-1479e1e65327 req-d55fffcf-e164-4260-ae11-1479e1e65327 ] Request (MigrationsAdminTest:test_resize_server_revert_deleted_flavor): 200 GET http://10.180.1.21/compute/v2.1/servers/0196b796-8e2b-470e-90a0-4cd261d46415 0.216s
2025-03-18 16:42:43.758 68598 INFO tempest.lib.common.rest_client [req-320b983b-8dca-4bc4-9b54-7bf8161b3115 req-320b983b-8dca-4bc4-9b54-7bf8161b3115 ] Request (ServerAddressesTestJSON:setUpClass): 201 POST http://10.180.1.21:9696/networking/v2.0/networks 0.617s
2025-03-18 16:42:43.831 68600 INFO tempest.lib.common.rest_client [req-3834c071-f1b4-4d95-82f3-032014666898 req-3834c071-f1b4-4d95-82f3-032014666898 ] Request (ServersTestJSON:_run_cleanups): 200 GET http://10.180.1.21/compute/v2.1/servers/ea193bed-f2ab-46db-9db5-3c0ca3c18b3b 0.295s
2025-03-18 16:42:43.922 68590 INFO tempest.lib.common.rest_client [req-aa2e6608-46f1-43a7-9762-61b2c5d40fb3 req-aa2e6608-46f1-43a7-9762-61b2c5d40fb3 ] Request (ImagesTestJSON:test_create_image_from_suspended_server): 200 GET http://10.180.1.21/compute/v2.1/servers/1d970a47-1c77-4915-858d-dbd53312fe61 0.311s
2025-03-18 16:42:44.002 68586 INFO tempest.lib.common.rest_client [req-8a47441a-194b-4996-a09c-3e3948c62112 req-8a47441a-194b-4996-a09c-3e3948c62112 ] Request (AttachVolumeShelveTestJSON:test_attach_volume_shelved_or_offload_server): 200 GET http://10.180.1.21/compute/v2.1/servers/5ade77af-061f-450a-93bb-7f9e28907c63 0.382s
2025-03-18 16:42:44.088 68608 INFO tempest.lib.common.rest_client [req-70609a9d-6e13-4f06-a156-e9e43103a8b2 req-70609a9d-6e13-4f06-a156-e9e43103a8b2 ] Request (ServersTestBootFromVolume:setUpClass): 200 GET http://10.180.1.21/compute/v2.1/servers/83b41147-3328-4251-8b8c-242a50534830 0.366s
2025-03-18 16:42:44.096 68608 INFO tempest.common.waiters [-] State transition "BUILD/None" ==> "BUILD/networking" after 66 second wait
2025-03-18 16:42:44.108 68617 INFO tempest.lib.common.rest_client [req-053fa088-0e9d-4a37-a715-b19b73b5f21a req-053fa088-0e9d-4a37-a715-b19b73b5f21a ] Request (ServerDiskConfigTestJSON:test_rebuild_server_with_auto_disk_config): 200 GET http://10.180.1.21/compute/v2.1/servers/afb6920d-1c34-440d-a0df-33e48701dade 0.662s
2025-03-18 16:42:44.138 68594 INFO tempest.lib.common.rest_client [req-d6ae3ba2-9145-4943-b89a-eaec82f01bca req-d6ae3ba2-9145-4943-b89a-eaec82f01bca ] Request (AttachVolumeNegativeTest:setUpClass): 201 POST http://10.180.1.21:9696/networking/v2.0/networks 0.640s
2025-03-18 16:42:44.176 68592 INFO tempest.lib.common.rest_client [req-826cfcd6-6c6c-4d69-a34c-11a340bfd703 req-826cfcd6-6c6c-4d69-a34c-11a340bfd703 ] Request (ServersTestMultiNic:test_verify_multiple_nics_order): 200 GET http://10.180.1.21/compute/v2.1/servers/9efc688b-d665-45de-bc9e-ada61e5cb4a1 0.450s
2025-03-18 16:42:44.288 68598 INFO tempest.lib.common.rest_client [req-a14fd8d8-82b6-4d39-a60a-1cc7af41b690 req-a14fd8d8-82b6-4d39-a60a-1cc7af41b690 ] Request (ServerAddressesTestJSON:setUpClass): 201 POST http://10.180.1.21:9696/networking/v2.0/subnets 0.529s
2025-03-18 16:42:44.392 68576 INFO tempest.lib.common.rest_client [req-b45cc53a-9b9e-4325-bd4c-2b996079f9df req-b45cc53a-9b9e-4325-bd4c-2b996079f9df ] Request (ServerActionsV293TestJSON:setUpClass): 200 GET http://10.180.1.21/compute/v2.1/servers/6dc99502-2329-4b20-828e-20591575c8ab 0.381s
2025-03-18 16:42:44.403 68576 INFO tempest.common.waiters [-] State transition "BUILD/block_device_mapping" ==> "BUILD/spawning" after 66 second wait
2025-03-18 16:42:44.436 68630 INFO tempest.lib.common.rest_client [req-5e657964-23b9-4621-a61f-e20519143edb req-5e657964-23b9-4621-a61f-e20519143edb ] Request (ListServersNegativeTestJSON:setUpClass): 200 GET http://10.180.1.21/compute/v2.1/servers/47de732d-5723-4c39-bb80-cbc393cbb123 0.237s
2025-03-18 16:42:44.482 68582 INFO tempest.lib.common.rest_client [req-3a0e0c19-3c9e-4711-8df4-c2ecd2bc2426 req-3a0e0c19-3c9e-4711-8df4-c2ecd2bc2426 ] Request (ServerRescueTestJSON:tearDownClass): 200 GET http://10.180.1.21/compute/v2.1/servers/8b337bf1-2ea4-455f-8027-9efac83ae6bf 0.264s
2025-03-18 16:42:44.508 68574 INFO tempest.lib.common.rest_client [req-ff80d57c-69da-4d66-866b-53afdbe248a9 req-ff80d57c-69da-4d66-866b-53afdbe248a9 ] Request (ImagesOneServerNegativeTestJSON:setUpClass): 200 GET http://10.180.1.21/compute/v2.1/servers/28add4e9-37aa-40bf-8aca-78214365ee1b 0.231s
2025-03-18 16:42:44.578 68594 INFO tempest.lib.common.rest_client [req-5738fe94-5000-4e65-9b4e-754704a49fe1 req-5738fe94-5000-4e65-9b4e-754704a49fe1 ] Request (AttachVolumeNegativeTest:setUpClass): 201 POST http://10.180.1.21:9696/networking/v2.0/subnets 0.439s
2025-03-18 16:42:44.587 68620 INFO tempest.lib.common.rest_client [req-d9e130d2-0650-4d8e-8be3-12cd6397de3f req-d9e130d2-0650-4d8e-8be3-12cd6397de3f ] Request (ServerTagsTestJSON:tearDownClass): 200 GET http://10.180.1.21/compute/v2.1/servers/1602c168-e4e2-46ef-80d9-adfee191fde7 0.272s
2025-03-18 16:42:44.595 68604 INFO tempest.lib.common.rest_client [req-83b078ae-6d9e-4284-b19a-3750f86405a5 req-83b078ae-6d9e-4284-b19a-3750f86405a5 ] Request (ServersNegativeTestJSON:setUpClass): 200 GET http://10.180.1.21/compute/v2.1/servers/e4180bfa-0718-445e-823c-0fc272adb215 0.238s
2025-03-18 16:42:44.597 68578 WARNING tempest.lib.common.ssh [-] Failed to establish authenticated ssh connection to cirros@10.180.180.204 ([Errno None] Unable to connect to port 22 on 10.180.180.204). Number attempts: 12. Retry after 13 seconds.: paramiko.ssh_exception.NoValidConnectionsError: [Errno None] Unable to connect to port 22 on 10.180.180.204
2025-03-18 16:42:44.601 68570 INFO tempest.lib.common.rest_client [req-079600dc-066d-43a8-8c1d-7eee1da6dc92 req-079600dc-066d-43a8-8c1d-7eee1da6dc92 ] Request (SecurityGroupsTestJSON:setUpClass): 201 POST http://10.180.1.21:9696/networking/v2.0/networks 1.009s
2025-03-18 16:42:44.675 68584 INFO tempest.lib.common.rest_client [req-f93d0ae3-4274-48a3-98f5-68382a1a8171 req-f93d0ae3-4274-48a3-98f5-68382a1a8171 ] Request (TenantUsagesTestJSON:setUpClass): 200 GET http://10.180.1.21/compute/v2.1/servers/4de9c926-3c1c-477b-9d20-15b926760b5d 0.241s
2025-03-18 16:42:44.690 68614 INFO tempest.lib.common.rest_client [req-41c701ed-17c5-44a2-b4e9-69d1117717cf req-41c701ed-17c5-44a2-b4e9-69d1117717cf ] Request (ServersAdminTestJSON:tearDownClass): 200 GET http://10.180.1.21/compute/v2.1/servers/066e61d9-8593-438c-87f0-871332f73ffd 0.287s
2025-03-18 16:42:44.929 68600 INFO tempest.lib.common.rest_client [req-f587c0a3-8fd6-4944-847f-59a2c26c1dc7 req-f587c0a3-8fd6-4944-847f-59a2c26c1dc7 ] Request (ServersTestJSON:_run_cleanups): 200 GET http://10.180.1.21/compute/v2.1/servers/ea193bed-f2ab-46db-9db5-3c0ca3c18b3b 0.089s
2025-03-18 16:42:44.951 68596 INFO tempest.lib.common.rest_client [req-5421a265-1eee-4c48-8257-964f1af2a492 req-5421a265-1eee-4c48-8257-964f1af2a492 ] Request (MigrationsAdminTest:test_resize_server_revert_deleted_flavor): 200 GET http://10.180.1.21/compute/v2.1/servers/0196b796-8e2b-470e-90a0-4cd261d46415 0.213s
2025-03-18 16:42:45.004 68590 INFO tempest.lib.common.rest_client [req-a5e533bc-af51-4961-bd47-ec44c63a2963 req-a5e533bc-af51-4961-bd47-ec44c63a2963 ] Request (ImagesTestJSON:test_create_image_from_suspended_server): 200 GET http://10.180.1.21/compute/v2.1/servers/1d970a47-1c77-4915-858d-dbd53312fe61 0.071s
2025-03-18 16:42:45.033 68611 INFO tempest.lib.common.rest_client [req-95882bee-eebe-40c1-b322-e3968279d9df req-95882bee-eebe-40c1-b322-e3968279d9df ] Request (InstanceActionsTestJSON:tearDownClass): 204 DELETE http://10.180.1.21:9696/networking/v2.0/routers/70eb7eb4-e4a0-4f8c-897c-4cb92da0dd98 1.334s
2025-03-18 16:42:45.101 68570 INFO tempest.lib.common.rest_client [req-a13b37a5-26e9-45e6-8b36-87980ae01077 req-a13b37a5-26e9-45e6-8b36-87980ae01077 ] Request (SecurityGroupsTestJSON:setUpClass): 201 POST http://10.180.1.21:9696/networking/v2.0/subnets 0.498s
2025-03-18 16:42:45.129 68586 INFO tempest.lib.common.rest_client [req-cbf2b4c4-8519-458a-8904-340eb9f783be req-cbf2b4c4-8519-458a-8904-340eb9f783be ] Request (AttachVolumeShelveTestJSON:test_attach_volume_shelved_or_offload_server): 200 GET http://10.180.1.21/compute/v2.1/servers/5ade77af-061f-450a-93bb-7f9e28907c63 0.117s
2025-03-18 16:42:45.192 68608 INFO tempest.lib.common.rest_client [req-e047071e-54af-4c9d-a28e-d207b2cdb2e4 req-e047071e-54af-4c9d-a28e-d207b2cdb2e4 ] Request (ServersTestBootFromVolume:setUpClass): 200 GET http://10.180.1.21/compute/v2.1/servers/83b41147-3328-4251-8b8c-242a50534830 0.094s
2025-03-18 16:42:45.203 68608 INFO tempest.common.waiters [-] State transition "BUILD/networking" ==> "BUILD/block_device_mapping" after 67 second wait
2025-03-18 16:42:45.291 68592 INFO tempest.lib.common.rest_client [req-5d6e7721-1dd2-4013-a2be-52423a12ca04 req-5d6e7721-1dd2-4013-a2be-52423a12ca04 ] Request (ServersTestMultiNic:test_verify_multiple_nics_order): 200 GET http://10.180.1.21/compute/v2.1/servers/9efc688b-d665-45de-bc9e-ada61e5cb4a1 0.106s
2025-03-18 16:42:45.614 68576 INFO tempest.lib.common.rest_client [req-add65d99-c54e-4a74-aa74-472c36fa6c3c req-add65d99-c54e-4a74-aa74-472c36fa6c3c ] Request (ServerActionsV293TestJSON:setUpClass): 200 GET http://10.180.1.21/compute/v2.1/servers/6dc99502-2329-4b20-828e-20591575c8ab 0.211s
2025-03-18 16:42:45.704 68617 INFO tempest.lib.common.rest_client [req-ad6400f6-1024-43c6-a2a2-864e055b07ba req-ad6400f6-1024-43c6-a2a2-864e055b07ba ] Request (ServerDiskConfigTestJSON:test_rebuild_server_with_auto_disk_config): 200 GET http://10.180.1.21/compute/v2.1/servers/afb6920d-1c34-440d-a0df-33e48701dade 0.581s
2025-03-18 16:42:45.720 68622 INFO tempest.lib.common.rest_client [req-88c1abb5-8606-4903-83da-1befcd7793f8 req-88c1abb5-8606-4903-83da-1befcd7793f8 ] Request (ServersNegativeTestMultiTenantJSON:setUpClass): 201 POST http://10.180.1.21:9696/networking/v2.0/routers 2.297s
2025-03-18 16:42:45.855 68582 INFO tempest.lib.common.rest_client [req-753ea4bf-3254-49fe-b56c-5433b5cc3a27 req-753ea4bf-3254-49fe-b56c-5433b5cc3a27 ] Request (ServerRescueTestJSON:tearDownClass): 200 GET http://10.180.1.21/compute/v2.1/servers/8b337bf1-2ea4-455f-8027-9efac83ae6bf 0.362s
2025-03-18 16:42:45.860 68611 INFO tempest.lib.common.rest_client [req-c5f7e713-4007-47ad-92e9-eb540223f4ea req-c5f7e713-4007-47ad-92e9-eb540223f4ea ] Request (InstanceActionsTestJSON:tearDownClass): 204 DELETE http://10.180.1.21:9696/networking/v2.0/subnets/da57c292-a039-48a1-91f6-63adc19f77ca 0.827s
2025-03-18 16:42:45.864 68582 INFO tempest.common.waiters [-] State transition "RESCUE/deleting" ==> "DELETED/None" after 4 second wait
2025-03-18 16:42:45.888 68630 INFO tempest.lib.common.rest_client [req-3524dfed-fe8b-463e-bf38-180ed729e5af req-3524dfed-fe8b-463e-bf38-180ed729e5af ] Request (ListServersNegativeTestJSON:setUpClass): 200 GET http://10.180.1.21/compute/v2.1/servers/47de732d-5723-4c39-bb80-cbc393cbb123 0.442s
2025-03-18 16:42:45.969 68620 INFO tempest.lib.common.rest_client [req-5e1f5cfd-d119-4e9e-8879-34bb141566e4 req-5e1f5cfd-d119-4e9e-8879-34bb141566e4 ] Request (ServerTagsTestJSON:tearDownClass): 200 GET http://10.180.1.21/compute/v2.1/servers/1602c168-e4e2-46ef-80d9-adfee191fde7 0.364s
2025-03-18 16:42:45.979 68574 INFO tempest.lib.common.rest_client [req-74544874-e830-49f4-afad-251ab740797d req-74544874-e830-49f4-afad-251ab740797d ] Request (ImagesOneServerNegativeTestJSON:setUpClass): 200 GET http://10.180.1.21/compute/v2.1/servers/28add4e9-37aa-40bf-8aca-78214365ee1b 0.459s
2025-03-18 16:42:46.044 68604 INFO tempest.lib.common.rest_client [req-0ac0a3bc-a158-4dcd-9986-2cfc287e98cb req-0ac0a3bc-a158-4dcd-9986-2cfc287e98cb ] Request (ServersNegativeTestJSON:setUpClass): 200 GET http://10.180.1.21/compute/v2.1/servers/e4180bfa-0718-445e-823c-0fc272adb215 0.437s
2025-03-18 16:42:46.072 68584 INFO tempest.lib.common.rest_client [req-e6a1b7f1-3f3a-4575-8c58-257415949be3 req-e6a1b7f1-3f3a-4575-8c58-257415949be3 ] Request (TenantUsagesTestJSON:setUpClass): 200 GET http://10.180.1.21/compute/v2.1/servers/4de9c926-3c1c-477b-9d20-15b926760b5d 0.381s
2025-03-18 16:42:46.134 68614 INFO tempest.lib.common.rest_client [req-910494ed-7dfb-4114-a67a-30ed4427f60b req-910494ed-7dfb-4114-a67a-30ed4427f60b ] Request (ServersAdminTestJSON:tearDownClass): 200 GET http://10.180.1.21/compute/v2.1/servers/066e61d9-8593-438c-87f0-871332f73ffd 0.434s
2025-03-18 16:42:46.196 68600 INFO tempest.lib.common.rest_client [req-20d8d958-0612-487c-a3a9-00ee83d04973 req-20d8d958-0612-487c-a3a9-00ee83d04973 ] Request (ServersTestJSON:_run_cleanups): 200 GET http://10.180.1.21/compute/v2.1/servers/ea193bed-f2ab-46db-9db5-3c0ca3c18b3b 0.256s
2025-03-18 16:42:46.294 68590 INFO tempest.lib.common.rest_client [req-eea0dd86-cfb8-4bda-8d7b-46fcb87bf658 req-eea0dd86-cfb8-4bda-8d7b-46fcb87bf658 ] Request (ImagesTestJSON:test_create_image_from_suspended_server): 200 GET http://10.180.1.21/compute/v2.1/servers/1d970a47-1c77-4915-858d-dbd53312fe61 0.278s
2025-03-18 16:42:46.389 68624 WARNING tempest.lib.common.ssh [-] Failed to establish authenticated ssh connection to cirros@10.180.180.138 ([Errno None] Unable to connect to port 22 on 10.180.180.138). Number attempts: 8. Retry after 9 seconds.: paramiko.ssh_exception.NoValidConnectionsError: [Errno None] Unable to connect to port 22 on 10.180.180.138
2025-03-18 16:42:46.397 68596 INFO tempest.lib.common.rest_client [req-3e229085-15fd-4184-a1c3-cba60c715418 req-3e229085-15fd-4184-a1c3-cba60c715418 ] Request (MigrationsAdminTest:test_resize_server_revert_deleted_flavor): 200 GET http://10.180.1.21/compute/v2.1/servers/0196b796-8e2b-470e-90a0-4cd261d46415 0.436s
2025-03-18 16:42:46.398 68586 INFO tempest.lib.common.rest_client [req-5f971a10-d576-4abf-a123-69c25f1f15c7 req-5f971a10-d576-4abf-a123-69c25f1f15c7 ] Request (AttachVolumeShelveTestJSON:test_attach_volume_shelved_or_offload_server): 200 GET http://10.180.1.21/compute/v2.1/servers/5ade77af-061f-450a-93bb-7f9e28907c63 0.253s
2025-03-18 16:42:46.493 68592 INFO tempest.lib.common.rest_client [req-cd6167a1-7277-471c-8d3f-a43b13c9b6e9 req-cd6167a1-7277-471c-8d3f-a43b13c9b6e9 ] Request (ServersTestMultiNic:test_verify_multiple_nics_order): 200 GET http://10.180.1.21/compute/v2.1/servers/9efc688b-d665-45de-bc9e-ada61e5cb4a1 0.192s
2025-03-18 16:42:46.543 68608 INFO tempest.lib.common.rest_client [req-6f69169c-0be4-4fec-8c0d-ee275c53d1d2 req-6f69169c-0be4-4fec-8c0d-ee275c53d1d2 ] Request (ServersTestBootFromVolume:setUpClass): 200 GET http://10.180.1.21/compute/v2.1/servers/83b41147-3328-4251-8b8c-242a50534830 0.340s
2025-03-18 16:42:46.595 68570 INFO tempest.lib.common.rest_client [req-034da2b0-acda-4434-8a0a-8f2a5a2fd88c req-034da2b0-acda-4434-8a0a-8f2a5a2fd88c ] Request (SecurityGroupsTestJSON:setUpClass): 201 POST http://10.180.1.21:9696/networking/v2.0/routers 1.494s
2025-03-18 16:42:46.638 68598 INFO tempest.lib.common.rest_client [req-d983bec7-aba6-4fd5-acc9-948f01d937d3 req-d983bec7-aba6-4fd5-acc9-948f01d937d3 ] Request (ServerAddressesTestJSON:setUpClass): 201 POST http://10.180.1.21:9696/networking/v2.0/routers 2.349s
2025-03-18 16:42:46.829 68611 INFO tempest.lib.common.rest_client [req-208d9c0c-47e6-474d-a332-17eb01711116 req-208d9c0c-47e6-474d-a332-17eb01711116 ] Request (InstanceActionsTestJSON:tearDownClass): 204 DELETE http://10.180.1.21:9696/networking/v2.0/networks/a9941cb7-bdf3-4b31-a4cc-c51e00159cc0 0.969s
2025-03-18 16:42:46.881 68576 INFO tempest.lib.common.rest_client [req-11e260c0-53cd-4619-a26d-179446a0e813 req-11e260c0-53cd-4619-a26d-179446a0e813 ] Request (ServerActionsV293TestJSON:setUpClass): 200 GET http://10.180.1.21/compute/v2.1/servers/6dc99502-2329-4b20-828e-20591575c8ab 0.253s
2025-03-18 16:42:46.900 68602 WARNING tempest.lib.common.ssh [-] Failed to establish authenticated ssh connection to cirros@10.180.180.192 ([Errno None] Unable to connect to port 22 on 10.180.180.192). Number attempts: 12. Retry after 13 seconds.: paramiko.ssh_exception.NoValidConnectionsError: [Errno None] Unable to connect to port 22 on 10.180.180.192
2025-03-18 16:42:46.946 68611 INFO tempest.lib.common.rest_client [req-27971afb-0ca0-4575-a260-6232412ed4a3 req-27971afb-0ca0-4575-a260-6232412ed4a3 ] Request (InstanceActionsTestJSON:tearDownClass): 204 DELETE http://10.180.1.21/identity/v3/users/9799f657aac74d5c8c34abc7d457e1f5 0.116s
2025-03-18 16:42:46.946 68611 INFO tempest.lib.common.dynamic_creds [-] Deleting project and security group for project: c5cb67e6538a4ce1a45e60db92925c92
2025-03-18 16:42:47.031 68582 INFO tempest.lib.common.rest_client [req-39a36a4b-0bc2-441c-bb51-e13e2da93597 req-39a36a4b-0bc2-441c-bb51-e13e2da93597 ] Request (ServerRescueTestJSON:tearDownClass): 200 GET http://10.180.1.21/compute/v2.1/servers/8b337bf1-2ea4-455f-8027-9efac83ae6bf 0.166s
2025-03-18 16:42:47.055 68611 INFO tempest.lib.common.rest_client [req-245d6e25-3da5-4353-98d0-3b1768817438 req-245d6e25-3da5-4353-98d0-3b1768817438 ] Request (InstanceActionsTestJSON:tearDownClass): 200 GET http://10.180.1.21:9696/networking/v2.0/security-groups?tenant_id=c5cb67e6538a4ce1a45e60db92925c92&name=default 0.109s
2025-03-18 16:42:47.110 68594 INFO tempest.lib.common.rest_client [req-bb9eccb7-cf4b-4154-9aa5-65d4141fa030 req-bb9eccb7-cf4b-4154-9aa5-65d4141fa030 ] Request (AttachVolumeNegativeTest:setUpClass): 201 POST http://10.180.1.21:9696/networking/v2.0/routers 2.531s
2025-03-18 16:42:47.188 68617 INFO tempest.lib.common.rest_client [req-0468ede2-b407-411b-82a5-53e7ccc2ee8c req-0468ede2-b407-411b-82a5-53e7ccc2ee8c ] Request (ServerDiskConfigTestJSON:test_rebuild_server_with_auto_disk_config): 200 GET http://10.180.1.21/compute/v2.1/servers/afb6920d-1c34-440d-a0df-33e48701dade 0.471s
2025-03-18 16:42:47.274 68620 INFO tempest.lib.common.rest_client [req-7ac20d17-b486-420a-9af7-21a691e4b7c8 req-7ac20d17-b486-420a-9af7-21a691e4b7c8 ] Request (ServerTagsTestJSON:tearDownClass): 200 GET http://10.180.1.21/compute/v2.1/servers/1602c168-e4e2-46ef-80d9-adfee191fde7 0.293s
2025-03-18 16:42:47.278 68611 INFO tempest.lib.common.rest_client [req-dc256075-3107-455e-8a85-2e1ffcaa2eb8 req-dc256075-3107-455e-8a85-2e1ffcaa2eb8 ] Request (InstanceActionsTestJSON:tearDownClass): 204 DELETE http://10.180.1.21:9696/networking/v2.0/security-groups/8c03bf55-a118-41d8-a493-0e8ec4b5600d 0.222s
2025-03-18 16:42:47.364 68574 INFO tempest.lib.common.rest_client [req-3d0a0430-aecd-4535-896e-0b301cb1e764 req-3d0a0430-aecd-4535-896e-0b301cb1e764 ] Request (ImagesOneServerNegativeTestJSON:setUpClass): 200 GET http://10.180.1.21/compute/v2.1/servers/28add4e9-37aa-40bf-8aca-78214365ee1b 0.378s
2025-03-18 16:42:47.424 68611 INFO tempest.lib.common.rest_client [req-f30e4f5a-fa56-443d-a502-e5243d90b659 req-f30e4f5a-fa56-443d-a502-e5243d90b659 ] Request (InstanceActionsTestJSON:tearDownClass): 204 DELETE http://10.180.1.21/identity/v3/projects/c5cb67e6538a4ce1a45e60db92925c92 0.144s
2025-03-18 16:42:47.483 68604 INFO tempest.lib.common.rest_client [req-08b5bc61-2d44-48cf-8501-3d41b5d34d37 req-08b5bc61-2d44-48cf-8501-3d41b5d34d37 ] Request (ServersNegativeTestJSON:setUpClass): 200 GET http://10.180.1.21/compute/v2.1/servers/e4180bfa-0718-445e-823c-0fc272adb215 0.429s
2025-03-18 16:42:47.523 68611 INFO tempest.lib.common.rest_client [req-29515ad9-3a72-492f-8aff-79c1eab5a1ed req-29515ad9-3a72-492f-8aff-79c1eab5a1ed ] Request (VolumesTestJSON:setUpClass): 201 POST http://10.180.1.21/identity/v3/auth/tokens 0.097s
2025-03-18 16:42:47.539 68584 INFO tempest.lib.common.rest_client [req-5056e619-2647-4dc6-8337-62ddc08b8111 req-5056e619-2647-4dc6-8337-62ddc08b8111 ] Request (TenantUsagesTestJSON:setUpClass): 200 GET http://10.180.1.21/compute/v2.1/servers/4de9c926-3c1c-477b-9d20-15b926760b5d 0.455s
2025-03-18 16:42:47.566 68611 INFO tempest.lib.common.rest_client [req-fdc37c7f-d714-4485-9c6d-45916053eb05 req-fdc37c7f-d714-4485-9c6d-45916053eb05 ] Request (VolumesTestJSON:setUpClass): 201 POST http://10.180.1.21/identity/v3/auth/tokens 0.041s
2025-03-18 16:42:47.605 68611 INFO tempest.lib.common.rest_client [req-7a2b8a78-f618-487c-a4cb-54cdf6387723 req-7a2b8a78-f618-487c-a4cb-54cdf6387723 ] Request (VolumesTestJSON:setUpClass): 200 GET http://10.180.1.21/identity/v3/domains?name=Default 0.038s
2025-03-18 16:42:47.624 68614 INFO tempest.lib.common.rest_client [req-5f1cb1eb-81ed-437a-a38b-a3c4126884fc req-5f1cb1eb-81ed-437a-a38b-a3c4126884fc ] Request (ServersAdminTestJSON:tearDownClass): 200 GET http://10.180.1.21/compute/v2.1/servers/066e61d9-8593-438c-87f0-871332f73ffd 0.482s
2025-03-18 16:42:47.659 68611 INFO tempest.lib.common.rest_client [req-5f2aca8d-9d25-49ab-9650-70e6151e5534 req-5f2aca8d-9d25-49ab-9650-70e6151e5534 ] Request (VolumesTestJSON:setUpClass): 201 POST http://10.180.1.21/identity/v3/projects 0.053s
2025-03-18 16:42:47.672 68630 INFO tempest.lib.common.rest_client [req-7e50eed2-b1f0-4c63-baba-db029be4ade3 req-7e50eed2-b1f0-4c63-baba-db029be4ade3 ] Request (ListServersNegativeTestJSON:setUpClass): 200 GET http://10.180.1.21/compute/v2.1/servers/47de732d-5723-4c39-bb80-cbc393cbb123 0.770s
2025-03-18 16:42:47.738 68600 INFO tempest.lib.common.rest_client [req-afe7a8b9-488b-40e9-b762-d4bb8169e9ed req-afe7a8b9-488b-40e9-b762-d4bb8169e9ed ] Request (ServersTestJSON:_run_cleanups): 200 GET http://10.180.1.21/compute/v2.1/servers/ea193bed-f2ab-46db-9db5-3c0ca3c18b3b 0.534s
2025-03-18 16:42:47.740 68611 INFO tempest.lib.common.rest_client [req-b450554f-6fd9-4a15-ab3e-ebd37b759fb1 req-b450554f-6fd9-4a15-ab3e-ebd37b759fb1 ] Request (VolumesTestJSON:setUpClass): 201 POST http://10.180.1.21/identity/v3/users 0.081s
2025-03-18 16:42:47.771 68611 INFO tempest.lib.common.rest_client [req-7539b79c-0b31-4006-b2e6-44495d9e3a86 req-7539b79c-0b31-4006-b2e6-44495d9e3a86 ] Request (VolumesTestJSON:setUpClass): 200 GET http://10.180.1.21/identity/v3/roles 0.030s
2025-03-18 16:42:47.782 68590 INFO tempest.lib.common.rest_client [req-37280344-91ff-47f2-922c-23f6a6c2026d req-37280344-91ff-47f2-922c-23f6a6c2026d ] Request (ImagesTestJSON:test_create_image_from_suspended_server): 200 GET http://10.180.1.21/compute/v2.1/servers/1d970a47-1c77-4915-858d-dbd53312fe61 0.474s
2025-03-18 16:42:47.827 68611 INFO tempest.lib.common.rest_client [req-439e4c96-8f27-4f33-bda0-428daf041f30 req-439e4c96-8f27-4f33-bda0-428daf041f30 ] Request (VolumesTestJSON:setUpClass): 204 PUT http://10.180.1.21/identity/v3/projects/7f943c986ff3441a8758a78598454e74/users/d1dfdb831f8444609e873baa179dff1a/roles/b05b1ecb8e2a4b40b582c2557603172f 0.055s
2025-03-18 16:42:47.827 68611 INFO tempest.lib.common.dynamic_creds [-] Dynamic test user d1dfdb831f8444609e873baa179dff1a is created with scope project and roles: ['member']
2025-03-18 16:42:47.827 68611 INFO tempest.lib.common.dynamic_creds [-] Acquired dynamic creds: credentials: Credentials: {'domain_id': 'default', 'domain_name': 'Default', 'username': 'tempest-VolumesTestJSON-1101476358-project-member', 'project_domain_id': 'default', 'project_domain_name': 'Default', 'project_id': '7f943c986ff3441a8758a78598454e74', 'project_name': 'tempest-VolumesTestJSON-1101476358', 'tenant_id': '7f943c986ff3441a8758a78598454e74', 'tenant_name': 'tempest-VolumesTestJSON-1101476358', 'user_domain_id': 'default', 'user_domain_name': 'Default', 'user_id': 'd1dfdb831f8444609e873baa179dff1a', 'system': None}, Network: None, Subnet: None, Router: None
2025-03-18 16:42:47.827 68611 INFO tempest.lib.common.dynamic_creds [-] Created isolated network resources for: credentials: Credentials: {'domain_id': 'default', 'domain_name': 'Default', 'username': 'tempest-VolumesTestJSON-1101476358-project-member', 'project_domain_id': 'default', 'project_domain_name': 'Default', 'project_id': '7f943c986ff3441a8758a78598454e74', 'project_name': 'tempest-VolumesTestJSON-1101476358', 'tenant_id': '7f943c986ff3441a8758a78598454e74', 'tenant_name': 'tempest-VolumesTestJSON-1101476358', 'user_domain_id': 'default', 'user_domain_name': 'Default', 'user_id': 'd1dfdb831f8444609e873baa179dff1a', 'system': None}, Network: None, Subnet: None, Router: None
2025-03-18 16:42:47.875 68586 INFO tempest.lib.common.rest_client [req-b91f001f-68f1-4367-b8ac-40a0f5ebe936 req-b91f001f-68f1-4367-b8ac-40a0f5ebe936 ] Request (AttachVolumeShelveTestJSON:test_attach_volume_shelved_or_offload_server): 200 GET http://10.180.1.21/compute/v2.1/servers/5ade77af-061f-450a-93bb-7f9e28907c63 0.457s
2025-03-18 16:42:47.935 68611 INFO tempest.lib.common.rest_client [req-3a469740-0ed3-4e2a-a593-19a74af1e906 req-3a469740-0ed3-4e2a-a593-19a74af1e906 ] Request (VolumesTestJSON:setUpClass): 201 POST http://10.180.1.21/identity/v3/auth/tokens 0.102s
2025-03-18 16:42:47.978 68596 INFO tempest.lib.common.rest_client [req-9fbc7b04-f94b-4382-bdcd-748a42601aa1 req-9fbc7b04-f94b-4382-bdcd-748a42601aa1 ] Request (MigrationsAdminTest:test_resize_server_revert_deleted_flavor): 200 GET http://10.180.1.21/compute/v2.1/servers/0196b796-8e2b-470e-90a0-4cd261d46415 0.570s
2025-03-18 16:42:47.980 68592 INFO tempest.lib.common.rest_client [req-e9df5b84-20f5-4b2b-97c4-0756f03682fc req-e9df5b84-20f5-4b2b-97c4-0756f03682fc ] Request (ServersTestMultiNic:test_verify_multiple_nics_order): 200 GET http://10.180.1.21/compute/v2.1/servers/9efc688b-d665-45de-bc9e-ada61e5cb4a1 0.474s
2025-03-18 16:42:48.262 68608 INFO tempest.lib.common.rest_client [req-c0298825-a3fc-4fbb-84e8-70446de0f1da req-c0298825-a3fc-4fbb-84e8-70446de0f1da ] Request (ServersTestBootFromVolume:setUpClass): 200 GET http://10.180.1.21/compute/v2.1/servers/83b41147-3328-4251-8b8c-242a50534830 0.703s
2025-03-18 16:42:48.270 68611 INFO tempest.lib.common.rest_client [req-0f68273e-1554-45cf-92f6-0af5e34c5f4b req-0f68273e-1554-45cf-92f6-0af5e34c5f4b ] Request (VolumesTestJSON:setUpClass): 202 POST http://10.180.1.21/volume/v3/volumes 0.334s
2025-03-18 16:42:48.275 68608 INFO tempest.common.waiters [-] State transition "BUILD/block_device_mapping" ==> "BUILD/spawning" after 70 second wait
2025-03-18 16:42:48.330 68611 INFO tempest.lib.common.rest_client [req-f3c94373-649e-4b49-aaee-b91b6ad72879 req-f3c94373-649e-4b49-aaee-b91b6ad72879 ] Request (VolumesTestJSON:setUpClass): 200 GET http://10.180.1.21/volume/v3/volumes/7053616e-132a-47cd-8750-3fb1bbf46ac6 0.048s
2025-03-18 16:42:48.399 68582 INFO tempest.lib.common.rest_client [req-106fcd70-6b90-45f1-8944-3c927adef25d req-106fcd70-6b90-45f1-8944-3c927adef25d ] Request (ServerRescueTestJSON:tearDownClass): 200 GET http://10.180.1.21/compute/v2.1/servers/8b337bf1-2ea4-455f-8027-9efac83ae6bf 0.359s
2025-03-18 16:42:48.401 68576 INFO tempest.lib.common.rest_client [req-c5ce8d88-275b-4bc2-8c27-cd4a499afb63 req-c5ce8d88-275b-4bc2-8c27-cd4a499afb63 ] Request (ServerActionsV293TestJSON:setUpClass): 200 GET http://10.180.1.21/compute/v2.1/servers/6dc99502-2329-4b20-828e-20591575c8ab 0.505s
2025-03-18 16:42:48.558 68620 INFO tempest.lib.common.rest_client [req-c6a423ed-2a6c-40da-8d18-a2dce8336bf4 req-c6a423ed-2a6c-40da-8d18-a2dce8336bf4 ] Request (ServerTagsTestJSON:tearDownClass): 200 GET http://10.180.1.21/compute/v2.1/servers/1602c168-e4e2-46ef-80d9-adfee191fde7 0.270s
2025-03-18 16:42:48.656 68574 INFO tempest.lib.common.rest_client [req-6baa5e67-b111-4964-9cb2-b6f1b527ab31 req-6baa5e67-b111-4964-9cb2-b6f1b527ab31 ] Request (ImagesOneServerNegativeTestJSON:setUpClass): 200 GET http://10.180.1.21/compute/v2.1/servers/28add4e9-37aa-40bf-8aca-78214365ee1b 0.279s
2025-03-18 16:42:48.666 68574 INFO tempest.common.waiters [-] State transition "BUILD/None" ==> "BUILD/block_device_mapping" after 61 second wait
2025-03-18 16:42:48.760 68604 INFO tempest.lib.common.rest_client [req-e4d08cc3-b96c-422a-bef8-1ef8b878fa10 req-e4d08cc3-b96c-422a-bef8-1ef8b878fa10 ] Request (ServersNegativeTestJSON:setUpClass): 200 GET http://10.180.1.21/compute/v2.1/servers/e4180bfa-0718-445e-823c-0fc272adb215 0.265s
2025-03-18 16:42:48.810 68617 INFO tempest.lib.common.rest_client [req-8986eec4-e7f0-45cb-8bfa-a56a49de22a9 req-8986eec4-e7f0-45cb-8bfa-a56a49de22a9 ] Request (ServerDiskConfigTestJSON:test_rebuild_server_with_auto_disk_config): 200 GET http://10.180.1.21/compute/v2.1/servers/afb6920d-1c34-440d-a0df-33e48701dade 0.613s
2025-03-18 16:42:48.819 68617 INFO tempest.common.waiters [-] State transition "REBUILD/rebuild_spawning" ==> "ACTIVE/None" after 10 second wait
2025-03-18 16:42:48.846 68584 INFO tempest.lib.common.rest_client [req-93fe6474-db74-47cd-a190-58372130f344 req-93fe6474-db74-47cd-a190-58372130f344 ] Request (TenantUsagesTestJSON:setUpClass): 200 GET http://10.180.1.21/compute/v2.1/servers/4de9c926-3c1c-477b-9d20-15b926760b5d 0.299s
2025-03-18 16:42:48.908 68614 INFO tempest.lib.common.rest_client [req-f033b640-206f-480e-9ef9-d7e9479ef126 req-f033b640-206f-480e-9ef9-d7e9479ef126 ] Request (ServersAdminTestJSON:tearDownClass): 200 GET http://10.180.1.21/compute/v2.1/servers/066e61d9-8593-438c-87f0-871332f73ffd 0.272s
2025-03-18 16:42:49.002 68600 INFO tempest.lib.common.rest_client [req-29903127-8212-40d7-b631-b3b7fda11722 req-29903127-8212-40d7-b631-b3b7fda11722 ] Request (ServersTestJSON:_run_cleanups): 200 GET http://10.180.1.21/compute/v2.1/servers/ea193bed-f2ab-46db-9db5-3c0ca3c18b3b 0.253s
2025-03-18 16:42:49.040 68630 INFO tempest.lib.common.rest_client [req-fe8c2d35-0004-4055-a6ff-9c808a4b8b28 req-fe8c2d35-0004-4055-a6ff-9c808a4b8b28 ] Request (ListServersNegativeTestJSON:setUpClass): 200 GET http://10.180.1.21/compute/v2.1/servers/47de732d-5723-4c39-bb80-cbc393cbb123 0.357s
2025-03-18 16:42:49.102 68590 INFO tempest.lib.common.rest_client [req-6ad3360f-e4c5-494f-a364-4555c255c8ee req-6ad3360f-e4c5-494f-a364-4555c255c8ee ] Request (ImagesTestJSON:test_create_image_from_suspended_server): 200 GET http://10.180.1.21/compute/v2.1/servers/1d970a47-1c77-4915-858d-dbd53312fe61 0.308s
2025-03-18 16:42:49.140 68622 INFO tempest.lib.common.rest_client [req-77525a07-f36d-447e-ac64-490fb67667b9 req-77525a07-f36d-447e-ac64-490fb67667b9 ] Request (ServersNegativeTestMultiTenantJSON:setUpClass): 200 PUT http://10.180.1.21:9696/networking/v2.0/routers/c49ac390-3567-451c-8f42-29eb6feb0595/add_router_interface 3.420s
2025-03-18 16:42:49.141 68622 INFO tempest.lib.common.dynamic_creds [-] Created isolated network resources for: credentials: Credentials: {'domain_id': 'default', 'domain_name': 'Default', 'username': 'tempest-ServersNegativeTestMultiTenantJSON-1666364815-project-member', 'project_domain_id': 'default', 'project_domain_name': 'Default', 'project_id': 'b83ed8a78d29480595e0dc1dad3b7d47', 'project_name': 'tempest-ServersNegativeTestMultiTenantJSON-1666364815', 'tenant_id': 'b83ed8a78d29480595e0dc1dad3b7d47', 'tenant_name': 'tempest-ServersNegativeTestMultiTenantJSON-1666364815', 'user_domain_id': 'default', 'user_domain_name': 'Default', 'user_id': '3c28d97245644582b6aefd51b64b8cf4', 'system': None}, Network: {'id': '401de940-defe-4845-81f6-98cf643380ae', 'name': 'tempest-ServersNegativeTestMultiTenantJSON-1378760809-network', 'tenant_id': 'b83ed8a78d29480595e0dc1dad3b7d47', 'admin_state_up': True, 'mtu': 8950, 'status': 'ACTIVE', 'subnets': [], 'shared': False, 'project_id': 'b83ed8a78d29480595e0dc1dad3b7d47', 'port_security_enabled': True, 'router:external': False, 'provider:network_type': 'vlan', 'provider:physical_network': 'default', 'provider:segmentation_id': 847, 'availability_zone_hints': [], 'availability_zones': [], 'ipv4_address_scope': None, 'ipv6_address_scope': None, 'description': '', 'tags': [], 'created_at': '2025-03-18T16:42:42Z', 'updated_at': '2025-03-18T16:42:42Z', 'revision_number': 1}, Subnet: {'id': '6b8bf62f-fcd3-428f-a27b-dc09b317cbbf', 'name': 'tempest-ServersNegativeTestMultiTenantJSON-1378760809-subnet', 'tenant_id': 'b83ed8a78d29480595e0dc1dad3b7d47', 'network_id': '401de940-defe-4845-81f6-98cf643380ae', 'ip_version': 4, 'subnetpool_id': None, 'enable_dhcp': True, 'ipv6_ra_mode': None, 'ipv6_address_mode': None, 'gateway_ip': '192.168.128.1', 'cidr': '192.168.128.0/28', 'allocation_pools': [{'start': '192.168.128.2', 'end': '192.168.128.14'}], 'host_routes': [], 'dns_nameservers': [], 'description': '', 'router:external': False, 'service_types': [], 'tags': [], 'created_at': '2025-03-18T16:42:43Z', 'updated_at': '2025-03-18T16:42:43Z', 'revision_number': 0, 'project_id': 'b83ed8a78d29480595e0dc1dad3b7d47'}, Router: {'id': 'c49ac390-3567-451c-8f42-29eb6feb0595', 'name': 'tempest-ServersNegativeTestMultiTenantJSON-1378760809-router', 'tenant_id': 'b83ed8a78d29480595e0dc1dad3b7d47', 'admin_state_up': True, 'status': 'ACTIVE', 'external_gateway_info': {'network_id': 'b3826991-2d97-49f9-baa8-bea9a5ee7ad8', 'external_fixed_ips': [{'subnet_id': '37dc24ae-f8e6-4fbc-85ab-84cf4f7a5714', 'ip_address': '10.180.180.228'}], 'enable_snat': True}, 'description': '', 'availability_zones': [], 'distributed': False, 'ha': False, 'availability_zone_hints': [], 'routes': [], 'flavor_id': None, 'tags': [], 'created_at': '2025-03-18T16:42:43Z', 'updated_at': '2025-03-18T16:42:44Z', 'revision_number': 2, 'project_id': 'b83ed8a78d29480595e0dc1dad3b7d47'}
2025-03-18 16:42:49.183 68586 INFO tempest.lib.common.rest_client [req-b4be86db-f922-47d8-9c54-38de514e23f6 req-b4be86db-f922-47d8-9c54-38de514e23f6 ] Request (AttachVolumeShelveTestJSON:test_attach_volume_shelved_or_offload_server): 200 GET http://10.180.1.21/compute/v2.1/servers/5ade77af-061f-450a-93bb-7f9e28907c63 0.294s
2025-03-18 16:42:49.222 68598 INFO tempest.lib.common.rest_client [req-7591a0b0-104a-4006-aad9-0b4c8afe01f1 req-7591a0b0-104a-4006-aad9-0b4c8afe01f1 ] Request (ServerAddressesTestJSON:setUpClass): 200 PUT http://10.180.1.21:9696/networking/v2.0/routers/12260e47-40a1-48c3-afa0-81dceddbfed6/add_router_interface 2.584s
