2025-03-18 16:41:27.702 68594 INFO tempest.lib.common.rest_client [req-028e2eaa-5daa-47a6-832a-fa1ffd44d91a req-028e2eaa-5daa-47a6-832a-fa1ffd44d91a ] Request (ServerMetadataNegativeTestJSON:setUpClass): 200 GET http://10.180.1.21/compute/v2.1/servers/b218486a-5377-493a-af05-62611c6d65e2 0.061s
2025-03-18 16:41:27.703 68622 INFO tempest.lib.common.rest_client [req-206af602-32c7-4a2d-827d-472549e64a17 req-206af602-32c7-4a2d-827d-472549e64a17 ] Request (ServerDiagnosticsV248Test:test_get_server_diagnostics): 200 GET http://10.180.1.21/compute/v2.1/servers/8fe7d6b6-f9d6-41d3-b0b9-de114a053c17 0.069s
2025-03-18 16:41:27.722 68596 INFO tempest.lib.common.rest_client [req-8b9b4e6e-2ef1-4c50-a27c-7d48b00920e3 req-8b9b4e6e-2ef1-4c50-a27c-7d48b00920e3 ] Request (MigrationsAdminTest:test_resize_server_revert_deleted_flavor): 200 POST http://10.180.1.21/compute/v2.1/flavors 0.071s
2025-03-18 16:41:27.729 68576 INFO tempest.lib.common.rest_client [req-e469d604-2263-42a8-91ec-e8985952031a req-e469d604-2263-42a8-91ec-e8985952031a ] Request (ServerActionsV293TestJSON:setUpClass): 200 GET http://10.180.1.21/volume/v3/volumes/d30ebc03-0a45-4e07-b149-749a58a702b1 0.033s
2025-03-18 16:41:27.756 68608 INFO tempest.lib.common.rest_client [req-6c55ab13-d4de-4dd2-85bd-f7193e22fec3 req-6c55ab13-d4de-4dd2-85bd-f7193e22fec3 ] Request (ServersTestBootFromVolume:setUpClass): 200 GET http://10.180.1.21/volume/v3/volumes/1753aec1-e5d8-4d28-9027-0885bf59bbee 0.035s
2025-03-18 16:41:27.775 68600 INFO tempest.lib.common.rest_client [req-edccafef-f0da-4a9f-b650-350490cd4913 req-edccafef-f0da-4a9f-b650-350490cd4913 ] Request (ServersTestJSON:test_create_server_with_ipv6_addr_only): 200 GET http://10.180.1.21/compute/v2.1/servers/ea193bed-f2ab-46db-9db5-3c0ca3c18b3b 0.053s
2025-03-18 16:41:27.786 68596 INFO tempest.lib.common.rest_client [req-96d25d6f-bb12-440a-915e-b3d9ab61ce89 req-96d25d6f-bb12-440a-915e-b3d9ab61ce89 ] Request (MigrationsAdminTest:test_resize_server_revert_deleted_flavor): 200 GET http://10.180.1.21/compute/v2.1/flavors/42/os-extra_specs 0.061s
2025-03-18 16:41:27.809 68596 INFO tempest.lib.common.rest_client [req-ffce0770-7d80-4057-8306-a344445b673b req-ffce0770-7d80-4057-8306-a344445b673b ] Request (MigrationsAdminTest:test_resize_server_revert_deleted_flavor): 200 POST http://10.180.1.21/compute/v2.1/flavors/6d6107f0-61d2-4bbe-b9ab-1069c4ba9aa4/os-extra_specs 0.022s
2025-03-18 16:41:27.862 68604 INFO tempest.lib.common.rest_client [req-1b8715eb-d5a9-4b16-9e23-2ad0bfec6073 req-1b8715eb-d5a9-4b16-9e23-2ad0bfec6073 ] Request (ServersNegativeTestJSON:setUpClass): 200 GET http://10.180.1.21/compute/v2.1/servers/e4180bfa-0718-445e-823c-0fc272adb215 0.055s
2025-03-18 16:41:27.873 68596 INFO tempest.lib.common.rest_client [req-3950d0c9-0187-4e2c-b0dd-8d80ab4caa7f req-3950d0c9-0187-4e2c-b0dd-8d80ab4caa7f ] Request (MigrationsAdminTest:test_resize_server_revert_deleted_flavor): 201 POST http://10.180.1.21/identity/v3/auth/tokens 0.059s
2025-03-18 16:41:27.873 68596 INFO tempest.lib.common.fixed_network [-] (MigrationsAdminTest:test_resize_server_revert_deleted_flavor) Found network None available for tenant
2025-03-18 16:41:27.923 68630 INFO tempest.lib.common.rest_client [req-8d1e6fa6-3956-4cdf-8d0a-050c84cef931 req-8d1e6fa6-3956-4cdf-8d0a-050c84cef931 ] Request (FloatingIPsAssociationNegativeTestJSON:tearDownClass): 200 GET http://10.180.1.21/compute/v2.1/servers/a2730738-7df2-42da-8048-7d06e3b97d4a 0.105s
2025-03-18 16:41:27.975 68632 INFO tempest.lib.common.rest_client [req-daa8b31f-1c15-4784-a867-a23f5eb2ca88 req-daa8b31f-1c15-4784-a867-a23f5eb2ca88 ] Request (ServerPasswordTestJSON:tearDownClass): 200 GET http://10.180.1.21/compute/v2.1/servers/357679d3-4eba-4d3f-9178-43e4521fe6aa 0.110s
2025-03-18 16:41:28.095 68617 INFO tempest.lib.common.rest_client [req-ed129204-3c8d-4b8d-a53e-df6d18e6ea86 req-ed129204-3c8d-4b8d-a53e-df6d18e6ea86 ] Request (ServerDiskConfigTestJSON:test_rebuild_server_with_auto_disk_config): 202 POST http://10.180.1.21/compute/v2.1/servers 0.409s
2025-03-18 16:41:28.157 68611 INFO tempest.lib.common.rest_client [req-b66cdac6-cee0-4fb6-b1e8-1f53a92dcdf3 req-b66cdac6-cee0-4fb6-b1e8-1f53a92dcdf3 ] Request (InstanceActionsTestJSON:setUpClass): 200 GET http://10.180.1.21/compute/v2.1/servers/cd01f9f6-0793-4e51-8197-6022d31f9a97 0.234s
2025-03-18 16:41:28.181 68596 INFO tempest.lib.common.rest_client [req-aacd9010-764a-4e0e-9883-d94952491bba req-aacd9010-764a-4e0e-9883-d94952491bba ] Request (MigrationsAdminTest:test_resize_server_revert_deleted_flavor): 202 POST http://10.180.1.21/compute/v2.1/servers 0.307s
2025-03-18 16:41:28.233 68588 INFO tempest.lib.common.rest_client [req-4c9620ce-4fc8-4bfe-8a74-a41be1fb239a req-4c9620ce-4fc8-4bfe-8a74-a41be1fb239a ] Request (ImagesNegativeTestJSON:test_create_image_from_deleted_server): 200 GET http://10.180.1.21/compute/v2.1/servers/f42defe1-aa9a-4277-b53f-4a72bc3150a2 0.134s
2025-03-18 16:41:28.245 68618 WARNING tempest.lib.common.ssh [-] Failed to establish authenticated ssh connection to cirros@10.180.180.193 ([Errno None] Unable to connect to port 22 on 10.180.180.193). Number attempts: 8. Retry after 9 seconds.: paramiko.ssh_exception.NoValidConnectionsError: [Errno None] Unable to connect to port 22 on 10.180.180.193
2025-03-18 16:41:28.275 68584 INFO tempest.lib.common.rest_client [req-b04110f2-00bc-4adf-8688-fd2c44e6566c req-b04110f2-00bc-4adf-8688-fd2c44e6566c ] Request (DeleteServersAdminTestJSON:test_delete_server_while_in_error_state): 200 GET http://10.180.1.21/compute/v2.1/servers/a45be5f5-c1a5-45b1-8b88-7eca1b3cb8b6 0.240s
2025-03-18 16:41:28.276 68617 INFO tempest.lib.common.rest_client [req-87e2913e-761d-4fef-85f9-edec42a3959a req-87e2913e-761d-4fef-85f9-edec42a3959a ] Request (ServerDiskConfigTestJSON:test_rebuild_server_with_auto_disk_config): 200 GET http://10.180.1.21/compute/v2.1/servers/afb6920d-1c34-440d-a0df-33e48701dade 0.179s
2025-03-18 16:41:28.320 68596 INFO tempest.lib.common.rest_client [req-294f01f1-9bc2-494b-8205-33bed495313c req-294f01f1-9bc2-494b-8205-33bed495313c ] Request (MigrationsAdminTest:test_resize_server_revert_deleted_flavor): 200 GET http://10.180.1.21/compute/v2.1/servers/0196b796-8e2b-470e-90a0-4cd261d46415 0.137s
2025-03-18 16:41:28.373 68602 WARNING tempest.lib.common.ssh [-] Failed to establish authenticated ssh connection to cirros@10.180.180.192 ([Errno None] Unable to connect to port 22 on 10.180.180.192). Number attempts: 6. Retry after 7 seconds.: paramiko.ssh_exception.NoValidConnectionsError: [Errno None] Unable to connect to port 22 on 10.180.180.192
2025-03-18 16:41:28.395 68626 INFO tempest.lib.common.rest_client [req-2bd442fa-4381-4b45-b77e-d9aa47192642 req-2bd442fa-4381-4b45-b77e-d9aa47192642 ] Request (ServersTestManualDisk:setUpClass): 200 GET http://10.180.1.21/compute/v2.1/servers/4ae6521d-9281-432a-80a6-96705ae092c1 0.244s
2025-03-18 16:41:28.440 68586 INFO tempest.lib.common.rest_client [req-df9286ec-30e2-4496-a211-c4626588ff9c req-df9286ec-30e2-4496-a211-c4626588ff9c ] Request (InstanceActionsV221TestJSON:test_get_list_deleted_instance_actions): 200 GET http://10.180.1.21/compute/v2.1/servers/60fe2903-0080-4440-b2a4-e25fd9a177e0 0.240s
2025-03-18 16:41:28.490 68620 INFO tempest.lib.common.rest_client [req-91f51f50-7b3b-4b9b-b5ec-7bef12c62297 req-91f51f50-7b3b-4b9b-b5ec-7bef12c62297 ] Request (ServerTagsTestJSON:setUpClass): 200 GET http://10.180.1.21/compute/v2.1/servers/1602c168-e4e2-46ef-80d9-adfee191fde7 0.248s
2025-03-18 16:41:28.501 68620 INFO tempest.common.waiters [-] State transition "BUILD/scheduling" ==> "BUILD/None" after 9 second wait
2025-03-18 16:41:28.512 68598 INFO tempest.lib.common.rest_client [req-7697fc79-bea3-4754-8b23-e438cd7d3869 req-7697fc79-bea3-4754-8b23-e438cd7d3869 ] Request (ServersAdminNegativeTestJSON:tearDownClass): 200 GET http://10.180.1.21/compute/v2.1/servers/db064b9d-7b96-4dea-bcdc-a663c9255357 0.243s
2025-03-18 16:41:28.570 68592 INFO tempest.lib.common.rest_client [req-26f9ac9f-a902-418b-b2d2-c91192a7e93c req-26f9ac9f-a902-418b-b2d2-c91192a7e93c ] Request (ServersTestMultiNic:_run_cleanups): 200 GET http://10.180.1.21/compute/v2.1/servers/220c91c5-79e3-4a25-a5cc-708741b4356a 0.256s
2025-03-18 16:41:28.577 68570 INFO tempest.lib.common.rest_client [req-de5b7800-ef6e-4bd1-9783-00c0a8cd47c9 req-de5b7800-ef6e-4bd1-9783-00c0a8cd47c9 ] Request (FloatingIPsAssociationTestJSON:tearDownClass): 200 GET http://10.180.1.21/compute/v2.1/servers/6ea307bd-2ca4-4143-8cf0-e8d50bfc6353 0.244s
2025-03-18 16:41:28.635 68582 INFO tempest.lib.common.rest_client [req-ab2ac4fc-3091-42d6-a66a-36e0417a7e05 req-ab2ac4fc-3091-42d6-a66a-36e0417a7e05 ] Request (ServerRescueTestJSON:test_rescue_unrescue_instance): 200 GET http://10.180.1.21/compute/v2.1/servers/6f44a390-b18c-4da9-b779-3e45c1a9ed92 0.251s
2025-03-18 16:41:28.639 68590 INFO tempest.lib.common.rest_client [req-d55af58e-90c0-4050-8620-6b3accfc41cf req-d55af58e-90c0-4050-8620-6b3accfc41cf ] Request (ImagesTestJSON:test_create_image_from_stopped_server): 200 GET http://10.180.1.21/compute/v2.1/servers/4fca172c-bc9d-4345-8d9a-ff65eb5bd56a 0.244s
2025-03-18 16:41:28.699 68574 INFO tempest.lib.common.rest_client [req-066833f4-582c-4ceb-becf-3719511abd2a req-066833f4-582c-4ceb-becf-3719511abd2a ] Request (ImagesOneServerTestJSON:tearDownClass): 200 GET http://10.180.1.21/compute/v2.1/servers/7575146e-b572-457f-a8e8-34005b5e9028 0.145s
2025-03-18 16:41:28.704 68614 INFO tempest.lib.common.rest_client [req-6e84a729-b6df-43b5-96de-1c6c28df02f2 req-6e84a729-b6df-43b5-96de-1c6c28df02f2 ] Request (ServersAdminTestJSON:test_inject_network_info): 200 GET http://10.180.1.21/compute/v2.1/servers/066e61d9-8593-438c-87f0-871332f73ffd 0.086s
2025-03-18 16:41:28.779 68624 INFO tempest.lib.common.rest_client [req-51de10bb-1d0b-4fa9-bc75-009f578c96dd req-51de10bb-1d0b-4fa9-bc75-009f578c96dd ] Request (ServersTestJSON:setUpClass): 200 GET http://10.180.1.21/compute/v2.1/servers/e1dee11e-e22b-48b2-9767-e1a06d5d0325 0.122s
2025-03-18 16:41:28.781 68594 INFO tempest.lib.common.rest_client [req-aed09ee7-b2e4-4546-940e-6247ccc6f062 req-aed09ee7-b2e4-4546-940e-6247ccc6f062 ] Request (ServerMetadataNegativeTestJSON:setUpClass): 200 GET http://10.180.1.21/compute/v2.1/servers/b218486a-5377-493a-af05-62611c6d65e2 0.066s
2025-03-18 16:41:28.791 68576 INFO tempest.lib.common.rest_client [req-eb2de56e-c33f-4929-a6f5-4b72c50ffc5d req-eb2de56e-c33f-4929-a6f5-4b72c50ffc5d ] Request (ServerActionsV293TestJSON:setUpClass): 200 GET http://10.180.1.21/volume/v3/volumes/d30ebc03-0a45-4e07-b149-749a58a702b1 0.051s
2025-03-18 16:41:28.799 68608 INFO tempest.lib.common.rest_client [req-a2da4861-978f-4f9c-876a-e9682abee5b9 req-a2da4861-978f-4f9c-876a-e9682abee5b9 ] Request (ServersTestBootFromVolume:setUpClass): 200 GET http://10.180.1.21/volume/v3/volumes/1753aec1-e5d8-4d28-9027-0885bf59bbee 0.034s
2025-03-18 16:41:28.834 68622 INFO tempest.lib.common.rest_client [req-6fab2bc2-c9ef-475f-be21-5794b29f4068 req-6fab2bc2-c9ef-475f-be21-5794b29f4068 ] Request (ServerDiagnosticsV248Test:test_get_server_diagnostics): 200 GET http://10.180.1.21/compute/v2.1/servers/8fe7d6b6-f9d6-41d3-b0b9-de114a053c17 0.118s
2025-03-18 16:41:28.853 68600 INFO tempest.lib.common.rest_client [req-61d50753-89d0-4a7f-a7ec-0316c2e39b16 req-61d50753-89d0-4a7f-a7ec-0316c2e39b16 ] Request (ServersTestJSON:test_create_server_with_ipv6_addr_only): 200 GET http://10.180.1.21/compute/v2.1/servers/ea193bed-f2ab-46db-9db5-3c0ca3c18b3b 0.064s
2025-03-18 16:41:28.933 68604 INFO tempest.lib.common.rest_client [req-e6204210-9b80-4d9d-be81-c85c3fd342b2 req-e6204210-9b80-4d9d-be81-c85c3fd342b2 ] Request (ServersNegativeTestJSON:setUpClass): 200 GET http://10.180.1.21/compute/v2.1/servers/e4180bfa-0718-445e-823c-0fc272adb215 0.056s
2025-03-18 16:41:28.995 68630 INFO tempest.lib.common.rest_client [req-976f335b-5dc7-4fe9-9071-1aae06cf339f req-976f335b-5dc7-4fe9-9071-1aae06cf339f ] Request (FloatingIPsAssociationNegativeTestJSON:tearDownClass): 200 GET http://10.180.1.21/compute/v2.1/servers/a2730738-7df2-42da-8048-7d06e3b97d4a 0.063s
2025-03-18 16:41:29.048 68632 INFO tempest.lib.common.rest_client [req-60369af0-bf54-4513-a2df-accdd1756805 req-60369af0-bf54-4513-a2df-accdd1756805 ] Request (ServerPasswordTestJSON:tearDownClass): 200 GET http://10.180.1.21/compute/v2.1/servers/357679d3-4eba-4d3f-9178-43e4521fe6aa 0.063s
2025-03-18 16:41:29.228 68611 INFO tempest.lib.common.rest_client [req-6c6e7cfa-2c20-480d-bc3a-ab4cac28faa8 req-6c6e7cfa-2c20-480d-bc3a-ab4cac28faa8 ] Request (InstanceActionsTestJSON:setUpClass): 200 GET http://10.180.1.21/compute/v2.1/servers/cd01f9f6-0793-4e51-8197-6022d31f9a97 0.058s
2025-03-18 16:41:29.310 68588 INFO tempest.lib.common.rest_client [req-8c7e99d7-2247-4ae3-ae3d-0c0c46fb6cae req-8c7e99d7-2247-4ae3-ae3d-0c0c46fb6cae ] Request (ImagesNegativeTestJSON:test_create_image_from_deleted_server): 200 GET http://10.180.1.21/compute/v2.1/servers/f42defe1-aa9a-4277-b53f-4a72bc3150a2 0.067s
2025-03-18 16:41:29.368 68617 INFO tempest.lib.common.rest_client [req-294fbdc3-563b-432e-9839-246d64e64983 req-294fbdc3-563b-432e-9839-246d64e64983 ] Request (ServerDiskConfigTestJSON:test_rebuild_server_with_auto_disk_config): 200 GET http://10.180.1.21/compute/v2.1/servers/afb6920d-1c34-440d-a0df-33e48701dade 0.075s
2025-03-18 16:41:29.422 68584 INFO tempest.lib.common.rest_client [req-317c565d-1c50-4201-a79a-8c3656f4f357 req-317c565d-1c50-4201-a79a-8c3656f4f357 ] Request (DeleteServersAdminTestJSON:test_delete_server_while_in_error_state): 200 GET http://10.180.1.21/compute/v2.1/servers/a45be5f5-c1a5-45b1-8b88-7eca1b3cb8b6 0.131s
2025-03-18 16:41:29.430 68596 INFO tempest.lib.common.rest_client [req-dbaf8fae-f53e-4e6c-977e-f535efebbbac req-dbaf8fae-f53e-4e6c-977e-f535efebbbac ] Request (MigrationsAdminTest:test_resize_server_revert_deleted_flavor): 200 GET http://10.180.1.21/compute/v2.1/servers/0196b796-8e2b-470e-90a0-4cd261d46415 0.101s
2025-03-18 16:41:29.560 68626 INFO tempest.lib.common.rest_client [req-0f2c47c2-2c3d-4e17-8ff9-946c3f9224fd req-0f2c47c2-2c3d-4e17-8ff9-946c3f9224fd ] Request (ServersTestManualDisk:setUpClass): 200 GET http://10.180.1.21/compute/v2.1/servers/4ae6521d-9281-432a-80a6-96705ae092c1 0.157s
2025-03-18 16:41:29.617 68620 INFO tempest.lib.common.rest_client [req-1bd7ad74-335a-4a7e-bcf5-211cd7dfadb4 req-1bd7ad74-335a-4a7e-bcf5-211cd7dfadb4 ] Request (ServerTagsTestJSON:setUpClass): 200 GET http://10.180.1.21/compute/v2.1/servers/1602c168-e4e2-46ef-80d9-adfee191fde7 0.115s
2025-03-18 16:41:29.636 68586 INFO tempest.lib.common.rest_client [req-c041e1f7-9135-462d-8aff-4b7120735c6c req-c041e1f7-9135-462d-8aff-4b7120735c6c ] Request (InstanceActionsV221TestJSON:test_get_list_deleted_instance_actions): 200 GET http://10.180.1.21/compute/v2.1/servers/60fe2903-0080-4440-b2a4-e25fd9a177e0 0.186s
2025-03-18 16:41:29.674 68598 INFO tempest.lib.common.rest_client [req-019d5c20-b700-4102-aa47-9b150f367ae6 req-019d5c20-b700-4102-aa47-9b150f367ae6 ] Request (ServersAdminNegativeTestJSON:tearDownClass): 200 GET http://10.180.1.21/compute/v2.1/servers/db064b9d-7b96-4dea-bcdc-a663c9255357 0.147s
2025-03-18 16:41:29.698 68592 INFO tempest.lib.common.rest_client [req-e76eb9dd-bb01-410b-8d85-dd0115e235e6 req-e76eb9dd-bb01-410b-8d85-dd0115e235e6 ] Request (ServersTestMultiNic:_run_cleanups): 200 GET http://10.180.1.21/compute/v2.1/servers/220c91c5-79e3-4a25-a5cc-708741b4356a 0.118s
2025-03-18 16:41:29.731 68570 INFO tempest.lib.common.rest_client [req-096b2d88-f7c0-47fb-8954-c5965cb326fd req-096b2d88-f7c0-47fb-8954-c5965cb326fd ] Request (FloatingIPsAssociationTestJSON:tearDownClass): 200 GET http://10.180.1.21/compute/v2.1/servers/6ea307bd-2ca4-4143-8cf0-e8d50bfc6353 0.143s
2025-03-18 16:41:29.749 68582 INFO tempest.lib.common.rest_client [req-10910dd8-0075-43f9-a697-b347053b6693 req-10910dd8-0075-43f9-a697-b347053b6693 ] Request (ServerRescueTestJSON:test_rescue_unrescue_instance): 200 GET http://10.180.1.21/compute/v2.1/servers/6f44a390-b18c-4da9-b779-3e45c1a9ed92 0.101s
2025-03-18 16:41:29.780 68572 WARNING tempest.lib.common.ssh [-] Failed to establish authenticated ssh connection to cirros@10.180.180.201 ([Errno None] Unable to connect to port 22 on 10.180.180.201). Number attempts: 4. Retry after 5 seconds.: paramiko.ssh_exception.NoValidConnectionsError: [Errno None] Unable to connect to port 22 on 10.180.180.201
2025-03-18 16:41:29.781 68590 INFO tempest.lib.common.rest_client [req-4f3d0148-4fd5-4ba1-a0c3-1a0e81a6bf38 req-4f3d0148-4fd5-4ba1-a0c3-1a0e81a6bf38 ] Request (ImagesTestJSON:test_create_image_from_stopped_server): 200 GET http://10.180.1.21/compute/v2.1/servers/4fca172c-bc9d-4345-8d9a-ff65eb5bd56a 0.130s
2025-03-18 16:41:29.808 68574 INFO tempest.lib.common.rest_client [req-d13eb189-27e0-4f54-8359-48a8c2e8e011 req-d13eb189-27e0-4f54-8359-48a8c2e8e011 ] Request (ImagesOneServerTestJSON:tearDownClass): 200 GET http://10.180.1.21/compute/v2.1/servers/7575146e-b572-457f-a8e8-34005b5e9028 0.101s
2025-03-18 16:41:29.826 68576 INFO tempest.lib.common.rest_client [req-1ebd016e-8d20-48d4-a9dc-cb201add6f17 req-1ebd016e-8d20-48d4-a9dc-cb201add6f17 ] Request (ServerActionsV293TestJSON:setUpClass): 200 GET http://10.180.1.21/volume/v3/volumes/d30ebc03-0a45-4e07-b149-749a58a702b1 0.026s
2025-03-18 16:41:29.830 68614 INFO tempest.lib.common.rest_client [req-4599e1f7-7235-4864-83e4-ec7c482f3151 req-4599e1f7-7235-4864-83e4-ec7c482f3151 ] Request (ServersAdminTestJSON:test_inject_network_info): 200 GET http://10.180.1.21/compute/v2.1/servers/066e61d9-8593-438c-87f0-871332f73ffd 0.118s
2025-03-18 16:41:29.838 68608 INFO tempest.lib.common.rest_client [req-079c388d-e89a-48b1-8da5-124400181957 req-079c388d-e89a-48b1-8da5-124400181957 ] Request (ServersTestBootFromVolume:setUpClass): 200 GET http://10.180.1.21/volume/v3/volumes/1753aec1-e5d8-4d28-9027-0885bf59bbee 0.031s
2025-03-18 16:41:29.854 68624 INFO tempest.lib.common.rest_client [req-b13abdb5-6663-4175-b613-06bc1e38813f req-b13abdb5-6663-4175-b613-06bc1e38813f ] Request (ServersTestJSON:setUpClass): 200 GET http://10.180.1.21/compute/v2.1/servers/e1dee11e-e22b-48b2-9767-e1a06d5d0325 0.067s
2025-03-18 16:41:29.874 68594 INFO tempest.lib.common.rest_client [req-959aa9e8-e310-416f-8010-3dfcb2a43e23 req-959aa9e8-e310-416f-8010-3dfcb2a43e23 ] Request (ServerMetadataNegativeTestJSON:setUpClass): 200 GET http://10.180.1.21/compute/v2.1/servers/b218486a-5377-493a-af05-62611c6d65e2 0.084s
2025-03-18 16:41:29.903 68622 INFO tempest.lib.common.rest_client [req-20e22d05-c7a9-4369-b4dc-673e3e467adb req-20e22d05-c7a9-4369-b4dc-673e3e467adb ] Request (ServerDiagnosticsV248Test:test_get_server_diagnostics): 200 GET http://10.180.1.21/compute/v2.1/servers/8fe7d6b6-f9d6-41d3-b0b9-de114a053c17 0.059s
2025-03-18 16:41:29.920 68600 INFO tempest.lib.common.rest_client [req-12370df0-2ea4-4750-b40e-1cd330726510 req-12370df0-2ea4-4750-b40e-1cd330726510 ] Request (ServersTestJSON:test_create_server_with_ipv6_addr_only): 200 GET http://10.180.1.21/compute/v2.1/servers/ea193bed-f2ab-46db-9db5-3c0ca3c18b3b 0.059s
2025-03-18 16:41:29.991 68604 INFO tempest.lib.common.rest_client [req-b5c238bf-cb39-466a-b8ba-8fff5da65dac req-b5c238bf-cb39-466a-b8ba-8fff5da65dac ] Request (ServersNegativeTestJSON:setUpClass): 200 GET http://10.180.1.21/compute/v2.1/servers/e4180bfa-0718-445e-823c-0fc272adb215 0.049s
2025-03-18 16:41:30.063 68630 INFO tempest.lib.common.rest_client [req-fab81078-49a3-4813-b369-65f518deb1b2 req-fab81078-49a3-4813-b369-65f518deb1b2 ] Request (FloatingIPsAssociationNegativeTestJSON:tearDownClass): 200 GET http://10.180.1.21/compute/v2.1/servers/a2730738-7df2-42da-8048-7d06e3b97d4a 0.060s
2025-03-18 16:41:30.111 68632 INFO tempest.lib.common.rest_client [req-cc8fb145-251e-4c52-b689-99ee7e757f5b req-cc8fb145-251e-4c52-b689-99ee7e757f5b ] Request (ServerPasswordTestJSON:tearDownClass): 200 GET http://10.180.1.21/compute/v2.1/servers/357679d3-4eba-4d3f-9178-43e4521fe6aa 0.056s
2025-03-18 16:41:30.287 68611 INFO tempest.lib.common.rest_client [req-37ebfe25-7f29-4186-89f8-2db2f0913569 req-37ebfe25-7f29-4186-89f8-2db2f0913569 ] Request (InstanceActionsTestJSON:setUpClass): 200 GET http://10.180.1.21/compute/v2.1/servers/cd01f9f6-0793-4e51-8197-6022d31f9a97 0.048s
2025-03-18 16:41:30.376 68588 INFO tempest.lib.common.rest_client [req-f0b5713f-6ba7-4ddb-952a-f040811598fb req-f0b5713f-6ba7-4ddb-952a-f040811598fb ] Request (ImagesNegativeTestJSON:test_create_image_from_deleted_server): 200 GET http://10.180.1.21/compute/v2.1/servers/f42defe1-aa9a-4277-b53f-4a72bc3150a2 0.057s
2025-03-18 16:41:30.429 68617 INFO tempest.lib.common.rest_client [req-a4acc574-9255-4fe7-a485-82466bc72453 req-a4acc574-9255-4fe7-a485-82466bc72453 ] Request (ServerDiskConfigTestJSON:test_rebuild_server_with_auto_disk_config): 200 GET http://10.180.1.21/compute/v2.1/servers/afb6920d-1c34-440d-a0df-33e48701dade 0.048s
2025-03-18 16:41:30.486 68596 INFO tempest.lib.common.rest_client [req-415df713-aeb0-4e18-a152-f4f45f39dd52 req-415df713-aeb0-4e18-a152-f4f45f39dd52 ] Request (MigrationsAdminTest:test_resize_server_revert_deleted_flavor): 200 GET http://10.180.1.21/compute/v2.1/servers/0196b796-8e2b-470e-90a0-4cd261d46415 0.047s
2025-03-18 16:41:30.488 68584 INFO tempest.lib.common.rest_client [req-62133156-5954-4811-9cb0-b003e7c49004 req-62133156-5954-4811-9cb0-b003e7c49004 ] Request (DeleteServersAdminTestJSON:test_delete_server_while_in_error_state): 200 GET http://10.180.1.21/compute/v2.1/servers/a45be5f5-c1a5-45b1-8b88-7eca1b3cb8b6 0.056s
2025-03-18 16:41:30.670 68626 INFO tempest.lib.common.rest_client [req-422d2b2d-de54-4318-901c-d719068eb2a9 req-422d2b2d-de54-4318-901c-d719068eb2a9 ] Request (ServersTestManualDisk:setUpClass): 200 GET http://10.180.1.21/compute/v2.1/servers/4ae6521d-9281-432a-80a6-96705ae092c1 0.101s
2025-03-18 16:41:30.677 68626 INFO tempest.common.waiters [-] State transition "BUILD/spawning" ==> "ACTIVE/None" after 41 second wait
2025-03-18 16:41:30.682 68620 INFO tempest.lib.common.rest_client [req-8f4b4a0f-53f2-4694-a217-65a7eab90e07 req-8f4b4a0f-53f2-4694-a217-65a7eab90e07 ] Request (ServerTagsTestJSON:setUpClass): 200 GET http://10.180.1.21/compute/v2.1/servers/1602c168-e4e2-46ef-80d9-adfee191fde7 0.053s
2025-03-18 16:41:30.756 68626 INFO tempest.lib.common.rest_client [req-87683340-76ab-4439-ad42-e2436f89433e req-87683340-76ab-4439-ad42-e2436f89433e ] Request (ServersTestManualDisk:setUpClass): 200 GET http://10.180.1.21/compute/v2.1/servers/4ae6521d-9281-432a-80a6-96705ae092c1/os-interface 0.078s
2025-03-18 16:41:30.804 68580 WARNING tempest.lib.common.ssh [-] Failed to establish authenticated ssh connection to cirros@10.180.180.229 ([Errno None] Unable to connect to port 22 on 10.180.180.229). Number attempts: 6. Retry after 7 seconds.: paramiko.ssh_exception.NoValidConnectionsError: [Errno None] Unable to connect to port 22 on 10.180.180.229
2025-03-18 16:41:30.824 68586 INFO tempest.lib.common.rest_client [req-43354f82-a067-41a1-923f-5884c55605d9 req-43354f82-a067-41a1-923f-5884c55605d9 ] Request (InstanceActionsV221TestJSON:test_get_list_deleted_instance_actions): 200 GET http://10.180.1.21/compute/v2.1/servers/60fe2903-0080-4440-b2a4-e25fd9a177e0 0.176s
2025-03-18 16:41:30.849 68598 INFO tempest.lib.common.rest_client [req-8de93006-6327-4602-9922-a292f4a5981f req-8de93006-6327-4602-9922-a292f4a5981f ] Request (ServersAdminNegativeTestJSON:tearDownClass): 200 GET http://10.180.1.21/compute/v2.1/servers/db064b9d-7b96-4dea-bcdc-a663c9255357 0.165s
2025-03-18 16:41:30.875 68608 INFO tempest.lib.common.rest_client [req-4e0a2f2f-d175-4500-aa0b-dcde3a1867dc req-4e0a2f2f-d175-4500-aa0b-dcde3a1867dc ] Request (ServersTestBootFromVolume:setUpClass): 200 GET http://10.180.1.21/volume/v3/volumes/1753aec1-e5d8-4d28-9027-0885bf59bbee 0.030s
2025-03-18 16:41:30.882 68576 INFO tempest.lib.common.rest_client [req-7ea603a9-32e5-41db-adb1-fd76c7f36ab4 req-7ea603a9-32e5-41db-adb1-fd76c7f36ab4 ] Request (ServerActionsV293TestJSON:setUpClass): 200 GET http://10.180.1.21/volume/v3/volumes/d30ebc03-0a45-4e07-b149-749a58a702b1 0.047s
2025-03-18 16:41:30.897 68592 INFO tempest.lib.common.rest_client [req-b7f5e79c-4fd3-43ce-9d84-36a594b6cc06 req-b7f5e79c-4fd3-43ce-9d84-36a594b6cc06 ] Request (ServersTestMultiNic:_run_cleanups): 200 GET http://10.180.1.21/compute/v2.1/servers/220c91c5-79e3-4a25-a5cc-708741b4356a 0.190s
2025-03-18 16:41:30.925 68570 INFO tempest.lib.common.rest_client [req-3607a375-0627-4429-bb40-6850cf8981bd req-3607a375-0627-4429-bb40-6850cf8981bd ] Request (FloatingIPsAssociationTestJSON:tearDownClass): 200 GET http://10.180.1.21/compute/v2.1/servers/6ea307bd-2ca4-4143-8cf0-e8d50bfc6353 0.185s
2025-03-18 16:41:30.954 68582 INFO tempest.lib.common.rest_client [req-39010e36-c128-439d-989b-b9d1c0712377 req-39010e36-c128-439d-989b-b9d1c0712377 ] Request (ServerRescueTestJSON:test_rescue_unrescue_instance): 200 GET http://10.180.1.21/compute/v2.1/servers/6f44a390-b18c-4da9-b779-3e45c1a9ed92 0.195s
2025-03-18 16:41:30.997 68590 INFO tempest.lib.common.rest_client [req-ea624bc9-920b-400e-a76b-cd9bf3348e38 req-ea624bc9-920b-400e-a76b-cd9bf3348e38 ] Request (ImagesTestJSON:test_create_image_from_stopped_server): 200 GET http://10.180.1.21/compute/v2.1/servers/4fca172c-bc9d-4345-8d9a-ff65eb5bd56a 0.208s
2025-03-18 16:41:31.023 68574 INFO tempest.lib.common.rest_client [req-a79259b2-2a44-4364-a845-ca07782d8af8 req-a79259b2-2a44-4364-a845-ca07782d8af8 ] Request (ImagesOneServerTestJSON:tearDownClass): 200 GET http://10.180.1.21/compute/v2.1/servers/7575146e-b572-457f-a8e8-34005b5e9028 0.205s
2025-03-18 16:41:31.054 68614 INFO tempest.lib.common.rest_client [req-c4c81a55-e7b6-4e67-8c1b-e38bf8cdfd58 req-c4c81a55-e7b6-4e67-8c1b-e38bf8cdfd58 ] Request (ServersAdminTestJSON:test_inject_network_info): 200 GET http://10.180.1.21/compute/v2.1/servers/066e61d9-8593-438c-87f0-871332f73ffd 0.217s
2025-03-18 16:41:31.073 68624 INFO tempest.lib.common.rest_client [req-1c65f240-97fd-4274-9396-717d9eb63718 req-1c65f240-97fd-4274-9396-717d9eb63718 ] Request (ServersTestJSON:setUpClass): 200 GET http://10.180.1.21/compute/v2.1/servers/e1dee11e-e22b-48b2-9767-e1a06d5d0325 0.210s
2025-03-18 16:41:31.126 68622 INFO tempest.lib.common.rest_client [req-c92903e9-b824-41cf-8ce0-40a2a3d7a991 req-c92903e9-b824-41cf-8ce0-40a2a3d7a991 ] Request (ServerDiagnosticsV248Test:test_get_server_diagnostics): 200 GET http://10.180.1.21/compute/v2.1/servers/8fe7d6b6-f9d6-41d3-b0b9-de114a053c17 0.212s
2025-03-18 16:41:31.176 68600 INFO tempest.lib.common.rest_client [req-e2393aa3-f5ea-490a-99f9-c003ac82dcfb req-e2393aa3-f5ea-490a-99f9-c003ac82dcfb ] Request (ServersTestJSON:test_create_server_with_ipv6_addr_only): 200 GET http://10.180.1.21/compute/v2.1/servers/ea193bed-f2ab-46db-9db5-3c0ca3c18b3b 0.248s
2025-03-18 16:41:31.226 68604 INFO tempest.lib.common.rest_client [req-90fee22f-9d75-4fed-9750-4c32dc2e59cf req-90fee22f-9d75-4fed-9750-4c32dc2e59cf ] Request (ServersNegativeTestJSON:setUpClass): 200 GET http://10.180.1.21/compute/v2.1/servers/e4180bfa-0718-445e-823c-0fc272adb215 0.226s
2025-03-18 16:41:31.243 68630 INFO tempest.lib.common.rest_client [req-de8b3858-5819-45b1-bd01-31ed338653b8 req-de8b3858-5819-45b1-bd01-31ed338653b8 ] Request (FloatingIPsAssociationNegativeTestJSON:tearDownClass): 404 GET http://10.180.1.21/compute/v2.1/servers/a2730738-7df2-42da-8048-7d06e3b97d4a 0.172s
2025-03-18 16:41:31.305 68594 INFO tempest.lib.common.rest_client [req-c09f1512-d3c0-457c-b635-96ce3dc6366d req-c09f1512-d3c0-457c-b635-96ce3dc6366d ] Request (ServerMetadataNegativeTestJSON:setUpClass): 200 GET http://10.180.1.21/compute/v2.1/servers/b218486a-5377-493a-af05-62611c6d65e2 0.422s
2025-03-18 16:41:31.317 68632 INFO tempest.lib.common.rest_client [req-19ab1e1f-0524-467c-a24f-39383ec09f02 req-19ab1e1f-0524-467c-a24f-39383ec09f02 ] Request (ServerPasswordTestJSON:tearDownClass): 200 GET http://10.180.1.21/compute/v2.1/servers/357679d3-4eba-4d3f-9178-43e4521fe6aa 0.196s
2025-03-18 16:41:31.358 68611 INFO tempest.lib.common.rest_client [req-6f12fcf9-5818-4ccc-860f-f4475f865056 req-6f12fcf9-5818-4ccc-860f-f4475f865056 ] Request (InstanceActionsTestJSON:setUpClass): 200 GET http://10.180.1.21/compute/v2.1/servers/cd01f9f6-0793-4e51-8197-6022d31f9a97 0.063s
2025-03-18 16:41:31.454 68588 INFO tempest.lib.common.rest_client [req-999cccc0-6970-4b2e-a3f4-f1cc63094ff8 req-999cccc0-6970-4b2e-a3f4-f1cc63094ff8 ] Request (ImagesNegativeTestJSON:test_create_image_from_deleted_server): 200 GET http://10.180.1.21/compute/v2.1/servers/f42defe1-aa9a-4277-b53f-4a72bc3150a2 0.069s
2025-03-18 16:41:31.501 68617 INFO tempest.lib.common.rest_client [req-d6fbe058-a3d7-4f4d-871b-566f51fdf3b5 req-d6fbe058-a3d7-4f4d-871b-566f51fdf3b5 ] Request (ServerDiskConfigTestJSON:test_rebuild_server_with_auto_disk_config): 200 GET http://10.180.1.21/compute/v2.1/servers/afb6920d-1c34-440d-a0df-33e48701dade 0.064s
2025-03-18 16:41:31.565 68584 INFO tempest.lib.common.rest_client [req-b20ef614-3ac9-4af5-822f-116e1a96b025 req-b20ef614-3ac9-4af5-822f-116e1a96b025 ] Request (DeleteServersAdminTestJSON:test_delete_server_while_in_error_state): 200 GET http://10.180.1.21/compute/v2.1/servers/a45be5f5-c1a5-45b1-8b88-7eca1b3cb8b6 0.069s
2025-03-18 16:41:31.566 68596 INFO tempest.lib.common.rest_client [req-d7caddf5-5be8-4fca-99cf-05ef72ac5bcc req-d7caddf5-5be8-4fca-99cf-05ef72ac5bcc ] Request (MigrationsAdminTest:test_resize_server_revert_deleted_flavor): 200 GET http://10.180.1.21/compute/v2.1/servers/0196b796-8e2b-470e-90a0-4cd261d46415 0.069s
2025-03-18 16:41:31.576 68584 INFO tempest.common.waiters [-] State transition "ERROR/deleting" ==> "DELETED/None" after 4 second wait
2025-03-18 16:41:31.590 68626 INFO tempest.lib.common.rest_client [req-8620c73f-40e6-416d-882a-453cbff9d513 req-8620c73f-40e6-416d-882a-453cbff9d513 ] Request (ServersTestManualDisk:setUpClass): 200 PUT http://10.180.1.21:9696/networking/v2.0/floatingips/60681c48-59d3-4f26-b86f-8107718da58c 0.832s
2025-03-18 16:41:31.716 68626 INFO tempest.lib.common.rest_client [req-d695dbf5-74f8-42d0-afbc-0f229165a9ea req-d695dbf5-74f8-42d0-afbc-0f229165a9ea ] Request (ServersTestManualDisk:setUpClass): 200 GET http://10.180.1.21/compute/v2.1/servers/4ae6521d-9281-432a-80a6-96705ae092c1 0.126s
2025-03-18 16:41:31.725 68626 INFO tempest.lib.common.ssh [-] Creating ssh connection to '10.180.180.237:22' as 'cirros' with public key authentication
2025-03-18 16:41:31.750 68620 INFO tempest.lib.common.rest_client [req-8831cff1-8e14-470b-b16a-e3cdbf1d17dd req-8831cff1-8e14-470b-b16a-e3cdbf1d17dd ] Request (ServerTagsTestJSON:setUpClass): 200 GET http://10.180.1.21/compute/v2.1/servers/1602c168-e4e2-46ef-80d9-adfee191fde7 0.058s
2025-03-18 16:41:31.914 68608 INFO tempest.lib.common.rest_client [req-3f322f3d-6541-4f62-b018-bbfa0ac85069 req-3f322f3d-6541-4f62-b018-bbfa0ac85069 ] Request (ServersTestBootFromVolume:setUpClass): 200 GET http://10.180.1.21/volume/v3/volumes/1753aec1-e5d8-4d28-9027-0885bf59bbee 0.029s
2025-03-18 16:41:31.916 68576 INFO tempest.lib.common.rest_client [req-6de10f9f-081a-4be2-9a6a-81a96da3440f req-6de10f9f-081a-4be2-9a6a-81a96da3440f ] Request (ServerActionsV293TestJSON:setUpClass): 200 GET http://10.180.1.21/volume/v3/volumes/d30ebc03-0a45-4e07-b149-749a58a702b1 0.024s
2025-03-18 16:41:31.925 68598 INFO tempest.lib.common.rest_client [req-9ed88376-757e-413f-9c78-41e9168a098d req-9ed88376-757e-413f-9c78-41e9168a098d ] Request (ServersAdminNegativeTestJSON:tearDownClass): 200 GET http://10.180.1.21/compute/v2.1/servers/db064b9d-7b96-4dea-bcdc-a663c9255357 0.068s
2025-03-18 16:41:31.960 68586 INFO tempest.lib.common.rest_client [req-e5cab7c3-fcc1-4492-a47d-6b785b185565 req-e5cab7c3-fcc1-4492-a47d-6b785b185565 ] Request (InstanceActionsV221TestJSON:test_get_list_deleted_instance_actions): 200 GET http://10.180.1.21/compute/v2.1/servers/60fe2903-0080-4440-b2a4-e25fd9a177e0 0.126s
2025-03-18 16:41:31.983 68592 INFO tempest.lib.common.rest_client [req-8e0198d2-198b-40bb-a338-da17d8dfe8be req-8e0198d2-198b-40bb-a338-da17d8dfe8be ] Request (ServersTestMultiNic:_run_cleanups): 200 GET http://10.180.1.21/compute/v2.1/servers/220c91c5-79e3-4a25-a5cc-708741b4356a 0.071s
2025-03-18 16:41:32.020 68570 INFO tempest.lib.common.rest_client [req-f04a147f-1835-4822-a364-585460d54819 req-f04a147f-1835-4822-a364-585460d54819 ] Request (FloatingIPsAssociationTestJSON:tearDownClass): 200 GET http://10.180.1.21/compute/v2.1/servers/6ea307bd-2ca4-4143-8cf0-e8d50bfc6353 0.086s
2025-03-18 16:41:32.043 68582 INFO tempest.lib.common.rest_client [req-bdc9c901-a436-4a47-a657-aa80adf24a9d req-bdc9c901-a436-4a47-a657-aa80adf24a9d ] Request (ServerRescueTestJSON:test_rescue_unrescue_instance): 200 GET http://10.180.1.21/compute/v2.1/servers/6f44a390-b18c-4da9-b779-3e45c1a9ed92 0.080s
2025-03-18 16:41:32.051 68630 INFO tempest.lib.common.rest_client [req-8137e616-9b90-4915-9380-96424caea84a req-8137e616-9b90-4915-9380-96424caea84a ] Request (FloatingIPsAssociationNegativeTestJSON:tearDownClass): 200 PUT http://10.180.1.21:9696/networking/v2.0/routers/b9f85777-9637-4fd0-813e-ba3e68383d09/remove_router_interface 0.807s
2025-03-18 16:41:32.079 68590 INFO tempest.lib.common.rest_client [req-05a9ecc9-277f-4d08-8843-038d5454a71d req-05a9ecc9-277f-4d08-8843-038d5454a71d ] Request (ImagesTestJSON:test_create_image_from_stopped_server): 200 GET http://10.180.1.21/compute/v2.1/servers/4fca172c-bc9d-4345-8d9a-ff65eb5bd56a 0.070s
2025-03-18 16:41:32.119 68574 INFO tempest.lib.common.rest_client [req-a9b604a9-44d9-46c7-9f55-073badcbd241 req-a9b604a9-44d9-46c7-9f55-073badcbd241 ] Request (ImagesOneServerTestJSON:tearDownClass): 200 GET http://10.180.1.21/compute/v2.1/servers/7575146e-b572-457f-a8e8-34005b5e9028 0.086s
2025-03-18 16:41:32.135 68614 INFO tempest.lib.common.rest_client [req-bb537f72-1094-4456-a58c-96dac62894b7 req-bb537f72-1094-4456-a58c-96dac62894b7 ] Request (ServersAdminTestJSON:test_inject_network_info): 200 GET http://10.180.1.21/compute/v2.1/servers/066e61d9-8593-438c-87f0-871332f73ffd 0.069s
2025-03-18 16:41:32.196 68624 INFO tempest.lib.common.rest_client [req-b655f305-4bf8-42ee-96f2-4ae74f2197b5 req-b655f305-4bf8-42ee-96f2-4ae74f2197b5 ] Request (ServersTestJSON:setUpClass): 200 GET http://10.180.1.21/compute/v2.1/servers/e1dee11e-e22b-48b2-9767-e1a06d5d0325 0.114s
2025-03-18 16:41:32.205 68622 INFO tempest.lib.common.rest_client [req-077802c2-89d7-48b2-ace6-d94b7970c73c req-077802c2-89d7-48b2-ace6-d94b7970c73c ] Request (ServerDiagnosticsV248Test:test_get_server_diagnostics): 200 GET http://10.180.1.21/compute/v2.1/servers/8fe7d6b6-f9d6-41d3-b0b9-de114a053c17 0.064s
2025-03-18 16:41:32.252 68600 INFO tempest.lib.common.rest_client [req-72b36b21-ff83-47cc-b3c3-ed60d729b21c req-72b36b21-ff83-47cc-b3c3-ed60d729b21c ] Request (ServersTestJSON:test_create_server_with_ipv6_addr_only): 200 GET http://10.180.1.21/compute/v2.1/servers/ea193bed-f2ab-46db-9db5-3c0ca3c18b3b 0.068s
2025-03-18 16:41:32.262 68600 INFO tempest.common.waiters [-] State transition "BUILD/scheduling" ==> "BUILD/None" after 12 second wait
2025-03-18 16:41:32.301 68604 INFO tempest.lib.common.rest_client [req-ad24caf7-080f-4599-a458-167a3b8855bd req-ad24caf7-080f-4599-a458-167a3b8855bd ] Request (ServersNegativeTestJSON:setUpClass): 200 GET http://10.180.1.21/compute/v2.1/servers/e4180bfa-0718-445e-823c-0fc272adb215 0.061s
2025-03-18 16:41:32.377 68594 INFO tempest.lib.common.rest_client [req-e0de5465-a022-4f2c-b143-95b14522c853 req-e0de5465-a022-4f2c-b143-95b14522c853 ] Request (ServerMetadataNegativeTestJSON:setUpClass): 200 GET http://10.180.1.21/compute/v2.1/servers/b218486a-5377-493a-af05-62611c6d65e2 0.063s
2025-03-18 16:41:32.387 68632 INFO tempest.lib.common.rest_client [req-65907c83-29b4-404d-9b13-b5be63c03362 req-65907c83-29b4-404d-9b13-b5be63c03362 ] Request (ServerPasswordTestJSON:tearDownClass): 200 GET http://10.180.1.21/compute/v2.1/servers/357679d3-4eba-4d3f-9178-43e4521fe6aa 0.062s
2025-03-18 16:41:32.436 68611 INFO tempest.lib.common.rest_client [req-99597853-fa61-43e3-b1e7-79b2d2fa1366 req-99597853-fa61-43e3-b1e7-79b2d2fa1366 ] Request (InstanceActionsTestJSON:setUpClass): 200 GET http://10.180.1.21/compute/v2.1/servers/cd01f9f6-0793-4e51-8197-6022d31f9a97 0.070s
2025-03-18 16:41:32.487 68630 INFO tempest.lib.common.rest_client [req-367ffb4e-0b9e-4786-a7ac-b1bf6b998cfe req-367ffb4e-0b9e-4786-a7ac-b1bf6b998cfe ] Request (FloatingIPsAssociationNegativeTestJSON:tearDownClass): 204 DELETE http://10.180.1.21:9696/networking/v2.0/routers/b9f85777-9637-4fd0-813e-ba3e68383d09 0.435s
2025-03-18 16:41:32.533 68588 INFO tempest.lib.common.rest_client [req-840746b5-f1ac-4264-a698-066856fec763 req-840746b5-f1ac-4264-a698-066856fec763 ] Request (ImagesNegativeTestJSON:test_create_image_from_deleted_server): 200 GET http://10.180.1.21/compute/v2.1/servers/f42defe1-aa9a-4277-b53f-4a72bc3150a2 0.066s
2025-03-18 16:41:32.569 68617 INFO tempest.lib.common.rest_client [req-9c09d7f1-e2c8-46e7-8ec4-b2c9af2e93f2 req-9c09d7f1-e2c8-46e7-8ec4-b2c9af2e93f2 ] Request (ServerDiskConfigTestJSON:test_rebuild_server_with_auto_disk_config): 200 GET http://10.180.1.21/compute/v2.1/servers/afb6920d-1c34-440d-a0df-33e48701dade 0.054s
2025-03-18 16:41:32.642 68630 INFO tempest.lib.common.rest_client [req-e7c6db71-0292-4fd3-be16-d0e362124321 req-e7c6db71-0292-4fd3-be16-d0e362124321 ] Request (FloatingIPsAssociationNegativeTestJSON:tearDownClass): 204 DELETE http://10.180.1.21:9696/networking/v2.0/subnets/8c2a88ae-cbef-481e-8c3e-ea1bbfa48c42 0.155s
2025-03-18 16:41:32.649 68584 INFO tempest.lib.common.rest_client [req-19ad98c8-6850-42fa-a134-e68b2fa8912a req-19ad98c8-6850-42fa-a134-e68b2fa8912a ] Request (DeleteServersAdminTestJSON:test_delete_server_while_in_error_state): 200 GET http://10.180.1.21/compute/v2.1/servers/a45be5f5-c1a5-45b1-8b88-7eca1b3cb8b6 0.071s
2025-03-18 16:41:32.650 68596 INFO tempest.lib.common.rest_client [req-63464aa7-5ecf-4cf9-af5f-eb067f73eba3 req-63464aa7-5ecf-4cf9-af5f-eb067f73eba3 ] Request (MigrationsAdminTest:test_resize_server_revert_deleted_flavor): 200 GET http://10.180.1.21/compute/v2.1/servers/0196b796-8e2b-470e-90a0-4cd261d46415 0.075s
2025-03-18 16:41:32.826 68620 INFO tempest.lib.common.rest_client [req-37e34e33-bf1e-4625-b38e-73d53855f843 req-37e34e33-bf1e-4625-b38e-73d53855f843 ] Request (ServerTagsTestJSON:setUpClass): 200 GET http://10.180.1.21/compute/v2.1/servers/1602c168-e4e2-46ef-80d9-adfee191fde7 0.065s
2025-03-18 16:41:32.874 68630 INFO tempest.lib.common.rest_client [req-6c9806ff-a8b4-47b1-89d5-4e3fc3ac9c26 req-6c9806ff-a8b4-47b1-89d5-4e3fc3ac9c26 ] Request (FloatingIPsAssociationNegativeTestJSON:tearDownClass): 204 DELETE http://10.180.1.21:9696/networking/v2.0/networks/edeb0fbc-60b4-4972-9767-ed33c06324ea 0.231s
2025-03-18 16:41:32.947 68630 INFO tempest.lib.common.rest_client [req-8a8a27da-f9b1-4393-ba12-9a345b632714 req-8a8a27da-f9b1-4393-ba12-9a345b632714 ] Request (FloatingIPsAssociationNegativeTestJSON:tearDownClass): 204 DELETE http://10.180.1.21/identity/v3/users/3f7b3e1d07384d40a782741ae431f308 0.073s
2025-03-18 16:41:32.947 68630 INFO tempest.lib.common.dynamic_creds [-] Deleting project and security group for project: 5fbad2b5500645eeaf5c74a33351a7cb
2025-03-18 16:41:32.947 68608 INFO tempest.lib.common.rest_client [req-35071722-dc2a-444d-b407-0990cd98fba5 req-35071722-dc2a-444d-b407-0990cd98fba5 ] Request (ServersTestBootFromVolume:setUpClass): 200 GET http://10.180.1.21/volume/v3/volumes/1753aec1-e5d8-4d28-9027-0885bf59bbee 0.026s
2025-03-18 16:41:32.947 68576 INFO tempest.lib.common.rest_client [req-0ef29e1e-5316-4156-9260-1a0cb2c1987c req-0ef29e1e-5316-4156-9260-1a0cb2c1987c ] Request (ServerActionsV293TestJSON:setUpClass): 200 GET http://10.180.1.21/volume/v3/volumes/d30ebc03-0a45-4e07-b149-749a58a702b1 0.023s
2025-03-18 16:41:32.976 68630 INFO tempest.lib.common.rest_client [req-2b521db9-3eb6-471d-ba49-c9e82cf0807a req-2b521db9-3eb6-471d-ba49-c9e82cf0807a ] Request (FloatingIPsAssociationNegativeTestJSON:tearDownClass): 200 GET http://10.180.1.21:9696/networking/v2.0/security-groups?tenant_id=5fbad2b5500645eeaf5c74a33351a7cb&name=default 0.029s
2025-03-18 16:41:33.009 68598 INFO tempest.lib.common.rest_client [req-cc05bf02-45bb-41b9-ad52-c6fff17de2ea req-cc05bf02-45bb-41b9-ad52-c6fff17de2ea ] Request (ServersAdminNegativeTestJSON:tearDownClass): 200 GET http://10.180.1.21/compute/v2.1/servers/db064b9d-7b96-4dea-bcdc-a663c9255357 0.075s
2025-03-18 16:41:33.074 68592 INFO tempest.lib.common.rest_client [req-78f22bb4-354a-42e6-8b56-136daacbc300 req-78f22bb4-354a-42e6-8b56-136daacbc300 ] Request (ServersTestMultiNic:_run_cleanups): 200 GET http://10.180.1.21/compute/v2.1/servers/220c91c5-79e3-4a25-a5cc-708741b4356a 0.082s
2025-03-18 16:41:33.087 68630 INFO tempest.lib.common.rest_client [req-30038492-cd09-4eff-82b4-c98a3be4b254 req-30038492-cd09-4eff-82b4-c98a3be4b254 ] Request (FloatingIPsAssociationNegativeTestJSON:tearDownClass): 204 DELETE http://10.180.1.21:9696/networking/v2.0/security-groups/9cf7f803-4a3c-4289-90e3-11267f11cbfb 0.110s
2025-03-18 16:41:33.108 68586 INFO tempest.lib.common.rest_client [req-579b2d77-5960-4be4-bb0e-113149b2813d req-579b2d77-5960-4be4-bb0e-113149b2813d ] Request (InstanceActionsV221TestJSON:test_get_list_deleted_instance_actions): 200 GET http://10.180.1.21/compute/v2.1/servers/60fe2903-0080-4440-b2a4-e25fd9a177e0 0.138s
2025-03-18 16:41:33.131 68570 INFO tempest.lib.common.rest_client [req-a027b2a2-e88a-4be4-88ce-cd2dbc9eb26f req-a027b2a2-e88a-4be4-88ce-cd2dbc9eb26f ] Request (FloatingIPsAssociationTestJSON:tearDownClass): 200 GET http://10.180.1.21/compute/v2.1/servers/6ea307bd-2ca4-4143-8cf0-e8d50bfc6353 0.103s
2025-03-18 16:41:33.166 68582 INFO tempest.lib.common.rest_client [req-362fae86-d48f-4d37-9fd1-f24875461311 req-362fae86-d48f-4d37-9fd1-f24875461311 ] Request (ServerRescueTestJSON:test_rescue_unrescue_instance): 200 GET http://10.180.1.21/compute/v2.1/servers/6f44a390-b18c-4da9-b779-3e45c1a9ed92 0.113s
2025-03-18 16:41:33.172 68612 WARNING tempest.lib.common.ssh [-] Failed to establish authenticated ssh connection to cirros@10.180.180.194 ([Errno None] Unable to connect to port 22 on 10.180.180.194). Number attempts: 7. Retry after 8 seconds.: paramiko.ssh_exception.NoValidConnectionsError: [Errno None] Unable to connect to port 22 on 10.180.180.194
2025-03-18 16:41:33.192 68590 INFO tempest.lib.common.rest_client [req-a9aa3bb2-fbce-4b67-a990-a1a10d030005 req-a9aa3bb2-fbce-4b67-a990-a1a10d030005 ] Request (ImagesTestJSON:test_create_image_from_stopped_server): 200 GET http://10.180.1.21/compute/v2.1/servers/4fca172c-bc9d-4345-8d9a-ff65eb5bd56a 0.100s
2025-03-18 16:41:33.200 68630 INFO tempest.lib.common.rest_client [req-bcee4c49-796e-45e4-b0cb-ba9355dc8db1 req-bcee4c49-796e-45e4-b0cb-ba9355dc8db1 ] Request (FloatingIPsAssociationNegativeTestJSON:tearDownClass): 204 DELETE http://10.180.1.21/identity/v3/projects/5fbad2b5500645eeaf5c74a33351a7cb 0.112s
2025-03-18 16:41:33.227 68574 INFO tempest.lib.common.rest_client [req-e891cd68-8eee-4d52-90cf-002ad791849c req-e891cd68-8eee-4d52-90cf-002ad791849c ] Request (ImagesOneServerTestJSON:tearDownClass): 200 GET http://10.180.1.21/compute/v2.1/servers/7575146e-b572-457f-a8e8-34005b5e9028 0.096s
2025-03-18 16:41:33.258 68614 INFO tempest.lib.common.rest_client [req-aa6865b2-0f10-42dd-a348-bf2d351ab535 req-aa6865b2-0f10-42dd-a348-bf2d351ab535 ] Request (ServersAdminTestJSON:test_inject_network_info): 200 GET http://10.180.1.21/compute/v2.1/servers/066e61d9-8593-438c-87f0-871332f73ffd 0.111s
2025-03-18 16:41:33.284 68630 INFO tempest.lib.common.rest_client [req-8eb6d864-50e7-4872-8470-9fa910a17a62 req-8eb6d864-50e7-4872-8470-9fa910a17a62 ] Request (ListServersNegativeTestJSON:setUpClass): 201 POST http://10.180.1.21/identity/v3/auth/tokens 0.082s
2025-03-18 16:41:33.288 68624 INFO tempest.lib.common.rest_client [req-c1e8c2ce-b8bb-45c3-ad58-4ab2c4784bf4 req-c1e8c2ce-b8bb-45c3-ad58-4ab2c4784bf4 ] Request (ServersTestJSON:setUpClass): 200 GET http://10.180.1.21/compute/v2.1/servers/e1dee11e-e22b-48b2-9767-e1a06d5d0325 0.082s
2025-03-18 16:41:33.296 68624 INFO tempest.common.waiters [-] State transition "BUILD/None" ==> "BUILD/networking" after 38 second wait
2025-03-18 16:41:33.317 68622 INFO tempest.lib.common.rest_client [req-a38a9e5c-91ed-44ec-aeec-db0bfb70797b req-a38a9e5c-91ed-44ec-aeec-db0bfb70797b ] Request (ServerDiagnosticsV248Test:test_get_server_diagnostics): 200 GET http://10.180.1.21/compute/v2.1/servers/8fe7d6b6-f9d6-41d3-b0b9-de114a053c17 0.095s
2025-03-18 16:41:33.328 68630 INFO tempest.lib.common.rest_client [req-c08934b5-b183-4106-bef5-44096bd951ee req-c08934b5-b183-4106-bef5-44096bd951ee ] Request (ListServersNegativeTestJSON:setUpClass): 201 POST http://10.180.1.21/identity/v3/auth/tokens 0.041s
2025-03-18 16:41:33.340 68600 INFO tempest.lib.common.rest_client [req-8040e649-69f7-4fa6-aa63-6de1c81709d4 req-8040e649-69f7-4fa6-aa63-6de1c81709d4 ] Request (ServersTestJSON:test_create_server_with_ipv6_addr_only): 200 GET http://10.180.1.21/compute/v2.1/servers/ea193bed-f2ab-46db-9db5-3c0ca3c18b3b 0.077s
2025-03-18 16:41:33.352 68630 INFO tempest.lib.common.rest_client [req-48271f99-525e-4c4e-8fb2-85f1992827fa req-48271f99-525e-4c4e-8fb2-85f1992827fa ] Request (ListServersNegativeTestJSON:setUpClass): 200 GET http://10.180.1.21/identity/v3/domains?name=Default 0.023s
2025-03-18 16:41:33.369 68604 INFO tempest.lib.common.rest_client [req-e200370c-dafd-435d-b6d0-d9fa59ef452d req-e200370c-dafd-435d-b6d0-d9fa59ef452d ] Request (ServersNegativeTestJSON:setUpClass): 200 GET http://10.180.1.21/compute/v2.1/servers/e4180bfa-0718-445e-823c-0fc272adb215 0.058s
2025-03-18 16:41:33.381 68630 INFO tempest.lib.common.rest_client [req-7dac1282-886a-4e1e-af8a-1c7f133945f0 req-7dac1282-886a-4e1e-af8a-1c7f133945f0 ] Request (ListServersNegativeTestJSON:setUpClass): 201 POST http://10.180.1.21/identity/v3/projects 0.028s
2025-03-18 16:41:33.436 68630 INFO tempest.lib.common.rest_client [req-fe4c2baa-b0f7-4670-8fb7-0978f8c43c3e req-fe4c2baa-b0f7-4670-8fb7-0978f8c43c3e ] Request (ListServersNegativeTestJSON:setUpClass): 201 POST http://10.180.1.21/identity/v3/users 0.054s
2025-03-18 16:41:33.447 68594 INFO tempest.lib.common.rest_client [req-c0d992b2-1dc0-4dc4-af33-105eabad21db req-c0d992b2-1dc0-4dc4-af33-105eabad21db ] Request (ServerMetadataNegativeTestJSON:setUpClass): 200 GET http://10.180.1.21/compute/v2.1/servers/b218486a-5377-493a-af05-62611c6d65e2 0.063s
2025-03-18 16:41:33.463 68630 INFO tempest.lib.common.rest_client [req-3e6c7ca2-f20d-455d-8c79-2397d0774934 req-3e6c7ca2-f20d-455d-8c79-2397d0774934 ] Request (ListServersNegativeTestJSON:setUpClass): 200 GET http://10.180.1.21/identity/v3/roles 0.026s
2025-03-18 16:41:33.463 68632 INFO tempest.lib.common.rest_client [req-1c45902f-0fea-434c-8933-eadfa597a2e1 req-1c45902f-0fea-434c-8933-eadfa597a2e1 ] Request (ServerPasswordTestJSON:tearDownClass): 200 GET http://10.180.1.21/compute/v2.1/servers/357679d3-4eba-4d3f-9178-43e4521fe6aa 0.067s
2025-03-18 16:41:33.488 68630 INFO tempest.lib.common.rest_client [req-5290b56b-b76d-4345-b5ff-335272a500ee req-5290b56b-b76d-4345-b5ff-335272a500ee ] Request (ListServersNegativeTestJSON:setUpClass): 204 PUT http://10.180.1.21/identity/v3/projects/25432722c5cd4eeb9cdc7782e8ffe6d1/users/fc53d909e71a49b193928b45ee9d0b73/roles/b05b1ecb8e2a4b40b582c2557603172f 0.025s
2025-03-18 16:41:33.489 68630 INFO tempest.lib.common.dynamic_creds [-] Dynamic test user fc53d909e71a49b193928b45ee9d0b73 is created with scope project and roles: ['member']
2025-03-18 16:41:33.490 68630 INFO tempest.lib.common.dynamic_creds [-] Acquired dynamic creds: credentials: Credentials: {'domain_id': 'default', 'domain_name': 'Default', 'username': 'tempest-ListServersNegativeTestJSON-1015952662-project-member', 'project_domain_id': 'default', 'project_domain_name': 'Default', 'project_id': '25432722c5cd4eeb9cdc7782e8ffe6d1', 'project_name': 'tempest-ListServersNegativeTestJSON-1015952662', 'tenant_id': '25432722c5cd4eeb9cdc7782e8ffe6d1', 'tenant_name': 'tempest-ListServersNegativeTestJSON-1015952662', 'user_domain_id': 'default', 'user_domain_name': 'Default', 'user_id': 'fc53d909e71a49b193928b45ee9d0b73', 'system': None}, Network: None, Subnet: None, Router: None
2025-03-18 16:41:33.513 68611 INFO tempest.lib.common.rest_client [req-b9426368-6381-43ae-9f97-f2dc542dfe7b req-b9426368-6381-43ae-9f97-f2dc542dfe7b ] Request (InstanceActionsTestJSON:setUpClass): 200 GET http://10.180.1.21/compute/v2.1/servers/cd01f9f6-0793-4e51-8197-6022d31f9a97 0.069s
2025-03-18 16:41:33.570 68630 INFO tempest.lib.common.rest_client [req-d5a161d0-076e-4b18-ae8b-353a4f6c1401 req-d5a161d0-076e-4b18-ae8b-353a4f6c1401 ] Request (ListServersNegativeTestJSON:setUpClass): 201 POST http://10.180.1.21/identity/v3/auth/tokens 0.080s
2025-03-18 16:41:33.628 68588 INFO tempest.lib.common.rest_client [req-990b7458-176d-420d-8932-b3cc254c041e req-990b7458-176d-420d-8932-b3cc254c041e ] Request (ImagesNegativeTestJSON:test_create_image_from_deleted_server): 200 GET http://10.180.1.21/compute/v2.1/servers/f42defe1-aa9a-4277-b53f-4a72bc3150a2 0.089s
2025-03-18 16:41:33.643 68617 INFO tempest.lib.common.rest_client [req-8e01d5f7-de60-4078-9225-b89159f5a05a req-8e01d5f7-de60-4078-9225-b89159f5a05a ] Request (ServerDiskConfigTestJSON:test_rebuild_server_with_auto_disk_config): 200 GET http://10.180.1.21/compute/v2.1/servers/afb6920d-1c34-440d-a0df-33e48701dade 0.064s
2025-03-18 16:41:33.723 68584 INFO tempest.lib.common.rest_client [req-359f7de9-b361-4ff0-a6ca-021750673606 req-359f7de9-b361-4ff0-a6ca-021750673606 ] Request (DeleteServersAdminTestJSON:test_delete_server_while_in_error_state): 200 GET http://10.180.1.21/compute/v2.1/servers/a45be5f5-c1a5-45b1-8b88-7eca1b3cb8b6 0.066s
2025-03-18 16:41:33.729 68596 INFO tempest.lib.common.rest_client [req-eb8fb6b0-923b-42b6-a5ad-d076aab0ee67 req-eb8fb6b0-923b-42b6-a5ad-d076aab0ee67 ] Request (MigrationsAdminTest:test_resize_server_revert_deleted_flavor): 200 GET http://10.180.1.21/compute/v2.1/servers/0196b796-8e2b-470e-90a0-4cd261d46415 0.071s
