2025-03-19 15:36:40.266 69102 INFO tempest.lib.common.rest_client [req-c45802d2-8b0f-4b0d-9960-e26092a4a204 req-c45802d2-8b0f-4b0d-9960-e26092a4a204 ] Request (ServersWithSpecificFlavorTestJSON:test_verify_created_server_ephemeral_disk): 200 GET http://10.180.1.21/compute/v2.1/servers/0d4e0a9f-aea0-48b8-adf3-b45a8f9da5a9 0.056s
2025-03-19 15:36:40.316 69127 INFO tempest.lib.common.rest_client [req-8124a426-f157-4812-a0ac-461daf2091e1 req-8124a426-f157-4812-a0ac-461daf2091e1 ] Request (FloatingIPsAssociationTestJSON:tearDownClass): 200 GET http://10.180.1.21/compute/v2.1/servers/420a3044-c6fb-47a0-8b5f-94777a36d375 0.069s
2025-03-19 15:36:40.349 69146 WARNING tempest.lib.common.ssh [-] Failed to establish authenticated ssh connection to cirros@10.180.180.165 ([Errno None] Unable to connect to port 22 on 10.180.180.165). Number attempts: 3. Retry after 4 seconds.: paramiko.ssh_exception.NoValidConnectionsError: [Errno None] Unable to connect to port 22 on 10.180.180.165
2025-03-19 15:36:40.500 69152 INFO tempest.lib.common.rest_client [req-17b3c3e2-eb0c-4845-aae3-fc379280c809 req-17b3c3e2-eb0c-4845-aae3-fc379280c809 ] Request (VolumesAssistedSnapshotsTest:tearDownClass): 200 GET http://10.180.1.21/compute/v2.1/servers/22c70775-b7eb-4712-b65e-1a71e77c1ba2 0.113s
2025-03-19 15:36:40.511 69116 INFO tempest.lib.common.rest_client [req-5c7afb08-19e5-4123-8323-13f11576f57f req-5c7afb08-19e5-4123-8323-13f11576f57f ] Request (MultipleCreateTestJSON:test_multiple_create): 200 GET http://10.180.1.21/compute/v2.1/servers/ddc8b487-a5ee-41d2-bfd6-6e5b097e7f01 0.064s
2025-03-19 15:36:40.559 69104 INFO tempest.lib.common.rest_client [req-26a8060c-19fa-46ed-a75f-0336f75f1b63 req-26a8060c-19fa-46ed-a75f-0336f75f1b63 ] Request (ListImageFiltersTestJSON:tearDownClass): 200 GET http://10.180.1.21/compute/v2.1/servers/596ff49a-578e-43a1-86fa-91e7bb4dc1ee 0.092s
2025-03-19 15:36:40.585 69140 INFO tempest.lib.common.rest_client [req-b1b54cca-d5c8-415f-b22e-f8dc3a72dfa9 req-b1b54cca-d5c8-415f-b22e-f8dc3a72dfa9 ] Request (ServerShowV257Test:test_rebuild_server): 200 GET http://10.180.1.21/compute/v2.1/servers/bf984749-f902-4b86-9bc0-2753871f8e33 0.082s
2025-03-19 15:36:40.738 69132 INFO tempest.lib.common.rest_client [req-b1c27676-040c-471a-86e6-609df52e6b5e req-b1c27676-040c-471a-86e6-609df52e6b5e ] Request (ServerTagsTestJSON:tearDownClass): 200 GET http://10.180.1.21/compute/v2.1/servers/208730b9-5815-4afb-83df-1ccb307d40ac 0.101s
2025-03-19 15:36:40.740 69138 INFO tempest.lib.common.rest_client [req-55c3710f-81a0-4edc-a8b9-83655f437550 req-55c3710f-81a0-4edc-a8b9-83655f437550 ] Request (AttachInterfacesTestJSON:test_create_list_show_delete_interfaces_by_fixed_ip): 200 GET http://10.180.1.21/compute/v2.1/servers/646997d1-9381-48e5-946a-570e81393466 0.073s
2025-03-19 15:36:40.827 69108 INFO tempest.lib.common.rest_client [req-be1ae93e-d77d-4c4e-a944-2973f0f8de69 req-be1ae93e-d77d-4c4e-a944-2973f0f8de69 ] Request (ServerDiagnosticsV248Test:test_get_server_diagnostics): 200 GET http://10.180.1.21/compute/v2.1/servers/f3f70d0f-bfa7-40cd-afdf-fa715c018291 0.079s
2025-03-19 15:36:40.911 69120 INFO tempest.lib.common.rest_client [req-6ae100f4-80fc-44b4-b139-86c707ce0a15 req-6ae100f4-80fc-44b4-b139-86c707ce0a15 ] Request (ImagesOneServerNegativeTestJSON:_run_cleanups): 200 GET http://10.180.1.21/compute/v2.1/servers/75034c85-c991-4d7c-b7b0-cb547642e903 0.081s
2025-03-19 15:36:40.921 69160 INFO tempest.lib.common.rest_client [req-5bfd2498-3d8b-4ad2-9dcf-fbef28c2f64f req-5bfd2498-3d8b-4ad2-9dcf-fbef28c2f64f ] Request (ServerAddressesTestJSON:tearDownClass): 200 GET http://10.180.1.21/compute/v2.1/servers/5206acdc-5d39-46d8-b7b0-e685038816a4 0.078s
2025-03-19 15:36:40.956 69158 INFO tempest.lib.common.rest_client [req-2b3c839a-1efe-4728-804a-b1cccfb4d260 req-2b3c839a-1efe-4728-804a-b1cccfb4d260 ] Request (ServersTestJSON:test_create_server_specify_multibyte_character_name): 200 GET http://10.180.1.21/compute/v2.1/servers/1fd79203-4a2a-4211-bcb4-4604496c99fb 0.058s
2025-03-19 15:36:40.971 69122 INFO tempest.lib.common.rest_client [req-4f4b90d9-26a3-4bdd-bd52-f8788eefc5f9 req-4f4b90d9-26a3-4bdd-bd52-f8788eefc5f9 ] Request (ServersAdminTestJSON:test_inject_network_info): 200 GET http://10.180.1.21/compute/v2.1/servers/52d276d9-713c-4ef7-9a8b-cb644497ac2f 0.070s
2025-03-19 15:36:41.092 69128 INFO tempest.lib.common.rest_client [req-fdec08bd-4675-4bc1-8260-11a021a5cff8 req-fdec08bd-4675-4bc1-8260-11a021a5cff8 ] Request (MigrationsAdminTest:test_resize_server_revert_deleted_flavor): 200 GET http://10.180.1.21/compute/v2.1/servers/9b02ce36-2582-4b2b-9774-1f8e14cc8b92 0.053s
2025-03-19 15:36:41.174 69124 INFO tempest.lib.common.rest_client [req-55e9200d-14a8-454f-9286-bd056298c728 req-55e9200d-14a8-454f-9286-bd056298c728 ] Request (ServersNegativeTestMultiTenantJSON:tearDownClass): 200 GET http://10.180.1.21/compute/v2.1/servers/bf3d8149-511c-496d-9445-e215fa5d27ab 0.054s
2025-03-19 15:36:41.211 69112 INFO tempest.lib.common.rest_client [req-7070b13e-6ab4-4809-823e-678f569e2f34 req-7070b13e-6ab4-4809-823e-678f569e2f34 ] Request (ImagesOneServerTestJSON:setUpClass): 200 GET http://10.180.1.21/compute/v2.1/servers/d066f27c-aee3-4c1a-9f74-4e3ee4a6c2a3 0.128s
2025-03-19 15:36:41.281 69118 INFO tempest.lib.common.rest_client [req-78009a90-e941-431d-97fe-fcd0e341f32a req-78009a90-e941-431d-97fe-fcd0e341f32a ] Request (TenantUsagesTestJSON:tearDownClass): 200 GET http://10.180.1.21/compute/v2.1/servers/3643cc15-9cc5-49d6-b593-20c4a4c9cf76 0.068s
2025-03-19 15:36:41.308 69134 INFO tempest.lib.common.rest_client [req-e6319f7b-a888-4128-bc00-bf132b3d25b5 req-e6319f7b-a888-4128-bc00-bf132b3d25b5 ] Request (ImagesTestJSON:test_create_server_from_snapshot): 200 GET http://10.180.1.21/compute/v2.1/servers/1362ff83-bc7d-43b8-ae39-b1d4d4f494bb 0.060s
2025-03-19 15:36:41.386 69127 INFO tempest.lib.common.rest_client [req-7e7e43e3-e24c-45ac-9701-134ca534fd19 req-7e7e43e3-e24c-45ac-9701-134ca534fd19 ] Request (FloatingIPsAssociationTestJSON:tearDownClass): 200 GET http://10.180.1.21/compute/v2.1/servers/420a3044-c6fb-47a0-8b5f-94777a36d375 0.062s
2025-03-19 15:36:41.567 69152 INFO tempest.lib.common.rest_client [req-73a27c71-65c6-48f9-a62d-73bc8e1aa4ec req-73a27c71-65c6-48f9-a62d-73bc8e1aa4ec ] Request (VolumesAssistedSnapshotsTest:tearDownClass): 200 GET http://10.180.1.21/compute/v2.1/servers/22c70775-b7eb-4712-b65e-1a71e77c1ba2 0.059s
2025-03-19 15:36:41.582 69102 INFO tempest.lib.common.rest_client [req-ab34627b-d6ff-4ae8-8412-8e91623d61b8 req-ab34627b-d6ff-4ae8-8412-8e91623d61b8 ] Request (ServersWithSpecificFlavorTestJSON:test_verify_created_server_ephemeral_disk): 200 GET http://10.180.1.21/compute/v2.1/servers/0d4e0a9f-aea0-48b8-adf3-b45a8f9da5a9 0.309s
2025-03-19 15:36:41.614 69116 INFO tempest.lib.common.rest_client [req-b0606552-93ee-496f-97cc-d1ecf904ab57 req-b0606552-93ee-496f-97cc-d1ecf904ab57 ] Request (MultipleCreateTestJSON:test_multiple_create): 200 GET http://10.180.1.21/compute/v2.1/servers/ddc8b487-a5ee-41d2-bfd6-6e5b097e7f01 0.096s
2025-03-19 15:36:41.644 69104 INFO tempest.lib.common.rest_client [req-51b5b777-cbad-45f2-b878-247ed9b685df req-51b5b777-cbad-45f2-b878-247ed9b685df ] Request (ListImageFiltersTestJSON:tearDownClass): 200 GET http://10.180.1.21/compute/v2.1/servers/596ff49a-578e-43a1-86fa-91e7bb4dc1ee 0.076s
2025-03-19 15:36:41.650 69104 INFO tempest.common.waiters [-] State transition "ACTIVE/deleting" ==> "DELETED/None" after 4 second wait
2025-03-19 15:36:41.669 69140 INFO tempest.lib.common.rest_client [req-ad52ee4f-114c-4911-9bea-dcede60373d8 req-ad52ee4f-114c-4911-9bea-dcede60373d8 ] Request (ServerShowV257Test:test_rebuild_server): 200 GET http://10.180.1.21/compute/v2.1/servers/bf984749-f902-4b86-9bc0-2753871f8e33 0.074s
2025-03-19 15:36:41.800 69138 INFO tempest.lib.common.rest_client [req-58a5639b-8441-4c21-be95-e023cae32692 req-58a5639b-8441-4c21-be95-e023cae32692 ] Request (AttachInterfacesTestJSON:test_create_list_show_delete_interfaces_by_fixed_ip): 200 GET http://10.180.1.21/compute/v2.1/servers/646997d1-9381-48e5-946a-570e81393466 0.053s
2025-03-19 15:36:41.819 69132 INFO tempest.lib.common.rest_client [req-021203de-e8ab-459b-9a61-fdbeadcfac3e req-021203de-e8ab-459b-9a61-fdbeadcfac3e ] Request (ServerTagsTestJSON:tearDownClass): 200 GET http://10.180.1.21/compute/v2.1/servers/208730b9-5815-4afb-83df-1ccb307d40ac 0.066s
2025-03-19 15:36:41.894 69108 INFO tempest.lib.common.rest_client [req-d9f76888-25d0-4e21-87c1-500091260c76 req-d9f76888-25d0-4e21-87c1-500091260c76 ] Request (ServerDiagnosticsV248Test:test_get_server_diagnostics): 200 GET http://10.180.1.21/compute/v2.1/servers/f3f70d0f-bfa7-40cd-afdf-fa715c018291 0.055s
2025-03-19 15:36:41.946 69120 INFO tempest.lib.common.rest_client [req-770c7e97-9a0a-498d-9578-b6884987efb3 req-770c7e97-9a0a-498d-9578-b6884987efb3 ] Request (ImagesOneServerNegativeTestJSON:_run_cleanups): 404 GET http://10.180.1.21/compute/v2.1/servers/75034c85-c991-4d7c-b7b0-cb547642e903 0.024s
2025-03-19 15:36:41.946 69150 WARNING tempest.lib.common.ssh [-] Failed to establish authenticated ssh connection to cirros@10.180.180.211 ([Errno None] Unable to connect to port 22 on 10.180.180.211). Number attempts: 8. Retry after 9 seconds.: paramiko.ssh_exception.NoValidConnectionsError: [Errno None] Unable to connect to port 22 on 10.180.180.211
2025-03-19 15:36:41.983 69120 INFO tempest.lib.common.rest_client [req-44d8de3e-1b51-40c3-a7c4-f20f321aac86 req-44d8de3e-1b51-40c3-a7c4-f20f321aac86 ] Request (ImagesOneServerNegativeTestJSON:_run_cleanups): 200 POST http://10.180.1.21/compute/v2.1/os-keypairs 0.035s
2025-03-19 15:36:41.993 69160 INFO tempest.lib.common.rest_client [req-5d0c5fb3-4221-4b13-895f-71377008f582 req-5d0c5fb3-4221-4b13-895f-71377008f582 ] Request (ServerAddressesTestJSON:tearDownClass): 200 GET http://10.180.1.21/compute/v2.1/servers/5206acdc-5d39-46d8-b7b0-e685038816a4 0.064s
2025-03-19 15:36:42.034 69158 INFO tempest.lib.common.rest_client [req-7b3d6899-ab8b-4c93-bc8c-ab08527ef12a req-7b3d6899-ab8b-4c93-bc8c-ab08527ef12a ] Request (ServersTestJSON:test_create_server_specify_multibyte_character_name): 200 GET http://10.180.1.21/compute/v2.1/servers/1fd79203-4a2a-4211-bcb4-4604496c99fb 0.070s
2025-03-19 15:36:42.046 69122 INFO tempest.lib.common.rest_client [req-2614bc23-0318-41d6-b64e-7f077e068b24 req-2614bc23-0318-41d6-b64e-7f077e068b24 ] Request (ServersAdminTestJSON:test_inject_network_info): 200 GET http://10.180.1.21/compute/v2.1/servers/52d276d9-713c-4ef7-9a8b-cb644497ac2f 0.067s
2025-03-19 15:36:42.096 69120 INFO tempest.lib.common.rest_client [req-d28c2298-2273-43c1-ae03-97f63d3482ea req-d28c2298-2273-43c1-ae03-97f63d3482ea ] Request (ImagesOneServerNegativeTestJSON:_run_cleanups): 201 POST http://10.180.1.21:9696/networking/v2.0/security-groups 0.110s
2025-03-19 15:36:42.152 69128 INFO tempest.lib.common.rest_client [req-6ae6837b-92df-4363-89e5-9f53a875e252 req-6ae6837b-92df-4363-89e5-9f53a875e252 ] Request (MigrationsAdminTest:test_resize_server_revert_deleted_flavor): 200 GET http://10.180.1.21/compute/v2.1/servers/9b02ce36-2582-4b2b-9774-1f8e14cc8b92 0.050s
2025-03-19 15:36:42.173 69120 INFO tempest.lib.common.rest_client [req-7f22fdbf-0204-4b45-bea8-bd28d275bd9a req-7f22fdbf-0204-4b45-bea8-bd28d275bd9a ] Request (ImagesOneServerNegativeTestJSON:_run_cleanups): 201 POST http://10.180.1.21:9696/networking/v2.0/security-group-rules 0.077s
2025-03-19 15:36:42.241 69124 INFO tempest.lib.common.rest_client [req-ee55a30d-a0e7-46ab-a2fd-6996450a69a8 req-ee55a30d-a0e7-46ab-a2fd-6996450a69a8 ] Request (ServersNegativeTestMultiTenantJSON:tearDownClass): 200 GET http://10.180.1.21/compute/v2.1/servers/bf3d8149-511c-496d-9445-e215fa5d27ab 0.059s
2025-03-19 15:36:42.255 69120 INFO tempest.lib.common.rest_client [req-96971b95-5fb1-48df-92b6-7d9dee405f6c req-96971b95-5fb1-48df-92b6-7d9dee405f6c ] Request (ImagesOneServerNegativeTestJSON:_run_cleanups): 201 POST http://10.180.1.21:9696/networking/v2.0/security-group-rules 0.081s
2025-03-19 15:36:42.344 69112 INFO tempest.lib.common.rest_client [req-657c4d31-76a9-42d1-b3bb-f41f8755cdbb req-657c4d31-76a9-42d1-b3bb-f41f8755cdbb ] Request (ImagesOneServerTestJSON:setUpClass): 200 GET http://10.180.1.21/compute/v2.1/servers/d066f27c-aee3-4c1a-9f74-4e3ee4a6c2a3 0.125s
2025-03-19 15:36:42.350 69118 INFO tempest.lib.common.rest_client [req-f230511b-cc3e-4a97-bde7-3fd4c58695f8 req-f230511b-cc3e-4a97-bde7-3fd4c58695f8 ] Request (TenantUsagesTestJSON:tearDownClass): 200 GET http://10.180.1.21/compute/v2.1/servers/3643cc15-9cc5-49d6-b593-20c4a4c9cf76 0.062s
2025-03-19 15:36:42.408 69134 INFO tempest.lib.common.rest_client [req-2b55b881-3028-43ca-8ad9-f68a9f7c48fd req-2b55b881-3028-43ca-8ad9-f68a9f7c48fd ] Request (ImagesTestJSON:test_create_server_from_snapshot): 200 GET http://10.180.1.21/compute/v2.1/servers/1362ff83-bc7d-43b8-ae39-b1d4d4f494bb 0.091s
2025-03-19 15:36:42.467 69127 INFO tempest.lib.common.rest_client [req-fdb2d094-2fff-46e9-997f-5d2b6ff470e5 req-fdb2d094-2fff-46e9-997f-5d2b6ff470e5 ] Request (FloatingIPsAssociationTestJSON:tearDownClass): 200 GET http://10.180.1.21/compute/v2.1/servers/420a3044-c6fb-47a0-8b5f-94777a36d375 0.067s
2025-03-19 15:36:42.565 69164 INFO paramiko.transport [-] Connected (version 2.0, client dropbear_2020.81)
2025-03-19 15:36:42.625 69164 INFO paramiko.transport [-] Authentication (publickey) successful!
2025-03-19 15:36:42.625 69164 INFO tempest.lib.common.ssh [-] ssh connection to cirros@10.180.180.233 successfully created
2025-03-19 15:36:42.639 69152 INFO tempest.lib.common.rest_client [req-eabb4c8f-48e5-4488-98eb-9c5457197706 req-eabb4c8f-48e5-4488-98eb-9c5457197706 ] Request (VolumesAssistedSnapshotsTest:tearDownClass): 200 GET http://10.180.1.21/compute/v2.1/servers/22c70775-b7eb-4712-b65e-1a71e77c1ba2 0.063s
2025-03-19 15:36:42.646 69152 INFO tempest.common.waiters [-] State transition "ACTIVE/deleting" ==> "DELETED/None" after 4 second wait
2025-03-19 15:36:42.647 69102 INFO tempest.lib.common.rest_client [req-4db0291e-d5db-4e3d-b690-d981f61d71d8 req-4db0291e-d5db-4e3d-b690-d981f61d71d8 ] Request (ServersWithSpecificFlavorTestJSON:test_verify_created_server_ephemeral_disk): 200 GET http://10.180.1.21/compute/v2.1/servers/0d4e0a9f-aea0-48b8-adf3-b45a8f9da5a9 0.056s
2025-03-19 15:36:42.657 69120 INFO tempest.lib.common.rest_client [req-ab5d156f-df76-4a60-a581-98399ffc907f req-ab5d156f-df76-4a60-a581-98399ffc907f ] Request (ImagesOneServerNegativeTestJSON:_run_cleanups): 201 POST http://10.180.1.21:9696/networking/v2.0/floatingips 0.401s
2025-03-19 15:36:42.668 69164 INFO tempest.lib.common.rest_client [req-366484db-db38-4cff-858e-cbd1a53dfc41 req-366484db-db38-4cff-858e-cbd1a53dfc41 ] Request (AttachVolumeTestJSON:test_attach_detach_volume): 200 GET http://10.180.1.21/compute/v2.1/servers/5db9f79c-bda3-4d2e-b8f2-0a59d7712d68/ips 0.042s
2025-03-19 15:36:42.671 69164 INFO tempest.lib.common.ssh [-] Creating ssh connection to '10.180.180.233:22' as 'cirros' with public key authentication
2025-03-19 15:36:42.673 69164 INFO paramiko.transport [-] Connected (version 2.0, client dropbear_2020.81)
2025-03-19 15:36:42.691 69116 INFO tempest.lib.common.rest_client [req-612721e0-262e-4c68-8169-81e996e9f85f req-612721e0-262e-4c68-8169-81e996e9f85f ] Request (MultipleCreateTestJSON:test_multiple_create): 200 GET http://10.180.1.21/compute/v2.1/servers/ddc8b487-a5ee-41d2-bfd6-6e5b097e7f01 0.068s
2025-03-19 15:36:42.726 69104 INFO tempest.lib.common.rest_client [req-2f6883c1-bb52-414d-8780-f703e51b8174 req-2f6883c1-bb52-414d-8780-f703e51b8174 ] Request (ListImageFiltersTestJSON:tearDownClass): 200 GET http://10.180.1.21/compute/v2.1/servers/596ff49a-578e-43a1-86fa-91e7bb4dc1ee 0.075s
2025-03-19 15:36:42.738 69120 INFO tempest.lib.common.rest_client [req-11d55759-be33-480e-ad45-1c4ee4090338 req-11d55759-be33-480e-ad45-1c4ee4090338 ] Request (ImagesOneServerNegativeTestJSON:_run_cleanups): 201 POST http://10.180.1.21/identity/v3/auth/tokens 0.078s
2025-03-19 15:36:42.738 69120 INFO tempest.lib.common.fixed_network [-] (ImagesOneServerNegativeTestJSON:_run_cleanups) Found network {'id': '2fabaf98-9fca-44c5-a116-bf339a68ced8', 'name': 'tempest-ImagesOneServerNegativeTestJSON-2110141737-network', 'tenant_id': '2b972a80245444649a08d3c3ec3d4ad6', 'admin_state_up': True, 'mtu': 8950, 'status': 'ACTIVE', 'subnets': [], 'shared': False, 'project_id': '2b972a80245444649a08d3c3ec3d4ad6', 'port_security_enabled': True, 'router:external': False, 'provider:network_type': 'vlan', 'provider:physical_network': 'default', 'provider:segmentation_id': 828, 'availability_zone_hints': [], 'availability_zones': [], 'ipv4_address_scope': None, 'ipv6_address_scope': None, 'description': '', 'tags': [], 'created_at': '2025-03-19T15:34:48Z', 'updated_at': '2025-03-19T15:34:48Z', 'revision_number': 1} available for tenant
2025-03-19 15:36:42.758 69140 INFO tempest.lib.common.rest_client [req-9f22ac91-02af-44f9-888a-739a509ff258 req-9f22ac91-02af-44f9-888a-739a509ff258 ] Request (ServerShowV257Test:test_rebuild_server): 200 GET http://10.180.1.21/compute/v2.1/servers/bf984749-f902-4b86-9bc0-2753871f8e33 0.078s
2025-03-19 15:36:42.774 69164 INFO paramiko.transport [-] Authentication (publickey) successful!
2025-03-19 15:36:42.774 69164 INFO tempest.lib.common.ssh [-] ssh connection to cirros@10.180.180.233 successfully created
2025-03-19 15:36:42.775 69164 INFO tempest.lib.common.ssh [-] Creating ssh connection to '10.180.180.233:22' as 'cirros' with public key authentication
2025-03-19 15:36:42.777 69164 INFO paramiko.transport [-] Connected (version 2.0, client dropbear_2020.81)
2025-03-19 15:36:42.878 69164 INFO paramiko.transport [-] Authentication (publickey) successful!
2025-03-19 15:36:42.879 69164 INFO tempest.lib.common.ssh [-] ssh connection to cirros@10.180.180.233 successfully created
2025-03-19 15:36:42.895 69138 INFO tempest.lib.common.rest_client [req-251af2e1-ccfc-4d34-828c-67afff65cb8d req-251af2e1-ccfc-4d34-828c-67afff65cb8d ] Request (AttachInterfacesTestJSON:test_create_list_show_delete_interfaces_by_fixed_ip): 200 GET http://10.180.1.21/compute/v2.1/servers/646997d1-9381-48e5-946a-570e81393466 0.087s
2025-03-19 15:36:42.967 69132 INFO tempest.lib.common.rest_client [req-4c017f68-a943-44e9-a993-8dc94a9562ff req-4c017f68-a943-44e9-a993-8dc94a9562ff ] Request (ServerTagsTestJSON:tearDownClass): 200 GET http://10.180.1.21/compute/v2.1/servers/208730b9-5815-4afb-83df-1ccb307d40ac 0.137s
2025-03-19 15:36:43.017 69108 INFO tempest.lib.common.rest_client [req-700b21e1-c0f3-4595-bffd-95420f24be39 req-700b21e1-c0f3-4595-bffd-95420f24be39 ] Request (ServerDiagnosticsV248Test:test_get_server_diagnostics): 200 GET http://10.180.1.21/compute/v2.1/servers/f3f70d0f-bfa7-40cd-afdf-fa715c018291 0.114s
2025-03-19 15:36:43.049 69164 INFO tempest.lib.common.rest_client [req-5354f074-1b42-4978-97fe-1793ff773944 req-5354f074-1b42-4978-97fe-1793ff773944 ] Request (AttachVolumeTestJSON:test_attach_detach_volume): 202 POST http://10.180.1.21/volume/v3/volumes 0.162s
2025-03-19 15:36:43.073 69160 INFO tempest.lib.common.rest_client [req-4bc9b050-04a6-4e43-850b-0315f7ede118 req-4bc9b050-04a6-4e43-850b-0315f7ede118 ] Request (ServerAddressesTestJSON:tearDownClass): 200 GET http://10.180.1.21/compute/v2.1/servers/5206acdc-5d39-46d8-b7b0-e685038816a4 0.071s
2025-03-19 15:36:43.077 69164 INFO tempest.lib.common.rest_client [req-6f728d5b-7c57-4a4a-962b-29888fbecd41 req-6f728d5b-7c57-4a4a-962b-29888fbecd41 ] Request (AttachVolumeTestJSON:test_attach_detach_volume): 200 GET http://10.180.1.21/volume/v3/volumes/74ed3ac3-30eb-4fd7-8b36-8ab838ebb712 0.022s
2025-03-19 15:36:43.092 69120 INFO tempest.lib.common.rest_client [req-fee59b12-4379-47ca-80fa-13235f9735ce req-fee59b12-4379-47ca-80fa-13235f9735ce ] Request (ImagesOneServerNegativeTestJSON:_run_cleanups): 202 POST http://10.180.1.21/compute/v2.1/servers 0.353s
2025-03-19 15:36:43.125 69158 INFO tempest.lib.common.rest_client [req-18253ce8-563e-46b4-ba1b-64b291110bfb req-18253ce8-563e-46b4-ba1b-64b291110bfb ] Request (ServersTestJSON:test_create_server_specify_multibyte_character_name): 200 GET http://10.180.1.21/compute/v2.1/servers/1fd79203-4a2a-4211-bcb4-4604496c99fb 0.082s
2025-03-19 15:36:43.138 69122 INFO tempest.lib.common.rest_client [req-2bab0893-413e-4663-97fa-12ff49691d68 req-2bab0893-413e-4663-97fa-12ff49691d68 ] Request (ServersAdminTestJSON:test_inject_network_info): 200 GET http://10.180.1.21/compute/v2.1/servers/52d276d9-713c-4ef7-9a8b-cb644497ac2f 0.084s
2025-03-19 15:36:43.163 69120 INFO tempest.lib.common.rest_client [req-821149ae-0868-4fd3-b8a8-09eb10a50a5d req-821149ae-0868-4fd3-b8a8-09eb10a50a5d ] Request (ImagesOneServerNegativeTestJSON:_run_cleanups): 200 GET http://10.180.1.21/compute/v2.1/servers/4972782e-8d8b-46a4-9855-9196b890ea79 0.068s
2025-03-19 15:36:43.209 69128 INFO tempest.lib.common.rest_client [req-a62ba578-1efb-4717-93f7-347aab04961a req-a62ba578-1efb-4717-93f7-347aab04961a ] Request (MigrationsAdminTest:test_resize_server_revert_deleted_flavor): 200 GET http://10.180.1.21/compute/v2.1/servers/9b02ce36-2582-4b2b-9774-1f8e14cc8b92 0.048s
2025-03-19 15:36:43.303 69124 INFO tempest.lib.common.rest_client [req-55ff8500-eeba-4ea7-b314-d5184e6c96da req-55ff8500-eeba-4ea7-b314-d5184e6c96da ] Request (ServersNegativeTestMultiTenantJSON:tearDownClass): 200 GET http://10.180.1.21/compute/v2.1/servers/bf3d8149-511c-496d-9445-e215fa5d27ab 0.055s
2025-03-19 15:36:43.424 69118 INFO tempest.lib.common.rest_client [req-2f1a70e2-8eb0-465c-89b2-8569073b2cf0 req-2f1a70e2-8eb0-465c-89b2-8569073b2cf0 ] Request (TenantUsagesTestJSON:tearDownClass): 200 GET http://10.180.1.21/compute/v2.1/servers/3643cc15-9cc5-49d6-b593-20c4a4c9cf76 0.065s
2025-03-19 15:36:43.448 69112 INFO tempest.lib.common.rest_client [req-1946ace4-fa68-49df-9952-0ed15ee651e3 req-1946ace4-fa68-49df-9952-0ed15ee651e3 ] Request (ImagesOneServerTestJSON:setUpClass): 200 GET http://10.180.1.21/compute/v2.1/servers/d066f27c-aee3-4c1a-9f74-4e3ee4a6c2a3 0.096s
2025-03-19 15:36:43.455 69112 INFO tempest.common.waiters [-] State transition "BUILD/spawning" ==> "ACTIVE/None" after 68 second wait
2025-03-19 15:36:43.468 69134 INFO tempest.lib.common.rest_client [req-203ae60f-faff-4164-a8a0-f8962a6daf26 req-203ae60f-faff-4164-a8a0-f8962a6daf26 ] Request (ImagesTestJSON:test_create_server_from_snapshot): 200 GET http://10.180.1.21/compute/v2.1/servers/1362ff83-bc7d-43b8-ae39-b1d4d4f494bb 0.052s
2025-03-19 15:36:43.534 69127 INFO tempest.lib.common.rest_client [req-ac6be875-2684-46a3-816f-002d9b067307 req-ac6be875-2684-46a3-816f-002d9b067307 ] Request (FloatingIPsAssociationTestJSON:tearDownClass): 200 GET http://10.180.1.21/compute/v2.1/servers/420a3044-c6fb-47a0-8b5f-94777a36d375 0.059s
2025-03-19 15:36:43.707 69152 INFO tempest.lib.common.rest_client [req-8e2893f4-70a4-452b-812b-2248d50ba46c req-8e2893f4-70a4-452b-812b-2248d50ba46c ] Request (VolumesAssistedSnapshotsTest:tearDownClass): 200 GET http://10.180.1.21/compute/v2.1/servers/22c70775-b7eb-4712-b65e-1a71e77c1ba2 0.060s
2025-03-19 15:36:43.756 69102 INFO tempest.lib.common.rest_client [req-90e24c63-6521-4086-84b0-cc3937d9edf9 req-90e24c63-6521-4086-84b0-cc3937d9edf9 ] Request (ServersWithSpecificFlavorTestJSON:test_verify_created_server_ephemeral_disk): 200 GET http://10.180.1.21/compute/v2.1/servers/0d4e0a9f-aea0-48b8-adf3-b45a8f9da5a9 0.101s
2025-03-19 15:36:43.812 69116 INFO tempest.lib.common.rest_client [req-035c6645-a65a-49f4-9f99-179c02e3bab5 req-035c6645-a65a-49f4-9f99-179c02e3bab5 ] Request (MultipleCreateTestJSON:test_multiple_create): 200 GET http://10.180.1.21/compute/v2.1/servers/ddc8b487-a5ee-41d2-bfd6-6e5b097e7f01 0.112s
2025-03-19 15:36:43.857 69112 INFO tempest.lib.common.rest_client [req-813de556-23f3-4299-b7d9-6279dd979636 req-813de556-23f3-4299-b7d9-6279dd979636 ] Request (ImagesOneServerTestJSON:test_create_delete_image): 202 POST http://10.180.1.21/compute/v2.1/servers/d066f27c-aee3-4c1a-9f74-4e3ee4a6c2a3/action 0.402s
2025-03-19 15:36:43.869 69104 INFO tempest.lib.common.rest_client [req-93c55ef3-8d31-4424-82c9-3a1d88805eec req-93c55ef3-8d31-4424-82c9-3a1d88805eec ] Request (ListImageFiltersTestJSON:tearDownClass): 200 GET http://10.180.1.21/compute/v2.1/servers/596ff49a-578e-43a1-86fa-91e7bb4dc1ee 0.135s
2025-03-19 15:36:43.898 69112 INFO tempest.lib.common.rest_client [req-2218609d-e244-4364-be8e-6cd9d37e40e3 req-2218609d-e244-4364-be8e-6cd9d37e40e3 ] Request (ImagesOneServerTestJSON:test_create_delete_image): 200 GET http://10.180.1.21/compute/v2.1/images/21ced92b-582b-423a-9894-165edd382113 0.040s
2025-03-19 15:36:43.913 69140 INFO tempest.lib.common.rest_client [req-e2015b85-b656-40ac-8294-7afb9466e424 req-e2015b85-b656-40ac-8294-7afb9466e424 ] Request (ServerShowV257Test:test_rebuild_server): 200 GET http://10.180.1.21/compute/v2.1/servers/bf984749-f902-4b86-9bc0-2753871f8e33 0.146s
2025-03-19 15:36:43.923 69140 INFO tempest.common.waiters [-] State transition "BUILD/spawning" ==> "ACTIVE/None" after 54 second wait
2025-03-19 15:36:43.951 69138 INFO tempest.lib.common.rest_client [req-a7f37427-d3a1-4e5c-971c-fd5bc66c8f38 req-a7f37427-d3a1-4e5c-971c-fd5bc66c8f38 ] Request (AttachInterfacesTestJSON:test_create_list_show_delete_interfaces_by_fixed_ip): 200 GET http://10.180.1.21/compute/v2.1/servers/646997d1-9381-48e5-946a-570e81393466 0.047s
2025-03-19 15:36:44.036 69132 INFO tempest.lib.common.rest_client [req-39e16deb-90bd-42b4-8195-e419b2cb958d req-39e16deb-90bd-42b4-8195-e419b2cb958d ] Request (ServerTagsTestJSON:tearDownClass): 200 GET http://10.180.1.21/compute/v2.1/servers/208730b9-5815-4afb-83df-1ccb307d40ac 0.060s
2025-03-19 15:36:44.090 69140 INFO tempest.lib.common.rest_client [req-0700ef77-9044-411e-8ef4-e1231dc710d6 req-0700ef77-9044-411e-8ef4-e1231dc710d6 ] Request (ServerShowV257Test:test_rebuild_server): 202 POST http://10.180.1.21/compute/v2.1/servers/bf984749-f902-4b86-9bc0-2753871f8e33/action 0.166s
2025-03-19 15:36:44.098 69108 INFO tempest.lib.common.rest_client [req-5574a676-56c3-4602-b2d0-0ecccdd0cf9a req-5574a676-56c3-4602-b2d0-0ecccdd0cf9a ] Request (ServerDiagnosticsV248Test:test_get_server_diagnostics): 200 GET http://10.180.1.21/compute/v2.1/servers/f3f70d0f-bfa7-40cd-afdf-fa715c018291 0.071s
2025-03-19 15:36:44.117 69164 INFO tempest.lib.common.rest_client [req-99cf43f5-7f6f-47ac-9c73-41ad3a8d0113 req-99cf43f5-7f6f-47ac-9c73-41ad3a8d0113 ] Request (AttachVolumeTestJSON:test_attach_detach_volume): 200 GET http://10.180.1.21/volume/v3/volumes/74ed3ac3-30eb-4fd7-8b36-8ab838ebb712 0.032s
2025-03-19 15:36:44.123 69164 INFO tempest.common.waiters [-] volume 74ed3ac3-30eb-4fd7-8b36-8ab838ebb712 reached available after waiting for 1.123884 seconds
2025-03-19 15:36:44.141 69160 INFO tempest.lib.common.rest_client [req-44216c09-4d55-405b-af21-76750038817f req-44216c09-4d55-405b-af21-76750038817f ] Request (ServerAddressesTestJSON:tearDownClass): 200 GET http://10.180.1.21/compute/v2.1/servers/5206acdc-5d39-46d8-b7b0-e685038816a4 0.058s
2025-03-19 15:36:44.146 69140 INFO tempest.lib.common.rest_client [req-e831535d-2c82-4393-96f2-e1ec57873d22 req-e831535d-2c82-4393-96f2-e1ec57873d22 ] Request (ServerShowV257Test:test_rebuild_server): 200 GET http://10.180.1.21/compute/v2.1/servers/bf984749-f902-4b86-9bc0-2753871f8e33 0.048s
2025-03-19 15:36:44.195 69158 INFO tempest.lib.common.rest_client [req-9fa80013-e256-4577-bd0e-4e694e7b69f9 req-9fa80013-e256-4577-bd0e-4e694e7b69f9 ] Request (ServersTestJSON:test_create_server_specify_multibyte_character_name): 200 GET http://10.180.1.21/compute/v2.1/servers/1fd79203-4a2a-4211-bcb4-4604496c99fb 0.062s
2025-03-19 15:36:44.241 69122 INFO tempest.lib.common.rest_client [req-f6c66e99-7e73-4cb6-a185-f082f8cfc2fa req-f6c66e99-7e73-4cb6-a185-f082f8cfc2fa ] Request (ServersAdminTestJSON:test_inject_network_info): 200 GET http://10.180.1.21/compute/v2.1/servers/52d276d9-713c-4ef7-9a8b-cb644497ac2f 0.093s
2025-03-19 15:36:44.286 69120 INFO tempest.lib.common.rest_client [req-0b49a7e1-4700-4284-b14d-ee2fc1b5a7a4 req-0b49a7e1-4700-4284-b14d-ee2fc1b5a7a4 ] Request (ImagesOneServerNegativeTestJSON:_run_cleanups): 200 GET http://10.180.1.21/compute/v2.1/servers/4972782e-8d8b-46a4-9855-9196b890ea79 0.115s
2025-03-19 15:36:44.332 69128 INFO tempest.lib.common.rest_client [req-730ca7b5-154d-4b42-b3f1-a370db0549cf req-730ca7b5-154d-4b42-b3f1-a370db0549cf ] Request (MigrationsAdminTest:test_resize_server_revert_deleted_flavor): 200 GET http://10.180.1.21/compute/v2.1/servers/9b02ce36-2582-4b2b-9774-1f8e14cc8b92 0.113s
2025-03-19 15:36:44.383 69124 INFO tempest.lib.common.rest_client [req-1fdb9a45-28f2-4ac5-9b98-c8a3965860e1 req-1fdb9a45-28f2-4ac5-9b98-c8a3965860e1 ] Request (ServersNegativeTestMultiTenantJSON:tearDownClass): 200 GET http://10.180.1.21/compute/v2.1/servers/bf3d8149-511c-496d-9445-e215fa5d27ab 0.072s
2025-03-19 15:36:44.484 69118 INFO tempest.lib.common.rest_client [req-9a15df09-42fe-4469-93c1-c9d402ae85f9 req-9a15df09-42fe-4469-93c1-c9d402ae85f9 ] Request (TenantUsagesTestJSON:tearDownClass): 200 GET http://10.180.1.21/compute/v2.1/servers/3643cc15-9cc5-49d6-b593-20c4a4c9cf76 0.053s
2025-03-19 15:36:44.528 69134 INFO tempest.lib.common.rest_client [req-9d4e7531-aa95-4998-b0f6-a113f329c34b req-9d4e7531-aa95-4998-b0f6-a113f329c34b ] Request (ImagesTestJSON:test_create_server_from_snapshot): 200 GET http://10.180.1.21/compute/v2.1/servers/1362ff83-bc7d-43b8-ae39-b1d4d4f494bb 0.052s
2025-03-19 15:36:44.599 69127 INFO tempest.lib.common.rest_client [req-f97b2e6f-a0c7-4a55-bb1b-a4d64b2eea4e req-f97b2e6f-a0c7-4a55-bb1b-a4d64b2eea4e ] Request (FloatingIPsAssociationTestJSON:tearDownClass): 200 GET http://10.180.1.21/compute/v2.1/servers/420a3044-c6fb-47a0-8b5f-94777a36d375 0.056s
2025-03-19 15:36:44.773 69152 INFO tempest.lib.common.rest_client [req-01dd7313-1b7f-4ab0-be9a-8ca941ba2520 req-01dd7313-1b7f-4ab0-be9a-8ca941ba2520 ] Request (VolumesAssistedSnapshotsTest:tearDownClass): 200 GET http://10.180.1.21/compute/v2.1/servers/22c70775-b7eb-4712-b65e-1a71e77c1ba2 0.059s
2025-03-19 15:36:44.823 69102 INFO tempest.lib.common.rest_client [req-b3a5ea75-24a8-423b-8630-0f5ddb79719d req-b3a5ea75-24a8-423b-8630-0f5ddb79719d ] Request (ServersWithSpecificFlavorTestJSON:test_verify_created_server_ephemeral_disk): 200 GET http://10.180.1.21/compute/v2.1/servers/0d4e0a9f-aea0-48b8-adf3-b45a8f9da5a9 0.058s
2025-03-19 15:36:44.854 69146 WARNING tempest.lib.common.ssh [-] Failed to establish authenticated ssh connection to cirros@10.180.180.165 ([Errno None] Unable to connect to port 22 on 10.180.180.165). Number attempts: 4. Retry after 5 seconds.: paramiko.ssh_exception.NoValidConnectionsError: [Errno None] Unable to connect to port 22 on 10.180.180.165
2025-03-19 15:36:44.875 69116 INFO tempest.lib.common.rest_client [req-2b99f872-2078-4119-903d-754d8ffdff1a req-2b99f872-2078-4119-903d-754d8ffdff1a ] Request (MultipleCreateTestJSON:test_multiple_create): 200 GET http://10.180.1.21/compute/v2.1/servers/ddc8b487-a5ee-41d2-bfd6-6e5b097e7f01 0.055s
2025-03-19 15:36:44.937 69104 INFO tempest.lib.common.rest_client [req-d9062a57-a571-4b49-bc28-55588426a288 req-d9062a57-a571-4b49-bc28-55588426a288 ] Request (ListImageFiltersTestJSON:tearDownClass): 200 GET http://10.180.1.21/compute/v2.1/servers/596ff49a-578e-43a1-86fa-91e7bb4dc1ee 0.061s
2025-03-19 15:36:44.969 69112 INFO tempest.lib.common.rest_client [req-b6e5b53e-971c-4c41-adac-e6e06b17692e req-b6e5b53e-971c-4c41-adac-e6e06b17692e ] Request (ImagesOneServerTestJSON:test_create_delete_image): 200 GET http://10.180.1.21/compute/v2.1/images/21ced92b-582b-423a-9894-165edd382113 0.064s
2025-03-19 15:36:45.019 69138 INFO tempest.lib.common.rest_client [req-83924f2b-20bc-4576-8ba2-14d63d87d325 req-83924f2b-20bc-4576-8ba2-14d63d87d325 ] Request (AttachInterfacesTestJSON:test_create_list_show_delete_interfaces_by_fixed_ip): 200 GET http://10.180.1.21/compute/v2.1/servers/646997d1-9381-48e5-946a-570e81393466 0.060s
2025-03-19 15:36:45.105 69132 INFO tempest.lib.common.rest_client [req-a8e42f6d-11a5-42bd-b3ae-3115ff610977 req-a8e42f6d-11a5-42bd-b3ae-3115ff610977 ] Request (ServerTagsTestJSON:tearDownClass): 200 GET http://10.180.1.21/compute/v2.1/servers/208730b9-5815-4afb-83df-1ccb307d40ac 0.060s
2025-03-19 15:36:45.158 69108 INFO tempest.lib.common.rest_client [req-606b3470-c320-46a0-a579-e746a7698141 req-606b3470-c320-46a0-a579-e746a7698141 ] Request (ServerDiagnosticsV248Test:test_get_server_diagnostics): 200 GET http://10.180.1.21/compute/v2.1/servers/f3f70d0f-bfa7-40cd-afdf-fa715c018291 0.049s
2025-03-19 15:36:45.210 69160 INFO tempest.lib.common.rest_client [req-a2be3405-3c38-4a95-bb85-6c3b0f0fd24d req-a2be3405-3c38-4a95-bb85-6c3b0f0fd24d ] Request (ServerAddressesTestJSON:tearDownClass): 200 GET http://10.180.1.21/compute/v2.1/servers/5206acdc-5d39-46d8-b7b0-e685038816a4 0.060s
2025-03-19 15:36:45.260 69140 INFO tempest.lib.common.rest_client [req-ef576d07-c185-4d27-a006-2c55585cdbb4 req-ef576d07-c185-4d27-a006-2c55585cdbb4 ] Request (ServerShowV257Test:test_rebuild_server): 200 GET http://10.180.1.21/compute/v2.1/servers/bf984749-f902-4b86-9bc0-2753871f8e33 0.102s
2025-03-19 15:36:45.304 69158 INFO tempest.lib.common.rest_client [req-0c28f6a7-ae34-4fa9-b391-9dd44d90d908 req-0c28f6a7-ae34-4fa9-b391-9dd44d90d908 ] Request (ServersTestJSON:test_create_server_specify_multibyte_character_name): 200 GET http://10.180.1.21/compute/v2.1/servers/1fd79203-4a2a-4211-bcb4-4604496c99fb 0.101s
2025-03-19 15:36:45.352 69122 INFO tempest.lib.common.rest_client [req-f9c8014e-bdfe-4e90-8201-3c8e08514d9d req-f9c8014e-bdfe-4e90-8201-3c8e08514d9d ] Request (ServersAdminTestJSON:test_inject_network_info): 200 GET http://10.180.1.21/compute/v2.1/servers/52d276d9-713c-4ef7-9a8b-cb644497ac2f 0.103s
2025-03-19 15:36:45.359 69122 INFO tempest.common.waiters [-] State transition "BUILD/scheduling" ==> "BUILD/None" after 7 second wait
2025-03-19 15:36:45.399 69120 INFO tempest.lib.common.rest_client [req-849546fd-64d6-4bfb-ba93-d86150360094 req-849546fd-64d6-4bfb-ba93-d86150360094 ] Request (ImagesOneServerNegativeTestJSON:_run_cleanups): 200 GET http://10.180.1.21/compute/v2.1/servers/4972782e-8d8b-46a4-9855-9196b890ea79 0.104s
2025-03-19 15:36:45.407 69120 INFO tempest.common.waiters [-] State transition "BUILD/scheduling" ==> "BUILD/None" after 2 second wait
2025-03-19 15:36:45.447 69128 INFO tempest.lib.common.rest_client [req-1bd79e78-1180-4b35-8b94-bc02b4912439 req-1bd79e78-1180-4b35-8b94-bc02b4912439 ] Request (MigrationsAdminTest:test_resize_server_revert_deleted_flavor): 200 GET http://10.180.1.21/compute/v2.1/servers/9b02ce36-2582-4b2b-9774-1f8e14cc8b92 0.107s
2025-03-19 15:36:45.502 69124 INFO tempest.lib.common.rest_client [req-f895a23f-82a3-4591-90ea-21a2f14dd1ac req-f895a23f-82a3-4591-90ea-21a2f14dd1ac ] Request (ServersNegativeTestMultiTenantJSON:tearDownClass): 200 GET http://10.180.1.21/compute/v2.1/servers/bf3d8149-511c-496d-9445-e215fa5d27ab 0.110s
2025-03-19 15:36:45.557 69118 INFO tempest.lib.common.rest_client [req-ac3ff1cc-e0c4-4b36-9259-641d3bc2dc09 req-ac3ff1cc-e0c4-4b36-9259-641d3bc2dc09 ] Request (TenantUsagesTestJSON:tearDownClass): 200 GET http://10.180.1.21/compute/v2.1/servers/3643cc15-9cc5-49d6-b593-20c4a4c9cf76 0.064s
2025-03-19 15:36:45.603 69134 INFO tempest.lib.common.rest_client [req-96a1fca3-7d09-4e2d-a0c1-592945fb5122 req-96a1fca3-7d09-4e2d-a0c1-592945fb5122 ] Request (ImagesTestJSON:test_create_server_from_snapshot): 200 GET http://10.180.1.21/compute/v2.1/servers/1362ff83-bc7d-43b8-ae39-b1d4d4f494bb 0.068s
2025-03-19 15:36:45.665 69127 INFO tempest.lib.common.rest_client [req-d029d9e3-1abe-46ab-a5aa-b70ab73ac366 req-d029d9e3-1abe-46ab-a5aa-b70ab73ac366 ] Request (FloatingIPsAssociationTestJSON:tearDownClass): 200 GET http://10.180.1.21/compute/v2.1/servers/420a3044-c6fb-47a0-8b5f-94777a36d375 0.059s
2025-03-19 15:36:45.776 69164 INFO tempest.lib.common.rest_client [req-7f28c563-f941-4061-9bdb-fb4283f74dda req-7f28c563-f941-4061-9bdb-fb4283f74dda ] Request (AttachVolumeTestJSON:test_attach_detach_volume): 200 POST http://10.180.1.21/compute/v2.1/servers/5db9f79c-bda3-4d2e-b8f2-0a59d7712d68/os-volume_attachments 1.652s
2025-03-19 15:36:45.803 69164 INFO tempest.lib.common.rest_client [req-0bc5fb19-0c24-489b-b3ad-aa8cf01649d2 req-0bc5fb19-0c24-489b-b3ad-aa8cf01649d2 ] Request (AttachVolumeTestJSON:test_attach_detach_volume): 200 GET http://10.180.1.21/volume/v3/volumes/74ed3ac3-30eb-4fd7-8b36-8ab838ebb712 0.026s
2025-03-19 15:36:45.843 69152 INFO tempest.lib.common.rest_client [req-97d1b971-4c6d-463b-ab1c-84034221a00c req-97d1b971-4c6d-463b-ab1c-84034221a00c ] Request (VolumesAssistedSnapshotsTest:tearDownClass): 200 GET http://10.180.1.21/compute/v2.1/servers/22c70775-b7eb-4712-b65e-1a71e77c1ba2 0.061s
2025-03-19 15:36:45.883 69102 INFO tempest.lib.common.rest_client [req-8a800788-75a2-4082-b58f-ae3600a73897 req-8a800788-75a2-4082-b58f-ae3600a73897 ] Request (ServersWithSpecificFlavorTestJSON:test_verify_created_server_ephemeral_disk): 200 GET http://10.180.1.21/compute/v2.1/servers/0d4e0a9f-aea0-48b8-adf3-b45a8f9da5a9 0.053s
2025-03-19 15:36:45.932 69116 INFO tempest.lib.common.rest_client [req-0fc012b2-2e1d-4f56-8318-0da2e93c8be1 req-0fc012b2-2e1d-4f56-8318-0da2e93c8be1 ] Request (MultipleCreateTestJSON:test_multiple_create): 200 GET http://10.180.1.21/compute/v2.1/servers/ddc8b487-a5ee-41d2-bfd6-6e5b097e7f01 0.049s
2025-03-19 15:36:46.005 69104 INFO tempest.lib.common.rest_client [req-63b8331c-d41e-40c6-a31b-c700cd581932 req-63b8331c-d41e-40c6-a31b-c700cd581932 ] Request (ListImageFiltersTestJSON:tearDownClass): 200 GET http://10.180.1.21/compute/v2.1/servers/596ff49a-578e-43a1-86fa-91e7bb4dc1ee 0.061s
2025-03-19 15:36:46.006 69112 INFO tempest.lib.common.rest_client [req-1e2d068f-b524-473f-aeaf-76aef7bfede3 req-1e2d068f-b524-473f-aeaf-76aef7bfede3 ] Request (ImagesOneServerTestJSON:test_create_delete_image): 200 GET http://10.180.1.21/compute/v2.1/images/21ced92b-582b-423a-9894-165edd382113 0.033s
2025-03-19 15:36:46.077 69138 INFO tempest.lib.common.rest_client [req-708e17c2-4bc8-4ab0-94e0-32f90ea6e37a req-708e17c2-4bc8-4ab0-94e0-32f90ea6e37a ] Request (AttachInterfacesTestJSON:test_create_list_show_delete_interfaces_by_fixed_ip): 200 GET http://10.180.1.21/compute/v2.1/servers/646997d1-9381-48e5-946a-570e81393466 0.051s
2025-03-19 15:36:46.177 69132 INFO tempest.lib.common.rest_client [req-90e12ae7-0de7-4a0b-9324-328febd344f4 req-90e12ae7-0de7-4a0b-9324-328febd344f4 ] Request (ServerTagsTestJSON:tearDownClass): 200 GET http://10.180.1.21/compute/v2.1/servers/208730b9-5815-4afb-83df-1ccb307d40ac 0.062s
2025-03-19 15:36:46.223 69108 INFO tempest.lib.common.rest_client [req-9ee9c9ad-6cde-427a-92fa-c6620058642b req-9ee9c9ad-6cde-427a-92fa-c6620058642b ] Request (ServerDiagnosticsV248Test:test_get_server_diagnostics): 200 GET http://10.180.1.21/compute/v2.1/servers/f3f70d0f-bfa7-40cd-afdf-fa715c018291 0.056s
2025-03-19 15:36:46.280 69160 INFO tempest.lib.common.rest_client [req-dcb0478a-c689-4c79-85ea-f05c771a298c req-dcb0478a-c689-4c79-85ea-f05c771a298c ] Request (ServerAddressesTestJSON:tearDownClass): 200 GET http://10.180.1.21/compute/v2.1/servers/5206acdc-5d39-46d8-b7b0-e685038816a4 0.062s
2025-03-19 15:36:46.332 69140 INFO tempest.lib.common.rest_client [req-b8bc740c-48e9-4903-95bf-8facf3dc8dcc req-b8bc740c-48e9-4903-95bf-8facf3dc8dcc ] Request (ServerShowV257Test:test_rebuild_server): 200 GET http://10.180.1.21/compute/v2.1/servers/bf984749-f902-4b86-9bc0-2753871f8e33 0.063s
2025-03-19 15:36:46.410 69158 INFO tempest.lib.common.rest_client [req-2febf568-1836-49c3-8a54-884dd4c7dd0a req-2febf568-1836-49c3-8a54-884dd4c7dd0a ] Request (ServersTestJSON:test_create_server_specify_multibyte_character_name): 200 GET http://10.180.1.21/compute/v2.1/servers/1fd79203-4a2a-4211-bcb4-4604496c99fb 0.096s
2025-03-19 15:36:46.428 69122 INFO tempest.lib.common.rest_client [req-b4deffe2-e1da-4858-b879-a7f46aa9be0c req-b4deffe2-e1da-4858-b879-a7f46aa9be0c ] Request (ServersAdminTestJSON:test_inject_network_info): 200 GET http://10.180.1.21/compute/v2.1/servers/52d276d9-713c-4ef7-9a8b-cb644497ac2f 0.067s
2025-03-19 15:36:46.473 69120 INFO tempest.lib.common.rest_client [req-77d7793d-6da2-4019-a042-785d389b166a req-77d7793d-6da2-4019-a042-785d389b166a ] Request (ImagesOneServerNegativeTestJSON:_run_cleanups): 200 GET http://10.180.1.21/compute/v2.1/servers/4972782e-8d8b-46a4-9855-9196b890ea79 0.064s
2025-03-19 15:36:46.523 69128 INFO tempest.lib.common.rest_client [req-0e0bbf10-169c-4917-a0f6-80d6aecfbd3c req-0e0bbf10-169c-4917-a0f6-80d6aecfbd3c ] Request (MigrationsAdminTest:test_resize_server_revert_deleted_flavor): 200 GET http://10.180.1.21/compute/v2.1/servers/9b02ce36-2582-4b2b-9774-1f8e14cc8b92 0.065s
2025-03-19 15:36:46.574 69124 INFO tempest.lib.common.rest_client [req-b6542732-ef83-424b-9be2-534b7a9eb63c req-b6542732-ef83-424b-9be2-534b7a9eb63c ] Request (ServersNegativeTestMultiTenantJSON:tearDownClass): 200 GET http://10.180.1.21/compute/v2.1/servers/bf3d8149-511c-496d-9445-e215fa5d27ab 0.065s
2025-03-19 15:36:46.632 69118 INFO tempest.lib.common.rest_client [req-5ac8a4af-25f2-4cb4-b1b1-963a7ea3b2ca req-5ac8a4af-25f2-4cb4-b1b1-963a7ea3b2ca ] Request (TenantUsagesTestJSON:tearDownClass): 200 GET http://10.180.1.21/compute/v2.1/servers/3643cc15-9cc5-49d6-b593-20c4a4c9cf76 0.067s
2025-03-19 15:36:46.671 69134 INFO tempest.lib.common.rest_client [req-f466ffb6-6e35-4007-aff4-b3e8070afe41 req-f466ffb6-6e35-4007-aff4-b3e8070afe41 ] Request (ImagesTestJSON:test_create_server_from_snapshot): 200 GET http://10.180.1.21/compute/v2.1/servers/1362ff83-bc7d-43b8-ae39-b1d4d4f494bb 0.055s
2025-03-19 15:36:46.741 69127 INFO tempest.lib.common.rest_client [req-7f2e5e00-cd04-41d8-a836-db355f759d6e req-7f2e5e00-cd04-41d8-a836-db355f759d6e ] Request (FloatingIPsAssociationTestJSON:tearDownClass): 200 GET http://10.180.1.21/compute/v2.1/servers/420a3044-c6fb-47a0-8b5f-94777a36d375 0.069s
2025-03-19 15:36:46.837 69164 INFO tempest.lib.common.rest_client [req-a76138e6-3fd8-4b8f-b33c-dfbb3cc8c7d3 req-a76138e6-3fd8-4b8f-b33c-dfbb3cc8c7d3 ] Request (AttachVolumeTestJSON:test_attach_detach_volume): 200 GET http://10.180.1.21/volume/v3/volumes/74ed3ac3-30eb-4fd7-8b36-8ab838ebb712 0.026s
2025-03-19 15:36:46.920 69152 INFO tempest.lib.common.rest_client [req-11b884e5-9736-49b8-ba74-7c001463aacf req-11b884e5-9736-49b8-ba74-7c001463aacf ] Request (VolumesAssistedSnapshotsTest:tearDownClass): 200 GET http://10.180.1.21/compute/v2.1/servers/22c70775-b7eb-4712-b65e-1a71e77c1ba2 0.069s
2025-03-19 15:36:46.953 69102 INFO tempest.lib.common.rest_client [req-35590552-4fff-4de9-a3b8-6a59b300db55 req-35590552-4fff-4de9-a3b8-6a59b300db55 ] Request (ServersWithSpecificFlavorTestJSON:test_verify_created_server_ephemeral_disk): 200 GET http://10.180.1.21/compute/v2.1/servers/0d4e0a9f-aea0-48b8-adf3-b45a8f9da5a9 0.062s
2025-03-19 15:36:46.994 69116 INFO tempest.lib.common.rest_client [req-a19b09b9-42fb-45d2-b20d-7d4e305a43ae req-a19b09b9-42fb-45d2-b20d-7d4e305a43ae ] Request (MultipleCreateTestJSON:test_multiple_create): 200 GET http://10.180.1.21/compute/v2.1/servers/ddc8b487-a5ee-41d2-bfd6-6e5b097e7f01 0.055s
2025-03-19 15:36:47.046 69112 INFO tempest.lib.common.rest_client [req-23eff091-820e-46c2-bdc1-f4653cf6b9f8 req-23eff091-820e-46c2-bdc1-f4653cf6b9f8 ] Request (ImagesOneServerTestJSON:test_create_delete_image): 200 GET http://10.180.1.21/compute/v2.1/images/21ced92b-582b-423a-9894-165edd382113 0.036s
2025-03-19 15:36:47.071 69104 INFO tempest.lib.common.rest_client [req-793f0da2-4226-4097-8b0e-98b2123cfbeb req-793f0da2-4226-4097-8b0e-98b2123cfbeb ] Request (ListImageFiltersTestJSON:tearDownClass): 200 GET http://10.180.1.21/compute/v2.1/servers/596ff49a-578e-43a1-86fa-91e7bb4dc1ee 0.058s
2025-03-19 15:36:47.133 69138 INFO tempest.lib.common.rest_client [req-fe67de43-7f2c-4451-b48c-92230350af78 req-fe67de43-7f2c-4451-b48c-92230350af78 ] Request (AttachInterfacesTestJSON:test_create_list_show_delete_interfaces_by_fixed_ip): 200 GET http://10.180.1.21/compute/v2.1/servers/646997d1-9381-48e5-946a-570e81393466 0.048s
2025-03-19 15:36:47.251 69132 INFO tempest.lib.common.rest_client [req-975f505b-a6d3-47cb-bd3a-5c160cdd2f29 req-975f505b-a6d3-47cb-bd3a-5c160cdd2f29 ] Request (ServerTagsTestJSON:tearDownClass): 200 GET http://10.180.1.21/compute/v2.1/servers/208730b9-5815-4afb-83df-1ccb307d40ac 0.064s
2025-03-19 15:36:47.284 69108 INFO tempest.lib.common.rest_client [req-c2bdb050-9d2b-4246-ad7e-a3bef3072121 req-c2bdb050-9d2b-4246-ad7e-a3bef3072121 ] Request (ServerDiagnosticsV248Test:test_get_server_diagnostics): 200 GET http://10.180.1.21/compute/v2.1/servers/f3f70d0f-bfa7-40cd-afdf-fa715c018291 0.051s
2025-03-19 15:36:47.349 69160 INFO tempest.lib.common.rest_client [req-1c4d846c-929f-4478-868e-7582c7766cd4 req-1c4d846c-929f-4478-868e-7582c7766cd4 ] Request (ServerAddressesTestJSON:tearDownClass): 200 GET http://10.180.1.21/compute/v2.1/servers/5206acdc-5d39-46d8-b7b0-e685038816a4 0.059s
2025-03-19 15:36:47.396 69140 INFO tempest.lib.common.rest_client [req-6b7788ce-b30d-4596-a67b-5efec8bf24ad req-6b7788ce-b30d-4596-a67b-5efec8bf24ad ] Request (ServerShowV257Test:test_rebuild_server): 200 GET http://10.180.1.21/compute/v2.1/servers/bf984749-f902-4b86-9bc0-2753871f8e33 0.053s
2025-03-19 15:36:47.405 69140 INFO tempest.common.waiters [-] State transition "REBUILD/rebuilding" ==> "REBUILD/rebuild_spawning" after 3 second wait
2025-03-19 15:36:47.474 69158 INFO tempest.lib.common.rest_client [req-5878d8a1-6e1a-437d-b395-c60fe19c3b31 req-5878d8a1-6e1a-437d-b395-c60fe19c3b31 ] Request (ServersTestJSON:test_create_server_specify_multibyte_character_name): 200 GET http://10.180.1.21/compute/v2.1/servers/1fd79203-4a2a-4211-bcb4-4604496c99fb 0.050s
2025-03-19 15:36:47.490 69122 INFO tempest.lib.common.rest_client [req-f5f875fc-7f99-4350-88f5-7ee80168cbfc req-f5f875fc-7f99-4350-88f5-7ee80168cbfc ] Request (ServersAdminTestJSON:test_inject_network_info): 200 GET http://10.180.1.21/compute/v2.1/servers/52d276d9-713c-4ef7-9a8b-cb644497ac2f 0.053s
2025-03-19 15:36:47.530 69120 INFO tempest.lib.common.rest_client [req-dd95fcff-04d4-4880-89af-d1c3d327ad13 req-dd95fcff-04d4-4880-89af-d1c3d327ad13 ] Request (ImagesOneServerNegativeTestJSON:_run_cleanups): 200 GET http://10.180.1.21/compute/v2.1/servers/4972782e-8d8b-46a4-9855-9196b890ea79 0.049s
2025-03-19 15:36:47.584 69128 INFO tempest.lib.common.rest_client [req-ee3da0e4-83b0-4244-99ab-c10666199437 req-ee3da0e4-83b0-4244-99ab-c10666199437 ] Request (MigrationsAdminTest:test_resize_server_revert_deleted_flavor): 200 GET http://10.180.1.21/compute/v2.1/servers/9b02ce36-2582-4b2b-9774-1f8e14cc8b92 0.053s
2025-03-19 15:36:47.649 69124 INFO tempest.lib.common.rest_client [req-b7cd039d-ee56-4cd5-a725-e83825776ea8 req-b7cd039d-ee56-4cd5-a725-e83825776ea8 ] Request (ServersNegativeTestMultiTenantJSON:tearDownClass): 200 GET http://10.180.1.21/compute/v2.1/servers/bf3d8149-511c-496d-9445-e215fa5d27ab 0.066s
2025-03-19 15:36:47.697 69118 INFO tempest.lib.common.rest_client [req-b50fbb1d-9f4e-44b4-b6b4-6c5189a34294 req-b50fbb1d-9f4e-44b4-b6b4-6c5189a34294 ] Request (TenantUsagesTestJSON:tearDownClass): 200 GET http://10.180.1.21/compute/v2.1/servers/3643cc15-9cc5-49d6-b593-20c4a4c9cf76 0.057s
2025-03-19 15:36:47.729 69134 INFO tempest.lib.common.rest_client [req-717163f8-7872-4422-a22e-58cf7cb42772 req-717163f8-7872-4422-a22e-58cf7cb42772 ] Request (ImagesTestJSON:test_create_server_from_snapshot): 200 GET http://10.180.1.21/compute/v2.1/servers/1362ff83-bc7d-43b8-ae39-b1d4d4f494bb 0.050s
2025-03-19 15:36:47.827 69127 INFO tempest.lib.common.rest_client [req-5864d1f2-e0ea-400e-ae98-ece2d696bd8e req-5864d1f2-e0ea-400e-ae98-ece2d696bd8e ] Request (FloatingIPsAssociationTestJSON:tearDownClass): 200 GET http://10.180.1.21/compute/v2.1/servers/420a3044-c6fb-47a0-8b5f-94777a36d375 0.077s
2025-03-19 15:36:47.880 69164 INFO tempest.lib.common.rest_client [req-4df0f285-79f5-4911-899b-6f456144a7bc req-4df0f285-79f5-4911-899b-6f456144a7bc ] Request (AttachVolumeTestJSON:test_attach_detach_volume): 200 GET http://10.180.1.21/volume/v3/volumes/74ed3ac3-30eb-4fd7-8b36-8ab838ebb712 0.034s
2025-03-19 15:36:48.003 69152 INFO tempest.lib.common.rest_client [req-2c139996-3755-4ece-8d9c-38b081b99dcc req-2c139996-3755-4ece-8d9c-38b081b99dcc ] Request (VolumesAssistedSnapshotsTest:tearDownClass): 200 GET http://10.180.1.21/compute/v2.1/servers/22c70775-b7eb-4712-b65e-1a71e77c1ba2 0.075s
2025-03-19 15:36:48.012 69102 INFO tempest.lib.common.rest_client [req-56587e0d-5e7a-47bc-b742-a51781b6a579 req-56587e0d-5e7a-47bc-b742-a51781b6a579 ] Request (ServersWithSpecificFlavorTestJSON:test_verify_created_server_ephemeral_disk): 200 GET http://10.180.1.21/compute/v2.1/servers/0d4e0a9f-aea0-48b8-adf3-b45a8f9da5a9 0.049s
2025-03-19 15:36:48.057 69116 INFO tempest.lib.common.rest_client [req-c775ecb3-4664-4e75-b28b-731c758a1d67 req-c775ecb3-4664-4e75-b28b-731c758a1d67 ] Request (MultipleCreateTestJSON:test_multiple_create): 200 GET http://10.180.1.21/compute/v2.1/servers/ddc8b487-a5ee-41d2-bfd6-6e5b097e7f01 0.055s
2025-03-19 15:36:48.083 69112 INFO tempest.lib.common.rest_client [req-9eba298f-07d7-49dc-bd3a-838ce37fc274 req-9eba298f-07d7-49dc-bd3a-838ce37fc274 ] Request (ImagesOneServerTestJSON:test_create_delete_image): 200 GET http://10.180.1.21/compute/v2.1/images/21ced92b-582b-423a-9894-165edd382113 0.033s
2025-03-19 15:36:48.133 69104 INFO tempest.lib.common.rest_client [req-033bad7b-e5fb-4b2a-8a6b-8ea212b50dbf req-033bad7b-e5fb-4b2a-8a6b-8ea212b50dbf ] Request (ListImageFiltersTestJSON:tearDownClass): 200 GET http://10.180.1.21/compute/v2.1/servers/596ff49a-578e-43a1-86fa-91e7bb4dc1ee 0.054s
2025-03-19 15:36:48.188 69138 INFO tempest.lib.common.rest_client [req-356866df-6d83-4a23-a109-aecc2f01867b req-356866df-6d83-4a23-a109-aecc2f01867b ] Request (AttachInterfacesTestJSON:test_create_list_show_delete_interfaces_by_fixed_ip): 200 GET http://10.180.1.21/compute/v2.1/servers/646997d1-9381-48e5-946a-570e81393466 0.047s
