2025-03-19 15:35:45.548 69144 INFO tempest.lib.common.rest_client [req-8c7ba87f-2365-4b76-8a9c-37a12ae563be req-8c7ba87f-2365-4b76-8a9c-37a12ae563be ] Request (ServerAddressesNegativeTestJSON:tearDownClass): 204 DELETE http://10.180.1.21/identity/v3/users/154d15b4a6e34405a8c15994641be19e 0.072s
2025-03-19 15:35:45.548 69144 INFO tempest.lib.common.dynamic_creds [-] Deleting project and security group for project: 167cd841e23f434ca955b68e8b2bbe9b
2025-03-19 15:35:45.552 69158 INFO tempest.lib.common.rest_client [req-023ceb7c-9e17-4c30-abb8-6bdefc300b38 req-023ceb7c-9e17-4c30-abb8-6bdefc300b38 ] Request (ServersListShow296Test:tearDownClass): 200 GET http://10.180.1.21/compute/v2.1/servers/323fcc88-4686-488e-925f-d0649d83089b 0.101s
2025-03-19 15:35:45.580 69104 INFO tempest.lib.common.rest_client [req-ea8ead00-ca16-4719-ba73-3c33a681b787 req-ea8ead00-ca16-4719-ba73-3c33a681b787 ] Request (ListImageFiltersTestJSON:setUpClass): 200 GET http://10.180.1.21/compute/v2.1/images/1b5e550f-b3ef-4c33-bfb3-3063735fdadc 0.106s
2025-03-19 15:35:45.585 69144 INFO tempest.lib.common.rest_client [req-884ccf57-28a8-458e-9d17-f6ee85d9e979 req-884ccf57-28a8-458e-9d17-f6ee85d9e979 ] Request (ServerAddressesNegativeTestJSON:tearDownClass): 200 GET http://10.180.1.21:9696/networking/v2.0/security-groups?tenant_id=167cd841e23f434ca955b68e8b2bbe9b&name=default 0.036s
2025-03-19 15:35:45.630 69138 INFO tempest.lib.common.rest_client [req-c2ff879d-5eff-42d2-bcde-6b8a0d0c50d5 req-c2ff879d-5eff-42d2-bcde-6b8a0d0c50d5 ] Request (ImagesNegativeTestJSON:test_create_image_from_deleted_server): 200 GET http://10.180.1.21/compute/v2.1/servers/1f066870-2888-4430-aa8b-a4969ccf0cce 0.105s
2025-03-19 15:35:45.672 69154 INFO tempest.lib.common.rest_client [req-5df077dd-3800-4be4-b172-d7c1813454f5 req-5df077dd-3800-4be4-b172-d7c1813454f5 ] Request (ListImagesTestJSON:tearDownClass): 204 DELETE http://10.180.1.21:9696/networking/v2.0/security-groups/8a8722a5-e704-4093-bb4a-304d8e811e82 0.146s
2025-03-19 15:35:45.687 69108 INFO tempest.lib.common.rest_client [req-2e6224a6-dd66-4ee0-aaee-abd5f872e9c6 req-2e6224a6-dd66-4ee0-aaee-abd5f872e9c6 ] Request (DeleteServersAdminTestJSON:test_delete_server_while_in_error_state): 200 GET http://10.180.1.21/compute/v2.1/servers/01f36ba6-8385-4242-8778-11745ae292b5 0.128s
2025-03-19 15:35:45.698 69134 INFO tempest.lib.common.rest_client [req-3977da2e-c6ac-4a26-9d2d-123061693ef9 req-3977da2e-c6ac-4a26-9d2d-123061693ef9 ] Request (ImagesTestJSON:test_create_image_from_suspended_server): 200 GET http://10.180.1.21/compute/v2.1/servers/79eb0836-d812-4c49-9463-4999d2b5d003 0.117s
2025-03-19 15:35:45.707 69144 INFO tempest.lib.common.rest_client [req-db10acaa-2305-4f32-b0de-af542cfe8e27 req-db10acaa-2305-4f32-b0de-af542cfe8e27 ] Request (ServerAddressesNegativeTestJSON:tearDownClass): 204 DELETE http://10.180.1.21:9696/networking/v2.0/security-groups/638ca58c-c52c-4b82-81a7-35f7b6668cf6 0.121s
2025-03-19 15:35:45.756 69160 INFO tempest.lib.common.rest_client [req-67ed78e9-ccd5-49ee-8c51-739cc9099e80 req-67ed78e9-ccd5-49ee-8c51-739cc9099e80 ] Request (ServerAddressesTestJSON:setUpClass): 200 GET http://10.180.1.21/compute/v2.1/servers/5206acdc-5d39-46d8-b7b0-e685038816a4 0.131s
2025-03-19 15:35:45.813 69140 INFO tempest.lib.common.rest_client [req-c2ff2a96-51fa-48e4-8bd7-c93d73a85964 req-c2ff2a96-51fa-48e4-8bd7-c93d73a85964 ] Request (ServersListShow2100Test:tearDownClass): 200 GET http://10.180.1.21/compute/v2.1/servers/eb82884d-39aa-4579-b82f-85fa132f9024 0.149s
2025-03-19 15:35:45.841 69154 INFO tempest.lib.common.rest_client [req-f9d7285b-31b6-430f-adc9-471d660a853d req-f9d7285b-31b6-430f-adc9-471d660a853d ] Request (ListImagesTestJSON:tearDownClass): 204 DELETE http://10.180.1.21/identity/v3/projects/a0a7dd9ac4ab4e599e6dc8b7eaa34950 0.168s
2025-03-19 15:35:45.848 69144 INFO tempest.lib.common.rest_client [req-dcf346d6-7b08-4327-8e04-dba3f3c1c862 req-dcf346d6-7b08-4327-8e04-dba3f3c1c862 ] Request (ServerAddressesNegativeTestJSON:tearDownClass): 204 DELETE http://10.180.1.21/identity/v3/projects/167cd841e23f434ca955b68e8b2bbe9b 0.141s
2025-03-19 15:35:45.873 69132 INFO tempest.lib.common.rest_client [req-ff25385b-5e99-404c-9a2d-51c963266e6f req-ff25385b-5e99-404c-9a2d-51c963266e6f ] Request (ServerTagsTestJSON:setUpClass): 200 GET http://10.180.1.21/compute/v2.1/servers/208730b9-5815-4afb-83df-1ccb307d40ac 0.155s
2025-03-19 15:35:45.880 69106 INFO tempest.lib.common.rest_client [req-a93457d2-17d5-4a0f-b0be-266372be12e5 req-a93457d2-17d5-4a0f-b0be-266372be12e5 ] Request (ServersListShow298Test:test_list_show_update_rebuild_server_298): 200 GET http://10.180.1.21/compute/v2.1/servers/859eb560-faaf-471c-95dc-bcf2544f8a04 0.181s
2025-03-19 15:35:45.925 69144 INFO tempest.lib.common.rest_client [req-627d8772-beff-4718-acdd-a7ce6945673b req-627d8772-beff-4718-acdd-a7ce6945673b ] Request (VolumesNegativeTest:setUpClass): 201 POST http://10.180.1.21/identity/v3/auth/tokens 0.075s
2025-03-19 15:35:45.942 69127 INFO tempest.lib.common.rest_client [req-6d741ed0-f3e7-46ff-98dc-7399ee65a051 req-6d741ed0-f3e7-46ff-98dc-7399ee65a051 ] Request (FloatingIPsAssociationTestJSON:test_associate_already_associated_floating_ip): 200 GET http://10.180.1.21/compute/v2.1/servers/420a3044-c6fb-47a0-8b5f-94777a36d375 0.153s
2025-03-19 15:35:45.948 69164 INFO tempest.lib.common.rest_client [req-b1492302-2d90-409a-9200-d93fc11c3220 req-b1492302-2d90-409a-9200-d93fc11c3220 ] Request (AttachVolumeTestJSON:test_attach_detach_volume): 200 GET http://10.180.1.21/compute/v2.1/servers/5db9f79c-bda3-4d2e-b8f2-0a59d7712d68 0.120s
2025-03-19 15:35:45.962 69144 INFO tempest.lib.common.rest_client [req-115d79a0-f7c8-4352-9801-79f7853c642f req-115d79a0-f7c8-4352-9801-79f7853c642f ] Request (VolumesNegativeTest:setUpClass): 201 POST http://10.180.1.21/identity/v3/auth/tokens 0.034s
2025-03-19 15:35:45.989 69144 INFO tempest.lib.common.rest_client [req-1ff7e623-9ba6-4ebc-bd78-7f3233bd2227 req-1ff7e623-9ba6-4ebc-bd78-7f3233bd2227 ] Request (VolumesNegativeTest:setUpClass): 200 GET http://10.180.1.21/identity/v3/domains?name=Default 0.026s
2025-03-19 15:35:45.990 69152 WARNING tempest.lib.common.ssh [-] Failed to establish authenticated ssh connection to cirros@10.180.180.134 ([Errno None] Unable to connect to port 22 on 10.180.180.134). Number attempts: 8. Retry after 9 seconds.: paramiko.ssh_exception.NoValidConnectionsError: [Errno None] Unable to connect to port 22 on 10.180.180.134
2025-03-19 15:35:45.992 69112 INFO tempest.lib.common.rest_client [req-380fc76b-c4d2-422d-851c-f87128765787 req-380fc76b-c4d2-422d-851c-f87128765787 ] Request (ImagesOneServerTestJSON:setUpClass): 200 GET http://10.180.1.21/compute/v2.1/servers/d066f27c-aee3-4c1a-9f74-4e3ee4a6c2a3 0.153s
2025-03-19 15:35:46.016 69120 INFO tempest.lib.common.rest_client [req-03a53c60-d596-4eb5-835c-7f624a61982b req-03a53c60-d596-4eb5-835c-7f624a61982b ] Request (ImagesOneServerNegativeTestJSON:setUpClass): 200 GET http://10.180.1.21/compute/v2.1/servers/75034c85-c991-4d7c-b7b0-cb547642e903 0.125s
2025-03-19 15:35:46.019 69144 INFO tempest.lib.common.rest_client [req-2ebcc03e-a4c7-44e4-9aeb-8705f6507236 req-2ebcc03e-a4c7-44e4-9aeb-8705f6507236 ] Request (VolumesNegativeTest:setUpClass): 201 POST http://10.180.1.21/identity/v3/projects 0.030s
2025-03-19 15:35:46.059 69130 INFO tempest.lib.common.rest_client [req-35666521-d2af-47a5-8b48-d201416c7b8c req-35666521-d2af-47a5-8b48-d201416c7b8c ] Request (AttachInterfacesV270Test:tearDownClass): 200 GET http://10.180.1.21/compute/v2.1/servers/b378dd19-85f6-40cd-8195-626fdb3d3753 0.146s
2025-03-19 15:35:46.079 69124 INFO tempest.lib.common.rest_client [req-e4c847d6-78e3-4dcd-8a63-967a17517e33 req-e4c847d6-78e3-4dcd-8a63-967a17517e33 ] Request (ServersNegativeTestMultiTenantJSON:setUpClass): 200 GET http://10.180.1.21/compute/v2.1/servers/bf3d8149-511c-496d-9445-e215fa5d27ab 0.122s
2025-03-19 15:35:46.090 69144 INFO tempest.lib.common.rest_client [req-fab07515-2a7b-4bf6-bd3d-34530f45410a req-fab07515-2a7b-4bf6-bd3d-34530f45410a ] Request (VolumesNegativeTest:setUpClass): 201 POST http://10.180.1.21/identity/v3/users 0.070s
2025-03-19 15:35:46.102 69116 INFO tempest.lib.common.rest_client [req-da8e36f4-c8f3-4576-8116-1dc5e4738b74 req-da8e36f4-c8f3-4576-8116-1dc5e4738b74 ] Request (ListServersNegativeTestJSON:tearDownClass): 200 PUT http://10.180.1.21:9696/networking/v2.0/routers/2066b995-3955-41db-809c-acbd9a79c4cb/remove_router_interface 1.176s
2025-03-19 15:35:46.116 69144 INFO tempest.lib.common.rest_client [req-89cea9ed-fbc9-4a8f-a67f-5e33aeae0e6f req-89cea9ed-fbc9-4a8f-a67f-5e33aeae0e6f ] Request (VolumesNegativeTest:setUpClass): 200 GET http://10.180.1.21/identity/v3/roles 0.025s
2025-03-19 15:35:46.126 69122 INFO tempest.lib.common.rest_client [req-36494076-ca72-4ef1-ab74-e1465e6f8899 req-36494076-ca72-4ef1-ab74-e1465e6f8899 ] Request (ServersAdminTestJSON:test_create_server_with_scheduling_hint): 200 GET http://10.180.1.21/compute/v2.1/servers/daf2f4d2-5fea-4790-95d4-fb16e42e6379 0.125s
2025-03-19 15:35:46.157 69146 INFO tempest.lib.common.rest_client [req-378fe8f5-9908-4a90-a0e8-a1a3fc9feaac req-378fe8f5-9908-4a90-a0e8-a1a3fc9feaac ] Request (VolumesAdminNegativeTest:test_update_attached_volume_with_nonexistent_volume_in_body): 200 GET http://10.180.1.21/compute/v2.1/servers/3b2a3201-fd24-4b57-9844-2fc078f40f2f 0.136s
2025-03-19 15:35:46.162 69144 INFO tempest.lib.common.rest_client [req-846381cb-f838-4c6f-a2bc-3c4e66bde2cf req-846381cb-f838-4c6f-a2bc-3c4e66bde2cf ] Request (VolumesNegativeTest:setUpClass): 204 PUT http://10.180.1.21/identity/v3/projects/0726ea0d5e5044daadc0c8c96f07fae8/users/b87add314c724d65b58ebf8f61d8d01c/roles/93b57fc27a66406c88ede10cd9f694fe 0.045s
2025-03-19 15:35:46.162 69144 INFO tempest.lib.common.dynamic_creds [-] Dynamic test user b87add314c724d65b58ebf8f61d8d01c is created with scope project and roles: ['member']
2025-03-19 15:35:46.162 69144 INFO tempest.lib.common.dynamic_creds [-] Acquired dynamic creds: credentials: Credentials: {'domain_id': 'default', 'domain_name': 'Default', 'username': 'tempest-VolumesNegativeTest-146858074-project-member', 'project_domain_id': 'default', 'project_domain_name': 'Default', 'project_id': '0726ea0d5e5044daadc0c8c96f07fae8', 'project_name': 'tempest-VolumesNegativeTest-146858074', 'tenant_id': '0726ea0d5e5044daadc0c8c96f07fae8', 'tenant_name': 'tempest-VolumesNegativeTest-146858074', 'user_domain_id': 'default', 'user_domain_name': 'Default', 'user_id': 'b87add314c724d65b58ebf8f61d8d01c', 'system': None}, Network: None, Subnet: None, Router: None
2025-03-19 15:35:46.162 69144 INFO tempest.lib.common.dynamic_creds [-] Created isolated network resources for: credentials: Credentials: {'domain_id': 'default', 'domain_name': 'Default', 'username': 'tempest-VolumesNegativeTest-146858074-project-member', 'project_domain_id': 'default', 'project_domain_name': 'Default', 'project_id': '0726ea0d5e5044daadc0c8c96f07fae8', 'project_name': 'tempest-VolumesNegativeTest-146858074', 'tenant_id': '0726ea0d5e5044daadc0c8c96f07fae8', 'tenant_name': 'tempest-VolumesNegativeTest-146858074', 'user_domain_id': 'default', 'user_domain_name': 'Default', 'user_id': 'b87add314c724d65b58ebf8f61d8d01c', 'system': None}, Network: None, Subnet: None, Router: None
2025-03-19 15:35:46.235 69144 INFO tempest.lib.common.rest_client [req-74a765b9-aeff-4004-a1c6-7a581df8d5e2 req-74a765b9-aeff-4004-a1c6-7a581df8d5e2 ] Request (VolumesNegativeTest:setUpClass): 201 POST http://10.180.1.21/identity/v3/auth/tokens 0.069s
2025-03-19 15:35:46.314 69118 INFO tempest.lib.common.rest_client [req-3a346f6f-fe78-42c1-91b7-9e8cebd3ae2d req-3a346f6f-fe78-42c1-91b7-9e8cebd3ae2d ] Request (TenantUsagesTestJSON:setUpClass): 200 GET http://10.180.1.21/compute/v2.1/servers/3643cc15-9cc5-49d6-b593-20c4a4c9cf76 0.083s
2025-03-19 15:35:46.327 69144 INFO tempest.lib.common.rest_client [req-d136f31b-e9d5-4547-bb44-4c092d89d061 req-d136f31b-e9d5-4547-bb44-4c092d89d061 ] Request (VolumesNegativeTest:test_create_volume_with_invalid_size): 400 POST http://10.180.1.21/compute/v2.1/os-volumes 0.091s
2025-03-19 15:35:46.332 69150 INFO tempest.lib.common.rest_client [req-2dac7438-bc37-4317-ac31-cedbd00fa961 req-2dac7438-bc37-4317-ac31-cedbd00fa961 ] Request (AttachVolumeNegativeTest:test_attach_attached_volume_to_different_server): 200 PUT http://10.180.1.21:9696/networking/v2.0/floatingips/271f3930-b202-4ddc-aed6-d2cb045fcc2c 0.910s
2025-03-19 15:35:46.334 69150 INFO tempest.lib.common.ssh [-] Creating ssh connection to '10.180.180.211:22' as 'cirros' with public key authentication
2025-03-19 15:35:46.344 69144 INFO tempest.lib.common.rest_client [req-7fdcc0bb-4393-439e-8109-fc5ca7f0774a req-7fdcc0bb-4393-439e-8109-fc5ca7f0774a ] Request (VolumesNegativeTest:test_create_volume_with_size_zero): 400 POST http://10.180.1.21/compute/v2.1/os-volumes 0.015s
2025-03-19 15:35:46.357 69144 INFO tempest.lib.common.rest_client [req-ad8217e9-71e1-4210-8a15-f58118f3f804 req-ad8217e9-71e1-4210-8a15-f58118f3f804 ] Request (VolumesNegativeTest:test_create_volume_without_passing_size): 400 POST http://10.180.1.21/compute/v2.1/os-volumes 0.009s
2025-03-19 15:35:46.436 69144 INFO tempest.lib.common.rest_client [req-59180437-3a62-41d3-9137-16e01d07e28a req-59180437-3a62-41d3-9137-16e01d07e28a ] Request (VolumesNegativeTest:test_delete_invalid_volume_id): 404 DELETE http://10.180.1.21/compute/v2.1/os-volumes/tempest-invalid-1852470406 0.076s
2025-03-19 15:35:46.445 69144 INFO tempest.lib.common.rest_client [req-72702c75-0734-44fa-83d2-5358bd178e92 req-72702c75-0734-44fa-83d2-5358bd178e92 ] Request (VolumesNegativeTest:test_delete_volume_without_passing_volume_id): 404 DELETE http://10.180.1.21/compute/v2.1/os-volumes/ 0.007s
2025-03-19 15:35:46.461 69144 INFO tempest.lib.common.rest_client [req-4890542e-08fe-4594-9981-28176f876aac req-4890542e-08fe-4594-9981-28176f876aac ] Request (VolumesNegativeTest:test_get_volume_without_passing_volume_id): 404 GET http://10.180.1.21/compute/v2.1/os-volumes/ 0.012s
2025-03-19 15:35:46.514 69144 INFO tempest.lib.common.rest_client [req-5e102b6e-8bf7-49ba-8adc-0fb5c558f2ac req-5e102b6e-8bf7-49ba-8adc-0fb5c558f2ac ] Request (VolumesNegativeTest:test_volume_delete_nonexistent_volume_id): 404 DELETE http://10.180.1.21/compute/v2.1/os-volumes/2fc3643e-41da-411c-8745-d406a234e83d 0.050s
2025-03-19 15:35:46.543 69144 INFO tempest.lib.common.rest_client [req-6edd6e59-d753-48ec-857e-5bada539fdd4 req-6edd6e59-d753-48ec-857e-5bada539fdd4 ] Request (VolumesNegativeTest:test_volume_get_nonexistent_volume_id): 404 GET http://10.180.1.21/compute/v2.1/os-volumes/e30f6f19-a30c-4ff5-a9b6-fc1ebf98d4ec 0.027s
2025-03-19 15:35:46.572 69128 INFO tempest.lib.common.rest_client [req-a1006847-98ff-42c2-8f73-576cd14ea22a req-a1006847-98ff-42c2-8f73-576cd14ea22a ] Request (MigrationsAdminTest:test_list_migrations_in_flavor_resize_situation): 200 GET http://10.180.1.21/compute/v2.1/servers/90a90104-ef19-43f6-badb-0e06d0ee0bee 0.122s
2025-03-19 15:35:46.631 69114 INFO tempest.lib.common.rest_client [req-f2dc40bc-3e9e-441b-be4d-a5eef219598e req-f2dc40bc-3e9e-441b-be4d-a5eef219598e ] Request (ServerRescueTestJSONUnderV235:tearDownClass): 200 GET http://10.180.1.21/compute/v2.1/servers/35698194-cc33-4c3a-a153-8f31d6c82941 0.091s
2025-03-19 15:35:46.653 69158 INFO tempest.lib.common.rest_client [req-c80d107a-78e2-4eb0-9d3d-9d5d35548f69 req-c80d107a-78e2-4eb0-9d3d-9d5d35548f69 ] Request (ServersListShow296Test:tearDownClass): 200 GET http://10.180.1.21/compute/v2.1/servers/323fcc88-4686-488e-925f-d0649d83089b 0.088s
2025-03-19 15:35:46.660 69116 INFO tempest.lib.common.rest_client [req-39d6a1aa-8458-4b11-a7e8-a8215e93ec3c req-39d6a1aa-8458-4b11-a7e8-a8215e93ec3c ] Request (ListServersNegativeTestJSON:tearDownClass): 204 DELETE http://10.180.1.21:9696/networking/v2.0/routers/2066b995-3955-41db-809c-acbd9a79c4cb 0.558s
2025-03-19 15:35:46.666 69144 INFO tempest.lib.common.rest_client [req-efeb2481-7276-4bac-9b10-41aa0875aaee req-efeb2481-7276-4bac-9b10-41aa0875aaee ] Request (VolumesNegativeTest:tearDownClass): 204 DELETE http://10.180.1.21/identity/v3/users/b87add314c724d65b58ebf8f61d8d01c 0.117s
2025-03-19 15:35:46.666 69144 INFO tempest.lib.common.dynamic_creds [-] Deleting project and security group for project: 0726ea0d5e5044daadc0c8c96f07fae8
2025-03-19 15:35:46.680 69104 INFO tempest.lib.common.rest_client [req-bd374b62-c691-4cc3-a13d-9e22f82fe954 req-bd374b62-c691-4cc3-a13d-9e22f82fe954 ] Request (ListImageFiltersTestJSON:setUpClass): 200 GET http://10.180.1.21/compute/v2.1/images/1b5e550f-b3ef-4c33-bfb3-3063735fdadc 0.094s
2025-03-19 15:35:46.723 69138 INFO tempest.lib.common.rest_client [req-166c6c31-af27-45c8-827b-96efc671d2e1 req-166c6c31-af27-45c8-827b-96efc671d2e1 ] Request (ImagesNegativeTestJSON:test_create_image_from_deleted_server): 200 GET http://10.180.1.21/compute/v2.1/servers/1f066870-2888-4430-aa8b-a4969ccf0cce 0.082s
2025-03-19 15:35:46.746 69144 INFO tempest.lib.common.rest_client [req-49a86c90-7bb6-4111-8d1a-1bccc73e4ded req-49a86c90-7bb6-4111-8d1a-1bccc73e4ded ] Request (VolumesNegativeTest:tearDownClass): 201 POST http://10.180.1.21/identity/v3/auth/tokens 0.080s
2025-03-19 15:35:46.771 69108 INFO tempest.lib.common.rest_client [req-ad1d05c1-88b0-4897-a512-c4ef31a3fb99 req-ad1d05c1-88b0-4897-a512-c4ef31a3fb99 ] Request (DeleteServersAdminTestJSON:test_delete_server_while_in_error_state): 200 GET http://10.180.1.21/compute/v2.1/servers/01f36ba6-8385-4242-8778-11745ae292b5 0.076s
2025-03-19 15:35:46.789 69134 INFO tempest.lib.common.rest_client [req-35495f1c-c246-4cfe-8086-03009a0d8452 req-35495f1c-c246-4cfe-8086-03009a0d8452 ] Request (ImagesTestJSON:test_create_image_from_suspended_server): 200 GET http://10.180.1.21/compute/v2.1/servers/79eb0836-d812-4c49-9463-4999d2b5d003 0.074s
2025-03-19 15:35:46.843 69116 INFO tempest.lib.common.rest_client [req-43ab5c25-60e6-4109-83d6-bd2493e01335 req-43ab5c25-60e6-4109-83d6-bd2493e01335 ] Request (ListServersNegativeTestJSON:tearDownClass): 204 DELETE http://10.180.1.21:9696/networking/v2.0/subnets/3bbd3e5a-0e28-4d7a-9a2d-5b8c385cd7c9 0.182s
2025-03-19 15:35:46.844 69160 INFO tempest.lib.common.rest_client [req-61caf2b3-83de-4319-bc5c-9aab5ffb595d req-61caf2b3-83de-4319-bc5c-9aab5ffb595d ] Request (ServerAddressesTestJSON:setUpClass): 200 GET http://10.180.1.21/compute/v2.1/servers/5206acdc-5d39-46d8-b7b0-e685038816a4 0.073s
2025-03-19 15:35:46.951 69140 INFO tempest.lib.common.rest_client [req-0a330af1-5d96-4f66-997c-58b980d24d1e req-0a330af1-5d96-4f66-997c-58b980d24d1e ] Request (ServersListShow2100Test:tearDownClass): 200 GET http://10.180.1.21/compute/v2.1/servers/eb82884d-39aa-4579-b82f-85fa132f9024 0.119s
2025-03-19 15:35:46.965 69132 INFO tempest.lib.common.rest_client [req-afa2c4ab-c46c-4b94-966b-079dfb4618a6 req-afa2c4ab-c46c-4b94-966b-079dfb4618a6 ] Request (ServerTagsTestJSON:setUpClass): 200 GET http://10.180.1.21/compute/v2.1/servers/208730b9-5815-4afb-83df-1ccb307d40ac 0.080s
2025-03-19 15:35:46.996 69144 INFO tempest.lib.common.rest_client [req-5c448f26-9599-4bf7-ac6f-473acf046251 req-5c448f26-9599-4bf7-ac6f-473acf046251 ] Request (VolumesNegativeTest:tearDownClass): 200 GET http://10.180.1.21:9696/networking/v2.0/security-groups?tenant_id=0726ea0d5e5044daadc0c8c96f07fae8&name=default 0.249s
2025-03-19 15:35:47.036 69106 INFO tempest.lib.common.rest_client [req-5a334ba4-0e9a-4801-8ccb-69f4ec7a6a34 req-5a334ba4-0e9a-4801-8ccb-69f4ec7a6a34 ] Request (ServersListShow298Test:test_list_show_update_rebuild_server_298): 200 GET http://10.180.1.21/compute/v2.1/servers/859eb560-faaf-471c-95dc-bcf2544f8a04 0.136s
2025-03-19 15:35:47.075 69127 INFO tempest.lib.common.rest_client [req-b220ba52-0444-4311-b0fe-d8a5f4f4f692 req-b220ba52-0444-4311-b0fe-d8a5f4f4f692 ] Request (FloatingIPsAssociationTestJSON:test_associate_already_associated_floating_ip): 200 GET http://10.180.1.21/compute/v2.1/servers/420a3044-c6fb-47a0-8b5f-94777a36d375 0.124s
2025-03-19 15:35:47.087 69164 INFO tempest.lib.common.rest_client [req-7fcf4e2b-e2a0-4a7a-a7e1-6c860ca8f7d9 req-7fcf4e2b-e2a0-4a7a-a7e1-6c860ca8f7d9 ] Request (AttachVolumeTestJSON:test_attach_detach_volume): 200 GET http://10.180.1.21/compute/v2.1/servers/5db9f79c-bda3-4d2e-b8f2-0a59d7712d68 0.131s
2025-03-19 15:35:47.142 69120 INFO tempest.lib.common.rest_client [req-65cb9c5b-1c35-42db-a991-786594aaefc4 req-65cb9c5b-1c35-42db-a991-786594aaefc4 ] Request (ImagesOneServerNegativeTestJSON:setUpClass): 200 GET http://10.180.1.21/compute/v2.1/servers/75034c85-c991-4d7c-b7b0-cb547642e903 0.115s
2025-03-19 15:35:47.148 69112 INFO tempest.lib.common.rest_client [req-31c82b35-fa55-4f1c-8ebe-02cf6e98c159 req-31c82b35-fa55-4f1c-8ebe-02cf6e98c159 ] Request (ImagesOneServerTestJSON:setUpClass): 200 GET http://10.180.1.21/compute/v2.1/servers/d066f27c-aee3-4c1a-9f74-4e3ee4a6c2a3 0.145s
2025-03-19 15:35:47.206 69102 WARNING tempest.lib.common.ssh [-] Failed to establish authenticated ssh connection to cirros@10.180.180.129 ([Errno None] Unable to connect to port 22 on 10.180.180.129). Number attempts: 8. Retry after 9 seconds.: paramiko.ssh_exception.NoValidConnectionsError: [Errno None] Unable to connect to port 22 on 10.180.180.129
2025-03-19 15:35:47.211 69130 INFO tempest.lib.common.rest_client [req-585fc4c3-ee28-4bc7-b7b0-e45617b60e1e req-585fc4c3-ee28-4bc7-b7b0-e45617b60e1e ] Request (AttachInterfacesV270Test:tearDownClass): 200 GET http://10.180.1.21/compute/v2.1/servers/b378dd19-85f6-40cd-8195-626fdb3d3753 0.136s
2025-03-19 15:35:47.220 69144 INFO tempest.lib.common.rest_client [req-acd701c1-0aa7-4558-b854-21c58d44f1ce req-acd701c1-0aa7-4558-b854-21c58d44f1ce ] Request (VolumesNegativeTest:tearDownClass): 204 DELETE http://10.180.1.21:9696/networking/v2.0/security-groups/02674976-469e-4d0e-bde4-edfef8ba3ce2 0.223s
2025-03-19 15:35:47.223 69124 INFO tempest.lib.common.rest_client [req-efd02d6e-40b0-43b5-b9b7-5c7a8c5fa4cf req-efd02d6e-40b0-43b5-b9b7-5c7a8c5fa4cf ] Request (ServersNegativeTestMultiTenantJSON:setUpClass): 200 GET http://10.180.1.21/compute/v2.1/servers/bf3d8149-511c-496d-9445-e215fa5d27ab 0.134s
2025-03-19 15:35:47.269 69122 INFO tempest.lib.common.rest_client [req-c5ea3363-8387-4b99-ae3e-93f55a6f01d8 req-c5ea3363-8387-4b99-ae3e-93f55a6f01d8 ] Request (ServersAdminTestJSON:test_create_server_with_scheduling_hint): 200 GET http://10.180.1.21/compute/v2.1/servers/daf2f4d2-5fea-4790-95d4-fb16e42e6379 0.135s
2025-03-19 15:35:47.277 69122 INFO tempest.common.waiters [-] State transition "BUILD/scheduling" ==> "BUILD/None" after 17 second wait
2025-03-19 15:35:47.300 69144 INFO tempest.lib.common.rest_client [req-40161545-9fb0-40da-9314-da4f0bfbd4b0 req-40161545-9fb0-40da-9314-da4f0bfbd4b0 ] Request (VolumesNegativeTest:tearDownClass): 204 DELETE http://10.180.1.21/identity/v3/projects/0726ea0d5e5044daadc0c8c96f07fae8 0.080s
2025-03-19 15:35:47.308 69146 INFO tempest.lib.common.rest_client [req-4def0428-990e-47ad-a63a-e150c5aab017 req-4def0428-990e-47ad-a63a-e150c5aab017 ] Request (VolumesAdminNegativeTest:test_update_attached_volume_with_nonexistent_volume_in_body): 200 GET http://10.180.1.21/compute/v2.1/servers/3b2a3201-fd24-4b57-9844-2fc078f40f2f 0.141s
2025-03-19 15:35:47.378 69118 INFO tempest.lib.common.rest_client [req-3b541480-107d-47ce-ad2a-437eee7537a6 req-3b541480-107d-47ce-ad2a-437eee7537a6 ] Request (TenantUsagesTestJSON:setUpClass): 200 GET http://10.180.1.21/compute/v2.1/servers/3643cc15-9cc5-49d6-b593-20c4a4c9cf76 0.055s
2025-03-19 15:35:47.614 69116 INFO tempest.lib.common.rest_client [req-a586b950-4c01-453b-b9c1-3b18e77c4f11 req-a586b950-4c01-453b-b9c1-3b18e77c4f11 ] Request (ListServersNegativeTestJSON:tearDownClass): 204 DELETE http://10.180.1.21:9696/networking/v2.0/networks/1f8b794d-3a77-465c-8807-bb23dcd21b39 0.770s
2025-03-19 15:35:47.678 69128 INFO tempest.lib.common.rest_client [req-aaf7ef32-44a5-4256-908a-d4f88124354c req-aaf7ef32-44a5-4256-908a-d4f88124354c ] Request (MigrationsAdminTest:test_list_migrations_in_flavor_resize_situation): 200 GET http://10.180.1.21/compute/v2.1/servers/90a90104-ef19-43f6-badb-0e06d0ee0bee 0.097s
2025-03-19 15:35:47.714 69114 INFO tempest.lib.common.rest_client [req-1e1dcf1d-7ef9-4468-b6e3-a610bdfd7ce4 req-1e1dcf1d-7ef9-4468-b6e3-a610bdfd7ce4 ] Request (ServerRescueTestJSONUnderV235:tearDownClass): 200 GET http://10.180.1.21/compute/v2.1/servers/35698194-cc33-4c3a-a153-8f31d6c82941 0.072s
2025-03-19 15:35:47.731 69116 INFO tempest.lib.common.rest_client [req-5636d116-4b93-4b3f-aa87-0f41e7348e21 req-5636d116-4b93-4b3f-aa87-0f41e7348e21 ] Request (ListServersNegativeTestJSON:tearDownClass): 204 DELETE http://10.180.1.21/identity/v3/users/fa8a676ad32d47cb9191c9d40ae5bfc9 0.116s
2025-03-19 15:35:47.737 69116 INFO tempest.lib.common.dynamic_creds [-] Deleting project and security group for project: fb4e6f6965dc4dfc921be27405c6a0d7
2025-03-19 15:35:47.763 69158 INFO tempest.lib.common.rest_client [req-995940d4-d449-41d5-91c2-e09fa9d7b346 req-995940d4-d449-41d5-91c2-e09fa9d7b346 ] Request (ServersListShow296Test:tearDownClass): 200 GET http://10.180.1.21/compute/v2.1/servers/323fcc88-4686-488e-925f-d0649d83089b 0.093s
2025-03-19 15:35:47.770 69104 INFO tempest.lib.common.rest_client [req-45c989a0-e557-44b4-89bb-29be73ca305a req-45c989a0-e557-44b4-89bb-29be73ca305a ] Request (ListImageFiltersTestJSON:setUpClass): 200 GET http://10.180.1.21/compute/v2.1/images/1b5e550f-b3ef-4c33-bfb3-3063735fdadc 0.086s
2025-03-19 15:35:47.775 69116 INFO tempest.lib.common.rest_client [req-a9e46aa8-fde9-4b01-bddb-3939fe1be3f8 req-a9e46aa8-fde9-4b01-bddb-3939fe1be3f8 ] Request (ListServersNegativeTestJSON:tearDownClass): 200 GET http://10.180.1.21:9696/networking/v2.0/security-groups?tenant_id=fb4e6f6965dc4dfc921be27405c6a0d7&name=default 0.038s
2025-03-19 15:35:47.841 69138 INFO tempest.lib.common.rest_client [req-f8080a5c-34be-4f08-b2bc-71d898cd41f4 req-f8080a5c-34be-4f08-b2bc-71d898cd41f4 ] Request (ImagesNegativeTestJSON:test_create_image_from_deleted_server): 200 GET http://10.180.1.21/compute/v2.1/servers/1f066870-2888-4430-aa8b-a4969ccf0cce 0.107s
2025-03-19 15:35:47.861 69108 INFO tempest.lib.common.rest_client [req-c41c1b40-25f0-47a0-add5-d1003f7533a6 req-c41c1b40-25f0-47a0-add5-d1003f7533a6 ] Request (DeleteServersAdminTestJSON:test_delete_server_while_in_error_state): 200 GET http://10.180.1.21/compute/v2.1/servers/01f36ba6-8385-4242-8778-11745ae292b5 0.081s
2025-03-19 15:35:47.883 69116 INFO tempest.lib.common.rest_client [req-d2f3c488-e41e-4dfe-a44c-cb9e26106b46 req-d2f3c488-e41e-4dfe-a44c-cb9e26106b46 ] Request (ListServersNegativeTestJSON:tearDownClass): 204 DELETE http://10.180.1.21:9696/networking/v2.0/security-groups/82b8615d-a2d9-4999-9bda-b32367d4cdc7 0.108s
2025-03-19 15:35:47.905 69134 INFO tempest.lib.common.rest_client [req-c9b6fefb-f4c0-4900-a3ff-e90aa1a7a2d7 req-c9b6fefb-f4c0-4900-a3ff-e90aa1a7a2d7 ] Request (ImagesTestJSON:test_create_image_from_suspended_server): 200 GET http://10.180.1.21/compute/v2.1/servers/79eb0836-d812-4c49-9463-4999d2b5d003 0.106s
2025-03-19 15:35:47.914 69160 INFO tempest.lib.common.rest_client [req-7c02b30f-1110-4993-be30-6ebc5c9a5691 req-7c02b30f-1110-4993-be30-6ebc5c9a5691 ] Request (ServerAddressesTestJSON:setUpClass): 200 GET http://10.180.1.21/compute/v2.1/servers/5206acdc-5d39-46d8-b7b0-e685038816a4 0.058s
2025-03-19 15:35:47.987 69116 INFO tempest.lib.common.rest_client [req-61908a6f-b852-4784-b500-6493b04d0084 req-61908a6f-b852-4784-b500-6493b04d0084 ] Request (ListServersNegativeTestJSON:tearDownClass): 204 DELETE http://10.180.1.21/identity/v3/projects/fb4e6f6965dc4dfc921be27405c6a0d7 0.103s
2025-03-19 15:35:47.989 69140 INFO tempest.lib.common.rest_client [req-7491c1e4-90a3-4dff-8033-a373a42c84a5 req-7491c1e4-90a3-4dff-8033-a373a42c84a5 ] Request (ServersListShow2100Test:tearDownClass): 404 GET http://10.180.1.21/compute/v2.1/servers/eb82884d-39aa-4579-b82f-85fa132f9024 0.024s
2025-03-19 15:35:48.032 69132 INFO tempest.lib.common.rest_client [req-a0b78cee-d714-43ae-ada4-d0624421576f req-a0b78cee-d714-43ae-ada4-d0624421576f ] Request (ServerTagsTestJSON:setUpClass): 200 GET http://10.180.1.21/compute/v2.1/servers/208730b9-5815-4afb-83df-1ccb307d40ac 0.056s
2025-03-19 15:35:48.050 69116 INFO tempest.lib.common.rest_client [req-377f228d-4d6a-4ddc-9f18-8bf1f2fbbe10 req-377f228d-4d6a-4ddc-9f18-8bf1f2fbbe10 ] Request (MultipleCreateTestJSON:setUpClass): 201 POST http://10.180.1.21/identity/v3/auth/tokens 0.061s
2025-03-19 15:35:48.095 69140 INFO tempest.lib.common.rest_client [req-d7142266-160d-4534-a2b8-da6f31487821 req-d7142266-160d-4534-a2b8-da6f31487821 ] Request (ServersListShow2100Test:tearDownClass): 204 DELETE http://10.180.1.21/identity/v3/users/3fa9cee10dcc4032b856e3b3d5cb26c6 0.105s
2025-03-19 15:35:48.095 69140 INFO tempest.lib.common.dynamic_creds [-] Deleting project and security group for project: c0328a87fdd847b88250e5605c0a9180
2025-03-19 15:35:48.114 69116 INFO tempest.lib.common.rest_client [req-97c55c03-aad5-4ab6-b8f2-cb231a6b92fe req-97c55c03-aad5-4ab6-b8f2-cb231a6b92fe ] Request (MultipleCreateTestJSON:setUpClass): 201 POST http://10.180.1.21/identity/v3/auth/tokens 0.061s
2025-03-19 15:35:48.137 69106 INFO tempest.lib.common.rest_client [req-905e0641-6ea3-4152-ba95-6e99f10fcb34 req-905e0641-6ea3-4152-ba95-6e99f10fcb34 ] Request (ServersListShow298Test:test_list_show_update_rebuild_server_298): 200 GET http://10.180.1.21/compute/v2.1/servers/859eb560-faaf-471c-95dc-bcf2544f8a04 0.083s
2025-03-19 15:35:48.141 69127 INFO tempest.lib.common.rest_client [req-e311be79-617c-4770-bb51-70612864f546 req-e311be79-617c-4770-bb51-70612864f546 ] Request (FloatingIPsAssociationTestJSON:test_associate_already_associated_floating_ip): 200 GET http://10.180.1.21/compute/v2.1/servers/420a3044-c6fb-47a0-8b5f-94777a36d375 0.058s
2025-03-19 15:35:48.149 69106 INFO tempest.common.waiters [-] State transition "REBUILD/rebuild_spawning" ==> "ACTIVE/None" after 9 second wait
2025-03-19 15:35:48.166 69140 INFO tempest.lib.common.rest_client [req-f0486558-789e-4080-b971-e3c8e3efc23d req-f0486558-789e-4080-b971-e3c8e3efc23d ] Request (ServersListShow2100Test:tearDownClass): 201 POST http://10.180.1.21/identity/v3/auth/tokens 0.070s
2025-03-19 15:35:48.171 69116 INFO tempest.lib.common.rest_client [req-901002f2-bbf4-4e40-b0fa-3bf92cbaaca5 req-901002f2-bbf4-4e40-b0fa-3bf92cbaaca5 ] Request (MultipleCreateTestJSON:setUpClass): 200 GET http://10.180.1.21/identity/v3/domains?name=Default 0.057s
2025-03-19 15:35:48.195 69164 INFO tempest.lib.common.rest_client [req-c310e5a5-00f4-48b7-a18c-a79894b58aca req-c310e5a5-00f4-48b7-a18c-a79894b58aca ] Request (AttachVolumeTestJSON:test_attach_detach_volume): 200 GET http://10.180.1.21/compute/v2.1/servers/5db9f79c-bda3-4d2e-b8f2-0a59d7712d68 0.100s
2025-03-19 15:35:48.201 69116 INFO tempest.lib.common.rest_client [req-c6d08831-f899-456a-9404-e21e98e9b43e req-c6d08831-f899-456a-9404-e21e98e9b43e ] Request (MultipleCreateTestJSON:setUpClass): 201 POST http://10.180.1.21/identity/v3/projects 0.029s
2025-03-19 15:35:48.213 69120 INFO tempest.lib.common.rest_client [req-73220c9c-4a61-4e09-97b7-9c34f79bff92 req-73220c9c-4a61-4e09-97b7-9c34f79bff92 ] Request (ImagesOneServerNegativeTestJSON:setUpClass): 200 GET http://10.180.1.21/compute/v2.1/servers/75034c85-c991-4d7c-b7b0-cb547642e903 0.063s
2025-03-19 15:35:48.264 69116 INFO tempest.lib.common.rest_client [req-bca70cd1-fb86-48a4-badd-69a047d72763 req-bca70cd1-fb86-48a4-badd-69a047d72763 ] Request (MultipleCreateTestJSON:setUpClass): 201 POST http://10.180.1.21/identity/v3/users 0.062s
2025-03-19 15:35:48.266 69112 INFO tempest.lib.common.rest_client [req-f999dc23-3d90-4a91-8675-266e6bd0cdf0 req-f999dc23-3d90-4a91-8675-266e6bd0cdf0 ] Request (ImagesOneServerTestJSON:setUpClass): 200 GET http://10.180.1.21/compute/v2.1/servers/d066f27c-aee3-4c1a-9f74-4e3ee4a6c2a3 0.103s
2025-03-19 15:35:48.277 69106 INFO tempest.lib.common.rest_client [req-67bb2450-feb5-4af6-b89e-deaabd9453a3 req-67bb2450-feb5-4af6-b89e-deaabd9453a3 ] Request (ServersListShow298Test:tearDownClass): 204 DELETE http://10.180.1.21/compute/v2.1/servers/859eb560-faaf-471c-95dc-bcf2544f8a04 0.126s
2025-03-19 15:35:48.292 69116 INFO tempest.lib.common.rest_client [req-aa32e62c-a6cd-4534-8be8-bf9ebc5d8ffa req-aa32e62c-a6cd-4534-8be8-bf9ebc5d8ffa ] Request (MultipleCreateTestJSON:setUpClass): 200 GET http://10.180.1.21/identity/v3/roles 0.028s
2025-03-19 15:35:48.332 69124 INFO tempest.lib.common.rest_client [req-ea02a3a9-e40e-4b8c-8340-b65338baa9e0 req-ea02a3a9-e40e-4b8c-8340-b65338baa9e0 ] Request (ServersNegativeTestMultiTenantJSON:setUpClass): 200 GET http://10.180.1.21/compute/v2.1/servers/bf3d8149-511c-496d-9445-e215fa5d27ab 0.100s
2025-03-19 15:35:48.338 69116 INFO tempest.lib.common.rest_client [req-a7c1a69a-8f10-4210-91fa-29311dc1962c req-a7c1a69a-8f10-4210-91fa-29311dc1962c ] Request (MultipleCreateTestJSON:setUpClass): 204 PUT http://10.180.1.21/identity/v3/projects/222f209a941a4981b7185b8198b33c1a/users/f797528990774abe8da4e2fd57f2174c/roles/93b57fc27a66406c88ede10cd9f694fe 0.045s
2025-03-19 15:35:48.338 69116 INFO tempest.lib.common.dynamic_creds [-] Dynamic test user f797528990774abe8da4e2fd57f2174c is created with scope project and roles: ['member']
2025-03-19 15:35:48.339 69116 INFO tempest.lib.common.dynamic_creds [-] Acquired dynamic creds: credentials: Credentials: {'domain_id': 'default', 'domain_name': 'Default', 'username': 'tempest-MultipleCreateTestJSON-1875949988-project-member', 'project_domain_id': 'default', 'project_domain_name': 'Default', 'project_id': '222f209a941a4981b7185b8198b33c1a', 'project_name': 'tempest-MultipleCreateTestJSON-1875949988', 'tenant_id': '222f209a941a4981b7185b8198b33c1a', 'tenant_name': 'tempest-MultipleCreateTestJSON-1875949988', 'user_domain_id': 'default', 'user_domain_name': 'Default', 'user_id': 'f797528990774abe8da4e2fd57f2174c', 'system': None}, Network: None, Subnet: None, Router: None
2025-03-19 15:35:48.342 69130 INFO tempest.lib.common.rest_client [req-27844677-dc07-4b01-abaf-44edc57394c3 req-27844677-dc07-4b01-abaf-44edc57394c3 ] Request (AttachInterfacesV270Test:tearDownClass): 200 GET http://10.180.1.21/compute/v2.1/servers/b378dd19-85f6-40cd-8195-626fdb3d3753 0.120s
2025-03-19 15:35:48.387 69106 INFO tempest.lib.common.rest_client [req-5f1e8347-1651-4928-bc55-685beb80498e req-5f1e8347-1651-4928-bc55-685beb80498e ] Request (ServersListShow298Test:tearDownClass): 200 GET http://10.180.1.21/compute/v2.1/servers/859eb560-faaf-471c-95dc-bcf2544f8a04 0.109s
2025-03-19 15:35:48.398 69122 INFO tempest.lib.common.rest_client [req-d8703e50-ddb4-4337-a995-d47fb0926382 req-d8703e50-ddb4-4337-a995-d47fb0926382 ] Request (ServersAdminTestJSON:test_create_server_with_scheduling_hint): 200 GET http://10.180.1.21/compute/v2.1/servers/daf2f4d2-5fea-4790-95d4-fb16e42e6379 0.120s
2025-03-19 15:35:48.403 69116 INFO tempest.lib.common.rest_client [req-ee5aa4af-6b4f-479d-b7a9-0e1c9765ea9c req-ee5aa4af-6b4f-479d-b7a9-0e1c9765ea9c ] Request (MultipleCreateTestJSON:setUpClass): 201 POST http://10.180.1.21/identity/v3/auth/tokens 0.064s
2025-03-19 15:35:48.417 69140 INFO tempest.lib.common.rest_client [req-7502d8dd-d05e-4531-ab69-45cbeb7f3d5e req-7502d8dd-d05e-4531-ab69-45cbeb7f3d5e ] Request (ServersListShow2100Test:tearDownClass): 200 GET http://10.180.1.21:9696/networking/v2.0/security-groups?tenant_id=c0328a87fdd847b88250e5605c0a9180&name=default 0.250s
2025-03-19 15:35:48.437 69146 INFO tempest.lib.common.rest_client [req-2aae1a39-2622-4f89-a284-0264b592bab5 req-2aae1a39-2622-4f89-a284-0264b592bab5 ] Request (VolumesAdminNegativeTest:test_update_attached_volume_with_nonexistent_volume_in_body): 200 GET http://10.180.1.21/compute/v2.1/servers/3b2a3201-fd24-4b57-9844-2fc078f40f2f 0.112s
2025-03-19 15:35:48.450 69118 INFO tempest.lib.common.rest_client [req-37ae6b86-aa41-4278-8a50-5b91c2a0034e req-37ae6b86-aa41-4278-8a50-5b91c2a0034e ] Request (TenantUsagesTestJSON:setUpClass): 200 GET http://10.180.1.21/compute/v2.1/servers/3643cc15-9cc5-49d6-b593-20c4a4c9cf76 0.064s
2025-03-19 15:35:48.548 69140 INFO tempest.lib.common.rest_client [req-cb3d74f2-5347-413f-95f4-09cdda55249f req-cb3d74f2-5347-413f-95f4-09cdda55249f ] Request (ServersListShow2100Test:tearDownClass): 204 DELETE http://10.180.1.21:9696/networking/v2.0/security-groups/8ab38378-c88b-4e5e-b6e2-9a0e3b2e6865 0.131s
2025-03-19 15:35:48.605 69140 INFO tempest.lib.common.rest_client [req-85cd5b10-7730-45be-ac2b-c7d1ad82e595 req-85cd5b10-7730-45be-ac2b-c7d1ad82e595 ] Request (ServersListShow2100Test:tearDownClass): 204 DELETE http://10.180.1.21/identity/v3/projects/c0328a87fdd847b88250e5605c0a9180 0.057s
2025-03-19 15:35:48.651 69116 INFO tempest.lib.common.rest_client [req-df1efaa4-b459-4c6c-aaab-f7fd27bec786 req-df1efaa4-b459-4c6c-aaab-f7fd27bec786 ] Request (MultipleCreateTestJSON:setUpClass): 201 POST http://10.180.1.21:9696/networking/v2.0/networks 0.248s
2025-03-19 15:35:48.661 69140 INFO tempest.lib.common.rest_client [req-fb84a43e-3e47-420a-a720-517f5e91c0c9 req-fb84a43e-3e47-420a-a720-517f5e91c0c9 ] Request (ServerShowV257Test:setUpClass): 201 POST http://10.180.1.21/identity/v3/auth/tokens 0.054s
2025-03-19 15:35:48.689 69140 INFO tempest.lib.common.rest_client [req-7a796d40-d409-4f46-af3c-7033738763f7 req-7a796d40-d409-4f46-af3c-7033738763f7 ] Request (ServerShowV257Test:setUpClass): 201 POST http://10.180.1.21/identity/v3/auth/tokens 0.025s
2025-03-19 15:35:48.721 69140 INFO tempest.lib.common.rest_client [req-084072d7-f6b1-4cd6-82c3-0c65d65f4784 req-084072d7-f6b1-4cd6-82c3-0c65d65f4784 ] Request (ServerShowV257Test:setUpClass): 200 GET http://10.180.1.21/identity/v3/domains?name=Default 0.032s
2025-03-19 15:35:48.771 69140 INFO tempest.lib.common.rest_client [req-8799cda9-50e8-4180-ae69-9bd55003df40 req-8799cda9-50e8-4180-ae69-9bd55003df40 ] Request (ServerShowV257Test:setUpClass): 201 POST http://10.180.1.21/identity/v3/projects 0.049s
2025-03-19 15:35:48.798 69114 INFO tempest.lib.common.rest_client [req-8d065573-45f4-4d5c-b02a-623fb040ac66 req-8d065573-45f4-4d5c-b02a-623fb040ac66 ] Request (ServerRescueTestJSONUnderV235:tearDownClass): 200 GET http://10.180.1.21/compute/v2.1/servers/35698194-cc33-4c3a-a153-8f31d6c82941 0.075s
2025-03-19 15:35:48.818 69128 INFO tempest.lib.common.rest_client [req-641a6f4b-4af9-4fe8-9843-76ab760442b3 req-641a6f4b-4af9-4fe8-9843-76ab760442b3 ] Request (MigrationsAdminTest:test_list_migrations_in_flavor_resize_situation): 200 GET http://10.180.1.21/compute/v2.1/servers/90a90104-ef19-43f6-badb-0e06d0ee0bee 0.131s
2025-03-19 15:35:48.829 69116 INFO tempest.lib.common.rest_client [req-e2532ccb-4344-46f7-8292-584150abf19c req-e2532ccb-4344-46f7-8292-584150abf19c ] Request (MultipleCreateTestJSON:setUpClass): 201 POST http://10.180.1.21:9696/networking/v2.0/subnets 0.177s
2025-03-19 15:35:48.840 69104 INFO tempest.lib.common.rest_client [req-a1b832f4-242f-4cd9-9e49-e18740030da5 req-a1b832f4-242f-4cd9-9e49-e18740030da5 ] Request (ListImageFiltersTestJSON:setUpClass): 200 GET http://10.180.1.21/compute/v2.1/images/1b5e550f-b3ef-4c33-bfb3-3063735fdadc 0.066s
2025-03-19 15:35:48.848 69140 INFO tempest.lib.common.rest_client [req-8cd42325-7f26-46b4-8a4a-41c12a63198b req-8cd42325-7f26-46b4-8a4a-41c12a63198b ] Request (ServerShowV257Test:setUpClass): 201 POST http://10.180.1.21/identity/v3/users 0.076s
2025-03-19 15:35:48.872 69140 INFO tempest.lib.common.rest_client [req-c90db1d0-9963-451e-8e41-85773683ba71 req-c90db1d0-9963-451e-8e41-85773683ba71 ] Request (ServerShowV257Test:setUpClass): 200 GET http://10.180.1.21/identity/v3/roles 0.024s
2025-03-19 15:35:48.880 69104 INFO tempest.lib.common.rest_client [req-300e4cf9-4da5-4cef-b318-978f3ea0fd35 req-300e4cf9-4da5-4cef-b318-978f3ea0fd35 ] Request (ListImageFiltersTestJSON:setUpClass): 200 GET http://10.180.1.21/compute/v2.1/images/1b5e550f-b3ef-4c33-bfb3-3063735fdadc 0.035s
2025-03-19 15:35:48.892 69158 INFO tempest.lib.common.rest_client [req-fc30783b-e257-4885-9344-d9d32b7c8b36 req-fc30783b-e257-4885-9344-d9d32b7c8b36 ] Request (ServersListShow296Test:tearDownClass): 200 GET http://10.180.1.21/compute/v2.1/servers/323fcc88-4686-488e-925f-d0649d83089b 0.118s
2025-03-19 15:35:48.905 69140 INFO tempest.lib.common.rest_client [req-6d0c2af6-2761-452c-900a-8ec12066b713 req-6d0c2af6-2761-452c-900a-8ec12066b713 ] Request (ServerShowV257Test:setUpClass): 204 PUT http://10.180.1.21/identity/v3/projects/c143088ac1f447d2b33b9dc3354d8ed9/users/63f6c787d18a46b6ae03dbf0333a765a/roles/93b57fc27a66406c88ede10cd9f694fe 0.032s
2025-03-19 15:35:48.905 69140 INFO tempest.lib.common.dynamic_creds [-] Dynamic test user 63f6c787d18a46b6ae03dbf0333a765a is created with scope project and roles: ['member']
2025-03-19 15:35:48.905 69140 INFO tempest.lib.common.dynamic_creds [-] Acquired dynamic creds: credentials: Credentials: {'domain_id': 'default', 'domain_name': 'Default', 'username': 'tempest-ServerShowV257Test-1337551370-project-member', 'project_domain_id': 'default', 'project_domain_name': 'Default', 'project_id': 'c143088ac1f447d2b33b9dc3354d8ed9', 'project_name': 'tempest-ServerShowV257Test-1337551370', 'tenant_id': 'c143088ac1f447d2b33b9dc3354d8ed9', 'tenant_name': 'tempest-ServerShowV257Test-1337551370', 'user_domain_id': 'default', 'user_domain_name': 'Default', 'user_id': '63f6c787d18a46b6ae03dbf0333a765a', 'system': None}, Network: None, Subnet: None, Router: None
2025-03-19 15:35:48.905 69140 INFO tempest.lib.common.dynamic_creds [-] Created isolated network resources for: credentials: Credentials: {'domain_id': 'default', 'domain_name': 'Default', 'username': 'tempest-ServerShowV257Test-1337551370-project-member', 'project_domain_id': 'default', 'project_domain_name': 'Default', 'project_id': 'c143088ac1f447d2b33b9dc3354d8ed9', 'project_name': 'tempest-ServerShowV257Test-1337551370', 'tenant_id': 'c143088ac1f447d2b33b9dc3354d8ed9', 'tenant_name': 'tempest-ServerShowV257Test-1337551370', 'user_domain_id': 'default', 'user_domain_name': 'Default', 'user_id': '63f6c787d18a46b6ae03dbf0333a765a', 'system': None}, Network: None, Subnet: None, Router: None
2025-03-19 15:35:48.949 69108 INFO tempest.lib.common.rest_client [req-ebd819f2-4577-4d85-878c-6c95be674c7c req-ebd819f2-4577-4d85-878c-6c95be674c7c ] Request (DeleteServersAdminTestJSON:test_delete_server_while_in_error_state): 200 GET http://10.180.1.21/compute/v2.1/servers/01f36ba6-8385-4242-8778-11745ae292b5 0.078s
2025-03-19 15:35:48.960 69138 INFO tempest.lib.common.rest_client [req-c02b94b3-11e5-41ca-9c58-d4facd0513a2 req-c02b94b3-11e5-41ca-9c58-d4facd0513a2 ] Request (ImagesNegativeTestJSON:test_create_image_from_deleted_server): 200 GET http://10.180.1.21/compute/v2.1/servers/1f066870-2888-4430-aa8b-a4969ccf0cce 0.109s
2025-03-19 15:35:48.981 69140 INFO tempest.lib.common.rest_client [req-6cf37664-d069-4b69-baab-21601f69ed20 req-6cf37664-d069-4b69-baab-21601f69ed20 ] Request (ServerShowV257Test:setUpClass): 201 POST http://10.180.1.21/identity/v3/auth/tokens 0.072s
2025-03-19 15:35:49.014 69140 INFO tempest.lib.common.rest_client [req-2c9e804a-5fa9-4139-ae77-e640370c0191 req-2c9e804a-5fa9-4139-ae77-e640370c0191 ] Request (ServerShowV257Test:test_rebuild_server): 201 POST http://10.180.1.21/identity/v3/auth/tokens 0.028s
2025-03-19 15:35:49.014 69140 INFO tempest.lib.common.fixed_network [-] (ServerShowV257Test:test_rebuild_server) Found network None available for tenant
2025-03-19 15:35:49.020 69134 INFO tempest.lib.common.rest_client [req-5bfca41b-ab85-463f-bcbc-7303f32731d1 req-5bfca41b-ab85-463f-bcbc-7303f32731d1 ] Request (ImagesTestJSON:test_create_image_from_suspended_server): 200 GET http://10.180.1.21/compute/v2.1/servers/79eb0836-d812-4c49-9463-4999d2b5d003 0.108s
2025-03-19 15:35:49.053 69104 INFO tempest.lib.common.rest_client [req-41656b76-9c9c-4cb7-bfaf-75dfb92709e6 req-41656b76-9c9c-4cb7-bfaf-75dfb92709e6 ] Request (ListImageFiltersTestJSON:setUpClass): 200 GET http://10.180.1.21/compute/v2.1/servers/dcfaef39-731a-4cdc-9c3c-70dbc56dcefb 0.168s
2025-03-19 15:35:49.069 69160 INFO tempest.lib.common.rest_client [req-4b746556-a960-4632-8104-4ceb3c10cfac req-4b746556-a960-4632-8104-4ceb3c10cfac ] Request (ServerAddressesTestJSON:setUpClass): 200 GET http://10.180.1.21/compute/v2.1/servers/5206acdc-5d39-46d8-b7b0-e685038816a4 0.146s
2025-03-19 15:35:49.124 69132 INFO tempest.lib.common.rest_client [req-6d4440aa-5e27-4c0d-9c3b-a33cda425d0a req-6d4440aa-5e27-4c0d-9c3b-a33cda425d0a ] Request (ServerTagsTestJSON:setUpClass): 200 GET http://10.180.1.21/compute/v2.1/servers/208730b9-5815-4afb-83df-1ccb307d40ac 0.079s
2025-03-19 15:35:49.206 69127 INFO tempest.lib.common.rest_client [req-82099e8b-9bf7-4cf6-ab4c-994104cea07b req-82099e8b-9bf7-4cf6-ab4c-994104cea07b ] Request (FloatingIPsAssociationTestJSON:test_associate_already_associated_floating_ip): 200 GET http://10.180.1.21/compute/v2.1/servers/420a3044-c6fb-47a0-8b5f-94777a36d375 0.053s
2025-03-19 15:35:49.259 69164 INFO tempest.lib.common.rest_client [req-a0fac3e8-bcbf-4132-936b-bab71bc3d92c req-a0fac3e8-bcbf-4132-936b-bab71bc3d92c ] Request (AttachVolumeTestJSON:test_attach_detach_volume): 200 GET http://10.180.1.21/compute/v2.1/servers/5db9f79c-bda3-4d2e-b8f2-0a59d7712d68 0.055s
2025-03-19 15:35:49.261 69140 INFO tempest.lib.common.rest_client [req-18efc0c1-e52a-40d7-bdab-43798ecc1bf3 req-18efc0c1-e52a-40d7-bdab-43798ecc1bf3 ] Request (ServerShowV257Test:test_rebuild_server): 202 POST http://10.180.1.21/compute/v2.1/servers 0.246s
2025-03-19 15:35:49.303 69140 INFO tempest.lib.common.rest_client [req-b7c62c69-c507-463b-b2f4-ea562d883da6 req-b7c62c69-c507-463b-b2f4-ea562d883da6 ] Request (ServerShowV257Test:test_rebuild_server): 200 GET http://10.180.1.21/compute/v2.1/servers/bf984749-f902-4b86-9bc0-2753871f8e33 0.040s
2025-03-19 15:35:49.328 69120 INFO tempest.lib.common.rest_client [req-8aba72cf-410f-4ee8-afcf-049c1f66e6ba req-8aba72cf-410f-4ee8-afcf-049c1f66e6ba ] Request (ImagesOneServerNegativeTestJSON:setUpClass): 200 GET http://10.180.1.21/compute/v2.1/servers/75034c85-c991-4d7c-b7b0-cb547642e903 0.105s
2025-03-19 15:35:49.375 69112 INFO tempest.lib.common.rest_client [req-48a8999a-ec9a-4501-9f7b-7dec9d2dcfc6 req-48a8999a-ec9a-4501-9f7b-7dec9d2dcfc6 ] Request (ImagesOneServerTestJSON:setUpClass): 200 GET http://10.180.1.21/compute/v2.1/servers/d066f27c-aee3-4c1a-9f74-4e3ee4a6c2a3 0.100s
2025-03-19 15:35:49.397 69124 INFO tempest.lib.common.rest_client [req-ebf93daf-f90e-4967-9f29-0e1e1d1a7f4c req-ebf93daf-f90e-4967-9f29-0e1e1d1a7f4c ] Request (ServersNegativeTestMultiTenantJSON:setUpClass): 200 GET http://10.180.1.21/compute/v2.1/servers/bf3d8149-511c-496d-9445-e215fa5d27ab 0.057s
2025-03-19 15:35:49.427 69130 INFO tempest.lib.common.rest_client [req-8d40f628-99a9-42fb-aafc-e47e72b60570 req-8d40f628-99a9-42fb-aafc-e47e72b60570 ] Request (AttachInterfacesV270Test:tearDownClass): 200 GET http://10.180.1.21/compute/v2.1/servers/b378dd19-85f6-40cd-8195-626fdb3d3753 0.074s
2025-03-19 15:35:49.474 69122 INFO tempest.lib.common.rest_client [req-f9bb1661-0e71-4999-af14-4e3e17b4e42b req-f9bb1661-0e71-4999-af14-4e3e17b4e42b ] Request (ServersAdminTestJSON:test_create_server_with_scheduling_hint): 200 GET http://10.180.1.21/compute/v2.1/servers/daf2f4d2-5fea-4790-95d4-fb16e42e6379 0.065s
2025-03-19 15:35:49.481 69106 INFO tempest.lib.common.rest_client [req-91e8590d-8a39-4723-962c-efc1ea88d1bd req-91e8590d-8a39-4723-962c-efc1ea88d1bd ] Request (ServersListShow298Test:tearDownClass): 200 GET http://10.180.1.21/compute/v2.1/servers/859eb560-faaf-471c-95dc-bcf2544f8a04 0.077s
2025-03-19 15:35:49.521 69146 INFO tempest.lib.common.rest_client [req-aa8ee451-8b55-4c32-8571-88fbaba152dd req-aa8ee451-8b55-4c32-8571-88fbaba152dd ] Request (VolumesAdminNegativeTest:test_update_attached_volume_with_nonexistent_volume_in_body): 200 GET http://10.180.1.21/compute/v2.1/servers/3b2a3201-fd24-4b57-9844-2fc078f40f2f 0.075s
2025-03-19 15:35:49.525 69118 INFO tempest.lib.common.rest_client [req-7a9d6f72-1604-42fe-ada0-2892c665ce65 req-7a9d6f72-1604-42fe-ada0-2892c665ce65 ] Request (TenantUsagesTestJSON:setUpClass): 200 GET http://10.180.1.21/compute/v2.1/servers/3643cc15-9cc5-49d6-b593-20c4a4c9cf76 0.068s
2025-03-19 15:35:49.569 69116 INFO tempest.lib.common.rest_client [req-561edbf0-e4f4-495b-a41f-b7b15ee502ac req-561edbf0-e4f4-495b-a41f-b7b15ee502ac ] Request (MultipleCreateTestJSON:setUpClass): 201 POST http://10.180.1.21:9696/networking/v2.0/routers 0.739s
2025-03-19 15:35:49.918 69114 INFO tempest.lib.common.rest_client [req-846e63ea-5214-4bd3-b03b-1a202b9a275d req-846e63ea-5214-4bd3-b03b-1a202b9a275d ] Request (ServerRescueTestJSONUnderV235:tearDownClass): 200 GET http://10.180.1.21/compute/v2.1/servers/35698194-cc33-4c3a-a153-8f31d6c82941 0.108s
2025-03-19 15:35:49.998 69158 INFO tempest.lib.common.rest_client [req-6a20724b-a9b6-435f-8452-3ee07f47ee16 req-6a20724b-a9b6-435f-8452-3ee07f47ee16 ] Request (ServersListShow296Test:tearDownClass): 200 GET http://10.180.1.21/compute/v2.1/servers/323fcc88-4686-488e-925f-d0649d83089b 0.093s
2025-03-19 15:35:50.013 69128 INFO tempest.lib.common.rest_client [req-c69157cd-650e-4321-bb1c-b38e1de8174a req-c69157cd-650e-4321-bb1c-b38e1de8174a ] Request (MigrationsAdminTest:test_list_migrations_in_flavor_resize_situation): 200 GET http://10.180.1.21/compute/v2.1/servers/90a90104-ef19-43f6-badb-0e06d0ee0bee 0.186s
2025-03-19 15:35:50.061 69108 INFO tempest.lib.common.rest_client [req-2adf72b4-96dd-4526-8fc0-c4776b0a8a56 req-2adf72b4-96dd-4526-8fc0-c4776b0a8a56 ] Request (DeleteServersAdminTestJSON:test_delete_server_while_in_error_state): 200 GET http://10.180.1.21/compute/v2.1/servers/01f36ba6-8385-4242-8778-11745ae292b5 0.104s
2025-03-19 15:35:50.088 69138 INFO tempest.lib.common.rest_client [req-61b58a81-2dc2-41eb-91bd-5cbf82e0851a req-61b58a81-2dc2-41eb-91bd-5cbf82e0851a ] Request (ImagesNegativeTestJSON:test_create_image_from_deleted_server): 200 GET http://10.180.1.21/compute/v2.1/servers/1f066870-2888-4430-aa8b-a4969ccf0cce 0.121s
