2025-03-19 15:34:16.124 69162 INFO tempest.lib.common.dynamic_creds [-] Dynamic test user 855755c2f8de4cb18accc9326a0db230 is created with scope project and roles: ['member']
2025-03-19 15:34:16.125 69162 INFO tempest.lib.common.dynamic_creds [-] Acquired dynamic creds: credentials: Credentials: {'domain_id': 'default', 'domain_name': 'Default', 'username': 'tempest-FlavorsV261TestJSON-1134378255-project-member', 'project_domain_id': 'default', 'project_domain_name': 'Default', 'project_id': 'a82d9a069a2f455e8b2b7dbe5dd6d100', 'project_name': 'tempest-FlavorsV261TestJSON-1134378255', 'tenant_id': 'a82d9a069a2f455e8b2b7dbe5dd6d100', 'tenant_name': 'tempest-FlavorsV261TestJSON-1134378255', 'user_domain_id': 'default', 'user_domain_name': 'Default', 'user_id': '855755c2f8de4cb18accc9326a0db230', 'system': None}, Network: None, Subnet: None, Router: None
2025-03-19 15:34:16.125 69162 INFO tempest.lib.common.dynamic_creds [-] Created isolated network resources for: credentials: Credentials: {'domain_id': 'default', 'domain_name': 'Default', 'username': 'tempest-FlavorsV261TestJSON-1134378255-project-member', 'project_domain_id': 'default', 'project_domain_name': 'Default', 'project_id': 'a82d9a069a2f455e8b2b7dbe5dd6d100', 'project_name': 'tempest-FlavorsV261TestJSON-1134378255', 'tenant_id': 'a82d9a069a2f455e8b2b7dbe5dd6d100', 'tenant_name': 'tempest-FlavorsV261TestJSON-1134378255', 'user_domain_id': 'default', 'user_domain_name': 'Default', 'user_id': '855755c2f8de4cb18accc9326a0db230', 'system': None}, Network: None, Subnet: None, Router: None
2025-03-19 15:34:16.148 69156 INFO tempest.lib.common.rest_client [req-f3223515-fd82-4c7e-ba43-a52df92b402f req-f3223515-fd82-4c7e-ba43-a52df92b402f ] Request (SecurityGroupRulesNegativeTestJSON:setUpClass): 201 POST http://10.180.1.21:9696/networking/v2.0/subnets 0.575s
2025-03-19 15:34:16.239 69142 INFO tempest.lib.common.rest_client [req-949e1607-28c8-4217-9f88-522690ab97f2 req-949e1607-28c8-4217-9f88-522690ab97f2 ] Request (QuotasAdminTestJSON:tearDownClass): 201 POST http://10.180.1.21/identity/v3/auth/tokens 0.205s
2025-03-19 15:34:16.283 69122 INFO tempest.lib.common.rest_client [req-ae6ff5a7-d28c-4d6b-808f-172f82bf1e03 req-ae6ff5a7-d28c-4d6b-808f-172f82bf1e03 ] Request (QuotasAdminNegativeTest:tearDownClass): 204 DELETE http://10.180.1.21/identity/v3/users/eb5da3926e1d4724b3e9eb30e94e5c0d 0.268s
2025-03-19 15:34:16.293 69140 INFO tempest.lib.common.rest_client [req-0daa8649-c149-44d5-a46b-49f3d52c3a79 req-0daa8649-c149-44d5-a46b-49f3d52c3a79 ] Request (ServersListShow2100Test:setUpClass): 204 PUT http://10.180.1.21/identity/v3/projects/c0328a87fdd847b88250e5605c0a9180/users/3fa9cee10dcc4032b856e3b3d5cb26c6/roles/93b57fc27a66406c88ede10cd9f694fe 0.192s
2025-03-19 15:34:16.294 69140 INFO tempest.lib.common.dynamic_creds [-] Dynamic test user 3fa9cee10dcc4032b856e3b3d5cb26c6 is created with scope project and roles: ['member']
2025-03-19 15:34:16.294 69140 INFO tempest.lib.common.dynamic_creds [-] Acquired dynamic creds: credentials: Credentials: {'domain_id': 'default', 'domain_name': 'Default', 'username': 'tempest-ServersListShow2100Test-517211829-project-member', 'project_domain_id': 'default', 'project_domain_name': 'Default', 'project_id': 'c0328a87fdd847b88250e5605c0a9180', 'project_name': 'tempest-ServersListShow2100Test-517211829', 'tenant_id': 'c0328a87fdd847b88250e5605c0a9180', 'tenant_name': 'tempest-ServersListShow2100Test-517211829', 'user_domain_id': 'default', 'user_domain_name': 'Default', 'user_id': '3fa9cee10dcc4032b856e3b3d5cb26c6', 'system': None}, Network: None, Subnet: None, Router: None
2025-03-19 15:34:16.294 69140 INFO tempest.lib.common.dynamic_creds [-] Created isolated network resources for: credentials: Credentials: {'domain_id': 'default', 'domain_name': 'Default', 'username': 'tempest-ServersListShow2100Test-517211829-project-member', 'project_domain_id': 'default', 'project_domain_name': 'Default', 'project_id': 'c0328a87fdd847b88250e5605c0a9180', 'project_name': 'tempest-ServersListShow2100Test-517211829', 'tenant_id': 'c0328a87fdd847b88250e5605c0a9180', 'tenant_name': 'tempest-ServersListShow2100Test-517211829', 'user_domain_id': 'default', 'user_domain_name': 'Default', 'user_id': '3fa9cee10dcc4032b856e3b3d5cb26c6', 'system': None}, Network: None, Subnet: None, Router: None
2025-03-19 15:34:16.308 69164 INFO tempest.lib.common.rest_client [req-def1f6ba-7554-452b-bef9-dfeb051f658a req-def1f6ba-7554-452b-bef9-dfeb051f658a ] Request (SecurityGroupRulesTestJSON:test_security_group_rules_list): 200 POST http://10.180.1.21/compute/v2.1/os-security-group-rules 1.610s
2025-03-19 15:34:16.347 69162 INFO tempest.lib.common.rest_client [req-52b2fcbd-2ae3-4bd5-9eb1-ba57fdd0e50d req-52b2fcbd-2ae3-4bd5-9eb1-ba57fdd0e50d ] Request (FlavorsV261TestJSON:setUpClass): 201 POST http://10.180.1.21/identity/v3/auth/tokens 0.217s
2025-03-19 15:34:16.526 69140 INFO tempest.lib.common.rest_client [req-2bd5248e-38e8-4177-8f6c-90069b2e9f21 req-2bd5248e-38e8-4177-8f6c-90069b2e9f21 ] Request (ServersListShow2100Test:setUpClass): 201 POST http://10.180.1.21/identity/v3/auth/tokens 0.227s
2025-03-19 15:34:16.532 69122 INFO tempest.lib.common.rest_client [req-9c30a99c-0c81-4d25-85da-66dec5710279 req-9c30a99c-0c81-4d25-85da-66dec5710279 ] Request (QuotasAdminNegativeTest:tearDownClass): 204 DELETE http://10.180.1.21/identity/v3/users/2198a0b676f34f8e9dee8e5e8e9deaeb 0.248s
2025-03-19 15:34:16.532 69122 INFO tempest.lib.common.dynamic_creds [-] Deleting project and security group for project: cf9de1cb4de64ae484b643744dc8c0f9
2025-03-19 15:34:16.608 69162 INFO tempest.lib.common.rest_client [req-52c85d5b-8465-4825-b149-0230a1862b3c req-52c85d5b-8465-4825-b149-0230a1862b3c ] Request (FlavorsV261TestJSON:setUpClass): 201 POST http://10.180.1.21/identity/v3/projects 0.260s
2025-03-19 15:34:16.703 69114 INFO tempest.lib.common.rest_client [req-6a7e1a6e-2a05-4d66-b5d7-12e5ece1a602 req-6a7e1a6e-2a05-4d66-b5d7-12e5ece1a602 ] Request (ServicesAdminNegativeV253TestJSON:test_list_services_with_non_admin_user): 403 GET http://10.180.1.21/compute/v2.1/os-services 1.972s
2025-03-19 15:34:16.747 69142 INFO tempest.lib.common.rest_client [req-eb0bed9f-6423-48f6-a627-63d3c49f9368 req-eb0bed9f-6423-48f6-a627-63d3c49f9368 ] Request (QuotasAdminTestJSON:tearDownClass): 200 GET http://10.180.1.21:9696/networking/v2.0/security-groups?tenant_id=95e32ee658bf44b298649158e8707591&name=default 0.507s
2025-03-19 15:34:16.763 69122 INFO tempest.lib.common.rest_client [req-67551bb6-1c17-4f14-8e2e-4d55bfbf77e6 req-67551bb6-1c17-4f14-8e2e-4d55bfbf77e6 ] Request (QuotasAdminNegativeTest:tearDownClass): 201 POST http://10.180.1.21/identity/v3/auth/tokens 0.231s
2025-03-19 15:34:16.795 69152 INFO tempest.lib.common.rest_client [req-7d1a46c7-64fe-47ad-9865-de751dfd6c10 req-7d1a46c7-64fe-47ad-9865-de751dfd6c10 ] Request (VolumesAssistedSnapshotsTest:test_volume_assisted_snapshot_create_delete): 200 GET http://10.180.1.21/compute/v2.1/servers/22c70775-b7eb-4712-b65e-1a71e77c1ba2 1.786s
2025-03-19 15:34:16.807 69162 INFO tempest.lib.common.rest_client [req-ae5cee51-624a-4e6c-b32f-9bb6cfd682b0 req-ae5cee51-624a-4e6c-b32f-9bb6cfd682b0 ] Request (FlavorsV261TestJSON:setUpClass): 201 POST http://10.180.1.21/identity/v3/users 0.194s
2025-03-19 15:34:16.821 69118 INFO tempest.lib.common.rest_client [req-2731771b-aeb2-41c8-bce7-8b9a66f850aa req-2731771b-aeb2-41c8-bce7-8b9a66f850aa ] Request (FlavorsAdminTestJSON:_run_cleanups): 202 DELETE http://10.180.1.21/compute/v2.1/flavors/c733c6ef-3974-4336-a7fe-beb2f5ad7fe1 1.622s
2025-03-19 15:34:16.827 69140 INFO tempest.lib.common.rest_client [req-a96e754b-d27e-4c17-9e0f-57e0f02f275b req-a96e754b-d27e-4c17-9e0f-57e0f02f275b ] Request (ServersListShow2100Test:test_list_show_rebuild_update_server_2100): 201 POST http://10.180.1.21/identity/v3/auth/tokens 0.291s
2025-03-19 15:34:16.827 69140 INFO tempest.lib.common.fixed_network [-] (ServersListShow2100Test:test_list_show_rebuild_update_server_2100) Found network None available for tenant
2025-03-19 15:34:16.836 69104 INFO tempest.lib.common.rest_client [req-9cedcec2-4f07-4a5a-b88d-81b832279a74 req-9cedcec2-4f07-4a5a-b88d-81b832279a74 ] Request (ListImageFiltersTestJSON:setUpClass): 204 PUT http://10.180.1.21/image/v2/images/572f0904-5658-4523-a66d-2b13eb759165/file 1.906s
2025-03-19 15:34:16.846 69124 INFO tempest.lib.common.rest_client [req-2f1f2043-aa74-4cf2-8efd-e7871a9c6ce2 req-2f1f2043-aa74-4cf2-8efd-e7871a9c6ce2 ] Request (FlavorsAccessNegativeTestJSON:_run_cleanups): 200 GET http://10.180.1.21/compute/v2.1/flavors/detail 1.633s
2025-03-19 15:34:16.852 69110 INFO tempest.lib.common.rest_client [req-af1af293-9dca-4b93-b768-fa3634349263 req-af1af293-9dca-4b93-b768-fa3634349263 ] Request (HostsAdminNegativeTestJSON:test_update_host_without_param): 400 PUT http://10.180.1.21/compute/v2.1/os-hosts/devstack 1.630s
2025-03-19 15:34:16.867 69146 INFO tempest.lib.common.rest_client [req-44f701b1-c189-415f-8740-803182210787 req-44f701b1-c189-415f-8740-803182210787 ] Request (AggregatesAdminNegativeTestJSON:test_aggregate_create_as_user): 403 POST http://10.180.1.21/compute/v2.1/os-aggregates 1.638s
2025-03-19 15:34:16.899 69114 INFO tempest.lib.common.rest_client [req-48fec75e-3991-4cde-af8c-cb2aa5fd2188 req-48fec75e-3991-4cde-af8c-cb2aa5fd2188 ] Request (ServicesAdminNegativeV253TestJSON:tearDownClass): 204 DELETE http://10.180.1.21/identity/v3/users/eb0960855424492b85abf7c1fa355e46 0.194s
2025-03-19 15:34:16.939 69158 INFO tempest.lib.common.rest_client [req-f5e667e2-9640-4858-b3d0-1f50d687afbb req-f5e667e2-9640-4858-b3d0-1f50d687afbb ] Request (FlavorsV2NegativeTest:test_boot_with_low_ram): 204 PUT http://10.180.1.21/image/v2/images/e9b475c9-6ed9-4b70-8022-0f2433e8cfd9/file 1.973s
2025-03-19 15:34:16.965 69162 INFO tempest.lib.common.rest_client [req-938ed0a8-0019-4db1-93b0-6b3df9907798 req-938ed0a8-0019-4db1-93b0-6b3df9907798 ] Request (FlavorsV261TestJSON:setUpClass): 200 GET http://10.180.1.21/identity/v3/roles 0.158s
2025-03-19 15:34:17.017 69142 INFO tempest.lib.common.rest_client [req-0bc79411-7222-40a6-8e55-9095d0c2a5b6 req-0bc79411-7222-40a6-8e55-9095d0c2a5b6 ] Request (QuotasAdminTestJSON:tearDownClass): 204 DELETE http://10.180.1.21:9696/networking/v2.0/security-groups/10567bed-1401-4abc-be1a-9cd118083af0 0.269s
2025-03-19 15:34:17.039 69114 INFO tempest.lib.common.rest_client [req-03e6065a-dfd3-4743-898c-3caa703164fb req-03e6065a-dfd3-4743-898c-3caa703164fb ] Request (ServicesAdminNegativeV253TestJSON:tearDownClass): 204 DELETE http://10.180.1.21/identity/v3/users/dc03932556374dce82e0bb80244ce3c4 0.140s
2025-03-19 15:34:17.039 69114 INFO tempest.lib.common.dynamic_creds [-] Deleting project and security group for project: e12c229c40ae44e1bc72ced70329a661
2025-03-19 15:34:17.047 69144 INFO tempest.lib.common.rest_client [req-87d157d3-d557-484b-bb38-3d2768282c6e req-87d157d3-d557-484b-bb38-3d2768282c6e ] Request (TenantUsagesNegativeTestJSON:test_list_usage_all_tenants_with_non_admin_user): 403 GET http://10.180.1.21/compute/v2.1/os-simple-tenant-usage?start=2025-03-18T15%3A34%3A12.797156&end=2025-03-20T15%3A34%3A12.797156&detailed=1 1.717s
2025-03-19 15:34:17.091 69158 INFO tempest.lib.common.rest_client [req-d0e8c26d-cfc4-4267-b443-cd18175c2178 req-d0e8c26d-cfc4-4267-b443-cd18175c2178 ] Request (FlavorsV2NegativeTest:test_boot_with_low_ram): 201 POST http://10.180.1.21/identity/v3/auth/tokens 0.149s
2025-03-19 15:34:17.092 69158 INFO tempest.lib.common.fixed_network [-] (FlavorsV2NegativeTest:test_boot_with_low_ram) Found network None available for tenant
2025-03-19 15:34:17.112 69162 INFO tempest.lib.common.rest_client [req-ae15b2cf-1b1a-4c82-a566-24c9d07557df req-ae15b2cf-1b1a-4c82-a566-24c9d07557df ] Request (FlavorsV261TestJSON:setUpClass): 204 PUT http://10.180.1.21/identity/v3/projects/5f5d3da2db2d481aa22b62034f108e16/users/17921428006e4dc68f1a99efa0cd759d/roles/403ad16fca3b4328955f98942cf09423 0.146s
2025-03-19 15:34:17.169 69102 INFO tempest.lib.common.rest_client [req-21a93877-cc72-4de1-8586-7195a257f275 req-21a93877-cc72-4de1-8586-7195a257f275 ] Request (ServersWithSpecificFlavorTestJSON:test_verify_created_server_ephemeral_disk): 200 GET http://10.180.1.21/compute/v2.1/servers/51056aca-0003-4ff9-b34f-8ee6fd900591 1.759s
2025-03-19 15:34:17.176 69114 INFO tempest.lib.common.rest_client [req-7da52c98-7dc1-47cf-ace1-308c37ae9361 req-7da52c98-7dc1-47cf-ace1-308c37ae9361 ] Request (ServicesAdminNegativeV253TestJSON:tearDownClass): 201 POST http://10.180.1.21/identity/v3/auth/tokens 0.137s
2025-03-19 15:34:17.202 69142 INFO tempest.lib.common.rest_client [req-14a11fb5-4a35-4c9d-9f69-8b5030360a8c req-14a11fb5-4a35-4c9d-9f69-8b5030360a8c ] Request (QuotasAdminTestJSON:tearDownClass): 204 DELETE http://10.180.1.21/identity/v3/projects/95e32ee658bf44b298649158e8707591 0.185s
2025-03-19 15:34:17.202 69142 INFO tempest.lib.common.dynamic_creds [-] Deleting project and security group for project: 1d4d9db2510b482985c3d4d36bb4364f
2025-03-19 15:34:17.261 69162 INFO tempest.lib.common.rest_client [req-481af7e8-ab31-49d9-bd20-da91932a1162 req-481af7e8-ab31-49d9-bd20-da91932a1162 ] Request (FlavorsV261TestJSON:setUpClass): 200 GET http://10.180.1.21/identity/v3/roles 0.148s
2025-03-19 15:34:17.264 69128 INFO tempest.lib.common.rest_client [req-c01135cd-8b55-4345-b5e6-18bdebe23bbc req-c01135cd-8b55-4345-b5e6-18bdebe23bbc ] Request (MigrationsAdminTest:test_list_migrations_in_flavor_resize_situation): 202 POST http://10.180.1.21/compute/v2.1/servers 2.856s
2025-03-19 15:34:17.311 69144 INFO tempest.lib.common.rest_client [req-a9332e17-012a-47eb-a6ad-f5af31379de9 req-a9332e17-012a-47eb-a6ad-f5af31379de9 ] Request (TenantUsagesNegativeTestJSON:tearDownClass): 204 DELETE http://10.180.1.21/identity/v3/users/5bb40ab03f6c458b99d1e5bc788b7a3e 0.263s
2025-03-19 15:34:17.354 69122 INFO tempest.lib.common.rest_client [req-f38c4260-da40-4068-b19c-1e3b2202febd req-f38c4260-da40-4068-b19c-1e3b2202febd ] Request (QuotasAdminNegativeTest:tearDownClass): 200 GET http://10.180.1.21:9696/networking/v2.0/security-groups?tenant_id=cf9de1cb4de64ae484b643744dc8c0f9&name=default 0.591s
2025-03-19 15:34:17.412 69130 INFO tempest.lib.common.rest_client [req-d719bb07-375d-4b77-8443-73730fca1cc6 req-d719bb07-375d-4b77-8443-73730fca1cc6 ] Request (SecurityGroupsNegativeTestJSON:tearDownClass): 200 PUT http://10.180.1.21:9696/networking/v2.0/routers/2c32c347-b5c7-4769-b497-6b429da943b4/remove_router_interface 2.344s
2025-03-19 15:34:17.441 69162 INFO tempest.lib.common.rest_client [req-50a9450e-9448-45f8-8649-d61c5e90f555 req-50a9450e-9448-45f8-8649-d61c5e90f555 ] Request (FlavorsV261TestJSON:setUpClass): 204 PUT http://10.180.1.21/identity/v3/projects/5f5d3da2db2d481aa22b62034f108e16/users/17921428006e4dc68f1a99efa0cd759d/roles/403ad16fca3b4328955f98942cf09423 0.180s
2025-03-19 15:34:17.441 69162 INFO tempest.lib.common.dynamic_creds [-] Dynamic test user 17921428006e4dc68f1a99efa0cd759d is created with scope project and roles: ['admin']
2025-03-19 15:34:17.442 69162 INFO tempest.lib.common.dynamic_creds [-] Acquired dynamic creds: credentials: Credentials: {'domain_id': 'default', 'domain_name': 'Default', 'username': 'tempest-FlavorsV261TestJSON-1721226200-project-admin', 'project_domain_id': 'default', 'project_domain_name': 'Default', 'project_id': '5f5d3da2db2d481aa22b62034f108e16', 'project_name': 'tempest-FlavorsV261TestJSON-1721226200', 'tenant_id': '5f5d3da2db2d481aa22b62034f108e16', 'tenant_name': 'tempest-FlavorsV261TestJSON-1721226200', 'user_domain_id': 'default', 'user_domain_name': 'Default', 'user_id': '17921428006e4dc68f1a99efa0cd759d', 'system': None}, Network: None, Subnet: None, Router: None
2025-03-19 15:34:17.442 69162 INFO tempest.lib.common.dynamic_creds [-] Created isolated network resources for: credentials: Credentials: {'domain_id': 'default', 'domain_name': 'Default', 'username': 'tempest-FlavorsV261TestJSON-1721226200-project-admin', 'project_domain_id': 'default', 'project_domain_name': 'Default', 'project_id': '5f5d3da2db2d481aa22b62034f108e16', 'project_name': 'tempest-FlavorsV261TestJSON-1721226200', 'tenant_id': '5f5d3da2db2d481aa22b62034f108e16', 'tenant_name': 'tempest-FlavorsV261TestJSON-1721226200', 'user_domain_id': 'default', 'user_domain_name': 'Default', 'user_id': '17921428006e4dc68f1a99efa0cd759d', 'system': None}, Network: None, Subnet: None, Router: None
2025-03-19 15:34:17.572 69144 INFO tempest.lib.common.rest_client [req-6a32bb70-b294-4182-9470-adabe4a47bd2 req-6a32bb70-b294-4182-9470-adabe4a47bd2 ] Request (TenantUsagesNegativeTestJSON:tearDownClass): 204 DELETE http://10.180.1.21/identity/v3/users/92e040dca2b84a099e30d5a02c275ac9 0.260s
2025-03-19 15:34:17.572 69144 INFO tempest.lib.common.dynamic_creds [-] Deleting project and security group for project: a1d02f39bb74459b974cfb10542e0e1e
2025-03-19 15:34:17.589 69148 INFO tempest.lib.common.rest_client [req-f4de6224-e47f-45e1-92a7-7a9974a106c8 req-f4de6224-e47f-45e1-92a7-7a9974a106c8 ] Request (AbsoluteLimitsNegativeTestJSON:test_max_metadata_exceed_limit): 200 GET http://10.180.1.21/compute/v2.1/limits 1.911s
2025-03-19 15:34:17.650 69144 INFO tempest.lib.common.rest_client [req-d8db6dd0-2fee-433f-936b-b3a50bd810c5 req-d8db6dd0-2fee-433f-936b-b3a50bd810c5 ] Request (TenantUsagesNegativeTestJSON:tearDownClass): 201 POST http://10.180.1.21/identity/v3/auth/tokens 0.077s
2025-03-19 15:34:17.662 69114 INFO tempest.lib.common.rest_client [req-29c7383c-1b04-489a-a844-24296dee86c8 req-29c7383c-1b04-489a-a844-24296dee86c8 ] Request (ServicesAdminNegativeV253TestJSON:tearDownClass): 200 GET http://10.180.1.21:9696/networking/v2.0/security-groups?tenant_id=e12c229c40ae44e1bc72ced70329a661&name=default 0.485s
2025-03-19 15:34:17.685 69162 INFO tempest.lib.common.rest_client [req-8af97e0c-6f11-46a2-af12-5a454075e6a1 req-8af97e0c-6f11-46a2-af12-5a454075e6a1 ] Request (FlavorsV261TestJSON:setUpClass): 201 POST http://10.180.1.21/identity/v3/auth/tokens 0.240s
2025-03-19 15:34:17.711 69148 INFO tempest.lib.common.rest_client [req-e3a6d5a9-93cc-45d6-8e48-0f25d20f79d7 req-e3a6d5a9-93cc-45d6-8e48-0f25d20f79d7 ] Request (AbsoluteLimitsNegativeTestJSON:test_max_metadata_exceed_limit): 201 POST http://10.180.1.21/identity/v3/auth/tokens 0.113s
2025-03-19 15:34:17.712 69148 INFO tempest.lib.common.fixed_network [-] (AbsoluteLimitsNegativeTestJSON:test_max_metadata_exceed_limit) Found network None available for tenant
2025-03-19 15:34:17.929 69142 INFO tempest.lib.common.rest_client [req-7fe2a94a-6f69-49b9-a385-be10dfcd3d52 req-7fe2a94a-6f69-49b9-a385-be10dfcd3d52 ] Request (QuotasAdminTestJSON:tearDownClass): 200 GET http://10.180.1.21:9696/networking/v2.0/security-groups?tenant_id=1d4d9db2510b482985c3d4d36bb4364f&name=default 0.727s
2025-03-19 15:34:18.029 69116 INFO tempest.lib.common.rest_client [req-bb7ab181-86c9-4574-a6be-4c2e478b0dc4 req-bb7ab181-86c9-4574-a6be-4c2e478b0dc4 ] Request (ListServersNegativeTestJSON:setUpClass): 200 GET http://10.180.1.21/compute/v2.1/servers/48818b97-8f03-42a0-b4ee-3a2616af2173 2.093s
2025-03-19 15:34:18.118 69122 INFO tempest.lib.common.rest_client [req-cde3947a-dd64-4f27-ac83-9fb73e428c42 req-cde3947a-dd64-4f27-ac83-9fb73e428c42 ] Request (QuotasAdminNegativeTest:tearDownClass): 204 DELETE http://10.180.1.21:9696/networking/v2.0/security-groups/457025b2-3adc-4b4b-8496-52677b88377e 0.763s
2025-03-19 15:34:18.202 69142 INFO tempest.lib.common.rest_client [req-00d1dbd1-8f1f-49c8-b89f-3ee9c0f8991a req-00d1dbd1-8f1f-49c8-b89f-3ee9c0f8991a ] Request (QuotasAdminTestJSON:tearDownClass): 204 DELETE http://10.180.1.21:9696/networking/v2.0/security-groups/c9cb8a38-7f26-46ac-bc8b-f444d1ffde07 0.272s
2025-03-19 15:34:18.226 69122 INFO tempest.lib.common.rest_client [req-112df2fc-02a0-4be5-a999-9f4ae4304739 req-112df2fc-02a0-4be5-a999-9f4ae4304739 ] Request (QuotasAdminNegativeTest:tearDownClass): 204 DELETE http://10.180.1.21/identity/v3/projects/cf9de1cb4de64ae484b643744dc8c0f9 0.108s
2025-03-19 15:34:18.226 69122 INFO tempest.lib.common.dynamic_creds [-] Deleting project and security group for project: a5bfaa901a3e49ceb308791f799a8cd7
2025-03-19 15:34:18.258 69134 INFO tempest.lib.common.rest_client [req-9c0c910c-68e8-4462-be11-ef1630926bd8 req-9c0c910c-68e8-4462-be11-ef1630926bd8 ] Request (ImagesTestJSON:test_create_image_from_stopped_server): 200 GET http://10.180.1.21/compute/v2.1/servers/d79e4132-ef9d-4af4-8f21-49e32d620e19 2.304s
2025-03-19 15:34:18.308 69142 INFO tempest.lib.common.rest_client [req-302f2870-c930-4fff-94d3-33b485337a93 req-302f2870-c930-4fff-94d3-33b485337a93 ] Request (QuotasAdminTestJSON:tearDownClass): 204 DELETE http://10.180.1.21/identity/v3/projects/1d4d9db2510b482985c3d4d36bb4364f 0.105s
2025-03-19 15:34:18.313 69114 INFO tempest.lib.common.rest_client [req-7a4b90c9-8fa6-45ce-bad9-6d1c48529084 req-7a4b90c9-8fa6-45ce-bad9-6d1c48529084 ] Request (ServicesAdminNegativeV253TestJSON:tearDownClass): 204 DELETE http://10.180.1.21:9696/networking/v2.0/security-groups/7072a460-226c-45d6-b58d-d8e326d1e68f 0.650s
2025-03-19 15:34:18.336 69132 INFO tempest.lib.common.rest_client [req-54cd8e20-7aea-4a91-9eb3-85effc684229 req-54cd8e20-7aea-4a91-9eb3-85effc684229 ] Request (ServerDiagnosticsTest:test_get_server_diagnostics): 200 GET http://10.180.1.21/compute/v2.1/servers/9ff4bca9-16bd-4609-8671-b42f796caa5c 2.321s
2025-03-19 15:34:18.383 69142 INFO tempest.lib.common.rest_client [req-4e384292-e3ca-4b6d-8cfa-9743994e0f92 req-4e384292-e3ca-4b6d-8cfa-9743994e0f92 ] Request (InstanceActionsNegativeTestJSON:setUpClass): 201 POST http://10.180.1.21/identity/v3/auth/tokens 0.072s
2025-03-19 15:34:18.404 69114 INFO tempest.lib.common.rest_client [req-2e03b066-6cad-4b5e-9d0a-125e8da08860 req-2e03b066-6cad-4b5e-9d0a-125e8da08860 ] Request (ServicesAdminNegativeV253TestJSON:tearDownClass): 204 DELETE http://10.180.1.21/identity/v3/projects/e12c229c40ae44e1bc72ced70329a661 0.090s
2025-03-19 15:34:18.404 69114 INFO tempest.lib.common.dynamic_creds [-] Deleting project and security group for project: 58721df5ad8f43eca232d712ba9d2c53
2025-03-19 15:34:18.410 69144 INFO tempest.lib.common.rest_client [req-0f084f81-7586-480e-9781-f747e0a758d1 req-0f084f81-7586-480e-9781-f747e0a758d1 ] Request (TenantUsagesNegativeTestJSON:tearDownClass): 200 GET http://10.180.1.21:9696/networking/v2.0/security-groups?tenant_id=a1d02f39bb74459b974cfb10542e0e1e&name=default 0.759s
2025-03-19 15:34:18.432 69112 INFO tempest.lib.common.rest_client [req-81af40f1-ac87-4554-a8e3-0763bb613ce5 req-81af40f1-ac87-4554-a8e3-0763bb613ce5 ] Request (ServersAdmin275Test:test_rebuild_update_server_275): 200 GET http://10.180.1.21/compute/v2.1/servers/c22d31c2-9d25-498c-b903-ea3a88a81bf2 2.390s
2025-03-19 15:34:18.453 69142 INFO tempest.lib.common.rest_client [req-1162344c-b91f-4086-bc71-5c97040a3b06 req-1162344c-b91f-4086-bc71-5c97040a3b06 ] Request (InstanceActionsNegativeTestJSON:setUpClass): 201 POST http://10.180.1.21/identity/v3/auth/tokens 0.067s
2025-03-19 15:34:18.477 69142 INFO tempest.lib.common.rest_client [req-3041758a-b6dc-45e8-9c96-94f965ec8dcd req-3041758a-b6dc-45e8-9c96-94f965ec8dcd ] Request (InstanceActionsNegativeTestJSON:setUpClass): 200 GET http://10.180.1.21/identity/v3/domains?name=Default 0.023s
2025-03-19 15:34:18.508 69142 INFO tempest.lib.common.rest_client [req-5fab43d0-780d-4fae-9d2a-351b3224fd58 req-5fab43d0-780d-4fae-9d2a-351b3224fd58 ] Request (InstanceActionsNegativeTestJSON:setUpClass): 201 POST http://10.180.1.21/identity/v3/projects 0.030s
2025-03-19 15:34:18.515 69136 INFO tempest.lib.common.rest_client [req-b633e204-7862-4549-83d3-a61faec78d07 req-b633e204-7862-4549-83d3-a61faec78d07 ] Request (ServersTestManualDisk:setUpClass): 200 GET http://10.180.1.21/compute/v2.1/servers/729ab7d4-6266-4faf-920a-68ce3be6bf84 2.334s
2025-03-19 15:34:18.568 69142 INFO tempest.lib.common.rest_client [req-eebebd12-96b7-40ce-a87a-0fee56852152 req-eebebd12-96b7-40ce-a87a-0fee56852152 ] Request (InstanceActionsNegativeTestJSON:setUpClass): 201 POST http://10.180.1.21/identity/v3/users 0.059s
2025-03-19 15:34:18.589 69142 INFO tempest.lib.common.rest_client [req-8662669b-452f-4008-8a4c-84fe718308a3 req-8662669b-452f-4008-8a4c-84fe718308a3 ] Request (InstanceActionsNegativeTestJSON:setUpClass): 200 GET http://10.180.1.21/identity/v3/roles 0.021s
2025-03-19 15:34:18.595 69127 INFO tempest.lib.common.rest_client [req-7fc45014-1988-4971-9171-0852d5ac7252 req-7fc45014-1988-4971-9171-0852d5ac7252 ] Request (FloatingIPsAssociationTestJSON:setUpClass): 200 PUT http://10.180.1.21:9696/networking/v2.0/routers/97a98bad-f93c-4c44-b257-2f09b94056b5/add_router_interface 2.853s
2025-03-19 15:34:18.595 69127 INFO tempest.lib.common.dynamic_creds [-] Created isolated network resources for: credentials: Credentials: {'domain_id': 'default', 'domain_name': 'Default', 'username': 'tempest-FloatingIPsAssociationTestJSON-979019945-project-member', 'project_domain_id': 'default', 'project_domain_name': 'Default', 'project_id': '98dd90646b23403cb3c571586b42646f', 'project_name': 'tempest-FloatingIPsAssociationTestJSON-979019945', 'tenant_id': '98dd90646b23403cb3c571586b42646f', 'tenant_name': 'tempest-FloatingIPsAssociationTestJSON-979019945', 'user_domain_id': 'default', 'user_domain_name': 'Default', 'user_id': '325488d568c047588d3ec6fff5e9d33c', 'system': None}, Network: {'id': '64e79f7d-ccb1-49c1-84a5-b4cedd32b68e', 'name': 'tempest-FloatingIPsAssociationTestJSON-222629118-network', 'tenant_id': '98dd90646b23403cb3c571586b42646f', 'admin_state_up': True, 'mtu': 8950, 'status': 'ACTIVE', 'subnets': [], 'shared': False, 'project_id': '98dd90646b23403cb3c571586b42646f', 'port_security_enabled': True, 'router:external': False, 'provider:network_type': 'vlan', 'provider:physical_network': 'default', 'provider:segmentation_id': 43, 'availability_zone_hints': [], 'availability_zones': [], 'ipv4_address_scope': None, 'ipv6_address_scope': None, 'description': '', 'tags': [], 'created_at': '2025-03-19T15:34:12Z', 'updated_at': '2025-03-19T15:34:12Z', 'revision_number': 1}, Subnet: {'id': '78278fa6-e031-4bba-b570-00827a8e1a85', 'name': 'tempest-FloatingIPsAssociationTestJSON-222629118-subnet', 'tenant_id': '98dd90646b23403cb3c571586b42646f', 'network_id': '64e79f7d-ccb1-49c1-84a5-b4cedd32b68e', 'ip_version': 4, 'subnetpool_id': None, 'enable_dhcp': True, 'ipv6_ra_mode': None, 'ipv6_address_mode': None, 'gateway_ip': '192.168.128.1', 'cidr': '192.168.128.0/28', 'allocation_pools': [{'start': '192.168.128.2', 'end': '192.168.128.14'}], 'host_routes': [], 'dns_nameservers': [], 'description': '', 'router:external': False, 'service_types': [], 'tags': [], 'created_at': '2025-03-19T15:34:12Z', 'updated_at': '2025-03-19T15:34:12Z', 'revision_number': 0, 'project_id': '98dd90646b23403cb3c571586b42646f'}, Router: {'id': '97a98bad-f93c-4c44-b257-2f09b94056b5', 'name': 'tempest-FloatingIPsAssociationTestJSON-222629118-router', 'tenant_id': '98dd90646b23403cb3c571586b42646f', 'admin_state_up': True, 'status': 'ACTIVE', 'external_gateway_info': {'network_id': 'd1e5ccea-69e3-4301-b712-4335cdb9d02b', 'external_fixed_ips': [{'subnet_id': '95668807-1c81-4d11-990b-4f2efd063ee9', 'ip_address': '10.180.180.250'}], 'enable_snat': True}, 'description': '', 'availability_zones': [], 'distributed': False, 'ha': False, 'availability_zone_hints': [], 'routes': [], 'flavor_id': None, 'tags': [], 'created_at': '2025-03-19T15:34:13Z', 'updated_at': '2025-03-19T15:34:14Z', 'revision_number': 2, 'project_id': '98dd90646b23403cb3c571586b42646f'}
2025-03-19 15:34:18.632 69142 INFO tempest.lib.common.rest_client [req-a57312bb-e575-42bb-be1c-c838a76f8c14 req-a57312bb-e575-42bb-be1c-c838a76f8c14 ] Request (InstanceActionsNegativeTestJSON:setUpClass): 204 PUT http://10.180.1.21/identity/v3/projects/6d8f9e9f10664537ab744431ecf937cc/users/d67c78b5c7a1424386ad578659da8d45/roles/93b57fc27a66406c88ede10cd9f694fe 0.042s
2025-03-19 15:34:18.632 69142 INFO tempest.lib.common.dynamic_creds [-] Dynamic test user d67c78b5c7a1424386ad578659da8d45 is created with scope project and roles: ['member']
2025-03-19 15:34:18.633 69142 INFO tempest.lib.common.dynamic_creds [-] Acquired dynamic creds: credentials: Credentials: {'domain_id': 'default', 'domain_name': 'Default', 'username': 'tempest-InstanceActionsNegativeTestJSON-956726343-project-member', 'project_domain_id': 'default', 'project_domain_name': 'Default', 'project_id': '6d8f9e9f10664537ab744431ecf937cc', 'project_name': 'tempest-InstanceActionsNegativeTestJSON-956726343', 'tenant_id': '6d8f9e9f10664537ab744431ecf937cc', 'tenant_name': 'tempest-InstanceActionsNegativeTestJSON-956726343', 'user_domain_id': 'default', 'user_domain_name': 'Default', 'user_id': 'd67c78b5c7a1424386ad578659da8d45', 'system': None}, Network: None, Subnet: None, Router: None
2025-03-19 15:34:18.692 69122 INFO tempest.lib.common.rest_client [req-b6ffd34a-bbb3-4dae-b67b-107d0f52b70b req-b6ffd34a-bbb3-4dae-b67b-107d0f52b70b ] Request (QuotasAdminNegativeTest:tearDownClass): 200 GET http://10.180.1.21:9696/networking/v2.0/security-groups?tenant_id=a5bfaa901a3e49ceb308791f799a8cd7&name=default 0.465s
2025-03-19 15:34:18.692 69127 INFO tempest.lib.common.rest_client [req-1aeeb773-6f39-4505-b521-3728fd15d2fa req-1aeeb773-6f39-4505-b521-3728fd15d2fa ] Request (FloatingIPsAssociationTestJSON:setUpClass): 201 POST http://10.180.1.21/identity/v3/auth/tokens 0.089s
2025-03-19 15:34:18.709 69142 INFO tempest.lib.common.rest_client [req-f86f2827-a68a-4f28-9cc6-88aa64253fe2 req-f86f2827-a68a-4f28-9cc6-88aa64253fe2 ] Request (InstanceActionsNegativeTestJSON:setUpClass): 201 POST http://10.180.1.21/identity/v3/auth/tokens 0.076s
2025-03-19 15:34:18.713 69120 INFO tempest.lib.common.rest_client [req-7d0c57fa-e865-4b15-a043-65c272ba8e0f req-7d0c57fa-e865-4b15-a043-65c272ba8e0f ] Request (FloatingIPsTestJSON:setUpClass): 201 POST http://10.180.1.21:9696/networking/v2.0/routers 2.641s
2025-03-19 15:34:18.732 69156 INFO tempest.lib.common.rest_client [req-b7746f2b-2a62-43e2-98c2-75604c7f2d86 req-b7746f2b-2a62-43e2-98c2-75604c7f2d86 ] Request (SecurityGroupRulesNegativeTestJSON:setUpClass): 201 POST http://10.180.1.21:9696/networking/v2.0/routers 2.583s
2025-03-19 15:34:18.745 69127 INFO tempest.lib.common.rest_client [req-2ad550a0-0070-47cc-b6af-58de538845ae req-2ad550a0-0070-47cc-b6af-58de538845ae ] Request (FloatingIPsAssociationTestJSON:setUpClass): 201 POST http://10.180.1.21/identity/v3/auth/tokens 0.049s
2025-03-19 15:34:18.745 69127 INFO tempest.lib.common.fixed_network [-] (FloatingIPsAssociationTestJSON:setUpClass) Found network {'id': '64e79f7d-ccb1-49c1-84a5-b4cedd32b68e', 'name': 'tempest-FloatingIPsAssociationTestJSON-222629118-network', 'tenant_id': '98dd90646b23403cb3c571586b42646f', 'admin_state_up': True, 'mtu': 8950, 'status': 'ACTIVE', 'subnets': [], 'shared': False, 'project_id': '98dd90646b23403cb3c571586b42646f', 'port_security_enabled': True, 'router:external': False, 'provider:network_type': 'vlan', 'provider:physical_network': 'default', 'provider:segmentation_id': 43, 'availability_zone_hints': [], 'availability_zones': [], 'ipv4_address_scope': None, 'ipv6_address_scope': None, 'description': '', 'tags': [], 'created_at': '2025-03-19T15:34:12Z', 'updated_at': '2025-03-19T15:34:12Z', 'revision_number': 1} available for tenant
2025-03-19 15:34:18.748 69154 INFO tempest.lib.common.rest_client [req-c65225f8-d9a4-4841-be6a-3dfe6bf4497c req-c65225f8-d9a4-4841-be6a-3dfe6bf4497c ] Request (FloatingIPsAssociationNegativeTestJSON:setUpClass): 202 POST http://10.180.1.21/compute/v2.1/servers 3.240s
2025-03-19 15:34:18.750 69144 INFO tempest.lib.common.rest_client [req-de3f1711-fbb8-474d-ba3a-f718057b6b93 req-de3f1711-fbb8-474d-ba3a-f718057b6b93 ] Request (TenantUsagesNegativeTestJSON:tearDownClass): 204 DELETE http://10.180.1.21:9696/networking/v2.0/security-groups/440dc011-2f75-4fc2-9d8d-fdb1ebbe7a66 0.340s
2025-03-19 15:34:18.776 69114 INFO tempest.lib.common.rest_client [req-b5119677-ef1b-4835-8ffe-72b8e21b9c2a req-b5119677-ef1b-4835-8ffe-72b8e21b9c2a ] Request (ServicesAdminNegativeV253TestJSON:tearDownClass): 200 GET http://10.180.1.21:9696/networking/v2.0/security-groups?tenant_id=58721df5ad8f43eca232d712ba9d2c53&name=default 0.371s
2025-03-19 15:34:18.890 69144 INFO tempest.lib.common.rest_client [req-9bd0b998-e4eb-4db9-bb50-ed695f9e5b30 req-9bd0b998-e4eb-4db9-bb50-ed695f9e5b30 ] Request (TenantUsagesNegativeTestJSON:tearDownClass): 204 DELETE http://10.180.1.21/identity/v3/projects/a1d02f39bb74459b974cfb10542e0e1e 0.140s
2025-03-19 15:34:18.891 69144 INFO tempest.lib.common.dynamic_creds [-] Deleting project and security group for project: 710c015bacda49e98d5e580a9666a2ce
2025-03-19 15:34:18.983 69164 INFO tempest.lib.common.rest_client [req-4fbf0523-a147-4af9-b330-b7350aa33b8c req-4fbf0523-a147-4af9-b330-b7350aa33b8c ] Request (SecurityGroupRulesTestJSON:test_security_group_rules_list): 200 POST http://10.180.1.21/compute/v2.1/os-security-group-rules 2.673s
2025-03-19 15:34:19.014 69118 INFO tempest.lib.common.rest_client [req-aa5cc9ab-0d9b-49d5-80cf-49fd5c4f799f req-aa5cc9ab-0d9b-49d5-80cf-49fd5c4f799f ] Request (FlavorsAdminTestJSON:_run_cleanups): 200 GET http://10.180.1.21/compute/v2.1/flavors/detail 2.193s
2025-03-19 15:34:19.135 69160 INFO tempest.lib.common.rest_client [req-79dc538c-d335-4a1a-be11-7e6912a265c8 req-79dc538c-d335-4a1a-be11-7e6912a265c8 ] Request (ServerExternalEventsTest:test_create_server_external_events): 200 GET http://10.180.1.21/compute/v2.1/servers/2d756688-a54a-4439-9979-7783c8df0c44 2.809s
2025-03-19 15:34:19.144 69160 INFO tempest.common.waiters [-] State transition "BUILD/networking" ==> "BUILD/spawning" after 17 second wait
2025-03-19 15:34:19.144 69122 INFO tempest.lib.common.rest_client [req-6c797989-c4e2-4c5a-89cd-bade320dca09 req-6c797989-c4e2-4c5a-89cd-bade320dca09 ] Request (QuotasAdminNegativeTest:tearDownClass): 204 DELETE http://10.180.1.21:9696/networking/v2.0/security-groups/b6d5d172-43e7-4db3-93a6-7bb1cb38f77f 0.452s
2025-03-19 15:34:19.181 69104 INFO tempest.lib.common.rest_client [req-f373ab2c-66d4-4e49-9d21-8b922e2aa026 req-f373ab2c-66d4-4e49-9d21-8b922e2aa026 ] Request (ListImageFiltersTestJSON:setUpClass): 200 GET http://10.180.1.21/compute/v2.1/images/572f0904-5658-4523-a66d-2b13eb759165 2.345s
2025-03-19 15:34:19.190 69144 INFO tempest.lib.common.rest_client [req-21b4fc3a-049d-47bc-850c-1dbfb6835eb7 req-21b4fc3a-049d-47bc-850c-1dbfb6835eb7 ] Request (TenantUsagesNegativeTestJSON:tearDownClass): 200 GET http://10.180.1.21:9696/networking/v2.0/security-groups?tenant_id=710c015bacda49e98d5e580a9666a2ce&name=default 0.299s
2025-03-19 15:34:19.199 69110 INFO tempest.lib.common.rest_client [req-205102d4-7b62-4088-a5e1-26c3f5ee3bff req-205102d4-7b62-4088-a5e1-26c3f5ee3bff ] Request (HostsAdminNegativeTestJSON:test_update_nonexistent_host): 404 PUT http://10.180.1.21/compute/v2.1/os-hosts/nonexistent_hostname 2.345s
2025-03-19 15:34:19.223 69124 INFO tempest.lib.common.rest_client [req-41b2d065-2e4a-4d7d-a068-fdc3c07900e0 req-41b2d065-2e4a-4d7d-a068-fdc3c07900e0 ] Request (FlavorsAccessNegativeTestJSON:test_flavor_non_admin_remove): 200 POST http://10.180.1.21/compute/v2.1/flavors 2.369s
2025-03-19 15:34:19.264 69146 INFO tempest.lib.common.rest_client [req-f1f9cbfb-9757-4c2b-8f6c-bcdad2019916 req-f1f9cbfb-9757-4c2b-8f6c-bcdad2019916 ] Request (AggregatesAdminNegativeTestJSON:test_aggregate_create_with_existent_aggregate_name): 200 POST http://10.180.1.21/compute/v2.1/os-aggregates 2.396s
2025-03-19 15:34:19.271 69114 INFO tempest.lib.common.rest_client [req-72a471e9-1052-4dfb-84b1-4e38f3e5b42f req-72a471e9-1052-4dfb-84b1-4e38f3e5b42f ] Request (ServicesAdminNegativeV253TestJSON:tearDownClass): 204 DELETE http://10.180.1.21:9696/networking/v2.0/security-groups/f9bcc439-893c-4b99-bd66-7d2fb143150a 0.494s
2025-03-19 15:34:19.297 69122 INFO tempest.lib.common.rest_client [req-5cbf88d2-23a1-46f4-b65c-c90ff950dc59 req-5cbf88d2-23a1-46f4-b65c-c90ff950dc59 ] Request (QuotasAdminNegativeTest:tearDownClass): 204 DELETE http://10.180.1.21/identity/v3/projects/a5bfaa901a3e49ceb308791f799a8cd7 0.152s
2025-03-19 15:34:19.310 69110 INFO tempest.lib.common.rest_client [req-431d73ea-345e-4bbb-b4ab-65c8bc3f4d08 req-431d73ea-345e-4bbb-b4ab-65c8bc3f4d08 ] Request (HostsAdminNegativeTestJSON:tearDownClass): 204 DELETE http://10.180.1.21/identity/v3/users/db3f4ce602464930ba97f4e080ee1314 0.110s
2025-03-19 15:34:19.366 69140 INFO tempest.lib.common.rest_client [req-99e1843c-de3b-42ab-957d-1a38702258ce req-99e1843c-de3b-42ab-957d-1a38702258ce ] Request (ServersListShow2100Test:test_list_show_rebuild_update_server_2100): 202 POST http://10.180.1.21/compute/v2.1/servers 2.538s
2025-03-19 15:34:19.404 69122 INFO tempest.lib.common.rest_client [req-b0512e5f-826c-4d43-a602-0f00944d83a2 req-b0512e5f-826c-4d43-a602-0f00944d83a2 ] Request (ServersAdminTestJSON:setUpClass): 201 POST http://10.180.1.21/identity/v3/auth/tokens 0.104s
2025-03-19 15:34:19.479 69144 INFO tempest.lib.common.rest_client [req-4874c68c-1737-469f-9132-33cc126583d2 req-4874c68c-1737-469f-9132-33cc126583d2 ] Request (TenantUsagesNegativeTestJSON:tearDownClass): 204 DELETE http://10.180.1.21:9696/networking/v2.0/security-groups/2d8dc17d-3a1a-4717-939e-f25e61475ea5 0.288s
2025-03-19 15:34:19.488 69114 INFO tempest.lib.common.rest_client [req-1c713fdd-7abc-4925-8d60-1fec12ac5e57 req-1c713fdd-7abc-4925-8d60-1fec12ac5e57 ] Request (ServicesAdminNegativeV253TestJSON:tearDownClass): 204 DELETE http://10.180.1.21/identity/v3/projects/58721df5ad8f43eca232d712ba9d2c53 0.213s
2025-03-19 15:34:19.489 69114 INFO tempest.test [-] raised in SpiceDirectConsoleTestJSON.setUpClass. Invoking tearDownClass.
2025-03-19 15:34:19.497 69110 INFO tempest.lib.common.rest_client [req-7258b98c-5d69-4fd1-bc29-f1a6ac7df175 req-7258b98c-5d69-4fd1-bc29-f1a6ac7df175 ] Request (HostsAdminNegativeTestJSON:tearDownClass): 204 DELETE http://10.180.1.21/identity/v3/users/3e687af0549b49d1a0f319c2d6b6d617 0.185s
2025-03-19 15:34:19.497 69110 INFO tempest.lib.common.dynamic_creds [-] Deleting project and security group for project: 63b67799a20641519094cba56f42ce4b
2025-03-19 15:34:19.565 69122 INFO tempest.lib.common.rest_client [req-44a954e6-eb6e-421e-a84b-68eb02a6df77 req-44a954e6-eb6e-421e-a84b-68eb02a6df77 ] Request (ServersAdminTestJSON:setUpClass): 201 POST http://10.180.1.21/identity/v3/auth/tokens 0.155s
2025-03-19 15:34:19.587 69144 INFO tempest.lib.common.rest_client [req-f04bdb1c-5b01-4f4d-bddb-d5fe5395dbed req-f04bdb1c-5b01-4f4d-bddb-d5fe5395dbed ] Request (TenantUsagesNegativeTestJSON:tearDownClass): 204 DELETE http://10.180.1.21/identity/v3/projects/710c015bacda49e98d5e580a9666a2ce 0.107s
2025-03-19 15:34:19.643 69110 INFO tempest.lib.common.rest_client [req-c38aa976-b723-4061-8161-3b737f33e4b9 req-c38aa976-b723-4061-8161-3b737f33e4b9 ] Request (HostsAdminNegativeTestJSON:tearDownClass): 201 POST http://10.180.1.21/identity/v3/auth/tokens 0.146s
2025-03-19 15:34:19.645 69114 INFO tempest.lib.common.rest_client [req-288d84e9-fe32-4c53-a530-b06234fb5e15 req-288d84e9-fe32-4c53-a530-b06234fb5e15 ] Request (ServerRescueTestJSONUnderV235:setUpClass): 201 POST http://10.180.1.21/identity/v3/auth/tokens 0.148s
2025-03-19 15:34:19.654 69158 INFO tempest.lib.common.rest_client [req-beb30997-0330-4194-a05b-16ec2af7a485 req-beb30997-0330-4194-a05b-16ec2af7a485 ] Request (FlavorsV2NegativeTest:test_boot_with_low_ram): 400 POST http://10.180.1.21/compute/v2.1/servers 2.557s
2025-03-19 15:34:19.662 69130 INFO tempest.lib.common.rest_client [req-91242310-baa0-481c-a07b-a1302cd00902 req-91242310-baa0-481c-a07b-a1302cd00902 ] Request (SecurityGroupsNegativeTestJSON:tearDownClass): 204 DELETE http://10.180.1.21:9696/networking/v2.0/routers/2c32c347-b5c7-4769-b497-6b429da943b4 2.250s
2025-03-19 15:34:19.679 69144 INFO tempest.lib.common.rest_client [req-42b55832-052e-4b04-9411-38777c016110 req-42b55832-052e-4b04-9411-38777c016110 ] Request (ServerAddressesNegativeTestJSON:setUpClass): 201 POST http://10.180.1.21/identity/v3/auth/tokens 0.090s
2025-03-19 15:34:19.713 69108 INFO tempest.lib.common.rest_client [req-487c877a-3cc2-40fe-bc12-f202975b8c2a req-487c877a-3cc2-40fe-bc12-f202975b8c2a ] Request (DeleteServersAdminTestJSON:test_admin_delete_servers_of_others): 200 GET http://10.180.1.21/compute/v2.1/servers/63170e15-86ee-4839-8d1a-c84decf2b1ec 2.700s
2025-03-19 15:34:19.713 69114 INFO tempest.lib.common.rest_client [req-cbbff0ac-5d31-4ef6-9afb-d638c61e59a1 req-cbbff0ac-5d31-4ef6-9afb-d638c61e59a1 ] Request (ServerRescueTestJSONUnderV235:setUpClass): 201 POST http://10.180.1.21/identity/v3/auth/tokens 0.064s
2025-03-19 15:34:19.715 69122 INFO tempest.lib.common.rest_client [req-6e985655-dff2-4a52-bd1f-a1054982d75f req-6e985655-dff2-4a52-bd1f-a1054982d75f ] Request (ServersAdminTestJSON:setUpClass): 200 GET http://10.180.1.21/identity/v3/domains?name=Default 0.149s
2025-03-19 15:34:19.756 69144 INFO tempest.lib.common.rest_client [req-a811f88c-40bf-4a9f-b056-c955cd604e4a req-a811f88c-40bf-4a9f-b056-c955cd604e4a ] Request (ServerAddressesNegativeTestJSON:setUpClass): 201 POST http://10.180.1.21/identity/v3/auth/tokens 0.071s
2025-03-19 15:34:19.779 69158 INFO tempest.lib.common.rest_client [req-40dea710-881e-4ce9-af83-797d002bb339 req-40dea710-881e-4ce9-af83-797d002bb339 ] Request (FlavorsV2NegativeTest:_run_cleanups): 204 DELETE http://10.180.1.21/image/v2/images/e9b475c9-6ed9-4b70-8022-0f2433e8cfd9 0.124s
2025-03-19 15:34:19.787 69128 INFO tempest.lib.common.rest_client [req-5017afb5-3909-4679-a6eb-b271639c76a6 req-5017afb5-3909-4679-a6eb-b271639c76a6 ] Request (MigrationsAdminTest:test_list_migrations_in_flavor_resize_situation): 200 GET http://10.180.1.21/compute/v2.1/servers/90a90104-ef19-43f6-badb-0e06d0ee0bee 2.522s
2025-03-19 15:34:19.808 69114 INFO tempest.lib.common.rest_client [req-1f0c491c-f238-4f2f-ba36-8cb709327aa5 req-1f0c491c-f238-4f2f-ba36-8cb709327aa5 ] Request (ServerRescueTestJSONUnderV235:setUpClass): 200 GET http://10.180.1.21/identity/v3/domains?name=Default 0.094s
2025-03-19 15:34:19.853 69142 INFO tempest.lib.common.rest_client [req-b7744cf3-7bfe-49c4-9fd5-b7c16e6a017a req-b7744cf3-7bfe-49c4-9fd5-b7c16e6a017a ] Request (InstanceActionsNegativeTestJSON:setUpClass): 201 POST http://10.180.1.21:9696/networking/v2.0/networks 1.144s
2025-03-19 15:34:19.857 69122 INFO tempest.lib.common.rest_client [req-0e107d4b-96b5-4b94-b94e-caf5e7a62e52 req-0e107d4b-96b5-4b94-b94e-caf5e7a62e52 ] Request (ServersAdminTestJSON:setUpClass): 201 POST http://10.180.1.21/identity/v3/projects 0.141s
2025-03-19 15:34:19.929 69144 INFO tempest.lib.common.rest_client [req-354af439-b687-410d-ad95-c81e64043cb3 req-354af439-b687-410d-ad95-c81e64043cb3 ] Request (ServerAddressesNegativeTestJSON:setUpClass): 200 GET http://10.180.1.21/identity/v3/domains?name=Default 0.172s
2025-03-19 15:34:19.996 69162 INFO tempest.lib.common.rest_client [req-c4318544-37b7-4cd9-ac5a-5face74f5a87 req-c4318544-37b7-4cd9-ac5a-5face74f5a87 ] Request (FlavorsV261TestJSON:test_crud_flavor): 200 POST http://10.180.1.21/compute/v2.1/flavors 2.309s
2025-03-19 15:34:20.018 69158 INFO tempest.lib.common.rest_client [req-887990df-3133-4305-ba7f-348911cc18f7 req-887990df-3133-4305-ba7f-348911cc18f7 ] Request (FlavorsV2NegativeTest:tearDownClass): 204 DELETE http://10.180.1.21/identity/v3/users/f3213563ea024ee391046b937026f73c 0.236s
2025-03-19 15:34:20.018 69158 INFO tempest.lib.common.dynamic_creds [-] Deleting project and security group for project: a1ed50b42dda431eb8b3ffb7b275ebb6
2025-03-19 15:34:20.034 69114 INFO tempest.lib.common.rest_client [req-8a2f3226-d5c6-4ac1-a7ae-c8e26a86ebc4 req-8a2f3226-d5c6-4ac1-a7ae-c8e26a86ebc4 ] Request (ServerRescueTestJSONUnderV235:setUpClass): 201 POST http://10.180.1.21/identity/v3/projects 0.225s
2025-03-19 15:34:20.080 69152 INFO tempest.lib.common.rest_client [req-f4a7317b-ab49-43e7-b063-57b4bdaeaabf req-f4a7317b-ab49-43e7-b063-57b4bdaeaabf ] Request (VolumesAssistedSnapshotsTest:test_volume_assisted_snapshot_create_delete): 200 GET http://10.180.1.21/compute/v2.1/servers/22c70775-b7eb-4712-b65e-1a71e77c1ba2 2.272s
2025-03-19 15:34:20.117 69122 INFO tempest.lib.common.rest_client [req-2e9b54a1-e96e-415d-ac66-025791f60752 req-2e9b54a1-e96e-415d-ac66-025791f60752 ] Request (ServersAdminTestJSON:setUpClass): 201 POST http://10.180.1.21/identity/v3/users 0.260s
2025-03-19 15:34:20.123 69144 INFO tempest.lib.common.rest_client [req-d2cb949e-b390-443f-b51f-c44353cee6a6 req-d2cb949e-b390-443f-b51f-c44353cee6a6 ] Request (ServerAddressesNegativeTestJSON:setUpClass): 201 POST http://10.180.1.21/identity/v3/projects 0.193s
2025-03-19 15:34:20.168 69102 INFO tempest.lib.common.rest_client [req-2de8ec7f-b170-4dc3-b92d-f1efcd6687d2 req-2de8ec7f-b170-4dc3-b92d-f1efcd6687d2 ] Request (ServersWithSpecificFlavorTestJSON:test_verify_created_server_ephemeral_disk): 200 GET http://10.180.1.21/compute/v2.1/servers/51056aca-0003-4ff9-b34f-8ee6fd900591 1.992s
2025-03-19 15:34:20.177 69102 INFO tempest.common.waiters [-] State transition "BUILD/scheduling" ==> "BUILD/None" after 6 second wait
2025-03-19 15:34:20.189 69158 INFO tempest.lib.common.rest_client [req-e26a1b46-0c61-475a-8e13-9e150410748c req-e26a1b46-0c61-475a-8e13-9e150410748c ] Request (FlavorsV2NegativeTest:tearDownClass): 201 POST http://10.180.1.21/identity/v3/auth/tokens 0.171s
2025-03-19 15:34:20.196 69114 INFO tempest.lib.common.rest_client [req-92f26cd8-eae7-4c46-84dd-9287cd82641b req-92f26cd8-eae7-4c46-84dd-9287cd82641b ] Request (ServerRescueTestJSONUnderV235:setUpClass): 201 POST http://10.180.1.21/identity/v3/users 0.161s
2025-03-19 15:34:20.217 69122 INFO tempest.lib.common.rest_client [req-3f0f51fc-3490-42de-b097-be34290bd4db req-3f0f51fc-3490-42de-b097-be34290bd4db ] Request (ServersAdminTestJSON:setUpClass): 200 GET http://10.180.1.21/identity/v3/roles 0.100s
2025-03-19 15:34:20.228 69144 INFO tempest.lib.common.rest_client [req-f82fac9d-ead8-442a-a86c-d7482fe63ea6 req-f82fac9d-ead8-442a-a86c-d7482fe63ea6 ] Request (ServerAddressesNegativeTestJSON:setUpClass): 201 POST http://10.180.1.21/identity/v3/users 0.105s
2025-03-19 15:34:20.249 69114 INFO tempest.lib.common.rest_client [req-841d213e-2c88-4d30-8d33-da29f48b9820 req-841d213e-2c88-4d30-8d33-da29f48b9820 ] Request (ServerRescueTestJSONUnderV235:setUpClass): 200 GET http://10.180.1.21/identity/v3/roles 0.052s
2025-03-19 15:34:20.324 69148 INFO tempest.lib.common.rest_client [req-d868d9be-aebd-423e-89e3-ea07d5f7dc9d req-d868d9be-aebd-423e-89e3-ea07d5f7dc9d ] Request (AbsoluteLimitsNegativeTestJSON:test_max_metadata_exceed_limit): 403 POST http://10.180.1.21/compute/v2.1/servers 2.611s
2025-03-19 15:34:20.363 69144 INFO tempest.lib.common.rest_client [req-5717c40b-4fb8-4403-8d40-4f847a0d282e req-5717c40b-4fb8-4403-8d40-4f847a0d282e ] Request (ServerAddressesNegativeTestJSON:setUpClass): 200 GET http://10.180.1.21/identity/v3/roles 0.134s
2025-03-19 15:34:20.363 69122 INFO tempest.lib.common.rest_client [req-1fd8cb97-7995-43cf-8ee3-bad3d3705ade req-1fd8cb97-7995-43cf-8ee3-bad3d3705ade ] Request (ServersAdminTestJSON:setUpClass): 204 PUT http://10.180.1.21/identity/v3/projects/47d706712b644407a07945c3b1472d57/users/d5212114a1da4b7d8fd4f4c37428003a/roles/93b57fc27a66406c88ede10cd9f694fe 0.145s
2025-03-19 15:34:20.363 69122 INFO tempest.lib.common.dynamic_creds [-] Dynamic test user d5212114a1da4b7d8fd4f4c37428003a is created with scope project and roles: ['member']
2025-03-19 15:34:20.363 69122 INFO tempest.lib.common.dynamic_creds [-] Acquired dynamic creds: credentials: Credentials: {'domain_id': 'default', 'domain_name': 'Default', 'username': 'tempest-ServersAdminTestJSON-1186343361-project-member', 'project_domain_id': 'default', 'project_domain_name': 'Default', 'project_id': '47d706712b644407a07945c3b1472d57', 'project_name': 'tempest-ServersAdminTestJSON-1186343361', 'tenant_id': '47d706712b644407a07945c3b1472d57', 'tenant_name': 'tempest-ServersAdminTestJSON-1186343361', 'user_domain_id': 'default', 'user_domain_name': 'Default', 'user_id': 'd5212114a1da4b7d8fd4f4c37428003a', 'system': None}, Network: None, Subnet: None, Router: None
2025-03-19 15:34:20.390 69130 INFO tempest.lib.common.rest_client [req-c4e3da9a-9aa2-46e8-b4c8-ac9901c812a0 req-c4e3da9a-9aa2-46e8-b4c8-ac9901c812a0 ] Request (SecurityGroupsNegativeTestJSON:tearDownClass): 204 DELETE http://10.180.1.21:9696/networking/v2.0/subnets/265a34ad-19d2-4f0f-bfc2-4d168bd315f2 0.727s
2025-03-19 15:34:20.430 69110 INFO tempest.lib.common.rest_client [req-0b66b011-fd08-494f-86c3-64933d4f475a req-0b66b011-fd08-494f-86c3-64933d4f475a ] Request (HostsAdminNegativeTestJSON:tearDownClass): 200 GET http://10.180.1.21:9696/networking/v2.0/security-groups?tenant_id=63b67799a20641519094cba56f42ce4b&name=default 0.787s
2025-03-19 15:34:20.447 69114 INFO tempest.lib.common.rest_client [req-843023f8-5e05-4fa0-9802-ae19d3df4de8 req-843023f8-5e05-4fa0-9802-ae19d3df4de8 ] Request (ServerRescueTestJSONUnderV235:setUpClass): 204 PUT http://10.180.1.21/identity/v3/projects/565971d3342c4280b8b0e3aef29d39a8/users/03f70ca5a7d648b786df2872b7686cec/roles/93b57fc27a66406c88ede10cd9f694fe 0.197s
2025-03-19 15:34:20.447 69114 INFO tempest.lib.common.dynamic_creds [-] Dynamic test user 03f70ca5a7d648b786df2872b7686cec is created with scope project and roles: ['member']
2025-03-19 15:34:20.448 69114 INFO tempest.lib.common.dynamic_creds [-] Acquired dynamic creds: credentials: Credentials: {'domain_id': 'default', 'domain_name': 'Default', 'username': 'tempest-ServerRescueTestJSONUnderV235-316201050-project-member', 'project_domain_id': 'default', 'project_domain_name': 'Default', 'project_id': '565971d3342c4280b8b0e3aef29d39a8', 'project_name': 'tempest-ServerRescueTestJSONUnderV235-316201050', 'tenant_id': '565971d3342c4280b8b0e3aef29d39a8', 'tenant_name': 'tempest-ServerRescueTestJSONUnderV235-316201050', 'user_domain_id': 'default', 'user_domain_name': 'Default', 'user_id': '03f70ca5a7d648b786df2872b7686cec', 'system': None}, Network: None, Subnet: None, Router: None
