2025-03-19 15:34:54.076 69146 INFO tempest.lib.common.rest_client [req-7ccca171-612a-4eb1-b2a4-879a21d0c6e9 req-7ccca171-612a-4eb1-b2a4-879a21d0c6e9 ] Request (AggregatesAdminNegativeTestJSON:tearDownClass): 204 DELETE http://10.180.1.21/identity/v3/projects/1ef33f25706647f88135c34790f4f714 0.073s
2025-03-19 15:34:54.077 69158 INFO tempest.lib.common.rest_client [req-74d05b35-546f-4a2f-bd4b-177cc29115ab req-74d05b35-546f-4a2f-bd4b-177cc29115ab ] Request (ServersListShow296Test:test_list_show_update_rebuild_server_296): 200 GET http://10.180.1.21/compute/v2.1/servers/323fcc88-4686-488e-925f-d0649d83089b 1.783s
2025-03-19 15:34:54.119 69164 INFO tempest.lib.common.rest_client [req-7d617bbe-46b7-4e48-a9c3-f1f2ec077907 req-7d617bbe-46b7-4e48-a9c3-f1f2ec077907 ] Request (ValidationResourcesFixture:setUp): 201 POST http://10.180.1.21:9696/networking/v2.0/floatingips 1.377s
2025-03-19 15:34:54.154 69146 INFO tempest.lib.common.rest_client [req-a460ef27-4789-4ba8-a7d1-8c4761b2a55a req-a460ef27-4789-4ba8-a7d1-8c4761b2a55a ] Request (VolumesAdminNegativeTest:setUpClass): 201 POST http://10.180.1.21/identity/v3/auth/tokens 0.075s
2025-03-19 15:34:54.164 69138 INFO tempest.lib.common.rest_client [req-b075ea33-ca93-41f2-addc-f99ff88d85df req-b075ea33-ca93-41f2-addc-f99ff88d85df ] Request (ImagesNegativeTestJSON:test_create_image_from_deleted_server): 200 GET http://10.180.1.21/compute/v2.1/servers/1f066870-2888-4430-aa8b-a4969ccf0cce 1.824s
2025-03-19 15:34:54.166 69124 INFO tempest.lib.common.rest_client [req-77f604a0-9898-4986-9ea9-77fc2399fa5b req-77f604a0-9898-4986-9ea9-77fc2399fa5b ] Request (QuotasSecurityGroupAdminNegativeTest:setUpClass): 201 POST http://10.180.1.21/identity/v3/users 0.136s
2025-03-19 15:34:54.204 69124 INFO tempest.lib.common.rest_client [req-90ebeaa9-ea92-4170-9fc5-fd6d215e9334 req-90ebeaa9-ea92-4170-9fc5-fd6d215e9334 ] Request (QuotasSecurityGroupAdminNegativeTest:setUpClass): 200 GET http://10.180.1.21/identity/v3/roles 0.037s
2025-03-19 15:34:54.219 69150 INFO tempest.lib.common.rest_client [req-3e78ffc6-ebbf-42cb-b261-5db2f8e70771 req-3e78ffc6-ebbf-42cb-b261-5db2f8e70771 ] Request (AttachVolumeNegativeTest:test_attach_attached_volume_to_different_server): 202 POST http://10.180.1.21/compute/v2.1/servers 1.995s
2025-03-19 15:34:54.230 69164 INFO tempest.lib.common.rest_client [req-8adbd466-431d-4b70-a15d-60c82fc975c0 req-8adbd466-431d-4b70-a15d-60c82fc975c0 ] Request (AttachVolumeTestJSON:test_attach_detach_volume): 201 POST http://10.180.1.21/identity/v3/auth/tokens 0.107s
2025-03-19 15:34:54.230 69148 INFO tempest.lib.common.rest_client [req-d40a0cbf-6347-4099-a087-365b187b8bc5 req-d40a0cbf-6347-4099-a087-365b187b8bc5 ] Request (ServerActionsTestOtherA:setUpClass): 200 GET http://10.180.1.21/compute/v2.1/servers/9869d412-3315-4661-a648-2c573ff65f7f 1.870s
2025-03-19 15:34:54.230 69164 INFO tempest.lib.common.fixed_network [-] (AttachVolumeTestJSON:test_attach_detach_volume) Found network {'id': '1d3f82e6-36d7-4ebc-9601-a644a6d56062', 'name': 'tempest-AttachVolumeTestJSON-1163269969-network', 'tenant_id': '1e049674e97d48e5b94902002575665d', 'admin_state_up': True, 'mtu': 8950, 'status': 'ACTIVE', 'subnets': [], 'shared': False, 'project_id': '1e049674e97d48e5b94902002575665d', 'port_security_enabled': True, 'router:external': False, 'provider:network_type': 'vlan', 'provider:physical_network': 'default', 'provider:segmentation_id': 681, 'availability_zone_hints': [], 'availability_zones': [], 'ipv4_address_scope': None, 'ipv6_address_scope': None, 'description': '', 'tags': [], 'created_at': '2025-03-19T15:34:47Z', 'updated_at': '2025-03-19T15:34:47Z', 'revision_number': 1} available for tenant
2025-03-19 15:34:54.243 69146 INFO tempest.lib.common.rest_client [req-97b35a75-aea1-4525-8e13-3d5cd52557f9 req-97b35a75-aea1-4525-8e13-3d5cd52557f9 ] Request (VolumesAdminNegativeTest:setUpClass): 201 POST http://10.180.1.21/identity/v3/auth/tokens 0.084s
2025-03-19 15:34:54.280 69146 INFO tempest.lib.common.rest_client [req-fca95aab-1885-4594-b5d7-1778e678e0d4 req-fca95aab-1885-4594-b5d7-1778e678e0d4 ] Request (VolumesAdminNegativeTest:setUpClass): 200 GET http://10.180.1.21/identity/v3/domains?name=Default 0.036s
2025-03-19 15:34:54.288 69124 INFO tempest.lib.common.rest_client [req-df343dd1-97cb-4e85-bfe1-c73ad76e6bce req-df343dd1-97cb-4e85-bfe1-c73ad76e6bce ] Request (QuotasSecurityGroupAdminNegativeTest:setUpClass): 204 PUT http://10.180.1.21/identity/v3/projects/be194e375e8c42eaa2c39db137886fff/users/a723640e79ff43fd98a97a7ebe98f022/roles/403ad16fca3b4328955f98942cf09423 0.084s
2025-03-19 15:34:54.301 69108 INFO tempest.lib.common.rest_client [req-dff597a1-4abe-4f9f-80a4-e7f8745c5f67 req-dff597a1-4abe-4f9f-80a4-e7f8745c5f67 ] Request (DeleteServersAdminTestJSON:test_delete_server_while_in_error_state): 200 GET http://10.180.1.21/compute/v2.1/servers/01f36ba6-8385-4242-8778-11745ae292b5 1.752s
2025-03-19 15:34:54.315 69122 INFO tempest.lib.common.rest_client [req-cfc75216-f782-4636-9c46-770fe09c9562 req-cfc75216-f782-4636-9c46-770fe09c9562 ] Request (ServersAdminTestJSON:setUpClass): 200 GET http://10.180.1.21/compute/v2.1/servers/060a98ca-e50d-4b0f-96b2-f50e2e03271d 1.829s
2025-03-19 15:34:54.384 69146 INFO tempest.lib.common.rest_client [req-54d60e4f-545b-4854-8255-21c40534a4b3 req-54d60e4f-545b-4854-8255-21c40534a4b3 ] Request (VolumesAdminNegativeTest:setUpClass): 201 POST http://10.180.1.21/identity/v3/projects 0.104s
2025-03-19 15:34:54.404 69124 INFO tempest.lib.common.rest_client [req-6b7b420c-0d6a-4bb7-b32a-428e90fa3554 req-6b7b420c-0d6a-4bb7-b32a-428e90fa3554 ] Request (QuotasSecurityGroupAdminNegativeTest:setUpClass): 200 GET http://10.180.1.21/identity/v3/roles 0.115s
2025-03-19 15:34:54.404 69160 INFO tempest.lib.common.rest_client [req-539fca0e-c1c4-4b6e-8b35-3a22505659b2 req-539fca0e-c1c4-4b6e-8b35-3a22505659b2 ] Request (ServerExternalEventsTest:tearDownClass): 200 GET http://10.180.1.21/compute/v2.1/servers/2d756688-a54a-4439-9979-7783c8df0c44 1.843s
2025-03-19 15:34:54.427 69140 INFO tempest.lib.common.rest_client [req-3d54b52b-ed8f-4a02-9390-245120652cfb req-3d54b52b-ed8f-4a02-9390-245120652cfb ] Request (ServersListShow2100Test:test_list_show_rebuild_update_server_2100): 200 GET http://10.180.1.21/compute/v2.1/servers/eb82884d-39aa-4579-b82f-85fa132f9024 1.832s
2025-03-19 15:34:54.441 69118 INFO tempest.lib.common.rest_client [req-7cf0f02c-8164-4e1c-a520-ddde396b9e8f req-7cf0f02c-8164-4e1c-a520-ddde396b9e8f ] Request (FlavorsAdminTestJSON:_run_cleanups): 200 GET http://10.180.1.21/compute/v2.1/flavors/detail 1.844s
2025-03-19 15:34:54.491 69146 INFO tempest.lib.common.rest_client [req-33f61e47-5de1-4a72-b7e5-81a8e1230382 req-33f61e47-5de1-4a72-b7e5-81a8e1230382 ] Request (VolumesAdminNegativeTest:setUpClass): 201 POST http://10.180.1.21/identity/v3/users 0.106s
2025-03-19 15:34:54.494 69124 INFO tempest.lib.common.rest_client [req-b59d2c46-1a34-426c-957f-f96b38d76422 req-b59d2c46-1a34-426c-957f-f96b38d76422 ] Request (QuotasSecurityGroupAdminNegativeTest:setUpClass): 204 PUT http://10.180.1.21/identity/v3/projects/be194e375e8c42eaa2c39db137886fff/users/a723640e79ff43fd98a97a7ebe98f022/roles/403ad16fca3b4328955f98942cf09423 0.090s
2025-03-19 15:34:54.495 69124 INFO tempest.lib.common.dynamic_creds [-] Dynamic test user a723640e79ff43fd98a97a7ebe98f022 is created with scope project and roles: ['admin']
2025-03-19 15:34:54.495 69124 INFO tempest.lib.common.dynamic_creds [-] Acquired dynamic creds: credentials: Credentials: {'domain_id': 'default', 'domain_name': 'Default', 'username': 'tempest-QuotasSecurityGroupAdminNegativeTest-1539490728-project-admin', 'project_domain_id': 'default', 'project_domain_name': 'Default', 'project_id': 'be194e375e8c42eaa2c39db137886fff', 'project_name': 'tempest-QuotasSecurityGroupAdminNegativeTest-1539490728', 'tenant_id': 'be194e375e8c42eaa2c39db137886fff', 'tenant_name': 'tempest-QuotasSecurityGroupAdminNegativeTest-1539490728', 'user_domain_id': 'default', 'user_domain_name': 'Default', 'user_id': 'a723640e79ff43fd98a97a7ebe98f022', 'system': None}, Network: None, Subnet: None, Router: None
2025-03-19 15:34:54.495 69124 INFO tempest.lib.common.dynamic_creds [-] Created isolated network resources for: credentials: Credentials: {'domain_id': 'default', 'domain_name': 'Default', 'username': 'tempest-QuotasSecurityGroupAdminNegativeTest-1539490728-project-admin', 'project_domain_id': 'default', 'project_domain_name': 'Default', 'project_id': 'be194e375e8c42eaa2c39db137886fff', 'project_name': 'tempest-QuotasSecurityGroupAdminNegativeTest-1539490728', 'tenant_id': 'be194e375e8c42eaa2c39db137886fff', 'tenant_name': 'tempest-QuotasSecurityGroupAdminNegativeTest-1539490728', 'user_domain_id': 'default', 'user_domain_name': 'Default', 'user_id': 'a723640e79ff43fd98a97a7ebe98f022', 'system': None}, Network: None, Subnet: None, Router: None
2025-03-19 15:34:54.511 69104 INFO tempest.lib.common.rest_client [req-a0645a82-84e4-452c-8bd3-458367ca951a req-a0645a82-84e4-452c-8bd3-458367ca951a ] Request (ListImageFiltersTestJSON:setUpClass): 200 GET http://10.180.1.21/compute/v2.1/servers/596ff49a-578e-43a1-86fa-91e7bb4dc1ee 1.895s
2025-03-19 15:34:54.534 69132 INFO tempest.lib.common.rest_client [req-7f9bac10-dd45-4a67-8783-7416d9b71d7a req-7f9bac10-dd45-4a67-8783-7416d9b71d7a ] Request (ServerDiagnosticsTest:tearDownClass): 200 GET http://10.180.1.21/compute/v2.1/servers/9ff4bca9-16bd-4609-8671-b42f796caa5c 1.895s
2025-03-19 15:34:54.550 69110 INFO tempest.lib.common.rest_client [req-97b39144-f3a0-44fd-a2aa-7865692c1da2 req-97b39144-f3a0-44fd-a2aa-7865692c1da2 ] Request (KeyPairsV22TestJSON:test_keypairs_create_list_delete): 200 GET http://10.180.1.21/compute/v2.1/os-keypairs 1.631s
2025-03-19 15:34:54.558 69116 INFO tempest.lib.common.rest_client [req-53266a73-69ac-48a9-b340-03786ca5c4a9 req-53266a73-69ac-48a9-b340-03786ca5c4a9 ] Request (ListServersNegativeTestJSON:test_list_servers_by_limits_pass_negative_value): 400 GET http://10.180.1.21/compute/v2.1/servers?limit=-1 1.537s
2025-03-19 15:34:54.586 69146 INFO tempest.lib.common.rest_client [req-27267bfb-88ec-44a5-bc9d-efb7d2b08320 req-27267bfb-88ec-44a5-bc9d-efb7d2b08320 ] Request (VolumesAdminNegativeTest:setUpClass): 200 GET http://10.180.1.21/identity/v3/roles 0.092s
2025-03-19 15:34:54.591 69124 INFO tempest.lib.common.rest_client [req-f62b9838-e62b-450e-98ac-e90ba975b8bd req-f62b9838-e62b-450e-98ac-e90ba975b8bd ] Request (QuotasSecurityGroupAdminNegativeTest:setUpClass): 201 POST http://10.180.1.21/identity/v3/auth/tokens 0.092s
2025-03-19 15:34:54.614 69146 INFO tempest.lib.common.rest_client [req-d9924045-4af9-4321-b697-3bec17fb053d req-d9924045-4af9-4321-b697-3bec17fb053d ] Request (VolumesAdminNegativeTest:setUpClass): 204 PUT http://10.180.1.21/identity/v3/projects/ac86bc1dc5cd4306ac0170404dad5c8b/users/b91af06eedf3401fb5ce922bcafd7b1c/roles/93b57fc27a66406c88ede10cd9f694fe 0.027s
2025-03-19 15:34:54.614 69146 INFO tempest.lib.common.dynamic_creds [-] Dynamic test user b91af06eedf3401fb5ce922bcafd7b1c is created with scope project and roles: ['member']
2025-03-19 15:34:54.614 69146 INFO tempest.lib.common.dynamic_creds [-] Acquired dynamic creds: credentials: Credentials: {'domain_id': 'default', 'domain_name': 'Default', 'username': 'tempest-VolumesAdminNegativeTest-530996955-project-member', 'project_domain_id': 'default', 'project_domain_name': 'Default', 'project_id': 'ac86bc1dc5cd4306ac0170404dad5c8b', 'project_name': 'tempest-VolumesAdminNegativeTest-530996955', 'tenant_id': 'ac86bc1dc5cd4306ac0170404dad5c8b', 'tenant_name': 'tempest-VolumesAdminNegativeTest-530996955', 'user_domain_id': 'default', 'user_domain_name': 'Default', 'user_id': 'b91af06eedf3401fb5ce922bcafd7b1c', 'system': None}, Network: None, Subnet: None, Router: None
2025-03-19 15:34:54.668 69127 INFO tempest.lib.common.rest_client [req-3728c8cb-4a0f-48c5-9eb1-776ba1cc009d req-3728c8cb-4a0f-48c5-9eb1-776ba1cc009d ] Request (FloatingIPsAssociationTestJSON:setUpClass): 200 GET http://10.180.1.21/compute/v2.1/servers/a07e2040-2dc5-40da-b049-4f1ccafc38fb 1.563s
2025-03-19 15:34:54.675 69124 INFO tempest.lib.common.rest_client [req-c620d516-e78f-4f03-923e-51864696ac68 req-c620d516-e78f-4f03-923e-51864696ac68 ] Request (QuotasSecurityGroupAdminNegativeTest:tearDownClass): 204 DELETE http://10.180.1.21/identity/v3/users/27206be8146345609071b9ee68a612b2 0.079s
2025-03-19 15:34:54.676 69127 INFO tempest.common.waiters [-] State transition "BUILD/spawning" ==> "ACTIVE/None" after 31 second wait
2025-03-19 15:34:54.685 69128 INFO tempest.lib.common.rest_client [req-b8cd98aa-9c8a-4c91-b760-45c2646875f9 req-b8cd98aa-9c8a-4c91-b760-45c2646875f9 ] Request (MigrationsAdminTest:test_list_migrations_in_flavor_resize_situation): 200 GET http://10.180.1.21/compute/v2.1/servers/90a90104-ef19-43f6-badb-0e06d0ee0bee 1.851s
2025-03-19 15:34:54.703 69146 INFO tempest.lib.common.rest_client [req-a048e7d2-022c-4754-8682-0c475a01ca16 req-a048e7d2-022c-4754-8682-0c475a01ca16 ] Request (VolumesAdminNegativeTest:setUpClass): 201 POST http://10.180.1.21/identity/v3/auth/tokens 0.088s
2025-03-19 15:34:54.760 69106 INFO tempest.lib.common.rest_client [req-003fe4fc-479d-4880-9d31-e2795b863abe req-003fe4fc-479d-4880-9d31-e2795b863abe ] Request (ServersListShow298Test:test_list_show_update_rebuild_server_298): 200 GET http://10.180.1.21/compute/v2.1/servers/859eb560-faaf-471c-95dc-bcf2544f8a04 1.515s
2025-03-19 15:34:54.844 69156 INFO tempest.lib.common.rest_client [req-aec1912e-4fb4-4d88-9d1b-0eaa49694186 req-aec1912e-4fb4-4d88-9d1b-0eaa49694186 ] Request (SecurityGroupRulesNegativeTestJSON:tearDownClass): 202 DELETE http://10.180.1.21/compute/v2.1/os-security-groups/820b75b2-91bf-4784-9ad2-079f87e9c24f 1.539s
2025-03-19 15:34:54.854 69136 WARNING tempest.lib.common.ssh [-] Failed to establish authenticated ssh connection to cirros@10.180.180.151 ([Errno None] Unable to connect to port 22 on 10.180.180.151). Number attempts: 3. Retry after 4 seconds.: paramiko.ssh_exception.NoValidConnectionsError: [Errno None] Unable to connect to port 22 on 10.180.180.151
2025-03-19 15:34:54.883 69124 INFO tempest.lib.common.rest_client [req-605b4ceb-abbb-4d95-ad6b-1f8bdff091fd req-605b4ceb-abbb-4d95-ad6b-1f8bdff091fd ] Request (QuotasSecurityGroupAdminNegativeTest:tearDownClass): 204 DELETE http://10.180.1.21/identity/v3/users/a723640e79ff43fd98a97a7ebe98f022 0.208s
2025-03-19 15:34:54.884 69124 INFO tempest.lib.common.dynamic_creds [-] Deleting project and security group for project: be194e375e8c42eaa2c39db137886fff
2025-03-19 15:34:54.960 69124 INFO tempest.lib.common.rest_client [req-ef729050-637f-4fb7-980a-2a287443d462 req-ef729050-637f-4fb7-980a-2a287443d462 ] Request (QuotasSecurityGroupAdminNegativeTest:tearDownClass): 201 POST http://10.180.1.21/identity/v3/auth/tokens 0.076s
2025-03-19 15:34:55.038 69134 INFO tempest.lib.common.rest_client [req-356a07cc-f344-4ef9-a499-d1edcc7a9f64 req-356a07cc-f344-4ef9-a499-d1edcc7a9f64 ] Request (ImagesTestJSON:_run_cleanups): 204 DELETE http://10.180.1.21/compute/v2.1/images/83acd9ab-44ef-4ae8-bd06-0cc804997dd8 1.218s
2025-03-19 15:34:55.208 69144 INFO tempest.lib.common.rest_client [req-c656b244-7730-449a-8e54-7a2ab98596ba req-c656b244-7730-449a-8e54-7a2ab98596ba ] Request (ServerAddressesNegativeTestJSON:setUpClass): 200 GET http://10.180.1.21/compute/v2.1/servers/8109d3f2-0864-4771-96cc-6046f82763f4 1.338s
2025-03-19 15:34:55.208 69154 INFO tempest.lib.common.rest_client [req-5721ca5c-aee1-4abe-a7ef-6f36d96ea8c5 req-5721ca5c-aee1-4abe-a7ef-6f36d96ea8c5 ] Request (FloatingIPsAssociationNegativeTestJSON:test_associate_ip_to_server_with_floating_ip): 400 POST http://10.180.1.21/compute/v2.1/servers/8e0c6ee4-78a1-4bc2-af6c-dd4183db648a/action 1.630s
2025-03-19 15:34:55.214 69146 INFO tempest.lib.common.rest_client [req-5fe400d9-ebb3-4a8c-a0c4-f5ab8effe436 req-5fe400d9-ebb3-4a8c-a0c4-f5ab8effe436 ] Request (VolumesAdminNegativeTest:setUpClass): 201 POST http://10.180.1.21:9696/networking/v2.0/networks 0.510s
2025-03-19 15:34:55.239 69124 INFO tempest.lib.common.rest_client [req-5e8b8d62-2d5b-4b5e-a0e6-6a9f87378e50 req-5e8b8d62-2d5b-4b5e-a0e6-6a9f87378e50 ] Request (QuotasSecurityGroupAdminNegativeTest:tearDownClass): 200 GET http://10.180.1.21:9696/networking/v2.0/security-groups?tenant_id=be194e375e8c42eaa2c39db137886fff&name=default 0.279s
2025-03-19 15:34:55.263 69150 INFO tempest.lib.common.rest_client [req-befdfdb2-f147-4f22-b732-3fa293c2d510 req-befdfdb2-f147-4f22-b732-3fa293c2d510 ] Request (AttachVolumeNegativeTest:test_attach_attached_volume_to_different_server): 200 GET http://10.180.1.21/compute/v2.1/servers/bb75a858-288f-4bdd-8488-9f5d15324e6f 1.041s
2025-03-19 15:34:55.372 69124 INFO tempest.lib.common.rest_client [req-8ee4af0b-d14f-4913-a205-759e0ca2df9c req-8ee4af0b-d14f-4913-a205-759e0ca2df9c ] Request (QuotasSecurityGroupAdminNegativeTest:tearDownClass): 204 DELETE http://10.180.1.21:9696/networking/v2.0/security-groups/8c132260-59f4-444d-8566-d78efb1b669d 0.132s
2025-03-19 15:34:55.456 69124 INFO tempest.lib.common.rest_client [req-87f35d26-b177-4f00-a0aa-682758119b99 req-87f35d26-b177-4f00-a0aa-682758119b99 ] Request (QuotasSecurityGroupAdminNegativeTest:tearDownClass): 204 DELETE http://10.180.1.21/identity/v3/projects/be194e375e8c42eaa2c39db137886fff 0.083s
2025-03-19 15:34:55.456 69124 INFO tempest.lib.common.dynamic_creds [-] Deleting project and security group for project: 32bc7eb5eeb646fc958b89159655588a
2025-03-19 15:34:55.466 69146 INFO tempest.lib.common.rest_client [req-0c751444-3701-495d-a84c-e5f780225f92 req-0c751444-3701-495d-a84c-e5f780225f92 ] Request (VolumesAdminNegativeTest:setUpClass): 201 POST http://10.180.1.21:9696/networking/v2.0/subnets 0.251s
2025-03-19 15:34:55.601 69124 INFO tempest.lib.common.rest_client [req-ac5c1d88-a757-4a1d-95bc-b0cb9dd75f62 req-ac5c1d88-a757-4a1d-95bc-b0cb9dd75f62 ] Request (QuotasSecurityGroupAdminNegativeTest:tearDownClass): 200 GET http://10.180.1.21:9696/networking/v2.0/security-groups?tenant_id=32bc7eb5eeb646fc958b89159655588a&name=default 0.144s
2025-03-19 15:34:55.723 69124 INFO tempest.lib.common.rest_client [req-f2202050-d76d-429a-8216-76f4e371253f req-f2202050-d76d-429a-8216-76f4e371253f ] Request (QuotasSecurityGroupAdminNegativeTest:tearDownClass): 204 DELETE http://10.180.1.21:9696/networking/v2.0/security-groups/dc2a75a7-7109-457c-b24c-8849ecadf611 0.122s
2025-03-19 15:34:55.754 69120 INFO tempest.lib.common.rest_client [req-87e6eb39-95ec-406f-aa85-ac40f593718d req-87e6eb39-95ec-406f-aa85-ac40f593718d ] Request (ImagesOneServerNegativeTestJSON:setUpClass): 202 POST http://10.180.1.21/compute/v2.1/servers 1.822s
2025-03-19 15:34:55.773 69118 INFO tempest.lib.common.rest_client [req-aa90567c-ff6f-4ba8-a700-084c8a7a0f4c req-aa90567c-ff6f-4ba8-a700-084c8a7a0f4c ] Request (FlavorsAdminTestJSON:_run_cleanups): 202 DELETE http://10.180.1.21/compute/v2.1/flavors/1231538595 1.323s
2025-03-19 15:34:55.775 69164 INFO tempest.lib.common.rest_client [req-12a629b4-957f-4f68-aa1d-cf496e73ebec req-12a629b4-957f-4f68-aa1d-cf496e73ebec ] Request (AttachVolumeTestJSON:test_attach_detach_volume): 202 POST http://10.180.1.21/compute/v2.1/servers 1.543s
2025-03-19 15:34:55.811 69110 INFO tempest.lib.common.rest_client [req-cd29fa7c-34cc-4de4-82a8-6bdebaed321f req-cd29fa7c-34cc-4de4-82a8-6bdebaed321f ] Request (KeyPairsV22TestJSON:_run_cleanups): 204 DELETE http://10.180.1.21/compute/v2.1/os-keypairs/tempest-KeyPairsV22TestJSON-keypair-2059554475 1.256s
2025-03-19 15:34:55.819 69116 INFO tempest.lib.common.rest_client [req-09a25b54-d836-454c-823e-0548f2e923c8 req-09a25b54-d836-454c-823e-0548f2e923c8 ] Request (ListServersNegativeTestJSON:test_list_servers_by_limits_pass_string): 400 GET http://10.180.1.21/compute/v2.1/servers?limit=testing 1.258s
2025-03-19 15:34:55.877 69124 INFO tempest.lib.common.rest_client [req-002a6fb2-2dbc-40fb-b04d-977cbcaf2ad2 req-002a6fb2-2dbc-40fb-b04d-977cbcaf2ad2 ] Request (QuotasSecurityGroupAdminNegativeTest:tearDownClass): 204 DELETE http://10.180.1.21/identity/v3/projects/32bc7eb5eeb646fc958b89159655588a 0.153s
2025-03-19 15:34:55.905 69112 INFO tempest.lib.common.rest_client [req-8d539087-968f-43ba-a18e-b6de6c877135 req-8d539087-968f-43ba-a18e-b6de6c877135 ] Request (ServersAdmin275Test:_run_cleanups): 200 GET http://10.180.1.21/compute/v2.1/servers/c22d31c2-9d25-498c-b903-ea3a88a81bf2 1.271s
2025-03-19 15:34:55.916 69112 INFO tempest.common.waiters [-] State transition "REBUILD/rebuild_spawning" ==> "ACTIVE/None" after 12 second wait
2025-03-19 15:34:55.950 69124 INFO tempest.lib.common.rest_client [req-4c28ba59-984b-4195-8c30-cfc5eb8696bd req-4c28ba59-984b-4195-8c30-cfc5eb8696bd ] Request (FlavorsV2TestJSON:setUpClass): 201 POST http://10.180.1.21/identity/v3/auth/tokens 0.071s
2025-03-19 15:34:55.992 69124 INFO tempest.lib.common.rest_client [req-161047d4-34ec-41f5-8a81-f15ddd4776bd req-161047d4-34ec-41f5-8a81-f15ddd4776bd ] Request (FlavorsV2TestJSON:setUpClass): 201 POST http://10.180.1.21/identity/v3/auth/tokens 0.033s
2025-03-19 15:34:56.019 69124 INFO tempest.lib.common.rest_client [req-f5015d66-fa3d-4eb2-ad44-ec538fa077a8 req-f5015d66-fa3d-4eb2-ad44-ec538fa077a8 ] Request (FlavorsV2TestJSON:setUpClass): 200 GET http://10.180.1.21/identity/v3/domains?name=Default 0.026s
2025-03-19 15:34:56.028 69114 INFO tempest.lib.common.rest_client [req-97d9b35d-1707-4b12-9777-4c5d75a1e55e req-97d9b35d-1707-4b12-9777-4c5d75a1e55e ] Request (ServerRescueTestJSONUnderV235:setUpClass): 200 GET http://10.180.1.21/compute/v2.1/servers/35698194-cc33-4c3a-a153-8f31d6c82941 1.489s
2025-03-19 15:34:56.059 69124 INFO tempest.lib.common.rest_client [req-dc59b95e-de4b-4621-ad65-7f50def9dda6 req-dc59b95e-de4b-4621-ad65-7f50def9dda6 ] Request (FlavorsV2TestJSON:setUpClass): 201 POST http://10.180.1.21/identity/v3/projects 0.039s
2025-03-19 15:34:56.111 69130 INFO tempest.lib.common.rest_client [req-6017b5b7-71f7-4139-96ce-5d5ecfbf6078 req-6017b5b7-71f7-4139-96ce-5d5ecfbf6078 ] Request (AttachInterfacesV270Test:test_create_get_list_interfaces): 200 GET http://10.180.1.21/compute/v2.1/servers/b378dd19-85f6-40cd-8195-626fdb3d3753 1.400s
2025-03-19 15:34:56.125 69124 INFO tempest.lib.common.rest_client [req-a935773a-c659-41ff-82fc-3d8a8d1a7a60 req-a935773a-c659-41ff-82fc-3d8a8d1a7a60 ] Request (FlavorsV2TestJSON:setUpClass): 201 POST http://10.180.1.21/identity/v3/users 0.066s
2025-03-19 15:34:56.149 69124 INFO tempest.lib.common.rest_client [req-a2e38d66-a623-4506-bd3b-ad137bf56637 req-a2e38d66-a623-4506-bd3b-ad137bf56637 ] Request (FlavorsV2TestJSON:setUpClass): 200 GET http://10.180.1.21/identity/v3/roles 0.023s
2025-03-19 15:34:56.178 69124 INFO tempest.lib.common.rest_client [req-b4ee4e77-c445-429b-8936-58c7c6969d57 req-b4ee4e77-c445-429b-8936-58c7c6969d57 ] Request (FlavorsV2TestJSON:setUpClass): 204 PUT http://10.180.1.21/identity/v3/projects/a7b1751f13b0408784156121c97ab3dc/users/10f557fde3b64546824ff0fa1302c7cd/roles/93b57fc27a66406c88ede10cd9f694fe 0.029s
2025-03-19 15:34:56.179 69124 INFO tempest.lib.common.dynamic_creds [-] Dynamic test user 10f557fde3b64546824ff0fa1302c7cd is created with scope project and roles: ['member']
2025-03-19 15:34:56.179 69124 INFO tempest.lib.common.dynamic_creds [-] Acquired dynamic creds: credentials: Credentials: {'domain_id': 'default', 'domain_name': 'Default', 'username': 'tempest-FlavorsV2TestJSON-425618122-project-member', 'project_domain_id': 'default', 'project_domain_name': 'Default', 'project_id': 'a7b1751f13b0408784156121c97ab3dc', 'project_name': 'tempest-FlavorsV2TestJSON-425618122', 'tenant_id': 'a7b1751f13b0408784156121c97ab3dc', 'tenant_name': 'tempest-FlavorsV2TestJSON-425618122', 'user_domain_id': 'default', 'user_domain_name': 'Default', 'user_id': '10f557fde3b64546824ff0fa1302c7cd', 'system': None}, Network: None, Subnet: None, Router: None
2025-03-19 15:34:56.179 69124 INFO tempest.lib.common.dynamic_creds [-] Created isolated network resources for: credentials: Credentials: {'domain_id': 'default', 'domain_name': 'Default', 'username': 'tempest-FlavorsV2TestJSON-425618122-project-member', 'project_domain_id': 'default', 'project_domain_name': 'Default', 'project_id': 'a7b1751f13b0408784156121c97ab3dc', 'project_name': 'tempest-FlavorsV2TestJSON-425618122', 'tenant_id': 'a7b1751f13b0408784156121c97ab3dc', 'tenant_name': 'tempest-FlavorsV2TestJSON-425618122', 'user_domain_id': 'default', 'user_domain_name': 'Default', 'user_id': '10f557fde3b64546824ff0fa1302c7cd', 'system': None}, Network: None, Subnet: None, Router: None
2025-03-19 15:34:56.251 69124 INFO tempest.lib.common.rest_client [req-46f79ae0-d91e-4d3c-82e3-6fb59ee8e44f req-46f79ae0-d91e-4d3c-82e3-6fb59ee8e44f ] Request (FlavorsV2TestJSON:setUpClass): 201 POST http://10.180.1.21/identity/v3/auth/tokens 0.069s
2025-03-19 15:34:56.327 69156 INFO tempest.lib.common.rest_client [req-36cd8e67-8c29-406b-ae25-929f1f46a6dc req-36cd8e67-8c29-406b-ae25-929f1f46a6dc ] Request (SecurityGroupRulesNegativeTestJSON:tearDownClass): 202 DELETE http://10.180.1.21/compute/v2.1/os-security-groups/d6405126-5642-40fb-82c6-b4ecd299b07b 1.483s
2025-03-19 15:34:56.468 69127 INFO tempest.lib.common.rest_client [req-402fa4a1-8302-4c83-aa27-41eed73d3e79 req-402fa4a1-8302-4c83-aa27-41eed73d3e79 ] Request (FloatingIPsAssociationTestJSON:setUpClass): 200 POST http://10.180.1.21/compute/v2.1/os-floating-ips 1.791s
2025-03-19 15:34:56.563 69127 INFO tempest.lib.common.rest_client [req-d7e3551d-d928-46d1-8b89-d1fb2ee8dac3 req-d7e3551d-d928-46d1-8b89-d1fb2ee8dac3 ] Request (FloatingIPsAssociationTestJSON:test_associate_already_associated_floating_ip): 201 POST http://10.180.1.21/identity/v3/auth/tokens 0.085s
2025-03-19 15:34:56.563 69142 INFO tempest.lib.common.rest_client [req-26df8777-1556-4987-ade7-7bd80d2a9034 req-26df8777-1556-4987-ade7-7bd80d2a9034 ] Request (InstanceActionsNegativeTestJSON:setUpClass): 200 GET http://10.180.1.21/compute/v2.1/servers/d1702b0d-ad46-44ba-aaee-cfdc2a1a554e 1.570s
2025-03-19 15:34:56.563 69127 INFO tempest.lib.common.fixed_network [-] (FloatingIPsAssociationTestJSON:test_associate_already_associated_floating_ip) Found network {'id': '64e79f7d-ccb1-49c1-84a5-b4cedd32b68e', 'name': 'tempest-FloatingIPsAssociationTestJSON-222629118-network', 'tenant_id': '98dd90646b23403cb3c571586b42646f', 'admin_state_up': True, 'mtu': 8950, 'status': 'ACTIVE', 'subnets': [], 'shared': False, 'project_id': '98dd90646b23403cb3c571586b42646f', 'port_security_enabled': True, 'router:external': False, 'provider:network_type': 'vlan', 'provider:physical_network': 'default', 'provider:segmentation_id': 43, 'availability_zone_hints': [], 'availability_zones': [], 'ipv4_address_scope': None, 'ipv6_address_scope': None, 'description': '', 'tags': [], 'created_at': '2025-03-19T15:34:12Z', 'updated_at': '2025-03-19T15:34:12Z', 'revision_number': 1} available for tenant
2025-03-19 15:34:56.578 69134 INFO tempest.lib.common.rest_client [req-80736bb2-e195-4c02-8c71-fbc574069062 req-80736bb2-e195-4c02-8c71-fbc574069062 ] Request (ImagesTestJSON:_run_cleanups): 204 DELETE http://10.180.1.21/compute/v2.1/servers/d79e4132-ef9d-4af4-8f21-49e32d620e19 1.540s
2025-03-19 15:34:56.648 69138 INFO tempest.lib.common.rest_client [req-070b7aeb-9054-47b9-a392-6da1774a2f77 req-070b7aeb-9054-47b9-a392-6da1774a2f77 ] Request (ImagesNegativeTestJSON:test_create_image_from_deleted_server): 200 GET http://10.180.1.21/compute/v2.1/servers/1f066870-2888-4430-aa8b-a4969ccf0cce 1.472s
2025-03-19 15:34:56.655 69134 INFO tempest.lib.common.rest_client [req-7d639ba8-7f38-4593-8c87-54d079e1d439 req-7d639ba8-7f38-4593-8c87-54d079e1d439 ] Request (ImagesTestJSON:test_create_image_from_suspended_server): 201 POST http://10.180.1.21/identity/v3/auth/tokens 0.064s
2025-03-19 15:34:56.655 69134 INFO tempest.lib.common.fixed_network [-] (ImagesTestJSON:test_create_image_from_suspended_server) Found network {'id': 'd8f9d959-dd26-4613-b4f4-5e60c229356d', 'name': 'tempest-ImagesTestJSON-1094703151-network', 'tenant_id': '1c7059e9877847009834a094d3f41657', 'admin_state_up': True, 'mtu': 8950, 'status': 'ACTIVE', 'subnets': [], 'shared': False, 'project_id': '1c7059e9877847009834a094d3f41657', 'port_security_enabled': True, 'router:external': False, 'provider:network_type': 'vlan', 'provider:physical_network': 'default', 'provider:segmentation_id': 627, 'availability_zone_hints': [], 'availability_zones': [], 'ipv4_address_scope': None, 'ipv6_address_scope': None, 'description': '', 'tags': [], 'created_at': '2025-03-19T15:33:52Z', 'updated_at': '2025-03-19T15:33:52Z', 'revision_number': 1} available for tenant
2025-03-19 15:34:56.679 69158 INFO tempest.lib.common.rest_client [req-d52b555c-4893-453a-9409-9fb0728a0f4a req-d52b555c-4893-453a-9409-9fb0728a0f4a ] Request (ServersListShow296Test:test_list_show_update_rebuild_server_296): 200 GET http://10.180.1.21/compute/v2.1/servers/323fcc88-4686-488e-925f-d0649d83089b 1.584s
2025-03-19 15:34:56.694 69158 INFO tempest.common.waiters [-] State transition "BUILD/spawning" ==> "ACTIVE/None" after 30 second wait
2025-03-19 15:34:56.761 69148 INFO tempest.lib.common.rest_client [req-6eddd74f-bcd3-4265-8caf-a4a1d1c206c7 req-6eddd74f-bcd3-4265-8caf-a4a1d1c206c7 ] Request (ServerActionsTestOtherA:setUpClass): 200 GET http://10.180.1.21/compute/v2.1/servers/9869d412-3315-4661-a648-2c573ff65f7f 1.516s
2025-03-19 15:34:56.833 69108 INFO tempest.lib.common.rest_client [req-a2513d9f-2467-4651-8296-362a11e4dec9 req-a2513d9f-2467-4651-8296-362a11e4dec9 ] Request (DeleteServersAdminTestJSON:test_delete_server_while_in_error_state): 200 GET http://10.180.1.21/compute/v2.1/servers/01f36ba6-8385-4242-8778-11745ae292b5 1.518s
2025-03-19 15:34:56.858 69146 INFO tempest.lib.common.rest_client [req-c1262070-79f3-49e4-bb3b-1ad1eadc0be4 req-c1262070-79f3-49e4-bb3b-1ad1eadc0be4 ] Request (VolumesAdminNegativeTest:setUpClass): 201 POST http://10.180.1.21:9696/networking/v2.0/routers 1.392s
2025-03-19 15:34:56.921 69122 INFO tempest.lib.common.rest_client [req-a9b7fb25-e1c7-4f35-9721-98989575f1e0 req-a9b7fb25-e1c7-4f35-9721-98989575f1e0 ] Request (ServersAdminTestJSON:setUpClass): 200 GET http://10.180.1.21/compute/v2.1/servers/060a98ca-e50d-4b0f-96b2-f50e2e03271d 1.591s
2025-03-19 15:34:56.930 69122 INFO tempest.common.waiters [-] State transition "BUILD/scheduling" ==> "BUILD/None" after 14 second wait
2025-03-19 15:34:56.949 69160 INFO tempest.lib.common.rest_client [req-36c979f9-34c3-496c-ba0d-c6168e9500a6 req-36c979f9-34c3-496c-ba0d-c6168e9500a6 ] Request (ServerExternalEventsTest:tearDownClass): 404 GET http://10.180.1.21/compute/v2.1/servers/2d756688-a54a-4439-9979-7783c8df0c44 1.527s
2025-03-19 15:34:57.051 69140 INFO tempest.lib.common.rest_client [req-bd6e93fb-b7e7-4260-b6c7-91f14918e5cb req-bd6e93fb-b7e7-4260-b6c7-91f14918e5cb ] Request (ServersListShow2100Test:test_list_show_rebuild_update_server_2100): 200 GET http://10.180.1.21/compute/v2.1/servers/eb82884d-39aa-4579-b82f-85fa132f9024 1.607s
2025-03-19 15:34:57.066 69154 INFO tempest.lib.common.rest_client [req-1b49dbde-72d7-4a4f-ae3a-db9c16d71b4e req-1b49dbde-72d7-4a4f-ae3a-db9c16d71b4e ] Request (FloatingIPsAssociationNegativeTestJSON:_run_cleanups): 202 DELETE http://10.180.1.21/compute/v2.1/os-floating-ips/5786b4e7-1cb4-4e3c-818b-1b69beac7ffa 1.857s
2025-03-19 15:34:57.070 69140 INFO tempest.common.waiters [-] State transition "REBUILD/rebuilding" ==> "REBUILD/rebuild_spawning" after 3 second wait
2025-03-19 15:34:57.108 69104 INFO tempest.lib.common.rest_client [req-d5643bc0-64f0-4b1e-ae26-868974a27d7d req-d5643bc0-64f0-4b1e-ae26-868974a27d7d ] Request (ListImageFiltersTestJSON:setUpClass): 200 GET http://10.180.1.21/compute/v2.1/servers/596ff49a-578e-43a1-86fa-91e7bb4dc1ee 1.588s
2025-03-19 15:34:57.114 69160 INFO tempest.lib.common.rest_client [req-fc249e8b-f4bc-4d62-aeb4-0ee7cea826ae req-fc249e8b-f4bc-4d62-aeb4-0ee7cea826ae ] Request (ServerExternalEventsTest:tearDownClass): 204 DELETE http://10.180.1.21/identity/v3/users/a8a2a186aa5e466cb8658b4b7709c22e 0.164s
2025-03-19 15:34:57.117 69104 INFO tempest.common.waiters [-] State transition "BUILD/scheduling" ==> "BUILD/None" after 15 second wait
2025-03-19 15:34:57.139 69132 INFO tempest.lib.common.rest_client [req-95bf698a-592f-4546-9bc5-2a916dccb2d0 req-95bf698a-592f-4546-9bc5-2a916dccb2d0 ] Request (ServerDiagnosticsTest:tearDownClass): 200 GET http://10.180.1.21/compute/v2.1/servers/9ff4bca9-16bd-4609-8671-b42f796caa5c 1.592s
2025-03-19 15:34:57.191 69120 INFO tempest.lib.common.rest_client [req-6891e314-ef8f-43b8-a523-7dbf19798298 req-6891e314-ef8f-43b8-a523-7dbf19798298 ] Request (ImagesOneServerNegativeTestJSON:setUpClass): 200 GET http://10.180.1.21/compute/v2.1/servers/75034c85-c991-4d7c-b7b0-cb547642e903 1.435s
2025-03-19 15:34:57.210 69160 INFO tempest.lib.common.rest_client [req-e5d86c7b-1872-4529-a1d2-56580b2da4e0 req-e5d86c7b-1872-4529-a1d2-56580b2da4e0 ] Request (ServerExternalEventsTest:tearDownClass): 204 DELETE http://10.180.1.21/identity/v3/users/82f8a113cad84c9d8d4ee5886f184570 0.095s
2025-03-19 15:34:57.219 69118 INFO tempest.lib.common.rest_client [req-4c17d1c8-7ac4-43b7-9848-5de37e224fdd req-4c17d1c8-7ac4-43b7-9848-5de37e224fdd ] Request (FlavorsAdminTestJSON:_run_cleanups): 200 GET http://10.180.1.21/compute/v2.1/flavors/detail 1.445s
2025-03-19 15:34:57.266 69164 INFO tempest.lib.common.rest_client [req-d2013d74-a34e-4785-9490-e012768f4a41 req-d2013d74-a34e-4785-9490-e012768f4a41 ] Request (AttachVolumeTestJSON:test_attach_detach_volume): 200 GET http://10.180.1.21/compute/v2.1/servers/5db9f79c-bda3-4d2e-b8f2-0a59d7712d68 1.486s
2025-03-19 15:34:57.285 69128 INFO tempest.lib.common.rest_client [req-f7325c61-ed04-4f65-99db-bcbaf42962c0 req-f7325c61-ed04-4f65-99db-bcbaf42962c0 ] Request (MigrationsAdminTest:test_list_migrations_in_flavor_resize_situation): 200 GET http://10.180.1.21/compute/v2.1/servers/90a90104-ef19-43f6-badb-0e06d0ee0bee 1.590s
2025-03-19 15:34:57.301 69110 INFO tempest.lib.common.rest_client [req-8b023bae-f559-4849-abe6-9c9d98c5cb60 req-8b023bae-f559-4849-abe6-9c9d98c5cb60 ] Request (KeyPairsV22TestJSON:_run_cleanups): 204 DELETE http://10.180.1.21/compute/v2.1/os-keypairs/tempest-KeyPairsV22TestJSON-keypair-803017801 1.489s
2025-03-19 15:34:57.320 69116 INFO tempest.lib.common.rest_client [req-685b8481-dc01-450d-b031-e53ad0f9c326 req-685b8481-dc01-450d-b031-e53ad0f9c326 ] Request (ListServersNegativeTestJSON:test_list_servers_by_non_existing_flavor): 200 GET http://10.180.1.21/compute/v2.1/servers?flavor=non_existing_flavor 1.500s
2025-03-19 15:34:57.325 69160 INFO tempest.lib.common.rest_client [req-51d483e4-082e-42a1-9386-2f33c34d281a req-51d483e4-082e-42a1-9386-2f33c34d281a ] Request (ServerExternalEventsTest:tearDownClass): 204 DELETE http://10.180.1.21/identity/v3/users/fb71eae08b3e4d00a10c3a243fe17458 0.114s
2025-03-19 15:34:57.325 69160 INFO tempest.lib.common.dynamic_creds [-] Deleting project and security group for project: 88526cd963044b4790b8470a0b4e39d2
2025-03-19 15:34:57.329 69106 INFO tempest.lib.common.rest_client [req-cd9723ef-2a6b-457b-896f-536e8fb3b1b5 req-cd9723ef-2a6b-457b-896f-536e8fb3b1b5 ] Request (ServersListShow298Test:test_list_show_update_rebuild_server_298): 200 GET http://10.180.1.21/compute/v2.1/servers/859eb560-faaf-471c-95dc-bcf2544f8a04 1.550s
2025-03-19 15:34:57.387 69160 INFO tempest.lib.common.rest_client [req-3aa141cc-9fda-4130-8691-48a7824766e6 req-3aa141cc-9fda-4130-8691-48a7824766e6 ] Request (ServerExternalEventsTest:tearDownClass): 201 POST http://10.180.1.21/identity/v3/auth/tokens 0.061s
2025-03-19 15:34:57.429 69112 INFO tempest.lib.common.rest_client [req-3249ea7a-8bb8-4876-aa34-10bb17925e55 req-3249ea7a-8bb8-4876-aa34-10bb17925e55 ] Request (ServersAdmin275Test:tearDownClass): 204 DELETE http://10.180.1.21/compute/v2.1/servers/c22d31c2-9d25-498c-b903-ea3a88a81bf2 1.512s
2025-03-19 15:34:57.462 69144 INFO tempest.lib.common.rest_client [req-8acb0436-68ab-4bb6-bbd2-4a8e6dab6c3b req-8acb0436-68ab-4bb6-bbd2-4a8e6dab6c3b ] Request (ServerAddressesNegativeTestJSON:setUpClass): 200 GET http://10.180.1.21/compute/v2.1/servers/8109d3f2-0864-4771-96cc-6046f82763f4 1.246s
2025-03-19 15:34:57.494 69160 INFO tempest.lib.common.rest_client [req-03fceec2-84d8-4495-97e4-b33ac1ce0669 req-03fceec2-84d8-4495-97e4-b33ac1ce0669 ] Request (ServerExternalEventsTest:tearDownClass): 200 GET http://10.180.1.21:9696/networking/v2.0/security-groups?tenant_id=88526cd963044b4790b8470a0b4e39d2&name=default 0.106s
2025-03-19 15:34:57.512 69150 INFO tempest.lib.common.rest_client [req-42978fd9-f4b7-4580-a8e2-90342a68698e req-42978fd9-f4b7-4580-a8e2-90342a68698e ] Request (AttachVolumeNegativeTest:test_attach_attached_volume_to_different_server): 200 GET http://10.180.1.21/compute/v2.1/servers/bb75a858-288f-4bdd-8488-9f5d15324e6f 1.234s
2025-03-19 15:34:57.552 69124 INFO tempest.lib.common.rest_client [req-fd3c9abc-2bd2-4a72-9d3d-f626c406cfc0 req-fd3c9abc-2bd2-4a72-9d3d-f626c406cfc0 ] Request (FlavorsV2TestJSON:test_get_flavor): 200 GET http://10.180.1.21/compute/v2.1/flavors/42 1.300s
2025-03-19 15:34:57.649 69156 INFO tempest.lib.common.rest_client [req-2f5b7a94-f80f-45a0-9260-b8588e682571 req-2f5b7a94-f80f-45a0-9260-b8588e682571 ] Request (SecurityGroupRulesNegativeTestJSON:tearDownClass): 202 DELETE http://10.180.1.21/compute/v2.1/os-security-groups/3beafbe0-1e6e-4a04-8bad-5d70c69e5a1b 1.321s
2025-03-19 15:34:57.943 69160 INFO tempest.lib.common.rest_client [req-ae17528e-df6f-4a4e-8ec1-2b42a59ceaae req-ae17528e-df6f-4a4e-8ec1-2b42a59ceaae ] Request (ServerExternalEventsTest:tearDownClass): 204 DELETE http://10.180.1.21:9696/networking/v2.0/security-groups/811608bf-987c-49b6-9910-b725ada6417a 0.449s
2025-03-19 15:34:58.025 69160 INFO tempest.lib.common.rest_client [req-2caffe9e-a2ed-4b26-a471-db8a2954d0f5 req-2caffe9e-a2ed-4b26-a471-db8a2954d0f5 ] Request (ServerExternalEventsTest:tearDownClass): 204 DELETE http://10.180.1.21/identity/v3/projects/88526cd963044b4790b8470a0b4e39d2 0.081s
2025-03-19 15:34:58.025 69160 INFO tempest.lib.common.dynamic_creds [-] Deleting project and security group for project: c19e188852644955ba3c69f084552b5c
2025-03-19 15:34:58.054 69152 WARNING tempest.lib.common.ssh [-] Failed to establish authenticated ssh connection to cirros@10.180.180.134 ([Errno None] Unable to connect to port 22 on 10.180.180.134). Number attempts: 3. Retry after 4 seconds.: paramiko.ssh_exception.NoValidConnectionsError: [Errno None] Unable to connect to port 22 on 10.180.180.134
2025-03-19 15:34:58.164 69134 INFO tempest.lib.common.rest_client [req-310cc699-b462-4660-b17f-25f18c940ee5 req-310cc699-b462-4660-b17f-25f18c940ee5 ] Request (ImagesTestJSON:test_create_image_from_suspended_server): 202 POST http://10.180.1.21/compute/v2.1/servers 1.508s
2025-03-19 15:34:58.167 69127 INFO tempest.lib.common.rest_client [req-abd23193-4502-447e-a2c9-44c71dfb0bf7 req-abd23193-4502-447e-a2c9-44c71dfb0bf7 ] Request (FloatingIPsAssociationTestJSON:test_associate_already_associated_floating_ip): 202 POST http://10.180.1.21/compute/v2.1/servers 1.603s
2025-03-19 15:34:58.207 69160 INFO tempest.lib.common.rest_client [req-d87c4420-be1d-41c5-bad6-62e547fb00f5 req-d87c4420-be1d-41c5-bad6-62e547fb00f5 ] Request (ServerExternalEventsTest:tearDownClass): 200 GET http://10.180.1.21:9696/networking/v2.0/security-groups?tenant_id=c19e188852644955ba3c69f084552b5c&name=default 0.181s
2025-03-19 15:34:58.314 69158 INFO tempest.lib.common.rest_client [req-5f740343-94ee-4371-9d10-cfedaec18320 req-5f740343-94ee-4371-9d10-cfedaec18320 ] Request (ServersListShow296Test:test_list_show_update_rebuild_server_296): 200 GET http://10.180.1.21/compute/v2.1/servers/detail 1.619s
2025-03-19 15:34:58.370 69114 INFO tempest.lib.common.rest_client [req-43811464-b4fe-4d99-9a4a-605f6abad44e req-43811464-b4fe-4d99-9a4a-605f6abad44e ] Request (ServerRescueTestJSONUnderV235:setUpClass): 200 GET http://10.180.1.21/compute/v2.1/servers/35698194-cc33-4c3a-a153-8f31d6c82941 1.335s
2025-03-19 15:34:58.445 69130 INFO tempest.lib.common.rest_client [req-0ea5db33-f7b1-481f-aa17-f8832bd14afb req-0ea5db33-f7b1-481f-aa17-f8832bd14afb ] Request (AttachInterfacesV270Test:test_create_get_list_interfaces): 200 GET http://10.180.1.21/compute/v2.1/servers/b378dd19-85f6-40cd-8195-626fdb3d3753 1.323s
2025-03-19 15:34:58.455 69130 INFO tempest.common.waiters [-] State transition "BUILD/None" ==> "BUILD/networking" after 22 second wait
2025-03-19 15:34:58.470 69118 INFO tempest.lib.common.rest_client [req-813bf847-d031-4a59-ae91-a37af5bf32b8 req-813bf847-d031-4a59-ae91-a37af5bf32b8 ] Request (FlavorsAdminTestJSON:test_list_non_public_flavor): 200 POST http://10.180.1.21/compute/v2.1/flavors 1.243s
2025-03-19 15:34:58.499 69110 INFO tempest.lib.common.rest_client [req-27ba8c29-70c1-4576-a471-5a365df4f6fa req-27ba8c29-70c1-4576-a471-5a365df4f6fa ] Request (KeyPairsV22TestJSON:_run_cleanups): 204 DELETE http://10.180.1.21/compute/v2.1/os-keypairs/tempest-KeyPairsV22TestJSON-keypair-1917121054 1.197s
2025-03-19 15:34:58.541 69160 INFO tempest.lib.common.rest_client [req-1110339d-02cf-45d3-9a27-a2d193f312d2 req-1110339d-02cf-45d3-9a27-a2d193f312d2 ] Request (ServerExternalEventsTest:tearDownClass): 204 DELETE http://10.180.1.21:9696/networking/v2.0/security-groups/b3b61ace-eacc-49a8-97a4-e564fdd8eccb 0.334s
2025-03-19 15:34:58.563 69116 INFO tempest.lib.common.rest_client [req-a502f601-20e1-4c53-8262-5e1de6945542 req-a502f601-20e1-4c53-8262-5e1de6945542 ] Request (ListServersNegativeTestJSON:test_list_servers_by_non_existing_image): 200 GET http://10.180.1.21/compute/v2.1/servers?image=non_existing_image 1.239s
2025-03-19 15:34:58.600 69146 INFO tempest.lib.common.rest_client [req-009d00d2-ef16-4ffa-8c2b-b1ecd15af80d req-009d00d2-ef16-4ffa-8c2b-b1ecd15af80d ] Request (VolumesAdminNegativeTest:setUpClass): 200 PUT http://10.180.1.21:9696/networking/v2.0/routers/fdb4174b-2722-4dec-9f8e-0b5c4d607a4d/add_router_interface 1.741s
2025-03-19 15:34:58.601 69146 INFO tempest.lib.common.dynamic_creds [-] Created isolated network resources for: credentials: Credentials: {'domain_id': 'default', 'domain_name': 'Default', 'username': 'tempest-VolumesAdminNegativeTest-530996955-project-member', 'project_domain_id': 'default', 'project_domain_name': 'Default', 'project_id': 'ac86bc1dc5cd4306ac0170404dad5c8b', 'project_name': 'tempest-VolumesAdminNegativeTest-530996955', 'tenant_id': 'ac86bc1dc5cd4306ac0170404dad5c8b', 'tenant_name': 'tempest-VolumesAdminNegativeTest-530996955', 'user_domain_id': 'default', 'user_domain_name': 'Default', 'user_id': 'b91af06eedf3401fb5ce922bcafd7b1c', 'system': None}, Network: {'id': '5fbead1b-7013-470e-aaa5-af8272f152d2', 'name': 'tempest-VolumesAdminNegativeTest-547900104-network', 'tenant_id': 'ac86bc1dc5cd4306ac0170404dad5c8b', 'admin_state_up': True, 'mtu': 8950, 'status': 'ACTIVE', 'subnets': [], 'shared': False, 'project_id': 'ac86bc1dc5cd4306ac0170404dad5c8b', 'port_security_enabled': True, 'router:external': False, 'provider:network_type': 'vlan', 'provider:physical_network': 'default', 'provider:segmentation_id': 272, 'availability_zone_hints': [], 'availability_zones': [], 'ipv4_address_scope': None, 'ipv6_address_scope': None, 'description': '', 'tags': [], 'created_at': '2025-03-19T15:34:55Z', 'updated_at': '2025-03-19T15:34:55Z', 'revision_number': 1}, Subnet: {'id': 'b94ebe80-b8f4-4fad-bbf2-8c9c703a1b35', 'name': 'tempest-VolumesAdminNegativeTest-547900104-subnet', 'tenant_id': 'ac86bc1dc5cd4306ac0170404dad5c8b', 'network_id': '5fbead1b-7013-470e-aaa5-af8272f152d2', 'ip_version': 4, 'subnetpool_id': None, 'enable_dhcp': True, 'ipv6_ra_mode': None, 'ipv6_address_mode': None, 'gateway_ip': '192.168.128.1', 'cidr': '192.168.128.0/28', 'allocation_pools': [{'start': '192.168.128.2', 'end': '192.168.128.14'}], 'host_routes': [], 'dns_nameservers': [], 'description': '', 'router:external': False, 'service_types': [], 'tags': [], 'created_at': '2025-03-19T15:34:55Z', 'updated_at': '2025-03-19T15:34:55Z', 'revision_number': 0, 'project_id': 'ac86bc1dc5cd4306ac0170404dad5c8b'}, Router: {'id': 'fdb4174b-2722-4dec-9f8e-0b5c4d607a4d', 'name': 'tempest-VolumesAdminNegativeTest-547900104-router', 'tenant_id': 'ac86bc1dc5cd4306ac0170404dad5c8b', 'admin_state_up': True, 'status': 'ACTIVE', 'external_gateway_info': {'network_id': 'd1e5ccea-69e3-4301-b712-4335cdb9d02b', 'external_fixed_ips': [{'subnet_id': '95668807-1c81-4d11-990b-4f2efd063ee9', 'ip_address': '10.180.180.198'}], 'enable_snat': True}, 'description': '', 'availability_zones': [], 'distributed': False, 'ha': False, 'availability_zone_hints': [], 'routes': [], 'flavor_id': None, 'tags': [], 'created_at': '2025-03-19T15:34:55Z', 'updated_at': '2025-03-19T15:34:56Z', 'revision_number': 2, 'project_id': 'ac86bc1dc5cd4306ac0170404dad5c8b'}
2025-03-19 15:34:58.743 69156 INFO tempest.lib.common.rest_client [req-f54669d2-f4a5-409d-a1fe-90fa8c41525a req-f54669d2-f4a5-409d-a1fe-90fa8c41525a ] Request (SecurityGroupRulesNegativeTestJSON:tearDownClass): 200 PUT http://10.180.1.21:9696/networking/v2.0/routers/2e20f3ce-3c65-43d1-b2d3-009555b6a355/remove_router_interface 1.093s
2025-03-19 15:34:58.752 69146 INFO tempest.lib.common.rest_client [req-8a4588f2-a50b-4b36-8f48-27e659f0b238 req-8a4588f2-a50b-4b36-8f48-27e659f0b238 ] Request (VolumesAdminNegativeTest:setUpClass): 201 POST http://10.180.1.21/identity/v3/auth/tokens 0.146s
2025-03-19 15:34:58.757 69160 INFO tempest.lib.common.rest_client [req-6d51162b-4f45-4af7-8d44-ffa6daed3ee2 req-6d51162b-4f45-4af7-8d44-ffa6daed3ee2 ] Request (ServerExternalEventsTest:tearDownClass): 204 DELETE http://10.180.1.21/identity/v3/projects/c19e188852644955ba3c69f084552b5c 0.215s
2025-03-19 15:34:58.757 69160 INFO tempest.lib.common.dynamic_creds [-] Deleting project and security group for project: 71413a7f4d53421d82d52f96680b2adb
2025-03-19 15:34:58.902 69146 INFO tempest.lib.common.rest_client [req-b0016aa2-0509-4f82-a829-7eb2a1609fab req-b0016aa2-0509-4f82-a829-7eb2a1609fab ] Request (VolumesAdminNegativeTest:setUpClass): 201 POST http://10.180.1.21/identity/v3/projects 0.149s
2025-03-19 15:34:58.928 69112 INFO tempest.lib.common.rest_client [req-d94e9bbe-05fa-4437-a6b8-bf2f73c7d804 req-d94e9bbe-05fa-4437-a6b8-bf2f73c7d804 ] Request (ServersAdmin275Test:tearDownClass): 200 GET http://10.180.1.21/compute/v2.1/servers/c22d31c2-9d25-498c-b903-ea3a88a81bf2 1.498s
2025-03-19 15:34:58.957 69124 INFO tempest.lib.common.rest_client [req-b7049be8-faf7-49c8-acfd-9b45c64ad5ad req-b7049be8-faf7-49c8-acfd-9b45c64ad5ad ] Request (FlavorsV2TestJSON:test_list_flavors): 200 GET http://10.180.1.21/compute/v2.1/flavors 1.401s
2025-03-19 15:34:59.005 69146 INFO tempest.lib.common.rest_client [req-9ac3263b-4826-4998-803d-17bbcb362c05 req-9ac3263b-4826-4998-803d-17bbcb362c05 ] Request (VolumesAdminNegativeTest:setUpClass): 201 POST http://10.180.1.21/identity/v3/users 0.102s
2025-03-19 15:34:59.042 69146 INFO tempest.lib.common.rest_client [req-b13bc29e-ee0a-4a9c-ad69-8930a30238a1 req-b13bc29e-ee0a-4a9c-ad69-8930a30238a1 ] Request (VolumesAdminNegativeTest:setUpClass): 200 GET http://10.180.1.21/identity/v3/roles 0.036s
2025-03-19 15:34:59.081 69146 INFO tempest.lib.common.rest_client [req-2cec194b-fff0-4bbb-9bca-2fa3f5e56499 req-2cec194b-fff0-4bbb-9bca-2fa3f5e56499 ] Request (VolumesAdminNegativeTest:setUpClass): 204 PUT http://10.180.1.21/identity/v3/projects/ced909763c4b4d848d302105a755fe70/users/a41e5b3df289470e95645555864200fc/roles/403ad16fca3b4328955f98942cf09423 0.038s
2025-03-19 15:34:59.164 69146 INFO tempest.lib.common.rest_client [req-3847c532-a567-465c-bb69-1fda048b2a54 req-3847c532-a567-465c-bb69-1fda048b2a54 ] Request (VolumesAdminNegativeTest:setUpClass): 200 GET http://10.180.1.21/identity/v3/roles 0.083s
2025-03-19 15:34:59.196 69146 INFO tempest.lib.common.rest_client [req-2fb47d10-cbef-45eb-b2f0-890aeb6ee63d req-2fb47d10-cbef-45eb-b2f0-890aeb6ee63d ] Request (VolumesAdminNegativeTest:setUpClass): 204 PUT http://10.180.1.21/identity/v3/projects/ced909763c4b4d848d302105a755fe70/users/a41e5b3df289470e95645555864200fc/roles/403ad16fca3b4328955f98942cf09423 0.031s
2025-03-19 15:34:59.196 69146 INFO tempest.lib.common.dynamic_creds [-] Dynamic test user a41e5b3df289470e95645555864200fc is created with scope project and roles: ['admin']
2025-03-19 15:34:59.196 69146 INFO tempest.lib.common.dynamic_creds [-] Acquired dynamic creds: credentials: Credentials: {'domain_id': 'default', 'domain_name': 'Default', 'username': 'tempest-VolumesAdminNegativeTest-764745764-project-admin', 'project_domain_id': 'default', 'project_domain_name': 'Default', 'project_id': 'ced909763c4b4d848d302105a755fe70', 'project_name': 'tempest-VolumesAdminNegativeTest-764745764', 'tenant_id': 'ced909763c4b4d848d302105a755fe70', 'tenant_name': 'tempest-VolumesAdminNegativeTest-764745764', 'user_domain_id': 'default', 'user_domain_name': 'Default', 'user_id': 'a41e5b3df289470e95645555864200fc', 'system': None}, Network: None, Subnet: None, Router: None
2025-03-19 15:34:59.210 69142 INFO tempest.lib.common.rest_client [req-1ad29e5a-e3ac-4b34-89ff-c564a4310c11 req-1ad29e5a-e3ac-4b34-89ff-c564a4310c11 ] Request (InstanceActionsNegativeTestJSON:setUpClass): 200 GET http://10.180.1.21/compute/v2.1/servers/d1702b0d-ad46-44ba-aaee-cfdc2a1a554e 1.638s
2025-03-19 15:34:59.219 69142 INFO tempest.common.waiters [-] State transition "BUILD/spawning" ==> "ACTIVE/None" after 27 second wait
2025-03-19 15:34:59.270 69102 WARNING tempest.lib.common.ssh [-] Failed to establish authenticated ssh connection to cirros@10.180.180.129 ([Errno None] Unable to connect to port 22 on 10.180.180.129). Number attempts: 3. Retry after 4 seconds.: paramiko.ssh_exception.NoValidConnectionsError: [Errno None] Unable to connect to port 22 on 10.180.180.129
