2025-03-19 04:12:20.219 69692 INFO tempest.lib.common.rest_client [req-3cc1a3c6-625c-4699-ba64-24107309187c req-3cc1a3c6-625c-4699-ba64-24107309187c ] Request (ServerDiskConfigTestJSON:test_rebuild_server_with_auto_disk_config): 200 GET http://10.180.1.21/compute/v2.1/servers/ad89fe25-881d-46a6-af6a-1098d39c87a9 3.218s
2025-03-19 04:12:20.223 69728 INFO tempest.lib.common.rest_client [req-201ce3c9-3938-44c3-90e6-a1fe82c995c2 req-201ce3c9-3938-44c3-90e6-a1fe82c995c2 ] Request (ServersAdminTestJSON:setUpClass): 200 GET http://10.180.1.21/compute/v2.1/servers/7ba3bef3-3ecd-4dab-8d06-4583bd4b1959 3.209s
2025-03-19 04:12:20.232 69728 INFO tempest.common.waiters [-] State transition "BUILD/spawning" ==> "ACTIVE/None" after 25 second wait
2025-03-19 04:12:20.267 69722 INFO tempest.lib.common.rest_client [req-62336f7e-991c-4401-a209-89acf56f2df4 req-62336f7e-991c-4401-a209-89acf56f2df4 ] Request (ServerActionsV293TestJSON:setUpClass): 201 POST http://10.180.1.21:9696/networking/v2.0/security-groups 0.247s
2025-03-19 04:12:20.288 69700 INFO tempest.lib.common.rest_client [req-98dda6fb-5178-41c1-b180-b82a8207ca21 req-98dda6fb-5178-41c1-b180-b82a8207ca21 ] Request (VolumesAssistedSnapshotsTest:test_volume_assisted_snapshot_create_delete): 200 GET http://10.180.1.21/compute/v2.1/servers/6bc4ef14-5504-4c90-8d21-a8cd681b9070 3.188s
2025-03-19 04:12:20.292 69740 INFO tempest.lib.common.rest_client [req-07216310-52ba-4b95-9b51-d50fe31e9772 req-07216310-52ba-4b95-9b51-d50fe31e9772 ] Request (ServerDiagnosticsTest:test_get_server_diagnostics): 200 GET http://10.180.1.21/compute/v2.1/servers/a2a4cf08-9e8e-408e-9dc8-93771bab7dca 2.952s
2025-03-19 04:12:20.302 69740 INFO tempest.common.waiters [-] State transition "BUILD/scheduling" ==> "BUILD/None" after 4 second wait
2025-03-19 04:12:20.364 69724 INFO tempest.lib.common.rest_client [req-100e8939-9fd0-479b-8ff9-796ae22dc2ae req-100e8939-9fd0-479b-8ff9-796ae22dc2ae ] Request (ServersTestJSON:setUpClass): 200 GET http://10.180.1.21/compute/v2.1/servers/935b60fb-6c0e-412c-9547-df9c36ff5eda 2.505s
2025-03-19 04:12:20.380 69744 INFO tempest.lib.common.rest_client [req-d30a3eeb-ad5f-4c63-a5c5-970ac8289992 req-d30a3eeb-ad5f-4c63-a5c5-970ac8289992 ] Request (FlavorsAdminTestJSON:test_create_list_flavor_without_extra_data): 200 POST http://10.180.1.21/compute/v2.1/flavors 2.498s
2025-03-19 04:12:20.399 69696 INFO tempest.lib.common.rest_client [req-ec7e05ee-457a-4300-bc2c-9145d5c55493 req-ec7e05ee-457a-4300-bc2c-9145d5c55493 ] Request (FlavorsV2TestJSON:test_list_flavors_detailed_filter_by_min_disk): 200 GET http://10.180.1.21/compute/v2.1/flavors/42 2.500s
2025-03-19 04:12:20.427 69714 INFO tempest.lib.common.rest_client [req-eacd28be-5d05-4aed-b0fe-0936ce331a57 req-eacd28be-5d05-4aed-b0fe-0936ce331a57 ] Request (ServersWithSpecificFlavorTestJSON:test_verify_created_server_ephemeral_disk): 200 GET http://10.180.1.21/compute/v2.1/servers/7d8f56fd-07ae-458b-b511-546b7adefe96 2.950s
2025-03-19 04:12:20.435 69718 INFO tempest.lib.common.rest_client [req-0238be66-b689-421d-9e61-aaffc077dc8a req-0238be66-b689-421d-9e61-aaffc077dc8a ] Request (ImagesMetadataTestJSON:setUpClass): 200 GET http://10.180.1.21/compute/v2.1/images/e2da5d25-1fce-4dc5-94bd-6e0aca8480d4 2.360s
2025-03-19 04:12:20.526 69722 INFO tempest.lib.common.rest_client [req-2409afaf-672c-4b9f-903f-95261ede9496 req-2409afaf-672c-4b9f-903f-95261ede9496 ] Request (ServerActionsV293TestJSON:setUpClass): 201 POST http://10.180.1.21:9696/networking/v2.0/security-group-rules 0.259s
2025-03-19 04:12:20.584 69698 INFO tempest.lib.common.rest_client [req-b090d12a-d36e-498b-a5c5-f1a1b5cba0f2 req-b090d12a-d36e-498b-a5c5-f1a1b5cba0f2 ] Request (ImagesOneServerNegativeTestJSON:setUp): 200 GET http://10.180.1.21/compute/v2.1/servers/cfb7f6b2-f8f5-4736-90ff-d46e4722bdd2 2.300s
2025-03-19 04:12:20.698 69712 INFO tempest.lib.common.rest_client [req-cc266d76-c273-4d4b-8297-e2f2524f2536 req-cc266d76-c273-4d4b-8297-e2f2524f2536 ] Request (QuotasAdminTestV257:test_get_updated_quotas): 200 PUT http://10.180.1.21/compute/v2.1/os-quota-sets/93e9bbca1a724a058b23f8c7745e4b58?user_id=386898027ba34a438e58b00861257a30 1.654s
2025-03-19 04:12:20.751 69722 INFO tempest.lib.common.rest_client [req-f78aba7c-4fe5-4435-9b73-37eca16a3af9 req-f78aba7c-4fe5-4435-9b73-37eca16a3af9 ] Request (ServerActionsV293TestJSON:setUpClass): 201 POST http://10.180.1.21:9696/networking/v2.0/security-group-rules 0.224s
2025-03-19 04:12:21.074 69750 INFO tempest.lib.common.rest_client [req-548716d9-c6e8-4b52-a2e4-e3c6e265e596 req-548716d9-c6e8-4b52-a2e4-e3c6e265e596 ] Request (ImagesNegativeTestJSON:test_create_image_from_deleted_server): 200 GET http://10.180.1.21/compute/v2.1/servers/cc255889-3de9-4a77-9e45-9801d250e203 1.977s
2025-03-19 04:12:21.254 69726 INFO tempest.lib.common.rest_client [req-ea2134de-24e4-4f83-a16c-dbb8a6229558 req-ea2134de-24e4-4f83-a16c-dbb8a6229558 ] Request (FloatingIPsAssociationNegativeTestJSON:test_associate_ip_to_server_with_floating_ip): 200 POST http://10.180.1.21/compute/v2.1/os-floating-ips 2.234s
2025-03-19 04:12:21.392 69704 INFO tempest.lib.common.rest_client [req-46d5c0cb-1c30-406b-8846-405ee47ad019 req-46d5c0cb-1c30-406b-8846-405ee47ad019 ] Request (SecurityGroupRulesTestJSON:tearDownClass): 202 DELETE http://10.180.1.21/compute/v2.1/os-security-groups/d468fc1d-660b-42bf-9fc4-0950b4686798 2.164s
2025-03-19 04:12:21.401 69688 INFO tempest.lib.common.rest_client [req-319ad4d2-1071-4973-aed9-16da1cb220b3 req-319ad4d2-1071-4973-aed9-16da1cb220b3 ] Request (SecurityGroupsNegativeTestJSON:setUpClass): 201 POST http://10.180.1.21:9696/networking/v2.0/routers 1.781s
2025-03-19 04:12:21.470 69720 INFO tempest.lib.common.rest_client [req-f487005b-b7fb-4b0a-8822-a72ddfb4aec9 req-f487005b-b7fb-4b0a-8822-a72ddfb4aec9 ] Request (DeleteServersAdminTestJSON:test_admin_delete_servers_of_others): 200 GET http://10.180.1.21/compute/v2.1/servers/162b8b0c-9f6c-4acd-bf2f-b053f487ccd8 2.118s
2025-03-19 04:12:21.500 69734 INFO tempest.lib.common.rest_client [req-db004723-ee4b-49ee-9c86-2523e07d8348 req-db004723-ee4b-49ee-9c86-2523e07d8348 ] Request (ServersAdmin275Test:test_rebuild_update_server_275): 202 POST http://10.180.1.21/compute/v2.1/servers/fa02511c-c494-44f0-8e49-1dcc95c9f6bb/action 2.313s
2025-03-19 04:12:21.550 69746 INFO tempest.lib.common.rest_client [req-01f800d6-eb58-45e4-8171-46c3da6f3191 req-01f800d6-eb58-45e4-8171-46c3da6f3191 ] Request (ServersNegativeTestMultiTenantJSON:setUpClass): 200 GET http://10.180.1.21/compute/v2.1/servers/f8cfe27b-e3f9-42f5-bc82-8f2fa65f787f 2.139s
2025-03-19 04:12:21.579 69732 INFO tempest.lib.common.rest_client [req-6ae5e0eb-7076-47ed-ae83-796aa9c75a20 req-6ae5e0eb-7076-47ed-ae83-796aa9c75a20 ] Request (AttachVolumeShelveTestJSON:test_attach_volume_shelved_or_offload_server): 200 GET http://10.180.1.21/compute/v2.1/servers/c15d57db-e0cf-45df-8bc4-9743066e5d54 2.069s
2025-03-19 04:12:21.716 69736 INFO tempest.lib.common.rest_client [req-575057e1-954e-4bed-a494-7a2ff7b35c2a req-575057e1-954e-4bed-a494-7a2ff7b35c2a ] Request (SecurityGroupsTestAdminJSON:test_list_security_groups_list_all_tenants_filter): 200 POST http://10.180.1.21/compute/v2.1/os-security-groups 2.120s
2025-03-19 04:12:21.725 69708 INFO tempest.lib.common.rest_client [req-12a86674-c0a0-424e-a9f1-2ee18571cf49 req-12a86674-c0a0-424e-a9f1-2ee18571cf49 ] Request (ServerDiagnosticsNegativeTest:test_get_server_diagnostics_by_non_admin): 200 GET http://10.180.1.21/compute/v2.1/servers/9e4d9d0e-a78b-41f8-9be5-02b12d1c66fa 2.000s
2025-03-19 04:12:21.842 69694 INFO tempest.lib.common.rest_client [req-54fc0ae9-506b-4aa2-b7ee-975c02dcdd02 req-54fc0ae9-506b-4aa2-b7ee-975c02dcdd02 ] Request (AttachInterfacesUnderV243Test:test_add_remove_fixed_ip): 200 GET http://10.180.1.21/compute/v2.1/servers/de756510-54b4-4b77-beeb-406507b128cb 2.051s
2025-03-19 04:12:21.849 69694 INFO tempest.common.waiters [-] State transition "BUILD/None" ==> "BUILD/spawning" after 15 second wait
2025-03-19 04:12:21.873 69730 INFO tempest.lib.common.rest_client [req-41e07f31-9469-4714-8678-cb334d9863d5 req-41e07f31-9469-4714-8678-cb334d9863d5 ] Request (FloatingIPsNegativeTestJSON:test_delete_nonexistent_floating_ip): 404 DELETE http://10.180.1.21/compute/v2.1/os-floating-ips/f3f1bbe1-0436-4296-9568-58d43338dacd 1.839s
2025-03-19 04:12:21.916 69690 INFO tempest.lib.common.rest_client [req-2de28ecd-d47d-4a20-8e4e-27dc9392c0c2 req-2de28ecd-d47d-4a20-8e4e-27dc9392c0c2 ] Request (AggregatesAdminNegativeTestJSON:test_aggregate_delete_as_user): 200 POST http://10.180.1.21/compute/v2.1/os-aggregates 1.859s
2025-03-19 04:12:21.994 69738 INFO tempest.lib.common.rest_client [req-1ce1d2f1-cf7f-4aad-b4f7-3e8d576afbc5 req-1ce1d2f1-cf7f-4aad-b4f7-3e8d576afbc5 ] Request (ServerGroupTestJSON:test_create_delete_server_group_with_affinity_policy): 200 POST http://10.180.1.21/compute/v2.1/os-server-groups 1.921s
2025-03-19 04:12:22.142 69728 INFO tempest.lib.common.rest_client [req-f9febd0d-3469-4b8a-8fd5-ed05c7eeae9a req-f9febd0d-3469-4b8a-8fd5-ed05c7eeae9a ] Request (ServersAdminTestJSON:setUpClass): 200 GET http://10.180.1.21/compute/v2.1/servers/550f42d5-10b7-4a74-b3f8-84526a6e166c 1.909s
2025-03-19 04:12:22.161 69744 INFO tempest.lib.common.rest_client [req-57d5b023-90b9-434d-8455-33522b86b1ce req-57d5b023-90b9-434d-8455-33522b86b1ce ] Request (FlavorsAdminTestJSON:test_create_list_flavor_without_extra_data): 200 GET http://10.180.1.21/compute/v2.1/flavors/1816735443 1.777s
2025-03-19 04:12:22.173 69702 INFO tempest.lib.common.rest_client [req-9cf01ee7-8062-426b-922d-36e8cd83f02e req-9cf01ee7-8062-426b-922d-36e8cd83f02e ] Request (ImagesOneServerTestJSON:setUpClass): 202 POST http://10.180.1.21/compute/v2.1/servers 2.205s
2025-03-19 04:12:22.191 69696 INFO tempest.lib.common.rest_client [req-ed0d51df-b676-412e-966f-5c76979a9ba3 req-ed0d51df-b676-412e-966f-5c76979a9ba3 ] Request (FlavorsV2TestJSON:test_list_flavors_detailed_filter_by_min_disk): 200 GET http://10.180.1.21/compute/v2.1/flavors/detail?minDisk=2 1.790s
2025-03-19 04:12:22.195 69722 INFO tempest.lib.common.rest_client [req-38a2b889-dcc9-44bb-a923-a7736e91b700 req-38a2b889-dcc9-44bb-a923-a7736e91b700 ] Request (ServerActionsV293TestJSON:setUpClass): 201 POST http://10.180.1.21:9696/networking/v2.0/floatingips 1.444s
2025-03-19 04:12:22.203 69698 INFO tempest.lib.common.rest_client [req-0bec762a-b5a0-42cf-954e-cb54d5cb4819 req-0bec762a-b5a0-42cf-954e-cb54d5cb4819 ] Request (ImagesOneServerNegativeTestJSON:test_create_image_specify_metadata_over_limits): 400 POST http://10.180.1.21/compute/v2.1/servers/cfb7f6b2-f8f5-4736-90ff-d46e4722bdd2/action 1.612s
2025-03-19 04:12:22.244 69722 INFO tempest.lib.common.rest_client [req-084cab61-6e1c-4acb-9fd1-2cb224da00d1 req-084cab61-6e1c-4acb-9fd1-2cb224da00d1 ] Request (ServerActionsV293TestJSON:setUpClass): 201 POST http://10.180.1.21/identity/v3/auth/tokens 0.044s
2025-03-19 04:12:22.244 69722 INFO tempest.lib.common.fixed_network [-] (ServerActionsV293TestJSON:setUpClass) Found network {'id': 'c4cbeafe-bb52-4632-a961-228858d0175e', 'name': 'tempest-ServerActionsV293TestJSON-292007702-network', 'tenant_id': 'c7417503547e4ce08464947d31c4f7c1', 'admin_state_up': True, 'mtu': 8950, 'status': 'ACTIVE', 'subnets': [], 'shared': False, 'project_id': 'c7417503547e4ce08464947d31c4f7c1', 'port_security_enabled': True, 'router:external': False, 'provider:network_type': 'vlan', 'provider:physical_network': 'default', 'provider:segmentation_id': 783, 'availability_zone_hints': [], 'availability_zones': [], 'ipv4_address_scope': None, 'ipv6_address_scope': None, 'description': '', 'tags': [], 'created_at': '2025-03-19T04:12:11Z', 'updated_at': '2025-03-19T04:12:11Z', 'revision_number': 1} available for tenant
2025-03-19 04:12:22.261 69728 INFO tempest.lib.common.rest_client [req-5d69fec0-0d78-468f-926f-10acaab4781a req-5d69fec0-0d78-468f-926f-10acaab4781a ] Request (ServersAdminTestJSON:test_create_server_with_scheduling_hint): 201 POST http://10.180.1.21/identity/v3/auth/tokens 0.101s
2025-03-19 04:12:22.261 69728 INFO tempest.lib.common.fixed_network [-] (ServersAdminTestJSON:test_create_server_with_scheduling_hint) Found network {'id': 'ebffccfa-c7ca-41bd-800d-4ab54c5df593', 'name': 'tempest-ServersAdminTestJSON-1923443109-network', 'tenant_id': 'bb2bf5694da14887a5ddfef0a166bf44', 'admin_state_up': True, 'mtu': 8950, 'status': 'ACTIVE', 'subnets': [], 'shared': False, 'project_id': 'bb2bf5694da14887a5ddfef0a166bf44', 'port_security_enabled': True, 'router:external': False, 'provider:network_type': 'vlan', 'provider:physical_network': 'default', 'provider:segmentation_id': 826, 'availability_zone_hints': [], 'availability_zones': [], 'ipv4_address_scope': None, 'ipv6_address_scope': None, 'description': '', 'tags': [], 'created_at': '2025-03-19T04:11:41Z', 'updated_at': '2025-03-19T04:11:41Z', 'revision_number': 1} available for tenant
2025-03-19 04:12:22.309 69712 INFO tempest.lib.common.rest_client [req-de6310d5-08b3-4b00-ab07-e708ac300f91 req-de6310d5-08b3-4b00-ab07-e708ac300f91 ] Request (QuotasAdminTestV257:test_get_updated_quotas): 200 GET http://10.180.1.21/compute/v2.1/os-quota-sets/93e9bbca1a724a058b23f8c7745e4b58?user_id=386898027ba34a438e58b00861257a30 1.610s
2025-03-19 04:12:22.447 69712 INFO tempest.lib.common.rest_client [req-ede75171-e8f2-4cb1-a3a0-ca046f8839ab req-ede75171-e8f2-4cb1-a3a0-ca046f8839ab ] Request (QuotasAdminTestV257:_run_cleanups): 204 DELETE http://10.180.1.21/identity/v3/users/386898027ba34a438e58b00861257a30 0.136s
2025-03-19 04:12:22.476 69718 INFO tempest.lib.common.rest_client [req-4fa007d3-feef-4462-a60c-a1a1a98a73a4 req-4fa007d3-feef-4462-a60c-a1a1a98a73a4 ] Request (ImagesMetadataTestJSON:setUp): 200 PUT http://10.180.1.21/compute/v2.1/images/e2da5d25-1fce-4dc5-94bd-6e0aca8480d4/metadata 2.035s
2025-03-19 04:12:22.498 69716 INFO tempest.lib.common.rest_client [req-9179cb31-64cc-4e31-aab8-b9ad7a383c00 req-9179cb31-64cc-4e31-aab8-b9ad7a383c00 ] Request (MigrationsAdminTest:test_list_migrations_in_flavor_resize_situation): 200 GET http://10.180.1.21/compute/v2.1/servers/dcac029f-96a3-4f1f-98cf-6794be08ab9a 1.698s
2025-03-19 04:12:22.559 69742 INFO tempest.lib.common.rest_client [req-aa265490-58f4-4ddb-8242-1b425f29445b req-aa265490-58f4-4ddb-8242-1b425f29445b ] Request (ServersNegativeTestJSON:setUpClass): 200 GET http://10.180.1.21/compute/v2.1/servers/9c167732-fb10-402b-8b16-d9094785af78 1.690s
2025-03-19 04:12:22.567 69742 INFO tempest.common.waiters [-] State transition "BUILD/None" ==> "BUILD/networking" after 15 second wait
2025-03-19 04:12:22.582 69748 INFO tempest.lib.common.rest_client [req-b82f4fa3-a29f-4dbc-a2d8-0f49a229a081 req-b82f4fa3-a29f-4dbc-a2d8-0f49a229a081 ] Request (ServersTestMultiNic:test_verify_duplicate_network_nics): 200 GET http://10.180.1.21/compute/v2.1/servers/b1a05b8b-385c-44b8-88ef-09d599ca6afb 1.644s
2025-03-19 04:12:22.620 69712 INFO tempest.lib.common.rest_client [req-b0bd2d45-9c7d-4abb-970b-6f4ecbb1b4f4 req-b0bd2d45-9c7d-4abb-970b-6f4ecbb1b4f4 ] Request (QuotasAdminTestV257:_run_cleanups): 204 DELETE http://10.180.1.21/identity/v3/projects/93e9bbca1a724a058b23f8c7745e4b58 0.172s
2025-03-19 04:12:22.636 69706 INFO tempest.lib.common.rest_client [req-b8a48a7e-177f-4494-af83-218ce9649d0a req-b8a48a7e-177f-4494-af83-218ce9649d0a ] Request (FloatingIPsAssociationTestJSON:setUpClass): 200 GET http://10.180.1.21/compute/v2.1/servers/70800d42-eff1-496c-aeab-7160e8aef7bf 1.552s
2025-03-19 04:12:22.849 69692 INFO tempest.lib.common.rest_client [req-13b90ec4-a155-4931-bcad-b24caaa975d1 req-13b90ec4-a155-4931-bcad-b24caaa975d1 ] Request (ServerDiskConfigTestJSON:test_rebuild_server_with_auto_disk_config): 200 GET http://10.180.1.21/compute/v2.1/servers/ad89fe25-881d-46a6-af6a-1098d39c87a9 1.613s
2025-03-19 04:12:22.868 69712 INFO tempest.lib.common.rest_client [req-9bac294e-d986-4ac1-a1dc-049eef3871f4 req-9bac294e-d986-4ac1-a1dc-049eef3871f4 ] Request (QuotasAdminTestV257:tearDownClass): 204 DELETE http://10.180.1.21/identity/v3/users/b7aa7a9bf2d348158e2dad335f765205 0.241s
2025-03-19 04:12:22.926 69700 INFO tempest.lib.common.rest_client [req-a3dbe295-6fd4-4be1-a400-6d62f7da9a35 req-a3dbe295-6fd4-4be1-a400-6d62f7da9a35 ] Request (VolumesAssistedSnapshotsTest:test_volume_assisted_snapshot_create_delete): 200 GET http://10.180.1.21/compute/v2.1/servers/6bc4ef14-5504-4c90-8d21-a8cd681b9070 1.628s
2025-03-19 04:12:23.012 69726 INFO tempest.lib.common.rest_client [req-24916eba-5a08-4c03-9dd9-d3ec8eb5a204 req-24916eba-5a08-4c03-9dd9-d3ec8eb5a204 ] Request (FloatingIPsAssociationNegativeTestJSON:test_associate_ip_to_server_with_floating_ip): 400 POST http://10.180.1.21/compute/v2.1/servers/057c5ad1-94e2-4c5d-9d3e-032bc4248979/action 1.750s
2025-03-19 04:12:23.017 69712 INFO tempest.lib.common.rest_client [req-b28993bb-1865-4305-ad00-5035ee9777fd req-b28993bb-1865-4305-ad00-5035ee9777fd ] Request (QuotasAdminTestV257:tearDownClass): 204 DELETE http://10.180.1.21/identity/v3/users/ed4ba50664ef4c95bc3893d308251f6e 0.148s
2025-03-19 04:12:23.018 69712 INFO tempest.lib.common.dynamic_creds [-] Deleting project and security group for project: 03c389d34cde43ad8f83e682330c39f0
2025-03-19 04:12:23.019 69740 INFO tempest.lib.common.rest_client [req-ff443d42-8619-491c-a35b-f747ece22301 req-ff443d42-8619-491c-a35b-f747ece22301 ] Request (ServerDiagnosticsTest:test_get_server_diagnostics): 200 GET http://10.180.1.21/compute/v2.1/servers/a2a4cf08-9e8e-408e-9dc8-93771bab7dca 1.715s
2025-03-19 04:12:23.044 69722 INFO tempest.lib.common.rest_client [req-9a0721a0-b586-4ddb-bc9d-9275878fd904 req-9a0721a0-b586-4ddb-bc9d-9275878fd904 ] Request (ServerActionsV293TestJSON:setUpClass): 202 POST http://10.180.1.21/volume/v3/volumes 0.799s
2025-03-19 04:12:23.064 69704 INFO tempest.lib.common.rest_client [req-0675bedd-c333-49ff-a36b-6371637c21a9 req-0675bedd-c333-49ff-a36b-6371637c21a9 ] Request (SecurityGroupRulesTestJSON:tearDownClass): 404 DELETE http://10.180.1.21/compute/v2.1/os-security-groups/59feb0fc-92ab-4c90-8d0c-b5bb218f586e 1.672s
2025-03-19 04:12:23.100 69724 INFO tempest.lib.common.rest_client [req-10104322-2dbb-4ac4-a8b8-c713a1641a15 req-10104322-2dbb-4ac4-a8b8-c713a1641a15 ] Request (ServersTestJSON:setUpClass): 200 GET http://10.180.1.21/compute/v2.1/servers/935b60fb-6c0e-412c-9547-df9c36ff5eda 1.721s
2025-03-19 04:12:23.118 69722 INFO tempest.lib.common.rest_client [req-63fbb105-f381-4a1b-8863-39b151aeae2a req-63fbb105-f381-4a1b-8863-39b151aeae2a ] Request (ServerActionsV293TestJSON:setUpClass): 200 GET http://10.180.1.21/volume/v3/volumes/a63cfcc1-5115-4e13-9c17-ff3097894926 0.058s
2025-03-19 04:12:23.126 69712 INFO tempest.lib.common.rest_client [req-22439555-7535-4b02-956e-fa163d74ff6e req-22439555-7535-4b02-956e-fa163d74ff6e ] Request (QuotasAdminTestV257:tearDownClass): 201 POST http://10.180.1.21/identity/v3/auth/tokens 0.108s
2025-03-19 04:12:23.201 69734 INFO tempest.lib.common.rest_client [req-69a44dd1-4f77-462d-8316-6841298e5e87 req-69a44dd1-4f77-462d-8316-6841298e5e87 ] Request (ServersAdmin275Test:_run_cleanups): 200 GET http://10.180.1.21/compute/v2.1/servers/fa02511c-c494-44f0-8e49-1dcc95c9f6bb 1.687s
2025-03-19 04:12:23.226 69714 INFO tempest.lib.common.rest_client [req-f4987656-79c4-4b13-980b-1dfbed0d19d5 req-f4987656-79c4-4b13-980b-1dfbed0d19d5 ] Request (ServersWithSpecificFlavorTestJSON:test_verify_created_server_ephemeral_disk): 200 GET http://10.180.1.21/compute/v2.1/servers/7d8f56fd-07ae-458b-b511-546b7adefe96 1.789s
2025-03-19 04:12:23.233 69690 INFO tempest.lib.common.rest_client [req-d05270f5-70f8-463f-a8ec-767b85e60669 req-d05270f5-70f8-463f-a8ec-767b85e60669 ] Request (AggregatesAdminNegativeTestJSON:test_aggregate_delete_as_user): 403 DELETE http://10.180.1.21/compute/v2.1/os-aggregates/5 1.314s
2025-03-19 04:12:23.259 69738 INFO tempest.lib.common.rest_client [req-e3ec8fcc-0d85-4165-b03f-d653f632cc07 req-e3ec8fcc-0d85-4165-b03f-d653f632cc07 ] Request (ServerGroupTestJSON:test_create_delete_server_group_with_affinity_policy): 204 DELETE http://10.180.1.21/compute/v2.1/os-server-groups/ef43e80c-7503-442f-89e8-fe4e86373197 1.262s
2025-03-19 04:12:23.451 69750 INFO tempest.lib.common.rest_client [req-61c04b4a-9f50-45cf-add9-0d497887c446 req-61c04b4a-9f50-45cf-add9-0d497887c446 ] Request (ImagesNegativeTestJSON:test_create_image_from_deleted_server): 200 GET http://10.180.1.21/compute/v2.1/servers/cc255889-3de9-4a77-9e45-9801d250e203 1.366s
2025-03-19 04:12:23.461 69712 INFO tempest.lib.common.rest_client [req-861eda0b-875f-49af-9863-823b1e679913 req-861eda0b-875f-49af-9863-823b1e679913 ] Request (QuotasAdminTestV257:tearDownClass): 200 GET http://10.180.1.21:9696/networking/v2.0/security-groups?tenant_id=03c389d34cde43ad8f83e682330c39f0&name=default 0.333s
2025-03-19 04:12:23.614 69712 INFO tempest.lib.common.rest_client [req-7d25e0fc-cde0-4f8c-a785-ecfcba2b5450 req-7d25e0fc-cde0-4f8c-a785-ecfcba2b5450 ] Request (QuotasAdminTestV257:tearDownClass): 204 DELETE http://10.180.1.21:9696/networking/v2.0/security-groups/7127cef8-8e7b-4768-9a47-1b0c762f6162 0.153s
2025-03-19 04:12:23.622 69744 INFO tempest.lib.common.rest_client [req-0c7463cd-d1b2-4b9c-91d8-003518c39410 req-0c7463cd-d1b2-4b9c-91d8-003518c39410 ] Request (FlavorsAdminTestJSON:test_create_list_flavor_without_extra_data): 200 GET http://10.180.1.21/compute/v2.1/flavors/detail 1.458s
2025-03-19 04:12:23.704 69702 INFO tempest.lib.common.rest_client [req-33726d7a-195c-4bbf-b00a-981e8db33baf req-33726d7a-195c-4bbf-b00a-981e8db33baf ] Request (ImagesOneServerTestJSON:setUpClass): 200 GET http://10.180.1.21/compute/v2.1/servers/5d6671c0-cd60-427f-bf36-663827dc0fcd 1.529s
2025-03-19 04:12:23.711 69712 INFO tempest.lib.common.rest_client [req-700d9ebc-41fe-4433-8e5f-ab77d02649a0 req-700d9ebc-41fe-4433-8e5f-ab77d02649a0 ] Request (QuotasAdminTestV257:tearDownClass): 204 DELETE http://10.180.1.21/identity/v3/projects/03c389d34cde43ad8f83e682330c39f0 0.095s
2025-03-19 04:12:23.711 69712 INFO tempest.lib.common.dynamic_creds [-] Deleting project and security group for project: 451f0a8371c14ff495d49379eb27a2dc
2025-03-19 04:12:23.718 69696 INFO tempest.lib.common.rest_client [req-af5a4aff-04c6-4451-9cb5-bf91ef503f9c req-af5a4aff-04c6-4451-9cb5-bf91ef503f9c ] Request (FlavorsV2TestJSON:test_list_flavors_detailed_filter_by_min_ram): 200 GET http://10.180.1.21/compute/v2.1/flavors/42 1.517s
2025-03-19 04:12:23.935 69712 INFO tempest.lib.common.rest_client [req-2359cc39-d973-459c-90ed-ecbe2e3b70e6 req-2359cc39-d973-459c-90ed-ecbe2e3b70e6 ] Request (QuotasAdminTestV257:tearDownClass): 200 GET http://10.180.1.21:9696/networking/v2.0/security-groups?tenant_id=451f0a8371c14ff495d49379eb27a2dc&name=default 0.224s
2025-03-19 04:12:23.948 69698 INFO tempest.lib.common.rest_client [req-97ed458d-c71e-4510-a575-f16fc69a6301 req-97ed458d-c71e-4510-a575-f16fc69a6301 ] Request (ImagesOneServerNegativeTestJSON:tearDown): 200 GET http://10.180.1.21/compute/v2.1/servers/cfb7f6b2-f8f5-4736-90ff-d46e4722bdd2 1.744s
2025-03-19 04:12:24.167 69722 INFO tempest.lib.common.rest_client [req-ddd2a1f7-b01b-4c3a-8c04-0848ebff2059 req-ddd2a1f7-b01b-4c3a-8c04-0848ebff2059 ] Request (ServerActionsV293TestJSON:setUpClass): 200 GET http://10.180.1.21/volume/v3/volumes/a63cfcc1-5115-4e13-9c17-ff3097894926 0.038s
2025-03-19 04:12:24.302 69712 INFO tempest.lib.common.rest_client [req-ae6d13d1-c241-41a2-9895-3ed16fc1cd02 req-ae6d13d1-c241-41a2-9895-3ed16fc1cd02 ] Request (QuotasAdminTestV257:tearDownClass): 204 DELETE http://10.180.1.21:9696/networking/v2.0/security-groups/af8a0116-5314-445c-81b6-10bb869afea7 0.366s
2025-03-19 04:12:24.373 69728 INFO tempest.lib.common.rest_client [req-0ef8933c-9cee-4d76-80ba-9ae144a3c0bc req-0ef8933c-9cee-4d76-80ba-9ae144a3c0bc ] Request (ServersAdminTestJSON:test_create_server_with_scheduling_hint): 202 POST http://10.180.1.21/compute/v2.1/servers 2.112s
2025-03-19 04:12:24.414 69712 INFO tempest.lib.common.rest_client [req-7485bfed-7a0c-43ea-a21d-fbd545888457 req-7485bfed-7a0c-43ea-a21d-fbd545888457 ] Request (QuotasAdminTestV257:tearDownClass): 204 DELETE http://10.180.1.21/identity/v3/projects/451f0a8371c14ff495d49379eb27a2dc 0.111s
2025-03-19 04:12:24.504 69712 INFO tempest.lib.common.rest_client [req-1f3048b1-1d7a-48b8-943b-08747d20003c req-1f3048b1-1d7a-48b8-943b-08747d20003c ] Request (ImagesMetadataNegativeTestJSON:setUpClass): 201 POST http://10.180.1.21/identity/v3/auth/tokens 0.088s
2025-03-19 04:12:24.535 69712 INFO tempest.lib.common.rest_client [req-56576ef6-b438-49c7-a0f4-927bbdc7b59d req-56576ef6-b438-49c7-a0f4-927bbdc7b59d ] Request (ImagesMetadataNegativeTestJSON:setUpClass): 201 POST http://10.180.1.21/identity/v3/auth/tokens 0.028s
2025-03-19 04:12:24.573 69712 INFO tempest.lib.common.rest_client [req-ac5fcdbb-0fca-43cb-ae3d-a5c798577d87 req-ac5fcdbb-0fca-43cb-ae3d-a5c798577d87 ] Request (ImagesMetadataNegativeTestJSON:setUpClass): 200 GET http://10.180.1.21/identity/v3/domains?name=Default 0.037s
2025-03-19 04:12:24.589 69718 INFO tempest.lib.common.rest_client [req-b0dcfde4-8e66-4896-8eff-6f438226d1b2 req-b0dcfde4-8e66-4896-8eff-6f438226d1b2 ] Request (ImagesMetadataTestJSON:test_delete_image_metadata_item): 204 DELETE http://10.180.1.21/compute/v2.1/images/e2da5d25-1fce-4dc5-94bd-6e0aca8480d4/metadata/os_version 2.112s
2025-03-19 04:12:24.607 69712 INFO tempest.lib.common.rest_client [req-96b77f1d-b85c-4ea3-bd31-6fe362b30adc req-96b77f1d-b85c-4ea3-bd31-6fe362b30adc ] Request (ImagesMetadataNegativeTestJSON:setUpClass): 201 POST http://10.180.1.21/identity/v3/projects 0.033s
2025-03-19 04:12:24.673 69720 INFO tempest.lib.common.rest_client [req-54c8dfae-bcf2-4bd1-b5c2-8ce096623efc req-54c8dfae-bcf2-4bd1-b5c2-8ce096623efc ] Request (DeleteServersAdminTestJSON:test_admin_delete_servers_of_others): 200 GET http://10.180.1.21/compute/v2.1/servers/162b8b0c-9f6c-4acd-bf2f-b053f487ccd8 2.186s
2025-03-19 04:12:24.694 69712 INFO tempest.lib.common.rest_client [req-fa5caacc-92b9-4de5-a188-8b550c483274 req-fa5caacc-92b9-4de5-a188-8b550c483274 ] Request (ImagesMetadataNegativeTestJSON:setUpClass): 201 POST http://10.180.1.21/identity/v3/users 0.087s
2025-03-19 04:12:24.715 69712 INFO tempest.lib.common.rest_client [req-060836ee-4f65-4284-9945-c856fd0236b0 req-060836ee-4f65-4284-9945-c856fd0236b0 ] Request (ImagesMetadataNegativeTestJSON:setUpClass): 200 GET http://10.180.1.21/identity/v3/roles 0.020s
2025-03-19 04:12:24.744 69746 INFO tempest.lib.common.rest_client [req-fdb121ef-c78e-4926-96bb-8bc98dd0b095 req-fdb121ef-c78e-4926-96bb-8bc98dd0b095 ] Request (ServersNegativeTestMultiTenantJSON:setUpClass): 200 GET http://10.180.1.21/compute/v2.1/servers/f8cfe27b-e3f9-42f5-bc82-8f2fa65f787f 2.186s
2025-03-19 04:12:24.745 69712 INFO tempest.lib.common.rest_client [req-c853abde-7122-4950-93bc-64398ed87a13 req-c853abde-7122-4950-93bc-64398ed87a13 ] Request (ImagesMetadataNegativeTestJSON:setUpClass): 204 PUT http://10.180.1.21/identity/v3/projects/3a23b868f3ae4071aa6e957448d19d04/users/f212a337dfd44f2cae47b4cd05902901/roles/1a6e4e45742b45c3aa52913d35bdfa95 0.029s
2025-03-19 04:12:24.745 69712 INFO tempest.lib.common.dynamic_creds [-] Dynamic test user f212a337dfd44f2cae47b4cd05902901 is created with scope project and roles: ['member']
2025-03-19 04:12:24.746 69712 INFO tempest.lib.common.dynamic_creds [-] Acquired dynamic creds: credentials: Credentials: {'domain_id': 'default', 'domain_name': 'Default', 'username': 'tempest-ImagesMetadataNegativeTestJSON-868586976-project-member', 'project_domain_id': 'default', 'project_domain_name': 'Default', 'project_id': '3a23b868f3ae4071aa6e957448d19d04', 'project_name': 'tempest-ImagesMetadataNegativeTestJSON-868586976', 'tenant_id': '3a23b868f3ae4071aa6e957448d19d04', 'tenant_name': 'tempest-ImagesMetadataNegativeTestJSON-868586976', 'user_domain_id': 'default', 'user_domain_name': 'Default', 'user_id': 'f212a337dfd44f2cae47b4cd05902901', 'system': None}, Network: None, Subnet: None, Router: None
2025-03-19 04:12:24.746 69712 INFO tempest.lib.common.dynamic_creds [-] Created isolated network resources for: credentials: Credentials: {'domain_id': 'default', 'domain_name': 'Default', 'username': 'tempest-ImagesMetadataNegativeTestJSON-868586976-project-member', 'project_domain_id': 'default', 'project_domain_name': 'Default', 'project_id': '3a23b868f3ae4071aa6e957448d19d04', 'project_name': 'tempest-ImagesMetadataNegativeTestJSON-868586976', 'tenant_id': '3a23b868f3ae4071aa6e957448d19d04', 'tenant_name': 'tempest-ImagesMetadataNegativeTestJSON-868586976', 'user_domain_id': 'default', 'user_domain_name': 'Default', 'user_id': 'f212a337dfd44f2cae47b4cd05902901', 'system': None}, Network: None, Subnet: None, Router: None
2025-03-19 04:12:24.815 69732 INFO tempest.lib.common.rest_client [req-3365dd97-5636-496e-9476-528a899cd879 req-3365dd97-5636-496e-9476-528a899cd879 ] Request (AttachVolumeShelveTestJSON:test_attach_volume_shelved_or_offload_server): 200 GET http://10.180.1.21/compute/v2.1/servers/c15d57db-e0cf-45df-8bc4-9743066e5d54 2.225s
2025-03-19 04:12:24.824 69730 INFO tempest.lib.common.rest_client [req-50b94e94-7ef0-4fc8-b0ae-167c228892d6 req-50b94e94-7ef0-4fc8-b0ae-167c228892d6 ] Request (FloatingIPsNegativeTestJSON:tearDownClass): 200 PUT http://10.180.1.21:9696/networking/v2.0/routers/e116a203-b66b-4466-a7ad-72f1aa8e005c/remove_router_interface 2.949s
2025-03-19 04:12:24.839 69688 INFO tempest.lib.common.rest_client [req-a81a0e38-fc4e-49b1-886d-47443fb102fe req-a81a0e38-fc4e-49b1-886d-47443fb102fe ] Request (SecurityGroupsNegativeTestJSON:setUpClass): 200 PUT http://10.180.1.21:9696/networking/v2.0/routers/6e45f236-c071-4603-927a-f092d6807d4a/add_router_interface 3.437s
2025-03-19 04:12:24.839 69688 INFO tempest.lib.common.dynamic_creds [-] Created isolated network resources for: credentials: Credentials: {'domain_id': 'default', 'domain_name': 'Default', 'username': 'tempest-SecurityGroupsNegativeTestJSON-1929151200-project-member', 'project_domain_id': 'default', 'project_domain_name': 'Default', 'project_id': '6e4459aafee14cb083a03c6d5966514e', 'project_name': 'tempest-SecurityGroupsNegativeTestJSON-1929151200', 'tenant_id': '6e4459aafee14cb083a03c6d5966514e', 'tenant_name': 'tempest-SecurityGroupsNegativeTestJSON-1929151200', 'user_domain_id': 'default', 'user_domain_name': 'Default', 'user_id': 'aae3e9ad0a784f8095b7fd3b73c30519', 'system': None}, Network: {'id': '6d2feb40-9b14-4c9a-bbfd-9e23bc2fdde3', 'name': 'tempest-SecurityGroupsNegativeTestJSON-1347103086-network', 'tenant_id': '6e4459aafee14cb083a03c6d5966514e', 'admin_state_up': True, 'mtu': 8950, 'status': 'ACTIVE', 'subnets': [], 'shared': False, 'project_id': '6e4459aafee14cb083a03c6d5966514e', 'port_security_enabled': True, 'router:external': False, 'provider:network_type': 'vlan', 'provider:physical_network': 'default', 'provider:segmentation_id': 581, 'availability_zone_hints': [], 'availability_zones': [], 'ipv4_address_scope': None, 'ipv6_address_scope': None, 'description': '', 'tags': [], 'created_at': '2025-03-19T04:12:19Z', 'updated_at': '2025-03-19T04:12:19Z', 'revision_number': 1}, Subnet: {'id': 'a41d0f61-cc72-438e-a0ef-7c17e4538fcd', 'name': 'tempest-SecurityGroupsNegativeTestJSON-1347103086-subnet', 'tenant_id': '6e4459aafee14cb083a03c6d5966514e', 'network_id': '6d2feb40-9b14-4c9a-bbfd-9e23bc2fdde3', 'ip_version': 4, 'subnetpool_id': None, 'enable_dhcp': True, 'ipv6_ra_mode': None, 'ipv6_address_mode': None, 'gateway_ip': '192.168.128.1', 'cidr': '192.168.128.0/28', 'allocation_pools': [{'start': '192.168.128.2', 'end': '192.168.128.14'}], 'host_routes': [], 'dns_nameservers': [], 'description': '', 'router:external': False, 'service_types': [], 'tags': [], 'created_at': '2025-03-19T04:12:19Z', 'updated_at': '2025-03-19T04:12:19Z', 'revision_number': 0, 'project_id': '6e4459aafee14cb083a03c6d5966514e'}, Router: {'id': '6e45f236-c071-4603-927a-f092d6807d4a', 'name': 'tempest-SecurityGroupsNegativeTestJSON-1347103086-router', 'tenant_id': '6e4459aafee14cb083a03c6d5966514e', 'admin_state_up': True, 'status': 'ACTIVE', 'external_gateway_info': {'network_id': 'c4ffba10-30ed-40e5-b21f-3b047f3367b1', 'external_fixed_ips': [{'subnet_id': '757f51a9-0624-426f-b81c-bd3847d09d50', 'ip_address': '10.180.180.243'}], 'enable_snat': True}, 'description': '', 'availability_zones': [], 'distributed': False, 'ha': False, 'availability_zone_hints': [], 'routes': [], 'flavor_id': None, 'tags': [], 'created_at': '2025-03-19T04:12:19Z', 'updated_at': '2025-03-19T04:12:20Z', 'revision_number': 2, 'project_id': '6e4459aafee14cb083a03c6d5966514e'}
2025-03-19 04:12:24.847 69712 INFO tempest.lib.common.rest_client [req-fd498894-826f-4cb6-b720-2a0d8767b54b req-fd498894-826f-4cb6-b720-2a0d8767b54b ] Request (ImagesMetadataNegativeTestJSON:setUpClass): 201 POST http://10.180.1.21/identity/v3/auth/tokens 0.097s
2025-03-19 04:12:24.920 69688 INFO tempest.lib.common.rest_client [req-727f01ff-fe92-45e0-a4bf-76e5f6608358 req-727f01ff-fe92-45e0-a4bf-76e5f6608358 ] Request (SecurityGroupsNegativeTestJSON:setUpClass): 201 POST http://10.180.1.21/identity/v3/auth/tokens 0.074s
2025-03-19 04:12:25.176 69708 INFO tempest.lib.common.rest_client [req-33a841f5-4efd-4a39-8281-12db1ea5d2a2 req-33a841f5-4efd-4a39-8281-12db1ea5d2a2 ] Request (ServerDiagnosticsNegativeTest:test_get_server_diagnostics_by_non_admin): 200 GET http://10.180.1.21/compute/v2.1/servers/9e4d9d0e-a78b-41f8-9be5-02b12d1c66fa 2.441s
2025-03-19 04:12:25.218 69722 INFO tempest.lib.common.rest_client [req-7085165b-9bd7-4660-8aa3-135089c0b6da req-7085165b-9bd7-4660-8aa3-135089c0b6da ] Request (ServerActionsV293TestJSON:setUpClass): 200 GET http://10.180.1.21/volume/v3/volumes/a63cfcc1-5115-4e13-9c17-ff3097894926 0.037s
2025-03-19 04:12:25.400 69694 INFO tempest.lib.common.rest_client [req-cff733a6-4254-4da2-be0f-ce7ad63085e2 req-cff733a6-4254-4da2-be0f-ce7ad63085e2 ] Request (AttachInterfacesUnderV243Test:test_add_remove_fixed_ip): 200 GET http://10.180.1.21/compute/v2.1/servers/de756510-54b4-4b77-beeb-406507b128cb 2.550s
2025-03-19 04:12:26.242 69730 INFO tempest.lib.common.rest_client [req-16143da1-2bdb-4676-b15c-2ddfa5e6dd55 req-16143da1-2bdb-4676-b15c-2ddfa5e6dd55 ] Request (FloatingIPsNegativeTestJSON:tearDownClass): 204 DELETE http://10.180.1.21:9696/networking/v2.0/routers/e116a203-b66b-4466-a7ad-72f1aa8e005c 1.417s
2025-03-19 04:12:26.271 69722 INFO tempest.lib.common.rest_client [req-430cd944-d4b1-4714-af59-59b9158afcf3 req-430cd944-d4b1-4714-af59-59b9158afcf3 ] Request (ServerActionsV293TestJSON:setUpClass): 200 GET http://10.180.1.21/volume/v3/volumes/a63cfcc1-5115-4e13-9c17-ff3097894926 0.041s
2025-03-19 04:12:26.366 69730 INFO tempest.lib.common.rest_client [req-987d11fd-b0ee-4da7-81cb-2e74552caf58 req-987d11fd-b0ee-4da7-81cb-2e74552caf58 ] Request (FloatingIPsNegativeTestJSON:tearDownClass): 204 DELETE http://10.180.1.21:9696/networking/v2.0/subnets/dfe52ee4-efee-4b0c-b827-f1bc7160bf66 0.122s
2025-03-19 04:12:26.530 69730 INFO tempest.lib.common.rest_client [req-1377b23f-8d29-4967-b4eb-7a4869fafb6d req-1377b23f-8d29-4967-b4eb-7a4869fafb6d ] Request (FloatingIPsNegativeTestJSON:tearDownClass): 204 DELETE http://10.180.1.21:9696/networking/v2.0/networks/5679d4f7-e7ed-46a7-b345-49b7019e1783 0.163s
2025-03-19 04:12:26.540 69726 INFO tempest.lib.common.rest_client [req-b89547d2-c565-4c1e-a942-d14259e99238 req-b89547d2-c565-4c1e-a942-d14259e99238 ] Request (FloatingIPsAssociationNegativeTestJSON:_run_cleanups): 202 DELETE http://10.180.1.21/compute/v2.1/os-floating-ips/3a28b258-6746-4704-ae55-56ae48938eac 3.527s
2025-03-19 04:12:26.678 69730 INFO tempest.lib.common.rest_client [req-ac0ca93a-b96a-4982-b46f-1bb04efe09d5 req-ac0ca93a-b96a-4982-b46f-1bb04efe09d5 ] Request (FloatingIPsNegativeTestJSON:tearDownClass): 204 DELETE http://10.180.1.21/identity/v3/users/34bd91ff76b74b2fa5135a67024ed647 0.148s
2025-03-19 04:12:26.678 69730 INFO tempest.lib.common.dynamic_creds [-] Deleting project and security group for project: 361c150b116c4ea49459e1fe5194d3fc
2025-03-19 04:12:26.710 69730 INFO tempest.lib.common.rest_client [req-80245c9f-fb7b-4fb7-af50-1427aafaef77 req-80245c9f-fb7b-4fb7-af50-1427aafaef77 ] Request (FloatingIPsNegativeTestJSON:tearDownClass): 200 GET http://10.180.1.21:9696/networking/v2.0/security-groups?tenant_id=361c150b116c4ea49459e1fe5194d3fc&name=default 0.031s
2025-03-19 04:12:26.757 69704 INFO tempest.lib.common.rest_client [req-d3354a5c-042c-49ef-aa18-2cecf82627a7 req-d3354a5c-042c-49ef-aa18-2cecf82627a7 ] Request (SecurityGroupRulesTestJSON:tearDownClass): 202 DELETE http://10.180.1.21/compute/v2.1/os-security-groups/f1944697-0095-49dc-98ca-641e981807a4 3.692s
2025-03-19 04:12:26.795 69690 INFO tempest.lib.common.rest_client [req-6fd8935e-2c40-423c-b996-4f693015aa5f req-6fd8935e-2c40-423c-b996-4f693015aa5f ] Request (AggregatesAdminNegativeTestJSON:_run_cleanups): 200 DELETE http://10.180.1.21/compute/v2.1/os-aggregates/5 3.560s
2025-03-19 04:12:26.802 69730 INFO tempest.lib.common.rest_client [req-7de0bd16-d33a-44b5-a0c4-da5e4464dfc4 req-7de0bd16-d33a-44b5-a0c4-da5e4464dfc4 ] Request (FloatingIPsNegativeTestJSON:tearDownClass): 204 DELETE http://10.180.1.21:9696/networking/v2.0/security-groups/f66b158a-489c-4820-9604-c42d605e5ee7 0.092s
2025-03-19 04:12:26.814 69738 INFO tempest.lib.common.rest_client [req-6f7e15ee-abb4-4c78-b86a-41fd59c88526 req-6f7e15ee-abb4-4c78-b86a-41fd59c88526 ] Request (ServerGroupTestJSON:test_create_delete_server_group_with_affinity_policy): 200 GET http://10.180.1.21/compute/v2.1/os-server-groups 3.555s
2025-03-19 04:12:26.833 69736 INFO tempest.lib.common.rest_client [req-6bb12e0c-508f-45a8-b077-8d62aec5462c req-6bb12e0c-508f-45a8-b077-8d62aec5462c ] Request (SecurityGroupsTestAdminJSON:test_list_security_groups_list_all_tenants_filter): 200 GET http://10.180.1.21/compute/v2.1/os-security-groups?all_tenants=true 5.114s
2025-03-19 04:12:26.922 69730 INFO tempest.lib.common.rest_client [req-b2c049a6-0048-4cec-b677-da08d087fbe2 req-b2c049a6-0048-4cec-b677-da08d087fbe2 ] Request (FloatingIPsNegativeTestJSON:tearDownClass): 204 DELETE http://10.180.1.21/identity/v3/projects/361c150b116c4ea49459e1fe5194d3fc 0.120s
2025-03-19 04:12:26.955 69716 INFO tempest.lib.common.rest_client [req-a319539e-a3c7-42e0-aa0f-4169ecf27dab req-a319539e-a3c7-42e0-aa0f-4169ecf27dab ] Request (MigrationsAdminTest:test_list_migrations_in_flavor_resize_situation): 200 GET http://10.180.1.21/compute/v2.1/servers/dcac029f-96a3-4f1f-98cf-6794be08ab9a 3.446s
2025-03-19 04:12:26.962 69716 INFO tempest.common.waiters [-] State transition "BUILD/spawning" ==> "ACTIVE/None" after 26 second wait
2025-03-19 04:12:26.985 69730 INFO tempest.lib.common.rest_client [req-a10aedd6-0961-48d1-a08a-837231b0f8a8 req-a10aedd6-0961-48d1-a08a-837231b0f8a8 ] Request (ListServerFiltersTestJSON:setUpClass): 201 POST http://10.180.1.21/identity/v3/auth/tokens 0.062s
2025-03-19 04:12:26.990 69742 INFO tempest.lib.common.rest_client [req-6dac7a9e-965c-4cbb-9566-fd48359dee4a req-6dac7a9e-965c-4cbb-9566-fd48359dee4a ] Request (ServersNegativeTestJSON:setUpClass): 200 GET http://10.180.1.21/compute/v2.1/servers/9c167732-fb10-402b-8b16-d9094785af78 3.422s
2025-03-19 04:12:26.999 69742 INFO tempest.common.waiters [-] State transition "BUILD/networking" ==> "BUILD/spawning" after 19 second wait
2025-03-19 04:12:27.008 69744 INFO tempest.lib.common.rest_client [req-9819d3c8-8721-404c-b356-f2b81b07152c req-9819d3c8-8721-404c-b356-f2b81b07152c ] Request (FlavorsAdminTestJSON:_run_cleanups): 202 DELETE http://10.180.1.21/compute/v2.1/flavors/1816735443 3.374s
2025-03-19 04:12:27.011 69748 INFO tempest.lib.common.rest_client [req-4aafcd51-f6cc-44f7-aa64-6e22ed160158 req-4aafcd51-f6cc-44f7-aa64-6e22ed160158 ] Request (ServersTestMultiNic:test_verify_duplicate_network_nics): 200 GET http://10.180.1.21/compute/v2.1/servers/b1a05b8b-385c-44b8-88ef-09d599ca6afb 3.417s
2025-03-19 04:12:27.018 69748 INFO tempest.common.waiters [-] State transition "BUILD/None" ==> "BUILD/networking" after 16 second wait
2025-03-19 04:12:27.021 69730 INFO tempest.lib.common.rest_client [req-bec89021-72e9-48ba-9f4f-6281ee19131a req-bec89021-72e9-48ba-9f4f-6281ee19131a ] Request (ListServerFiltersTestJSON:setUpClass): 201 POST http://10.180.1.21/identity/v3/auth/tokens 0.032s
2025-03-19 04:12:27.042 69696 INFO tempest.lib.common.rest_client [req-d1934161-5af9-47a3-9bde-2930b570bc02 req-d1934161-5af9-47a3-9bde-2930b570bc02 ] Request (FlavorsV2TestJSON:test_list_flavors_detailed_filter_by_min_ram): 200 GET http://10.180.1.21/compute/v2.1/flavors/detail?minRam=193 3.320s
2025-03-19 04:12:27.046 69730 INFO tempest.lib.common.rest_client [req-2734fadd-0911-45d4-9f4b-9eafd52c2697 req-2734fadd-0911-45d4-9f4b-9eafd52c2697 ] Request (ListServerFiltersTestJSON:setUpClass): 200 GET http://10.180.1.21/identity/v3/domains?name=Default 0.025s
2025-03-19 04:12:27.056 69706 INFO tempest.lib.common.rest_client [req-e6b38ba7-8267-474a-8760-3bd7d87bcb89 req-e6b38ba7-8267-474a-8760-3bd7d87bcb89 ] Request (FloatingIPsAssociationTestJSON:setUpClass): 200 GET http://10.180.1.21/compute/v2.1/servers/70800d42-eff1-496c-aeab-7160e8aef7bf 3.400s
2025-03-19 04:12:27.079 69730 INFO tempest.lib.common.rest_client [req-e30b8a2f-4b54-49ad-b93b-2670039505a8 req-e30b8a2f-4b54-49ad-b93b-2670039505a8 ] Request (ListServerFiltersTestJSON:setUpClass): 201 POST http://10.180.1.21/identity/v3/projects 0.032s
2025-03-19 04:12:27.141 69730 INFO tempest.lib.common.rest_client [req-9329d34c-0758-44c4-872f-69f791f8933d req-9329d34c-0758-44c4-872f-69f791f8933d ] Request (ListServerFiltersTestJSON:setUpClass): 201 POST http://10.180.1.21/identity/v3/users 0.061s
2025-03-19 04:12:27.160 69692 INFO tempest.lib.common.rest_client [req-bdc4155d-571a-47c1-a29c-f43173178677 req-bdc4155d-571a-47c1-a29c-f43173178677 ] Request (ServerDiskConfigTestJSON:test_rebuild_server_with_auto_disk_config): 200 GET http://10.180.1.21/compute/v2.1/servers/ad89fe25-881d-46a6-af6a-1098d39c87a9 3.299s
2025-03-19 04:12:27.161 69730 INFO tempest.lib.common.rest_client [req-18695598-243d-4118-a483-4932146df3ff req-18695598-243d-4118-a483-4932146df3ff ] Request (ListServerFiltersTestJSON:setUpClass): 200 GET http://10.180.1.21/identity/v3/roles 0.019s
2025-03-19 04:12:27.164 69700 INFO tempest.lib.common.rest_client [req-85fb14ec-afed-44e8-b376-8cbc71d5dd7b req-85fb14ec-afed-44e8-b376-8cbc71d5dd7b ] Request (VolumesAssistedSnapshotsTest:test_volume_assisted_snapshot_create_delete): 200 GET http://10.180.1.21/compute/v2.1/servers/6bc4ef14-5504-4c90-8d21-a8cd681b9070 3.223s
2025-03-19 04:12:27.167 69692 INFO tempest.common.waiters [-] State transition "BUILD/spawning" ==> "ACTIVE/None" after 23 second wait
2025-03-19 04:12:27.172 69700 INFO tempest.common.waiters [-] State transition "BUILD/None" ==> "BUILD/spawning" after 19 second wait
2025-03-19 04:12:27.190 69730 INFO tempest.lib.common.rest_client [req-ea46c230-1024-43e0-ac1c-6423e8c303b6 req-ea46c230-1024-43e0-ac1c-6423e8c303b6 ] Request (ListServerFiltersTestJSON:setUpClass): 204 PUT http://10.180.1.21/identity/v3/projects/f82381fddf9048fa88c2c83229ef1cf8/users/061b49aa488c47c09d3f8ebe6d77b786/roles/1a6e4e45742b45c3aa52913d35bdfa95 0.029s
2025-03-19 04:12:27.191 69730 INFO tempest.lib.common.dynamic_creds [-] Dynamic test user 061b49aa488c47c09d3f8ebe6d77b786 is created with scope project and roles: ['member']
2025-03-19 04:12:27.191 69730 INFO tempest.lib.common.dynamic_creds [-] Acquired dynamic creds: credentials: Credentials: {'domain_id': 'default', 'domain_name': 'Default', 'username': 'tempest-ListServerFiltersTestJSON-1406062071-project-member', 'project_domain_id': 'default', 'project_domain_name': 'Default', 'project_id': 'f82381fddf9048fa88c2c83229ef1cf8', 'project_name': 'tempest-ListServerFiltersTestJSON-1406062071', 'tenant_id': 'f82381fddf9048fa88c2c83229ef1cf8', 'tenant_name': 'tempest-ListServerFiltersTestJSON-1406062071', 'user_domain_id': 'default', 'user_domain_name': 'Default', 'user_id': '061b49aa488c47c09d3f8ebe6d77b786', 'system': None}, Network: None, Subnet: None, Router: None
2025-03-19 04:12:27.222 69740 INFO tempest.lib.common.rest_client [req-0a41df2c-c24f-4117-b96f-79c35932fd06 req-0a41df2c-c24f-4117-b96f-79c35932fd06 ] Request (ServerDiagnosticsTest:test_get_server_diagnostics): 200 GET http://10.180.1.21/compute/v2.1/servers/a2a4cf08-9e8e-408e-9dc8-93771bab7dca 3.193s
2025-03-19 04:12:27.253 69730 INFO tempest.lib.common.rest_client [req-6f87c735-37a6-4c51-afc2-03b6bde653bb req-6f87c735-37a6-4c51-afc2-03b6bde653bb ] Request (ListServerFiltersTestJSON:setUpClass): 201 POST http://10.180.1.21/identity/v3/auth/tokens 0.061s
2025-03-19 04:12:27.260 69698 INFO tempest.lib.common.rest_client [req-a163f6cd-8cfc-4262-9d23-76e420fe5460 req-a163f6cd-8cfc-4262-9d23-76e420fe5460 ] Request (ImagesOneServerNegativeTestJSON:setUp): 200 GET http://10.180.1.21/compute/v2.1/servers/cfb7f6b2-f8f5-4736-90ff-d46e4722bdd2 3.304s
2025-03-19 04:12:27.277 69724 INFO tempest.lib.common.rest_client [req-650c753f-cb71-4f83-ae52-6bdc595fba4d req-650c753f-cb71-4f83-ae52-6bdc595fba4d ] Request (ServersTestJSON:setUpClass): 200 GET http://10.180.1.21/compute/v2.1/servers/935b60fb-6c0e-412c-9547-df9c36ff5eda 3.164s
2025-03-19 04:12:27.371 69734 INFO tempest.lib.common.rest_client [req-1e814057-c693-45de-83b4-c95536363e16 req-1e814057-c693-45de-83b4-c95536363e16 ] Request (ServersAdmin275Test:_run_cleanups): 200 GET http://10.180.1.21/compute/v2.1/servers/fa02511c-c494-44f0-8e49-1dcc95c9f6bb 3.154s
2025-03-19 04:12:27.383 69734 INFO tempest.common.waiters [-] State transition "REBUILD/rebuilding" ==> "REBUILD/rebuild_spawning" after 4 second wait
2025-03-19 04:12:27.446 69722 INFO tempest.lib.common.rest_client [req-7d5b38d7-001b-4e36-9f00-5bcd237f21de req-7d5b38d7-001b-4e36-9f00-5bcd237f21de ] Request (ServerActionsV293TestJSON:setUpClass): 200 GET http://10.180.1.21/volume/v3/volumes/a63cfcc1-5115-4e13-9c17-ff3097894926 0.164s
2025-03-19 04:12:27.450 69728 INFO tempest.lib.common.rest_client [req-750f7488-74f2-415f-ad8d-7b9f3cba9292 req-750f7488-74f2-415f-ad8d-7b9f3cba9292 ] Request (ServersAdminTestJSON:test_create_server_with_scheduling_hint): 200 GET http://10.180.1.21/compute/v2.1/servers/4b6393d7-65da-49b2-8c0e-762e947a2e31 3.075s
2025-03-19 04:12:27.486 69714 INFO tempest.lib.common.rest_client [req-4c5c59a2-bdef-4877-a0e8-feff62a4e347 req-4c5c59a2-bdef-4877-a0e8-feff62a4e347 ] Request (ServersWithSpecificFlavorTestJSON:test_verify_created_server_ephemeral_disk): 200 GET http://10.180.1.21/compute/v2.1/servers/7d8f56fd-07ae-458b-b511-546b7adefe96 3.249s
2025-03-19 04:12:27.495 69714 INFO tempest.common.waiters [-] State transition "BUILD/spawning" ==> "ACTIVE/None" after 25 second wait
2025-03-19 04:12:27.520 69750 INFO tempest.lib.common.rest_client [req-eaa1a9b9-d4c9-4b51-954d-37176f8656f4 req-eaa1a9b9-d4c9-4b51-954d-37176f8656f4 ] Request (ImagesNegativeTestJSON:test_create_image_from_deleted_server): 200 GET http://10.180.1.21/compute/v2.1/servers/cc255889-3de9-4a77-9e45-9801d250e203 3.059s
2025-03-19 04:12:27.526 69718 INFO tempest.lib.common.rest_client [req-12fbffff-8e25-492e-bdc6-1e0be0158ffb req-12fbffff-8e25-492e-bdc6-1e0be0158ffb ] Request (ImagesMetadataTestJSON:test_delete_image_metadata_item): 200 GET http://10.180.1.21/compute/v2.1/images/e2da5d25-1fce-4dc5-94bd-6e0aca8480d4/metadata 2.936s
2025-03-19 04:12:27.533 69750 INFO tempest.common.waiters [-] State transition "ACTIVE/deleting" ==> "DELETED/None" after 6 second wait
2025-03-19 04:12:27.615 69702 INFO tempest.lib.common.rest_client [req-b7ca4d45-ac66-44e7-a9d5-55a5cb1b8d78 req-b7ca4d45-ac66-44e7-a9d5-55a5cb1b8d78 ] Request (ImagesOneServerTestJSON:setUpClass): 200 GET http://10.180.1.21/compute/v2.1/servers/5d6671c0-cd60-427f-bf36-663827dc0fcd 2.898s
2025-03-19 04:12:27.673 69730 INFO tempest.lib.common.rest_client [req-56f1e721-1437-415c-affa-9f10b7ac22cd req-56f1e721-1437-415c-affa-9f10b7ac22cd ] Request (ListServerFiltersTestJSON:setUpClass): 201 POST http://10.180.1.21:9696/networking/v2.0/networks 0.420s
2025-03-19 04:12:27.691 69712 INFO tempest.lib.common.rest_client [req-bb4d6892-8eaf-4be9-b3d8-8b10c6ceefd2 req-bb4d6892-8eaf-4be9-b3d8-8b10c6ceefd2 ] Request (ImagesMetadataNegativeTestJSON:test_delete_nonexistent_image_metadata_item): 404 DELETE http://10.180.1.21/compute/v2.1/images/53397423-5749-427d-8538-9ededddb5e7d/metadata/os_distro 2.841s
2025-03-19 04:12:27.742 69688 INFO tempest.lib.common.rest_client [req-f3608052-955a-4ef8-a326-10aa7f699c73 req-f3608052-955a-4ef8-a326-10aa7f699c73 ] Request (SecurityGroupsNegativeTestJSON:test_delete_nonexistent_security_group): 404 DELETE http://10.180.1.21/compute/v2.1/os-security-groups/ad38f6dc-e3b9-4ee5-af44-aefc24310763 2.821s
2025-03-19 04:12:27.775 69720 INFO tempest.lib.common.rest_client [req-a8bcef7d-c7b6-4476-bf46-533019a80cbf req-a8bcef7d-c7b6-4476-bf46-533019a80cbf ] Request (DeleteServersAdminTestJSON:test_admin_delete_servers_of_others): 200 GET http://10.180.1.21/compute/v2.1/servers/162b8b0c-9f6c-4acd-bf2f-b053f487ccd8 2.092s
2025-03-19 04:12:27.821 69746 INFO tempest.lib.common.rest_client [req-a91f32f6-9e60-4e72-8b3c-0b2dbe5d26f6 req-a91f32f6-9e60-4e72-8b3c-0b2dbe5d26f6 ] Request (ServersNegativeTestMultiTenantJSON:setUpClass): 200 GET http://10.180.1.21/compute/v2.1/servers/f8cfe27b-e3f9-42f5-bc82-8f2fa65f787f 2.066s
2025-03-19 04:12:27.831 69746 INFO tempest.common.waiters [-] State transition "BUILD/scheduling" ==> "BUILD/None" after 9 second wait
2025-03-19 04:12:27.852 69732 INFO tempest.lib.common.rest_client [req-66783f9a-b65a-464d-8ed6-72133dba987b req-66783f9a-b65a-464d-8ed6-72133dba987b ] Request (AttachVolumeShelveTestJSON:test_attach_volume_shelved_or_offload_server): 200 GET http://10.180.1.21/compute/v2.1/servers/c15d57db-e0cf-45df-8bc4-9743066e5d54 2.024s
2025-03-19 04:12:27.867 69732 INFO tempest.common.waiters [-] State transition "BUILD/scheduling" ==> "BUILD/None" after 9 second wait
