2025-03-19 04:11:40.290 69742 INFO tempest.lib.common.rest_client [req-ce2d9ec7-1c1d-4fb1-88f7-5a107b887df6 req-ce2d9ec7-1c1d-4fb1-88f7-5a107b887df6 ] Request (AZAdminNegativeTestJSON:test_get_availability_zone_list_detail_with_non_admin_user): 403 GET http://10.180.1.21/compute/v2.1/os-availability-zone/detail 1.990s
2025-03-19 04:11:40.299 69696 INFO tempest.lib.common.rest_client [req-60871580-b799-4909-bfc7-5788f2e452ed req-60871580-b799-4909-bfc7-5788f2e452ed ] Request (FlavorsExtraSpecsTestJSON:test_flavor_non_admin_get_all_keys): 200 GET http://10.180.1.21/compute/v2.1/flavors/470137729/os-extra_specs 2.028s
2025-03-19 04:11:40.305 69746 INFO tempest.lib.common.rest_client [req-1bdd97ab-3716-4c72-8cc6-88a68947884f req-1bdd97ab-3716-4c72-8cc6-88a68947884f ] Request (MultipleCreateNegativeTestJSON:setUpClass): 200 GET http://10.180.1.21/identity/v3/domains?name=Default 0.304s
2025-03-19 04:11:40.334 69706 INFO tempest.lib.common.rest_client [req-7c543583-fbf5-4101-8a41-85ea91406c98 req-7c543583-fbf5-4101-8a41-85ea91406c98 ] Request (QuotasSecurityGroupAdminNegativeTest:tearDownClass): 201 POST http://10.180.1.21/identity/v3/auth/tokens 0.259s
2025-03-19 04:11:40.336 69750 INFO tempest.lib.common.rest_client [req-23885663-32e5-4cef-89fa-7f8d2d1bae62 req-23885663-32e5-4cef-89fa-7f8d2d1bae62 ] Request (ImagesNegativeTestJSON:test_create_image_from_deleted_server): 201 POST http://10.180.1.21/identity/v3/auth/tokens 0.318s
2025-03-19 04:11:40.337 69750 INFO tempest.lib.common.fixed_network [-] (ImagesNegativeTestJSON:test_create_image_from_deleted_server) Found network {'id': '91970957-edeb-475d-9598-c215a67a0643', 'name': 'tempest-ImagesNegativeTestJSON-1899304400-network', 'tenant_id': '967b282663b549a1945785d439558bb6', 'admin_state_up': True, 'mtu': 8950, 'status': 'ACTIVE', 'subnets': [], 'shared': False, 'project_id': '967b282663b549a1945785d439558bb6', 'port_security_enabled': True, 'router:external': False, 'provider:network_type': 'vlan', 'provider:physical_network': 'default', 'provider:segmentation_id': 677, 'availability_zone_hints': [], 'availability_zones': [], 'ipv4_address_scope': None, 'ipv6_address_scope': None, 'description': '', 'tags': [], 'created_at': '2025-03-19T04:11:35Z', 'updated_at': '2025-03-19T04:11:35Z', 'revision_number': 1} available for tenant
2025-03-19 04:11:40.359 69728 INFO tempest.lib.common.rest_client [req-6ded8bde-d350-4eee-8025-e334ae8797b4 req-6ded8bde-d350-4eee-8025-e334ae8797b4 ] Request (ServersAdminTestJSON:setUpClass): 201 POST http://10.180.1.21/identity/v3/projects 0.235s
2025-03-19 04:11:40.365 69716 INFO tempest.lib.common.rest_client [req-d28b34ec-42e0-4ddf-bd02-0593287bcbe8 req-d28b34ec-42e0-4ddf-bd02-0593287bcbe8 ] Request (InstanceUsageAuditLogTestJSON:setUpClass): 201 POST http://10.180.1.21/identity/v3/projects 0.220s
2025-03-19 04:11:40.406 69698 INFO tempest.lib.common.rest_client [req-48e48ec2-8407-44b1-98cd-e492ce081460 req-48e48ec2-8407-44b1-98cd-e492ce081460 ] Request (ImagesOneServerNegativeTestJSON:setUpClass): 201 POST http://10.180.1.21/identity/v3/auth/tokens 0.210s
2025-03-19 04:11:40.407 69698 INFO tempest.lib.common.fixed_network [-] (ImagesOneServerNegativeTestJSON:setUpClass) Found network {'id': 'e10d5883-9829-4a2c-9aa8-4c0a02d9ab73', 'name': 'tempest-ImagesOneServerNegativeTestJSON-985420707-network', 'tenant_id': 'b5b9060f748043b285c99b5e66df0ccc', 'admin_state_up': True, 'mtu': 8950, 'status': 'ACTIVE', 'subnets': [], 'shared': False, 'project_id': 'b5b9060f748043b285c99b5e66df0ccc', 'port_security_enabled': True, 'router:external': False, 'provider:network_type': 'vlan', 'provider:physical_network': 'default', 'provider:segmentation_id': 988, 'availability_zone_hints': [], 'availability_zones': [], 'ipv4_address_scope': None, 'ipv6_address_scope': None, 'description': '', 'tags': [], 'created_at': '2025-03-19T04:11:35Z', 'updated_at': '2025-03-19T04:11:35Z', 'revision_number': 1} available for tenant
2025-03-19 04:11:40.457 69702 INFO tempest.lib.common.rest_client [req-73ec1c61-bb73-4c29-a8ee-01af73b0cdaf req-73ec1c61-bb73-4c29-a8ee-01af73b0cdaf ] Request (QuotaClassesAdmin257Test:setUpClass): 200 GET http://10.180.1.21/identity/v3/roles 0.200s
2025-03-19 04:11:40.535 69694 INFO tempest.lib.common.rest_client [req-5ddead28-8262-497d-9ec8-959b3fc275cf req-5ddead28-8262-497d-9ec8-959b3fc275cf ] Request (AZAdminV2TestJSON:test_get_availability_zone_list): 200 GET http://10.180.1.21/compute/v2.1/os-availability-zone 2.050s
2025-03-19 04:11:40.586 69742 INFO tempest.lib.common.rest_client [req-ada846ee-e87f-41b8-ab42-a5b69f06c005 req-ada846ee-e87f-41b8-ab42-a5b69f06c005 ] Request (AZAdminNegativeTestJSON:tearDownClass): 204 DELETE http://10.180.1.21/identity/v3/users/8e1494f7440e499683185dd4431ff0ff 0.288s
2025-03-19 04:11:40.592 69690 INFO tempest.lib.common.rest_client [req-fd61e9f0-3fc6-4fbc-a476-9bc627e46fe1 req-fd61e9f0-3fc6-4fbc-a476-9bc627e46fe1 ] Request (AggregatesAdminNegativeTestJSON:test_aggregate_add_existent_host): 200 POST http://10.180.1.21/compute/v2.1/os-aggregates 1.735s
2025-03-19 04:11:40.631 69746 INFO tempest.lib.common.rest_client [req-de00ffef-0c85-4294-8667-e9d9d24bca73 req-de00ffef-0c85-4294-8667-e9d9d24bca73 ] Request (MultipleCreateNegativeTestJSON:setUpClass): 201 POST http://10.180.1.21/identity/v3/projects 0.325s
2025-03-19 04:11:40.688 69728 INFO tempest.lib.common.rest_client [req-4395f0b1-2f09-4c22-8fd0-2b4eae085d36 req-4395f0b1-2f09-4c22-8fd0-2b4eae085d36 ] Request (ServersAdminTestJSON:setUpClass): 201 POST http://10.180.1.21/identity/v3/users 0.329s
2025-03-19 04:11:40.696 69716 INFO tempest.lib.common.rest_client [req-430e54d8-76e7-4e22-bd73-bd61a141b069 req-430e54d8-76e7-4e22-bd73-bd61a141b069 ] Request (InstanceUsageAuditLogTestJSON:setUpClass): 201 POST http://10.180.1.21/identity/v3/users 0.331s
2025-03-19 04:11:40.712 69702 INFO tempest.lib.common.rest_client [req-c828e58e-6536-442d-8783-12e5ee77734f req-c828e58e-6536-442d-8783-12e5ee77734f ] Request (QuotaClassesAdmin257Test:setUpClass): 204 PUT http://10.180.1.21/identity/v3/projects/f164f15e6e9046209760f3b0ae0e6a6d/users/0f42598004ac47e79e7956510ee3ed3e/roles/83b581400f124ced8ad859c96a8a2a56 0.254s
2025-03-19 04:11:40.712 69702 INFO tempest.lib.common.dynamic_creds [-] Dynamic test user 0f42598004ac47e79e7956510ee3ed3e is created with scope project and roles: ['admin']
2025-03-19 04:11:40.712 69702 INFO tempest.lib.common.dynamic_creds [-] Acquired dynamic creds: credentials: Credentials: {'domain_id': 'default', 'domain_name': 'Default', 'username': 'tempest-QuotaClassesAdmin257Test-1361579667-project-admin', 'project_domain_id': 'default', 'project_domain_name': 'Default', 'project_id': 'f164f15e6e9046209760f3b0ae0e6a6d', 'project_name': 'tempest-QuotaClassesAdmin257Test-1361579667', 'tenant_id': 'f164f15e6e9046209760f3b0ae0e6a6d', 'tenant_name': 'tempest-QuotaClassesAdmin257Test-1361579667', 'user_domain_id': 'default', 'user_domain_name': 'Default', 'user_id': '0f42598004ac47e79e7956510ee3ed3e', 'system': None}, Network: None, Subnet: None, Router: None
2025-03-19 04:11:40.712 69702 INFO tempest.lib.common.dynamic_creds [-] Created isolated network resources for: credentials: Credentials: {'domain_id': 'default', 'domain_name': 'Default', 'username': 'tempest-QuotaClassesAdmin257Test-1361579667-project-admin', 'project_domain_id': 'default', 'project_domain_name': 'Default', 'project_id': 'f164f15e6e9046209760f3b0ae0e6a6d', 'project_name': 'tempest-QuotaClassesAdmin257Test-1361579667', 'tenant_id': 'f164f15e6e9046209760f3b0ae0e6a6d', 'tenant_name': 'tempest-QuotaClassesAdmin257Test-1361579667', 'user_domain_id': 'default', 'user_domain_name': 'Default', 'user_id': '0f42598004ac47e79e7956510ee3ed3e', 'system': None}, Network: None, Subnet: None, Router: None
2025-03-19 04:11:40.807 69742 INFO tempest.lib.common.rest_client [req-8237f8b2-47ac-41a4-9712-09fe01fd5ce2 req-8237f8b2-47ac-41a4-9712-09fe01fd5ce2 ] Request (AZAdminNegativeTestJSON:tearDownClass): 204 DELETE http://10.180.1.21/identity/v3/users/5c3a535b48b1431cbaafb6fa63b92166 0.220s
2025-03-19 04:11:40.807 69742 INFO tempest.lib.common.dynamic_creds [-] Deleting project and security group for project: dd8af7f46b654ed4861bdf94820a92e6
2025-03-19 04:11:40.864 69746 INFO tempest.lib.common.rest_client [req-5f5c4d30-1856-4c59-b050-de11fbd68fd3 req-5f5c4d30-1856-4c59-b050-de11fbd68fd3 ] Request (MultipleCreateNegativeTestJSON:setUpClass): 201 POST http://10.180.1.21/identity/v3/users 0.232s
2025-03-19 04:11:40.892 69728 INFO tempest.lib.common.rest_client [req-73f0a430-3b78-4ab0-a806-c46cecfb3f6f req-73f0a430-3b78-4ab0-a806-c46cecfb3f6f ] Request (ServersAdminTestJSON:setUpClass): 200 GET http://10.180.1.21/identity/v3/roles 0.202s
2025-03-19 04:11:40.921 69716 INFO tempest.lib.common.rest_client [req-9a333c2c-e2d1-4fe5-a195-4ab24fce6242 req-9a333c2c-e2d1-4fe5-a195-4ab24fce6242 ] Request (InstanceUsageAuditLogTestJSON:setUpClass): 200 GET http://10.180.1.21/identity/v3/roles 0.225s
2025-03-19 04:11:41.009 69702 INFO tempest.lib.common.rest_client [req-e6caf25a-8e43-47ea-b8b1-788d73d19f68 req-e6caf25a-8e43-47ea-b8b1-788d73d19f68 ] Request (QuotaClassesAdmin257Test:setUpClass): 201 POST http://10.180.1.21/identity/v3/auth/tokens 0.294s
2025-03-19 04:11:41.041 69742 INFO tempest.lib.common.rest_client [req-06532b7d-ed9f-4991-9141-8ea738754c00 req-06532b7d-ed9f-4991-9141-8ea738754c00 ] Request (AZAdminNegativeTestJSON:tearDownClass): 201 POST http://10.180.1.21/identity/v3/auth/tokens 0.234s
2025-03-19 04:11:41.066 69746 INFO tempest.lib.common.rest_client [req-7b5731b8-0e91-4ab2-8763-7fd5473ab287 req-7b5731b8-0e91-4ab2-8763-7fd5473ab287 ] Request (MultipleCreateNegativeTestJSON:setUpClass): 200 GET http://10.180.1.21/identity/v3/roles 0.202s
2025-03-19 04:11:41.069 69706 INFO tempest.lib.common.rest_client [req-4d8c4e5d-ca0e-4a5c-991d-658d408d02ef req-4d8c4e5d-ca0e-4a5c-991d-658d408d02ef ] Request (QuotasSecurityGroupAdminNegativeTest:tearDownClass): 200 GET http://10.180.1.21:9696/networking/v2.0/security-groups?tenant_id=3dc8b3682c3849dcbc36738d9608eec6&name=default 0.735s
2025-03-19 04:11:41.093 69728 INFO tempest.lib.common.rest_client [req-c644aefa-ed10-43bd-886a-971f6ddad76d req-c644aefa-ed10-43bd-886a-971f6ddad76d ] Request (ServersAdminTestJSON:setUpClass): 204 PUT http://10.180.1.21/identity/v3/projects/bb2bf5694da14887a5ddfef0a166bf44/users/3e7dc82f25ef489fac2078a738917833/roles/1a6e4e45742b45c3aa52913d35bdfa95 0.200s
2025-03-19 04:11:41.093 69728 INFO tempest.lib.common.dynamic_creds [-] Dynamic test user 3e7dc82f25ef489fac2078a738917833 is created with scope project and roles: ['member']
2025-03-19 04:11:41.093 69728 INFO tempest.lib.common.dynamic_creds [-] Acquired dynamic creds: credentials: Credentials: {'domain_id': 'default', 'domain_name': 'Default', 'username': 'tempest-ServersAdminTestJSON-1460586589-project-member', 'project_domain_id': 'default', 'project_domain_name': 'Default', 'project_id': 'bb2bf5694da14887a5ddfef0a166bf44', 'project_name': 'tempest-ServersAdminTestJSON-1460586589', 'tenant_id': 'bb2bf5694da14887a5ddfef0a166bf44', 'tenant_name': 'tempest-ServersAdminTestJSON-1460586589', 'user_domain_id': 'default', 'user_domain_name': 'Default', 'user_id': '3e7dc82f25ef489fac2078a738917833', 'system': None}, Network: None, Subnet: None, Router: None
2025-03-19 04:11:41.106 69700 INFO tempest.lib.common.rest_client [req-c4f9798c-1133-49ae-9e32-89462eaae9da req-c4f9798c-1133-49ae-9e32-89462eaae9da ] Request (VolumesAssistedSnapshotsTest:setUpClass): 200 PUT http://10.180.1.21:9696/networking/v2.0/routers/a0580f5c-16ad-465f-b074-dedfa0fde714/add_router_interface 2.289s
2025-03-19 04:11:41.107 69700 INFO tempest.lib.common.dynamic_creds [-] Created isolated network resources for: credentials: Credentials: {'domain_id': 'default', 'domain_name': 'Default', 'username': 'tempest-VolumesAssistedSnapshotsTest-1821395636-project-member', 'project_domain_id': 'default', 'project_domain_name': 'Default', 'project_id': '87a426ce2d73436d9e9fd7eb28693b09', 'project_name': 'tempest-VolumesAssistedSnapshotsTest-1821395636', 'tenant_id': '87a426ce2d73436d9e9fd7eb28693b09', 'tenant_name': 'tempest-VolumesAssistedSnapshotsTest-1821395636', 'user_domain_id': 'default', 'user_domain_name': 'Default', 'user_id': '4e4ddce28352499bb2c5cc9f43a399db', 'system': None}, Network: {'id': 'df7ddefe-e970-49e1-be6f-bcbca8075fbd', 'name': 'tempest-VolumesAssistedSnapshotsTest-2018287554-network', 'tenant_id': '87a426ce2d73436d9e9fd7eb28693b09', 'admin_state_up': True, 'mtu': 8950, 'status': 'ACTIVE', 'subnets': [], 'shared': False, 'project_id': '87a426ce2d73436d9e9fd7eb28693b09', 'port_security_enabled': True, 'router:external': False, 'provider:network_type': 'vlan', 'provider:physical_network': 'default', 'provider:segmentation_id': 563, 'availability_zone_hints': [], 'availability_zones': [], 'ipv4_address_scope': None, 'ipv6_address_scope': None, 'description': '', 'tags': [], 'created_at': '2025-03-19T04:11:35Z', 'updated_at': '2025-03-19T04:11:35Z', 'revision_number': 1}, Subnet: {'id': 'c6901ccc-c018-497b-ac79-68462236e9df', 'name': 'tempest-VolumesAssistedSnapshotsTest-2018287554-subnet', 'tenant_id': '87a426ce2d73436d9e9fd7eb28693b09', 'network_id': 'df7ddefe-e970-49e1-be6f-bcbca8075fbd', 'ip_version': 4, 'subnetpool_id': None, 'enable_dhcp': True, 'ipv6_ra_mode': None, 'ipv6_address_mode': None, 'gateway_ip': '192.168.128.1', 'cidr': '192.168.128.0/28', 'allocation_pools': [{'start': '192.168.128.2', 'end': '192.168.128.14'}], 'host_routes': [], 'dns_nameservers': [], 'description': '', 'router:external': False, 'service_types': [], 'tags': [], 'created_at': '2025-03-19T04:11:36Z', 'updated_at': '2025-03-19T04:11:36Z', 'revision_number': 0, 'project_id': '87a426ce2d73436d9e9fd7eb28693b09'}, Router: {'id': 'a0580f5c-16ad-465f-b074-dedfa0fde714', 'name': 'tempest-VolumesAssistedSnapshotsTest-2018287554-router', 'tenant_id': '87a426ce2d73436d9e9fd7eb28693b09', 'admin_state_up': True, 'status': 'ACTIVE', 'external_gateway_info': {'network_id': 'c4ffba10-30ed-40e5-b21f-3b047f3367b1', 'external_fixed_ips': [{'subnet_id': '757f51a9-0624-426f-b81c-bd3847d09d50', 'ip_address': '10.180.180.215'}], 'enable_snat': True}, 'description': '', 'availability_zones': [], 'distributed': False, 'ha': False, 'availability_zone_hints': [], 'routes': [], 'flavor_id': None, 'tags': [], 'created_at': '2025-03-19T04:11:36Z', 'updated_at': '2025-03-19T04:11:37Z', 'revision_number': 2, 'project_id': '87a426ce2d73436d9e9fd7eb28693b09'}
2025-03-19 04:11:41.107 69720 INFO tempest.lib.common.rest_client [req-d4af2876-ee95-494c-94fe-5c8386d7a8fa req-d4af2876-ee95-494c-94fe-5c8386d7a8fa ] Request (DeleteServersAdminTestJSON:test_admin_delete_servers_of_others): 202 POST http://10.180.1.21/compute/v2.1/servers 2.487s
2025-03-19 04:11:41.123 69716 INFO tempest.lib.common.rest_client [req-4453292e-25b0-465d-ba1c-cb94b2e48ef2 req-4453292e-25b0-465d-ba1c-cb94b2e48ef2 ] Request (InstanceUsageAuditLogTestJSON:setUpClass): 204 PUT http://10.180.1.21/identity/v3/projects/261932e15ef44216a696189da438126a/users/7017ad6859db45069e227eeb882c1358/roles/1a6e4e45742b45c3aa52913d35bdfa95 0.200s
2025-03-19 04:11:41.123 69716 INFO tempest.lib.common.dynamic_creds [-] Dynamic test user 7017ad6859db45069e227eeb882c1358 is created with scope project and roles: ['member']
2025-03-19 04:11:41.124 69716 INFO tempest.lib.common.dynamic_creds [-] Acquired dynamic creds: credentials: Credentials: {'domain_id': 'default', 'domain_name': 'Default', 'username': 'tempest-InstanceUsageAuditLogTestJSON-1159938356-project-member', 'project_domain_id': 'default', 'project_domain_name': 'Default', 'project_id': '261932e15ef44216a696189da438126a', 'project_name': 'tempest-InstanceUsageAuditLogTestJSON-1159938356', 'tenant_id': '261932e15ef44216a696189da438126a', 'tenant_name': 'tempest-InstanceUsageAuditLogTestJSON-1159938356', 'user_domain_id': 'default', 'user_domain_name': 'Default', 'user_id': '7017ad6859db45069e227eeb882c1358', 'system': None}, Network: None, Subnet: None, Router: None
2025-03-19 04:11:41.124 69716 INFO tempest.lib.common.dynamic_creds [-] Created isolated network resources for: credentials: Credentials: {'domain_id': 'default', 'domain_name': 'Default', 'username': 'tempest-InstanceUsageAuditLogTestJSON-1159938356-project-member', 'project_domain_id': 'default', 'project_domain_name': 'Default', 'project_id': '261932e15ef44216a696189da438126a', 'project_name': 'tempest-InstanceUsageAuditLogTestJSON-1159938356', 'tenant_id': '261932e15ef44216a696189da438126a', 'tenant_name': 'tempest-InstanceUsageAuditLogTestJSON-1159938356', 'user_domain_id': 'default', 'user_domain_name': 'Default', 'user_id': '7017ad6859db45069e227eeb882c1358', 'system': None}, Network: None, Subnet: None, Router: None
2025-03-19 04:11:41.161 69706 INFO tempest.lib.common.rest_client [req-1d89c975-9ba4-44f1-ac25-7e2f24c1cb89 req-1d89c975-9ba4-44f1-ac25-7e2f24c1cb89 ] Request (QuotasSecurityGroupAdminNegativeTest:tearDownClass): 204 DELETE http://10.180.1.21:9696/networking/v2.0/security-groups/c2a9d921-f6c2-4b8c-af48-b268b3d37054 0.092s
2025-03-19 04:11:41.237 69746 INFO tempest.lib.common.rest_client [req-de551ac2-acd6-45ea-82aa-1343e59f5f36 req-de551ac2-acd6-45ea-82aa-1343e59f5f36 ] Request (MultipleCreateNegativeTestJSON:setUpClass): 204 PUT http://10.180.1.21/identity/v3/projects/fba6f0d12446448193e29d6ca63094a9/users/b5a38d8c27654da9bffb9b543b6bccc5/roles/1a6e4e45742b45c3aa52913d35bdfa95 0.170s
2025-03-19 04:11:41.237 69746 INFO tempest.lib.common.dynamic_creds [-] Dynamic test user b5a38d8c27654da9bffb9b543b6bccc5 is created with scope project and roles: ['member']
2025-03-19 04:11:41.238 69746 INFO tempest.lib.common.dynamic_creds [-] Acquired dynamic creds: credentials: Credentials: {'domain_id': 'default', 'domain_name': 'Default', 'username': 'tempest-MultipleCreateNegativeTestJSON-167348408-project-member', 'project_domain_id': 'default', 'project_domain_name': 'Default', 'project_id': 'fba6f0d12446448193e29d6ca63094a9', 'project_name': 'tempest-MultipleCreateNegativeTestJSON-167348408', 'tenant_id': 'fba6f0d12446448193e29d6ca63094a9', 'tenant_name': 'tempest-MultipleCreateNegativeTestJSON-167348408', 'user_domain_id': 'default', 'user_domain_name': 'Default', 'user_id': 'b5a38d8c27654da9bffb9b543b6bccc5', 'system': None}, Network: None, Subnet: None, Router: None
2025-03-19 04:11:41.238 69746 INFO tempest.lib.common.dynamic_creds [-] Created isolated network resources for: credentials: Credentials: {'domain_id': 'default', 'domain_name': 'Default', 'username': 'tempest-MultipleCreateNegativeTestJSON-167348408-project-member', 'project_domain_id': 'default', 'project_domain_name': 'Default', 'project_id': 'fba6f0d12446448193e29d6ca63094a9', 'project_name': 'tempest-MultipleCreateNegativeTestJSON-167348408', 'tenant_id': 'fba6f0d12446448193e29d6ca63094a9', 'tenant_name': 'tempest-MultipleCreateNegativeTestJSON-167348408', 'user_domain_id': 'default', 'user_domain_name': 'Default', 'user_id': 'b5a38d8c27654da9bffb9b543b6bccc5', 'system': None}, Network: None, Subnet: None, Router: None
2025-03-19 04:11:41.276 69688 INFO tempest.lib.common.rest_client [req-72f1930c-26e1-4f37-a351-23a7cda446a0 req-72f1930c-26e1-4f37-a351-23a7cda446a0 ] Request (FloatingIPDetailsTestJSON:setUpClass): 200 PUT http://10.180.1.21:9696/networking/v2.0/routers/0cd2290e-5d91-402a-b18b-2f1f3c977268/add_router_interface 2.372s
2025-03-19 04:11:41.276 69688 INFO tempest.lib.common.dynamic_creds [-] Created isolated network resources for: credentials: Credentials: {'domain_id': 'default', 'domain_name': 'Default', 'username': 'tempest-FloatingIPDetailsTestJSON-241221063-project-member', 'project_domain_id': 'default', 'project_domain_name': 'Default', 'project_id': '831c8f59aa984514bc1efb4d137f5c4b', 'project_name': 'tempest-FloatingIPDetailsTestJSON-241221063', 'tenant_id': '831c8f59aa984514bc1efb4d137f5c4b', 'tenant_name': 'tempest-FloatingIPDetailsTestJSON-241221063', 'user_domain_id': 'default', 'user_domain_name': 'Default', 'user_id': 'b4d0c27033634c8cb4dae78dc5b874cd', 'system': None}, Network: {'id': '9fdc44c9-ced5-4304-a020-7a1c8b9f85a9', 'name': 'tempest-FloatingIPDetailsTestJSON-940479799-network', 'tenant_id': '831c8f59aa984514bc1efb4d137f5c4b', 'admin_state_up': True, 'mtu': 8950, 'status': 'ACTIVE', 'subnets': [], 'shared': False, 'project_id': '831c8f59aa984514bc1efb4d137f5c4b', 'port_security_enabled': True, 'router:external': False, 'provider:network_type': 'vlan', 'provider:physical_network': 'default', 'provider:segmentation_id': 83, 'availability_zone_hints': [], 'availability_zones': [], 'ipv4_address_scope': None, 'ipv6_address_scope': None, 'description': '', 'tags': [], 'created_at': '2025-03-19T04:11:36Z', 'updated_at': '2025-03-19T04:11:36Z', 'revision_number': 1}, Subnet: {'id': 'b1950de9-6672-4ab2-b913-543dbafcfd2a', 'name': 'tempest-FloatingIPDetailsTestJSON-940479799-subnet', 'tenant_id': '831c8f59aa984514bc1efb4d137f5c4b', 'network_id': '9fdc44c9-ced5-4304-a020-7a1c8b9f85a9', 'ip_version': 4, 'subnetpool_id': None, 'enable_dhcp': True, 'ipv6_ra_mode': None, 'ipv6_address_mode': None, 'gateway_ip': '192.168.128.1', 'cidr': '192.168.128.0/28', 'allocation_pools': [{'start': '192.168.128.2', 'end': '192.168.128.14'}], 'host_routes': [], 'dns_nameservers': [], 'description': '', 'router:external': False, 'service_types': [], 'tags': [], 'created_at': '2025-03-19T04:11:36Z', 'updated_at': '2025-03-19T04:11:36Z', 'revision_number': 0, 'project_id': '831c8f59aa984514bc1efb4d137f5c4b'}, Router: {'id': '0cd2290e-5d91-402a-b18b-2f1f3c977268', 'name': 'tempest-FloatingIPDetailsTestJSON-940479799-router', 'tenant_id': '831c8f59aa984514bc1efb4d137f5c4b', 'admin_state_up': True, 'status': 'ACTIVE', 'external_gateway_info': {'network_id': 'c4ffba10-30ed-40e5-b21f-3b047f3367b1', 'external_fixed_ips': [{'subnet_id': '757f51a9-0624-426f-b81c-bd3847d09d50', 'ip_address': '10.180.180.141'}], 'enable_snat': True}, 'description': '', 'availability_zones': [], 'distributed': False, 'ha': False, 'availability_zone_hints': [], 'routes': [], 'flavor_id': None, 'tags': [], 'created_at': '2025-03-19T04:11:36Z', 'updated_at': '2025-03-19T04:11:37Z', 'revision_number': 2, 'project_id': '831c8f59aa984514bc1efb4d137f5c4b'}
2025-03-19 04:11:41.330 69728 INFO tempest.lib.common.rest_client [req-f40fcac2-065c-4d11-92e2-b1e87aebc86c req-f40fcac2-065c-4d11-92e2-b1e87aebc86c ] Request (ServersAdminTestJSON:setUpClass): 201 POST http://10.180.1.21/identity/v3/auth/tokens 0.236s
2025-03-19 04:11:41.361 69742 INFO tempest.lib.common.rest_client [req-164ae059-3811-4d95-90e9-dbf61e1960e2 req-164ae059-3811-4d95-90e9-dbf61e1960e2 ] Request (AZAdminNegativeTestJSON:tearDownClass): 200 GET http://10.180.1.21:9696/networking/v2.0/security-groups?tenant_id=dd8af7f46b654ed4861bdf94820a92e6&name=default 0.319s
2025-03-19 04:11:41.433 69710 INFO tempest.lib.common.rest_client [req-5fba03da-830d-4927-aa5d-6cf733dd9bba req-5fba03da-830d-4927-aa5d-6cf733dd9bba ] Request (QuotasAdminTestV236:test_get_updated_quotas): 200 PUT http://10.180.1.21/compute/v2.1/os-quota-sets/7848cd39c98a419ea72e4cb5fc918d15 2.307s
2025-03-19 04:11:41.446 69716 INFO tempest.lib.common.rest_client [req-0c3fe1cf-85cd-4610-a889-851af4261269 req-0c3fe1cf-85cd-4610-a889-851af4261269 ] Request (InstanceUsageAuditLogTestJSON:setUpClass): 201 POST http://10.180.1.21/identity/v3/auth/tokens 0.311s
2025-03-19 04:11:41.468 69736 INFO tempest.lib.common.rest_client [req-1cdd3fbb-0d6d-4085-ac2c-8d3ebababb11 req-1cdd3fbb-0d6d-4085-ac2c-8d3ebababb11 ] Request (FlavorsExtraSpecsNegativeTestJSON:setUpClass): 200 POST http://10.180.1.21/compute/v2.1/flavors 2.278s
2025-03-19 04:11:41.471 69738 INFO tempest.lib.common.rest_client [req-3365e249-0724-40f4-9f94-4d123ea02fee req-3365e249-0724-40f4-9f94-4d123ea02fee ] Request (FloatingIPDetailsNegativeTestJSON:setUpClass): 200 PUT http://10.180.1.21:9696/networking/v2.0/routers/ce25633a-a6db-4c9e-9d5d-d83f4644d856/add_router_interface 2.009s
2025-03-19 04:11:41.471 69738 INFO tempest.lib.common.dynamic_creds [-] Created isolated network resources for: credentials: Credentials: {'domain_id': 'default', 'domain_name': 'Default', 'username': 'tempest-FloatingIPDetailsNegativeTestJSON-1329618292-project-member', 'project_domain_id': 'default', 'project_domain_name': 'Default', 'project_id': '2ccc73718fdb41b1b20e2aa8c5e36ad2', 'project_name': 'tempest-FloatingIPDetailsNegativeTestJSON-1329618292', 'tenant_id': '2ccc73718fdb41b1b20e2aa8c5e36ad2', 'tenant_name': 'tempest-FloatingIPDetailsNegativeTestJSON-1329618292', 'user_domain_id': 'default', 'user_domain_name': 'Default', 'user_id': '1ca9452fbb8b41a39688b5f7da1ae421', 'system': None}, Network: {'id': '550aef2e-8344-4399-88c2-d0244ba09db2', 'name': 'tempest-FloatingIPDetailsNegativeTestJSON-1899880244-network', 'tenant_id': '2ccc73718fdb41b1b20e2aa8c5e36ad2', 'admin_state_up': True, 'mtu': 8950, 'status': 'ACTIVE', 'subnets': [], 'shared': False, 'project_id': '2ccc73718fdb41b1b20e2aa8c5e36ad2', 'port_security_enabled': True, 'router:external': False, 'provider:network_type': 'vlan', 'provider:physical_network': 'default', 'provider:segmentation_id': 769, 'availability_zone_hints': [], 'availability_zones': [], 'ipv4_address_scope': None, 'ipv6_address_scope': None, 'description': '', 'tags': [], 'created_at': '2025-03-19T04:11:36Z', 'updated_at': '2025-03-19T04:11:36Z', 'revision_number': 1}, Subnet: {'id': 'b50fe255-cb0a-4360-8347-9b7ce061b3b7', 'name': 'tempest-FloatingIPDetailsNegativeTestJSON-1899880244-subnet', 'tenant_id': '2ccc73718fdb41b1b20e2aa8c5e36ad2', 'network_id': '550aef2e-8344-4399-88c2-d0244ba09db2', 'ip_version': 4, 'subnetpool_id': None, 'enable_dhcp': True, 'ipv6_ra_mode': None, 'ipv6_address_mode': None, 'gateway_ip': '192.168.128.1', 'cidr': '192.168.128.0/28', 'allocation_pools': [{'start': '192.168.128.2', 'end': '192.168.128.14'}], 'host_routes': [], 'dns_nameservers': [], 'description': '', 'router:external': False, 'service_types': [], 'tags': [], 'created_at': '2025-03-19T04:11:36Z', 'updated_at': '2025-03-19T04:11:36Z', 'revision_number': 0, 'project_id': '2ccc73718fdb41b1b20e2aa8c5e36ad2'}, Router: {'id': 'ce25633a-a6db-4c9e-9d5d-d83f4644d856', 'name': 'tempest-FloatingIPDetailsNegativeTestJSON-1899880244-router', 'tenant_id': '2ccc73718fdb41b1b20e2aa8c5e36ad2', 'admin_state_up': True, 'status': 'ACTIVE', 'external_gateway_info': {'network_id': 'c4ffba10-30ed-40e5-b21f-3b047f3367b1', 'external_fixed_ips': [{'subnet_id': '757f51a9-0624-426f-b81c-bd3847d09d50', 'ip_address': '10.180.180.171'}], 'enable_snat': True}, 'description': '', 'availability_zones': [], 'distributed': False, 'ha': False, 'availability_zone_hints': [], 'routes': [], 'flavor_id': None, 'tags': [], 'created_at': '2025-03-19T04:11:37Z', 'updated_at': '2025-03-19T04:11:38Z', 'revision_number': 2, 'project_id': '2ccc73718fdb41b1b20e2aa8c5e36ad2'}
2025-03-19 04:11:41.474 69742 INFO tempest.lib.common.rest_client [req-6a65f5be-3ac3-4312-8cf0-5503b83b4ce4 req-6a65f5be-3ac3-4312-8cf0-5503b83b4ce4 ] Request (AZAdminNegativeTestJSON:tearDownClass): 204 DELETE http://10.180.1.21:9696/networking/v2.0/security-groups/35ae4224-ecca-41f4-9900-72f15a7a0df4 0.112s
2025-03-19 04:11:41.569 69706 INFO tempest.lib.common.rest_client [req-102c8155-43c5-4ad1-a567-cb7673067488 req-102c8155-43c5-4ad1-a567-cb7673067488 ] Request (QuotasSecurityGroupAdminNegativeTest:tearDownClass): 204 DELETE http://10.180.1.21/identity/v3/projects/3dc8b3682c3849dcbc36738d9608eec6 0.407s
2025-03-19 04:11:41.569 69706 INFO tempest.lib.common.dynamic_creds [-] Deleting project and security group for project: 2e95be65969a44cfbff1ef834935a25c
2025-03-19 04:11:41.640 69700 INFO tempest.lib.common.rest_client [req-af2f05cc-be09-4501-aa3b-990427cf5ae6 req-af2f05cc-be09-4501-aa3b-990427cf5ae6 ] Request (VolumesAssistedSnapshotsTest:setUpClass): 201 POST http://10.180.1.21/identity/v3/auth/tokens 0.475s
2025-03-19 04:11:41.680 69746 INFO tempest.lib.common.rest_client [req-ca7dc07a-753a-41b5-8a6d-1670018bb062 req-ca7dc07a-753a-41b5-8a6d-1670018bb062 ] Request (MultipleCreateNegativeTestJSON:setUpClass): 201 POST http://10.180.1.21/identity/v3/auth/tokens 0.436s
2025-03-19 04:11:41.685 69692 INFO tempest.lib.common.rest_client [req-95b52816-bb7b-495a-b7a6-53ed576b92e2 req-95b52816-bb7b-495a-b7a6-53ed576b92e2 ] Request (FlavorsV2NegativeTest:test_boot_with_low_ram): 204 PUT http://10.180.1.21/image/v2/images/bfe6b8a4-ef72-44a9-8958-69341139fcc7/file 2.698s
2025-03-19 04:11:41.692 69706 INFO tempest.lib.common.rest_client [req-b5fbc5d4-7fe5-4c28-b491-c933e9e9d4b6 req-b5fbc5d4-7fe5-4c28-b491-c933e9e9d4b6 ] Request (QuotasSecurityGroupAdminNegativeTest:tearDownClass): 200 GET http://10.180.1.21:9696/networking/v2.0/security-groups?tenant_id=2e95be65969a44cfbff1ef834935a25c&name=default 0.123s
2025-03-19 04:11:41.776 69688 INFO tempest.lib.common.rest_client [req-f269ea17-f582-4ca2-8734-cf4ec630bb07 req-f269ea17-f582-4ca2-8734-cf4ec630bb07 ] Request (FloatingIPDetailsTestJSON:setUpClass): 201 POST http://10.180.1.21/identity/v3/auth/tokens 0.435s
2025-03-19 04:11:41.818 69716 INFO tempest.lib.common.rest_client [req-01ef78ef-df92-4971-817c-dc67835f5229 req-01ef78ef-df92-4971-817c-dc67835f5229 ] Request (InstanceUsageAuditLogTestJSON:setUpClass): 201 POST http://10.180.1.21/identity/v3/projects 0.372s
2025-03-19 04:11:41.834 69706 INFO tempest.lib.common.rest_client [req-810eff2c-1388-4215-8368-635203fec0af req-810eff2c-1388-4215-8368-635203fec0af ] Request (QuotasSecurityGroupAdminNegativeTest:tearDownClass): 204 DELETE http://10.180.1.21:9696/networking/v2.0/security-groups/a06b10fd-36b5-4e40-8e11-935eab0613ed 0.141s
2025-03-19 04:11:41.869 69732 INFO tempest.lib.common.rest_client [req-6e63d218-e547-4d75-b333-6ed6030412e9 req-6e63d218-e547-4d75-b333-6ed6030412e9 ] Request (HostsAdminTestJSON:test_list_hosts): 200 GET http://10.180.1.21/compute/v2.1/os-hosts 2.614s
2025-03-19 04:11:41.930 69742 INFO tempest.lib.common.rest_client [req-0964be40-a20d-4f14-a726-514290b9f9a9 req-0964be40-a20d-4f14-a726-514290b9f9a9 ] Request (AZAdminNegativeTestJSON:tearDownClass): 204 DELETE http://10.180.1.21/identity/v3/projects/dd8af7f46b654ed4861bdf94820a92e6 0.455s
2025-03-19 04:11:41.930 69742 INFO tempest.lib.common.dynamic_creds [-] Deleting project and security group for project: 7377bebe55d849778fa9203fbcb08a2d
2025-03-19 04:11:41.933 69728 INFO tempest.lib.common.rest_client [req-c7a5fdb3-826f-48fe-a2ee-0ecfe1dad676 req-c7a5fdb3-826f-48fe-a2ee-0ecfe1dad676 ] Request (ServersAdminTestJSON:setUpClass): 201 POST http://10.180.1.21:9696/networking/v2.0/networks 0.603s
2025-03-19 04:11:41.950 69740 INFO tempest.lib.common.rest_client [req-c4fd1624-dcf2-48d0-a080-e8aa74184eb4 req-c4fd1624-dcf2-48d0-a080-e8aa74184eb4 ] Request (HypervisorAdminV228Test:test_get_list_hypervisor_details): 200 GET http://10.180.1.21/compute/v2.1/os-hypervisors 2.544s
2025-03-19 04:11:41.993 69700 INFO tempest.lib.common.rest_client [req-a6a689d6-9197-4bdb-8bea-589e5a127162 req-a6a689d6-9197-4bdb-8bea-589e5a127162 ] Request (VolumesAssistedSnapshotsTest:setUpClass): 201 POST http://10.180.1.21/identity/v3/projects 0.352s
2025-03-19 04:11:42.001 69704 INFO tempest.lib.common.rest_client [req-77b294de-cbed-404b-a3c3-4331091314fa req-77b294de-cbed-404b-a3c3-4331091314fa ] Request (SecurityGroupRulesTestJSON:test_security_group_rules_create_with_optional_cidr): 200 POST http://10.180.1.21/compute/v2.1/os-security-groups 2.567s
2025-03-19 04:11:42.006 69738 INFO tempest.lib.common.rest_client [req-9a842cbf-d5ba-4061-94ff-c8f755961d71 req-9a842cbf-d5ba-4061-94ff-c8f755961d71 ] Request (FloatingIPDetailsNegativeTestJSON:setUpClass): 201 POST http://10.180.1.21/identity/v3/auth/tokens 0.487s
2025-03-19 04:11:42.020 69714 INFO tempest.lib.common.rest_client [req-408286a9-e854-4bec-bcd2-e9ef95e01fa3 req-408286a9-e854-4bec-bcd2-e9ef95e01fa3 ] Request (ServersWithSpecificFlavorTestJSON:test_verify_created_server_ephemeral_disk): 200 GET http://10.180.1.21/compute/v2.1/flavors/42/os-extra_specs 2.460s
2025-03-19 04:11:42.046 69692 INFO tempest.lib.common.rest_client [req-c51c487f-598c-407c-8c8d-d41612353569 req-c51c487f-598c-407c-8c8d-d41612353569 ] Request (FlavorsV2NegativeTest:test_boot_with_low_ram): 201 POST http://10.180.1.21/identity/v3/auth/tokens 0.358s
2025-03-19 04:11:42.047 69692 INFO tempest.lib.common.fixed_network [-] (FlavorsV2NegativeTest:test_boot_with_low_ram) Found network None available for tenant
2025-03-19 04:11:42.058 69746 INFO tempest.lib.common.rest_client [req-ead3300f-ab96-40af-9fab-1c0075e00383 req-ead3300f-ab96-40af-9fab-1c0075e00383 ] Request (MultipleCreateNegativeTestJSON:test_max_count_less_than_min_count): 201 POST http://10.180.1.21/identity/v3/auth/tokens 0.367s
2025-03-19 04:11:42.058 69746 INFO tempest.lib.common.fixed_network [-] (MultipleCreateNegativeTestJSON:test_max_count_less_than_min_count) Found network None available for tenant
2025-03-19 04:11:42.061 69742 INFO tempest.lib.common.rest_client [req-ac54e394-363c-4419-8487-1dd37d5c1f63 req-ac54e394-363c-4419-8487-1dd37d5c1f63 ] Request (AZAdminNegativeTestJSON:tearDownClass): 200 GET http://10.180.1.21:9696/networking/v2.0/security-groups?tenant_id=7377bebe55d849778fa9203fbcb08a2d&name=default 0.131s
2025-03-19 04:11:42.091 69728 INFO tempest.lib.common.rest_client [req-5e4daff9-2b4e-4ec0-80ca-6c291bfb85b3 req-5e4daff9-2b4e-4ec0-80ca-6c291bfb85b3 ] Request (ServersAdminTestJSON:setUpClass): 201 POST http://10.180.1.21:9696/networking/v2.0/subnets 0.155s
2025-03-19 04:11:42.101 69716 INFO tempest.lib.common.rest_client [req-d79f328e-10c6-4e99-bba4-5fa5556c42a7 req-d79f328e-10c6-4e99-bba4-5fa5556c42a7 ] Request (InstanceUsageAuditLogTestJSON:setUpClass): 201 POST http://10.180.1.21/identity/v3/users 0.283s
2025-03-19 04:11:42.131 69742 INFO tempest.lib.common.rest_client [req-0beb7210-5ff2-4c0c-92e9-7303d96cb623 req-0beb7210-5ff2-4c0c-92e9-7303d96cb623 ] Request (AZAdminNegativeTestJSON:tearDownClass): 204 DELETE http://10.180.1.21:9696/networking/v2.0/security-groups/8a3c480a-6bbc-4e96-952d-c76f83b7462f 0.069s
2025-03-19 04:11:42.160 69706 INFO tempest.lib.common.rest_client [req-f743d81d-f03c-4a68-b5e0-f1f23ad1126c req-f743d81d-f03c-4a68-b5e0-f1f23ad1126c ] Request (QuotasSecurityGroupAdminNegativeTest:tearDownClass): 204 DELETE http://10.180.1.21/identity/v3/projects/2e95be65969a44cfbff1ef834935a25c 0.326s
2025-03-19 04:11:42.230 69700 INFO tempest.lib.common.rest_client [req-36b36414-a2bc-41d3-902b-c770a1fec361 req-36b36414-a2bc-41d3-902b-c770a1fec361 ] Request (VolumesAssistedSnapshotsTest:setUpClass): 201 POST http://10.180.1.21/identity/v3/users 0.237s
2025-03-19 04:11:42.248 69744 INFO tempest.lib.common.rest_client [req-a229bc24-4cea-450e-95e7-117b8af24a26 req-a229bc24-4cea-450e-95e7-117b8af24a26 ] Request (FlavorsAdminTestJSON:test_create_flavor_using_string_ram): 200 POST http://10.180.1.21/compute/v2.1/flavors 2.790s
2025-03-19 04:11:42.258 69716 INFO tempest.lib.common.rest_client [req-8b75e73c-42bb-4654-8363-a14081654d4b req-8b75e73c-42bb-4654-8363-a14081654d4b ] Request (InstanceUsageAuditLogTestJSON:setUpClass): 200 GET http://10.180.1.21/identity/v3/roles 0.155s
2025-03-19 04:11:42.306 69742 INFO tempest.lib.common.rest_client [req-470618a6-604a-42fa-bb06-9314a3315a12 req-470618a6-604a-42fa-bb06-9314a3315a12 ] Request (AZAdminNegativeTestJSON:tearDownClass): 204 DELETE http://10.180.1.21/identity/v3/projects/7377bebe55d849778fa9203fbcb08a2d 0.174s
2025-03-19 04:11:42.322 69706 INFO tempest.lib.common.rest_client [req-69d0bbc8-ba4a-4cd8-86a7-4fea1b1caa5c req-69d0bbc8-ba4a-4cd8-86a7-4fea1b1caa5c ] Request (ServicesAdminTestJSON:setUpClass): 201 POST http://10.180.1.21/identity/v3/auth/tokens 0.161s
2025-03-19 04:11:42.354 69700 INFO tempest.lib.common.rest_client [req-b391768c-c7e5-4343-935a-3692db9de2db req-b391768c-c7e5-4343-935a-3692db9de2db ] Request (VolumesAssistedSnapshotsTest:setUpClass): 200 GET http://10.180.1.21/identity/v3/roles 0.123s
2025-03-19 04:11:42.382 69716 INFO tempest.lib.common.rest_client [req-ff75e3c8-baaf-47ed-9672-45e14cedc297 req-ff75e3c8-baaf-47ed-9672-45e14cedc297 ] Request (InstanceUsageAuditLogTestJSON:setUpClass): 204 PUT http://10.180.1.21/identity/v3/projects/1051901542cd4f96ba030507b662fd2e/users/6bc53d02df5344be93b6e317a083d10f/roles/83b581400f124ced8ad859c96a8a2a56 0.123s
2025-03-19 04:11:42.437 69742 INFO tempest.lib.common.rest_client [req-64fc291c-e9d6-41c9-85fd-77a2ba4b5d6c req-64fc291c-e9d6-41c9-85fd-77a2ba4b5d6c ] Request (TenantUsagesNegativeTestJSON:setUpClass): 201 POST http://10.180.1.21/identity/v3/auth/tokens 0.129s
2025-03-19 04:11:42.457 69706 INFO tempest.lib.common.rest_client [req-360c04c0-d56d-4014-aae4-5cb42ef59f2a req-360c04c0-d56d-4014-aae4-5cb42ef59f2a ] Request (ServicesAdminTestJSON:setUpClass): 201 POST http://10.180.1.21/identity/v3/auth/tokens 0.128s
2025-03-19 04:11:42.476 69716 INFO tempest.lib.common.rest_client [req-6829b0df-c094-4896-ad22-0c6143b4b59a req-6829b0df-c094-4896-ad22-0c6143b4b59a ] Request (InstanceUsageAuditLogTestJSON:setUpClass): 200 GET http://10.180.1.21/identity/v3/roles 0.093s
2025-03-19 04:11:42.496 69722 INFO tempest.lib.common.rest_client [req-d95be294-3294-4f0c-bc17-92588a9d6137 req-d95be294-3294-4f0c-bc17-92588a9d6137 ] Request (HypervisorAdminV253TestBase:test_list_show_detail_hypervisors): 200 GET http://10.180.1.21/compute/v2.1/os-hypervisors/detail?with_servers=True 2.871s
2025-03-19 04:11:42.503 69742 INFO tempest.lib.common.rest_client [req-64597baf-4e5b-49c0-ab60-9201882bb0ef req-64597baf-4e5b-49c0-ab60-9201882bb0ef ] Request (TenantUsagesNegativeTestJSON:setUpClass): 201 POST http://10.180.1.21/identity/v3/auth/tokens 0.063s
2025-03-19 04:11:42.521 69700 INFO tempest.lib.common.rest_client [req-0434e54c-d754-4001-98de-0eb308036580 req-0434e54c-d754-4001-98de-0eb308036580 ] Request (VolumesAssistedSnapshotsTest:setUpClass): 204 PUT http://10.180.1.21/identity/v3/projects/a4e3fec3fb564becbb46d2b6d8f0b4bb/users/3ef4f574e881453e903e0ca1e8aa8693/roles/83b581400f124ced8ad859c96a8a2a56 0.166s
2025-03-19 04:11:42.525 69724 INFO tempest.lib.common.rest_client [req-2b8d9e5c-a436-4d1a-900f-f0d0daabcae9 req-2b8d9e5c-a436-4d1a-900f-f0d0daabcae9 ] Request (NetworksTest:test_get_network): 200 GET http://10.180.1.21/compute/v2.1/os-networks 2.834s
2025-03-19 04:11:42.525 69706 INFO tempest.lib.common.rest_client [req-3dc5c961-fe36-4d90-8512-2982f9725d7a req-3dc5c961-fe36-4d90-8512-2982f9725d7a ] Request (ServicesAdminTestJSON:setUpClass): 200 GET http://10.180.1.21/identity/v3/domains?name=Default 0.068s
2025-03-19 04:11:42.569 69716 INFO tempest.lib.common.rest_client [req-b7367265-2911-4be2-b2c9-011976908215 req-b7367265-2911-4be2-b2c9-011976908215 ] Request (InstanceUsageAuditLogTestJSON:setUpClass): 204 PUT http://10.180.1.21/identity/v3/projects/1051901542cd4f96ba030507b662fd2e/users/6bc53d02df5344be93b6e317a083d10f/roles/83b581400f124ced8ad859c96a8a2a56 0.093s
2025-03-19 04:11:42.570 69716 INFO tempest.lib.common.dynamic_creds [-] Dynamic test user 6bc53d02df5344be93b6e317a083d10f is created with scope project and roles: ['admin']
2025-03-19 04:11:42.570 69716 INFO tempest.lib.common.dynamic_creds [-] Acquired dynamic creds: credentials: Credentials: {'domain_id': 'default', 'domain_name': 'Default', 'username': 'tempest-InstanceUsageAuditLogTestJSON-1361475958-project-admin', 'project_domain_id': 'default', 'project_domain_name': 'Default', 'project_id': '1051901542cd4f96ba030507b662fd2e', 'project_name': 'tempest-InstanceUsageAuditLogTestJSON-1361475958', 'tenant_id': '1051901542cd4f96ba030507b662fd2e', 'tenant_name': 'tempest-InstanceUsageAuditLogTestJSON-1361475958', 'user_domain_id': 'default', 'user_domain_name': 'Default', 'user_id': '6bc53d02df5344be93b6e317a083d10f', 'system': None}, Network: None, Subnet: None, Router: None
2025-03-19 04:11:42.570 69716 INFO tempest.lib.common.dynamic_creds [-] Created isolated network resources for: credentials: Credentials: {'domain_id': 'default', 'domain_name': 'Default', 'username': 'tempest-InstanceUsageAuditLogTestJSON-1361475958-project-admin', 'project_domain_id': 'default', 'project_domain_name': 'Default', 'project_id': '1051901542cd4f96ba030507b662fd2e', 'project_name': 'tempest-InstanceUsageAuditLogTestJSON-1361475958', 'tenant_id': '1051901542cd4f96ba030507b662fd2e', 'tenant_name': 'tempest-InstanceUsageAuditLogTestJSON-1361475958', 'user_domain_id': 'default', 'user_domain_name': 'Default', 'user_id': '6bc53d02df5344be93b6e317a083d10f', 'system': None}, Network: None, Subnet: None, Router: None
2025-03-19 04:11:42.615 69742 INFO tempest.lib.common.rest_client [req-d5cccadb-cb19-415f-9397-b370fadccbae req-d5cccadb-cb19-415f-9397-b370fadccbae ] Request (TenantUsagesNegativeTestJSON:setUpClass): 200 GET http://10.180.1.21/identity/v3/domains?name=Default 0.111s
2025-03-19 04:11:42.617 69748 INFO tempest.lib.common.rest_client [req-af1dadb4-1853-4e04-bd51-a82ef65be589 req-af1dadb4-1853-4e04-bd51-a82ef65be589 ] Request (FlavorMetadataValidation:test_flavor_update_with_custom_namespace): 200 POST http://10.180.1.21/compute/v2.1/flavors/761594648/os-extra_specs 2.792s
2025-03-19 04:11:42.632 69700 INFO tempest.lib.common.rest_client [req-6c9fdffb-f27e-4cc2-8d9a-34e10fa0ef02 req-6c9fdffb-f27e-4cc2-8d9a-34e10fa0ef02 ] Request (VolumesAssistedSnapshotsTest:setUpClass): 200 GET http://10.180.1.21/identity/v3/roles 0.110s
2025-03-19 04:11:42.634 69718 INFO tempest.lib.common.rest_client [req-9a13f3d1-6af4-49c4-83c8-0b88f806314c req-9a13f3d1-6af4-49c4-83c8-0b88f806314c ] Request (HypervisorAdminTestJSON:test_get_hypervisor_show_details): 200 GET http://10.180.1.21/compute/v2.1/os-hypervisors 2.780s
2025-03-19 04:11:42.659 69706 INFO tempest.lib.common.rest_client [req-3eea8fa6-6ccf-4db3-ac7b-9475b78e0f74 req-3eea8fa6-6ccf-4db3-ac7b-9475b78e0f74 ] Request (ServicesAdminTestJSON:setUpClass): 201 POST http://10.180.1.21/identity/v3/projects 0.134s
2025-03-19 04:11:42.699 69716 INFO tempest.lib.common.rest_client [req-5c814163-e3e1-4081-a64e-b324e1c26e32 req-5c814163-e3e1-4081-a64e-b324e1c26e32 ] Request (InstanceUsageAuditLogTestJSON:setUpClass): 201 POST http://10.180.1.21/identity/v3/auth/tokens 0.126s
2025-03-19 04:11:42.706 69728 INFO tempest.lib.common.rest_client [req-d09063df-f689-4f33-9dac-635195d3d558 req-d09063df-f689-4f33-9dac-635195d3d558 ] Request (ServersAdminTestJSON:setUpClass): 201 POST http://10.180.1.21:9696/networking/v2.0/routers 0.615s
2025-03-19 04:11:42.715 69700 INFO tempest.lib.common.rest_client [req-3e0f6bae-3afd-4698-94c1-fd1c25a2fe18 req-3e0f6bae-3afd-4698-94c1-fd1c25a2fe18 ] Request (VolumesAssistedSnapshotsTest:setUpClass): 204 PUT http://10.180.1.21/identity/v3/projects/a4e3fec3fb564becbb46d2b6d8f0b4bb/users/3ef4f574e881453e903e0ca1e8aa8693/roles/83b581400f124ced8ad859c96a8a2a56 0.083s
2025-03-19 04:11:42.716 69700 INFO tempest.lib.common.dynamic_creds [-] Dynamic test user 3ef4f574e881453e903e0ca1e8aa8693 is created with scope project and roles: ['admin']
2025-03-19 04:11:42.716 69700 INFO tempest.lib.common.dynamic_creds [-] Acquired dynamic creds: credentials: Credentials: {'domain_id': 'default', 'domain_name': 'Default', 'username': 'tempest-VolumesAssistedSnapshotsTest-1183211231-project-admin', 'project_domain_id': 'default', 'project_domain_name': 'Default', 'project_id': 'a4e3fec3fb564becbb46d2b6d8f0b4bb', 'project_name': 'tempest-VolumesAssistedSnapshotsTest-1183211231', 'tenant_id': 'a4e3fec3fb564becbb46d2b6d8f0b4bb', 'tenant_name': 'tempest-VolumesAssistedSnapshotsTest-1183211231', 'user_domain_id': 'default', 'user_domain_name': 'Default', 'user_id': '3ef4f574e881453e903e0ca1e8aa8693', 'system': None}, Network: None, Subnet: None, Router: None
2025-03-19 04:11:42.717 69742 INFO tempest.lib.common.rest_client [req-df661989-81b2-4100-8de6-fcbc2c5d7d95 req-df661989-81b2-4100-8de6-fcbc2c5d7d95 ] Request (TenantUsagesNegativeTestJSON:setUpClass): 201 POST http://10.180.1.21/identity/v3/projects 0.101s
2025-03-19 04:11:42.767 69706 INFO tempest.lib.common.rest_client [req-4f744840-b3b4-4a2c-8678-df56a530b39d req-4f744840-b3b4-4a2c-8678-df56a530b39d ] Request (ServicesAdminTestJSON:setUpClass): 201 POST http://10.180.1.21/identity/v3/users 0.107s
2025-03-19 04:11:42.790 69742 INFO tempest.lib.common.rest_client [req-a4064477-d11d-4e3e-9f80-62e64d808ff2 req-a4064477-d11d-4e3e-9f80-62e64d808ff2 ] Request (TenantUsagesNegativeTestJSON:setUpClass): 201 POST http://10.180.1.21/identity/v3/users 0.072s
2025-03-19 04:11:42.807 69706 INFO tempest.lib.common.rest_client [req-91b1889f-39e0-4c3d-a473-65849b3371be req-91b1889f-39e0-4c3d-a473-65849b3371be ] Request (ServicesAdminTestJSON:setUpClass): 200 GET http://10.180.1.21/identity/v3/roles 0.039s
2025-03-19 04:11:42.815 69742 INFO tempest.lib.common.rest_client [req-bb0ba86e-1bce-43aa-8df1-e2ac4c43b191 req-bb0ba86e-1bce-43aa-8df1-e2ac4c43b191 ] Request (TenantUsagesNegativeTestJSON:setUpClass): 200 GET http://10.180.1.21/identity/v3/roles 0.022s
2025-03-19 04:11:42.818 69730 INFO tempest.lib.common.rest_client [req-598251a9-784f-48a2-8fb5-b5c8b8f31e08 req-598251a9-784f-48a2-8fb5-b5c8b8f31e08 ] Request (FlavorsAccessTestJSON:test_flavor_access_add_remove): 200 POST http://10.180.1.21/compute/v2.1/flavors/396984340/action 2.842s
2025-03-19 04:11:42.835 69706 INFO tempest.lib.common.rest_client [req-a5589c5b-e9ba-4bcf-a0e2-3395dc5c26eb req-a5589c5b-e9ba-4bcf-a0e2-3395dc5c26eb ] Request (ServicesAdminTestJSON:setUpClass): 204 PUT http://10.180.1.21/identity/v3/projects/49d89054c419462db165ab72d384e85a/users/eab0afa3edab47e7bdafdcc7afb68b76/roles/1a6e4e45742b45c3aa52913d35bdfa95 0.028s
2025-03-19 04:11:42.835 69706 INFO tempest.lib.common.dynamic_creds [-] Dynamic test user eab0afa3edab47e7bdafdcc7afb68b76 is created with scope project and roles: ['member']
2025-03-19 04:11:42.836 69706 INFO tempest.lib.common.dynamic_creds [-] Acquired dynamic creds: credentials: Credentials: {'domain_id': 'default', 'domain_name': 'Default', 'username': 'tempest-ServicesAdminTestJSON-1028853605-project-member', 'project_domain_id': 'default', 'project_domain_name': 'Default', 'project_id': '49d89054c419462db165ab72d384e85a', 'project_name': 'tempest-ServicesAdminTestJSON-1028853605', 'tenant_id': '49d89054c419462db165ab72d384e85a', 'tenant_name': 'tempest-ServicesAdminTestJSON-1028853605', 'user_domain_id': 'default', 'user_domain_name': 'Default', 'user_id': 'eab0afa3edab47e7bdafdcc7afb68b76', 'system': None}, Network: None, Subnet: None, Router: None
2025-03-19 04:11:42.836 69706 INFO tempest.lib.common.dynamic_creds [-] Created isolated network resources for: credentials: Credentials: {'domain_id': 'default', 'domain_name': 'Default', 'username': 'tempest-ServicesAdminTestJSON-1028853605-project-member', 'project_domain_id': 'default', 'project_domain_name': 'Default', 'project_id': '49d89054c419462db165ab72d384e85a', 'project_name': 'tempest-ServicesAdminTestJSON-1028853605', 'tenant_id': '49d89054c419462db165ab72d384e85a', 'tenant_name': 'tempest-ServicesAdminTestJSON-1028853605', 'user_domain_id': 'default', 'user_domain_name': 'Default', 'user_id': 'eab0afa3edab47e7bdafdcc7afb68b76', 'system': None}, Network: None, Subnet: None, Router: None
2025-03-19 04:11:42.842 69742 INFO tempest.lib.common.rest_client [req-ca0cff6e-05e9-4604-8515-9a1ed674fe6e req-ca0cff6e-05e9-4604-8515-9a1ed674fe6e ] Request (TenantUsagesNegativeTestJSON:setUpClass): 204 PUT http://10.180.1.21/identity/v3/projects/c6f36e0473724348838179ff6d0fdfc9/users/50f3a630fd0343e0885b3d3bebd8913f/roles/1a6e4e45742b45c3aa52913d35bdfa95 0.027s
2025-03-19 04:11:42.844 69742 INFO tempest.lib.common.dynamic_creds [-] Dynamic test user 50f3a630fd0343e0885b3d3bebd8913f is created with scope project and roles: ['member']
2025-03-19 04:11:42.844 69742 INFO tempest.lib.common.dynamic_creds [-] Acquired dynamic creds: credentials: Credentials: {'domain_id': 'default', 'domain_name': 'Default', 'username': 'tempest-TenantUsagesNegativeTestJSON-1407569415-project-member', 'project_domain_id': 'default', 'project_domain_name': 'Default', 'project_id': 'c6f36e0473724348838179ff6d0fdfc9', 'project_name': 'tempest-TenantUsagesNegativeTestJSON-1407569415', 'tenant_id': 'c6f36e0473724348838179ff6d0fdfc9', 'tenant_name': 'tempest-TenantUsagesNegativeTestJSON-1407569415', 'user_domain_id': 'default', 'user_domain_name': 'Default', 'user_id': '50f3a630fd0343e0885b3d3bebd8913f', 'system': None}, Network: None, Subnet: None, Router: None
2025-03-19 04:11:42.844 69742 INFO tempest.lib.common.dynamic_creds [-] Created isolated network resources for: credentials: Credentials: {'domain_id': 'default', 'domain_name': 'Default', 'username': 'tempest-TenantUsagesNegativeTestJSON-1407569415-project-member', 'project_domain_id': 'default', 'project_domain_name': 'Default', 'project_id': 'c6f36e0473724348838179ff6d0fdfc9', 'project_name': 'tempest-TenantUsagesNegativeTestJSON-1407569415', 'tenant_id': 'c6f36e0473724348838179ff6d0fdfc9', 'tenant_name': 'tempest-TenantUsagesNegativeTestJSON-1407569415', 'user_domain_id': 'default', 'user_domain_name': 'Default', 'user_id': '50f3a630fd0343e0885b3d3bebd8913f', 'system': None}, Network: None, Subnet: None, Router: None
2025-03-19 04:11:42.957 69700 INFO tempest.lib.common.rest_client [req-fac330d1-77b3-4b48-b6f7-d123b63f61fe req-fac330d1-77b3-4b48-b6f7-d123b63f61fe ] Request (VolumesAssistedSnapshotsTest:setUpClass): 201 POST http://10.180.1.21:9696/networking/v2.0/networks 0.241s
2025-03-19 04:11:42.975 69706 INFO tempest.lib.common.rest_client [req-534ad3ee-2324-4e5e-84a2-2ebe80780ddc req-534ad3ee-2324-4e5e-84a2-2ebe80780ddc ] Request (ServicesAdminTestJSON:setUpClass): 201 POST http://10.180.1.21/identity/v3/auth/tokens 0.134s
2025-03-19 04:11:43.042 69742 INFO tempest.lib.common.rest_client [req-9b9ccd86-1187-4b07-8191-b8a47359f458 req-9b9ccd86-1187-4b07-8191-b8a47359f458 ] Request (TenantUsagesNegativeTestJSON:setUpClass): 201 POST http://10.180.1.21/identity/v3/auth/tokens 0.191s
