2025-03-19 04:13:15.641 69744 INFO tempest.lib.common.dynamic_creds [-] Created isolated network resources for: credentials: Credentials: {'domain_id': 'default', 'domain_name': 'Default', 'username': 'tempest-VolumesGetTestJSON-1751691238-project-member', 'project_domain_id': 'default', 'project_domain_name': 'Default', 'project_id': '3b4b95ad5fa94b2481c4f9b213c9d8d3', 'project_name': 'tempest-VolumesGetTestJSON-1751691238', 'tenant_id': '3b4b95ad5fa94b2481c4f9b213c9d8d3', 'tenant_name': 'tempest-VolumesGetTestJSON-1751691238', 'user_domain_id': 'default', 'user_domain_name': 'Default', 'user_id': '42b55930a0ab4154a79cefb107f41ba1', 'system': None}, Network: None, Subnet: None, Router: None
2025-03-19 04:13:15.651 69706 INFO tempest.lib.common.rest_client [req-e48f58cf-e6d7-4c3d-a2b1-d94df02d7c77 req-e48f58cf-e6d7-4c3d-a2b1-d94df02d7c77 ] Request (FloatingIPsAssociationTestJSON:test_associate_already_associated_floating_ip): 200 GET http://10.180.1.21/compute/v2.1/servers/4b1894a2-b198-41aa-a340-f3decec71996 0.345s
2025-03-19 04:13:15.656 69698 INFO tempest.lib.common.rest_client [req-0b06320f-9d8f-4192-87b9-f5d6ad861414 req-0b06320f-9d8f-4192-87b9-f5d6ad861414 ] Request (ImagesOneServerNegativeTestJSON:_run_cleanups): 200 GET http://10.180.1.21/compute/v2.1/servers/cfb7f6b2-f8f5-4736-90ff-d46e4722bdd2 0.371s
2025-03-19 04:13:15.733 69736 INFO tempest.lib.common.rest_client [req-e7d48e01-c0ef-44f3-948f-87bf6c619f0e req-e7d48e01-c0ef-44f3-948f-87bf6c619f0e ] Request (DeleteServersTestJSON:test_delete_active_server): 200 GET http://10.180.1.21/compute/v2.1/servers/e505a4ad-d19d-4b57-ae72-e7eaf4b32189 0.333s
2025-03-19 04:13:15.741 69734 INFO tempest.lib.common.rest_client [req-7588ead0-0543-42b6-b64e-f846da82b512 req-7588ead0-0543-42b6-b64e-f846da82b512 ] Request (ServerMetadataTestJSON:setUpClass): 201 POST http://10.180.1.21/identity/v3/auth/tokens 0.127s
2025-03-19 04:13:15.754 69744 INFO tempest.lib.common.rest_client [req-325a6de9-5237-4af4-84d7-ed584438dd67 req-325a6de9-5237-4af4-84d7-ed584438dd67 ] Request (VolumesGetTestJSON:setUpClass): 201 POST http://10.180.1.21/identity/v3/auth/tokens 0.109s
2025-03-19 04:13:15.779 69734 INFO tempest.lib.common.rest_client [req-01919506-58a7-421b-8735-bdd97e412fc0 req-01919506-58a7-421b-8735-bdd97e412fc0 ] Request (ServerMetadataTestJSON:setUpClass): 201 POST http://10.180.1.21/identity/v3/auth/tokens 0.034s
2025-03-19 04:13:15.780 69734 INFO tempest.lib.common.fixed_network [-] (ServerMetadataTestJSON:setUpClass) Found network {'id': 'c7b96d42-3736-442c-9e31-815d760264cf', 'name': 'tempest-ServerMetadataTestJSON-708726534-network', 'tenant_id': '447ddb9629ca4c9b9b9c1284b58d643b', 'admin_state_up': True, 'mtu': 8950, 'status': 'ACTIVE', 'subnets': [], 'shared': False, 'project_id': '447ddb9629ca4c9b9b9c1284b58d643b', 'port_security_enabled': True, 'router:external': False, 'provider:network_type': 'vlan', 'provider:physical_network': 'default', 'provider:segmentation_id': 598, 'availability_zone_hints': [], 'availability_zones': [], 'ipv4_address_scope': None, 'ipv6_address_scope': None, 'description': '', 'tags': [], 'created_at': '2025-03-19T04:13:12Z', 'updated_at': '2025-03-19T04:13:12Z', 'revision_number': 1} available for tenant
2025-03-19 04:13:15.805 69730 INFO tempest.lib.common.rest_client [req-ef104119-9c3f-4d81-9290-9345912ef04b req-ef104119-9c3f-4d81-9290-9345912ef04b ] Request (ListServerFiltersTestJSON:setUpClass): 200 GET http://10.180.1.21/compute/v2.1/servers/42cce3a8-5afa-429e-a023-ccd1e113c7d8 0.386s
2025-03-19 04:13:15.847 69718 INFO tempest.lib.common.rest_client [req-ba17dbb8-8405-4dc2-9534-ac63f92daa6e req-ba17dbb8-8405-4dc2-9534-ac63f92daa6e ] Request (SecurityGroupRulesNegativeTestJSON:tearDownClass): 202 DELETE http://10.180.1.21/compute/v2.1/os-security-groups/68ca55b7-de76-41ea-8ad4-57efe9d39a69 0.445s
2025-03-19 04:13:15.870 69740 INFO tempest.lib.common.rest_client [req-62c457dc-6a39-42ff-b4ec-87e5fec059cc req-62c457dc-6a39-42ff-b4ec-87e5fec059cc ] Request (ServerDiagnosticsTest:tearDownClass): 200 GET http://10.180.1.21/compute/v2.1/servers/a2a4cf08-9e8e-408e-9dc8-93771bab7dca 0.371s
2025-03-19 04:13:15.917 69704 INFO tempest.lib.common.rest_client [req-1d5b1f72-b751-4438-80b8-c87e9a870c84 req-1d5b1f72-b751-4438-80b8-c87e9a870c84 ] Request (ServersTestManualDisk:setUpClass): 200 GET http://10.180.1.21/compute/v2.1/servers/f87356eb-fccf-41d7-912f-2a3e76ff6d17 0.340s
2025-03-19 04:13:15.983 69712 INFO tempest.lib.common.rest_client [req-0adda5a9-6b3e-4eaf-ab7a-7cce2349f269 req-0adda5a9-6b3e-4eaf-ab7a-7cce2349f269 ] Request (ServersTestBootFromVolume:setUpClass): 200 GET http://10.180.1.21/compute/v2.1/servers/7cdbd118-ef90-4606-8eff-56cf9f2d61d7 0.300s
2025-03-19 04:13:16.025 69708 INFO tempest.lib.common.rest_client [req-7a3f6582-28e7-4fa6-9acd-7611a18e036b req-7a3f6582-28e7-4fa6-9acd-7611a18e036b ] Request (ServicesAdminNegativeTestJSON:test_get_service_by_invalid_params): 200 GET http://10.180.1.21/compute/v2.1/os-services 0.431s
2025-03-19 04:13:16.053 69710 INFO tempest.lib.common.rest_client [req-7e68bef4-31a0-4ad3-a3c8-7beed6c7ad82 req-7e68bef4-31a0-4ad3-a3c8-7beed6c7ad82 ] Request (TenantUsagesTestJSON:setUpClass): 200 GET http://10.180.1.21/compute/v2.1/servers/16fc45e4-7ce8-438c-bdee-16dcc53d0f3a 0.368s
2025-03-19 04:13:16.118 69722 INFO tempest.lib.common.rest_client [req-726bb0db-328a-42cf-b3d3-79a0d7582ce3 req-726bb0db-328a-42cf-b3d3-79a0d7582ce3 ] Request (ServerActionsV293TestJSON:setUpClass): 200 GET http://10.180.1.21/compute/v2.1/servers/e6b74a1f-99fb-456f-844a-30dc33ecf36e 0.347s
2025-03-19 04:13:16.140 69726 INFO tempest.lib.common.rest_client [req-a6e5e92e-a2b9-4c99-99de-6eedfe629857 req-a6e5e92e-a2b9-4c99-99de-6eedfe629857 ] Request (FloatingIPsAssociationNegativeTestJSON:tearDownClass): 404 GET http://10.180.1.21/compute/v2.1/servers/057c5ad1-94e2-4c5d-9d3e-032bc4248979 0.367s
2025-03-19 04:13:16.299 69744 INFO tempest.lib.common.rest_client [req-743fb07b-8db1-457f-9774-27b3d2e13677 req-743fb07b-8db1-457f-9774-27b3d2e13677 ] Request (VolumesGetTestJSON:test_volume_create_get_delete): 200 POST http://10.180.1.21/compute/v2.1/os-volumes 0.544s
2025-03-19 04:13:16.390 69692 INFO tempest.lib.common.rest_client [req-d0147501-dcc8-423b-a163-60c752e70eb7 req-d0147501-dcc8-423b-a163-60c752e70eb7 ] Request (ServerDiskConfigTestJSON:test_rebuild_server_with_manual_disk_config): 200 GET http://10.180.1.21/compute/v2.1/servers/04b9e79c-61b3-422e-a101-bb7c50126483 0.550s
2025-03-19 04:13:16.847 69726 INFO tempest.lib.common.rest_client [req-06f44221-dc60-4a27-b26d-9987624d5eb4 req-06f44221-dc60-4a27-b26d-9987624d5eb4 ] Request (FloatingIPsAssociationNegativeTestJSON:tearDownClass): 200 PUT http://10.180.1.21:9696/networking/v2.0/routers/d8b39948-778a-4323-8463-6995c61424ff/remove_router_interface 0.705s
2025-03-19 04:13:16.884 69718 INFO tempest.lib.common.rest_client [req-9751b215-84d4-49cc-926c-e3f155ce8060 req-9751b215-84d4-49cc-926c-e3f155ce8060 ] Request (SecurityGroupRulesNegativeTestJSON:tearDownClass): 202 DELETE http://10.180.1.21/compute/v2.1/os-security-groups/57e91924-5cb4-49fa-b378-4f73b874011c 1.036s
2025-03-19 04:13:16.908 69690 INFO tempest.lib.common.rest_client [req-884c1589-b7db-4a81-8fe5-b63006223344 req-884c1589-b7db-4a81-8fe5-b63006223344 ] Request (InstanceActionsV221TestJSON:setUpClass): 200 PUT http://10.180.1.21:9696/networking/v2.0/routers/82992469-3499-4132-9d13-8ecf6b845f78/add_router_interface 1.870s
2025-03-19 04:13:16.909 69690 INFO tempest.lib.common.dynamic_creds [-] Created isolated network resources for: credentials: Credentials: {'domain_id': 'default', 'domain_name': 'Default', 'username': 'tempest-InstanceActionsV221TestJSON-544057023-project-member', 'project_domain_id': 'default', 'project_domain_name': 'Default', 'project_id': 'fa01880eb92b4e95a43312b5286a5501', 'project_name': 'tempest-InstanceActionsV221TestJSON-544057023', 'tenant_id': 'fa01880eb92b4e95a43312b5286a5501', 'tenant_name': 'tempest-InstanceActionsV221TestJSON-544057023', 'user_domain_id': 'default', 'user_domain_name': 'Default', 'user_id': '85929ff932b8404ab8e0947add1c6136', 'system': None}, Network: {'id': '37dfc126-e29f-4291-af70-70df31800e85', 'name': 'tempest-InstanceActionsV221TestJSON-171277746-network', 'tenant_id': 'fa01880eb92b4e95a43312b5286a5501', 'admin_state_up': True, 'mtu': 8950, 'status': 'ACTIVE', 'subnets': [], 'shared': False, 'project_id': 'fa01880eb92b4e95a43312b5286a5501', 'port_security_enabled': True, 'router:external': False, 'provider:network_type': 'vlan', 'provider:physical_network': 'default', 'provider:segmentation_id': 446, 'availability_zone_hints': [], 'availability_zones': [], 'ipv4_address_scope': None, 'ipv6_address_scope': None, 'description': '', 'tags': [], 'created_at': '2025-03-19T04:13:13Z', 'updated_at': '2025-03-19T04:13:13Z', 'revision_number': 1}, Subnet: {'id': 'f0ff5ee9-fc0c-417c-9a5f-1ae3a34ce806', 'name': 'tempest-InstanceActionsV221TestJSON-171277746-subnet', 'tenant_id': 'fa01880eb92b4e95a43312b5286a5501', 'network_id': '37dfc126-e29f-4291-af70-70df31800e85', 'ip_version': 4, 'subnetpool_id': None, 'enable_dhcp': True, 'ipv6_ra_mode': None, 'ipv6_address_mode': None, 'gateway_ip': '192.168.128.1', 'cidr': '192.168.128.0/28', 'allocation_pools': [{'start': '192.168.128.2', 'end': '192.168.128.14'}], 'host_routes': [], 'dns_nameservers': [], 'description': '', 'router:external': False, 'service_types': [], 'tags': [], 'created_at': '2025-03-19T04:13:13Z', 'updated_at': '2025-03-19T04:13:13Z', 'revision_number': 0, 'project_id': 'fa01880eb92b4e95a43312b5286a5501'}, Router: {'id': '82992469-3499-4132-9d13-8ecf6b845f78', 'name': 'tempest-InstanceActionsV221TestJSON-171277746-router', 'tenant_id': 'fa01880eb92b4e95a43312b5286a5501', 'admin_state_up': True, 'status': 'ACTIVE', 'external_gateway_info': {'network_id': 'c4ffba10-30ed-40e5-b21f-3b047f3367b1', 'external_fixed_ips': [{'subnet_id': '757f51a9-0624-426f-b81c-bd3847d09d50', 'ip_address': '10.180.180.239'}], 'enable_snat': True}, 'description': '', 'availability_zones': [], 'distributed': False, 'ha': False, 'availability_zone_hints': [], 'routes': [], 'flavor_id': None, 'tags': [], 'created_at': '2025-03-19T04:13:13Z', 'updated_at': '2025-03-19T04:13:14Z', 'revision_number': 2, 'project_id': 'fa01880eb92b4e95a43312b5286a5501'}
2025-03-19 04:13:16.968 69734 INFO tempest.lib.common.rest_client [req-6bffa88a-1634-4561-8fb3-3d4853877570 req-6bffa88a-1634-4561-8fb3-3d4853877570 ] Request (ServerMetadataTestJSON:setUpClass): 202 POST http://10.180.1.21/compute/v2.1/servers 1.187s
2025-03-19 04:13:16.998 69708 INFO tempest.lib.common.rest_client [req-b3a1c4da-c37b-4b2b-9496-3881e564b25f req-b3a1c4da-c37b-4b2b-9496-3881e564b25f ] Request (ServicesAdminNegativeTestJSON:test_get_service_by_invalid_params): 200 GET http://10.180.1.21/compute/v2.1/os-services?xxx=nova-compute 0.971s
2025-03-19 04:13:17.028 69690 INFO tempest.lib.common.rest_client [req-425c1c27-0f9a-4be5-911b-39334ced3e67 req-425c1c27-0f9a-4be5-911b-39334ced3e67 ] Request (InstanceActionsV221TestJSON:setUpClass): 201 POST http://10.180.1.21/identity/v3/auth/tokens 0.113s
2025-03-19 04:13:17.032 69720 INFO tempest.lib.common.rest_client [req-1d00e34e-bb30-42a5-9e22-1d4a69c4e88c req-1d00e34e-bb30-42a5-9e22-1d4a69c4e88c ] Request (DeleteServersAdminTestJSON:test_delete_server_while_in_error_state): 200 GET http://10.180.1.21/compute/v2.1/servers/87186036-0f42-4623-9b36-1513f84bb1c4 1.042s
2025-03-19 04:13:17.063 69728 INFO tempest.lib.common.rest_client [req-4b7c75c3-73a9-44c0-8425-ee585453b7cd req-4b7c75c3-73a9-44c0-8425-ee585453b7cd ] Request (ServersAdminTestJSON:test_inject_network_info): 200 GET http://10.180.1.21/compute/v2.1/servers/6f657f3e-0ef9-4d0d-8c4a-ea1beba5f9bc 1.000s
2025-03-19 04:13:17.077 69690 INFO tempest.lib.common.rest_client [req-4578b18b-9b11-4dcd-b112-461aefff4fdf req-4578b18b-9b11-4dcd-b112-461aefff4fdf ] Request (InstanceActionsV221TestJSON:test_get_list_deleted_instance_actions): 201 POST http://10.180.1.21/identity/v3/auth/tokens 0.045s
2025-03-19 04:13:17.078 69690 INFO tempest.lib.common.fixed_network [-] (InstanceActionsV221TestJSON:test_get_list_deleted_instance_actions) Found network {'id': '37dfc126-e29f-4291-af70-70df31800e85', 'name': 'tempest-InstanceActionsV221TestJSON-171277746-network', 'tenant_id': 'fa01880eb92b4e95a43312b5286a5501', 'admin_state_up': True, 'mtu': 8950, 'status': 'ACTIVE', 'subnets': [], 'shared': False, 'project_id': 'fa01880eb92b4e95a43312b5286a5501', 'port_security_enabled': True, 'router:external': False, 'provider:network_type': 'vlan', 'provider:physical_network': 'default', 'provider:segmentation_id': 446, 'availability_zone_hints': [], 'availability_zones': [], 'ipv4_address_scope': None, 'ipv6_address_scope': None, 'description': '', 'tags': [], 'created_at': '2025-03-19T04:13:13Z', 'updated_at': '2025-03-19T04:13:13Z', 'revision_number': 1} available for tenant
2025-03-19 04:13:17.097 69748 INFO tempest.lib.common.rest_client [req-be94e3bd-9c0f-4cea-b5aa-c080f602b59f req-be94e3bd-9c0f-4cea-b5aa-c080f602b59f ] Request (ServersTestMultiNic:_run_cleanups): 200 GET http://10.180.1.21/compute/v2.1/servers/b1a05b8b-385c-44b8-88ef-09d599ca6afb 1.021s
2025-03-19 04:13:17.132 69746 INFO tempest.lib.common.rest_client [req-eb22253f-6c40-406f-a1b5-977f9d86edae req-eb22253f-6c40-406f-a1b5-977f9d86edae ] Request (ServersNegativeTestMultiTenantJSON:tearDownClass): 200 GET http://10.180.1.21/compute/v2.1/servers/f8cfe27b-e3f9-42f5-bc82-8f2fa65f787f 0.967s
2025-03-19 04:13:17.158 69742 INFO tempest.lib.common.rest_client [req-4ab20a7e-b589-4898-b845-b85b12d20070 req-4ab20a7e-b589-4898-b845-b85b12d20070 ] Request (ServersNegativeTestJSON:setUpClass): 200 GET http://10.180.1.21/compute/v2.1/servers/a011fd97-a657-4123-8dec-70a29561b232 0.964s
2025-03-19 04:13:17.179 69744 INFO tempest.lib.common.rest_client [req-9c81364b-e230-42bf-8731-5b903d931776 req-9c81364b-e230-42bf-8731-5b903d931776 ] Request (VolumesGetTestJSON:test_volume_create_get_delete): 200 GET http://10.180.1.21/compute/v2.1/os-volumes/8004cb4d-97d0-455b-b21d-4a4b280df950 0.870s
2025-03-19 04:13:17.183 69744 INFO tempest.common.waiters [-] volume 8004cb4d-97d0-455b-b21d-4a4b280df950 reached available after waiting for 0.182244 seconds
2025-03-19 04:13:17.220 69702 INFO tempest.lib.common.rest_client [req-c63226e3-2116-41c5-86da-9b1f328add79 req-c63226e3-2116-41c5-86da-9b1f328add79 ] Request (ImagesOneServerTestJSON:test_create_delete_image): 200 GET http://10.180.1.21/compute/v2.1/images/610b3711-f355-443e-a167-76531d95b97a 0.761s
2025-03-19 04:13:17.308 69688 INFO tempest.lib.common.rest_client [req-ef16a15b-1d12-4c6a-aad9-65992b5628b1 req-ef16a15b-1d12-4c6a-aad9-65992b5628b1 ] Request (ServersV294TestFqdnHostnames:setUpClass): 200 GET http://10.180.1.21/compute/v2.1/servers/76c49241-9cd4-4f51-8dd2-093e10b61ac0 0.816s
2025-03-19 04:13:17.321 69688 INFO tempest.common.waiters [-] State transition "BUILD/scheduling" ==> "BUILD/None" after 21 second wait
2025-03-19 04:13:17.337 69716 INFO tempest.lib.common.rest_client [req-3b715d72-dc37-4845-a90b-d01f4b78cfd5 req-3b715d72-dc37-4845-a90b-d01f4b78cfd5 ] Request (MigrationsAdminTest:test_list_migrations_in_flavor_resize_situation): 200 GET http://10.180.1.21/compute/v2.1/servers/dcac029f-96a3-4f1f-98cf-6794be08ab9a 0.971s
2025-03-19 04:13:17.366 69696 INFO tempest.lib.common.rest_client [req-c7920980-1cbc-46b3-8056-3318bcc99acf req-c7920980-1cbc-46b3-8056-3318bcc99acf ] Request (AttachInterfacesTestJSON:test_create_list_show_delete_interfaces_by_fixed_ip): 200 GET http://10.180.1.21/compute/v2.1/servers/a5107bcd-c438-4000-a1e8-6a7f377a6c04 0.821s
2025-03-19 04:13:17.410 69738 INFO tempest.lib.common.rest_client [req-ad46f6af-143a-4acf-ac80-9644ce9722cb req-ad46f6af-143a-4acf-ac80-9644ce9722cb ] Request (ServerGroupTestJSON:test_create_server_with_scheduler_hint_group): 200 GET http://10.180.1.21/compute/v2.1/servers/b2c16e02-f57e-4868-98a0-c4aa775589c3 0.832s
2025-03-19 04:13:17.428 69706 INFO tempest.lib.common.rest_client [req-b65b2349-ad5f-4427-bfd8-3219a2b5f98e req-b65b2349-ad5f-4427-bfd8-3219a2b5f98e ] Request (FloatingIPsAssociationTestJSON:test_associate_already_associated_floating_ip): 200 GET http://10.180.1.21/compute/v2.1/servers/4b1894a2-b198-41aa-a340-f3decec71996 0.765s
2025-03-19 04:13:17.486 69736 INFO tempest.lib.common.rest_client [req-b8bbabf8-1796-4788-8088-c8b58b664386 req-b8bbabf8-1796-4788-8088-c8b58b664386 ] Request (DeleteServersTestJSON:test_delete_active_server): 200 GET http://10.180.1.21/compute/v2.1/servers/e505a4ad-d19d-4b57-ae72-e7eaf4b32189 0.741s
2025-03-19 04:13:17.519 69698 INFO tempest.lib.common.rest_client [req-0af40618-addb-41a4-81ff-3abed09bef35 req-0af40618-addb-41a4-81ff-3abed09bef35 ] Request (ImagesOneServerNegativeTestJSON:_run_cleanups): 200 GET http://10.180.1.21/compute/v2.1/servers/cfb7f6b2-f8f5-4736-90ff-d46e4722bdd2 0.852s
2025-03-19 04:13:17.591 69730 INFO tempest.lib.common.rest_client [req-29c112dd-0bb9-49e9-8c5d-bf1af49b17fb req-29c112dd-0bb9-49e9-8c5d-bf1af49b17fb ] Request (ListServerFiltersTestJSON:setUpClass): 200 GET http://10.180.1.21/compute/v2.1/servers/42cce3a8-5afa-429e-a023-ccd1e113c7d8 0.775s
2025-03-19 04:13:17.627 69740 INFO tempest.lib.common.rest_client [req-ca5b25ee-d43e-40c1-b62a-3a30d6202eaf req-ca5b25ee-d43e-40c1-b62a-3a30d6202eaf ] Request (ServerDiagnosticsTest:tearDownClass): 200 GET http://10.180.1.21/compute/v2.1/servers/a2a4cf08-9e8e-408e-9dc8-93771bab7dca 0.746s
2025-03-19 04:13:17.684 69704 INFO tempest.lib.common.rest_client [req-591b46a3-a1f3-4832-8c33-bf7263bfe96a req-591b46a3-a1f3-4832-8c33-bf7263bfe96a ] Request (ServersTestManualDisk:setUpClass): 200 GET http://10.180.1.21/compute/v2.1/servers/f87356eb-fccf-41d7-912f-2a3e76ff6d17 0.756s
2025-03-19 04:13:17.704 69734 INFO tempest.lib.common.rest_client [req-ade73536-182f-419d-a3ad-df33bb303b25 req-ade73536-182f-419d-a3ad-df33bb303b25 ] Request (ServerMetadataTestJSON:setUpClass): 200 GET http://10.180.1.21/compute/v2.1/servers/134eeaa3-fcde-4193-af68-40aca7638079 0.734s
2025-03-19 04:13:17.743 69708 INFO tempest.lib.common.rest_client [req-915960c9-7b40-4e38-a17e-2f0c366cd36c req-915960c9-7b40-4e38-a17e-2f0c366cd36c ] Request (ServicesAdminNegativeTestJSON:test_get_service_by_invalid_service_and_valid_host): 200 GET http://10.180.1.21/compute/v2.1/os-services 0.738s
2025-03-19 04:13:17.758 69712 INFO tempest.lib.common.rest_client [req-0b487a3e-52ef-44b6-9e41-90c02c6abfa6 req-0b487a3e-52ef-44b6-9e41-90c02c6abfa6 ] Request (ServersTestBootFromVolume:setUpClass): 200 GET http://10.180.1.21/compute/v2.1/servers/7cdbd118-ef90-4606-8eff-56cf9f2d61d7 0.764s
2025-03-19 04:13:17.800 69710 INFO tempest.lib.common.rest_client [req-55ccaa07-f438-496f-9a63-204ea9928c5c req-55ccaa07-f438-496f-9a63-204ea9928c5c ] Request (TenantUsagesTestJSON:setUpClass): 200 GET http://10.180.1.21/compute/v2.1/servers/16fc45e4-7ce8-438c-bdee-16dcc53d0f3a 0.731s
2025-03-19 04:13:17.821 69726 INFO tempest.lib.common.rest_client [req-bd3a7186-6251-4dd3-9cbe-632e154de114 req-bd3a7186-6251-4dd3-9cbe-632e154de114 ] Request (FloatingIPsAssociationNegativeTestJSON:tearDownClass): 204 DELETE http://10.180.1.21:9696/networking/v2.0/routers/d8b39948-778a-4323-8463-6995c61424ff 0.973s
2025-03-19 04:13:17.878 69722 INFO tempest.lib.common.rest_client [req-71206acc-cb55-43a2-b68e-c8d809c5aa50 req-71206acc-cb55-43a2-b68e-c8d809c5aa50 ] Request (ServerActionsV293TestJSON:setUpClass): 200 GET http://10.180.1.21/compute/v2.1/servers/e6b74a1f-99fb-456f-844a-30dc33ecf36e 0.746s
2025-03-19 04:13:17.917 69744 INFO tempest.lib.common.rest_client [req-78184a7f-8655-480a-976d-6c93af1c9592 req-78184a7f-8655-480a-976d-6c93af1c9592 ] Request (VolumesGetTestJSON:test_volume_create_get_delete): 200 GET http://10.180.1.21/compute/v2.1/os-volumes/8004cb4d-97d0-455b-b21d-4a4b280df950 0.732s
2025-03-19 04:13:17.985 69692 INFO tempest.lib.common.rest_client [req-fe4b804b-aa77-4f81-824b-c1a30ac6f8c2 req-fe4b804b-aa77-4f81-824b-c1a30ac6f8c2 ] Request (ServerDiskConfigTestJSON:test_rebuild_server_with_manual_disk_config): 200 GET http://10.180.1.21/compute/v2.1/servers/04b9e79c-61b3-422e-a101-bb7c50126483 0.586s
2025-03-19 04:13:18.002 69726 INFO tempest.lib.common.rest_client [req-822cc1a1-fea6-4393-b22a-f8e239c75cfe req-822cc1a1-fea6-4393-b22a-f8e239c75cfe ] Request (FloatingIPsAssociationNegativeTestJSON:tearDownClass): 204 DELETE http://10.180.1.21:9696/networking/v2.0/subnets/640fb082-db10-42d2-8156-958370da163e 0.181s
2025-03-19 04:13:18.004 69694 WARNING tempest.lib.common.ssh [-] Failed to establish authenticated ssh connection to cirros@10.180.180.176 ([Errno None] Unable to connect to port 22 on 10.180.180.176). Number attempts: 6. Retry after 7 seconds.: paramiko.ssh_exception.NoValidConnectionsError: [Errno None] Unable to connect to port 22 on 10.180.180.176
2025-03-19 04:13:18.013 69708 INFO tempest.lib.common.rest_client [req-8d6dbfa9-741c-4275-a3f6-622618fdcc9b req-8d6dbfa9-741c-4275-a3f6-622618fdcc9b ] Request (ServicesAdminNegativeTestJSON:test_get_service_by_invalid_service_and_valid_host): 200 GET http://10.180.1.21/compute/v2.1/os-services?host=devstack&binary=xxx 0.267s
2025-03-19 04:13:18.067 69744 INFO tempest.lib.common.rest_client [req-aa329186-dbb5-4274-b504-d8f098ab00b9 req-aa329186-dbb5-4274-b504-d8f098ab00b9 ] Request (VolumesGetTestJSON:tearDownClass): 202 DELETE http://10.180.1.21/compute/v2.1/os-volumes/8004cb4d-97d0-455b-b21d-4a4b280df950 0.143s
2025-03-19 04:13:18.090 69708 INFO tempest.lib.common.rest_client [req-242ec4f6-2d7e-495a-b593-60c40a313266 req-242ec4f6-2d7e-495a-b593-60c40a313266 ] Request (ServicesAdminNegativeTestJSON:test_get_service_with_valid_service_and_invalid_host): 200 GET http://10.180.1.21/compute/v2.1/os-services 0.072s
2025-03-19 04:13:18.249 69720 INFO tempest.lib.common.rest_client [req-9edd9c13-0340-4f5e-add8-0716981882e2 req-9edd9c13-0340-4f5e-add8-0716981882e2 ] Request (DeleteServersAdminTestJSON:test_delete_server_while_in_error_state): 200 GET http://10.180.1.21/compute/v2.1/servers/87186036-0f42-4623-9b36-1513f84bb1c4 0.206s
2025-03-19 04:13:18.274 69718 INFO tempest.lib.common.rest_client [req-b8cf0dce-8be6-4f13-9c43-874b186ad22a req-b8cf0dce-8be6-4f13-9c43-874b186ad22a ] Request (SecurityGroupRulesNegativeTestJSON:tearDownClass): 200 PUT http://10.180.1.21:9696/networking/v2.0/routers/15831c8a-7b58-4838-b149-473e60db4b82/remove_router_interface 1.390s
2025-03-19 04:13:18.288 69744 INFO tempest.lib.common.rest_client [req-707f7964-334b-42cb-aa8e-5356890244e0 req-707f7964-334b-42cb-aa8e-5356890244e0 ] Request (VolumesGetTestJSON:tearDownClass): 404 GET http://10.180.1.21/compute/v2.1/os-volumes/8004cb4d-97d0-455b-b21d-4a4b280df950 0.221s
2025-03-19 04:13:18.339 69690 INFO tempest.lib.common.rest_client [req-93013fcc-e8b4-499c-9682-a4cff3834c4e req-93013fcc-e8b4-499c-9682-a4cff3834c4e ] Request (InstanceActionsV221TestJSON:test_get_list_deleted_instance_actions): 202 POST http://10.180.1.21/compute/v2.1/servers 1.261s
2025-03-19 04:13:18.363 69728 INFO tempest.lib.common.rest_client [req-4c5e94b7-677f-450e-9a6d-67a7cea53f8b req-4c5e94b7-677f-450e-9a6d-67a7cea53f8b ] Request (ServersAdminTestJSON:test_inject_network_info): 200 GET http://10.180.1.21/compute/v2.1/servers/6f657f3e-0ef9-4d0d-8c4a-ea1beba5f9bc 0.290s
2025-03-19 04:13:18.370 69708 INFO tempest.lib.common.rest_client [req-76aa61b8-4959-42e3-9c0c-d793e658e74c req-76aa61b8-4959-42e3-9c0c-d793e658e74c ] Request (ServicesAdminNegativeTestJSON:test_get_service_with_valid_service_and_invalid_host): 200 GET http://10.180.1.21/compute/v2.1/os-services?host=xxx&binary=nova-scheduler 0.278s
2025-03-19 04:13:18.444 69744 INFO tempest.lib.common.rest_client [req-f3bd4303-03ea-44b9-ab1c-fb848190100c req-f3bd4303-03ea-44b9-ab1c-fb848190100c ] Request (VolumesGetTestJSON:tearDownClass): 204 DELETE http://10.180.1.21/identity/v3/users/42b55930a0ab4154a79cefb107f41ba1 0.155s
2025-03-19 04:13:18.444 69744 INFO tempest.lib.common.dynamic_creds [-] Deleting project and security group for project: 3b4b95ad5fa94b2481c4f9b213c9d8d3
2025-03-19 04:13:18.464 69726 INFO tempest.lib.common.rest_client [req-4bb4c7e7-718e-4af6-839c-0ea596eafa32 req-4bb4c7e7-718e-4af6-839c-0ea596eafa32 ] Request (FloatingIPsAssociationNegativeTestJSON:tearDownClass): 204 DELETE http://10.180.1.21:9696/networking/v2.0/networks/52384e11-a92a-42b0-a799-b8283e9d8648 0.461s
2025-03-19 04:13:18.475 69748 INFO tempest.lib.common.rest_client [req-c466d7a3-49ed-4000-8a96-dba19d87f728 req-c466d7a3-49ed-4000-8a96-dba19d87f728 ] Request (ServersTestMultiNic:_run_cleanups): 200 GET http://10.180.1.21/compute/v2.1/servers/b1a05b8b-385c-44b8-88ef-09d599ca6afb 0.367s
2025-03-19 04:13:18.491 69746 INFO tempest.lib.common.rest_client [req-dbe9520d-3ab8-48ce-b6c2-a15f950377de req-dbe9520d-3ab8-48ce-b6c2-a15f950377de ] Request (ServersNegativeTestMultiTenantJSON:tearDownClass): 200 GET http://10.180.1.21/compute/v2.1/servers/f8cfe27b-e3f9-42f5-bc82-8f2fa65f787f 0.347s
2025-03-19 04:13:18.541 69702 INFO tempest.lib.common.rest_client [req-41e3c322-d1de-4d92-bba0-a6a5b3dd7de6 req-41e3c322-d1de-4d92-bba0-a6a5b3dd7de6 ] Request (ImagesOneServerTestJSON:test_create_delete_image): 200 GET http://10.180.1.21/compute/v2.1/images/610b3711-f355-443e-a167-76531d95b97a 0.310s
2025-03-19 04:13:18.557 69744 INFO tempest.lib.common.rest_client [req-8b6fbeec-2e6d-46c5-9b32-c79354eb1605 req-8b6fbeec-2e6d-46c5-9b32-c79354eb1605 ] Request (VolumesGetTestJSON:tearDownClass): 201 POST http://10.180.1.21/identity/v3/auth/tokens 0.112s
2025-03-19 04:13:18.569 69742 INFO tempest.lib.common.rest_client [req-aba001b9-b26d-482e-9635-ab94d66ff687 req-aba001b9-b26d-482e-9635-ab94d66ff687 ] Request (ServersNegativeTestJSON:setUpClass): 200 GET http://10.180.1.21/compute/v2.1/servers/a011fd97-a657-4123-8dec-70a29561b232 0.402s
2025-03-19 04:13:18.627 69688 INFO tempest.lib.common.rest_client [req-83b9bb46-233a-40ae-9731-6e90a1b6a395 req-83b9bb46-233a-40ae-9731-6e90a1b6a395 ] Request (ServersV294TestFqdnHostnames:setUpClass): 200 GET http://10.180.1.21/compute/v2.1/servers/76c49241-9cd4-4f51-8dd2-093e10b61ac0 0.305s
2025-03-19 04:13:18.635 69726 INFO tempest.lib.common.rest_client [req-c43ca3e4-6fd0-4fca-9e26-fc4cf464a84f req-c43ca3e4-6fd0-4fca-9e26-fc4cf464a84f ] Request (FloatingIPsAssociationNegativeTestJSON:tearDownClass): 204 DELETE http://10.180.1.21/identity/v3/users/e276d0f436174c60b80dba2849f3a8ee 0.170s
2025-03-19 04:13:18.635 69726 INFO tempest.lib.common.dynamic_creds [-] Deleting project and security group for project: cead625662b44ae4869bf266c27e67d2
2025-03-19 04:13:18.649 69690 INFO tempest.lib.common.rest_client [req-ec8847b2-df3a-4499-b6c6-888e699cf2dd req-ec8847b2-df3a-4499-b6c6-888e699cf2dd ] Request (InstanceActionsV221TestJSON:test_get_list_deleted_instance_actions): 200 GET http://10.180.1.21/compute/v2.1/servers/35f9bcbc-1f35-467d-9220-9f9a93765579 0.308s
2025-03-19 04:13:18.677 69726 INFO tempest.lib.common.rest_client [req-576bb457-31f9-45f3-b68c-7f4dce23d458 req-576bb457-31f9-45f3-b68c-7f4dce23d458 ] Request (FloatingIPsAssociationNegativeTestJSON:tearDownClass): 200 GET http://10.180.1.21:9696/networking/v2.0/security-groups?tenant_id=cead625662b44ae4869bf266c27e67d2&name=default 0.041s
2025-03-19 04:13:18.743 69696 INFO tempest.lib.common.rest_client [req-ed1d6dae-ffb0-4623-a3bf-3d62d4fc9dba req-ed1d6dae-ffb0-4623-a3bf-3d62d4fc9dba ] Request (AttachInterfacesTestJSON:test_create_list_show_delete_interfaces_by_fixed_ip): 200 GET http://10.180.1.21/compute/v2.1/servers/a5107bcd-c438-4000-a1e8-6a7f377a6c04 0.367s
2025-03-19 04:13:18.843 69718 INFO tempest.lib.common.rest_client [req-1addc074-6a95-44aa-914c-70a42773b6f2 req-1addc074-6a95-44aa-914c-70a42773b6f2 ] Request (SecurityGroupRulesNegativeTestJSON:tearDownClass): 204 DELETE http://10.180.1.21:9696/networking/v2.0/routers/15831c8a-7b58-4838-b149-473e60db4b82 0.568s
2025-03-19 04:13:18.889 69708 INFO tempest.lib.common.rest_client [req-1c141a50-f4a4-41af-801e-17364047c2bc req-1c141a50-f4a4-41af-801e-17364047c2bc ] Request (ServicesAdminNegativeTestJSON:test_list_services_with_non_admin_user): 403 GET http://10.180.1.21/compute/v2.1/os-services 0.513s
2025-03-19 04:13:18.919 69726 INFO tempest.lib.common.rest_client [req-6b0d98f5-a1db-4f5f-b6a6-c324268a4de7 req-6b0d98f5-a1db-4f5f-b6a6-c324268a4de7 ] Request (FloatingIPsAssociationNegativeTestJSON:tearDownClass): 204 DELETE http://10.180.1.21:9696/networking/v2.0/security-groups/794e25fe-228c-4823-b09a-c7f276d06539 0.242s
2025-03-19 04:13:18.924 69716 INFO tempest.lib.common.rest_client [req-69b98af9-b647-465b-aea4-f262302a8eac req-69b98af9-b647-465b-aea4-f262302a8eac ] Request (MigrationsAdminTest:test_list_migrations_in_flavor_resize_situation): 200 GET http://10.180.1.21/compute/v2.1/servers/dcac029f-96a3-4f1f-98cf-6794be08ab9a 0.570s
2025-03-19 04:13:18.979 69738 INFO tempest.lib.common.rest_client [req-8e48150f-8fe3-4d90-aaa5-c35d4cd935e6 req-8e48150f-8fe3-4d90-aaa5-c35d4cd935e6 ] Request (ServerGroupTestJSON:test_create_server_with_scheduler_hint_group): 200 GET http://10.180.1.21/compute/v2.1/servers/b2c16e02-f57e-4868-98a0-c4aa775589c3 0.559s
2025-03-19 04:13:18.996 69718 INFO tempest.lib.common.rest_client [req-17b40d5a-61c0-4a96-b2be-4662124c0295 req-17b40d5a-61c0-4a96-b2be-4662124c0295 ] Request (SecurityGroupRulesNegativeTestJSON:tearDownClass): 204 DELETE http://10.180.1.21:9696/networking/v2.0/subnets/31207484-311a-4aed-abbd-261527d6a397 0.152s
2025-03-19 04:13:19.008 69706 INFO tempest.lib.common.rest_client [req-09c88165-d44e-4600-b179-c87fba469c0c req-09c88165-d44e-4600-b179-c87fba469c0c ] Request (FloatingIPsAssociationTestJSON:test_associate_already_associated_floating_ip): 200 GET http://10.180.1.21/compute/v2.1/servers/4b1894a2-b198-41aa-a340-f3decec71996 0.572s
2025-03-19 04:13:19.010 69744 INFO tempest.lib.common.rest_client [req-dc313aa4-6c19-4387-8f33-e4a301579a02 req-dc313aa4-6c19-4387-8f33-e4a301579a02 ] Request (VolumesGetTestJSON:tearDownClass): 200 GET http://10.180.1.21:9696/networking/v2.0/security-groups?tenant_id=3b4b95ad5fa94b2481c4f9b213c9d8d3&name=default 0.452s
2025-03-19 04:13:19.026 69708 INFO tempest.lib.common.rest_client [req-9acaf201-cef0-4c61-822a-30f4001a4edd req-9acaf201-cef0-4c61-822a-30f4001a4edd ] Request (ServicesAdminNegativeTestJSON:tearDownClass): 204 DELETE http://10.180.1.21/identity/v3/users/68f662da6c224fb79c3a5e9337eee897 0.135s
2025-03-19 04:13:19.036 69726 INFO tempest.lib.common.rest_client [req-02a727a8-5072-4f1b-8d29-c8eb1ba13400 req-02a727a8-5072-4f1b-8d29-c8eb1ba13400 ] Request (FloatingIPsAssociationNegativeTestJSON:tearDownClass): 204 DELETE http://10.180.1.21/identity/v3/projects/cead625662b44ae4869bf266c27e67d2 0.117s
2025-03-19 04:13:19.056 69736 INFO tempest.lib.common.rest_client [req-2108c2f8-ac19-4e29-890f-dea2bf6a79d0 req-2108c2f8-ac19-4e29-890f-dea2bf6a79d0 ] Request (DeleteServersTestJSON:test_delete_active_server): 200 GET http://10.180.1.21/compute/v2.1/servers/e505a4ad-d19d-4b57-ae72-e7eaf4b32189 0.562s
2025-03-19 04:13:19.073 69726 INFO tempest.lib.common.rest_client [req-c9fa8332-1fe3-4b97-b905-ca909720a6ea req-c9fa8332-1fe3-4b97-b905-ca909720a6ea ] Request (ListImageFiltersTestJSON:setUpClass): 201 POST http://10.180.1.21/identity/v3/auth/tokens 0.035s
2025-03-19 04:13:19.104 69698 INFO tempest.lib.common.rest_client [req-32d09c11-572e-4c95-895c-72bd723a648e req-32d09c11-572e-4c95-895c-72bd723a648e ] Request (ImagesOneServerNegativeTestJSON:_run_cleanups): 200 GET http://10.180.1.21/compute/v2.1/servers/cfb7f6b2-f8f5-4736-90ff-d46e4722bdd2 0.574s
2025-03-19 04:13:19.123 69730 INFO tempest.lib.common.rest_client [req-cfda72ad-f883-4412-a60a-6b817fda05d5 req-cfda72ad-f883-4412-a60a-6b817fda05d5 ] Request (ListServerFiltersTestJSON:setUpClass): 200 GET http://10.180.1.21/compute/v2.1/servers/42cce3a8-5afa-429e-a023-ccd1e113c7d8 0.523s
2025-03-19 04:13:19.123 69708 INFO tempest.lib.common.rest_client [req-2ff677fd-8c7f-4f39-bf4a-a0351cb9685e req-2ff677fd-8c7f-4f39-bf4a-a0351cb9685e ] Request (ServicesAdminNegativeTestJSON:tearDownClass): 204 DELETE http://10.180.1.21/identity/v3/users/35443732d6a24b76b71fbfe5698f096a 0.095s
2025-03-19 04:13:19.123 69708 INFO tempest.lib.common.dynamic_creds [-] Deleting project and security group for project: af8f349671e143aca11753481cec7d53
2025-03-19 04:13:19.145 69744 INFO tempest.lib.common.rest_client [req-bc8e1db4-444f-4fc8-8fb7-aeb5b6151fb8 req-bc8e1db4-444f-4fc8-8fb7-aeb5b6151fb8 ] Request (VolumesGetTestJSON:tearDownClass): 204 DELETE http://10.180.1.21:9696/networking/v2.0/security-groups/020500aa-ef14-4f47-8d95-c9ebbb443bdc 0.135s
2025-03-19 04:13:19.162 69726 INFO tempest.lib.common.rest_client [req-34c46d19-5f04-45a0-81eb-5449d1874c16 req-34c46d19-5f04-45a0-81eb-5449d1874c16 ] Request (ListImageFiltersTestJSON:setUpClass): 201 POST http://10.180.1.21/identity/v3/auth/tokens 0.086s
2025-03-19 04:13:19.168 69740 INFO tempest.lib.common.rest_client [req-1206fb5d-e6a2-47c8-878f-ffdd1d9f6490 req-1206fb5d-e6a2-47c8-878f-ffdd1d9f6490 ] Request (ServerDiagnosticsTest:tearDownClass): 200 GET http://10.180.1.21/compute/v2.1/servers/a2a4cf08-9e8e-408e-9dc8-93771bab7dca 0.527s
2025-03-19 04:13:19.181 69708 INFO tempest.lib.common.rest_client [req-0025f259-5844-4dc7-aea3-726a3b8c52c1 req-0025f259-5844-4dc7-aea3-726a3b8c52c1 ] Request (ServicesAdminNegativeTestJSON:tearDownClass): 201 POST http://10.180.1.21/identity/v3/auth/tokens 0.058s
2025-03-19 04:13:19.188 69704 INFO tempest.lib.common.rest_client [req-72ea28b9-f5b1-4f75-847c-6598cec30f2e req-72ea28b9-f5b1-4f75-847c-6598cec30f2e ] Request (ServersTestManualDisk:setUpClass): 200 GET http://10.180.1.21/compute/v2.1/servers/f87356eb-fccf-41d7-912f-2a3e76ff6d17 0.494s
2025-03-19 04:13:19.201 69726 INFO tempest.lib.common.rest_client [req-e166fca3-6f8d-40e2-91d4-db408f0ae70f req-e166fca3-6f8d-40e2-91d4-db408f0ae70f ] Request (ListImageFiltersTestJSON:setUpClass): 200 GET http://10.180.1.21/identity/v3/domains?name=Default 0.039s
2025-03-19 04:13:19.225 69734 INFO tempest.lib.common.rest_client [req-d491f1dc-bff5-46f3-bfef-599394cd5311 req-d491f1dc-bff5-46f3-bfef-599394cd5311 ] Request (ServerMetadataTestJSON:setUpClass): 200 GET http://10.180.1.21/compute/v2.1/servers/134eeaa3-fcde-4193-af68-40aca7638079 0.512s
2025-03-19 04:13:19.248 69718 INFO tempest.lib.common.rest_client [req-e98300cf-15b0-4fd4-ba11-7b5e817c9095 req-e98300cf-15b0-4fd4-ba11-7b5e817c9095 ] Request (SecurityGroupRulesNegativeTestJSON:tearDownClass): 204 DELETE http://10.180.1.21:9696/networking/v2.0/networks/ac050068-3daf-48f1-badb-335876f46753 0.252s
2025-03-19 04:13:19.256 69712 INFO tempest.lib.common.rest_client [req-b69012aa-44d8-4b66-9e6a-d1f1db6525ae req-b69012aa-44d8-4b66-9e6a-d1f1db6525ae ] Request (ServersTestBootFromVolume:setUpClass): 200 GET http://10.180.1.21/compute/v2.1/servers/7cdbd118-ef90-4606-8eff-56cf9f2d61d7 0.485s
2025-03-19 04:13:19.279 69744 INFO tempest.lib.common.rest_client [req-7b3c09d5-890d-4a73-9975-74a784b76c1b req-7b3c09d5-890d-4a73-9975-74a784b76c1b ] Request (VolumesGetTestJSON:tearDownClass): 204 DELETE http://10.180.1.21/identity/v3/projects/3b4b95ad5fa94b2481c4f9b213c9d8d3 0.133s
2025-03-19 04:13:19.288 69710 INFO tempest.lib.common.rest_client [req-2dafcacd-5f42-4387-ae9c-355f3418164f req-2dafcacd-5f42-4387-ae9c-355f3418164f ] Request (TenantUsagesTestJSON:setUpClass): 200 GET http://10.180.1.21/compute/v2.1/servers/16fc45e4-7ce8-438c-bdee-16dcc53d0f3a 0.478s
2025-03-19 04:13:19.326 69722 INFO tempest.lib.common.rest_client [req-7aba1bf1-aaaf-4b0f-a677-a492f23295d8 req-7aba1bf1-aaaf-4b0f-a677-a492f23295d8 ] Request (ServerActionsV293TestJSON:setUpClass): 200 GET http://10.180.1.21/compute/v2.1/servers/e6b74a1f-99fb-456f-844a-30dc33ecf36e 0.434s
2025-03-19 04:13:19.339 69726 INFO tempest.lib.common.rest_client [req-cbc3a603-8cab-4828-8ebf-83fcd62b46e6 req-cbc3a603-8cab-4828-8ebf-83fcd62b46e6 ] Request (ListImageFiltersTestJSON:setUpClass): 201 POST http://10.180.1.21/identity/v3/projects 0.137s
2025-03-19 04:13:19.348 69692 INFO tempest.lib.common.rest_client [req-d1f1faab-086c-48c0-98df-f8b724cd71f6 req-d1f1faab-086c-48c0-98df-f8b724cd71f6 ] Request (ServerDiskConfigTestJSON:test_rebuild_server_with_manual_disk_config): 200 GET http://10.180.1.21/compute/v2.1/servers/04b9e79c-61b3-422e-a101-bb7c50126483 0.352s
2025-03-19 04:13:19.382 69718 INFO tempest.lib.common.rest_client [req-08e72572-36c7-45be-9d62-fe3806b125ab req-08e72572-36c7-45be-9d62-fe3806b125ab ] Request (SecurityGroupRulesNegativeTestJSON:tearDownClass): 204 DELETE http://10.180.1.21/identity/v3/users/c1e067e9610f463bb954d00dddbd2c92 0.133s
2025-03-19 04:13:19.382 69718 INFO tempest.lib.common.dynamic_creds [-] Deleting project and security group for project: 79d36a231fe0429cb631431c16343a46
2025-03-19 04:13:19.407 69718 INFO tempest.lib.common.rest_client [req-787720f6-5c4e-43a6-8876-6794b6ad66b5 req-787720f6-5c4e-43a6-8876-6794b6ad66b5 ] Request (SecurityGroupRulesNegativeTestJSON:tearDownClass): 200 GET http://10.180.1.21:9696/networking/v2.0/security-groups?tenant_id=79d36a231fe0429cb631431c16343a46&name=default 0.024s
2025-03-19 04:13:19.423 69726 INFO tempest.lib.common.rest_client [req-26ad110b-f5bb-4b45-add6-8ea822166f06 req-26ad110b-f5bb-4b45-add6-8ea822166f06 ] Request (ListImageFiltersTestJSON:setUpClass): 201 POST http://10.180.1.21/identity/v3/users 0.083s
2025-03-19 04:13:19.450 69728 INFO tempest.lib.common.rest_client [req-d71c4349-9b11-4744-a8f4-07a7340965ed req-d71c4349-9b11-4744-a8f4-07a7340965ed ] Request (ServersAdminTestJSON:test_inject_network_info): 200 GET http://10.180.1.21/compute/v2.1/servers/6f657f3e-0ef9-4d0d-8c4a-ea1beba5f9bc 0.072s
2025-03-19 04:13:19.484 69718 INFO tempest.lib.common.rest_client [req-e254e804-8437-4005-bf18-8c13cac1fb72 req-e254e804-8437-4005-bf18-8c13cac1fb72 ] Request (SecurityGroupRulesNegativeTestJSON:tearDownClass): 204 DELETE http://10.180.1.21:9696/networking/v2.0/security-groups/14f1e9a3-1151-40fe-8734-688a6069962b 0.076s
2025-03-19 04:13:19.488 69726 INFO tempest.lib.common.rest_client [req-3fbe8dea-592e-4ba2-aedf-d7d78dd70683 req-3fbe8dea-592e-4ba2-aedf-d7d78dd70683 ] Request (ListImageFiltersTestJSON:setUpClass): 200 GET http://10.180.1.21/identity/v3/roles 0.064s
2025-03-19 04:13:19.498 69720 INFO tempest.lib.common.rest_client [req-d1c1bc5c-6398-4b0f-affa-aa36e36e2042 req-d1c1bc5c-6398-4b0f-affa-aa36e36e2042 ] Request (DeleteServersAdminTestJSON:test_delete_server_while_in_error_state): 200 GET http://10.180.1.21/compute/v2.1/servers/87186036-0f42-4623-9b36-1513f84bb1c4 0.232s
2025-03-19 04:13:19.505 69708 INFO tempest.lib.common.rest_client [req-8afea0e9-c29a-4a4b-b5d3-c6b92727c5a4 req-8afea0e9-c29a-4a4b-b5d3-c6b92727c5a4 ] Request (ServicesAdminNegativeTestJSON:tearDownClass): 200 GET http://10.180.1.21:9696/networking/v2.0/security-groups?tenant_id=af8f349671e143aca11753481cec7d53&name=default 0.324s
2025-03-19 04:13:19.508 69720 INFO tempest.common.waiters [-] State transition "BUILD/spawning" ==> "ACTIVE/None" after 45 second wait
2025-03-19 04:13:19.526 69726 INFO tempest.lib.common.rest_client [req-f9b792b5-2636-42fa-8ffc-a96f998bb06a req-f9b792b5-2636-42fa-8ffc-a96f998bb06a ] Request (ListImageFiltersTestJSON:setUpClass): 204 PUT http://10.180.1.21/identity/v3/projects/534c7cf70f07494d8ef9fd082e0f7e24/users/9d07a6d93cc3463781bd8176e26c8822/roles/1a6e4e45742b45c3aa52913d35bdfa95 0.037s
2025-03-19 04:13:19.526 69726 INFO tempest.lib.common.dynamic_creds [-] Dynamic test user 9d07a6d93cc3463781bd8176e26c8822 is created with scope project and roles: ['member']
2025-03-19 04:13:19.526 69726 INFO tempest.lib.common.dynamic_creds [-] Acquired dynamic creds: credentials: Credentials: {'domain_id': 'default', 'domain_name': 'Default', 'username': 'tempest-ListImageFiltersTestJSON-1962224894-project-member', 'project_domain_id': 'default', 'project_domain_name': 'Default', 'project_id': '534c7cf70f07494d8ef9fd082e0f7e24', 'project_name': 'tempest-ListImageFiltersTestJSON-1962224894', 'tenant_id': '534c7cf70f07494d8ef9fd082e0f7e24', 'tenant_name': 'tempest-ListImageFiltersTestJSON-1962224894', 'user_domain_id': 'default', 'user_domain_name': 'Default', 'user_id': '9d07a6d93cc3463781bd8176e26c8822', 'system': None}, Network: None, Subnet: None, Router: None
2025-03-19 04:13:19.527 69726 INFO tempest.lib.common.dynamic_creds [-] Created isolated network resources for: credentials: Credentials: {'domain_id': 'default', 'domain_name': 'Default', 'username': 'tempest-ListImageFiltersTestJSON-1962224894-project-member', 'project_domain_id': 'default', 'project_domain_name': 'Default', 'project_id': '534c7cf70f07494d8ef9fd082e0f7e24', 'project_name': 'tempest-ListImageFiltersTestJSON-1962224894', 'tenant_id': '534c7cf70f07494d8ef9fd082e0f7e24', 'tenant_name': 'tempest-ListImageFiltersTestJSON-1962224894', 'user_domain_id': 'default', 'user_domain_name': 'Default', 'user_id': '9d07a6d93cc3463781bd8176e26c8822', 'system': None}, Network: None, Subnet: None, Router: None
2025-03-19 04:13:19.565 69748 INFO tempest.lib.common.rest_client [req-5f6abafc-461e-4d98-80f6-dcefed9b6703 req-5f6abafc-461e-4d98-80f6-dcefed9b6703 ] Request (ServersTestMultiNic:_run_cleanups): 200 GET http://10.180.1.21/compute/v2.1/servers/b1a05b8b-385c-44b8-88ef-09d599ca6afb 0.070s
2025-03-19 04:13:19.586 69718 INFO tempest.lib.common.rest_client [req-5fd51a1c-46aa-484a-ae9d-458e36fcacbf req-5fd51a1c-46aa-484a-ae9d-458e36fcacbf ] Request (SecurityGroupRulesNegativeTestJSON:tearDownClass): 204 DELETE http://10.180.1.21/identity/v3/projects/79d36a231fe0429cb631431c16343a46 0.102s
2025-03-19 04:13:19.595 69708 INFO tempest.lib.common.rest_client [req-e3fea200-72e8-4fee-9c63-95797f95b762 req-e3fea200-72e8-4fee-9c63-95797f95b762 ] Request (ServicesAdminNegativeTestJSON:tearDownClass): 204 DELETE http://10.180.1.21:9696/networking/v2.0/security-groups/c7a29d26-6d73-4c5d-8362-67a09df8e86e 0.089s
2025-03-19 04:13:19.598 69746 INFO tempest.lib.common.rest_client [req-cca32fb9-ba86-4421-8208-15d461346f7b req-cca32fb9-ba86-4421-8208-15d461346f7b ] Request (ServersNegativeTestMultiTenantJSON:tearDownClass): 200 GET http://10.180.1.21/compute/v2.1/servers/f8cfe27b-e3f9-42f5-bc82-8f2fa65f787f 0.093s
2025-03-19 04:13:19.651 69726 INFO tempest.lib.common.rest_client [req-544345f6-ad68-49f9-9ba1-341a61575b9c req-544345f6-ad68-49f9-9ba1-341a61575b9c ] Request (ListImageFiltersTestJSON:setUpClass): 201 POST http://10.180.1.21/identity/v3/auth/tokens 0.118s
2025-03-19 04:13:19.656 69702 INFO tempest.lib.common.rest_client [req-3ef8aad1-1fc9-49cf-b29a-ed1cf7961d9c req-3ef8aad1-1fc9-49cf-b29a-ed1cf7961d9c ] Request (ImagesOneServerTestJSON:test_create_delete_image): 200 GET http://10.180.1.21/compute/v2.1/images/610b3711-f355-443e-a167-76531d95b97a 0.111s
2025-03-19 04:13:19.658 69720 INFO tempest.lib.common.rest_client [req-494cc19f-3977-40dc-a497-6492d57d15ae req-494cc19f-3977-40dc-a497-6492d57d15ae ] Request (DeleteServersAdminTestJSON:test_delete_server_while_in_error_state): 202 POST http://10.180.1.21/compute/v2.1/servers/87186036-0f42-4623-9b36-1513f84bb1c4/action 0.150s
2025-03-19 04:13:19.744 69742 INFO tempest.lib.common.rest_client [req-f4445f07-ecc2-44c4-8a5d-f67c93206b13 req-f4445f07-ecc2-44c4-8a5d-f67c93206b13 ] Request (ServersNegativeTestJSON:setUpClass): 200 GET http://10.180.1.21/compute/v2.1/servers/a011fd97-a657-4123-8dec-70a29561b232 0.166s
2025-03-19 04:13:19.762 69708 INFO tempest.lib.common.rest_client [req-45062e09-233f-42ba-875f-1240e6c7214b req-45062e09-233f-42ba-875f-1240e6c7214b ] Request (ServicesAdminNegativeTestJSON:tearDownClass): 204 DELETE http://10.180.1.21/identity/v3/projects/af8f349671e143aca11753481cec7d53 0.165s
2025-03-19 04:13:19.763 69708 INFO tempest.lib.common.dynamic_creds [-] Deleting project and security group for project: ab02f0000ca74c549d5d4a8289d7bf7f
2025-03-19 04:13:19.769 69688 INFO tempest.lib.common.rest_client [req-77757021-31cd-4dc0-91f3-b3cac5d3df97 req-77757021-31cd-4dc0-91f3-b3cac5d3df97 ] Request (ServersV294TestFqdnHostnames:setUpClass): 200 GET http://10.180.1.21/compute/v2.1/servers/76c49241-9cd4-4f51-8dd2-093e10b61ac0 0.125s
2025-03-19 04:13:19.859 69690 INFO tempest.lib.common.rest_client [req-43bcb88a-95ed-4288-aeb4-3fb0a68c2cbb req-43bcb88a-95ed-4288-aeb4-3fb0a68c2cbb ] Request (InstanceActionsV221TestJSON:test_get_list_deleted_instance_actions): 200 GET http://10.180.1.21/compute/v2.1/servers/35f9bcbc-1f35-467d-9220-9f9a93765579 0.191s
2025-03-19 04:13:19.889 69708 INFO tempest.lib.common.rest_client [req-3537eab8-57f1-4621-a53d-c9eb71e40ef6 req-3537eab8-57f1-4621-a53d-c9eb71e40ef6 ] Request (ServicesAdminNegativeTestJSON:tearDownClass): 200 GET http://10.180.1.21:9696/networking/v2.0/security-groups?tenant_id=ab02f0000ca74c549d5d4a8289d7bf7f&name=default 0.126s
2025-03-19 04:13:19.924 69696 INFO tempest.lib.common.rest_client [req-bfc0d78c-b661-45cf-9849-fc07af6ec38d req-bfc0d78c-b661-45cf-9849-fc07af6ec38d ] Request (AttachInterfacesTestJSON:test_create_list_show_delete_interfaces_by_fixed_ip): 200 GET http://10.180.1.21/compute/v2.1/servers/a5107bcd-c438-4000-a1e8-6a7f377a6c04 0.171s
2025-03-19 04:13:19.949 69720 INFO tempest.lib.common.rest_client [req-223be719-2cbd-45f4-8d3f-f5270667af78 req-223be719-2cbd-45f4-8d3f-f5270667af78 ] Request (DeleteServersAdminTestJSON:test_delete_server_while_in_error_state): 200 GET http://10.180.1.21/compute/v2.1/servers/87186036-0f42-4623-9b36-1513f84bb1c4 0.290s
2025-03-19 04:13:19.970 69708 INFO tempest.lib.common.rest_client [req-5f01a1a8-ccc6-4257-9fd3-5c3c0866e6f9 req-5f01a1a8-ccc6-4257-9fd3-5c3c0866e6f9 ] Request (ServicesAdminNegativeTestJSON:tearDownClass): 204 DELETE http://10.180.1.21:9696/networking/v2.0/security-groups/fe16d22e-2ef3-4ab6-98db-0e199e917f2a 0.081s
2025-03-19 04:13:20.057 69720 INFO tempest.lib.common.rest_client [req-f69eeb7d-4c17-4156-b88a-8d3c4e9978ab req-f69eeb7d-4c17-4156-b88a-8d3c4e9978ab ] Request (DeleteServersAdminTestJSON:test_delete_server_while_in_error_state): 204 DELETE http://10.180.1.21/compute/v2.1/servers/87186036-0f42-4623-9b36-1513f84bb1c4 0.099s
2025-03-19 04:13:20.095 69708 INFO tempest.lib.common.rest_client [req-d7e6d3f3-ba33-48ec-8d07-65fc9441d9d4 req-d7e6d3f3-ba33-48ec-8d07-65fc9441d9d4 ] Request (ServicesAdminNegativeTestJSON:tearDownClass): 204 DELETE http://10.180.1.21/identity/v3/projects/ab02f0000ca74c549d5d4a8289d7bf7f 0.124s
2025-03-19 04:13:20.099 69716 INFO tempest.lib.common.rest_client [req-6fc1a3c5-c9d4-4a50-a4c9-0838c595df3e req-6fc1a3c5-c9d4-4a50-a4c9-0838c595df3e ] Request (MigrationsAdminTest:test_list_migrations_in_flavor_resize_situation): 200 GET http://10.180.1.21/compute/v2.1/servers/dcac029f-96a3-4f1f-98cf-6794be08ab9a 0.163s
2025-03-19 04:13:20.116 69724 WARNING tempest.lib.common.ssh [-] Failed to establish authenticated ssh connection to cirros@10.180.180.210 ([Errno None] Unable to connect to port 22 on 10.180.180.210). Number attempts: 3. Retry after 4 seconds.: paramiko.ssh_exception.NoValidConnectionsError: [Errno None] Unable to connect to port 22 on 10.180.180.210
2025-03-19 04:13:20.119 69738 INFO tempest.lib.common.rest_client [req-d8753338-f713-49a1-8026-4c5cb4d7bbef req-d8753338-f713-49a1-8026-4c5cb4d7bbef ] Request (ServerGroupTestJSON:test_create_server_with_scheduler_hint_group): 200 GET http://10.180.1.21/compute/v2.1/servers/b2c16e02-f57e-4868-98a0-c4aa775589c3 0.126s
2025-03-19 04:13:20.160 69726 INFO tempest.lib.common.rest_client [req-4bdd3ca1-38fb-4a70-ba2d-01ebbefa5535 req-4bdd3ca1-38fb-4a70-ba2d-01ebbefa5535 ] Request (ListImageFiltersTestJSON:setUpClass): 201 POST http://10.180.1.21/image/v2/images 0.506s
2025-03-19 04:13:20.164 69706 INFO tempest.lib.common.rest_client [req-f4ac0dfd-7b88-49f1-9f45-0722289e0c77 req-f4ac0dfd-7b88-49f1-9f45-0722289e0c77 ] Request (FloatingIPsAssociationTestJSON:test_associate_already_associated_floating_ip): 200 GET http://10.180.1.21/compute/v2.1/servers/4b1894a2-b198-41aa-a340-f3decec71996 0.145s
2025-03-19 04:13:20.174 69706 INFO tempest.common.waiters [-] State transition "BUILD/scheduling" ==> "BUILD/None" after 24 second wait
2025-03-19 04:13:20.180 69708 INFO tempest.lib.common.rest_client [req-9dce43e6-6dc1-419b-b369-cf7c92328dcf req-9dce43e6-6dc1-419b-b369-cf7c92328dcf ] Request (SecurityGroupsTestJSON:setUpClass): 201 POST http://10.180.1.21/identity/v3/auth/tokens 0.083s
2025-03-19 04:13:20.211 69708 INFO tempest.lib.common.rest_client [req-2b330902-8a66-4003-a62e-c1249109c767 req-2b330902-8a66-4003-a62e-c1249109c767 ] Request (SecurityGroupsTestJSON:setUpClass): 201 POST http://10.180.1.21/identity/v3/auth/tokens 0.028s
2025-03-19 04:13:20.239 69736 INFO tempest.lib.common.rest_client [req-a9bbf629-aebf-4735-8690-5b88a0150bcb req-a9bbf629-aebf-4735-8690-5b88a0150bcb ] Request (DeleteServersTestJSON:test_delete_active_server): 200 GET http://10.180.1.21/compute/v2.1/servers/e505a4ad-d19d-4b57-ae72-e7eaf4b32189 0.173s
2025-03-19 04:13:20.239 69708 INFO tempest.lib.common.rest_client [req-be2f4f76-8cc1-419b-b6d6-d91066de444c req-be2f4f76-8cc1-419b-b6d6-d91066de444c ] Request (SecurityGroupsTestJSON:setUpClass): 200 GET http://10.180.1.21/identity/v3/domains?name=Default 0.028s
2025-03-19 04:13:20.271 69720 INFO tempest.lib.common.rest_client [req-92271c95-bc4c-4101-bcec-d3ebc63489e3 req-92271c95-bc4c-4101-bcec-d3ebc63489e3 ] Request (DeleteServersAdminTestJSON:test_delete_server_while_in_error_state): 200 GET http://10.180.1.21/compute/v2.1/servers/87186036-0f42-4623-9b36-1513f84bb1c4 0.213s
2025-03-19 04:13:20.279 69708 INFO tempest.lib.common.rest_client [req-d42d6008-4332-47ef-a484-11746fc1617a req-d42d6008-4332-47ef-a484-11746fc1617a ] Request (SecurityGroupsTestJSON:setUpClass): 201 POST http://10.180.1.21/identity/v3/projects 0.039s
