2025-03-19 04:11:47.309 69722 INFO tempest.lib.common.rest_client [req-ab228e59-70ad-4267-a3fd-35c5d140f9c1 req-ab228e59-70ad-4267-a3fd-35c5d140f9c1 ] Request (HypervisorAdminV253TestBase:test_list_show_detail_hypervisors): 200 GET http://10.180.1.21/compute/v2.1/os-hypervisors/65568fbe-598e-408e-afad-1b65d19c68ec 1.338s
2025-03-19 04:11:47.314 69746 INFO tempest.lib.common.rest_client [req-331dfb81-ab11-4f12-9623-3d09178e5041 req-331dfb81-ab11-4f12-9623-3d09178e5041 ] Request (MultipleCreateNegativeTestJSON:test_max_count_less_than_one): 400 POST http://10.180.1.21/compute/v2.1/servers 1.307s
2025-03-19 04:11:47.351 69740 INFO tempest.lib.common.rest_client [req-93dff0a3-71e7-4147-a219-8fa2c70a10d8 req-93dff0a3-71e7-4147-a219-8fa2c70a10d8 ] Request (KeyPairsV210TestJSON:setUpClass): 200 GET http://10.180.1.21/identity/v3/roles 0.094s
2025-03-19 04:11:47.358 69692 INFO tempest.lib.common.rest_client [req-dcf2e24b-3e38-44c2-a35b-a126fd9b1f03 req-dcf2e24b-3e38-44c2-a35b-a126fd9b1f03 ] Request (ServerDiskConfigTestJSON:setUpClass): 201 POST http://10.180.1.21/identity/v3/users 0.075s
2025-03-19 04:11:47.413 69720 INFO tempest.lib.common.rest_client [req-6153681e-b085-43c1-ada7-725fa51cc0b4 req-6153681e-b085-43c1-ada7-725fa51cc0b4 ] Request (DeleteServersAdminTestJSON:test_admin_delete_servers_of_others): 200 GET http://10.180.1.21/compute/v2.1/servers/162b8b0c-9f6c-4acd-bf2f-b053f487ccd8 1.733s
2025-03-19 04:11:47.425 69720 INFO tempest.common.waiters [-] State transition "BUILD/None" ==> "BUILD/block_device_mapping" after 3 second wait
2025-03-19 04:11:47.428 69746 INFO tempest.lib.common.rest_client [req-8762d53c-93b8-431d-b109-84592459935c req-8762d53c-93b8-431d-b109-84592459935c ] Request (MultipleCreateNegativeTestJSON:test_max_count_non_integer): 201 POST http://10.180.1.21/identity/v3/auth/tokens 0.109s
2025-03-19 04:11:47.429 69746 INFO tempest.lib.common.fixed_network [-] (MultipleCreateNegativeTestJSON:test_max_count_non_integer) Found network None available for tenant
2025-03-19 04:11:47.444 69748 INFO tempest.lib.common.rest_client [req-033c396b-4967-4a25-93c8-e90d6ef5633b req-033c396b-4967-4a25-93c8-e90d6ef5633b ] Request (FlavorMetadataValidation:_run_cleanups): 200 GET http://10.180.1.21/compute/v2.1/flavors/detail 1.278s
2025-03-19 04:11:47.469 69718 INFO tempest.lib.common.rest_client [req-a51e7b15-2be7-4fbf-a91f-3d2883388849 req-a51e7b15-2be7-4fbf-a91f-3d2883388849 ] Request (HypervisorAdminTestJSON:test_get_hypervisor_stats): 200 GET http://10.180.1.21/compute/v2.1/os-hypervisors/statistics 1.280s
2025-03-19 04:11:47.477 69694 INFO tempest.lib.common.rest_client [req-b22d91e1-7042-4780-be15-c7b441e3b87e req-b22d91e1-7042-4780-be15-c7b441e3b87e ] Request (AttachInterfacesUnderV243Test:setUpClass): 201 POST http://10.180.1.21:9696/networking/v2.0/subnets 0.748s
2025-03-19 04:11:47.490 69716 INFO tempest.lib.common.rest_client [req-fdfe51ad-eaa0-4e2e-b3a6-09bce276d75d req-fdfe51ad-eaa0-4e2e-b3a6-09bce276d75d ] Request (InstanceUsageAuditLogTestJSON:test_list_instance_usage_audit_logs): 200 GET http://10.180.1.21/compute/v2.1/os-instance_usage_audit_log 1.175s
2025-03-19 04:11:47.529 69722 INFO tempest.lib.common.rest_client [req-d5cf2de1-e836-4d34-8d64-48c8afca3956 req-d5cf2de1-e836-4d34-8d64-48c8afca3956 ] Request (HypervisorAdminV253TestBase:tearDownClass): 204 DELETE http://10.180.1.21/identity/v3/users/590e8abd1a9c4006a44477d5014438a8 0.202s
2025-03-19 04:11:47.542 69724 INFO tempest.lib.common.rest_client [req-e4222a9e-3b68-418f-8866-7192dd7a72f2 req-e4222a9e-3b68-418f-8866-7192dd7a72f2 ] Request (NetworksTest:test_list_all_networks): 200 GET http://10.180.1.21/compute/v2.1/os-networks 1.390s
2025-03-19 04:11:47.576 69740 INFO tempest.lib.common.rest_client [req-3fcdf5dd-a3c9-4248-a677-7d333e772162 req-3fcdf5dd-a3c9-4248-a677-7d333e772162 ] Request (KeyPairsV210TestJSON:setUpClass): 204 PUT http://10.180.1.21/identity/v3/projects/0c2fbfd5b2264e13931059d1785f2287/users/3c2677da0ed0472796009e7499d43c88/roles/83b581400f124ced8ad859c96a8a2a56 0.225s
2025-03-19 04:11:47.610 69738 INFO tempest.lib.common.rest_client [req-00716d67-b2b0-49b1-abe7-7254dae110af req-00716d67-b2b0-49b1-abe7-7254dae110af ] Request (FloatingIPDetailsNegativeTestJSON:tearDownClass): 200 PUT http://10.180.1.21:9696/networking/v2.0/routers/ce25633a-a6db-4c9e-9d5d-d83f4644d856/remove_router_interface 2.278s
2025-03-19 04:11:47.681 69692 INFO tempest.lib.common.rest_client [req-ff5af312-04b8-49b8-b1e5-a585b2beca92 req-ff5af312-04b8-49b8-b1e5-a585b2beca92 ] Request (ServerDiskConfigTestJSON:setUpClass): 200 GET http://10.180.1.21/identity/v3/roles 0.323s
2025-03-19 04:11:47.704 69748 INFO tempest.lib.common.rest_client [req-13b66681-8144-4ba8-9641-bdf869a31537 req-13b66681-8144-4ba8-9641-bdf869a31537 ] Request (FlavorMetadataValidation:tearDownClass): 204 DELETE http://10.180.1.21/identity/v3/users/9cef955fe4694d5ea5a890577e1e915c 0.243s
2025-03-19 04:11:47.799 69718 INFO tempest.lib.common.rest_client [req-bd926e87-6187-464a-83c9-8fafc0b3534a req-bd926e87-6187-464a-83c9-8fafc0b3534a ] Request (HypervisorAdminTestJSON:tearDownClass): 204 DELETE http://10.180.1.21/identity/v3/users/73a75a2973b74681944c730154696b00 0.327s
2025-03-19 04:11:47.825 69700 INFO tempest.lib.common.rest_client [req-5e7d42bf-24ea-4012-b8fa-faa3b450c8d2 req-5e7d42bf-24ea-4012-b8fa-faa3b450c8d2 ] Request (VolumesAssistedSnapshotsTest:setUpClass): 201 POST http://10.180.1.21:9696/networking/v2.0/networks 0.680s
2025-03-19 04:11:47.876 69722 INFO tempest.lib.common.rest_client [req-008287d1-936d-4528-8df6-5cb194ec854c req-008287d1-936d-4528-8df6-5cb194ec854c ] Request (HypervisorAdminV253TestBase:tearDownClass): 204 DELETE http://10.180.1.21/identity/v3/users/3f162e2ed53f4146961cd9fe4ced968b 0.346s
2025-03-19 04:11:47.876 69722 INFO tempest.lib.common.dynamic_creds [-] Deleting project and security group for project: 5729f164c287404f9fbf4b3856ec1009
2025-03-19 04:11:47.890 69716 INFO tempest.lib.common.rest_client [req-08013899-e96b-4e0b-96ef-6f4dd04a124b req-08013899-e96b-4e0b-96ef-6f4dd04a124b ] Request (InstanceUsageAuditLogTestJSON:tearDownClass): 204 DELETE http://10.180.1.21/identity/v3/users/7017ad6859db45069e227eeb882c1358 0.393s
2025-03-19 04:11:47.945 69740 INFO tempest.lib.common.rest_client [req-9364f2a8-6d90-470b-a0b3-8298963238d6 req-9364f2a8-6d90-470b-a0b3-8298963238d6 ] Request (KeyPairsV210TestJSON:setUpClass): 200 GET http://10.180.1.21/identity/v3/roles 0.368s
2025-03-19 04:11:47.976 69692 INFO tempest.lib.common.rest_client [req-82dd1caf-6499-4fe6-8cf8-f438ac0b3131 req-82dd1caf-6499-4fe6-8cf8-f438ac0b3131 ] Request (ServerDiskConfigTestJSON:setUpClass): 204 PUT http://10.180.1.21/identity/v3/projects/b4151a17ee9940e5a7934be8321a3ec6/users/3d3c1f4e90194e7785970560208e2c17/roles/1a6e4e45742b45c3aa52913d35bdfa95 0.294s
2025-03-19 04:11:47.976 69692 INFO tempest.lib.common.dynamic_creds [-] Dynamic test user 3d3c1f4e90194e7785970560208e2c17 is created with scope project and roles: ['member']
2025-03-19 04:11:47.976 69692 INFO tempest.lib.common.dynamic_creds [-] Acquired dynamic creds: credentials: Credentials: {'domain_id': 'default', 'domain_name': 'Default', 'username': 'tempest-ServerDiskConfigTestJSON-160604977-project-member', 'project_domain_id': 'default', 'project_domain_name': 'Default', 'project_id': 'b4151a17ee9940e5a7934be8321a3ec6', 'project_name': 'tempest-ServerDiskConfigTestJSON-160604977', 'tenant_id': 'b4151a17ee9940e5a7934be8321a3ec6', 'tenant_name': 'tempest-ServerDiskConfigTestJSON-160604977', 'user_domain_id': 'default', 'user_domain_name': 'Default', 'user_id': '3d3c1f4e90194e7785970560208e2c17', 'system': None}, Network: None, Subnet: None, Router: None
2025-03-19 04:11:47.995 69724 INFO tempest.lib.common.rest_client [req-26d83726-73ac-4c62-9f5e-a3f826dfa4cf req-26d83726-73ac-4c62-9f5e-a3f826dfa4cf ] Request (NetworksTest:tearDownClass): 204 DELETE http://10.180.1.21/identity/v3/users/75671d263d7043f393d889ff9759e9c2 0.450s
2025-03-19 04:11:48.107 69748 INFO tempest.lib.common.rest_client [req-6cb1ba2c-9b7d-4440-b81c-45032f6d7bab req-6cb1ba2c-9b7d-4440-b81c-45032f6d7bab ] Request (FlavorMetadataValidation:tearDownClass): 204 DELETE http://10.180.1.21/identity/v3/users/d5553b0da813431891c2c54add612e81 0.402s
2025-03-19 04:11:48.107 69748 INFO tempest.lib.common.dynamic_creds [-] Deleting project and security group for project: 9c6301285ce843faba2a273e0f502f71
2025-03-19 04:11:48.143 69730 INFO tempest.lib.common.rest_client [req-19bc1c18-5fdb-42f1-91b1-e61ca34a40bc req-19bc1c18-5fdb-42f1-91b1-e61ca34a40bc ] Request (FlavorsAccessTestJSON:test_flavor_access_add_remove): 200 POST http://10.180.1.21/compute/v2.1/flavors/396984340/action 1.743s
2025-03-19 04:11:48.170 69722 INFO tempest.lib.common.rest_client [req-ae3c4d4f-cdc1-46d5-b02e-9ad463758a53 req-ae3c4d4f-cdc1-46d5-b02e-9ad463758a53 ] Request (HypervisorAdminV253TestBase:tearDownClass): 201 POST http://10.180.1.21/identity/v3/auth/tokens 0.294s
2025-03-19 04:11:48.204 69718 INFO tempest.lib.common.rest_client [req-354e9847-25c4-44b2-a2f9-1a226b1e5217 req-354e9847-25c4-44b2-a2f9-1a226b1e5217 ] Request (HypervisorAdminTestJSON:tearDownClass): 204 DELETE http://10.180.1.21/identity/v3/users/f5dce39f390e4dc18bdfaaa2173d12e5 0.405s
2025-03-19 04:11:48.204 69718 INFO tempest.lib.common.dynamic_creds [-] Deleting project and security group for project: 197ba53b1274451881131ed80a49582f
2025-03-19 04:11:48.207 69700 INFO tempest.lib.common.rest_client [req-c5b43c71-0071-4aca-a3dc-e28ae98eb5ac req-c5b43c71-0071-4aca-a3dc-e28ae98eb5ac ] Request (VolumesAssistedSnapshotsTest:setUpClass): 201 POST http://10.180.1.21:9696/networking/v2.0/subnets 0.381s
2025-03-19 04:11:48.236 69716 INFO tempest.lib.common.rest_client [req-64335235-728f-413a-8e2a-9b56e18f0f3c req-64335235-728f-413a-8e2a-9b56e18f0f3c ] Request (InstanceUsageAuditLogTestJSON:tearDownClass): 204 DELETE http://10.180.1.21/identity/v3/users/6bc53d02df5344be93b6e317a083d10f 0.346s
2025-03-19 04:11:48.236 69716 INFO tempest.lib.common.dynamic_creds [-] Deleting project and security group for project: 1051901542cd4f96ba030507b662fd2e
2025-03-19 04:11:48.266 69734 INFO tempest.lib.common.rest_client [req-2d4ab3ff-52a0-4eec-9324-0f0936ae0ee2 req-2d4ab3ff-52a0-4eec-9324-0f0936ae0ee2 ] Request (ServersAdmin275Test:test_rebuild_update_server_275): 200 GET http://10.180.1.21/compute/v2.1/servers/fa02511c-c494-44f0-8e49-1dcc95c9f6bb 1.734s
2025-03-19 04:11:48.285 69740 INFO tempest.lib.common.rest_client [req-f526ed43-066c-4aff-8b40-9f3a4219774a req-f526ed43-066c-4aff-8b40-9f3a4219774a ] Request (KeyPairsV210TestJSON:setUpClass): 204 PUT http://10.180.1.21/identity/v3/projects/0c2fbfd5b2264e13931059d1785f2287/users/3c2677da0ed0472796009e7499d43c88/roles/83b581400f124ced8ad859c96a8a2a56 0.339s
2025-03-19 04:11:48.286 69740 INFO tempest.lib.common.dynamic_creds [-] Dynamic test user 3c2677da0ed0472796009e7499d43c88 is created with scope project and roles: ['admin']
2025-03-19 04:11:48.285 69696 INFO tempest.lib.common.rest_client [req-b74e9c3d-b079-4f12-88f5-2b1f39832751 req-b74e9c3d-b079-4f12-88f5-2b1f39832751 ] Request (FlavorsExtraSpecsTestJSON:test_flavor_set_get_update_show_unset_keys): 200 POST http://10.180.1.21/compute/v2.1/flavors/470137729/os-extra_specs 1.745s
2025-03-19 04:11:48.286 69740 INFO tempest.lib.common.dynamic_creds [-] Acquired dynamic creds: credentials: Credentials: {'domain_id': 'default', 'domain_name': 'Default', 'username': 'tempest-KeyPairsV210TestJSON-489008647-project-admin', 'project_domain_id': 'default', 'project_domain_name': 'Default', 'project_id': '0c2fbfd5b2264e13931059d1785f2287', 'project_name': 'tempest-KeyPairsV210TestJSON-489008647', 'tenant_id': '0c2fbfd5b2264e13931059d1785f2287', 'tenant_name': 'tempest-KeyPairsV210TestJSON-489008647', 'user_domain_id': 'default', 'user_domain_name': 'Default', 'user_id': '3c2677da0ed0472796009e7499d43c88', 'system': None}, Network: None, Subnet: None, Router: None
2025-03-19 04:11:48.286 69740 INFO tempest.lib.common.dynamic_creds [-] Created isolated network resources for: credentials: Credentials: {'domain_id': 'default', 'domain_name': 'Default', 'username': 'tempest-KeyPairsV210TestJSON-489008647-project-admin', 'project_domain_id': 'default', 'project_domain_name': 'Default', 'project_id': '0c2fbfd5b2264e13931059d1785f2287', 'project_name': 'tempest-KeyPairsV210TestJSON-489008647', 'tenant_id': '0c2fbfd5b2264e13931059d1785f2287', 'tenant_name': 'tempest-KeyPairsV210TestJSON-489008647', 'user_domain_id': 'default', 'user_domain_name': 'Default', 'user_id': '3c2677da0ed0472796009e7499d43c88', 'system': None}, Network: None, Subnet: None, Router: None
2025-03-19 04:11:48.289 69692 INFO tempest.lib.common.rest_client [req-ab19aa58-810e-450e-bbb7-dbb87439ef24 req-ab19aa58-810e-450e-bbb7-dbb87439ef24 ] Request (ServerDiskConfigTestJSON:setUpClass): 201 POST http://10.180.1.21/identity/v3/auth/tokens 0.313s
2025-03-19 04:11:48.298 69742 INFO tempest.lib.common.rest_client [req-05fb546a-ed18-4cca-8b6e-92015f02867a req-05fb546a-ed18-4cca-8b6e-92015f02867a ] Request (TenantUsagesNegativeTestJSON:test_get_usage_tenant_with_invalid_date): 400 GET http://10.180.1.21/compute/v2.1/os-simple-tenant-usage/c6f36e0473724348838179ff6d0fdfc9?start=2025-03-20T04%3A11%3A43.575697&end=2025-03-18T04%3A11%3A43.575697 1.661s
2025-03-19 04:11:48.321 69706 INFO tempest.lib.common.rest_client [req-be94c05a-f443-426c-8e88-698e395ef5a5 req-be94c05a-f443-426c-8e88-698e395ef5a5 ] Request (ServicesAdminTestJSON:test_get_service_by_host_name): 200 GET http://10.180.1.21/compute/v2.1/os-services?host=devstack 1.597s
2025-03-19 04:11:48.353 69748 INFO tempest.lib.common.rest_client [req-119738b0-0fcc-4b1b-913f-fece5a3d96ae req-119738b0-0fcc-4b1b-913f-fece5a3d96ae ] Request (FlavorMetadataValidation:tearDownClass): 201 POST http://10.180.1.21/identity/v3/auth/tokens 0.244s
2025-03-19 04:11:48.369 69724 INFO tempest.lib.common.rest_client [req-8cb4e241-9235-4c05-a02b-cd45a5dce013 req-8cb4e241-9235-4c05-a02b-cd45a5dce013 ] Request (NetworksTest:tearDownClass): 204 DELETE http://10.180.1.21/identity/v3/users/3586cb43311b4eb89d5832f04b6ecdde 0.374s
2025-03-19 04:11:48.369 69724 INFO tempest.lib.common.dynamic_creds [-] Deleting project and security group for project: 273a031aae834a34b2c104e99ae2f77f
2025-03-19 04:11:48.384 69738 INFO tempest.lib.common.rest_client [req-f3f7770f-6c3c-4cff-b185-5d593f1d44dc req-f3f7770f-6c3c-4cff-b185-5d593f1d44dc ] Request (FloatingIPDetailsNegativeTestJSON:tearDownClass): 204 DELETE http://10.180.1.21:9696/networking/v2.0/routers/ce25633a-a6db-4c9e-9d5d-d83f4644d856 0.773s
2025-03-19 04:11:48.422 69718 INFO tempest.lib.common.rest_client [req-8f63aab0-6f81-4ab0-b6a3-da9bc2b69397 req-8f63aab0-6f81-4ab0-b6a3-da9bc2b69397 ] Request (HypervisorAdminTestJSON:tearDownClass): 201 POST http://10.180.1.21/identity/v3/auth/tokens 0.217s
2025-03-19 04:11:48.438 69690 INFO tempest.lib.common.rest_client [req-aaef11af-0438-4db3-b1aa-c7dad0676fe5 req-aaef11af-0438-4db3-b1aa-c7dad0676fe5 ] Request (AggregatesAdminNegativeTestJSON:_run_cleanups): 200 POST http://10.180.1.21/compute/v2.1/os-aggregates/1/action 1.639s
2025-03-19 04:11:48.446 69716 INFO tempest.lib.common.rest_client [req-c247531e-8af5-4e4c-86f6-5ebe1108d530 req-c247531e-8af5-4e4c-86f6-5ebe1108d530 ] Request (InstanceUsageAuditLogTestJSON:tearDownClass): 201 POST http://10.180.1.21/identity/v3/auth/tokens 0.210s
2025-03-19 04:11:48.492 69736 INFO tempest.lib.common.rest_client [req-469863ca-056d-48ad-ba84-a89eba4645a5 req-469863ca-056d-48ad-ba84-a89eba4645a5 ] Request (FlavorsExtraSpecsNegativeTestJSON:test_flavor_non_admin_unset_keys): 200 POST http://10.180.1.21/compute/v2.1/flavors/298265761/os-extra_specs 1.683s
2025-03-19 04:11:48.533 69724 INFO tempest.lib.common.rest_client [req-fbfc1930-13b5-4ba9-8a4e-5671e50dffcb req-fbfc1930-13b5-4ba9-8a4e-5671e50dffcb ] Request (NetworksTest:tearDownClass): 201 POST http://10.180.1.21/identity/v3/auth/tokens 0.163s
2025-03-19 04:11:48.551 69740 INFO tempest.lib.common.rest_client [req-914e3914-7167-43a7-a8e3-0f3a8da26cf1 req-914e3914-7167-43a7-a8e3-0f3a8da26cf1 ] Request (KeyPairsV210TestJSON:setUpClass): 201 POST http://10.180.1.21/identity/v3/auth/tokens 0.262s
2025-03-19 04:11:48.674 69710 INFO tempest.lib.common.rest_client [req-39eb0417-2c55-4b15-8a98-c0c760976a07 req-39eb0417-2c55-4b15-8a98-c0c760976a07 ] Request (QuotasAdminTestV236:test_get_updated_quotas): 200 GET http://10.180.1.21/compute/v2.1/os-quota-sets/7848cd39c98a419ea72e4cb5fc918d15?user_id=8b93032edbd340059a763cbafe210aed 1.528s
2025-03-19 04:11:48.690 69714 INFO tempest.lib.common.rest_client [req-4d8f47f4-c51e-404b-89fc-dda20a27583e req-4d8f47f4-c51e-404b-89fc-dda20a27583e ] Request (ServersWithSpecificFlavorTestJSON:test_verify_created_server_ephemeral_disk): 200 GET http://10.180.1.21/compute/v2.1/flavors/42/os-extra_specs 1.517s
2025-03-19 04:11:48.741 69710 INFO tempest.lib.common.rest_client [req-701b0597-402d-4521-8c03-2f965abc42f7 req-701b0597-402d-4521-8c03-2f965abc42f7 ] Request (QuotasAdminTestV236:_run_cleanups): 204 DELETE http://10.180.1.21/identity/v3/users/8b93032edbd340059a763cbafe210aed 0.064s
2025-03-19 04:11:48.799 69738 INFO tempest.lib.common.rest_client [req-90e62218-e126-47a6-9124-38c4caeb73e7 req-90e62218-e126-47a6-9124-38c4caeb73e7 ] Request (FloatingIPDetailsNegativeTestJSON:tearDownClass): 204 DELETE http://10.180.1.21:9696/networking/v2.0/subnets/b50fe255-cb0a-4360-8347-9b7ce061b3b7 0.415s
2025-03-19 04:11:48.833 69710 INFO tempest.lib.common.rest_client [req-cf4f2c67-eebb-475f-b552-6d59d973f63d req-cf4f2c67-eebb-475f-b552-6d59d973f63d ] Request (QuotasAdminTestV236:_run_cleanups): 204 DELETE http://10.180.1.21/identity/v3/projects/7848cd39c98a419ea72e4cb5fc918d15 0.092s
2025-03-19 04:11:48.914 69688 INFO tempest.lib.common.rest_client [req-90a0943a-e1b1-4fb4-924b-8e2578056017 req-90a0943a-e1b1-4fb4-924b-8e2578056017 ] Request (FloatingIPDetailsTestJSON:setUpClass): 200 POST http://10.180.1.21/compute/v2.1/os-floating-ips 2.394s
2025-03-19 04:11:48.936 69722 INFO tempest.lib.common.rest_client [req-dfa1ed37-0afa-4dfe-8faa-c0dbff8d5ac9 req-dfa1ed37-0afa-4dfe-8faa-c0dbff8d5ac9 ] Request (HypervisorAdminV253TestBase:tearDownClass): 200 GET http://10.180.1.21:9696/networking/v2.0/security-groups?tenant_id=5729f164c287404f9fbf4b3856ec1009&name=default 0.765s
2025-03-19 04:11:48.950 69744 INFO tempest.lib.common.rest_client [req-d7839b40-7846-4454-ac57-93645785cfa0 req-d7839b40-7846-4454-ac57-93645785cfa0 ] Request (FlavorsAdminTestJSON:test_create_flavor_verify_entry_in_list_details): 200 POST http://10.180.1.21/compute/v2.1/flavors 1.647s
2025-03-19 04:11:48.955 69746 INFO tempest.lib.common.rest_client [req-a0b9f296-3759-4767-a0da-014beda9a9cc req-a0b9f296-3759-4767-a0da-014beda9a9cc ] Request (MultipleCreateNegativeTestJSON:test_max_count_non_integer): 400 POST http://10.180.1.21/compute/v2.1/servers 1.525s
2025-03-19 04:11:49.002 69748 INFO tempest.lib.common.rest_client [req-d6bb526d-1eb6-4010-b0ca-05e9bcd76a2d req-d6bb526d-1eb6-4010-b0ca-05e9bcd76a2d ] Request (FlavorMetadataValidation:tearDownClass): 200 GET http://10.180.1.21:9696/networking/v2.0/security-groups?tenant_id=9c6301285ce843faba2a273e0f502f71&name=default 0.648s
2025-03-19 04:11:49.004 69710 INFO tempest.lib.common.rest_client [req-dc878b46-3aec-4895-a7e8-409f3176ec07 req-dc878b46-3aec-4895-a7e8-409f3176ec07 ] Request (QuotasAdminTestV236:tearDownClass): 204 DELETE http://10.180.1.21/identity/v3/users/2404cd06312d4e768b8ac5d22ffe0993 0.166s
2025-03-19 04:11:49.011 69728 INFO tempest.lib.common.rest_client [req-10af8079-f8ac-4fc8-b797-8ab75787f0b3 req-10af8079-f8ac-4fc8-b797-8ab75787f0b3 ] Request (ServersAdminTestJSON:setUpClass): 200 PUT http://10.180.1.21:9696/networking/v2.0/routers/2ea42fe9-8ca6-4141-ae28-cd06d8cf4913/add_router_interface 2.452s
2025-03-19 04:11:49.011 69728 INFO tempest.lib.common.dynamic_creds [-] Created isolated network resources for: credentials: Credentials: {'domain_id': 'default', 'domain_name': 'Default', 'username': 'tempest-ServersAdminTestJSON-911842076-project-admin', 'project_domain_id': 'default', 'project_domain_name': 'Default', 'project_id': 'bede9979bb4b4599a0837e2db4f0da71', 'project_name': 'tempest-ServersAdminTestJSON-911842076', 'tenant_id': 'bede9979bb4b4599a0837e2db4f0da71', 'tenant_name': 'tempest-ServersAdminTestJSON-911842076', 'user_domain_id': 'default', 'user_domain_name': 'Default', 'user_id': '3455f444c784452782b596fff58cac66', 'system': None}, Network: {'id': 'b9cea1b1-5e62-4fc5-8e3a-f29cea47c435', 'name': 'tempest-ServersAdminTestJSON-1877564388-network', 'tenant_id': 'bede9979bb4b4599a0837e2db4f0da71', 'admin_state_up': True, 'mtu': 8950, 'status': 'ACTIVE', 'subnets': [], 'shared': False, 'project_id': 'bede9979bb4b4599a0837e2db4f0da71', 'port_security_enabled': True, 'router:external': False, 'provider:network_type': 'vlan', 'provider:physical_network': 'default', 'provider:segmentation_id': 529, 'availability_zone_hints': [], 'availability_zones': [], 'ipv4_address_scope': None, 'ipv6_address_scope': None, 'description': '', 'tags': [], 'created_at': '2025-03-19T04:11:44Z', 'updated_at': '2025-03-19T04:11:44Z', 'revision_number': 1}, Subnet: {'id': '291e8596-813b-4326-99c8-f85a32fe776a', 'name': 'tempest-ServersAdminTestJSON-1877564388-subnet', 'tenant_id': 'bede9979bb4b4599a0837e2db4f0da71', 'network_id': 'b9cea1b1-5e62-4fc5-8e3a-f29cea47c435', 'ip_version': 4, 'subnetpool_id': None, 'enable_dhcp': True, 'ipv6_ra_mode': None, 'ipv6_address_mode': None, 'gateway_ip': '192.168.128.1', 'cidr': '192.168.128.0/28', 'allocation_pools': [{'start': '192.168.128.2', 'end': '192.168.128.14'}], 'host_routes': [], 'dns_nameservers': [], 'description': '', 'router:external': False, 'service_types': [], 'tags': [], 'created_at': '2025-03-19T04:11:44Z', 'updated_at': '2025-03-19T04:11:44Z', 'revision_number': 0, 'project_id': 'bede9979bb4b4599a0837e2db4f0da71'}, Router: {'id': '2ea42fe9-8ca6-4141-ae28-cd06d8cf4913', 'name': 'tempest-ServersAdminTestJSON-1877564388-router', 'tenant_id': 'bede9979bb4b4599a0837e2db4f0da71', 'admin_state_up': True, 'status': 'ACTIVE', 'external_gateway_info': {'network_id': 'c4ffba10-30ed-40e5-b21f-3b047f3367b1', 'external_fixed_ips': [{'subnet_id': '757f51a9-0624-426f-b81c-bd3847d09d50', 'ip_address': '10.180.180.169'}], 'enable_snat': True}, 'description': '', 'availability_zones': [], 'distributed': False, 'ha': False, 'availability_zone_hints': [], 'routes': [], 'flavor_id': None, 'tags': [], 'created_at': '2025-03-19T04:11:45Z', 'updated_at': '2025-03-19T04:11:45Z', 'revision_number': 2, 'project_id': 'bede9979bb4b4599a0837e2db4f0da71'}
2025-03-19 04:11:49.033 69746 INFO tempest.lib.common.rest_client [req-f4314837-3386-4b00-9023-5f0460ad3790 req-f4314837-3386-4b00-9023-5f0460ad3790 ] Request (MultipleCreateNegativeTestJSON:test_min_count_less_than_one): 201 POST http://10.180.1.21/identity/v3/auth/tokens 0.074s
2025-03-19 04:11:49.034 69746 INFO tempest.lib.common.fixed_network [-] (MultipleCreateNegativeTestJSON:test_min_count_less_than_one) Found network None available for tenant
2025-03-19 04:11:49.100 69716 INFO tempest.lib.common.rest_client [req-7a0ac8e8-887a-4e6d-9d88-14074b5113b6 req-7a0ac8e8-887a-4e6d-9d88-14074b5113b6 ] Request (InstanceUsageAuditLogTestJSON:tearDownClass): 200 GET http://10.180.1.21:9696/networking/v2.0/security-groups?tenant_id=1051901542cd4f96ba030507b662fd2e&name=default 0.654s
2025-03-19 04:11:49.107 69718 INFO tempest.lib.common.rest_client [req-c8cf6a25-112f-42fb-9185-29a1a707ecb6 req-c8cf6a25-112f-42fb-9185-29a1a707ecb6 ] Request (HypervisorAdminTestJSON:tearDownClass): 200 GET http://10.180.1.21:9696/networking/v2.0/security-groups?tenant_id=197ba53b1274451881131ed80a49582f&name=default 0.685s
2025-03-19 04:11:49.121 69728 INFO tempest.lib.common.rest_client [req-986072b3-841f-4a22-9034-3e891242112b req-986072b3-841f-4a22-9034-3e891242112b ] Request (ServersAdminTestJSON:setUpClass): 201 POST http://10.180.1.21/identity/v3/auth/tokens 0.107s
2025-03-19 04:11:49.138 69724 INFO tempest.lib.common.rest_client [req-8babbd5e-14ff-4d65-bce9-250eaca58426 req-8babbd5e-14ff-4d65-bce9-250eaca58426 ] Request (NetworksTest:tearDownClass): 200 GET http://10.180.1.21:9696/networking/v2.0/security-groups?tenant_id=273a031aae834a34b2c104e99ae2f77f&name=default 0.604s
2025-03-19 04:11:49.142 69710 INFO tempest.lib.common.rest_client [req-c4d242d0-3777-497d-aa61-61fd0551ad6b req-c4d242d0-3777-497d-aa61-61fd0551ad6b ] Request (QuotasAdminTestV236:tearDownClass): 204 DELETE http://10.180.1.21/identity/v3/users/356c5619502a4b6aa07cca5b28f9d616 0.137s
2025-03-19 04:11:49.142 69710 INFO tempest.lib.common.dynamic_creds [-] Deleting project and security group for project: d9b73e25bc784083b95442c729dd4f9f
2025-03-19 04:11:49.187 69728 INFO tempest.lib.common.rest_client [req-132bf72a-883c-4e72-b80a-eba0650b7b5a req-132bf72a-883c-4e72-b80a-eba0650b7b5a ] Request (ServersAdminTestJSON:setUpClass): 201 POST http://10.180.1.21/identity/v3/auth/tokens 0.061s
2025-03-19 04:11:49.187 69728 INFO tempest.lib.common.fixed_network [-] (ServersAdminTestJSON:setUpClass) Found network {'id': 'ebffccfa-c7ca-41bd-800d-4ab54c5df593', 'name': 'tempest-ServersAdminTestJSON-1923443109-network', 'tenant_id': 'bb2bf5694da14887a5ddfef0a166bf44', 'admin_state_up': True, 'mtu': 8950, 'status': 'ACTIVE', 'subnets': [], 'shared': False, 'project_id': 'bb2bf5694da14887a5ddfef0a166bf44', 'port_security_enabled': True, 'router:external': False, 'provider:network_type': 'vlan', 'provider:physical_network': 'default', 'provider:segmentation_id': 826, 'availability_zone_hints': [], 'availability_zones': [], 'ipv4_address_scope': None, 'ipv6_address_scope': None, 'description': '', 'tags': [], 'created_at': '2025-03-19T04:11:41Z', 'updated_at': '2025-03-19T04:11:41Z', 'revision_number': 1} available for tenant
2025-03-19 04:11:49.206 69704 INFO tempest.lib.common.rest_client [req-cc60d3d4-d1df-4bd4-b426-af2c77de10e5 req-cc60d3d4-d1df-4bd4-b426-af2c77de10e5 ] Request (SecurityGroupRulesTestJSON:test_security_group_rules_create_with_optional_group_id): 200 POST http://10.180.1.21/compute/v2.1/os-security-groups 1.964s
2025-03-19 04:11:49.212 69710 INFO tempest.lib.common.rest_client [req-1d902c51-8a90-40e1-b79a-88872a56ffc5 req-1d902c51-8a90-40e1-b79a-88872a56ffc5 ] Request (QuotasAdminTestV236:tearDownClass): 201 POST http://10.180.1.21/identity/v3/auth/tokens 0.069s
2025-03-19 04:11:49.242 69726 INFO tempest.lib.common.rest_client [req-94bcede8-f66f-4a84-a683-5a090a31c650 req-94bcede8-f66f-4a84-a683-5a090a31c650 ] Request (FloatingIPsAssociationNegativeTestJSON:setUpClass): 200 GET http://10.180.1.21/compute/v2.1/servers/057c5ad1-94e2-4c5d-9d3e-032bc4248979 1.629s
2025-03-19 04:11:49.250 69726 INFO tempest.common.waiters [-] State transition "BUILD/None" ==> "BUILD/networking" after 3 second wait
2025-03-19 04:11:49.292 69698 INFO tempest.lib.common.rest_client [req-88cc07b3-b18b-467f-8539-e5accf5dec44 req-88cc07b3-b18b-467f-8539-e5accf5dec44 ] Request (ImagesOneServerNegativeTestJSON:setUpClass): 200 GET http://10.180.1.21/compute/v2.1/servers/cfb7f6b2-f8f5-4736-90ff-d46e4722bdd2 1.526s
2025-03-19 04:11:49.327 69730 INFO tempest.lib.common.rest_client [req-102e565b-bd96-4661-ba63-2079deb4f8b9 req-102e565b-bd96-4661-ba63-2079deb4f8b9 ] Request (FlavorsAccessTestJSON:test_flavor_access_add_remove): 200 GET http://10.180.1.21/compute/v2.1/flavors/detail 1.183s
2025-03-19 04:11:49.334 69750 INFO tempest.lib.common.rest_client [req-30659308-42e5-46a6-88a6-0a3c8bc615ce req-30659308-42e5-46a6-88a6-0a3c8bc615ce ] Request (ImagesNegativeTestJSON:test_create_image_from_deleted_server): 200 GET http://10.180.1.21/compute/v2.1/servers/cc255889-3de9-4a77-9e45-9801d250e203 1.374s
2025-03-19 04:11:49.343 69696 INFO tempest.lib.common.rest_client [req-e9a9ab67-0472-4b35-b064-6250aee3d017 req-e9a9ab67-0472-4b35-b064-6250aee3d017 ] Request (FlavorsExtraSpecsTestJSON:test_flavor_set_get_update_show_unset_keys): 200 GET http://10.180.1.21/compute/v2.1/flavors/470137729/os-extra_specs 1.056s
2025-03-19 04:11:49.364 69706 INFO tempest.lib.common.rest_client [req-7ff7d227-ab99-47c3-aa82-166fc07b9dc1 req-7ff7d227-ab99-47c3-aa82-166fc07b9dc1 ] Request (ServicesAdminTestJSON:test_get_service_by_service_binary_name): 200 GET http://10.180.1.21/compute/v2.1/os-services?binary=nova-compute 1.040s
2025-03-19 04:11:49.395 69722 INFO tempest.lib.common.rest_client [req-206d0d86-1fc9-454f-912d-8d74209150ea req-206d0d86-1fc9-454f-912d-8d74209150ea ] Request (HypervisorAdminV253TestBase:tearDownClass): 204 DELETE http://10.180.1.21:9696/networking/v2.0/security-groups/58cf69bb-2c4d-45a5-ad3b-5e514b425adf 0.456s
2025-03-19 04:11:49.436 69742 INFO tempest.lib.common.rest_client [req-13e5030d-5132-418d-b29e-2c10119153cf req-13e5030d-5132-418d-b29e-2c10119153cf ] Request (TenantUsagesNegativeTestJSON:test_list_usage_all_tenants_with_non_admin_user): 403 GET http://10.180.1.21/compute/v2.1/os-simple-tenant-usage?start=2025-03-18T04%3A11%3A43.575697&end=2025-03-20T04%3A11%3A43.575697&detailed=1 1.135s
2025-03-19 04:11:49.463 69738 INFO tempest.lib.common.rest_client [req-97f83059-49ef-4f04-86d3-290668a492ca req-97f83059-49ef-4f04-86d3-290668a492ca ] Request (FloatingIPDetailsNegativeTestJSON:tearDownClass): 204 DELETE http://10.180.1.21:9696/networking/v2.0/networks/550aef2e-8344-4399-88c2-d0244ba09db2 0.663s
2025-03-19 04:11:49.469 69748 INFO tempest.lib.common.rest_client [req-7d387fc4-fde2-43e9-8b43-ecbabff51078 req-7d387fc4-fde2-43e9-8b43-ecbabff51078 ] Request (FlavorMetadataValidation:tearDownClass): 204 DELETE http://10.180.1.21:9696/networking/v2.0/security-groups/0253191e-51e4-4f14-bd9b-655477300be2 0.466s
2025-03-19 04:11:49.471 69692 INFO tempest.lib.common.rest_client [req-04b6dce9-7ede-47aa-bea3-67cf984ded70 req-04b6dce9-7ede-47aa-bea3-67cf984ded70 ] Request (ServerDiskConfigTestJSON:setUpClass): 201 POST http://10.180.1.21:9696/networking/v2.0/networks 1.181s
2025-03-19 04:11:49.478 69690 INFO tempest.lib.common.rest_client [req-da930536-3dd3-4597-8c24-39d0396a2c9d req-da930536-3dd3-4597-8c24-39d0396a2c9d ] Request (AggregatesAdminNegativeTestJSON:_run_cleanups): 200 DELETE http://10.180.1.21/compute/v2.1/os-aggregates/1 1.033s
2025-03-19 04:11:49.482 69736 INFO tempest.lib.common.rest_client [req-1b532d66-9714-4b2d-9ad0-c983ae556217 req-1b532d66-9714-4b2d-9ad0-c983ae556217 ] Request (FlavorsExtraSpecsNegativeTestJSON:test_flavor_non_admin_unset_keys): 403 DELETE http://10.180.1.21/compute/v2.1/flavors/298265761/os-extra_specs/hw:numa_nodes 0.986s
2025-03-19 04:11:49.484 69722 INFO tempest.lib.common.rest_client [req-89ccf5a4-f73a-4c2b-845f-13f93f9f3479 req-89ccf5a4-f73a-4c2b-845f-13f93f9f3479 ] Request (HypervisorAdminV253TestBase:tearDownClass): 204 DELETE http://10.180.1.21/identity/v3/projects/5729f164c287404f9fbf4b3856ec1009 0.088s
2025-03-19 04:11:49.484 69722 INFO tempest.lib.common.dynamic_creds [-] Deleting project and security group for project: 40f42fd9f1564ff69368a4bf0b336193
2025-03-19 04:11:49.550 69724 INFO tempest.lib.common.rest_client [req-153d6962-7cd7-453e-85bd-8dac9e052345 req-153d6962-7cd7-453e-85bd-8dac9e052345 ] Request (NetworksTest:tearDownClass): 204 DELETE http://10.180.1.21:9696/networking/v2.0/security-groups/de9dd679-a7fd-41fb-ad97-eeba7035975a 0.411s
2025-03-19 04:11:49.569 69718 INFO tempest.lib.common.rest_client [req-a5e6a199-96ce-44b0-971e-9fc830f8a998 req-a5e6a199-96ce-44b0-971e-9fc830f8a998 ] Request (HypervisorAdminTestJSON:tearDownClass): 204 DELETE http://10.180.1.21:9696/networking/v2.0/security-groups/7feae28f-ab12-42aa-a976-3c9b5ad89483 0.460s
2025-03-19 04:11:49.581 69720 INFO tempest.lib.common.rest_client [req-92eab556-f2c8-4b37-981b-c3d7376f620a req-92eab556-f2c8-4b37-981b-c3d7376f620a ] Request (DeleteServersAdminTestJSON:test_admin_delete_servers_of_others): 200 GET http://10.180.1.21/compute/v2.1/servers/162b8b0c-9f6c-4acd-bf2f-b053f487ccd8 1.155s
2025-03-19 04:11:49.585 69716 INFO tempest.lib.common.rest_client [req-6a616796-5a14-499a-afde-a6febc1a5467 req-6a616796-5a14-499a-afde-a6febc1a5467 ] Request (InstanceUsageAuditLogTestJSON:tearDownClass): 204 DELETE http://10.180.1.21:9696/networking/v2.0/security-groups/970e213b-c26c-480b-a5b5-6163645dc364 0.484s
2025-03-19 04:11:49.591 69720 INFO tempest.common.waiters [-] State transition "BUILD/block_device_mapping" ==> "BUILD/spawning" after 5 second wait
2025-03-19 04:11:49.597 69742 INFO tempest.lib.common.rest_client [req-20be2864-1dc4-4e3f-b68d-929c384468b0 req-20be2864-1dc4-4e3f-b68d-929c384468b0 ] Request (TenantUsagesNegativeTestJSON:tearDownClass): 204 DELETE http://10.180.1.21/identity/v3/users/50f3a630fd0343e0885b3d3bebd8913f 0.159s
2025-03-19 04:11:49.611 69714 INFO tempest.lib.common.rest_client [req-2156362a-c36b-4df2-87d6-ec8d9b2eaf08 req-2156362a-c36b-4df2-87d6-ec8d9b2eaf08 ] Request (ServersWithSpecificFlavorTestJSON:test_verify_created_server_ephemeral_disk): 200 POST http://10.180.1.21/compute/v2.1/flavors/1555961403/os-extra_specs 0.919s
2025-03-19 04:11:49.633 69710 INFO tempest.lib.common.rest_client [req-3d6e4d36-ccc6-4f0a-b892-459b35fc7219 req-3d6e4d36-ccc6-4f0a-b892-459b35fc7219 ] Request (QuotasAdminTestV236:tearDownClass): 200 GET http://10.180.1.21:9696/networking/v2.0/security-groups?tenant_id=d9b73e25bc784083b95442c729dd4f9f&name=default 0.420s
2025-03-19 04:11:49.657 69738 INFO tempest.lib.common.rest_client [req-e840ea85-3c80-4e67-8582-9f0f0c89cb86 req-e840ea85-3c80-4e67-8582-9f0f0c89cb86 ] Request (FloatingIPDetailsNegativeTestJSON:tearDownClass): 204 DELETE http://10.180.1.21/identity/v3/users/1ca9452fbb8b41a39688b5f7da1ae421 0.194s
2025-03-19 04:11:49.658 69738 INFO tempest.lib.common.dynamic_creds [-] Deleting project and security group for project: 2ccc73718fdb41b1b20e2aa8c5e36ad2
2025-03-19 04:11:49.711 69748 INFO tempest.lib.common.rest_client [req-ccfb916f-3052-4779-9b75-335b89a7e736 req-ccfb916f-3052-4779-9b75-335b89a7e736 ] Request (FlavorMetadataValidation:tearDownClass): 204 DELETE http://10.180.1.21/identity/v3/projects/9c6301285ce843faba2a273e0f502f71 0.242s
2025-03-19 04:11:49.713 69748 INFO tempest.lib.common.dynamic_creds [-] Deleting project and security group for project: e5b3dbd167e245b98a4189054d4cbfe3
2025-03-19 04:11:49.737 69738 INFO tempest.lib.common.rest_client [req-261a7c2a-b3af-4c83-a6ba-5c668cb2b79e req-261a7c2a-b3af-4c83-a6ba-5c668cb2b79e ] Request (FloatingIPDetailsNegativeTestJSON:tearDownClass): 200 GET http://10.180.1.21:9696/networking/v2.0/security-groups?tenant_id=2ccc73718fdb41b1b20e2aa8c5e36ad2&name=default 0.079s
2025-03-19 04:11:49.811 69724 INFO tempest.lib.common.rest_client [req-7f4bc292-d7b3-4770-8d50-932f003d1661 req-7f4bc292-d7b3-4770-8d50-932f003d1661 ] Request (NetworksTest:tearDownClass): 204 DELETE http://10.180.1.21/identity/v3/projects/273a031aae834a34b2c104e99ae2f77f 0.261s
2025-03-19 04:11:49.812 69724 INFO tempest.lib.common.dynamic_creds [-] Deleting project and security group for project: 23aaeefd562346958b0ddecdf76e529e
2025-03-19 04:11:49.817 69722 INFO tempest.lib.common.rest_client [req-c07e5fcc-c4fb-45ab-a707-6d18972d0963 req-c07e5fcc-c4fb-45ab-a707-6d18972d0963 ] Request (HypervisorAdminV253TestBase:tearDownClass): 200 GET http://10.180.1.21:9696/networking/v2.0/security-groups?tenant_id=40f42fd9f1564ff69368a4bf0b336193&name=default 0.333s
2025-03-19 04:11:49.832 69740 INFO tempest.lib.common.rest_client [req-2afb36f9-a3f9-4714-a83e-9eda0b3bbad1 req-2afb36f9-a3f9-4714-a83e-9eda0b3bbad1 ] Request (KeyPairsV210TestJSON:test_admin_manage_keypairs_for_other_users): 201 POST http://10.180.1.21/compute/v2.1/os-keypairs 1.278s
2025-03-19 04:11:49.907 69718 INFO tempest.lib.common.rest_client [req-6cd32a90-4bbe-4b34-9acc-543d0381f9a3 req-6cd32a90-4bbe-4b34-9acc-543d0381f9a3 ] Request (HypervisorAdminTestJSON:tearDownClass): 204 DELETE http://10.180.1.21/identity/v3/projects/197ba53b1274451881131ed80a49582f 0.337s
2025-03-19 04:11:49.907 69718 INFO tempest.lib.common.dynamic_creds [-] Deleting project and security group for project: 43eeb9bdecc446cf9a80471824a4c264
2025-03-19 04:11:49.908 69710 INFO tempest.lib.common.rest_client [req-2cc695b2-af88-4585-9a69-0e12855d6824 req-2cc695b2-af88-4585-9a69-0e12855d6824 ] Request (QuotasAdminTestV236:tearDownClass): 204 DELETE http://10.180.1.21:9696/networking/v2.0/security-groups/b6e35734-6275-40c9-8fbc-bd6ba9f01194 0.275s
2025-03-19 04:11:49.912 69716 INFO tempest.lib.common.rest_client [req-8bcb61c8-be5a-4df5-8359-1f6f50a38fe6 req-8bcb61c8-be5a-4df5-8359-1f6f50a38fe6 ] Request (InstanceUsageAuditLogTestJSON:tearDownClass): 204 DELETE http://10.180.1.21/identity/v3/projects/1051901542cd4f96ba030507b662fd2e 0.327s
2025-03-19 04:11:49.913 69716 INFO tempest.lib.common.dynamic_creds [-] Deleting project and security group for project: 261932e15ef44216a696189da438126a
2025-03-19 04:11:50.011 69708 INFO tempest.lib.common.rest_client [req-4026dda4-78e5-4d91-a349-07546c5e0f71 req-4026dda4-78e5-4d91-a349-07546c5e0f71 ] Request (QuotaClassesAdminTestJSON:test_update_default_quotas): 200 GET http://10.180.1.21/compute/v2.1/os-quota-class-sets/default 1.153s
2025-03-19 04:11:50.049 69744 INFO tempest.lib.common.rest_client [req-0f58a70b-ccaf-4fe0-b639-fd79a1b8c344 req-0f58a70b-ccaf-4fe0-b639-fd79a1b8c344 ] Request (FlavorsAdminTestJSON:test_create_flavor_verify_entry_in_list_details): 200 GET http://10.180.1.21/compute/v2.1/flavors/detail 1.092s
2025-03-19 04:11:50.052 69746 INFO tempest.lib.common.rest_client [req-2568523e-3d45-493f-a585-4ef7ca7c875b req-2568523e-3d45-493f-a585-4ef7ca7c875b ] Request (MultipleCreateNegativeTestJSON:test_min_count_less_than_one): 400 POST http://10.180.1.21/compute/v2.1/servers 1.017s
2025-03-19 04:11:50.066 69742 INFO tempest.lib.common.rest_client [req-bab565cb-6706-43bf-9a5a-d9529b8fb247 req-bab565cb-6706-43bf-9a5a-d9529b8fb247 ] Request (TenantUsagesNegativeTestJSON:tearDownClass): 204 DELETE http://10.180.1.21/identity/v3/users/f499eb560c7443e2a0f88b2b2cd6196b 0.468s
2025-03-19 04:11:50.066 69742 INFO tempest.lib.common.dynamic_creds [-] Deleting project and security group for project: c6f36e0473724348838179ff6d0fdfc9
2025-03-19 04:11:50.070 69710 INFO tempest.lib.common.rest_client [req-152cc356-538c-49e2-ad99-7017f0091021 req-152cc356-538c-49e2-ad99-7017f0091021 ] Request (QuotasAdminTestV236:tearDownClass): 204 DELETE http://10.180.1.21/identity/v3/projects/d9b73e25bc784083b95442c729dd4f9f 0.161s
2025-03-19 04:11:50.071 69710 INFO tempest.lib.common.dynamic_creds [-] Deleting project and security group for project: a591dc37396a4caa823db2447bcb92be
2025-03-19 04:11:50.097 69738 INFO tempest.lib.common.rest_client [req-87b34eed-c8e1-429e-928b-edd15ecab4ad req-87b34eed-c8e1-429e-928b-edd15ecab4ad ] Request (FloatingIPDetailsNegativeTestJSON:tearDownClass): 204 DELETE http://10.180.1.21:9696/networking/v2.0/security-groups/f0d08c60-aa48-4082-9bc2-00c23469cc0b 0.360s
2025-03-19 04:11:50.141 69746 INFO tempest.lib.common.rest_client [req-e6cb2344-614b-43d3-acca-730f1573b0cc req-e6cb2344-614b-43d3-acca-730f1573b0cc ] Request (MultipleCreateNegativeTestJSON:test_min_count_non_integer): 201 POST http://10.180.1.21/identity/v3/auth/tokens 0.084s
2025-03-19 04:11:50.141 69746 INFO tempest.lib.common.fixed_network [-] (MultipleCreateNegativeTestJSON:test_min_count_non_integer) Found network None available for tenant
2025-03-19 04:11:50.176 69692 INFO tempest.lib.common.rest_client [req-3613ac49-1c1a-4530-abdd-fec9f0c5dae7 req-3613ac49-1c1a-4530-abdd-fec9f0c5dae7 ] Request (ServerDiskConfigTestJSON:setUpClass): 201 POST http://10.180.1.21:9696/networking/v2.0/subnets 0.703s
2025-03-19 04:11:50.186 69748 INFO tempest.lib.common.rest_client [req-40ce53a6-eed3-46be-9377-0360b0448786 req-40ce53a6-eed3-46be-9377-0360b0448786 ] Request (FlavorMetadataValidation:tearDownClass): 200 GET http://10.180.1.21:9696/networking/v2.0/security-groups?tenant_id=e5b3dbd167e245b98a4189054d4cbfe3&name=default 0.473s
2025-03-19 04:11:50.201 69742 INFO tempest.lib.common.rest_client [req-0d99f2c1-1bec-45f4-ad3b-832a7a428735 req-0d99f2c1-1bec-45f4-ad3b-832a7a428735 ] Request (TenantUsagesNegativeTestJSON:tearDownClass): 201 POST http://10.180.1.21/identity/v3/auth/tokens 0.135s
2025-03-19 04:11:50.261 69694 INFO tempest.lib.common.rest_client [req-8bd856ce-653d-4b6a-a919-4cb1ee60c7b0 req-8bd856ce-653d-4b6a-a919-4cb1ee60c7b0 ] Request (AttachInterfacesUnderV243Test:setUpClass): 201 POST http://10.180.1.21:9696/networking/v2.0/routers 2.783s
2025-03-19 04:11:50.278 69722 INFO tempest.lib.common.rest_client [req-7612b8bb-17cd-4ac7-9246-c5a4562499c2 req-7612b8bb-17cd-4ac7-9246-c5a4562499c2 ] Request (HypervisorAdminV253TestBase:tearDownClass): 204 DELETE http://10.180.1.21:9696/networking/v2.0/security-groups/5412e886-122f-4da1-b479-8132735b4bfe 0.461s
2025-03-19 04:11:50.282 69738 INFO tempest.lib.common.rest_client [req-359db0e5-daf3-4e49-91c7-208c6edb3360 req-359db0e5-daf3-4e49-91c7-208c6edb3360 ] Request (FloatingIPDetailsNegativeTestJSON:tearDownClass): 204 DELETE http://10.180.1.21/identity/v3/projects/2ccc73718fdb41b1b20e2aa8c5e36ad2 0.184s
2025-03-19 04:11:50.289 69724 INFO tempest.lib.common.rest_client [req-495f312d-6554-4ddc-8181-4cd4faeb95ff req-495f312d-6554-4ddc-8181-4cd4faeb95ff ] Request (NetworksTest:tearDownClass): 200 GET http://10.180.1.21:9696/networking/v2.0/security-groups?tenant_id=23aaeefd562346958b0ddecdf76e529e&name=default 0.477s
2025-03-19 04:11:50.393 69738 INFO tempest.lib.common.rest_client [req-68e02aff-17eb-4430-842d-2bdf708f14f2 req-68e02aff-17eb-4430-842d-2bdf708f14f2 ] Request (ServerGroupTestJSON:setUpClass): 201 POST http://10.180.1.21/identity/v3/auth/tokens 0.107s
2025-03-19 04:11:50.433 69718 INFO tempest.lib.common.rest_client [req-d46d59fd-4c77-483c-89d0-991a9b5d7f6b req-d46d59fd-4c77-483c-89d0-991a9b5d7f6b ] Request (HypervisorAdminTestJSON:tearDownClass): 200 GET http://10.180.1.21:9696/networking/v2.0/security-groups?tenant_id=43eeb9bdecc446cf9a80471824a4c264&name=default 0.524s
2025-03-19 04:11:50.435 69722 INFO tempest.lib.common.rest_client [req-cf28e0f3-969f-4478-8c83-a5069fba80e3 req-cf28e0f3-969f-4478-8c83-a5069fba80e3 ] Request (HypervisorAdminV253TestBase:tearDownClass): 204 DELETE http://10.180.1.21/identity/v3/projects/40f42fd9f1564ff69368a4bf0b336193 0.156s
2025-03-19 04:11:50.465 69738 INFO tempest.lib.common.rest_client [req-c4eff9e6-fa7f-4751-a91d-ee907d410110 req-c4eff9e6-fa7f-4751-a91d-ee907d410110 ] Request (ServerGroupTestJSON:setUpClass): 201 POST http://10.180.1.21/identity/v3/auth/tokens 0.069s
2025-03-19 04:11:50.501 69738 INFO tempest.lib.common.rest_client [req-fb48886e-4e3d-4157-bbf9-1f63cb2717c1 req-fb48886e-4e3d-4157-bbf9-1f63cb2717c1 ] Request (ServerGroupTestJSON:setUpClass): 200 GET http://10.180.1.21/identity/v3/domains?name=Default 0.036s
2025-03-19 04:11:50.501 69722 INFO tempest.lib.common.rest_client [req-fda7ea7c-78d4-45bd-8fca-df591570a824 req-fda7ea7c-78d4-45bd-8fca-df591570a824 ] Request (InstanceUsageAuditLogNegativeTestJSON:setUpClass): 201 POST http://10.180.1.21/identity/v3/auth/tokens 0.064s
2025-03-19 04:11:50.538 69738 INFO tempest.lib.common.rest_client [req-22d2061a-2bc3-4538-a63c-dd68d2d51334 req-22d2061a-2bc3-4538-a63c-dd68d2d51334 ] Request (ServerGroupTestJSON:setUpClass): 201 POST http://10.180.1.21/identity/v3/projects 0.036s
2025-03-19 04:11:50.558 69716 INFO tempest.lib.common.rest_client [req-a9bf787f-ae53-4dd3-9c65-0307edb093ed req-a9bf787f-ae53-4dd3-9c65-0307edb093ed ] Request (InstanceUsageAuditLogTestJSON:tearDownClass): 200 GET http://10.180.1.21:9696/networking/v2.0/security-groups?tenant_id=261932e15ef44216a696189da438126a&name=default 0.644s
2025-03-19 04:11:50.591 69722 INFO tempest.lib.common.rest_client [req-c690a2ef-22d7-444c-81b2-93aada284460 req-c690a2ef-22d7-444c-81b2-93aada284460 ] Request (InstanceUsageAuditLogNegativeTestJSON:setUpClass): 201 POST http://10.180.1.21/identity/v3/auth/tokens 0.088s
2025-03-19 04:11:50.616 69738 INFO tempest.lib.common.rest_client [req-ca31d38f-d8bf-4335-bb8c-3bf269fe442d req-ca31d38f-d8bf-4335-bb8c-3bf269fe442d ] Request (ServerGroupTestJSON:setUpClass): 201 POST http://10.180.1.21/identity/v3/users 0.077s
2025-03-19 04:11:50.649 69738 INFO tempest.lib.common.rest_client [req-7bf9878e-7650-427d-9085-1d3909cf62ac req-7bf9878e-7650-427d-9085-1d3909cf62ac ] Request (ServerGroupTestJSON:setUpClass): 200 GET http://10.180.1.21/identity/v3/roles 0.032s
2025-03-19 04:11:50.658 69722 INFO tempest.lib.common.rest_client [req-2c61e8ab-13ea-441d-acd0-72801c229c3f req-2c61e8ab-13ea-441d-acd0-72801c229c3f ] Request (InstanceUsageAuditLogNegativeTestJSON:setUpClass): 200 GET http://10.180.1.21/identity/v3/domains?name=Default 0.066s
2025-03-19 04:11:50.696 69722 INFO tempest.lib.common.rest_client [req-e2a45aaf-9373-4b6e-bfe6-f1cf13e18d9e req-e2a45aaf-9373-4b6e-bfe6-f1cf13e18d9e ] Request (InstanceUsageAuditLogNegativeTestJSON:setUpClass): 201 POST http://10.180.1.21/identity/v3/projects 0.037s
2025-03-19 04:11:50.697 69710 INFO tempest.lib.common.rest_client [req-37ea8cb0-2d92-474a-9810-86298413a3b6 req-37ea8cb0-2d92-474a-9810-86298413a3b6 ] Request (QuotasAdminTestV236:tearDownClass): 200 GET http://10.180.1.21:9696/networking/v2.0/security-groups?tenant_id=a591dc37396a4caa823db2447bcb92be&name=default 0.626s
2025-03-19 04:11:50.698 69738 INFO tempest.lib.common.rest_client [req-d1aff959-b2b1-497e-b2dc-e9dc26a016e6 req-d1aff959-b2b1-497e-b2dc-e9dc26a016e6 ] Request (ServerGroupTestJSON:setUpClass): 204 PUT http://10.180.1.21/identity/v3/projects/e0b9635ca8004f5a8c66cb7737748920/users/1c9b33cd4e194c81a13a946ecb63da97/roles/1a6e4e45742b45c3aa52913d35bdfa95 0.049s
2025-03-19 04:11:50.699 69738 INFO tempest.lib.common.dynamic_creds [-] Dynamic test user 1c9b33cd4e194c81a13a946ecb63da97 is created with scope project and roles: ['member']
2025-03-19 04:11:50.700 69738 INFO tempest.lib.common.dynamic_creds [-] Acquired dynamic creds: credentials: Credentials: {'domain_id': 'default', 'domain_name': 'Default', 'username': 'tempest-ServerGroupTestJSON-801667231-project-member', 'project_domain_id': 'default', 'project_domain_name': 'Default', 'project_id': 'e0b9635ca8004f5a8c66cb7737748920', 'project_name': 'tempest-ServerGroupTestJSON-801667231', 'tenant_id': 'e0b9635ca8004f5a8c66cb7737748920', 'tenant_name': 'tempest-ServerGroupTestJSON-801667231', 'user_domain_id': 'default', 'user_domain_name': 'Default', 'user_id': '1c9b33cd4e194c81a13a946ecb63da97', 'system': None}, Network: None, Subnet: None, Router: None
2025-03-19 04:11:50.745 69724 INFO tempest.lib.common.rest_client [req-c5831861-9874-4dc8-9b65-10d68b5b2402 req-c5831861-9874-4dc8-9b65-10d68b5b2402 ] Request (NetworksTest:tearDownClass): 204 DELETE http://10.180.1.21:9696/networking/v2.0/security-groups/94e8b1d2-5fcd-4422-b948-b7eab3ad0bca 0.456s
2025-03-19 04:11:50.786 69738 INFO tempest.lib.common.rest_client [req-8e070eb9-0a08-482c-b64d-520eac374688 req-8e070eb9-0a08-482c-b64d-520eac374688 ] Request (ServerGroupTestJSON:setUpClass): 201 POST http://10.180.1.21/identity/v3/auth/tokens 0.086s
2025-03-19 04:11:50.794 69748 INFO tempest.lib.common.rest_client [req-79945706-d963-499f-9b32-7d556cf87d36 req-79945706-d963-499f-9b32-7d556cf87d36 ] Request (FlavorMetadataValidation:tearDownClass): 204 DELETE http://10.180.1.21:9696/networking/v2.0/security-groups/cfaa4d88-3b58-4a35-b9a5-1c0352196a33 0.607s
2025-03-19 04:11:50.808 69722 INFO tempest.lib.common.rest_client [req-cf573222-225a-40c3-a5fc-9f8298044b4a req-cf573222-225a-40c3-a5fc-9f8298044b4a ] Request (InstanceUsageAuditLogNegativeTestJSON:setUpClass): 201 POST http://10.180.1.21/identity/v3/users 0.112s
2025-03-19 04:11:50.868 69724 INFO tempest.lib.common.rest_client [req-8ef387c7-1f63-4bab-a67b-dc623825e76d req-8ef387c7-1f63-4bab-a67b-dc623825e76d ] Request (NetworksTest:tearDownClass): 204 DELETE http://10.180.1.21/identity/v3/projects/23aaeefd562346958b0ddecdf76e529e 0.122s
2025-03-19 04:11:50.873 69748 INFO tempest.lib.common.rest_client [req-971d6951-05c5-4e15-a9a7-b445f84dd721 req-971d6951-05c5-4e15-a9a7-b445f84dd721 ] Request (FlavorMetadataValidation:tearDownClass): 204 DELETE http://10.180.1.21/identity/v3/projects/e5b3dbd167e245b98a4189054d4cbfe3 0.075s
2025-03-19 04:11:50.962 69722 INFO tempest.lib.common.rest_client [req-c05155d6-958a-45fc-a0b8-db2403c0fddb req-c05155d6-958a-45fc-a0b8-db2403c0fddb ] Request (InstanceUsageAuditLogNegativeTestJSON:setUpClass): 200 GET http://10.180.1.21/identity/v3/roles 0.153s
2025-03-19 04:11:50.983 69724 INFO tempest.lib.common.rest_client [req-af719a9f-48e5-43eb-9d9a-bd1234863f29 req-af719a9f-48e5-43eb-9d9a-bd1234863f29 ] Request (AbsoluteLimitsNegativeTestJSON:setUpClass): 201 POST http://10.180.1.21/identity/v3/auth/tokens 0.112s
2025-03-19 04:11:50.988 69748 INFO tempest.lib.common.rest_client [req-d3c5a13b-754c-4370-a0ed-9c0c39dadb83 req-d3c5a13b-754c-4370-a0ed-9c0c39dadb83 ] Request (ServersTestMultiNic:setUpClass): 201 POST http://10.180.1.21/identity/v3/auth/tokens 0.112s
2025-03-19 04:11:51.015 69724 INFO tempest.lib.common.rest_client [req-f83440ba-2cf2-4ed6-8dec-a5cff3bfb278 req-f83440ba-2cf2-4ed6-8dec-a5cff3bfb278 ] Request (AbsoluteLimitsNegativeTestJSON:setUpClass): 201 POST http://10.180.1.21/identity/v3/auth/tokens 0.030s
2025-03-19 04:11:51.040 69722 INFO tempest.lib.common.rest_client [req-bc6bbe6e-721d-4888-8533-9a3fd563b4cf req-bc6bbe6e-721d-4888-8533-9a3fd563b4cf ] Request (InstanceUsageAuditLogNegativeTestJSON:setUpClass): 204 PUT http://10.180.1.21/identity/v3/projects/1efef809c0cd4dda81301099b4e139b5/users/74c409fcb1f64ce6aae63896aacf5b1b/roles/1a6e4e45742b45c3aa52913d35bdfa95 0.077s
2025-03-19 04:11:51.040 69722 INFO tempest.lib.common.dynamic_creds [-] Dynamic test user 74c409fcb1f64ce6aae63896aacf5b1b is created with scope project and roles: ['member']
