2025-03-19 16:03:07.543 69209 INFO tempest.lib.common.fixed_network [-] (ImagesTestJSON:test_create_image_from_suspended_server) Found network {'id': '4b7c7b81-2b8d-430e-8b28-66c2135b7d3f', 'name': 'tempest-ImagesTestJSON-958671692-network', 'tenant_id': 'fde025fc382b482b930cbe3dd25c8689', 'admin_state_up': True, 'mtu': 8950, 'status': 'ACTIVE', 'subnets': [], 'shared': False, 'project_id': 'fde025fc382b482b930cbe3dd25c8689', 'port_security_enabled': True, 'router:external': False, 'provider:network_type': 'vlan', 'provider:physical_network': 'default', 'provider:segmentation_id': 547, 'availability_zone_hints': [], 'availability_zones': [], 'ipv4_address_scope': None, 'ipv6_address_scope': None, 'description': '', 'tags': [], 'created_at': '2025-03-19T16:02:11Z', 'updated_at': '2025-03-19T16:02:11Z', 'revision_number': 1} available for tenant
2025-03-19 16:03:07.553 69195 INFO tempest.lib.common.rest_client [req-a88f8a11-78ba-4ae5-8d60-18dfa83a30ff req-a88f8a11-78ba-4ae5-8d60-18dfa83a30ff ] Request (ServerDiagnosticsTest:tearDownClass): 200 GET http://10.180.1.21/compute/v2.1/servers/4b9f7eb7-b2e3-4a90-9cc9-0f8dc1b7b47c 0.713s
2025-03-19 16:03:07.611 69225 INFO tempest.lib.common.rest_client [req-23cf2172-e0ab-47ca-9486-8458946ec0cb req-23cf2172-e0ab-47ca-9486-8458946ec0cb ] Request (ServerDiagnosticsV248Test:test_get_server_diagnostics): 200 GET http://10.180.1.21/compute/v2.1/servers/c9261fcc-7aa8-4afb-aa30-57df0ef71a44 0.527s
2025-03-19 16:03:07.640 69239 INFO tempest.lib.common.rest_client [req-29769953-9e62-4d50-8fe0-fcf8d4459dc9 req-29769953-9e62-4d50-8fe0-fcf8d4459dc9 ] Request (FloatingIPDetailsTestJSON:tearDownClass): 204 DELETE http://10.180.1.21/identity/v3/projects/1840a587dade4b20a8f866e5e38a1247 0.152s
2025-03-19 16:03:07.644 69249 INFO tempest.lib.common.rest_client [req-05c0fa1b-4437-480f-927d-cbb4de2e65d9 req-05c0fa1b-4437-480f-927d-cbb4de2e65d9 ] Request (ServersWithSpecificFlavorTestJSON:test_verify_created_server_ephemeral_disk): 200 GET http://10.180.1.21/compute/v2.1/servers/575d83bb-f897-4ec9-aae4-8948b0abe512/os-interface 0.754s
2025-03-19 16:03:07.673 69239 INFO tempest.lib.common.rest_client [req-9e112c70-bd2a-4a7d-8016-7b319e08a5cd req-9e112c70-bd2a-4a7d-8016-7b319e08a5cd ] Request (KeyPairsV22TestJSON:setUpClass): 201 POST http://10.180.1.21/identity/v3/auth/tokens 0.031s
2025-03-19 16:03:07.681 69203 INFO tempest.lib.common.rest_client [req-0a9ba6e9-2d4e-4833-a640-01212f0388d6 req-0a9ba6e9-2d4e-4833-a640-01212f0388d6 ] Request (ServicesAdminNegativeV253TestJSON:setUpClass): 201 POST http://10.180.1.21/identity/v3/users 0.193s
2025-03-19 16:03:07.711 69239 INFO tempest.lib.common.rest_client [req-93a17e7e-de5b-4d76-a9a4-e8c72b733585 req-93a17e7e-de5b-4d76-a9a4-e8c72b733585 ] Request (KeyPairsV22TestJSON:setUpClass): 201 POST http://10.180.1.21/identity/v3/auth/tokens 0.036s
2025-03-19 16:03:07.716 69203 INFO tempest.lib.common.rest_client [req-a51372e4-86d0-4127-99c2-4f39a50ebe38 req-a51372e4-86d0-4127-99c2-4f39a50ebe38 ] Request (ServicesAdminNegativeV253TestJSON:setUpClass): 200 GET http://10.180.1.21/identity/v3/roles 0.034s
2025-03-19 16:03:07.745 69239 INFO tempest.lib.common.rest_client [req-e67cc9e0-af84-4cc4-a35a-84d0c3c0c2da req-e67cc9e0-af84-4cc4-a35a-84d0c3c0c2da ] Request (KeyPairsV22TestJSON:setUpClass): 200 GET http://10.180.1.21/identity/v3/domains?name=Default 0.033s
2025-03-19 16:03:07.761 69203 INFO tempest.lib.common.rest_client [req-b8351596-cd11-452e-8e25-0b848ea2a7fa req-b8351596-cd11-452e-8e25-0b848ea2a7fa ] Request (ServicesAdminNegativeV253TestJSON:setUpClass): 204 PUT http://10.180.1.21/identity/v3/projects/51a55d65441c4fae9376a6b96837ec0a/users/8af845b88a9645a1b320ddc69d6f2307/roles/9cb912bec6da40e4849c469bc918dda7 0.045s
2025-03-19 16:03:07.762 69203 INFO tempest.lib.common.dynamic_creds [-] Dynamic test user 8af845b88a9645a1b320ddc69d6f2307 is created with scope project and roles: ['member']
2025-03-19 16:03:07.762 69203 INFO tempest.lib.common.dynamic_creds [-] Acquired dynamic creds: credentials: Credentials: {'domain_id': 'default', 'domain_name': 'Default', 'username': 'tempest-ServicesAdminNegativeV253TestJSON-80187425-project-member', 'project_domain_id': 'default', 'project_domain_name': 'Default', 'project_id': '51a55d65441c4fae9376a6b96837ec0a', 'project_name': 'tempest-ServicesAdminNegativeV253TestJSON-80187425', 'tenant_id': '51a55d65441c4fae9376a6b96837ec0a', 'tenant_name': 'tempest-ServicesAdminNegativeV253TestJSON-80187425', 'user_domain_id': 'default', 'user_domain_name': 'Default', 'user_id': '8af845b88a9645a1b320ddc69d6f2307', 'system': None}, Network: None, Subnet: None, Router: None
2025-03-19 16:03:07.762 69203 INFO tempest.lib.common.dynamic_creds [-] Created isolated network resources for: credentials: Credentials: {'domain_id': 'default', 'domain_name': 'Default', 'username': 'tempest-ServicesAdminNegativeV253TestJSON-80187425-project-member', 'project_domain_id': 'default', 'project_domain_name': 'Default', 'project_id': '51a55d65441c4fae9376a6b96837ec0a', 'project_name': 'tempest-ServicesAdminNegativeV253TestJSON-80187425', 'tenant_id': '51a55d65441c4fae9376a6b96837ec0a', 'tenant_name': 'tempest-ServicesAdminNegativeV253TestJSON-80187425', 'user_domain_id': 'default', 'user_domain_name': 'Default', 'user_id': '8af845b88a9645a1b320ddc69d6f2307', 'system': None}, Network: None, Subnet: None, Router: None
2025-03-19 16:03:07.788 69239 INFO tempest.lib.common.rest_client [req-09753299-6dfb-45bc-bfd4-eebcf12a4313 req-09753299-6dfb-45bc-bfd4-eebcf12a4313 ] Request (KeyPairsV22TestJSON:setUpClass): 201 POST http://10.180.1.21/identity/v3/projects 0.042s
2025-03-19 16:03:07.810 69243 INFO tempest.lib.common.rest_client [req-f229d7d4-60f9-49ee-b9b1-8873d4d3bcd4 req-f229d7d4-60f9-49ee-b9b1-8873d4d3bcd4 ] Request (SecurityGroupRulesTestJSON:test_security_group_rules_list): 200 POST http://10.180.1.21/compute/v2.1/os-security-group-rules 0.631s
2025-03-19 16:03:07.825 69213 INFO tempest.lib.common.rest_client [req-89150d5f-95bf-47f1-bcf8-5e6ed240562c req-89150d5f-95bf-47f1-bcf8-5e6ed240562c ] Request (ExtensionsTest:tearDownClass): 200 GET http://10.180.1.21:9696/networking/v2.0/security-groups?tenant_id=d823b9bce6354c52b48774473d6268d1&name=default 0.540s
2025-03-19 16:03:07.848 69247 INFO tempest.lib.common.rest_client [req-4b1a7b81-4ba8-408e-a2fd-05de3b7cdaf4 req-4b1a7b81-4ba8-408e-a2fd-05de3b7cdaf4 ] Request (FloatingIPsTestJSON:test_delete_floating_ip): 404 GET http://10.180.1.21/compute/v2.1/os-floating-ips/0d450b2b-b05d-4480-8b04-cd49ba387a2e 0.479s
2025-03-19 16:03:07.870 69239 INFO tempest.lib.common.rest_client [req-64ea682e-d1f9-45e8-91f9-004612dc088e req-64ea682e-d1f9-45e8-91f9-004612dc088e ] Request (KeyPairsV22TestJSON:setUpClass): 201 POST http://10.180.1.21/identity/v3/users 0.081s
2025-03-19 16:03:07.873 69203 INFO tempest.lib.common.rest_client [req-39d72274-02c4-429a-896b-9d477e6783a1 req-39d72274-02c4-429a-896b-9d477e6783a1 ] Request (ServicesAdminNegativeV253TestJSON:setUpClass): 201 POST http://10.180.1.21/identity/v3/auth/tokens 0.106s
2025-03-19 16:03:07.893 69239 INFO tempest.lib.common.rest_client [req-c35a20f1-c2ac-42aa-a6ea-d67ac3520f9f req-c35a20f1-c2ac-42aa-a6ea-d67ac3520f9f ] Request (KeyPairsV22TestJSON:setUpClass): 200 GET http://10.180.1.21/identity/v3/roles 0.022s
2025-03-19 16:03:07.903 69211 INFO tempest.lib.common.rest_client [req-353d1536-c2a9-49f1-96c6-5ab9a5515258 req-353d1536-c2a9-49f1-96c6-5ab9a5515258 ] Request (ServerActionsTestJSON:setUpClass): 200 GET http://10.180.1.21/compute/v2.1/servers/fe5cc7b3-155a-437c-b04c-32bbfff60809 0.609s
2025-03-19 16:03:07.908 69203 INFO tempest.lib.common.rest_client [req-ff757e64-854e-445c-8694-10468b6947e5 req-ff757e64-854e-445c-8694-10468b6947e5 ] Request (ServicesAdminNegativeV253TestJSON:setUpClass): 201 POST http://10.180.1.21/identity/v3/projects 0.034s
2025-03-19 16:03:07.924 69201 INFO tempest.lib.common.rest_client [req-dfb70f4c-23a9-4a6f-a337-f954f92ed5ff req-dfb70f4c-23a9-4a6f-a337-f954f92ed5ff ] Request (FlavorsAdminTestJSON:test_list_non_public_flavor): 200 POST http://10.180.1.21/compute/v2.1/flavors 0.517s
2025-03-19 16:03:07.925 69239 INFO tempest.lib.common.rest_client [req-6914ad73-fac4-4869-96c1-21b0a365f9f2 req-6914ad73-fac4-4869-96c1-21b0a365f9f2 ] Request (KeyPairsV22TestJSON:setUpClass): 204 PUT http://10.180.1.21/identity/v3/projects/69f21e1bce384c8592b5d2b558591af3/users/5cf3a53601354e938c9b5aa80c031048/roles/9cb912bec6da40e4849c469bc918dda7 0.031s
2025-03-19 16:03:07.925 69239 INFO tempest.lib.common.dynamic_creds [-] Dynamic test user 5cf3a53601354e938c9b5aa80c031048 is created with scope project and roles: ['member']
2025-03-19 16:03:07.926 69239 INFO tempest.lib.common.dynamic_creds [-] Acquired dynamic creds: credentials: Credentials: {'domain_id': 'default', 'domain_name': 'Default', 'username': 'tempest-KeyPairsV22TestJSON-1774068938-project-member', 'project_domain_id': 'default', 'project_domain_name': 'Default', 'project_id': '69f21e1bce384c8592b5d2b558591af3', 'project_name': 'tempest-KeyPairsV22TestJSON-1774068938', 'tenant_id': '69f21e1bce384c8592b5d2b558591af3', 'tenant_name': 'tempest-KeyPairsV22TestJSON-1774068938', 'user_domain_id': 'default', 'user_domain_name': 'Default', 'user_id': '5cf3a53601354e938c9b5aa80c031048', 'system': None}, Network: None, Subnet: None, Router: None
2025-03-19 16:03:07.926 69239 INFO tempest.lib.common.dynamic_creds [-] Created isolated network resources for: credentials: Credentials: {'domain_id': 'default', 'domain_name': 'Default', 'username': 'tempest-KeyPairsV22TestJSON-1774068938-project-member', 'project_domain_id': 'default', 'project_domain_name': 'Default', 'project_id': '69f21e1bce384c8592b5d2b558591af3', 'project_name': 'tempest-KeyPairsV22TestJSON-1774068938', 'tenant_id': '69f21e1bce384c8592b5d2b558591af3', 'tenant_name': 'tempest-KeyPairsV22TestJSON-1774068938', 'user_domain_id': 'default', 'user_domain_name': 'Default', 'user_id': '5cf3a53601354e938c9b5aa80c031048', 'system': None}, Network: None, Subnet: None, Router: None
2025-03-19 16:03:07.937 69193 INFO tempest.lib.common.rest_client [req-f0e79d68-0b76-4390-847b-b7df44f17fd9 req-f0e79d68-0b76-4390-847b-b7df44f17fd9 ] Request (ServersAaction247Test:tearDownClass): 200 GET http://10.180.1.21/compute/v2.1/servers/0f622bbe-6d9c-455f-99df-066c2edf5a53 0.564s
2025-03-19 16:03:07.991 69233 INFO tempest.lib.common.rest_client [req-332bbfec-0380-4369-a4b4-88c31c19e9da req-332bbfec-0380-4369-a4b4-88c31c19e9da ] Request (DeleteServersAdminTestJSON:test_delete_server_while_in_error_state): 200 GET http://10.180.1.21/compute/v2.1/servers/d6ec7fd8-35f6-480f-946a-d7eabe072670 0.532s
2025-03-19 16:03:07.994 69239 INFO tempest.lib.common.rest_client [req-983cd634-10f4-49ed-bd1b-2c1f1b927ac0 req-983cd634-10f4-49ed-bd1b-2c1f1b927ac0 ] Request (KeyPairsV22TestJSON:setUpClass): 201 POST http://10.180.1.21/identity/v3/auth/tokens 0.064s
2025-03-19 16:03:08.010 69203 INFO tempest.lib.common.rest_client [req-611b4c40-2bf1-4729-9af9-657bfca52056 req-611b4c40-2bf1-4729-9af9-657bfca52056 ] Request (ServicesAdminNegativeV253TestJSON:setUpClass): 201 POST http://10.180.1.21/identity/v3/users 0.101s
2025-03-19 16:03:08.034 69203 INFO tempest.lib.common.rest_client [req-93e3968e-9d2d-41c3-bbf4-3505b37b6cd0 req-93e3968e-9d2d-41c3-bbf4-3505b37b6cd0 ] Request (ServicesAdminNegativeV253TestJSON:setUpClass): 200 GET http://10.180.1.21/identity/v3/roles 0.022s
2025-03-19 16:03:08.039 69213 INFO tempest.lib.common.rest_client [req-44228980-d4ec-41a0-8560-981d5f09e414 req-44228980-d4ec-41a0-8560-981d5f09e414 ] Request (ExtensionsTest:tearDownClass): 204 DELETE http://10.180.1.21:9696/networking/v2.0/security-groups/f0917624-ae8c-441e-8b52-32c3d7d9b095 0.213s
2025-03-19 16:03:08.066 69203 INFO tempest.lib.common.rest_client [req-5178c306-20a8-4385-a8dc-f1e53a40c4a7 req-5178c306-20a8-4385-a8dc-f1e53a40c4a7 ] Request (ServicesAdminNegativeV253TestJSON:setUpClass): 204 PUT http://10.180.1.21/identity/v3/projects/52debcac416c4c2487dbe290786cddb8/users/24068cfd332a40319079d22ddb11d215/roles/8aa4a4352ba7466cb8d3c4b8bbe01204 0.032s
2025-03-19 16:03:08.093 69197 INFO tempest.lib.common.rest_client [req-c1dcca41-ca63-44a7-87f3-a4ed7345c34b req-c1dcca41-ca63-44a7-87f3-a4ed7345c34b ] Request (SecurityGroupRulesNegativeTestJSON:test_create_security_group_rule_with_invalid_from_port): 200 POST http://10.180.1.21/compute/v2.1/os-security-groups 0.595s
2025-03-19 16:03:08.101 69213 INFO tempest.lib.common.rest_client [req-2c7c7f07-19b8-4648-b309-37777ae0644a req-2c7c7f07-19b8-4648-b309-37777ae0644a ] Request (ExtensionsTest:tearDownClass): 204 DELETE http://10.180.1.21/identity/v3/projects/d823b9bce6354c52b48774473d6268d1 0.062s
2025-03-19 16:03:08.131 69245 INFO tempest.lib.common.rest_client [req-8bb9e219-48b5-4f85-a550-01ea849b3c1a req-8bb9e219-48b5-4f85-a550-01ea849b3c1a ] Request (MigrationsAdminTest:test_list_migrations_in_flavor_resize_situation): 200 GET http://10.180.1.21/compute/v2.1/servers/db3e747b-e648-4fc2-86a1-d2e6ff48db08 0.686s
2025-03-19 16:03:08.156 69221 INFO tempest.lib.common.rest_client [req-5403475a-9bd2-4fae-b1a4-f8f26df42877 req-5403475a-9bd2-4fae-b1a4-f8f26df42877 ] Request (ServerPasswordTestJSON:tearDownClass): 404 GET http://10.180.1.21/compute/v2.1/servers/237f3caa-6dab-47aa-aa2a-65d95bdcc40f 0.594s
2025-03-19 16:03:08.158 69203 INFO tempest.lib.common.rest_client [req-a1f1e62a-d703-48a4-88d6-2da39a49b6d6 req-a1f1e62a-d703-48a4-88d6-2da39a49b6d6 ] Request (ServicesAdminNegativeV253TestJSON:setUpClass): 200 GET http://10.180.1.21/identity/v3/roles 0.091s
2025-03-19 16:03:08.185 69203 INFO tempest.lib.common.rest_client [req-4883fd2b-1841-4b3d-a556-89428744a6d9 req-4883fd2b-1841-4b3d-a556-89428744a6d9 ] Request (ServicesAdminNegativeV253TestJSON:setUpClass): 204 PUT http://10.180.1.21/identity/v3/projects/52debcac416c4c2487dbe290786cddb8/users/24068cfd332a40319079d22ddb11d215/roles/8aa4a4352ba7466cb8d3c4b8bbe01204 0.026s
2025-03-19 16:03:08.186 69203 INFO tempest.lib.common.dynamic_creds [-] Dynamic test user 24068cfd332a40319079d22ddb11d215 is created with scope project and roles: ['admin']
2025-03-19 16:03:08.186 69203 INFO tempest.lib.common.dynamic_creds [-] Acquired dynamic creds: credentials: Credentials: {'domain_id': 'default', 'domain_name': 'Default', 'username': 'tempest-ServicesAdminNegativeV253TestJSON-638912001-project-admin', 'project_domain_id': 'default', 'project_domain_name': 'Default', 'project_id': '52debcac416c4c2487dbe290786cddb8', 'project_name': 'tempest-ServicesAdminNegativeV253TestJSON-638912001', 'tenant_id': '52debcac416c4c2487dbe290786cddb8', 'tenant_name': 'tempest-ServicesAdminNegativeV253TestJSON-638912001', 'user_domain_id': 'default', 'user_domain_name': 'Default', 'user_id': '24068cfd332a40319079d22ddb11d215', 'system': None}, Network: None, Subnet: None, Router: None
2025-03-19 16:03:08.186 69203 INFO tempest.lib.common.dynamic_creds [-] Created isolated network resources for: credentials: Credentials: {'domain_id': 'default', 'domain_name': 'Default', 'username': 'tempest-ServicesAdminNegativeV253TestJSON-638912001-project-admin', 'project_domain_id': 'default', 'project_domain_name': 'Default', 'project_id': '52debcac416c4c2487dbe290786cddb8', 'project_name': 'tempest-ServicesAdminNegativeV253TestJSON-638912001', 'tenant_id': '52debcac416c4c2487dbe290786cddb8', 'tenant_name': 'tempest-ServicesAdminNegativeV253TestJSON-638912001', 'user_domain_id': 'default', 'user_domain_name': 'Default', 'user_id': '24068cfd332a40319079d22ddb11d215', 'system': None}, Network: None, Subnet: None, Router: None
2025-03-19 16:03:08.260 69203 INFO tempest.lib.common.rest_client [req-1f709610-4f61-475f-806f-9e944a5dc9ae req-1f709610-4f61-475f-806f-9e944a5dc9ae ] Request (ServicesAdminNegativeV253TestJSON:setUpClass): 201 POST http://10.180.1.21/identity/v3/auth/tokens 0.071s
2025-03-19 16:03:08.353 69231 INFO tempest.lib.common.rest_client [req-cddcf7b3-c28c-4da6-a6e5-2c41f7bad521 req-cddcf7b3-c28c-4da6-a6e5-2c41f7bad521 ] Request (ServerDiagnosticsNegativeTest:test_get_server_diagnostics_by_non_admin): 200 GET http://10.180.1.21/compute/v2.1/servers/0e5c2fa2-4835-4546-9ae2-b54a56b5b5c7 0.657s
2025-03-19 16:03:08.367 69231 INFO tempest.common.waiters [-] State transition "BUILD/spawning" ==> "ACTIVE/None" after 27 second wait
2025-03-19 16:03:08.417 69209 INFO tempest.lib.common.rest_client [req-864a2b45-0881-447c-b41b-3b8eb9d1d9a9 req-864a2b45-0881-447c-b41b-3b8eb9d1d9a9 ] Request (ImagesTestJSON:test_create_image_from_suspended_server): 202 POST http://10.180.1.21/compute/v2.1/servers 0.874s
2025-03-19 16:03:08.423 69251 INFO tempest.lib.common.rest_client [req-5796709b-8a3b-4390-a70f-02e8dfa04d43 req-5796709b-8a3b-4390-a70f-02e8dfa04d43 ] Request (InstanceActionsTestJSON:setUpClass): 200 GET http://10.180.1.21/compute/v2.1/servers/df8e52cf-3cf4-4da1-bff5-0f250cfda4d9 0.699s
2025-03-19 16:03:08.429 69205 WARNING tempest.lib.common.ssh [-] Failed to establish authenticated ssh connection to cirros@10.180.180.190 ([Errno None] Unable to connect to port 22 on 10.180.180.190). Number attempts: 3. Retry after 4 seconds.: paramiko.ssh_exception.NoValidConnectionsError: [Errno None] Unable to connect to port 22 on 10.180.180.190
2025-03-19 16:03:08.467 69199 INFO tempest.lib.common.rest_client [req-f0cf169f-2ec7-418d-91f9-85e4624ee72b req-f0cf169f-2ec7-418d-91f9-85e4624ee72b ] Request (ImagesNegativeTestJSON:test_create_image_from_deleted_server): 200 GET http://10.180.1.21/compute/v2.1/servers/94452cee-d071-4dc4-a073-0a42e72667c6 0.686s
2025-03-19 16:03:08.494 69243 INFO tempest.lib.common.rest_client [req-35c3f11d-fd6b-4d29-a1bd-f544da436d2e req-35c3f11d-fd6b-4d29-a1bd-f544da436d2e ] Request (SecurityGroupRulesTestJSON:test_security_group_rules_list): 200 GET http://10.180.1.21/compute/v2.1/os-security-groups/3909014e-be2b-4f95-bbd2-7c31f7946060 0.680s
2025-03-19 16:03:08.496 69247 INFO tempest.lib.common.rest_client [req-b1301b17-314a-4af6-8105-688e06ee012f req-b1301b17-314a-4af6-8105-688e06ee012f ] Request (FloatingIPsTestJSON:_run_cleanups): 404 DELETE http://10.180.1.21/compute/v2.1/os-floating-ips/0d450b2b-b05d-4480-8b04-cd49ba387a2e 0.647s
2025-03-19 16:03:08.518 69201 INFO tempest.lib.common.rest_client [req-d0967e05-7150-40d6-aaac-2006c4c1273f req-d0967e05-7150-40d6-aaac-2006c4c1273f ] Request (FlavorsAdminTestJSON:test_list_non_public_flavor): 200 GET http://10.180.1.21/compute/v2.1/flavors/detail 0.590s
2025-03-19 16:03:08.533 69249 INFO tempest.lib.common.rest_client [req-86a51f23-433d-44a0-b18a-600d079d9e91 req-86a51f23-433d-44a0-b18a-600d079d9e91 ] Request (ServersWithSpecificFlavorTestJSON:test_verify_created_server_ephemeral_disk): 200 PUT http://10.180.1.21:9696/networking/v2.0/floatingips/365dda46-505d-4d17-8812-aa7960949aba 0.886s
2025-03-19 16:03:08.556 69219 INFO tempest.lib.common.rest_client [req-ae23ae2d-1eb6-4435-8397-1e09fe2b3cc2 req-ae23ae2d-1eb6-4435-8397-1e09fe2b3cc2 ] Request (ListImageFiltersTestJSON:setUpClass): 200 GET http://10.180.1.21/compute/v2.1/servers/9b09d19e-2506-413a-867d-8be41a5bada7 0.705s
2025-03-19 16:03:08.573 69238 INFO tempest.lib.common.rest_client [req-a8d13566-32d3-4237-af7d-2f21faa7b5e3 req-a8d13566-32d3-4237-af7d-2f21faa7b5e3 ] Request (SecurityGroupsTestJSON:test_list_security_groups_by_server): 200 GET http://10.180.1.21/compute/v2.1/servers/774b87de-c90c-4537-ac67-17152e43395b 0.620s
2025-03-19 16:03:08.629 69207 INFO tempest.lib.common.rest_client [req-89b54c7e-6174-4415-83d0-893403a9d910 req-89b54c7e-6174-4415-83d0-893403a9d910 ] Request (FloatingIPsAssociationNegativeTestJSON:setUpClass): 200 GET http://10.180.1.21/compute/v2.1/servers/e5160d66-7228-4d64-9adf-d7c26c5fab5f 0.625s
2025-03-19 16:03:08.691 69239 INFO tempest.lib.common.rest_client [req-14753a36-e869-41c6-a90b-9a9b49f3cd49 req-14753a36-e869-41c6-a90b-9a9b49f3cd49 ] Request (KeyPairsV22TestJSON:test_get_keypair_detail): 201 POST http://10.180.1.21/compute/v2.1/os-keypairs 0.695s
2025-03-19 16:03:08.695 69217 INFO tempest.lib.common.rest_client [req-8a3f2f4c-94be-45b8-869b-6e10433fa4e1 req-8a3f2f4c-94be-45b8-869b-6e10433fa4e1 ] Request (AttachInterfacesTestJSON:test_create_list_show_delete_interfaces_by_fixed_ip): 200 GET http://10.180.1.21/compute/v2.1/servers/9945ec86-a679-4a3e-a72b-88ad7c7e4c18 0.640s
2025-03-19 16:03:08.756 69227 INFO tempest.lib.common.rest_client [req-5226dc0f-0763-421c-a785-819a307c88e7 req-5226dc0f-0763-421c-a785-819a307c88e7 ] Request (ServersAdminNegativeTestJSON:test_migrate_server_invalid_state): 200 GET http://10.180.1.21/compute/v2.1/servers/738adc74-ccb7-4788-89d9-4fe6873cbd30 0.496s
2025-03-19 16:03:08.757 69197 INFO tempest.lib.common.rest_client [req-68322cb6-4d2a-41d0-b26f-dad786add285 req-68322cb6-4d2a-41d0-b26f-dad786add285 ] Request (SecurityGroupRulesNegativeTestJSON:test_create_security_group_rule_with_invalid_from_port): 400 POST http://10.180.1.21/compute/v2.1/os-security-group-rules 0.660s
2025-03-19 16:03:08.762 69227 INFO tempest.common.waiters [-] State transition "BUILD/scheduling" ==> "BUILD/None" after 10 second wait
2025-03-19 16:03:08.815 69203 INFO tempest.lib.common.rest_client [req-1ef8f095-6ce1-4260-a676-4b183b22ded8 req-1ef8f095-6ce1-4260-a676-4b183b22ded8 ] Request (ServicesAdminNegativeV253TestJSON:test_disable_log_reason_with_invalid_service_id): 404 PUT http://10.180.1.21/compute/v2.1/os-services/ab9801be-6754-4eec-aecb-82fdd72b05e6 0.553s
2025-03-19 16:03:08.840 69231 INFO tempest.lib.common.rest_client [req-acf3ef3d-e59c-4897-bb3b-f7c1897c6d06 req-acf3ef3d-e59c-4897-bb3b-f7c1897c6d06 ] Request (ServerDiagnosticsNegativeTest:test_get_server_diagnostics_by_non_admin): 403 GET http://10.180.1.21/compute/v2.1/servers/0e5c2fa2-4835-4546-9ae2-b54a56b5b5c7/diagnostics 0.472s
2025-03-19 16:03:08.844 69189 INFO tempest.lib.common.rest_client [req-37627150-c853-46b7-9cfe-ea0b33c545ee req-37627150-c853-46b7-9cfe-ea0b33c545ee ] Request (TenantUsagesTestJSON:tearDownClass): 200 GET http://10.180.1.21/compute/v2.1/servers/790ddb20-f86b-4910-ba5d-aae16f8794be 0.512s
2025-03-19 16:03:08.880 69209 INFO tempest.lib.common.rest_client [req-5ad5db7b-8496-4ebb-9b34-7fa41b6234cf req-5ad5db7b-8496-4ebb-9b34-7fa41b6234cf ] Request (ImagesTestJSON:test_create_image_from_suspended_server): 200 GET http://10.180.1.21/compute/v2.1/servers/56a9ffd3-650b-4a48-b9e4-ab5cd5974de8 0.459s
2025-03-19 16:03:08.903 69201 INFO tempest.lib.common.rest_client [req-e99b1df4-8ef4-4af7-ba20-41a1ab2b5c17 req-e99b1df4-8ef4-4af7-ba20-41a1ab2b5c17 ] Request (FlavorsAdminTestJSON:test_list_non_public_flavor): 200 GET http://10.180.1.21/compute/v2.1/flavors/detail 0.379s
2025-03-19 16:03:09.063 69243 INFO tempest.lib.common.rest_client [req-90175bf1-8341-4d9a-b5ff-c7f194538076 req-90175bf1-8341-4d9a-b5ff-c7f194538076 ] Request (SecurityGroupRulesTestJSON:_run_cleanups): 202 DELETE http://10.180.1.21/compute/v2.1/os-security-group-rules/5b226001-3010-4f49-891b-15420c1131cb 0.566s
2025-03-19 16:03:09.149 69241 INFO tempest.lib.common.rest_client [req-eec7e866-cf15-4aa9-85d5-f2fc1425c2b6 req-eec7e866-cf15-4aa9-85d5-f2fc1425c2b6 ] Request (InstanceActionsNegativeTestJSON:tearDownClass): 200 GET http://10.180.1.21/compute/v2.1/servers/69176049-fec1-4283-b4e7-05bd67ee3eb0 0.606s
2025-03-19 16:03:09.208 69249 INFO tempest.lib.common.rest_client [req-64e3ef46-dfeb-454e-b749-de2d12028bf7 req-64e3ef46-dfeb-454e-b749-de2d12028bf7 ] Request (ServersWithSpecificFlavorTestJSON:test_verify_created_server_ephemeral_disk): 200 GET http://10.180.1.21/compute/v2.1/servers/575d83bb-f897-4ec9-aae4-8948b0abe512 0.675s
2025-03-19 16:03:09.218 69249 INFO tempest.lib.common.ssh [-] Creating ssh connection to '10.180.180.166:22' as 'cirros' with public key authentication
2025-03-19 16:03:09.228 69195 INFO tempest.lib.common.rest_client [req-06d05549-9002-42fd-9678-58901b1c3155 req-06d05549-9002-42fd-9678-58901b1c3155 ] Request (ServerDiagnosticsTest:tearDownClass): 200 GET http://10.180.1.21/compute/v2.1/servers/4b9f7eb7-b2e3-4a90-9cc9-0f8dc1b7b47c 0.663s
2025-03-19 16:03:09.237 69239 INFO tempest.lib.common.rest_client [req-6999beaa-2b42-4f92-af3d-c320cdd55be1 req-6999beaa-2b42-4f92-af3d-c320cdd55be1 ] Request (KeyPairsV22TestJSON:test_get_keypair_detail): 200 GET http://10.180.1.21/compute/v2.1/os-keypairs/tempest-keypair-1173710403 0.539s
2025-03-19 16:03:09.243 69197 INFO tempest.lib.common.rest_client [req-7d3c2514-a067-46dc-b103-342d1228a4ac req-7d3c2514-a067-46dc-b103-342d1228a4ac ] Request (SecurityGroupRulesNegativeTestJSON:test_create_security_group_rule_with_invalid_id): 400 POST http://10.180.1.21/compute/v2.1/os-security-group-rules 0.484s
2025-03-19 16:03:09.259 69203 INFO tempest.lib.common.rest_client [req-a4ca9e6a-360a-427a-9bec-5498aa471747 req-a4ca9e6a-360a-427a-9bec-5498aa471747 ] Request (ServicesAdminNegativeV253TestJSON:test_disable_service_with_invalid_service_id): 404 PUT http://10.180.1.21/compute/v2.1/os-services/ab9801be-6754-4eec-aecb-82fdd72b05e6 0.443s
2025-03-19 16:03:09.270 69225 INFO tempest.lib.common.rest_client [req-b34e0268-3083-47d5-9ba9-46de63d0e703 req-b34e0268-3083-47d5-9ba9-46de63d0e703 ] Request (ServerDiagnosticsV248Test:test_get_server_diagnostics): 200 GET http://10.180.1.21/compute/v2.1/servers/c9261fcc-7aa8-4afb-aa30-57df0ef71a44 0.649s
2025-03-19 16:03:09.281 69225 INFO tempest.common.waiters [-] State transition "BUILD/spawning" ==> "ACTIVE/None" after 27 second wait
2025-03-19 16:03:09.345 69231 INFO tempest.lib.common.rest_client [req-1edc78f7-85e3-47b6-b92b-6698478003bc req-1edc78f7-85e3-47b6-b92b-6698478003bc ] Request (ServerDiagnosticsNegativeTest:tearDownClass): 204 DELETE http://10.180.1.21/compute/v2.1/servers/0e5c2fa2-4835-4546-9ae2-b54a56b5b5c7 0.503s
2025-03-19 16:03:09.361 69201 INFO tempest.lib.common.rest_client [req-55855979-643b-428e-8e6e-4f979beadc5e req-55855979-643b-428e-8e6e-4f979beadc5e ] Request (FlavorsAdminTestJSON:_run_cleanups): 202 DELETE http://10.180.1.21/compute/v2.1/flavors/1366286329 0.449s
2025-03-19 16:03:09.369 69221 INFO tempest.lib.common.rest_client [req-336a441c-650a-461b-825a-89c448d883c6 req-336a441c-650a-461b-825a-89c448d883c6 ] Request (ServerPasswordTestJSON:tearDownClass): 200 PUT http://10.180.1.21:9696/networking/v2.0/routers/51015204-de5b-4bb1-87ef-4db426285445/remove_router_interface 1.212s
2025-03-19 16:03:09.419 69211 INFO tempest.lib.common.rest_client [req-dcb84966-18f9-4264-afb0-325ae0773dfb req-dcb84966-18f9-4264-afb0-325ae0773dfb ] Request (ServerActionsTestJSON:setUpClass): 200 GET http://10.180.1.21/compute/v2.1/servers/fe5cc7b3-155a-437c-b04c-32bbfff60809 0.507s
2025-03-19 16:03:09.429 69193 INFO tempest.lib.common.rest_client [req-de5c513f-ecf4-4c91-8cde-10b03d04025f req-de5c513f-ecf4-4c91-8cde-10b03d04025f ] Request (ServersAaction247Test:tearDownClass): 200 GET http://10.180.1.21/compute/v2.1/servers/0f622bbe-6d9c-455f-99df-066c2edf5a53 0.480s
2025-03-19 16:03:09.482 69233 INFO tempest.lib.common.rest_client [req-06b7073f-c49e-47f4-a881-332b781b6db7 req-06b7073f-c49e-47f4-a881-332b781b6db7 ] Request (DeleteServersAdminTestJSON:test_delete_server_while_in_error_state): 200 GET http://10.180.1.21/compute/v2.1/servers/d6ec7fd8-35f6-480f-946a-d7eabe072670 0.482s
2025-03-19 16:03:09.612 69245 INFO tempest.lib.common.rest_client [req-cf0550db-91d8-4eb1-af57-59eef5aab06c req-cf0550db-91d8-4eb1-af57-59eef5aab06c ] Request (MigrationsAdminTest:test_list_migrations_in_flavor_resize_situation): 200 GET http://10.180.1.21/compute/v2.1/servers/db3e747b-e648-4fc2-86a1-d2e6ff48db08 0.467s
2025-03-19 16:03:09.619 69245 INFO tempest.common.waiters [-] State transition "RESIZE/resize_prep" ==> "RESIZE/resize_migrating" after 24 second wait
2025-03-19 16:03:09.627 69239 INFO tempest.lib.common.rest_client [req-62b1cd67-3dd8-4dc4-9d0a-562a5b5f49e0 req-62b1cd67-3dd8-4dc4-9d0a-562a5b5f49e0 ] Request (KeyPairsV22TestJSON:_run_cleanups): 204 DELETE http://10.180.1.21/compute/v2.1/os-keypairs/tempest-keypair-1173710403 0.387s
2025-03-19 16:03:09.708 69243 INFO tempest.lib.common.rest_client [req-08d659a8-c1a0-4f91-a09f-e853c530b6dc req-08d659a8-c1a0-4f91-a09f-e853c530b6dc ] Request (SecurityGroupRulesTestJSON:tearDownClass): 202 DELETE http://10.180.1.21/compute/v2.1/os-security-groups/3909014e-be2b-4f95-bbd2-7c31f7946060 0.643s
2025-03-19 16:03:09.729 69203 INFO tempest.lib.common.rest_client [req-c3af7911-15c7-4a5a-8559-465bced5e71f req-c3af7911-15c7-4a5a-8559-465bced5e71f ] Request (ServicesAdminNegativeV253TestJSON:test_enable_service_with_invalid_service_id): 404 PUT http://10.180.1.21/compute/v2.1/os-services/ab9801be-6754-4eec-aecb-82fdd72b05e6 0.468s
2025-03-19 16:03:10.040 69221 INFO tempest.lib.common.rest_client [req-ad778321-a0aa-4378-a820-51015cee491c req-ad778321-a0aa-4378-a820-51015cee491c ] Request (ServerPasswordTestJSON:tearDownClass): 204 DELETE http://10.180.1.21:9696/networking/v2.0/routers/51015204-de5b-4bb1-87ef-4db426285445 0.671s
2025-03-19 16:03:10.048 69197 INFO tempest.lib.common.rest_client [req-b095ccdd-207f-4b85-af8d-94b51f580266 req-b095ccdd-207f-4b85-af8d-94b51f580266 ] Request (SecurityGroupRulesNegativeTestJSON:test_create_security_group_rule_with_invalid_ip_protocol): 200 POST http://10.180.1.21/compute/v2.1/os-security-groups 0.804s
2025-03-19 16:03:10.065 69247 INFO tempest.lib.common.rest_client [req-aa15e17c-876e-407a-8ac3-1913823834dc req-aa15e17c-876e-407a-8ac3-1913823834dc ] Request (FloatingIPsTestJSON:tearDownClass): 200 PUT http://10.180.1.21:9696/networking/v2.0/routers/d7f0ef6b-06b1-423d-a6d9-19fd9f928e45/remove_router_interface 1.565s
2025-03-19 16:03:10.240 69231 INFO tempest.lib.common.rest_client [req-83723dac-c870-4dea-a3ef-08a404d182e3 req-83723dac-c870-4dea-a3ef-08a404d182e3 ] Request (ServerDiagnosticsNegativeTest:tearDownClass): 200 GET http://10.180.1.21/compute/v2.1/servers/0e5c2fa2-4835-4546-9ae2-b54a56b5b5c7 0.895s
2025-03-19 16:03:10.270 69201 INFO tempest.lib.common.rest_client [req-79d74aae-7812-4d70-8aae-ee15ca38a792 req-79d74aae-7812-4d70-8aae-ee15ca38a792 ] Request (FlavorsAdminTestJSON:_run_cleanups): 200 GET http://10.180.1.21/compute/v2.1/flavors/detail 0.908s
2025-03-19 16:03:10.290 69215 WARNING tempest.lib.common.ssh [-] Failed to establish authenticated ssh connection to cirros@10.180.180.217 ([Errno None] Unable to connect to port 22 on 10.180.180.217). Number attempts: 1. Retry after 2 seconds.: paramiko.ssh_exception.NoValidConnectionsError: [Errno None] Unable to connect to port 22 on 10.180.180.217
2025-03-19 16:03:10.307 69221 INFO tempest.lib.common.rest_client [req-6ed0d72a-5186-4321-8007-b9620b1b2298 req-6ed0d72a-5186-4321-8007-b9620b1b2298 ] Request (ServerPasswordTestJSON:tearDownClass): 204 DELETE http://10.180.1.21:9696/networking/v2.0/subnets/5b534d6f-b573-4299-924e-797cfbc5ed7d 0.267s
2025-03-19 16:03:10.350 69251 INFO tempest.lib.common.rest_client [req-c3ba5b4a-d6b2-4fbe-b8ae-77c2d790a8cd req-c3ba5b4a-d6b2-4fbe-b8ae-77c2d790a8cd ] Request (InstanceActionsTestJSON:setUpClass): 200 GET http://10.180.1.21/compute/v2.1/servers/df8e52cf-3cf4-4da1-bff5-0f250cfda4d9 0.919s
2025-03-19 16:03:10.424 69199 INFO tempest.lib.common.rest_client [req-f1b0ec31-6a14-4c24-8757-5b2ac2963bbd req-f1b0ec31-6a14-4c24-8757-5b2ac2963bbd ] Request (ImagesNegativeTestJSON:test_create_image_from_deleted_server): 200 GET http://10.180.1.21/compute/v2.1/servers/94452cee-d071-4dc4-a073-0a42e72667c6 0.942s
2025-03-19 16:03:10.492 69219 INFO tempest.lib.common.rest_client [req-5dbf848f-2a48-4733-9352-4e2c5ad6ab8c req-5dbf848f-2a48-4733-9352-4e2c5ad6ab8c ] Request (ListImageFiltersTestJSON:setUpClass): 200 GET http://10.180.1.21/compute/v2.1/servers/9b09d19e-2506-413a-867d-8be41a5bada7 0.928s
2025-03-19 16:03:10.553 69238 INFO tempest.lib.common.rest_client [req-fd04f229-aaf2-4486-91e9-bca4cb1a8fc5 req-fd04f229-aaf2-4486-91e9-bca4cb1a8fc5 ] Request (SecurityGroupsTestJSON:test_list_security_groups_by_server): 200 GET http://10.180.1.21/compute/v2.1/servers/774b87de-c90c-4537-ac67-17152e43395b 0.968s
2025-03-19 16:03:10.598 69225 INFO tempest.lib.common.rest_client [req-e38be446-4d31-4d3b-8530-944e65d090d8 req-e38be446-4d31-4d3b-8530-944e65d090d8 ] Request (ServerDiagnosticsV248Test:test_get_server_diagnostics): 200 GET http://10.180.1.21/compute/v2.1/servers/c9261fcc-7aa8-4afb-aa30-57df0ef71a44/diagnostics 1.317s
2025-03-19 16:03:10.602 69239 INFO tempest.lib.common.rest_client [req-bbb32c80-e177-4d7f-ac7e-f5249f5e836a req-bbb32c80-e177-4d7f-ac7e-f5249f5e836a ] Request (KeyPairsV22TestJSON:test_keypair_create_delete): 201 POST http://10.180.1.21/compute/v2.1/os-keypairs 0.974s
2025-03-19 16:03:10.669 69207 INFO tempest.lib.common.rest_client [req-7d943660-49da-4b28-ace3-5e077c9efe5e req-7d943660-49da-4b28-ace3-5e077c9efe5e ] Request (FloatingIPsAssociationNegativeTestJSON:setUpClass): 200 GET http://10.180.1.21/compute/v2.1/servers/e5160d66-7228-4d64-9adf-d7c26c5fab5f 1.031s
2025-03-19 16:03:10.695 69243 INFO tempest.lib.common.rest_client [req-150c9e8f-fe35-4d74-81bf-0d6f3beaa7a3 req-150c9e8f-fe35-4d74-81bf-0d6f3beaa7a3 ] Request (SecurityGroupRulesTestJSON:tearDownClass): 404 DELETE http://10.180.1.21/compute/v2.1/os-security-groups/3ccf6ea1-5c1b-4be3-8b49-dd747213a079 0.984s
2025-03-19 16:03:10.715 69217 INFO tempest.lib.common.rest_client [req-298e904b-0a79-4ebb-80dc-f6124953a96c req-298e904b-0a79-4ebb-80dc-f6124953a96c ] Request (AttachInterfacesTestJSON:test_create_list_show_delete_interfaces_by_fixed_ip): 200 GET http://10.180.1.21/compute/v2.1/servers/9945ec86-a679-4a3e-a72b-88ad7c7e4c18 1.010s
2025-03-19 16:03:10.722 69203 INFO tempest.lib.common.rest_client [req-d0130a51-3349-42f2-98f1-d899e368e755 req-d0130a51-3349-42f2-98f1-d899e368e755 ] Request (ServicesAdminNegativeV253TestJSON:test_get_service_by_invalid_params): 200 GET http://10.180.1.21/compute/v2.1/os-services 0.989s
2025-03-19 16:03:10.725 69217 INFO tempest.common.waiters [-] State transition "BUILD/scheduling" ==> "BUILD/None" after 8 second wait
2025-03-19 16:03:10.742 69189 INFO tempest.lib.common.rest_client [req-46985230-ee02-413c-bf4f-c7f59eed7170 req-46985230-ee02-413c-bf4f-c7f59eed7170 ] Request (TenantUsagesTestJSON:tearDownClass): 404 GET http://10.180.1.21/compute/v2.1/servers/790ddb20-f86b-4910-ba5d-aae16f8794be 0.888s
2025-03-19 16:03:10.789 69247 INFO tempest.lib.common.rest_client [req-87b708fe-eb13-46c9-b6cc-6fac87b70cd2 req-87b708fe-eb13-46c9-b6cc-6fac87b70cd2 ] Request (FloatingIPsTestJSON:tearDownClass): 204 DELETE http://10.180.1.21:9696/networking/v2.0/routers/d7f0ef6b-06b1-423d-a6d9-19fd9f928e45 0.722s
2025-03-19 16:03:10.816 69209 INFO tempest.lib.common.rest_client [req-bf02300e-c99c-4303-b206-aea379d16426 req-bf02300e-c99c-4303-b206-aea379d16426 ] Request (ImagesTestJSON:test_create_image_from_suspended_server): 200 GET http://10.180.1.21/compute/v2.1/servers/56a9ffd3-650b-4a48-b9e4-ab5cd5974de8 0.840s
2025-03-19 16:03:10.821 69221 INFO tempest.lib.common.rest_client [req-390aa1bd-f4d8-4561-b515-a4e497c80114 req-390aa1bd-f4d8-4561-b515-a4e497c80114 ] Request (ServerPasswordTestJSON:tearDownClass): 204 DELETE http://10.180.1.21:9696/networking/v2.0/networks/86bdb9e1-26d4-4d04-8b41-8aee61304037 0.513s
2025-03-19 16:03:10.826 69227 INFO tempest.lib.common.rest_client [req-cb572c12-ccc3-4b48-a314-df5ed2950352 req-cb572c12-ccc3-4b48-a314-df5ed2950352 ] Request (ServersAdminNegativeTestJSON:test_migrate_server_invalid_state): 200 GET http://10.180.1.21/compute/v2.1/servers/738adc74-ccb7-4788-89d9-4fe6873cbd30 1.060s
2025-03-19 16:03:10.875 69197 INFO tempest.lib.common.rest_client [req-613f5dfd-4b0d-4f3f-9109-67cbb8bf6a78 req-613f5dfd-4b0d-4f3f-9109-67cbb8bf6a78 ] Request (SecurityGroupRulesNegativeTestJSON:test_create_security_group_rule_with_invalid_ip_protocol): 400 POST http://10.180.1.21/compute/v2.1/os-security-group-rules 0.822s
2025-03-19 16:03:10.900 69241 INFO tempest.lib.common.rest_client [req-ecd17f64-a65b-462f-886c-2d975ac2c7d5 req-ecd17f64-a65b-462f-886c-2d975ac2c7d5 ] Request (InstanceActionsNegativeTestJSON:tearDownClass): 200 GET http://10.180.1.21/compute/v2.1/servers/69176049-fec1-4283-b4e7-05bd67ee3eb0 0.739s
2025-03-19 16:03:10.910 69189 INFO tempest.lib.common.rest_client [req-768902b0-6a41-4246-9041-35a82112e1df req-768902b0-6a41-4246-9041-35a82112e1df ] Request (TenantUsagesTestJSON:tearDownClass): 204 DELETE http://10.180.1.21/identity/v3/users/f97c734c69224ad5bd7173a946723aa4 0.167s
2025-03-19 16:03:10.931 69201 INFO tempest.lib.common.rest_client [req-ab5ddfd7-8e57-4e0d-a805-05c93f8b625f req-ab5ddfd7-8e57-4e0d-a805-05c93f8b625f ] Request (FlavorsAdminTestJSON:test_list_public_flavor_with_other_user): 200 POST http://10.180.1.21/compute/v2.1/flavors 0.651s
2025-03-19 16:03:10.957 69247 INFO tempest.lib.common.rest_client [req-f1113353-8306-44d7-b690-c559b0c87a54 req-f1113353-8306-44d7-b690-c559b0c87a54 ] Request (FloatingIPsTestJSON:tearDownClass): 204 DELETE http://10.180.1.21:9696/networking/v2.0/subnets/d495ac61-d15f-4545-bd22-165ffe0aaf7b 0.167s
2025-03-19 16:03:10.975 69195 INFO tempest.lib.common.rest_client [req-25cb4ef6-22cf-4bbb-8071-a20fd3ddbe87 req-25cb4ef6-22cf-4bbb-8071-a20fd3ddbe87 ] Request (ServerDiagnosticsTest:tearDownClass): 200 GET http://10.180.1.21/compute/v2.1/servers/4b9f7eb7-b2e3-4a90-9cc9-0f8dc1b7b47c 0.739s
2025-03-19 16:03:10.988 69221 INFO tempest.lib.common.rest_client [req-6018b5d2-fcbd-42f6-959c-1d43fcbc4b9c req-6018b5d2-fcbd-42f6-959c-1d43fcbc4b9c ] Request (ServerPasswordTestJSON:tearDownClass): 204 DELETE http://10.180.1.21/identity/v3/users/cacf475fe0f54f07ade902048b6e30c2 0.166s
2025-03-19 16:03:10.988 69221 INFO tempest.lib.common.dynamic_creds [-] Deleting project and security group for project: 050f3c2d5b974a6fabf2bd66012902e4
2025-03-19 16:03:11.016 69221 INFO tempest.lib.common.rest_client [req-3b31bb27-c877-42f9-a2ce-81d9a6675324 req-3b31bb27-c877-42f9-a2ce-81d9a6675324 ] Request (ServerPasswordTestJSON:tearDownClass): 200 GET http://10.180.1.21:9696/networking/v2.0/security-groups?tenant_id=050f3c2d5b974a6fabf2bd66012902e4&name=default 0.027s
2025-03-19 16:03:11.054 69193 INFO tempest.lib.common.rest_client [req-37e180af-d556-4414-9eac-6721941f7c5a req-37e180af-d556-4414-9eac-6721941f7c5a ] Request (ServersAaction247Test:tearDownClass): 200 GET http://10.180.1.21/compute/v2.1/servers/0f622bbe-6d9c-455f-99df-066c2edf5a53 0.614s
2025-03-19 16:03:11.060 69189 INFO tempest.lib.common.rest_client [req-c97c0cad-b256-49b6-9123-b548e0a02a63 req-c97c0cad-b256-49b6-9123-b548e0a02a63 ] Request (TenantUsagesTestJSON:tearDownClass): 204 DELETE http://10.180.1.21/identity/v3/users/6a60cf03b82d455ab5a21300d3ef15ec 0.149s
2025-03-19 16:03:11.060 69189 INFO tempest.lib.common.dynamic_creds [-] Deleting project and security group for project: 39e1c236fc9e4155be68105eb1f62524
2025-03-19 16:03:11.109 69233 INFO tempest.lib.common.rest_client [req-14d37e02-a499-48c9-bb9f-074f4130a809 req-14d37e02-a499-48c9-bb9f-074f4130a809 ] Request (DeleteServersAdminTestJSON:test_delete_server_while_in_error_state): 200 GET http://10.180.1.21/compute/v2.1/servers/d6ec7fd8-35f6-480f-946a-d7eabe072670 0.616s
2025-03-19 16:03:11.114 69221 INFO tempest.lib.common.rest_client [req-78516e26-b613-41cd-b2ec-a15121fcba9b req-78516e26-b613-41cd-b2ec-a15121fcba9b ] Request (ServerPasswordTestJSON:tearDownClass): 204 DELETE http://10.180.1.21:9696/networking/v2.0/security-groups/3d242798-0b68-4115-a074-58db80d35d3c 0.098s
2025-03-19 16:03:11.117 69233 INFO tempest.common.waiters [-] State transition "BUILD/scheduling" ==> "BUILD/None" after 7 second wait
2025-03-19 16:03:11.125 69239 INFO tempest.lib.common.rest_client [req-d36fdb3f-cd43-4323-8c24-d575aed00829 req-d36fdb3f-cd43-4323-8c24-d575aed00829 ] Request (KeyPairsV22TestJSON:_run_cleanups): 204 DELETE http://10.180.1.21/compute/v2.1/os-keypairs/tempest-keypair-691399705 0.521s
2025-03-19 16:03:11.135 69189 INFO tempest.lib.common.rest_client [req-6337b268-5190-4452-8657-ff927390680b req-6337b268-5190-4452-8657-ff927390680b ] Request (TenantUsagesTestJSON:tearDownClass): 201 POST http://10.180.1.21/identity/v3/auth/tokens 0.075s
2025-03-19 16:03:11.211 69221 INFO tempest.lib.common.rest_client [req-a7755939-1151-4881-b112-e9dc6223d8b3 req-a7755939-1151-4881-b112-e9dc6223d8b3 ] Request (ServerPasswordTestJSON:tearDownClass): 204 DELETE http://10.180.1.21/identity/v3/projects/050f3c2d5b974a6fabf2bd66012902e4 0.096s
2025-03-19 16:03:11.212 69221 INFO tempest.test [-] raised in ServerStableDeviceRescueTest.setUpClass. Invoking tearDownClass.
2025-03-19 16:03:11.236 69245 INFO tempest.lib.common.rest_client [req-d8aef949-8cb9-4f63-ae3e-d584c7fb4294 req-d8aef949-8cb9-4f63-ae3e-d584c7fb4294 ] Request (MigrationsAdminTest:test_list_migrations_in_flavor_resize_situation): 200 GET http://10.180.1.21/compute/v2.1/servers/db3e747b-e648-4fc2-86a1-d2e6ff48db08 0.615s
2025-03-19 16:03:11.273 69221 INFO tempest.lib.common.rest_client [req-b85b1f48-8558-4434-b90b-6c4c09fe0430 req-b85b1f48-8558-4434-b90b-6c4c09fe0430 ] Request (ServersListShow296Test:setUpClass): 201 POST http://10.180.1.21/identity/v3/auth/tokens 0.059s
2025-03-19 16:03:11.308 69221 INFO tempest.lib.common.rest_client [req-be279038-cc43-43c9-9111-f11b4e044582 req-be279038-cc43-43c9-9111-f11b4e044582 ] Request (ServersListShow296Test:setUpClass): 201 POST http://10.180.1.21/identity/v3/auth/tokens 0.032s
2025-03-19 16:03:11.340 69221 INFO tempest.lib.common.rest_client [req-bf70c6d0-50ab-4a19-9625-d7e324bc2ba1 req-bf70c6d0-50ab-4a19-9625-d7e324bc2ba1 ] Request (ServersListShow296Test:setUpClass): 200 GET http://10.180.1.21/identity/v3/domains?name=Default 0.031s
2025-03-19 16:03:11.356 69189 INFO tempest.lib.common.rest_client [req-558ab487-f156-4865-8c7e-647da7cabcac req-558ab487-f156-4865-8c7e-647da7cabcac ] Request (TenantUsagesTestJSON:tearDownClass): 200 GET http://10.180.1.21:9696/networking/v2.0/security-groups?tenant_id=39e1c236fc9e4155be68105eb1f62524&name=default 0.220s
2025-03-19 16:03:11.368 69211 INFO tempest.lib.common.rest_client [req-954d80e5-8967-404e-b2ef-a1724f3bb9de req-954d80e5-8967-404e-b2ef-a1724f3bb9de ] Request (ServerActionsTestJSON:setUpClass): 200 GET http://10.180.1.21/compute/v2.1/servers/fe5cc7b3-155a-437c-b04c-32bbfff60809 0.940s
2025-03-19 16:03:11.383 69247 INFO tempest.lib.common.rest_client [req-81c541d7-5bed-4a5e-805c-cd17c1fa4517 req-81c541d7-5bed-4a5e-805c-cd17c1fa4517 ] Request (FloatingIPsTestJSON:tearDownClass): 204 DELETE http://10.180.1.21:9696/networking/v2.0/networks/994fcea6-4be1-48dc-98f4-5796527ec309 0.426s
2025-03-19 16:03:11.391 69221 INFO tempest.lib.common.rest_client [req-d2555196-3d6e-4d24-954b-4e87898ac805 req-d2555196-3d6e-4d24-954b-4e87898ac805 ] Request (ServersListShow296Test:setUpClass): 201 POST http://10.180.1.21/identity/v3/projects 0.050s
2025-03-19 16:03:11.395 69203 INFO tempest.lib.common.rest_client [req-b8006d52-d156-44d4-aa7b-aca5b213316d req-b8006d52-d156-44d4-aa7b-aca5b213316d ] Request (ServicesAdminNegativeV253TestJSON:test_get_service_by_invalid_params): 200 GET http://10.180.1.21/compute/v2.1/os-services?xxx=nova-compute 0.665s
2025-03-19 16:03:11.403 69243 INFO tempest.lib.common.rest_client [req-e84d4435-d127-4d53-8f97-a65142c445e1 req-e84d4435-d127-4d53-8f97-a65142c445e1 ] Request (SecurityGroupRulesTestJSON:tearDownClass): 202 DELETE http://10.180.1.21/compute/v2.1/os-security-groups/b1da33d5-0c31-44a6-aca7-6e7161d7efcb 0.708s
2025-03-19 16:03:11.440 69201 INFO tempest.lib.common.rest_client [req-20348bf8-b149-4984-9433-84b64d63121c req-20348bf8-b149-4984-9433-84b64d63121c ] Request (FlavorsAdminTestJSON:test_list_public_flavor_with_other_user): 200 GET http://10.180.1.21/compute/v2.1/flavors/detail 0.506s
2025-03-19 16:03:11.451 69221 INFO tempest.lib.common.rest_client [req-eadb0539-d2ac-45b2-8d12-4faaa87e7574 req-eadb0539-d2ac-45b2-8d12-4faaa87e7574 ] Request (ServersListShow296Test:setUpClass): 201 POST http://10.180.1.21/identity/v3/users 0.059s
2025-03-19 16:03:11.478 69189 INFO tempest.lib.common.rest_client [req-e3473cdc-91b3-4ff3-9937-0df79d2969de req-e3473cdc-91b3-4ff3-9937-0df79d2969de ] Request (TenantUsagesTestJSON:tearDownClass): 204 DELETE http://10.180.1.21:9696/networking/v2.0/security-groups/aa231d06-973b-4518-9049-9f33ddeef8ea 0.121s
2025-03-19 16:03:11.478 69239 INFO tempest.lib.common.rest_client [req-a2333fd3-8e40-4d25-9250-c7dbbcdf7dbf req-a2333fd3-8e40-4d25-9250-c7dbbcdf7dbf ] Request (KeyPairsV22TestJSON:test_keypair_create_with_pub_key): 201 POST http://10.180.1.21/compute/v2.1/os-keypairs 0.350s
2025-03-19 16:03:11.507 69247 INFO tempest.lib.common.rest_client [req-14823d83-e5fe-4bf6-bf76-63f28e9fe62d req-14823d83-e5fe-4bf6-bf76-63f28e9fe62d ] Request (FloatingIPsTestJSON:tearDownClass): 204 DELETE http://10.180.1.21/identity/v3/users/4800f6f0122b408db317da2d4397df71 0.123s
2025-03-19 16:03:11.507 69247 INFO tempest.lib.common.dynamic_creds [-] Deleting project and security group for project: 8255b35812874952b58824925c9b3b7b
2025-03-19 16:03:11.518 69197 INFO tempest.lib.common.rest_client [req-c149ac51-f77c-4898-b64a-a1b82c7c17a9 req-c149ac51-f77c-4898-b64a-a1b82c7c17a9 ] Request (SecurityGroupRulesNegativeTestJSON:test_create_security_group_rule_with_invalid_port_range): 200 POST http://10.180.1.21/compute/v2.1/os-security-groups 0.640s
2025-03-19 16:03:11.540 69247 INFO tempest.lib.common.rest_client [req-8e911f2b-d4ff-4951-be6a-b2c70a4cc5dd req-8e911f2b-d4ff-4951-be6a-b2c70a4cc5dd ] Request (FloatingIPsTestJSON:tearDownClass): 200 GET http://10.180.1.21:9696/networking/v2.0/security-groups?tenant_id=8255b35812874952b58824925c9b3b7b&name=default 0.033s
2025-03-19 16:03:11.568 69221 INFO tempest.lib.common.rest_client [req-c72bb9d9-f53d-49de-b3c6-f8fe3e0a8566 req-c72bb9d9-f53d-49de-b3c6-f8fe3e0a8566 ] Request (ServersListShow296Test:setUpClass): 200 GET http://10.180.1.21/identity/v3/roles 0.117s
2025-03-19 16:03:11.588 69251 INFO tempest.lib.common.rest_client [req-9ce286ca-65f9-41ca-ae3a-6d87e9c0470c req-9ce286ca-65f9-41ca-ae3a-6d87e9c0470c ] Request (InstanceActionsTestJSON:setUpClass): 200 GET http://10.180.1.21/compute/v2.1/servers/df8e52cf-3cf4-4da1-bff5-0f250cfda4d9 0.230s
2025-03-19 16:03:11.606 69231 INFO tempest.lib.common.rest_client [req-272fdeac-144a-4e62-948d-38101fe22eed req-272fdeac-144a-4e62-948d-38101fe22eed ] Request (ServerDiagnosticsNegativeTest:tearDownClass): 200 GET http://10.180.1.21/compute/v2.1/servers/0e5c2fa2-4835-4546-9ae2-b54a56b5b5c7 0.356s
2025-03-19 16:03:11.610 69221 INFO tempest.lib.common.rest_client [req-234e4de8-9a3d-497a-a6d5-e191911ccc42 req-234e4de8-9a3d-497a-a6d5-e191911ccc42 ] Request (ServersListShow296Test:setUpClass): 204 PUT http://10.180.1.21/identity/v3/projects/1e6122e4e69b4be5a8b71381b4c99511/users/f1df347af2604814a709aa780695e41e/roles/9cb912bec6da40e4849c469bc918dda7 0.041s
2025-03-19 16:03:11.610 69221 INFO tempest.lib.common.dynamic_creds [-] Dynamic test user f1df347af2604814a709aa780695e41e is created with scope project and roles: ['member']
2025-03-19 16:03:11.610 69221 INFO tempest.lib.common.dynamic_creds [-] Acquired dynamic creds: credentials: Credentials: {'domain_id': 'default', 'domain_name': 'Default', 'username': 'tempest-ServersListShow296Test-678514452-project-member', 'project_domain_id': 'default', 'project_domain_name': 'Default', 'project_id': '1e6122e4e69b4be5a8b71381b4c99511', 'project_name': 'tempest-ServersListShow296Test-678514452', 'tenant_id': '1e6122e4e69b4be5a8b71381b4c99511', 'tenant_name': 'tempest-ServersListShow296Test-678514452', 'user_domain_id': 'default', 'user_domain_name': 'Default', 'user_id': 'f1df347af2604814a709aa780695e41e', 'system': None}, Network: None, Subnet: None, Router: None
2025-03-19 16:03:11.610 69221 INFO tempest.lib.common.dynamic_creds [-] Created isolated network resources for: credentials: Credentials: {'domain_id': 'default', 'domain_name': 'Default', 'username': 'tempest-ServersListShow296Test-678514452-project-member', 'project_domain_id': 'default', 'project_domain_name': 'Default', 'project_id': '1e6122e4e69b4be5a8b71381b4c99511', 'project_name': 'tempest-ServersListShow296Test-678514452', 'tenant_id': '1e6122e4e69b4be5a8b71381b4c99511', 'tenant_name': 'tempest-ServersListShow296Test-678514452', 'user_domain_id': 'default', 'user_domain_name': 'Default', 'user_id': 'f1df347af2604814a709aa780695e41e', 'system': None}, Network: None, Subnet: None, Router: None
2025-03-19 16:03:11.618 69203 INFO tempest.lib.common.rest_client [req-591cc9ce-27aa-49b1-9c5f-d47dc4c31e66 req-591cc9ce-27aa-49b1-9c5f-d47dc4c31e66 ] Request (ServicesAdminNegativeV253TestJSON:test_get_service_by_invalid_service_and_valid_host): 200 GET http://10.180.1.21/compute/v2.1/os-services 0.216s
2025-03-19 16:03:11.625 69189 INFO tempest.lib.common.rest_client [req-07819018-e89c-4f3d-bb80-a44ed826c4a6 req-07819018-e89c-4f3d-bb80-a44ed826c4a6 ] Request (TenantUsagesTestJSON:tearDownClass): 204 DELETE http://10.180.1.21/identity/v3/projects/39e1c236fc9e4155be68105eb1f62524 0.147s
2025-03-19 16:03:11.625 69189 INFO tempest.lib.common.dynamic_creds [-] Deleting project and security group for project: 1bb20cf8750b478b8f1a25f3413f5e1c
2025-03-19 16:03:11.664 69247 INFO tempest.lib.common.rest_client [req-0afe024a-ad94-49a6-8ade-9516636b61bf req-0afe024a-ad94-49a6-8ade-9516636b61bf ] Request (FloatingIPsTestJSON:tearDownClass): 204 DELETE http://10.180.1.21:9696/networking/v2.0/security-groups/c248fcae-f99a-4dc9-9d24-1cbcdc7128f1 0.123s
2025-03-19 16:03:11.672 69189 INFO tempest.lib.common.rest_client [req-2468be65-ee7d-41b9-a74e-30ee6a260aad req-2468be65-ee7d-41b9-a74e-30ee6a260aad ] Request (TenantUsagesTestJSON:tearDownClass): 200 GET http://10.180.1.21:9696/networking/v2.0/security-groups?tenant_id=1bb20cf8750b478b8f1a25f3413f5e1c&name=default 0.047s
2025-03-19 16:03:11.682 69199 INFO tempest.lib.common.rest_client [req-1fb9551e-ad9d-4491-93f0-a90adb31dc0b req-1fb9551e-ad9d-4491-93f0-a90adb31dc0b ] Request (ImagesNegativeTestJSON:test_create_image_from_deleted_server): 200 GET http://10.180.1.21/compute/v2.1/servers/94452cee-d071-4dc4-a073-0a42e72667c6 0.245s
