2025-03-19 16:02:56.696 69217 INFO tempest.lib.common.dynamic_creds [-] Created isolated network resources for: credentials: Credentials: {'domain_id': 'default', 'domain_name': 'Default', 'username': 'tempest-AttachInterfacesTestJSON-383484559-project-member', 'project_domain_id': 'default', 'project_domain_name': 'Default', 'project_id': '2c33e619a5cd4a7cb4406944a41746d1', 'project_name': 'tempest-AttachInterfacesTestJSON-383484559', 'tenant_id': '2c33e619a5cd4a7cb4406944a41746d1', 'tenant_name': 'tempest-AttachInterfacesTestJSON-383484559', 'user_domain_id': 'default', 'user_domain_name': 'Default', 'user_id': 'fb17fb618fad45b2a6dcd39895afae7b', 'system': None}, Network: {'id': 'bbe8b66c-e255-46d7-b97a-42980126c88b', 'name': 'tempest-AttachInterfacesTestJSON-1554702491-network', 'tenant_id': '2c33e619a5cd4a7cb4406944a41746d1', 'admin_state_up': True, 'mtu': 8950, 'status': 'ACTIVE', 'subnets': [], 'shared': False, 'project_id': '2c33e619a5cd4a7cb4406944a41746d1', 'port_security_enabled': True, 'router:external': False, 'provider:network_type': 'vlan', 'provider:physical_network': 'default', 'provider:segmentation_id': 435, 'availability_zone_hints': [], 'availability_zones': [], 'ipv4_address_scope': None, 'ipv6_address_scope': None, 'description': '', 'tags': [], 'created_at': '2025-03-19T16:02:51Z', 'updated_at': '2025-03-19T16:02:51Z', 'revision_number': 1}, Subnet: {'id': '03a88911-47a2-4b87-b7ac-06ca388a4888', 'name': 'tempest-AttachInterfacesTestJSON-1554702491-subnet', 'tenant_id': '2c33e619a5cd4a7cb4406944a41746d1', 'network_id': 'bbe8b66c-e255-46d7-b97a-42980126c88b', 'ip_version': 4, 'subnetpool_id': None, 'enable_dhcp': True, 'ipv6_ra_mode': None, 'ipv6_address_mode': None, 'gateway_ip': '192.168.128.1', 'cidr': '192.168.128.0/28', 'allocation_pools': [{'start': '192.168.128.2', 'end': '192.168.128.14'}], 'host_routes': [], 'dns_nameservers': [], 'description': '', 'router:external': False, 'service_types': [], 'tags': [], 'created_at': '2025-03-19T16:02:52Z', 'updated_at': '2025-03-19T16:02:52Z', 'revision_number': 0, 'project_id': '2c33e619a5cd4a7cb4406944a41746d1'}, Router: {'id': 'b6940070-6915-450a-b073-de7c23d3efd5', 'name': 'tempest-AttachInterfacesTestJSON-1554702491-router', 'tenant_id': '2c33e619a5cd4a7cb4406944a41746d1', 'admin_state_up': True, 'status': 'ACTIVE', 'external_gateway_info': {'network_id': '5a5eae42-733d-43d5-bea3-07908ec2ddb0', 'external_fixed_ips': [{'subnet_id': '9b772d4e-5f37-42f1-bf27-eef1c85b1ead', 'ip_address': '10.180.180.203'}], 'enable_snat': True}, 'description': '', 'availability_zones': [], 'distributed': False, 'ha': False, 'availability_zone_hints': [], 'routes': [], 'flavor_id': None, 'tags': [], 'created_at': '2025-03-19T16:02:52Z', 'updated_at': '2025-03-19T16:02:52Z', 'revision_number': 2, 'project_id': '2c33e619a5cd4a7cb4406944a41746d1'}
2025-03-19 16:02:56.710 69193 INFO tempest.lib.common.rest_client [req-69555a48-2a84-40c1-8732-ad8a4f09912b req-69555a48-2a84-40c1-8732-ad8a4f09912b ] Request (ServersAaction247Test:tearDownClass): 200 GET http://10.180.1.21/compute/v2.1/servers/0f622bbe-6d9c-455f-99df-066c2edf5a53 1.470s
2025-03-19 16:02:56.799 69217 INFO tempest.lib.common.rest_client [req-4964bc97-e5f7-4734-976a-45bf8e4fc719 req-4964bc97-e5f7-4734-976a-45bf8e4fc719 ] Request (AttachInterfacesTestJSON:setUpClass): 201 POST http://10.180.1.21/identity/v3/auth/tokens 0.096s
2025-03-19 16:02:56.976 69247 INFO tempest.lib.common.rest_client [req-249f3a21-fa70-4c67-9b59-2bd7dd82d162 req-249f3a21-fa70-4c67-9b59-2bd7dd82d162 ] Request (FloatingIPsTestJSON:setUpClass): 200 PUT http://10.180.1.21:9696/networking/v2.0/routers/d7f0ef6b-06b1-423d-a6d9-19fd9f928e45/add_router_interface 2.734s
2025-03-19 16:02:56.976 69247 INFO tempest.lib.common.dynamic_creds [-] Created isolated network resources for: credentials: Credentials: {'domain_id': 'default', 'domain_name': 'Default', 'username': 'tempest-FloatingIPsTestJSON-648908988-project-member', 'project_domain_id': 'default', 'project_domain_name': 'Default', 'project_id': '8255b35812874952b58824925c9b3b7b', 'project_name': 'tempest-FloatingIPsTestJSON-648908988', 'tenant_id': '8255b35812874952b58824925c9b3b7b', 'tenant_name': 'tempest-FloatingIPsTestJSON-648908988', 'user_domain_id': 'default', 'user_domain_name': 'Default', 'user_id': '4800f6f0122b408db317da2d4397df71', 'system': None}, Network: {'id': '994fcea6-4be1-48dc-98f4-5796527ec309', 'name': 'tempest-FloatingIPsTestJSON-661183413-network', 'tenant_id': '8255b35812874952b58824925c9b3b7b', 'admin_state_up': True, 'mtu': 8950, 'status': 'ACTIVE', 'subnets': [], 'shared': False, 'project_id': '8255b35812874952b58824925c9b3b7b', 'port_security_enabled': True, 'router:external': False, 'provider:network_type': 'vlan', 'provider:physical_network': 'default', 'provider:segmentation_id': 37, 'availability_zone_hints': [], 'availability_zones': [], 'ipv4_address_scope': None, 'ipv6_address_scope': None, 'description': '', 'tags': [], 'created_at': '2025-03-19T16:02:51Z', 'updated_at': '2025-03-19T16:02:51Z', 'revision_number': 1}, Subnet: {'id': 'd495ac61-d15f-4545-bd22-165ffe0aaf7b', 'name': 'tempest-FloatingIPsTestJSON-661183413-subnet', 'tenant_id': '8255b35812874952b58824925c9b3b7b', 'network_id': '994fcea6-4be1-48dc-98f4-5796527ec309', 'ip_version': 4, 'subnetpool_id': None, 'enable_dhcp': True, 'ipv6_ra_mode': None, 'ipv6_address_mode': None, 'gateway_ip': '192.168.128.1', 'cidr': '192.168.128.0/28', 'allocation_pools': [{'start': '192.168.128.2', 'end': '192.168.128.14'}], 'host_routes': [], 'dns_nameservers': [], 'description': '', 'router:external': False, 'service_types': [], 'tags': [], 'created_at': '2025-03-19T16:02:52Z', 'updated_at': '2025-03-19T16:02:52Z', 'revision_number': 0, 'project_id': '8255b35812874952b58824925c9b3b7b'}, Router: {'id': 'd7f0ef6b-06b1-423d-a6d9-19fd9f928e45', 'name': 'tempest-FloatingIPsTestJSON-661183413-router', 'tenant_id': '8255b35812874952b58824925c9b3b7b', 'admin_state_up': True, 'status': 'ACTIVE', 'external_gateway_info': {'network_id': '5a5eae42-733d-43d5-bea3-07908ec2ddb0', 'external_fixed_ips': [{'subnet_id': '9b772d4e-5f37-42f1-bf27-eef1c85b1ead', 'ip_address': '10.180.180.188'}], 'enable_snat': True}, 'description': '', 'availability_zones': [], 'distributed': False, 'ha': False, 'availability_zone_hints': [], 'routes': [], 'flavor_id': None, 'tags': [], 'created_at': '2025-03-19T16:02:52Z', 'updated_at': '2025-03-19T16:02:52Z', 'revision_number': 2, 'project_id': '8255b35812874952b58824925c9b3b7b'}
2025-03-19 16:02:57.034 69227 INFO tempest.lib.common.rest_client [req-e13c7afc-4a90-4598-a893-83da2a2b553c req-e13c7afc-4a90-4598-a893-83da2a2b553c ] Request (ServersAdminNegativeTestJSON:test_migrate_server_invalid_state): 202 POST http://10.180.1.21/compute/v2.1/servers 1.295s
2025-03-19 16:02:57.047 69197 INFO tempest.lib.common.rest_client [req-0b9d3584-dcc4-4584-9bd0-69257ee71f83 req-0b9d3584-dcc4-4584-9bd0-69257ee71f83 ] Request (QuotaClassesAdminTestJSON:tearDownClass): 200 GET http://10.180.1.21:9696/networking/v2.0/security-groups?tenant_id=bf27a492f6374f8ca962b2554ac42d0b&name=default 0.381s
2025-03-19 16:02:57.059 69243 INFO tempest.lib.common.rest_client [req-76712812-a8df-4bd5-987b-1dae91d8cd05 req-76712812-a8df-4bd5-987b-1dae91d8cd05 ] Request (SecurityGroupRulesTestJSON:test_security_group_rules_create_with_optional_group_id): 200 POST http://10.180.1.21/compute/v2.1/os-security-group-rules 1.783s
2025-03-19 16:02:57.062 69243 WARNING tempest.lib.common.rest_client [-] Deprecated: "tenant_id" property is deprecated for removal, use "project_id" instead
2025-03-19 16:02:57.072 69247 INFO tempest.lib.common.rest_client [req-577d1b54-6913-4e87-9e13-992e0fbd0686 req-577d1b54-6913-4e87-9e13-992e0fbd0686 ] Request (FloatingIPsTestJSON:setUpClass): 201 POST http://10.180.1.21/identity/v3/auth/tokens 0.088s
2025-03-19 16:02:57.192 69197 INFO tempest.lib.common.rest_client [req-4ee0de61-48db-45a2-ad86-1145aa3b6d47 req-4ee0de61-48db-45a2-ad86-1145aa3b6d47 ] Request (QuotaClassesAdminTestJSON:tearDownClass): 204 DELETE http://10.180.1.21:9696/networking/v2.0/security-groups/12c573db-c5a3-45d3-9bef-0d418541e4f6 0.144s
2025-03-19 16:02:57.213 69203 INFO tempest.lib.common.rest_client [req-673e6509-9ce4-40ab-aeb4-b757e69b354f req-673e6509-9ce4-40ab-aeb4-b757e69b354f ] Request (AggregatesAdminNegativeTestJSON:_run_cleanups): 200 POST http://10.180.1.21/compute/v2.1/os-aggregates/7/action 1.422s
2025-03-19 16:02:57.240 69249 INFO tempest.lib.common.rest_client [req-2d98f9ad-6c46-4717-8da3-53a987814004 req-2d98f9ad-6c46-4717-8da3-53a987814004 ] Request (ServersWithSpecificFlavorTestJSON:test_verify_created_server_ephemeral_disk): 200 GET http://10.180.1.21/compute/v2.1/servers/575d83bb-f897-4ec9-aae4-8948b0abe512 1.304s
2025-03-19 16:02:57.295 69197 INFO tempest.lib.common.rest_client [req-8146501b-7118-4f45-aed4-4c40be06ac5b req-8146501b-7118-4f45-aed4-4c40be06ac5b ] Request (QuotaClassesAdminTestJSON:tearDownClass): 204 DELETE http://10.180.1.21/identity/v3/projects/bf27a492f6374f8ca962b2554ac42d0b 0.103s
2025-03-19 16:02:57.296 69197 INFO tempest.lib.common.dynamic_creds [-] Deleting project and security group for project: 35fd3bb1adca426baf4e66c748254c8d
2025-03-19 16:02:57.320 69221 INFO tempest.lib.common.rest_client [req-0e9ebff1-254a-4d40-8e5b-f08eeae5875e req-0e9ebff1-254a-4d40-8e5b-f08eeae5875e ] Request (ServerPasswordTestJSON:tearDownClass): 200 GET http://10.180.1.21/compute/v2.1/servers/237f3caa-6dab-47aa-aa2a-65d95bdcc40f 1.103s
2025-03-19 16:02:57.321 69231 INFO tempest.lib.common.rest_client [req-4af1a505-324b-4be7-a835-003a47690d2d req-4af1a505-324b-4be7-a835-003a47690d2d ] Request (ServerDiagnosticsNegativeTest:test_get_server_diagnostics_by_non_admin): 200 GET http://10.180.1.21/compute/v2.1/servers/0e5c2fa2-4835-4546-9ae2-b54a56b5b5c7 1.156s
2025-03-19 16:02:57.328 69231 INFO tempest.common.waiters [-] State transition "BUILD/networking" ==> "BUILD/spawning" after 16 second wait
2025-03-19 16:02:57.385 69191 INFO tempest.lib.common.rest_client [req-d6efd553-131e-4559-ab3a-686420307960 req-d6efd553-131e-4559-ab3a-686420307960 ] Request (ServersTestJSON:setUpClass): 200 GET http://10.180.1.21/compute/v2.1/servers/31b939ea-8b15-4302-9656-791da7b0350b/os-interface 1.124s
2025-03-19 16:02:57.399 69201 INFO tempest.lib.common.rest_client [req-452a7ae0-72b1-455e-9026-d5e3e001b645 req-452a7ae0-72b1-455e-9026-d5e3e001b645 ] Request (FlavorsAdminTestJSON:test_is_public_string_variations): 200 GET http://10.180.1.21/compute/v2.1/flavors/detail?is_public=0 1.123s
2025-03-19 16:02:57.561 69213 INFO tempest.lib.common.rest_client [req-8c590f6b-3301-4ba1-98bf-426a6d20d1b4 req-8c590f6b-3301-4ba1-98bf-426a6d20d1b4 ] Request (SecurityGroupsNegativeTestJSON:test_delete_the_default_security_group): 200 GET http://10.180.1.21/compute/v2.1/os-security-groups 1.335s
2025-03-19 16:02:57.573 69197 INFO tempest.lib.common.rest_client [req-e00d552b-56c5-4192-869f-b46e9db09f18 req-e00d552b-56c5-4192-869f-b46e9db09f18 ] Request (QuotaClassesAdminTestJSON:tearDownClass): 200 GET http://10.180.1.21:9696/networking/v2.0/security-groups?tenant_id=35fd3bb1adca426baf4e66c748254c8d&name=default 0.277s
2025-03-19 16:02:57.621 69251 INFO tempest.lib.common.rest_client [req-9d372e1e-2aa5-4799-aca7-3b07d182c1ba req-9d372e1e-2aa5-4799-aca7-3b07d182c1ba ] Request (InstanceActionsTestJSON:setUpClass): 200 GET http://10.180.1.21/compute/v2.1/servers/df8e52cf-3cf4-4da1-bff5-0f250cfda4d9 1.270s
2025-03-19 16:02:57.638 69223 INFO tempest.lib.common.rest_client [req-b15fe350-f0d1-4fff-bc38-3fc6d057f575 req-b15fe350-f0d1-4fff-bc38-3fc6d057f575 ] Request (ListImagesTestJSON:test_get_image): 200 GET http://10.180.1.21/compute/v2.1/images/f385dd18-ac06-4518-90be-b739920d18c6 1.326s
2025-03-19 16:02:57.694 69199 INFO tempest.lib.common.rest_client [req-2d3a6d39-a6ab-407c-94e5-c9188d9c891d req-2d3a6d39-a6ab-407c-94e5-c9188d9c891d ] Request (ImagesNegativeTestJSON:test_create_image_from_deleted_server): 200 GET http://10.180.1.21/compute/v2.1/servers/94452cee-d071-4dc4-a073-0a42e72667c6 1.270s
2025-03-19 16:02:57.706 69197 INFO tempest.lib.common.rest_client [req-81eecb4c-1e6f-4445-8440-77a93adc94f6 req-81eecb4c-1e6f-4445-8440-77a93adc94f6 ] Request (QuotaClassesAdminTestJSON:tearDownClass): 204 DELETE http://10.180.1.21:9696/networking/v2.0/security-groups/6170487e-f0ea-46d6-9699-0d6e6f31612f 0.132s
2025-03-19 16:02:57.770 69219 INFO tempest.lib.common.rest_client [req-df59f8e7-aebf-457a-a0d9-eeaf1e2427a7 req-df59f8e7-aebf-457a-a0d9-eeaf1e2427a7 ] Request (ListImageFiltersTestJSON:setUpClass): 200 GET http://10.180.1.21/compute/v2.1/servers/9b09d19e-2506-413a-867d-8be41a5bada7 1.236s
2025-03-19 16:02:57.837 69197 INFO tempest.lib.common.rest_client [req-0793aad8-9bf6-4556-9269-9a85ecd75709 req-0793aad8-9bf6-4556-9269-9a85ecd75709 ] Request (QuotaClassesAdminTestJSON:tearDownClass): 204 DELETE http://10.180.1.21/identity/v3/projects/35fd3bb1adca426baf4e66c748254c8d 0.131s
2025-03-19 16:02:57.898 69197 INFO tempest.lib.common.rest_client [req-79dd93da-d00a-4136-a3db-c1e0a38855f9 req-79dd93da-d00a-4136-a3db-c1e0a38855f9 ] Request (SecurityGroupRulesNegativeTestJSON:setUpClass): 201 POST http://10.180.1.21/identity/v3/auth/tokens 0.059s
2025-03-19 16:02:57.977 69238 INFO tempest.lib.common.rest_client [req-d6e2ba9c-fc1b-4fef-80e4-72993e3d96f8 req-d6e2ba9c-fc1b-4fef-80e4-72993e3d96f8 ] Request (SecurityGroupsTestJSON:test_list_security_groups_by_server): 200 GET http://10.180.1.21/compute/v2.1/servers/774b87de-c90c-4537-ac67-17152e43395b 1.503s
2025-03-19 16:02:58.071 69197 INFO tempest.lib.common.rest_client [req-c4f8d40b-cfdd-4893-86a2-96d5c51ef998 req-c4f8d40b-cfdd-4893-86a2-96d5c51ef998 ] Request (SecurityGroupRulesNegativeTestJSON:setUpClass): 201 POST http://10.180.1.21/identity/v3/auth/tokens 0.170s
2025-03-19 16:02:58.104 69197 INFO tempest.lib.common.rest_client [req-45f37f36-ee3b-4a76-bad7-a43f9d87b273 req-45f37f36-ee3b-4a76-bad7-a43f9d87b273 ] Request (SecurityGroupRulesNegativeTestJSON:setUpClass): 200 GET http://10.180.1.21/identity/v3/domains?name=Default 0.033s
2025-03-19 16:02:58.141 69197 INFO tempest.lib.common.rest_client [req-c27540c8-bfed-4c6b-9884-094b3ba451bd req-c27540c8-bfed-4c6b-9884-094b3ba451bd ] Request (SecurityGroupRulesNegativeTestJSON:setUpClass): 201 POST http://10.180.1.21/identity/v3/projects 0.036s
2025-03-19 16:02:58.158 69241 INFO tempest.lib.common.rest_client [req-67bc94a8-0780-4732-8d1a-347bbec7ce93 req-67bc94a8-0780-4732-8d1a-347bbec7ce93 ] Request (InstanceActionsNegativeTestJSON:setUpClass): 200 GET http://10.180.1.21/compute/v2.1/servers/69176049-fec1-4283-b4e7-05bd67ee3eb0 1.475s
2025-03-19 16:02:58.165 69241 INFO tempest.common.waiters [-] State transition "BUILD/spawning" ==> "ACTIVE/None" after 28 second wait
2025-03-19 16:02:58.216 69197 INFO tempest.lib.common.rest_client [req-9ebea646-2da3-4571-8575-9fcf0f5c126c req-9ebea646-2da3-4571-8575-9fcf0f5c126c ] Request (SecurityGroupRulesNegativeTestJSON:setUpClass): 201 POST http://10.180.1.21/identity/v3/users 0.075s
2025-03-19 16:02:58.225 69207 INFO tempest.lib.common.rest_client [req-7de631a7-33b2-42b4-8576-7a38c40d7af6 req-7de631a7-33b2-42b4-8576-7a38c40d7af6 ] Request (FloatingIPsAssociationNegativeTestJSON:setUpClass): 200 GET http://10.180.1.21/compute/v2.1/servers/e5160d66-7228-4d64-9adf-d7c26c5fab5f 1.427s
2025-03-19 16:02:58.263 69197 INFO tempest.lib.common.rest_client [req-8544ae6c-80bf-49ac-8dea-a7ceaeb4a815 req-8544ae6c-80bf-49ac-8dea-a7ceaeb4a815 ] Request (SecurityGroupRulesNegativeTestJSON:setUpClass): 200 GET http://10.180.1.21/identity/v3/roles 0.046s
2025-03-19 16:02:58.308 69197 INFO tempest.lib.common.rest_client [req-49b33692-5684-4ea9-bb61-49f319d646d8 req-49b33692-5684-4ea9-bb61-49f319d646d8 ] Request (SecurityGroupRulesNegativeTestJSON:setUpClass): 204 PUT http://10.180.1.21/identity/v3/projects/c854207f3bc84e779bda704157a87f03/users/eda55049ecef48a8b29124c32ae82fc1/roles/9cb912bec6da40e4849c469bc918dda7 0.044s
2025-03-19 16:02:58.308 69197 INFO tempest.lib.common.dynamic_creds [-] Dynamic test user eda55049ecef48a8b29124c32ae82fc1 is created with scope project and roles: ['member']
2025-03-19 16:02:58.308 69197 INFO tempest.lib.common.dynamic_creds [-] Acquired dynamic creds: credentials: Credentials: {'domain_id': 'default', 'domain_name': 'Default', 'username': 'tempest-SecurityGroupRulesNegativeTestJSON-1876826406-project-member', 'project_domain_id': 'default', 'project_domain_name': 'Default', 'project_id': 'c854207f3bc84e779bda704157a87f03', 'project_name': 'tempest-SecurityGroupRulesNegativeTestJSON-1876826406', 'tenant_id': 'c854207f3bc84e779bda704157a87f03', 'tenant_name': 'tempest-SecurityGroupRulesNegativeTestJSON-1876826406', 'user_domain_id': 'default', 'user_domain_name': 'Default', 'user_id': 'eda55049ecef48a8b29124c32ae82fc1', 'system': None}, Network: None, Subnet: None, Router: None
2025-03-19 16:02:58.330 69239 INFO tempest.lib.common.rest_client [req-abf02091-f32f-4429-9a5c-85d0df433be9 req-abf02091-f32f-4429-9a5c-85d0df433be9 ] Request (FloatingIPDetailsTestJSON:_run_cleanups): 202 DELETE http://10.180.1.21/compute/v2.1/os-floating-ips/bd45f5b2-c605-4eda-a880-bda841cfc796 1.670s
2025-03-19 16:02:58.372 69191 INFO tempest.lib.common.rest_client [req-096deff6-42b3-4579-9d3d-aafe19e44f0b req-096deff6-42b3-4579-9d3d-aafe19e44f0b ] Request (ServersTestJSON:setUpClass): 200 PUT http://10.180.1.21:9696/networking/v2.0/floatingips/73632902-b774-47a4-8920-eb5f003d8f72 0.984s
2025-03-19 16:02:58.376 69197 INFO tempest.lib.common.rest_client [req-75c323a2-3ebc-406f-8641-32571223a706 req-75c323a2-3ebc-406f-8641-32571223a706 ] Request (SecurityGroupRulesNegativeTestJSON:setUpClass): 201 POST http://10.180.1.21/identity/v3/auth/tokens 0.068s
2025-03-19 16:02:58.386 69217 INFO tempest.lib.common.rest_client [req-ab688244-a828-464a-af2a-6e763a7869f1 req-ab688244-a828-464a-af2a-6e763a7869f1 ] Request (ValidationResourcesFixture:setUp): 200 POST http://10.180.1.21/compute/v2.1/os-keypairs 1.584s
2025-03-19 16:02:58.421 69189 INFO tempest.lib.common.rest_client [req-66661d69-d104-42ac-bcb4-7f11dd653f4a req-66661d69-d104-42ac-bcb4-7f11dd653f4a ] Request (TenantUsagesTestJSON:tearDownClass): 200 GET http://10.180.1.21/compute/v2.1/servers/790ddb20-f86b-4910-ba5d-aae16f8794be 1.509s
2025-03-19 16:02:58.493 69227 INFO tempest.lib.common.rest_client [req-7f6df387-eb5b-4848-a49b-58638ff8662d req-7f6df387-eb5b-4848-a49b-58638ff8662d ] Request (ServersAdminNegativeTestJSON:test_migrate_server_invalid_state): 200 GET http://10.180.1.21/compute/v2.1/servers/738adc74-ccb7-4788-89d9-4fe6873cbd30 1.457s
2025-03-19 16:02:58.611 69217 INFO tempest.lib.common.rest_client [req-0ff42a79-ec8c-4274-a98f-f7e7d54abadf req-0ff42a79-ec8c-4274-a98f-f7e7d54abadf ] Request (ValidationResourcesFixture:setUp): 201 POST http://10.180.1.21:9696/networking/v2.0/security-groups 0.223s
2025-03-19 16:02:58.614 69215 INFO tempest.lib.common.rest_client [req-36057727-cd84-4d59-8123-4f0253574f94 req-36057727-cd84-4d59-8123-4f0253574f94 ] Request (VolumesAssistedSnapshotsTest:test_volume_assisted_snapshot_create_delete): 200 GET http://10.180.1.21/compute/v2.1/servers/545fb708-58ee-4c11-9099-8a507960f7ab 1.668s
2025-03-19 16:02:58.662 69243 INFO tempest.lib.common.rest_client [req-67bbc469-e9e2-40a8-a424-00cb016c617a req-67bbc469-e9e2-40a8-a424-00cb016c617a ] Request (SecurityGroupRulesTestJSON:test_security_group_rules_delete_when_peer_group_deleted): 200 POST http://10.180.1.21/compute/v2.1/os-security-groups 1.591s
2025-03-19 16:02:58.696 69203 INFO tempest.lib.common.rest_client [req-8532f523-5007-46a8-b2ae-9de8b6731fa6 req-8532f523-5007-46a8-b2ae-9de8b6731fa6 ] Request (AggregatesAdminNegativeTestJSON:_run_cleanups): 200 DELETE http://10.180.1.21/compute/v2.1/os-aggregates/7 1.480s
2025-03-19 16:02:58.766 69205 WARNING tempest.lib.common.ssh [-] Failed to establish authenticated ssh connection to cirros@10.180.180.190 ([Errno None] Unable to connect to port 22 on 10.180.180.190). Number attempts: 1. Retry after 2 seconds.: paramiko.ssh_exception.NoValidConnectionsError: [Errno None] Unable to connect to port 22 on 10.180.180.190
2025-03-19 16:02:58.781 69195 INFO tempest.lib.common.rest_client [req-28a104e6-8845-4e81-a008-d033f2b003c7 req-28a104e6-8845-4e81-a008-d033f2b003c7 ] Request (ServerDiagnosticsTest:tearDownClass): 200 GET http://10.180.1.21/compute/v2.1/servers/4b9f7eb7-b2e3-4a90-9cc9-0f8dc1b7b47c 1.553s
2025-03-19 16:02:58.787 69217 INFO tempest.lib.common.rest_client [req-1d6bac06-d27c-48e0-aa93-938dca3b8664 req-1d6bac06-d27c-48e0-aa93-938dca3b8664 ] Request (ValidationResourcesFixture:setUp): 201 POST http://10.180.1.21:9696/networking/v2.0/security-group-rules 0.175s
2025-03-19 16:02:58.802 69197 INFO tempest.lib.common.rest_client [req-e24320b4-8e6d-4ac8-8f2c-4961d2a18aca req-e24320b4-8e6d-4ac8-8f2c-4961d2a18aca ] Request (SecurityGroupRulesNegativeTestJSON:setUpClass): 201 POST http://10.180.1.21:9696/networking/v2.0/networks 0.425s
2025-03-19 16:02:58.850 69225 INFO tempest.lib.common.rest_client [req-2a395ff6-f89d-4ec9-8564-201c6ce3e0c3 req-2a395ff6-f89d-4ec9-8564-201c6ce3e0c3 ] Request (ServerDiagnosticsV248Test:test_get_server_diagnostics): 200 GET http://10.180.1.21/compute/v2.1/servers/c9261fcc-7aa8-4afb-aa30-57df0ef71a44 1.475s
2025-03-19 16:02:58.862 69225 INFO tempest.common.waiters [-] State transition "BUILD/None" ==> "BUILD/block_device_mapping" after 16 second wait
2025-03-19 16:02:58.916 69217 INFO tempest.lib.common.rest_client [req-999984f9-b772-4f01-8cfc-87717514d4b7 req-999984f9-b772-4f01-8cfc-87717514d4b7 ] Request (ValidationResourcesFixture:setUp): 201 POST http://10.180.1.21:9696/networking/v2.0/security-group-rules 0.127s
2025-03-19 16:02:58.930 69211 INFO tempest.lib.common.rest_client [req-74561654-f7e1-4eab-8403-2a7c5043608f req-74561654-f7e1-4eab-8403-2a7c5043608f ] Request (ServerActionsTestJSON:setUpClass): 200 GET http://10.180.1.21/compute/v2.1/servers/fe5cc7b3-155a-437c-b04c-32bbfff60809 1.538s
2025-03-19 16:02:58.958 69201 INFO tempest.lib.common.rest_client [req-cf4218c8-a6d3-4dcd-9619-327a8414bfdb req-cf4218c8-a6d3-4dcd-9619-327a8414bfdb ] Request (FlavorsAdminTestJSON:test_is_public_string_variations): 200 GET http://10.180.1.21/compute/v2.1/flavors/detail?is_public=t 1.557s
2025-03-19 16:02:59.000 69209 INFO tempest.lib.common.rest_client [req-7281951b-a673-48d4-89b3-f360007127d8 req-7281951b-a673-48d4-89b3-f360007127d8 ] Request (ImagesTestJSON:test_create_image_from_stopped_server): 200 GET http://10.180.1.21/compute/v2.1/images/2214d8dc-28bf-4532-9a71-422e211fe949 1.569s
2025-03-19 16:02:59.081 69233 INFO tempest.lib.common.rest_client [req-0d688260-9b34-4ecb-8447-cd3cbbe9ec24 req-0d688260-9b34-4ecb-8447-cd3cbbe9ec24 ] Request (DeleteServersAdminTestJSON:test_admin_delete_servers_of_others): 200 GET http://10.180.1.21/compute/v2.1/servers/ca6e6a64-d15e-4c0d-b236-61975052da70 1.567s
2025-03-19 16:02:59.086 69197 INFO tempest.lib.common.rest_client [req-18692e1c-0975-4997-a655-34be5cd097c3 req-18692e1c-0975-4997-a655-34be5cd097c3 ] Request (SecurityGroupRulesNegativeTestJSON:setUpClass): 201 POST http://10.180.1.21:9696/networking/v2.0/subnets 0.283s
2025-03-19 16:02:59.308 69213 INFO tempest.lib.common.rest_client [req-7afab376-3daf-4e94-ac8e-7d92b9610040 req-7afab376-3daf-4e94-ac8e-7d92b9610040 ] Request (SecurityGroupsNegativeTestJSON:test_delete_the_default_security_group): 400 DELETE http://10.180.1.21/compute/v2.1/os-security-groups/be1a832c-7f92-4be0-b81e-b885d2dc77af 1.742s
2025-03-19 16:02:59.400 69247 INFO tempest.lib.common.rest_client [req-138d0db6-f0c2-45e7-8327-d6ab93aa434b req-138d0db6-f0c2-45e7-8327-d6ab93aa434b ] Request (FloatingIPsTestJSON:test_allocate_floating_ip): 200 POST http://10.180.1.21/compute/v2.1/os-floating-ips 2.326s
2025-03-19 16:02:59.460 69223 INFO tempest.lib.common.rest_client [req-30a1a8a0-3cb7-456e-9d1d-6dbacc38cde2 req-30a1a8a0-3cb7-456e-9d1d-6dbacc38cde2 ] Request (ListImagesTestJSON:test_list_images): 200 GET http://10.180.1.21/compute/v2.1/images 1.816s
2025-03-19 16:02:59.491 69245 INFO tempest.lib.common.rest_client [req-e842a853-b5aa-462a-b93d-1e763cf89f38 req-e842a853-b5aa-462a-b93d-1e763cf89f38 ] Request (MigrationsAdminTest:test_list_migrations_in_flavor_resize_situation): 200 GET http://10.180.1.21/compute/v2.1/servers/db3e747b-e648-4fc2-86a1-d2e6ff48db08 1.884s
2025-03-19 16:02:59.531 69241 INFO tempest.lib.common.rest_client [req-258c11c2-59c5-43a2-8851-2f96d6f703f2 req-258c11c2-59c5-43a2-8851-2f96d6f703f2 ] Request (InstanceActionsNegativeTestJSON:test_get_instance_action_invalid_request): 404 GET http://10.180.1.21/compute/v2.1/servers/69176049-fec1-4283-b4e7-05bd67ee3eb0/os-instance-actions/999 1.365s
2025-03-19 16:02:59.546 69193 INFO tempest.lib.common.rest_client [req-cc3d64e8-9a49-4bd7-be7d-2f7321e40756 req-cc3d64e8-9a49-4bd7-be7d-2f7321e40756 ] Request (ServersAaction247Test:tearDownClass): 200 GET http://10.180.1.21/compute/v2.1/servers/0f622bbe-6d9c-455f-99df-066c2edf5a53 1.816s
2025-03-19 16:02:59.557 69193 INFO tempest.common.waiters [-] State transition "ACTIVE/deleting" ==> "DELETED/None" after 5 second wait
2025-03-19 16:02:59.633 69231 INFO tempest.lib.common.rest_client [req-465ddf05-bdf7-49e2-86d9-756e9f9bae40 req-465ddf05-bdf7-49e2-86d9-756e9f9bae40 ] Request (ServerDiagnosticsNegativeTest:test_get_server_diagnostics_by_non_admin): 200 GET http://10.180.1.21/compute/v2.1/servers/0e5c2fa2-4835-4546-9ae2-b54a56b5b5c7 1.303s
2025-03-19 16:02:59.683 69217 INFO tempest.lib.common.rest_client [req-d1c24031-68e1-45c9-a01f-ac9e9e08119a req-d1c24031-68e1-45c9-a01f-ac9e9e08119a ] Request (ValidationResourcesFixture:setUp): 201 POST http://10.180.1.21:9696/networking/v2.0/floatingips 0.766s
2025-03-19 16:02:59.740 69239 INFO tempest.lib.common.rest_client [req-76485109-f0b0-40d5-a47b-7c349c40d55a req-76485109-f0b0-40d5-a47b-7c349c40d55a ] Request (FloatingIPDetailsTestJSON:test_list_floating_ips): 200 GET http://10.180.1.21/compute/v2.1/os-floating-ips 1.408s
2025-03-19 16:02:59.774 69217 INFO tempest.lib.common.rest_client [req-332d5134-9e55-4158-921f-88746e143364 req-332d5134-9e55-4158-921f-88746e143364 ] Request (AttachInterfacesTestJSON:test_create_list_show_delete_interfaces_by_fixed_ip): 201 POST http://10.180.1.21/identity/v3/auth/tokens 0.088s
2025-03-19 16:02:59.775 69217 INFO tempest.lib.common.fixed_network [-] (AttachInterfacesTestJSON:test_create_list_show_delete_interfaces_by_fixed_ip) Found network {'id': 'bbe8b66c-e255-46d7-b97a-42980126c88b', 'name': 'tempest-AttachInterfacesTestJSON-1554702491-network', 'tenant_id': '2c33e619a5cd4a7cb4406944a41746d1', 'admin_state_up': True, 'mtu': 8950, 'status': 'ACTIVE', 'subnets': [], 'shared': False, 'project_id': '2c33e619a5cd4a7cb4406944a41746d1', 'port_security_enabled': True, 'router:external': False, 'provider:network_type': 'vlan', 'provider:physical_network': 'default', 'provider:segmentation_id': 435, 'availability_zone_hints': [], 'availability_zones': [], 'ipv4_address_scope': None, 'ipv6_address_scope': None, 'description': '', 'tags': [], 'created_at': '2025-03-19T16:02:51Z', 'updated_at': '2025-03-19T16:02:51Z', 'revision_number': 1} available for tenant
2025-03-19 16:02:59.830 69221 INFO tempest.lib.common.rest_client [req-9adf6cf3-2ab1-4b40-9138-26219bb7ffef req-9adf6cf3-2ab1-4b40-9138-26219bb7ffef ] Request (ServerPasswordTestJSON:tearDownClass): 200 GET http://10.180.1.21/compute/v2.1/servers/237f3caa-6dab-47aa-aa2a-65d95bdcc40f 1.498s
2025-03-19 16:02:59.932 69191 INFO tempest.lib.common.rest_client [req-d2958a1b-8bd2-45d6-9ad9-6c2c2ae3a16b req-d2958a1b-8bd2-45d6-9ad9-6c2c2ae3a16b ] Request (ServersTestJSON:setUpClass): 200 GET http://10.180.1.21/compute/v2.1/servers/31b939ea-8b15-4302-9656-791da7b0350b 1.559s
2025-03-19 16:02:59.940 69191 INFO tempest.lib.common.ssh [-] Creating ssh connection to '10.180.180.215:22' as 'cirros' with public key authentication
2025-03-19 16:02:59.988 69251 INFO tempest.lib.common.rest_client [req-b874b12f-aac1-44fa-b6bc-e864f01d9037 req-b874b12f-aac1-44fa-b6bc-e864f01d9037 ] Request (InstanceActionsTestJSON:setUpClass): 200 GET http://10.180.1.21/compute/v2.1/servers/df8e52cf-3cf4-4da1-bff5-0f250cfda4d9 1.357s
2025-03-19 16:03:00.005 69249 INFO tempest.lib.common.rest_client [req-49d093de-b27c-4f03-ad19-17def46fa460 req-49d093de-b27c-4f03-ad19-17def46fa460 ] Request (ServersWithSpecificFlavorTestJSON:test_verify_created_server_ephemeral_disk): 200 GET http://10.180.1.21/compute/v2.1/servers/575d83bb-f897-4ec9-aae4-8948b0abe512 1.754s
2025-03-19 16:03:00.047 69203 INFO tempest.lib.common.rest_client [req-8662c300-df0f-42d5-a38c-b4072b05b868 req-8662c300-df0f-42d5-a38c-b4072b05b868 ] Request (AggregatesAdminNegativeTestJSON:test_aggregate_remove_nonexistent_host): 200 POST http://10.180.1.21/compute/v2.1/os-aggregates 1.349s
2025-03-19 16:03:00.110 69199 INFO tempest.lib.common.rest_client [req-fa004382-1b09-4387-96dd-288de0128c55 req-fa004382-1b09-4387-96dd-288de0128c55 ] Request (ImagesNegativeTestJSON:test_create_image_from_deleted_server): 200 GET http://10.180.1.21/compute/v2.1/servers/94452cee-d071-4dc4-a073-0a42e72667c6 1.400s
2025-03-19 16:03:00.171 69219 INFO tempest.lib.common.rest_client [req-077e4a12-4fba-4168-88ca-0057ff161754 req-077e4a12-4fba-4168-88ca-0057ff161754 ] Request (ListImageFiltersTestJSON:setUpClass): 200 GET http://10.180.1.21/compute/v2.1/servers/9b09d19e-2506-413a-867d-8be41a5bada7 1.392s
2025-03-19 16:03:00.200 69201 INFO tempest.lib.common.rest_client [req-0e17635b-0e72-48b0-b51b-35efbdf4a3cb req-0e17635b-0e72-48b0-b51b-35efbdf4a3cb ] Request (FlavorsAdminTestJSON:test_is_public_string_variations): 200 GET http://10.180.1.21/compute/v2.1/flavors/detail?is_public=true 1.235s
2025-03-19 16:03:00.273 69238 INFO tempest.lib.common.rest_client [req-1ff9a8b5-fea0-4510-b13a-1331767e6da9 req-1ff9a8b5-fea0-4510-b13a-1331767e6da9 ] Request (SecurityGroupsTestJSON:test_list_security_groups_by_server): 200 GET http://10.180.1.21/compute/v2.1/servers/774b87de-c90c-4537-ac67-17152e43395b 1.287s
2025-03-19 16:03:00.325 69243 INFO tempest.lib.common.rest_client [req-d7332935-d384-4912-8607-3b5dcb603e60 req-d7332935-d384-4912-8607-3b5dcb603e60 ] Request (SecurityGroupRulesTestJSON:test_security_group_rules_delete_when_peer_group_deleted): 200 POST http://10.180.1.21/compute/v2.1/os-security-groups 1.657s
2025-03-19 16:03:00.335 69207 INFO tempest.lib.common.rest_client [req-ccc34ca4-8b32-418d-803c-a59e43c23ccf req-ccc34ca4-8b32-418d-803c-a59e43c23ccf ] Request (FloatingIPsAssociationNegativeTestJSON:setUpClass): 200 GET http://10.180.1.21/compute/v2.1/servers/e5160d66-7228-4d64-9adf-d7c26c5fab5f 1.097s
2025-03-19 16:03:00.342 69207 INFO tempest.common.waiters [-] State transition "BUILD/scheduling" ==> "BUILD/None" after 11 second wait
2025-03-19 16:03:00.384 69213 INFO tempest.lib.common.rest_client [req-d134cb41-dbf3-4bc8-b85f-cd45f2df16d8 req-d134cb41-dbf3-4bc8-b85f-cd45f2df16d8 ] Request (SecurityGroupsNegativeTestJSON:test_security_group_get_nonexistent_group): 404 GET http://10.180.1.21/compute/v2.1/os-security-groups/b3b68dc4-9cbc-4d05-9dab-3b053cc74ce4 1.065s
2025-03-19 16:03:00.451 69247 INFO tempest.lib.common.rest_client [req-0fe54086-6fd9-45f8-be99-63ba96085eed req-0fe54086-6fd9-45f8-be99-63ba96085eed ] Request (FloatingIPsTestJSON:test_allocate_floating_ip): 200 GET http://10.180.1.21/compute/v2.1/os-floating-ips/830c00b7-1ca4-4cc7-ad16-cbb50040730c 1.048s
2025-03-19 16:03:00.490 69223 INFO tempest.lib.common.rest_client [req-2ac16fdf-3fc3-432b-8245-afc4fc3c88a5 req-2ac16fdf-3fc3-432b-8245-afc4fc3c88a5 ] Request (ListImagesTestJSON:test_list_images_with_detail): 200 GET http://10.180.1.21/compute/v2.1/images/detail 1.026s
2025-03-19 16:03:00.509 69189 INFO tempest.lib.common.rest_client [req-11394b91-e4bb-46d6-8b9a-4600ddfac658 req-11394b91-e4bb-46d6-8b9a-4600ddfac658 ] Request (TenantUsagesTestJSON:tearDownClass): 200 GET http://10.180.1.21/compute/v2.1/servers/790ddb20-f86b-4910-ba5d-aae16f8794be 1.079s
2025-03-19 16:03:00.525 69241 INFO tempest.lib.common.rest_client [req-a9c0cc90-c5e4-49b0-997c-9ac1f2fa3ab5 req-a9c0cc90-c5e4-49b0-997c-9ac1f2fa3ab5 ] Request (InstanceActionsNegativeTestJSON:test_list_instance_actions_non_existent_server): 404 GET http://10.180.1.21/compute/v2.1/servers/1b6c9fc9-7dba-40c3-877d-fcea26bdf84f/os-instance-actions 0.992s
2025-03-19 16:03:00.556 69227 INFO tempest.lib.common.rest_client [req-091aace0-1454-4a58-ae43-0ede1a2dd239 req-091aace0-1454-4a58-ae43-0ede1a2dd239 ] Request (ServersAdminNegativeTestJSON:test_migrate_server_invalid_state): 200 GET http://10.180.1.21/compute/v2.1/servers/738adc74-ccb7-4788-89d9-4fe6873cbd30 1.047s
2025-03-19 16:03:00.611 69223 INFO tempest.lib.common.rest_client [req-a0ce5c24-60a9-46e2-b361-992f362a3325 req-a0ce5c24-60a9-46e2-b361-992f362a3325 ] Request (ListImagesTestJSON:tearDownClass): 204 DELETE http://10.180.1.21/identity/v3/users/8ea907e28a6b4bef96365c126b4ec743 0.114s
2025-03-19 16:03:00.611 69223 INFO tempest.lib.common.dynamic_creds [-] Deleting project and security group for project: a87c6f48ea8042bb9f467929416b5d9a
2025-03-19 16:03:00.689 69223 INFO tempest.lib.common.rest_client [req-c89dd8c2-bd98-4ce5-a3e7-37049fb018b9 req-c89dd8c2-bd98-4ce5-a3e7-37049fb018b9 ] Request (ListImagesTestJSON:tearDownClass): 201 POST http://10.180.1.21/identity/v3/auth/tokens 0.077s
2025-03-19 16:03:00.748 69197 INFO tempest.lib.common.rest_client [req-99b5aea7-affa-408d-8521-939c1beb7ef9 req-99b5aea7-affa-408d-8521-939c1beb7ef9 ] Request (SecurityGroupRulesNegativeTestJSON:setUpClass): 201 POST http://10.180.1.21:9696/networking/v2.0/routers 1.661s
2025-03-19 16:03:00.801 69215 INFO tempest.lib.common.rest_client [req-3a7489c9-a2b7-40bb-9023-e3c309169514 req-3a7489c9-a2b7-40bb-9023-e3c309169514 ] Request (VolumesAssistedSnapshotsTest:test_volume_assisted_snapshot_create_delete): 200 GET http://10.180.1.21/compute/v2.1/servers/545fb708-58ee-4c11-9099-8a507960f7ab 1.178s
2025-03-19 16:03:01.002 69223 INFO tempest.lib.common.rest_client [req-033b86ac-8072-47b4-b458-eb1b0244c6f4 req-033b86ac-8072-47b4-b458-eb1b0244c6f4 ] Request (ListImagesTestJSON:tearDownClass): 200 GET http://10.180.1.21:9696/networking/v2.0/security-groups?tenant_id=a87c6f48ea8042bb9f467929416b5d9a&name=default 0.313s
2025-03-19 16:03:01.025 69239 INFO tempest.lib.common.rest_client [req-32ab442d-9bdd-4337-a0e0-6d0a2171b4c5 req-32ab442d-9bdd-4337-a0e0-6d0a2171b4c5 ] Request (FloatingIPDetailsTestJSON:tearDownClass): 202 DELETE http://10.180.1.21/compute/v2.1/os-floating-ips/567ddc88-ce33-4fc7-8c8f-1a9f6174ad8b 1.279s
2025-03-19 16:03:01.149 69195 INFO tempest.lib.common.rest_client [req-37906d1c-cbfa-4447-803b-2a89d5aabd58 req-37906d1c-cbfa-4447-803b-2a89d5aabd58 ] Request (ServerDiagnosticsTest:tearDownClass): 200 GET http://10.180.1.21/compute/v2.1/servers/4b9f7eb7-b2e3-4a90-9cc9-0f8dc1b7b47c 1.353s
2025-03-19 16:03:01.186 69223 INFO tempest.lib.common.rest_client [req-db27446d-1810-45af-9d97-3118174c116d req-db27446d-1810-45af-9d97-3118174c116d ] Request (ListImagesTestJSON:tearDownClass): 204 DELETE http://10.180.1.21:9696/networking/v2.0/security-groups/3b200935-d628-41b1-83c8-79c2fd3d78f3 0.183s
2025-03-19 16:03:01.219 69225 INFO tempest.lib.common.rest_client [req-a3bf234e-ebcb-4cff-a5f5-e6493a630dd2 req-a3bf234e-ebcb-4cff-a5f5-e6493a630dd2 ] Request (ServerDiagnosticsV248Test:test_get_server_diagnostics): 200 GET http://10.180.1.21/compute/v2.1/servers/c9261fcc-7aa8-4afb-aa30-57df0ef71a44 1.355s
2025-03-19 16:03:01.231 69225 INFO tempest.common.waiters [-] State transition "BUILD/block_device_mapping" ==> "BUILD/spawning" after 19 second wait
2025-03-19 16:03:01.269 69223 INFO tempest.lib.common.rest_client [req-e34276df-1326-46df-84f3-cc23b6e08cdc req-e34276df-1326-46df-84f3-cc23b6e08cdc ] Request (ListImagesTestJSON:tearDownClass): 204 DELETE http://10.180.1.21/identity/v3/projects/a87c6f48ea8042bb9f467929416b5d9a 0.082s
2025-03-19 16:03:01.288 69211 INFO tempest.lib.common.rest_client [req-d3ac8e69-344e-48b6-9336-e693942ca705 req-d3ac8e69-344e-48b6-9336-e693942ca705 ] Request (ServerActionsTestJSON:setUpClass): 200 GET http://10.180.1.21/compute/v2.1/servers/fe5cc7b3-155a-437c-b04c-32bbfff60809 1.339s
2025-03-19 16:03:01.325 69209 INFO tempest.lib.common.rest_client [req-76819e02-1f71-46ff-ba01-0d3f4638ac4f req-76819e02-1f71-46ff-ba01-0d3f4638ac4f ] Request (ImagesTestJSON:test_create_image_from_stopped_server): 200 GET http://10.180.1.21/compute/v2.1/images/2214d8dc-28bf-4532-9a71-422e211fe949 1.312s
2025-03-19 16:03:01.353 69203 INFO tempest.lib.common.rest_client [req-ba84b290-cfee-4e93-858e-2a3f056b2aa7 req-ba84b290-cfee-4e93-858e-2a3f056b2aa7 ] Request (AggregatesAdminNegativeTestJSON:test_aggregate_remove_nonexistent_host): 404 POST http://10.180.1.21/compute/v2.1/os-aggregates/8/action 1.303s
2025-03-19 16:03:01.366 69223 INFO tempest.lib.common.rest_client [req-b3713c8d-1128-40a0-b853-e46373359017 req-b3713c8d-1128-40a0-b853-e46373359017 ] Request (AbsoluteLimitsTestJSON:setUpClass): 201 POST http://10.180.1.21/identity/v3/auth/tokens 0.094s
2025-03-19 16:03:01.378 69233 INFO tempest.lib.common.rest_client [req-ce059930-1411-43cf-aac2-b6c611bff7ff req-ce059930-1411-43cf-aac2-b6c611bff7ff ] Request (DeleteServersAdminTestJSON:test_admin_delete_servers_of_others): 404 GET http://10.180.1.21/compute/v2.1/servers/ca6e6a64-d15e-4c0d-b236-61975052da70 1.284s
2025-03-19 16:03:01.403 69201 INFO tempest.lib.common.rest_client [req-2f1bf47a-1afd-4370-a9ab-e73cfa2e3e03 req-2f1bf47a-1afd-4370-a9ab-e73cfa2e3e03 ] Request (FlavorsAdminTestJSON:test_is_public_string_variations): 200 GET http://10.180.1.21/compute/v2.1/flavors/detail?is_public=yes 1.198s
2025-03-19 16:03:01.414 69223 INFO tempest.lib.common.rest_client [req-070ad4c5-f697-4a18-84a4-4d1ab1cf64aa req-070ad4c5-f697-4a18-84a4-4d1ab1cf64aa ] Request (AbsoluteLimitsTestJSON:setUpClass): 201 POST http://10.180.1.21/identity/v3/auth/tokens 0.044s
2025-03-19 16:03:01.438 69217 INFO tempest.lib.common.rest_client [req-56bbe9b8-2acd-4f28-9bd8-1262960f8507 req-56bbe9b8-2acd-4f28-9bd8-1262960f8507 ] Request (AttachInterfacesTestJSON:test_create_list_show_delete_interfaces_by_fixed_ip): 202 POST http://10.180.1.21/compute/v2.1/servers 1.661s
2025-03-19 16:03:01.446 69223 INFO tempest.lib.common.rest_client [req-f4cca8e4-d3b6-451b-9f16-e38abf395584 req-f4cca8e4-d3b6-451b-9f16-e38abf395584 ] Request (AbsoluteLimitsTestJSON:setUpClass): 200 GET http://10.180.1.21/identity/v3/domains?name=Default 0.032s
2025-03-19 16:03:01.448 69233 INFO tempest.lib.common.rest_client [req-f6f76c49-d187-4508-adb0-6e2c218834a9 req-f6f76c49-d187-4508-adb0-6e2c218834a9 ] Request (DeleteServersAdminTestJSON:test_delete_server_while_in_error_state): 201 POST http://10.180.1.21/identity/v3/auth/tokens 0.058s
2025-03-19 16:03:01.449 69233 INFO tempest.lib.common.fixed_network [-] (DeleteServersAdminTestJSON:test_delete_server_while_in_error_state) Found network None available for tenant
2025-03-19 16:03:01.463 69213 INFO tempest.lib.common.rest_client [req-d982d765-4c53-4bde-a5af-4c8327c775d5 req-d982d765-4c53-4bde-a5af-4c8327c775d5 ] Request (SecurityGroupsNegativeTestJSON:test_update_non_existent_security_group): 404 PUT http://10.180.1.21/compute/v2.1/os-security-groups/9f85a266-97ce-40f7-84f3-bcef06cf9b74 1.074s
2025-03-19 16:03:01.481 69223 INFO tempest.lib.common.rest_client [req-25a3f118-38b3-484b-b189-48106c60dcc4 req-25a3f118-38b3-484b-b189-48106c60dcc4 ] Request (AbsoluteLimitsTestJSON:setUpClass): 201 POST http://10.180.1.21/identity/v3/projects 0.034s
2025-03-19 16:03:01.586 69223 INFO tempest.lib.common.rest_client [req-7e3eef0d-4b87-472f-903a-03b024f049a1 req-7e3eef0d-4b87-472f-903a-03b024f049a1 ] Request (AbsoluteLimitsTestJSON:setUpClass): 201 POST http://10.180.1.21/identity/v3/users 0.104s
2025-03-19 16:03:01.619 69223 INFO tempest.lib.common.rest_client [req-9c22d902-6deb-4117-ac0b-ea2a8e0c4d8c req-9c22d902-6deb-4117-ac0b-ea2a8e0c4d8c ] Request (AbsoluteLimitsTestJSON:setUpClass): 200 GET http://10.180.1.21/identity/v3/roles 0.032s
2025-03-19 16:03:01.652 69247 INFO tempest.lib.common.rest_client [req-a1a92337-3738-4e57-adf0-f767921a5c32 req-a1a92337-3738-4e57-adf0-f767921a5c32 ] Request (FloatingIPsTestJSON:test_allocate_floating_ip): 200 GET http://10.180.1.21/compute/v2.1/os-floating-ips 1.198s
2025-03-19 16:03:01.654 69223 INFO tempest.lib.common.rest_client [req-2a40899c-e5ea-4636-a1d7-96db1411fec7 req-2a40899c-e5ea-4636-a1d7-96db1411fec7 ] Request (AbsoluteLimitsTestJSON:setUpClass): 204 PUT http://10.180.1.21/identity/v3/projects/01e6526c6b0849e1a2c8e0012c939ee2/users/948b785ec0624742aa31ea4c6cb5058d/roles/9cb912bec6da40e4849c469bc918dda7 0.035s
2025-03-19 16:03:01.654 69223 INFO tempest.lib.common.dynamic_creds [-] Dynamic test user 948b785ec0624742aa31ea4c6cb5058d is created with scope project and roles: ['member']
2025-03-19 16:03:01.655 69223 INFO tempest.lib.common.dynamic_creds [-] Acquired dynamic creds: credentials: Credentials: {'domain_id': 'default', 'domain_name': 'Default', 'username': 'tempest-AbsoluteLimitsTestJSON-177639345-project-member', 'project_domain_id': 'default', 'project_domain_name': 'Default', 'project_id': '01e6526c6b0849e1a2c8e0012c939ee2', 'project_name': 'tempest-AbsoluteLimitsTestJSON-177639345', 'tenant_id': '01e6526c6b0849e1a2c8e0012c939ee2', 'tenant_name': 'tempest-AbsoluteLimitsTestJSON-177639345', 'user_domain_id': 'default', 'user_domain_name': 'Default', 'user_id': '948b785ec0624742aa31ea4c6cb5058d', 'system': None}, Network: None, Subnet: None, Router: None
2025-03-19 16:03:01.655 69223 INFO tempest.lib.common.dynamic_creds [-] Created isolated network resources for: credentials: Credentials: {'domain_id': 'default', 'domain_name': 'Default', 'username': 'tempest-AbsoluteLimitsTestJSON-177639345-project-member', 'project_domain_id': 'default', 'project_domain_name': 'Default', 'project_id': '01e6526c6b0849e1a2c8e0012c939ee2', 'project_name': 'tempest-AbsoluteLimitsTestJSON-177639345', 'tenant_id': '01e6526c6b0849e1a2c8e0012c939ee2', 'tenant_name': 'tempest-AbsoluteLimitsTestJSON-177639345', 'user_domain_id': 'default', 'user_domain_name': 'Default', 'user_id': '948b785ec0624742aa31ea4c6cb5058d', 'system': None}, Network: None, Subnet: None, Router: None
2025-03-19 16:03:01.702 69243 INFO tempest.lib.common.rest_client [req-2ca10046-9c50-41e7-9f99-eb267216c0c2 req-2ca10046-9c50-41e7-9f99-eb267216c0c2 ] Request (SecurityGroupRulesTestJSON:test_security_group_rules_delete_when_peer_group_deleted): 200 POST http://10.180.1.21/compute/v2.1/os-security-group-rules 1.374s
2025-03-19 16:03:01.763 69223 INFO tempest.lib.common.rest_client [req-72cb804c-e774-451e-86c7-941aebdef911 req-72cb804c-e774-451e-86c7-941aebdef911 ] Request (AbsoluteLimitsTestJSON:setUpClass): 201 POST http://10.180.1.21/identity/v3/auth/tokens 0.101s
2025-03-19 16:03:01.834 69241 INFO tempest.lib.common.rest_client [req-6861f9cf-5efe-42b5-af0d-e5a68d931ea9 req-6861f9cf-5efe-42b5-af0d-e5a68d931ea9 ] Request (InstanceActionsNegativeTestJSON:tearDownClass): 204 DELETE http://10.180.1.21/compute/v2.1/servers/69176049-fec1-4283-b4e7-05bd67ee3eb0 1.307s
2025-03-19 16:03:01.838 69205 WARNING tempest.lib.common.ssh [-] Failed to establish authenticated ssh connection to cirros@10.180.180.190 ([Errno None] Unable to connect to port 22 on 10.180.180.190). Number attempts: 2. Retry after 3 seconds.: paramiko.ssh_exception.NoValidConnectionsError: [Errno None] Unable to connect to port 22 on 10.180.180.190
2025-03-19 16:03:01.891 69197 INFO tempest.lib.common.rest_client [req-9beb597c-d95f-4bab-abad-980b0da88ce3 req-9beb597c-d95f-4bab-abad-980b0da88ce3 ] Request (SecurityGroupRulesNegativeTestJSON:setUpClass): 200 PUT http://10.180.1.21:9696/networking/v2.0/routers/a7af78af-68de-4373-b40e-4fc829c4682a/add_router_interface 1.143s
2025-03-19 16:03:01.892 69197 INFO tempest.lib.common.dynamic_creds [-] Created isolated network resources for: credentials: Credentials: {'domain_id': 'default', 'domain_name': 'Default', 'username': 'tempest-SecurityGroupRulesNegativeTestJSON-1876826406-project-member', 'project_domain_id': 'default', 'project_domain_name': 'Default', 'project_id': 'c854207f3bc84e779bda704157a87f03', 'project_name': 'tempest-SecurityGroupRulesNegativeTestJSON-1876826406', 'tenant_id': 'c854207f3bc84e779bda704157a87f03', 'tenant_name': 'tempest-SecurityGroupRulesNegativeTestJSON-1876826406', 'user_domain_id': 'default', 'user_domain_name': 'Default', 'user_id': 'eda55049ecef48a8b29124c32ae82fc1', 'system': None}, Network: {'id': '6382a26d-c11f-4426-ab88-80ea7746c2af', 'name': 'tempest-SecurityGroupRulesNegativeTestJSON-1120283351-network', 'tenant_id': 'c854207f3bc84e779bda704157a87f03', 'admin_state_up': True, 'mtu': 8950, 'status': 'ACTIVE', 'subnets': [], 'shared': False, 'project_id': 'c854207f3bc84e779bda704157a87f03', 'port_security_enabled': True, 'router:external': False, 'provider:network_type': 'vlan', 'provider:physical_network': 'default', 'provider:segmentation_id': 534, 'availability_zone_hints': [], 'availability_zones': [], 'ipv4_address_scope': None, 'ipv6_address_scope': None, 'description': '', 'tags': [], 'created_at': '2025-03-19T16:02:58Z', 'updated_at': '2025-03-19T16:02:58Z', 'revision_number': 1}, Subnet: {'id': 'e9b914b7-f279-4f3e-8708-3ca3166c0e4c', 'name': 'tempest-SecurityGroupRulesNegativeTestJSON-1120283351-subnet', 'tenant_id': 'c854207f3bc84e779bda704157a87f03', 'network_id': '6382a26d-c11f-4426-ab88-80ea7746c2af', 'ip_version': 4, 'subnetpool_id': None, 'enable_dhcp': True, 'ipv6_ra_mode': None, 'ipv6_address_mode': None, 'gateway_ip': '192.168.128.1', 'cidr': '192.168.128.0/28', 'allocation_pools': [{'start': '192.168.128.2', 'end': '192.168.128.14'}], 'host_routes': [], 'dns_nameservers': [], 'description': '', 'router:external': False, 'service_types': [], 'tags': [], 'created_at': '2025-03-19T16:02:58Z', 'updated_at': '2025-03-19T16:02:58Z', 'revision_number': 0, 'project_id': 'c854207f3bc84e779bda704157a87f03'}, Router: {'id': 'a7af78af-68de-4373-b40e-4fc829c4682a', 'name': 'tempest-SecurityGroupRulesNegativeTestJSON-1120283351-router', 'tenant_id': 'c854207f3bc84e779bda704157a87f03', 'admin_state_up': True, 'status': 'ACTIVE', 'external_gateway_info': {'network_id': '5a5eae42-733d-43d5-bea3-07908ec2ddb0', 'external_fixed_ips': [{'subnet_id': '9b772d4e-5f37-42f1-bf27-eef1c85b1ead', 'ip_address': '10.180.180.243'}], 'enable_snat': True}, 'description': '', 'availability_zones': [], 'distributed': False, 'ha': False, 'availability_zone_hints': [], 'routes': [], 'flavor_id': None, 'tags': [], 'created_at': '2025-03-19T16:02:59Z', 'updated_at': '2025-03-19T16:03:00Z', 'revision_number': 2, 'project_id': 'c854207f3bc84e779bda704157a87f03'}
2025-03-19 16:03:01.912 69193 INFO tempest.lib.common.rest_client [req-76c2d18e-d975-4928-b433-02892e8d199a req-76c2d18e-d975-4928-b433-02892e8d199a ] Request (ServersAaction247Test:tearDownClass): 200 GET http://10.180.1.21/compute/v2.1/servers/0f622bbe-6d9c-455f-99df-066c2edf5a53 1.354s
2025-03-19 16:03:01.936 69245 INFO tempest.lib.common.rest_client [req-29a449ed-3a93-40bc-b8ff-fcf2f60156a7 req-29a449ed-3a93-40bc-b8ff-fcf2f60156a7 ] Request (MigrationsAdminTest:test_list_migrations_in_flavor_resize_situation): 200 GET http://10.180.1.21/compute/v2.1/servers/db3e747b-e648-4fc2-86a1-d2e6ff48db08 1.435s
2025-03-19 16:03:01.989 69197 INFO tempest.lib.common.rest_client [req-53d95134-dbf9-4e85-97b4-70c464615ef1 req-53d95134-dbf9-4e85-97b4-70c464615ef1 ] Request (SecurityGroupRulesNegativeTestJSON:setUpClass): 201 POST http://10.180.1.21/identity/v3/auth/tokens 0.091s
2025-03-19 16:03:02.020 69221 INFO tempest.lib.common.rest_client [req-44b876b8-7076-453b-b8e9-bef50fe7b1aa req-44b876b8-7076-453b-b8e9-bef50fe7b1aa ] Request (ServerPasswordTestJSON:tearDownClass): 200 GET http://10.180.1.21/compute/v2.1/servers/237f3caa-6dab-47aa-aa2a-65d95bdcc40f 1.181s
2025-03-19 16:03:02.055 69231 INFO tempest.lib.common.rest_client [req-81a1d711-3c5b-4ecc-8d96-ef6da78de1ff req-81a1d711-3c5b-4ecc-8d96-ef6da78de1ff ] Request (ServerDiagnosticsNegativeTest:test_get_server_diagnostics_by_non_admin): 200 GET http://10.180.1.21/compute/v2.1/servers/0e5c2fa2-4835-4546-9ae2-b54a56b5b5c7 1.412s
2025-03-19 16:03:02.074 69251 INFO tempest.lib.common.rest_client [req-d62d0049-781a-4a88-be18-64e05c550d34 req-d62d0049-781a-4a88-be18-64e05c550d34 ] Request (InstanceActionsTestJSON:setUpClass): 200 GET http://10.180.1.21/compute/v2.1/servers/df8e52cf-3cf4-4da1-bff5-0f250cfda4d9 1.073s
2025-03-19 16:03:02.192 69249 INFO tempest.lib.common.rest_client [req-b955b3a9-58fd-4e04-87da-c06fc06cdb31 req-b955b3a9-58fd-4e04-87da-c06fc06cdb31 ] Request (ServersWithSpecificFlavorTestJSON:test_verify_created_server_ephemeral_disk): 200 GET http://10.180.1.21/compute/v2.1/servers/575d83bb-f897-4ec9-aae4-8948b0abe512 1.173s
2025-03-19 16:03:02.248 69199 INFO tempest.lib.common.rest_client [req-b46a618d-22d3-4871-891c-df61dbd53104 req-b46a618d-22d3-4871-891c-df61dbd53104 ] Request (ImagesNegativeTestJSON:test_create_image_from_deleted_server): 200 GET http://10.180.1.21/compute/v2.1/servers/94452cee-d071-4dc4-a073-0a42e72667c6 1.129s
2025-03-19 16:03:02.306 69219 INFO tempest.lib.common.rest_client [req-ded8afa0-807d-434c-931c-baeb3891fce0 req-ded8afa0-807d-434c-931c-baeb3891fce0 ] Request (ListImageFiltersTestJSON:setUpClass): 200 GET http://10.180.1.21/compute/v2.1/servers/9b09d19e-2506-413a-867d-8be41a5bada7 1.110s
2025-03-19 16:03:02.363 69238 INFO tempest.lib.common.rest_client [req-90439723-4fc2-409b-899b-e0d82d52ef72 req-90439723-4fc2-409b-899b-e0d82d52ef72 ] Request (SecurityGroupsTestJSON:test_list_security_groups_by_server): 200 GET http://10.180.1.21/compute/v2.1/servers/774b87de-c90c-4537-ac67-17152e43395b 1.081s
