2025-03-19 16:04:08.120 69243 INFO tempest.lib.common.rest_client [req-2ec5e1a7-8e52-415a-a807-e2b6f7b9926a req-2ec5e1a7-8e52-415a-a807-e2b6f7b9926a ] Request (ServerActionsTestOtherA:setUpClass): 200 GET http://10.180.1.21/compute/v2.1/servers/e4543b9b-f2d1-4ce9-a15c-e5a058b5a7c4 0.189s
2025-03-19 16:04:08.127 69245 INFO tempest.lib.common.rest_client [req-ed535e50-a0dc-49a8-a97a-72295b6f125b req-ed535e50-a0dc-49a8-a97a-72295b6f125b ] Request (MigrationsAdminTest:test_resize_server_revert_deleted_flavor): 200 GET http://10.180.1.21/compute/v2.1/servers/d8a69a2c-2c5d-42e8-b2c0-e0c3585de439 0.125s
2025-03-19 16:04:08.128 69243 INFO tempest.common.waiters [-] State transition "BUILD/block_device_mapping" ==> "BUILD/spawning" after 37 second wait
2025-03-19 16:04:08.141 69217 WARNING tempest.lib.common.ssh [-] Failed to establish authenticated ssh connection to cirros@10.180.180.153 ([Errno None] Unable to connect to port 22 on 10.180.180.153). Number attempts: 3. Retry after 4 seconds.: paramiko.ssh_exception.NoValidConnectionsError: [Errno None] Unable to connect to port 22 on 10.180.180.153
2025-03-19 16:04:08.204 69197 INFO tempest.lib.common.rest_client [req-6f87fe22-7c3b-4aa0-a14b-9caec6278f37 req-6f87fe22-7c3b-4aa0-a14b-9caec6278f37 ] Request (ServersTestFqdnHostnames:test_create_server_with_fqdn_name): 200 GET http://10.180.1.21/compute/v2.1/servers/84b9c497-ec98-4af0-a615-54ec54d3993b 0.149s
2025-03-19 16:04:08.216 69227 INFO tempest.lib.common.rest_client [req-d0888640-728c-4044-91ec-132cc4fb79b7 req-d0888640-728c-4044-91ec-132cc4fb79b7 ] Request (ServersAdminNegativeTestJSON:tearDownClass): 200 GET http://10.180.1.21/compute/v2.1/servers/738adc74-ccb7-4788-89d9-4fe6873cbd30 0.203s
2025-03-19 16:04:08.282 69195 INFO tempest.lib.common.rest_client [req-5204efa5-e6ef-4f60-a3a7-03dbd815bc00 req-5204efa5-e6ef-4f60-a3a7-03dbd815bc00 ] Request (ServersTestManualDisk:setUpClass): 200 GET http://10.180.1.21/compute/v2.1/servers/b13197ec-f292-49a5-863f-cfe9f4932870 0.169s
2025-03-19 16:04:08.286 69207 INFO tempest.lib.common.rest_client [req-fe1f5ca5-fed4-4fbd-83c0-c614794c8b63 req-fe1f5ca5-fed4-4fbd-83c0-c614794c8b63 ] Request (FloatingIPsAssociationNegativeTestJSON:tearDownClass): 200 GET http://10.180.1.21/compute/v2.1/servers/e5160d66-7228-4d64-9adf-d7c26c5fab5f 0.211s
2025-03-19 16:04:08.343 69199 INFO tempest.lib.common.rest_client [req-baaae3ee-5d15-48c2-98d5-563ba33a6fbc req-baaae3ee-5d15-48c2-98d5-563ba33a6fbc ] Request (ImagesOneServerTestJSON:setUpClass): 201 POST http://10.180.1.21:9696/networking/v2.0/routers 1.032s
2025-03-19 16:04:08.357 69203 INFO tempest.lib.common.rest_client [req-2c2c098f-8f60-4c94-a895-7d0be50a8a89 req-2c2c098f-8f60-4c94-a895-7d0be50a8a89 ] Request (ServerShowV247Test:test_update_rebuild_list_server): 200 GET http://10.180.1.21/compute/v2.1/servers/64ddafa1-fb5d-4a59-a846-2b3254c013c1 0.134s
2025-03-19 16:04:08.403 69193 INFO tempest.lib.common.rest_client [req-d33b51d7-4ac4-4752-880a-4dfc79325b8f req-d33b51d7-4ac4-4752-880a-4dfc79325b8f ] Request (ServerAddressesTestJSON:setUpClass): 200 GET http://10.180.1.21/compute/v2.1/servers/b1807389-9864-40a7-9738-c2bfb472a003 0.062s
2025-03-19 16:04:08.484 69241 INFO tempest.lib.common.rest_client [req-67b48f97-b791-40b6-ac94-d142d6bbbf75 req-67b48f97-b791-40b6-ac94-d142d6bbbf75 ] Request (ServerTagsTestJSON:setUpClass): 200 GET http://10.180.1.21/compute/v2.1/servers/4f2942b4-a232-415b-a2b5-2bf08f288501 0.065s
2025-03-19 16:04:08.581 69251 INFO tempest.lib.common.rest_client [req-62d531e5-c534-4ef0-b3f8-78ec404181cc req-62d531e5-c534-4ef0-b3f8-78ec404181cc ] Request (InstanceActionsTestJSON:tearDownClass): 404 GET http://10.180.1.21/compute/v2.1/servers/df8e52cf-3cf4-4da1-bff5-0f250cfda4d9 0.025s
2025-03-19 16:04:08.707 69233 INFO tempest.lib.common.rest_client [req-06984ef7-9190-4816-8bd0-4ca16ff5b122 req-06984ef7-9190-4816-8bd0-4ca16ff5b122 ] Request (DeleteServersAdminTestJSON:test_delete_server_while_in_error_state): 200 GET http://10.180.1.21/compute/v2.1/servers/d6ec7fd8-35f6-480f-946a-d7eabe072670 0.081s
2025-03-19 16:04:08.875 69247 INFO tempest.lib.common.rest_client [req-1a5aa45a-9b21-431d-9f87-b08393e9e1f5 req-1a5aa45a-9b21-431d-9f87-b08393e9e1f5 ] Request (ServerRescueNegativeTestJSON:setUpClass): 200 GET http://10.180.1.21/compute/v2.1/servers/9ba49303-832d-4da0-b856-a46bcb2bda5a 0.138s
2025-03-19 16:04:08.921 69221 INFO tempest.lib.common.rest_client [req-74190d64-c494-4e97-bd7c-5c031e5d376d req-74190d64-c494-4e97-bd7c-5c031e5d376d ] Request (ServersListShow296Test:test_list_show_update_rebuild_server_296): 200 GET http://10.180.1.21/compute/v2.1/servers/3f7997a5-fb73-4e2f-a767-e5ab6a549456 0.095s
2025-03-19 16:04:08.974 69205 WARNING tempest.lib.common.ssh [-] Failed to establish authenticated ssh connection to cirros@10.180.180.190 ([Errno None] Unable to connect to port 22 on 10.180.180.190). Number attempts: 9. Retry after 10 seconds.: paramiko.ssh_exception.NoValidConnectionsError: [Errno None] Unable to connect to port 22 on 10.180.180.190
2025-03-19 16:04:08.987 69189 INFO tempest.lib.common.rest_client [req-c9b7d3a7-d038-44a2-bd6d-7c6e22c7e2d8 req-c9b7d3a7-d038-44a2-bd6d-7c6e22c7e2d8 ] Request (AttachInterfacesUnderV243Test:test_add_remove_fixed_ip): 200 GET http://10.180.1.21/compute/v2.1/servers/623ccafe-c6f5-4713-a556-80eb794cc74d 0.090s
2025-03-19 16:04:09.054 69231 INFO tempest.lib.common.rest_client [req-c22671ca-0e84-4c29-915c-3dc655c86081 req-c22671ca-0e84-4c29-915c-3dc655c86081 ] Request (ServersAdminTestJSON:setUpClass): 200 GET http://10.180.1.21/compute/v2.1/servers/c7c9ee10-b598-496a-ab2c-bf8c5fe97052 0.093s
2025-03-19 16:04:09.114 69225 INFO tempest.lib.common.rest_client [req-a66419b7-a360-47f1-b176-fd0360c67881 req-a66419b7-a360-47f1-b176-fd0360c67881 ] Request (AttachVolumeShelveTestJSON:test_attach_volume_shelved_or_offload_server): 200 GET http://10.180.1.21/compute/v2.1/servers/dc37cf64-53d1-4b17-aa7d-2659924aef50 0.149s
2025-03-19 16:04:09.264 69199 INFO tempest.lib.common.rest_client [req-1ac095c6-71e3-4136-9bf3-c1bbfba734d8 req-1ac095c6-71e3-4136-9bf3-c1bbfba734d8 ] Request (ImagesOneServerTestJSON:setUpClass): 200 PUT http://10.180.1.21:9696/networking/v2.0/routers/8bcbc5bf-7854-4227-bede-662b25419933/add_router_interface 0.921s
2025-03-19 16:04:09.264 69199 INFO tempest.lib.common.dynamic_creds [-] Created isolated network resources for: credentials: Credentials: {'domain_id': 'default', 'domain_name': 'Default', 'username': 'tempest-ImagesOneServerTestJSON-1332484570-project-member', 'project_domain_id': 'default', 'project_domain_name': 'Default', 'project_id': '6d5779204d2d4474ae9e57ce975a4ff2', 'project_name': 'tempest-ImagesOneServerTestJSON-1332484570', 'tenant_id': '6d5779204d2d4474ae9e57ce975a4ff2', 'tenant_name': 'tempest-ImagesOneServerTestJSON-1332484570', 'user_domain_id': 'default', 'user_domain_name': 'Default', 'user_id': '41ee496ae57844b793b073c3fb47205f', 'system': None}, Network: {'id': '8fcb40c5-3cc1-4f59-9dd0-0a41940fdb5e', 'name': 'tempest-ImagesOneServerTestJSON-1423488064-network', 'tenant_id': '6d5779204d2d4474ae9e57ce975a4ff2', 'admin_state_up': True, 'mtu': 8950, 'status': 'ACTIVE', 'subnets': [], 'shared': False, 'project_id': '6d5779204d2d4474ae9e57ce975a4ff2', 'port_security_enabled': True, 'router:external': False, 'provider:network_type': 'vlan', 'provider:physical_network': 'default', 'provider:segmentation_id': 943, 'availability_zone_hints': [], 'availability_zones': [], 'ipv4_address_scope': None, 'ipv6_address_scope': None, 'description': '', 'tags': [], 'created_at': '2025-03-19T16:04:07Z', 'updated_at': '2025-03-19T16:04:07Z', 'revision_number': 1}, Subnet: {'id': '5dac50d1-659b-4fa6-a8c2-e28bb9e2d2d2', 'name': 'tempest-ImagesOneServerTestJSON-1423488064-subnet', 'tenant_id': '6d5779204d2d4474ae9e57ce975a4ff2', 'network_id': '8fcb40c5-3cc1-4f59-9dd0-0a41940fdb5e', 'ip_version': 4, 'subnetpool_id': None, 'enable_dhcp': True, 'ipv6_ra_mode': None, 'ipv6_address_mode': None, 'gateway_ip': '192.168.128.1', 'cidr': '192.168.128.0/28', 'allocation_pools': [{'start': '192.168.128.2', 'end': '192.168.128.14'}], 'host_routes': [], 'dns_nameservers': [], 'description': '', 'router:external': False, 'service_types': [], 'tags': [], 'created_at': '2025-03-19T16:04:07Z', 'updated_at': '2025-03-19T16:04:07Z', 'revision_number': 0, 'project_id': '6d5779204d2d4474ae9e57ce975a4ff2'}, Router: {'id': '8bcbc5bf-7854-4227-bede-662b25419933', 'name': 'tempest-ImagesOneServerTestJSON-1423488064-router', 'tenant_id': '6d5779204d2d4474ae9e57ce975a4ff2', 'admin_state_up': True, 'status': 'ACTIVE', 'external_gateway_info': {'network_id': '5a5eae42-733d-43d5-bea3-07908ec2ddb0', 'external_fixed_ips': [{'subnet_id': '9b772d4e-5f37-42f1-bf27-eef1c85b1ead', 'ip_address': '10.180.180.193'}], 'enable_snat': True}, 'description': '', 'availability_zones': [], 'distributed': False, 'ha': False, 'availability_zone_hints': [], 'routes': [], 'flavor_id': None, 'tags': [], 'created_at': '2025-03-19T16:04:07Z', 'updated_at': '2025-03-19T16:04:07Z', 'revision_number': 2, 'project_id': '6d5779204d2d4474ae9e57ce975a4ff2'}
2025-03-19 16:04:09.342 69251 INFO tempest.lib.common.rest_client [req-2546c1aa-6206-4fd5-9978-0e16adf77c75 req-2546c1aa-6206-4fd5-9978-0e16adf77c75 ] Request (InstanceActionsTestJSON:tearDownClass): 200 PUT http://10.180.1.21:9696/networking/v2.0/routers/8587b305-0dc8-4324-b807-4fd6a43dc9f8/remove_router_interface 0.761s
2025-03-19 16:04:09.377 69199 INFO tempest.lib.common.rest_client [req-9817b9fa-8bfc-413e-9ba7-7e9b10d6f70d req-9817b9fa-8bfc-413e-9ba7-7e9b10d6f70d ] Request (ImagesOneServerTestJSON:setUpClass): 201 POST http://10.180.1.21/identity/v3/auth/tokens 0.109s
2025-03-19 16:04:09.415 69199 INFO tempest.lib.common.rest_client [req-37f62bef-ed5d-4c9c-a264-8c81f5271eee req-37f62bef-ed5d-4c9c-a264-8c81f5271eee ] Request (ImagesOneServerTestJSON:setUpClass): 201 POST http://10.180.1.21/identity/v3/auth/tokens 0.033s
2025-03-19 16:04:09.415 69199 INFO tempest.lib.common.fixed_network [-] (ImagesOneServerTestJSON:setUpClass) Found network {'id': '8fcb40c5-3cc1-4f59-9dd0-0a41940fdb5e', 'name': 'tempest-ImagesOneServerTestJSON-1423488064-network', 'tenant_id': '6d5779204d2d4474ae9e57ce975a4ff2', 'admin_state_up': True, 'mtu': 8950, 'status': 'ACTIVE', 'subnets': [], 'shared': False, 'project_id': '6d5779204d2d4474ae9e57ce975a4ff2', 'port_security_enabled': True, 'router:external': False, 'provider:network_type': 'vlan', 'provider:physical_network': 'default', 'provider:segmentation_id': 943, 'availability_zone_hints': [], 'availability_zones': [], 'ipv4_address_scope': None, 'ipv6_address_scope': None, 'description': '', 'tags': [], 'created_at': '2025-03-19T16:04:07Z', 'updated_at': '2025-03-19T16:04:07Z', 'revision_number': 1} available for tenant
2025-03-19 16:04:09.834 69251 INFO tempest.lib.common.rest_client [req-a4cf2f58-1560-4545-a5a2-876d9a47fed3 req-a4cf2f58-1560-4545-a5a2-876d9a47fed3 ] Request (InstanceActionsTestJSON:tearDownClass): 204 DELETE http://10.180.1.21:9696/networking/v2.0/routers/8587b305-0dc8-4324-b807-4fd6a43dc9f8 0.491s
2025-03-19 16:04:09.933 69249 WARNING tempest.lib.common.ssh [-] Failed to establish authenticated ssh connection to cirros@10.180.180.166 ([Errno None] Unable to connect to port 22 on 10.180.180.166). Number attempts: 8. Retry after 9 seconds.: paramiko.ssh_exception.NoValidConnectionsError: [Errno None] Unable to connect to port 22 on 10.180.180.166
2025-03-19 16:04:09.991 69251 INFO tempest.lib.common.rest_client [req-2986a3da-9f6f-485c-b139-19be3e159e3f req-2986a3da-9f6f-485c-b139-19be3e159e3f ] Request (InstanceActionsTestJSON:tearDownClass): 204 DELETE http://10.180.1.21:9696/networking/v2.0/subnets/5e74fbfc-f65d-48e4-adca-417880c10d8e 0.157s
2025-03-19 16:04:10.269 69251 INFO tempest.lib.common.rest_client [req-001cc965-ba96-404f-9046-7a98c12cd827 req-001cc965-ba96-404f-9046-7a98c12cd827 ] Request (InstanceActionsTestJSON:tearDownClass): 204 DELETE http://10.180.1.21:9696/networking/v2.0/networks/84290ae4-f4f5-41ce-b9e4-edd2210084a8 0.277s
2025-03-19 16:04:10.317 69211 WARNING tempest.lib.common.ssh [-] Failed to establish authenticated ssh connection to cirros@10.180.180.169 ([Errno None] Unable to connect to port 22 on 10.180.180.169). Number attempts: 7. Retry after 8 seconds.: paramiko.ssh_exception.NoValidConnectionsError: [Errno None] Unable to connect to port 22 on 10.180.180.169
2025-03-19 16:04:10.407 69251 INFO tempest.lib.common.rest_client [req-d5100c47-26b7-489b-ac51-c65c788b756b req-d5100c47-26b7-489b-ac51-c65c788b756b ] Request (InstanceActionsTestJSON:tearDownClass): 204 DELETE http://10.180.1.21/identity/v3/users/8bd1500507a34d7d94697c5b2002fee5 0.137s
2025-03-19 16:04:10.407 69251 INFO tempest.lib.common.dynamic_creds [-] Deleting project and security group for project: 25112a84f6814433ad8fff4c14405e77
2025-03-19 16:04:10.442 69251 INFO tempest.lib.common.rest_client [req-2a5e078b-4c6a-4181-967b-cd05c06844a4 req-2a5e078b-4c6a-4181-967b-cd05c06844a4 ] Request (InstanceActionsTestJSON:tearDownClass): 200 GET http://10.180.1.21:9696/networking/v2.0/security-groups?tenant_id=25112a84f6814433ad8fff4c14405e77&name=default 0.034s
2025-03-19 16:04:10.530 69251 INFO tempest.lib.common.rest_client [req-10c5fc81-ae54-4c54-8113-1b489b458f94 req-10c5fc81-ae54-4c54-8113-1b489b458f94 ] Request (InstanceActionsTestJSON:tearDownClass): 204 DELETE http://10.180.1.21:9696/networking/v2.0/security-groups/58f84ea0-70eb-4135-bbf0-7c53627135bc 0.088s
2025-03-19 16:04:10.627 69251 INFO tempest.lib.common.rest_client [req-848f7787-0fdc-42ed-9789-acac2aa21511 req-848f7787-0fdc-42ed-9789-acac2aa21511 ] Request (InstanceActionsTestJSON:tearDownClass): 204 DELETE http://10.180.1.21/identity/v3/projects/25112a84f6814433ad8fff4c14405e77 0.096s
2025-03-19 16:04:10.694 69251 INFO tempest.lib.common.rest_client [req-0c7b575a-e619-4996-98fb-5314deafc8c8 req-0c7b575a-e619-4996-98fb-5314deafc8c8 ] Request (ServersTestJSON:setUpClass): 201 POST http://10.180.1.21/identity/v3/auth/tokens 0.065s
2025-03-19 16:04:10.728 69251 INFO tempest.lib.common.rest_client [req-4b26a1de-8fcb-4fe4-89ae-c86ee0190b7d req-4b26a1de-8fcb-4fe4-89ae-c86ee0190b7d ] Request (ServersTestJSON:setUpClass): 201 POST http://10.180.1.21/identity/v3/auth/tokens 0.031s
2025-03-19 16:04:10.755 69251 INFO tempest.lib.common.rest_client [req-4a67c17d-341d-421b-a018-4d1fa1aa0603 req-4a67c17d-341d-421b-a018-4d1fa1aa0603 ] Request (ServersTestJSON:setUpClass): 200 GET http://10.180.1.21/identity/v3/domains?name=Default 0.026s
2025-03-19 16:04:10.783 69251 INFO tempest.lib.common.rest_client [req-180e55fa-6c22-47ab-8513-c30b4f3b5699 req-180e55fa-6c22-47ab-8513-c30b4f3b5699 ] Request (ServersTestJSON:setUpClass): 201 POST http://10.180.1.21/identity/v3/projects 0.028s
2025-03-19 16:04:10.872 69251 INFO tempest.lib.common.rest_client [req-1309150f-0280-4606-9395-6d34e61568ef req-1309150f-0280-4606-9395-6d34e61568ef ] Request (ServersTestJSON:setUpClass): 201 POST http://10.180.1.21/identity/v3/users 0.088s
2025-03-19 16:04:10.895 69251 INFO tempest.lib.common.rest_client [req-ec4090e7-d75f-4a21-ba24-23c04a8bb98b req-ec4090e7-d75f-4a21-ba24-23c04a8bb98b ] Request (ServersTestJSON:setUpClass): 200 GET http://10.180.1.21/identity/v3/roles 0.022s
2025-03-19 16:04:10.920 69251 INFO tempest.lib.common.rest_client [req-1c5735ba-a30b-43dd-90ac-bd878ba37eda req-1c5735ba-a30b-43dd-90ac-bd878ba37eda ] Request (ServersTestJSON:setUpClass): 204 PUT http://10.180.1.21/identity/v3/projects/b3122db561374360820368cbb6362af4/users/6b3da91929b647f0858103f3868f115a/roles/9cb912bec6da40e4849c469bc918dda7 0.024s
2025-03-19 16:04:10.920 69251 INFO tempest.lib.common.dynamic_creds [-] Dynamic test user 6b3da91929b647f0858103f3868f115a is created with scope project and roles: ['member']
2025-03-19 16:04:10.920 69251 INFO tempest.lib.common.dynamic_creds [-] Acquired dynamic creds: credentials: Credentials: {'domain_id': 'default', 'domain_name': 'Default', 'username': 'tempest-ServersTestJSON-1132093323-project-member', 'project_domain_id': 'default', 'project_domain_name': 'Default', 'project_id': 'b3122db561374360820368cbb6362af4', 'project_name': 'tempest-ServersTestJSON-1132093323', 'tenant_id': 'b3122db561374360820368cbb6362af4', 'tenant_name': 'tempest-ServersTestJSON-1132093323', 'user_domain_id': 'default', 'user_domain_name': 'Default', 'user_id': '6b3da91929b647f0858103f3868f115a', 'system': None}, Network: None, Subnet: None, Router: None
2025-03-19 16:04:10.987 69251 INFO tempest.lib.common.rest_client [req-63f5f370-0839-40db-8daa-f18934e16cb8 req-63f5f370-0839-40db-8daa-f18934e16cb8 ] Request (ServersTestJSON:setUpClass): 201 POST http://10.180.1.21/identity/v3/auth/tokens 0.066s
2025-03-19 16:04:11.365 69251 INFO tempest.lib.common.rest_client [req-5790bac5-e5bb-4486-addc-6267f1ea6d40 req-5790bac5-e5bb-4486-addc-6267f1ea6d40 ] Request (ServersTestJSON:setUpClass): 201 POST http://10.180.1.21:9696/networking/v2.0/networks 0.377s
2025-03-19 16:04:11.529 69251 INFO tempest.lib.common.rest_client [req-0819c94d-ace0-4fa5-a4fd-8718b7e02576 req-0819c94d-ace0-4fa5-a4fd-8718b7e02576 ] Request (ServersTestJSON:setUpClass): 201 POST http://10.180.1.21:9696/networking/v2.0/subnets 0.163s
2025-03-19 16:04:12.673 69251 INFO tempest.lib.common.rest_client [req-125a0c75-85c4-48ac-baa7-5fe876dcc977 req-125a0c75-85c4-48ac-baa7-5fe876dcc977 ] Request (ServersTestJSON:setUpClass): 201 POST http://10.180.1.21:9696/networking/v2.0/routers 1.144s
2025-03-19 16:04:12.912 69219 INFO tempest.lib.common.rest_client [req-9a296a6e-946d-467e-a2a4-dd44b7fbabc5 req-9a296a6e-946d-467e-a2a4-dd44b7fbabc5 ] Request (ListImageFiltersTestJSON:setUpClass): 200 GET http://10.180.1.21/compute/v2.1/images/be089135-cef9-48da-a293-d42617aa683d 4.021s
2025-03-19 16:04:12.914 69209 INFO tempest.lib.common.rest_client [req-febd25a4-1105-4890-a596-41bf7c6d58e4 req-febd25a4-1105-4890-a596-41bf7c6d58e4 ] Request (ImagesTestJSON:test_create_image_from_suspended_server): 200 GET http://10.180.1.21/compute/v2.1/images/27bb3d29-b7e2-4bd9-b222-d4577ab95536 3.920s
2025-03-19 16:04:12.982 69238 INFO tempest.lib.common.rest_client [req-01c81ee4-433e-4e02-bce1-a0d78ae9d7d3 req-01c81ee4-433e-4e02-bce1-a0d78ae9d7d3 ] Request (SecurityGroupsTestJSON:test_server_security_groups): 200 GET http://10.180.1.21/compute/v2.1/servers/b5242dbf-7805-46a6-900d-de6c7480e9c0 3.915s
2025-03-19 16:04:12.998 69238 INFO tempest.common.waiters [-] State transition "BUILD/scheduling" ==> "BUILD/None" after 22 second wait
2025-03-19 16:04:13.049 69245 INFO tempest.lib.common.rest_client [req-2538fb7b-5236-42e8-b380-e0a86541052a req-2538fb7b-5236-42e8-b380-e0a86541052a ] Request (MigrationsAdminTest:test_resize_server_revert_deleted_flavor): 200 GET http://10.180.1.21/compute/v2.1/servers/d8a69a2c-2c5d-42e8-b2c0-e0c3585de439 3.914s
2025-03-19 16:04:13.070 69243 INFO tempest.lib.common.rest_client [req-365e9bdf-7674-40df-b679-2f31c24fb539 req-365e9bdf-7674-40df-b679-2f31c24fb539 ] Request (ServerActionsTestOtherA:setUpClass): 200 GET http://10.180.1.21/compute/v2.1/servers/e4543b9b-f2d1-4ce9-a15c-e5a058b5a7c4 3.941s
2025-03-19 16:04:13.149 69227 INFO tempest.lib.common.rest_client [req-ff4745cf-b886-4f31-9add-fb48b44e9c7a req-ff4745cf-b886-4f31-9add-fb48b44e9c7a ] Request (ServersAdminNegativeTestJSON:tearDownClass): 200 GET http://10.180.1.21/compute/v2.1/servers/738adc74-ccb7-4788-89d9-4fe6873cbd30 3.920s
2025-03-19 16:04:13.183 69197 INFO tempest.lib.common.rest_client [req-9a077360-6ed1-4c48-b6e5-028629a95322 req-9a077360-6ed1-4c48-b6e5-028629a95322 ] Request (ServersTestFqdnHostnames:test_create_server_with_fqdn_name): 200 GET http://10.180.1.21/compute/v2.1/servers/84b9c497-ec98-4af0-a615-54ec54d3993b 3.971s
2025-03-19 16:04:13.190 69197 INFO tempest.common.waiters [-] State transition "BUILD/None" ==> "BUILD/spawning" after 42 second wait
2025-03-19 16:04:13.225 69207 INFO tempest.lib.common.rest_client [req-e226a122-69d3-459d-885f-0d18a54ea5ea req-e226a122-69d3-459d-885f-0d18a54ea5ea ] Request (FloatingIPsAssociationNegativeTestJSON:tearDownClass): 200 GET http://10.180.1.21/compute/v2.1/servers/e5160d66-7228-4d64-9adf-d7c26c5fab5f 3.924s
2025-03-19 16:04:13.261 69191 WARNING tempest.lib.common.ssh [-] Failed to establish authenticated ssh connection to cirros@10.180.180.215 ([Errno None] Unable to connect to port 22 on 10.180.180.215). Number attempts: 9. Retry after 10 seconds.: paramiko.ssh_exception.NoValidConnectionsError: [Errno None] Unable to connect to port 22 on 10.180.180.215
2025-03-19 16:04:13.263 69195 INFO tempest.lib.common.rest_client [req-832c6a5c-1e64-4026-98c5-015fa5dcb472 req-832c6a5c-1e64-4026-98c5-015fa5dcb472 ] Request (ServersTestManualDisk:setUpClass): 200 GET http://10.180.1.21/compute/v2.1/servers/b13197ec-f292-49a5-863f-cfe9f4932870 3.960s
2025-03-19 16:04:13.290 69203 INFO tempest.lib.common.rest_client [req-dd085b14-f22d-419c-8de2-cdad3220614f req-dd085b14-f22d-419c-8de2-cdad3220614f ] Request (ServerShowV247Test:test_update_rebuild_list_server): 200 GET http://10.180.1.21/compute/v2.1/servers/64ddafa1-fb5d-4a59-a846-2b3254c013c1 3.921s
2025-03-19 16:04:13.335 69193 INFO tempest.lib.common.rest_client [req-a382cea2-2d77-4d63-835c-706403fb30e2 req-a382cea2-2d77-4d63-835c-706403fb30e2 ] Request (ServerAddressesTestJSON:setUpClass): 200 GET http://10.180.1.21/compute/v2.1/servers/b1807389-9864-40a7-9738-c2bfb472a003 3.924s
2025-03-19 16:04:13.410 69241 INFO tempest.lib.common.rest_client [req-1dcab6a0-1eb1-409d-b576-735ea99da148 req-1dcab6a0-1eb1-409d-b576-735ea99da148 ] Request (ServerTagsTestJSON:setUpClass): 200 GET http://10.180.1.21/compute/v2.1/servers/4f2942b4-a232-415b-a2b5-2bf08f288501 3.917s
2025-03-19 16:04:13.484 69233 INFO tempest.lib.common.rest_client [req-9a8cc5b2-7381-4ab0-af9c-749be4ff5cf9 req-9a8cc5b2-7381-4ab0-af9c-749be4ff5cf9 ] Request (DeleteServersAdminTestJSON:test_delete_server_while_in_error_state): 200 GET http://10.180.1.21/compute/v2.1/servers/d6ec7fd8-35f6-480f-946a-d7eabe072670 3.764s
2025-03-19 16:04:13.721 69247 INFO tempest.lib.common.rest_client [req-e04d90f1-8ccb-4777-9b64-51ff8d7563b1 req-e04d90f1-8ccb-4777-9b64-51ff8d7563b1 ] Request (ServerRescueNegativeTestJSON:setUpClass): 200 GET http://10.180.1.21/compute/v2.1/servers/9ba49303-832d-4da0-b856-a46bcb2bda5a 3.837s
2025-03-19 16:04:13.731 69247 INFO tempest.common.waiters [-] State transition "BUILD/spawning" ==> "ACTIVE/None" after 52 second wait
2025-03-19 16:04:13.799 69199 INFO tempest.lib.common.rest_client [req-e062b64a-e111-4db7-a318-1baa86d28821 req-e062b64a-e111-4db7-a318-1baa86d28821 ] Request (ImagesOneServerTestJSON:setUpClass): 202 POST http://10.180.1.21/compute/v2.1/servers 4.383s
2025-03-19 16:04:13.816 69221 INFO tempest.lib.common.rest_client [req-eecd1120-cae7-4f82-81c7-fc5319f092c2 req-eecd1120-cae7-4f82-81c7-fc5319f092c2 ] Request (ServersListShow296Test:test_list_show_update_rebuild_server_296): 200 GET http://10.180.1.21/compute/v2.1/servers/3f7997a5-fb73-4e2f-a767-e5ab6a549456 3.881s
2025-03-19 16:04:13.829 69221 INFO tempest.common.waiters [-] State transition "REBUILD/rebuild_spawning" ==> "ACTIVE/None" after 11 second wait
2025-03-19 16:04:13.877 69189 INFO tempest.lib.common.rest_client [req-dac7fff9-7db3-4818-b310-8b3e5af02951 req-dac7fff9-7db3-4818-b310-8b3e5af02951 ] Request (AttachInterfacesUnderV243Test:test_add_remove_fixed_ip): 200 GET http://10.180.1.21/compute/v2.1/servers/623ccafe-c6f5-4713-a556-80eb794cc74d 3.880s
2025-03-19 16:04:13.889 69189 INFO tempest.common.waiters [-] State transition "BUILD/None" ==> "BUILD/networking" after 41 second wait
2025-03-19 16:04:13.917 69231 INFO tempest.lib.common.rest_client [req-724bdeff-8a42-4048-a2d8-d6cee7cbcc4a req-724bdeff-8a42-4048-a2d8-d6cee7cbcc4a ] Request (ServersAdminTestJSON:setUpClass): 200 GET http://10.180.1.21/compute/v2.1/servers/c7c9ee10-b598-496a-ab2c-bf8c5fe97052 3.853s
2025-03-19 16:04:13.956 69251 INFO tempest.lib.common.rest_client [req-c7f00091-0b64-464b-a98d-67d863d394ff req-c7f00091-0b64-464b-a98d-67d863d394ff ] Request (ServersTestJSON:setUpClass): 200 PUT http://10.180.1.21:9696/networking/v2.0/routers/df6ade04-f371-435d-8711-97212e342c2a/add_router_interface 1.282s
2025-03-19 16:04:13.956 69251 INFO tempest.lib.common.dynamic_creds [-] Created isolated network resources for: credentials: Credentials: {'domain_id': 'default', 'domain_name': 'Default', 'username': 'tempest-ServersTestJSON-1132093323-project-member', 'project_domain_id': 'default', 'project_domain_name': 'Default', 'project_id': 'b3122db561374360820368cbb6362af4', 'project_name': 'tempest-ServersTestJSON-1132093323', 'tenant_id': 'b3122db561374360820368cbb6362af4', 'tenant_name': 'tempest-ServersTestJSON-1132093323', 'user_domain_id': 'default', 'user_domain_name': 'Default', 'user_id': '6b3da91929b647f0858103f3868f115a', 'system': None}, Network: {'id': '2952e37f-de5f-4200-af72-77a1f91fda95', 'name': 'tempest-ServersTestJSON-1588416409-network', 'tenant_id': 'b3122db561374360820368cbb6362af4', 'admin_state_up': True, 'mtu': 8950, 'status': 'ACTIVE', 'subnets': [], 'shared': False, 'project_id': 'b3122db561374360820368cbb6362af4', 'port_security_enabled': True, 'router:external': False, 'provider:network_type': 'vlan', 'provider:physical_network': 'default', 'provider:segmentation_id': 111, 'availability_zone_hints': [], 'availability_zones': [], 'ipv4_address_scope': None, 'ipv6_address_scope': None, 'description': '', 'tags': [], 'created_at': '2025-03-19T16:04:11Z', 'updated_at': '2025-03-19T16:04:11Z', 'revision_number': 1}, Subnet: {'id': 'd75f5416-348a-45f7-8dc0-6b26db0f332f', 'name': 'tempest-ServersTestJSON-1588416409-subnet', 'tenant_id': 'b3122db561374360820368cbb6362af4', 'network_id': '2952e37f-de5f-4200-af72-77a1f91fda95', 'ip_version': 4, 'subnetpool_id': None, 'enable_dhcp': True, 'ipv6_ra_mode': None, 'ipv6_address_mode': None, 'gateway_ip': '192.168.128.1', 'cidr': '192.168.128.0/28', 'allocation_pools': [{'start': '192.168.128.2', 'end': '192.168.128.14'}], 'host_routes': [], 'dns_nameservers': [], 'description': '', 'router:external': False, 'service_types': [], 'tags': [], 'created_at': '2025-03-19T16:04:11Z', 'updated_at': '2025-03-19T16:04:11Z', 'revision_number': 0, 'project_id': 'b3122db561374360820368cbb6362af4'}, Router: {'id': 'df6ade04-f371-435d-8711-97212e342c2a', 'name': 'tempest-ServersTestJSON-1588416409-router', 'tenant_id': 'b3122db561374360820368cbb6362af4', 'admin_state_up': True, 'status': 'ACTIVE', 'external_gateway_info': {'network_id': '5a5eae42-733d-43d5-bea3-07908ec2ddb0', 'external_fixed_ips': [{'subnet_id': '9b772d4e-5f37-42f1-bf27-eef1c85b1ead', 'ip_address': '10.180.180.184'}], 'enable_snat': True}, 'description': '', 'availability_zones': [], 'distributed': False, 'ha': False, 'availability_zone_hints': [], 'routes': [], 'flavor_id': None, 'tags': [], 'created_at': '2025-03-19T16:04:11Z', 'updated_at': '2025-03-19T16:04:12Z', 'revision_number': 2, 'project_id': 'b3122db561374360820368cbb6362af4'}
2025-03-19 16:04:13.974 69225 INFO tempest.lib.common.rest_client [req-8805ee83-f049-4687-b631-0d1132f801ef req-8805ee83-f049-4687-b631-0d1132f801ef ] Request (AttachVolumeShelveTestJSON:test_attach_volume_shelved_or_offload_server): 200 GET http://10.180.1.21/compute/v2.1/servers/dc37cf64-53d1-4b17-aa7d-2659924aef50 3.844s
2025-03-19 16:04:13.998 69219 INFO tempest.lib.common.rest_client [req-6155661e-72ae-434b-b3b7-5bfbabec7676 req-6155661e-72ae-434b-b3b7-5bfbabec7676 ] Request (ListImageFiltersTestJSON:setUpClass): 200 GET http://10.180.1.21/compute/v2.1/images/be089135-cef9-48da-a293-d42617aa683d 1.082s
2025-03-19 16:04:14.061 69247 INFO tempest.lib.common.rest_client [req-c9fdc563-325d-4c4a-84df-51c8da88f6fc req-c9fdc563-325d-4c4a-84df-51c8da88f6fc ] Request (ServerRescueNegativeTestJSON:setUpClass): 200 POST http://10.180.1.21/compute/v2.1/servers/9ba49303-832d-4da0-b856-a46bcb2bda5a/action 0.330s
2025-03-19 16:04:14.072 69199 INFO tempest.lib.common.rest_client [req-9697b633-669a-4d1d-841f-eea202a2ea99 req-9697b633-669a-4d1d-841f-eea202a2ea99 ] Request (ImagesOneServerTestJSON:setUpClass): 200 GET http://10.180.1.21/compute/v2.1/servers/c2a62e2c-866c-4ed8-8026-b62a834a620f 0.271s
2025-03-19 16:04:14.093 69251 INFO tempest.lib.common.rest_client [req-6f7799e3-f76b-4aea-8d15-1a84675ff538 req-6f7799e3-f76b-4aea-8d15-1a84675ff538 ] Request (ServersTestJSON:setUpClass): 201 POST http://10.180.1.21/identity/v3/auth/tokens 0.133s
2025-03-19 16:04:14.113 69251 INFO tempest.lib.common.rest_client [req-be2b5982-072b-44f3-a22f-9d90236b4d58 req-be2b5982-072b-44f3-a22f-9d90236b4d58 ] Request (ServersTestJSON:setUpClass): 200 GET http://10.180.1.21/identity/v3/projects/b3122db561374360820368cbb6362af4 0.020s
2025-03-19 16:04:14.114 69251 INFO tempest.lib.common.dynamic_creds [-] Using the existing project b3122db561374360820368cbb6362af4 for scope project and roles: ['reader']
2025-03-19 16:04:14.114 69209 INFO tempest.lib.common.rest_client [req-a6ea1dd2-8ac4-4762-9538-17fe6844d3fc req-a6ea1dd2-8ac4-4762-9538-17fe6844d3fc ] Request (ImagesTestJSON:test_create_image_from_suspended_server): 200 GET http://10.180.1.21/compute/v2.1/images/27bb3d29-b7e2-4bd9-b222-d4577ab95536 0.194s
2025-03-19 16:04:14.150 69251 INFO tempest.lib.common.rest_client [req-e149bf07-1d91-4cfd-9b54-8e1475862a3d req-e149bf07-1d91-4cfd-9b54-8e1475862a3d ] Request (ServersTestJSON:setUpClass): 201 POST http://10.180.1.21/identity/v3/users 0.036s
2025-03-19 16:04:14.152 69221 INFO tempest.lib.common.rest_client [req-2d62c0cd-2bbf-4bc2-8985-b410e0521c53 req-2d62c0cd-2bbf-4bc2-8985-b410e0521c53 ] Request (ServersListShow296Test:tearDownClass): 204 DELETE http://10.180.1.21/compute/v2.1/servers/3f7997a5-fb73-4e2f-a767-e5ab6a549456 0.322s
2025-03-19 16:04:14.181 69238 INFO tempest.lib.common.rest_client [req-6ad97d8b-ecb0-4ee1-81c5-c3dfa769d40a req-6ad97d8b-ecb0-4ee1-81c5-c3dfa769d40a ] Request (SecurityGroupsTestJSON:test_server_security_groups): 200 GET http://10.180.1.21/compute/v2.1/servers/b5242dbf-7805-46a6-900d-de6c7480e9c0 0.181s
2025-03-19 16:04:14.185 69251 INFO tempest.lib.common.rest_client [req-a57d4dbd-5abf-4685-861d-d6644db315cb req-a57d4dbd-5abf-4685-861d-d6644db315cb ] Request (ServersTestJSON:setUpClass): 200 GET http://10.180.1.21/identity/v3/roles 0.033s
2025-03-19 16:04:14.232 69251 INFO tempest.lib.common.rest_client [req-6eb36595-319a-490c-b82f-51ca3cc4d168 req-6eb36595-319a-490c-b82f-51ca3cc4d168 ] Request (ServersTestJSON:setUpClass): 204 PUT http://10.180.1.21/identity/v3/projects/b3122db561374360820368cbb6362af4/users/5b6b0ddd704a4fcaaff25b313754138b/roles/a2aaa407e08f49a5bcbd3ac20576efe2 0.046s
2025-03-19 16:04:14.232 69251 INFO tempest.lib.common.dynamic_creds [-] Dynamic test user 5b6b0ddd704a4fcaaff25b313754138b is created with scope project and roles: ['reader']
2025-03-19 16:04:14.232 69251 INFO tempest.lib.common.dynamic_creds [-] Acquired dynamic creds: credentials: Credentials: {'domain_id': 'default', 'domain_name': 'Default', 'username': 'tempest-ServersTestJSON-1132093323-project-reader', 'project_domain_id': 'default', 'project_domain_name': 'Default', 'project_id': 'b3122db561374360820368cbb6362af4', 'project_name': 'tempest-ServersTestJSON-1132093323', 'tenant_id': 'b3122db561374360820368cbb6362af4', 'tenant_name': 'tempest-ServersTestJSON-1132093323', 'user_domain_id': 'default', 'user_domain_name': 'Default', 'user_id': '5b6b0ddd704a4fcaaff25b313754138b', 'system': None}, Network: None, Subnet: None, Router: None
2025-03-19 16:04:14.232 69251 INFO tempest.lib.common.dynamic_creds [-] Network resources are not created for requested scope: project and credentials: Credentials: {'domain_id': 'default', 'domain_name': 'Default', 'username': 'tempest-ServersTestJSON-1132093323-project-reader', 'project_domain_id': 'default', 'project_domain_name': 'Default', 'project_id': 'b3122db561374360820368cbb6362af4', 'project_name': 'tempest-ServersTestJSON-1132093323', 'tenant_id': 'b3122db561374360820368cbb6362af4', 'tenant_name': 'tempest-ServersTestJSON-1132093323', 'user_domain_id': 'default', 'user_domain_name': 'Default', 'user_id': '5b6b0ddd704a4fcaaff25b313754138b', 'system': None}, Network: None, Subnet: None, Router: None
2025-03-19 16:04:14.253 69245 INFO tempest.lib.common.rest_client [req-aebc5cf0-a0d9-4ca6-9e0b-a6a8a31118cd req-aebc5cf0-a0d9-4ca6-9e0b-a6a8a31118cd ] Request (MigrationsAdminTest:test_resize_server_revert_deleted_flavor): 200 GET http://10.180.1.21/compute/v2.1/servers/d8a69a2c-2c5d-42e8-b2c0-e0c3585de439 0.193s
2025-03-19 16:04:14.323 69251 INFO tempest.lib.common.rest_client [req-f7dd437f-8ebd-44f7-918a-67ec2206c8d4 req-f7dd437f-8ebd-44f7-918a-67ec2206c8d4 ] Request (ServersTestJSON:setUpClass): 201 POST http://10.180.1.21/identity/v3/auth/tokens 0.088s
2025-03-19 16:04:14.345 69219 INFO tempest.lib.common.rest_client [req-585acb84-227d-42ee-906e-2f85d933fa50 req-585acb84-227d-42ee-906e-2f85d933fa50 ] Request (ListImageFiltersTestJSON:setUpClass): 200 GET http://10.180.1.21/compute/v2.1/servers/9b09d19e-2506-413a-867d-8be41a5bada7 0.343s
2025-03-19 16:04:14.394 69247 INFO tempest.lib.common.rest_client [req-7c950017-42fb-4bf7-9e0a-c9393d8ba465 req-7c950017-42fb-4bf7-9e0a-c9393d8ba465 ] Request (ServerRescueNegativeTestJSON:setUpClass): 200 GET http://10.180.1.21/compute/v2.1/servers/9ba49303-832d-4da0-b856-a46bcb2bda5a 0.332s
2025-03-19 16:04:14.414 69251 INFO tempest.lib.common.rest_client [req-4f2115fc-1504-495a-a5a1-8f60111c01d6 req-4f2115fc-1504-495a-a5a1-8f60111c01d6 ] Request (ServersTestJSON:test_create_server_specify_multibyte_character_name): 201 POST http://10.180.1.21/identity/v3/auth/tokens 0.087s
2025-03-19 16:04:14.415 69251 INFO tempest.lib.common.fixed_network [-] (ServersTestJSON:test_create_server_specify_multibyte_character_name) Found network {'id': '2952e37f-de5f-4200-af72-77a1f91fda95', 'name': 'tempest-ServersTestJSON-1588416409-network', 'tenant_id': 'b3122db561374360820368cbb6362af4', 'admin_state_up': True, 'mtu': 8950, 'status': 'ACTIVE', 'subnets': [], 'shared': False, 'project_id': 'b3122db561374360820368cbb6362af4', 'port_security_enabled': True, 'router:external': False, 'provider:network_type': 'vlan', 'provider:physical_network': 'default', 'provider:segmentation_id': 111, 'availability_zone_hints': [], 'availability_zones': [], 'ipv4_address_scope': None, 'ipv6_address_scope': None, 'description': '', 'tags': [], 'created_at': '2025-03-19T16:04:11Z', 'updated_at': '2025-03-19T16:04:11Z', 'revision_number': 1} available for tenant
2025-03-19 16:04:14.522 69221 INFO tempest.lib.common.rest_client [req-a7f44dae-9ebb-415f-a9cf-476eac8ed273 req-a7f44dae-9ebb-415f-a9cf-476eac8ed273 ] Request (ServersListShow296Test:tearDownClass): 200 GET http://10.180.1.21/compute/v2.1/servers/3f7997a5-fb73-4e2f-a767-e5ab6a549456 0.370s
2025-03-19 16:04:14.551 69243 INFO tempest.lib.common.rest_client [req-b201b54a-e8a5-49f6-892f-782492081ffd req-b201b54a-e8a5-49f6-892f-782492081ffd ] Request (ServerActionsTestOtherA:setUpClass): 200 GET http://10.180.1.21/compute/v2.1/servers/e4543b9b-f2d1-4ce9-a15c-e5a058b5a7c4 0.471s
2025-03-19 16:04:14.602 69227 INFO tempest.lib.common.rest_client [req-79dbed5d-856e-4015-8e4c-97e83f394b61 req-79dbed5d-856e-4015-8e4c-97e83f394b61 ] Request (ServersAdminNegativeTestJSON:tearDownClass): 200 GET http://10.180.1.21/compute/v2.1/servers/738adc74-ccb7-4788-89d9-4fe6873cbd30 0.445s
2025-03-19 16:04:14.671 69207 INFO tempest.lib.common.rest_client [req-439ef204-c4d3-43e7-92c2-95c84dd4ec45 req-439ef204-c4d3-43e7-92c2-95c84dd4ec45 ] Request (FloatingIPsAssociationNegativeTestJSON:tearDownClass): 200 GET http://10.180.1.21/compute/v2.1/servers/e5160d66-7228-4d64-9adf-d7c26c5fab5f 0.435s
2025-03-19 16:04:14.709 69197 INFO tempest.lib.common.rest_client [req-2fbde71e-862c-4a22-966e-46cb57079924 req-2fbde71e-862c-4a22-966e-46cb57079924 ] Request (ServersTestFqdnHostnames:test_create_server_with_fqdn_name): 200 GET http://10.180.1.21/compute/v2.1/servers/84b9c497-ec98-4af0-a615-54ec54d3993b 0.518s
2025-03-19 16:04:14.734 69195 INFO tempest.lib.common.rest_client [req-b339e2ba-a5df-42aa-b581-7af977746fad req-b339e2ba-a5df-42aa-b581-7af977746fad ] Request (ServersTestManualDisk:setUpClass): 200 GET http://10.180.1.21/compute/v2.1/servers/b13197ec-f292-49a5-863f-cfe9f4932870 0.461s
2025-03-19 16:04:14.768 69203 INFO tempest.lib.common.rest_client [req-d48da659-7dfc-4997-bf2a-36e828ec4b65 req-d48da659-7dfc-4997-bf2a-36e828ec4b65 ] Request (ServerShowV247Test:test_update_rebuild_list_server): 200 GET http://10.180.1.21/compute/v2.1/servers/64ddafa1-fb5d-4a59-a846-2b3254c013c1 0.465s
2025-03-19 16:04:14.802 69193 INFO tempest.lib.common.rest_client [req-47bcee62-5757-4f3d-9525-385a81989b5b req-47bcee62-5757-4f3d-9525-385a81989b5b ] Request (ServerAddressesTestJSON:setUpClass): 200 GET http://10.180.1.21/compute/v2.1/servers/b1807389-9864-40a7-9738-c2bfb472a003 0.457s
2025-03-19 16:04:14.875 69241 INFO tempest.lib.common.rest_client [req-6986f4f1-be6c-4d6f-a642-8bba3fe9f087 req-6986f4f1-be6c-4d6f-a642-8bba3fe9f087 ] Request (ServerTagsTestJSON:setUpClass): 200 GET http://10.180.1.21/compute/v2.1/servers/4f2942b4-a232-415b-a2b5-2bf08f288501 0.453s
2025-03-19 16:04:14.941 69233 INFO tempest.lib.common.rest_client [req-7724891a-d250-4013-b579-dfe292b4bec2 req-7724891a-d250-4013-b579-dfe292b4bec2 ] Request (DeleteServersAdminTestJSON:test_delete_server_while_in_error_state): 200 GET http://10.180.1.21/compute/v2.1/servers/d6ec7fd8-35f6-480f-946a-d7eabe072670 0.450s
2025-03-19 16:04:15.156 69189 INFO tempest.lib.common.rest_client [req-8f379176-bb81-4b32-b8fa-04df91865874 req-8f379176-bb81-4b32-b8fa-04df91865874 ] Request (AttachInterfacesUnderV243Test:test_add_remove_fixed_ip): 200 GET http://10.180.1.21/compute/v2.1/servers/623ccafe-c6f5-4713-a556-80eb794cc74d 0.266s
2025-03-19 16:04:15.169 69189 INFO tempest.common.waiters [-] State transition "BUILD/networking" ==> "BUILD/spawning" after 43 second wait
2025-03-19 16:04:15.206 69251 INFO tempest.lib.common.rest_client [req-5b97a05b-cba0-46fd-9654-c7b674c71cd6 req-5b97a05b-cba0-46fd-9654-c7b674c71cd6 ] Request (ServersTestJSON:test_create_server_specify_multibyte_character_name): 202 POST http://10.180.1.21/compute/v2.1/servers 0.790s
2025-03-19 16:04:15.250 69231 INFO tempest.lib.common.rest_client [req-629a32dd-8689-4b3a-a32d-4641dbc9a424 req-629a32dd-8689-4b3a-a32d-4641dbc9a424 ] Request (ServersAdminTestJSON:setUpClass): 200 GET http://10.180.1.21/compute/v2.1/servers/c7c9ee10-b598-496a-ab2c-bf8c5fe97052 0.325s
2025-03-19 16:04:15.277 69225 INFO tempest.lib.common.rest_client [req-804b5f59-e384-40c8-9e72-b23bcf02ffc0 req-804b5f59-e384-40c8-9e72-b23bcf02ffc0 ] Request (AttachVolumeShelveTestJSON:test_attach_volume_shelved_or_offload_server): 200 GET http://10.180.1.21/compute/v2.1/servers/dc37cf64-53d1-4b17-aa7d-2659924aef50 0.292s
2025-03-19 16:04:15.306 69199 INFO tempest.lib.common.rest_client [req-a21ce470-8b19-4fa0-b818-28abbae931d1 req-a21ce470-8b19-4fa0-b818-28abbae931d1 ] Request (ImagesOneServerTestJSON:setUpClass): 200 GET http://10.180.1.21/compute/v2.1/servers/c2a62e2c-866c-4ed8-8026-b62a834a620f 0.224s
2025-03-19 16:04:15.316 69209 INFO tempest.lib.common.rest_client [req-07f2e96d-f77f-4304-8004-5b9c65818251 req-07f2e96d-f77f-4304-8004-5b9c65818251 ] Request (ImagesTestJSON:test_create_image_from_suspended_server): 200 GET http://10.180.1.21/compute/v2.1/images/27bb3d29-b7e2-4bd9-b222-d4577ab95536 0.196s
2025-03-19 16:04:15.381 69238 INFO tempest.lib.common.rest_client [req-398fa6d7-d74c-4404-b6f1-10be01a6ba67 req-398fa6d7-d74c-4404-b6f1-10be01a6ba67 ] Request (SecurityGroupsTestJSON:test_server_security_groups): 200 GET http://10.180.1.21/compute/v2.1/servers/b5242dbf-7805-46a6-900d-de6c7480e9c0 0.191s
2025-03-19 16:04:15.405 69251 INFO tempest.lib.common.rest_client [req-a9ae1009-c653-42a7-a75c-932fa81a854a req-a9ae1009-c653-42a7-a75c-932fa81a854a ] Request (ServersTestJSON:test_create_server_specify_multibyte_character_name): 200 GET http://10.180.1.21/compute/v2.1/servers/547b97db-c690-457e-8d82-6bfbdc576f52 0.196s
2025-03-19 16:04:15.437 69245 INFO tempest.lib.common.rest_client [req-ce8eaadd-af41-4dba-a914-8ac9ebb466fe req-ce8eaadd-af41-4dba-a914-8ac9ebb466fe ] Request (MigrationsAdminTest:test_resize_server_revert_deleted_flavor): 200 GET http://10.180.1.21/compute/v2.1/servers/d8a69a2c-2c5d-42e8-b2c0-e0c3585de439 0.172s
2025-03-19 16:04:15.453 69209 INFO tempest.lib.common.rest_client [req-31a3911a-c389-46b5-bdd3-296e09d72446 req-31a3911a-c389-46b5-bdd3-296e09d72446 ] Request (ImagesTestJSON:test_create_image_from_suspended_server): 200 GET http://10.180.1.21/compute/v2.1/images/27bb3d29-b7e2-4bd9-b222-d4577ab95536 0.129s
2025-03-19 16:04:15.475 69209 INFO tempest.lib.common.rest_client [req-38125a34-9e04-4e17-9a08-b742ae2b92d7 req-38125a34-9e04-4e17-9a08-b742ae2b92d7 ] Request (ImagesTestJSON:test_create_image_from_suspended_server): 200 GET http://10.180.1.21/image/v2/images/27bb3d29-b7e2-4bd9-b222-d4577ab95536/tasks 0.019s
2025-03-19 16:04:15.558 69219 INFO tempest.lib.common.rest_client [req-abd264eb-1c4c-445c-836f-afea10e5f446 req-abd264eb-1c4c-445c-836f-afea10e5f446 ] Request (ListImageFiltersTestJSON:setUpClass): 200 GET http://10.180.1.21/compute/v2.1/servers/9b09d19e-2506-413a-867d-8be41a5bada7 0.201s
2025-03-19 16:04:15.567 69219 INFO tempest.common.waiters [-] State transition "ACTIVE/image_uploading" ==> "ACTIVE/None" after 1 second wait
2025-03-19 16:04:15.569 69247 INFO tempest.lib.common.rest_client [req-1d2f6bbc-f64c-4ef5-bb09-a193ede8d12c req-1d2f6bbc-f64c-4ef5-bb09-a193ede8d12c ] Request (ServerRescueNegativeTestJSON:setUpClass): 200 GET http://10.180.1.21/compute/v2.1/servers/9ba49303-832d-4da0-b856-a46bcb2bda5a 0.167s
2025-03-19 16:04:15.629 69221 INFO tempest.lib.common.rest_client [req-5bfc453f-599c-42db-96b0-efc1f32cfcd0 req-5bfc453f-599c-42db-96b0-efc1f32cfcd0 ] Request (ServersListShow296Test:tearDownClass): 200 GET http://10.180.1.21/compute/v2.1/servers/3f7997a5-fb73-4e2f-a767-e5ab6a549456 0.094s
2025-03-19 16:04:15.663 69209 INFO tempest.lib.common.rest_client [req-bdd33c2b-8f3b-4b66-a36d-12d78b304307 req-bdd33c2b-8f3b-4b66-a36d-12d78b304307 ] Request (ImagesTestJSON:_run_cleanups): 204 DELETE http://10.180.1.21/compute/v2.1/images/27bb3d29-b7e2-4bd9-b222-d4577ab95536 0.187s
2025-03-19 16:04:15.760 69217 WARNING tempest.lib.common.ssh [-] Failed to establish authenticated ssh connection to cirros@10.180.180.153 ([Errno None] Unable to connect to port 22 on 10.180.180.153). Number attempts: 4. Retry after 5 seconds.: paramiko.ssh_exception.NoValidConnectionsError: [Errno None] Unable to connect to port 22 on 10.180.180.153
2025-03-19 16:04:15.823 69243 INFO tempest.lib.common.rest_client [req-e48eb14f-1c5f-4f2a-bf52-9c62b02b1986 req-e48eb14f-1c5f-4f2a-bf52-9c62b02b1986 ] Request (ServerActionsTestOtherA:setUpClass): 200 GET http://10.180.1.21/compute/v2.1/servers/e4543b9b-f2d1-4ce9-a15c-e5a058b5a7c4 0.259s
2025-03-19 16:04:15.908 69227 INFO tempest.lib.common.rest_client [req-37f1ebfe-5180-4098-b731-a99c4f94d84e req-37f1ebfe-5180-4098-b731-a99c4f94d84e ] Request (ServersAdminNegativeTestJSON:tearDownClass): 200 GET http://10.180.1.21/compute/v2.1/servers/738adc74-ccb7-4788-89d9-4fe6873cbd30 0.293s
2025-03-19 16:04:15.986 69209 INFO tempest.lib.common.rest_client [req-ea3fecd4-03e4-4b0a-aa6d-7b7d710f73f2 req-ea3fecd4-03e4-4b0a-aa6d-7b7d710f73f2 ] Request (ImagesTestJSON:_run_cleanups): 204 DELETE http://10.180.1.21/compute/v2.1/servers/56a9ffd3-650b-4a48-b9e4-ab5cd5974de8 0.323s
2025-03-19 16:04:16.052 69207 INFO tempest.lib.common.rest_client [req-3c07a5fb-4de9-487d-b21e-b1fb2eff52ef req-3c07a5fb-4de9-487d-b21e-b1fb2eff52ef ] Request (FloatingIPsAssociationNegativeTestJSON:tearDownClass): 200 GET http://10.180.1.21/compute/v2.1/servers/e5160d66-7228-4d64-9adf-d7c26c5fab5f 0.370s
2025-03-19 16:04:16.067 69209 INFO tempest.lib.common.rest_client [req-ee2af112-5c8a-41b9-9c46-139019767088 req-ee2af112-5c8a-41b9-9c46-139019767088 ] Request (ImagesTestJSON:test_create_server_from_snapshot): 201 POST http://10.180.1.21/identity/v3/auth/tokens 0.077s
2025-03-19 16:04:16.068 69209 INFO tempest.lib.common.fixed_network [-] (ImagesTestJSON:test_create_server_from_snapshot) Found network {'id': '4b7c7b81-2b8d-430e-8b28-66c2135b7d3f', 'name': 'tempest-ImagesTestJSON-958671692-network', 'tenant_id': 'fde025fc382b482b930cbe3dd25c8689', 'admin_state_up': True, 'mtu': 8950, 'status': 'ACTIVE', 'subnets': [], 'shared': False, 'project_id': 'fde025fc382b482b930cbe3dd25c8689', 'port_security_enabled': True, 'router:external': False, 'provider:network_type': 'vlan', 'provider:physical_network': 'default', 'provider:segmentation_id': 547, 'availability_zone_hints': [], 'availability_zones': [], 'ipv4_address_scope': None, 'ipv6_address_scope': None, 'description': '', 'tags': [], 'created_at': '2025-03-19T16:02:11Z', 'updated_at': '2025-03-19T16:02:11Z', 'revision_number': 1} available for tenant
2025-03-19 16:04:16.139 69197 INFO tempest.lib.common.rest_client [req-db20de94-f2b5-46cf-9b0d-2acfd1562824 req-db20de94-f2b5-46cf-9b0d-2acfd1562824 ] Request (ServersTestFqdnHostnames:test_create_server_with_fqdn_name): 200 GET http://10.180.1.21/compute/v2.1/servers/84b9c497-ec98-4af0-a615-54ec54d3993b 0.417s
2025-03-19 16:04:16.153 69219 INFO tempest.lib.common.rest_client [req-bd666fcf-de74-44a2-af01-af4222e03bec req-bd666fcf-de74-44a2-af01-af4222e03bec ] Request (ListImageFiltersTestJSON:setUpClass): 202 POST http://10.180.1.21/compute/v2.1/servers/60f355d4-0eee-48c9-93e3-42bcffa200f4/action 0.586s
2025-03-19 16:04:16.184 69195 INFO tempest.lib.common.rest_client [req-181e84f6-640b-45b1-916e-2a5cb944fd61 req-181e84f6-640b-45b1-916e-2a5cb944fd61 ] Request (ServersTestManualDisk:setUpClass): 200 GET http://10.180.1.21/compute/v2.1/servers/b13197ec-f292-49a5-863f-cfe9f4932870 0.433s
2025-03-19 16:04:16.202 69203 INFO tempest.lib.common.rest_client [req-ea11ef15-12f2-454c-a8d9-aa5cabd87904 req-ea11ef15-12f2-454c-a8d9-aa5cabd87904 ] Request (ServerShowV247Test:test_update_rebuild_list_server): 200 GET http://10.180.1.21/compute/v2.1/servers/64ddafa1-fb5d-4a59-a846-2b3254c013c1 0.419s
2025-03-19 16:04:16.231 69193 INFO tempest.lib.common.rest_client [req-beb425ce-6250-444c-832e-76208706e884 req-beb425ce-6250-444c-832e-76208706e884 ] Request (ServerAddressesTestJSON:setUpClass): 200 GET http://10.180.1.21/compute/v2.1/servers/b1807389-9864-40a7-9738-c2bfb472a003 0.417s
2025-03-19 16:04:16.247 69241 INFO tempest.lib.common.rest_client [req-17c4ad01-be6a-4a56-932b-cc7012e0c7bd req-17c4ad01-be6a-4a56-932b-cc7012e0c7bd ] Request (ServerTagsTestJSON:setUpClass): 200 GET http://10.180.1.21/compute/v2.1/servers/4f2942b4-a232-415b-a2b5-2bf08f288501 0.356s
2025-03-19 16:04:16.301 69233 INFO tempest.lib.common.rest_client [req-337492e9-7385-498e-8d67-a309559c454f req-337492e9-7385-498e-8d67-a309559c454f ] Request (DeleteServersAdminTestJSON:test_delete_server_while_in_error_state): 200 GET http://10.180.1.21/compute/v2.1/servers/d6ec7fd8-35f6-480f-946a-d7eabe072670 0.352s
2025-03-19 16:04:16.329 69219 INFO tempest.lib.common.rest_client [req-f83e1828-6fec-4228-9e7e-423eac12a427 req-f83e1828-6fec-4228-9e7e-423eac12a427 ] Request (ListImageFiltersTestJSON:setUpClass): 200 GET http://10.180.1.21/compute/v2.1/images/a3e161c6-9ef7-41b3-ba2c-5b6516e05fb2 0.174s
2025-03-19 16:04:16.415 69189 INFO tempest.lib.common.rest_client [req-1a45fbe4-82fe-4159-9bd4-45e3a81629d1 req-1a45fbe4-82fe-4159-9bd4-45e3a81629d1 ] Request (AttachInterfacesUnderV243Test:test_add_remove_fixed_ip): 200 GET http://10.180.1.21/compute/v2.1/servers/623ccafe-c6f5-4713-a556-80eb794cc74d 0.245s
2025-03-19 16:04:16.472 69231 INFO tempest.lib.common.rest_client [req-e4a915a8-e632-473e-b430-402a7135667a req-e4a915a8-e632-473e-b430-402a7135667a ] Request (ServersAdminTestJSON:setUpClass): 200 GET http://10.180.1.21/compute/v2.1/servers/c7c9ee10-b598-496a-ab2c-bf8c5fe97052 0.209s
2025-03-19 16:04:16.524 69225 INFO tempest.lib.common.rest_client [req-d3b72a37-76b3-4c18-901b-bc7316f797d7 req-d3b72a37-76b3-4c18-901b-bc7316f797d7 ] Request (AttachVolumeShelveTestJSON:test_attach_volume_shelved_or_offload_server): 200 GET http://10.180.1.21/compute/v2.1/servers/dc37cf64-53d1-4b17-aa7d-2659924aef50 0.234s
2025-03-19 16:04:16.559 69209 INFO tempest.lib.common.rest_client [req-52c9535d-389e-4998-adbb-70486bfa6cf8 req-52c9535d-389e-4998-adbb-70486bfa6cf8 ] Request (ImagesTestJSON:test_create_server_from_snapshot): 202 POST http://10.180.1.21/compute/v2.1/servers 0.490s
2025-03-19 16:04:16.577 69199 INFO tempest.lib.common.rest_client [req-ec310c2e-853f-4c19-908a-1b63c4bb0d8b req-ec310c2e-853f-4c19-908a-1b63c4bb0d8b ] Request (ImagesOneServerTestJSON:setUpClass): 200 GET http://10.180.1.21/compute/v2.1/servers/c2a62e2c-866c-4ed8-8026-b62a834a620f 0.263s
2025-03-19 16:04:16.612 69238 INFO tempest.lib.common.rest_client [req-541714a6-2822-4438-9e86-784b6d6b43f1 req-541714a6-2822-4438-9e86-784b6d6b43f1 ] Request (SecurityGroupsTestJSON:test_server_security_groups): 200 GET http://10.180.1.21/compute/v2.1/servers/b5242dbf-7805-46a6-900d-de6c7480e9c0 0.221s
2025-03-19 16:04:16.631 69251 INFO tempest.lib.common.rest_client [req-d8ff9728-0f49-4e23-b5b6-1182cd1793b8 req-d8ff9728-0f49-4e23-b5b6-1182cd1793b8 ] Request (ServersTestJSON:test_create_server_specify_multibyte_character_name): 200 GET http://10.180.1.21/compute/v2.1/servers/547b97db-c690-457e-8d82-6bfbdc576f52 0.212s
2025-03-19 16:04:16.666 69245 INFO tempest.lib.common.rest_client [req-d90a5e75-05a5-4612-9e29-c6233a979ea1 req-d90a5e75-05a5-4612-9e29-c6233a979ea1 ] Request (MigrationsAdminTest:test_resize_server_revert_deleted_flavor): 200 GET http://10.180.1.21/compute/v2.1/servers/d8a69a2c-2c5d-42e8-b2c0-e0c3585de439 0.221s
