2025-03-19 16:03:42.486 69207 INFO tempest.lib.common.rest_client [req-9a44bdb1-c5df-4342-8193-b657479a1b6e req-9a44bdb1-c5df-4342-8193-b657479a1b6e ] Request (FloatingIPsAssociationNegativeTestJSON:test_associate_ip_to_server_with_floating_ip): 202 POST http://10.180.1.21/compute/v2.1/servers/e5160d66-7228-4d64-9adf-d7c26c5fab5f/action 1.471s
2025-03-19 16:03:42.545 69251 INFO tempest.lib.common.rest_client [req-0ab2ae1e-9f53-4cc5-a2ce-ad4906a06806 req-0ab2ae1e-9f53-4cc5-a2ce-ad4906a06806 ] Request (InstanceActionsTestJSON:tearDownClass): 200 GET http://10.180.1.21/compute/v2.1/servers/df8e52cf-3cf4-4da1-bff5-0f250cfda4d9 1.083s
2025-03-19 16:03:42.555 69201 INFO tempest.lib.common.rest_client [req-b9fcdf2f-7978-421b-8d3a-106faf96926c req-b9fcdf2f-7978-421b-8d3a-106faf96926c ] Request (FloatingIPsNegativeTestJSON:tearDownClass): 200 PUT http://10.180.1.21:9696/networking/v2.0/routers/db224868-fc11-438a-a081-32d55fa2ebc9/remove_router_interface 1.249s
2025-03-19 16:03:42.565 69209 INFO tempest.lib.common.rest_client [req-dbe2c343-9a41-45dd-aff1-b10352f44a32 req-dbe2c343-9a41-45dd-aff1-b10352f44a32 ] Request (ImagesTestJSON:test_create_image_from_suspended_server): 200 GET http://10.180.1.21/compute/v2.1/servers/56a9ffd3-650b-4a48-b9e4-ab5cd5974de8 0.647s
2025-03-19 16:03:42.627 69189 INFO tempest.lib.common.rest_client [req-37721790-efb1-47cb-a346-d4d9355a6ecf req-37721790-efb1-47cb-a346-d4d9355a6ecf ] Request (AttachInterfacesUnderV243Test:test_add_remove_fixed_ip): 200 GET http://10.180.1.21/compute/v2.1/servers/623ccafe-c6f5-4713-a556-80eb794cc74d 0.645s
2025-03-19 16:03:42.636 69189 INFO tempest.common.waiters [-] State transition "BUILD/scheduling" ==> "BUILD/None" after 10 second wait
2025-03-19 16:03:42.640 69243 INFO tempest.lib.common.rest_client [req-4f20b24f-72a5-4e72-8275-afbc2e930146 req-4f20b24f-72a5-4e72-8275-afbc2e930146 ] Request (ServerActionsTestOtherA:setUpClass): 200 GET http://10.180.1.21/compute/v2.1/servers/e4543b9b-f2d1-4ce9-a15c-e5a058b5a7c4 0.557s
2025-03-19 16:03:42.751 69233 INFO tempest.lib.common.rest_client [req-085dc41e-7a8d-4e94-8537-dd4b50ab8ed6 req-085dc41e-7a8d-4e94-8537-dd4b50ab8ed6 ] Request (DeleteServersAdminTestJSON:test_delete_server_while_in_error_state): 200 GET http://10.180.1.21/compute/v2.1/servers/d6ec7fd8-35f6-480f-946a-d7eabe072670 0.575s
2025-03-19 16:03:42.831 69245 INFO tempest.lib.common.rest_client [req-6e196701-cdc2-4d4b-84a1-92ce21929a4d req-6e196701-cdc2-4d4b-84a1-92ce21929a4d ] Request (MigrationsAdminTest:test_list_migrations_in_flavor_resize_situation): 200 GET http://10.180.1.21/compute/v2.1/servers/db3e747b-e648-4fc2-86a1-d2e6ff48db08 0.714s
2025-03-19 16:03:42.909 69217 INFO tempest.lib.common.rest_client [req-f300e27e-d824-4502-84d8-484168f0641c req-f300e27e-d824-4502-84d8-484168f0641c ] Request (AttachInterfacesTestJSON:test_create_list_show_delete_interfaces_by_fixed_ip): 200 GET http://10.180.1.21/compute/v2.1/servers/9945ec86-a679-4a3e-a72b-88ad7c7e4c18 0.627s
2025-03-19 16:03:42.950 69231 INFO tempest.lib.common.rest_client [req-6b6eb7aa-877d-4b51-9aca-bbe8a58072da req-6b6eb7aa-877d-4b51-9aca-bbe8a58072da ] Request (ServerDiagnosticsNegativeTest:tearDownClass): 200 GET http://10.180.1.21/compute/v2.1/servers/0e5c2fa2-4835-4546-9ae2-b54a56b5b5c7 0.577s
2025-03-19 16:03:43.037 69238 INFO tempest.lib.common.rest_client [req-474c3e3d-6b77-45f0-be84-2ba0ac57f33e req-474c3e3d-6b77-45f0-be84-2ba0ac57f33e ] Request (SecurityGroupsTestJSON:test_security_group_create_get_delete): 200 POST http://10.180.1.21/compute/v2.1/os-security-groups 0.616s
2025-03-19 16:03:43.060 69201 INFO tempest.lib.common.rest_client [req-ca5e1468-97c7-4bd9-859d-cfbbd22023fc req-ca5e1468-97c7-4bd9-859d-cfbbd22023fc ] Request (FloatingIPsNegativeTestJSON:tearDownClass): 204 DELETE http://10.180.1.21:9696/networking/v2.0/routers/db224868-fc11-438a-a081-32d55fa2ebc9 0.505s
2025-03-19 16:03:43.188 69201 INFO tempest.lib.common.rest_client [req-3b11bc88-2551-453f-adbc-baf24266cdf1 req-3b11bc88-2551-453f-adbc-baf24266cdf1 ] Request (FloatingIPsNegativeTestJSON:tearDownClass): 204 DELETE http://10.180.1.21:9696/networking/v2.0/subnets/965f47f2-6be1-49f5-9633-64cb4ee2d8ae 0.127s
2025-03-19 16:03:43.280 69219 INFO tempest.lib.common.rest_client [req-6945dc27-f860-4f59-a31e-7d9d7491ebeb req-6945dc27-f860-4f59-a31e-7d9d7491ebeb ] Request (ListImageFiltersTestJSON:setUpClass): 200 GET http://10.180.1.21/compute/v2.1/images/abafe160-c641-4b6b-8574-bd181bf08ac7 0.788s
2025-03-19 16:03:43.395 69201 INFO tempest.lib.common.rest_client [req-b10774bf-56f2-4e30-8bb6-f6f1c4c7af14 req-b10774bf-56f2-4e30-8bb6-f6f1c4c7af14 ] Request (FloatingIPsNegativeTestJSON:tearDownClass): 204 DELETE http://10.180.1.21:9696/networking/v2.0/networks/687f4de6-30fd-4a7e-8b61-c8fdf3c24bc4 0.207s
2025-03-19 16:03:43.397 69227 INFO tempest.lib.common.rest_client [req-52fc1237-c753-4dab-afc2-8c2edc94a6bd req-52fc1237-c753-4dab-afc2-8c2edc94a6bd ] Request (ServersAdminNegativeTestJSON:test_migrate_server_invalid_state): 200 GET http://10.180.1.21/compute/v2.1/servers/738adc74-ccb7-4788-89d9-4fe6873cbd30 0.901s
2025-03-19 16:03:43.404 69227 INFO tempest.common.waiters [-] State transition "BUILD/spawning" ==> "ACTIVE/None" after 45 second wait
2025-03-19 16:03:43.473 69201 INFO tempest.lib.common.rest_client [req-9693bcf8-136c-4a23-880e-34006b249a6d req-9693bcf8-136c-4a23-880e-34006b249a6d ] Request (FloatingIPsNegativeTestJSON:tearDownClass): 204 DELETE http://10.180.1.21/identity/v3/users/db12b1a34e90453e9f0af46e0c787b3c 0.077s
2025-03-19 16:03:43.474 69201 INFO tempest.lib.common.dynamic_creds [-] Deleting project and security group for project: 843b6fcf3f26424ab3ac222809133db1
2025-03-19 16:03:43.514 69201 INFO tempest.lib.common.rest_client [req-81a67db0-5a5a-41e8-9344-32fc48d5889c req-81a67db0-5a5a-41e8-9344-32fc48d5889c ] Request (FloatingIPsNegativeTestJSON:tearDownClass): 200 GET http://10.180.1.21:9696/networking/v2.0/security-groups?tenant_id=843b6fcf3f26424ab3ac222809133db1&name=default 0.040s
2025-03-19 16:03:43.622 69207 INFO tempest.lib.common.rest_client [req-db4da4d0-6dda-4821-aa0f-35c2608c53e6 req-db4da4d0-6dda-4821-aa0f-35c2608c53e6 ] Request (FloatingIPsAssociationNegativeTestJSON:test_associate_ip_to_server_with_floating_ip): 200 POST http://10.180.1.21/compute/v2.1/os-floating-ips 1.136s
2025-03-19 16:03:43.636 69201 INFO tempest.lib.common.rest_client [req-11643ee7-d83a-4244-8660-a8a2ab3d48d7 req-11643ee7-d83a-4244-8660-a8a2ab3d48d7 ] Request (FloatingIPsNegativeTestJSON:tearDownClass): 204 DELETE http://10.180.1.21:9696/networking/v2.0/security-groups/8f183e04-59cd-4b6e-96c3-9da9481634ad 0.122s
2025-03-19 16:03:43.689 69221 INFO tempest.lib.common.rest_client [req-206bf50d-41d5-4201-91f9-37203379b3b1 req-206bf50d-41d5-4201-91f9-37203379b3b1 ] Request (ServersListShow296Test:test_list_show_update_rebuild_server_296): 200 GET http://10.180.1.21/compute/v2.1/servers/3f7997a5-fb73-4e2f-a767-e5ab6a549456 1.040s
2025-03-19 16:03:43.733 69225 INFO tempest.lib.common.rest_client [req-d31b1314-2e0b-4bf6-9e86-965c74a44c96 req-d31b1314-2e0b-4bf6-9e86-965c74a44c96 ] Request (ServerDiagnosticsV248Test:tearDownClass): 200 GET http://10.180.1.21/compute/v2.1/servers/c9261fcc-7aa8-4afb-aa30-57df0ef71a44 1.171s
2025-03-19 16:03:43.740 69201 INFO tempest.lib.common.rest_client [req-1f3d6eda-b1aa-48eb-acfc-ae45f61a4a03 req-1f3d6eda-b1aa-48eb-acfc-ae45f61a4a03 ] Request (FloatingIPsNegativeTestJSON:tearDownClass): 204 DELETE http://10.180.1.21/identity/v3/projects/843b6fcf3f26424ab3ac222809133db1 0.103s
2025-03-19 16:03:43.747 69247 INFO tempest.lib.common.rest_client [req-54b93de1-73db-4181-809d-e1614aaad700 req-54b93de1-73db-4181-809d-e1614aaad700 ] Request (ServerRescueNegativeTestJSON:setUpClass): 200 GET http://10.180.1.21/compute/v2.1/servers/9ba49303-832d-4da0-b856-a46bcb2bda5a 1.028s
2025-03-19 16:03:43.808 69197 INFO tempest.lib.common.rest_client [req-9480ef1b-3cdb-4276-9158-9bdd0f40c954 req-9480ef1b-3cdb-4276-9158-9bdd0f40c954 ] Request (ServersTestFqdnHostnames:test_create_server_with_fqdn_name): 200 GET http://10.180.1.21/compute/v2.1/servers/84b9c497-ec98-4af0-a615-54ec54d3993b 0.900s
2025-03-19 16:03:43.817 69199 INFO tempest.lib.common.rest_client [req-3405d8f2-54df-4ee8-a851-a4471342503a req-3405d8f2-54df-4ee8-a851-a4471342503a ] Request (ImagesNegativeTestJSON:test_create_image_from_deleted_server): 200 GET http://10.180.1.21/compute/v2.1/servers/94452cee-d071-4dc4-a073-0a42e72667c6 1.003s
2025-03-19 16:03:43.885 69195 INFO tempest.lib.common.rest_client [req-f5049a18-f4a9-4b53-94bd-dc5550f98979 req-f5049a18-f4a9-4b53-94bd-dc5550f98979 ] Request (ServersTestManualDisk:setUpClass): 200 GET http://10.180.1.21/compute/v2.1/servers/b13197ec-f292-49a5-863f-cfe9f4932870 0.918s
2025-03-19 16:03:43.893 69203 INFO tempest.lib.common.rest_client [req-36d19f9a-1ce7-4281-9930-b3bd32e9b6be req-36d19f9a-1ce7-4281-9930-b3bd32e9b6be ] Request (ServerShowV247Test:test_update_rebuild_list_server): 200 GET http://10.180.1.21/compute/v2.1/servers/64ddafa1-fb5d-4a59-a846-2b3254c013c1 0.864s
2025-03-19 16:03:43.922 69238 INFO tempest.lib.common.rest_client [req-01130c0a-ca84-4884-aa88-bb0663bc819a req-01130c0a-ca84-4884-aa88-bb0663bc819a ] Request (SecurityGroupsTestJSON:test_security_group_create_get_delete): 200 GET http://10.180.1.21/compute/v2.1/os-security-groups/273db489-6cdc-4e31-83bc-7dea3698c827 0.882s
2025-03-19 16:03:43.950 69193 INFO tempest.lib.common.rest_client [req-03a29020-e8bd-4423-8a9a-b9c43cd9fc6e req-03a29020-e8bd-4423-8a9a-b9c43cd9fc6e ] Request (ServerAddressesTestJSON:setUpClass): 200 GET http://10.180.1.21/compute/v2.1/servers/b1807389-9864-40a7-9738-c2bfb472a003 0.858s
2025-03-19 16:03:44.002 69241 INFO tempest.lib.common.rest_client [req-eb1668fa-daaf-48bb-b908-26a244db3854 req-eb1668fa-daaf-48bb-b908-26a244db3854 ] Request (ServerTagsTestJSON:setUpClass): 200 GET http://10.180.1.21/compute/v2.1/servers/4f2942b4-a232-415b-a2b5-2bf08f288501 0.519s
2025-03-19 16:03:44.030 69227 INFO tempest.lib.common.rest_client [req-1d255457-d4c3-4da9-bf56-f378b0120ba0 req-1d255457-d4c3-4da9-bf56-f378b0120ba0 ] Request (ServersAdminNegativeTestJSON:test_migrate_server_invalid_state): 202 POST http://10.180.1.21/compute/v2.1/servers/738adc74-ccb7-4788-89d9-4fe6873cbd30/action 0.626s
2025-03-19 16:03:44.068 69251 INFO tempest.lib.common.rest_client [req-851791e0-7c8f-48b0-b952-3259912ed143 req-851791e0-7c8f-48b0-b952-3259912ed143 ] Request (InstanceActionsTestJSON:tearDownClass): 200 GET http://10.180.1.21/compute/v2.1/servers/df8e52cf-3cf4-4da1-bff5-0f250cfda4d9 0.512s
2025-03-19 16:03:44.079 69209 INFO tempest.lib.common.rest_client [req-c50ca4d9-4210-4878-aadb-62dc771f11e7 req-c50ca4d9-4210-4878-aadb-62dc771f11e7 ] Request (ImagesTestJSON:test_create_image_from_suspended_server): 200 GET http://10.180.1.21/compute/v2.1/servers/56a9ffd3-650b-4a48-b9e4-ab5cd5974de8 0.503s
2025-03-19 16:03:44.131 69189 INFO tempest.lib.common.rest_client [req-ce3b927b-6f2a-4094-91f3-4399b2344b7f req-ce3b927b-6f2a-4094-91f3-4399b2344b7f ] Request (AttachInterfacesUnderV243Test:test_add_remove_fixed_ip): 200 GET http://10.180.1.21/compute/v2.1/servers/623ccafe-c6f5-4713-a556-80eb794cc74d 0.494s
2025-03-19 16:03:44.174 69243 INFO tempest.lib.common.rest_client [req-8d587316-5ea8-4cdb-beba-bc59c2647afe req-8d587316-5ea8-4cdb-beba-bc59c2647afe ] Request (ServerActionsTestOtherA:setUpClass): 200 GET http://10.180.1.21/compute/v2.1/servers/e4543b9b-f2d1-4ce9-a15c-e5a058b5a7c4 0.516s
2025-03-19 16:03:44.265 69233 INFO tempest.lib.common.rest_client [req-20cd9bf7-12dc-43db-95e1-929418af817a req-20cd9bf7-12dc-43db-95e1-929418af817a ] Request (DeleteServersAdminTestJSON:test_delete_server_while_in_error_state): 200 GET http://10.180.1.21/compute/v2.1/servers/d6ec7fd8-35f6-480f-946a-d7eabe072670 0.504s
2025-03-19 16:03:44.278 69207 INFO tempest.lib.common.rest_client [req-f67bd21e-832a-494e-9c6b-3bca8352af51 req-f67bd21e-832a-494e-9c6b-3bca8352af51 ] Request (FloatingIPsAssociationNegativeTestJSON:test_associate_ip_to_server_with_floating_ip): 400 POST http://10.180.1.21/compute/v2.1/servers/e5160d66-7228-4d64-9adf-d7c26c5fab5f/action 0.653s
2025-03-19 16:03:44.352 69245 INFO tempest.lib.common.rest_client [req-3c1c6550-3fec-4621-bb7e-65c82e3e4804 req-3c1c6550-3fec-4621-bb7e-65c82e3e4804 ] Request (MigrationsAdminTest:test_list_migrations_in_flavor_resize_situation): 200 GET http://10.180.1.21/compute/v2.1/servers/db3e747b-e648-4fc2-86a1-d2e6ff48db08 0.511s
2025-03-19 16:03:44.362 69217 INFO tempest.lib.common.rest_client [req-aff8531f-38b1-4c37-8673-74594ffaa51d req-aff8531f-38b1-4c37-8673-74594ffaa51d ] Request (AttachInterfacesTestJSON:test_create_list_show_delete_interfaces_by_fixed_ip): 200 GET http://10.180.1.21/compute/v2.1/servers/9945ec86-a679-4a3e-a72b-88ad7c7e4c18 0.444s
2025-03-19 16:03:44.381 69231 INFO tempest.lib.common.rest_client [req-22843ef8-28a0-44a5-8385-9b3d88b4a707 req-22843ef8-28a0-44a5-8385-9b3d88b4a707 ] Request (ServerDiagnosticsNegativeTest:tearDownClass): 404 GET http://10.180.1.21/compute/v2.1/servers/0e5c2fa2-4835-4546-9ae2-b54a56b5b5c7 0.419s
2025-03-19 16:03:44.442 69238 INFO tempest.lib.common.rest_client [req-465b1b0d-d762-49e4-9a4b-28d9f2f35d9b req-465b1b0d-d762-49e4-9a4b-28d9f2f35d9b ] Request (SecurityGroupsTestJSON:test_security_group_create_get_delete): 202 DELETE http://10.180.1.21/compute/v2.1/os-security-groups/273db489-6cdc-4e31-83bc-7dea3698c827 0.516s
2025-03-19 16:03:44.489 69231 INFO tempest.lib.common.rest_client [req-020235d9-fd3d-411b-9ff7-82ac45dbe6a8 req-020235d9-fd3d-411b-9ff7-82ac45dbe6a8 ] Request (ServerDiagnosticsNegativeTest:tearDownClass): 204 DELETE http://10.180.1.21/identity/v3/users/f5c5a1222e5a4adcb60012566a2f27b7 0.107s
2025-03-19 16:03:44.565 69227 INFO tempest.lib.common.rest_client [req-4923196e-1098-4c43-9ddb-ddc9fb97f727 req-4923196e-1098-4c43-9ddb-ddc9fb97f727 ] Request (ServersAdminNegativeTestJSON:test_migrate_server_invalid_state): 200 GET http://10.180.1.21/compute/v2.1/servers/738adc74-ccb7-4788-89d9-4fe6873cbd30 0.530s
2025-03-19 16:03:44.585 69231 INFO tempest.lib.common.rest_client [req-f17a2b68-024b-46d3-882a-49f584c7478d req-f17a2b68-024b-46d3-882a-49f584c7478d ] Request (ServerDiagnosticsNegativeTest:tearDownClass): 204 DELETE http://10.180.1.21/identity/v3/users/f8cde8a6578a42efa6f56147408e35aa 0.095s
2025-03-19 16:03:44.586 69231 INFO tempest.lib.common.dynamic_creds [-] Deleting project and security group for project: ea5e40d40dbb4f239df93e8688b3fde3
2025-03-19 16:03:44.604 69219 INFO tempest.lib.common.rest_client [req-09bc822a-6a55-470d-9206-1cb18570cac7 req-09bc822a-6a55-470d-9206-1cb18570cac7 ] Request (ListImageFiltersTestJSON:setUpClass): 200 GET http://10.180.1.21/compute/v2.1/images/abafe160-c641-4b6b-8574-bd181bf08ac7 0.318s
2025-03-19 16:03:44.624 69238 INFO tempest.lib.common.rest_client [req-01d9b557-cbe9-432b-a4c8-9c88da8db149 req-01d9b557-cbe9-432b-a4c8-9c88da8db149 ] Request (SecurityGroupsTestJSON:test_security_group_create_get_delete): 404 GET http://10.180.1.21/compute/v2.1/os-security-groups/273db489-6cdc-4e31-83bc-7dea3698c827 0.182s
2025-03-19 16:03:44.658 69231 INFO tempest.lib.common.rest_client [req-3f892123-9f07-4789-baa0-b1f80ef85354 req-3f892123-9f07-4789-baa0-b1f80ef85354 ] Request (ServerDiagnosticsNegativeTest:tearDownClass): 201 POST http://10.180.1.21/identity/v3/auth/tokens 0.072s
2025-03-19 16:03:44.757 69231 INFO tempest.lib.common.rest_client [req-0908a229-5294-4b11-a103-71739cf3da91 req-0908a229-5294-4b11-a103-71739cf3da91 ] Request (ServerDiagnosticsNegativeTest:tearDownClass): 200 GET http://10.180.1.21:9696/networking/v2.0/security-groups?tenant_id=ea5e40d40dbb4f239df93e8688b3fde3&name=default 0.099s
2025-03-19 16:03:44.782 69205 WARNING tempest.lib.common.ssh [-] Failed to establish authenticated ssh connection to cirros@10.180.180.190 ([Errno None] Unable to connect to port 22 on 10.180.180.190). Number attempts: 7. Retry after 8 seconds.: paramiko.ssh_exception.NoValidConnectionsError: [Errno None] Unable to connect to port 22 on 10.180.180.190
2025-03-19 16:03:44.800 69238 INFO tempest.lib.common.rest_client [req-4811eece-65bc-4594-8a9d-e505a137cf36 req-4811eece-65bc-4594-8a9d-e505a137cf36 ] Request (SecurityGroupsTestJSON:test_security_groups_create_list_delete): 200 POST http://10.180.1.21/compute/v2.1/os-security-groups 0.175s
2025-03-19 16:03:44.836 69207 INFO tempest.lib.common.rest_client [req-827e252c-e3a2-411d-bf77-11466f9d5617 req-827e252c-e3a2-411d-bf77-11466f9d5617 ] Request (FloatingIPsAssociationNegativeTestJSON:_run_cleanups): 202 DELETE http://10.180.1.21/compute/v2.1/os-floating-ips/d906aa86-1ce7-4420-8d13-9f8d80ba7ef0 0.557s
2025-03-19 16:03:44.897 69231 INFO tempest.lib.common.rest_client [req-34aeffb8-334f-432a-be88-2305f8c84652 req-34aeffb8-334f-432a-be88-2305f8c84652 ] Request (ServerDiagnosticsNegativeTest:tearDownClass): 204 DELETE http://10.180.1.21:9696/networking/v2.0/security-groups/95394b59-a7d6-45d9-b996-40271420a5f4 0.139s
2025-03-19 16:03:44.900 69221 INFO tempest.lib.common.rest_client [req-f034d1cb-1ca7-4c6c-8866-4ace6613040c req-f034d1cb-1ca7-4c6c-8866-4ace6613040c ] Request (ServersListShow296Test:test_list_show_update_rebuild_server_296): 200 GET http://10.180.1.21/compute/v2.1/servers/3f7997a5-fb73-4e2f-a767-e5ab6a549456 0.200s
2025-03-19 16:03:44.913 69225 INFO tempest.lib.common.rest_client [req-5217ee0f-79df-4d4e-997d-d96caaefa71e req-5217ee0f-79df-4d4e-997d-d96caaefa71e ] Request (ServerDiagnosticsV248Test:tearDownClass): 200 GET http://10.180.1.21/compute/v2.1/servers/c9261fcc-7aa8-4afb-aa30-57df0ef71a44 0.170s
2025-03-19 16:03:44.966 69247 INFO tempest.lib.common.rest_client [req-af73d638-8a4f-499e-bf34-e6d1308e0d59 req-af73d638-8a4f-499e-bf34-e6d1308e0d59 ] Request (ServerRescueNegativeTestJSON:setUpClass): 200 GET http://10.180.1.21/compute/v2.1/servers/9ba49303-832d-4da0-b856-a46bcb2bda5a 0.209s
2025-03-19 16:03:44.986 69231 INFO tempest.lib.common.rest_client [req-6af30de1-2a2c-4531-9153-3cef1e960adb req-6af30de1-2a2c-4531-9153-3cef1e960adb ] Request (ServerDiagnosticsNegativeTest:tearDownClass): 204 DELETE http://10.180.1.21/identity/v3/projects/ea5e40d40dbb4f239df93e8688b3fde3 0.089s
2025-03-19 16:03:44.987 69231 INFO tempest.lib.common.dynamic_creds [-] Deleting project and security group for project: fce3567bdea14f568b9404e7eff964ff
2025-03-19 16:03:45.030 69197 INFO tempest.lib.common.rest_client [req-9a88ac7e-7fb3-4f26-a7f1-df9e1b90bb6e req-9a88ac7e-7fb3-4f26-a7f1-df9e1b90bb6e ] Request (ServersTestFqdnHostnames:test_create_server_with_fqdn_name): 200 GET http://10.180.1.21/compute/v2.1/servers/84b9c497-ec98-4af0-a615-54ec54d3993b 0.210s
2025-03-19 16:03:45.081 69238 INFO tempest.lib.common.rest_client [req-350102a5-dbff-4017-828c-970e6954ce66 req-350102a5-dbff-4017-828c-970e6954ce66 ] Request (SecurityGroupsTestJSON:test_security_groups_create_list_delete): 200 POST http://10.180.1.21/compute/v2.1/os-security-groups 0.277s
2025-03-19 16:03:45.110 69199 INFO tempest.lib.common.rest_client [req-08384105-880e-41ac-b675-822cd4709d28 req-08384105-880e-41ac-b675-822cd4709d28 ] Request (ImagesNegativeTestJSON:test_create_image_from_deleted_server): 200 GET http://10.180.1.21/compute/v2.1/servers/94452cee-d071-4dc4-a073-0a42e72667c6 0.282s
2025-03-19 16:03:45.152 69231 INFO tempest.lib.common.rest_client [req-5b26f5d0-67df-4aea-a6fe-e5c23851a6bf req-5b26f5d0-67df-4aea-a6fe-e5c23851a6bf ] Request (ServerDiagnosticsNegativeTest:tearDownClass): 200 GET http://10.180.1.21:9696/networking/v2.0/security-groups?tenant_id=fce3567bdea14f568b9404e7eff964ff&name=default 0.165s
2025-03-19 16:03:45.166 69195 INFO tempest.lib.common.rest_client [req-ca8430db-b982-4973-b906-80936fa30f9e req-ca8430db-b982-4973-b906-80936fa30f9e ] Request (ServersTestManualDisk:setUpClass): 200 GET http://10.180.1.21/compute/v2.1/servers/b13197ec-f292-49a5-863f-cfe9f4932870 0.269s
2025-03-19 16:03:45.224 69203 INFO tempest.lib.common.rest_client [req-cccc078d-4df7-4091-812f-6e9dd8024e6b req-cccc078d-4df7-4091-812f-6e9dd8024e6b ] Request (ServerShowV247Test:test_update_rebuild_list_server): 200 GET http://10.180.1.21/compute/v2.1/servers/64ddafa1-fb5d-4a59-a846-2b3254c013c1 0.320s
2025-03-19 16:03:45.276 69193 INFO tempest.lib.common.rest_client [req-bd9a9dd9-bd51-4ac6-b54b-e1d056d9fbf9 req-bd9a9dd9-bd51-4ac6-b54b-e1d056d9fbf9 ] Request (ServerAddressesTestJSON:setUpClass): 200 GET http://10.180.1.21/compute/v2.1/servers/b1807389-9864-40a7-9738-c2bfb472a003 0.317s
2025-03-19 16:03:45.337 69231 INFO tempest.lib.common.rest_client [req-5ba3d1fe-50d4-4d28-8a37-d30863b43f2e req-5ba3d1fe-50d4-4d28-8a37-d30863b43f2e ] Request (ServerDiagnosticsNegativeTest:tearDownClass): 204 DELETE http://10.180.1.21:9696/networking/v2.0/security-groups/166a2cf9-aef4-4cb9-8681-7047c3fde640 0.184s
2025-03-19 16:03:45.341 69241 INFO tempest.lib.common.rest_client [req-2ff2f04c-72c1-4a0a-90dc-4a423333ac76 req-2ff2f04c-72c1-4a0a-90dc-4a423333ac76 ] Request (ServerTagsTestJSON:setUpClass): 200 GET http://10.180.1.21/compute/v2.1/servers/4f2942b4-a232-415b-a2b5-2bf08f288501 0.329s
2025-03-19 16:03:45.406 69251 INFO tempest.lib.common.rest_client [req-0f7196b7-8c22-4771-8cee-659677031f6b req-0f7196b7-8c22-4771-8cee-659677031f6b ] Request (InstanceActionsTestJSON:tearDownClass): 200 GET http://10.180.1.21/compute/v2.1/servers/df8e52cf-3cf4-4da1-bff5-0f250cfda4d9 0.327s
2025-03-19 16:03:45.440 69231 INFO tempest.lib.common.rest_client [req-8d0755c5-76aa-46fb-8e56-24aa91cdffc9 req-8d0755c5-76aa-46fb-8e56-24aa91cdffc9 ] Request (ServerDiagnosticsNegativeTest:tearDownClass): 204 DELETE http://10.180.1.21/identity/v3/projects/fce3567bdea14f568b9404e7eff964ff 0.102s
2025-03-19 16:03:45.513 69238 INFO tempest.lib.common.rest_client [req-53c2d74e-ff80-41de-800e-98042310daf8 req-53c2d74e-ff80-41de-800e-98042310daf8 ] Request (SecurityGroupsTestJSON:test_security_groups_create_list_delete): 200 POST http://10.180.1.21/compute/v2.1/os-security-groups 0.429s
2025-03-19 16:03:45.517 69231 INFO tempest.lib.common.rest_client [req-b57e8ae8-033b-4cbf-a22c-9d663389f81b req-b57e8ae8-033b-4cbf-a22c-9d663389f81b ] Request (ServersAdminTestJSON:setUpClass): 201 POST http://10.180.1.21/identity/v3/auth/tokens 0.075s
2025-03-19 16:03:45.554 69231 INFO tempest.lib.common.rest_client [req-cb927a5a-8651-4048-a14d-f6a6b6ebcbb6 req-cb927a5a-8651-4048-a14d-f6a6b6ebcbb6 ] Request (ServersAdminTestJSON:setUpClass): 201 POST http://10.180.1.21/identity/v3/auth/tokens 0.034s
2025-03-19 16:03:45.581 69209 INFO tempest.lib.common.rest_client [req-3380b957-fd7d-4e5a-84da-d9670f3b35d5 req-3380b957-fd7d-4e5a-84da-d9670f3b35d5 ] Request (ImagesTestJSON:test_create_image_from_suspended_server): 200 GET http://10.180.1.21/compute/v2.1/servers/56a9ffd3-650b-4a48-b9e4-ab5cd5974de8 0.493s
2025-03-19 16:03:45.588 69231 INFO tempest.lib.common.rest_client [req-1826167f-de24-47eb-9663-d27baf2794ac req-1826167f-de24-47eb-9663-d27baf2794ac ] Request (ServersAdminTestJSON:setUpClass): 200 GET http://10.180.1.21/identity/v3/domains?name=Default 0.033s
2025-03-19 16:03:45.632 69231 INFO tempest.lib.common.rest_client [req-d9f61601-21c9-4cac-b7f3-243c3523b138 req-d9f61601-21c9-4cac-b7f3-243c3523b138 ] Request (ServersAdminTestJSON:setUpClass): 201 POST http://10.180.1.21/identity/v3/projects 0.039s
2025-03-19 16:03:45.645 69189 INFO tempest.lib.common.rest_client [req-3f56b1fb-3c66-48a7-9429-88852e3bf492 req-3f56b1fb-3c66-48a7-9429-88852e3bf492 ] Request (AttachInterfacesUnderV243Test:test_add_remove_fixed_ip): 200 GET http://10.180.1.21/compute/v2.1/servers/623ccafe-c6f5-4713-a556-80eb794cc74d 0.506s
2025-03-19 16:03:45.703 69231 INFO tempest.lib.common.rest_client [req-ba6bb919-11b8-4023-a7f7-b9e19bedbd07 req-ba6bb919-11b8-4023-a7f7-b9e19bedbd07 ] Request (ServersAdminTestJSON:setUpClass): 201 POST http://10.180.1.21/identity/v3/users 0.071s
2025-03-19 16:03:45.708 69243 INFO tempest.lib.common.rest_client [req-f69de6ac-4212-4331-b202-cfee565b33e6 req-f69de6ac-4212-4331-b202-cfee565b33e6 ] Request (ServerActionsTestOtherA:setUpClass): 200 GET http://10.180.1.21/compute/v2.1/servers/e4543b9b-f2d1-4ce9-a15c-e5a058b5a7c4 0.521s
2025-03-19 16:03:45.727 69231 INFO tempest.lib.common.rest_client [req-4fee7208-f087-4e06-a20d-be773fc5c095 req-4fee7208-f087-4e06-a20d-be773fc5c095 ] Request (ServersAdminTestJSON:setUpClass): 200 GET http://10.180.1.21/identity/v3/roles 0.023s
2025-03-19 16:03:45.742 69215 WARNING tempest.lib.common.ssh [-] Failed to establish authenticated ssh connection to cirros@10.180.180.217 ([Errno None] Unable to connect to port 22 on 10.180.180.217). Number attempts: 6. Retry after 7 seconds.: paramiko.ssh_exception.NoValidConnectionsError: [Errno None] Unable to connect to port 22 on 10.180.180.217
2025-03-19 16:03:45.779 69231 INFO tempest.lib.common.rest_client [req-55a7bbef-5094-416a-ab25-c06ba56b09dd req-55a7bbef-5094-416a-ab25-c06ba56b09dd ] Request (ServersAdminTestJSON:setUpClass): 204 PUT http://10.180.1.21/identity/v3/projects/f4c041d2417c49f4a833b427a5bee0de/users/19277d36f251466cb1fb20c8037ca446/roles/9cb912bec6da40e4849c469bc918dda7 0.051s
2025-03-19 16:03:45.779 69231 INFO tempest.lib.common.dynamic_creds [-] Dynamic test user 19277d36f251466cb1fb20c8037ca446 is created with scope project and roles: ['member']
2025-03-19 16:03:45.779 69231 INFO tempest.lib.common.dynamic_creds [-] Acquired dynamic creds: credentials: Credentials: {'domain_id': 'default', 'domain_name': 'Default', 'username': 'tempest-ServersAdminTestJSON-966948434-project-member', 'project_domain_id': 'default', 'project_domain_name': 'Default', 'project_id': 'f4c041d2417c49f4a833b427a5bee0de', 'project_name': 'tempest-ServersAdminTestJSON-966948434', 'tenant_id': 'f4c041d2417c49f4a833b427a5bee0de', 'tenant_name': 'tempest-ServersAdminTestJSON-966948434', 'user_domain_id': 'default', 'user_domain_name': 'Default', 'user_id': '19277d36f251466cb1fb20c8037ca446', 'system': None}, Network: None, Subnet: None, Router: None
2025-03-19 16:03:45.833 69233 INFO tempest.lib.common.rest_client [req-d6a41f22-1899-4903-b581-856699ee9263 req-d6a41f22-1899-4903-b581-856699ee9263 ] Request (DeleteServersAdminTestJSON:test_delete_server_while_in_error_state): 200 GET http://10.180.1.21/compute/v2.1/servers/d6ec7fd8-35f6-480f-946a-d7eabe072670 0.558s
2025-03-19 16:03:45.870 69231 INFO tempest.lib.common.rest_client [req-33998c60-9676-44cf-9a9a-a69d99574c4a req-33998c60-9676-44cf-9a9a-a69d99574c4a ] Request (ServersAdminTestJSON:setUpClass): 201 POST http://10.180.1.21/identity/v3/auth/tokens 0.091s
2025-03-19 16:03:45.948 69245 INFO tempest.lib.common.rest_client [req-dc4a898f-82ba-4210-92f9-f7bb3eb1ee9b req-dc4a898f-82ba-4210-92f9-f7bb3eb1ee9b ] Request (MigrationsAdminTest:test_list_migrations_in_flavor_resize_situation): 200 GET http://10.180.1.21/compute/v2.1/servers/db3e747b-e648-4fc2-86a1-d2e6ff48db08 0.588s
2025-03-19 16:03:46.045 69217 INFO tempest.lib.common.rest_client [req-fc50444e-eaeb-4ecd-b1c3-b235746eaa98 req-fc50444e-eaeb-4ecd-b1c3-b235746eaa98 ] Request (AttachInterfacesTestJSON:test_create_list_show_delete_interfaces_by_fixed_ip): 200 GET http://10.180.1.21/compute/v2.1/servers/9945ec86-a679-4a3e-a72b-88ad7c7e4c18 0.676s
2025-03-19 16:03:46.146 69238 INFO tempest.lib.common.rest_client [req-04def23c-50c6-4092-8621-ec7535cb8317 req-04def23c-50c6-4092-8621-ec7535cb8317 ] Request (SecurityGroupsTestJSON:test_security_groups_create_list_delete): 200 GET http://10.180.1.21/compute/v2.1/os-security-groups 0.630s
2025-03-19 16:03:46.218 69231 INFO tempest.lib.common.rest_client [req-beb2b486-e90e-46db-b6a4-75009881f529 req-beb2b486-e90e-46db-b6a4-75009881f529 ] Request (ServersAdminTestJSON:setUpClass): 201 POST http://10.180.1.21:9696/networking/v2.0/networks 0.348s
2025-03-19 16:03:46.238 69207 INFO tempest.lib.common.rest_client [req-84f612ed-a132-4e9c-b5b6-baf914d4642c req-84f612ed-a132-4e9c-b5b6-baf914d4642c ] Request (FloatingIPsAssociationNegativeTestJSON:_run_cleanups): 202 POST http://10.180.1.21/compute/v2.1/servers/e5160d66-7228-4d64-9adf-d7c26c5fab5f/action 1.401s
2025-03-19 16:03:46.250 69227 INFO tempest.lib.common.rest_client [req-c016c5c3-6bfe-4e41-a3c9-c10ed4b8c180 req-c016c5c3-6bfe-4e41-a3c9-c10ed4b8c180 ] Request (ServersAdminNegativeTestJSON:test_migrate_server_invalid_state): 200 GET http://10.180.1.21/compute/v2.1/servers/738adc74-ccb7-4788-89d9-4fe6873cbd30 0.677s
2025-03-19 16:03:46.264 69227 INFO tempest.common.waiters [-] State transition "ACTIVE/suspending" ==> "SUSPENDED/None" after 2 second wait
2025-03-19 16:03:46.278 69219 INFO tempest.lib.common.rest_client [req-b34cb0c6-2d2e-4cff-affc-a3ddced44b50 req-b34cb0c6-2d2e-4cff-affc-a3ddced44b50 ] Request (ListImageFiltersTestJSON:setUpClass): 200 GET http://10.180.1.21/compute/v2.1/images/abafe160-c641-4b6b-8574-bd181bf08ac7 0.669s
2025-03-19 16:03:46.314 69221 INFO tempest.lib.common.rest_client [req-839fcaf0-3418-4d96-9771-daec6d104f3a req-839fcaf0-3418-4d96-9771-daec6d104f3a ] Request (ServersListShow296Test:test_list_show_update_rebuild_server_296): 200 GET http://10.180.1.21/compute/v2.1/servers/3f7997a5-fb73-4e2f-a767-e5ab6a549456 0.403s
2025-03-19 16:03:46.355 69225 INFO tempest.lib.common.rest_client [req-3ec771f9-defe-44bb-a73e-513086a0fbb2 req-3ec771f9-defe-44bb-a73e-513086a0fbb2 ] Request (ServerDiagnosticsV248Test:tearDownClass): 200 GET http://10.180.1.21/compute/v2.1/servers/c9261fcc-7aa8-4afb-aa30-57df0ef71a44 0.432s
2025-03-19 16:03:46.374 69247 INFO tempest.lib.common.rest_client [req-4cf34ff1-8131-4f07-b042-59c8ee78bf3c req-4cf34ff1-8131-4f07-b042-59c8ee78bf3c ] Request (ServerRescueNegativeTestJSON:setUpClass): 200 GET http://10.180.1.21/compute/v2.1/servers/9ba49303-832d-4da0-b856-a46bcb2bda5a 0.397s
2025-03-19 16:03:46.421 69197 INFO tempest.lib.common.rest_client [req-b8bceba7-eb58-49fc-893b-ba60b5787f5b req-b8bceba7-eb58-49fc-893b-ba60b5787f5b ] Request (ServersTestFqdnHostnames:test_create_server_with_fqdn_name): 200 GET http://10.180.1.21/compute/v2.1/servers/84b9c497-ec98-4af0-a615-54ec54d3993b 0.383s
2025-03-19 16:03:46.424 69231 INFO tempest.lib.common.rest_client [req-a340877c-f2c2-457a-98f8-08a045952d6d req-a340877c-f2c2-457a-98f8-08a045952d6d ] Request (ServersAdminTestJSON:setUpClass): 201 POST http://10.180.1.21:9696/networking/v2.0/subnets 0.205s
2025-03-19 16:03:46.433 69199 INFO tempest.lib.common.rest_client [req-9a6457a1-73bb-4eb2-91d7-e4a60d96e025 req-9a6457a1-73bb-4eb2-91d7-e4a60d96e025 ] Request (ImagesNegativeTestJSON:test_create_image_from_deleted_server): 200 GET http://10.180.1.21/compute/v2.1/servers/94452cee-d071-4dc4-a073-0a42e72667c6 0.314s
2025-03-19 16:03:46.500 69195 INFO tempest.lib.common.rest_client [req-503b462b-410f-4272-8c3a-6a7400fb3e8e req-503b462b-410f-4272-8c3a-6a7400fb3e8e ] Request (ServersTestManualDisk:setUpClass): 200 GET http://10.180.1.21/compute/v2.1/servers/b13197ec-f292-49a5-863f-cfe9f4932870 0.325s
2025-03-19 16:03:46.583 69238 INFO tempest.lib.common.rest_client [req-54e3e4ad-dbdc-40a8-be3b-02f579afd81f req-54e3e4ad-dbdc-40a8-be3b-02f579afd81f ] Request (SecurityGroupsTestJSON:test_security_groups_create_list_delete): 202 DELETE http://10.180.1.21/compute/v2.1/os-security-groups/7ad9fefc-a135-4461-8c44-8486688dc583 0.433s
2025-03-19 16:03:46.635 69203 INFO tempest.lib.common.rest_client [req-9d25bdd1-b3a0-43e4-a304-3c709bff5190 req-9d25bdd1-b3a0-43e4-a304-3c709bff5190 ] Request (ServerShowV247Test:test_update_rebuild_list_server): 200 GET http://10.180.1.21/compute/v2.1/servers/64ddafa1-fb5d-4a59-a846-2b3254c013c1 0.394s
2025-03-19 16:03:46.702 69227 INFO tempest.lib.common.rest_client [req-abc756b3-dc36-4cff-8aa3-dce0724361ee req-abc756b3-dc36-4cff-8aa3-dce0724361ee ] Request (ServersAdminNegativeTestJSON:test_migrate_server_invalid_state): 409 POST http://10.180.1.21/compute/v2.1/servers/738adc74-ccb7-4788-89d9-4fe6873cbd30/action 0.436s
2025-03-19 16:03:46.762 69193 INFO tempest.lib.common.rest_client [req-834938da-92be-46d4-b027-34f17c768b0c req-834938da-92be-46d4-b027-34f17c768b0c ] Request (ServerAddressesTestJSON:setUpClass): 200 GET http://10.180.1.21/compute/v2.1/servers/b1807389-9864-40a7-9738-c2bfb472a003 0.474s
2025-03-19 16:03:46.837 69241 INFO tempest.lib.common.rest_client [req-da50aeeb-0b49-47ee-ad26-5c45a162c21c req-da50aeeb-0b49-47ee-ad26-5c45a162c21c ] Request (ServerTagsTestJSON:setUpClass): 200 GET http://10.180.1.21/compute/v2.1/servers/4f2942b4-a232-415b-a2b5-2bf08f288501 0.485s
2025-03-19 16:03:46.913 69251 INFO tempest.lib.common.rest_client [req-86a2b337-f920-4f6c-b643-f8ac332133d9 req-86a2b337-f920-4f6c-b643-f8ac332133d9 ] Request (InstanceActionsTestJSON:tearDownClass): 200 GET http://10.180.1.21/compute/v2.1/servers/df8e52cf-3cf4-4da1-bff5-0f250cfda4d9 0.499s
2025-03-19 16:03:46.936 69238 INFO tempest.lib.common.rest_client [req-4682c9c0-ca7a-4df7-86c3-9fa350e4119c req-4682c9c0-ca7a-4df7-86c3-9fa350e4119c ] Request (SecurityGroupsTestJSON:test_security_groups_create_list_delete): 404 GET http://10.180.1.21/compute/v2.1/os-security-groups/7ad9fefc-a135-4461-8c44-8486688dc583 0.353s
2025-03-19 16:03:47.082 69207 INFO tempest.lib.common.rest_client [req-bd633781-e338-4569-9b42-463ac5f21f37 req-bd633781-e338-4569-9b42-463ac5f21f37 ] Request (FloatingIPsAssociationNegativeTestJSON:_run_cleanups): 202 DELETE http://10.180.1.21/compute/v2.1/os-floating-ips/3f4f30b2-d986-4526-8f46-915803d0a4dd 0.844s
2025-03-19 16:03:47.155 69189 INFO tempest.lib.common.rest_client [req-9c04e70d-4ee3-4257-8552-bcdb8dd34edd req-9c04e70d-4ee3-4257-8552-bcdb8dd34edd ] Request (AttachInterfacesUnderV243Test:test_add_remove_fixed_ip): 200 GET http://10.180.1.21/compute/v2.1/servers/623ccafe-c6f5-4713-a556-80eb794cc74d 0.500s
2025-03-19 16:03:47.162 69227 INFO tempest.lib.common.rest_client [req-5bd336b7-34bd-4dd4-a01d-2ec80be4532a req-5bd336b7-34bd-4dd4-a01d-2ec80be4532a ] Request (ServersAdminNegativeTestJSON:test_reset_state_server_invalid_state): 400 POST http://10.180.1.21/compute/v2.1/servers/ef6659f9-8cc8-4a34-8c5d-dcad719b1fc6/action 0.459s
2025-03-19 16:03:47.219 69209 INFO tempest.lib.common.rest_client [req-4452459f-1b58-4daf-ba62-9c2009f07779 req-4452459f-1b58-4daf-ba62-9c2009f07779 ] Request (ImagesTestJSON:test_create_image_from_suspended_server): 200 GET http://10.180.1.21/compute/v2.1/servers/56a9ffd3-650b-4a48-b9e4-ab5cd5974de8 0.627s
2025-03-19 16:03:47.225 69243 INFO tempest.lib.common.rest_client [req-2c3166fb-2740-40f8-b882-4a78655f8517 req-2c3166fb-2740-40f8-b882-4a78655f8517 ] Request (ServerActionsTestOtherA:setUpClass): 200 GET http://10.180.1.21/compute/v2.1/servers/e4543b9b-f2d1-4ce9-a15c-e5a058b5a7c4 0.508s
2025-03-19 16:03:47.228 69209 INFO tempest.common.waiters [-] State transition "BUILD/None" ==> "BUILD/networking" after 39 second wait
2025-03-19 16:03:47.334 69233 INFO tempest.lib.common.rest_client [req-23865a0a-1af7-4037-810b-d42404000224 req-23865a0a-1af7-4037-810b-d42404000224 ] Request (DeleteServersAdminTestJSON:test_delete_server_while_in_error_state): 200 GET http://10.180.1.21/compute/v2.1/servers/d6ec7fd8-35f6-480f-946a-d7eabe072670 0.488s
2025-03-19 16:03:47.382 69238 INFO tempest.lib.common.rest_client [req-3ac2d894-33e4-4c9b-9acd-38bbac3a35e2 req-3ac2d894-33e4-4c9b-9acd-38bbac3a35e2 ] Request (SecurityGroupsTestJSON:test_security_groups_create_list_delete): 202 DELETE http://10.180.1.21/compute/v2.1/os-security-groups/6612da82-2319-4170-9150-20eca200ea0b 0.445s
2025-03-19 16:03:47.466 69245 INFO tempest.lib.common.rest_client [req-5743f3a5-c5e0-418d-b9f5-a0730ec79e5d req-5743f3a5-c5e0-418d-b9f5-a0730ec79e5d ] Request (MigrationsAdminTest:test_list_migrations_in_flavor_resize_situation): 200 GET http://10.180.1.21/compute/v2.1/servers/db3e747b-e648-4fc2-86a1-d2e6ff48db08 0.510s
2025-03-19 16:03:47.470 69207 INFO tempest.lib.common.rest_client [req-4bf03933-6827-4625-b7e9-b952d8cd7361 req-4bf03933-6827-4625-b7e9-b952d8cd7361 ] Request (FloatingIPsAssociationNegativeTestJSON:test_associate_ip_to_server_without_passing_floating_ip): 400 POST http://10.180.1.21/compute/v2.1/servers/e5160d66-7228-4d64-9adf-d7c26c5fab5f/action 0.387s
2025-03-19 16:03:47.476 69227 INFO tempest.lib.common.rest_client [req-d8ad1acf-c96c-4e08-b7c3-b4f8d59a6aab req-d8ad1acf-c96c-4e08-b7c3-b4f8d59a6aab ] Request (ServersAdminNegativeTestJSON:test_reset_state_server_invalid_type): 400 POST http://10.180.1.21/compute/v2.1/servers/ef6659f9-8cc8-4a34-8c5d-dcad719b1fc6/action 0.312s
2025-03-19 16:03:47.483 69231 INFO tempest.lib.common.rest_client [req-032b48dd-c975-4157-8aca-2b3d16f55991 req-032b48dd-c975-4157-8aca-2b3d16f55991 ] Request (ServersAdminTestJSON:setUpClass): 201 POST http://10.180.1.21:9696/networking/v2.0/routers 1.058s
2025-03-19 16:03:47.505 69217 INFO tempest.lib.common.rest_client [req-68963a6c-5c16-4e45-b438-420d56d50d7f req-68963a6c-5c16-4e45-b438-420d56d50d7f ] Request (AttachInterfacesTestJSON:test_create_list_show_delete_interfaces_by_fixed_ip): 200 GET http://10.180.1.21/compute/v2.1/servers/9945ec86-a679-4a3e-a72b-88ad7c7e4c18 0.451s
2025-03-19 16:03:47.524 69219 INFO tempest.lib.common.rest_client [req-e208eb8d-928e-4a11-b457-1f9f58643661 req-e208eb8d-928e-4a11-b457-1f9f58643661 ] Request (ListImageFiltersTestJSON:setUpClass): 200 GET http://10.180.1.21/compute/v2.1/images/abafe160-c641-4b6b-8574-bd181bf08ac7 0.241s
2025-03-19 16:03:47.591 69221 INFO tempest.lib.common.rest_client [req-12ffb12c-ebff-43fd-acca-55b5e0df6af3 req-12ffb12c-ebff-43fd-acca-55b5e0df6af3 ] Request (ServersListShow296Test:test_list_show_update_rebuild_server_296): 200 GET http://10.180.1.21/compute/v2.1/servers/3f7997a5-fb73-4e2f-a767-e5ab6a549456 0.254s
2025-03-19 16:03:47.612 69225 INFO tempest.lib.common.rest_client [req-2f093f3a-95d7-40de-8812-81d6bbcacace req-2f093f3a-95d7-40de-8812-81d6bbcacace ] Request (ServerDiagnosticsV248Test:tearDownClass): 200 GET http://10.180.1.21/compute/v2.1/servers/c9261fcc-7aa8-4afb-aa30-57df0ef71a44 0.244s
2025-03-19 16:03:47.617 69238 INFO tempest.lib.common.rest_client [req-5ca9baeb-3eb3-4f1a-b527-ba4792675e52 req-5ca9baeb-3eb3-4f1a-b527-ba4792675e52 ] Request (SecurityGroupsTestJSON:test_security_groups_create_list_delete): 404 GET http://10.180.1.21/compute/v2.1/os-security-groups/6612da82-2319-4170-9150-20eca200ea0b 0.235s
2025-03-19 16:03:47.676 69247 INFO tempest.lib.common.rest_client [req-9d4b15f0-64cd-4461-bf3b-add353c06507 req-9d4b15f0-64cd-4461-bf3b-add353c06507 ] Request (ServerRescueNegativeTestJSON:setUpClass): 200 GET http://10.180.1.21/compute/v2.1/servers/9ba49303-832d-4da0-b856-a46bcb2bda5a 0.293s
2025-03-19 16:03:47.694 69197 INFO tempest.lib.common.rest_client [req-fcb5b7e2-ab18-4efe-b1d4-01a937434e3a req-fcb5b7e2-ab18-4efe-b1d4-01a937434e3a ] Request (ServersTestFqdnHostnames:test_create_server_with_fqdn_name): 200 GET http://10.180.1.21/compute/v2.1/servers/84b9c497-ec98-4af0-a615-54ec54d3993b 0.264s
2025-03-19 16:03:47.728 69249 WARNING tempest.lib.common.ssh [-] Failed to establish authenticated ssh connection to cirros@10.180.180.166 ([Errno None] Unable to connect to port 22 on 10.180.180.166). Number attempts: 6. Retry after 7 seconds.: paramiko.ssh_exception.NoValidConnectionsError: [Errno None] Unable to connect to port 22 on 10.180.180.166
2025-03-19 16:03:47.763 69199 INFO tempest.lib.common.rest_client [req-fae1b9be-2885-49ed-9477-fb3d7cb4a4ed req-fae1b9be-2885-49ed-9477-fb3d7cb4a4ed ] Request (ImagesNegativeTestJSON:test_create_image_from_deleted_server): 200 GET http://10.180.1.21/compute/v2.1/servers/94452cee-d071-4dc4-a073-0a42e72667c6 0.321s
2025-03-19 16:03:47.772 69227 INFO tempest.lib.common.rest_client [req-9c6ca5e4-5b7d-4510-9647-d605a1894310 req-9c6ca5e4-5b7d-4510-9647-d605a1894310 ] Request (ServersAdminNegativeTestJSON:test_reset_state_server_nonexistent_server): 404 POST http://10.180.1.21/compute/v2.1/servers/999/action 0.293s
2025-03-19 16:03:47.841 69195 INFO tempest.lib.common.rest_client [req-d943b8e2-be96-4ec3-aa7d-7d333f4ece5b req-d943b8e2-be96-4ec3-aa7d-7d333f4ece5b ] Request (ServersTestManualDisk:setUpClass): 200 GET http://10.180.1.21/compute/v2.1/servers/b13197ec-f292-49a5-863f-cfe9f4932870 0.331s
2025-03-19 16:03:47.921 69207 INFO tempest.lib.common.rest_client [req-fb4448bd-0618-4f8c-acee-45ed5504ea32 req-fb4448bd-0618-4f8c-acee-45ed5504ea32 ] Request (FloatingIPsAssociationNegativeTestJSON:test_associate_nonexistent_floating_ip): 404 POST http://10.180.1.21/compute/v2.1/servers/e5160d66-7228-4d64-9adf-d7c26c5fab5f/action 0.449s
2025-03-19 16:03:47.992 69238 INFO tempest.lib.common.rest_client [req-acc8a846-1da9-4894-b3e5-86ed10ff85c6 req-acc8a846-1da9-4894-b3e5-86ed10ff85c6 ] Request (SecurityGroupsTestJSON:test_security_groups_create_list_delete): 202 DELETE http://10.180.1.21/compute/v2.1/os-security-groups/68fffa31-7ff2-4fe3-95de-2ec75e9ab62c 0.374s
2025-03-19 16:03:48.006 69203 INFO tempest.lib.common.rest_client [req-5c4edf63-24c3-4f70-99ae-93febc4ef099 req-5c4edf63-24c3-4f70-99ae-93febc4ef099 ] Request (ServerShowV247Test:test_update_rebuild_list_server): 200 GET http://10.180.1.21/compute/v2.1/servers/64ddafa1-fb5d-4a59-a846-2b3254c013c1 0.359s
2025-03-19 16:03:48.069 69193 INFO tempest.lib.common.rest_client [req-1c5f4855-e6b6-4704-97ec-76821800e7e3 req-1c5f4855-e6b6-4704-97ec-76821800e7e3 ] Request (ServerAddressesTestJSON:setUpClass): 200 GET http://10.180.1.21/compute/v2.1/servers/b1807389-9864-40a7-9738-c2bfb472a003 0.294s
2025-03-19 16:03:48.131 69241 INFO tempest.lib.common.rest_client [req-3b49ae26-2a8d-40cd-8069-dd60b3ecb924 req-3b49ae26-2a8d-40cd-8069-dd60b3ecb924 ] Request (ServerTagsTestJSON:setUpClass): 200 GET http://10.180.1.21/compute/v2.1/servers/4f2942b4-a232-415b-a2b5-2bf08f288501 0.281s
2025-03-19 16:03:48.150 69227 INFO tempest.lib.common.rest_client [req-7c3d0878-29b6-4034-9814-1dd9e4517761 req-7c3d0878-29b6-4034-9814-1dd9e4517761 ] Request (ServersAdminNegativeTestJSON:test_resize_server_using_overlimit_ram): 200 GET http://10.180.1.21/compute/v2.1/os-quota-sets/358efa1eaca64691add6a4664db58b07 0.375s
2025-03-19 16:03:48.180 69207 INFO tempest.lib.common.rest_client [req-a399bdd2-245d-493b-903e-668240b9b939 req-a399bdd2-245d-493b-903e-668240b9b939 ] Request (FloatingIPsAssociationNegativeTestJSON:test_dissociate_nonexistent_floating_ip): 404 POST http://10.180.1.21/compute/v2.1/servers/e5160d66-7228-4d64-9adf-d7c26c5fab5f/action 0.257s
2025-03-19 16:03:48.201 69238 INFO tempest.lib.common.rest_client [req-53bc1e68-0c1f-4682-b886-40a13b8d138e req-53bc1e68-0c1f-4682-b886-40a13b8d138e ] Request (SecurityGroupsTestJSON:test_security_groups_create_list_delete): 404 GET http://10.180.1.21/compute/v2.1/os-security-groups/68fffa31-7ff2-4fe3-95de-2ec75e9ab62c 0.208s
2025-03-19 16:03:48.207 69251 INFO tempest.lib.common.rest_client [req-f5f4ce03-9de1-4083-9e10-8384e35b529f req-f5f4ce03-9de1-4083-9e10-8384e35b529f ] Request (InstanceActionsTestJSON:tearDownClass): 200 GET http://10.180.1.21/compute/v2.1/servers/df8e52cf-3cf4-4da1-bff5-0f250cfda4d9 0.287s
2025-03-19 16:03:48.220 69227 INFO tempest.lib.common.rest_client [req-2661ea66-8e16-41f5-9ad2-d33b37cbeee3 req-2661ea66-8e16-41f5-9ad2-d33b37cbeee3 ] Request (ServersAdminNegativeTestJSON:test_resize_server_using_overlimit_ram): 200 POST http://10.180.1.21/compute/v2.1/flavors 0.068s
2025-03-19 16:03:48.263 69189 INFO tempest.lib.common.rest_client [req-a96438f5-3523-4ab1-b0a3-4c1bbd4b3690 req-a96438f5-3523-4ab1-b0a3-4c1bbd4b3690 ] Request (AttachInterfacesUnderV243Test:test_add_remove_fixed_ip): 200 GET http://10.180.1.21/compute/v2.1/servers/623ccafe-c6f5-4713-a556-80eb794cc74d 0.100s
2025-03-19 16:03:48.308 69207 INFO tempest.lib.common.rest_client [req-fb88a167-eb22-4444-834b-bc0569213649 req-fb88a167-eb22-4444-834b-bc0569213649 ] Request (FloatingIPsAssociationNegativeTestJSON:tearDownClass): 204 DELETE http://10.180.1.21/compute/v2.1/servers/e5160d66-7228-4d64-9adf-d7c26c5fab5f 0.126s
2025-03-19 16:03:48.404 69238 INFO tempest.lib.common.rest_client [req-daa6c45b-adff-4b72-ad80-b2a9d62a0720 req-daa6c45b-adff-4b72-ad80-b2a9d62a0720 ] Request (SecurityGroupsTestJSON:test_security_groups_create_list_delete): 200 GET http://10.180.1.21/compute/v2.1/os-security-groups 0.201s
2025-03-19 16:03:48.436 69227 INFO tempest.lib.common.rest_client [req-bab19334-c9ce-4247-9d60-45bdfd15edf3 req-bab19334-c9ce-4247-9d60-45bdfd15edf3 ] Request (ServersAdminNegativeTestJSON:test_resize_server_using_overlimit_ram): 403 POST http://10.180.1.21/compute/v2.1/servers/ef6659f9-8cc8-4a34-8c5d-dcad719b1fc6/action 0.213s
2025-03-19 16:03:48.495 69243 INFO tempest.lib.common.rest_client [req-f6eb5fc6-3cf7-462a-bdf7-2794d83dfbda req-f6eb5fc6-3cf7-462a-bdf7-2794d83dfbda ] Request (ServerActionsTestOtherA:setUpClass): 200 GET http://10.180.1.21/compute/v2.1/servers/e4543b9b-f2d1-4ce9-a15c-e5a058b5a7c4 0.259s
2025-03-19 16:03:48.569 69209 INFO tempest.lib.common.rest_client [req-59352063-a8c1-4926-8d23-32ad4f39dfce req-59352063-a8c1-4926-8d23-32ad4f39dfce ] Request (ImagesTestJSON:test_create_image_from_suspended_server): 200 GET http://10.180.1.21/compute/v2.1/servers/56a9ffd3-650b-4a48-b9e4-ab5cd5974de8 0.340s
2025-03-19 16:03:48.579 69209 INFO tempest.common.waiters [-] State transition "BUILD/networking" ==> "BUILD/spawning" after 40 second wait
2025-03-19 16:03:48.615 69207 INFO tempest.lib.common.rest_client [req-b8e8fe65-6f79-4954-a231-4fc4a1980e68 req-b8e8fe65-6f79-4954-a231-4fc4a1980e68 ] Request (FloatingIPsAssociationNegativeTestJSON:tearDownClass): 200 GET http://10.180.1.21/compute/v2.1/servers/e5160d66-7228-4d64-9adf-d7c26c5fab5f 0.307s
2025-03-19 16:03:48.741 69238 INFO tempest.lib.common.rest_client [req-a6f43bbb-93f2-420f-a9ba-6421dcd7d432 req-a6f43bbb-93f2-420f-a9ba-6421dcd7d432 ] Request (SecurityGroupsTestJSON:test_server_security_groups): 200 POST http://10.180.1.21/compute/v2.1/os-security-groups 0.330s
2025-03-19 16:03:48.766 69227 INFO tempest.lib.common.rest_client [req-53aff0ea-6449-4720-a5a7-32d9e765ad45 req-53aff0ea-6449-4720-a5a7-32d9e765ad45 ] Request (ServersAdminNegativeTestJSON:_run_cleanups): 202 DELETE http://10.180.1.21/compute/v2.1/flavors/1484088336 0.329s
2025-03-19 16:03:48.767 69233 INFO tempest.lib.common.rest_client [req-66b253e4-5aab-48b8-bf9b-fd70a3069c03 req-66b253e4-5aab-48b8-bf9b-fd70a3069c03 ] Request (DeleteServersAdminTestJSON:test_delete_server_while_in_error_state): 200 GET http://10.180.1.21/compute/v2.1/servers/d6ec7fd8-35f6-480f-946a-d7eabe072670 0.425s
2025-03-19 16:03:48.804 69231 INFO tempest.lib.common.rest_client [req-48e8da05-47c5-4f3f-bbad-eab181192efd req-48e8da05-47c5-4f3f-bbad-eab181192efd ] Request (ServersAdminTestJSON:setUpClass): 200 PUT http://10.180.1.21:9696/networking/v2.0/routers/dcadcb0b-04e3-422a-b8fa-7b82016498f2/add_router_interface 1.320s
2025-03-19 16:03:48.804 69231 INFO tempest.lib.common.dynamic_creds [-] Created isolated network resources for: credentials: Credentials: {'domain_id': 'default', 'domain_name': 'Default', 'username': 'tempest-ServersAdminTestJSON-966948434-project-member', 'project_domain_id': 'default', 'project_domain_name': 'Default', 'project_id': 'f4c041d2417c49f4a833b427a5bee0de', 'project_name': 'tempest-ServersAdminTestJSON-966948434', 'tenant_id': 'f4c041d2417c49f4a833b427a5bee0de', 'tenant_name': 'tempest-ServersAdminTestJSON-966948434', 'user_domain_id': 'default', 'user_domain_name': 'Default', 'user_id': '19277d36f251466cb1fb20c8037ca446', 'system': None}, Network: {'id': '9ddb9b42-5fa0-41e5-90d8-76c787e7299a', 'name': 'tempest-ServersAdminTestJSON-527242181-network', 'tenant_id': 'f4c041d2417c49f4a833b427a5bee0de', 'admin_state_up': True, 'mtu': 8950, 'status': 'ACTIVE', 'subnets': [], 'shared': False, 'project_id': 'f4c041d2417c49f4a833b427a5bee0de', 'port_security_enabled': True, 'router:external': False, 'provider:network_type': 'vlan', 'provider:physical_network': 'default', 'provider:segmentation_id': 76, 'availability_zone_hints': [], 'availability_zones': [], 'ipv4_address_scope': None, 'ipv6_address_scope': None, 'description': '', 'tags': [], 'created_at': '2025-03-19T16:03:46Z', 'updated_at': '2025-03-19T16:03:46Z', 'revision_number': 1}, Subnet: {'id': 'dbc68462-73fc-4185-8a65-9dfcb9ec997c', 'name': 'tempest-ServersAdminTestJSON-527242181-subnet', 'tenant_id': 'f4c041d2417c49f4a833b427a5bee0de', 'network_id': '9ddb9b42-5fa0-41e5-90d8-76c787e7299a', 'ip_version': 4, 'subnetpool_id': None, 'enable_dhcp': True, 'ipv6_ra_mode': None, 'ipv6_address_mode': None, 'gateway_ip': '192.168.128.1', 'cidr': '192.168.128.0/28', 'allocation_pools': [{'start': '192.168.128.2', 'end': '192.168.128.14'}], 'host_routes': [], 'dns_nameservers': [], 'description': '', 'router:external': False, 'service_types': [], 'tags': [], 'created_at': '2025-03-19T16:03:46Z', 'updated_at': '2025-03-19T16:03:46Z', 'revision_number': 0, 'project_id': 'f4c041d2417c49f4a833b427a5bee0de'}, Router: {'id': 'dcadcb0b-04e3-422a-b8fa-7b82016498f2', 'name': 'tempest-ServersAdminTestJSON-527242181-router', 'tenant_id': 'f4c041d2417c49f4a833b427a5bee0de', 'admin_state_up': True, 'status': 'ACTIVE', 'external_gateway_info': {'network_id': '5a5eae42-733d-43d5-bea3-07908ec2ddb0', 'external_fixed_ips': [{'subnet_id': '9b772d4e-5f37-42f1-bf27-eef1c85b1ead', 'ip_address': '10.180.180.140'}], 'enable_snat': True}, 'description': '', 'availability_zones': [], 'distributed': False, 'ha': False, 'availability_zone_hints': [], 'routes': [], 'flavor_id': None, 'tags': [], 'created_at': '2025-03-19T16:03:46Z', 'updated_at': '2025-03-19T16:03:47Z', 'revision_number': 2, 'project_id': 'f4c041d2417c49f4a833b427a5bee0de'}
2025-03-19 16:03:48.920 69231 INFO tempest.lib.common.rest_client [req-9de02ab9-da9d-499e-a86b-bc585571e2c2 req-9de02ab9-da9d-499e-a86b-bc585571e2c2 ] Request (ServersAdminTestJSON:setUpClass): 201 POST http://10.180.1.21/identity/v3/auth/tokens 0.113s
