2025-03-20 08:19:30.840 67264 INFO tempest.lib.common.rest_client [req-7d83a9c8-3c88-43f7-8020-517f6e42c60a req-7d83a9c8-3c88-43f7-8020-517f6e42c60a ] Request (QuotasAdminTestV236:test_get_updated_quotas): 200 GET http://10.180.1.21/compute/v2.1/os-quota-sets/cc19a78f9d34444c8282f314a8752c0f?user_id=e6ce5c3309644628a0b4d4d26a895fcc 1.391s
2025-03-20 08:19:30.951 67264 INFO tempest.lib.common.rest_client [req-4cd5e4cb-cf68-4e31-8341-1b94fe97cc79 req-4cd5e4cb-cf68-4e31-8341-1b94fe97cc79 ] Request (QuotasAdminTestV236:_run_cleanups): 204 DELETE http://10.180.1.21/identity/v3/users/e6ce5c3309644628a0b4d4d26a895fcc 0.108s
2025-03-20 08:19:30.980 67256 INFO tempest.lib.common.rest_client [req-b66cdaa1-8368-466a-99e6-04d916a8c705 req-b66cdaa1-8368-466a-99e6-04d916a8c705 ] Request (AttachInterfacesTestJSON:setUpClass): 201 POST http://10.180.1.21:9696/networking/v2.0/routers 0.992s
2025-03-20 08:19:31.011 67314 INFO tempest.lib.common.rest_client [req-489f756e-88e5-422f-8d00-bb43cc129a4e req-489f756e-88e5-422f-8d00-bb43cc129a4e ] Request (FloatingIPsAssociationNegativeTestJSON:setUpClass): 200 GET http://10.180.1.21/compute/v2.1/servers/1bafb1b5-d27b-4ca1-bb9f-09f7ab4a2a93 1.213s
2025-03-20 08:19:31.033 67286 INFO tempest.lib.common.rest_client [req-268ff326-b53c-4420-a464-8a0064f790df req-268ff326-b53c-4420-a464-8a0064f790df ] Request (ServerDiagnosticsTest:test_get_server_diagnostics): 200 GET http://10.180.1.21/compute/v2.1/servers/3eb80b23-a4a3-43e6-9620-86bf1eb344f2 1.221s
2025-03-20 08:19:31.070 67264 INFO tempest.lib.common.rest_client [req-3e28e732-27cf-4bcb-8e08-98db70a42346 req-3e28e732-27cf-4bcb-8e08-98db70a42346 ] Request (QuotasAdminTestV236:_run_cleanups): 204 DELETE http://10.180.1.21/identity/v3/projects/cc19a78f9d34444c8282f314a8752c0f 0.119s
2025-03-20 08:19:31.108 67311 INFO tempest.lib.common.rest_client [req-5e4a882b-9079-4d1c-b0b4-4b05e8f59a60 req-5e4a882b-9079-4d1c-b0b4-4b05e8f59a60 ] Request (ServersTestJSON:test_create_server_specify_multibyte_character_name): 200 GET http://10.180.1.21/compute/v2.1/servers/fd673125-b2b3-4a7b-a90d-0452b95d5db8 1.238s
2025-03-20 08:19:31.115 67262 INFO tempest.lib.common.rest_client [req-eab1d5ab-a9e4-40c1-bbca-428bd9ab9d65 req-eab1d5ab-a9e4-40c1-bbca-428bd9ab9d65 ] Request (ServersWithSpecificFlavorTestJSON:test_verify_created_server_ephemeral_disk): 200 GET http://10.180.1.21/compute/v2.1/servers/66fa7689-aea7-4b88-b63c-0754f5e99d51 1.155s
2025-03-20 08:19:31.190 67258 INFO tempest.lib.common.rest_client [req-93de256f-7375-4257-aaeb-c91233a18af2 req-93de256f-7375-4257-aaeb-c91233a18af2 ] Request (ImagesNegativeTestJSON:test_create_image_from_deleted_server): 200 GET http://10.180.1.21/compute/v2.1/servers/aa6e2bca-a3e3-4803-8120-bb8f3e6fae2a 1.160s
2025-03-20 08:19:31.257 67264 INFO tempest.lib.common.rest_client [req-0a3042ec-b6b1-44b2-a6bf-91b2955c2d07 req-0a3042ec-b6b1-44b2-a6bf-91b2955c2d07 ] Request (QuotasAdminTestV236:tearDownClass): 204 DELETE http://10.180.1.21/identity/v3/users/0bf04d5bb07f4c2e854096d40b6703ef 0.184s
2025-03-20 08:19:31.269 67316 INFO tempest.lib.common.rest_client [req-245a4c19-4282-4ae5-865c-33e61a70cb7f req-245a4c19-4282-4ae5-865c-33e61a70cb7f ] Request (ImagesOneServerTestJSON:setUpClass): 200 GET http://10.180.1.21/compute/v2.1/servers/8cd6a13f-fae2-43ea-846e-24f4987cf2ea 1.183s
2025-03-20 08:19:31.311 67274 INFO tempest.lib.common.rest_client [req-2ef579db-f29a-4caa-95f5-048549cc8de3 req-2ef579db-f29a-4caa-95f5-048549cc8de3 ] Request (ServerDiagnosticsNegativeTest:test_get_server_diagnostics_by_non_admin): 200 GET http://10.180.1.21/compute/v2.1/servers/860124dd-da7e-4beb-832f-7a9ab9580aed 1.280s
2025-03-20 08:19:31.347 67278 INFO tempest.lib.common.rest_client [req-dec1fa84-1ba0-46cb-8588-12588ea0aafc req-dec1fa84-1ba0-46cb-8588-12588ea0aafc ] Request (ServersAdmin275Test:test_rebuild_update_server_275): 200 GET http://10.180.1.21/compute/v2.1/servers/994ad7c4-4a41-49b1-98b8-efd2f2b134e7 1.201s
2025-03-20 08:19:31.417 67264 INFO tempest.lib.common.rest_client [req-5642ccad-69db-4873-a32b-b14c76182494 req-5642ccad-69db-4873-a32b-b14c76182494 ] Request (QuotasAdminTestV236:tearDownClass): 204 DELETE http://10.180.1.21/identity/v3/users/cf53adda61cf465384692844d1a5f68f 0.159s
2025-03-20 08:19:31.417 67264 INFO tempest.lib.common.dynamic_creds [-] Deleting project and security group for project: 70151362367146ca98f3f2f2aca55899
2025-03-20 08:19:31.487 67264 INFO tempest.lib.common.rest_client [req-58d64706-9dde-4d85-833a-85cb5381e876 req-58d64706-9dde-4d85-833a-85cb5381e876 ] Request (QuotasAdminTestV236:tearDownClass): 201 POST http://10.180.1.21/identity/v3/auth/tokens 0.070s
2025-03-20 08:19:31.535 67284 INFO tempest.lib.common.rest_client [req-d151ad54-7dcd-4e93-938e-8369c4acf534 req-d151ad54-7dcd-4e93-938e-8369c4acf534 ] Request (ServersTestBootFromVolume:setUpClass): 200 GET http://10.180.1.21/volume/v3/43641ccc9e1c40bfb21edc852783d2a6/volumes/554712c0-66c4-4b29-97fb-5dd496cf38a0 0.038s
2025-03-20 08:19:31.555 67312 INFO tempest.lib.common.rest_client [req-5e3747eb-8c03-4de1-984e-b7d58d4a14f8 req-5e3747eb-8c03-4de1-984e-b7d58d4a14f8 ] Request (DeleteServersAdminTestJSON:test_admin_delete_servers_of_others): 200 GET http://10.180.1.21/compute/v2.1/servers/e0ac77e1-fb77-4b97-bacc-838cc3e16bbc 1.273s
2025-03-20 08:19:31.598 67300 INFO tempest.lib.common.rest_client [req-085933c3-fd5e-4b0e-815b-530d773e38d3 req-085933c3-fd5e-4b0e-815b-530d773e38d3 ] Request (SecurityGroupsTestAdminJSON:test_list_security_groups_list_all_tenants_filter): 200 POST http://10.180.1.21/compute/v2.1/os-security-groups 1.440s
2025-03-20 08:19:31.633 67282 INFO tempest.lib.common.rest_client [req-64f34d25-0320-4e37-beed-c43e3455b791 req-64f34d25-0320-4e37-beed-c43e3455b791 ] Request (SecurityGroupsTestJSON:test_list_security_groups_by_server): 200 GET http://10.180.1.21/compute/v2.1/servers/32cb4672-8ebe-472b-b4ff-48bffad679e6 1.302s
2025-03-20 08:19:31.644 67254 INFO tempest.lib.common.rest_client [req-668cfb2b-816a-4aa8-baa9-c6f01627db38 req-668cfb2b-816a-4aa8-baa9-c6f01627db38 ] Request (FlavorsAdminTestJSON:test_is_public_string_variations): 200 GET http://10.180.1.21/compute/v2.1/flavors/detail?is_public=0 1.189s
2025-03-20 08:19:31.730 67264 INFO tempest.lib.common.rest_client [req-15b13d0b-96c5-4738-a5a4-900617f5a263 req-15b13d0b-96c5-4738-a5a4-900617f5a263 ] Request (QuotasAdminTestV236:tearDownClass): 200 GET http://10.180.1.21:9696/networking/v2.0/security-groups?tenant_id=70151362367146ca98f3f2f2aca55899&name=default 0.243s
2025-03-20 08:19:31.880 67264 INFO tempest.lib.common.rest_client [req-26a3eeb8-3bfa-4038-b671-7db109e43c8e req-26a3eeb8-3bfa-4038-b671-7db109e43c8e ] Request (QuotasAdminTestV236:tearDownClass): 204 DELETE http://10.180.1.21:9696/networking/v2.0/security-groups/11b01535-8a76-4f1d-b204-4b268126349b 0.149s
2025-03-20 08:19:31.971 67264 INFO tempest.lib.common.rest_client [req-794b63c7-030f-4bae-bc64-3b3a4e7dc39a req-794b63c7-030f-4bae-bc64-3b3a4e7dc39a ] Request (QuotasAdminTestV236:tearDownClass): 204 DELETE http://10.180.1.21/identity/v3/projects/70151362367146ca98f3f2f2aca55899 0.091s
2025-03-20 08:19:31.972 67264 INFO tempest.lib.common.dynamic_creds [-] Deleting project and security group for project: 34442b647eae426a8418f89892f8e907
2025-03-20 08:19:32.148 67264 INFO tempest.lib.common.rest_client [req-58ae1a8e-ada8-4dfa-b276-f6f5ce0b6a1f req-58ae1a8e-ada8-4dfa-b276-f6f5ce0b6a1f ] Request (QuotasAdminTestV236:tearDownClass): 200 GET http://10.180.1.21:9696/networking/v2.0/security-groups?tenant_id=34442b647eae426a8418f89892f8e907&name=default 0.176s
2025-03-20 08:19:32.147 67288 INFO tempest.lib.common.rest_client [req-34453a9d-f162-4221-a38b-54d0007f7498 req-34453a9d-f162-4221-a38b-54d0007f7498 ] Request (SecurityGroupRulesTestJSON:test_security_group_rules_create): 200 POST http://10.180.1.21/compute/v2.1/os-security-group-rules 1.758s
2025-03-20 08:19:32.176 67280 INFO tempest.lib.common.rest_client [req-8023fc7c-4f2c-4e69-8ca7-bedde6e5e19a req-8023fc7c-4f2c-4e69-8ca7-bedde6e5e19a ] Request (AggregatesAdminNegativeTestJSON:_run_cleanups): 200 DELETE http://10.180.1.21/compute/v2.1/os-aggregates/7 1.648s
2025-03-20 08:19:32.202 67270 INFO tempest.lib.common.rest_client [req-3b166517-64d4-43c8-a16b-62bf6dfd3022 req-3b166517-64d4-43c8-a16b-62bf6dfd3022 ] Request (ServersAdminNegativeTestJSON:setUpClass): 200 GET http://10.180.1.21/compute/v2.1/servers/13e28171-8074-4660-91cf-f6d569414fc6 1.706s
2025-03-20 08:19:32.220 67276 INFO tempest.lib.common.rest_client [req-e312c8c9-a19b-44f6-9de7-990764122b43 req-e312c8c9-a19b-44f6-9de7-990764122b43 ] Request (ServerRescueTestJSONUnderV235:setUpClass): 200 PUT http://10.180.1.21:9696/networking/v2.0/routers/f7ef81ad-2bf8-47fd-aa67-29752f033344/add_router_interface 2.360s
2025-03-20 08:19:32.220 67276 INFO tempest.lib.common.dynamic_creds [-] Created isolated network resources for: credentials: Credentials: {'domain_id': 'default', 'domain_name': 'Default', 'username': 'tempest-ServerRescueTestJSONUnderV235-1226696864-project-member', 'project_domain_id': 'default', 'project_domain_name': 'Default', 'project_id': 'ea3fa8783ec44b638c4b90cbe4575026', 'project_name': 'tempest-ServerRescueTestJSONUnderV235-1226696864', 'tenant_id': 'ea3fa8783ec44b638c4b90cbe4575026', 'tenant_name': 'tempest-ServerRescueTestJSONUnderV235-1226696864', 'user_domain_id': 'default', 'user_domain_name': 'Default', 'user_id': 'd0e8faa78f1447bdb29ab7ef18f7d47f', 'system': None}, Network: {'id': '91c307a8-d468-4156-b6e5-5f0801d80c6f', 'name': 'tempest-ServerRescueTestJSONUnderV235-82157726-network', 'tenant_id': 'ea3fa8783ec44b638c4b90cbe4575026', 'admin_state_up': True, 'mtu': 8950, 'status': 'ACTIVE', 'subnets': [], 'shared': False, 'project_id': 'ea3fa8783ec44b638c4b90cbe4575026', 'port_security_enabled': True, 'router:external': False, 'provider:network_type': 'vlan', 'provider:physical_network': 'default', 'provider:segmentation_id': 807, 'is_default': False, 'availability_zone_hints': [], 'availability_zones': [], 'ipv4_address_scope': None, 'ipv6_address_scope': None, 'description': '', 'tags': [], 'created_at': '2025-03-20T08:19:27Z', 'updated_at': '2025-03-20T08:19:27Z', 'revision_number': 1}, Subnet: {'id': 'a6dcb3f0-1241-4983-a153-9859d5b65380', 'name': 'tempest-ServerRescueTestJSONUnderV235-82157726-subnet', 'tenant_id': 'ea3fa8783ec44b638c4b90cbe4575026', 'network_id': '91c307a8-d468-4156-b6e5-5f0801d80c6f', 'ip_version': 4, 'subnetpool_id': None, 'enable_dhcp': False, 'ipv6_ra_mode': None, 'ipv6_address_mode': None, 'gateway_ip': '192.168.128.1', 'cidr': '192.168.128.0/28', 'allocation_pools': [{'start': '192.168.128.2', 'end': '192.168.128.14'}], 'host_routes': [], 'dns_nameservers': [], 'description': '', 'service_types': [], 'tags': [], 'created_at': '2025-03-20T08:19:27Z', 'updated_at': '2025-03-20T08:19:27Z', 'revision_number': 0, 'project_id': 'ea3fa8783ec44b638c4b90cbe4575026'}, Router: {'id': 'f7ef81ad-2bf8-47fd-aa67-29752f033344', 'name': 'tempest-ServerRescueTestJSONUnderV235-82157726-router', 'tenant_id': 'ea3fa8783ec44b638c4b90cbe4575026', 'admin_state_up': True, 'status': 'ACTIVE', 'external_gateway_info': {'network_id': '817481c9-2668-4b1f-94b1-f22c62779598', 'external_fixed_ips': [{'subnet_id': 'd6503242-cd26-4cdd-a39c-5aa5c0ee0b10', 'ip_address': '10.180.180.152'}], 'enable_snat': True}, 'description': '', 'availability_zones': [], 'distributed': False, 'ha': False, 'availability_zone_hints': [], 'routes': [], 'flavor_id': None, 'tags': [], 'created_at': '2025-03-20T08:19:28Z', 'updated_at': '2025-03-20T08:19:29Z', 'revision_number': 2, 'project_id': 'ea3fa8783ec44b638c4b90cbe4575026'}
2025-03-20 08:19:32.282 67260 INFO tempest.lib.common.rest_client [req-cd2ae891-dbfe-44f5-8ff1-5802feb25377 req-cd2ae891-dbfe-44f5-8ff1-5802feb25377 ] Request (ServersTestJSON:setUpClass): 200 GET http://10.180.1.21/compute/v2.1/servers/4df734f8-537a-462b-991e-472c15afeb61 1.736s
2025-03-20 08:19:32.295 67256 INFO tempest.lib.common.rest_client [req-bdc88685-8326-40ec-a2c5-ee26d833f4cd req-bdc88685-8326-40ec-a2c5-ee26d833f4cd ] Request (AttachInterfacesTestJSON:setUpClass): 200 PUT http://10.180.1.21:9696/networking/v2.0/routers/c4896337-fab1-438f-b2b7-82bc1353fd5d/add_router_interface 1.314s
2025-03-20 08:19:32.296 67256 INFO tempest.lib.common.dynamic_creds [-] Created isolated network resources for: credentials: Credentials: {'domain_id': 'default', 'domain_name': 'Default', 'username': 'tempest-AttachInterfacesTestJSON-1590599813-project-member', 'project_domain_id': 'default', 'project_domain_name': 'Default', 'project_id': '0fadd44ab0304a74951242bff6ce54fa', 'project_name': 'tempest-AttachInterfacesTestJSON-1590599813', 'tenant_id': '0fadd44ab0304a74951242bff6ce54fa', 'tenant_name': 'tempest-AttachInterfacesTestJSON-1590599813', 'user_domain_id': 'default', 'user_domain_name': 'Default', 'user_id': '13fbc223d45a4e61952ea5358f8c5b46', 'system': None}, Network: {'id': '0c302ac0-c37a-4b65-9b73-f50b93c12025', 'name': 'tempest-AttachInterfacesTestJSON-1281668385-network', 'tenant_id': '0fadd44ab0304a74951242bff6ce54fa', 'admin_state_up': True, 'mtu': 8950, 'status': 'ACTIVE', 'subnets': [], 'shared': False, 'project_id': '0fadd44ab0304a74951242bff6ce54fa', 'port_security_enabled': True, 'router:external': False, 'provider:network_type': 'vlan', 'provider:physical_network': 'default', 'provider:segmentation_id': 788, 'is_default': False, 'availability_zone_hints': [], 'availability_zones': [], 'ipv4_address_scope': None, 'ipv6_address_scope': None, 'description': '', 'tags': [], 'created_at': '2025-03-20T08:19:29Z', 'updated_at': '2025-03-20T08:19:29Z', 'revision_number': 1}, Subnet: {'id': '1d70b140-f2ff-45bc-8413-2c5e3043b4db', 'name': 'tempest-AttachInterfacesTestJSON-1281668385-subnet', 'tenant_id': '0fadd44ab0304a74951242bff6ce54fa', 'network_id': '0c302ac0-c37a-4b65-9b73-f50b93c12025', 'ip_version': 4, 'subnetpool_id': None, 'enable_dhcp': True, 'ipv6_ra_mode': None, 'ipv6_address_mode': None, 'gateway_ip': '192.168.128.1', 'cidr': '192.168.128.0/28', 'allocation_pools': [{'start': '192.168.128.2', 'end': '192.168.128.14'}], 'host_routes': [], 'dns_nameservers': [], 'description': '', 'service_types': [], 'tags': [], 'created_at': '2025-03-20T08:19:29Z', 'updated_at': '2025-03-20T08:19:29Z', 'revision_number': 0, 'project_id': '0fadd44ab0304a74951242bff6ce54fa'}, Router: {'id': 'c4896337-fab1-438f-b2b7-82bc1353fd5d', 'name': 'tempest-AttachInterfacesTestJSON-1281668385-router', 'tenant_id': '0fadd44ab0304a74951242bff6ce54fa', 'admin_state_up': True, 'status': 'ACTIVE', 'external_gateway_info': {'network_id': '817481c9-2668-4b1f-94b1-f22c62779598', 'external_fixed_ips': [{'subnet_id': 'd6503242-cd26-4cdd-a39c-5aa5c0ee0b10', 'ip_address': '10.180.180.218'}], 'enable_snat': True}, 'description': '', 'availability_zones': [], 'distributed': False, 'ha': False, 'availability_zone_hints': [], 'routes': [], 'flavor_id': None, 'tags': [], 'created_at': '2025-03-20T08:19:30Z', 'updated_at': '2025-03-20T08:19:30Z', 'revision_number': 2, 'project_id': '0fadd44ab0304a74951242bff6ce54fa'}
2025-03-20 08:19:32.306 67264 INFO tempest.lib.common.rest_client [req-b35ba776-0e94-48f3-b296-89e7b3e6bcb1 req-b35ba776-0e94-48f3-b296-89e7b3e6bcb1 ] Request (QuotasAdminTestV236:tearDownClass): 204 DELETE http://10.180.1.21:9696/networking/v2.0/security-groups/120676bd-2a98-4b15-a225-6da8364f062b 0.157s
2025-03-20 08:19:32.326 67276 INFO tempest.lib.common.rest_client [req-536d5d70-c6be-45ce-bf23-2d083e726c8f req-536d5d70-c6be-45ce-bf23-2d083e726c8f ] Request (ServerRescueTestJSONUnderV235:setUpClass): 201 POST http://10.180.1.21/identity/v3/auth/tokens 0.101s
2025-03-20 08:19:32.344 67298 INFO tempest.lib.common.rest_client [req-b02743ac-9c4f-4ab9-9577-1ca00f1807e9 req-b02743ac-9c4f-4ab9-9577-1ca00f1807e9 ] Request (MigrationsAdminTest:test_list_migrations_in_flavor_resize_situation): 200 GET http://10.180.1.21/compute/v2.1/servers/98ad3e5c-065d-4561-890c-46d5ca0a8f7f 1.642s
2025-03-20 08:19:32.360 67268 INFO tempest.lib.common.rest_client [req-390f291b-12f4-4041-814e-80a9d0051967 req-390f291b-12f4-4041-814e-80a9d0051967 ] Request (InstanceActionsV221TestJSON:test_get_list_deleted_instance_actions): 200 GET http://10.180.1.21/compute/v2.1/servers/ba11c5cc-bd2b-4500-a87e-941e64630c36 1.583s
2025-03-20 08:19:32.376 67256 INFO tempest.lib.common.rest_client [req-3a857fce-2f25-4567-9946-d9bedfa4c371 req-3a857fce-2f25-4567-9946-d9bedfa4c371 ] Request (AttachInterfacesTestJSON:setUpClass): 201 POST http://10.180.1.21/identity/v3/auth/tokens 0.075s
2025-03-20 08:19:32.411 67302 INFO tempest.lib.common.rest_client [req-5ca8dbe8-886e-49b7-8941-04e037b37b29 req-5ca8dbe8-886e-49b7-8941-04e037b37b29 ] Request (VolumesAdminNegativeTest:test_update_attached_volume_with_nonexistent_volume_in_body): 200 GET http://10.180.1.21/compute/v2.1/servers/76c4c961-0d94-445e-a861-b3880ef96d98 1.551s
2025-03-20 08:19:32.417 67264 INFO tempest.lib.common.rest_client [req-104c6c73-0b0d-4d81-8f78-6096cf197106 req-104c6c73-0b0d-4d81-8f78-6096cf197106 ] Request (QuotasAdminTestV236:tearDownClass): 204 DELETE http://10.180.1.21/identity/v3/projects/34442b647eae426a8418f89892f8e907 0.111s
2025-03-20 08:19:32.418 67264 INFO tempest.test [-] raised in ServersListShow298Test.setUpClass. Invoking tearDownClass.
2025-03-20 08:19:32.419 67264 INFO tempest.test [-] raised in ComputeNetworksTest.setUpClass. Invoking tearDownClass.
2025-03-20 08:19:32.432 67276 INFO tempest.lib.common.rest_client [req-011d70b7-6cdf-45d6-b6dc-dbd955fafe43 req-011d70b7-6cdf-45d6-b6dc-dbd955fafe43 ] Request (ServerRescueTestJSONUnderV235:setUpClass): 201 POST http://10.180.1.21/identity/v3/auth/tokens 0.101s
2025-03-20 08:19:32.432 67276 INFO tempest.lib.common.fixed_network [-] (ServerRescueTestJSONUnderV235:setUpClass) Found network {'id': '91c307a8-d468-4156-b6e5-5f0801d80c6f', 'name': 'tempest-ServerRescueTestJSONUnderV235-82157726-network', 'tenant_id': 'ea3fa8783ec44b638c4b90cbe4575026', 'admin_state_up': True, 'mtu': 8950, 'status': 'ACTIVE', 'subnets': [], 'shared': False, 'project_id': 'ea3fa8783ec44b638c4b90cbe4575026', 'port_security_enabled': True, 'router:external': False, 'provider:network_type': 'vlan', 'provider:physical_network': 'default', 'provider:segmentation_id': 807, 'is_default': False, 'availability_zone_hints': [], 'availability_zones': [], 'ipv4_address_scope': None, 'ipv6_address_scope': None, 'description': '', 'tags': [], 'created_at': '2025-03-20T08:19:27Z', 'updated_at': '2025-03-20T08:19:27Z', 'revision_number': 1} available for tenant
2025-03-20 08:19:32.472 67266 INFO tempest.lib.common.rest_client [req-c610602b-f631-4692-b958-052142ecee41 req-c610602b-f631-4692-b958-052142ecee41 ] Request (ServerDiagnosticsV248Test:test_get_server_diagnostics): 200 GET http://10.180.1.21/compute/v2.1/servers/96efb9a4-3c83-4dea-94f2-d93dead6a2ca 1.531s
2025-03-20 08:19:32.578 67308 INFO tempest.lib.common.rest_client [req-639d1081-2c5c-4def-ad6d-32557cf5560f req-639d1081-2c5c-4def-ad6d-32557cf5560f ] Request (TenantUsagesTestJSON:setUpClass): 200 GET http://10.180.1.21/compute/v2.1/servers/bf738778-771f-4a1a-b83e-d786c67dafc0 1.215s
2025-03-20 08:19:32.584 67284 INFO tempest.lib.common.rest_client [req-addae76e-605f-4e70-ae79-cba05024afa1 req-addae76e-605f-4e70-ae79-cba05024afa1 ] Request (ServersTestBootFromVolume:setUpClass): 200 GET http://10.180.1.21/volume/v3/43641ccc9e1c40bfb21edc852783d2a6/volumes/554712c0-66c4-4b29-97fb-5dd496cf38a0 0.040s
2025-03-20 08:19:32.597 67272 INFO tempest.lib.common.rest_client [req-b73742a5-4868-4d76-8657-c9b46af4c3eb req-b73742a5-4868-4d76-8657-c9b46af4c3eb ] Request (QuotasAdminNegativeTest:test_create_server_when_cpu_quota_is_full): 200 PUT http://10.180.1.21/compute/v2.1/os-quota-sets/307409ef88ab4b62a75000eee53a1560 1.786s
2025-03-20 08:19:32.639 67296 INFO tempest.lib.common.rest_client [req-9a5ba0cf-7651-4fe0-8ec6-727a1c615599 req-9a5ba0cf-7651-4fe0-8ec6-727a1c615599 ] Request (ServerShowV247Test:test_update_rebuild_list_server): 200 GET http://10.180.1.21/compute/v2.1/servers/a634ad37-b9f9-40a0-b2c1-6cd8612ba274 1.216s
2025-03-20 08:19:32.649 67306 INFO tempest.lib.common.rest_client [req-6bf38643-5085-445e-b0c7-df930d169b59 req-6bf38643-5085-445e-b0c7-df930d169b59 ] Request (ServerDiskConfigTestJSON:test_rebuild_server_with_auto_disk_config): 200 GET http://10.180.1.21/compute/v2.1/servers/85e5e3fd-942a-4a75-98b5-221d37a51dcf 1.198s
2025-03-20 08:19:32.661 67272 INFO tempest.lib.common.rest_client [req-fe7bb14d-d5c8-4f93-b203-a6bc33589153 req-fe7bb14d-d5c8-4f93-b203-a6bc33589153 ] Request (QuotasAdminNegativeTest:test_create_server_when_cpu_quota_is_full): 201 POST http://10.180.1.21/identity/v3/auth/tokens 0.058s
2025-03-20 08:19:32.662 67272 INFO tempest.lib.common.fixed_network [-] (QuotasAdminNegativeTest:test_create_server_when_cpu_quota_is_full) Found network None available for tenant
2025-03-20 08:19:32.704 67290 INFO tempest.lib.common.rest_client [req-9d000325-40e9-472a-b7c7-228835ae5c32 req-9d000325-40e9-472a-b7c7-228835ae5c32 ] Request (ServerExternalEventsTest:test_create_server_external_events): 200 GET http://10.180.1.21/compute/v2.1/servers/0734f630-dea5-4ee0-b890-dd50f3e8b178 1.102s
2025-03-20 08:19:32.723 67254 INFO tempest.lib.common.rest_client [req-4e881b66-72c8-4774-a79d-f99b2c1cbf71 req-4e881b66-72c8-4774-a79d-f99b2c1cbf71 ] Request (FlavorsAdminTestJSON:test_is_public_string_variations): 200 GET http://10.180.1.21/compute/v2.1/flavors/detail?is_public=t 1.074s
2025-03-20 08:19:32.775 67294 INFO tempest.lib.common.rest_client [req-62a7995a-091b-4d73-88f3-55f21637697f req-62a7995a-091b-4d73-88f3-55f21637697f ] Request (ServerActionsTestJSON:setUpClass): 200 GET http://10.180.1.21/compute/v2.1/servers/b10504c5-2770-45e0-bd3a-1fdc342b1397 1.115s
2025-03-20 08:19:32.823 67304 INFO tempest.lib.common.rest_client [req-6ce43498-491a-408e-bb62-26da51e823a1 req-6ce43498-491a-408e-bb62-26da51e823a1 ] Request (FloatingIPsAssociationTestJSON:setUpClass): 200 GET http://10.180.1.21/compute/v2.1/servers/29c344b0-2ec3-44e6-8d33-fd988c26da7c 1.085s
2025-03-20 08:19:32.931 67300 INFO tempest.lib.common.rest_client [req-9c8eb89b-fca5-4436-a909-f6cc2e911b77 req-9c8eb89b-fca5-4436-a909-f6cc2e911b77 ] Request (SecurityGroupsTestAdminJSON:test_list_security_groups_list_all_tenants_filter): 200 POST http://10.180.1.21/compute/v2.1/os-security-groups 1.331s
2025-03-20 08:19:32.956 67292 INFO tempest.lib.common.rest_client [req-afaf71ea-12c8-4fc1-85db-58afc1cc6343 req-afaf71ea-12c8-4fc1-85db-58afc1cc6343 ] Request (ImagesTestJSON:test_create_image_from_stopped_server): 200 GET http://10.180.1.21/compute/v2.1/servers/781b688b-ec99-4423-99b2-2502c6e8a75d 1.211s
2025-03-20 08:19:33.064 67314 INFO tempest.lib.common.rest_client [req-b2a8a92b-76f4-4da3-943c-8c3f5d429420 req-b2a8a92b-76f4-4da3-943c-8c3f5d429420 ] Request (FloatingIPsAssociationNegativeTestJSON:setUpClass): 200 GET http://10.180.1.21/compute/v2.1/servers/1bafb1b5-d27b-4ca1-bb9f-09f7ab4a2a93 1.041s
2025-03-20 08:19:33.076 67286 INFO tempest.lib.common.rest_client [req-943ad27f-8fd7-4fe8-a787-a745a5fe9cca req-943ad27f-8fd7-4fe8-a787-a745a5fe9cca ] Request (ServerDiagnosticsTest:test_get_server_diagnostics): 200 GET http://10.180.1.21/compute/v2.1/servers/3eb80b23-a4a3-43e6-9620-86bf1eb344f2 1.035s
2025-03-20 08:19:33.115 67311 INFO tempest.lib.common.rest_client [req-25bff54f-9cf8-4566-a9e9-74f30cbe8703 req-25bff54f-9cf8-4566-a9e9-74f30cbe8703 ] Request (ServersTestJSON:test_create_server_specify_multibyte_character_name): 200 GET http://10.180.1.21/compute/v2.1/servers/fd673125-b2b3-4a7b-a90d-0452b95d5db8 0.994s
2025-03-20 08:19:33.129 67262 INFO tempest.lib.common.rest_client [req-ff5d76c1-d792-4549-9a66-61f0b4c18ec8 req-ff5d76c1-d792-4549-9a66-61f0b4c18ec8 ] Request (ServersWithSpecificFlavorTestJSON:test_verify_created_server_ephemeral_disk): 200 GET http://10.180.1.21/compute/v2.1/servers/66fa7689-aea7-4b88-b63c-0754f5e99d51 1.000s
2025-03-20 08:19:33.149 67280 INFO tempest.lib.common.rest_client [req-e952fbff-fe86-4837-b529-c3dc46957ed3 req-e952fbff-fe86-4837-b529-c3dc46957ed3 ] Request (AggregatesAdminNegativeTestJSON:test_aggregate_remove_nonexistent_host): 200 POST http://10.180.1.21/compute/v2.1/os-aggregates 0.972s
2025-03-20 08:19:33.196 67258 INFO tempest.lib.common.rest_client [req-9466142f-cbee-47b5-8235-4f51e3e07c6b req-9466142f-cbee-47b5-8235-4f51e3e07c6b ] Request (ImagesNegativeTestJSON:test_create_image_from_deleted_server): 200 GET http://10.180.1.21/compute/v2.1/servers/aa6e2bca-a3e3-4803-8120-bb8f3e6fae2a 0.997s
2025-03-20 08:19:33.220 67288 INFO tempest.lib.common.rest_client [req-5de0de07-ed97-47d5-bb42-9ea07357987f req-5de0de07-ed97-47d5-bb42-9ea07357987f ] Request (SecurityGroupRulesTestJSON:test_security_group_rules_create_with_optional_cidr): 200 POST http://10.180.1.21/compute/v2.1/os-security-groups 1.067s
2025-03-20 08:19:33.246 67316 INFO tempest.lib.common.rest_client [req-ff162756-ccd5-4209-afee-8cd63f4b3dda req-ff162756-ccd5-4209-afee-8cd63f4b3dda ] Request (ImagesOneServerTestJSON:setUpClass): 200 GET http://10.180.1.21/compute/v2.1/servers/8cd6a13f-fae2-43ea-846e-24f4987cf2ea 0.966s
2025-03-20 08:19:33.306 67278 INFO tempest.lib.common.rest_client [req-e9bc5e7d-684b-4b0d-961d-6416ef855272 req-e9bc5e7d-684b-4b0d-961d-6416ef855272 ] Request (ServersAdmin275Test:test_rebuild_update_server_275): 200 GET http://10.180.1.21/compute/v2.1/servers/994ad7c4-4a41-49b1-98b8-efd2f2b134e7 0.946s
2025-03-20 08:19:33.325 67274 INFO tempest.lib.common.rest_client [req-536bfc8c-813e-47e0-bef5-30330ea80548 req-536bfc8c-813e-47e0-bef5-30330ea80548 ] Request (ServerDiagnosticsNegativeTest:test_get_server_diagnostics_by_non_admin): 200 GET http://10.180.1.21/compute/v2.1/servers/860124dd-da7e-4beb-832f-7a9ab9580aed 1.003s
2025-03-20 08:19:33.408 67256 INFO tempest.lib.common.rest_client [req-7b81bd2b-4549-4afb-9852-51bf8dba1971 req-7b81bd2b-4549-4afb-9852-51bf8dba1971 ] Request (ValidationResourcesFixture:setUp): 200 POST http://10.180.1.21/compute/v2.1/os-keypairs 1.029s
2025-03-20 08:19:33.503 67256 INFO tempest.lib.common.rest_client [req-92b6992e-ec5a-4797-8be2-3fbed189271f req-92b6992e-ec5a-4797-8be2-3fbed189271f ] Request (ValidationResourcesFixture:setUp): 201 POST http://10.180.1.21:9696/networking/v2.0/security-groups 0.094s
2025-03-20 08:19:33.548 67312 INFO tempest.lib.common.rest_client [req-692f05ab-b05d-43fe-9e3b-ee85032a78ac req-692f05ab-b05d-43fe-9e3b-ee85032a78ac ] Request (DeleteServersAdminTestJSON:test_admin_delete_servers_of_others): 200 GET http://10.180.1.21/compute/v2.1/servers/e0ac77e1-fb77-4b97-bacc-838cc3e16bbc 0.984s
2025-03-20 08:19:33.594 67256 INFO tempest.lib.common.rest_client [req-300539ed-2ed2-4a72-bd6d-023e12fc769e req-300539ed-2ed2-4a72-bd6d-023e12fc769e ] Request (ValidationResourcesFixture:setUp): 201 POST http://10.180.1.21:9696/networking/v2.0/security-group-rules 0.090s
2025-03-20 08:19:33.604 67282 INFO tempest.lib.common.rest_client [req-b9278912-b229-4907-a759-be18a33c46f3 req-b9278912-b229-4907-a759-be18a33c46f3 ] Request (SecurityGroupsTestJSON:test_list_security_groups_by_server): 200 GET http://10.180.1.21/compute/v2.1/servers/32cb4672-8ebe-472b-b4ff-48bffad679e6 0.959s
2025-03-20 08:19:33.619 67284 INFO tempest.lib.common.rest_client [req-54ba1736-1050-4c6b-a26c-6cfe92cf9cd0 req-54ba1736-1050-4c6b-a26c-6cfe92cf9cd0 ] Request (ServersTestBootFromVolume:setUpClass): 200 GET http://10.180.1.21/volume/v3/43641ccc9e1c40bfb21edc852783d2a6/volumes/554712c0-66c4-4b29-97fb-5dd496cf38a0 0.027s
2025-03-20 08:19:33.676 67256 INFO tempest.lib.common.rest_client [req-3596d4c8-c6c1-498e-bc32-65a84d612bac req-3596d4c8-c6c1-498e-bc32-65a84d612bac ] Request (ValidationResourcesFixture:setUp): 201 POST http://10.180.1.21:9696/networking/v2.0/security-group-rules 0.081s
2025-03-20 08:19:33.769 67276 INFO tempest.lib.common.rest_client [req-d0b75a1b-9828-4230-bdd4-7b46217a9b6a req-d0b75a1b-9828-4230-bdd4-7b46217a9b6a ] Request (ServerRescueTestJSONUnderV235:setUpClass): 202 POST http://10.180.1.21/compute/v2.1/servers 1.337s
2025-03-20 08:19:33.789 67254 INFO tempest.lib.common.rest_client [req-f247c749-657d-4d8e-ad8e-93b0c769c932 req-f247c749-657d-4d8e-ad8e-93b0c769c932 ] Request (FlavorsAdminTestJSON:test_is_public_string_variations): 200 GET http://10.180.1.21/compute/v2.1/flavors/detail?is_public=true 1.060s
2025-03-20 08:19:33.816 67272 INFO tempest.lib.common.rest_client [req-16d2f549-f755-4cde-bf64-3907cb867a75 req-16d2f549-f755-4cde-bf64-3907cb867a75 ] Request (QuotasAdminNegativeTest:test_create_server_when_cpu_quota_is_full): 403 POST http://10.180.1.21/compute/v2.1/servers 1.154s
2025-03-20 08:19:33.849 67280 INFO tempest.lib.common.rest_client [req-61dcfeca-ebee-44ff-b2d8-3c3466e2747d req-61dcfeca-ebee-44ff-b2d8-3c3466e2747d ] Request (AggregatesAdminNegativeTestJSON:test_aggregate_remove_nonexistent_host): 404 POST http://10.180.1.21/compute/v2.1/os-aggregates/8/action 0.697s
2025-03-20 08:19:33.963 67300 INFO tempest.lib.common.rest_client [req-f327409b-2305-445d-8399-55fb5c668fd3 req-f327409b-2305-445d-8399-55fb5c668fd3 ] Request (SecurityGroupsTestAdminJSON:test_list_security_groups_list_all_tenants_filter): 200 POST http://10.180.1.21/compute/v2.1/os-security-groups 1.027s
2025-03-20 08:19:34.005 67270 INFO tempest.lib.common.rest_client [req-d63efc7c-3bbd-4c42-bda4-e2acf492017d req-d63efc7c-3bbd-4c42-bda4-e2acf492017d ] Request (ServersAdminNegativeTestJSON:setUpClass): 200 GET http://10.180.1.21/compute/v2.1/servers/13e28171-8074-4660-91cf-f6d569414fc6 0.789s
2025-03-20 08:19:34.061 67260 INFO tempest.lib.common.rest_client [req-5f8b8408-9ca5-4251-a888-4c0e79964269 req-5f8b8408-9ca5-4251-a888-4c0e79964269 ] Request (ServersTestJSON:setUpClass): 200 GET http://10.180.1.21/compute/v2.1/servers/4df734f8-537a-462b-991e-472c15afeb61 0.768s
2025-03-20 08:19:34.137 67288 INFO tempest.lib.common.rest_client [req-10cc93c4-5190-4a7e-81a4-b998e1ecfa53 req-10cc93c4-5190-4a7e-81a4-b998e1ecfa53 ] Request (SecurityGroupRulesTestJSON:test_security_group_rules_create_with_optional_cidr): 200 POST http://10.180.1.21/compute/v2.1/os-security-group-rules 0.914s
2025-03-20 08:19:34.184 67298 INFO tempest.lib.common.rest_client [req-4ff11f30-2a2b-4efd-b254-136304e39a67 req-4ff11f30-2a2b-4efd-b254-136304e39a67 ] Request (MigrationsAdminTest:test_list_migrations_in_flavor_resize_situation): 200 GET http://10.180.1.21/compute/v2.1/servers/98ad3e5c-065d-4561-890c-46d5ca0a8f7f 0.829s
2025-03-20 08:19:34.197 67268 INFO tempest.lib.common.rest_client [req-2a6d4186-4b35-4083-bcc3-49ccc46c925a req-2a6d4186-4b35-4083-bcc3-49ccc46c925a ] Request (InstanceActionsV221TestJSON:test_get_list_deleted_instance_actions): 200 GET http://10.180.1.21/compute/v2.1/servers/ba11c5cc-bd2b-4500-a87e-941e64630c36 0.828s
2025-03-20 08:19:34.241 67302 INFO tempest.lib.common.rest_client [req-a207a5a1-21b5-468a-b996-22ff79f51e0f req-a207a5a1-21b5-468a-b996-22ff79f51e0f ] Request (VolumesAdminNegativeTest:test_update_attached_volume_with_nonexistent_volume_in_body): 200 GET http://10.180.1.21/compute/v2.1/servers/76c4c961-0d94-445e-a861-b3880ef96d98 0.822s
2025-03-20 08:19:34.252 67266 INFO tempest.lib.common.rest_client [req-dec2acae-0a67-468f-87d9-20da97dec4d9 req-dec2acae-0a67-468f-87d9-20da97dec4d9 ] Request (ServerDiagnosticsV248Test:test_get_server_diagnostics): 200 GET http://10.180.1.21/compute/v2.1/servers/96efb9a4-3c83-4dea-94f2-d93dead6a2ca 0.770s
2025-03-20 08:19:34.262 67256 INFO tempest.lib.common.rest_client [req-f8f8e166-1477-4a9f-8a5a-aa427233c205 req-f8f8e166-1477-4a9f-8a5a-aa427233c205 ] Request (ValidationResourcesFixture:setUp): 201 POST http://10.180.1.21:9696/networking/v2.0/floatingips 0.586s
2025-03-20 08:19:34.296 67256 INFO tempest.lib.common.rest_client [req-c25d2999-9099-496c-b6ef-c6cfabaad56d req-c25d2999-9099-496c-b6ef-c6cfabaad56d ] Request (AttachInterfacesTestJSON:test_create_list_show_delete_interfaces_by_fixed_ip): 201 POST http://10.180.1.21/identity/v3/auth/tokens 0.029s
2025-03-20 08:19:34.297 67256 INFO tempest.lib.common.fixed_network [-] (AttachInterfacesTestJSON:test_create_list_show_delete_interfaces_by_fixed_ip) Found network {'id': '0c302ac0-c37a-4b65-9b73-f50b93c12025', 'name': 'tempest-AttachInterfacesTestJSON-1281668385-network', 'tenant_id': '0fadd44ab0304a74951242bff6ce54fa', 'admin_state_up': True, 'mtu': 8950, 'status': 'ACTIVE', 'subnets': [], 'shared': False, 'project_id': '0fadd44ab0304a74951242bff6ce54fa', 'port_security_enabled': True, 'router:external': False, 'provider:network_type': 'vlan', 'provider:physical_network': 'default', 'provider:segmentation_id': 788, 'is_default': False, 'availability_zone_hints': [], 'availability_zones': [], 'ipv4_address_scope': None, 'ipv6_address_scope': None, 'description': '', 'tags': [], 'created_at': '2025-03-20T08:19:29Z', 'updated_at': '2025-03-20T08:19:29Z', 'revision_number': 1} available for tenant
2025-03-20 08:19:34.310 67296 INFO tempest.lib.common.rest_client [req-13777c04-bf7e-4c47-90ec-511921a9f136 req-13777c04-bf7e-4c47-90ec-511921a9f136 ] Request (ServerShowV247Test:test_update_rebuild_list_server): 200 GET http://10.180.1.21/compute/v2.1/servers/a634ad37-b9f9-40a0-b2c1-6cd8612ba274 0.662s
2025-03-20 08:19:34.362 67306 INFO tempest.lib.common.rest_client [req-79061c94-e673-4f7d-816a-a72002858176 req-79061c94-e673-4f7d-816a-a72002858176 ] Request (ServerDiskConfigTestJSON:test_rebuild_server_with_auto_disk_config): 200 GET http://10.180.1.21/compute/v2.1/servers/85e5e3fd-942a-4a75-98b5-221d37a51dcf 0.703s
2025-03-20 08:19:34.365 67308 INFO tempest.lib.common.rest_client [req-4abca3b5-8028-4b79-830a-3aae69f875a2 req-4abca3b5-8028-4b79-830a-3aae69f875a2 ] Request (TenantUsagesTestJSON:setUpClass): 200 GET http://10.180.1.21/compute/v2.1/servers/bf738778-771f-4a1a-b83e-d786c67dafc0 0.777s
2025-03-20 08:19:34.411 67290 INFO tempest.lib.common.rest_client [req-01a557f1-c2ec-4ae6-89e6-88990a63b331 req-01a557f1-c2ec-4ae6-89e6-88990a63b331 ] Request (ServerExternalEventsTest:test_create_server_external_events): 200 GET http://10.180.1.21/compute/v2.1/servers/0734f630-dea5-4ee0-b890-dd50f3e8b178 0.695s
2025-03-20 08:19:34.418 67276 INFO tempest.lib.common.rest_client [req-fab189a4-a13a-45e5-97b5-58a891181f0f req-fab189a4-a13a-45e5-97b5-58a891181f0f ] Request (ServerRescueTestJSONUnderV235:setUpClass): 200 GET http://10.180.1.21/compute/v2.1/servers/a35ac03a-2a8a-4c79-ae3f-5afc1f563964 0.646s
2025-03-20 08:19:34.433 67254 INFO tempest.lib.common.rest_client [req-fed24be9-533a-4f81-9fcf-2a4bb287890c req-fed24be9-533a-4f81-9fcf-2a4bb287890c ] Request (FlavorsAdminTestJSON:test_is_public_string_variations): 200 GET http://10.180.1.21/compute/v2.1/flavors/detail?is_public=yes 0.636s
2025-03-20 08:19:34.459 67294 INFO tempest.lib.common.rest_client [req-cdee726d-7968-4c10-ab66-35bd18a6c027 req-cdee726d-7968-4c10-ab66-35bd18a6c027 ] Request (ServerActionsTestJSON:setUpClass): 200 GET http://10.180.1.21/compute/v2.1/servers/b10504c5-2770-45e0-bd3a-1fdc342b1397 0.677s
2025-03-20 08:19:34.500 67272 INFO tempest.lib.common.rest_client [req-acdb869a-82f1-43d8-a26e-4c10e2e6ddb1 req-acdb869a-82f1-43d8-a26e-4c10e2e6ddb1 ] Request (QuotasAdminNegativeTest:_run_cleanups): 200 PUT http://10.180.1.21/compute/v2.1/os-quota-sets/307409ef88ab4b62a75000eee53a1560 0.683s
2025-03-20 08:19:34.504 67304 INFO tempest.lib.common.rest_client [req-a8c2471e-48d1-4803-984a-ffce54b8d5c2 req-a8c2471e-48d1-4803-984a-ffce54b8d5c2 ] Request (FloatingIPsAssociationTestJSON:setUpClass): 200 GET http://10.180.1.21/compute/v2.1/servers/29c344b0-2ec3-44e6-8d33-fd988c26da7c 0.674s
2025-03-20 08:19:34.523 67280 INFO tempest.lib.common.rest_client [req-f0573233-d2a4-4270-8662-9fa0814dcb87 req-f0573233-d2a4-4270-8662-9fa0814dcb87 ] Request (AggregatesAdminNegativeTestJSON:_run_cleanups): 200 DELETE http://10.180.1.21/compute/v2.1/os-aggregates/8 0.673s
2025-03-20 08:19:34.620 67280 INFO tempest.lib.common.rest_client [req-861e8cd9-0246-4e6c-8b23-fda781abbfb0 req-861e8cd9-0246-4e6c-8b23-fda781abbfb0 ] Request (AggregatesAdminNegativeTestJSON:tearDownClass): 204 DELETE http://10.180.1.21/identity/v3/users/db8a5d6411824bdaac9fb94ab542dbbd 0.097s
2025-03-20 08:19:34.667 67284 INFO tempest.lib.common.rest_client [req-ff88014d-26d7-426e-8a85-c3517413b2d2 req-ff88014d-26d7-426e-8a85-c3517413b2d2 ] Request (ServersTestBootFromVolume:setUpClass): 200 GET http://10.180.1.21/volume/v3/43641ccc9e1c40bfb21edc852783d2a6/volumes/554712c0-66c4-4b29-97fb-5dd496cf38a0 0.041s
2025-03-20 08:19:34.679 67284 INFO tempest.common.waiters [-] volume 554712c0-66c4-4b29-97fb-5dd496cf38a0 reached available after waiting for 19.679846 seconds
2025-03-20 08:19:34.691 67292 INFO tempest.lib.common.rest_client [req-7be7c53c-f994-4b22-ad11-03301ecdd45f req-7be7c53c-f994-4b22-ad11-03301ecdd45f ] Request (ImagesTestJSON:test_create_image_from_stopped_server): 200 GET http://10.180.1.21/compute/v2.1/servers/781b688b-ec99-4423-99b2-2502c6e8a75d 0.725s
2025-03-20 08:19:34.744 67280 INFO tempest.lib.common.rest_client [req-21fce862-7577-414a-9719-968b804a8a69 req-21fce862-7577-414a-9719-968b804a8a69 ] Request (AggregatesAdminNegativeTestJSON:tearDownClass): 204 DELETE http://10.180.1.21/identity/v3/users/7c7e41d2ebea4fd490a9f3fcc05cc284 0.123s
2025-03-20 08:19:34.744 67280 INFO tempest.lib.common.dynamic_creds [-] Deleting project and security group for project: e6723d1856bf4ef28eac718fd1597910
2025-03-20 08:19:34.820 67280 INFO tempest.lib.common.rest_client [req-28412137-c5cf-4046-ba5d-ea103a8be6ef req-28412137-c5cf-4046-ba5d-ea103a8be6ef ] Request (AggregatesAdminNegativeTestJSON:tearDownClass): 201 POST http://10.180.1.21/identity/v3/auth/tokens 0.076s
2025-03-20 08:19:34.909 67314 INFO tempest.lib.common.rest_client [req-5481af8f-8e2e-4f6a-80f2-530958f54f66 req-5481af8f-8e2e-4f6a-80f2-530958f54f66 ] Request (FloatingIPsAssociationNegativeTestJSON:setUpClass): 200 GET http://10.180.1.21/compute/v2.1/servers/1bafb1b5-d27b-4ca1-bb9f-09f7ab4a2a93 0.836s
2025-03-20 08:19:34.973 67280 INFO tempest.lib.common.rest_client [req-664cf658-3874-4e58-b035-ed09cec427ac req-664cf658-3874-4e58-b035-ed09cec427ac ] Request (AggregatesAdminNegativeTestJSON:tearDownClass): 200 GET http://10.180.1.21:9696/networking/v2.0/security-groups?tenant_id=e6723d1856bf4ef28eac718fd1597910&name=default 0.152s
2025-03-20 08:19:35.037 67286 INFO tempest.lib.common.rest_client [req-920016b9-7cc8-46d5-a30f-fff4ecd5dc09 req-920016b9-7cc8-46d5-a30f-fff4ecd5dc09 ] Request (ServerDiagnosticsTest:test_get_server_diagnostics): 200 GET http://10.180.1.21/compute/v2.1/servers/3eb80b23-a4a3-43e6-9620-86bf1eb344f2 0.954s
2025-03-20 08:19:35.056 67280 INFO tempest.lib.common.rest_client [req-d0146018-11d2-49d2-9b6b-cfe9ef9dbcab req-d0146018-11d2-49d2-9b6b-cfe9ef9dbcab ] Request (AggregatesAdminNegativeTestJSON:tearDownClass): 204 DELETE http://10.180.1.21:9696/networking/v2.0/security-groups/bee5799a-d5e1-45f7-a441-59a774c5a0a9 0.082s
2025-03-20 08:19:35.090 67311 INFO tempest.lib.common.rest_client [req-cc153afe-2a56-49fc-a36d-5dc9df32266f req-cc153afe-2a56-49fc-a36d-5dc9df32266f ] Request (ServersTestJSON:test_create_server_specify_multibyte_character_name): 200 GET http://10.180.1.21/compute/v2.1/servers/fd673125-b2b3-4a7b-a90d-0452b95d5db8 0.967s
2025-03-20 08:19:35.115 67280 INFO tempest.lib.common.rest_client [req-b0ff90ff-c0b1-441e-8ef4-e4965a4a4b1c req-b0ff90ff-c0b1-441e-8ef4-e4965a4a4b1c ] Request (AggregatesAdminNegativeTestJSON:tearDownClass): 204 DELETE http://10.180.1.21/identity/v3/projects/e6723d1856bf4ef28eac718fd1597910 0.059s
2025-03-20 08:19:35.116 67280 INFO tempest.lib.common.dynamic_creds [-] Deleting project and security group for project: 8717d9b4d5f5424a992a36c80c116ab3
2025-03-20 08:19:35.194 67280 INFO tempest.lib.common.rest_client [req-e8322b86-2a14-45d0-aab3-cc134ad0db2d req-e8322b86-2a14-45d0-aab3-cc134ad0db2d ] Request (AggregatesAdminNegativeTestJSON:tearDownClass): 200 GET http://10.180.1.21:9696/networking/v2.0/security-groups?tenant_id=8717d9b4d5f5424a992a36c80c116ab3&name=default 0.078s
2025-03-20 08:19:35.256 67288 INFO tempest.lib.common.rest_client [req-e8413681-58ac-4bc4-8096-234bb386060f req-e8413681-58ac-4bc4-8096-234bb386060f ] Request (SecurityGroupRulesTestJSON:test_security_group_rules_create_with_optional_group_id): 200 POST http://10.180.1.21/compute/v2.1/os-security-groups 1.114s
2025-03-20 08:19:35.323 67262 INFO tempest.lib.common.rest_client [req-d6e40b73-049f-4b77-8636-d130ca9f3918 req-d6e40b73-049f-4b77-8636-d130ca9f3918 ] Request (ServersWithSpecificFlavorTestJSON:test_verify_created_server_ephemeral_disk): 200 GET http://10.180.1.21/compute/v2.1/servers/66fa7689-aea7-4b88-b63c-0754f5e99d51 1.179s
2025-03-20 08:19:35.355 67280 INFO tempest.lib.common.rest_client [req-b318bf1c-e4b3-4a9c-a710-000697af7725 req-b318bf1c-e4b3-4a9c-a710-000697af7725 ] Request (AggregatesAdminNegativeTestJSON:tearDownClass): 204 DELETE http://10.180.1.21:9696/networking/v2.0/security-groups/3dc9f05c-9b4a-4ddb-98c8-de9d9956c1e4 0.160s
2025-03-20 08:19:35.383 67258 INFO tempest.lib.common.rest_client [req-90391574-a4f4-46a7-a570-a28d14779d69 req-90391574-a4f4-46a7-a570-a28d14779d69 ] Request (ImagesNegativeTestJSON:test_create_image_from_deleted_server): 200 GET http://10.180.1.21/compute/v2.1/servers/aa6e2bca-a3e3-4803-8120-bb8f3e6fae2a 1.177s
2025-03-20 08:19:35.436 67316 INFO tempest.lib.common.rest_client [req-10e655fa-93a6-41b3-8b74-880de211920a req-10e655fa-93a6-41b3-8b74-880de211920a ] Request (ImagesOneServerTestJSON:setUpClass): 200 GET http://10.180.1.21/compute/v2.1/servers/8cd6a13f-fae2-43ea-846e-24f4987cf2ea 1.176s
2025-03-20 08:19:35.454 67280 INFO tempest.lib.common.rest_client [req-4d6d90c2-5d21-4a30-8b06-cacf38ff79bb req-4d6d90c2-5d21-4a30-8b06-cacf38ff79bb ] Request (AggregatesAdminNegativeTestJSON:tearDownClass): 204 DELETE http://10.180.1.21/identity/v3/projects/8717d9b4d5f5424a992a36c80c116ab3 0.098s
2025-03-20 08:19:35.510 67280 INFO tempest.lib.common.rest_client [req-3425248b-07b3-47b4-9c81-c623dbc319bc req-3425248b-07b3-47b4-9c81-c623dbc319bc ] Request (VolumesAssistedSnapshotsTest:setUpClass): 201 POST http://10.180.1.21/identity/v3/auth/tokens 0.055s
2025-03-20 08:19:35.538 67280 INFO tempest.lib.common.rest_client [req-b0577448-b245-4530-8f1c-17ae01f373ff req-b0577448-b245-4530-8f1c-17ae01f373ff ] Request (VolumesAssistedSnapshotsTest:setUpClass): 201 POST http://10.180.1.21/identity/v3/auth/tokens 0.025s
2025-03-20 08:19:35.557 67280 INFO tempest.lib.common.rest_client [req-fc7704b4-f7ea-4d91-83ae-9d0abbec001b req-fc7704b4-f7ea-4d91-83ae-9d0abbec001b ] Request (VolumesAssistedSnapshotsTest:setUpClass): 200 GET http://10.180.1.21/identity/v3/domains?name=Default 0.019s
2025-03-20 08:19:35.582 67280 INFO tempest.lib.common.rest_client [req-9f2774f2-f186-4521-b7e3-17a80f21417c req-9f2774f2-f186-4521-b7e3-17a80f21417c ] Request (VolumesAssistedSnapshotsTest:setUpClass): 201 POST http://10.180.1.21/identity/v3/projects 0.024s
2025-03-20 08:19:35.634 67280 INFO tempest.lib.common.rest_client [req-cfb73091-aa22-4674-8d26-7de16facd556 req-cfb73091-aa22-4674-8d26-7de16facd556 ] Request (VolumesAssistedSnapshotsTest:setUpClass): 201 POST http://10.180.1.21/identity/v3/users 0.052s
2025-03-20 08:19:35.651 67280 INFO tempest.lib.common.rest_client [req-50de200b-f157-4f18-81d7-aebd03d6e7ec req-50de200b-f157-4f18-81d7-aebd03d6e7ec ] Request (VolumesAssistedSnapshotsTest:setUpClass): 200 GET http://10.180.1.21/identity/v3/roles 0.016s
2025-03-20 08:19:35.687 67280 INFO tempest.lib.common.rest_client [req-aca8d514-3111-4601-83ec-669e4740556b req-aca8d514-3111-4601-83ec-669e4740556b ] Request (VolumesAssistedSnapshotsTest:setUpClass): 204 PUT http://10.180.1.21/identity/v3/projects/175434d7671641f8bed84e497e701e4f/users/10d731194482403b86bc07105f1b4605/roles/e5e416067c864f7ba114adf2729d88f4 0.036s
2025-03-20 08:19:35.688 67280 INFO tempest.lib.common.dynamic_creds [-] Dynamic test user 10d731194482403b86bc07105f1b4605 is created with scope project and roles: ['member']
2025-03-20 08:19:35.688 67280 INFO tempest.lib.common.dynamic_creds [-] Acquired dynamic creds: credentials: Credentials: {'domain_id': 'default', 'domain_name': 'Default', 'username': 'tempest-VolumesAssistedSnapshotsTest-1084042493-project-member', 'project_domain_id': 'default', 'project_domain_name': 'Default', 'project_id': '175434d7671641f8bed84e497e701e4f', 'project_name': 'tempest-VolumesAssistedSnapshotsTest-1084042493', 'tenant_id': '175434d7671641f8bed84e497e701e4f', 'tenant_name': 'tempest-VolumesAssistedSnapshotsTest-1084042493', 'user_domain_id': 'default', 'user_domain_name': 'Default', 'user_id': '10d731194482403b86bc07105f1b4605', 'system': None}, Network: None, Subnet: None, Router: None
2025-03-20 08:19:35.744 67280 INFO tempest.lib.common.rest_client [req-8543bf7b-afbf-430a-91d9-86a9fbd62998 req-8543bf7b-afbf-430a-91d9-86a9fbd62998 ] Request (VolumesAssistedSnapshotsTest:setUpClass): 201 POST http://10.180.1.21/identity/v3/auth/tokens 0.055s
2025-03-20 08:19:35.966 67280 INFO tempest.lib.common.rest_client [req-32ce422e-877d-462e-851f-3719e82c9e23 req-32ce422e-877d-462e-851f-3719e82c9e23 ] Request (VolumesAssistedSnapshotsTest:setUpClass): 201 POST http://10.180.1.21:9696/networking/v2.0/networks 0.222s
2025-03-20 08:19:36.095 67256 INFO tempest.lib.common.rest_client [req-dcc5f623-064e-4169-b20d-97a88a7a6e5d req-dcc5f623-064e-4169-b20d-97a88a7a6e5d ] Request (AttachInterfacesTestJSON:test_create_list_show_delete_interfaces_by_fixed_ip): 202 POST http://10.180.1.21/compute/v2.1/servers 1.798s
2025-03-20 08:19:36.138 67280 INFO tempest.lib.common.rest_client [req-f72e6579-ae29-4e40-8fe1-a24bd3be4907 req-f72e6579-ae29-4e40-8fe1-a24bd3be4907 ] Request (VolumesAssistedSnapshotsTest:setUpClass): 201 POST http://10.180.1.21:9696/networking/v2.0/subnets 0.171s
2025-03-20 08:19:36.171 67278 INFO tempest.lib.common.rest_client [req-ae16ccad-a8de-49b1-88ee-ed493d839d77 req-ae16ccad-a8de-49b1-88ee-ed493d839d77 ] Request (ServersAdmin275Test:test_rebuild_update_server_275): 200 GET http://10.180.1.21/compute/v2.1/servers/994ad7c4-4a41-49b1-98b8-efd2f2b134e7 1.852s
2025-03-20 08:19:36.328 67274 INFO tempest.lib.common.rest_client [req-c9579629-dc97-42b0-9091-f5959dff304a req-c9579629-dc97-42b0-9091-f5959dff304a ] Request (ServerDiagnosticsNegativeTest:test_get_server_diagnostics_by_non_admin): 200 GET http://10.180.1.21/compute/v2.1/servers/860124dd-da7e-4beb-832f-7a9ab9580aed 1.995s
2025-03-20 08:19:36.348 67254 INFO tempest.lib.common.rest_client [req-8088b8cb-49a1-44f4-80d8-9589f395fe33 req-8088b8cb-49a1-44f4-80d8-9589f395fe33 ] Request (FlavorsAdminTestJSON:test_is_public_string_variations): 200 GET http://10.180.1.21/compute/v2.1/flavors/detail?is_public=1 1.909s
2025-03-20 08:19:36.474 67272 INFO tempest.lib.common.rest_client [req-8fedc407-d3f7-4aac-bd75-49322880c14f req-8fedc407-d3f7-4aac-bd75-49322880c14f ] Request (QuotasAdminNegativeTest:test_create_server_when_instances_quota_is_full): 200 GET http://10.180.1.21/compute/v2.1/os-quota-sets/307409ef88ab4b62a75000eee53a1560 1.971s
2025-03-20 08:19:36.611 67312 INFO tempest.lib.common.rest_client [req-4ca9b112-75d4-4879-afaa-a2e068ffea77 req-4ca9b112-75d4-4879-afaa-a2e068ffea77 ] Request (DeleteServersAdminTestJSON:test_admin_delete_servers_of_others): 200 GET http://10.180.1.21/compute/v2.1/servers/e0ac77e1-fb77-4b97-bacc-838cc3e16bbc 2.055s
2025-03-20 08:19:36.663 67282 INFO tempest.lib.common.rest_client [req-9067c9bc-e024-45c4-a009-852a950dbc27 req-9067c9bc-e024-45c4-a009-852a950dbc27 ] Request (SecurityGroupsTestJSON:test_list_security_groups_by_server): 200 GET http://10.180.1.21/compute/v2.1/servers/32cb4672-8ebe-472b-b4ff-48bffad679e6 2.049s
2025-03-20 08:19:36.916 67280 INFO tempest.lib.common.rest_client [req-8f386a02-89d3-4794-af7a-b2765b644554 req-8f386a02-89d3-4794-af7a-b2765b644554 ] Request (VolumesAssistedSnapshotsTest:setUpClass): 201 POST http://10.180.1.21:9696/networking/v2.0/routers 0.778s
2025-03-20 08:19:36.981 67300 INFO tempest.lib.common.rest_client [req-93319164-697f-4301-ab98-f17cec917acc req-93319164-697f-4301-ab98-f17cec917acc ] Request (SecurityGroupsTestAdminJSON:test_list_security_groups_list_all_tenants_filter): 200 GET http://10.180.1.21/compute/v2.1/os-security-groups?all_tenants=true 3.015s
2025-03-20 08:19:37.201 67270 INFO tempest.lib.common.rest_client [req-b1213956-bae3-4567-99af-a52c10a72e3c req-b1213956-bae3-4567-99af-a52c10a72e3c ] Request (ServersAdminNegativeTestJSON:setUpClass): 200 GET http://10.180.1.21/compute/v2.1/servers/13e28171-8074-4660-91cf-f6d569414fc6 2.187s
2025-03-20 08:19:37.269 67260 INFO tempest.lib.common.rest_client [req-72de866f-7a70-4df7-893b-fc0442579ff3 req-72de866f-7a70-4df7-893b-fc0442579ff3 ] Request (ServersTestJSON:setUpClass): 200 GET http://10.180.1.21/compute/v2.1/servers/4df734f8-537a-462b-991e-472c15afeb61 2.198s
2025-03-20 08:19:37.370 67298 INFO tempest.lib.common.rest_client [req-f628a9b2-3159-4e39-be2e-6cb57f4fbd3b req-f628a9b2-3159-4e39-be2e-6cb57f4fbd3b ] Request (MigrationsAdminTest:test_list_migrations_in_flavor_resize_situation): 200 GET http://10.180.1.21/compute/v2.1/servers/98ad3e5c-065d-4561-890c-46d5ca0a8f7f 2.175s
2025-03-20 08:19:37.388 67284 INFO tempest.lib.common.rest_client [req-7f297844-3a5e-4aa9-96a1-c4af40267913 req-7f297844-3a5e-4aa9-96a1-c4af40267913 ] Request (ServersTestBootFromVolume:setUpClass): 202 POST http://10.180.1.21/compute/v2.1/servers 2.708s
2025-03-20 08:19:37.423 67268 INFO tempest.lib.common.rest_client [req-89f539bf-7faf-4f69-82a2-364a829b1141 req-89f539bf-7faf-4f69-82a2-364a829b1141 ] Request (InstanceActionsV221TestJSON:test_get_list_deleted_instance_actions): 200 GET http://10.180.1.21/compute/v2.1/servers/ba11c5cc-bd2b-4500-a87e-941e64630c36 2.217s
