2025-03-20 08:21:24.722 67262 INFO tempest.lib.common.rest_client [req-34605c4e-8ce4-4524-8a89-1f5e183e5965 req-34605c4e-8ce4-4524-8a89-1f5e183e5965 ] Request (ServersWithSpecificFlavorTestJSON:test_verify_created_server_ephemeral_disk): 200 GET http://10.180.1.21/compute/v2.1/servers/66fa7689-aea7-4b88-b63c-0754f5e99d51 0.286s
2025-03-20 08:21:24.781 67284 INFO tempest.lib.common.rest_client [req-51d8f865-cd63-4602-8935-d391f8d54321 req-51d8f865-cd63-4602-8935-d391f8d54321 ] Request (ServersTestBootFromVolume:setUpClass): 200 GET http://10.180.1.21/compute/v2.1/servers/1b24ae9d-f8bc-4c11-9b07-b4a4e435e269 0.291s
2025-03-20 08:21:24.791 67314 INFO tempest.lib.common.rest_client [req-8266aee0-d7a6-4d2e-adfa-c60d71c9f162 req-8266aee0-d7a6-4d2e-adfa-c60d71c9f162 ] Request (FloatingIPsAssociationNegativeTestJSON:setUpClass): 200 GET http://10.180.1.21/compute/v2.1/servers/1bafb1b5-d27b-4ca1-bb9f-09f7ab4a2a93 0.322s
2025-03-20 08:21:24.852 67308 INFO tempest.lib.common.rest_client [req-66b2622e-dbc9-480d-8182-1cb32eb0bef1 req-66b2622e-dbc9-480d-8182-1cb32eb0bef1 ] Request (FlavorsV2TestJSON:test_get_flavor): 200 GET http://10.180.1.21/compute/v2.1/flavors/42 0.266s
2025-03-20 08:21:24.883 67298 INFO tempest.lib.common.rest_client [req-a25097ae-ecfa-4d93-95c3-7f4f8c702279 req-a25097ae-ecfa-4d93-95c3-7f4f8c702279 ] Request (MigrationsAdminTest:test_list_migrations_in_flavor_resize_situation): 200 GET http://10.180.1.21/compute/v2.1/servers/98ad3e5c-065d-4561-890c-46d5ca0a8f7f 0.184s
2025-03-20 08:21:24.898 67282 INFO tempest.lib.common.rest_client [req-5996ff8a-1225-4f5c-b53a-230a17d7df01 req-5996ff8a-1225-4f5c-b53a-230a17d7df01 ] Request (SecurityGroupsTestJSON:test_list_security_groups_by_server): 200 GET http://10.180.1.21/compute/v2.1/servers/32cb4672-8ebe-472b-b4ff-48bffad679e6 0.135s
2025-03-20 08:21:24.945 67316 INFO tempest.lib.common.rest_client [req-5a22dad4-7d7e-49e6-874c-45efd3f34284 req-5a22dad4-7d7e-49e6-874c-45efd3f34284 ] Request (ImagesOneServerTestJSON:setUpClass): 200 GET http://10.180.1.21/compute/v2.1/servers/8cd6a13f-fae2-43ea-846e-24f4987cf2ea 0.095s
2025-03-20 08:21:24.958 67308 INFO tempest.lib.common.rest_client [req-8e83daa5-0310-40e7-8d05-bfc31fe01739 req-8e83daa5-0310-40e7-8d05-bfc31fe01739 ] Request (FlavorsV2TestJSON:test_list_flavors): 200 GET http://10.180.1.21/compute/v2.1/flavors 0.103s
2025-03-20 08:21:24.985 67292 INFO tempest.lib.common.rest_client [req-d84e1447-3a4b-42de-8db3-2b0edd7cf0a1 req-d84e1447-3a4b-42de-8db3-2b0edd7cf0a1 ] Request (ImagesTestJSON:test_create_image_from_stopped_server): 200 GET http://10.180.1.21/compute/v2.1/servers/781b688b-ec99-4423-99b2-2502c6e8a75d 0.212s
2025-03-20 08:21:25.003 67260 INFO tempest.lib.common.rest_client [req-2772de5d-25fc-4d2d-93cd-d619c10bba27 req-2772de5d-25fc-4d2d-93cd-d619c10bba27 ] Request (ServersTestJSON:setUpClass): 200 GET http://10.180.1.21/compute/v2.1/servers/4df734f8-537a-462b-991e-472c15afeb61 0.088s
2025-03-20 08:21:25.011 67308 INFO tempest.lib.common.rest_client [req-59f88045-283f-4678-b040-03c0ad21fe8d req-59f88045-283f-4678-b040-03c0ad21fe8d ] Request (FlavorsV2TestJSON:test_list_flavors): 200 GET http://10.180.1.21/compute/v2.1/flavors/42 0.049s
2025-03-20 08:21:25.067 67266 INFO tempest.lib.common.rest_client [req-bb803db9-ad77-4320-9f81-071068f8fbe7 req-bb803db9-ad77-4320-9f81-071068f8fbe7 ] Request (DeleteServersTestJSON:test_delete_active_server): 200 GET http://10.180.1.21/compute/v2.1/servers/e0eca599-b9a0-40a5-968d-21ac240f815c 0.092s
2025-03-20 08:21:25.114 67302 INFO tempest.lib.common.rest_client [req-885c483e-b654-43e8-97f2-739df491e4e2 req-885c483e-b654-43e8-97f2-739df491e4e2 ] Request (VolumesAdminNegativeTest:test_update_attached_volume_with_nonexistent_volume_in_body): 200 GET http://10.180.1.21/compute/v2.1/servers/76c4c961-0d94-445e-a861-b3880ef96d98 0.110s
2025-03-20 08:21:25.123 67308 INFO tempest.lib.common.rest_client [req-280abc0a-9ed6-43a8-acb6-1618cf47f2ab req-280abc0a-9ed6-43a8-acb6-1618cf47f2ab ] Request (FlavorsV2TestJSON:test_list_flavors_detailed_filter_by_min_disk): 200 GET http://10.180.1.21/compute/v2.1/flavors/42 0.110s
2025-03-20 08:21:25.135 67258 INFO tempest.lib.common.rest_client [req-d3227298-d932-489a-a041-58caac4061de req-d3227298-d932-489a-a041-58caac4061de ] Request (ImagesNegativeTestJSON:test_create_image_from_deleted_server): 200 GET http://10.180.1.21/compute/v2.1/servers/aa6e2bca-a3e3-4803-8120-bb8f3e6fae2a 0.182s
2025-03-20 08:21:25.175 67268 INFO tempest.lib.common.rest_client [req-f865388c-bd21-4f06-a422-16e23e414ffb req-f865388c-bd21-4f06-a422-16e23e414ffb ] Request (InstanceActionsV221TestJSON:test_get_list_deleted_instance_actions): 200 GET http://10.180.1.21/compute/v2.1/servers/ba11c5cc-bd2b-4500-a87e-941e64630c36 0.152s
2025-03-20 08:21:25.186 67306 INFO tempest.lib.common.rest_client [req-695d6464-0ba5-43d9-a238-a698beaeaae5 req-695d6464-0ba5-43d9-a238-a698beaeaae5 ] Request (ServerDiskConfigTestJSON:test_rebuild_server_with_auto_disk_config): 200 GET http://10.180.1.21/compute/v2.1/servers/85e5e3fd-942a-4a75-98b5-221d37a51dcf 0.137s
2025-03-20 08:21:25.202 67308 INFO tempest.lib.common.rest_client [req-c0091395-d035-4670-a8d2-b39b61c5d98d req-c0091395-d035-4670-a8d2-b39b61c5d98d ] Request (FlavorsV2TestJSON:test_list_flavors_detailed_filter_by_min_disk): 200 GET http://10.180.1.21/compute/v2.1/flavors/detail?minDisk=2 0.076s
2025-03-20 08:21:25.225 67288 INFO tempest.lib.common.rest_client [req-e525a17f-1b8b-4533-b995-c227f16ab65c req-e525a17f-1b8b-4533-b995-c227f16ab65c ] Request (ServerActionsV293TestJSON:setUpClass): 200 GET http://10.180.1.21/compute/v2.1/servers/63420a94-ef64-407a-a032-61a619907b56 0.147s
2025-03-20 08:21:25.232 67308 INFO tempest.lib.common.rest_client [req-05022c8a-f890-4e48-939e-2bb8ae9ca0e3 req-05022c8a-f890-4e48-939e-2bb8ae9ca0e3 ] Request (FlavorsV2TestJSON:test_list_flavors_detailed_filter_by_min_ram): 200 GET http://10.180.1.21/compute/v2.1/flavors/42 0.026s
2025-03-20 08:21:25.244 67276 INFO tempest.lib.common.rest_client [req-9cce7989-abbe-4e4a-b7fd-98e0ccd91bed req-9cce7989-abbe-4e4a-b7fd-98e0ccd91bed ] Request (ServerRescueTestJSONUnderV235:setUpClass): 200 GET http://10.180.1.21/compute/v2.1/servers/a35ac03a-2a8a-4c79-ae3f-5afc1f563964 0.101s
2025-03-20 08:21:25.260 67308 INFO tempest.lib.common.rest_client [req-389092f1-f375-43d1-8fa3-80162d45bc73 req-389092f1-f375-43d1-8fa3-80162d45bc73 ] Request (FlavorsV2TestJSON:test_list_flavors_detailed_filter_by_min_ram): 200 GET http://10.180.1.21/compute/v2.1/flavors/detail?minRam=129 0.026s
2025-03-20 08:21:25.350 67270 INFO tempest.lib.common.rest_client [req-08f3f414-e0c1-4996-b7be-04e08208aa93 req-08f3f414-e0c1-4996-b7be-04e08208aa93 ] Request (ServersAdminNegativeTestJSON:setUpClass): 200 GET http://10.180.1.21/compute/v2.1/servers/13e28171-8074-4660-91cf-f6d569414fc6 0.119s
2025-03-20 08:21:25.364 67308 INFO tempest.lib.common.rest_client [req-f3176b1e-02dd-42d2-852b-b92dbd305837 req-f3176b1e-02dd-42d2-852b-b92dbd305837 ] Request (FlavorsV2TestJSON:test_list_flavors_detailed_limit_results): 200 GET http://10.180.1.21/compute/v2.1/flavors/detail?limit=1 0.099s
2025-03-20 08:21:25.370 67274 INFO tempest.lib.common.rest_client [req-31697450-db16-4e49-a6f7-9317b3396e57 req-31697450-db16-4e49-a6f7-9317b3396e57 ] Request (ServerDiagnosticsNegativeTest:test_get_server_diagnostics_by_non_admin): 200 GET http://10.180.1.21/compute/v2.1/servers/860124dd-da7e-4beb-832f-7a9ab9580aed 0.113s
2025-03-20 08:21:25.407 67294 INFO tempest.lib.common.rest_client [req-3f8f3485-0fdb-4d5a-a039-980549521b7e req-3f8f3485-0fdb-4d5a-a039-980549521b7e ] Request (ServerActionsTestJSON:setUpClass): 200 GET http://10.180.1.21/compute/v2.1/servers/b10504c5-2770-45e0-bd3a-1fdc342b1397 0.091s
2025-03-20 08:21:25.449 67304 INFO tempest.lib.common.rest_client [req-d215ff4e-a6ac-4c16-81e9-02cf5b750ec9 req-d215ff4e-a6ac-4c16-81e9-02cf5b750ec9 ] Request (FloatingIPsAssociationTestJSON:setUpClass): 200 GET http://10.180.1.21/compute/v2.1/servers/29c344b0-2ec3-44e6-8d33-fd988c26da7c 0.086s
2025-03-20 08:21:25.456 67308 INFO tempest.lib.common.rest_client [req-28ddbf32-878a-4537-8ca5-7dc636a84683 req-28ddbf32-878a-4537-8ca5-7dc636a84683 ] Request (FlavorsV2TestJSON:test_list_flavors_detailed_using_marker): 200 GET http://10.180.1.21/compute/v2.1/flavors/42 0.088s
2025-03-20 08:21:25.471 67290 INFO tempest.lib.common.rest_client [req-e277155c-d82f-4143-b30b-f2b2ad443e23 req-e277155c-d82f-4143-b30b-f2b2ad443e23 ] Request (ServerExternalEventsTest:test_create_server_external_events): 200 GET http://10.180.1.21/compute/v2.1/servers/0734f630-dea5-4ee0-b890-dd50f3e8b178 0.128s
2025-03-20 08:21:25.495 67311 INFO tempest.lib.common.rest_client [req-8dda1fba-f293-44b5-84eb-a9a0b1bd10bb req-8dda1fba-f293-44b5-84eb-a9a0b1bd10bb ] Request (ServersTestJSON:test_create_server_specify_multibyte_character_name): 200 GET http://10.180.1.21/compute/v2.1/servers/fd673125-b2b3-4a7b-a90d-0452b95d5db8 0.081s
2025-03-20 08:21:25.516 67308 INFO tempest.lib.common.rest_client [req-1a23edf6-048e-44fc-9e63-b4ef74aa9851 req-1a23edf6-048e-44fc-9e63-b4ef74aa9851 ] Request (FlavorsV2TestJSON:test_list_flavors_detailed_using_marker): 200 GET http://10.180.1.21/compute/v2.1/flavors/detail?marker=42 0.057s
2025-03-20 08:21:25.728 67296 INFO tempest.lib.common.rest_client [req-850986d1-0c8e-47e6-98db-05dcc816d774 req-850986d1-0c8e-47e6-98db-05dcc816d774 ] Request (ServerShowV247Test:test_update_rebuild_list_server): 200 GET http://10.180.1.21/compute/v2.1/servers/a634ad37-b9f9-40a0-b2c1-6cd8612ba274 0.231s
2025-03-20 08:21:25.736 67312 INFO tempest.lib.common.rest_client [req-f08c0123-7a99-4f06-bfbb-55075707730f req-f08c0123-7a99-4f06-bfbb-55075707730f ] Request (DeleteServersAdminTestJSON:test_admin_delete_servers_of_others): 200 GET http://10.180.1.21/compute/v2.1/servers/e0ac77e1-fb77-4b97-bacc-838cc3e16bbc 0.292s
2025-03-20 08:21:25.743 67308 INFO tempest.lib.common.rest_client [req-fdfc9daf-60e1-4e47-aeda-60693e35bb93 req-fdfc9daf-60e1-4e47-aeda-60693e35bb93 ] Request (FlavorsV2TestJSON:test_list_flavors_filter_by_min_disk): 200 GET http://10.180.1.21/compute/v2.1/flavors/42 0.223s
2025-03-20 08:21:25.785 67280 INFO tempest.lib.common.rest_client [req-cf9fe73c-9ff0-48ae-ad57-86161f429936 req-cf9fe73c-9ff0-48ae-ad57-86161f429936 ] Request (VolumesAssistedSnapshotsTest:test_volume_assisted_snapshot_create_delete): 200 GET http://10.180.1.21/compute/v2.1/servers/5c77964f-e902-489a-86c3-9c9d4dd304d3 0.243s
2025-03-20 08:21:25.838 67278 INFO tempest.lib.common.rest_client [req-2ed27194-5cf5-46f0-875b-529e44bf0b2c req-2ed27194-5cf5-46f0-875b-529e44bf0b2c ] Request (AttachInterfacesUnderV243Test:test_add_remove_fixed_ip): 200 GET http://10.180.1.21/compute/v2.1/servers/96feb18e-14ee-40cf-bd5d-89a4e773c797 0.275s
2025-03-20 08:21:25.841 67286 INFO tempest.lib.common.rest_client [req-192a2175-e464-4a82-9e4d-e623fd13ddde req-192a2175-e464-4a82-9e4d-e623fd13ddde ] Request (ServerDiagnosticsTest:test_get_server_diagnostics): 200 GET http://10.180.1.21/compute/v2.1/servers/3eb80b23-a4a3-43e6-9620-86bf1eb344f2 0.323s
2025-03-20 08:21:25.884 67256 INFO tempest.lib.common.rest_client [req-440658ef-3a14-49aa-a827-ce76c30a9840 req-440658ef-3a14-49aa-a827-ce76c30a9840 ] Request (AttachInterfacesTestJSON:test_create_list_show_delete_interfaces_by_fixed_ip): 200 GET http://10.180.1.21/compute/v2.1/servers/bcef5f6b-c7b9-413c-b198-b858444a12da 0.291s
2025-03-20 08:21:25.891 67272 INFO tempest.lib.common.rest_client [req-90f4f19f-21cf-4796-87be-8f59599b88b2 req-90f4f19f-21cf-4796-87be-8f59599b88b2 ] Request (ServersTestMultiNic:test_verify_duplicate_network_nics): 200 GET http://10.180.1.21/compute/v2.1/servers/76b9817f-5571-48f6-8144-08d18f635750 0.283s
2025-03-20 08:21:25.926 67300 INFO tempest.lib.common.rest_client [req-c3ff8cb4-1ed7-427f-bfdf-18bb156bdcf5 req-c3ff8cb4-1ed7-427f-bfdf-18bb156bdcf5 ] Request (AttachVolumeNegativeTest:test_attach_attached_volume_to_different_server): 200 GET http://10.180.1.21/compute/v2.1/servers/573d1e82-a96d-47e9-89b0-efd69306ed59 0.291s
2025-03-20 08:21:25.937 67308 INFO tempest.lib.common.rest_client [req-6ab2490b-f5e0-4511-8918-60f772097fdd req-6ab2490b-f5e0-4511-8918-60f772097fdd ] Request (FlavorsV2TestJSON:test_list_flavors_filter_by_min_disk): 200 GET http://10.180.1.21/compute/v2.1/flavors?minDisk=2 0.191s
2025-03-20 08:21:25.983 67284 INFO tempest.lib.common.rest_client [req-9d0d30d1-d862-4a36-b98e-1d7cd887331a req-9d0d30d1-d862-4a36-b98e-1d7cd887331a ] Request (ServersTestBootFromVolume:setUpClass): 200 GET http://10.180.1.21/compute/v2.1/servers/1b24ae9d-f8bc-4c11-9b07-b4a4e435e269 0.193s
2025-03-20 08:21:25.997 67262 INFO tempest.lib.common.rest_client [req-c6affbc3-7ae7-4199-ad78-256aaefc19d5 req-c6affbc3-7ae7-4199-ad78-256aaefc19d5 ] Request (ServersWithSpecificFlavorTestJSON:test_verify_created_server_ephemeral_disk): 200 GET http://10.180.1.21/compute/v2.1/servers/66fa7689-aea7-4b88-b63c-0754f5e99d51 0.268s
2025-03-20 08:21:26.106 67314 INFO tempest.lib.common.rest_client [req-3847fef6-3841-456f-946f-86f6b4dd5d33 req-3847fef6-3841-456f-946f-86f6b4dd5d33 ] Request (FloatingIPsAssociationNegativeTestJSON:setUpClass): 200 GET http://10.180.1.21/compute/v2.1/servers/1bafb1b5-d27b-4ca1-bb9f-09f7ab4a2a93 0.307s
2025-03-20 08:21:26.116 67298 INFO tempest.lib.common.rest_client [req-b41ffbaf-acdf-4353-a9ad-9114b644d36e req-b41ffbaf-acdf-4353-a9ad-9114b644d36e ] Request (MigrationsAdminTest:test_list_migrations_in_flavor_resize_situation): 200 GET http://10.180.1.21/compute/v2.1/servers/98ad3e5c-065d-4561-890c-46d5ca0a8f7f 0.226s
2025-03-20 08:21:26.124 67308 INFO tempest.lib.common.rest_client [req-0ace4666-dc1d-403f-934f-8568e822c241 req-0ace4666-dc1d-403f-934f-8568e822c241 ] Request (FlavorsV2TestJSON:test_list_flavors_filter_by_min_ram): 200 GET http://10.180.1.21/compute/v2.1/flavors/42 0.184s
2025-03-20 08:21:26.148 67282 INFO tempest.lib.common.rest_client [req-3015628e-6136-42d4-88c8-fc4133e5c0ff req-3015628e-6136-42d4-88c8-fc4133e5c0ff ] Request (SecurityGroupsTestJSON:test_list_security_groups_by_server): 200 GET http://10.180.1.21/compute/v2.1/servers/32cb4672-8ebe-472b-b4ff-48bffad679e6 0.243s
2025-03-20 08:21:26.166 67316 INFO tempest.lib.common.rest_client [req-1b47204a-f25e-4eb4-8d8d-1a5c4f106fd8 req-1b47204a-f25e-4eb4-8d8d-1a5c4f106fd8 ] Request (ImagesOneServerTestJSON:setUpClass): 200 GET http://10.180.1.21/compute/v2.1/servers/8cd6a13f-fae2-43ea-846e-24f4987cf2ea 0.213s
2025-03-20 08:21:26.210 67260 INFO tempest.lib.common.rest_client [req-f6cdcf00-cc6e-4291-94eb-3796d251f8c3 req-f6cdcf00-cc6e-4291-94eb-3796d251f8c3 ] Request (ServersTestJSON:setUpClass): 200 GET http://10.180.1.21/compute/v2.1/servers/4df734f8-537a-462b-991e-472c15afeb61 0.200s
2025-03-20 08:21:26.251 67292 INFO tempest.lib.common.rest_client [req-4484c968-047a-4570-9884-4f9e8004ba4a req-4484c968-047a-4570-9884-4f9e8004ba4a ] Request (ImagesTestJSON:test_create_image_from_stopped_server): 200 GET http://10.180.1.21/compute/v2.1/servers/781b688b-ec99-4423-99b2-2502c6e8a75d 0.259s
2025-03-20 08:21:26.280 67266 INFO tempest.lib.common.rest_client [req-03b2d52e-fa17-4009-a4e7-a27e36a47c09 req-03b2d52e-fa17-4009-a4e7-a27e36a47c09 ] Request (DeleteServersTestJSON:test_delete_active_server): 200 GET http://10.180.1.21/compute/v2.1/servers/e0eca599-b9a0-40a5-968d-21ac240f815c 0.205s
2025-03-20 08:21:26.297 67308 INFO tempest.lib.common.rest_client [req-8a172b2b-fa4b-4578-afde-642718a1be54 req-8a172b2b-fa4b-4578-afde-642718a1be54 ] Request (FlavorsV2TestJSON:test_list_flavors_filter_by_min_ram): 200 GET http://10.180.1.21/compute/v2.1/flavors?minRam=129 0.171s
2025-03-20 08:21:26.304 67302 INFO tempest.lib.common.rest_client [req-fa5682c7-687e-4fd1-9a33-ce92a3d0a6cb req-fa5682c7-687e-4fd1-9a33-ce92a3d0a6cb ] Request (VolumesAdminNegativeTest:test_update_attached_volume_with_nonexistent_volume_in_body): 200 GET http://10.180.1.21/compute/v2.1/servers/76c4c961-0d94-445e-a861-b3880ef96d98 0.182s
2025-03-20 08:21:26.369 67268 INFO tempest.lib.common.rest_client [req-bb83ed89-c34f-458f-982f-85be07c73683 req-bb83ed89-c34f-458f-982f-85be07c73683 ] Request (InstanceActionsV221TestJSON:test_get_list_deleted_instance_actions): 200 GET http://10.180.1.21/compute/v2.1/servers/ba11c5cc-bd2b-4500-a87e-941e64630c36 0.185s
2025-03-20 08:21:26.440 67306 INFO tempest.lib.common.rest_client [req-6d58eeb4-36cc-48fc-b5ea-7d59df75386d req-6d58eeb4-36cc-48fc-b5ea-7d59df75386d ] Request (ServerDiskConfigTestJSON:test_rebuild_server_with_auto_disk_config): 200 GET http://10.180.1.21/compute/v2.1/servers/85e5e3fd-942a-4a75-98b5-221d37a51dcf 0.247s
2025-03-20 08:21:26.463 67258 INFO tempest.lib.common.rest_client [req-a7af7d66-ae9d-40d3-bbab-753c23eccd20 req-a7af7d66-ae9d-40d3-bbab-753c23eccd20 ] Request (ImagesNegativeTestJSON:test_create_image_from_deleted_server): 200 GET http://10.180.1.21/compute/v2.1/servers/aa6e2bca-a3e3-4803-8120-bb8f3e6fae2a 0.320s
2025-03-20 08:21:26.493 67288 INFO tempest.lib.common.rest_client [req-e3b4f2f2-e5fc-4507-a406-e3feccb81fb5 req-e3b4f2f2-e5fc-4507-a406-e3feccb81fb5 ] Request (ServerActionsV293TestJSON:setUpClass): 200 GET http://10.180.1.21/compute/v2.1/servers/63420a94-ef64-407a-a032-61a619907b56 0.258s
2025-03-20 08:21:26.503 67308 INFO tempest.lib.common.rest_client [req-8e427d3f-62c3-4bb4-9de0-fb4c08634e5c req-8e427d3f-62c3-4bb4-9de0-fb4c08634e5c ] Request (FlavorsV2TestJSON:test_list_flavors_limit_results): 200 GET http://10.180.1.21/compute/v2.1/flavors?limit=1 0.202s
2025-03-20 08:21:26.509 67276 INFO tempest.lib.common.rest_client [req-51840e05-b223-4289-a8d1-6d939ed079ee req-51840e05-b223-4289-a8d1-6d939ed079ee ] Request (ServerRescueTestJSONUnderV235:setUpClass): 200 GET http://10.180.1.21/compute/v2.1/servers/a35ac03a-2a8a-4c79-ae3f-5afc1f563964 0.258s
2025-03-20 08:21:26.674 67270 INFO tempest.lib.common.rest_client [req-e00f247e-a53d-4e3d-ae63-dc86d0071475 req-e00f247e-a53d-4e3d-ae63-dc86d0071475 ] Request (ServersAdminNegativeTestJSON:setUpClass): 200 GET http://10.180.1.21/compute/v2.1/servers/13e28171-8074-4660-91cf-f6d569414fc6 0.314s
2025-03-20 08:21:26.680 67274 INFO tempest.lib.common.rest_client [req-cbe15e1d-8ace-42a7-a07c-72d03a486d00 req-cbe15e1d-8ace-42a7-a07c-72d03a486d00 ] Request (ServerDiagnosticsNegativeTest:test_get_server_diagnostics_by_non_admin): 200 GET http://10.180.1.21/compute/v2.1/servers/860124dd-da7e-4beb-832f-7a9ab9580aed 0.301s
2025-03-20 08:21:26.717 67294 INFO tempest.lib.common.rest_client [req-747ef725-cb20-4c6b-906d-2b4e790ee9f6 req-747ef725-cb20-4c6b-906d-2b4e790ee9f6 ] Request (ServerActionsTestJSON:setUpClass): 200 GET http://10.180.1.21/compute/v2.1/servers/b10504c5-2770-45e0-bd3a-1fdc342b1397 0.302s
2025-03-20 08:21:26.731 67304 INFO tempest.lib.common.rest_client [req-716bb6b9-315e-4d85-8835-e09bfe11560a req-716bb6b9-315e-4d85-8835-e09bfe11560a ] Request (FloatingIPsAssociationTestJSON:setUpClass): 200 GET http://10.180.1.21/compute/v2.1/servers/29c344b0-2ec3-44e6-8d33-fd988c26da7c 0.274s
2025-03-20 08:21:26.777 67311 INFO tempest.lib.common.rest_client [req-d6cc5579-06a1-4cde-8865-76b30e7adbe0 req-d6cc5579-06a1-4cde-8865-76b30e7adbe0 ] Request (ServersTestJSON:test_create_server_specify_multibyte_character_name): 200 GET http://10.180.1.21/compute/v2.1/servers/fd673125-b2b3-4a7b-a90d-0452b95d5db8 0.275s
2025-03-20 08:21:26.784 67308 INFO tempest.lib.common.rest_client [req-82aef634-fb83-464c-a90b-36736c5fac30 req-82aef634-fb83-464c-a90b-36736c5fac30 ] Request (FlavorsV2TestJSON:test_list_flavors_using_marker): 200 GET http://10.180.1.21/compute/v2.1/flavors/42 0.278s
2025-03-20 08:21:26.813 67290 INFO tempest.lib.common.rest_client [req-ceaf31de-cfb3-4a0d-b11a-e2fbb5cc6a4b req-ceaf31de-cfb3-4a0d-b11a-e2fbb5cc6a4b ] Request (ServerExternalEventsTest:test_create_server_external_events): 200 GET http://10.180.1.21/compute/v2.1/servers/0734f630-dea5-4ee0-b890-dd50f3e8b178 0.334s
2025-03-20 08:21:26.829 67296 INFO tempest.lib.common.rest_client [req-b7d4d3d5-5115-4906-8aba-0160944f5e35 req-b7d4d3d5-5115-4906-8aba-0160944f5e35 ] Request (ServerShowV247Test:test_update_rebuild_list_server): 200 GET http://10.180.1.21/compute/v2.1/servers/a634ad37-b9f9-40a0-b2c1-6cd8612ba274 0.092s
2025-03-20 08:21:26.842 67308 INFO tempest.lib.common.rest_client [req-c23a9f63-b207-4bd5-b4c0-7e5c59dbaedf req-c23a9f63-b207-4bd5-b4c0-7e5c59dbaedf ] Request (FlavorsV2TestJSON:test_list_flavors_using_marker): 200 GET http://10.180.1.21/compute/v2.1/flavors?marker=42 0.056s
2025-03-20 08:21:26.887 67280 INFO tempest.lib.common.rest_client [req-da90df76-8363-4bd7-8ff0-505b58ac4538 req-da90df76-8363-4bd7-8ff0-505b58ac4538 ] Request (VolumesAssistedSnapshotsTest:test_volume_assisted_snapshot_create_delete): 200 GET http://10.180.1.21/compute/v2.1/servers/5c77964f-e902-489a-86c3-9c9d4dd304d3 0.091s
2025-03-20 08:21:26.899 67308 INFO tempest.lib.common.rest_client [req-c4266be0-1058-4100-ac7a-8889a36d4c79 req-c4266be0-1058-4100-ac7a-8889a36d4c79 ] Request (FlavorsV2TestJSON:test_list_flavors_with_detail): 200 GET http://10.180.1.21/compute/v2.1/flavors/detail 0.054s
2025-03-20 08:21:26.910 67312 INFO tempest.lib.common.rest_client [req-c9455820-df72-48f6-8f43-240ec088ae90 req-c9455820-df72-48f6-8f43-240ec088ae90 ] Request (DeleteServersAdminTestJSON:test_admin_delete_servers_of_others): 200 GET http://10.180.1.21/compute/v2.1/servers/e0ac77e1-fb77-4b97-bacc-838cc3e16bbc 0.166s
2025-03-20 08:21:26.939 67278 INFO tempest.lib.common.rest_client [req-e37732ad-73b5-49a0-a0e3-c6dcbbdf54c0 req-e37732ad-73b5-49a0-a0e3-c6dcbbdf54c0 ] Request (AttachInterfacesUnderV243Test:test_add_remove_fixed_ip): 200 GET http://10.180.1.21/compute/v2.1/servers/96feb18e-14ee-40cf-bd5d-89a4e773c797 0.094s
2025-03-20 08:21:26.992 67256 INFO tempest.lib.common.rest_client [req-464b2f9a-e97d-49e7-8e88-2d14f8a5a6d9 req-464b2f9a-e97d-49e7-8e88-2d14f8a5a6d9 ] Request (AttachInterfacesTestJSON:test_create_list_show_delete_interfaces_by_fixed_ip): 200 GET http://10.180.1.21/compute/v2.1/servers/bcef5f6b-c7b9-413c-b198-b858444a12da 0.101s
2025-03-20 08:21:27.045 67272 INFO tempest.lib.common.rest_client [req-a32b9022-d63a-4d9b-ae72-c284a752cf7a req-a32b9022-d63a-4d9b-ae72-c284a752cf7a ] Request (ServersTestMultiNic:test_verify_duplicate_network_nics): 200 GET http://10.180.1.21/compute/v2.1/servers/76b9817f-5571-48f6-8144-08d18f635750 0.145s
2025-03-20 08:21:27.053 67308 INFO tempest.lib.common.rest_client [req-77111397-9e16-4fc7-abb6-042ce251b7ce req-77111397-9e16-4fc7-abb6-042ce251b7ce ] Request (FlavorsV2TestJSON:test_list_flavors_with_detail): 200 GET http://10.180.1.21/compute/v2.1/flavors/42 0.149s
2025-03-20 08:21:27.061 67286 INFO tempest.lib.common.rest_client [req-78101d7e-478c-47e2-b186-e2ea6ae758a7 req-78101d7e-478c-47e2-b186-e2ea6ae758a7 ] Request (ServerDiagnosticsTest:test_get_server_diagnostics): 200 GET http://10.180.1.21/compute/v2.1/servers/3eb80b23-a4a3-43e6-9620-86bf1eb344f2 0.213s
2025-03-20 08:21:27.097 67300 INFO tempest.lib.common.rest_client [req-8a8650f4-fa86-4a62-bba6-4a21b4134823 req-8a8650f4-fa86-4a62-bba6-4a21b4134823 ] Request (AttachVolumeNegativeTest:test_attach_attached_volume_to_different_server): 200 GET http://10.180.1.21/compute/v2.1/servers/573d1e82-a96d-47e9-89b0-efd69306ed59 0.164s
2025-03-20 08:21:27.110 67284 INFO tempest.lib.common.rest_client [req-c78083e3-3e9d-466a-aa15-178e70011e0f req-c78083e3-3e9d-466a-aa15-178e70011e0f ] Request (ServersTestBootFromVolume:setUpClass): 200 GET http://10.180.1.21/compute/v2.1/servers/1b24ae9d-f8bc-4c11-9b07-b4a4e435e269 0.118s
2025-03-20 08:21:27.147 67308 INFO tempest.lib.common.rest_client [req-701d7865-7173-42b7-8d0c-e9e9302ffd72 req-701d7865-7173-42b7-8d0c-e9e9302ffd72 ] Request (FlavorsV2TestJSON:tearDownClass): 204 DELETE http://10.180.1.21/identity/v3/users/1f449b65696f44b19f547ef4835911ac 0.090s
2025-03-20 08:21:27.147 67308 INFO tempest.lib.common.dynamic_creds [-] Deleting project and security group for project: 0fb526f11a2a4940a0de4ad3a6428e4c
2025-03-20 08:21:27.198 67308 INFO tempest.lib.common.rest_client [req-fa46bf9f-2976-428f-8081-9717265fdc93 req-fa46bf9f-2976-428f-8081-9717265fdc93 ] Request (FlavorsV2TestJSON:tearDownClass): 201 POST http://10.180.1.21/identity/v3/auth/tokens 0.051s
2025-03-20 08:21:27.220 67262 INFO tempest.lib.common.rest_client [req-b539f09d-9a7a-42f6-a441-53ed3a04aa67 req-b539f09d-9a7a-42f6-a441-53ed3a04aa67 ] Request (ServersWithSpecificFlavorTestJSON:test_verify_created_server_ephemeral_disk): 200 GET http://10.180.1.21/compute/v2.1/servers/66fa7689-aea7-4b88-b63c-0754f5e99d51 0.213s
2025-03-20 08:21:27.232 67314 INFO tempest.lib.common.rest_client [req-c640df8f-77eb-4015-9859-db37fdcc7483 req-c640df8f-77eb-4015-9859-db37fdcc7483 ] Request (FloatingIPsAssociationNegativeTestJSON:setUpClass): 200 GET http://10.180.1.21/compute/v2.1/servers/1bafb1b5-d27b-4ca1-bb9f-09f7ab4a2a93 0.119s
2025-03-20 08:21:27.279 67282 INFO tempest.lib.common.rest_client [req-483234d4-3e32-4583-8288-44c3b2ce854d req-483234d4-3e32-4583-8288-44c3b2ce854d ] Request (SecurityGroupsTestJSON:test_list_security_groups_by_server): 200 GET http://10.180.1.21/compute/v2.1/servers/32cb4672-8ebe-472b-b4ff-48bffad679e6 0.123s
2025-03-20 08:21:27.330 67316 INFO tempest.lib.common.rest_client [req-e7a03611-bd52-4083-8bd1-e3ca86151fe7 req-e7a03611-bd52-4083-8bd1-e3ca86151fe7 ] Request (ImagesOneServerTestJSON:setUpClass): 200 GET http://10.180.1.21/compute/v2.1/servers/8cd6a13f-fae2-43ea-846e-24f4987cf2ea 0.157s
2025-03-20 08:21:27.333 67298 INFO tempest.lib.common.rest_client [req-561a2847-0c12-4588-8add-7ec941131688 req-561a2847-0c12-4588-8add-7ec941131688 ] Request (MigrationsAdminTest:test_list_migrations_in_flavor_resize_situation): 200 GET http://10.180.1.21/compute/v2.1/servers/98ad3e5c-065d-4561-890c-46d5ca0a8f7f 0.208s
2025-03-20 08:21:27.337 67308 INFO tempest.lib.common.rest_client [req-955059e9-c7ab-402d-af76-5df81bac6807 req-955059e9-c7ab-402d-af76-5df81bac6807 ] Request (FlavorsV2TestJSON:tearDownClass): 200 GET http://10.180.1.21:9696/networking/v2.0/security-groups?tenant_id=0fb526f11a2a4940a0de4ad3a6428e4c&name=default 0.139s
2025-03-20 08:21:27.394 67260 INFO tempest.lib.common.rest_client [req-780d4e8b-3d73-4a52-bbbc-8d33ca7d31b0 req-780d4e8b-3d73-4a52-bbbc-8d33ca7d31b0 ] Request (ServersTestJSON:setUpClass): 200 GET http://10.180.1.21/compute/v2.1/servers/4df734f8-537a-462b-991e-472c15afeb61 0.176s
2025-03-20 08:21:27.447 67266 INFO tempest.lib.common.rest_client [req-45469c23-2125-4543-a238-02d2d0a1f3b4 req-45469c23-2125-4543-a238-02d2d0a1f3b4 ] Request (DeleteServersTestJSON:test_delete_active_server): 200 GET http://10.180.1.21/compute/v2.1/servers/e0eca599-b9a0-40a5-968d-21ac240f815c 0.158s
2025-03-20 08:21:27.475 67292 INFO tempest.lib.common.rest_client [req-6875bdd1-42d2-498c-936c-b73c7b07d336 req-6875bdd1-42d2-498c-936c-b73c7b07d336 ] Request (ImagesTestJSON:test_create_image_from_stopped_server): 200 GET http://10.180.1.21/compute/v2.1/servers/781b688b-ec99-4423-99b2-2502c6e8a75d 0.216s
2025-03-20 08:21:27.490 67302 INFO tempest.lib.common.rest_client [req-a2a240f9-d88b-4b67-99cf-3e8415fccec5 req-a2a240f9-d88b-4b67-99cf-3e8415fccec5 ] Request (VolumesAdminNegativeTest:test_update_attached_volume_with_nonexistent_volume_in_body): 200 GET http://10.180.1.21/compute/v2.1/servers/76c4c961-0d94-445e-a861-b3880ef96d98 0.178s
2025-03-20 08:21:27.492 67308 INFO tempest.lib.common.rest_client [req-e117baf6-3e92-4ce4-82fe-3c9385c8bf4c req-e117baf6-3e92-4ce4-82fe-3c9385c8bf4c ] Request (FlavorsV2TestJSON:tearDownClass): 204 DELETE http://10.180.1.21:9696/networking/v2.0/security-groups/d2bf7634-35bb-446a-805f-f40664c1ff65 0.154s
2025-03-20 08:21:27.527 67268 INFO tempest.lib.common.rest_client [req-ec56d932-3aee-4fbd-8987-9aafdb2cf15e req-ec56d932-3aee-4fbd-8987-9aafdb2cf15e ] Request (InstanceActionsV221TestJSON:test_get_list_deleted_instance_actions): 200 GET http://10.180.1.21/compute/v2.1/servers/ba11c5cc-bd2b-4500-a87e-941e64630c36 0.142s
2025-03-20 08:21:27.537 67306 INFO tempest.lib.common.rest_client [req-eeed3f9d-7882-4a62-86f7-a6f708094438 req-eeed3f9d-7882-4a62-86f7-a6f708094438 ] Request (ServerDiskConfigTestJSON:test_rebuild_server_with_auto_disk_config): 200 GET http://10.180.1.21/compute/v2.1/servers/85e5e3fd-942a-4a75-98b5-221d37a51dcf 0.090s
2025-03-20 08:21:27.550 67308 INFO tempest.lib.common.rest_client [req-f811e860-7735-4d3e-ba81-9063b7c80dd6 req-f811e860-7735-4d3e-ba81-9063b7c80dd6 ] Request (FlavorsV2TestJSON:tearDownClass): 204 DELETE http://10.180.1.21/identity/v3/projects/0fb526f11a2a4940a0de4ad3a6428e4c 0.058s
2025-03-20 08:21:27.591 67288 INFO tempest.lib.common.rest_client [req-ad7ca833-781f-4863-ae58-8522daf8958e req-ad7ca833-781f-4863-ae58-8522daf8958e ] Request (ServerActionsV293TestJSON:setUpClass): 200 GET http://10.180.1.21/compute/v2.1/servers/63420a94-ef64-407a-a032-61a619907b56 0.085s
2025-03-20 08:21:27.610 67308 INFO tempest.lib.common.rest_client [req-300d4b54-d4e6-4f06-82b6-ea3aeb0ad358 req-300d4b54-d4e6-4f06-82b6-ea3aeb0ad358 ] Request (ServersTestManualDisk:setUpClass): 201 POST http://10.180.1.21/identity/v3/auth/tokens 0.058s
2025-03-20 08:21:27.638 67308 INFO tempest.lib.common.rest_client [req-e56fee29-8632-4bab-883a-80568f183ef4 req-e56fee29-8632-4bab-883a-80568f183ef4 ] Request (ServersTestManualDisk:setUpClass): 201 POST http://10.180.1.21/identity/v3/auth/tokens 0.024s
2025-03-20 08:21:27.640 67276 INFO tempest.lib.common.rest_client [req-05cdf5e5-7d20-4040-be5e-37530de43d61 req-05cdf5e5-7d20-4040-be5e-37530de43d61 ] Request (ServerRescueTestJSONUnderV235:setUpClass): 200 GET http://10.180.1.21/compute/v2.1/servers/a35ac03a-2a8a-4c79-ae3f-5afc1f563964 0.124s
2025-03-20 08:21:27.643 67258 INFO tempest.lib.common.rest_client [req-6fc0678a-df29-48f3-9e10-534ab8dbeb20 req-6fc0678a-df29-48f3-9e10-534ab8dbeb20 ] Request (ImagesNegativeTestJSON:test_create_image_from_deleted_server): 200 GET http://10.180.1.21/compute/v2.1/servers/aa6e2bca-a3e3-4803-8120-bb8f3e6fae2a 0.172s
2025-03-20 08:21:27.656 67308 INFO tempest.lib.common.rest_client [req-67428901-63d0-4e64-85ce-5d309369345d req-67428901-63d0-4e64-85ce-5d309369345d ] Request (ServersTestManualDisk:setUpClass): 200 GET http://10.180.1.21/identity/v3/domains?name=Default 0.018s
2025-03-20 08:21:27.678 67308 INFO tempest.lib.common.rest_client [req-ba0bc1d7-5b39-4fbb-87c2-b08d4616208e req-ba0bc1d7-5b39-4fbb-87c2-b08d4616208e ] Request (ServersTestManualDisk:setUpClass): 201 POST http://10.180.1.21/identity/v3/projects 0.021s
2025-03-20 08:21:27.728 67308 INFO tempest.lib.common.rest_client [req-0bd1a24d-db01-4d18-8806-04d95480584b req-0bd1a24d-db01-4d18-8806-04d95480584b ] Request (ServersTestManualDisk:setUpClass): 201 POST http://10.180.1.21/identity/v3/users 0.049s
2025-03-20 08:21:27.744 67308 INFO tempest.lib.common.rest_client [req-df367428-8c5a-41cd-ab6f-03184e749984 req-df367428-8c5a-41cd-ab6f-03184e749984 ] Request (ServersTestManualDisk:setUpClass): 200 GET http://10.180.1.21/identity/v3/roles 0.015s
2025-03-20 08:21:27.771 67308 INFO tempest.lib.common.rest_client [req-ea9e0d1c-db03-4b67-bef0-d221a481a3e3 req-ea9e0d1c-db03-4b67-bef0-d221a481a3e3 ] Request (ServersTestManualDisk:setUpClass): 204 PUT http://10.180.1.21/identity/v3/projects/0cea460e4b044c1dace1d040d25da1fa/users/b984ad28d0ba460186b44c327693c836/roles/e5e416067c864f7ba114adf2729d88f4 0.027s
2025-03-20 08:21:27.771 67308 INFO tempest.lib.common.dynamic_creds [-] Dynamic test user b984ad28d0ba460186b44c327693c836 is created with scope project and roles: ['member']
2025-03-20 08:21:27.771 67308 INFO tempest.lib.common.dynamic_creds [-] Acquired dynamic creds: credentials: Credentials: {'domain_id': 'default', 'domain_name': 'Default', 'username': 'tempest-ServersTestManualDisk-1446184680-project-member', 'project_domain_id': 'default', 'project_domain_name': 'Default', 'project_id': '0cea460e4b044c1dace1d040d25da1fa', 'project_name': 'tempest-ServersTestManualDisk-1446184680', 'tenant_id': '0cea460e4b044c1dace1d040d25da1fa', 'tenant_name': 'tempest-ServersTestManualDisk-1446184680', 'user_domain_id': 'default', 'user_domain_name': 'Default', 'user_id': 'b984ad28d0ba460186b44c327693c836', 'system': None}, Network: None, Subnet: None, Router: None
2025-03-20 08:21:27.815 67270 INFO tempest.lib.common.rest_client [req-84d94b29-3225-4788-ad32-53b15eedbe7e req-84d94b29-3225-4788-ad32-53b15eedbe7e ] Request (ServersAdminNegativeTestJSON:setUpClass): 200 GET http://10.180.1.21/compute/v2.1/servers/13e28171-8074-4660-91cf-f6d569414fc6 0.134s
2025-03-20 08:21:27.818 67274 INFO tempest.lib.common.rest_client [req-b186c11a-7ff2-43cc-869b-e37b7f7cb610 req-b186c11a-7ff2-43cc-869b-e37b7f7cb610 ] Request (ServerDiagnosticsNegativeTest:test_get_server_diagnostics_by_non_admin): 200 GET http://10.180.1.21/compute/v2.1/servers/860124dd-da7e-4beb-832f-7a9ab9580aed 0.131s
2025-03-20 08:21:27.827 67308 INFO tempest.lib.common.rest_client [req-b13055cb-acce-4cbc-b317-4f3996f5328e req-b13055cb-acce-4cbc-b317-4f3996f5328e ] Request (ServersTestManualDisk:setUpClass): 201 POST http://10.180.1.21/identity/v3/auth/tokens 0.055s
2025-03-20 08:21:27.878 67304 INFO tempest.lib.common.rest_client [req-a138eb9b-a054-475c-b6fa-c6bbe1e870f6 req-a138eb9b-a054-475c-b6fa-c6bbe1e870f6 ] Request (FloatingIPsAssociationTestJSON:setUpClass): 200 GET http://10.180.1.21/compute/v2.1/servers/29c344b0-2ec3-44e6-8d33-fd988c26da7c 0.140s
2025-03-20 08:21:27.879 67294 INFO tempest.lib.common.rest_client [req-c9d13c97-c702-4bfe-844b-77dd21d85e39 req-c9d13c97-c702-4bfe-844b-77dd21d85e39 ] Request (ServerActionsTestJSON:setUpClass): 200 GET http://10.180.1.21/compute/v2.1/servers/b10504c5-2770-45e0-bd3a-1fdc342b1397 0.155s
2025-03-20 08:21:27.929 67311 INFO tempest.lib.common.rest_client [req-593bc129-8dc7-40ad-8949-9a8d9836c14b req-593bc129-8dc7-40ad-8949-9a8d9836c14b ] Request (ServersTestJSON:test_create_server_specify_multibyte_character_name): 200 GET http://10.180.1.21/compute/v2.1/servers/fd673125-b2b3-4a7b-a90d-0452b95d5db8 0.143s
2025-03-20 08:21:27.976 67296 INFO tempest.lib.common.rest_client [req-e055eff9-df70-4b6f-874a-f0bf2b81eae4 req-e055eff9-df70-4b6f-874a-f0bf2b81eae4 ] Request (ServerShowV247Test:test_update_rebuild_list_server): 200 GET http://10.180.1.21/compute/v2.1/servers/a634ad37-b9f9-40a0-b2c1-6cd8612ba274 0.138s
2025-03-20 08:21:27.999 67290 INFO tempest.lib.common.rest_client [req-336c615f-3c00-4d22-8a7e-5b6434178987 req-336c615f-3c00-4d22-8a7e-5b6434178987 ] Request (ServerExternalEventsTest:test_create_server_external_events): 200 GET http://10.180.1.21/compute/v2.1/servers/0734f630-dea5-4ee0-b890-dd50f3e8b178 0.178s
2025-03-20 08:21:28.021 67280 INFO tempest.lib.common.rest_client [req-3d398e64-d1b0-4f71-a008-80c451c16885 req-3d398e64-d1b0-4f71-a008-80c451c16885 ] Request (VolumesAssistedSnapshotsTest:test_volume_assisted_snapshot_create_delete): 200 GET http://10.180.1.21/compute/v2.1/servers/5c77964f-e902-489a-86c3-9c9d4dd304d3 0.125s
2025-03-20 08:21:28.045 67308 INFO tempest.lib.common.rest_client [req-27009c8e-d88a-4bba-99d3-3f15bb9afe5c req-27009c8e-d88a-4bba-99d3-3f15bb9afe5c ] Request (ServersTestManualDisk:setUpClass): 201 POST http://10.180.1.21:9696/networking/v2.0/networks 0.217s
2025-03-20 08:21:28.069 67278 INFO tempest.lib.common.rest_client [req-f8a6cc79-2d06-4230-9b2b-2d12efb82a1e req-f8a6cc79-2d06-4230-9b2b-2d12efb82a1e ] Request (AttachInterfacesUnderV243Test:test_add_remove_fixed_ip): 200 GET http://10.180.1.21/compute/v2.1/servers/96feb18e-14ee-40cf-bd5d-89a4e773c797 0.122s
2025-03-20 08:21:28.114 67256 INFO tempest.lib.common.rest_client [req-7788b29e-1482-44ec-81dc-b1934db169e5 req-7788b29e-1482-44ec-81dc-b1934db169e5 ] Request (AttachInterfacesTestJSON:test_create_list_show_delete_interfaces_by_fixed_ip): 200 GET http://10.180.1.21/compute/v2.1/servers/bcef5f6b-c7b9-413c-b198-b858444a12da 0.113s
2025-03-20 08:21:28.120 67312 INFO tempest.lib.common.rest_client [req-59d07bb6-3f12-4bb3-952b-2ce1523b6515 req-59d07bb6-3f12-4bb3-952b-2ce1523b6515 ] Request (DeleteServersAdminTestJSON:test_admin_delete_servers_of_others): 200 GET http://10.180.1.21/compute/v2.1/servers/e0ac77e1-fb77-4b97-bacc-838cc3e16bbc 0.202s
2025-03-20 08:21:28.163 67272 INFO tempest.lib.common.rest_client [req-54879d42-0c07-4675-824c-fda92597b587 req-54879d42-0c07-4675-824c-fda92597b587 ] Request (ServersTestMultiNic:test_verify_duplicate_network_nics): 200 GET http://10.180.1.21/compute/v2.1/servers/76b9817f-5571-48f6-8144-08d18f635750 0.109s
2025-03-20 08:21:28.205 67300 INFO tempest.lib.common.rest_client [req-50117c66-0c4d-4118-a9b9-fc08730b29e3 req-50117c66-0c4d-4118-a9b9-fc08730b29e3 ] Request (AttachVolumeNegativeTest:test_attach_attached_volume_to_different_server): 200 GET http://10.180.1.21/compute/v2.1/servers/573d1e82-a96d-47e9-89b0-efd69306ed59 0.100s
2025-03-20 08:21:28.217 67308 INFO tempest.lib.common.rest_client [req-1b80ad12-fb90-40b7-9ed8-678ef330538d req-1b80ad12-fb90-40b7-9ed8-678ef330538d ] Request (ServersTestManualDisk:setUpClass): 201 POST http://10.180.1.21:9696/networking/v2.0/subnets 0.171s
2025-03-20 08:21:28.237 67286 INFO tempest.lib.common.rest_client [req-704108cf-a1ab-4522-8b84-d2eda9dfa1aa req-704108cf-a1ab-4522-8b84-d2eda9dfa1aa ] Request (ServerDiagnosticsTest:test_get_server_diagnostics): 200 GET http://10.180.1.21/compute/v2.1/servers/3eb80b23-a4a3-43e6-9620-86bf1eb344f2 0.165s
2025-03-20 08:21:28.250 67284 INFO tempest.lib.common.rest_client [req-373d2a98-3d3d-4bde-9b95-c46fe0277368 req-373d2a98-3d3d-4bde-9b95-c46fe0277368 ] Request (ServersTestBootFromVolume:setUpClass): 200 GET http://10.180.1.21/compute/v2.1/servers/1b24ae9d-f8bc-4c11-9b07-b4a4e435e269 0.133s
2025-03-20 08:21:28.379 67262 INFO tempest.lib.common.rest_client [req-1a89e686-cb3c-4fca-b12a-8d93fb7af6d4 req-1a89e686-cb3c-4fca-b12a-8d93fb7af6d4 ] Request (ServersWithSpecificFlavorTestJSON:test_verify_created_server_ephemeral_disk): 200 GET http://10.180.1.21/compute/v2.1/servers/66fa7689-aea7-4b88-b63c-0754f5e99d51 0.151s
2025-03-20 08:21:28.379 67314 INFO tempest.lib.common.rest_client [req-ba107f54-43f0-41f9-b5fd-50b18ba2921a req-ba107f54-43f0-41f9-b5fd-50b18ba2921a ] Request (FloatingIPsAssociationNegativeTestJSON:setUpClass): 200 GET http://10.180.1.21/compute/v2.1/servers/1bafb1b5-d27b-4ca1-bb9f-09f7ab4a2a93 0.140s
2025-03-20 08:21:28.437 67316 INFO tempest.lib.common.rest_client [req-fdc2c19c-4a6c-4c80-81c0-64a79a6f9fae req-fdc2c19c-4a6c-4c80-81c0-64a79a6f9fae ] Request (ImagesOneServerTestJSON:setUpClass): 200 GET http://10.180.1.21/compute/v2.1/servers/8cd6a13f-fae2-43ea-846e-24f4987cf2ea 0.095s
2025-03-20 08:21:28.438 67282 INFO tempest.lib.common.rest_client [req-2550fe40-68ca-493e-a31c-f380826108bc req-2550fe40-68ca-493e-a31c-f380826108bc ] Request (SecurityGroupsTestJSON:test_list_security_groups_by_server): 200 GET http://10.180.1.21/compute/v2.1/servers/32cb4672-8ebe-472b-b4ff-48bffad679e6 0.150s
2025-03-20 08:21:28.490 67260 INFO tempest.lib.common.rest_client [req-e9728ec6-8d5b-492f-9106-facce8ddedf4 req-e9728ec6-8d5b-492f-9106-facce8ddedf4 ] Request (ServersTestJSON:setUpClass): 200 GET http://10.180.1.21/compute/v2.1/servers/4df734f8-537a-462b-991e-472c15afeb61 0.087s
2025-03-20 08:21:28.542 67266 INFO tempest.lib.common.rest_client [req-e25042e6-06dd-4f1e-ba65-21939404382e req-e25042e6-06dd-4f1e-ba65-21939404382e ] Request (DeleteServersTestJSON:test_delete_active_server): 200 GET http://10.180.1.21/compute/v2.1/servers/e0eca599-b9a0-40a5-968d-21ac240f815c 0.087s
2025-03-20 08:21:28.571 67298 INFO tempest.lib.common.rest_client [req-9b63cabb-07c7-4305-bb06-cbb8ea764b5c req-9b63cabb-07c7-4305-bb06-cbb8ea764b5c ] Request (MigrationsAdminTest:test_list_migrations_in_flavor_resize_situation): 200 GET http://10.180.1.21/compute/v2.1/servers/98ad3e5c-065d-4561-890c-46d5ca0a8f7f 0.229s
2025-03-20 08:21:28.631 67302 INFO tempest.lib.common.rest_client [req-b5060cf3-d0cc-494f-98b0-65fa4ab7cf09 req-b5060cf3-d0cc-494f-98b0-65fa4ab7cf09 ] Request (VolumesAdminNegativeTest:test_update_attached_volume_with_nonexistent_volume_in_body): 200 GET http://10.180.1.21/compute/v2.1/servers/76c4c961-0d94-445e-a861-b3880ef96d98 0.133s
2025-03-20 08:21:28.654 67292 INFO tempest.lib.common.rest_client [req-1a29c06e-dc72-4d01-a93c-3b47fe1dbc8b req-1a29c06e-dc72-4d01-a93c-3b47fe1dbc8b ] Request (ImagesTestJSON:test_create_image_from_stopped_server): 200 GET http://10.180.1.21/compute/v2.1/servers/781b688b-ec99-4423-99b2-2502c6e8a75d 0.172s
2025-03-20 08:21:28.688 67268 INFO tempest.lib.common.rest_client [req-d6418ed4-f459-4cd8-bea2-c8dd0e21e09b req-d6418ed4-f459-4cd8-bea2-c8dd0e21e09b ] Request (InstanceActionsV221TestJSON:test_get_list_deleted_instance_actions): 200 GET http://10.180.1.21/compute/v2.1/servers/ba11c5cc-bd2b-4500-a87e-941e64630c36 0.153s
2025-03-20 08:21:28.700 67306 INFO tempest.lib.common.rest_client [req-269e33a7-92a2-4834-bfef-bdaecc9d8787 req-269e33a7-92a2-4834-bfef-bdaecc9d8787 ] Request (ServerDiskConfigTestJSON:test_rebuild_server_with_auto_disk_config): 200 GET http://10.180.1.21/compute/v2.1/servers/85e5e3fd-942a-4a75-98b5-221d37a51dcf 0.154s
2025-03-20 08:21:28.753 67288 INFO tempest.lib.common.rest_client [req-388d55d3-cab1-4660-bbcb-dece5775a53b req-388d55d3-cab1-4660-bbcb-dece5775a53b ] Request (ServerActionsV293TestJSON:setUpClass): 200 GET http://10.180.1.21/compute/v2.1/servers/63420a94-ef64-407a-a032-61a619907b56 0.150s
2025-03-20 08:21:28.754 67276 INFO tempest.lib.common.rest_client [req-73e22c83-5ce2-46df-83e0-d0bd997be6b4 req-73e22c83-5ce2-46df-83e0-d0bd997be6b4 ] Request (ServerRescueTestJSONUnderV235:setUpClass): 200 GET http://10.180.1.21/compute/v2.1/servers/a35ac03a-2a8a-4c79-ae3f-5afc1f563964 0.107s
2025-03-20 08:21:28.910 67258 INFO tempest.lib.common.rest_client [req-a4ac0d05-de16-4bc1-86e1-87713e1eddc2 req-a4ac0d05-de16-4bc1-86e1-87713e1eddc2 ] Request (ImagesNegativeTestJSON:test_create_image_from_deleted_server): 200 GET http://10.180.1.21/compute/v2.1/servers/aa6e2bca-a3e3-4803-8120-bb8f3e6fae2a 0.260s
2025-03-20 08:21:28.954 67270 INFO tempest.lib.common.rest_client [req-3ec09429-79bf-49e4-afd0-59afd404fa8f req-3ec09429-79bf-49e4-afd0-59afd404fa8f ] Request (ServersAdminNegativeTestJSON:setUpClass): 200 GET http://10.180.1.21/compute/v2.1/servers/13e28171-8074-4660-91cf-f6d569414fc6 0.131s
2025-03-20 08:21:29.003 67294 INFO tempest.lib.common.rest_client [req-9b53874a-ccb9-489f-93ca-f3ae53baef43 req-9b53874a-ccb9-489f-93ca-f3ae53baef43 ] Request (ServerActionsTestJSON:setUpClass): 200 GET http://10.180.1.21/compute/v2.1/servers/b10504c5-2770-45e0-bd3a-1fdc342b1397 0.117s
2025-03-20 08:21:29.022 67274 INFO tempest.lib.common.rest_client [req-36e9265f-5a48-4ac6-9b94-9981b16ae9b6 req-36e9265f-5a48-4ac6-9b94-9981b16ae9b6 ] Request (ServerDiagnosticsNegativeTest:test_get_server_diagnostics_by_non_admin): 200 GET http://10.180.1.21/compute/v2.1/servers/860124dd-da7e-4beb-832f-7a9ab9580aed 0.197s
2025-03-20 08:21:29.057 67304 INFO tempest.lib.common.rest_client [req-d8c385a0-453e-4472-ace7-05ae1150c1e4 req-d8c385a0-453e-4472-ace7-05ae1150c1e4 ] Request (FloatingIPsAssociationTestJSON:setUpClass): 200 GET http://10.180.1.21/compute/v2.1/servers/29c344b0-2ec3-44e6-8d33-fd988c26da7c 0.171s
2025-03-20 08:21:29.067 67311 INFO tempest.lib.common.rest_client [req-8c68770c-db7e-499c-b51c-d9842ba54619 req-8c68770c-db7e-499c-b51c-d9842ba54619 ] Request (ServersTestJSON:test_create_server_specify_multibyte_character_name): 200 GET http://10.180.1.21/compute/v2.1/servers/fd673125-b2b3-4a7b-a90d-0452b95d5db8 0.130s
2025-03-20 08:21:29.117 67296 INFO tempest.lib.common.rest_client [req-1b371d86-6cb6-4edd-a4c0-d6a8e704f266 req-1b371d86-6cb6-4edd-a4c0-d6a8e704f266 ] Request (ServerShowV247Test:test_update_rebuild_list_server): 200 GET http://10.180.1.21/compute/v2.1/servers/a634ad37-b9f9-40a0-b2c1-6cd8612ba274 0.123s
2025-03-20 08:21:29.146 67308 INFO tempest.lib.common.rest_client [req-3b958bcd-b032-4d3a-9e30-22d1ae2d73ba req-3b958bcd-b032-4d3a-9e30-22d1ae2d73ba ] Request (ServersTestManualDisk:setUpClass): 201 POST http://10.180.1.21:9696/networking/v2.0/routers 0.929s
2025-03-20 08:21:29.172 67280 INFO tempest.lib.common.rest_client [req-b7cd6643-a2ba-481c-965a-7a1ad16b270c req-b7cd6643-a2ba-481c-965a-7a1ad16b270c ] Request (VolumesAssistedSnapshotsTest:test_volume_assisted_snapshot_create_delete): 200 GET http://10.180.1.21/compute/v2.1/servers/5c77964f-e902-489a-86c3-9c9d4dd304d3 0.142s
2025-03-20 08:21:29.189 67290 INFO tempest.lib.common.rest_client [req-b9497a80-bbfc-4444-a1db-5ea400bc5ef1 req-b9497a80-bbfc-4444-a1db-5ea400bc5ef1 ] Request (ServerExternalEventsTest:test_create_server_external_events): 200 GET http://10.180.1.21/compute/v2.1/servers/0734f630-dea5-4ee0-b890-dd50f3e8b178 0.181s
2025-03-20 08:21:29.232 67278 INFO tempest.lib.common.rest_client [req-5e4a7bbf-6076-4fd9-a723-7cf9c9064a51 req-5e4a7bbf-6076-4fd9-a723-7cf9c9064a51 ] Request (AttachInterfacesUnderV243Test:test_add_remove_fixed_ip): 200 GET http://10.180.1.21/compute/v2.1/servers/96feb18e-14ee-40cf-bd5d-89a4e773c797 0.155s
2025-03-20 08:21:29.241 67256 INFO tempest.lib.common.rest_client [req-433cd5d4-7034-4a48-8084-8abb8352e72d req-433cd5d4-7034-4a48-8084-8abb8352e72d ] Request (AttachInterfacesTestJSON:test_create_list_show_delete_interfaces_by_fixed_ip): 200 GET http://10.180.1.21/compute/v2.1/servers/bcef5f6b-c7b9-413c-b198-b858444a12da 0.119s
2025-03-20 08:21:29.304 67272 INFO tempest.lib.common.rest_client [req-565f15f0-b157-42af-b7d0-fe34bdcd34b3 req-565f15f0-b157-42af-b7d0-fe34bdcd34b3 ] Request (ServersTestMultiNic:test_verify_duplicate_network_nics): 200 GET http://10.180.1.21/compute/v2.1/servers/76b9817f-5571-48f6-8144-08d18f635750 0.134s
2025-03-20 08:21:29.355 67300 INFO tempest.lib.common.rest_client [req-721edb1c-f64e-457f-8e9a-2a14911861b0 req-721edb1c-f64e-457f-8e9a-2a14911861b0 ] Request (AttachVolumeNegativeTest:test_attach_attached_volume_to_different_server): 200 GET http://10.180.1.21/compute/v2.1/servers/573d1e82-a96d-47e9-89b0-efd69306ed59 0.140s
2025-03-20 08:21:29.364 67312 INFO tempest.lib.common.rest_client [req-232246d1-dbcf-46c1-9cc6-054b943013cc req-232246d1-dbcf-46c1-9cc6-054b943013cc ] Request (DeleteServersAdminTestJSON:test_admin_delete_servers_of_others): 200 GET http://10.180.1.21/compute/v2.1/servers/e0ac77e1-fb77-4b97-bacc-838cc3e16bbc 0.237s
2025-03-20 08:21:29.423 67284 INFO tempest.lib.common.rest_client [req-bd993195-893f-483c-bd02-fde0642154a3 req-bd993195-893f-483c-bd02-fde0642154a3 ] Request (ServersTestBootFromVolume:setUpClass): 200 GET http://10.180.1.21/compute/v2.1/servers/1b24ae9d-f8bc-4c11-9b07-b4a4e435e269 0.165s
2025-03-20 08:21:29.692 67286 INFO tempest.lib.common.rest_client [req-bc125514-8834-4a8d-a639-96b2045d4555 req-bc125514-8834-4a8d-a639-96b2045d4555 ] Request (ServerDiagnosticsTest:test_get_server_diagnostics): 200 GET http://10.180.1.21/compute/v2.1/servers/3eb80b23-a4a3-43e6-9620-86bf1eb344f2 0.448s
2025-03-20 08:21:29.749 67314 INFO tempest.lib.common.rest_client [req-0231c8c2-11ae-410b-93d8-9efc8603ba6b req-0231c8c2-11ae-410b-93d8-9efc8603ba6b ] Request (FloatingIPsAssociationNegativeTestJSON:setUpClass): 200 GET http://10.180.1.21/compute/v2.1/servers/1bafb1b5-d27b-4ca1-bb9f-09f7ab4a2a93 0.362s
2025-03-20 08:21:29.809 67316 INFO tempest.lib.common.rest_client [req-e819680c-56fd-4bb8-95b7-9aa295bb7256 req-e819680c-56fd-4bb8-95b7-9aa295bb7256 ] Request (ImagesOneServerTestJSON:setUpClass): 200 GET http://10.180.1.21/compute/v2.1/servers/8cd6a13f-fae2-43ea-846e-24f4987cf2ea 0.364s
2025-03-20 08:21:29.855 67262 INFO tempest.lib.common.rest_client [req-c38aac09-67d9-407f-b296-d217d4179976 req-c38aac09-67d9-407f-b296-d217d4179976 ] Request (ServersWithSpecificFlavorTestJSON:test_verify_created_server_ephemeral_disk): 200 GET http://10.180.1.21/compute/v2.1/servers/66fa7689-aea7-4b88-b63c-0754f5e99d51 0.464s
2025-03-20 08:21:29.884 67282 INFO tempest.lib.common.rest_client [req-df18537d-8991-4fbb-9b93-d89b44833220 req-df18537d-8991-4fbb-9b93-d89b44833220 ] Request (SecurityGroupsTestJSON:test_list_security_groups_by_server): 200 GET http://10.180.1.21/compute/v2.1/servers/32cb4672-8ebe-472b-b4ff-48bffad679e6 0.433s
2025-03-20 08:21:29.909 67260 INFO tempest.lib.common.rest_client [req-6f977cd7-ca80-4061-a514-9c4bffd0c26d req-6f977cd7-ca80-4061-a514-9c4bffd0c26d ] Request (ServersTestJSON:setUpClass): 200 GET http://10.180.1.21/compute/v2.1/servers/4df734f8-537a-462b-991e-472c15afeb61 0.410s
2025-03-20 08:21:29.940 67266 INFO tempest.lib.common.rest_client [req-e4829f42-6852-4fe0-978a-6fe3398d7b0b req-e4829f42-6852-4fe0-978a-6fe3398d7b0b ] Request (DeleteServersTestJSON:test_delete_active_server): 200 GET http://10.180.1.21/compute/v2.1/servers/e0eca599-b9a0-40a5-968d-21ac240f815c 0.384s
2025-03-20 08:21:29.989 67302 INFO tempest.lib.common.rest_client [req-7192aa78-0ddf-4083-bbca-f59ffa794e89 req-7192aa78-0ddf-4083-bbca-f59ffa794e89 ] Request (VolumesAdminNegativeTest:test_update_attached_volume_with_nonexistent_volume_in_body): 200 GET http://10.180.1.21/compute/v2.1/servers/76c4c961-0d94-445e-a861-b3880ef96d98 0.350s
2025-03-20 08:21:30.028 67298 INFO tempest.lib.common.rest_client [req-bdfd6a24-6b4d-4c49-a54c-5008d658bce9 req-bdfd6a24-6b4d-4c49-a54c-5008d658bce9 ] Request (MigrationsAdminTest:test_list_migrations_in_flavor_resize_situation): 200 GET http://10.180.1.21/compute/v2.1/servers/98ad3e5c-065d-4561-890c-46d5ca0a8f7f 0.449s
2025-03-20 08:21:30.084 67268 INFO tempest.lib.common.rest_client [req-4c95159e-9469-44aa-8c92-7d9feda4b83e req-4c95159e-9469-44aa-8c92-7d9feda4b83e ] Request (InstanceActionsV221TestJSON:test_get_list_deleted_instance_actions): 200 GET http://10.180.1.21/compute/v2.1/servers/ba11c5cc-bd2b-4500-a87e-941e64630c36 0.383s
2025-03-20 08:21:30.119 67308 INFO tempest.lib.common.rest_client [req-e1f03e8b-c83c-4de1-acd8-bd39d788bf6d req-e1f03e8b-c83c-4de1-acd8-bd39d788bf6d ] Request (ServersTestManualDisk:setUpClass): 200 PUT http://10.180.1.21:9696/networking/v2.0/routers/248dd207-a9b8-47e5-8068-f5d3f307cf27/add_router_interface 0.972s
