2025-03-20 08:19:47.347 67266 INFO tempest.lib.common.dynamic_creds [-] Acquired dynamic creds: credentials: Credentials: {'domain_id': 'default', 'domain_name': 'Default', 'username': 'tempest-ServicesAdminTestJSON-1310610283-project-admin', 'project_domain_id': 'default', 'project_domain_name': 'Default', 'project_id': 'e9e305dff7aa4253bda5dcb62863660e', 'project_name': 'tempest-ServicesAdminTestJSON-1310610283', 'tenant_id': 'e9e305dff7aa4253bda5dcb62863660e', 'tenant_name': 'tempest-ServicesAdminTestJSON-1310610283', 'user_domain_id': 'default', 'user_domain_name': 'Default', 'user_id': 'c5380b167d11454096e13be108b81865', 'system': None}, Network: None, Subnet: None, Router: None
2025-03-20 08:19:47.348 67266 INFO tempest.lib.common.dynamic_creds [-] Created isolated network resources for: credentials: Credentials: {'domain_id': 'default', 'domain_name': 'Default', 'username': 'tempest-ServicesAdminTestJSON-1310610283-project-admin', 'project_domain_id': 'default', 'project_domain_name': 'Default', 'project_id': 'e9e305dff7aa4253bda5dcb62863660e', 'project_name': 'tempest-ServicesAdminTestJSON-1310610283', 'tenant_id': 'e9e305dff7aa4253bda5dcb62863660e', 'tenant_name': 'tempest-ServicesAdminTestJSON-1310610283', 'user_domain_id': 'default', 'user_domain_name': 'Default', 'user_id': 'c5380b167d11454096e13be108b81865', 'system': None}, Network: None, Subnet: None, Router: None
2025-03-20 08:19:47.349 67272 INFO tempest.lib.common.rest_client [req-abc5c105-9ec2-4e37-a529-b579e8c09ddc req-abc5c105-9ec2-4e37-a529-b579e8c09ddc ] Request (ServersTestMultiNic:setUpClass): 201 POST http://10.180.1.21/identity/v3/auth/tokens 0.075s
2025-03-20 08:19:47.355 67290 INFO tempest.lib.common.rest_client [req-af73c5de-b528-4865-acaa-3581a62ac660 req-af73c5de-b528-4865-acaa-3581a62ac660 ] Request (ServerExternalEventsTest:test_create_server_external_events): 200 GET http://10.180.1.21/compute/v2.1/servers/0734f630-dea5-4ee0-b890-dd50f3e8b178 0.815s
2025-03-20 08:19:47.378 67254 INFO tempest.lib.common.rest_client [req-90131de3-b0fe-478e-a06b-11ba65fa33f3 req-90131de3-b0fe-478e-a06b-11ba65fa33f3 ] Request (FlavorsAdminTestJSON:_run_cleanups): 202 DELETE http://10.180.1.21/compute/v2.1/flavors/941475519 0.768s
2025-03-20 08:19:47.417 67266 INFO tempest.lib.common.rest_client [req-4087a5a6-6d7d-400d-9b07-1df4053642ea req-4087a5a6-6d7d-400d-9b07-1df4053642ea ] Request (ServicesAdminTestJSON:setUpClass): 201 POST http://10.180.1.21/identity/v3/auth/tokens 0.067s
2025-03-20 08:19:47.443 67304 INFO tempest.lib.common.rest_client [req-5c7eb1d8-c2e3-4971-9695-b767b6fe2ad3 req-5c7eb1d8-c2e3-4971-9695-b767b6fe2ad3 ] Request (FloatingIPsAssociationTestJSON:setUpClass): 200 GET http://10.180.1.21/compute/v2.1/servers/29c344b0-2ec3-44e6-8d33-fd988c26da7c 0.816s
2025-03-20 08:19:47.618 67272 INFO tempest.lib.common.rest_client [req-9abf14b9-1831-4430-b364-1ff687458bb8 req-9abf14b9-1831-4430-b364-1ff687458bb8 ] Request (ServersTestMultiNic:setUpClass): 201 POST http://10.180.1.21:9696/networking/v2.0/networks 0.268s
2025-03-20 08:19:47.655 67308 INFO tempest.lib.common.rest_client [req-89a21f41-847d-49c9-836c-1ee71479cbd5 req-89a21f41-847d-49c9-836c-1ee71479cbd5 ] Request (TenantUsagesTestJSON:setUpClass): 200 GET http://10.180.1.21/compute/v2.1/servers/bf738778-771f-4a1a-b83e-d786c67dafc0 1.000s
2025-03-20 08:19:47.722 67256 INFO tempest.lib.common.rest_client [req-69bcc94b-3873-4c63-9c8b-aed9bebf2a2b req-69bcc94b-3873-4c63-9c8b-aed9bebf2a2b ] Request (AttachInterfacesTestJSON:test_create_list_show_delete_interfaces_by_fixed_ip): 200 GET http://10.180.1.21/compute/v2.1/servers/bcef5f6b-c7b9-413c-b198-b858444a12da 0.977s
2025-03-20 08:19:47.789 67311 INFO tempest.lib.common.rest_client [req-f7b2d75b-8224-48b4-9940-384e83b84ec6 req-f7b2d75b-8224-48b4-9940-384e83b84ec6 ] Request (ServersTestJSON:test_create_server_specify_multibyte_character_name): 200 GET http://10.180.1.21/compute/v2.1/servers/fd673125-b2b3-4a7b-a90d-0452b95d5db8 1.033s
2025-03-20 08:19:47.796 67272 INFO tempest.lib.common.rest_client [req-97cc180e-8193-4df0-91b9-ba06be80f625 req-97cc180e-8193-4df0-91b9-ba06be80f625 ] Request (ServersTestMultiNic:setUpClass): 201 POST http://10.180.1.21:9696/networking/v2.0/subnets 0.177s
2025-03-20 08:19:47.839 67288 INFO tempest.lib.common.rest_client [req-e62d7f88-f65e-41d9-be3a-ec3e3da83fed req-e62d7f88-f65e-41d9-be3a-ec3e3da83fed ] Request (SecurityGroupRulesTestJSON:test_security_group_rules_list): 200 GET http://10.180.1.21/compute/v2.1/os-security-groups/571bfe29-9bbd-4668-8c64-17ffb33fb4c7 0.933s
2025-03-20 08:19:48.220 67300 INFO tempest.lib.common.rest_client [req-49a0b702-2393-44e0-87e0-98932b177eda req-49a0b702-2393-44e0-87e0-98932b177eda ] Request (FloatingIPsTestJSON:test_allocate_floating_ip): 200 POST http://10.180.1.21/compute/v2.1/os-floating-ips 2.037s
2025-03-20 08:19:48.235 67314 INFO tempest.lib.common.rest_client [req-e4f860fa-86b0-4947-9cfb-9e44efb037f1 req-e4f860fa-86b0-4947-9cfb-9e44efb037f1 ] Request (FloatingIPsAssociationNegativeTestJSON:setUpClass): 200 GET http://10.180.1.21/compute/v2.1/servers/1bafb1b5-d27b-4ca1-bb9f-09f7ab4a2a93 1.317s
2025-03-20 08:19:48.268 67262 INFO tempest.lib.common.rest_client [req-3da5c782-e8b0-4f8f-b78b-34e8254a7817 req-3da5c782-e8b0-4f8f-b78b-34e8254a7817 ] Request (ServersWithSpecificFlavorTestJSON:test_verify_created_server_ephemeral_disk): 200 GET http://10.180.1.21/compute/v2.1/servers/66fa7689-aea7-4b88-b63c-0754f5e99d51 1.192s
2025-03-20 08:19:48.323 67258 INFO tempest.lib.common.rest_client [req-32beb1ee-11bb-456e-864a-172deeea7c11 req-32beb1ee-11bb-456e-864a-172deeea7c11 ] Request (ImagesNegativeTestJSON:test_create_image_from_deleted_server): 200 GET http://10.180.1.21/compute/v2.1/servers/aa6e2bca-a3e3-4803-8120-bb8f3e6fae2a 1.155s
2025-03-20 08:19:48.341 67292 INFO tempest.lib.common.rest_client [req-8a7599ed-3993-495a-9620-b909fec0ebb7 req-8a7599ed-3993-495a-9620-b909fec0ebb7 ] Request (ImagesTestJSON:test_create_image_from_stopped_server): 200 GET http://10.180.1.21/compute/v2.1/servers/781b688b-ec99-4423-99b2-2502c6e8a75d 1.178s
2025-03-20 08:19:48.383 67316 INFO tempest.lib.common.rest_client [req-5ca5426f-0d8a-4690-9693-5550766659b5 req-5ca5426f-0d8a-4690-9693-5550766659b5 ] Request (ImagesOneServerTestJSON:setUpClass): 200 GET http://10.180.1.21/compute/v2.1/servers/8cd6a13f-fae2-43ea-846e-24f4987cf2ea 1.116s
2025-03-20 08:19:48.471 67286 INFO tempest.lib.common.rest_client [req-1a701394-9bb9-4efa-8834-377233d72439 req-1a701394-9bb9-4efa-8834-377233d72439 ] Request (ServerDiagnosticsTest:test_get_server_diagnostics): 200 GET http://10.180.1.21/compute/v2.1/servers/3eb80b23-a4a3-43e6-9620-86bf1eb344f2 1.148s
2025-03-20 08:19:48.488 67254 INFO tempest.lib.common.rest_client [req-1a1be8cb-e845-4e53-9cae-0af391c00f5e req-1a1be8cb-e845-4e53-9cae-0af391c00f5e ] Request (FlavorsAdminTestJSON:_run_cleanups): 200 GET http://10.180.1.21/compute/v2.1/flavors/detail 1.109s
2025-03-20 08:19:48.546 67278 INFO tempest.lib.common.rest_client [req-92b4513d-55d0-4017-9690-096345fe5331 req-92b4513d-55d0-4017-9690-096345fe5331 ] Request (ServersAdmin275Test:test_rebuild_update_server_275): 200 GET http://10.180.1.21/compute/v2.1/servers/994ad7c4-4a41-49b1-98b8-efd2f2b134e7 1.150s
2025-03-20 08:19:48.582 67254 INFO tempest.lib.common.rest_client [req-a706b831-4cb7-4fcc-a046-fb72ad5ecef0 req-a706b831-4cb7-4fcc-a046-fb72ad5ecef0 ] Request (FlavorsAdminTestJSON:tearDownClass): 204 DELETE http://10.180.1.21/identity/v3/users/ee32e41ceb8740a78750b0c48dd91824 0.089s
2025-03-20 08:19:48.686 67254 INFO tempest.lib.common.rest_client [req-1ff03857-f634-4509-a628-bdd13693cf68 req-1ff03857-f634-4509-a628-bdd13693cf68 ] Request (FlavorsAdminTestJSON:tearDownClass): 204 DELETE http://10.180.1.21/identity/v3/users/8eccba64fd1c4e54a1116b45ab69aa23 0.103s
2025-03-20 08:19:48.686 67254 INFO tempest.lib.common.dynamic_creds [-] Deleting project and security group for project: 2bf2f06a5b5c4ab0bd9b39c9e870d731
2025-03-20 08:19:48.716 67266 INFO tempest.lib.common.rest_client [req-17635333-9b0a-4823-bd4d-25e5c41ccf00 req-17635333-9b0a-4823-bd4d-25e5c41ccf00 ] Request (ServicesAdminTestJSON:test_get_service_by_host_name): 200 GET http://10.180.1.21/compute/v2.1/os-services 1.297s
2025-03-20 08:19:48.747 67272 INFO tempest.lib.common.rest_client [req-3001c3fc-1922-4586-8a17-3e045525d370 req-3001c3fc-1922-4586-8a17-3e045525d370 ] Request (ServersTestMultiNic:setUpClass): 201 POST http://10.180.1.21:9696/networking/v2.0/routers 0.950s
2025-03-20 08:19:48.754 67254 INFO tempest.lib.common.rest_client [req-a53c05ae-fd69-47e1-aaff-5d2a2ff1d2bd req-a53c05ae-fd69-47e1-aaff-5d2a2ff1d2bd ] Request (FlavorsAdminTestJSON:tearDownClass): 201 POST http://10.180.1.21/identity/v3/auth/tokens 0.067s
2025-03-20 08:19:48.781 67284 INFO tempest.lib.common.rest_client [req-0c639812-a7bd-45f4-8624-93b9cb98332d req-0c639812-a7bd-45f4-8624-93b9cb98332d ] Request (ServersTestBootFromVolume:setUpClass): 200 GET http://10.180.1.21/compute/v2.1/servers/1b24ae9d-f8bc-4c11-9b07-b4a4e435e269 1.319s
2025-03-20 08:19:48.825 67280 INFO tempest.lib.common.rest_client [req-74647b6e-2fdf-4dc0-9fcb-ef8e4b2362a8 req-74647b6e-2fdf-4dc0-9fcb-ef8e4b2362a8 ] Request (VolumesAssistedSnapshotsTest:test_volume_assisted_snapshot_create_delete): 202 POST http://10.180.1.21/compute/v2.1/servers 1.498s
2025-03-20 08:19:48.831 67282 INFO tempest.lib.common.rest_client [req-16d891fb-3edb-4438-a9b5-7b65d19650f7 req-16d891fb-3edb-4438-a9b5-7b65d19650f7 ] Request (SecurityGroupsTestJSON:test_list_security_groups_by_server): 200 GET http://10.180.1.21/compute/v2.1/servers/32cb4672-8ebe-472b-b4ff-48bffad679e6 1.298s
2025-03-20 08:19:48.896 67260 INFO tempest.lib.common.rest_client [req-7b26408c-57c3-4f3f-909a-0e827d263ee9 req-7b26408c-57c3-4f3f-909a-0e827d263ee9 ] Request (ServersTestJSON:setUpClass): 200 GET http://10.180.1.21/compute/v2.1/servers/4df734f8-537a-462b-991e-472c15afeb61 1.304s
2025-03-20 08:19:48.956 67268 INFO tempest.lib.common.rest_client [req-90bd89bf-108d-4c76-9c15-0763540799c9 req-90bd89bf-108d-4c76-9c15-0763540799c9 ] Request (InstanceActionsV221TestJSON:test_get_list_deleted_instance_actions): 200 GET http://10.180.1.21/compute/v2.1/servers/ba11c5cc-bd2b-4500-a87e-941e64630c36 1.248s
2025-03-20 08:19:48.965 67274 INFO tempest.lib.common.rest_client [req-dd753fcd-4585-4bdc-bdd2-1294ff1d48b8 req-dd753fcd-4585-4bdc-bdd2-1294ff1d48b8 ] Request (ServerDiagnosticsNegativeTest:test_get_server_diagnostics_by_non_admin): 200 GET http://10.180.1.21/compute/v2.1/servers/860124dd-da7e-4beb-832f-7a9ab9580aed 1.330s
2025-03-20 08:19:49.045 67254 INFO tempest.lib.common.rest_client [req-2313a953-9023-4f79-9b06-ea1fdd4bc827 req-2313a953-9023-4f79-9b06-ea1fdd4bc827 ] Request (FlavorsAdminTestJSON:tearDownClass): 200 GET http://10.180.1.21:9696/networking/v2.0/security-groups?tenant_id=2bf2f06a5b5c4ab0bd9b39c9e870d731&name=default 0.291s
2025-03-20 08:19:49.114 67312 INFO tempest.lib.common.rest_client [req-8b7f7377-e524-4dea-9279-6e2569d64bf9 req-8b7f7377-e524-4dea-9279-6e2569d64bf9 ] Request (DeleteServersAdminTestJSON:test_admin_delete_servers_of_others): 200 GET http://10.180.1.21/compute/v2.1/servers/e0ac77e1-fb77-4b97-bacc-838cc3e16bbc 1.309s
2025-03-20 08:19:49.186 67302 INFO tempest.lib.common.rest_client [req-452a8d77-1f2c-4ee0-8d97-8e48dca5c285 req-452a8d77-1f2c-4ee0-8d97-8e48dca5c285 ] Request (VolumesAdminNegativeTest:test_update_attached_volume_with_nonexistent_volume_in_body): 200 GET http://10.180.1.21/compute/v2.1/servers/76c4c961-0d94-445e-a861-b3880ef96d98 1.293s
2025-03-20 08:19:49.188 67288 INFO tempest.lib.common.rest_client [req-2e75d187-f13f-4be3-a6f3-4716070dba13 req-2e75d187-f13f-4be3-a6f3-4716070dba13 ] Request (SecurityGroupRulesTestJSON:_run_cleanups): 202 DELETE http://10.180.1.21/compute/v2.1/os-security-group-rules/1411eb17-db21-4e51-9357-bca0a855ab2d 1.346s
2025-03-20 08:19:49.198 67254 INFO tempest.lib.common.rest_client [req-5d5c8af3-233e-40e4-8924-7499bcdcf047 req-5d5c8af3-233e-40e4-8924-7499bcdcf047 ] Request (FlavorsAdminTestJSON:tearDownClass): 204 DELETE http://10.180.1.21:9696/networking/v2.0/security-groups/35ed55a2-33e3-41d2-8541-c3b776a56568 0.153s
2025-03-20 08:19:49.253 67296 INFO tempest.lib.common.rest_client [req-54e1ba79-b4aa-405d-a543-d0306c785e05 req-54e1ba79-b4aa-405d-a543-d0306c785e05 ] Request (ServerShowV247Test:test_update_rebuild_list_server): 200 GET http://10.180.1.21/compute/v2.1/servers/a634ad37-b9f9-40a0-b2c1-6cd8612ba274 1.277s
2025-03-20 08:19:49.286 67254 INFO tempest.lib.common.rest_client [req-aa76e227-46ab-456d-9221-5eecd3e59793 req-aa76e227-46ab-456d-9221-5eecd3e59793 ] Request (FlavorsAdminTestJSON:tearDownClass): 204 DELETE http://10.180.1.21/identity/v3/projects/2bf2f06a5b5c4ab0bd9b39c9e870d731 0.087s
2025-03-20 08:19:49.287 67254 INFO tempest.lib.common.dynamic_creds [-] Deleting project and security group for project: d718cf56c3db47bf84062d80a712c9f7
2025-03-20 08:19:49.333 67306 INFO tempest.lib.common.rest_client [req-4efd6715-8bd2-4a40-866d-fdec0e0c159d req-4efd6715-8bd2-4a40-866d-fdec0e0c159d ] Request (ServerDiskConfigTestJSON:test_rebuild_server_with_auto_disk_config): 200 GET http://10.180.1.21/compute/v2.1/servers/85e5e3fd-942a-4a75-98b5-221d37a51dcf 1.264s
2025-03-20 08:19:49.383 67270 INFO tempest.lib.common.rest_client [req-089719a6-2084-4007-95bd-8f56b5ffa891 req-089719a6-2084-4007-95bd-8f56b5ffa891 ] Request (ServersAdminNegativeTestJSON:setUpClass): 200 GET http://10.180.1.21/compute/v2.1/servers/13e28171-8074-4660-91cf-f6d569414fc6 1.368s
2025-03-20 08:19:49.444 67254 INFO tempest.lib.common.rest_client [req-6d41ec5c-fdc8-432b-8b8e-8e20db6f7931 req-6d41ec5c-fdc8-432b-8b8e-8e20db6f7931 ] Request (FlavorsAdminTestJSON:tearDownClass): 200 GET http://10.180.1.21:9696/networking/v2.0/security-groups?tenant_id=d718cf56c3db47bf84062d80a712c9f7&name=default 0.157s
2025-03-20 08:19:49.461 67276 INFO tempest.lib.common.rest_client [req-e8c8aef7-0f85-46aa-b0b5-f071f38ac7c6 req-e8c8aef7-0f85-46aa-b0b5-f071f38ac7c6 ] Request (ServerRescueTestJSONUnderV235:setUpClass): 200 GET http://10.180.1.21/compute/v2.1/servers/a35ac03a-2a8a-4c79-ae3f-5afc1f563964 1.311s
2025-03-20 08:19:49.516 67298 INFO tempest.lib.common.rest_client [req-fd4e4e20-a3f7-4448-99a8-bda2c5ccc482 req-fd4e4e20-a3f7-4448-99a8-bda2c5ccc482 ] Request (MigrationsAdminTest:test_list_migrations_in_flavor_resize_situation): 200 GET http://10.180.1.21/compute/v2.1/servers/98ad3e5c-065d-4561-890c-46d5ca0a8f7f 1.427s
2025-03-20 08:19:49.525 67294 INFO tempest.lib.common.rest_client [req-c065ad2d-62ca-4293-bf41-e8ce78898b3b req-c065ad2d-62ca-4293-bf41-e8ce78898b3b ] Request (ServerActionsTestJSON:setUpClass): 200 GET http://10.180.1.21/compute/v2.1/servers/b10504c5-2770-45e0-bd3a-1fdc342b1397 1.324s
2025-03-20 08:19:49.748 67254 INFO tempest.lib.common.rest_client [req-595188c3-24a8-4d41-90fc-867e28023432 req-595188c3-24a8-4d41-90fc-867e28023432 ] Request (FlavorsAdminTestJSON:tearDownClass): 204 DELETE http://10.180.1.21:9696/networking/v2.0/security-groups/3bb6d823-792e-4964-9295-bbd01c753f68 0.304s
2025-03-20 08:19:49.766 67290 INFO tempest.lib.common.rest_client [req-b6bfab9c-dbd5-41cb-8fb2-7d3fba618c34 req-b6bfab9c-dbd5-41cb-8fb2-7d3fba618c34 ] Request (ServerExternalEventsTest:test_create_server_external_events): 200 GET http://10.180.1.21/compute/v2.1/servers/0734f630-dea5-4ee0-b890-dd50f3e8b178 1.400s
2025-03-20 08:19:49.769 67300 INFO tempest.lib.common.rest_client [req-f8e63b35-225d-4339-8664-408e2bc0730f req-f8e63b35-225d-4339-8664-408e2bc0730f ] Request (FloatingIPsTestJSON:test_allocate_floating_ip): 200 GET http://10.180.1.21/compute/v2.1/os-floating-ips/8ecf6a78-5572-42eb-b758-e7f485afcd70 1.546s
2025-03-20 08:19:49.856 67304 INFO tempest.lib.common.rest_client [req-78d902ee-c1e7-43e8-b4f1-45b7693b04eb req-78d902ee-c1e7-43e8-b4f1-45b7693b04eb ] Request (FloatingIPsAssociationTestJSON:setUpClass): 200 GET http://10.180.1.21/compute/v2.1/servers/29c344b0-2ec3-44e6-8d33-fd988c26da7c 1.404s
2025-03-20 08:19:49.878 67254 INFO tempest.lib.common.rest_client [req-3744cb0a-5800-4710-b16b-c43f9c82171c req-3744cb0a-5800-4710-b16b-c43f9c82171c ] Request (FlavorsAdminTestJSON:tearDownClass): 204 DELETE http://10.180.1.21/identity/v3/projects/d718cf56c3db47bf84062d80a712c9f7 0.129s
2025-03-20 08:19:49.883 67266 INFO tempest.lib.common.rest_client [req-2d8f4f29-aeaa-4676-a8ed-28c2857f88b7 req-2d8f4f29-aeaa-4676-a8ed-28c2857f88b7 ] Request (ServicesAdminTestJSON:test_get_service_by_host_name): 200 GET http://10.180.1.21/compute/v2.1/os-services?host=devstack 1.164s
2025-03-20 08:19:49.927 67308 INFO tempest.lib.common.rest_client [req-8662f9f1-9561-453f-8a1d-8f8cca287f10 req-8662f9f1-9561-453f-8a1d-8f8cca287f10 ] Request (TenantUsagesTestJSON:setUpClass): 200 GET http://10.180.1.21/compute/v2.1/servers/bf738778-771f-4a1a-b83e-d786c67dafc0 1.264s
2025-03-20 08:19:49.939 67256 INFO tempest.lib.common.rest_client [req-d12aa4e7-9662-417b-97f2-bb9d43bd8c47 req-d12aa4e7-9662-417b-97f2-bb9d43bd8c47 ] Request (AttachInterfacesTestJSON:test_create_list_show_delete_interfaces_by_fixed_ip): 200 GET http://10.180.1.21/compute/v2.1/servers/bcef5f6b-c7b9-413c-b198-b858444a12da 1.205s
2025-03-20 08:19:49.953 67254 INFO tempest.lib.common.rest_client [req-fe91a8d8-3eed-47cf-89cc-bc4d68d433f7 req-fe91a8d8-3eed-47cf-89cc-bc4d68d433f7 ] Request (FlavorsV261TestJSON:setUpClass): 201 POST http://10.180.1.21/identity/v3/auth/tokens 0.073s
2025-03-20 08:19:49.974 67311 INFO tempest.lib.common.rest_client [req-bf05d84c-d6e9-4fc2-aab3-8495a409900c req-bf05d84c-d6e9-4fc2-aab3-8495a409900c ] Request (ServersTestJSON:test_create_server_specify_multibyte_character_name): 200 GET http://10.180.1.21/compute/v2.1/servers/fd673125-b2b3-4a7b-a90d-0452b95d5db8 1.175s
2025-03-20 08:19:49.987 67254 INFO tempest.lib.common.rest_client [req-e8b28872-bc7c-49dc-a7a0-99059ec8104e req-e8b28872-bc7c-49dc-a7a0-99059ec8104e ] Request (FlavorsV261TestJSON:setUpClass): 201 POST http://10.180.1.21/identity/v3/auth/tokens 0.031s
2025-03-20 08:19:49.989 67280 INFO tempest.lib.common.rest_client [req-70b0a606-9eb1-48d8-a00a-2e34196eb7b0 req-70b0a606-9eb1-48d8-a00a-2e34196eb7b0 ] Request (VolumesAssistedSnapshotsTest:test_volume_assisted_snapshot_create_delete): 200 GET http://10.180.1.21/compute/v2.1/servers/5c77964f-e902-489a-86c3-9c9d4dd304d3 1.161s
2025-03-20 08:19:50.001 67272 INFO tempest.lib.common.rest_client [req-cc9c8636-5d4f-4e71-8f73-76c091d60b7a req-cc9c8636-5d4f-4e71-8f73-76c091d60b7a ] Request (ServersTestMultiNic:setUpClass): 200 PUT http://10.180.1.21:9696/networking/v2.0/routers/e1832958-ec33-4f2e-a7a7-b0cf90fc2c0b/add_router_interface 1.253s
2025-03-20 08:19:50.001 67272 INFO tempest.lib.common.dynamic_creds [-] Created isolated network resources for: credentials: Credentials: {'domain_id': 'default', 'domain_name': 'Default', 'username': 'tempest-ServersTestMultiNic-1356030888-project-member', 'project_domain_id': 'default', 'project_domain_name': 'Default', 'project_id': 'eb9333941f8d414a8bd4e7835949c777', 'project_name': 'tempest-ServersTestMultiNic-1356030888', 'tenant_id': 'eb9333941f8d414a8bd4e7835949c777', 'tenant_name': 'tempest-ServersTestMultiNic-1356030888', 'user_domain_id': 'default', 'user_domain_name': 'Default', 'user_id': 'b33efb5248ca4e0891f37c5278218adb', 'system': None}, Network: {'id': 'd54d5be0-ca27-4c43-830b-8773c25c46b5', 'name': 'tempest-ServersTestMultiNic-1646914030-network', 'tenant_id': 'eb9333941f8d414a8bd4e7835949c777', 'admin_state_up': True, 'mtu': 8950, 'status': 'ACTIVE', 'subnets': [], 'shared': False, 'project_id': 'eb9333941f8d414a8bd4e7835949c777', 'port_security_enabled': True, 'router:external': False, 'provider:network_type': 'vlan', 'provider:physical_network': 'default', 'provider:segmentation_id': 428, 'is_default': False, 'availability_zone_hints': [], 'availability_zones': [], 'ipv4_address_scope': None, 'ipv6_address_scope': None, 'description': '', 'tags': [], 'created_at': '2025-03-20T08:19:47Z', 'updated_at': '2025-03-20T08:19:47Z', 'revision_number': 1}, Subnet: {'id': 'ed72ae09-cde6-4616-b44b-3dc48fe212f4', 'name': 'tempest-ServersTestMultiNic-1646914030-subnet', 'tenant_id': 'eb9333941f8d414a8bd4e7835949c777', 'network_id': 'd54d5be0-ca27-4c43-830b-8773c25c46b5', 'ip_version': 4, 'subnetpool_id': None, 'enable_dhcp': True, 'ipv6_ra_mode': None, 'ipv6_address_mode': None, 'gateway_ip': '192.168.128.1', 'cidr': '192.168.128.0/28', 'allocation_pools': [{'start': '192.168.128.2', 'end': '192.168.128.14'}], 'host_routes': [], 'dns_nameservers': [], 'description': '', 'service_types': [], 'tags': [], 'created_at': '2025-03-20T08:19:47Z', 'updated_at': '2025-03-20T08:19:47Z', 'revision_number': 0, 'project_id': 'eb9333941f8d414a8bd4e7835949c777'}, Router: {'id': 'e1832958-ec33-4f2e-a7a7-b0cf90fc2c0b', 'name': 'tempest-ServersTestMultiNic-1646914030-router', 'tenant_id': 'eb9333941f8d414a8bd4e7835949c777', 'admin_state_up': True, 'status': 'ACTIVE', 'external_gateway_info': {'network_id': '817481c9-2668-4b1f-94b1-f22c62779598', 'external_fixed_ips': [{'subnet_id': 'd6503242-cd26-4cdd-a39c-5aa5c0ee0b10', 'ip_address': '10.180.180.243'}], 'enable_snat': True}, 'description': '', 'availability_zones': [], 'distributed': False, 'ha': False, 'availability_zone_hints': [], 'routes': [], 'flavor_id': None, 'tags': [], 'created_at': '2025-03-20T08:19:47Z', 'updated_at': '2025-03-20T08:19:48Z', 'revision_number': 2, 'project_id': 'eb9333941f8d414a8bd4e7835949c777'}
2025-03-20 08:19:50.011 67254 INFO tempest.lib.common.rest_client [req-a6d9e64c-09da-4b74-bc96-1e2ee2c22936 req-a6d9e64c-09da-4b74-bc96-1e2ee2c22936 ] Request (FlavorsV261TestJSON:setUpClass): 200 GET http://10.180.1.21/identity/v3/domains?name=Default 0.024s
2025-03-20 08:19:50.044 67254 INFO tempest.lib.common.rest_client [req-f7492712-d821-4f93-bec8-8104946bcb51 req-f7492712-d821-4f93-bec8-8104946bcb51 ] Request (FlavorsV261TestJSON:setUpClass): 201 POST http://10.180.1.21/identity/v3/projects 0.032s
2025-03-20 08:19:50.089 67272 INFO tempest.lib.common.rest_client [req-d3f595f7-6f8f-4e72-b905-ef04186d5275 req-d3f595f7-6f8f-4e72-b905-ef04186d5275 ] Request (ServersTestMultiNic:setUpClass): 201 POST http://10.180.1.21/identity/v3/auth/tokens 0.084s
2025-03-20 08:19:50.112 67254 INFO tempest.lib.common.rest_client [req-d616fcab-532e-458a-b2fa-7e969f2344ce req-d616fcab-532e-458a-b2fa-7e969f2344ce ] Request (FlavorsV261TestJSON:setUpClass): 201 POST http://10.180.1.21/identity/v3/users 0.068s
2025-03-20 08:19:50.129 67314 INFO tempest.lib.common.rest_client [req-67e50ceb-5232-4f1a-9887-a5ca745cb6ed req-67e50ceb-5232-4f1a-9887-a5ca745cb6ed ] Request (FloatingIPsAssociationNegativeTestJSON:setUpClass): 200 GET http://10.180.1.21/compute/v2.1/servers/1bafb1b5-d27b-4ca1-bb9f-09f7ab4a2a93 0.886s
2025-03-20 08:19:50.129 67288 INFO tempest.lib.common.rest_client [req-a6639bac-1500-45a4-9bce-58c59cd1e248 req-a6639bac-1500-45a4-9bce-58c59cd1e248 ] Request (SecurityGroupRulesTestJSON:tearDownClass): 202 DELETE http://10.180.1.21/compute/v2.1/os-security-groups/571bfe29-9bbd-4668-8c64-17ffb33fb4c7 0.940s
2025-03-20 08:19:50.131 67254 INFO tempest.lib.common.rest_client [req-c8df6735-6138-4c87-8b8d-2c9f2334db6b req-c8df6735-6138-4c87-8b8d-2c9f2334db6b ] Request (FlavorsV261TestJSON:setUpClass): 200 GET http://10.180.1.21/identity/v3/roles 0.019s
2025-03-20 08:19:50.161 67254 INFO tempest.lib.common.rest_client [req-ec8c9ede-016a-44f4-a124-77f4e88c1be7 req-ec8c9ede-016a-44f4-a124-77f4e88c1be7 ] Request (FlavorsV261TestJSON:setUpClass): 204 PUT http://10.180.1.21/identity/v3/projects/686cc6780c12457aa102252e3525ec25/users/c79f42ff07b5466aa0ff94ef09557a16/roles/e5e416067c864f7ba114adf2729d88f4 0.029s
2025-03-20 08:19:50.161 67254 INFO tempest.lib.common.dynamic_creds [-] Dynamic test user c79f42ff07b5466aa0ff94ef09557a16 is created with scope project and roles: ['member']
2025-03-20 08:19:50.162 67254 INFO tempest.lib.common.dynamic_creds [-] Acquired dynamic creds: credentials: Credentials: {'domain_id': 'default', 'domain_name': 'Default', 'username': 'tempest-FlavorsV261TestJSON-994760301-project-member', 'project_domain_id': 'default', 'project_domain_name': 'Default', 'project_id': '686cc6780c12457aa102252e3525ec25', 'project_name': 'tempest-FlavorsV261TestJSON-994760301', 'tenant_id': '686cc6780c12457aa102252e3525ec25', 'tenant_name': 'tempest-FlavorsV261TestJSON-994760301', 'user_domain_id': 'default', 'user_domain_name': 'Default', 'user_id': 'c79f42ff07b5466aa0ff94ef09557a16', 'system': None}, Network: None, Subnet: None, Router: None
2025-03-20 08:19:50.162 67254 INFO tempest.lib.common.dynamic_creds [-] Created isolated network resources for: credentials: Credentials: {'domain_id': 'default', 'domain_name': 'Default', 'username': 'tempest-FlavorsV261TestJSON-994760301-project-member', 'project_domain_id': 'default', 'project_domain_name': 'Default', 'project_id': '686cc6780c12457aa102252e3525ec25', 'project_name': 'tempest-FlavorsV261TestJSON-994760301', 'tenant_id': '686cc6780c12457aa102252e3525ec25', 'tenant_name': 'tempest-FlavorsV261TestJSON-994760301', 'user_domain_id': 'default', 'user_domain_name': 'Default', 'user_id': 'c79f42ff07b5466aa0ff94ef09557a16', 'system': None}, Network: None, Subnet: None, Router: None
2025-03-20 08:19:50.184 67262 INFO tempest.lib.common.rest_client [req-c3ac82e6-c20c-4702-8edd-be5700cb4e37 req-c3ac82e6-c20c-4702-8edd-be5700cb4e37 ] Request (ServersWithSpecificFlavorTestJSON:test_verify_created_server_ephemeral_disk): 200 GET http://10.180.1.21/compute/v2.1/servers/66fa7689-aea7-4b88-b63c-0754f5e99d51 0.907s
2025-03-20 08:19:50.200 67258 INFO tempest.lib.common.rest_client [req-2873d8a3-90d2-44b0-8799-e81f340c6cbf req-2873d8a3-90d2-44b0-8799-e81f340c6cbf ] Request (ImagesNegativeTestJSON:test_create_image_from_deleted_server): 200 GET http://10.180.1.21/compute/v2.1/servers/aa6e2bca-a3e3-4803-8120-bb8f3e6fae2a 0.864s
2025-03-20 08:19:50.239 67254 INFO tempest.lib.common.rest_client [req-5d96bc50-159f-4e60-9918-af370efe667c req-5d96bc50-159f-4e60-9918-af370efe667c ] Request (FlavorsV261TestJSON:setUpClass): 201 POST http://10.180.1.21/identity/v3/auth/tokens 0.070s
2025-03-20 08:19:50.261 67316 INFO tempest.lib.common.rest_client [req-7b66fac3-89ee-4f5c-bf64-da4d67acefff req-7b66fac3-89ee-4f5c-bf64-da4d67acefff ] Request (ImagesOneServerTestJSON:setUpClass): 200 GET http://10.180.1.21/compute/v2.1/servers/8cd6a13f-fae2-43ea-846e-24f4987cf2ea 0.868s
2025-03-20 08:19:50.297 67254 INFO tempest.lib.common.rest_client [req-2a216a83-8ab4-4456-88ef-076348b3f047 req-2a216a83-8ab4-4456-88ef-076348b3f047 ] Request (FlavorsV261TestJSON:setUpClass): 201 POST http://10.180.1.21/identity/v3/projects 0.057s
2025-03-20 08:19:50.362 67254 INFO tempest.lib.common.rest_client [req-afb3992a-e38e-4131-8947-d4996b81c153 req-afb3992a-e38e-4131-8947-d4996b81c153 ] Request (FlavorsV261TestJSON:setUpClass): 201 POST http://10.180.1.21/identity/v3/users 0.065s
2025-03-20 08:19:50.379 67254 INFO tempest.lib.common.rest_client [req-f91e3419-cbb8-47cf-9b0a-4fe019e34b57 req-f91e3419-cbb8-47cf-9b0a-4fe019e34b57 ] Request (FlavorsV261TestJSON:setUpClass): 200 GET http://10.180.1.21/identity/v3/roles 0.016s
2025-03-20 08:19:50.411 67254 INFO tempest.lib.common.rest_client [req-88926727-b415-4795-b8ef-d29f3b3f9a0b req-88926727-b415-4795-b8ef-d29f3b3f9a0b ] Request (FlavorsV261TestJSON:setUpClass): 204 PUT http://10.180.1.21/identity/v3/projects/d9c9d5b88fd34fd58205e3e870159b6d/users/53e978c877924985acc229dad2e4ef5d/roles/ab2fdb23b4864f16995da18551a1d21e 0.031s
2025-03-20 08:19:50.453 67286 INFO tempest.lib.common.rest_client [req-3dbbf5b9-ac94-4268-abbb-633d4e6213c0 req-3dbbf5b9-ac94-4268-abbb-633d4e6213c0 ] Request (ServerDiagnosticsTest:test_get_server_diagnostics): 200 GET http://10.180.1.21/compute/v2.1/servers/3eb80b23-a4a3-43e6-9620-86bf1eb344f2 0.968s
2025-03-20 08:19:50.457 67254 INFO tempest.lib.common.rest_client [req-f636d173-5a15-4c0f-81f9-a58b22b1eb26 req-f636d173-5a15-4c0f-81f9-a58b22b1eb26 ] Request (FlavorsV261TestJSON:setUpClass): 200 GET http://10.180.1.21/identity/v3/roles 0.046s
2025-03-20 08:19:50.477 67292 INFO tempest.lib.common.rest_client [req-63f82519-8654-44cd-9563-4a2da0598b13 req-63f82519-8654-44cd-9563-4a2da0598b13 ] Request (ImagesTestJSON:test_create_image_from_stopped_server): 200 GET http://10.180.1.21/compute/v2.1/servers/781b688b-ec99-4423-99b2-2502c6e8a75d 1.125s
2025-03-20 08:19:50.481 67254 INFO tempest.lib.common.rest_client [req-0826cca3-a0a0-41e0-8fbf-188e8d9834b7 req-0826cca3-a0a0-41e0-8fbf-188e8d9834b7 ] Request (FlavorsV261TestJSON:setUpClass): 204 PUT http://10.180.1.21/identity/v3/projects/d9c9d5b88fd34fd58205e3e870159b6d/users/53e978c877924985acc229dad2e4ef5d/roles/ab2fdb23b4864f16995da18551a1d21e 0.023s
2025-03-20 08:19:50.481 67254 INFO tempest.lib.common.dynamic_creds [-] Dynamic test user 53e978c877924985acc229dad2e4ef5d is created with scope project and roles: ['admin']
2025-03-20 08:19:50.481 67254 INFO tempest.lib.common.dynamic_creds [-] Acquired dynamic creds: credentials: Credentials: {'domain_id': 'default', 'domain_name': 'Default', 'username': 'tempest-FlavorsV261TestJSON-1962315105-project-admin', 'project_domain_id': 'default', 'project_domain_name': 'Default', 'project_id': 'd9c9d5b88fd34fd58205e3e870159b6d', 'project_name': 'tempest-FlavorsV261TestJSON-1962315105', 'tenant_id': 'd9c9d5b88fd34fd58205e3e870159b6d', 'tenant_name': 'tempest-FlavorsV261TestJSON-1962315105', 'user_domain_id': 'default', 'user_domain_name': 'Default', 'user_id': '53e978c877924985acc229dad2e4ef5d', 'system': None}, Network: None, Subnet: None, Router: None
2025-03-20 08:19:50.482 67254 INFO tempest.lib.common.dynamic_creds [-] Created isolated network resources for: credentials: Credentials: {'domain_id': 'default', 'domain_name': 'Default', 'username': 'tempest-FlavorsV261TestJSON-1962315105-project-admin', 'project_domain_id': 'default', 'project_domain_name': 'Default', 'project_id': 'd9c9d5b88fd34fd58205e3e870159b6d', 'project_name': 'tempest-FlavorsV261TestJSON-1962315105', 'tenant_id': 'd9c9d5b88fd34fd58205e3e870159b6d', 'tenant_name': 'tempest-FlavorsV261TestJSON-1962315105', 'user_domain_id': 'default', 'user_domain_name': 'Default', 'user_id': '53e978c877924985acc229dad2e4ef5d', 'system': None}, Network: None, Subnet: None, Router: None
2025-03-20 08:19:50.515 67272 INFO tempest.lib.common.rest_client [req-e516b585-e697-4697-909a-5d514a9a37fe req-e516b585-e697-4697-909a-5d514a9a37fe ] Request (ServersTestMultiNic:test_verify_duplicate_network_nics): 201 POST http://10.180.1.21:9696/networking/v2.0/networks 0.425s
2025-03-20 08:19:50.564 67278 INFO tempest.lib.common.rest_client [req-648d0357-d91c-4709-ab9e-c14bde2fc221 req-648d0357-d91c-4709-ab9e-c14bde2fc221 ] Request (ServersAdmin275Test:test_rebuild_update_server_275): 200 GET http://10.180.1.21/compute/v2.1/servers/994ad7c4-4a41-49b1-98b8-efd2f2b134e7 1.006s
2025-03-20 08:19:50.574 67254 INFO tempest.lib.common.rest_client [req-7240a620-8412-49c2-a67b-b054bad48d3e req-7240a620-8412-49c2-a67b-b054bad48d3e ] Request (FlavorsV261TestJSON:setUpClass): 201 POST http://10.180.1.21/identity/v3/auth/tokens 0.089s
2025-03-20 08:19:50.620 67284 INFO tempest.lib.common.rest_client [req-3a114aac-27ec-4af1-88d9-37f4672f5382 req-3a114aac-27ec-4af1-88d9-37f4672f5382 ] Request (ServersTestBootFromVolume:setUpClass): 200 GET http://10.180.1.21/compute/v2.1/servers/1b24ae9d-f8bc-4c11-9b07-b4a4e435e269 0.832s
2025-03-20 08:19:50.640 67300 INFO tempest.lib.common.rest_client [req-e63e2d28-9dc0-43b5-a299-322d2df8a24e req-e63e2d28-9dc0-43b5-a299-322d2df8a24e ] Request (FloatingIPsTestJSON:test_allocate_floating_ip): 200 GET http://10.180.1.21/compute/v2.1/os-floating-ips 0.869s
2025-03-20 08:19:50.660 67266 INFO tempest.lib.common.rest_client [req-040018d3-edd8-41e3-80eb-94349fcd480e req-040018d3-edd8-41e3-80eb-94349fcd480e ] Request (ServicesAdminTestJSON:test_get_service_by_service_binary_name): 200 GET http://10.180.1.21/compute/v2.1/os-services?binary=nova-compute 0.773s
2025-03-20 08:19:50.666 67282 INFO tempest.lib.common.rest_client [req-b51f5d00-d984-48f4-874d-207ab63fede3 req-b51f5d00-d984-48f4-874d-207ab63fede3 ] Request (SecurityGroupsTestJSON:test_list_security_groups_by_server): 200 GET http://10.180.1.21/compute/v2.1/servers/32cb4672-8ebe-472b-b4ff-48bffad679e6 0.822s
2025-03-20 08:19:50.713 67260 INFO tempest.lib.common.rest_client [req-f3528d71-890e-4c00-b060-ff2826dffd24 req-f3528d71-890e-4c00-b060-ff2826dffd24 ] Request (ServersTestJSON:setUpClass): 200 GET http://10.180.1.21/compute/v2.1/servers/4df734f8-537a-462b-991e-472c15afeb61 0.809s
2025-03-20 08:19:50.729 67268 INFO tempest.lib.common.rest_client [req-3d672a9f-a1a3-4210-a1be-482b545492b9 req-3d672a9f-a1a3-4210-a1be-482b545492b9 ] Request (InstanceActionsV221TestJSON:test_get_list_deleted_instance_actions): 200 GET http://10.180.1.21/compute/v2.1/servers/ba11c5cc-bd2b-4500-a87e-941e64630c36 0.765s
2025-03-20 08:19:50.786 67272 INFO tempest.lib.common.rest_client [req-0a7ff661-eb70-4809-b83b-6a19359abb13 req-0a7ff661-eb70-4809-b83b-6a19359abb13 ] Request (ServersTestMultiNic:test_verify_duplicate_network_nics): 201 POST http://10.180.1.21:9696/networking/v2.0/subnets 0.270s
2025-03-20 08:19:50.863 67312 INFO tempest.lib.common.rest_client [req-4567b012-55e9-4b8f-b6d5-92260c261bb2 req-4567b012-55e9-4b8f-b6d5-92260c261bb2 ] Request (DeleteServersAdminTestJSON:test_admin_delete_servers_of_others): 200 GET http://10.180.1.21/compute/v2.1/servers/e0ac77e1-fb77-4b97-bacc-838cc3e16bbc 0.740s
2025-03-20 08:19:50.864 67274 INFO tempest.lib.common.rest_client [req-0d92a0fd-7905-449d-9722-573035d82e80 req-0d92a0fd-7905-449d-9722-573035d82e80 ] Request (ServerDiagnosticsNegativeTest:test_get_server_diagnostics_by_non_admin): 200 GET http://10.180.1.21/compute/v2.1/servers/860124dd-da7e-4beb-832f-7a9ab9580aed 0.889s
2025-03-20 08:19:50.881 67288 INFO tempest.lib.common.rest_client [req-1886b684-1a01-45b7-9e10-4c5891860eff req-1886b684-1a01-45b7-9e10-4c5891860eff ] Request (SecurityGroupRulesTestJSON:tearDownClass): 404 DELETE http://10.180.1.21/compute/v2.1/os-security-groups/e294c899-ca07-4440-b946-259217c2c744 0.751s
2025-03-20 08:19:50.897 67272 INFO tempest.lib.common.rest_client [req-5fca5ba1-38d3-4ff7-b879-1923b17348bb req-5fca5ba1-38d3-4ff7-b879-1923b17348bb ] Request (ServersTestMultiNic:test_verify_duplicate_network_nics): 201 POST http://10.180.1.21:9696/networking/v2.0/networks 0.109s
2025-03-20 08:19:51.131 67302 INFO tempest.lib.common.rest_client [req-fb6ea214-4028-48fa-bc35-1a7f58469cb9 req-fb6ea214-4028-48fa-bc35-1a7f58469cb9 ] Request (VolumesAdminNegativeTest:test_update_attached_volume_with_nonexistent_volume_in_body): 200 GET http://10.180.1.21/compute/v2.1/servers/76c4c961-0d94-445e-a861-b3880ef96d98 0.938s
2025-03-20 08:19:51.135 67296 INFO tempest.lib.common.rest_client [req-1aa5d779-58f2-4cdc-a2d1-767304a12524 req-1aa5d779-58f2-4cdc-a2d1-767304a12524 ] Request (ServerShowV247Test:test_update_rebuild_list_server): 200 GET http://10.180.1.21/compute/v2.1/servers/a634ad37-b9f9-40a0-b2c1-6cd8612ba274 0.871s
2025-03-20 08:19:51.206 67306 INFO tempest.lib.common.rest_client [req-76ca62d6-ac56-42f4-b9ba-8ada0cd4cf1b req-76ca62d6-ac56-42f4-b9ba-8ada0cd4cf1b ] Request (ServerDiskConfigTestJSON:test_rebuild_server_with_auto_disk_config): 200 GET http://10.180.1.21/compute/v2.1/servers/85e5e3fd-942a-4a75-98b5-221d37a51dcf 0.866s
2025-03-20 08:19:51.270 67276 INFO tempest.lib.common.rest_client [req-b27ea125-1b39-4025-8ee1-6e90df88fd1e req-b27ea125-1b39-4025-8ee1-6e90df88fd1e ] Request (ServerRescueTestJSONUnderV235:setUpClass): 200 GET http://10.180.1.21/compute/v2.1/servers/a35ac03a-2a8a-4c79-ae3f-5afc1f563964 0.801s
2025-03-20 08:19:51.318 67270 INFO tempest.lib.common.rest_client [req-dcaed576-cc9e-410b-bbed-9fe6caaa38e7 req-dcaed576-cc9e-410b-bbed-9fe6caaa38e7 ] Request (ServersAdminNegativeTestJSON:setUpClass): 200 GET http://10.180.1.21/compute/v2.1/servers/13e28171-8074-4660-91cf-f6d569414fc6 0.922s
2025-03-20 08:19:51.379 67294 INFO tempest.lib.common.rest_client [req-fc54f7cb-2485-4825-bc13-86ef7b3604c2 req-fc54f7cb-2485-4825-bc13-86ef7b3604c2 ] Request (ServerActionsTestJSON:setUpClass): 200 GET http://10.180.1.21/compute/v2.1/servers/b10504c5-2770-45e0-bd3a-1fdc342b1397 0.847s
2025-03-20 08:19:51.435 67298 INFO tempest.lib.common.rest_client [req-fb0b93c4-0ec5-4714-8b5e-93183ca6ad9d req-fb0b93c4-0ec5-4714-8b5e-93183ca6ad9d ] Request (MigrationsAdminTest:test_list_migrations_in_flavor_resize_situation): 200 GET http://10.180.1.21/compute/v2.1/servers/98ad3e5c-065d-4561-890c-46d5ca0a8f7f 0.910s
2025-03-20 08:19:51.467 67254 INFO tempest.lib.common.rest_client [req-771bd054-995c-4038-90ae-5dcdb72ff79c req-771bd054-995c-4038-90ae-5dcdb72ff79c ] Request (FlavorsV261TestJSON:test_crud_flavor): 200 POST http://10.180.1.21/compute/v2.1/flavors 0.892s
2025-03-20 08:19:51.493 67266 INFO tempest.lib.common.rest_client [req-a328509b-98aa-4c0b-83a6-c3c0f231e5c3 req-a328509b-98aa-4c0b-83a6-c3c0f231e5c3 ] Request (ServicesAdminTestJSON:test_list_services): 200 GET http://10.180.1.21/compute/v2.1/os-services 0.830s
2025-03-20 08:19:51.520 67272 INFO tempest.lib.common.rest_client [req-218e85a9-e442-439c-a2a5-35fe90e043ac req-218e85a9-e442-439c-a2a5-35fe90e043ac ] Request (ServersTestMultiNic:test_verify_duplicate_network_nics): 201 POST http://10.180.1.21:9696/networking/v2.0/subnets 0.622s
2025-03-20 08:19:51.594 67272 INFO tempest.lib.common.rest_client [req-c611eae6-5ee6-42b2-b15d-62da09f049e1 req-c611eae6-5ee6-42b2-b15d-62da09f049e1 ] Request (ServersTestMultiNic:test_verify_duplicate_network_nics): 201 POST http://10.180.1.21/identity/v3/auth/tokens 0.070s
2025-03-20 08:19:51.595 67272 INFO tempest.lib.common.fixed_network [-] (ServersTestMultiNic:test_verify_duplicate_network_nics) Found network {'id': 'd54d5be0-ca27-4c43-830b-8773c25c46b5', 'name': 'tempest-ServersTestMultiNic-1646914030-network', 'tenant_id': 'eb9333941f8d414a8bd4e7835949c777', 'admin_state_up': True, 'mtu': 8950, 'status': 'ACTIVE', 'subnets': [], 'shared': False, 'project_id': 'eb9333941f8d414a8bd4e7835949c777', 'port_security_enabled': True, 'router:external': False, 'provider:network_type': 'vlan', 'provider:physical_network': 'default', 'provider:segmentation_id': 428, 'is_default': False, 'availability_zone_hints': [], 'availability_zones': [], 'ipv4_address_scope': None, 'ipv6_address_scope': None, 'description': '', 'tags': [], 'created_at': '2025-03-20T08:19:47Z', 'updated_at': '2025-03-20T08:19:47Z', 'revision_number': 1} available for tenant
2025-03-20 08:19:51.615 67266 INFO tempest.lib.common.rest_client [req-de2ca962-e892-4b3f-b5f1-0d4a91c0cf2f req-de2ca962-e892-4b3f-b5f1-0d4a91c0cf2f ] Request (ServicesAdminTestJSON:tearDownClass): 204 DELETE http://10.180.1.21/identity/v3/users/76f23b10b9b1417a8558766c75b11c55 0.118s
2025-03-20 08:19:51.656 67290 INFO tempest.lib.common.rest_client [req-fad108af-1d06-4720-b0dd-1ac33d6ba52f req-fad108af-1d06-4720-b0dd-1ac33d6ba52f ] Request (ServerExternalEventsTest:test_create_server_external_events): 200 GET http://10.180.1.21/compute/v2.1/servers/0734f630-dea5-4ee0-b890-dd50f3e8b178 0.881s
2025-03-20 08:19:51.733 67266 INFO tempest.lib.common.rest_client [req-949495ca-b6a6-49f0-bd98-2295082bcd9a req-949495ca-b6a6-49f0-bd98-2295082bcd9a ] Request (ServicesAdminTestJSON:tearDownClass): 204 DELETE http://10.180.1.21/identity/v3/users/c5380b167d11454096e13be108b81865 0.117s
2025-03-20 08:19:51.734 67266 INFO tempest.lib.common.dynamic_creds [-] Deleting project and security group for project: 51eb0b82d5c443b5885bd521015d72f8
2025-03-20 08:19:51.745 67304 INFO tempest.lib.common.rest_client [req-2f197439-007c-40d7-a1a1-2699847684f0 req-2f197439-007c-40d7-a1a1-2699847684f0 ] Request (FloatingIPsAssociationTestJSON:setUpClass): 200 GET http://10.180.1.21/compute/v2.1/servers/29c344b0-2ec3-44e6-8d33-fd988c26da7c 0.877s
2025-03-20 08:19:51.810 67266 INFO tempest.lib.common.rest_client [req-ab7e7dc3-38b1-4b54-81b6-92f3957e042f req-ab7e7dc3-38b1-4b54-81b6-92f3957e042f ] Request (ServicesAdminTestJSON:tearDownClass): 201 POST http://10.180.1.21/identity/v3/auth/tokens 0.076s
2025-03-20 08:19:51.936 67288 INFO tempest.lib.common.rest_client [req-e29b39ed-be49-4950-9363-830a4a8c595b req-e29b39ed-be49-4950-9363-830a4a8c595b ] Request (SecurityGroupRulesTestJSON:tearDownClass): 202 DELETE http://10.180.1.21/compute/v2.1/os-security-groups/b328a90a-bfa1-4c6a-8406-64188df2b45e 1.055s
2025-03-20 08:19:51.981 67266 INFO tempest.lib.common.rest_client [req-61d547fc-4a60-474a-80b7-76ef2766fad8 req-61d547fc-4a60-474a-80b7-76ef2766fad8 ] Request (ServicesAdminTestJSON:tearDownClass): 200 GET http://10.180.1.21:9696/networking/v2.0/security-groups?tenant_id=51eb0b82d5c443b5885bd521015d72f8&name=default 0.171s
2025-03-20 08:19:52.029 67300 INFO tempest.lib.common.rest_client [req-08171ba0-36c9-4688-ad9c-d2a455273159 req-08171ba0-36c9-4688-ad9c-d2a455273159 ] Request (FloatingIPsTestJSON:_run_cleanups): 202 DELETE http://10.180.1.21/compute/v2.1/os-floating-ips/8ecf6a78-5572-42eb-b758-e7f485afcd70 1.386s
2025-03-20 08:19:52.080 67266 INFO tempest.lib.common.rest_client [req-9e91ecfd-6380-4ef8-b491-b264d9880e76 req-9e91ecfd-6380-4ef8-b491-b264d9880e76 ] Request (ServicesAdminTestJSON:tearDownClass): 204 DELETE http://10.180.1.21:9696/networking/v2.0/security-groups/0f229f5d-0c71-4fcf-9f8d-d39bf899adf2 0.099s
2025-03-20 08:19:52.099 67256 INFO tempest.lib.common.rest_client [req-1dbffecf-2cc6-4bb6-af55-5c1025c84bef req-1dbffecf-2cc6-4bb6-af55-5c1025c84bef ] Request (AttachInterfacesTestJSON:test_create_list_show_delete_interfaces_by_fixed_ip): 200 GET http://10.180.1.21/compute/v2.1/servers/bcef5f6b-c7b9-413c-b198-b858444a12da 1.152s
2025-03-20 08:19:52.103 67308 INFO tempest.lib.common.rest_client [req-39c95680-7698-4f0b-a156-2e535716e096 req-39c95680-7698-4f0b-a156-2e535716e096 ] Request (TenantUsagesTestJSON:setUpClass): 200 GET http://10.180.1.21/compute/v2.1/servers/bf738778-771f-4a1a-b83e-d786c67dafc0 1.166s
2025-03-20 08:19:52.153 67311 INFO tempest.lib.common.rest_client [req-ee755a47-fca8-43b5-b7f5-7944892a16cf req-ee755a47-fca8-43b5-b7f5-7944892a16cf ] Request (ServersTestJSON:test_create_server_specify_multibyte_character_name): 200 GET http://10.180.1.21/compute/v2.1/servers/fd673125-b2b3-4a7b-a90d-0452b95d5db8 1.167s
2025-03-20 08:19:52.168 67280 INFO tempest.lib.common.rest_client [req-93023dd3-2ef1-42cd-9ca5-1e63d0ca1620 req-93023dd3-2ef1-42cd-9ca5-1e63d0ca1620 ] Request (VolumesAssistedSnapshotsTest:test_volume_assisted_snapshot_create_delete): 200 GET http://10.180.1.21/compute/v2.1/servers/5c77964f-e902-489a-86c3-9c9d4dd304d3 1.170s
2025-03-20 08:19:52.188 67266 INFO tempest.lib.common.rest_client [req-eec55362-1472-4ce2-824c-4752bbf32731 req-eec55362-1472-4ce2-824c-4752bbf32731 ] Request (ServicesAdminTestJSON:tearDownClass): 204 DELETE http://10.180.1.21/identity/v3/projects/51eb0b82d5c443b5885bd521015d72f8 0.103s
2025-03-20 08:19:52.190 67266 INFO tempest.lib.common.dynamic_creds [-] Deleting project and security group for project: e9e305dff7aa4253bda5dcb62863660e
2025-03-20 08:19:52.231 67262 INFO tempest.lib.common.rest_client [req-db0c666b-cf11-443c-937b-2935cb924ba5 req-db0c666b-cf11-443c-937b-2935cb924ba5 ] Request (ServersWithSpecificFlavorTestJSON:test_verify_created_server_ephemeral_disk): 200 GET http://10.180.1.21/compute/v2.1/servers/66fa7689-aea7-4b88-b63c-0754f5e99d51 1.036s
2025-03-20 08:19:52.264 67314 INFO tempest.lib.common.rest_client [req-811ba815-6f26-446a-91fd-ce92290c3a6e req-811ba815-6f26-446a-91fd-ce92290c3a6e ] Request (FloatingIPsAssociationNegativeTestJSON:setUpClass): 200 GET http://10.180.1.21/compute/v2.1/servers/1bafb1b5-d27b-4ca1-bb9f-09f7ab4a2a93 1.126s
2025-03-20 08:19:52.281 67258 INFO tempest.lib.common.rest_client [req-1f001628-8a50-4931-8f86-65ff6dc6ecfd req-1f001628-8a50-4931-8f86-65ff6dc6ecfd ] Request (ImagesNegativeTestJSON:test_create_image_from_deleted_server): 200 GET http://10.180.1.21/compute/v2.1/servers/aa6e2bca-a3e3-4803-8120-bb8f3e6fae2a 1.072s
2025-03-20 08:19:52.300 67266 INFO tempest.lib.common.rest_client [req-7ec2151e-b88a-4978-980b-05cdd8677634 req-7ec2151e-b88a-4978-980b-05cdd8677634 ] Request (ServicesAdminTestJSON:tearDownClass): 200 GET http://10.180.1.21:9696/networking/v2.0/security-groups?tenant_id=e9e305dff7aa4253bda5dcb62863660e&name=default 0.110s
2025-03-20 08:19:52.330 67316 INFO tempest.lib.common.rest_client [req-24e86c9f-79dc-4d1b-9604-fea2eb20f17c req-24e86c9f-79dc-4d1b-9604-fea2eb20f17c ] Request (ImagesOneServerTestJSON:setUpClass): 200 GET http://10.180.1.21/compute/v2.1/servers/8cd6a13f-fae2-43ea-846e-24f4987cf2ea 1.061s
2025-03-20 08:19:52.386 67286 INFO tempest.lib.common.rest_client [req-4890281f-c983-4194-a538-d5e4fb546cfd req-4890281f-c983-4194-a538-d5e4fb546cfd ] Request (ServerDiagnosticsTest:test_get_server_diagnostics): 200 GET http://10.180.1.21/compute/v2.1/servers/3eb80b23-a4a3-43e6-9620-86bf1eb344f2 0.921s
2025-03-20 08:19:52.388 67266 INFO tempest.lib.common.rest_client [req-17cb4b8f-0016-4068-bc92-95274a0bcd7b req-17cb4b8f-0016-4068-bc92-95274a0bcd7b ] Request (ServicesAdminTestJSON:tearDownClass): 204 DELETE http://10.180.1.21:9696/networking/v2.0/security-groups/69496dfa-ea62-44b9-aa36-5b714ed21e22 0.087s
2025-03-20 08:19:52.476 67254 INFO tempest.lib.common.rest_client [req-463a8a5d-2b72-44c0-ac85-d9aa479e0abf req-463a8a5d-2b72-44c0-ac85-d9aa479e0abf ] Request (FlavorsV261TestJSON:test_crud_flavor): 200 GET http://10.180.1.21/compute/v2.1/flavors/113791506 1.006s
2025-03-20 08:19:52.487 67292 INFO tempest.lib.common.rest_client [req-cbce6eb5-f23f-4ff1-a49a-90bd261f564b req-cbce6eb5-f23f-4ff1-a49a-90bd261f564b ] Request (ImagesTestJSON:test_create_image_from_stopped_server): 200 GET http://10.180.1.21/compute/v2.1/servers/781b688b-ec99-4423-99b2-2502c6e8a75d 1.002s
2025-03-20 08:19:52.489 67266 INFO tempest.lib.common.rest_client [req-6916e12d-c3f2-4e07-a547-fbd0823c6c6c req-6916e12d-c3f2-4e07-a547-fbd0823c6c6c ] Request (ServicesAdminTestJSON:tearDownClass): 204 DELETE http://10.180.1.21/identity/v3/projects/e9e305dff7aa4253bda5dcb62863660e 0.101s
2025-03-20 08:19:52.532 67278 INFO tempest.lib.common.rest_client [req-adecf349-07ae-4616-8d8c-cf331e2a9939 req-adecf349-07ae-4616-8d8c-cf331e2a9939 ] Request (ServersAdmin275Test:test_rebuild_update_server_275): 200 GET http://10.180.1.21/compute/v2.1/servers/994ad7c4-4a41-49b1-98b8-efd2f2b134e7 0.954s
2025-03-20 08:19:52.548 67266 INFO tempest.lib.common.rest_client [req-414ed16d-36a4-4ff9-9399-8cc778c97126 req-414ed16d-36a4-4ff9-9399-8cc778c97126 ] Request (DeleteServersTestJSON:setUpClass): 201 POST http://10.180.1.21/identity/v3/auth/tokens 0.056s
2025-03-20 08:19:52.576 67266 INFO tempest.lib.common.rest_client [req-dd3f0cbb-8188-48a5-8e7a-5161cc0e6172 req-dd3f0cbb-8188-48a5-8e7a-5161cc0e6172 ] Request (DeleteServersTestJSON:setUpClass): 201 POST http://10.180.1.21/identity/v3/auth/tokens 0.025s
2025-03-20 08:19:52.582 67284 INFO tempest.lib.common.rest_client [req-a030162b-f813-40ef-a2f6-a00bf245d4f0 req-a030162b-f813-40ef-a2f6-a00bf245d4f0 ] Request (ServersTestBootFromVolume:setUpClass): 200 GET http://10.180.1.21/compute/v2.1/servers/1b24ae9d-f8bc-4c11-9b07-b4a4e435e269 0.954s
2025-03-20 08:19:52.597 67266 INFO tempest.lib.common.rest_client [req-2ba148ff-c514-4d7a-9784-517755313fa9 req-2ba148ff-c514-4d7a-9784-517755313fa9 ] Request (DeleteServersTestJSON:setUpClass): 200 GET http://10.180.1.21/identity/v3/domains?name=Default 0.021s
2025-03-20 08:19:52.622 67266 INFO tempest.lib.common.rest_client [req-02631869-9b67-43a0-bd73-c0d93ef6ef9d req-02631869-9b67-43a0-bd73-c0d93ef6ef9d ] Request (DeleteServersTestJSON:setUpClass): 201 POST http://10.180.1.21/identity/v3/projects 0.024s
2025-03-20 08:19:52.636 67282 INFO tempest.lib.common.rest_client [req-fc752a8b-b0a1-489d-91ca-ead86e88b3cd req-fc752a8b-b0a1-489d-91ca-ead86e88b3cd ] Request (SecurityGroupsTestJSON:test_list_security_groups_by_server): 200 GET http://10.180.1.21/compute/v2.1/servers/32cb4672-8ebe-472b-b4ff-48bffad679e6 0.962s
2025-03-20 08:19:52.679 67266 INFO tempest.lib.common.rest_client [req-9562932e-64f7-4019-a9ae-61b4f7d80ee6 req-9562932e-64f7-4019-a9ae-61b4f7d80ee6 ] Request (DeleteServersTestJSON:setUpClass): 201 POST http://10.180.1.21/identity/v3/users 0.057s
2025-03-20 08:19:52.698 67266 INFO tempest.lib.common.rest_client [req-063c117a-124b-4193-9b89-795d87637369 req-063c117a-124b-4193-9b89-795d87637369 ] Request (DeleteServersTestJSON:setUpClass): 200 GET http://10.180.1.21/identity/v3/roles 0.018s
2025-03-20 08:19:52.718 67260 INFO tempest.lib.common.rest_client [req-593fff32-69a8-40c9-aeed-52cfdd5c5668 req-593fff32-69a8-40c9-aeed-52cfdd5c5668 ] Request (ServersTestJSON:setUpClass): 200 GET http://10.180.1.21/compute/v2.1/servers/4df734f8-537a-462b-991e-472c15afeb61 0.994s
2025-03-20 08:19:52.739 67266 INFO tempest.lib.common.rest_client [req-0026104a-1152-49d8-9fcc-9e6eb4da8706 req-0026104a-1152-49d8-9fcc-9e6eb4da8706 ] Request (DeleteServersTestJSON:setUpClass): 204 PUT http://10.180.1.21/identity/v3/projects/caadf2a2334b4336a4bf7d1f0462adfe/users/1e358776890d43cab7e5e4a2bf5423c1/roles/e5e416067c864f7ba114adf2729d88f4 0.040s
2025-03-20 08:19:52.739 67266 INFO tempest.lib.common.dynamic_creds [-] Dynamic test user 1e358776890d43cab7e5e4a2bf5423c1 is created with scope project and roles: ['member']
