2025-03-20 08:18:45.772 67264 INFO tempest.lib.common.dynamic_creds [-] Created isolated network resources for: credentials: Credentials: {'domain_id': 'default', 'domain_name': 'Default', 'username': 'tempest-FlavorsExtraSpecsTestJSON-288472736-project-admin', 'project_domain_id': 'default', 'project_domain_name': 'Default', 'project_id': '3cbb2973530243f9bb655986a7c0ceb6', 'project_name': 'tempest-FlavorsExtraSpecsTestJSON-288472736', 'tenant_id': '3cbb2973530243f9bb655986a7c0ceb6', 'tenant_name': 'tempest-FlavorsExtraSpecsTestJSON-288472736', 'user_domain_id': 'default', 'user_domain_name': 'Default', 'user_id': 'bec5ed8f9e124b13a7b718023f56b9ad', 'system': None}, Network: None, Subnet: None, Router: None
2025-03-20 08:18:45.789 67298 INFO tempest.lib.common.rest_client [req-86798ecd-d843-40af-99e2-b57d86f0629c req-86798ecd-d843-40af-99e2-b57d86f0629c ] Request (MigrationsAdminTest:setUpClass): 201 POST http://10.180.1.21/identity/v3/auth/tokens 0.835s
2025-03-20 08:18:45.865 67290 INFO tempest.lib.common.rest_client [req-2f8a4a24-b54d-4d52-a08d-8ddf35b1ada4 req-2f8a4a24-b54d-4d52-a08d-8ddf35b1ada4 ] Request (ServerExternalEventsTest:setUpClass): 204 PUT http://10.180.1.21/identity/v3/projects/acbbd779dcd648fba80d6e7392922092/users/be7205aa2906482d8b15b6b2d74d7527/roles/ab2fdb23b4864f16995da18551a1d21e 0.894s
2025-03-20 08:18:45.866 67290 INFO tempest.lib.common.dynamic_creds [-] Dynamic test user be7205aa2906482d8b15b6b2d74d7527 is created with scope project and roles: ['admin']
2025-03-20 08:18:45.866 67290 INFO tempest.lib.common.dynamic_creds [-] Acquired dynamic creds: credentials: Credentials: {'domain_id': 'default', 'domain_name': 'Default', 'username': 'tempest-ServerExternalEventsTest-1650414253-project-admin', 'project_domain_id': 'default', 'project_domain_name': 'Default', 'project_id': 'acbbd779dcd648fba80d6e7392922092', 'project_name': 'tempest-ServerExternalEventsTest-1650414253', 'tenant_id': 'acbbd779dcd648fba80d6e7392922092', 'tenant_name': 'tempest-ServerExternalEventsTest-1650414253', 'user_domain_id': 'default', 'user_domain_name': 'Default', 'user_id': 'be7205aa2906482d8b15b6b2d74d7527', 'system': None}, Network: None, Subnet: None, Router: None
2025-03-20 08:18:45.866 67290 INFO tempest.lib.common.dynamic_creds [-] Created isolated network resources for: credentials: Credentials: {'domain_id': 'default', 'domain_name': 'Default', 'username': 'tempest-ServerExternalEventsTest-1650414253-project-admin', 'project_domain_id': 'default', 'project_domain_name': 'Default', 'project_id': 'acbbd779dcd648fba80d6e7392922092', 'project_name': 'tempest-ServerExternalEventsTest-1650414253', 'tenant_id': 'acbbd779dcd648fba80d6e7392922092', 'tenant_name': 'tempest-ServerExternalEventsTest-1650414253', 'user_domain_id': 'default', 'user_domain_name': 'Default', 'user_id': 'be7205aa2906482d8b15b6b2d74d7527', 'system': None}, Network: None, Subnet: None, Router: None
2025-03-20 08:18:45.890 67304 INFO tempest.lib.common.rest_client [req-4cce7497-3cfc-4391-b53e-0ab6dfb94c7c req-4cce7497-3cfc-4391-b53e-0ab6dfb94c7c ] Request (HypervisorAdminUnderV252Test:setUpClass): 204 PUT http://10.180.1.21/identity/v3/projects/67878350c95840b1a60a131ae1571e22/users/af824628258b4a1b96e0360123de5d85/roles/ab2fdb23b4864f16995da18551a1d21e 0.914s
2025-03-20 08:18:45.890 67304 INFO tempest.lib.common.dynamic_creds [-] Dynamic test user af824628258b4a1b96e0360123de5d85 is created with scope project and roles: ['admin']
2025-03-20 08:18:45.890 67304 INFO tempest.lib.common.dynamic_creds [-] Acquired dynamic creds: credentials: Credentials: {'domain_id': 'default', 'domain_name': 'Default', 'username': 'tempest-HypervisorAdminUnderV252Test-1601811930-project-admin', 'project_domain_id': 'default', 'project_domain_name': 'Default', 'project_id': '67878350c95840b1a60a131ae1571e22', 'project_name': 'tempest-HypervisorAdminUnderV252Test-1601811930', 'tenant_id': '67878350c95840b1a60a131ae1571e22', 'tenant_name': 'tempest-HypervisorAdminUnderV252Test-1601811930', 'user_domain_id': 'default', 'user_domain_name': 'Default', 'user_id': 'af824628258b4a1b96e0360123de5d85', 'system': None}, Network: None, Subnet: None, Router: None
2025-03-20 08:18:45.891 67304 INFO tempest.lib.common.dynamic_creds [-] Created isolated network resources for: credentials: Credentials: {'domain_id': 'default', 'domain_name': 'Default', 'username': 'tempest-HypervisorAdminUnderV252Test-1601811930-project-admin', 'project_domain_id': 'default', 'project_domain_name': 'Default', 'project_id': '67878350c95840b1a60a131ae1571e22', 'project_name': 'tempest-HypervisorAdminUnderV252Test-1601811930', 'tenant_id': '67878350c95840b1a60a131ae1571e22', 'tenant_name': 'tempest-HypervisorAdminUnderV252Test-1601811930', 'user_domain_id': 'default', 'user_domain_name': 'Default', 'user_id': 'af824628258b4a1b96e0360123de5d85', 'system': None}, Network: None, Subnet: None, Router: None
2025-03-20 08:18:45.995 67312 INFO tempest.lib.common.rest_client [req-d746665e-0007-450d-ac26-dd892854190d req-d746665e-0007-450d-ac26-dd892854190d ] Request (DeleteServersAdminTestJSON:setUpClass): 204 PUT http://10.180.1.21/identity/v3/projects/9336b18efb6c4906a1d3647996ac69c3/users/9af31e6ab05042e786bbf8c0d7d871d0/roles/ab2fdb23b4864f16995da18551a1d21e 0.949s
2025-03-20 08:18:45.995 67312 INFO tempest.lib.common.dynamic_creds [-] Dynamic test user 9af31e6ab05042e786bbf8c0d7d871d0 is created with scope project and roles: ['admin']
2025-03-20 08:18:45.996 67312 INFO tempest.lib.common.dynamic_creds [-] Acquired dynamic creds: credentials: Credentials: {'domain_id': 'default', 'domain_name': 'Default', 'username': 'tempest-DeleteServersAdminTestJSON-2053927287-project-admin', 'project_domain_id': 'default', 'project_domain_name': 'Default', 'project_id': '9336b18efb6c4906a1d3647996ac69c3', 'project_name': 'tempest-DeleteServersAdminTestJSON-2053927287', 'tenant_id': '9336b18efb6c4906a1d3647996ac69c3', 'tenant_name': 'tempest-DeleteServersAdminTestJSON-2053927287', 'user_domain_id': 'default', 'user_domain_name': 'Default', 'user_id': '9af31e6ab05042e786bbf8c0d7d871d0', 'system': None}, Network: None, Subnet: None, Router: None
2025-03-20 08:18:45.996 67312 INFO tempest.lib.common.dynamic_creds [-] Created isolated network resources for: credentials: Credentials: {'domain_id': 'default', 'domain_name': 'Default', 'username': 'tempest-DeleteServersAdminTestJSON-2053927287-project-admin', 'project_domain_id': 'default', 'project_domain_name': 'Default', 'project_id': '9336b18efb6c4906a1d3647996ac69c3', 'project_name': 'tempest-DeleteServersAdminTestJSON-2053927287', 'tenant_id': '9336b18efb6c4906a1d3647996ac69c3', 'tenant_name': 'tempest-DeleteServersAdminTestJSON-2053927287', 'user_domain_id': 'default', 'user_domain_name': 'Default', 'user_id': '9af31e6ab05042e786bbf8c0d7d871d0', 'system': None}, Network: None, Subnet: None, Router: None
2025-03-20 08:18:45.997 67282 INFO tempest.lib.common.rest_client [req-2b80c163-70e1-425f-9f8e-6c20ca3b180d req-2b80c163-70e1-425f-9f8e-6c20ca3b180d ] Request (NetworksTest:setUpClass): 204 PUT http://10.180.1.21/identity/v3/projects/adfc5c1672474f26b947d58cbb19e248/users/fe01a06a5ab140a8b78ffd3db9a77fdc/roles/ab2fdb23b4864f16995da18551a1d21e 1.003s
2025-03-20 08:18:45.997 67282 INFO tempest.lib.common.dynamic_creds [-] Dynamic test user fe01a06a5ab140a8b78ffd3db9a77fdc is created with scope project and roles: ['admin']
2025-03-20 08:18:45.997 67282 INFO tempest.lib.common.dynamic_creds [-] Acquired dynamic creds: credentials: Credentials: {'domain_id': 'default', 'domain_name': 'Default', 'username': 'tempest-NetworksTest-1495229297-project-admin', 'project_domain_id': 'default', 'project_domain_name': 'Default', 'project_id': 'adfc5c1672474f26b947d58cbb19e248', 'project_name': 'tempest-NetworksTest-1495229297', 'tenant_id': 'adfc5c1672474f26b947d58cbb19e248', 'tenant_name': 'tempest-NetworksTest-1495229297', 'user_domain_id': 'default', 'user_domain_name': 'Default', 'user_id': 'fe01a06a5ab140a8b78ffd3db9a77fdc', 'system': None}, Network: None, Subnet: None, Router: None
2025-03-20 08:18:45.997 67282 INFO tempest.lib.common.dynamic_creds [-] Created isolated network resources for: credentials: Credentials: {'domain_id': 'default', 'domain_name': 'Default', 'username': 'tempest-NetworksTest-1495229297-project-admin', 'project_domain_id': 'default', 'project_domain_name': 'Default', 'project_id': 'adfc5c1672474f26b947d58cbb19e248', 'project_name': 'tempest-NetworksTest-1495229297', 'tenant_id': 'adfc5c1672474f26b947d58cbb19e248', 'tenant_name': 'tempest-NetworksTest-1495229297', 'user_domain_id': 'default', 'user_domain_name': 'Default', 'user_id': 'fe01a06a5ab140a8b78ffd3db9a77fdc', 'system': None}, Network: None, Subnet: None, Router: None
2025-03-20 08:18:46.096 67288 INFO tempest.lib.common.rest_client [req-faba5d53-12cd-4fec-833a-f406d16b0b4f req-faba5d53-12cd-4fec-833a-f406d16b0b4f ] Request (KeyPairsV22TestJSON:setUpClass): 204 PUT http://10.180.1.21/identity/v3/projects/fd0f139e4bf9485d86df3382d72b7971/users/5a26c843be9840cc85e4116f50aa3531/roles/e5e416067c864f7ba114adf2729d88f4 1.032s
2025-03-20 08:18:46.096 67288 INFO tempest.lib.common.dynamic_creds [-] Dynamic test user 5a26c843be9840cc85e4116f50aa3531 is created with scope project and roles: ['member']
2025-03-20 08:18:46.096 67288 INFO tempest.lib.common.dynamic_creds [-] Acquired dynamic creds: credentials: Credentials: {'domain_id': 'default', 'domain_name': 'Default', 'username': 'tempest-KeyPairsV22TestJSON-1722553945-project-member', 'project_domain_id': 'default', 'project_domain_name': 'Default', 'project_id': 'fd0f139e4bf9485d86df3382d72b7971', 'project_name': 'tempest-KeyPairsV22TestJSON-1722553945', 'tenant_id': 'fd0f139e4bf9485d86df3382d72b7971', 'tenant_name': 'tempest-KeyPairsV22TestJSON-1722553945', 'user_domain_id': 'default', 'user_domain_name': 'Default', 'user_id': '5a26c843be9840cc85e4116f50aa3531', 'system': None}, Network: None, Subnet: None, Router: None
2025-03-20 08:18:46.096 67288 INFO tempest.lib.common.dynamic_creds [-] Created isolated network resources for: credentials: Credentials: {'domain_id': 'default', 'domain_name': 'Default', 'username': 'tempest-KeyPairsV22TestJSON-1722553945-project-member', 'project_domain_id': 'default', 'project_domain_name': 'Default', 'project_id': 'fd0f139e4bf9485d86df3382d72b7971', 'project_name': 'tempest-KeyPairsV22TestJSON-1722553945', 'tenant_id': 'fd0f139e4bf9485d86df3382d72b7971', 'tenant_name': 'tempest-KeyPairsV22TestJSON-1722553945', 'user_domain_id': 'default', 'user_domain_name': 'Default', 'user_id': '5a26c843be9840cc85e4116f50aa3531', 'system': None}, Network: None, Subnet: None, Router: None
2025-03-20 08:18:46.112 67254 INFO tempest.lib.common.rest_client [req-bf27b35f-d849-4873-9126-00837e9a8fd5 req-bf27b35f-d849-4873-9126-00837e9a8fd5 ] Request (FlavorsAdminTestJSON:setUpClass): 201 POST http://10.180.1.21/identity/v3/auth/tokens 1.052s
2025-03-20 08:18:46.152 67286 INFO tempest.lib.common.rest_client [req-d09a7fea-b8f1-4a4e-8f04-8010ae6bbc92 req-d09a7fea-b8f1-4a4e-8f04-8010ae6bbc92 ] Request (ServerDiagnosticsTest:test_get_server_diagnostics): 201 POST http://10.180.1.21/identity/v3/auth/tokens 1.071s
2025-03-20 08:18:46.153 67286 INFO tempest.lib.common.fixed_network [-] (ServerDiagnosticsTest:test_get_server_diagnostics) Found network None available for tenant
2025-03-20 08:18:46.211 67260 INFO tempest.lib.common.rest_client [req-4aa0bf3b-5882-47d0-8edd-f8835eb65756 req-4aa0bf3b-5882-47d0-8edd-f8835eb65756 ] Request (QuotasSecurityGroupAdminNegativeTest:tearDownClass): 204 DELETE http://10.180.1.21/identity/v3/users/3c7d4db6692a43caa2a377c2fc800246 1.058s
2025-03-20 08:18:46.252 67272 INFO tempest.lib.common.rest_client [req-82b75f22-9f97-488e-8bac-853d7e87930b req-82b75f22-9f97-488e-8bac-853d7e87930b ] Request (FlavorsAccessNegativeTestJSON:setUpClass): 201 POST http://10.180.1.21/identity/v3/projects 1.003s
2025-03-20 08:18:46.317 67294 INFO tempest.lib.common.rest_client [req-b23b192e-df80-4750-a26e-f7de78e55041 req-b23b192e-df80-4750-a26e-f7de78e55041 ] Request (AZAdminV2TestJSON:setUpClass): 201 POST http://10.180.1.21/identity/v3/auth/tokens 1.014s
2025-03-20 08:18:46.381 67311 INFO tempest.lib.common.rest_client [req-39ec99c8-7dc2-4dfa-abc6-1f817d44654a req-39ec99c8-7dc2-4dfa-abc6-1f817d44654a ] Request (HostsAdminNegativeTestJSON:setUpClass): 201 POST http://10.180.1.21/identity/v3/auth/tokens 0.997s
2025-03-20 08:18:46.431 67258 INFO tempest.lib.common.rest_client [req-10e11051-ef47-4afd-97c2-b6aae691245f req-10e11051-ef47-4afd-97c2-b6aae691245f ] Request (AZAdminNegativeTestJSON:tearDownClass): 201 POST http://10.180.1.21/identity/v3/auth/tokens 0.997s
2025-03-20 08:18:46.498 67314 INFO tempest.lib.common.rest_client [req-f4d96d68-cef2-437b-8a17-7e4ecde22eb9 req-f4d96d68-cef2-437b-8a17-7e4ecde22eb9 ] Request (FloatingIPsAssociationNegativeTestJSON:setUpClass): 201 POST http://10.180.1.21/identity/v3/auth/tokens 1.029s
2025-03-20 08:18:46.498 67314 INFO tempest.lib.common.fixed_network [-] (FloatingIPsAssociationNegativeTestJSON:setUpClass) Found network {'id': '86766f70-0b24-4064-8c4e-bc973f5d7d05', 'name': 'tempest-FloatingIPsAssociationNegativeTestJSON-127923232-network', 'tenant_id': 'ba7a189cc3084e6db0d0a432140bf819', 'admin_state_up': True, 'mtu': 8950, 'status': 'ACTIVE', 'subnets': [], 'shared': False, 'project_id': 'ba7a189cc3084e6db0d0a432140bf819', 'port_security_enabled': True, 'router:external': False, 'provider:network_type': 'vlan', 'provider:physical_network': 'default', 'provider:segmentation_id': 541, 'is_default': False, 'availability_zone_hints': [], 'availability_zones': [], 'ipv4_address_scope': None, 'ipv6_address_scope': None, 'description': '', 'tags': [], 'created_at': '2025-03-20T08:18:42Z', 'updated_at': '2025-03-20T08:18:42Z', 'revision_number': 1} available for tenant
2025-03-20 08:18:46.519 67284 INFO tempest.lib.common.rest_client [req-db1c3eae-c5e5-4bcd-91a6-77c1562ea125 req-db1c3eae-c5e5-4bcd-91a6-77c1562ea125 ] Request (InstanceUsageAuditLogTestJSON:setUpClass): 201 POST http://10.180.1.21/identity/v3/auth/tokens 0.945s
2025-03-20 08:18:46.571 67278 INFO tempest.lib.common.rest_client [req-dc934ae5-a1ab-47d6-8a64-b06ba1d41f8d req-dc934ae5-a1ab-47d6-8a64-b06ba1d41f8d ] Request (ServersAdmin275Test:setUpClass): 201 POST http://10.180.1.21/identity/v3/auth/tokens 0.991s
2025-03-20 08:18:46.595 67266 INFO tempest.lib.common.rest_client [req-511aec11-0ce2-4942-9116-59103608ce6f req-511aec11-0ce2-4942-9116-59103608ce6f ] Request (ServerDiagnosticsV248Test:test_get_server_diagnostics): 202 POST http://10.180.1.21/compute/v2.1/servers 1.833s
2025-03-20 08:18:46.602 67302 INFO tempest.lib.common.rest_client [req-163bda59-4373-4b18-a449-02486e0ef456 req-163bda59-4373-4b18-a449-02486e0ef456 ] Request (FlavorsV255TestJSON:setUpClass): 201 POST http://10.180.1.21/identity/v3/auth/tokens 0.951s
2025-03-20 08:18:46.642 67292 INFO tempest.lib.common.rest_client [req-b050c834-d19c-4c40-9c5f-52edbbb1c971 req-b050c834-d19c-4c40-9c5f-52edbbb1c971 ] Request (ImagesTestJSON:setUpClass): 200 PUT http://10.180.1.21:9696/networking/v2.0/routers/aa3a435b-cfe8-4602-95ec-848186c848ae/add_router_interface 1.645s
2025-03-20 08:18:46.642 67292 INFO tempest.lib.common.dynamic_creds [-] Created isolated network resources for: credentials: Credentials: {'domain_id': 'default', 'domain_name': 'Default', 'username': 'tempest-ImagesTestJSON-284644961-project-member', 'project_domain_id': 'default', 'project_domain_name': 'Default', 'project_id': '54ce93521ed148d397c6dd8905557b34', 'project_name': 'tempest-ImagesTestJSON-284644961', 'tenant_id': '54ce93521ed148d397c6dd8905557b34', 'tenant_name': 'tempest-ImagesTestJSON-284644961', 'user_domain_id': 'default', 'user_domain_name': 'Default', 'user_id': '585aaf69bf474881ba8f6f13b7fba1b2', 'system': None}, Network: {'id': 'a883b9e1-0130-4802-81b3-5c676e3f49c2', 'name': 'tempest-ImagesTestJSON-4227508-network', 'tenant_id': '54ce93521ed148d397c6dd8905557b34', 'admin_state_up': True, 'mtu': 8950, 'status': 'ACTIVE', 'subnets': [], 'shared': False, 'project_id': '54ce93521ed148d397c6dd8905557b34', 'port_security_enabled': True, 'router:external': False, 'provider:network_type': 'vlan', 'provider:physical_network': 'default', 'provider:segmentation_id': 184, 'is_default': False, 'availability_zone_hints': [], 'availability_zones': [], 'ipv4_address_scope': None, 'ipv6_address_scope': None, 'description': '', 'tags': [], 'created_at': '2025-03-20T08:18:42Z', 'updated_at': '2025-03-20T08:18:42Z', 'revision_number': 1}, Subnet: {'id': '6b36ae23-de83-4d0a-9ccf-964ba4eaa83f', 'name': 'tempest-ImagesTestJSON-4227508-subnet', 'tenant_id': '54ce93521ed148d397c6dd8905557b34', 'network_id': 'a883b9e1-0130-4802-81b3-5c676e3f49c2', 'ip_version': 4, 'subnetpool_id': None, 'enable_dhcp': True, 'ipv6_ra_mode': None, 'ipv6_address_mode': None, 'gateway_ip': '192.168.128.1', 'cidr': '192.168.128.0/28', 'allocation_pools': [{'start': '192.168.128.2', 'end': '192.168.128.14'}], 'host_routes': [], 'dns_nameservers': [], 'description': '', 'service_types': [], 'tags': [], 'created_at': '2025-03-20T08:18:42Z', 'updated_at': '2025-03-20T08:18:42Z', 'revision_number': 0, 'project_id': '54ce93521ed148d397c6dd8905557b34'}, Router: {'id': 'aa3a435b-cfe8-4602-95ec-848186c848ae', 'name': 'tempest-ImagesTestJSON-4227508-router', 'tenant_id': '54ce93521ed148d397c6dd8905557b34', 'admin_state_up': True, 'status': 'ACTIVE', 'external_gateway_info': {'network_id': '817481c9-2668-4b1f-94b1-f22c62779598', 'external_fixed_ips': [{'subnet_id': 'd6503242-cd26-4cdd-a39c-5aa5c0ee0b10', 'ip_address': '10.180.180.151'}], 'enable_snat': True}, 'description': '', 'availability_zones': [], 'distributed': False, 'ha': False, 'availability_zone_hints': [], 'routes': [], 'flavor_id': None, 'tags': [], 'created_at': '2025-03-20T08:18:43Z', 'updated_at': '2025-03-20T08:18:44Z', 'revision_number': 2, 'project_id': '54ce93521ed148d397c6dd8905557b34'}
2025-03-20 08:18:46.652 67270 INFO tempest.lib.common.rest_client [req-962a4a84-eeac-4d47-9a15-f143635d34da req-962a4a84-eeac-4d47-9a15-f143635d34da ] Request (ServersAdminNegativeTestJSON:setUpClass): 201 POST http://10.180.1.21/identity/v3/auth/tokens 0.967s
2025-03-20 08:18:46.653 67270 WARNING tempest.lib.common.rest_client [-] Deprecated: "tenant_id" property is deprecated for removal, use "project_id" instead
2025-03-20 08:18:46.682 67296 INFO tempest.lib.common.rest_client [req-014abd88-5454-455c-9afa-b42e02157e7d req-014abd88-5454-455c-9afa-b42e02157e7d ] Request (FlavorsExtraSpecsNegativeTestJSON:setUpClass): 201 POST http://10.180.1.21/identity/v3/auth/tokens 0.964s
2025-03-20 08:18:46.749 67264 INFO tempest.lib.common.rest_client [req-0e45c1c4-b95a-401b-886c-d5c85d127d7f req-0e45c1c4-b95a-401b-886c-d5c85d127d7f ] Request (FlavorsExtraSpecsTestJSON:setUpClass): 201 POST http://10.180.1.21/identity/v3/auth/tokens 0.916s
2025-03-20 08:18:46.773 67290 INFO tempest.lib.common.rest_client [req-c5140143-7a44-4c63-9fa9-7c9e4cf13ee4 req-c5140143-7a44-4c63-9fa9-7c9e4cf13ee4 ] Request (ServerExternalEventsTest:setUpClass): 201 POST http://10.180.1.21/identity/v3/auth/tokens 0.843s
2025-03-20 08:18:46.852 67304 INFO tempest.lib.common.rest_client [req-fa968615-5419-49ec-967d-3bf4da8537c7 req-fa968615-5419-49ec-967d-3bf4da8537c7 ] Request (HypervisorAdminUnderV252Test:setUpClass): 201 POST http://10.180.1.21/identity/v3/auth/tokens 0.903s
2025-03-20 08:18:46.873 67282 INFO tempest.lib.common.rest_client [req-a8d1ed11-d0b5-4b5b-a443-831ad680215a req-a8d1ed11-d0b5-4b5b-a443-831ad680215a ] Request (NetworksTest:setUpClass): 201 POST http://10.180.1.21/identity/v3/auth/tokens 0.826s
2025-03-20 08:18:46.937 67288 INFO tempest.lib.common.rest_client [req-7ce1b802-5c11-4515-9ef0-865c8fbcb056 req-7ce1b802-5c11-4515-9ef0-865c8fbcb056 ] Request (KeyPairsV22TestJSON:setUpClass): 201 POST http://10.180.1.21/identity/v3/auth/tokens 0.838s
2025-03-20 08:18:46.954 67312 INFO tempest.lib.common.rest_client [req-0f8ed276-05e3-4f33-a7c0-31c690fcbb8b req-0f8ed276-05e3-4f33-a7c0-31c690fcbb8b ] Request (DeleteServersAdminTestJSON:setUpClass): 201 POST http://10.180.1.21/identity/v3/auth/tokens 0.905s
2025-03-20 08:18:46.981 67262 INFO tempest.lib.common.rest_client [req-e6c1b62a-ad4d-483b-83c8-3ff11e6a2e78 req-e6c1b62a-ad4d-483b-83c8-3ff11e6a2e78 ] Request (ServersWithSpecificFlavorTestJSON:setUpClass): 200 PUT http://10.180.1.21:9696/networking/v2.0/routers/d461cd8a-0aac-4b4d-ae29-ccda2e7899dc/add_router_interface 1.580s
2025-03-20 08:18:46.981 67262 INFO tempest.lib.common.dynamic_creds [-] Created isolated network resources for: credentials: Credentials: {'domain_id': 'default', 'domain_name': 'Default', 'username': 'tempest-ServersWithSpecificFlavorTestJSON-1061792687-project-admin', 'project_domain_id': 'default', 'project_domain_name': 'Default', 'project_id': '8522d78892524a5b876c1fc73aa219e4', 'project_name': 'tempest-ServersWithSpecificFlavorTestJSON-1061792687', 'tenant_id': '8522d78892524a5b876c1fc73aa219e4', 'tenant_name': 'tempest-ServersWithSpecificFlavorTestJSON-1061792687', 'user_domain_id': 'default', 'user_domain_name': 'Default', 'user_id': '768c906ad22444ef9f38ac9a76b8ace8', 'system': None}, Network: {'id': '4e5a7c38-8f41-4ca4-adff-34767a2639d9', 'name': 'tempest-ServersWithSpecificFlavorTestJSON-128204552-network', 'tenant_id': '8522d78892524a5b876c1fc73aa219e4', 'admin_state_up': True, 'mtu': 8950, 'status': 'ACTIVE', 'subnets': [], 'shared': False, 'project_id': '8522d78892524a5b876c1fc73aa219e4', 'port_security_enabled': True, 'router:external': False, 'provider:network_type': 'vlan', 'provider:physical_network': 'default', 'provider:segmentation_id': 877, 'is_default': False, 'availability_zone_hints': [], 'availability_zones': [], 'ipv4_address_scope': None, 'ipv6_address_scope': None, 'description': '', 'tags': [], 'created_at': '2025-03-20T08:18:43Z', 'updated_at': '2025-03-20T08:18:43Z', 'revision_number': 1}, Subnet: {'id': '2f1f593a-78e4-40f7-b179-e2d3f041befd', 'name': 'tempest-ServersWithSpecificFlavorTestJSON-128204552-subnet', 'tenant_id': '8522d78892524a5b876c1fc73aa219e4', 'network_id': '4e5a7c38-8f41-4ca4-adff-34767a2639d9', 'ip_version': 4, 'subnetpool_id': None, 'enable_dhcp': True, 'ipv6_ra_mode': None, 'ipv6_address_mode': None, 'gateway_ip': '192.168.128.1', 'cidr': '192.168.128.0/28', 'allocation_pools': [{'start': '192.168.128.2', 'end': '192.168.128.14'}], 'host_routes': [], 'dns_nameservers': [], 'description': '', 'service_types': [], 'tags': [], 'created_at': '2025-03-20T08:18:43Z', 'updated_at': '2025-03-20T08:18:43Z', 'revision_number': 0, 'project_id': '8522d78892524a5b876c1fc73aa219e4'}, Router: {'id': 'd461cd8a-0aac-4b4d-ae29-ccda2e7899dc', 'name': 'tempest-ServersWithSpecificFlavorTestJSON-128204552-router', 'tenant_id': '8522d78892524a5b876c1fc73aa219e4', 'admin_state_up': True, 'status': 'ACTIVE', 'external_gateway_info': {'network_id': '817481c9-2668-4b1f-94b1-f22c62779598', 'external_fixed_ips': [{'subnet_id': 'd6503242-cd26-4cdd-a39c-5aa5c0ee0b10', 'ip_address': '10.180.180.150'}], 'enable_snat': True}, 'description': '', 'availability_zones': [], 'distributed': False, 'ha': False, 'availability_zone_hints': [], 'routes': [], 'flavor_id': None, 'tags': [], 'created_at': '2025-03-20T08:18:43Z', 'updated_at': '2025-03-20T08:18:44Z', 'revision_number': 2, 'project_id': '8522d78892524a5b876c1fc73aa219e4'}
2025-03-20 08:18:46.993 67272 INFO tempest.lib.common.rest_client [req-0507b8ae-8d16-4c58-a6ad-ac7fb3de4d16 req-0507b8ae-8d16-4c58-a6ad-ac7fb3de4d16 ] Request (FlavorsAccessNegativeTestJSON:setUpClass): 201 POST http://10.180.1.21/identity/v3/users 0.740s
2025-03-20 08:18:47.003 67260 INFO tempest.lib.common.rest_client [req-315e2bdc-5910-4c38-a090-4df924b17673 req-315e2bdc-5910-4c38-a090-4df924b17673 ] Request (QuotasSecurityGroupAdminNegativeTest:tearDownClass): 204 DELETE http://10.180.1.21/identity/v3/users/4a83e2903e0d42459800f664e0eefd03 0.788s
2025-03-20 08:18:47.003 67260 INFO tempest.lib.common.dynamic_creds [-] Deleting project and security group for project: 9b0e862a2a6e4605a8397f2c90e0cde1
2025-03-20 08:18:47.054 67278 INFO tempest.lib.common.rest_client [req-21589f04-76a5-4005-854d-dd00a6f8d494 req-21589f04-76a5-4005-854d-dd00a6f8d494 ] Request (ServersAdmin275Test:test_rebuild_update_server_275): 201 POST http://10.180.1.21/identity/v3/auth/tokens 0.479s
2025-03-20 08:18:47.054 67278 INFO tempest.lib.common.fixed_network [-] (ServersAdmin275Test:test_rebuild_update_server_275) Found network None available for tenant
2025-03-20 08:18:47.178 67292 INFO tempest.lib.common.rest_client [req-632ba9bf-f2eb-4262-a778-c9a84c9ff4a9 req-632ba9bf-f2eb-4262-a778-c9a84c9ff4a9 ] Request (ImagesTestJSON:setUpClass): 201 POST http://10.180.1.21/identity/v3/auth/tokens 0.530s
2025-03-20 08:18:47.190 67276 INFO tempest.lib.common.rest_client [req-944d41f6-c48c-465a-83c0-6a7ed4a82510 req-944d41f6-c48c-465a-83c0-6a7ed4a82510 ] Request (FlavorsAccessTestJSON:test_flavor_access_add_remove): 200 POST http://10.180.1.21/compute/v2.1/flavors 2.397s
2025-03-20 08:18:47.228 67290 INFO tempest.lib.common.rest_client [req-90096190-12d1-4c7c-9759-32b6b46037a0 req-90096190-12d1-4c7c-9759-32b6b46037a0 ] Request (ServerExternalEventsTest:setUpClass): 201 POST http://10.180.1.21/identity/v3/projects 0.454s
2025-03-20 08:18:47.233 67270 INFO tempest.lib.common.rest_client [req-8f8a72e3-c0a2-4e6c-ab9d-ac5aeb21a3bb req-8f8a72e3-c0a2-4e6c-ab9d-ac5aeb21a3bb ] Request (ServersAdminNegativeTestJSON:setUpClass): 201 POST http://10.180.1.21/identity/v3/auth/tokens 0.576s
2025-03-20 08:18:47.233 67270 INFO tempest.lib.common.fixed_network [-] (ServersAdminNegativeTestJSON:setUpClass) Found network None available for tenant
2025-03-20 08:18:47.281 67312 INFO tempest.lib.common.rest_client [req-92109e85-9eab-4a37-a6e6-9d0af9c502ac req-92109e85-9eab-4a37-a6e6-9d0af9c502ac ] Request (DeleteServersAdminTestJSON:test_admin_delete_servers_of_others): 201 POST http://10.180.1.21/identity/v3/auth/tokens 0.322s
2025-03-20 08:18:47.282 67312 INFO tempest.lib.common.fixed_network [-] (DeleteServersAdminTestJSON:test_admin_delete_servers_of_others) Found network None available for tenant
2025-03-20 08:18:47.286 67258 INFO tempest.lib.common.rest_client [req-56662703-91b1-4dd1-bd16-f178251c9355 req-56662703-91b1-4dd1-bd16-f178251c9355 ] Request (AZAdminNegativeTestJSON:tearDownClass): 200 GET http://10.180.1.21:9696/networking/v2.0/security-groups?tenant_id=558aa9e857334e7e81a1079d94255469&name=default 0.854s
2025-03-20 08:18:47.341 67260 INFO tempest.lib.common.rest_client [req-cb9ce4d5-9acd-4716-a307-983d08abeced req-cb9ce4d5-9acd-4716-a307-983d08abeced ] Request (QuotasSecurityGroupAdminNegativeTest:tearDownClass): 201 POST http://10.180.1.21/identity/v3/auth/tokens 0.337s
2025-03-20 08:18:47.347 67272 INFO tempest.lib.common.rest_client [req-5f651e54-03be-49af-bde4-2e171c77a361 req-5f651e54-03be-49af-bde4-2e171c77a361 ] Request (FlavorsAccessNegativeTestJSON:setUpClass): 200 GET http://10.180.1.21/identity/v3/roles 0.353s
2025-03-20 08:18:47.391 67258 INFO tempest.lib.common.rest_client [req-54e040d2-7e9e-42bc-bf1f-d921c11773b7 req-54e040d2-7e9e-42bc-bf1f-d921c11773b7 ] Request (AZAdminNegativeTestJSON:tearDownClass): 204 DELETE http://10.180.1.21:9696/networking/v2.0/security-groups/42612e59-b43e-4cf0-b98d-72a3d39d79fc 0.104s
2025-03-20 08:18:47.412 67262 INFO tempest.lib.common.rest_client [req-5fa2fe75-5ed8-4296-bb6b-3337e8973c42 req-5fa2fe75-5ed8-4296-bb6b-3337e8973c42 ] Request (ServersWithSpecificFlavorTestJSON:setUpClass): 201 POST http://10.180.1.21/identity/v3/auth/tokens 0.378s
2025-03-20 08:18:47.419 67290 INFO tempest.lib.common.rest_client [req-3769563e-ea17-471e-aa6c-afa2de13cec8 req-3769563e-ea17-471e-aa6c-afa2de13cec8 ] Request (ServerExternalEventsTest:setUpClass): 201 POST http://10.180.1.21/identity/v3/users 0.190s
2025-03-20 08:18:47.433 67306 INFO tempest.lib.common.rest_client [req-fe1c6ff8-e57c-4bbc-b97d-0e6f9fec1d64 req-fe1c6ff8-e57c-4bbc-b97d-0e6f9fec1d64 ] Request (HostsAdminTestJSON:test_list_hosts): 200 GET http://10.180.1.21/compute/v2.1/os-hosts 2.599s
2025-03-20 08:18:47.460 67316 INFO tempest.lib.common.rest_client [req-058c6bb4-17e7-48be-87a6-1a08c9d03f47 req-058c6bb4-17e7-48be-87a6-1a08c9d03f47 ] Request (QuotasAdminTestJSON:test_delete_quota): 202 DELETE http://10.180.1.21/compute/v2.1/os-quota-sets/c0c24a8eaa97491fa28a5fd5af6281dc 2.225s
2025-03-20 08:18:47.475 67292 INFO tempest.lib.common.rest_client [req-b9d7424e-0905-4f17-9f31-fe7277ed869d req-b9d7424e-0905-4f17-9f31-fe7277ed869d ] Request (ImagesTestJSON:test_create_image_from_stopped_server): 201 POST http://10.180.1.21/identity/v3/auth/tokens 0.239s
2025-03-20 08:18:47.475 67292 INFO tempest.lib.common.fixed_network [-] (ImagesTestJSON:test_create_image_from_stopped_server) Found network {'id': 'a883b9e1-0130-4802-81b3-5c676e3f49c2', 'name': 'tempest-ImagesTestJSON-4227508-network', 'tenant_id': '54ce93521ed148d397c6dd8905557b34', 'admin_state_up': True, 'mtu': 8950, 'status': 'ACTIVE', 'subnets': [], 'shared': False, 'project_id': '54ce93521ed148d397c6dd8905557b34', 'port_security_enabled': True, 'router:external': False, 'provider:network_type': 'vlan', 'provider:physical_network': 'default', 'provider:segmentation_id': 184, 'is_default': False, 'availability_zone_hints': [], 'availability_zones': [], 'ipv4_address_scope': None, 'ipv6_address_scope': None, 'description': '', 'tags': [], 'created_at': '2025-03-20T08:18:42Z', 'updated_at': '2025-03-20T08:18:42Z', 'revision_number': 1} available for tenant
2025-03-20 08:18:47.517 67272 INFO tempest.lib.common.rest_client [req-d5ebfd34-1fbe-4145-b62b-ccf56fa97507 req-d5ebfd34-1fbe-4145-b62b-ccf56fa97507 ] Request (FlavorsAccessNegativeTestJSON:setUpClass): 204 PUT http://10.180.1.21/identity/v3/projects/0bdaa36ce77d41b380578bb06e65dd6c/users/7cde1e2f972b48ffb00c54b78bbd8c43/roles/e5e416067c864f7ba114adf2729d88f4 0.170s
2025-03-20 08:18:47.517 67272 INFO tempest.lib.common.dynamic_creds [-] Dynamic test user 7cde1e2f972b48ffb00c54b78bbd8c43 is created with scope project and roles: ['member']
2025-03-20 08:18:47.518 67272 INFO tempest.lib.common.dynamic_creds [-] Acquired dynamic creds: credentials: Credentials: {'domain_id': 'default', 'domain_name': 'Default', 'username': 'tempest-FlavorsAccessNegativeTestJSON-1017807729-project-member', 'project_domain_id': 'default', 'project_domain_name': 'Default', 'project_id': '0bdaa36ce77d41b380578bb06e65dd6c', 'project_name': 'tempest-FlavorsAccessNegativeTestJSON-1017807729', 'tenant_id': '0bdaa36ce77d41b380578bb06e65dd6c', 'tenant_name': 'tempest-FlavorsAccessNegativeTestJSON-1017807729', 'user_domain_id': 'default', 'user_domain_name': 'Default', 'user_id': '7cde1e2f972b48ffb00c54b78bbd8c43', 'system': None}, Network: None, Subnet: None, Router: None
2025-03-20 08:18:47.518 67272 INFO tempest.lib.common.dynamic_creds [-] Created isolated network resources for: credentials: Credentials: {'domain_id': 'default', 'domain_name': 'Default', 'username': 'tempest-FlavorsAccessNegativeTestJSON-1017807729-project-member', 'project_domain_id': 'default', 'project_domain_name': 'Default', 'project_id': '0bdaa36ce77d41b380578bb06e65dd6c', 'project_name': 'tempest-FlavorsAccessNegativeTestJSON-1017807729', 'tenant_id': '0bdaa36ce77d41b380578bb06e65dd6c', 'tenant_name': 'tempest-FlavorsAccessNegativeTestJSON-1017807729', 'user_domain_id': 'default', 'user_domain_name': 'Default', 'user_id': '7cde1e2f972b48ffb00c54b78bbd8c43', 'system': None}, Network: None, Subnet: None, Router: None
2025-03-20 08:18:47.604 67290 INFO tempest.lib.common.rest_client [req-8c59ffa4-362c-44c6-aed0-9db5266dd558 req-8c59ffa4-362c-44c6-aed0-9db5266dd558 ] Request (ServerExternalEventsTest:setUpClass): 200 GET http://10.180.1.21/identity/v3/roles 0.184s
2025-03-20 08:18:47.672 67258 INFO tempest.lib.common.rest_client [req-c749cc9f-6445-4d99-9dff-3e90265efc7d req-c749cc9f-6445-4d99-9dff-3e90265efc7d ] Request (AZAdminNegativeTestJSON:tearDownClass): 204 DELETE http://10.180.1.21/identity/v3/projects/558aa9e857334e7e81a1079d94255469 0.279s
2025-03-20 08:18:47.672 67258 INFO tempest.lib.common.dynamic_creds [-] Deleting project and security group for project: f79ad313bd2747849fbd53ed0b3a2a14
2025-03-20 08:18:47.675 67272 INFO tempest.lib.common.rest_client [req-e1850977-ecb8-4411-b98e-7ecbc6339cdf req-e1850977-ecb8-4411-b98e-7ecbc6339cdf ] Request (FlavorsAccessNegativeTestJSON:setUpClass): 201 POST http://10.180.1.21/identity/v3/auth/tokens 0.151s
2025-03-20 08:18:47.676 67272 WARNING tempest.lib.common.rest_client [-] Deprecated: "tenant_id" property is deprecated for removal, use "project_id" instead
2025-03-20 08:18:47.830 67290 INFO tempest.lib.common.rest_client [req-21f6b668-7ed3-45d0-b292-1eebd5fb7945 req-21f6b668-7ed3-45d0-b292-1eebd5fb7945 ] Request (ServerExternalEventsTest:setUpClass): 204 PUT http://10.180.1.21/identity/v3/projects/a1f1ff74ea8648ddad7d8bb6ccb18dcc/users/a0bb6a9f25d24d9d91d772384d36bb80/roles/91e1fd2867a4480ea5069309271d7e4c 0.225s
2025-03-20 08:18:47.844 67258 INFO tempest.lib.common.rest_client [req-120f4dfe-6a86-41cd-8655-bb702c24fea8 req-120f4dfe-6a86-41cd-8655-bb702c24fea8 ] Request (AZAdminNegativeTestJSON:tearDownClass): 200 GET http://10.180.1.21:9696/networking/v2.0/security-groups?tenant_id=f79ad313bd2747849fbd53ed0b3a2a14&name=default 0.170s
2025-03-20 08:18:47.849 67308 INFO tempest.lib.common.rest_client [req-34bf5945-30d4-41d3-a571-3304cb2767ed req-34bf5945-30d4-41d3-a571-3304cb2767ed ] Request (TenantUsagesTestJSON:setUpClass): 202 POST http://10.180.1.21/compute/v2.1/servers 3.588s
2025-03-20 08:18:47.867 67280 INFO tempest.lib.common.rest_client [req-ca1b3f43-2e71-4d48-abf2-e6d6efc55db1 req-ca1b3f43-2e71-4d48-abf2-e6d6efc55db1 ] Request (AggregatesAdminNegativeTestJSON:test_aggregate_add_existent_host): 200 POST http://10.180.1.21/compute/v2.1/os-aggregates/1/action 2.585s
2025-03-20 08:18:47.896 67268 INFO tempest.lib.common.rest_client [req-2d5ac7ba-669d-4223-a099-dc0b830863f2 req-2d5ac7ba-669d-4223-a099-dc0b830863f2 ] Request (KeyPairsV210TestJSON:test_admin_manage_keypairs_for_other_users): 201 POST http://10.180.1.21/compute/v2.1/os-keypairs 2.594s
2025-03-20 08:18:47.896 67260 INFO tempest.lib.common.rest_client [req-e915779d-a13d-4422-9fd1-98a43dc0f06b req-e915779d-a13d-4422-9fd1-98a43dc0f06b ] Request (QuotasSecurityGroupAdminNegativeTest:tearDownClass): 200 GET http://10.180.1.21:9696/networking/v2.0/security-groups?tenant_id=9b0e862a2a6e4605a8397f2c90e0cde1&name=default 0.555s
2025-03-20 08:18:47.909 67290 INFO tempest.lib.common.rest_client [req-d3ba838b-00d5-49c6-9120-bdedaf87c952 req-d3ba838b-00d5-49c6-9120-bdedaf87c952 ] Request (ServerExternalEventsTest:setUpClass): 200 GET http://10.180.1.21/identity/v3/roles 0.078s
2025-03-20 08:18:48.009 67260 INFO tempest.lib.common.rest_client [req-926d14ea-87aa-43e5-9657-04e752058651 req-926d14ea-87aa-43e5-9657-04e752058651 ] Request (QuotasSecurityGroupAdminNegativeTest:tearDownClass): 204 DELETE http://10.180.1.21:9696/networking/v2.0/security-groups/c0a4e1b8-c550-421a-a186-77bf2607fb08 0.113s
2025-03-20 08:18:48.026 67290 INFO tempest.lib.common.rest_client [req-86dbac07-3cff-4cee-9608-444586509cad req-86dbac07-3cff-4cee-9608-444586509cad ] Request (ServerExternalEventsTest:setUpClass): 204 PUT http://10.180.1.21/identity/v3/projects/a1f1ff74ea8648ddad7d8bb6ccb18dcc/users/a0bb6a9f25d24d9d91d772384d36bb80/roles/ab2fdb23b4864f16995da18551a1d21e 0.116s
2025-03-20 08:18:48.026 67290 INFO tempest.lib.common.dynamic_creds [-] Dynamic test user a0bb6a9f25d24d9d91d772384d36bb80 is created with scope project and roles: ['service', 'admin']
2025-03-20 08:18:48.026 67290 INFO tempest.lib.common.dynamic_creds [-] Acquired dynamic creds: credentials: Credentials: {'domain_id': 'default', 'domain_name': 'Default', 'username': 'tempest-ServerExternalEventsTest-2098877197-project', 'project_domain_id': 'default', 'project_domain_name': 'Default', 'project_id': 'a1f1ff74ea8648ddad7d8bb6ccb18dcc', 'project_name': 'tempest-ServerExternalEventsTest-2098877197', 'tenant_id': 'a1f1ff74ea8648ddad7d8bb6ccb18dcc', 'tenant_name': 'tempest-ServerExternalEventsTest-2098877197', 'user_domain_id': 'default', 'user_domain_name': 'Default', 'user_id': 'a0bb6a9f25d24d9d91d772384d36bb80', 'system': None}, Network: None, Subnet: None, Router: None
2025-03-20 08:18:48.026 67290 INFO tempest.lib.common.dynamic_creds [-] Created isolated network resources for: credentials: Credentials: {'domain_id': 'default', 'domain_name': 'Default', 'username': 'tempest-ServerExternalEventsTest-2098877197-project', 'project_domain_id': 'default', 'project_domain_name': 'Default', 'project_id': 'a1f1ff74ea8648ddad7d8bb6ccb18dcc', 'project_name': 'tempest-ServerExternalEventsTest-2098877197', 'tenant_id': 'a1f1ff74ea8648ddad7d8bb6ccb18dcc', 'tenant_name': 'tempest-ServerExternalEventsTest-2098877197', 'user_domain_id': 'default', 'user_domain_name': 'Default', 'user_id': 'a0bb6a9f25d24d9d91d772384d36bb80', 'system': None}, Network: None, Subnet: None, Router: None
2025-03-20 08:18:48.045 67298 INFO tempest.lib.common.rest_client [req-ea42946d-419a-46ca-bcdc-af9211850c2c req-ea42946d-419a-46ca-bcdc-af9211850c2c ] Request (MigrationsAdminTest:test_list_migrations): 200 GET http://10.180.1.21/compute/v2.1/os-migrations 2.240s
2025-03-20 08:18:48.060 67254 INFO tempest.lib.common.rest_client [req-92724659-27bb-49b5-a5e1-6e6c5b8d327b req-92724659-27bb-49b5-a5e1-6e6c5b8d327b ] Request (FlavorsAdminTestJSON:test_create_flavor_using_string_ram): 200 POST http://10.180.1.21/compute/v2.1/flavors 1.946s
2025-03-20 08:18:48.071 67258 INFO tempest.lib.common.rest_client [req-72eed75a-9b17-41e5-80e6-a79b5df107e6 req-72eed75a-9b17-41e5-80e6-a79b5df107e6 ] Request (AZAdminNegativeTestJSON:tearDownClass): 204 DELETE http://10.180.1.21:9696/networking/v2.0/security-groups/4b0a4dd4-3c7d-4432-8be3-031671f7b811 0.226s
2025-03-20 08:18:48.124 67290 INFO tempest.lib.common.rest_client [req-b6d003e1-91b5-4a31-9af4-1a10522e6334 req-b6d003e1-91b5-4a31-9af4-1a10522e6334 ] Request (ServerExternalEventsTest:setUpClass): 201 POST http://10.180.1.21/identity/v3/auth/tokens 0.093s
2025-03-20 08:18:48.157 67260 INFO tempest.lib.common.rest_client [req-4ca266e2-729d-42f2-80fc-3b1f67dc8192 req-4ca266e2-729d-42f2-80fc-3b1f67dc8192 ] Request (QuotasSecurityGroupAdminNegativeTest:tearDownClass): 204 DELETE http://10.180.1.21/identity/v3/projects/9b0e862a2a6e4605a8397f2c90e0cde1 0.148s
2025-03-20 08:18:48.157 67260 INFO tempest.lib.common.dynamic_creds [-] Deleting project and security group for project: d148f7c8e163461c95cd3ad616e8d128
2025-03-20 08:18:48.218 67298 INFO tempest.lib.common.rest_client [req-19e6cd5a-c836-4622-9cc0-4978182b474e req-19e6cd5a-c836-4622-9cc0-4978182b474e ] Request (MigrationsAdminTest:test_list_migrations_in_flavor_resize_situation): 201 POST http://10.180.1.21/identity/v3/auth/tokens 0.162s
2025-03-20 08:18:48.219 67298 INFO tempest.lib.common.fixed_network [-] (MigrationsAdminTest:test_list_migrations_in_flavor_resize_situation) Found network None available for tenant
2025-03-20 08:18:48.269 67260 INFO tempest.lib.common.rest_client [req-fbe768d8-468a-4ffd-89ac-0d3ff8911edc req-fbe768d8-468a-4ffd-89ac-0d3ff8911edc ] Request (QuotasSecurityGroupAdminNegativeTest:tearDownClass): 200 GET http://10.180.1.21:9696/networking/v2.0/security-groups?tenant_id=d148f7c8e163461c95cd3ad616e8d128&name=default 0.111s
2025-03-20 08:18:48.319 67294 INFO tempest.lib.common.rest_client [req-cb7ff1a7-2d2c-4d96-8405-4206c84f470f req-cb7ff1a7-2d2c-4d96-8405-4206c84f470f ] Request (AZAdminV2TestJSON:test_get_availability_zone_list): 200 GET http://10.180.1.21/compute/v2.1/os-availability-zone 2.000s
2025-03-20 08:18:48.357 67290 INFO tempest.lib.common.rest_client [req-864bff89-9357-4f0a-9c91-504a6980c4cc req-864bff89-9357-4f0a-9c91-504a6980c4cc ] Request (ServerExternalEventsTest:test_create_server_external_events): 201 POST http://10.180.1.21/identity/v3/auth/tokens 0.228s
2025-03-20 08:18:48.358 67290 INFO tempest.lib.common.fixed_network [-] (ServerExternalEventsTest:test_create_server_external_events) Found network None available for tenant
2025-03-20 08:18:48.362 67260 INFO tempest.lib.common.rest_client [req-04c04456-c43e-4fff-8d70-d3e411378a93 req-04c04456-c43e-4fff-8d70-d3e411378a93 ] Request (QuotasSecurityGroupAdminNegativeTest:tearDownClass): 204 DELETE http://10.180.1.21:9696/networking/v2.0/security-groups/b4a1d9f5-869b-424c-94e7-39df8bc0126a 0.093s
2025-03-20 08:18:48.393 67258 INFO tempest.lib.common.rest_client [req-9b657582-7744-4ef4-a8e2-7e5c42fec8e1 req-9b657582-7744-4ef4-a8e2-7e5c42fec8e1 ] Request (AZAdminNegativeTestJSON:tearDownClass): 204 DELETE http://10.180.1.21/identity/v3/projects/f79ad313bd2747849fbd53ed0b3a2a14 0.322s
2025-03-20 08:18:48.394 67258 INFO tempest.test [-] raised in UpdateMultiattachVolumeNegativeTest.setUpClass. Invoking tearDownClass.
2025-03-20 08:18:48.484 67260 INFO tempest.lib.common.rest_client [req-98a24ab6-3a61-4de7-9cfe-2de775d81275 req-98a24ab6-3a61-4de7-9cfe-2de775d81275 ] Request (QuotasSecurityGroupAdminNegativeTest:tearDownClass): 204 DELETE http://10.180.1.21/identity/v3/projects/d148f7c8e163461c95cd3ad616e8d128 0.121s
2025-03-20 08:18:48.493 67311 INFO tempest.lib.common.rest_client [req-b6c8e013-e8f8-4f37-aa4d-a5d0a0d507a4 req-b6c8e013-e8f8-4f37-aa4d-a5d0a0d507a4 ] Request (HostsAdminNegativeTestJSON:setUpClass): 200 GET http://10.180.1.21/compute/v2.1/os-hosts 2.111s
2025-03-20 08:18:48.541 67258 INFO tempest.lib.common.rest_client [req-eeb87715-a304-4865-b140-2f35df35bc12 req-eeb87715-a304-4865-b140-2f35df35bc12 ] Request (ImagesNegativeTestJSON:setUpClass): 201 POST http://10.180.1.21/identity/v3/auth/tokens 0.143s
2025-03-20 08:18:48.571 67260 INFO tempest.lib.common.rest_client [req-a5986a51-c89e-4fb9-ad8a-861b66e33acb req-a5986a51-c89e-4fb9-ad8a-861b66e33acb ] Request (TenantUsagesNegativeTestJSON:setUpClass): 201 POST http://10.180.1.21/identity/v3/auth/tokens 0.086s
2025-03-20 08:18:48.586 67258 INFO tempest.lib.common.rest_client [req-a9d365bc-c28e-4bd7-998f-3f7f349f674f req-a9d365bc-c28e-4bd7-998f-3f7f349f674f ] Request (ImagesNegativeTestJSON:setUpClass): 201 POST http://10.180.1.21/identity/v3/auth/tokens 0.041s
2025-03-20 08:18:48.603 67260 INFO tempest.lib.common.rest_client [req-1354117a-6251-49cc-ae07-e7e50bebdfa6 req-1354117a-6251-49cc-ae07-e7e50bebdfa6 ] Request (TenantUsagesNegativeTestJSON:setUpClass): 201 POST http://10.180.1.21/identity/v3/auth/tokens 0.029s
2025-03-20 08:18:48.614 67258 INFO tempest.lib.common.rest_client [req-080f4a48-8745-4ad5-8685-b0bf9befc83a req-080f4a48-8745-4ad5-8685-b0bf9befc83a ] Request (ImagesNegativeTestJSON:setUpClass): 200 GET http://10.180.1.21/identity/v3/domains?name=Default 0.027s
2025-03-20 08:18:48.619 67286 INFO tempest.lib.common.rest_client [req-ca9bcb45-38b6-4bcb-991a-6d8416f739cc req-ca9bcb45-38b6-4bcb-991a-6d8416f739cc ] Request (ServerDiagnosticsTest:test_get_server_diagnostics): 202 POST http://10.180.1.21/compute/v2.1/servers 2.466s
2025-03-20 08:18:48.628 67260 INFO tempest.lib.common.rest_client [req-a922ad1a-88be-4292-befc-4b7673ce7a64 req-a922ad1a-88be-4292-befc-4b7673ce7a64 ] Request (TenantUsagesNegativeTestJSON:setUpClass): 200 GET http://10.180.1.21/identity/v3/domains?name=Default 0.025s
2025-03-20 08:18:48.662 67258 INFO tempest.lib.common.rest_client [req-fe8af5e3-20e0-4945-9568-1364e3fb3866 req-fe8af5e3-20e0-4945-9568-1364e3fb3866 ] Request (ImagesNegativeTestJSON:setUpClass): 201 POST http://10.180.1.21/identity/v3/projects 0.047s
2025-03-20 08:18:48.747 67260 INFO tempest.lib.common.rest_client [req-b567862c-6323-4372-a3d3-a8c4546dba49 req-b567862c-6323-4372-a3d3-a8c4546dba49 ] Request (TenantUsagesNegativeTestJSON:setUpClass): 201 POST http://10.180.1.21/identity/v3/projects 0.118s
2025-03-20 08:18:48.846 67258 INFO tempest.lib.common.rest_client [req-56574bf7-5cb6-4a70-bdbf-af267084bc71 req-56574bf7-5cb6-4a70-bdbf-af267084bc71 ] Request (ImagesNegativeTestJSON:setUpClass): 201 POST http://10.180.1.21/identity/v3/users 0.183s
2025-03-20 08:18:48.847 67274 INFO tempest.lib.common.rest_client [req-39ce7233-ed12-49ce-9a7c-c004a7addaa7 req-39ce7233-ed12-49ce-9a7c-c004a7addaa7 ] Request (ServerDiagnosticsNegativeTest:test_get_server_diagnostics_by_non_admin): 200 GET http://10.180.1.21/compute/v2.1/servers/860124dd-da7e-4beb-832f-7a9ab9580aed 2.444s
2025-03-20 08:18:48.858 67274 INFO tempest.common.waiters [-] State transition "BUILD/scheduling" ==> "BUILD/spawning" after 3 second wait
2025-03-20 08:18:48.879 67260 INFO tempest.lib.common.rest_client [req-82f50c69-3148-40c9-96bb-d1ffe215d02a req-82f50c69-3148-40c9-96bb-d1ffe215d02a ] Request (TenantUsagesNegativeTestJSON:setUpClass): 201 POST http://10.180.1.21/identity/v3/users 0.132s
2025-03-20 08:18:48.901 67258 INFO tempest.lib.common.rest_client [req-292d2cae-d817-4050-a516-a0e5386d88eb req-292d2cae-d817-4050-a516-a0e5386d88eb ] Request (ImagesNegativeTestJSON:setUpClass): 200 GET http://10.180.1.21/identity/v3/roles 0.055s
2025-03-20 08:18:48.915 67260 INFO tempest.lib.common.rest_client [req-2b111b24-9aae-4484-8d1b-b399ed510bc5 req-2b111b24-9aae-4484-8d1b-b399ed510bc5 ] Request (TenantUsagesNegativeTestJSON:setUpClass): 200 GET http://10.180.1.21/identity/v3/roles 0.035s
2025-03-20 08:18:48.937 67258 INFO tempest.lib.common.rest_client [req-d5366d7c-bbf0-41d4-8429-ab8e3fb32751 req-d5366d7c-bbf0-41d4-8429-ab8e3fb32751 ] Request (ImagesNegativeTestJSON:setUpClass): 204 PUT http://10.180.1.21/identity/v3/projects/699f49af0394495bb00c4a455a1e744d/users/ccfeb618e7c1470fa20f491d3c78817a/roles/e5e416067c864f7ba114adf2729d88f4 0.036s
2025-03-20 08:18:48.938 67258 INFO tempest.lib.common.dynamic_creds [-] Dynamic test user ccfeb618e7c1470fa20f491d3c78817a is created with scope project and roles: ['member']
2025-03-20 08:18:48.938 67258 INFO tempest.lib.common.dynamic_creds [-] Acquired dynamic creds: credentials: Credentials: {'domain_id': 'default', 'domain_name': 'Default', 'username': 'tempest-ImagesNegativeTestJSON-1468887496-project-member', 'project_domain_id': 'default', 'project_domain_name': 'Default', 'project_id': '699f49af0394495bb00c4a455a1e744d', 'project_name': 'tempest-ImagesNegativeTestJSON-1468887496', 'tenant_id': '699f49af0394495bb00c4a455a1e744d', 'tenant_name': 'tempest-ImagesNegativeTestJSON-1468887496', 'user_domain_id': 'default', 'user_domain_name': 'Default', 'user_id': 'ccfeb618e7c1470fa20f491d3c78817a', 'system': None}, Network: None, Subnet: None, Router: None
2025-03-20 08:18:49.007 67284 INFO tempest.lib.common.rest_client [req-27102738-2158-4525-97b3-ae1115379ef7 req-27102738-2158-4525-97b3-ae1115379ef7 ] Request (InstanceUsageAuditLogTestJSON:test_get_instance_usage_audit_log): 200 GET http://10.180.1.21/compute/v2.1/os-instance_usage_audit_log/2025-03-20%2008%3A18%3A46 2.487s
2025-03-20 08:18:49.053 67258 INFO tempest.lib.common.rest_client [req-83d798cc-7673-4458-8283-622731b3c376 req-83d798cc-7673-4458-8283-622731b3c376 ] Request (ImagesNegativeTestJSON:setUpClass): 201 POST http://10.180.1.21/identity/v3/auth/tokens 0.115s
2025-03-20 08:18:49.067 67260 INFO tempest.lib.common.rest_client [req-507c9254-c3d2-49e3-8fcc-db5572bba873 req-507c9254-c3d2-49e3-8fcc-db5572bba873 ] Request (TenantUsagesNegativeTestJSON:setUpClass): 204 PUT http://10.180.1.21/identity/v3/projects/a4a29aad484d445ba9b91fa2954db207/users/c8a5b1e27e41448097540ec3e2e1194e/roles/e5e416067c864f7ba114adf2729d88f4 0.151s
2025-03-20 08:18:49.067 67260 INFO tempest.lib.common.dynamic_creds [-] Dynamic test user c8a5b1e27e41448097540ec3e2e1194e is created with scope project and roles: ['member']
2025-03-20 08:18:49.067 67260 INFO tempest.lib.common.dynamic_creds [-] Acquired dynamic creds: credentials: Credentials: {'domain_id': 'default', 'domain_name': 'Default', 'username': 'tempest-TenantUsagesNegativeTestJSON-1729318509-project-member', 'project_domain_id': 'default', 'project_domain_name': 'Default', 'project_id': 'a4a29aad484d445ba9b91fa2954db207', 'project_name': 'tempest-TenantUsagesNegativeTestJSON-1729318509', 'tenant_id': 'a4a29aad484d445ba9b91fa2954db207', 'tenant_name': 'tempest-TenantUsagesNegativeTestJSON-1729318509', 'user_domain_id': 'default', 'user_domain_name': 'Default', 'user_id': 'c8a5b1e27e41448097540ec3e2e1194e', 'system': None}, Network: None, Subnet: None, Router: None
2025-03-20 08:18:49.067 67260 INFO tempest.lib.common.dynamic_creds [-] Created isolated network resources for: credentials: Credentials: {'domain_id': 'default', 'domain_name': 'Default', 'username': 'tempest-TenantUsagesNegativeTestJSON-1729318509-project-member', 'project_domain_id': 'default', 'project_domain_name': 'Default', 'project_id': 'a4a29aad484d445ba9b91fa2954db207', 'project_name': 'tempest-TenantUsagesNegativeTestJSON-1729318509', 'tenant_id': 'a4a29aad484d445ba9b91fa2954db207', 'tenant_name': 'tempest-TenantUsagesNegativeTestJSON-1729318509', 'user_domain_id': 'default', 'user_domain_name': 'Default', 'user_id': 'c8a5b1e27e41448097540ec3e2e1194e', 'system': None}, Network: None, Subnet: None, Router: None
2025-03-20 08:18:49.134 67266 INFO tempest.lib.common.rest_client [req-ec49ab44-19a8-433b-b258-72f489bde46f req-ec49ab44-19a8-433b-b258-72f489bde46f ] Request (ServerDiagnosticsV248Test:test_get_server_diagnostics): 200 GET http://10.180.1.21/compute/v2.1/servers/96efb9a4-3c83-4dea-94f2-d93dead6a2ca 2.537s
2025-03-20 08:18:49.148 67260 INFO tempest.lib.common.rest_client [req-fc8d9646-3793-410b-a599-b92564569a00 req-fc8d9646-3793-410b-a599-b92564569a00 ] Request (TenantUsagesNegativeTestJSON:setUpClass): 201 POST http://10.180.1.21/identity/v3/auth/tokens 0.074s
2025-03-20 08:18:49.175 67260 INFO tempest.lib.common.rest_client [req-20b33713-70ad-46b1-93d7-b0cafddb71bc req-20b33713-70ad-46b1-93d7-b0cafddb71bc ] Request (TenantUsagesNegativeTestJSON:setUpClass): 201 POST http://10.180.1.21/identity/v3/projects 0.027s
