2025-03-20 08:21:18.368 67306 INFO tempest.lib.common.rest_client [req-57e53f88-78e7-4c64-b36b-92cc9e05d979 req-57e53f88-78e7-4c64-b36b-92cc9e05d979 ] Request (ServerDiskConfigTestJSON:test_rebuild_server_with_auto_disk_config): 200 GET http://10.180.1.21/compute/v2.1/servers/85e5e3fd-942a-4a75-98b5-221d37a51dcf 0.044s
2025-03-20 08:21:18.422 67288 INFO tempest.lib.common.rest_client [req-97b40d62-2bfd-4e74-9da4-2244008c9fd0 req-97b40d62-2bfd-4e74-9da4-2244008c9fd0 ] Request (ServerActionsV293TestJSON:setUpClass): 200 GET http://10.180.1.21/compute/v2.1/servers/63420a94-ef64-407a-a032-61a619907b56 0.049s
2025-03-20 08:21:18.437 67270 INFO tempest.lib.common.rest_client [req-b8073e36-33f0-4238-a088-2f0461e4b0ec req-b8073e36-33f0-4238-a088-2f0461e4b0ec ] Request (ServersAdminNegativeTestJSON:setUpClass): 200 GET http://10.180.1.21/compute/v2.1/servers/13e28171-8074-4660-91cf-f6d569414fc6 0.099s
2025-03-20 08:21:18.461 67276 INFO tempest.lib.common.rest_client [req-a1b19d0a-28d7-4cad-a8c7-3070258e3701 req-a1b19d0a-28d7-4cad-a8c7-3070258e3701 ] Request (ServerRescueTestJSONUnderV235:setUpClass): 200 GET http://10.180.1.21/compute/v2.1/servers/a35ac03a-2a8a-4c79-ae3f-5afc1f563964 0.081s
2025-03-20 08:21:18.641 67274 INFO tempest.lib.common.rest_client [req-6d961b9a-0141-4626-bea2-05564cc9bee4 req-6d961b9a-0141-4626-bea2-05564cc9bee4 ] Request (ServerDiagnosticsNegativeTest:test_get_server_diagnostics_by_non_admin): 200 GET http://10.180.1.21/compute/v2.1/servers/860124dd-da7e-4beb-832f-7a9ab9580aed 0.131s
2025-03-20 08:21:18.644 67290 INFO tempest.lib.common.rest_client [req-1fb058f4-1ec1-48c4-8195-04a76a0dd976 req-1fb058f4-1ec1-48c4-8195-04a76a0dd976 ] Request (ServerExternalEventsTest:test_create_server_external_events): 200 GET http://10.180.1.21/compute/v2.1/servers/0734f630-dea5-4ee0-b890-dd50f3e8b178 0.117s
2025-03-20 08:21:18.765 67286 INFO tempest.lib.common.rest_client [req-c07fac86-ea37-4533-9efc-ea9881d41da1 req-c07fac86-ea37-4533-9efc-ea9881d41da1 ] Request (ServerDiagnosticsTest:test_get_server_diagnostics): 200 GET http://10.180.1.21/compute/v2.1/servers/3eb80b23-a4a3-43e6-9620-86bf1eb344f2 0.139s
2025-03-20 08:21:18.768 67312 INFO tempest.lib.common.rest_client [req-403ca59a-930f-4ccb-ba31-797dde311e75 req-403ca59a-930f-4ccb-ba31-797dde311e75 ] Request (DeleteServersAdminTestJSON:test_admin_delete_servers_of_others): 200 GET http://10.180.1.21/compute/v2.1/servers/e0ac77e1-fb77-4b97-bacc-838cc3e16bbc 0.128s
2025-03-20 08:21:18.818 67304 INFO tempest.lib.common.rest_client [req-eeb64b20-477f-49d3-b206-9025cfe73cdc req-eeb64b20-477f-49d3-b206-9025cfe73cdc ] Request (FloatingIPsAssociationTestJSON:setUpClass): 200 GET http://10.180.1.21/compute/v2.1/servers/29c344b0-2ec3-44e6-8d33-fd988c26da7c 0.136s
2025-03-20 08:21:18.819 67294 INFO tempest.lib.common.rest_client [req-5a171b59-8ee2-4e55-8ad1-728882264c7d req-5a171b59-8ee2-4e55-8ad1-728882264c7d ] Request (ServerActionsTestJSON:setUpClass): 200 GET http://10.180.1.21/compute/v2.1/servers/b10504c5-2770-45e0-bd3a-1fdc342b1397 0.150s
2025-03-20 08:21:18.872 67311 INFO tempest.lib.common.rest_client [req-1339a51b-c379-4653-934d-420274235775 req-1339a51b-c379-4653-934d-420274235775 ] Request (ServersTestJSON:test_create_server_specify_multibyte_character_name): 200 GET http://10.180.1.21/compute/v2.1/servers/fd673125-b2b3-4a7b-a90d-0452b95d5db8 0.162s
2025-03-20 08:21:18.874 67296 INFO tempest.lib.common.rest_client [req-fd769aaa-859e-49dd-b55f-315c4cda9f89 req-fd769aaa-859e-49dd-b55f-315c4cda9f89 ] Request (ServerShowV247Test:test_update_rebuild_list_server): 200 GET http://10.180.1.21/compute/v2.1/servers/a634ad37-b9f9-40a0-b2c1-6cd8612ba274 0.146s
2025-03-20 08:21:18.918 67278 INFO tempest.lib.common.rest_client [req-2d4051dc-1d6b-45ee-9782-06778aeed5da req-2d4051dc-1d6b-45ee-9782-06778aeed5da ] Request (AttachInterfacesUnderV243Test:test_add_remove_fixed_ip): 200 GET http://10.180.1.21/compute/v2.1/servers/96feb18e-14ee-40cf-bd5d-89a4e773c797 0.110s
2025-03-20 08:21:18.970 67280 INFO tempest.lib.common.rest_client [req-21a35c59-d26c-4e68-bc41-5d36d68a9b63 req-21a35c59-d26c-4e68-bc41-5d36d68a9b63 ] Request (VolumesAssistedSnapshotsTest:test_volume_assisted_snapshot_create_delete): 200 GET http://10.180.1.21/compute/v2.1/servers/5c77964f-e902-489a-86c3-9c9d4dd304d3 0.106s
2025-03-20 08:21:19.015 67256 INFO tempest.lib.common.rest_client [req-cf1b918d-9ba0-4899-83aa-55a7dd11bf46 req-cf1b918d-9ba0-4899-83aa-55a7dd11bf46 ] Request (AttachInterfacesTestJSON:test_create_list_show_delete_interfaces_by_fixed_ip): 200 GET http://10.180.1.21/compute/v2.1/servers/bcef5f6b-c7b9-413c-b198-b858444a12da 0.106s
2025-03-20 08:21:19.035 67314 INFO tempest.lib.common.rest_client [req-847f273c-935a-40fa-93ac-f6509bca2685 req-847f273c-935a-40fa-93ac-f6509bca2685 ] Request (FloatingIPsAssociationNegativeTestJSON:setUpClass): 200 GET http://10.180.1.21/compute/v2.1/servers/1bafb1b5-d27b-4ca1-bb9f-09f7ab4a2a93 0.224s
2025-03-20 08:21:19.085 67262 INFO tempest.lib.common.rest_client [req-989ae4b0-0c3c-4507-8a01-6b33e2c8b0b7 req-989ae4b0-0c3c-4507-8a01-6b33e2c8b0b7 ] Request (ServersWithSpecificFlavorTestJSON:test_verify_created_server_ephemeral_disk): 200 GET http://10.180.1.21/compute/v2.1/servers/66fa7689-aea7-4b88-b63c-0754f5e99d51 0.134s
2025-03-20 08:21:19.134 67272 INFO tempest.lib.common.rest_client [req-a8a50cca-2cf7-4db4-92f9-56a37c2fbaf1 req-a8a50cca-2cf7-4db4-92f9-56a37c2fbaf1 ] Request (ServersTestMultiNic:test_verify_duplicate_network_nics): 200 GET http://10.180.1.21/compute/v2.1/servers/76b9817f-5571-48f6-8144-08d18f635750 0.172s
2025-03-20 08:21:19.136 67298 INFO tempest.lib.common.rest_client [req-1d01c871-8021-43ff-a347-e8d3c1824d03 req-1d01c871-8021-43ff-a347-e8d3c1824d03 ] Request (MigrationsAdminTest:test_list_migrations_in_flavor_resize_situation): 200 GET http://10.180.1.21/compute/v2.1/servers/98ad3e5c-065d-4561-890c-46d5ca0a8f7f 0.219s
2025-03-20 08:21:19.197 67300 INFO tempest.lib.common.rest_client [req-5f8eeaa5-c0af-4628-8cf5-c9ae45bdc7d5 req-5f8eeaa5-c0af-4628-8cf5-c9ae45bdc7d5 ] Request (AttachVolumeNegativeTest:test_attach_attached_volume_to_different_server): 200 GET http://10.180.1.21/compute/v2.1/servers/573d1e82-a96d-47e9-89b0-efd69306ed59 0.103s
2025-03-20 08:21:19.243 67284 INFO tempest.lib.common.rest_client [req-df6c6441-3435-42fc-9ebb-b9fdb1047027 req-df6c6441-3435-42fc-9ebb-b9fdb1047027 ] Request (ServersTestBootFromVolume:setUpClass): 200 GET http://10.180.1.21/compute/v2.1/servers/1b24ae9d-f8bc-4c11-9b07-b4a4e435e269 0.102s
2025-03-20 08:21:19.309 67258 INFO tempest.lib.common.rest_client [req-fe2e5d84-ea19-4d2d-94d7-ed2bbd2ca0cb req-fe2e5d84-ea19-4d2d-94d7-ed2bbd2ca0cb ] Request (ImagesNegativeTestJSON:test_create_image_from_deleted_server): 200 GET http://10.180.1.21/compute/v2.1/servers/aa6e2bca-a3e3-4803-8120-bb8f3e6fae2a 0.263s
2025-03-20 08:21:19.351 67292 INFO tempest.lib.common.rest_client [req-3b811e64-b945-4beb-8f0a-eb2e43b7153b req-3b811e64-b945-4beb-8f0a-eb2e43b7153b ] Request (ImagesTestJSON:test_create_image_from_stopped_server): 200 GET http://10.180.1.21/compute/v2.1/servers/781b688b-ec99-4423-99b2-2502c6e8a75d 0.210s
2025-03-20 08:21:19.353 67316 INFO tempest.lib.common.rest_client [req-237cb08d-3627-4f59-ba52-5522dfb1502c req-237cb08d-3627-4f59-ba52-5522dfb1502c ] Request (ImagesOneServerTestJSON:setUpClass): 200 GET http://10.180.1.21/compute/v2.1/servers/8cd6a13f-fae2-43ea-846e-24f4987cf2ea 0.164s
2025-03-20 08:21:19.406 67282 INFO tempest.lib.common.rest_client [req-d45c7175-413f-4a0e-8bbb-829def03f61d req-d45c7175-413f-4a0e-8bbb-829def03f61d ] Request (SecurityGroupsTestJSON:test_list_security_groups_by_server): 200 GET http://10.180.1.21/compute/v2.1/servers/32cb4672-8ebe-472b-b4ff-48bffad679e6 0.172s
2025-03-20 08:21:19.450 67260 INFO tempest.lib.common.rest_client [req-929dfc5a-096a-4e87-8ff5-14b597590fe7 req-929dfc5a-096a-4e87-8ff5-14b597590fe7 ] Request (ServersTestJSON:setUpClass): 200 GET http://10.180.1.21/compute/v2.1/servers/4df734f8-537a-462b-991e-472c15afeb61 0.175s
2025-03-20 08:21:19.460 67308 INFO tempest.lib.common.rest_client [req-ef10c197-08d8-4922-bb7c-3ed897ad1b0a req-ef10c197-08d8-4922-bb7c-3ed897ad1b0a ] Request (TenantUsagesTestJSON:setUpClass): 200 GET http://10.180.1.21/compute/v2.1/servers/bf738778-771f-4a1a-b83e-d786c67dafc0 0.209s
2025-03-20 08:21:19.492 67266 INFO tempest.lib.common.rest_client [req-9c488b71-eaed-4562-b1ae-56a0639a393f req-9c488b71-eaed-4562-b1ae-56a0639a393f ] Request (DeleteServersTestJSON:test_delete_active_server): 200 GET http://10.180.1.21/compute/v2.1/servers/e0eca599-b9a0-40a5-968d-21ac240f815c 0.202s
2025-03-20 08:21:19.505 67268 INFO tempest.lib.common.rest_client [req-07682a81-bd8e-4329-af7d-848fa0ca0b8d req-07682a81-bd8e-4329-af7d-848fa0ca0b8d ] Request (InstanceActionsV221TestJSON:test_get_list_deleted_instance_actions): 200 GET http://10.180.1.21/compute/v2.1/servers/ba11c5cc-bd2b-4500-a87e-941e64630c36 0.185s
2025-03-20 08:21:19.532 67302 INFO tempest.lib.common.rest_client [req-f2148011-7baf-44b2-8048-3f2d84c26907 req-f2148011-7baf-44b2-8048-3f2d84c26907 ] Request (VolumesAdminNegativeTest:test_update_attached_volume_with_nonexistent_volume_in_body): 200 GET http://10.180.1.21/compute/v2.1/servers/76c4c961-0d94-445e-a861-b3880ef96d98 0.202s
2025-03-20 08:21:19.546 67306 INFO tempest.lib.common.rest_client [req-c17b68f4-da2b-4f0c-8173-e42e1e8fbe19 req-c17b68f4-da2b-4f0c-8173-e42e1e8fbe19 ] Request (ServerDiskConfigTestJSON:test_rebuild_server_with_auto_disk_config): 200 GET http://10.180.1.21/compute/v2.1/servers/85e5e3fd-942a-4a75-98b5-221d37a51dcf 0.170s
2025-03-20 08:21:19.586 67288 INFO tempest.lib.common.rest_client [req-feacfa12-0ca5-4d3e-b10c-29b1a06a6131 req-feacfa12-0ca5-4d3e-b10c-29b1a06a6131 ] Request (ServerActionsV293TestJSON:setUpClass): 200 GET http://10.180.1.21/compute/v2.1/servers/63420a94-ef64-407a-a032-61a619907b56 0.154s
2025-03-20 08:21:19.634 67276 INFO tempest.lib.common.rest_client [req-41835bd1-a920-4e91-9573-9728432c6fa0 req-41835bd1-a920-4e91-9573-9728432c6fa0 ] Request (ServerRescueTestJSONUnderV235:setUpClass): 200 GET http://10.180.1.21/compute/v2.1/servers/a35ac03a-2a8a-4c79-ae3f-5afc1f563964 0.165s
2025-03-20 08:21:19.646 67270 INFO tempest.lib.common.rest_client [req-706baa07-44a6-4de7-9390-cb2ad5eda473 req-706baa07-44a6-4de7-9390-cb2ad5eda473 ] Request (ServersAdminNegativeTestJSON:setUpClass): 200 GET http://10.180.1.21/compute/v2.1/servers/13e28171-8074-4660-91cf-f6d569414fc6 0.201s
2025-03-20 08:21:19.782 67274 INFO tempest.lib.common.rest_client [req-38ff0ce6-e2b4-4366-8277-a69b2032e0e3 req-38ff0ce6-e2b4-4366-8277-a69b2032e0e3 ] Request (ServerDiagnosticsNegativeTest:test_get_server_diagnostics_by_non_admin): 200 GET http://10.180.1.21/compute/v2.1/servers/860124dd-da7e-4beb-832f-7a9ab9580aed 0.132s
2025-03-20 08:21:19.786 67290 INFO tempest.lib.common.rest_client [req-7310eee0-38a6-4c6b-9298-3d062bdc5b00 req-7310eee0-38a6-4c6b-9298-3d062bdc5b00 ] Request (ServerExternalEventsTest:test_create_server_external_events): 200 GET http://10.180.1.21/compute/v2.1/servers/0734f630-dea5-4ee0-b890-dd50f3e8b178 0.134s
2025-03-20 08:21:19.913 67312 INFO tempest.lib.common.rest_client [req-ba314b91-243a-4976-a522-d070b087c328 req-ba314b91-243a-4976-a522-d070b087c328 ] Request (DeleteServersAdminTestJSON:test_admin_delete_servers_of_others): 200 GET http://10.180.1.21/compute/v2.1/servers/e0ac77e1-fb77-4b97-bacc-838cc3e16bbc 0.136s
2025-03-20 08:21:19.918 67286 INFO tempest.lib.common.rest_client [req-6e5d9d94-4623-4df4-a37e-05263487c07d req-6e5d9d94-4623-4df4-a37e-05263487c07d ] Request (ServerDiagnosticsTest:test_get_server_diagnostics): 200 GET http://10.180.1.21/compute/v2.1/servers/3eb80b23-a4a3-43e6-9620-86bf1eb344f2 0.144s
2025-03-20 08:21:19.970 67294 INFO tempest.lib.common.rest_client [req-954bc32e-274d-4028-a621-65e16adc098b req-954bc32e-274d-4028-a621-65e16adc098b ] Request (ServerActionsTestJSON:setUpClass): 200 GET http://10.180.1.21/compute/v2.1/servers/b10504c5-2770-45e0-bd3a-1fdc342b1397 0.143s
2025-03-20 08:21:19.972 67304 INFO tempest.lib.common.rest_client [req-6782365f-6feb-4c19-8e7b-134b44a75864 req-6782365f-6feb-4c19-8e7b-134b44a75864 ] Request (FloatingIPsAssociationTestJSON:setUpClass): 200 GET http://10.180.1.21/compute/v2.1/servers/29c344b0-2ec3-44e6-8d33-fd988c26da7c 0.145s
2025-03-20 08:21:20.020 67311 INFO tempest.lib.common.rest_client [req-95142ed2-ac79-47ad-ac35-ee4b69e52e6e req-95142ed2-ac79-47ad-ac35-ee4b69e52e6e ] Request (ServersTestJSON:test_create_server_specify_multibyte_character_name): 200 GET http://10.180.1.21/compute/v2.1/servers/fd673125-b2b3-4a7b-a90d-0452b95d5db8 0.140s
2025-03-20 08:21:20.031 67296 INFO tempest.lib.common.rest_client [req-9a6995af-80ef-4118-adbf-bf554d70622f req-9a6995af-80ef-4118-adbf-bf554d70622f ] Request (ServerShowV247Test:test_update_rebuild_list_server): 200 GET http://10.180.1.21/compute/v2.1/servers/a634ad37-b9f9-40a0-b2c1-6cd8612ba274 0.145s
2025-03-20 08:21:20.066 67278 INFO tempest.lib.common.rest_client [req-92424155-3be1-4e53-9765-e9ddce7d5538 req-92424155-3be1-4e53-9765-e9ddce7d5538 ] Request (AttachInterfacesUnderV243Test:test_add_remove_fixed_ip): 200 GET http://10.180.1.21/compute/v2.1/servers/96feb18e-14ee-40cf-bd5d-89a4e773c797 0.140s
2025-03-20 08:21:20.079 67280 INFO tempest.lib.common.rest_client [req-5404fb12-5875-485d-9be7-1ef9391985c0 req-5404fb12-5875-485d-9be7-1ef9391985c0 ] Request (VolumesAssistedSnapshotsTest:test_volume_assisted_snapshot_create_delete): 200 GET http://10.180.1.21/compute/v2.1/servers/5c77964f-e902-489a-86c3-9c9d4dd304d3 0.101s
2025-03-20 08:21:20.117 67256 INFO tempest.lib.common.rest_client [req-ca1e08d1-c580-4271-9dfa-5645bbb3e698 req-ca1e08d1-c580-4271-9dfa-5645bbb3e698 ] Request (AttachInterfacesTestJSON:test_create_list_show_delete_interfaces_by_fixed_ip): 200 GET http://10.180.1.21/compute/v2.1/servers/bcef5f6b-c7b9-413c-b198-b858444a12da 0.093s
2025-03-20 08:21:20.162 67262 INFO tempest.lib.common.rest_client [req-aaa8826c-49ae-4b06-b787-79d1b346f62f req-aaa8826c-49ae-4b06-b787-79d1b346f62f ] Request (ServersWithSpecificFlavorTestJSON:test_verify_created_server_ephemeral_disk): 200 GET http://10.180.1.21/compute/v2.1/servers/66fa7689-aea7-4b88-b63c-0754f5e99d51 0.070s
2025-03-20 08:21:20.177 67314 INFO tempest.lib.common.rest_client [req-484563b6-86d0-4e84-a784-4f0b7ba9e0cd req-484563b6-86d0-4e84-a784-4f0b7ba9e0cd ] Request (FloatingIPsAssociationNegativeTestJSON:setUpClass): 200 GET http://10.180.1.21/compute/v2.1/servers/1bafb1b5-d27b-4ca1-bb9f-09f7ab4a2a93 0.134s
2025-03-20 08:21:20.383 67272 INFO tempest.lib.common.rest_client [req-6dfe2538-f3b7-4182-bead-e3750bbb8638 req-6dfe2538-f3b7-4182-bead-e3750bbb8638 ] Request (ServersTestMultiNic:test_verify_duplicate_network_nics): 200 GET http://10.180.1.21/compute/v2.1/servers/76b9817f-5571-48f6-8144-08d18f635750 0.242s
2025-03-20 08:21:20.447 67300 INFO tempest.lib.common.rest_client [req-86eae6aa-cf91-47ab-979a-ca2ec568c7f1 req-86eae6aa-cf91-47ab-979a-ca2ec568c7f1 ] Request (AttachVolumeNegativeTest:test_attach_attached_volume_to_different_server): 200 GET http://10.180.1.21/compute/v2.1/servers/573d1e82-a96d-47e9-89b0-efd69306ed59 0.243s
2025-03-20 08:21:20.516 67284 INFO tempest.lib.common.rest_client [req-362c8a26-bb8d-44c6-8b83-141ec942da66 req-362c8a26-bb8d-44c6-8b83-141ec942da66 ] Request (ServersTestBootFromVolume:setUpClass): 200 GET http://10.180.1.21/compute/v2.1/servers/1b24ae9d-f8bc-4c11-9b07-b4a4e435e269 0.264s
2025-03-20 08:21:20.519 67298 INFO tempest.lib.common.rest_client [req-1bc23ec1-70c3-4429-9372-3a3b726c96c1 req-1bc23ec1-70c3-4429-9372-3a3b726c96c1 ] Request (MigrationsAdminTest:test_list_migrations_in_flavor_resize_situation): 200 GET http://10.180.1.21/compute/v2.1/servers/98ad3e5c-065d-4561-890c-46d5ca0a8f7f 0.375s
2025-03-20 08:21:20.693 67292 INFO tempest.lib.common.rest_client [req-d33b02e2-d57a-4888-81b8-6ec627b5e341 req-d33b02e2-d57a-4888-81b8-6ec627b5e341 ] Request (ImagesTestJSON:test_create_image_from_stopped_server): 200 GET http://10.180.1.21/compute/v2.1/servers/781b688b-ec99-4423-99b2-2502c6e8a75d 0.334s
2025-03-20 08:21:20.696 67258 INFO tempest.lib.common.rest_client [req-41d9cc9c-e24b-4c03-93da-db294a16d27d req-41d9cc9c-e24b-4c03-93da-db294a16d27d ] Request (ImagesNegativeTestJSON:test_create_image_from_deleted_server): 200 GET http://10.180.1.21/compute/v2.1/servers/aa6e2bca-a3e3-4803-8120-bb8f3e6fae2a 0.380s
2025-03-20 08:21:20.767 67316 INFO tempest.lib.common.rest_client [req-d0a8a336-871b-4754-992d-347e4b17aa72 req-d0a8a336-871b-4754-992d-347e4b17aa72 ] Request (ImagesOneServerTestJSON:setUpClass): 200 GET http://10.180.1.21/compute/v2.1/servers/8cd6a13f-fae2-43ea-846e-24f4987cf2ea 0.405s
2025-03-20 08:21:20.770 67282 INFO tempest.lib.common.rest_client [req-5a46437b-2013-44a2-b7ab-01fe5de21435 req-5a46437b-2013-44a2-b7ab-01fe5de21435 ] Request (SecurityGroupsTestJSON:test_list_security_groups_by_server): 200 GET http://10.180.1.21/compute/v2.1/servers/32cb4672-8ebe-472b-b4ff-48bffad679e6 0.352s
2025-03-20 08:21:20.853 67260 INFO tempest.lib.common.rest_client [req-15119457-6959-438c-9ccb-da0e113b95ea req-15119457-6959-438c-9ccb-da0e113b95ea ] Request (ServersTestJSON:setUpClass): 200 GET http://10.180.1.21/compute/v2.1/servers/4df734f8-537a-462b-991e-472c15afeb61 0.395s
2025-03-20 08:21:20.863 67308 INFO tempest.lib.common.rest_client [req-f43c2c94-aac7-4dc4-a49e-249027acd960 req-f43c2c94-aac7-4dc4-a49e-249027acd960 ] Request (TenantUsagesTestJSON:setUpClass): 200 GET http://10.180.1.21/compute/v2.1/servers/bf738778-771f-4a1a-b83e-d786c67dafc0 0.394s
2025-03-20 08:21:20.905 67266 INFO tempest.lib.common.rest_client [req-dc7b98bb-210a-445a-b105-abaf22a5dbdc req-dc7b98bb-210a-445a-b105-abaf22a5dbdc ] Request (DeleteServersTestJSON:test_delete_active_server): 200 GET http://10.180.1.21/compute/v2.1/servers/e0eca599-b9a0-40a5-968d-21ac240f815c 0.404s
2025-03-20 08:21:20.923 67268 INFO tempest.lib.common.rest_client [req-15ecf5f7-6435-4435-b2e2-9dee302519da req-15ecf5f7-6435-4435-b2e2-9dee302519da ] Request (InstanceActionsV221TestJSON:test_get_list_deleted_instance_actions): 200 GET http://10.180.1.21/compute/v2.1/servers/ba11c5cc-bd2b-4500-a87e-941e64630c36 0.409s
2025-03-20 08:21:20.954 67302 INFO tempest.lib.common.rest_client [req-d802e1d7-56d9-4a4b-bce8-d7da3a18c90b req-d802e1d7-56d9-4a4b-bce8-d7da3a18c90b ] Request (VolumesAdminNegativeTest:test_update_attached_volume_with_nonexistent_volume_in_body): 200 GET http://10.180.1.21/compute/v2.1/servers/76c4c961-0d94-445e-a861-b3880ef96d98 0.413s
2025-03-20 08:21:20.972 67306 INFO tempest.lib.common.rest_client [req-84c3d650-fc1c-44ff-80fe-cbaf8d95219a req-84c3d650-fc1c-44ff-80fe-cbaf8d95219a ] Request (ServerDiskConfigTestJSON:test_rebuild_server_with_auto_disk_config): 200 GET http://10.180.1.21/compute/v2.1/servers/85e5e3fd-942a-4a75-98b5-221d37a51dcf 0.418s
2025-03-20 08:21:21.013 67288 INFO tempest.lib.common.rest_client [req-38e7bc1a-7943-4219-bdd9-863fe6f894d3 req-38e7bc1a-7943-4219-bdd9-863fe6f894d3 ] Request (ServerActionsV293TestJSON:setUpClass): 200 GET http://10.180.1.21/compute/v2.1/servers/63420a94-ef64-407a-a032-61a619907b56 0.416s
2025-03-20 08:21:21.016 67276 INFO tempest.lib.common.rest_client [req-847f6031-29ae-4e45-a60a-889762e15005 req-847f6031-29ae-4e45-a60a-889762e15005 ] Request (ServerRescueTestJSONUnderV235:setUpClass): 200 GET http://10.180.1.21/compute/v2.1/servers/a35ac03a-2a8a-4c79-ae3f-5afc1f563964 0.373s
2025-03-20 08:21:21.151 67270 INFO tempest.lib.common.rest_client [req-c716c5d5-dc74-43a6-bebf-bd92c5d7d8d3 req-c716c5d5-dc74-43a6-bebf-bd92c5d7d8d3 ] Request (ServersAdminNegativeTestJSON:setUpClass): 200 GET http://10.180.1.21/compute/v2.1/servers/13e28171-8074-4660-91cf-f6d569414fc6 0.496s
2025-03-20 08:21:21.151 67274 INFO tempest.lib.common.rest_client [req-10bf322d-fa25-4349-9f25-b853023aa4d4 req-10bf322d-fa25-4349-9f25-b853023aa4d4 ] Request (ServerDiagnosticsNegativeTest:test_get_server_diagnostics_by_non_admin): 200 GET http://10.180.1.21/compute/v2.1/servers/860124dd-da7e-4beb-832f-7a9ab9580aed 0.362s
2025-03-20 08:21:21.279 67290 INFO tempest.lib.common.rest_client [req-ed5b47e4-df15-4c37-b843-d3332d52af71 req-ed5b47e4-df15-4c37-b843-d3332d52af71 ] Request (ServerExternalEventsTest:test_create_server_external_events): 200 GET http://10.180.1.21/compute/v2.1/servers/0734f630-dea5-4ee0-b890-dd50f3e8b178 0.485s
2025-03-20 08:21:21.281 67312 INFO tempest.lib.common.rest_client [req-37db200e-3d44-4afe-9299-63f22bad2faa req-37db200e-3d44-4afe-9299-63f22bad2faa ] Request (DeleteServersAdminTestJSON:test_admin_delete_servers_of_others): 200 GET http://10.180.1.21/compute/v2.1/servers/e0ac77e1-fb77-4b97-bacc-838cc3e16bbc 0.361s
2025-03-20 08:21:21.339 67294 INFO tempest.lib.common.rest_client [req-b9ba675e-af35-408e-8810-fb6bcee72dd5 req-b9ba675e-af35-408e-8810-fb6bcee72dd5 ] Request (ServerActionsTestJSON:setUpClass): 200 GET http://10.180.1.21/compute/v2.1/servers/b10504c5-2770-45e0-bd3a-1fdc342b1397 0.361s
2025-03-20 08:21:21.388 67304 INFO tempest.lib.common.rest_client [req-451cec9f-e438-4c77-b18b-a960a37983ce req-451cec9f-e438-4c77-b18b-a960a37983ce ] Request (FloatingIPsAssociationTestJSON:setUpClass): 200 GET http://10.180.1.21/compute/v2.1/servers/29c344b0-2ec3-44e6-8d33-fd988c26da7c 0.407s
2025-03-20 08:21:21.392 67286 INFO tempest.lib.common.rest_client [req-ecc2dc17-05d3-45d9-9258-26c5fb2b5c62 req-ecc2dc17-05d3-45d9-9258-26c5fb2b5c62 ] Request (ServerDiagnosticsTest:test_get_server_diagnostics): 200 GET http://10.180.1.21/compute/v2.1/servers/3eb80b23-a4a3-43e6-9620-86bf1eb344f2 0.464s
2025-03-20 08:21:21.443 67311 INFO tempest.lib.common.rest_client [req-6e8883e1-8826-4a08-ae19-98c6b0692332 req-6e8883e1-8826-4a08-ae19-98c6b0692332 ] Request (ServersTestJSON:test_create_server_specify_multibyte_character_name): 200 GET http://10.180.1.21/compute/v2.1/servers/fd673125-b2b3-4a7b-a90d-0452b95d5db8 0.414s
2025-03-20 08:21:21.445 67296 INFO tempest.lib.common.rest_client [req-f32f258d-863d-4351-9883-a3218505b848 req-f32f258d-863d-4351-9883-a3218505b848 ] Request (ServerShowV247Test:test_update_rebuild_list_server): 200 GET http://10.180.1.21/compute/v2.1/servers/a634ad37-b9f9-40a0-b2c1-6cd8612ba274 0.404s
2025-03-20 08:21:21.498 67280 INFO tempest.lib.common.rest_client [req-7fd01882-6717-49d0-942d-3b1320d93911 req-7fd01882-6717-49d0-942d-3b1320d93911 ] Request (VolumesAssistedSnapshotsTest:test_volume_assisted_snapshot_create_delete): 200 GET http://10.180.1.21/compute/v2.1/servers/5c77964f-e902-489a-86c3-9c9d4dd304d3 0.409s
2025-03-20 08:21:21.499 67278 INFO tempest.lib.common.rest_client [req-c6beabd6-c820-48d3-9b14-68f50da971f5 req-c6beabd6-c820-48d3-9b14-68f50da971f5 ] Request (AttachInterfacesUnderV243Test:test_add_remove_fixed_ip): 200 GET http://10.180.1.21/compute/v2.1/servers/96feb18e-14ee-40cf-bd5d-89a4e773c797 0.426s
2025-03-20 08:21:21.546 67256 INFO tempest.lib.common.rest_client [req-bc4a3262-f979-46cc-9d5b-8c6f1fc4dc35 req-bc4a3262-f979-46cc-9d5b-8c6f1fc4dc35 ] Request (AttachInterfacesTestJSON:test_create_list_show_delete_interfaces_by_fixed_ip): 200 GET http://10.180.1.21/compute/v2.1/servers/bcef5f6b-c7b9-413c-b198-b858444a12da 0.421s
2025-03-20 08:21:21.555 67262 INFO tempest.lib.common.rest_client [req-c059c6e5-70bb-4900-a183-ba039e058397 req-c059c6e5-70bb-4900-a183-ba039e058397 ] Request (ServersWithSpecificFlavorTestJSON:test_verify_created_server_ephemeral_disk): 200 GET http://10.180.1.21/compute/v2.1/servers/66fa7689-aea7-4b88-b63c-0754f5e99d51 0.384s
2025-03-20 08:21:21.561 67262 INFO tempest.common.waiters [-] State transition "BUILD/scheduling" ==> "BUILD/None" after 132 second wait
2025-03-20 08:21:21.612 67272 INFO tempest.lib.common.rest_client [req-5b5a8118-dc1f-47ed-8c6b-61b740dc16fc req-5b5a8118-dc1f-47ed-8c6b-61b740dc16fc ] Request (ServersTestMultiNic:test_verify_duplicate_network_nics): 200 GET http://10.180.1.21/compute/v2.1/servers/76b9817f-5571-48f6-8144-08d18f635750 0.222s
2025-03-20 08:21:21.671 67300 INFO tempest.lib.common.rest_client [req-e45ec020-3717-4f98-9b05-b7aee1b94d27 req-e45ec020-3717-4f98-9b05-b7aee1b94d27 ] Request (AttachVolumeNegativeTest:test_attach_attached_volume_to_different_server): 200 GET http://10.180.1.21/compute/v2.1/servers/573d1e82-a96d-47e9-89b0-efd69306ed59 0.207s
2025-03-20 08:21:21.695 67314 INFO tempest.lib.common.rest_client [req-1661d0f9-c20d-43c7-873b-6f3520666bd0 req-1661d0f9-c20d-43c7-873b-6f3520666bd0 ] Request (FloatingIPsAssociationNegativeTestJSON:setUpClass): 200 GET http://10.180.1.21/compute/v2.1/servers/1bafb1b5-d27b-4ca1-bb9f-09f7ab4a2a93 0.510s
2025-03-20 08:21:21.724 67284 INFO tempest.lib.common.rest_client [req-350f18c0-4c37-4c65-93d8-fe707b46e3ea req-350f18c0-4c37-4c65-93d8-fe707b46e3ea ] Request (ServersTestBootFromVolume:setUpClass): 200 GET http://10.180.1.21/compute/v2.1/servers/1b24ae9d-f8bc-4c11-9b07-b4a4e435e269 0.200s
2025-03-20 08:21:21.931 67292 INFO tempest.lib.common.rest_client [req-cb8769c4-ec2f-4d22-b5ce-3b969b5a5af7 req-cb8769c4-ec2f-4d22-b5ce-3b969b5a5af7 ] Request (ImagesTestJSON:test_create_image_from_stopped_server): 200 GET http://10.180.1.21/compute/v2.1/servers/781b688b-ec99-4423-99b2-2502c6e8a75d 0.229s
2025-03-20 08:21:21.956 67298 INFO tempest.lib.common.rest_client [req-cc21720a-80a7-4df7-8913-9166547fe646 req-cc21720a-80a7-4df7-8913-9166547fe646 ] Request (MigrationsAdminTest:test_list_migrations_in_flavor_resize_situation): 200 GET http://10.180.1.21/compute/v2.1/servers/98ad3e5c-065d-4561-890c-46d5ca0a8f7f 0.424s
2025-03-20 08:21:22.015 67282 INFO tempest.lib.common.rest_client [req-96f1d2f4-8e0d-47b3-b5b7-e5c15bed9e10 req-96f1d2f4-8e0d-47b3-b5b7-e5c15bed9e10 ] Request (SecurityGroupsTestJSON:test_list_security_groups_by_server): 200 GET http://10.180.1.21/compute/v2.1/servers/32cb4672-8ebe-472b-b4ff-48bffad679e6 0.236s
2025-03-20 08:21:22.069 67316 INFO tempest.lib.common.rest_client [req-4f8ee189-008a-4397-b625-bc944dba0599 req-4f8ee189-008a-4397-b625-bc944dba0599 ] Request (ImagesOneServerTestJSON:setUpClass): 200 GET http://10.180.1.21/compute/v2.1/servers/8cd6a13f-fae2-43ea-846e-24f4987cf2ea 0.291s
2025-03-20 08:21:22.102 67258 INFO tempest.lib.common.rest_client [req-72a158f9-6d8c-45cd-8f0e-d8f5122c6aea req-72a158f9-6d8c-45cd-8f0e-d8f5122c6aea ] Request (ImagesNegativeTestJSON:test_create_image_from_deleted_server): 200 GET http://10.180.1.21/compute/v2.1/servers/aa6e2bca-a3e3-4803-8120-bb8f3e6fae2a 0.398s
2025-03-20 08:21:22.121 67260 INFO tempest.lib.common.rest_client [req-627a2054-2483-49d4-be7c-4621ce955811 req-627a2054-2483-49d4-be7c-4621ce955811 ] Request (ServersTestJSON:setUpClass): 200 GET http://10.180.1.21/compute/v2.1/servers/4df734f8-537a-462b-991e-472c15afeb61 0.260s
2025-03-20 08:21:22.183 67266 INFO tempest.lib.common.rest_client [req-64f343e5-04eb-414d-8185-a61f6dddc086 req-64f343e5-04eb-414d-8185-a61f6dddc086 ] Request (DeleteServersTestJSON:test_delete_active_server): 200 GET http://10.180.1.21/compute/v2.1/servers/e0eca599-b9a0-40a5-968d-21ac240f815c 0.269s
2025-03-20 08:21:22.185 67308 INFO tempest.lib.common.rest_client [req-afd0c5a5-9f98-4988-8559-7c609f8cfe5f req-afd0c5a5-9f98-4988-8559-7c609f8cfe5f ] Request (TenantUsagesTestJSON:setUpClass): 200 GET http://10.180.1.21/compute/v2.1/servers/bf738778-771f-4a1a-b83e-d786c67dafc0 0.315s
2025-03-20 08:21:22.193 67308 INFO tempest.common.waiters [-] State transition "BUILD/spawning" ==> "ERROR/None" after 151 second wait
2025-03-20 08:21:22.242 67302 INFO tempest.lib.common.rest_client [req-930096fc-cb23-4171-a575-2d23df6dc41c req-930096fc-cb23-4171-a575-2d23df6dc41c ] Request (VolumesAdminNegativeTest:test_update_attached_volume_with_nonexistent_volume_in_body): 200 GET http://10.180.1.21/compute/v2.1/servers/76c4c961-0d94-445e-a861-b3880ef96d98 0.281s
2025-03-20 08:21:22.255 67268 INFO tempest.lib.common.rest_client [req-653a3774-b38e-4c6d-a391-bef5d620f32e req-653a3774-b38e-4c6d-a391-bef5d620f32e ] Request (InstanceActionsV221TestJSON:test_get_list_deleted_instance_actions): 200 GET http://10.180.1.21/compute/v2.1/servers/ba11c5cc-bd2b-4500-a87e-941e64630c36 0.323s
2025-03-20 08:21:22.318 67306 INFO tempest.lib.common.rest_client [req-4dd08351-91a6-4203-93fc-ae2cb428ae72 req-4dd08351-91a6-4203-93fc-ae2cb428ae72 ] Request (ServerDiskConfigTestJSON:test_rebuild_server_with_auto_disk_config): 200 GET http://10.180.1.21/compute/v2.1/servers/85e5e3fd-942a-4a75-98b5-221d37a51dcf 0.334s
2025-03-20 08:21:22.330 67288 INFO tempest.lib.common.rest_client [req-61844f5b-8d3e-41db-831d-856535d78f61 req-61844f5b-8d3e-41db-831d-856535d78f61 ] Request (ServerActionsV293TestJSON:setUpClass): 200 GET http://10.180.1.21/compute/v2.1/servers/63420a94-ef64-407a-a032-61a619907b56 0.306s
2025-03-20 08:21:22.376 67276 INFO tempest.lib.common.rest_client [req-117fb74f-28b7-49ee-b7c7-9108dc084fa0 req-117fb74f-28b7-49ee-b7c7-9108dc084fa0 ] Request (ServerRescueTestJSONUnderV235:setUpClass): 200 GET http://10.180.1.21/compute/v2.1/servers/a35ac03a-2a8a-4c79-ae3f-5afc1f563964 0.352s
2025-03-20 08:21:22.505 67270 INFO tempest.lib.common.rest_client [req-dea605bf-9ff8-4fe0-87a7-94762f3bd8ee req-dea605bf-9ff8-4fe0-87a7-94762f3bd8ee ] Request (ServersAdminNegativeTestJSON:setUpClass): 200 GET http://10.180.1.21/compute/v2.1/servers/13e28171-8074-4660-91cf-f6d569414fc6 0.346s
2025-03-20 08:21:22.534 67274 INFO tempest.lib.common.rest_client [req-d90a1401-f517-43ed-8f9f-8f7e3e3e51b8 req-d90a1401-f517-43ed-8f9f-8f7e3e3e51b8 ] Request (ServerDiagnosticsNegativeTest:test_get_server_diagnostics_by_non_admin): 200 GET http://10.180.1.21/compute/v2.1/servers/860124dd-da7e-4beb-832f-7a9ab9580aed 0.374s
2025-03-20 08:21:22.832 67290 INFO tempest.lib.common.rest_client [req-5dfb49b3-6413-4ed8-b7df-f78c3f12d28f req-5dfb49b3-6413-4ed8-b7df-f78c3f12d28f ] Request (ServerExternalEventsTest:test_create_server_external_events): 200 GET http://10.180.1.21/compute/v2.1/servers/0734f630-dea5-4ee0-b890-dd50f3e8b178 0.545s
2025-03-20 08:21:22.859 67308 INFO tempest.lib.common.rest_client [req-4b8f5764-8903-4c2b-89ae-9636d6127135 req-4b8f5764-8903-4c2b-89ae-9636d6127135 ] Request (TenantUsagesTestJSON:setUpClass): 204 DELETE http://10.180.1.21/compute/v2.1/servers/bf738778-771f-4a1a-b83e-d786c67dafc0 0.665s
2025-03-20 08:21:22.924 67294 INFO tempest.lib.common.rest_client [req-17599a53-7853-43f0-a88b-80324798ad41 req-17599a53-7853-43f0-a88b-80324798ad41 ] Request (ServerActionsTestJSON:setUpClass): 200 GET http://10.180.1.21/compute/v2.1/servers/b10504c5-2770-45e0-bd3a-1fdc342b1397 0.577s
2025-03-20 08:21:22.981 67304 INFO tempest.lib.common.rest_client [req-350d4a88-2285-42bd-9a8d-ea1212e2199c req-350d4a88-2285-42bd-9a8d-ea1212e2199c ] Request (FloatingIPsAssociationTestJSON:setUpClass): 200 GET http://10.180.1.21/compute/v2.1/servers/29c344b0-2ec3-44e6-8d33-fd988c26da7c 0.585s
2025-03-20 08:21:22.998 67312 INFO tempest.lib.common.rest_client [req-ab63fa82-1f2c-4c09-99f0-75e5268684fa req-ab63fa82-1f2c-4c09-99f0-75e5268684fa ] Request (DeleteServersAdminTestJSON:test_admin_delete_servers_of_others): 200 GET http://10.180.1.21/compute/v2.1/servers/e0ac77e1-fb77-4b97-bacc-838cc3e16bbc 0.709s
2025-03-20 08:21:23.047 67311 INFO tempest.lib.common.rest_client [req-9b7951b7-3722-4245-ad42-8c140b8fa3dd req-9b7951b7-3722-4245-ad42-8c140b8fa3dd ] Request (ServersTestJSON:test_create_server_specify_multibyte_character_name): 200 GET http://10.180.1.21/compute/v2.1/servers/fd673125-b2b3-4a7b-a90d-0452b95d5db8 0.597s
2025-03-20 08:21:23.088 67286 INFO tempest.lib.common.rest_client [req-370aa5d8-bdfb-452e-9597-e413880b6800 req-370aa5d8-bdfb-452e-9597-e413880b6800 ] Request (ServerDiagnosticsTest:test_get_server_diagnostics): 200 GET http://10.180.1.21/compute/v2.1/servers/3eb80b23-a4a3-43e6-9620-86bf1eb344f2 0.688s
2025-03-20 08:21:23.101 67296 INFO tempest.lib.common.rest_client [req-e2acdbb9-fb37-40f8-98bf-dd8368bbfc3d req-e2acdbb9-fb37-40f8-98bf-dd8368bbfc3d ] Request (ServerShowV247Test:test_update_rebuild_list_server): 200 GET http://10.180.1.21/compute/v2.1/servers/a634ad37-b9f9-40a0-b2c1-6cd8612ba274 0.647s
2025-03-20 08:21:23.140 67280 INFO tempest.lib.common.rest_client [req-aa5d3fba-bbdd-428a-8b15-fa1c095fe985 req-aa5d3fba-bbdd-428a-8b15-fa1c095fe985 ] Request (VolumesAssistedSnapshotsTest:test_volume_assisted_snapshot_create_delete): 200 GET http://10.180.1.21/compute/v2.1/servers/5c77964f-e902-489a-86c3-9c9d4dd304d3 0.634s
2025-03-20 08:21:23.152 67278 INFO tempest.lib.common.rest_client [req-8ba4b8bd-8885-4291-8b1d-a094f87683e9 req-8ba4b8bd-8885-4291-8b1d-a094f87683e9 ] Request (AttachInterfacesUnderV243Test:test_add_remove_fixed_ip): 200 GET http://10.180.1.21/compute/v2.1/servers/96feb18e-14ee-40cf-bd5d-89a4e773c797 0.645s
2025-03-20 08:21:23.199 67256 INFO tempest.lib.common.rest_client [req-e624ccae-4eb9-4138-99bf-7d17e3529920 req-e624ccae-4eb9-4138-99bf-7d17e3529920 ] Request (AttachInterfacesTestJSON:test_create_list_show_delete_interfaces_by_fixed_ip): 200 GET http://10.180.1.21/compute/v2.1/servers/bcef5f6b-c7b9-413c-b198-b858444a12da 0.646s
2025-03-20 08:21:23.262 67272 INFO tempest.lib.common.rest_client [req-ff703369-db31-4557-a4e2-ce949a1e3d3a req-ff703369-db31-4557-a4e2-ce949a1e3d3a ] Request (ServersTestMultiNic:test_verify_duplicate_network_nics): 200 GET http://10.180.1.21/compute/v2.1/servers/76b9817f-5571-48f6-8144-08d18f635750 0.642s
2025-03-20 08:21:23.313 67300 INFO tempest.lib.common.rest_client [req-858e528e-c534-4384-99ac-ffb537f118b9 req-858e528e-c534-4384-99ac-ffb537f118b9 ] Request (AttachVolumeNegativeTest:test_attach_attached_volume_to_different_server): 200 GET http://10.180.1.21/compute/v2.1/servers/573d1e82-a96d-47e9-89b0-efd69306ed59 0.634s
2025-03-20 08:21:23.428 67262 INFO tempest.lib.common.rest_client [req-93b19075-1667-4790-a2a4-31d2384d6cdb req-93b19075-1667-4790-a2a4-31d2384d6cdb ] Request (ServersWithSpecificFlavorTestJSON:test_verify_created_server_ephemeral_disk): 200 GET http://10.180.1.21/compute/v2.1/servers/66fa7689-aea7-4b88-b63c-0754f5e99d51 0.866s
2025-03-20 08:21:23.435 67262 INFO tempest.common.waiters [-] State transition "BUILD/None" ==> "BUILD/spawning" after 134 second wait
2025-03-20 08:21:23.460 67314 INFO tempest.lib.common.rest_client [req-ba4117a9-833a-4f44-ba20-7a946caddadb req-ba4117a9-833a-4f44-ba20-7a946caddadb ] Request (FloatingIPsAssociationNegativeTestJSON:setUpClass): 200 GET http://10.180.1.21/compute/v2.1/servers/1bafb1b5-d27b-4ca1-bb9f-09f7ab4a2a93 0.757s
2025-03-20 08:21:23.475 67308 INFO tempest.lib.common.rest_client [req-9e97f9ab-a0d1-4fae-9eb8-907e62200974 req-9e97f9ab-a0d1-4fae-9eb8-907e62200974 ] Request (TenantUsagesTestJSON:setUpClass): 404 GET http://10.180.1.21/compute/v2.1/servers/bf738778-771f-4a1a-b83e-d786c67dafc0 0.615s
2025-03-20 08:21:23.476 67308 INFO tempest.test [-] raised in TenantUsagesTestJSON.setUpClass. Invoking tearDownClass.
2025-03-20 08:21:23.480 67284 INFO tempest.lib.common.rest_client [req-7ff57e92-4570-4d22-8764-409d42728d27 req-7ff57e92-4570-4d22-8764-409d42728d27 ] Request (ServersTestBootFromVolume:setUpClass): 200 GET http://10.180.1.21/compute/v2.1/servers/1b24ae9d-f8bc-4c11-9b07-b4a4e435e269 0.748s
2025-03-20 08:21:23.558 67308 INFO tempest.lib.common.rest_client [req-c464e90c-08ec-48af-9be1-0b1116c25496 req-c464e90c-08ec-48af-9be1-0b1116c25496 ] Request (TenantUsagesTestJSON:tearDownClass): 204 DELETE http://10.180.1.21/identity/v3/users/cfcc005c725e4028b4588f424c6d598f 0.081s
2025-03-20 08:21:23.646 67308 INFO tempest.lib.common.rest_client [req-59fc15c1-5fbb-4c05-9825-9976e1e7b1f5 req-59fc15c1-5fbb-4c05-9825-9976e1e7b1f5 ] Request (TenantUsagesTestJSON:tearDownClass): 204 DELETE http://10.180.1.21/identity/v3/users/6bed429f0d784e4b8e2969d67601bf54 0.088s
2025-03-20 08:21:23.646 67308 INFO tempest.lib.common.dynamic_creds [-] Deleting project and security group for project: c134cc4c3b7041e5aad7cd35c439b6bd
2025-03-20 08:21:23.690 67298 INFO tempest.lib.common.rest_client [req-62e53e36-799a-4c5a-90ca-f8877d8c5383 req-62e53e36-799a-4c5a-90ca-f8877d8c5383 ] Request (MigrationsAdminTest:test_list_migrations_in_flavor_resize_situation): 200 GET http://10.180.1.21/compute/v2.1/servers/98ad3e5c-065d-4561-890c-46d5ca0a8f7f 0.725s
2025-03-20 08:21:23.706 67308 INFO tempest.lib.common.rest_client [req-3dec734d-cac6-4d7f-bd3e-3f85b8295436 req-3dec734d-cac6-4d7f-bd3e-3f85b8295436 ] Request (TenantUsagesTestJSON:tearDownClass): 201 POST http://10.180.1.21/identity/v3/auth/tokens 0.059s
2025-03-20 08:21:23.753 67282 INFO tempest.lib.common.rest_client [req-19a0ea56-4ab3-471a-9c89-05251e047356 req-19a0ea56-4ab3-471a-9c89-05251e047356 ] Request (SecurityGroupsTestJSON:test_list_security_groups_by_server): 200 GET http://10.180.1.21/compute/v2.1/servers/32cb4672-8ebe-472b-b4ff-48bffad679e6 0.729s
2025-03-20 08:21:23.763 67292 INFO tempest.lib.common.rest_client [req-235e861e-166c-4ee2-ab9a-5a2f48e54862 req-235e861e-166c-4ee2-ab9a-5a2f48e54862 ] Request (ImagesTestJSON:test_create_image_from_stopped_server): 200 GET http://10.180.1.21/compute/v2.1/servers/781b688b-ec99-4423-99b2-2502c6e8a75d 0.825s
2025-03-20 08:21:23.804 67308 INFO tempest.lib.common.rest_client [req-d7a228bd-86de-48c9-a367-7f6ef4607850 req-d7a228bd-86de-48c9-a367-7f6ef4607850 ] Request (TenantUsagesTestJSON:tearDownClass): 200 GET http://10.180.1.21:9696/networking/v2.0/security-groups?tenant_id=c134cc4c3b7041e5aad7cd35c439b6bd&name=default 0.098s
2025-03-20 08:21:23.842 67316 INFO tempest.lib.common.rest_client [req-43289e77-8383-4b8e-b15c-1af983bb7aaf req-43289e77-8383-4b8e-b15c-1af983bb7aaf ] Request (ImagesOneServerTestJSON:setUpClass): 200 GET http://10.180.1.21/compute/v2.1/servers/8cd6a13f-fae2-43ea-846e-24f4987cf2ea 0.764s
2025-03-20 08:21:23.882 67308 INFO tempest.lib.common.rest_client [req-b61aef6f-781b-48e7-88b8-8ec37fcffc40 req-b61aef6f-781b-48e7-88b8-8ec37fcffc40 ] Request (TenantUsagesTestJSON:tearDownClass): 204 DELETE http://10.180.1.21:9696/networking/v2.0/security-groups/b1e35ce2-4a50-4c6c-b528-1edd9e48de92 0.078s
2025-03-20 08:21:23.907 67260 INFO tempest.lib.common.rest_client [req-79243b99-d8e3-4fac-acc8-a547d152c634 req-79243b99-d8e3-4fac-acc8-a547d152c634 ] Request (ServersTestJSON:setUpClass): 200 GET http://10.180.1.21/compute/v2.1/servers/4df734f8-537a-462b-991e-472c15afeb61 0.779s
2025-03-20 08:21:23.946 67258 INFO tempest.lib.common.rest_client [req-da00693f-9f5b-4735-b9a6-e73801b0cf88 req-da00693f-9f5b-4735-b9a6-e73801b0cf88 ] Request (ImagesNegativeTestJSON:test_create_image_from_deleted_server): 200 GET http://10.180.1.21/compute/v2.1/servers/aa6e2bca-a3e3-4803-8120-bb8f3e6fae2a 0.832s
2025-03-20 08:21:23.950 67308 INFO tempest.lib.common.rest_client [req-db23e16d-45e5-4a3d-ab38-e0d39f9e2966 req-db23e16d-45e5-4a3d-ab38-e0d39f9e2966 ] Request (TenantUsagesTestJSON:tearDownClass): 204 DELETE http://10.180.1.21/identity/v3/projects/c134cc4c3b7041e5aad7cd35c439b6bd 0.067s
2025-03-20 08:21:23.950 67308 INFO tempest.lib.common.dynamic_creds [-] Deleting project and security group for project: 62a8344b64444b3bae7fb5f33b52baa9
2025-03-20 08:21:23.968 67266 INFO tempest.lib.common.rest_client [req-237f1fd9-1efd-41db-acaf-d1d0c464f51f req-237f1fd9-1efd-41db-acaf-d1d0c464f51f ] Request (DeleteServersTestJSON:test_delete_active_server): 200 GET http://10.180.1.21/compute/v2.1/servers/e0eca599-b9a0-40a5-968d-21ac240f815c 0.776s
2025-03-20 08:21:23.997 67302 INFO tempest.lib.common.rest_client [req-a5a079a9-5f9d-437f-b63a-87f1f56b19ab req-a5a079a9-5f9d-437f-b63a-87f1f56b19ab ] Request (VolumesAdminNegativeTest:test_update_attached_volume_with_nonexistent_volume_in_body): 200 GET http://10.180.1.21/compute/v2.1/servers/76c4c961-0d94-445e-a861-b3880ef96d98 0.745s
2025-03-20 08:21:24.013 67268 INFO tempest.lib.common.rest_client [req-ae3678ad-4f1e-41c3-a86a-c2052cfbc9d5 req-ae3678ad-4f1e-41c3-a86a-c2052cfbc9d5 ] Request (InstanceActionsV221TestJSON:test_get_list_deleted_instance_actions): 200 GET http://10.180.1.21/compute/v2.1/servers/ba11c5cc-bd2b-4500-a87e-941e64630c36 0.749s
2025-03-20 08:21:24.035 67308 INFO tempest.lib.common.rest_client [req-91253851-3408-43b4-8606-e787116ebdda req-91253851-3408-43b4-8606-e787116ebdda ] Request (TenantUsagesTestJSON:tearDownClass): 200 GET http://10.180.1.21:9696/networking/v2.0/security-groups?tenant_id=62a8344b64444b3bae7fb5f33b52baa9&name=default 0.084s
2025-03-20 08:21:24.041 67306 INFO tempest.lib.common.rest_client [req-cc61bfb6-90ed-4f87-b21f-affff26be729 req-cc61bfb6-90ed-4f87-b21f-affff26be729 ] Request (ServerDiskConfigTestJSON:test_rebuild_server_with_auto_disk_config): 200 GET http://10.180.1.21/compute/v2.1/servers/85e5e3fd-942a-4a75-98b5-221d37a51dcf 0.715s
2025-03-20 08:21:24.067 67288 INFO tempest.lib.common.rest_client [req-80e6c29b-9b41-4631-b65b-29b1f523113f req-80e6c29b-9b41-4631-b65b-29b1f523113f ] Request (ServerActionsV293TestJSON:setUpClass): 200 GET http://10.180.1.21/compute/v2.1/servers/63420a94-ef64-407a-a032-61a619907b56 0.727s
2025-03-20 08:21:24.134 67276 INFO tempest.lib.common.rest_client [req-d7da2227-a928-40e5-9367-828363f325ad req-d7da2227-a928-40e5-9367-828363f325ad ] Request (ServerRescueTestJSONUnderV235:setUpClass): 200 GET http://10.180.1.21/compute/v2.1/servers/a35ac03a-2a8a-4c79-ae3f-5afc1f563964 0.751s
2025-03-20 08:21:24.181 67308 INFO tempest.lib.common.rest_client [req-3ccb16de-5299-4412-87fc-827ce909a090 req-3ccb16de-5299-4412-87fc-827ce909a090 ] Request (TenantUsagesTestJSON:tearDownClass): 204 DELETE http://10.180.1.21:9696/networking/v2.0/security-groups/0765d228-3866-4c95-8a4e-b7b343cb6a71 0.146s
2025-03-20 08:21:24.223 67270 INFO tempest.lib.common.rest_client [req-092383bd-5181-407e-927e-ed6c71dc8573 req-092383bd-5181-407e-927e-ed6c71dc8573 ] Request (ServersAdminNegativeTestJSON:setUpClass): 200 GET http://10.180.1.21/compute/v2.1/servers/13e28171-8074-4660-91cf-f6d569414fc6 0.708s
2025-03-20 08:21:24.249 67274 INFO tempest.lib.common.rest_client [req-e3f4628f-f95e-44a6-ac3b-f03a8a394b0c req-e3f4628f-f95e-44a6-ac3b-f03a8a394b0c ] Request (ServerDiagnosticsNegativeTest:test_get_server_diagnostics_by_non_admin): 200 GET http://10.180.1.21/compute/v2.1/servers/860124dd-da7e-4beb-832f-7a9ab9580aed 0.705s
2025-03-20 08:21:24.276 67308 INFO tempest.lib.common.rest_client [req-3f662ece-2566-435b-a4fb-cb73bcf8a237 req-3f662ece-2566-435b-a4fb-cb73bcf8a237 ] Request (TenantUsagesTestJSON:tearDownClass): 204 DELETE http://10.180.1.21/identity/v3/projects/62a8344b64444b3bae7fb5f33b52baa9 0.094s
2025-03-20 08:21:24.308 67294 INFO tempest.lib.common.rest_client [req-9615b5f5-7069-4bbd-a8d9-cc86a1086742 req-9615b5f5-7069-4bbd-a8d9-cc86a1086742 ] Request (ServerActionsTestJSON:setUpClass): 200 GET http://10.180.1.21/compute/v2.1/servers/b10504c5-2770-45e0-bd3a-1fdc342b1397 0.376s
2025-03-20 08:21:24.334 67290 INFO tempest.lib.common.rest_client [req-cb82028d-4fae-4e8f-912b-3d46e846e772 req-cb82028d-4fae-4e8f-912b-3d46e846e772 ] Request (ServerExternalEventsTest:test_create_server_external_events): 200 GET http://10.180.1.21/compute/v2.1/servers/0734f630-dea5-4ee0-b890-dd50f3e8b178 0.493s
2025-03-20 08:21:24.345 67308 INFO tempest.lib.common.rest_client [req-bc82bc36-5b4b-48af-8bb5-d5d753b3c198 req-bc82bc36-5b4b-48af-8bb5-d5d753b3c198 ] Request (FlavorsV2TestJSON:setUpClass): 201 POST http://10.180.1.21/identity/v3/auth/tokens 0.062s
2025-03-20 08:21:24.354 67304 INFO tempest.lib.common.rest_client [req-ff45554f-7a21-4363-bf31-28bef046c089 req-ff45554f-7a21-4363-bf31-28bef046c089 ] Request (FloatingIPsAssociationTestJSON:setUpClass): 200 GET http://10.180.1.21/compute/v2.1/servers/29c344b0-2ec3-44e6-8d33-fd988c26da7c 0.364s
2025-03-20 08:21:24.372 67308 INFO tempest.lib.common.rest_client [req-85b3b05f-2064-4e02-ae52-631385504fc3 req-85b3b05f-2064-4e02-ae52-631385504fc3 ] Request (FlavorsV2TestJSON:setUpClass): 201 POST http://10.180.1.21/identity/v3/auth/tokens 0.025s
2025-03-20 08:21:24.391 67308 INFO tempest.lib.common.rest_client [req-9800596b-ab25-46d0-9f75-17b23e417218 req-9800596b-ab25-46d0-9f75-17b23e417218 ] Request (FlavorsV2TestJSON:setUpClass): 200 GET http://10.180.1.21/identity/v3/domains?name=Default 0.018s
2025-03-20 08:21:24.407 67311 INFO tempest.lib.common.rest_client [req-fa210c6d-10a3-4bc7-902a-9d3d43a7a2bb req-fa210c6d-10a3-4bc7-902a-9d3d43a7a2bb ] Request (ServersTestJSON:test_create_server_specify_multibyte_character_name): 200 GET http://10.180.1.21/compute/v2.1/servers/fd673125-b2b3-4a7b-a90d-0452b95d5db8 0.351s
2025-03-20 08:21:24.415 67308 INFO tempest.lib.common.rest_client [req-1c71eebd-4b86-4e30-b73e-9a945339c293 req-1c71eebd-4b86-4e30-b73e-9a945339c293 ] Request (FlavorsV2TestJSON:setUpClass): 201 POST http://10.180.1.21/identity/v3/projects 0.023s
2025-03-20 08:21:24.436 67312 INFO tempest.lib.common.rest_client [req-e057a66b-b6e6-4a05-8eca-b70b9a890dcf req-e057a66b-b6e6-4a05-8eca-b70b9a890dcf ] Request (DeleteServersAdminTestJSON:test_admin_delete_servers_of_others): 200 GET http://10.180.1.21/compute/v2.1/servers/e0ac77e1-fb77-4b97-bacc-838cc3e16bbc 0.429s
2025-03-20 08:21:24.471 67308 INFO tempest.lib.common.rest_client [req-11f1515c-110b-41f7-a3ce-02ebb148a8e3 req-11f1515c-110b-41f7-a3ce-02ebb148a8e3 ] Request (FlavorsV2TestJSON:setUpClass): 201 POST http://10.180.1.21/identity/v3/users 0.055s
2025-03-20 08:21:24.487 67308 INFO tempest.lib.common.rest_client [req-3af01056-30c3-40f3-b059-d628d9fd034a req-3af01056-30c3-40f3-b059-d628d9fd034a ] Request (FlavorsV2TestJSON:setUpClass): 200 GET http://10.180.1.21/identity/v3/roles 0.015s
2025-03-20 08:21:24.488 67296 INFO tempest.lib.common.rest_client [req-1c7b2f1a-52f6-4ba5-8a72-a11911a208e3 req-1c7b2f1a-52f6-4ba5-8a72-a11911a208e3 ] Request (ServerShowV247Test:test_update_rebuild_list_server): 200 GET http://10.180.1.21/compute/v2.1/servers/a634ad37-b9f9-40a0-b2c1-6cd8612ba274 0.377s
2025-03-20 08:21:24.510 67286 INFO tempest.lib.common.rest_client [req-89457329-9d64-4c3f-9313-49a21a59d31d req-89457329-9d64-4c3f-9313-49a21a59d31d ] Request (ServerDiagnosticsTest:test_get_server_diagnostics): 200 GET http://10.180.1.21/compute/v2.1/servers/3eb80b23-a4a3-43e6-9620-86bf1eb344f2 0.414s
2025-03-20 08:21:24.517 67308 INFO tempest.lib.common.rest_client [req-8d399826-4fe9-440b-b0e8-ff481141ed76 req-8d399826-4fe9-440b-b0e8-ff481141ed76 ] Request (FlavorsV2TestJSON:setUpClass): 204 PUT http://10.180.1.21/identity/v3/projects/0fb526f11a2a4940a0de4ad3a6428e4c/users/1f449b65696f44b19f547ef4835911ac/roles/e5e416067c864f7ba114adf2729d88f4 0.030s
2025-03-20 08:21:24.518 67308 INFO tempest.lib.common.dynamic_creds [-] Dynamic test user 1f449b65696f44b19f547ef4835911ac is created with scope project and roles: ['member']
2025-03-20 08:21:24.518 67308 INFO tempest.lib.common.dynamic_creds [-] Acquired dynamic creds: credentials: Credentials: {'domain_id': 'default', 'domain_name': 'Default', 'username': 'tempest-FlavorsV2TestJSON-529576854-project-member', 'project_domain_id': 'default', 'project_domain_name': 'Default', 'project_id': '0fb526f11a2a4940a0de4ad3a6428e4c', 'project_name': 'tempest-FlavorsV2TestJSON-529576854', 'tenant_id': '0fb526f11a2a4940a0de4ad3a6428e4c', 'tenant_name': 'tempest-FlavorsV2TestJSON-529576854', 'user_domain_id': 'default', 'user_domain_name': 'Default', 'user_id': '1f449b65696f44b19f547ef4835911ac', 'system': None}, Network: None, Subnet: None, Router: None
2025-03-20 08:21:24.518 67308 INFO tempest.lib.common.dynamic_creds [-] Created isolated network resources for: credentials: Credentials: {'domain_id': 'default', 'domain_name': 'Default', 'username': 'tempest-FlavorsV2TestJSON-529576854-project-member', 'project_domain_id': 'default', 'project_domain_name': 'Default', 'project_id': '0fb526f11a2a4940a0de4ad3a6428e4c', 'project_name': 'tempest-FlavorsV2TestJSON-529576854', 'tenant_id': '0fb526f11a2a4940a0de4ad3a6428e4c', 'tenant_name': 'tempest-FlavorsV2TestJSON-529576854', 'user_domain_id': 'default', 'user_domain_name': 'Default', 'user_id': '1f449b65696f44b19f547ef4835911ac', 'system': None}, Network: None, Subnet: None, Router: None
2025-03-20 08:21:24.534 67280 INFO tempest.lib.common.rest_client [req-37b43cb3-9763-427d-a744-129133774862 req-37b43cb3-9763-427d-a744-129133774862 ] Request (VolumesAssistedSnapshotsTest:test_volume_assisted_snapshot_create_delete): 200 GET http://10.180.1.21/compute/v2.1/servers/5c77964f-e902-489a-86c3-9c9d4dd304d3 0.386s
2025-03-20 08:21:24.556 67278 INFO tempest.lib.common.rest_client [req-161e7dcd-145b-4b03-876a-ac010b774962 req-161e7dcd-145b-4b03-876a-ac010b774962 ] Request (AttachInterfacesUnderV243Test:test_add_remove_fixed_ip): 200 GET http://10.180.1.21/compute/v2.1/servers/96feb18e-14ee-40cf-bd5d-89a4e773c797 0.395s
2025-03-20 08:21:24.583 67256 INFO tempest.lib.common.rest_client [req-2998d8aa-b115-4c0d-acf7-9890063bda3a req-2998d8aa-b115-4c0d-acf7-9890063bda3a ] Request (AttachInterfacesTestJSON:test_create_list_show_delete_interfaces_by_fixed_ip): 200 GET http://10.180.1.21/compute/v2.1/servers/bcef5f6b-c7b9-413c-b198-b858444a12da 0.375s
2025-03-20 08:21:24.584 67308 INFO tempest.lib.common.rest_client [req-0209c2ba-e7cb-4b80-9462-69800abc9e88 req-0209c2ba-e7cb-4b80-9462-69800abc9e88 ] Request (FlavorsV2TestJSON:setUpClass): 201 POST http://10.180.1.21/identity/v3/auth/tokens 0.062s
2025-03-20 08:21:24.600 67272 INFO tempest.lib.common.rest_client [req-35a40f3a-7a2a-4732-b7a8-9a5b225c4bb1 req-35a40f3a-7a2a-4732-b7a8-9a5b225c4bb1 ] Request (ServersTestMultiNic:test_verify_duplicate_network_nics): 200 GET http://10.180.1.21/compute/v2.1/servers/76b9817f-5571-48f6-8144-08d18f635750 0.329s
2025-03-20 08:21:24.626 67300 INFO tempest.lib.common.rest_client [req-56e39148-c20f-4a9a-800a-cdf1a11e1b8a req-56e39148-c20f-4a9a-800a-cdf1a11e1b8a ] Request (AttachVolumeNegativeTest:test_attach_attached_volume_to_different_server): 200 GET http://10.180.1.21/compute/v2.1/servers/573d1e82-a96d-47e9-89b0-efd69306ed59 0.305s
