2025-04-15 20:11:24.844 70997 INFO tempest.common.waiters [-] State transition "BUILD/None" ==> "BUILD/networking" after 11 second wait
2025-04-15 20:11:24.850 70962 INFO tempest.lib.common.rest_client [req-8c9e9da4-2195-4f6a-887d-b36fb23acc55 req-8c9e9da4-2195-4f6a-887d-b36fb23acc55 ] Request (SecurityGroupsTestJSON:test_list_security_groups_by_server): 200 GET http://10.180.1.21/compute/v2.1/servers/9df6fabe-f667-4fa4-978d-2e8896a7d18c 1.722s
2025-04-15 20:11:24.960 70984 INFO tempest.lib.common.rest_client [req-39160d4a-30f8-4f52-9f6e-b1fee2e67b21 req-39160d4a-30f8-4f52-9f6e-b1fee2e67b21 ] Request (ServerActionsTestOtherB:setUpClass): 200 GET http://10.180.1.21/compute/v2.1/servers/265f116d-1cdf-4201-a90e-6a3cb4ea8ece 1.736s
2025-04-15 20:11:24.995 70970 INFO tempest.lib.common.rest_client [req-918dbc22-551c-4d19-bb9d-c4837e12d224 req-918dbc22-551c-4d19-bb9d-c4837e12d224 ] Request (FlavorMetadataValidation:tearDownClass): 200 GET http://10.180.1.21:9696/networking/v2.0/security-groups?tenant_id=09890b7a95854b0c9f3428d8a9dd2952&name=default 0.547s
2025-04-15 20:11:25.014 70958 INFO tempest.lib.common.rest_client [req-601d33c4-9053-427d-a69e-aadc451b6c08 req-601d33c4-9053-427d-a69e-aadc451b6c08 ] Request (HypervisorAdminNegativeUnderV252Test:test_show_servers_with_non_admin_user): 200 GET http://10.180.1.21/compute/v2.1/os-hypervisors 1.760s
2025-04-15 20:11:25.064 70988 INFO tempest.lib.common.rest_client [req-cab8e10c-8113-494f-a424-0fc052489e1e req-cab8e10c-8113-494f-a424-0fc052489e1e ] Request (HypervisorAdminNegativeTestJSON:tearDownClass): 200 GET http://10.180.1.21:9696/networking/v2.0/security-groups?tenant_id=28a08e6dfa5f4d05908d304572823b8f&name=default 0.567s
2025-04-15 20:11:25.102 70968 INFO tempest.lib.common.rest_client [req-78492814-ac91-4687-b283-d070177cd84a req-78492814-ac91-4687-b283-d070177cd84a ] Request (QuotasAdminTestV236:test_get_updated_quotas): 200 PUT http://10.180.1.21/compute/v2.1/os-quota-sets/29095264c21149a1a4d026e17c65303d?user_id=31200a9df1004c1da3592f1d80d6a217 1.893s
2025-04-15 20:11:25.126 70950 INFO tempest.lib.common.rest_client [req-57f448a0-7b28-4125-af1a-02e99d061edd req-57f448a0-7b28-4125-af1a-02e99d061edd ] Request (ServersWithSpecificFlavorTestJSON:test_verify_created_server_ephemeral_disk): 200 GET http://10.180.1.21/compute/v2.1/flavors/42/os-extra_specs 1.803s
2025-04-15 20:11:25.128 70966 INFO tempest.lib.common.rest_client [req-6c130d2c-ca94-4897-a247-d3f4571a03a0 req-6c130d2c-ca94-4897-a247-d3f4571a03a0 ] Request (ServerRescueNegativeTestJSON:setUpClass): 200 GET http://10.180.1.21/compute/v2.1/servers/893d73fe-32f3-4b54-a58b-70242f452bce 1.823s
2025-04-15 20:11:25.143 71000 INFO tempest.lib.common.rest_client [req-f2021df0-2e42-4358-bd0e-df6845ac3394 req-f2021df0-2e42-4358-bd0e-df6845ac3394 ] Request (FlavorsAccessTestJSON:_run_cleanups): 200 GET http://10.180.1.21/compute/v2.1/flavors/detail 1.805s
2025-04-15 20:11:25.158 70942 INFO tempest.lib.common.rest_client [req-08fc5e07-aa6c-4c18-aca9-33c9a7fd2131 req-08fc5e07-aa6c-4c18-aca9-33c9a7fd2131 ] Request (AggregatesAdminNegativeTestJSON:test_aggregate_add_non_exist_host): 200 POST http://10.180.1.21/compute/v2.1/os-aggregates 1.784s
2025-04-15 20:11:25.195 70948 INFO tempest.lib.common.rest_client [req-09fe262a-811b-4a50-a62a-67bcf012adf6 req-09fe262a-811b-4a50-a62a-67bcf012adf6 ] Request (HostsAdminTestJSON:test_show_host_detail): 200 GET http://10.180.1.21/compute/v2.1/os-hosts/cpu-1 1.798s
2025-04-15 20:11:25.220 70940 INFO tempest.lib.common.rest_client [req-9ed48540-98c6-42e2-b938-97071d233934 req-9ed48540-98c6-42e2-b938-97071d233934 ] Request (FlavorsAdminTestJSON:test_create_flavor_with_none_id): 200 POST http://10.180.1.21/compute/v2.1/flavors 1.777s
2025-04-15 20:11:25.244 70938 INFO tempest.lib.common.rest_client [req-0fde05b4-b5b4-4dd1-8e91-ae77b4a757bf req-0fde05b4-b5b4-4dd1-8e91-ae77b4a757bf ] Request (FlavorsAccessNegativeTestJSON:test_flavor_non_admin_add): 200 POST http://10.180.1.21/compute/v2.1/flavors 1.781s
2025-04-15 20:11:25.253 70956 INFO tempest.lib.common.rest_client [req-c8c94c36-dc3f-40dd-8843-02acd13730bc req-c8c94c36-dc3f-40dd-8843-02acd13730bc ] Request (ServersAdmin275Test:test_rebuild_update_server_275): 200 GET http://10.180.1.21/compute/v2.1/servers/2047d6d1-2b70-4edb-8fd6-8af659efc6c0 1.826s
2025-04-15 20:11:25.269 70956 INFO tempest.common.waiters [-] State transition "BUILD/spawning" ==> "ACTIVE/None" after 11 second wait
2025-04-15 20:11:25.305 70994 INFO tempest.lib.common.rest_client [req-326fc0db-e1f8-47cf-bc17-d23aa25f66c7 req-326fc0db-e1f8-47cf-bc17-d23aa25f66c7 ] Request (ListImageFiltersTestJSON:setUpClass): 200 GET http://10.180.1.21/compute/v2.1/images/291ae4df-ba9c-457a-b0cb-5e77972a4265 1.405s
2025-04-15 20:11:25.350 70999 INFO tempest.lib.common.rest_client [req-4c4e7748-486f-4c94-b2c4-6cbe8e7e9495 req-4c4e7748-486f-4c94-b2c4-6cbe8e7e9495 ] Request (ServerDiagnosticsNegativeTest:test_get_server_diagnostics_by_non_admin): 200 GET http://10.180.1.21/compute/v2.1/servers/aaf5cee2-6568-483a-8fbb-ebae9a51b408 1.359s
2025-04-15 20:11:25.366 70946 INFO tempest.lib.common.rest_client [req-72ce973e-c451-472f-8dbf-294f738d8f78 req-72ce973e-c451-472f-8dbf-294f738d8f78 ] Request (FlavorsExtraSpecsTestJSON:test_flavor_set_get_update_show_unset_keys): 200 GET http://10.180.1.21/compute/v2.1/flavors/939864909/os-extra_specs 1.194s
2025-04-15 20:11:25.374 70948 INFO tempest.lib.common.rest_client [req-26e50180-f65c-4b3c-94b3-d411f33deccb req-26e50180-f65c-4b3c-94b3-d411f33deccb ] Request (HostsAdminTestJSON:tearDownClass): 204 DELETE http://10.180.1.21/identity/v3/users/b652eb8db6ef421189998dd76499efcd 0.177s
2025-04-15 20:11:25.382 70970 INFO tempest.lib.common.rest_client [req-62c59827-4a93-4d97-a84c-7e7049b9ccff req-62c59827-4a93-4d97-a84c-7e7049b9ccff ] Request (FlavorMetadataValidation:tearDownClass): 204 DELETE http://10.180.1.21:9696/networking/v2.0/security-groups/0ac16546-3f8a-40c3-aad8-7e6800e23591 0.386s
2025-04-15 20:11:25.382 70954 INFO tempest.lib.common.rest_client [req-5103328a-0cb5-45ee-a566-deb8d135791d req-5103328a-0cb5-45ee-a566-deb8d135791d ] Request (HostsAdminNegativeTestJSON:test_startup_nonexistent_host): 404 GET http://10.180.1.21/compute/v2.1/os-hosts/nonexistent_hostname/startup 1.204s
2025-04-15 20:11:25.392 70944 INFO tempest.lib.common.rest_client [req-11967a2f-c804-4d92-87a7-fbade2533977 req-11967a2f-c804-4d92-87a7-fbade2533977 ] Request (FlavorsExtraSpecsNegativeTestJSON:test_flavor_update_more_key): 400 PUT http://10.180.1.21/compute/v2.1/flavors/1266927587/os-extra_specs/hw:numa_nodes 1.206s
2025-04-15 20:11:25.488 70970 INFO tempest.lib.common.rest_client [req-9f3a84ca-5d1a-4159-9146-e772f4b108fd req-9f3a84ca-5d1a-4159-9146-e772f4b108fd ] Request (FlavorMetadataValidation:tearDownClass): 204 DELETE http://10.180.1.21/identity/v3/projects/09890b7a95854b0c9f3428d8a9dd2952 0.105s
2025-04-15 20:11:25.539 70988 INFO tempest.lib.common.rest_client [req-e9f20bea-0aec-41e2-aa12-442873e22861 req-e9f20bea-0aec-41e2-aa12-442873e22861 ] Request (HypervisorAdminNegativeTestJSON:tearDownClass): 204 DELETE http://10.180.1.21:9696/networking/v2.0/security-groups/12b09e45-4201-4049-b4ff-20b0bf2f3bbd 0.474s
2025-04-15 20:11:25.548 70948 INFO tempest.lib.common.rest_client [req-80577000-d9b1-4c6b-a8a3-02677b078ce8 req-80577000-d9b1-4c6b-a8a3-02677b078ce8 ] Request (HostsAdminTestJSON:tearDownClass): 204 DELETE http://10.180.1.21/identity/v3/users/8390b62b0ce046d3ac6bccc9ce20f31b 0.174s
2025-04-15 20:11:25.549 70948 INFO tempest.lib.common.dynamic_creds [-] Deleting project and security group for project: 799ff889b07c4daab5b4c151b5b25dcb
2025-04-15 20:11:25.576 70970 INFO tempest.lib.common.rest_client [req-a0db6ba7-2841-4fc5-b5c7-52d3c591386f req-a0db6ba7-2841-4fc5-b5c7-52d3c591386f ] Request (QuotasSecurityGroupAdminNegativeTest:setUpClass): 201 POST http://10.180.1.21/identity/v3/auth/tokens 0.086s
2025-04-15 20:11:25.603 70948 INFO tempest.lib.common.rest_client [req-20dc4796-9a9c-4d1c-9e78-d1d19995d0c5 req-20dc4796-9a9c-4d1c-9e78-d1d19995d0c5 ] Request (HostsAdminTestJSON:tearDownClass): 201 POST http://10.180.1.21/identity/v3/auth/tokens 0.053s
2025-04-15 20:11:25.643 70960 INFO tempest.lib.common.rest_client [req-0029b07b-3e5f-485b-b476-4b90d4d41073 req-0029b07b-3e5f-485b-b476-4b90d4d41073 ] Request (DeleteServersAdminTestJSON:test_admin_delete_servers_of_others): 200 GET http://10.180.1.21/compute/v2.1/servers/5759352e-c85a-4147-b6aa-32c16df8f3ef 1.327s
2025-04-15 20:11:25.651 70988 INFO tempest.lib.common.rest_client [req-5edf513f-83ad-4a35-bc9e-2a94f637b916 req-5edf513f-83ad-4a35-bc9e-2a94f637b916 ] Request (HypervisorAdminNegativeTestJSON:tearDownClass): 204 DELETE http://10.180.1.21/identity/v3/projects/28a08e6dfa5f4d05908d304572823b8f 0.112s
2025-04-15 20:11:25.651 70988 INFO tempest.lib.common.dynamic_creds [-] Deleting project and security group for project: 07723de61cd946daaf55ce3dba04c95f
2025-04-15 20:11:25.660 70970 INFO tempest.lib.common.rest_client [req-402ec3f2-61ce-49ad-abd0-424fdf695540 req-402ec3f2-61ce-49ad-abd0-424fdf695540 ] Request (QuotasSecurityGroupAdminNegativeTest:setUpClass): 201 POST http://10.180.1.21/identity/v3/auth/tokens 0.077s
2025-04-15 20:11:25.679 70970 INFO tempest.lib.common.rest_client [req-02f1a997-8b02-4c1c-9b76-d7b66697896b req-02f1a997-8b02-4c1c-9b76-d7b66697896b ] Request (QuotasSecurityGroupAdminNegativeTest:setUpClass): 200 GET http://10.180.1.21/identity/v3/domains?name=Default 0.019s
2025-04-15 20:11:25.708 70970 INFO tempest.lib.common.rest_client [req-b5bcf213-be63-4f57-8bd4-47238dd88b7d req-b5bcf213-be63-4f57-8bd4-47238dd88b7d ] Request (QuotasSecurityGroupAdminNegativeTest:setUpClass): 201 POST http://10.180.1.21/identity/v3/projects 0.028s
2025-04-15 20:11:25.732 70980 INFO tempest.lib.common.rest_client [req-fbfb900a-e385-49fe-901e-ed7e98ad3cbf req-fbfb900a-e385-49fe-901e-ed7e98ad3cbf ] Request (MigrationsAdminTest:test_list_migrations_in_flavor_resize_situation): 200 GET http://10.180.1.21/compute/v2.1/servers/59083004-8304-4b1f-9c8f-404ecf812e7e 1.360s
2025-04-15 20:11:25.761 70970 INFO tempest.lib.common.rest_client [req-1998cf1c-7599-4b23-9bc4-413894a38e1a req-1998cf1c-7599-4b23-9bc4-413894a38e1a ] Request (QuotasSecurityGroupAdminNegativeTest:setUpClass): 201 POST http://10.180.1.21/identity/v3/users 0.052s
2025-04-15 20:11:25.793 70970 INFO tempest.lib.common.rest_client [req-af2a5d44-2235-401e-9258-422fbc62ae37 req-af2a5d44-2235-401e-9258-422fbc62ae37 ] Request (QuotasSecurityGroupAdminNegativeTest:setUpClass): 200 GET http://10.180.1.21/identity/v3/roles 0.031s
2025-04-15 20:11:25.798 70982 INFO tempest.lib.common.rest_client [req-cb4ab985-8e9d-4704-a8ad-b296ea9ed2ab req-cb4ab985-8e9d-4704-a8ad-b296ea9ed2ab ] Request (ImagesTestJSON:setUpClass): 200 PUT http://10.180.1.21:9696/networking/v2.0/routers/dde928b0-38d4-4e84-81f5-7d42d7207642/add_router_interface 3.431s
2025-04-15 20:11:25.799 70982 INFO tempest.lib.common.dynamic_creds [-] Created isolated network resources for: credentials: Credentials: {'domain_id': 'default', 'domain_name': 'Default', 'username': 'tempest-ImagesTestJSON-1817262657-project-member', 'project_domain_id': 'default', 'project_domain_name': 'Default', 'project_id': '99a5f6e590c64db5b66ee09e825b562f', 'project_name': 'tempest-ImagesTestJSON-1817262657', 'tenant_id': '99a5f6e590c64db5b66ee09e825b562f', 'tenant_name': 'tempest-ImagesTestJSON-1817262657', 'user_domain_id': 'default', 'user_domain_name': 'Default', 'user_id': '3fcd677e2edb4250ad66f19571d77c7d', 'system': None}, Network: {'id': 'd868b36c-6511-485d-bc95-87822223fc94', 'name': 'tempest-ImagesTestJSON-444752951-network', 'tenant_id': '99a5f6e590c64db5b66ee09e825b562f', 'admin_state_up': True, 'mtu': 8950, 'status': 'ACTIVE', 'subnets': [], 'shared': False, 'project_id': '99a5f6e590c64db5b66ee09e825b562f', 'port_security_enabled': True, 'router:external': False, 'provider:network_type': 'vlan', 'provider:physical_network': 'default', 'provider:segmentation_id': 510, 'is_default': False, 'availability_zone_hints': [], 'availability_zones': [], 'ipv4_address_scope': None, 'ipv6_address_scope': None, 'description': '', 'tags': [], 'created_at': '2025-04-15T20:11:19Z', 'updated_at': '2025-04-15T20:11:19Z', 'revision_number': 1}, Subnet: {'id': 'b6095762-a141-4c8f-8c0d-1dfeab60c4e4', 'name': 'tempest-ImagesTestJSON-444752951-subnet', 'tenant_id': '99a5f6e590c64db5b66ee09e825b562f', 'network_id': 'd868b36c-6511-485d-bc95-87822223fc94', 'ip_version': 4, 'subnetpool_id': None, 'enable_dhcp': True, 'ipv6_ra_mode': None, 'ipv6_address_mode': None, 'gateway_ip': '192.168.128.1', 'cidr': '192.168.128.0/28', 'allocation_pools': [{'start': '192.168.128.2', 'end': '192.168.128.14'}], 'host_routes': [], 'dns_nameservers': [], 'description': '', 'router:external': False, 'service_types': [], 'tags': [], 'created_at': '2025-04-15T20:11:20Z', 'updated_at': '2025-04-15T20:11:20Z', 'revision_number': 0, 'project_id': '99a5f6e590c64db5b66ee09e825b562f'}, Router: {'id': 'dde928b0-38d4-4e84-81f5-7d42d7207642', 'name': 'tempest-ImagesTestJSON-444752951-router', 'tenant_id': '99a5f6e590c64db5b66ee09e825b562f', 'admin_state_up': True, 'status': 'ACTIVE', 'external_gateway_info': {'network_id': '77785a5c-b779-4ee1-9799-59fee8d22872', 'external_fixed_ips': [{'subnet_id': 'f1d26f54-f908-440a-9b2d-26db05f55891', 'ip_address': '10.180.180.159'}], 'enable_snat': True}, 'description': '', 'availability_zones': [], 'distributed': False, 'ha': False, 'availability_zone_hints': [], 'routes': [], 'flavor_id': None, 'tags': [], 'created_at': '2025-04-15T20:11:20Z', 'updated_at': '2025-04-15T20:11:21Z', 'revision_number': 2, 'project_id': '99a5f6e590c64db5b66ee09e825b562f'}
2025-04-15 20:11:25.819 70970 INFO tempest.lib.common.rest_client [req-0a3f1e90-aee5-4587-90aa-dd38b776d674 req-0a3f1e90-aee5-4587-90aa-dd38b776d674 ] Request (QuotasSecurityGroupAdminNegativeTest:setUpClass): 204 PUT http://10.180.1.21/identity/v3/projects/438a23c90d9f46d2837c843ed7b2e122/users/c258ff7f0f9d491bbd6329c1c0fa8794/roles/ab45134101a94ac8868a0b06896afd3c 0.025s
2025-04-15 20:11:25.819 70970 INFO tempest.lib.common.dynamic_creds [-] Dynamic test user c258ff7f0f9d491bbd6329c1c0fa8794 is created with scope project and roles: ['member']
2025-04-15 20:11:25.819 70970 INFO tempest.lib.common.dynamic_creds [-] Acquired dynamic creds: credentials: Credentials: {'domain_id': 'default', 'domain_name': 'Default', 'username': 'tempest-QuotasSecurityGroupAdminNegativeTest-572256686-project-member', 'project_domain_id': 'default', 'project_domain_name': 'Default', 'project_id': '438a23c90d9f46d2837c843ed7b2e122', 'project_name': 'tempest-QuotasSecurityGroupAdminNegativeTest-572256686', 'tenant_id': '438a23c90d9f46d2837c843ed7b2e122', 'tenant_name': 'tempest-QuotasSecurityGroupAdminNegativeTest-572256686', 'user_domain_id': 'default', 'user_domain_name': 'Default', 'user_id': 'c258ff7f0f9d491bbd6329c1c0fa8794', 'system': None}, Network: None, Subnet: None, Router: None
2025-04-15 20:11:25.820 70970 INFO tempest.lib.common.dynamic_creds [-] Created isolated network resources for: credentials: Credentials: {'domain_id': 'default', 'domain_name': 'Default', 'username': 'tempest-QuotasSecurityGroupAdminNegativeTest-572256686-project-member', 'project_domain_id': 'default', 'project_domain_name': 'Default', 'project_id': '438a23c90d9f46d2837c843ed7b2e122', 'project_name': 'tempest-QuotasSecurityGroupAdminNegativeTest-572256686', 'tenant_id': '438a23c90d9f46d2837c843ed7b2e122', 'tenant_name': 'tempest-QuotasSecurityGroupAdminNegativeTest-572256686', 'user_domain_id': 'default', 'user_domain_name': 'Default', 'user_id': 'c258ff7f0f9d491bbd6329c1c0fa8794', 'system': None}, Network: None, Subnet: None, Router: None
2025-04-15 20:11:25.880 70974 INFO tempest.lib.common.rest_client [req-b2d96441-bfe5-42b3-8d21-75a271955929 req-b2d96441-bfe5-42b3-8d21-75a271955929 ] Request (SecurityGroupsTestAdminJSON:_run_cleanups): 202 DELETE http://10.180.1.21/compute/v2.1/os-security-groups/39c17509-3c9d-4621-8a6d-a9db52d008ca 1.740s
2025-04-15 20:11:25.887 70982 INFO tempest.lib.common.rest_client [req-adcd8007-f2b4-4a37-aa56-e86c9ac43057 req-adcd8007-f2b4-4a37-aa56-e86c9ac43057 ] Request (ImagesTestJSON:setUpClass): 201 POST http://10.180.1.21/identity/v3/auth/tokens 0.084s
2025-04-15 20:11:25.892 70970 INFO tempest.lib.common.rest_client [req-a4435a22-c250-4840-aaa9-3a8aa816f274 req-a4435a22-c250-4840-aaa9-3a8aa816f274 ] Request (QuotasSecurityGroupAdminNegativeTest:setUpClass): 201 POST http://10.180.1.21/identity/v3/auth/tokens 0.069s
2025-04-15 20:11:25.918 70982 INFO tempest.lib.common.rest_client [req-eb1383f2-4fd4-4776-92b2-a51f272fde7c req-eb1383f2-4fd4-4776-92b2-a51f272fde7c ] Request (ImagesTestJSON:test_create_image_from_stopped_server): 201 POST http://10.180.1.21/identity/v3/auth/tokens 0.026s
2025-04-15 20:11:25.918 70982 INFO tempest.lib.common.fixed_network [-] (ImagesTestJSON:test_create_image_from_stopped_server) Found network {'id': 'd868b36c-6511-485d-bc95-87822223fc94', 'name': 'tempest-ImagesTestJSON-444752951-network', 'tenant_id': '99a5f6e590c64db5b66ee09e825b562f', 'admin_state_up': True, 'mtu': 8950, 'status': 'ACTIVE', 'subnets': [], 'shared': False, 'project_id': '99a5f6e590c64db5b66ee09e825b562f', 'port_security_enabled': True, 'router:external': False, 'provider:network_type': 'vlan', 'provider:physical_network': 'default', 'provider:segmentation_id': 510, 'is_default': False, 'availability_zone_hints': [], 'availability_zones': [], 'ipv4_address_scope': None, 'ipv6_address_scope': None, 'description': '', 'tags': [], 'created_at': '2025-04-15T20:11:19Z', 'updated_at': '2025-04-15T20:11:19Z', 'revision_number': 1} available for tenant
2025-04-15 20:11:25.981 70988 INFO tempest.lib.common.rest_client [req-885f5917-acc7-4ef0-bade-511dad18ec4d req-885f5917-acc7-4ef0-bade-511dad18ec4d ] Request (HypervisorAdminNegativeTestJSON:tearDownClass): 200 GET http://10.180.1.21:9696/networking/v2.0/security-groups?tenant_id=07723de61cd946daaf55ce3dba04c95f&name=default 0.329s
2025-04-15 20:11:26.004 70948 INFO tempest.lib.common.rest_client [req-8ff9145c-d841-4d2d-a1d7-d1be80caabc6 req-8ff9145c-d841-4d2d-a1d7-d1be80caabc6 ] Request (HostsAdminTestJSON:tearDownClass): 200 GET http://10.180.1.21:9696/networking/v2.0/security-groups?tenant_id=799ff889b07c4daab5b4c151b5b25dcb&name=default 0.400s
2025-04-15 20:11:26.024 70970 INFO tempest.lib.common.rest_client [req-49b97c73-a843-4270-84f1-75e37c6cc9dc req-49b97c73-a843-4270-84f1-75e37c6cc9dc ] Request (QuotasSecurityGroupAdminNegativeTest:setUpClass): 201 POST http://10.180.1.21/identity/v3/projects 0.131s
2025-04-15 20:11:26.097 70970 INFO tempest.lib.common.rest_client [req-8105897f-6423-4853-9765-71deedcd55b8 req-8105897f-6423-4853-9765-71deedcd55b8 ] Request (QuotasSecurityGroupAdminNegativeTest:setUpClass): 201 POST http://10.180.1.21/identity/v3/users 0.073s
2025-04-15 20:11:26.131 70970 INFO tempest.lib.common.rest_client [req-ae9df21d-eddf-47e4-8796-c917ab5ee347 req-ae9df21d-eddf-47e4-8796-c917ab5ee347 ] Request (QuotasSecurityGroupAdminNegativeTest:setUpClass): 200 GET http://10.180.1.21/identity/v3/roles 0.033s
2025-04-15 20:11:26.143 70952 INFO tempest.lib.common.rest_client [req-86982d44-538c-4e12-a558-31d285d12ad7 req-86982d44-538c-4e12-a558-31d285d12ad7 ] Request (VolumesAssistedSnapshotsTest:test_volume_assisted_snapshot_create_delete): 201 POST http://10.180.1.21:9696/networking/v2.0/floatingips 1.791s
2025-04-15 20:11:26.199 70970 INFO tempest.lib.common.rest_client [req-0664099d-15a1-4776-8b65-25f6b71508f5 req-0664099d-15a1-4776-8b65-25f6b71508f5 ] Request (QuotasSecurityGroupAdminNegativeTest:setUpClass): 204 PUT http://10.180.1.21/identity/v3/projects/b2040ba539f14337939ebf58bdda646b/users/7b2bd21346084e58ad40cac6d24a909f/roles/10eb5e6f877a4612991a7ecae17dfb78 0.063s
2025-04-15 20:11:26.256 70952 INFO tempest.lib.common.rest_client [req-c9adcf57-dd29-4be3-81a3-edc1ff291281 req-c9adcf57-dd29-4be3-81a3-edc1ff291281 ] Request (VolumesAssistedSnapshotsTest:test_volume_assisted_snapshot_create_delete): 201 POST http://10.180.1.21/identity/v3/auth/tokens 0.104s
2025-04-15 20:11:26.257 70952 INFO tempest.lib.common.fixed_network [-] (VolumesAssistedSnapshotsTest:test_volume_assisted_snapshot_create_delete) Found network {'id': '8a9d466a-6700-4074-ab75-4a49644257c3', 'name': 'tempest-VolumesAssistedSnapshotsTest-1271950120-network', 'tenant_id': '0436ea1f391a445393accc14f69cd62c', 'admin_state_up': True, 'mtu': 8950, 'status': 'ACTIVE', 'subnets': [], 'shared': False, 'project_id': '0436ea1f391a445393accc14f69cd62c', 'port_security_enabled': True, 'router:external': False, 'provider:network_type': 'vlan', 'provider:physical_network': 'default', 'provider:segmentation_id': 60, 'is_default': False, 'availability_zone_hints': [], 'availability_zones': [], 'ipv4_address_scope': None, 'ipv6_address_scope': None, 'description': '', 'tags': [], 'created_at': '2025-04-15T20:11:01Z', 'updated_at': '2025-04-15T20:11:01Z', 'revision_number': 1} available for tenant
2025-04-15 20:11:26.262 70970 INFO tempest.lib.common.rest_client [req-ed64d815-e605-4ea2-a942-c8e95b4421b4 req-ed64d815-e605-4ea2-a942-c8e95b4421b4 ] Request (QuotasSecurityGroupAdminNegativeTest:setUpClass): 200 GET http://10.180.1.21/identity/v3/roles 0.062s
2025-04-15 20:11:26.266 70988 INFO tempest.lib.common.rest_client [req-422bc38e-5915-45f9-84c5-4efb41c704b1 req-422bc38e-5915-45f9-84c5-4efb41c704b1 ] Request (HypervisorAdminNegativeTestJSON:tearDownClass): 204 DELETE http://10.180.1.21:9696/networking/v2.0/security-groups/5b63c772-e3d6-4043-aeb4-6350569cfec3 0.285s
2025-04-15 20:11:26.292 70970 INFO tempest.lib.common.rest_client [req-42c9aeed-5f25-43e7-a907-6ddb150fccd5 req-42c9aeed-5f25-43e7-a907-6ddb150fccd5 ] Request (QuotasSecurityGroupAdminNegativeTest:setUpClass): 204 PUT http://10.180.1.21/identity/v3/projects/b2040ba539f14337939ebf58bdda646b/users/7b2bd21346084e58ad40cac6d24a909f/roles/10eb5e6f877a4612991a7ecae17dfb78 0.030s
2025-04-15 20:11:26.292 70970 INFO tempest.lib.common.dynamic_creds [-] Dynamic test user 7b2bd21346084e58ad40cac6d24a909f is created with scope project and roles: ['admin']
2025-04-15 20:11:26.292 70970 INFO tempest.lib.common.dynamic_creds [-] Acquired dynamic creds: credentials: Credentials: {'domain_id': 'default', 'domain_name': 'Default', 'username': 'tempest-QuotasSecurityGroupAdminNegativeTest-1464524716-project-admin', 'project_domain_id': 'default', 'project_domain_name': 'Default', 'project_id': 'b2040ba539f14337939ebf58bdda646b', 'project_name': 'tempest-QuotasSecurityGroupAdminNegativeTest-1464524716', 'tenant_id': 'b2040ba539f14337939ebf58bdda646b', 'tenant_name': 'tempest-QuotasSecurityGroupAdminNegativeTest-1464524716', 'user_domain_id': 'default', 'user_domain_name': 'Default', 'user_id': '7b2bd21346084e58ad40cac6d24a909f', 'system': None}, Network: None, Subnet: None, Router: None
2025-04-15 20:11:26.292 70970 INFO tempest.lib.common.dynamic_creds [-] Created isolated network resources for: credentials: Credentials: {'domain_id': 'default', 'domain_name': 'Default', 'username': 'tempest-QuotasSecurityGroupAdminNegativeTest-1464524716-project-admin', 'project_domain_id': 'default', 'project_domain_name': 'Default', 'project_id': 'b2040ba539f14337939ebf58bdda646b', 'project_name': 'tempest-QuotasSecurityGroupAdminNegativeTest-1464524716', 'tenant_id': 'b2040ba539f14337939ebf58bdda646b', 'tenant_name': 'tempest-QuotasSecurityGroupAdminNegativeTest-1464524716', 'user_domain_id': 'default', 'user_domain_name': 'Default', 'user_id': '7b2bd21346084e58ad40cac6d24a909f', 'system': None}, Network: None, Subnet: None, Router: None
2025-04-15 20:11:26.348 70988 INFO tempest.lib.common.rest_client [req-9b14be82-f539-4ba7-85d6-f83b17e35614 req-9b14be82-f539-4ba7-85d6-f83b17e35614 ] Request (HypervisorAdminNegativeTestJSON:tearDownClass): 204 DELETE http://10.180.1.21/identity/v3/projects/07723de61cd946daaf55ce3dba04c95f 0.081s
2025-04-15 20:11:26.428 70988 INFO tempest.lib.common.rest_client [req-1c8675de-c713-42cf-bff2-c398632dc7a9 req-1c8675de-c713-42cf-bff2-c398632dc7a9 ] Request (NetworksTest:setUpClass): 201 POST http://10.180.1.21/identity/v3/auth/tokens 0.079s
2025-04-15 20:11:26.449 70970 INFO tempest.lib.common.rest_client [req-c4534b3e-3f25-4e64-b11d-d9e0785e4387 req-c4534b3e-3f25-4e64-b11d-d9e0785e4387 ] Request (QuotasSecurityGroupAdminNegativeTest:setUpClass): 201 POST http://10.180.1.21/identity/v3/auth/tokens 0.153s
2025-04-15 20:11:26.450 70970 WARNING tempest.lib.common.rest_client [-] Deprecated: "tenant_id" property is deprecated for removal, use "project_id" instead
2025-04-15 20:11:26.481 70988 INFO tempest.lib.common.rest_client [req-ffe9d485-28a3-47d1-a86a-ba115a660a25 req-ffe9d485-28a3-47d1-a86a-ba115a660a25 ] Request (NetworksTest:setUpClass): 201 POST http://10.180.1.21/identity/v3/auth/tokens 0.047s
2025-04-15 20:11:26.510 70988 INFO tempest.lib.common.rest_client [req-a0fcc4d7-e8b7-424e-b131-943da2758304 req-a0fcc4d7-e8b7-424e-b131-943da2758304 ] Request (NetworksTest:setUpClass): 200 GET http://10.180.1.21/identity/v3/domains?name=Default 0.028s
2025-04-15 20:11:26.513 70976 INFO tempest.lib.common.rest_client [req-bf767ece-6781-47d1-980f-97c3b3fb8cb1 req-bf767ece-6781-47d1-980f-97c3b3fb8cb1 ] Request (ListServerFiltersTestJSON:setUpClass): 202 POST http://10.180.1.21/compute/v2.1/servers 1.951s
2025-04-15 20:11:26.569 70972 INFO tempest.lib.common.rest_client [req-f4bd22aa-0239-482a-8ec9-20c2fd2731b4 req-f4bd22aa-0239-482a-8ec9-20c2fd2731b4 ] Request (ServerDiagnosticsV248Test:test_get_server_diagnostics): 200 GET http://10.180.1.21/compute/v2.1/servers/f3913a86-6577-48bf-9352-609c35b6fd84/diagnostics 1.881s
2025-04-15 20:11:26.570 70988 INFO tempest.lib.common.rest_client [req-7c7eb2fb-8d70-4c99-af30-cdbfe4464e5d req-7c7eb2fb-8d70-4c99-af30-cdbfe4464e5d ] Request (NetworksTest:setUpClass): 201 POST http://10.180.1.21/identity/v3/projects 0.059s
2025-04-15 20:11:26.582 70958 INFO tempest.lib.common.rest_client [req-b66ed892-57e9-43fa-8b77-c0bf53f46287 req-b66ed892-57e9-43fa-8b77-c0bf53f46287 ] Request (HypervisorAdminNegativeUnderV252Test:test_show_servers_with_non_admin_user): 403 GET http://10.180.1.21/compute/v2.1/os-hypervisors/1/servers 1.566s
2025-04-15 20:11:26.610 70970 INFO tempest.lib.common.rest_client [req-fc888cc8-2013-4174-aa84-fdf8b53aaef0 req-fc888cc8-2013-4174-aa84-fdf8b53aaef0 ] Request (QuotasSecurityGroupAdminNegativeTest:tearDownClass): 204 DELETE http://10.180.1.21/identity/v3/users/c258ff7f0f9d491bbd6329c1c0fa8794 0.156s
2025-04-15 20:11:26.616 70948 INFO tempest.lib.common.rest_client [req-d0983854-3ed2-4d9c-b16e-957373ceeacc req-d0983854-3ed2-4d9c-b16e-957373ceeacc ] Request (HostsAdminTestJSON:tearDownClass): 204 DELETE http://10.180.1.21:9696/networking/v2.0/security-groups/2e427d40-5625-4c6d-93b9-91237de25e5a 0.611s
2025-04-15 20:11:26.656 70976 INFO tempest.lib.common.rest_client [req-78bedd68-bbb8-46df-84a1-656638ebcb0f req-78bedd68-bbb8-46df-84a1-656638ebcb0f ] Request (ListServerFiltersTestJSON:setUpClass): 201 POST http://10.180.1.21/identity/v3/auth/tokens 0.137s
2025-04-15 20:11:26.658 70976 INFO tempest.lib.common.fixed_network [-] (ListServerFiltersTestJSON:setUpClass) Found network {'id': 'f788935d-837c-463d-a103-4094f7a84dfa', 'name': 'tempest-ListServerFiltersTestJSON-435623644-network', 'tenant_id': 'fe1323a7709545e5b018086420c73f1d', 'admin_state_up': True, 'mtu': 8950, 'status': 'ACTIVE', 'subnets': [], 'shared': False, 'project_id': 'fe1323a7709545e5b018086420c73f1d', 'port_security_enabled': True, 'router:external': False, 'provider:network_type': 'vlan', 'provider:physical_network': 'default', 'provider:segmentation_id': 281, 'is_default': False, 'availability_zone_hints': [], 'availability_zones': [], 'ipv4_address_scope': None, 'ipv6_address_scope': None, 'description': '', 'tags': [], 'created_at': '2025-04-15T20:11:21Z', 'updated_at': '2025-04-15T20:11:21Z', 'revision_number': 1} available for tenant
2025-04-15 20:11:26.682 70964 INFO tempest.lib.common.rest_client [req-c7e9c9e4-483b-4179-8878-feb04591ed12 req-c7e9c9e4-483b-4179-8878-feb04591ed12 ] Request (ServersAdminTestJSON:setUpClass): 201 POST http://10.180.1.21:9696/networking/v2.0/routers 2.876s
2025-04-15 20:11:26.736 70988 INFO tempest.lib.common.rest_client [req-fb51bed6-3dc3-4a0b-a612-db99d060bba6 req-fb51bed6-3dc3-4a0b-a612-db99d060bba6 ] Request (NetworksTest:setUpClass): 201 POST http://10.180.1.21/identity/v3/users 0.164s
2025-04-15 20:11:26.804 70970 INFO tempest.lib.common.rest_client [req-a4ef78be-c94d-4da3-896c-8ed7ff9fb8f3 req-a4ef78be-c94d-4da3-896c-8ed7ff9fb8f3 ] Request (QuotasSecurityGroupAdminNegativeTest:tearDownClass): 204 DELETE http://10.180.1.21/identity/v3/users/7b2bd21346084e58ad40cac6d24a909f 0.193s
2025-04-15 20:11:26.804 70970 INFO tempest.lib.common.dynamic_creds [-] Deleting project and security group for project: 438a23c90d9f46d2837c843ed7b2e122
2025-04-15 20:11:26.822 70948 INFO tempest.lib.common.rest_client [req-51f75266-47e1-412d-b750-03ea410e56e4 req-51f75266-47e1-412d-b750-03ea410e56e4 ] Request (HostsAdminTestJSON:tearDownClass): 204 DELETE http://10.180.1.21/identity/v3/projects/799ff889b07c4daab5b4c151b5b25dcb 0.205s
2025-04-15 20:11:26.822 70948 INFO tempest.lib.common.dynamic_creds [-] Deleting project and security group for project: 10478a59d84e40d8af13eeeb356f1e51
2025-04-15 20:11:26.919 70988 INFO tempest.lib.common.rest_client [req-5d781cd9-c0c9-4366-8eca-ba5376b633fa req-5d781cd9-c0c9-4366-8eca-ba5376b633fa ] Request (NetworksTest:setUpClass): 200 GET http://10.180.1.21/identity/v3/roles 0.182s
2025-04-15 20:11:26.942 70968 INFO tempest.lib.common.rest_client [req-5feb7c95-e315-478d-bd3c-9a321bcef21e req-5feb7c95-e315-478d-bd3c-9a321bcef21e ] Request (QuotasAdminTestV236:test_get_updated_quotas): 200 GET http://10.180.1.21/compute/v2.1/os-quota-sets/29095264c21149a1a4d026e17c65303d?user_id=31200a9df1004c1da3592f1d80d6a217 1.837s
2025-04-15 20:11:26.955 70988 INFO tempest.lib.common.rest_client [req-4075230d-be3b-4776-8a73-bcf51333cf39 req-4075230d-be3b-4776-8a73-bcf51333cf39 ] Request (NetworksTest:setUpClass): 204 PUT http://10.180.1.21/identity/v3/projects/7ccbe96a376949eb9e08eda502564309/users/65e06a27fbaa4dc5b06ea4398f66dcdb/roles/ab45134101a94ac8868a0b06896afd3c 0.035s
2025-04-15 20:11:26.955 70988 INFO tempest.lib.common.dynamic_creds [-] Dynamic test user 65e06a27fbaa4dc5b06ea4398f66dcdb is created with scope project and roles: ['member']
2025-04-15 20:11:26.955 70988 INFO tempest.lib.common.dynamic_creds [-] Acquired dynamic creds: credentials: Credentials: {'domain_id': 'default', 'domain_name': 'Default', 'username': 'tempest-NetworksTest-1044069498-project-member', 'project_domain_id': 'default', 'project_domain_name': 'Default', 'project_id': '7ccbe96a376949eb9e08eda502564309', 'project_name': 'tempest-NetworksTest-1044069498', 'tenant_id': '7ccbe96a376949eb9e08eda502564309', 'tenant_name': 'tempest-NetworksTest-1044069498', 'user_domain_id': 'default', 'user_domain_name': 'Default', 'user_id': '65e06a27fbaa4dc5b06ea4398f66dcdb', 'system': None}, Network: None, Subnet: None, Router: None
2025-04-15 20:11:26.955 70988 INFO tempest.lib.common.dynamic_creds [-] Created isolated network resources for: credentials: Credentials: {'domain_id': 'default', 'domain_name': 'Default', 'username': 'tempest-NetworksTest-1044069498-project-member', 'project_domain_id': 'default', 'project_domain_name': 'Default', 'project_id': '7ccbe96a376949eb9e08eda502564309', 'project_name': 'tempest-NetworksTest-1044069498', 'tenant_id': '7ccbe96a376949eb9e08eda502564309', 'tenant_name': 'tempest-NetworksTest-1044069498', 'user_domain_id': 'default', 'user_domain_name': 'Default', 'user_id': '65e06a27fbaa4dc5b06ea4398f66dcdb', 'system': None}, Network: None, Subnet: None, Router: None
2025-04-15 20:11:26.984 70950 INFO tempest.lib.common.rest_client [req-ee5a19eb-5b68-4bb3-a2e6-fd8f312fbf22 req-ee5a19eb-5b68-4bb3-a2e6-fd8f312fbf22 ] Request (ServersWithSpecificFlavorTestJSON:test_verify_created_server_ephemeral_disk): 200 POST http://10.180.1.21/compute/v2.1/flavors/620905594/os-extra_specs 1.857s
2025-04-15 20:11:27.008 71000 INFO tempest.lib.common.rest_client [req-05352f45-3dac-4de4-a4c0-970afeb90703 req-05352f45-3dac-4de4-a4c0-970afeb90703 ] Request (FlavorsAccessTestJSON:test_flavor_access_list_with_private_flavor): 200 POST http://10.180.1.21/compute/v2.1/flavors 1.852s
2025-04-15 20:11:27.015 70970 INFO tempest.lib.common.rest_client [req-cd00b2d5-bf15-42d6-87b5-7ab2eca1c52e req-cd00b2d5-bf15-42d6-87b5-7ab2eca1c52e ] Request (QuotasSecurityGroupAdminNegativeTest:tearDownClass): 201 POST http://10.180.1.21/identity/v3/auth/tokens 0.208s
2025-04-15 20:11:27.048 70942 INFO tempest.lib.common.rest_client [req-3ed4fa10-1c23-402f-afdb-0516a8ef0aa3 req-3ed4fa10-1c23-402f-afdb-0516a8ef0aa3 ] Request (AggregatesAdminNegativeTestJSON:test_aggregate_add_non_exist_host): 404 POST http://10.180.1.21/compute/v2.1/os-aggregates/3/action 1.883s
2025-04-15 20:11:27.054 70948 INFO tempest.lib.common.rest_client [req-34477d4e-b783-4137-8294-aea05139c890 req-34477d4e-b783-4137-8294-aea05139c890 ] Request (HostsAdminTestJSON:tearDownClass): 200 GET http://10.180.1.21:9696/networking/v2.0/security-groups?tenant_id=10478a59d84e40d8af13eeeb356f1e51&name=default 0.231s
2025-04-15 20:11:27.060 70940 INFO tempest.lib.common.rest_client [req-52de021b-3ec8-4cc2-bf2c-8a7a002855e7 req-52de021b-3ec8-4cc2-bf2c-8a7a002855e7 ] Request (FlavorsAdminTestJSON:_run_cleanups): 202 DELETE http://10.180.1.21/compute/v2.1/flavors/d3b3122e-1449-4f83-a6d3-fa55ad6ba56f 1.837s
2025-04-15 20:11:27.061 70968 INFO tempest.lib.common.rest_client [req-f62ac235-2a1c-4abb-816c-0607e5f97b71 req-f62ac235-2a1c-4abb-816c-0607e5f97b71 ] Request (QuotasAdminTestV236:_run_cleanups): 204 DELETE http://10.180.1.21/identity/v3/users/31200a9df1004c1da3592f1d80d6a217 0.109s
2025-04-15 20:11:27.070 70978 INFO tempest.lib.common.rest_client [req-f499a7d2-c4c2-4835-992d-1b7c3f2e02e4 req-f499a7d2-c4c2-4835-992d-1b7c3f2e02e4 ] Request (ServersAdminNegativeTestJSON:setUpClass): 200 GET http://10.180.1.21/compute/v2.1/servers/f34b664a-979f-40f9-8189-57aa4c5b5b94 2.364s
2025-04-15 20:11:27.119 70988 INFO tempest.lib.common.rest_client [req-e3555b07-97f8-4981-af24-05089bf14414 req-e3555b07-97f8-4981-af24-05089bf14414 ] Request (NetworksTest:setUpClass): 201 POST http://10.180.1.21/identity/v3/auth/tokens 0.157s
2025-04-15 20:11:27.256 70938 INFO tempest.lib.common.rest_client [req-dd7644ba-f740-495f-a25e-abb504810a9f req-dd7644ba-f740-495f-a25e-abb504810a9f ] Request (FlavorsAccessNegativeTestJSON:test_flavor_non_admin_add): 403 POST http://10.180.1.21/compute/v2.1/flavors/1625930251/action 2.009s
2025-04-15 20:11:27.281 70988 INFO tempest.lib.common.rest_client [req-7b14dba5-c4e7-40ed-b6f0-b1eb869b0978 req-7b14dba5-c4e7-40ed-b6f0-b1eb869b0978 ] Request (NetworksTest:setUpClass): 201 POST http://10.180.1.21/identity/v3/projects 0.161s
2025-04-15 20:11:27.304 70994 INFO tempest.lib.common.rest_client [req-96a126d5-c38a-4bd1-bc4c-85f5d6c6b5f1 req-96a126d5-c38a-4bd1-bc4c-85f5d6c6b5f1 ] Request (ListImageFiltersTestJSON:setUpClass): 200 GET http://10.180.1.21/compute/v2.1/images/291ae4df-ba9c-457a-b0cb-5e77972a4265 1.995s
2025-04-15 20:11:27.322 70948 INFO tempest.lib.common.rest_client [req-c625fe55-7a89-45c4-a366-925162dc2693 req-c625fe55-7a89-45c4-a366-925162dc2693 ] Request (HostsAdminTestJSON:tearDownClass): 204 DELETE http://10.180.1.21:9696/networking/v2.0/security-groups/a1af0583-5d71-4df9-918c-2c961755d390 0.268s
2025-04-15 20:11:27.350 70946 INFO tempest.lib.common.rest_client [req-48dc536f-5727-4d90-b908-1c4a09b07d3d req-48dc536f-5727-4d90-b908-1c4a09b07d3d ] Request (FlavorsExtraSpecsTestJSON:tearDownClass): 202 DELETE http://10.180.1.21/compute/v2.1/flavors/939864909 1.983s
2025-04-15 20:11:27.363 70954 INFO tempest.lib.common.rest_client [req-64ecd523-3a8d-4f18-a716-d0aafdac4678 req-64ecd523-3a8d-4f18-a716-d0aafdac4678 ] Request (HostsAdminNegativeTestJSON:test_update_host_with_invalid_maintenance_mode): 400 PUT http://10.180.1.21/compute/v2.1/os-hosts/devstack 1.979s
2025-04-15 20:11:27.370 70968 INFO tempest.lib.common.rest_client [req-547aecad-cb00-49d7-bdb8-9623e7e00f10 req-547aecad-cb00-49d7-bdb8-9623e7e00f10 ] Request (QuotasAdminTestV236:_run_cleanups): 204 DELETE http://10.180.1.21/identity/v3/projects/29095264c21149a1a4d026e17c65303d 0.308s
2025-04-15 20:11:27.397 70944 INFO tempest.lib.common.rest_client [req-1d198224-8cd6-4f99-8efd-6ffb8307fc1c req-1d198224-8cd6-4f99-8efd-6ffb8307fc1c ] Request (FlavorsExtraSpecsNegativeTestJSON:tearDownClass): 202 DELETE http://10.180.1.21/compute/v2.1/flavors/1266927587 2.003s
2025-04-15 20:11:27.431 70988 INFO tempest.lib.common.rest_client [req-d219adbd-4d2f-4dc9-b143-1bac7eb94a05 req-d219adbd-4d2f-4dc9-b143-1bac7eb94a05 ] Request (NetworksTest:setUpClass): 201 POST http://10.180.1.21/identity/v3/users 0.150s
2025-04-15 20:11:27.433 70994 INFO tempest.lib.common.rest_client [req-5a886804-a91b-476d-97cd-183d2729a43c req-5a886804-a91b-476d-97cd-183d2729a43c ] Request (ListImageFiltersTestJSON:setUpClass): 201 POST http://10.180.1.21/identity/v3/auth/tokens 0.113s
2025-04-15 20:11:27.434 70994 INFO tempest.lib.common.fixed_network [-] (ListImageFiltersTestJSON:setUpClass) Found network None available for tenant
2025-04-15 20:11:27.468 70956 INFO tempest.lib.common.rest_client [req-9d840763-8edb-4341-a38f-d1ca9c2390d9 req-9d840763-8edb-4341-a38f-d1ca9c2390d9 ] Request (ServersAdmin275Test:test_rebuild_update_server_275): 202 POST http://10.180.1.21/compute/v2.1/servers/2047d6d1-2b70-4edb-8fd6-8af659efc6c0/action 2.198s
2025-04-15 20:11:27.547 70948 INFO tempest.lib.common.rest_client [req-14843664-a8e8-486d-a8e6-55995179431a req-14843664-a8e8-486d-a8e6-55995179431a ] Request (HostsAdminTestJSON:tearDownClass): 204 DELETE http://10.180.1.21/identity/v3/projects/10478a59d84e40d8af13eeeb356f1e51 0.222s
2025-04-15 20:11:27.557 70970 INFO tempest.lib.common.rest_client [req-6cbf01ac-b24d-49ca-a85b-f6e385ac0c7d req-6cbf01ac-b24d-49ca-a85b-f6e385ac0c7d ] Request (QuotasSecurityGroupAdminNegativeTest:tearDownClass): 200 GET http://10.180.1.21:9696/networking/v2.0/security-groups?tenant_id=438a23c90d9f46d2837c843ed7b2e122&name=default 0.541s
2025-04-15 20:11:27.557 70968 INFO tempest.lib.common.rest_client [req-1f3d4832-b660-4321-94b5-4e547dc1f8d9 req-1f3d4832-b660-4321-94b5-4e547dc1f8d9 ] Request (QuotasAdminTestV236:tearDownClass): 204 DELETE http://10.180.1.21/identity/v3/users/293ec33e8a6341a390f7556aa02b058f 0.184s
2025-04-15 20:11:27.630 70988 INFO tempest.lib.common.rest_client [req-2cefb18b-ec4c-4a95-8e76-d8a25510c938 req-2cefb18b-ec4c-4a95-8e76-d8a25510c938 ] Request (NetworksTest:setUpClass): 200 GET http://10.180.1.21/identity/v3/roles 0.199s
2025-04-15 20:11:27.662 70948 INFO tempest.lib.common.rest_client [req-5049a6c7-919d-4cf5-8024-c388bbdc1fa2 req-5049a6c7-919d-4cf5-8024-c388bbdc1fa2 ] Request (QuotasAdminNegativeTest:setUpClass): 201 POST http://10.180.1.21/identity/v3/auth/tokens 0.114s
2025-04-15 20:11:27.682 70992 INFO tempest.lib.common.rest_client [req-4bfa84ee-a01f-4abd-8c67-2c1b69fd4f16 req-4bfa84ee-a01f-4abd-8c67-2c1b69fd4f16 ] Request (QuotasAdminTestV257:test_get_updated_quotas): 200 GET http://10.180.1.21/identity/v3/domains?name=Default 0.285s
2025-04-15 20:11:27.724 70988 INFO tempest.lib.common.rest_client [req-fe9e3938-b9a1-4ee2-997d-41fc52967dc3 req-fe9e3938-b9a1-4ee2-997d-41fc52967dc3 ] Request (NetworksTest:setUpClass): 204 PUT http://10.180.1.21/identity/v3/projects/666483d0426d4c2db3aafc522ff927d7/users/e455c87d7d0a4accaa98767a4464d92a/roles/10eb5e6f877a4612991a7ecae17dfb78 0.093s
2025-04-15 20:11:27.742 70986 INFO tempest.lib.common.rest_client [req-3107ca43-d020-41a3-9039-78cc9a8944fe req-3107ca43-d020-41a3-9039-78cc9a8944fe ] Request (FloatingIPDetailsNegativeTestJSON:setUpClass): 200 PUT http://10.180.1.21:9696/networking/v2.0/routers/8d71c5d1-2a95-468f-a595-0793a24b3d9c/add_router_interface 3.245s
2025-04-15 20:11:27.742 70986 INFO tempest.lib.common.dynamic_creds [-] Created isolated network resources for: credentials: Credentials: {'domain_id': 'default', 'domain_name': 'Default', 'username': 'tempest-FloatingIPDetailsNegativeTestJSON-1962469895-project-member', 'project_domain_id': 'default', 'project_domain_name': 'Default', 'project_id': 'd7eb44dce5a543a89f47505df7f16168', 'project_name': 'tempest-FloatingIPDetailsNegativeTestJSON-1962469895', 'tenant_id': 'd7eb44dce5a543a89f47505df7f16168', 'tenant_name': 'tempest-FloatingIPDetailsNegativeTestJSON-1962469895', 'user_domain_id': 'default', 'user_domain_name': 'Default', 'user_id': 'bab91e5cc47f4759a33c479c358cb2f8', 'system': None}, Network: {'id': 'a31e643c-f05c-46c8-91a3-22ea4929ef2c', 'name': 'tempest-FloatingIPDetailsNegativeTestJSON-146812491-network', 'tenant_id': 'd7eb44dce5a543a89f47505df7f16168', 'admin_state_up': True, 'mtu': 8950, 'status': 'ACTIVE', 'subnets': [], 'shared': False, 'project_id': 'd7eb44dce5a543a89f47505df7f16168', 'port_security_enabled': True, 'router:external': False, 'provider:network_type': 'vlan', 'provider:physical_network': 'default', 'provider:segmentation_id': 979, 'is_default': False, 'availability_zone_hints': [], 'availability_zones': [], 'ipv4_address_scope': None, 'ipv6_address_scope': None, 'description': '', 'tags': [], 'created_at': '2025-04-15T20:11:20Z', 'updated_at': '2025-04-15T20:11:20Z', 'revision_number': 1}, Subnet: {'id': '81ef3084-4d84-4d57-ad80-aaa754f470f2', 'name': 'tempest-FloatingIPDetailsNegativeTestJSON-146812491-subnet', 'tenant_id': 'd7eb44dce5a543a89f47505df7f16168', 'network_id': 'a31e643c-f05c-46c8-91a3-22ea4929ef2c', 'ip_version': 4, 'subnetpool_id': None, 'enable_dhcp': True, 'ipv6_ra_mode': None, 'ipv6_address_mode': None, 'gateway_ip': '192.168.128.1', 'cidr': '192.168.128.0/28', 'allocation_pools': [{'start': '192.168.128.2', 'end': '192.168.128.14'}], 'host_routes': [], 'dns_nameservers': [], 'description': '', 'router:external': False, 'service_types': [], 'tags': [], 'created_at': '2025-04-15T20:11:21Z', 'updated_at': '2025-04-15T20:11:21Z', 'revision_number': 0, 'project_id': 'd7eb44dce5a543a89f47505df7f16168'}, Router: {'id': '8d71c5d1-2a95-468f-a595-0793a24b3d9c', 'name': 'tempest-FloatingIPDetailsNegativeTestJSON-146812491-router', 'tenant_id': 'd7eb44dce5a543a89f47505df7f16168', 'admin_state_up': True, 'status': 'ACTIVE', 'external_gateway_info': {'network_id': '77785a5c-b779-4ee1-9799-59fee8d22872', 'external_fixed_ips': [{'subnet_id': 'f1d26f54-f908-440a-9b2d-26db05f55891', 'ip_address': '10.180.180.251'}], 'enable_snat': True}, 'description': '', 'availability_zones': [], 'distributed': False, 'ha': False, 'availability_zone_hints': [], 'routes': [], 'flavor_id': None, 'tags': [], 'created_at': '2025-04-15T20:11:22Z', 'updated_at': '2025-04-15T20:11:23Z', 'revision_number': 2, 'project_id': 'd7eb44dce5a543a89f47505df7f16168'}
2025-04-15 20:11:27.745 70990 INFO tempest.lib.common.rest_client [req-feac10da-bafc-475e-a4d6-cd8842f9119f req-feac10da-bafc-475e-a4d6-cd8842f9119f ] Request (ServerDiskConfigTestJSON:test_rebuild_server_with_auto_disk_config): 200 GET http://10.180.1.21/compute/v2.1/servers/1b318a7c-b4d1-48a7-a260-06a67db6db43 2.213s
2025-04-15 20:11:27.758 70990 INFO tempest.common.waiters [-] State transition "BUILD/spawning" ==> "ACTIVE/None" after 21 second wait
2025-04-15 20:11:27.764 70968 INFO tempest.lib.common.rest_client [req-f9272811-dfe6-4508-985b-f745f2a3a488 req-f9272811-dfe6-4508-985b-f745f2a3a488 ] Request (QuotasAdminTestV236:tearDownClass): 204 DELETE http://10.180.1.21/identity/v3/users/a0be57b5398041938a52afe1829883d1 0.206s
2025-04-15 20:11:27.764 70968 INFO tempest.lib.common.dynamic_creds [-] Deleting project and security group for project: 9e45352861944024b3dda12e0c2e911d
2025-04-15 20:11:27.799 70970 INFO tempest.lib.common.rest_client [req-b09db5a7-30a6-46b8-990c-a92e8d18484a req-b09db5a7-30a6-46b8-990c-a92e8d18484a ] Request (QuotasSecurityGroupAdminNegativeTest:tearDownClass): 204 DELETE http://10.180.1.21:9696/networking/v2.0/security-groups/b996935d-21c0-43f5-b40b-1d892e10325d 0.241s
2025-04-15 20:11:27.828 70948 INFO tempest.lib.common.rest_client [req-20e17580-9607-4790-9490-0be68b9f66bc req-20e17580-9607-4790-9490-0be68b9f66bc ] Request (QuotasAdminNegativeTest:setUpClass): 201 POST http://10.180.1.21/identity/v3/auth/tokens 0.164s
2025-04-15 20:11:27.851 70997 INFO tempest.lib.common.rest_client [req-86f81b05-69a5-4afd-9162-c1c821c9cdac req-86f81b05-69a5-4afd-9162-c1c821c9cdac ] Request (FloatingIPsAssociationNegativeTestJSON:setUpClass): 200 GET http://10.180.1.21/compute/v2.1/servers/1f5666fd-3d1d-42a4-9b1f-b511fd9850c7 2.006s
2025-04-15 20:11:27.856 70992 INFO tempest.lib.common.rest_client [req-396aca5e-1e60-4759-9a62-e3f7b4169ad7 req-396aca5e-1e60-4759-9a62-e3f7b4169ad7 ] Request (QuotasAdminTestV257:test_get_updated_quotas): 201 POST http://10.180.1.21/identity/v3/projects 0.173s
2025-04-15 20:11:27.857 70988 INFO tempest.lib.common.rest_client [req-fd36058b-57aa-4a19-b036-ef523a4220a7 req-fd36058b-57aa-4a19-b036-ef523a4220a7 ] Request (NetworksTest:setUpClass): 200 GET http://10.180.1.21/identity/v3/roles 0.132s
2025-04-15 20:11:27.863 70997 INFO tempest.common.waiters [-] State transition "BUILD/networking" ==> "BUILD/spawning" after 14 second wait
2025-04-15 20:11:27.914 70968 INFO tempest.lib.common.rest_client [req-647d9da0-f8ca-416b-a64b-069a5ac3128b req-647d9da0-f8ca-416b-a64b-069a5ac3128b ] Request (QuotasAdminTestV236:tearDownClass): 201 POST http://10.180.1.21/identity/v3/auth/tokens 0.150s
2025-04-15 20:11:27.919 70986 INFO tempest.lib.common.rest_client [req-d7de9c99-f777-4a38-baab-4a0c14bed518 req-d7de9c99-f777-4a38-baab-4a0c14bed518 ] Request (FloatingIPDetailsNegativeTestJSON:setUpClass): 201 POST http://10.180.1.21/identity/v3/auth/tokens 0.169s
2025-04-15 20:11:27.935 70948 INFO tempest.lib.common.rest_client [req-d51a1549-63f0-46b4-b66f-b6717bf0ca11 req-d51a1549-63f0-46b4-b66f-b6717bf0ca11 ] Request (QuotasAdminNegativeTest:setUpClass): 200 GET http://10.180.1.21/identity/v3/domains?name=Default 0.106s
2025-04-15 20:11:27.983 70962 INFO tempest.lib.common.rest_client [req-13304e10-8e87-4ba8-b29b-acf9bade359d req-13304e10-8e87-4ba8-b29b-acf9bade359d ] Request (SecurityGroupsTestJSON:test_list_security_groups_by_server): 200 GET http://10.180.1.21/compute/v2.1/servers/9df6fabe-f667-4fa4-978d-2e8896a7d18c 2.118s
2025-04-15 20:11:28.001 70970 INFO tempest.lib.common.rest_client [req-7791a455-79eb-41e7-a91a-f1a1c33b164b req-7791a455-79eb-41e7-a91a-f1a1c33b164b ] Request (QuotasSecurityGroupAdminNegativeTest:tearDownClass): 204 DELETE http://10.180.1.21/identity/v3/projects/438a23c90d9f46d2837c843ed7b2e122 0.202s
2025-04-15 20:11:28.001 70970 INFO tempest.lib.common.dynamic_creds [-] Deleting project and security group for project: b2040ba539f14337939ebf58bdda646b
2025-04-15 20:11:28.051 70992 INFO tempest.lib.common.rest_client [req-caef1ff1-809d-4500-8bd2-d5dd917c2e3b req-caef1ff1-809d-4500-8bd2-d5dd917c2e3b ] Request (QuotasAdminTestV257:test_get_updated_quotas): 200 GET http://10.180.1.21/identity/v3/domains?name=Default 0.194s
2025-04-15 20:11:28.076 70988 INFO tempest.lib.common.rest_client [req-6cb9bf2b-5e02-4479-a821-bcc5b8583372 req-6cb9bf2b-5e02-4479-a821-bcc5b8583372 ] Request (NetworksTest:setUpClass): 204 PUT http://10.180.1.21/identity/v3/projects/666483d0426d4c2db3aafc522ff927d7/users/e455c87d7d0a4accaa98767a4464d92a/roles/10eb5e6f877a4612991a7ecae17dfb78 0.218s
2025-04-15 20:11:28.076 70988 INFO tempest.lib.common.dynamic_creds [-] Dynamic test user e455c87d7d0a4accaa98767a4464d92a is created with scope project and roles: ['admin']
2025-04-15 20:11:28.077 70988 INFO tempest.lib.common.dynamic_creds [-] Acquired dynamic creds: credentials: Credentials: {'domain_id': 'default', 'domain_name': 'Default', 'username': 'tempest-NetworksTest-1439330285-project-admin', 'project_domain_id': 'default', 'project_domain_name': 'Default', 'project_id': '666483d0426d4c2db3aafc522ff927d7', 'project_name': 'tempest-NetworksTest-1439330285', 'tenant_id': '666483d0426d4c2db3aafc522ff927d7', 'tenant_name': 'tempest-NetworksTest-1439330285', 'user_domain_id': 'default', 'user_domain_name': 'Default', 'user_id': 'e455c87d7d0a4accaa98767a4464d92a', 'system': None}, Network: None, Subnet: None, Router: None
2025-04-15 20:11:28.077 70988 INFO tempest.lib.common.dynamic_creds [-] Created isolated network resources for: credentials: Credentials: {'domain_id': 'default', 'domain_name': 'Default', 'username': 'tempest-NetworksTest-1439330285-project-admin', 'project_domain_id': 'default', 'project_domain_name': 'Default', 'project_id': '666483d0426d4c2db3aafc522ff927d7', 'project_name': 'tempest-NetworksTest-1439330285', 'tenant_id': '666483d0426d4c2db3aafc522ff927d7', 'tenant_name': 'tempest-NetworksTest-1439330285', 'user_domain_id': 'default', 'user_domain_name': 'Default', 'user_id': 'e455c87d7d0a4accaa98767a4464d92a', 'system': None}, Network: None, Subnet: None, Router: None
2025-04-15 20:11:28.110 70974 INFO tempest.lib.common.rest_client [req-a2b1e446-7c26-4b54-b6fd-bfe2305ed1b8 req-a2b1e446-7c26-4b54-b6fd-bfe2305ed1b8 ] Request (SecurityGroupsTestAdminJSON:_run_cleanups): 202 DELETE http://10.180.1.21/compute/v2.1/os-security-groups/8b3f961d-0e89-4e0c-bdd7-3edb4ad24d56 2.229s
2025-04-15 20:11:28.159 70948 INFO tempest.lib.common.rest_client [req-46c4d389-92a7-48c0-8d37-a2c8a8da3056 req-46c4d389-92a7-48c0-8d37-a2c8a8da3056 ] Request (QuotasAdminNegativeTest:setUpClass): 201 POST http://10.180.1.21/identity/v3/projects 0.224s
2025-04-15 20:11:28.198 70984 INFO tempest.lib.common.rest_client [req-d77469bd-e7bd-434f-92dd-df39d014e3ec req-d77469bd-e7bd-434f-92dd-df39d014e3ec ] Request (ServerActionsTestOtherB:setUpClass): 200 GET http://10.180.1.21/compute/v2.1/servers/265f116d-1cdf-4201-a90e-6a3cb4ea8ece 2.224s
