2025-04-15 20:13:34.829 70984 INFO tempest.lib.common.rest_client [req-e759284e-280f-48f4-bc62-f0a8d25b6588 req-e759284e-280f-48f4-bc62-f0a8d25b6588 ] Request (ServerActionsTestOtherB:test_resize_server_confirm_from_stopped): 200 GET http://10.180.1.21/compute/v2.1/servers/265f116d-1cdf-4201-a90e-6a3cb4ea8ece 0.225s
2025-04-15 20:13:34.859 70940 INFO tempest.lib.common.rest_client [req-2166d888-dee6-4763-97ff-d3eb3fab1a7e req-2166d888-dee6-4763-97ff-d3eb3fab1a7e ] Request (VolumesAdminNegativeTest:test_update_attached_volume_with_nonexistent_volume_in_body): 200 GET http://10.180.1.21/compute/v2.1/servers/53c8d62a-6a62-4656-88e1-e27c6034d082 0.169s
2025-04-15 20:13:34.862 70994 INFO tempest.lib.common.rest_client [req-b50dd344-ad37-443f-9e22-e5a68b7df50e req-b50dd344-ad37-443f-9e22-e5a68b7df50e ] Request (ListImageFiltersTestJSON:test_list_images_filter_by_server_ref): 200 GET http://10.180.1.21/compute/v2.1/images?server=http%3A%2F%2F10.180.1.21%2Fcompute%2Fv2.1%2Fservers%2F2326608f-ae29-49b0-847a-d8eee0560304 0.157s
2025-04-15 20:13:34.897 70994 INFO tempest.lib.common.rest_client [req-4972dd16-e4e8-4073-a489-f33fc1da518d req-4972dd16-e4e8-4073-a489-f33fc1da518d ] Request (ListImageFiltersTestJSON:test_list_images_filter_by_server_ref): 200 GET http://10.180.1.21/compute/v2.1/images?server=http%3A%2F%2F10.180.1.21%2Fcompute%2Fservers%2F2326608f-ae29-49b0-847a-d8eee0560304 0.033s
2025-04-15 20:13:34.945 70962 INFO tempest.lib.common.rest_client [req-e1ea7915-ce97-4c97-93f7-6b7547dc351c req-e1ea7915-ce97-4c97-93f7-6b7547dc351c ] Request (SecurityGroupsTestJSON:test_server_security_groups): 200 GET http://10.180.1.21/compute/v2.1/servers/dfd7bf2f-a2c0-4508-9719-675d47bd3de1 0.055s
2025-04-15 20:13:34.962 70994 INFO tempest.lib.common.rest_client [req-5f743a54-93b6-4b98-b90a-63d353896710 req-5f743a54-93b6-4b98-b90a-63d353896710 ] Request (ListImageFiltersTestJSON:test_list_images_filter_by_status): 200 GET http://10.180.1.21/compute/v2.1/images?status=ACTIVE 0.061s
2025-04-15 20:13:35.011 70994 INFO tempest.lib.common.rest_client [req-e579e2c9-d8d1-4307-a1b5-40bda41e5f80 req-e579e2c9-d8d1-4307-a1b5-40bda41e5f80 ] Request (ListImageFiltersTestJSON:test_list_images_filter_by_type): 200 GET http://10.180.1.21/compute/v2.1/images?type=snapshot 0.045s
2025-04-15 20:13:35.076 70966 INFO tempest.lib.common.rest_client [req-8948b1d9-a7f1-4d82-9da6-900672905f41 req-8948b1d9-a7f1-4d82-9da6-900672905f41 ] Request (ServerRescueNegativeTestJSON:test_rescued_vm_detach_volume): 200 GET http://10.180.1.21/compute/v2.1/servers/3f866d70-dbec-4b20-a478-6d970447cea5 0.091s
2025-04-15 20:13:35.125 70986 INFO tempest.lib.common.rest_client [req-7e4e4867-e1b9-491e-84de-12020a88f9c4 req-7e4e4867-e1b9-491e-84de-12020a88f9c4 ] Request (ServerActionsV293TestJSON:setUpClass): 200 GET http://10.180.1.21/compute/v2.1/servers/3c6d0f90-5a27-4e06-a4ac-ec5a1ce7bf89 0.134s
2025-04-15 20:13:35.135 70986 INFO tempest.common.waiters [-] State transition "BUILD/spawning" ==> "ACTIVE/None" after 82 second wait
2025-04-15 20:13:35.142 70994 INFO tempest.lib.common.rest_client [req-bd952067-c6ce-48d1-a97b-af170b37fe6d req-bd952067-c6ce-48d1-a97b-af170b37fe6d ] Request (ListImageFiltersTestJSON:test_list_images_limit_results): 200 GET http://10.180.1.21/compute/v2.1/images?limit=1 0.128s
2025-04-15 20:13:35.172 70964 INFO tempest.lib.common.rest_client [req-5b0192c2-e457-45f7-a097-be5eace4b4ba req-5b0192c2-e457-45f7-a097-be5eace4b4ba ] Request (ServersAdminTestJSON:test_create_server_with_scheduling_hint): 200 GET http://10.180.1.21/compute/v2.1/servers/7521efba-e1a0-43ef-9d28-f91158a2541a 0.139s
2025-04-15 20:13:35.197 70988 INFO tempest.lib.common.rest_client [req-a8c5bfac-dcad-4faa-9662-e31613528b80 req-a8c5bfac-dcad-4faa-9662-e31613528b80 ] Request (ServerGroupTestJSON:_run_cleanups): 200 GET http://10.180.1.21/compute/v2.1/servers/7944d0ce-f048-4566-a93f-fbf3327b8297 0.147s
2025-04-15 20:13:35.218 70950 INFO tempest.lib.common.rest_client [req-e27b3ab7-8e92-4c63-b6f9-6654058b153f req-e27b3ab7-8e92-4c63-b6f9-6654058b153f ] Request (ServersWithSpecificFlavorTestJSON:test_verify_created_server_ephemeral_disk): 200 GET http://10.180.1.21/compute/v2.1/servers/e7c32bb6-4dee-49b0-be18-54a34bc2aa0a 0.138s
2025-04-15 20:13:35.273 70994 INFO tempest.lib.common.rest_client [req-b0a7cee1-eafe-42e5-91ea-13e3810c31b7 req-b0a7cee1-eafe-42e5-91ea-13e3810c31b7 ] Request (ListImageFiltersTestJSON:test_list_images_with_detail_filter_by_changes_since): 200 GET http://10.180.1.21/compute/v2.1/images/detail?changes-since=2025-04-15T20%3A11%3A06Z 0.128s
2025-04-15 20:13:35.298 70986 INFO tempest.lib.common.rest_client [req-16565042-a313-4128-8036-d9d457ab96cb req-16565042-a313-4128-8036-d9d457ab96cb ] Request (ServerActionsV293TestJSON:setUpClass): 200 GET http://10.180.1.21/compute/v2.1/servers/3c6d0f90-5a27-4e06-a4ac-ec5a1ce7bf89/os-interface 0.163s
2025-04-15 20:13:35.335 70994 INFO tempest.lib.common.rest_client [req-c5e70a47-db84-48b0-920a-facf41d8b44d req-c5e70a47-db84-48b0-920a-facf41d8b44d ] Request (ListImageFiltersTestJSON:test_list_images_with_detail_filter_by_name): 200 GET http://10.180.1.21/compute/v2.1/images/detail?name=tempest-ListImageFiltersTestJSON-image-1655024608 0.054s
2025-04-15 20:13:35.406 70960 INFO tempest.lib.common.rest_client [req-cc9bcf6b-9697-4560-984f-a8c218bf7026 req-cc9bcf6b-9697-4560-984f-a8c218bf7026 ] Request (DeleteServersAdminTestJSON:test_delete_server_while_in_error_state): 200 GET http://10.180.1.21/compute/v2.1/servers/966a3ad3-a18d-4e1b-905a-237256966ad9 0.119s
2025-04-15 20:13:35.407 70942 INFO tempest.lib.common.rest_client [req-624dc5e2-6c4b-468e-8213-e8e9ace7314a req-624dc5e2-6c4b-468e-8213-e8e9ace7314a ] Request (AttachInterfacesUnderV243Test:test_add_remove_fixed_ip): 200 GET http://10.180.1.21/compute/v2.1/servers/6184f1ff-39d2-4bf3-8362-08468e600de9 0.171s
2025-04-15 20:13:35.466 70978 INFO tempest.lib.common.rest_client [req-7619280f-d239-4dd1-972c-2e72c3efdc84 req-7619280f-d239-4dd1-972c-2e72c3efdc84 ] Request (ServersAdminNegativeTestJSON:tearDownClass): 200 GET http://10.180.1.21/compute/v2.1/servers/f34b664a-979f-40f9-8189-57aa4c5b5b94 0.139s
2025-04-15 20:13:35.468 70956 INFO tempest.lib.common.rest_client [req-753ece45-f69d-475c-a010-f03d8388abb4 req-753ece45-f69d-475c-a010-f03d8388abb4 ] Request (ServerPasswordTestJSON:setUpClass): 200 GET http://10.180.1.21/compute/v2.1/servers/c017cae6-1944-4b86-ac91-48702e470dfc 0.131s
2025-04-15 20:13:35.520 70994 INFO tempest.lib.common.rest_client [req-cab1f8f6-aada-4db9-b674-0bd2df0c44cb req-cab1f8f6-aada-4db9-b674-0bd2df0c44cb ] Request (ListImageFiltersTestJSON:test_list_images_with_detail_filter_by_server_ref): 200 GET http://10.180.1.21/compute/v2.1/images/detail?server=http%3A%2F%2F10.180.1.21%2Fcompute%2Fv2.1%2Fservers%2F2326608f-ae29-49b0-847a-d8eee0560304 0.179s
2025-04-15 20:13:35.536 70982 INFO tempest.lib.common.rest_client [req-568a4f6c-b2dd-4d46-8356-cb0a01b5412c req-568a4f6c-b2dd-4d46-8356-cb0a01b5412c ] Request (ImagesTestJSON:test_create_image_from_suspended_server): 200 GET http://10.180.1.21/compute/v2.1/servers/c9529c9f-d2f0-4816-a016-8e8e861f1068 0.144s
2025-04-15 20:13:35.600 70948 INFO tempest.lib.common.rest_client [req-a3a897e8-ad67-41df-b6b6-4fdcb591afe5 req-a3a897e8-ad67-41df-b6b6-4fdcb591afe5 ] Request (ServerTagsTestJSON:tearDownClass): 200 GET http://10.180.1.21/compute/v2.1/servers/0f089c7f-cc99-48d0-ad4e-e6326aaeb7a5 0.153s
2025-04-15 20:13:35.618 70976 INFO tempest.lib.common.rest_client [req-b08af2a4-7dbb-495a-93a6-478d10036f33 req-b08af2a4-7dbb-495a-93a6-478d10036f33 ] Request (ListServerFiltersTestJSON:tearDownClass): 200 GET http://10.180.1.21/compute/v2.1/servers/d74fa746-ef23-4b52-a3e2-790a9b64f723 0.156s
2025-04-15 20:13:35.665 70972 INFO tempest.lib.common.rest_client [req-080583b7-f267-48ec-96d9-a2e18b4ada5d req-080583b7-f267-48ec-96d9-a2e18b4ada5d ] Request (ListServersNegativeTestJSON:setUpClass): 200 GET http://10.180.1.21/compute/v2.1/servers/18c63efb-6b85-4802-af43-955db8bb3fd0 0.160s
2025-04-15 20:13:35.687 70952 INFO tempest.lib.common.rest_client [req-682d51da-0820-4f92-bd39-50584ca96f1f req-682d51da-0820-4f92-bd39-50584ca96f1f ] Request (VolumesAssistedSnapshotsTest:tearDownClass): 200 GET http://10.180.1.21/compute/v2.1/servers/1c255f61-e275-4b91-a75a-29ff39f15553 0.167s
2025-04-15 20:13:35.710 70994 INFO tempest.lib.common.rest_client [req-fc35efbb-7e21-445f-8b75-cd402a5b1ae7 req-fc35efbb-7e21-445f-8b75-cd402a5b1ae7 ] Request (ListImageFiltersTestJSON:test_list_images_with_detail_filter_by_server_ref): 200 GET http://10.180.1.21/compute/v2.1/images/detail?server=http%3A%2F%2F10.180.1.21%2Fcompute%2Fservers%2F2326608f-ae29-49b0-847a-d8eee0560304 0.185s
2025-04-15 20:13:35.750 70990 INFO tempest.lib.common.rest_client [req-e4d24fa3-7be6-4136-93bd-75b8296e2158 req-e4d24fa3-7be6-4136-93bd-75b8296e2158 ] Request (ServerDiskConfigTestJSON:test_resize_server_from_auto_to_manual): 200 GET http://10.180.1.21/compute/v2.1/servers/cae8ad8e-ae95-4d27-9379-e1aa64db3916 0.192s
2025-04-15 20:13:35.786 70997 INFO tempest.lib.common.rest_client [req-08f99423-8639-420f-a2ba-396a2354c5ce req-08f99423-8639-420f-a2ba-396a2354c5ce ] Request (ServerRescueTestJSONUnderV235:setUpClass): 200 GET http://10.180.1.21/compute/v2.1/servers/7eeadfd6-9b43-442f-a8ff-e46819987e49 0.181s
2025-04-15 20:13:35.814 70958 INFO tempest.lib.common.rest_client [req-654e0533-bd81-4aa0-9384-9672a4073062 req-654e0533-bd81-4aa0-9384-9672a4073062 ] Request (AttachInterfacesV270Test:tearDownClass): 200 GET http://10.180.1.21/compute/v2.1/servers/eecfa11b-9b4c-4f66-b092-04258a2a379e 0.181s
2025-04-15 20:13:35.850 70980 INFO tempest.lib.common.rest_client [req-d7738760-28d3-45c8-961e-1849e7f78c75 req-d7738760-28d3-45c8-961e-1849e7f78c75 ] Request (MigrationsAdminTest:test_resize_server_revert_deleted_flavor): 200 GET http://10.180.1.21/compute/v2.1/servers/06883e8b-247a-4ba2-b0ae-6b7a917550f5 0.199s
2025-04-15 20:13:35.903 70994 INFO tempest.lib.common.rest_client [req-7bd55130-c537-4d07-90ab-c99fe023c6d3 req-7bd55130-c537-4d07-90ab-c99fe023c6d3 ] Request (ListImageFiltersTestJSON:test_list_images_with_detail_filter_by_status): 200 GET http://10.180.1.21/compute/v2.1/images/detail?status=ACTIVE 0.186s
2025-04-15 20:13:35.934 70974 INFO tempest.lib.common.rest_client [req-e53a8f2c-583a-43f0-9c55-85bbd00c30fd req-e53a8f2c-583a-43f0-9c55-85bbd00c30fd ] Request (AttachInterfacesTestJSON:test_create_list_show_delete_interfaces_by_fixed_ip): 200 GET http://10.180.1.21/compute/v2.1/servers/02863b15-5897-41e5-b86c-31ef4a98f2cc 0.257s
2025-04-15 20:13:35.943 70974 INFO tempest.common.waiters [-] State transition "BUILD/networking" ==> "BUILD/block_device_mapping" after 67 second wait
2025-04-15 20:13:35.968 70954 INFO tempest.lib.common.rest_client [req-8e92ad27-33a6-445e-a0b8-65b75bf8f319 req-8e92ad27-33a6-445e-a0b8-65b75bf8f319 ] Request (ServerExternalEventsTest:tearDownClass): 200 GET http://10.180.1.21/compute/v2.1/servers/1bb5d018-b47b-4876-8a85-7fbeba6485d8 0.242s
2025-04-15 20:13:35.979 70986 INFO tempest.lib.common.rest_client [req-9d5b6067-9246-421b-9ffa-881bd6f629ad req-9d5b6067-9246-421b-9ffa-881bd6f629ad ] Request (ServerActionsV293TestJSON:setUpClass): 200 PUT http://10.180.1.21:9696/networking/v2.0/floatingips/af96ac52-753b-45e5-a620-c1f5ad0e91ae 0.679s
2025-04-15 20:13:35.983 70944 INFO tempest.lib.common.rest_client [req-065ae23f-a10b-4787-a26b-5f68bfca0ae1 req-065ae23f-a10b-4787-a26b-5f68bfca0ae1 ] Request (FloatingIPsAssociationTestJSON:test_associate_already_associated_floating_ip): 200 GET http://10.180.1.21/compute/v2.1/servers/564fbf12-311d-4fd5-b1f5-b13349652a11 0.209s
2025-04-15 20:13:36.024 70938 INFO tempest.lib.common.rest_client [req-7515f03d-82fa-4e6c-8a45-aa8fef7405f1 req-7515f03d-82fa-4e6c-8a45-aa8fef7405f1 ] Request (ImagesNegativeTestJSON:test_create_image_from_deleted_server): 200 GET http://10.180.1.21/compute/v2.1/servers/4a66e727-8ebe-4e50-82d4-0033cfc9c43d 0.199s
2025-04-15 20:13:36.082 70940 INFO tempest.lib.common.rest_client [req-1118fdfa-112c-4e82-8871-359d7bb02d39 req-1118fdfa-112c-4e82-8871-359d7bb02d39 ] Request (VolumesAdminNegativeTest:test_update_attached_volume_with_nonexistent_volume_in_body): 200 GET http://10.180.1.21/compute/v2.1/servers/53c8d62a-6a62-4656-88e1-e27c6034d082 0.213s
2025-04-15 20:13:36.094 70984 INFO tempest.lib.common.rest_client [req-b5f9db3c-c5fb-460f-890b-d5ea001934c6 req-b5f9db3c-c5fb-460f-890b-d5ea001934c6 ] Request (ServerActionsTestOtherB:test_resize_server_confirm_from_stopped): 200 GET http://10.180.1.21/compute/v2.1/servers/265f116d-1cdf-4201-a90e-6a3cb4ea8ece 0.255s
2025-04-15 20:13:36.139 70994 INFO tempest.lib.common.rest_client [req-d90a05cd-9b29-4d34-a8bb-782c499102a4 req-d90a05cd-9b29-4d34-a8bb-782c499102a4 ] Request (ListImageFiltersTestJSON:test_list_images_with_detail_filter_by_type): 200 GET http://10.180.1.21/compute/v2.1/images/detail?type=snapshot 0.229s
2025-04-15 20:13:36.159 70962 INFO tempest.lib.common.rest_client [req-0126ab91-89b7-4471-b23c-2409efd3009d req-0126ab91-89b7-4471-b23c-2409efd3009d ] Request (SecurityGroupsTestJSON:test_server_security_groups): 200 GET http://10.180.1.21/compute/v2.1/servers/dfd7bf2f-a2c0-4508-9719-675d47bd3de1 0.205s
2025-04-15 20:13:36.252 70986 INFO tempest.lib.common.rest_client [req-3cfb2315-2292-437b-97e7-d72f7c8fb394 req-3cfb2315-2292-437b-97e7-d72f7c8fb394 ] Request (ServerActionsV293TestJSON:test_rebuild_volume_backed_server): 200 GET http://10.180.1.21/compute/v2.1/servers/3c6d0f90-5a27-4e06-a4ac-ec5a1ce7bf89 0.272s
2025-04-15 20:13:36.290 70994 INFO tempest.lib.common.rest_client [req-d93cd440-c01c-4377-83e8-72938912d565 req-d93cd440-c01c-4377-83e8-72938912d565 ] Request (ListImageFiltersTestJSON:test_list_images_with_detail_filter_by_type): 200 GET http://10.180.1.21/compute/v2.1/images/2b5b7628-89fb-4c2a-b1f6-2ca0edf3a6e5 0.147s
2025-04-15 20:13:36.313 70986 INFO tempest.lib.common.rest_client [req-f748e146-f761-4eb0-a779-244d825d543c req-f748e146-f761-4eb0-a779-244d825d543c ] Request (ServerActionsV293TestJSON:test_rebuild_volume_backed_server): 200 GET http://10.180.1.21/volume/v3/1a3ebafc54e1432196f5f0e60d5e9fae/volumes/02bc7fdd-5af4-4959-9b5d-44e4cb312af4 0.048s
2025-04-15 20:13:36.323 70986 INFO tempest.lib.common.ssh [-] Creating ssh connection to '10.180.180.201:22' as 'cirros' with public key authentication
2025-04-15 20:13:36.331 70966 INFO tempest.lib.common.rest_client [req-9f22f4c0-155a-456c-9c63-55b554f4ba5a req-9f22f4c0-155a-456c-9c63-55b554f4ba5a ] Request (ServerRescueNegativeTestJSON:test_rescued_vm_detach_volume): 200 GET http://10.180.1.21/compute/v2.1/servers/3f866d70-dbec-4b20-a478-6d970447cea5 0.247s
2025-04-15 20:13:36.347 70964 INFO tempest.lib.common.rest_client [req-3106ddd0-5d68-4aaa-9f06-4c2a9fb81856 req-3106ddd0-5d68-4aaa-9f06-4c2a9fb81856 ] Request (ServersAdminTestJSON:test_create_server_with_scheduling_hint): 200 GET http://10.180.1.21/compute/v2.1/servers/7521efba-e1a0-43ef-9d28-f91158a2541a 0.165s
2025-04-15 20:13:36.391 70988 INFO tempest.lib.common.rest_client [req-1b99c39a-37ae-46d1-b056-f669584f3491 req-1b99c39a-37ae-46d1-b056-f669584f3491 ] Request (ServerGroupTestJSON:_run_cleanups): 200 GET http://10.180.1.21/compute/v2.1/servers/7944d0ce-f048-4566-a93f-fbf3327b8297 0.186s
2025-04-15 20:13:36.397 70950 INFO tempest.lib.common.rest_client [req-13dfbc98-f074-4aad-9ccc-72d9b6aa857a req-13dfbc98-f074-4aad-9ccc-72d9b6aa857a ] Request (ServersWithSpecificFlavorTestJSON:test_verify_created_server_ephemeral_disk): 200 GET http://10.180.1.21/compute/v2.1/servers/e7c32bb6-4dee-49b0-be18-54a34bc2aa0a 0.170s
2025-04-15 20:13:36.425 70994 INFO tempest.lib.common.rest_client [req-a1c3cac1-3b4c-4f8a-90ee-4c5d923da69a req-a1c3cac1-3b4c-4f8a-90ee-4c5d923da69a ] Request (ListImageFiltersTestJSON:test_list_images_with_detail_limit_results): 200 GET http://10.180.1.21/compute/v2.1/images/detail?limit=1 0.127s
2025-04-15 20:13:36.475 70960 INFO tempest.lib.common.rest_client [req-df0a6807-fae9-4def-b3a4-f1f7c367b275 req-df0a6807-fae9-4def-b3a4-f1f7c367b275 ] Request (DeleteServersAdminTestJSON:test_delete_server_while_in_error_state): 200 GET http://10.180.1.21/compute/v2.1/servers/966a3ad3-a18d-4e1b-905a-237256966ad9 0.061s
2025-04-15 20:13:36.549 70942 INFO tempest.lib.common.rest_client [req-e94c1a5e-e8f5-45b4-8899-01acf9e2fd35 req-e94c1a5e-e8f5-45b4-8899-01acf9e2fd35 ] Request (AttachInterfacesUnderV243Test:test_add_remove_fixed_ip): 200 GET http://10.180.1.21/compute/v2.1/servers/6184f1ff-39d2-4bf3-8362-08468e600de9 0.129s
2025-04-15 20:13:36.595 70994 INFO tempest.lib.common.rest_client [req-cebdfa30-92e8-4a6c-a333-5e0787e1792b req-cebdfa30-92e8-4a6c-a333-5e0787e1792b ] Request (ListImageFiltersTestJSON:tearDownClass): 204 DELETE http://10.180.1.21/compute/v2.1/images/2d3f2dbf-bf30-4a72-ac60-795cceab9f4d 0.165s
2025-04-15 20:13:36.605 70956 INFO tempest.lib.common.rest_client [req-7fb4634a-57af-481a-ae6e-850239424745 req-7fb4634a-57af-481a-ae6e-850239424745 ] Request (ServerPasswordTestJSON:setUpClass): 200 GET http://10.180.1.21/compute/v2.1/servers/c017cae6-1944-4b86-ac91-48702e470dfc 0.130s
2025-04-15 20:13:36.613 70956 INFO tempest.common.waiters [-] State transition "BUILD/scheduling" ==> "BUILD/None" after 52 second wait
2025-04-15 20:13:36.658 70982 INFO tempest.lib.common.rest_client [req-4f92f800-c1a9-4e49-b1bb-9a680493f685 req-4f92f800-c1a9-4e49-b1bb-9a680493f685 ] Request (ImagesTestJSON:test_create_image_from_suspended_server): 200 GET http://10.180.1.21/compute/v2.1/servers/c9529c9f-d2f0-4816-a016-8e8e861f1068 0.112s
2025-04-15 20:13:36.677 70978 INFO tempest.lib.common.rest_client [req-dcb82063-a9ce-415f-8e48-47337dd03b66 req-dcb82063-a9ce-415f-8e48-47337dd03b66 ] Request (ServersAdminNegativeTestJSON:tearDownClass): 200 GET http://10.180.1.21/compute/v2.1/servers/f34b664a-979f-40f9-8189-57aa4c5b5b94 0.198s
2025-04-15 20:13:36.750 70994 INFO tempest.lib.common.rest_client [req-1863e7b6-ef75-4007-92b6-75e864c1695e req-1863e7b6-ef75-4007-92b6-75e864c1695e ] Request (ListImageFiltersTestJSON:tearDownClass): 204 DELETE http://10.180.1.21/compute/v2.1/images/eb9732cb-e056-4d54-a9d2-9a1cc7f3969b 0.154s
2025-04-15 20:13:36.751 70948 INFO tempest.lib.common.rest_client [req-42078780-bfe9-46df-92f5-eed662a16bda req-42078780-bfe9-46df-92f5-eed662a16bda ] Request (ServerTagsTestJSON:tearDownClass): 200 GET http://10.180.1.21/compute/v2.1/servers/0f089c7f-cc99-48d0-ad4e-e6326aaeb7a5 0.138s
2025-04-15 20:13:36.805 70976 INFO tempest.lib.common.rest_client [req-39c13caf-7a73-4b3e-a64b-075570f756f6 req-39c13caf-7a73-4b3e-a64b-075570f756f6 ] Request (ListServerFiltersTestJSON:tearDownClass): 200 GET http://10.180.1.21/compute/v2.1/servers/d74fa746-ef23-4b52-a3e2-790a9b64f723 0.175s
2025-04-15 20:13:36.807 70972 INFO tempest.lib.common.rest_client [req-6ee863c7-3729-4829-8779-90887cbab217 req-6ee863c7-3729-4829-8779-90887cbab217 ] Request (ListServersNegativeTestJSON:setUpClass): 200 GET http://10.180.1.21/compute/v2.1/servers/18c63efb-6b85-4802-af43-955db8bb3fd0 0.134s
2025-04-15 20:13:36.866 70952 INFO tempest.lib.common.rest_client [req-c9215b5c-fa9d-4332-b318-ca6604fd0746 req-c9215b5c-fa9d-4332-b318-ca6604fd0746 ] Request (VolumesAssistedSnapshotsTest:tearDownClass): 200 GET http://10.180.1.21/compute/v2.1/servers/1c255f61-e275-4b91-a75a-29ff39f15553 0.170s
2025-04-15 20:13:36.903 70994 INFO tempest.lib.common.rest_client [req-03bfa48f-a485-4fa0-8847-60b7e10b6ac4 req-03bfa48f-a485-4fa0-8847-60b7e10b6ac4 ] Request (ListImageFiltersTestJSON:tearDownClass): 204 DELETE http://10.180.1.21/compute/v2.1/images/46fc395d-e156-42d8-b5c7-fe83d2b3ceca 0.153s
2025-04-15 20:13:36.918 70990 INFO tempest.lib.common.rest_client [req-464b0f44-d89a-4594-a382-6be5a6680d98 req-464b0f44-d89a-4594-a382-6be5a6680d98 ] Request (ServerDiskConfigTestJSON:test_resize_server_from_auto_to_manual): 200 GET http://10.180.1.21/compute/v2.1/servers/cae8ad8e-ae95-4d27-9379-e1aa64db3916 0.160s
2025-04-15 20:13:36.955 70997 INFO tempest.lib.common.rest_client [req-4401cac2-fb02-4fec-a868-99c9bee07818 req-4401cac2-fb02-4fec-a868-99c9bee07818 ] Request (ServerRescueTestJSONUnderV235:setUpClass): 200 GET http://10.180.1.21/compute/v2.1/servers/7eeadfd6-9b43-442f-a8ff-e46819987e49 0.159s
2025-04-15 20:13:36.984 70958 INFO tempest.lib.common.rest_client [req-d0c9d092-f448-4d29-8d1c-89cb5f28e24a req-d0c9d092-f448-4d29-8d1c-89cb5f28e24a ] Request (AttachInterfacesV270Test:tearDownClass): 200 GET http://10.180.1.21/compute/v2.1/servers/eecfa11b-9b4c-4f66-b092-04258a2a379e 0.158s
2025-04-15 20:13:37.004 70980 INFO tempest.lib.common.rest_client [req-b34c2d64-7b05-4c29-b038-9b9da69e65df req-b34c2d64-7b05-4c29-b038-9b9da69e65df ] Request (MigrationsAdminTest:test_resize_server_revert_deleted_flavor): 200 GET http://10.180.1.21/compute/v2.1/servers/06883e8b-247a-4ba2-b0ae-6b7a917550f5 0.147s
2025-04-15 20:13:37.066 70994 INFO tempest.lib.common.rest_client [req-cc1f5aae-02dc-4844-833a-23b6442fd6cf req-cc1f5aae-02dc-4844-833a-23b6442fd6cf ] Request (ListImageFiltersTestJSON:tearDownClass): 204 DELETE http://10.180.1.21/compute/v2.1/servers/2326608f-ae29-49b0-847a-d8eee0560304 0.162s
2025-04-15 20:13:37.129 70954 INFO tempest.lib.common.rest_client [req-a0bc5bed-68be-4624-81dc-e4e57ad36d5b req-a0bc5bed-68be-4624-81dc-e4e57ad36d5b ] Request (ServerExternalEventsTest:tearDownClass): 200 GET http://10.180.1.21/compute/v2.1/servers/1bb5d018-b47b-4876-8a85-7fbeba6485d8 0.146s
2025-04-15 20:13:37.133 70974 INFO tempest.lib.common.rest_client [req-14b71727-96ef-41f9-882f-8bcaed8bace1 req-14b71727-96ef-41f9-882f-8bcaed8bace1 ] Request (AttachInterfacesTestJSON:test_create_list_show_delete_interfaces_by_fixed_ip): 200 GET http://10.180.1.21/compute/v2.1/servers/02863b15-5897-41e5-b86c-31ef4a98f2cc 0.189s
2025-04-15 20:13:37.140 70974 INFO tempest.common.waiters [-] State transition "BUILD/block_device_mapping" ==> "BUILD/spawning" after 69 second wait
2025-04-15 20:13:37.182 70944 INFO tempest.lib.common.rest_client [req-fb206d6e-eb7d-4b26-8ffa-3fc2f00c4f52 req-fb206d6e-eb7d-4b26-8ffa-3fc2f00c4f52 ] Request (FloatingIPsAssociationTestJSON:test_associate_already_associated_floating_ip): 200 GET http://10.180.1.21/compute/v2.1/servers/564fbf12-311d-4fd5-b1f5-b13349652a11 0.190s
2025-04-15 20:13:37.182 70938 INFO tempest.lib.common.rest_client [req-8904dd82-676c-4629-a73c-33e6c276abbc req-8904dd82-676c-4629-a73c-33e6c276abbc ] Request (ImagesNegativeTestJSON:test_create_image_from_deleted_server): 200 GET http://10.180.1.21/compute/v2.1/servers/4a66e727-8ebe-4e50-82d4-0033cfc9c43d 0.147s
2025-04-15 20:13:37.227 70940 INFO tempest.lib.common.rest_client [req-f7dffccd-0750-490c-a654-90c769eea9a7 req-f7dffccd-0750-490c-a654-90c769eea9a7 ] Request (VolumesAdminNegativeTest:test_update_attached_volume_with_nonexistent_volume_in_body): 200 GET http://10.180.1.21/compute/v2.1/servers/53c8d62a-6a62-4656-88e1-e27c6034d082 0.134s
2025-04-15 20:13:37.305 70994 INFO tempest.lib.common.rest_client [req-d3b2c9e2-28dd-43af-bc04-afbebbca104e req-d3b2c9e2-28dd-43af-bc04-afbebbca104e ] Request (ListImageFiltersTestJSON:tearDownClass): 200 GET http://10.180.1.21/compute/v2.1/servers/2326608f-ae29-49b0-847a-d8eee0560304 0.238s
2025-04-15 20:13:37.355 70962 INFO tempest.lib.common.rest_client [req-8312502f-17d8-4b5c-a3fe-878f49da1f2a req-8312502f-17d8-4b5c-a3fe-878f49da1f2a ] Request (SecurityGroupsTestJSON:test_server_security_groups): 200 GET http://10.180.1.21/compute/v2.1/servers/dfd7bf2f-a2c0-4508-9719-675d47bd3de1 0.186s
2025-04-15 20:13:37.377 70984 INFO tempest.lib.common.rest_client [req-e18567c2-9f5e-48e3-ab18-f3b6d737901f req-e18567c2-9f5e-48e3-ab18-f3b6d737901f ] Request (ServerActionsTestOtherB:test_resize_server_confirm_from_stopped): 200 GET http://10.180.1.21/compute/v2.1/servers/265f116d-1cdf-4201-a90e-6a3cb4ea8ece 0.274s
2025-04-15 20:13:37.422 70964 INFO tempest.lib.common.rest_client [req-38a05146-f253-4cd8-83ec-ac803b8ae861 req-38a05146-f253-4cd8-83ec-ac803b8ae861 ] Request (ServersAdminTestJSON:test_create_server_with_scheduling_hint): 200 GET http://10.180.1.21/compute/v2.1/servers/7521efba-e1a0-43ef-9d28-f91158a2541a 0.066s
2025-04-15 20:13:37.442 70966 INFO tempest.lib.common.rest_client [req-165b1f5e-5a4a-4617-9111-9420908bd386 req-165b1f5e-5a4a-4617-9111-9420908bd386 ] Request (ServerRescueNegativeTestJSON:test_rescued_vm_detach_volume): 200 GET http://10.180.1.21/compute/v2.1/servers/3f866d70-dbec-4b20-a478-6d970447cea5 0.104s
2025-04-15 20:13:37.474 70988 INFO tempest.lib.common.rest_client [req-72579b16-521d-4929-9944-793c39572967 req-72579b16-521d-4929-9944-793c39572967 ] Request (ServerGroupTestJSON:_run_cleanups): 200 GET http://10.180.1.21/compute/v2.1/servers/7944d0ce-f048-4566-a93f-fbf3327b8297 0.075s
2025-04-15 20:13:37.487 70950 INFO tempest.lib.common.rest_client [req-9e7fb998-baf9-40f0-a769-215d7a4e74b6 req-9e7fb998-baf9-40f0-a769-215d7a4e74b6 ] Request (ServersWithSpecificFlavorTestJSON:test_verify_created_server_ephemeral_disk): 200 GET http://10.180.1.21/compute/v2.1/servers/e7c32bb6-4dee-49b0-be18-54a34bc2aa0a 0.082s
2025-04-15 20:13:37.536 70960 INFO tempest.lib.common.rest_client [req-fb5fdc3f-0fa3-4bef-a9c6-fbfda50acf87 req-fb5fdc3f-0fa3-4bef-a9c6-fbfda50acf87 ] Request (DeleteServersAdminTestJSON:test_delete_server_while_in_error_state): 200 GET http://10.180.1.21/compute/v2.1/servers/966a3ad3-a18d-4e1b-905a-237256966ad9 0.053s
2025-04-15 20:13:37.663 70956 INFO tempest.lib.common.rest_client [req-dff528fc-e410-450c-b886-a80cac221866 req-dff528fc-e410-450c-b886-a80cac221866 ] Request (ServerPasswordTestJSON:setUpClass): 200 GET http://10.180.1.21/compute/v2.1/servers/c017cae6-1944-4b86-ac91-48702e470dfc 0.050s
2025-04-15 20:13:37.666 70942 INFO tempest.lib.common.rest_client [req-fc37bfeb-5d6d-4656-9118-4841742801e2 req-fc37bfeb-5d6d-4656-9118-4841742801e2 ] Request (AttachInterfacesUnderV243Test:test_add_remove_fixed_ip): 200 GET http://10.180.1.21/compute/v2.1/servers/6184f1ff-39d2-4bf3-8362-08468e600de9 0.107s
2025-04-15 20:13:37.677 70942 INFO tempest.common.waiters [-] State transition "BUILD/spawning" ==> "ACTIVE/None" after 79 second wait
2025-04-15 20:13:37.711 70982 INFO tempest.lib.common.rest_client [req-51a2d957-ba3d-497d-b8bf-a372b8b77dc9 req-51a2d957-ba3d-497d-b8bf-a372b8b77dc9 ] Request (ImagesTestJSON:test_create_image_from_suspended_server): 200 GET http://10.180.1.21/compute/v2.1/servers/c9529c9f-d2f0-4816-a016-8e8e861f1068 0.045s
2025-04-15 20:13:37.742 70942 INFO tempest.lib.common.rest_client [req-24bb5ee1-e953-4889-9667-224be2d34d88 req-24bb5ee1-e953-4889-9667-224be2d34d88 ] Request (AttachInterfacesUnderV243Test:test_add_remove_fixed_ip): 200 GET http://10.180.1.21/compute/v2.1/servers/6184f1ff-39d2-4bf3-8362-08468e600de9/os-interface 0.064s
2025-04-15 20:13:37.765 70978 INFO tempest.lib.common.rest_client [req-b3a4fee4-b086-4068-90fe-011dd05dc5a7 req-b3a4fee4-b086-4068-90fe-011dd05dc5a7 ] Request (ServersAdminNegativeTestJSON:tearDownClass): 200 GET http://10.180.1.21/compute/v2.1/servers/f34b664a-979f-40f9-8189-57aa4c5b5b94 0.079s
2025-04-15 20:13:37.825 70948 INFO tempest.lib.common.rest_client [req-def257ad-3026-4174-bf63-c95a5c6f2bca req-def257ad-3026-4174-bf63-c95a5c6f2bca ] Request (ServerTagsTestJSON:tearDownClass): 200 GET http://10.180.1.21/compute/v2.1/servers/0f089c7f-cc99-48d0-ad4e-e6326aaeb7a5 0.061s
2025-04-15 20:13:37.860 70972 INFO tempest.lib.common.rest_client [req-ec7c9c7f-c044-423a-8845-22cd63f530ae req-ec7c9c7f-c044-423a-8845-22cd63f530ae ] Request (ListServersNegativeTestJSON:setUpClass): 200 GET http://10.180.1.21/compute/v2.1/servers/18c63efb-6b85-4802-af43-955db8bb3fd0 0.046s
2025-04-15 20:13:37.878 70976 INFO tempest.lib.common.rest_client [req-970c09cf-7ce9-4258-a992-4aeac98b6e41 req-970c09cf-7ce9-4258-a992-4aeac98b6e41 ] Request (ListServerFiltersTestJSON:tearDownClass): 200 GET http://10.180.1.21/compute/v2.1/servers/d74fa746-ef23-4b52-a3e2-790a9b64f723 0.061s
2025-04-15 20:13:37.936 70952 INFO tempest.lib.common.rest_client [req-12211e9d-5429-43a4-ad67-a671e1c14332 req-12211e9d-5429-43a4-ad67-a671e1c14332 ] Request (VolumesAssistedSnapshotsTest:tearDownClass): 200 GET http://10.180.1.21/compute/v2.1/servers/1c255f61-e275-4b91-a75a-29ff39f15553 0.056s
2025-04-15 20:13:37.985 70990 INFO tempest.lib.common.rest_client [req-5b96ab21-a850-4a17-b4a7-3cb0c403f41d req-5b96ab21-a850-4a17-b4a7-3cb0c403f41d ] Request (ServerDiskConfigTestJSON:test_resize_server_from_auto_to_manual): 200 GET http://10.180.1.21/compute/v2.1/servers/cae8ad8e-ae95-4d27-9379-e1aa64db3916 0.058s
2025-04-15 20:13:38.014 70997 INFO tempest.lib.common.rest_client [req-b412bc39-49b6-41f7-97b1-4a70b2302a60 req-b412bc39-49b6-41f7-97b1-4a70b2302a60 ] Request (ServerRescueTestJSONUnderV235:setUpClass): 200 GET http://10.180.1.21/compute/v2.1/servers/7eeadfd6-9b43-442f-a8ff-e46819987e49 0.049s
2025-04-15 20:13:38.060 70980 INFO tempest.lib.common.rest_client [req-cc3b9ae1-e0af-4f1f-81d8-754051195344 req-cc3b9ae1-e0af-4f1f-81d8-754051195344 ] Request (MigrationsAdminTest:test_resize_server_revert_deleted_flavor): 200 GET http://10.180.1.21/compute/v2.1/servers/06883e8b-247a-4ba2-b0ae-6b7a917550f5 0.047s
2025-04-15 20:13:38.084 70958 INFO tempest.lib.common.rest_client [req-8f2254e2-7db8-4e53-b9de-b7779df9ebcd req-8f2254e2-7db8-4e53-b9de-b7779df9ebcd ] Request (AttachInterfacesV270Test:tearDownClass): 200 GET http://10.180.1.21/compute/v2.1/servers/eecfa11b-9b4c-4f66-b092-04258a2a379e 0.081s
2025-04-15 20:13:38.200 70954 INFO tempest.lib.common.rest_client [req-bf165e98-4a58-468e-aecb-9164a193edbb req-bf165e98-4a58-468e-aecb-9164a193edbb ] Request (ServerExternalEventsTest:tearDownClass): 200 GET http://10.180.1.21/compute/v2.1/servers/1bb5d018-b47b-4876-8a85-7fbeba6485d8 0.062s
2025-04-15 20:13:38.260 70938 INFO tempest.lib.common.rest_client [req-9a6044d9-aca0-47bc-accb-01daaf4406de req-9a6044d9-aca0-47bc-accb-01daaf4406de ] Request (ImagesNegativeTestJSON:test_create_image_from_deleted_server): 200 GET http://10.180.1.21/compute/v2.1/servers/4a66e727-8ebe-4e50-82d4-0033cfc9c43d 0.070s
2025-04-15 20:13:38.315 70942 INFO tempest.lib.common.rest_client [req-c65c7e9f-388e-4361-b968-b2b9b15f8129 req-c65c7e9f-388e-4361-b968-b2b9b15f8129 ] Request (AttachInterfacesUnderV243Test:test_add_remove_fixed_ip): 200 PUT http://10.180.1.21:9696/networking/v2.0/floatingips/6cc2d67a-6b94-48a9-8562-0033b1235a71 0.571s
2025-04-15 20:13:38.320 70944 INFO tempest.lib.common.rest_client [req-f38a5eb5-f925-4e45-8362-99d7bf6803a0 req-f38a5eb5-f925-4e45-8362-99d7bf6803a0 ] Request (FloatingIPsAssociationTestJSON:test_associate_already_associated_floating_ip): 200 GET http://10.180.1.21/compute/v2.1/servers/564fbf12-311d-4fd5-b1f5-b13349652a11 0.128s
2025-04-15 20:13:38.324 70974 INFO tempest.lib.common.rest_client [req-fcfe9a94-1f46-44ca-9b8d-7bea0b9b107a req-fcfe9a94-1f46-44ca-9b8d-7bea0b9b107a ] Request (AttachInterfacesTestJSON:test_create_list_show_delete_interfaces_by_fixed_ip): 200 GET http://10.180.1.21/compute/v2.1/servers/02863b15-5897-41e5-b86c-31ef4a98f2cc 0.183s
2025-04-15 20:13:38.375 70940 INFO tempest.lib.common.rest_client [req-ae625725-c0b2-48e0-9c3b-b64a81c3657f req-ae625725-c0b2-48e0-9c3b-b64a81c3657f ] Request (VolumesAdminNegativeTest:test_update_attached_volume_with_nonexistent_volume_in_body): 200 GET http://10.180.1.21/compute/v2.1/servers/53c8d62a-6a62-4656-88e1-e27c6034d082 0.140s
2025-04-15 20:13:38.443 70942 INFO tempest.lib.common.rest_client [req-ecc2c229-9847-491b-addf-9cbd2ba1e044 req-ecc2c229-9847-491b-addf-9cbd2ba1e044 ] Request (AttachInterfacesUnderV243Test:test_add_remove_fixed_ip): 200 GET http://10.180.1.21/compute/v2.1/servers/6184f1ff-39d2-4bf3-8362-08468e600de9 0.127s
2025-04-15 20:13:38.451 70942 INFO tempest.lib.common.ssh [-] Creating ssh connection to '10.180.180.141:22' as 'cirros' with public key authentication
2025-04-15 20:13:38.503 70962 INFO tempest.lib.common.rest_client [req-ebfa6464-2be8-475d-81f2-349392038495 req-ebfa6464-2be8-475d-81f2-349392038495 ] Request (SecurityGroupsTestJSON:test_server_security_groups): 200 GET http://10.180.1.21/compute/v2.1/servers/dfd7bf2f-a2c0-4508-9719-675d47bd3de1 0.140s
2025-04-15 20:13:38.510 70994 INFO tempest.lib.common.rest_client [req-927d99a8-dae0-46d3-8317-4fa5c33bd769 req-927d99a8-dae0-46d3-8317-4fa5c33bd769 ] Request (ListImageFiltersTestJSON:tearDownClass): 200 GET http://10.180.1.21/compute/v2.1/servers/2326608f-ae29-49b0-847a-d8eee0560304 0.196s
2025-04-15 20:13:38.564 70964 INFO tempest.lib.common.rest_client [req-fba6fcfc-90b6-4a4c-9087-470176d9d472 req-fba6fcfc-90b6-4a4c-9087-470176d9d472 ] Request (ServersAdminTestJSON:test_create_server_with_scheduling_hint): 200 GET http://10.180.1.21/compute/v2.1/servers/7521efba-e1a0-43ef-9d28-f91158a2541a 0.134s
2025-04-15 20:13:38.605 70984 INFO tempest.lib.common.rest_client [req-3c70bae3-793c-4c2e-bcc3-695a8a5776a3 req-3c70bae3-793c-4c2e-bcc3-695a8a5776a3 ] Request (ServerActionsTestOtherB:test_resize_server_confirm_from_stopped): 200 GET http://10.180.1.21/compute/v2.1/servers/265f116d-1cdf-4201-a90e-6a3cb4ea8ece 0.220s
2025-04-15 20:13:38.659 70988 INFO tempest.lib.common.rest_client [req-5c2b1d26-f37b-4960-b90a-78900386040d req-5c2b1d26-f37b-4960-b90a-78900386040d ] Request (ServerGroupTestJSON:_run_cleanups): 200 GET http://10.180.1.21/compute/v2.1/servers/7944d0ce-f048-4566-a93f-fbf3327b8297 0.178s
2025-04-15 20:13:38.665 70966 INFO tempest.lib.common.rest_client [req-cf2c2c99-e336-4c01-8613-9999e4f1b91a req-cf2c2c99-e336-4c01-8613-9999e4f1b91a ] Request (ServerRescueNegativeTestJSON:test_rescued_vm_detach_volume): 200 GET http://10.180.1.21/compute/v2.1/servers/3f866d70-dbec-4b20-a478-6d970447cea5 0.213s
2025-04-15 20:13:38.714 70950 INFO tempest.lib.common.rest_client [req-51cbc9d9-bc3e-4ebb-b6d3-edd173a86188 req-51cbc9d9-bc3e-4ebb-b6d3-edd173a86188 ] Request (ServersWithSpecificFlavorTestJSON:test_verify_created_server_ephemeral_disk): 200 GET http://10.180.1.21/compute/v2.1/servers/e7c32bb6-4dee-49b0-be18-54a34bc2aa0a 0.218s
2025-04-15 20:13:38.735 70960 INFO tempest.lib.common.rest_client [req-5859c6f2-be5c-4911-9eac-59f98f004725 req-5859c6f2-be5c-4911-9eac-59f98f004725 ] Request (DeleteServersAdminTestJSON:test_delete_server_while_in_error_state): 200 GET http://10.180.1.21/compute/v2.1/servers/966a3ad3-a18d-4e1b-905a-237256966ad9 0.191s
2025-04-15 20:13:38.764 70956 INFO tempest.lib.common.rest_client [req-7ce2cc60-4ef8-4308-be00-7491d78fc734 req-7ce2cc60-4ef8-4308-be00-7491d78fc734 ] Request (ServerPasswordTestJSON:setUpClass): 200 GET http://10.180.1.21/compute/v2.1/servers/c017cae6-1944-4b86-ac91-48702e470dfc 0.093s
2025-04-15 20:13:38.796 70982 INFO tempest.lib.common.rest_client [req-ca8d6ae6-8d37-4a56-88a6-1f6ac19d0a14 req-ca8d6ae6-8d37-4a56-88a6-1f6ac19d0a14 ] Request (ImagesTestJSON:test_create_image_from_suspended_server): 200 GET http://10.180.1.21/compute/v2.1/servers/c9529c9f-d2f0-4816-a016-8e8e861f1068 0.076s
2025-04-15 20:13:38.841 70978 INFO tempest.lib.common.rest_client [req-bf53643c-9107-4939-a3d3-517b82632080 req-bf53643c-9107-4939-a3d3-517b82632080 ] Request (ServersAdminNegativeTestJSON:tearDownClass): 200 GET http://10.180.1.21/compute/v2.1/servers/f34b664a-979f-40f9-8189-57aa4c5b5b94 0.068s
2025-04-15 20:13:38.900 70948 INFO tempest.lib.common.rest_client [req-b6d137b2-ec72-4133-a65a-226424999e31 req-b6d137b2-ec72-4133-a65a-226424999e31 ] Request (ServerTagsTestJSON:tearDownClass): 200 GET http://10.180.1.21/compute/v2.1/servers/0f089c7f-cc99-48d0-ad4e-e6326aaeb7a5 0.064s
2025-04-15 20:13:38.929 70972 INFO tempest.lib.common.rest_client [req-3ef434a5-6e5f-42ef-b35b-269798231cd8 req-3ef434a5-6e5f-42ef-b35b-269798231cd8 ] Request (ListServersNegativeTestJSON:setUpClass): 200 GET http://10.180.1.21/compute/v2.1/servers/18c63efb-6b85-4802-af43-955db8bb3fd0 0.061s
2025-04-15 20:13:38.958 70976 INFO tempest.lib.common.rest_client [req-61e92c70-74e7-4810-a8f1-54573101babd req-61e92c70-74e7-4810-a8f1-54573101babd ] Request (ListServerFiltersTestJSON:tearDownClass): 200 GET http://10.180.1.21/compute/v2.1/servers/d74fa746-ef23-4b52-a3e2-790a9b64f723 0.072s
2025-04-15 20:13:39.002 70952 INFO tempest.lib.common.rest_client [req-596ddd6a-b36a-4f9a-8c31-d034606fe31a req-596ddd6a-b36a-4f9a-8c31-d034606fe31a ] Request (VolumesAssistedSnapshotsTest:tearDownClass): 200 GET http://10.180.1.21/compute/v2.1/servers/1c255f61-e275-4b91-a75a-29ff39f15553 0.059s
2025-04-15 20:13:39.041 70990 INFO tempest.lib.common.rest_client [req-b7783fb2-f56f-49ed-96b9-7e6e3f1202ef req-b7783fb2-f56f-49ed-96b9-7e6e3f1202ef ] Request (ServerDiskConfigTestJSON:test_resize_server_from_auto_to_manual): 200 GET http://10.180.1.21/compute/v2.1/servers/cae8ad8e-ae95-4d27-9379-e1aa64db3916 0.048s
2025-04-15 20:13:39.083 70997 INFO tempest.lib.common.rest_client [req-dd69c482-77f2-4b87-b51f-74ab5da2a81e req-dd69c482-77f2-4b87-b51f-74ab5da2a81e ] Request (ServerRescueTestJSONUnderV235:setUpClass): 200 GET http://10.180.1.21/compute/v2.1/servers/7eeadfd6-9b43-442f-a8ff-e46819987e49 0.058s
2025-04-15 20:13:39.092 70997 INFO tempest.common.waiters [-] State transition "BUILD/scheduling" ==> "BUILD/None" after 51 second wait
2025-04-15 20:13:39.119 70980 INFO tempest.lib.common.rest_client [req-25a35678-9b5a-4b28-b405-10995a95f312 req-25a35678-9b5a-4b28-b405-10995a95f312 ] Request (MigrationsAdminTest:test_resize_server_revert_deleted_flavor): 200 GET http://10.180.1.21/compute/v2.1/servers/06883e8b-247a-4ba2-b0ae-6b7a917550f5 0.051s
2025-04-15 20:13:39.128 70958 INFO tempest.lib.common.rest_client [req-fa33b81f-3af3-46e7-b70a-ec89ef04e432 req-fa33b81f-3af3-46e7-b70a-ec89ef04e432 ] Request (AttachInterfacesV270Test:tearDownClass): 404 GET http://10.180.1.21/compute/v2.1/servers/eecfa11b-9b4c-4f66-b092-04258a2a379e 0.027s
2025-04-15 20:13:39.271 70954 INFO tempest.lib.common.rest_client [req-ee95e22d-982f-44ef-914c-c2f2c6dcbce4 req-ee95e22d-982f-44ef-914c-c2f2c6dcbce4 ] Request (ServerExternalEventsTest:tearDownClass): 200 GET http://10.180.1.21/compute/v2.1/servers/1bb5d018-b47b-4876-8a85-7fbeba6485d8 0.062s
2025-04-15 20:13:39.350 70938 INFO tempest.lib.common.rest_client [req-bb6f1ba5-f8f5-4bd4-a7d5-c796f79c9374 req-bb6f1ba5-f8f5-4bd4-a7d5-c796f79c9374 ] Request (ImagesNegativeTestJSON:test_create_image_from_deleted_server): 200 GET http://10.180.1.21/compute/v2.1/servers/4a66e727-8ebe-4e50-82d4-0033cfc9c43d 0.079s
2025-04-15 20:13:39.394 70944 INFO tempest.lib.common.rest_client [req-b849f733-1529-4de5-8427-78d9bec9f05d req-b849f733-1529-4de5-8427-78d9bec9f05d ] Request (FloatingIPsAssociationTestJSON:test_associate_already_associated_floating_ip): 200 GET http://10.180.1.21/compute/v2.1/servers/564fbf12-311d-4fd5-b1f5-b13349652a11 0.064s
2025-04-15 20:13:39.451 70940 INFO tempest.lib.common.rest_client [req-c148c19a-14bb-4524-9035-1af735a2425c req-c148c19a-14bb-4524-9035-1af735a2425c ] Request (VolumesAdminNegativeTest:test_update_attached_volume_with_nonexistent_volume_in_body): 200 GET http://10.180.1.21/compute/v2.1/servers/53c8d62a-6a62-4656-88e1-e27c6034d082 0.069s
2025-04-15 20:13:39.502 70974 INFO tempest.lib.common.rest_client [req-c76c49ef-464a-4051-a96b-81bf9ad255be req-c76c49ef-464a-4051-a96b-81bf9ad255be ] Request (AttachInterfacesTestJSON:test_create_list_show_delete_interfaces_by_fixed_ip): 200 GET http://10.180.1.21/compute/v2.1/servers/02863b15-5897-41e5-b86c-31ef4a98f2cc 0.168s
2025-04-15 20:13:39.583 70994 INFO tempest.lib.common.rest_client [req-6f7fa32c-56f7-4c1f-b0c2-11b3b7d57a8e req-6f7fa32c-56f7-4c1f-b0c2-11b3b7d57a8e ] Request (ListImageFiltersTestJSON:tearDownClass): 200 GET http://10.180.1.21/compute/v2.1/servers/2326608f-ae29-49b0-847a-d8eee0560304 0.065s
2025-04-15 20:13:39.588 70962 INFO tempest.lib.common.rest_client [req-52be5f80-41df-4eda-b8a5-f35f0d2697cc req-52be5f80-41df-4eda-b8a5-f35f0d2697cc ] Request (SecurityGroupsTestJSON:test_server_security_groups): 200 GET http://10.180.1.21/compute/v2.1/servers/dfd7bf2f-a2c0-4508-9719-675d47bd3de1 0.077s
2025-04-15 20:13:39.634 70964 INFO tempest.lib.common.rest_client [req-6f170857-9fa7-4cd1-aa28-fbf05212c770 req-6f170857-9fa7-4cd1-aa28-fbf05212c770 ] Request (ServersAdminTestJSON:test_create_server_with_scheduling_hint): 200 GET http://10.180.1.21/compute/v2.1/servers/7521efba-e1a0-43ef-9d28-f91158a2541a 0.060s
2025-04-15 20:13:39.716 70984 INFO tempest.lib.common.rest_client [req-b5f087f8-87dd-4abf-ae57-a516e7478cf5 req-b5f087f8-87dd-4abf-ae57-a516e7478cf5 ] Request (ServerActionsTestOtherB:test_resize_server_confirm_from_stopped): 200 GET http://10.180.1.21/compute/v2.1/servers/265f116d-1cdf-4201-a90e-6a3cb4ea8ece 0.101s
2025-04-15 20:13:39.732 70988 INFO tempest.lib.common.rest_client [req-2d2ba01a-0c3e-4398-a585-40477816c394 req-2d2ba01a-0c3e-4398-a585-40477816c394 ] Request (ServerGroupTestJSON:_run_cleanups): 200 GET http://10.180.1.21/compute/v2.1/servers/7944d0ce-f048-4566-a93f-fbf3327b8297 0.066s
2025-04-15 20:13:39.792 70950 INFO tempest.lib.common.rest_client [req-b4729d9e-fa0b-4676-a7fc-0d02c66538b2 req-b4729d9e-fa0b-4676-a7fc-0d02c66538b2 ] Request (ServersWithSpecificFlavorTestJSON:test_verify_created_server_ephemeral_disk): 200 GET http://10.180.1.21/compute/v2.1/servers/e7c32bb6-4dee-49b0-be18-54a34bc2aa0a 0.071s
2025-04-15 20:13:39.863 70960 INFO tempest.lib.common.rest_client [req-32f99a23-0a65-49cc-b954-d404c9a12f7c req-32f99a23-0a65-49cc-b954-d404c9a12f7c ] Request (DeleteServersAdminTestJSON:test_delete_server_while_in_error_state): 200 GET http://10.180.1.21/compute/v2.1/servers/966a3ad3-a18d-4e1b-905a-237256966ad9 0.120s
2025-04-15 20:13:39.919 70956 INFO tempest.lib.common.rest_client [req-61cfaad7-a974-4bef-9aa8-119f828f85e0 req-61cfaad7-a974-4bef-9aa8-119f828f85e0 ] Request (ServerPasswordTestJSON:setUpClass): 200 GET http://10.180.1.21/compute/v2.1/servers/c017cae6-1944-4b86-ac91-48702e470dfc 0.146s
2025-04-15 20:13:39.974 70982 INFO tempest.lib.common.rest_client [req-c6597a87-e56e-4f06-915b-f99606973de4 req-c6597a87-e56e-4f06-915b-f99606973de4 ] Request (ImagesTestJSON:test_create_image_from_suspended_server): 200 GET http://10.180.1.21/compute/v2.1/servers/c9529c9f-d2f0-4816-a016-8e8e861f1068 0.171s
2025-04-15 20:13:40.002 70958 INFO tempest.lib.common.rest_client [req-90f5d7fb-338e-45d5-9795-dd390a64108a req-90f5d7fb-338e-45d5-9795-dd390a64108a ] Request (AttachInterfacesV270Test:tearDownClass): 200 PUT http://10.180.1.21:9696/networking/v2.0/routers/cc252376-0009-437d-b158-d445154e1ecf/remove_router_interface 0.873s
2025-04-15 20:13:40.044 70978 INFO tempest.lib.common.rest_client [req-64f1a736-87d9-42cd-8072-37dc0a7c283d req-64f1a736-87d9-42cd-8072-37dc0a7c283d ] Request (ServersAdminNegativeTestJSON:tearDownClass): 200 GET http://10.180.1.21/compute/v2.1/servers/f34b664a-979f-40f9-8189-57aa4c5b5b94 0.194s
2025-04-15 20:13:40.066 70966 INFO tempest.lib.common.rest_client [req-8d6381c7-d9b9-4331-81b2-104b18e2838c req-8d6381c7-d9b9-4331-81b2-104b18e2838c ] Request (ServerRescueNegativeTestJSON:test_rescued_vm_detach_volume): 200 GET http://10.180.1.21/compute/v2.1/servers/3f866d70-dbec-4b20-a478-6d970447cea5 0.393s
2025-04-15 20:13:40.123 70948 INFO tempest.lib.common.rest_client [req-f56f9ed8-5883-4f4e-a709-3d74e0310ef0 req-f56f9ed8-5883-4f4e-a709-3d74e0310ef0 ] Request (ServerTagsTestJSON:tearDownClass): 200 GET http://10.180.1.21/compute/v2.1/servers/0f089c7f-cc99-48d0-ad4e-e6326aaeb7a5 0.214s
2025-04-15 20:13:40.128 70972 INFO tempest.lib.common.rest_client [req-b4cac870-7a3c-4967-ae7c-a7b95d8aed71 req-b4cac870-7a3c-4967-ae7c-a7b95d8aed71 ] Request (ListServersNegativeTestJSON:setUpClass): 200 GET http://10.180.1.21/compute/v2.1/servers/18c63efb-6b85-4802-af43-955db8bb3fd0 0.188s
2025-04-15 20:13:40.189 70952 INFO tempest.lib.common.rest_client [req-d860e7e0-e878-46fa-83b9-6e71fb60bf0f req-d860e7e0-e878-46fa-83b9-6e71fb60bf0f ] Request (VolumesAssistedSnapshotsTest:tearDownClass): 200 GET http://10.180.1.21/compute/v2.1/servers/1c255f61-e275-4b91-a75a-29ff39f15553 0.178s
2025-04-15 20:13:40.191 70976 INFO tempest.lib.common.rest_client [req-14e29886-9f19-4de5-933a-bb012d694e20 req-14e29886-9f19-4de5-933a-bb012d694e20 ] Request (ListServerFiltersTestJSON:tearDownClass): 200 GET http://10.180.1.21/compute/v2.1/servers/d74fa746-ef23-4b52-a3e2-790a9b64f723 0.217s
2025-04-15 20:13:40.245 70990 INFO tempest.lib.common.rest_client [req-4dc14729-118a-436b-aaeb-18c465c59b68 req-4dc14729-118a-436b-aaeb-18c465c59b68 ] Request (ServerDiskConfigTestJSON:test_resize_server_from_auto_to_manual): 200 GET http://10.180.1.21/compute/v2.1/servers/cae8ad8e-ae95-4d27-9379-e1aa64db3916 0.194s
2025-04-15 20:13:40.245 70997 INFO tempest.lib.common.rest_client [req-4a91fb6d-ff80-4a73-851b-1f37e5837a2c req-4a91fb6d-ff80-4a73-851b-1f37e5837a2c ] Request (ServerRescueTestJSONUnderV235:setUpClass): 200 GET http://10.180.1.21/compute/v2.1/servers/7eeadfd6-9b43-442f-a8ff-e46819987e49 0.153s
2025-04-15 20:13:40.295 70980 INFO tempest.lib.common.rest_client [req-d8f04606-d2c8-41de-94fe-93defa20f901 req-d8f04606-d2c8-41de-94fe-93defa20f901 ] Request (MigrationsAdminTest:test_resize_server_revert_deleted_flavor): 200 GET http://10.180.1.21/compute/v2.1/servers/06883e8b-247a-4ba2-b0ae-6b7a917550f5 0.168s
2025-04-15 20:13:40.343 70954 INFO tempest.lib.common.rest_client [req-adae4e48-da6f-4a11-a138-8f67b0238147 req-adae4e48-da6f-4a11-a138-8f67b0238147 ] Request (ServerExternalEventsTest:tearDownClass): 200 GET http://10.180.1.21/compute/v2.1/servers/1bb5d018-b47b-4876-8a85-7fbeba6485d8 0.060s
2025-04-15 20:13:40.416 70986 WARNING tempest.lib.common.ssh [-] Failed to establish authenticated ssh connection to cirros@10.180.180.201 ([Errno None] Unable to connect to port 22 on 10.180.180.201). Number attempts: 1. Retry after 2 seconds.: paramiko.ssh_exception.NoValidConnectionsError: [Errno None] Unable to connect to port 22 on 10.180.180.201
2025-04-15 20:13:40.422 70938 INFO tempest.lib.common.rest_client [req-4d5e0c54-cdcd-4adc-8136-c09bdfc230c5 req-4d5e0c54-cdcd-4adc-8136-c09bdfc230c5 ] Request (ImagesNegativeTestJSON:test_create_image_from_deleted_server): 200 GET http://10.180.1.21/compute/v2.1/servers/4a66e727-8ebe-4e50-82d4-0033cfc9c43d 0.065s
2025-04-15 20:13:40.422 70958 INFO tempest.lib.common.rest_client [req-1c864a72-6fec-47d3-8660-8a39af2d1970 req-1c864a72-6fec-47d3-8660-8a39af2d1970 ] Request (AttachInterfacesV270Test:tearDownClass): 204 DELETE http://10.180.1.21:9696/networking/v2.0/routers/cc252376-0009-437d-b158-d445154e1ecf 0.420s
2025-04-15 20:13:40.455 70944 INFO tempest.lib.common.rest_client [req-b180e5d4-26bb-4899-be86-928094909680 req-b180e5d4-26bb-4899-be86-928094909680 ] Request (FloatingIPsAssociationTestJSON:test_associate_already_associated_floating_ip): 200 GET http://10.180.1.21/compute/v2.1/servers/564fbf12-311d-4fd5-b1f5-b13349652a11 0.050s
2025-04-15 20:13:40.516 70940 INFO tempest.lib.common.rest_client [req-00c00c5f-1d62-427c-b13b-7f0e0fb0a05a req-00c00c5f-1d62-427c-b13b-7f0e0fb0a05a ] Request (VolumesAdminNegativeTest:test_update_attached_volume_with_nonexistent_volume_in_body): 200 GET http://10.180.1.21/compute/v2.1/servers/53c8d62a-6a62-4656-88e1-e27c6034d082 0.054s
2025-04-15 20:13:40.540 70958 INFO tempest.lib.common.rest_client [req-651840b8-de2e-40c1-978f-f756b0c68e93 req-651840b8-de2e-40c1-978f-f756b0c68e93 ] Request (AttachInterfacesV270Test:tearDownClass): 204 DELETE http://10.180.1.21:9696/networking/v2.0/subnets/5199d192-8523-4f15-9996-b57b93b5945f 0.117s
2025-04-15 20:13:40.665 70994 INFO tempest.lib.common.rest_client [req-aa48a249-8d6a-47ed-bd8d-aacee9b7d931 req-aa48a249-8d6a-47ed-bd8d-aacee9b7d931 ] Request (ListImageFiltersTestJSON:tearDownClass): 200 GET http://10.180.1.21/compute/v2.1/servers/2326608f-ae29-49b0-847a-d8eee0560304 0.068s
2025-04-15 20:13:40.679 70994 INFO tempest.common.waiters [-] State transition "ACTIVE/deleting" ==> "DELETED/None" after 3 second wait
2025-04-15 20:13:40.742 70962 INFO tempest.lib.common.rest_client [req-d5f7f45e-b384-429d-a84e-bcb24a8c3b1d req-d5f7f45e-b384-429d-a84e-bcb24a8c3b1d ] Request (SecurityGroupsTestJSON:test_server_security_groups): 200 GET http://10.180.1.21/compute/v2.1/servers/dfd7bf2f-a2c0-4508-9719-675d47bd3de1 0.144s
2025-04-15 20:13:40.801 70964 INFO tempest.lib.common.rest_client [req-9c57a25a-2c70-4b28-a531-b007a6fd014b req-9c57a25a-2c70-4b28-a531-b007a6fd014b ] Request (ServersAdminTestJSON:test_create_server_with_scheduling_hint): 200 GET http://10.180.1.21/compute/v2.1/servers/7521efba-e1a0-43ef-9d28-f91158a2541a 0.157s
2025-04-15 20:13:40.831 70958 INFO tempest.lib.common.rest_client [req-09603ac6-58e2-4a58-8fec-b93a2e640579 req-09603ac6-58e2-4a58-8fec-b93a2e640579 ] Request (AttachInterfacesV270Test:tearDownClass): 204 DELETE http://10.180.1.21:9696/networking/v2.0/networks/179603c2-8669-4deb-bb6a-0290c79353e0 0.290s
2025-04-15 20:13:40.832 70974 INFO tempest.lib.common.rest_client [req-c9e1f792-0120-45b6-9e9f-3bf57dcb4376 req-c9e1f792-0120-45b6-9e9f-3bf57dcb4376 ] Request (AttachInterfacesTestJSON:test_create_list_show_delete_interfaces_by_fixed_ip): 200 GET http://10.180.1.21/compute/v2.1/servers/02863b15-5897-41e5-b86c-31ef4a98f2cc 0.322s
2025-04-15 20:13:40.886 70988 INFO tempest.lib.common.rest_client [req-64263ab7-8a55-42ad-bdd9-45ffb908fc4f req-64263ab7-8a55-42ad-bdd9-45ffb908fc4f ] Request (ServerGroupTestJSON:_run_cleanups): 200 GET http://10.180.1.21/compute/v2.1/servers/7944d0ce-f048-4566-a93f-fbf3327b8297 0.145s
2025-04-15 20:13:40.926 70984 INFO tempest.lib.common.rest_client [req-4790bc33-7621-41e3-ae09-a11d55253760 req-4790bc33-7621-41e3-ae09-a11d55253760 ] Request (ServerActionsTestOtherB:test_resize_server_confirm_from_stopped): 200 GET http://10.180.1.21/compute/v2.1/servers/265f116d-1cdf-4201-a90e-6a3cb4ea8ece 0.202s
2025-04-15 20:13:40.934 70958 INFO tempest.lib.common.rest_client [req-b488dc69-13df-4983-a98a-5d2721555aad req-b488dc69-13df-4983-a98a-5d2721555aad ] Request (AttachInterfacesV270Test:tearDownClass): 204 DELETE http://10.180.1.21/identity/v3/users/eb82b6e7d2b84d4c9e9e4e2303a4f5f8 0.102s
