2025-04-15 20:12:08.426 70974 INFO tempest.lib.common.rest_client [req-25915a68-a64f-4233-a277-c0e79984023c req-25915a68-a64f-4233-a277-c0e79984023c ] Request (SecurityGroupRulesTestJSON:tearDownClass): 202 DELETE http://10.180.1.21/compute/v2.1/os-security-groups/3b6e6fd9-1fff-412f-a247-bc1663116baa 0.690s
2025-04-15 20:12:08.462 70956 INFO tempest.lib.common.rest_client [req-a5db05c4-85cd-43f7-b6c7-6ee477942eac req-a5db05c4-85cd-43f7-b6c7-6ee477942eac ] Request (ServersAdmin275Test:tearDownClass): 200 GET http://10.180.1.21/compute/v2.1/servers/2047d6d1-2b70-4edb-8fd6-8af659efc6c0 0.518s
2025-04-15 20:12:08.463 70942 INFO tempest.lib.common.rest_client [req-8fb6f259-b214-435b-bb10-6b1b863d22e2 req-8fb6f259-b214-435b-bb10-6b1b863d22e2 ] Request (FlavorsV2NegativeTest:tearDownClass): 204 DELETE http://10.180.1.21/identity/v3/users/72b0441c5d784bceb8f4a90836902e96 0.126s
2025-04-15 20:12:08.463 70942 INFO tempest.lib.common.dynamic_creds [-] Deleting project and security group for project: ec241048ad3b4f57bb8d06c21db8bcea
2025-04-15 20:12:08.531 70950 INFO tempest.lib.common.rest_client [req-1e8599af-bff8-479d-80c7-a6ff6d27eb57 req-1e8599af-bff8-479d-80c7-a6ff6d27eb57 ] Request (ServersWithSpecificFlavorTestJSON:test_verify_created_server_ephemeral_disk): 200 GET http://10.180.1.21/compute/v2.1/servers/10ce594d-4e67-4652-9b0f-99cbfe06fb3b 0.519s
2025-04-15 20:12:08.533 70964 INFO tempest.lib.common.rest_client [req-edabc131-6278-4c46-8913-64f77ad9968d req-edabc131-6278-4c46-8913-64f77ad9968d ] Request (ServersAdminTestJSON:setUpClass): 200 GET http://10.180.1.21/compute/v2.1/servers/decfe3a6-3638-4fc0-9cf4-b954ea9c8af1 0.543s
2025-04-15 20:12:08.544 70942 INFO tempest.lib.common.rest_client [req-4aadb09d-edf0-4058-9840-35d864f207c3 req-4aadb09d-edf0-4058-9840-35d864f207c3 ] Request (FlavorsV2NegativeTest:tearDownClass): 201 POST http://10.180.1.21/identity/v3/auth/tokens 0.080s
2025-04-15 20:12:08.603 70986 INFO tempest.lib.common.rest_client [req-ff57fb42-b8d9-4b50-83e2-8bb0a20cc39c req-ff57fb42-b8d9-4b50-83e2-8bb0a20cc39c ] Request (ServerActionsV293TestJSON:setUpClass): 200 GET http://10.180.1.21/volume/v3/1a3ebafc54e1432196f5f0e60d5e9fae/volumes/02bc7fdd-5af4-4959-9b5d-44e4cb312af4 0.040s
2025-04-15 20:12:08.610 70978 INFO tempest.lib.common.rest_client [req-758df974-6822-415e-aee3-6f88f2c1d428 req-758df974-6822-415e-aee3-6f88f2c1d428 ] Request (ServersAdminNegativeTestJSON:test_migrate_server_invalid_state): 200 GET http://10.180.1.21/compute/v2.1/servers/db073798-feb7-4319-8345-53a5716ff15b 0.560s
2025-04-15 20:12:08.837 70942 INFO tempest.lib.common.rest_client [req-d1489a07-294b-4173-9537-d7cbbfa77d69 req-d1489a07-294b-4173-9537-d7cbbfa77d69 ] Request (FlavorsV2NegativeTest:tearDownClass): 200 GET http://10.180.1.21:9696/networking/v2.0/security-groups?tenant_id=ec241048ad3b4f57bb8d06c21db8bcea&name=default 0.292s
2025-04-15 20:12:08.850 70966 INFO tempest.lib.common.rest_client [req-d9a332c9-1216-4fbd-9d92-87fad0b88983 req-d9a332c9-1216-4fbd-9d92-87fad0b88983 ] Request (ServerRescueNegativeTestJSON:test_rescued_vm_attach_volume): 200 GET http://10.180.1.21/compute/v2.1/servers/e51cd5d1-a00a-46fa-ab85-8d79bbc98100 0.701s
2025-04-15 20:12:08.940 70942 INFO tempest.lib.common.rest_client [req-3f9bbfee-b653-41a0-8bd3-ff26a4916abd req-3f9bbfee-b653-41a0-8bd3-ff26a4916abd ] Request (FlavorsV2NegativeTest:tearDownClass): 204 DELETE http://10.180.1.21:9696/networking/v2.0/security-groups/91118f23-0f91-4aae-933c-ee47efaed2e7 0.103s
2025-04-15 20:12:09.018 70942 INFO tempest.lib.common.rest_client [req-d06d6fab-3883-4084-8542-4e1c44f2cdc9 req-d06d6fab-3883-4084-8542-4e1c44f2cdc9 ] Request (FlavorsV2NegativeTest:tearDownClass): 204 DELETE http://10.180.1.21/identity/v3/projects/ec241048ad3b4f57bb8d06c21db8bcea 0.077s
2025-04-15 20:12:09.037 70982 INFO tempest.lib.common.rest_client [req-21b09d66-8c4b-40a7-afa0-b251c5906e7b req-21b09d66-8c4b-40a7-afa0-b251c5906e7b ] Request (ImagesTestJSON:test_create_image_from_stopped_server): 200 GET http://10.180.1.21/compute/v2.1/servers/a6fcec8f-0f6e-4bc3-9735-6784a9b68ed7 0.858s
2025-04-15 20:12:09.046 70982 INFO tempest.common.waiters [-] State transition "ACTIVE/powering-off" ==> "SHUTOFF/None" after 2 second wait
2025-04-15 20:12:09.087 70942 INFO tempest.lib.common.rest_client [req-ed1404b6-5321-487d-bd37-095773a09e8a req-ed1404b6-5321-487d-bd37-095773a09e8a ] Request (AttachInterfacesUnderV243Test:setUpClass): 201 POST http://10.180.1.21/identity/v3/auth/tokens 0.067s
2025-04-15 20:12:09.093 70958 INFO tempest.lib.common.rest_client [req-b2b4da2e-c153-40e0-b9ed-512ce6749830 req-b2b4da2e-c153-40e0-b9ed-512ce6749830 ] Request (AttachInterfacesV270Test:test_create_get_list_interfaces): 200 GET http://10.180.1.21/compute/v2.1/servers/eecfa11b-9b4c-4f66-b092-04258a2a379e 0.840s
2025-04-15 20:12:09.126 70942 INFO tempest.lib.common.rest_client [req-1a397143-fe26-4749-bfcc-f113c8fdd1ae req-1a397143-fe26-4749-bfcc-f113c8fdd1ae ] Request (AttachInterfacesUnderV243Test:setUpClass): 201 POST http://10.180.1.21/identity/v3/auth/tokens 0.035s
2025-04-15 20:12:09.146 70994 INFO tempest.lib.common.rest_client [req-9d54599c-ea13-4840-bf3c-aae4e3963744 req-9d54599c-ea13-4840-bf3c-aae4e3963744 ] Request (ListImageFiltersTestJSON:setUpClass): 200 GET http://10.180.1.21/compute/v2.1/servers/2326608f-ae29-49b0-847a-d8eee0560304 0.819s
2025-04-15 20:12:09.152 70942 INFO tempest.lib.common.rest_client [req-ebb49e77-4619-45ef-9b5c-a8312571d11a req-ebb49e77-4619-45ef-9b5c-a8312571d11a ] Request (AttachInterfacesUnderV243Test:setUpClass): 200 GET http://10.180.1.21/identity/v3/domains?name=Default 0.025s
2025-04-15 20:12:09.186 70946 INFO tempest.lib.common.rest_client [req-752b68f6-9449-4114-a65d-7678d7fa55d1 req-752b68f6-9449-4114-a65d-7678d7fa55d1 ] Request (ImagesMetadataTestJSON:test_update_image_metadata): 200 GET http://10.180.1.21/compute/v2.1/images/46ddfadd-e3ed-4520-be44-8c271d8990e5/metadata 0.851s
2025-04-15 20:12:09.197 70942 INFO tempest.lib.common.rest_client [req-d105def1-250f-4717-9136-f87155bed1e4 req-d105def1-250f-4717-9136-f87155bed1e4 ] Request (AttachInterfacesUnderV243Test:setUpClass): 201 POST http://10.180.1.21/identity/v3/projects 0.044s
2025-04-15 20:12:09.205 70940 INFO tempest.lib.common.rest_client [req-032ceaeb-765a-4035-b713-89c08ff27bf4 req-032ceaeb-765a-4035-b713-89c08ff27bf4 ] Request (FlavorsAdminTestJSON:test_list_non_public_flavor): 200 GET http://10.180.1.21/compute/v2.1/flavors/detail 0.838s
2025-04-15 20:12:09.248 70946 INFO tempest.lib.common.rest_client [req-f3ad727b-2009-4ce8-92b3-cf991fb56347 req-f3ad727b-2009-4ce8-92b3-cf991fb56347 ] Request (ImagesMetadataTestJSON:tearDownClass): 204 DELETE http://10.180.1.21/image/v2/images/46ddfadd-e3ed-4520-be44-8c271d8990e5 0.058s
2025-04-15 20:12:09.274 70942 INFO tempest.lib.common.rest_client [req-3fe41438-d9e2-475f-9742-cd8c7fb49dd7 req-3fe41438-d9e2-475f-9742-cd8c7fb49dd7 ] Request (AttachInterfacesUnderV243Test:setUpClass): 201 POST http://10.180.1.21/identity/v3/users 0.076s
2025-04-15 20:12:09.275 70999 INFO tempest.lib.common.rest_client [req-a6d5a755-4fe8-4eb9-8c15-bfbb1de4faab req-a6d5a755-4fe8-4eb9-8c15-bfbb1de4faab ] Request (ServerDiagnosticsNegativeTest:tearDownClass): 200 GET http://10.180.1.21/compute/v2.1/servers/aaf5cee2-6568-483a-8fbb-ebae9a51b408 0.861s
2025-04-15 20:12:09.300 70942 INFO tempest.lib.common.rest_client [req-dadb73e0-6337-4449-8e0c-8b2edb920ed5 req-dadb73e0-6337-4449-8e0c-8b2edb920ed5 ] Request (AttachInterfacesUnderV243Test:setUpClass): 200 GET http://10.180.1.21/identity/v3/roles 0.025s
2025-04-15 20:12:09.300 70974 INFO tempest.lib.common.rest_client [req-946469e2-621e-4bf2-b6ae-0c1008f02a53 req-946469e2-621e-4bf2-b6ae-0c1008f02a53 ] Request (SecurityGroupRulesTestJSON:tearDownClass): 404 DELETE http://10.180.1.21/compute/v2.1/os-security-groups/885cbbe8-ab74-47df-990f-c23604384300 0.874s
2025-04-15 20:12:09.337 70946 INFO tempest.lib.common.rest_client [req-e1bff2ef-fcfe-4f56-a467-ad1b017b1533 req-e1bff2ef-fcfe-4f56-a467-ad1b017b1533 ] Request (ImagesMetadataTestJSON:tearDownClass): 204 DELETE http://10.180.1.21/identity/v3/users/02be74632e5840d0a58abe58f398a1ba 0.089s
2025-04-15 20:12:09.338 70946 INFO tempest.lib.common.dynamic_creds [-] Deleting project and security group for project: 78b0d7c0f22640bab9c6fe4a6acd0e01
2025-04-15 20:12:09.359 70990 INFO tempest.lib.common.rest_client [req-8cabb346-2d55-42d7-b394-0309a9dbd6e1 req-8cabb346-2d55-42d7-b394-0309a9dbd6e1 ] Request (ServerDiskConfigTestJSON:test_rebuild_server_with_manual_disk_config): 200 GET http://10.180.1.21/compute/v2.1/servers/20002014-6a8c-4dfd-9ed3-7c75207750bc 0.882s
2025-04-15 20:12:09.378 70942 INFO tempest.lib.common.rest_client [req-a2a0ef90-5c20-4d37-bc2b-34d28e13a8cd req-a2a0ef90-5c20-4d37-bc2b-34d28e13a8cd ] Request (AttachInterfacesUnderV243Test:setUpClass): 204 PUT http://10.180.1.21/identity/v3/projects/57a9e0eee4c14f139d195a3524c315f4/users/6506223de11d47a89fa123a793a46b19/roles/ab45134101a94ac8868a0b06896afd3c 0.077s
2025-04-15 20:12:09.378 70942 INFO tempest.lib.common.dynamic_creds [-] Dynamic test user 6506223de11d47a89fa123a793a46b19 is created with scope project and roles: ['member']
2025-04-15 20:12:09.378 70942 INFO tempest.lib.common.dynamic_creds [-] Acquired dynamic creds: credentials: Credentials: {'domain_id': 'default', 'domain_name': 'Default', 'username': 'tempest-AttachInterfacesUnderV243Test-544999371-project-member', 'project_domain_id': 'default', 'project_domain_name': 'Default', 'project_id': '57a9e0eee4c14f139d195a3524c315f4', 'project_name': 'tempest-AttachInterfacesUnderV243Test-544999371', 'tenant_id': '57a9e0eee4c14f139d195a3524c315f4', 'tenant_name': 'tempest-AttachInterfacesUnderV243Test-544999371', 'user_domain_id': 'default', 'user_domain_name': 'Default', 'user_id': '6506223de11d47a89fa123a793a46b19', 'system': None}, Network: None, Subnet: None, Router: None
2025-04-15 20:12:09.382 70992 INFO tempest.lib.common.rest_client [req-7676ec6a-9aee-4ba2-a4e8-c05a668054f1 req-7676ec6a-9aee-4ba2-a4e8-c05a668054f1 ] Request (FloatingIPsTestJSON:test_delete_floating_ip): 200 POST http://10.180.1.21/compute/v2.1/os-floating-ips 1.317s
2025-04-15 20:12:09.411 70946 INFO tempest.lib.common.rest_client [req-3ff78b49-d645-40d9-930c-90dfe884d0d1 req-3ff78b49-d645-40d9-930c-90dfe884d0d1 ] Request (ImagesMetadataTestJSON:tearDownClass): 201 POST http://10.180.1.21/identity/v3/auth/tokens 0.073s
2025-04-15 20:12:09.420 70960 INFO tempest.lib.common.rest_client [req-8a600054-9b3f-45e9-a325-9606d2d54a83 req-8a600054-9b3f-45e9-a325-9606d2d54a83 ] Request (DeleteServersAdminTestJSON:test_delete_server_while_in_error_state): 200 GET http://10.180.1.21/compute/v2.1/servers/966a3ad3-a18d-4e1b-905a-237256966ad9 0.936s
2025-04-15 20:12:09.446 70944 INFO tempest.lib.common.rest_client [req-f1d0d13e-2f4c-4f71-a136-fb979ca3db64 req-f1d0d13e-2f4c-4f71-a136-fb979ca3db64 ] Request (FloatingIPsAssociationTestJSON:setUpClass): 200 GET http://10.180.1.21/compute/v2.1/servers/bb40cfcf-6c54-4403-8cd0-f586aeb06c09 0.896s
2025-04-15 20:12:09.460 70942 INFO tempest.lib.common.rest_client [req-b8d5d355-5a1e-4289-8dc6-f7d30137c79a req-b8d5d355-5a1e-4289-8dc6-f7d30137c79a ] Request (AttachInterfacesUnderV243Test:setUpClass): 201 POST http://10.180.1.21/identity/v3/auth/tokens 0.082s
2025-04-15 20:12:09.490 70948 INFO tempest.lib.common.rest_client [req-75a78af3-5ecb-46bd-bb21-34606b0d892d req-75a78af3-5ecb-46bd-bb21-34606b0d892d ] Request (ServerTagsTestJSON:setUpClass): 200 GET http://10.180.1.21/compute/v2.1/servers/0f089c7f-cc99-48d0-ad4e-e6326aaeb7a5 0.933s
2025-04-15 20:12:09.551 70962 INFO tempest.lib.common.rest_client [req-c5084824-1a8e-4118-b7d5-aa6bd1217bc6 req-c5084824-1a8e-4118-b7d5-aa6bd1217bc6 ] Request (SecurityGroupsTestJSON:test_server_security_groups): 200 GET http://10.180.1.21/compute/v2.1/servers/dfd7bf2f-a2c0-4508-9719-675d47bd3de1 0.944s
2025-04-15 20:12:09.551 70938 INFO tempest.lib.common.rest_client [req-1661773c-de62-423f-83b4-0ae714123629 req-1661773c-de62-423f-83b4-0ae714123629 ] Request (ImagesNegativeTestJSON:test_create_image_from_deleted_server): 200 GET http://10.180.1.21/compute/v2.1/servers/4a66e727-8ebe-4e50-82d4-0033cfc9c43d 0.949s
2025-04-15 20:12:09.615 70984 WARNING tempest.lib.common.ssh [-] Failed to establish authenticated ssh connection to cirros@10.180.180.253 ([Errno None] Unable to connect to port 22 on 10.180.180.253). Number attempts: 5. Retry after 6 seconds.: paramiko.ssh_exception.NoValidConnectionsError: [Errno None] Unable to connect to port 22 on 10.180.180.253
2025-04-15 20:12:09.648 70986 INFO tempest.lib.common.rest_client [req-bc8b085d-935b-4e5a-a504-e53cb044dc2f req-bc8b085d-935b-4e5a-a504-e53cb044dc2f ] Request (ServerActionsV293TestJSON:setUpClass): 200 GET http://10.180.1.21/volume/v3/1a3ebafc54e1432196f5f0e60d5e9fae/volumes/02bc7fdd-5af4-4959-9b5d-44e4cb312af4 0.031s
2025-04-15 20:12:09.716 70952 INFO tempest.lib.common.rest_client [req-657d7b0b-bc5a-49ec-9dc6-9c9d01fe7fc6 req-657d7b0b-bc5a-49ec-9dc6-9c9d01fe7fc6 ] Request (VolumesAssistedSnapshotsTest:test_volume_assisted_snapshot_create_delete): 200 GET http://10.180.1.21/compute/v2.1/servers/1c255f61-e275-4b91-a75a-29ff39f15553 0.968s
2025-04-15 20:12:09.779 70988 INFO tempest.lib.common.rest_client [req-51797862-87d4-4546-abcb-f85b6a78fa7f req-51797862-87d4-4546-abcb-f85b6a78fa7f ] Request (ServerGroupTestJSON:test_create_server_with_scheduler_hint_group): 200 GET http://10.180.1.21/compute/v2.1/servers/7944d0ce-f048-4566-a93f-fbf3327b8297 0.881s
2025-04-15 20:12:09.857 70970 INFO tempest.lib.common.rest_client [req-81e4a7db-ab80-441f-8096-c3cb5d51f895 req-81e4a7db-ab80-441f-8096-c3cb5d51f895 ] Request (InstanceActionsTestJSON:setUpClass): 200 GET http://10.180.1.21/compute/v2.1/servers/0dbc17b6-125b-4c04-a6d1-261ce319ef4c 0.907s
2025-04-15 20:12:09.969 70946 INFO tempest.lib.common.rest_client [req-879d0824-28be-44c8-b364-10d94a335866 req-879d0824-28be-44c8-b364-10d94a335866 ] Request (ImagesMetadataTestJSON:tearDownClass): 200 GET http://10.180.1.21:9696/networking/v2.0/security-groups?tenant_id=78b0d7c0f22640bab9c6fe4a6acd0e01&name=default 0.558s
2025-04-15 20:12:10.053 70980 INFO tempest.lib.common.rest_client [req-98c8da8d-3ff9-4a5d-8018-2c9975ed5644 req-98c8da8d-3ff9-4a5d-8018-2c9975ed5644 ] Request (MigrationsAdminTest:test_list_migrations_in_flavor_resize_situation): 200 GET http://10.180.1.21/compute/v2.1/servers/59083004-8304-4b1f-9c8f-404ecf812e7e 1.015s
2025-04-15 20:12:10.060 70976 INFO tempest.lib.common.rest_client [req-bc3e9b4b-afa8-4c49-b598-5d842bffe81c req-bc3e9b4b-afa8-4c49-b598-5d842bffe81c ] Request (ListServerFiltersTestJSON:setUpClass): 200 GET http://10.180.1.21/compute/v2.1/servers/e0daba4c-dd4c-48c4-bee6-e30a2d99e351 1.208s
2025-04-15 20:12:10.119 71000 INFO tempest.lib.common.rest_client [req-e5de702f-feea-4222-896e-17eb685cbbd4 req-e5de702f-feea-4222-896e-17eb685cbbd4 ] Request (ServerDiagnosticsTest:test_get_server_diagnostics): 200 GET http://10.180.1.21/compute/v2.1/servers/dcb49fa9-5348-4a65-a377-1fdf86173293 1.036s
2025-04-15 20:12:10.119 70942 INFO tempest.lib.common.rest_client [req-bc371842-ba26-4dcd-82fd-5af53b37c38d req-bc371842-ba26-4dcd-82fd-5af53b37c38d ] Request (AttachInterfacesUnderV243Test:setUpClass): 201 POST http://10.180.1.21:9696/networking/v2.0/networks 0.658s
2025-04-15 20:12:10.140 70946 INFO tempest.lib.common.rest_client [req-37269e7f-6bad-47d9-9af4-e8d59e857f7a req-37269e7f-6bad-47d9-9af4-e8d59e857f7a ] Request (ImagesMetadataTestJSON:tearDownClass): 204 DELETE http://10.180.1.21:9696/networking/v2.0/security-groups/8f704ac5-8332-4bfa-bee0-d20736e12570 0.170s
2025-04-15 20:12:10.171 70954 INFO tempest.lib.common.rest_client [req-ed9b2eb0-b6d5-4b80-b68a-b3d3f6f9a09f req-ed9b2eb0-b6d5-4b80-b68a-b3d3f6f9a09f ] Request (ServerExternalEventsTest:test_create_server_external_events): 200 GET http://10.180.1.21/compute/v2.1/servers/1bb5d018-b47b-4876-8a85-7fbeba6485d8 1.049s
2025-04-15 20:12:10.245 70972 INFO tempest.lib.common.rest_client [req-2b415eeb-73b7-401d-aab9-e9689c307bfe req-2b415eeb-73b7-401d-aab9-e9689c307bfe ] Request (ServerDiagnosticsV248Test:tearDownClass): 200 GET http://10.180.1.21/compute/v2.1/servers/f3913a86-6577-48bf-9352-609c35b6fd84 1.097s
2025-04-15 20:12:10.248 70946 INFO tempest.lib.common.rest_client [req-c0187422-a42b-4953-91f5-f76c2876c48b req-c0187422-a42b-4953-91f5-f76c2876c48b ] Request (ImagesMetadataTestJSON:tearDownClass): 204 DELETE http://10.180.1.21/identity/v3/projects/78b0d7c0f22640bab9c6fe4a6acd0e01 0.107s
2025-04-15 20:12:10.308 70997 INFO tempest.lib.common.rest_client [req-18cab387-2cb2-44bd-b95d-1d5a2ef01307 req-18cab387-2cb2-44bd-b95d-1d5a2ef01307 ] Request (FloatingIPsAssociationNegativeTestJSON:tearDownClass): 200 GET http://10.180.1.21/compute/v2.1/servers/1f5666fd-3d1d-42a4-9b1f-b511fd9850c7 1.132s
2025-04-15 20:12:10.326 70940 INFO tempest.lib.common.rest_client [req-8b97dda1-69a8-4783-9618-0de0e3e55c63 req-8b97dda1-69a8-4783-9618-0de0e3e55c63 ] Request (FlavorsAdminTestJSON:_run_cleanups): 202 DELETE http://10.180.1.21/compute/v2.1/flavors/1929827599 1.115s
2025-04-15 20:12:10.329 70942 INFO tempest.lib.common.rest_client [req-0932b90c-5d90-445a-934a-9ecdef702290 req-0932b90c-5d90-445a-934a-9ecdef702290 ] Request (AttachInterfacesUnderV243Test:setUpClass): 201 POST http://10.180.1.21:9696/networking/v2.0/subnets 0.210s
2025-04-15 20:12:10.332 70946 INFO tempest.lib.common.rest_client [req-8143088d-33d2-47b6-8ce9-c468eb807219 req-8143088d-33d2-47b6-8ce9-c468eb807219 ] Request (VolumesGetTestJSON:setUpClass): 201 POST http://10.180.1.21/identity/v3/auth/tokens 0.081s
2025-04-15 20:12:10.363 70946 INFO tempest.lib.common.rest_client [req-e3564784-6da4-4aeb-b2ca-13c378ee181d req-e3564784-6da4-4aeb-b2ca-13c378ee181d ] Request (VolumesGetTestJSON:setUpClass): 201 POST http://10.180.1.21/identity/v3/auth/tokens 0.029s
2025-04-15 20:12:10.386 70946 INFO tempest.lib.common.rest_client [req-9a89969a-7a51-4559-aec2-c1c42db5a15e req-9a89969a-7a51-4559-aec2-c1c42db5a15e ] Request (VolumesGetTestJSON:setUpClass): 200 GET http://10.180.1.21/identity/v3/domains?name=Default 0.022s
2025-04-15 20:12:10.419 70946 INFO tempest.lib.common.rest_client [req-d9a44951-ce52-4224-a26f-eceecb423a59 req-d9a44951-ce52-4224-a26f-eceecb423a59 ] Request (VolumesGetTestJSON:setUpClass): 201 POST http://10.180.1.21/identity/v3/projects 0.032s
2025-04-15 20:12:10.440 70974 INFO tempest.lib.common.rest_client [req-198d6b28-541c-4e45-b68a-5edf1abd9fd6 req-198d6b28-541c-4e45-b68a-5edf1abd9fd6 ] Request (SecurityGroupRulesTestJSON:tearDownClass): 202 DELETE http://10.180.1.21/compute/v2.1/os-security-groups/fc5d8e2b-f901-419a-bcb1-587a113e877f 1.139s
2025-04-15 20:12:10.487 70946 INFO tempest.lib.common.rest_client [req-f917dc4d-9eb0-4dfa-9c89-6d141211a096 req-f917dc4d-9eb0-4dfa-9c89-6d141211a096 ] Request (VolumesGetTestJSON:setUpClass): 201 POST http://10.180.1.21/identity/v3/users 0.067s
2025-04-15 20:12:10.512 70946 INFO tempest.lib.common.rest_client [req-adcb7ac5-c179-4d0e-b3fe-38be54d3cd0d req-adcb7ac5-c179-4d0e-b3fe-38be54d3cd0d ] Request (VolumesGetTestJSON:setUpClass): 200 GET http://10.180.1.21/identity/v3/roles 0.025s
2025-04-15 20:12:10.548 70946 INFO tempest.lib.common.rest_client [req-af4def8a-4c21-4ffc-9b0d-8a753799d47c req-af4def8a-4c21-4ffc-9b0d-8a753799d47c ] Request (VolumesGetTestJSON:setUpClass): 204 PUT http://10.180.1.21/identity/v3/projects/3b057706c2be45debb474ff69ec1e161/users/e2c3ae946fae4ae6aa03125d1d23e3a0/roles/ab45134101a94ac8868a0b06896afd3c 0.036s
2025-04-15 20:12:10.549 70946 INFO tempest.lib.common.dynamic_creds [-] Dynamic test user e2c3ae946fae4ae6aa03125d1d23e3a0 is created with scope project and roles: ['member']
2025-04-15 20:12:10.550 70946 INFO tempest.lib.common.dynamic_creds [-] Acquired dynamic creds: credentials: Credentials: {'domain_id': 'default', 'domain_name': 'Default', 'username': 'tempest-VolumesGetTestJSON-521750859-project-member', 'project_domain_id': 'default', 'project_domain_name': 'Default', 'project_id': '3b057706c2be45debb474ff69ec1e161', 'project_name': 'tempest-VolumesGetTestJSON-521750859', 'tenant_id': '3b057706c2be45debb474ff69ec1e161', 'tenant_name': 'tempest-VolumesGetTestJSON-521750859', 'user_domain_id': 'default', 'user_domain_name': 'Default', 'user_id': 'e2c3ae946fae4ae6aa03125d1d23e3a0', 'system': None}, Network: None, Subnet: None, Router: None
2025-04-15 20:12:10.550 70946 INFO tempest.lib.common.dynamic_creds [-] Created isolated network resources for: credentials: Credentials: {'domain_id': 'default', 'domain_name': 'Default', 'username': 'tempest-VolumesGetTestJSON-521750859-project-member', 'project_domain_id': 'default', 'project_domain_name': 'Default', 'project_id': '3b057706c2be45debb474ff69ec1e161', 'project_name': 'tempest-VolumesGetTestJSON-521750859', 'tenant_id': '3b057706c2be45debb474ff69ec1e161', 'tenant_name': 'tempest-VolumesGetTestJSON-521750859', 'user_domain_id': 'default', 'user_domain_name': 'Default', 'user_id': 'e2c3ae946fae4ae6aa03125d1d23e3a0', 'system': None}, Network: None, Subnet: None, Router: None
2025-04-15 20:12:10.556 70982 INFO tempest.lib.common.rest_client [req-fb62823a-efe0-43f0-8d26-dff4cf4d21f8 req-fb62823a-efe0-43f0-8d26-dff4cf4d21f8 ] Request (ImagesTestJSON:test_create_image_from_stopped_server): 202 POST http://10.180.1.21/compute/v2.1/servers/a6fcec8f-0f6e-4bc3-9735-6784a9b68ed7/action 1.510s
2025-04-15 20:12:10.642 70946 INFO tempest.lib.common.rest_client [req-921e0e71-5463-4b9c-9258-b5e6a870c1f1 req-921e0e71-5463-4b9c-9258-b5e6a870c1f1 ] Request (VolumesGetTestJSON:setUpClass): 201 POST http://10.180.1.21/identity/v3/auth/tokens 0.088s
2025-04-15 20:12:10.649 70956 INFO tempest.lib.common.rest_client [req-582607cc-4550-4a5a-a9cf-791edbadcbb1 req-582607cc-4550-4a5a-a9cf-791edbadcbb1 ] Request (ServersAdmin275Test:tearDownClass): 200 GET http://10.180.1.21/compute/v2.1/servers/2047d6d1-2b70-4edb-8fd6-8af659efc6c0 1.170s
2025-04-15 20:12:10.703 70986 INFO tempest.lib.common.rest_client [req-fd29bd04-dca8-4244-a8eb-170319093493 req-fd29bd04-dca8-4244-a8eb-170319093493 ] Request (ServerActionsV293TestJSON:setUpClass): 200 GET http://10.180.1.21/volume/v3/1a3ebafc54e1432196f5f0e60d5e9fae/volumes/02bc7fdd-5af4-4959-9b5d-44e4cb312af4 0.040s
2025-04-15 20:12:10.711 70964 INFO tempest.lib.common.rest_client [req-bf75759c-2c17-44f7-aade-925f2d9dd9f2 req-bf75759c-2c17-44f7-aade-925f2d9dd9f2 ] Request (ServersAdminTestJSON:setUpClass): 200 GET http://10.180.1.21/compute/v2.1/servers/decfe3a6-3638-4fc0-9cf4-b954ea9c8af1 1.170s
2025-04-15 20:12:10.768 70950 INFO tempest.lib.common.rest_client [req-5c5f995e-a6d1-4f02-a5be-fe709707b4c8 req-5c5f995e-a6d1-4f02-a5be-fe709707b4c8 ] Request (ServersWithSpecificFlavorTestJSON:test_verify_created_server_ephemeral_disk): 200 GET http://10.180.1.21/compute/v2.1/servers/10ce594d-4e67-4652-9b0f-99cbfe06fb3b 1.225s
2025-04-15 20:12:10.839 70978 INFO tempest.lib.common.rest_client [req-923f5e99-676e-44db-978b-4dad88ec3a9a req-923f5e99-676e-44db-978b-4dad88ec3a9a ] Request (ServersAdminNegativeTestJSON:test_migrate_server_invalid_state): 200 GET http://10.180.1.21/compute/v2.1/servers/db073798-feb7-4319-8345-53a5716ff15b 1.219s
2025-04-15 20:12:10.921 70992 INFO tempest.lib.common.rest_client [req-9add4e5a-4b86-4c6b-acec-3ae8ca886fbf req-9add4e5a-4b86-4c6b-acec-3ae8ca886fbf ] Request (FloatingIPsTestJSON:test_delete_floating_ip): 202 DELETE http://10.180.1.21/compute/v2.1/os-floating-ips/e2bd524b-b41f-4b2f-bd65-340ecd5b7e1a 1.536s
2025-04-15 20:12:10.993 70958 INFO tempest.lib.common.rest_client [req-0ad89a55-5808-4cbc-bbee-7ec64d04fcfb req-0ad89a55-5808-4cbc-bbee-7ec64d04fcfb ] Request (AttachInterfacesV270Test:test_create_get_list_interfaces): 200 GET http://10.180.1.21/compute/v2.1/servers/eecfa11b-9b4c-4f66-b092-04258a2a379e 0.889s
2025-04-15 20:12:11.045 70994 INFO tempest.lib.common.rest_client [req-3b7c6560-4852-47b4-81ae-115878392ba0 req-3b7c6560-4852-47b4-81ae-115878392ba0 ] Request (ListImageFiltersTestJSON:setUpClass): 200 GET http://10.180.1.21/compute/v2.1/servers/2326608f-ae29-49b0-847a-d8eee0560304 0.892s
2025-04-15 20:12:11.107 70999 INFO tempest.lib.common.rest_client [req-f54e5f0c-a6d8-40b8-905f-8c0e354bd50f req-f54e5f0c-a6d8-40b8-905f-8c0e354bd50f ] Request (ServerDiagnosticsNegativeTest:tearDownClass): 200 GET http://10.180.1.21/compute/v2.1/servers/aaf5cee2-6568-483a-8fbb-ebae9a51b408 0.819s
2025-04-15 20:12:11.124 70940 INFO tempest.lib.common.rest_client [req-e1363ae7-f5c9-4d47-8a19-5f652771d473 req-e1363ae7-f5c9-4d47-8a19-5f652771d473 ] Request (FlavorsAdminTestJSON:_run_cleanups): 200 GET http://10.180.1.21/compute/v2.1/flavors/detail 0.797s
2025-04-15 20:12:11.182 70990 INFO tempest.lib.common.rest_client [req-04802623-c46b-4925-8b8c-816de2a46780 req-04802623-c46b-4925-8b8c-816de2a46780 ] Request (ServerDiskConfigTestJSON:test_rebuild_server_with_manual_disk_config): 200 GET http://10.180.1.21/compute/v2.1/servers/20002014-6a8c-4dfd-9ed3-7c75207750bc 0.812s
2025-04-15 20:12:11.185 70966 INFO tempest.lib.common.rest_client [req-3f5de2eb-6f80-4ee0-a796-eb16af043d4d req-3f5de2eb-6f80-4ee0-a796-eb16af043d4d ] Request (ServerRescueNegativeTestJSON:test_rescued_vm_attach_volume): 200 GET http://10.180.1.21/compute/v2.1/servers/e51cd5d1-a00a-46fa-ab85-8d79bbc98100 1.327s
2025-04-15 20:12:11.238 70960 INFO tempest.lib.common.rest_client [req-478928da-901c-45a4-8d74-2fcc0c3f4d9d req-478928da-901c-45a4-8d74-2fcc0c3f4d9d ] Request (DeleteServersAdminTestJSON:test_delete_server_while_in_error_state): 200 GET http://10.180.1.21/compute/v2.1/servers/966a3ad3-a18d-4e1b-905a-237256966ad9 0.809s
2025-04-15 20:12:11.285 70944 INFO tempest.lib.common.rest_client [req-f77bda82-7fbf-425f-8b1f-869f00906acc req-f77bda82-7fbf-425f-8b1f-869f00906acc ] Request (FloatingIPsAssociationTestJSON:setUpClass): 200 GET http://10.180.1.21/compute/v2.1/servers/bb40cfcf-6c54-4403-8cd0-f586aeb06c09 0.826s
2025-04-15 20:12:11.344 70948 INFO tempest.lib.common.rest_client [req-a7aad934-81a6-401e-aac2-a2105b79c62d req-a7aad934-81a6-401e-aac2-a2105b79c62d ] Request (ServerTagsTestJSON:setUpClass): 200 GET http://10.180.1.21/compute/v2.1/servers/0f089c7f-cc99-48d0-ad4e-e6326aaeb7a5 0.840s
2025-04-15 20:12:11.364 70974 INFO tempest.lib.common.rest_client [req-0cda9cd6-556b-4ed6-a3a6-91a8e1585277 req-0cda9cd6-556b-4ed6-a3a6-91a8e1585277 ] Request (SecurityGroupRulesTestJSON:tearDownClass): 202 DELETE http://10.180.1.21/compute/v2.1/os-security-groups/a82791c6-01d8-4f87-a3b3-80df51f60e09 0.924s
2025-04-15 20:12:11.388 70982 INFO tempest.lib.common.rest_client [req-2fbeeaa2-893e-49e4-9ff8-0889eca78d2a req-2fbeeaa2-893e-49e4-9ff8-0889eca78d2a ] Request (ImagesTestJSON:test_create_image_from_stopped_server): 200 GET http://10.180.1.21/compute/v2.1/images/4787fd1b-d6a6-4a5a-97d9-4b296f3fe6d3 0.830s
2025-04-15 20:12:11.425 70938 INFO tempest.lib.common.rest_client [req-38e6a059-29a3-488e-a21b-7693ee659db7 req-38e6a059-29a3-488e-a21b-7693ee659db7 ] Request (ImagesNegativeTestJSON:test_create_image_from_deleted_server): 200 GET http://10.180.1.21/compute/v2.1/servers/4a66e727-8ebe-4e50-82d4-0033cfc9c43d 0.863s
2025-04-15 20:12:11.434 70942 INFO tempest.lib.common.rest_client [req-3fca5445-dd61-4c34-9832-c549cee1479a req-3fca5445-dd61-4c34-9832-c549cee1479a ] Request (AttachInterfacesUnderV243Test:setUpClass): 201 POST http://10.180.1.21:9696/networking/v2.0/routers 1.104s
2025-04-15 20:12:11.459 70962 INFO tempest.lib.common.rest_client [req-a1d88b01-006e-4a4c-9a75-39746d398b17 req-a1d88b01-006e-4a4c-9a75-39746d398b17 ] Request (SecurityGroupsTestJSON:test_server_security_groups): 200 GET http://10.180.1.21/compute/v2.1/servers/dfd7bf2f-a2c0-4508-9719-675d47bd3de1 0.895s
2025-04-15 20:12:11.628 70952 INFO tempest.lib.common.rest_client [req-5f31cdf0-4012-414a-a8e2-a5ec6b9642ac req-5f31cdf0-4012-414a-a8e2-a5ec6b9642ac ] Request (VolumesAssistedSnapshotsTest:test_volume_assisted_snapshot_create_delete): 200 GET http://10.180.1.21/compute/v2.1/servers/1c255f61-e275-4b91-a75a-29ff39f15553 0.903s
2025-04-15 20:12:11.637 70952 INFO tempest.common.waiters [-] State transition "BUILD/spawning" ==> "ACTIVE/None" after 39 second wait
2025-04-15 20:12:11.729 70988 INFO tempest.lib.common.rest_client [req-730d33f8-9f8f-4471-bdab-283a434e6ed9 req-730d33f8-9f8f-4471-bdab-283a434e6ed9 ] Request (ServerGroupTestJSON:test_create_server_with_scheduler_hint_group): 200 GET http://10.180.1.21/compute/v2.1/servers/7944d0ce-f048-4566-a93f-fbf3327b8297 0.933s
2025-04-15 20:12:11.753 70986 INFO tempest.lib.common.rest_client [req-cef5b713-644f-4828-b779-5efec14430c5 req-cef5b713-644f-4828-b779-5efec14430c5 ] Request (ServerActionsV293TestJSON:setUpClass): 200 GET http://10.180.1.21/volume/v3/1a3ebafc54e1432196f5f0e60d5e9fae/volumes/02bc7fdd-5af4-4959-9b5d-44e4cb312af4 0.034s
2025-04-15 20:12:11.754 70946 INFO tempest.lib.common.rest_client [req-dc0e515e-fd67-4711-aa68-e41ac35ac0a6 req-dc0e515e-fd67-4711-aa68-e41ac35ac0a6 ] Request (VolumesGetTestJSON:test_volume_create_get_delete): 200 POST http://10.180.1.21/compute/v2.1/os-volumes 1.111s
2025-04-15 20:12:11.761 70986 INFO tempest.common.waiters [-] volume 02bc7fdd-5af4-4959-9b5d-44e4cb312af4 reached available after waiting for 21.761127 seconds
2025-04-15 20:12:11.784 70992 INFO tempest.lib.common.rest_client [req-0ba77052-94e5-440f-ae55-f8a7867f9dfc req-0ba77052-94e5-440f-ae55-f8a7867f9dfc ] Request (FloatingIPsTestJSON:test_delete_floating_ip): 404 GET http://10.180.1.21/compute/v2.1/os-floating-ips/e2bd524b-b41f-4b2f-bd65-340ecd5b7e1a 0.863s
2025-04-15 20:12:11.793 70970 INFO tempest.lib.common.rest_client [req-680b875f-f906-465e-be5a-c95ecb39dd02 req-680b875f-f906-465e-be5a-c95ecb39dd02 ] Request (InstanceActionsTestJSON:setUpClass): 200 GET http://10.180.1.21/compute/v2.1/servers/0dbc17b6-125b-4c04-a6d1-261ce319ef4c 0.926s
2025-04-15 20:12:11.894 70980 INFO tempest.lib.common.rest_client [req-3cd76cdc-1562-4b6a-b8b5-52e2fc0ba058 req-3cd76cdc-1562-4b6a-b8b5-52e2fc0ba058 ] Request (MigrationsAdminTest:test_list_migrations_in_flavor_resize_situation): 200 GET http://10.180.1.21/compute/v2.1/servers/59083004-8304-4b1f-9c8f-404ecf812e7e 0.821s
2025-04-15 20:12:11.940 70976 INFO tempest.lib.common.rest_client [req-343fdbb8-f1a4-4f74-952f-4fb5426963ad req-343fdbb8-f1a4-4f74-952f-4fb5426963ad ] Request (ListServerFiltersTestJSON:setUpClass): 200 GET http://10.180.1.21/compute/v2.1/servers/e0daba4c-dd4c-48c4-bee6-e30a2d99e351 0.864s
2025-04-15 20:12:11.956 70940 INFO tempest.lib.common.rest_client [req-8c8f6c7c-fe83-4f9f-9d52-d7bd06afc076 req-8c8f6c7c-fe83-4f9f-9d52-d7bd06afc076 ] Request (FlavorsAdminTestJSON:test_list_public_flavor_with_other_user): 200 POST http://10.180.1.21/compute/v2.1/flavors 0.827s
2025-04-15 20:12:11.970 71000 INFO tempest.lib.common.rest_client [req-487595e5-af88-4215-abc6-b59ea41945e4 req-487595e5-af88-4215-abc6-b59ea41945e4 ] Request (ServerDiagnosticsTest:test_get_server_diagnostics): 200 GET http://10.180.1.21/compute/v2.1/servers/dcb49fa9-5348-4a65-a377-1fdf86173293 0.842s
2025-04-15 20:12:11.996 70972 INFO tempest.lib.common.rest_client [req-2217ebdb-24eb-4246-8708-fe4da08c7079 req-2217ebdb-24eb-4246-8708-fe4da08c7079 ] Request (ServerDiagnosticsV248Test:tearDownClass): 404 GET http://10.180.1.21/compute/v2.1/servers/f3913a86-6577-48bf-9352-609c35b6fd84 0.734s
2025-04-15 20:12:12.042 70954 INFO tempest.lib.common.rest_client [req-d46d970f-2f32-47fe-af3d-4e852ada773c req-d46d970f-2f32-47fe-af3d-4e852ada773c ] Request (ServerExternalEventsTest:test_create_server_external_events): 200 GET http://10.180.1.21/compute/v2.1/servers/1bb5d018-b47b-4876-8a85-7fbeba6485d8 0.860s
2025-04-15 20:12:12.065 70997 INFO tempest.lib.common.rest_client [req-fb5a8041-c722-42bb-a8f3-3e2edde6f02a req-fb5a8041-c722-42bb-a8f3-3e2edde6f02a ] Request (FloatingIPsAssociationNegativeTestJSON:tearDownClass): 200 GET http://10.180.1.21/compute/v2.1/servers/1f5666fd-3d1d-42a4-9b1f-b511fd9850c7 0.744s
2025-04-15 20:12:12.139 70972 INFO tempest.lib.common.rest_client [req-aa717767-cc47-4c71-9544-839badafdee8 req-aa717767-cc47-4c71-9544-839badafdee8 ] Request (ServerDiagnosticsV248Test:tearDownClass): 204 DELETE http://10.180.1.21/identity/v3/users/5f4fa1f7d53e4d39b0ee15fc74748df5 0.142s
2025-04-15 20:12:12.145 70952 INFO tempest.lib.common.rest_client [req-3b7368a3-4498-466d-bd03-2de5505fdfe7 req-3b7368a3-4498-466d-bd03-2de5505fdfe7 ] Request (VolumesAssistedSnapshotsTest:test_volume_assisted_snapshot_create_delete): 200 GET http://10.180.1.21/compute/v2.1/servers/1c255f61-e275-4b91-a75a-29ff39f15553/os-interface 0.507s
2025-04-15 20:12:12.251 70972 INFO tempest.lib.common.rest_client [req-f5952b38-75da-431d-badc-2d8de02aa92e req-f5952b38-75da-431d-badc-2d8de02aa92e ] Request (ServerDiagnosticsV248Test:tearDownClass): 204 DELETE http://10.180.1.21/identity/v3/users/10256e8cf5ac4b64843e37bbcc036d7e 0.111s
2025-04-15 20:12:12.251 70972 INFO tempest.lib.common.dynamic_creds [-] Deleting project and security group for project: d555957f22c4414f895fb9e556f610f7
2025-04-15 20:12:12.274 70956 INFO tempest.lib.common.rest_client [req-f75c0ce6-928c-4aee-b67f-2c86a98b27bd req-f75c0ce6-928c-4aee-b67f-2c86a98b27bd ] Request (ServersAdmin275Test:tearDownClass): 200 GET http://10.180.1.21/compute/v2.1/servers/2047d6d1-2b70-4edb-8fd6-8af659efc6c0 0.611s
2025-04-15 20:12:12.288 70974 INFO tempest.lib.common.rest_client [req-f0f748eb-4e3a-414a-a874-a326ed833f7c req-f0f748eb-4e3a-414a-a874-a326ed833f7c ] Request (SecurityGroupRulesTestJSON:tearDownClass): 202 DELETE http://10.180.1.21/compute/v2.1/os-security-groups/7a066383-264e-41c2-aa53-b1b6a5a4664d 0.923s
2025-04-15 20:12:12.330 70972 INFO tempest.lib.common.rest_client [req-1b6c7dc9-c434-43f9-80a2-538fe7ffa8b7 req-1b6c7dc9-c434-43f9-80a2-538fe7ffa8b7 ] Request (ServerDiagnosticsV248Test:tearDownClass): 201 POST http://10.180.1.21/identity/v3/auth/tokens 0.078s
2025-04-15 20:12:12.348 70946 INFO tempest.lib.common.rest_client [req-42fd0572-c6ba-4b7f-9a5a-133530cc9b7f req-42fd0572-c6ba-4b7f-9a5a-133530cc9b7f ] Request (VolumesGetTestJSON:test_volume_create_get_delete): 200 GET http://10.180.1.21/compute/v2.1/os-volumes/f981480a-f609-4046-957a-88763e691242 0.587s
2025-04-15 20:12:12.351 70946 INFO tempest.common.waiters [-] volume f981480a-f609-4046-957a-88763e691242 reached available after waiting for 0.351251 seconds
2025-04-15 20:12:12.356 70964 INFO tempest.lib.common.rest_client [req-a939aea9-dde3-482a-ac44-9344d61d6b7a req-a939aea9-dde3-482a-ac44-9344d61d6b7a ] Request (ServersAdminTestJSON:setUpClass): 200 GET http://10.180.1.21/compute/v2.1/servers/decfe3a6-3638-4fc0-9cf4-b954ea9c8af1 0.634s
2025-04-15 20:12:12.425 70950 INFO tempest.lib.common.rest_client [req-6c7ca0ee-b0d2-4609-b57d-f07a777c2c9e req-6c7ca0ee-b0d2-4609-b57d-f07a777c2c9e ] Request (ServersWithSpecificFlavorTestJSON:test_verify_created_server_ephemeral_disk): 200 GET http://10.180.1.21/compute/v2.1/servers/10ce594d-4e67-4652-9b0f-99cbfe06fb3b 0.649s
2025-04-15 20:12:12.460 70992 INFO tempest.lib.common.rest_client [req-4142d524-e5b7-416d-82ef-2f38afa2a4cb req-4142d524-e5b7-416d-82ef-2f38afa2a4cb ] Request (FloatingIPsTestJSON:_run_cleanups): 404 DELETE http://10.180.1.21/compute/v2.1/os-floating-ips/e2bd524b-b41f-4b2f-bd65-340ecd5b7e1a 0.675s
2025-04-15 20:12:12.554 70978 INFO tempest.lib.common.rest_client [req-948b9993-3f4e-4baa-8374-ae0b1afbcdef req-948b9993-3f4e-4baa-8374-ae0b1afbcdef ] Request (ServersAdminNegativeTestJSON:test_migrate_server_invalid_state): 200 GET http://10.180.1.21/compute/v2.1/servers/db073798-feb7-4319-8345-53a5716ff15b 0.706s
2025-04-15 20:12:12.579 70940 INFO tempest.lib.common.rest_client [req-010b3b21-c64b-43db-902a-2829de82b9e6 req-010b3b21-c64b-43db-902a-2829de82b9e6 ] Request (FlavorsAdminTestJSON:test_list_public_flavor_with_other_user): 200 GET http://10.180.1.21/compute/v2.1/flavors/detail 0.620s
2025-04-15 20:12:12.652 70958 INFO tempest.lib.common.rest_client [req-6aaa99fc-30a0-451f-b1ef-68c51e109835 req-6aaa99fc-30a0-451f-b1ef-68c51e109835 ] Request (AttachInterfacesV270Test:test_create_get_list_interfaces): 200 GET http://10.180.1.21/compute/v2.1/servers/eecfa11b-9b4c-4f66-b092-04258a2a379e 0.649s
2025-04-15 20:12:12.663 70958 INFO tempest.common.waiters [-] State transition "BUILD/scheduling" ==> "BUILD/None" after 26 second wait
2025-04-15 20:12:12.676 70972 INFO tempest.lib.common.rest_client [req-02c1baa1-4a30-44c9-b1db-87db7d5c75fe req-02c1baa1-4a30-44c9-b1db-87db7d5c75fe ] Request (ServerDiagnosticsV248Test:tearDownClass): 200 GET http://10.180.1.21:9696/networking/v2.0/security-groups?tenant_id=d555957f22c4414f895fb9e556f610f7&name=default 0.346s
2025-04-15 20:12:12.728 70994 INFO tempest.lib.common.rest_client [req-7a4e0b7f-4e3d-4532-a6b1-72d78922c8c8 req-7a4e0b7f-4e3d-4532-a6b1-72d78922c8c8 ] Request (ListImageFiltersTestJSON:setUpClass): 200 GET http://10.180.1.21/compute/v2.1/servers/2326608f-ae29-49b0-847a-d8eee0560304 0.675s
2025-04-15 20:12:12.829 70999 INFO tempest.lib.common.rest_client [req-7205c346-66be-4ff4-9de7-a3d5911f903b req-7205c346-66be-4ff4-9de7-a3d5911f903b ] Request (ServerDiagnosticsNegativeTest:tearDownClass): 200 GET http://10.180.1.21/compute/v2.1/servers/aaf5cee2-6568-483a-8fbb-ebae9a51b408 0.713s
2025-04-15 20:12:12.916 70972 INFO tempest.lib.common.rest_client [req-6d34cd03-ca17-4a9a-a544-d5cea1cc941e req-6d34cd03-ca17-4a9a-a544-d5cea1cc941e ] Request (ServerDiagnosticsV248Test:tearDownClass): 204 DELETE http://10.180.1.21:9696/networking/v2.0/security-groups/0307d508-a0bc-434e-a145-23b67f29d324 0.239s
2025-04-15 20:12:12.934 70990 INFO tempest.lib.common.rest_client [req-d31520ca-f78d-4185-b64e-145ab23e89cc req-d31520ca-f78d-4185-b64e-145ab23e89cc ] Request (ServerDiskConfigTestJSON:test_rebuild_server_with_manual_disk_config): 200 GET http://10.180.1.21/compute/v2.1/servers/20002014-6a8c-4dfd-9ed3-7c75207750bc 0.740s
2025-04-15 20:12:13.029 70972 INFO tempest.lib.common.rest_client [req-9e1a9e47-8bb2-415d-9a33-7b2c56174e30 req-9e1a9e47-8bb2-415d-9a33-7b2c56174e30 ] Request (ServerDiagnosticsV248Test:tearDownClass): 204 DELETE http://10.180.1.21/identity/v3/projects/d555957f22c4414f895fb9e556f610f7 0.113s
2025-04-15 20:12:13.029 70972 INFO tempest.lib.common.dynamic_creds [-] Deleting project and security group for project: 05888d5ff4e04b2ab418e39c767891ac
2025-04-15 20:12:13.075 70952 INFO tempest.lib.common.rest_client [req-65858caa-fd8d-4a67-8fb4-add55c0359f2 req-65858caa-fd8d-4a67-8fb4-add55c0359f2 ] Request (VolumesAssistedSnapshotsTest:test_volume_assisted_snapshot_create_delete): 200 PUT http://10.180.1.21:9696/networking/v2.0/floatingips/67cb730d-c753-4b0e-ae85-d9c502b57db2 0.928s
2025-04-15 20:12:13.077 70952 INFO tempest.lib.common.ssh [-] Creating ssh connection to '10.180.180.233:22' as 'cirros' with public key authentication
2025-04-15 20:12:13.130 70966 INFO tempest.lib.common.rest_client [req-700e9f89-d981-4e49-9a0e-799798c9b06c req-700e9f89-d981-4e49-9a0e-799798c9b06c ] Request (ServerRescueNegativeTestJSON:test_rescued_vm_attach_volume): 200 GET http://10.180.1.21/compute/v2.1/servers/e51cd5d1-a00a-46fa-ab85-8d79bbc98100 0.932s
2025-04-15 20:12:13.168 70942 INFO tempest.lib.common.rest_client [req-16b52a2f-cd99-4d3f-990c-da3cdf77f6e7 req-16b52a2f-cd99-4d3f-990c-da3cdf77f6e7 ] Request (AttachInterfacesUnderV243Test:setUpClass): 200 PUT http://10.180.1.21:9696/networking/v2.0/routers/8c5d69f9-841e-465f-b02b-e4e9360f45ea/add_router_interface 1.733s
2025-04-15 20:12:13.169 70942 INFO tempest.lib.common.dynamic_creds [-] Created isolated network resources for: credentials: Credentials: {'domain_id': 'default', 'domain_name': 'Default', 'username': 'tempest-AttachInterfacesUnderV243Test-544999371-project-member', 'project_domain_id': 'default', 'project_domain_name': 'Default', 'project_id': '57a9e0eee4c14f139d195a3524c315f4', 'project_name': 'tempest-AttachInterfacesUnderV243Test-544999371', 'tenant_id': '57a9e0eee4c14f139d195a3524c315f4', 'tenant_name': 'tempest-AttachInterfacesUnderV243Test-544999371', 'user_domain_id': 'default', 'user_domain_name': 'Default', 'user_id': '6506223de11d47a89fa123a793a46b19', 'system': None}, Network: {'id': 'd1aa6c16-f7be-4f8a-9498-72ccaff2e5fd', 'name': 'tempest-AttachInterfacesUnderV243Test-1666707424-network', 'tenant_id': '57a9e0eee4c14f139d195a3524c315f4', 'admin_state_up': True, 'mtu': 8950, 'status': 'ACTIVE', 'subnets': [], 'shared': False, 'project_id': '57a9e0eee4c14f139d195a3524c315f4', 'port_security_enabled': True, 'router:external': False, 'provider:network_type': 'vlan', 'provider:physical_network': 'default', 'provider:segmentation_id': 75, 'is_default': False, 'availability_zone_hints': [], 'availability_zones': [], 'ipv4_address_scope': None, 'ipv6_address_scope': None, 'description': '', 'tags': [], 'created_at': '2025-04-15T20:12:09Z', 'updated_at': '2025-04-15T20:12:10Z', 'revision_number': 1}, Subnet: {'id': '1a5a1b0c-7d21-42fe-a4cd-d780ec86ee1f', 'name': 'tempest-AttachInterfacesUnderV243Test-1666707424-subnet', 'tenant_id': '57a9e0eee4c14f139d195a3524c315f4', 'network_id': 'd1aa6c16-f7be-4f8a-9498-72ccaff2e5fd', 'ip_version': 4, 'subnetpool_id': None, 'enable_dhcp': True, 'ipv6_ra_mode': None, 'ipv6_address_mode': None, 'gateway_ip': '192.168.128.1', 'cidr': '192.168.128.0/28', 'allocation_pools': [{'start': '192.168.128.2', 'end': '192.168.128.14'}], 'host_routes': [], 'dns_nameservers': [], 'description': '', 'router:external': False, 'service_types': [], 'tags': [], 'created_at': '2025-04-15T20:12:10Z', 'updated_at': '2025-04-15T20:12:10Z', 'revision_number': 0, 'project_id': '57a9e0eee4c14f139d195a3524c315f4'}, Router: {'id': '8c5d69f9-841e-465f-b02b-e4e9360f45ea', 'name': 'tempest-AttachInterfacesUnderV243Test-1666707424-router', 'tenant_id': '57a9e0eee4c14f139d195a3524c315f4', 'admin_state_up': True, 'status': 'ACTIVE', 'external_gateway_info': {'network_id': '77785a5c-b779-4ee1-9799-59fee8d22872', 'external_fixed_ips': [{'subnet_id': 'f1d26f54-f908-440a-9b2d-26db05f55891', 'ip_address': '10.180.180.149'}], 'enable_snat': True}, 'description': '', 'availability_zones': [], 'distributed': False, 'ha': False, 'availability_zone_hints': [], 'routes': [], 'flavor_id': None, 'tags': [], 'created_at': '2025-04-15T20:12:10Z', 'updated_at': '2025-04-15T20:12:10Z', 'revision_number': 2, 'project_id': '57a9e0eee4c14f139d195a3524c315f4'}
2025-04-15 20:12:13.174 70986 INFO tempest.lib.common.rest_client [req-e812647e-5959-47da-8560-3492105d51a1 req-e812647e-5959-47da-8560-3492105d51a1 ] Request (ServerActionsV293TestJSON:setUpClass): 202 POST http://10.180.1.21/compute/v2.1/servers 1.413s
2025-04-15 20:12:13.208 70960 INFO tempest.lib.common.rest_client [req-6a1f9207-d345-4049-817b-e58e60d0eea0 req-6a1f9207-d345-4049-817b-e58e60d0eea0 ] Request (DeleteServersAdminTestJSON:test_delete_server_while_in_error_state): 200 GET http://10.180.1.21/compute/v2.1/servers/966a3ad3-a18d-4e1b-905a-237256966ad9 0.955s
2025-04-15 20:12:13.217 70972 INFO tempest.lib.common.rest_client [req-f5c91ef2-5b40-4bd1-97bb-452d64ae9d99 req-f5c91ef2-5b40-4bd1-97bb-452d64ae9d99 ] Request (ServerDiagnosticsV248Test:tearDownClass): 200 GET http://10.180.1.21:9696/networking/v2.0/security-groups?tenant_id=05888d5ff4e04b2ab418e39c767891ac&name=default 0.187s
2025-04-15 20:12:13.273 70944 INFO tempest.lib.common.rest_client [req-c85b2cf9-5eb4-44ea-8bf7-11c6d286e11a req-c85b2cf9-5eb4-44ea-8bf7-11c6d286e11a ] Request (FloatingIPsAssociationTestJSON:setUpClass): 200 GET http://10.180.1.21/compute/v2.1/servers/bb40cfcf-6c54-4403-8cd0-f586aeb06c09 0.977s
2025-04-15 20:12:13.277 70942 INFO tempest.lib.common.rest_client [req-8af0ea78-aca5-4592-951f-148ffcc877bf req-8af0ea78-aca5-4592-951f-148ffcc877bf ] Request (AttachInterfacesUnderV243Test:setUpClass): 201 POST http://10.180.1.21/identity/v3/auth/tokens 0.101s
2025-04-15 20:12:13.320 70946 INFO tempest.lib.common.rest_client [req-e80573a6-935a-4284-9d82-fd1826e69677 req-e80573a6-935a-4284-9d82-fd1826e69677 ] Request (VolumesGetTestJSON:test_volume_create_get_delete): 200 GET http://10.180.1.21/compute/v2.1/os-volumes/f981480a-f609-4046-957a-88763e691242 0.969s
2025-04-15 20:12:13.364 70974 INFO tempest.lib.common.rest_client [req-0d8525c7-792b-4b71-b3a6-68822885db79 req-0d8525c7-792b-4b71-b3a6-68822885db79 ] Request (SecurityGroupRulesTestJSON:tearDownClass): 202 DELETE http://10.180.1.21/compute/v2.1/os-security-groups/ec9caec0-ebc6-4442-863f-2b0ab994dc7b 1.075s
2025-04-15 20:12:13.367 70972 INFO tempest.lib.common.rest_client [req-95e2b305-3ad1-4e6d-810d-4e7f1e688539 req-95e2b305-3ad1-4e6d-810d-4e7f1e688539 ] Request (ServerDiagnosticsV248Test:tearDownClass): 204 DELETE http://10.180.1.21:9696/networking/v2.0/security-groups/0081b475-7f05-4957-baa5-30ce3b4f037f 0.149s
2025-04-15 20:12:13.384 70948 INFO tempest.lib.common.rest_client [req-b5d1e2cf-9989-46ac-b56b-c2d64269d7a5 req-b5d1e2cf-9989-46ac-b56b-c2d64269d7a5 ] Request (ServerTagsTestJSON:setUpClass): 200 GET http://10.180.1.21/compute/v2.1/servers/0f089c7f-cc99-48d0-ad4e-e6326aaeb7a5 1.030s
2025-04-15 20:12:13.415 70982 INFO tempest.lib.common.rest_client [req-63f7fd37-1e59-487f-ad2c-683ed29c439b req-63f7fd37-1e59-487f-ad2c-683ed29c439b ] Request (ImagesTestJSON:test_create_image_from_stopped_server): 200 GET http://10.180.1.21/compute/v2.1/images/4787fd1b-d6a6-4a5a-97d9-4b296f3fe6d3 1.022s
2025-04-15 20:12:13.453 70938 INFO tempest.lib.common.rest_client [req-935b78ad-332e-42a3-abfd-9c2ec50f8932 req-935b78ad-332e-42a3-abfd-9c2ec50f8932 ] Request (ImagesNegativeTestJSON:test_create_image_from_deleted_server): 200 GET http://10.180.1.21/compute/v2.1/servers/4a66e727-8ebe-4e50-82d4-0033cfc9c43d 1.018s
2025-04-15 20:12:13.473 70962 INFO tempest.lib.common.rest_client [req-dd2ddad3-3c21-4d7f-b831-2cb337e5218c req-dd2ddad3-3c21-4d7f-b831-2cb337e5218c ] Request (SecurityGroupsTestJSON:test_server_security_groups): 200 GET http://10.180.1.21/compute/v2.1/servers/dfd7bf2f-a2c0-4508-9719-675d47bd3de1 1.001s
2025-04-15 20:12:13.481 70940 INFO tempest.lib.common.rest_client [req-8c78addc-3e70-4634-b2c0-499f873d87ec req-8c78addc-3e70-4634-b2c0-499f873d87ec ] Request (FlavorsAdminTestJSON:_run_cleanups): 202 DELETE http://10.180.1.21/compute/v2.1/flavors/899565777 0.898s
2025-04-15 20:12:13.495 70972 INFO tempest.lib.common.rest_client [req-cacd4bd8-bf20-46be-9d24-f80092952a90 req-cacd4bd8-bf20-46be-9d24-f80092952a90 ] Request (ServerDiagnosticsV248Test:tearDownClass): 204 DELETE http://10.180.1.21/identity/v3/projects/05888d5ff4e04b2ab418e39c767891ac 0.128s
2025-04-15 20:12:13.534 70988 INFO tempest.lib.common.rest_client [req-31f4df91-cd40-4a3a-9c8d-55047bc89fd6 req-31f4df91-cd40-4a3a-9c8d-55047bc89fd6 ] Request (ServerGroupTestJSON:test_create_server_with_scheduler_hint_group): 200 GET http://10.180.1.21/compute/v2.1/servers/7944d0ce-f048-4566-a93f-fbf3327b8297 0.794s
2025-04-15 20:12:13.547 70970 INFO tempest.lib.common.rest_client [req-bfbaec36-e884-4aa3-905f-7b902d9214c7 req-bfbaec36-e884-4aa3-905f-7b902d9214c7 ] Request (InstanceActionsTestJSON:setUpClass): 200 GET http://10.180.1.21/compute/v2.1/servers/0dbc17b6-125b-4c04-a6d1-261ce319ef4c 0.744s
2025-04-15 20:12:13.580 70972 INFO tempest.lib.common.rest_client [req-74c211b4-7995-4ea7-9f5f-2ebb3cd9c81f req-74c211b4-7995-4ea7-9f5f-2ebb3cd9c81f ] Request (AbsoluteLimitsNegativeTestJSON:setUpClass): 201 POST http://10.180.1.21/identity/v3/auth/tokens 0.084s
2025-04-15 20:12:13.615 70972 INFO tempest.lib.common.rest_client [req-fec29d8f-4b25-46dc-a2b5-26b1f06893f1 req-fec29d8f-4b25-46dc-a2b5-26b1f06893f1 ] Request (AbsoluteLimitsNegativeTestJSON:setUpClass): 201 POST http://10.180.1.21/identity/v3/auth/tokens 0.033s
2025-04-15 20:12:13.641 70972 INFO tempest.lib.common.rest_client [req-cd71a211-7ca9-4c7d-999d-138ed58c114c req-cd71a211-7ca9-4c7d-999d-138ed58c114c ] Request (AbsoluteLimitsNegativeTestJSON:setUpClass): 200 GET http://10.180.1.21/identity/v3/domains?name=Default 0.025s
2025-04-15 20:12:13.670 70972 INFO tempest.lib.common.rest_client [req-a5a10c2f-8fc6-4a9d-b2a0-e5ebb54b169a req-a5a10c2f-8fc6-4a9d-b2a0-e5ebb54b169a ] Request (AbsoluteLimitsNegativeTestJSON:setUpClass): 201 POST http://10.180.1.21/identity/v3/projects 0.029s
2025-04-15 20:12:13.684 70980 INFO tempest.lib.common.rest_client [req-43c8ea90-0452-4d78-ac14-3ce6f4525d6d req-43c8ea90-0452-4d78-ac14-3ce6f4525d6d ] Request (MigrationsAdminTest:test_list_migrations_in_flavor_resize_situation): 200 GET http://10.180.1.21/compute/v2.1/servers/59083004-8304-4b1f-9c8f-404ecf812e7e 0.783s
2025-04-15 20:12:13.741 70976 INFO tempest.lib.common.rest_client [req-b6c0591d-e855-40c3-8f50-38c53aa203a7 req-b6c0591d-e855-40c3-8f50-38c53aa203a7 ] Request (ListServerFiltersTestJSON:setUpClass): 200 GET http://10.180.1.21/compute/v2.1/servers/e0daba4c-dd4c-48c4-bee6-e30a2d99e351 0.790s
2025-04-15 20:12:13.747 70972 INFO tempest.lib.common.rest_client [req-84420d27-65ba-4f05-ad09-72fb28dab1b9 req-84420d27-65ba-4f05-ad09-72fb28dab1b9 ] Request (AbsoluteLimitsNegativeTestJSON:setUpClass): 201 POST http://10.180.1.21/identity/v3/users 0.075s
2025-04-15 20:12:13.747 71000 INFO tempest.lib.common.rest_client [req-8b29ee85-6a7f-4ee7-96c0-4eeab02e71e1 req-8b29ee85-6a7f-4ee7-96c0-4eeab02e71e1 ] Request (ServerDiagnosticsTest:test_get_server_diagnostics): 200 GET http://10.180.1.21/compute/v2.1/servers/dcb49fa9-5348-4a65-a377-1fdf86173293 0.768s
2025-04-15 20:12:13.750 70976 INFO tempest.common.waiters [-] State transition "BUILD/spawning" ==> "ACTIVE/None" after 41 second wait
2025-04-15 20:12:13.762 70992 INFO tempest.lib.common.rest_client [req-175f571a-6973-4e33-8190-7b28a12603ce req-175f571a-6973-4e33-8190-7b28a12603ce ] Request (FloatingIPsTestJSON:tearDownClass): 200 PUT http://10.180.1.21:9696/networking/v2.0/routers/689a3c43-5975-4c2d-8dde-2b7327b0cb25/remove_router_interface 1.294s
