2025-04-15 20:13:22.779 70990 INFO tempest.lib.common.rest_client [req-aaed46e1-e07c-4ada-b536-6b6341379c67 req-aaed46e1-e07c-4ada-b536-6b6341379c67 ] Request (ServerDiskConfigTestJSON:test_resize_server_from_auto_to_manual): 200 GET http://10.180.1.21/compute/v2.1/servers/cae8ad8e-ae95-4d27-9379-e1aa64db3916 0.341s
2025-04-15 20:13:22.836 70958 INFO tempest.lib.common.rest_client [req-fbb8b904-f2fa-467f-b390-6a62433923ad req-fbb8b904-f2fa-467f-b390-6a62433923ad ] Request (AttachInterfacesV270Test:tearDownClass): 200 GET http://10.180.1.21/compute/v2.1/servers/eecfa11b-9b4c-4f66-b092-04258a2a379e 0.302s
2025-04-15 20:13:22.843 70997 INFO tempest.lib.common.rest_client [req-980dfadd-50df-4460-97f3-536ca62755a4 req-980dfadd-50df-4460-97f3-536ca62755a4 ] Request (ServerRescueTestJSONUnderV235:setUpClass): 200 GET http://10.180.1.21/compute/v2.1/servers/7eeadfd6-9b43-442f-a8ff-e46819987e49 0.271s
2025-04-15 20:13:22.897 70954 INFO tempest.lib.common.rest_client [req-6d87b19f-9841-4cce-adde-eafa56f27924 req-6d87b19f-9841-4cce-adde-eafa56f27924 ] Request (ServerExternalEventsTest:tearDownClass): 200 GET http://10.180.1.21/compute/v2.1/servers/1bb5d018-b47b-4876-8a85-7fbeba6485d8 0.291s
2025-04-15 20:13:22.901 70980 INFO tempest.lib.common.rest_client [req-19b6c9da-d61b-4ddf-98c7-63fd789a2894 req-19b6c9da-d61b-4ddf-98c7-63fd789a2894 ] Request (MigrationsAdminTest:test_resize_server_revert_deleted_flavor): 200 GET http://10.180.1.21/compute/v2.1/servers/06883e8b-247a-4ba2-b0ae-6b7a917550f5 0.274s
2025-04-15 20:13:22.949 70948 INFO tempest.lib.common.rest_client [req-464f2b3e-ea3f-40f2-8d7f-dfe48a4c5269 req-464f2b3e-ea3f-40f2-8d7f-dfe48a4c5269 ] Request (ServerTagsTestJSON:_run_cleanups): 204 DELETE http://10.180.1.21/compute/v2.1/servers/0f089c7f-cc99-48d0-ad4e-e6326aaeb7a5/tags 0.235s
2025-04-15 20:13:22.968 70986 INFO tempest.lib.common.rest_client [req-e747784d-1c35-4f88-ac32-b94769e21ef5 req-e747784d-1c35-4f88-ac32-b94769e21ef5 ] Request (ServerActionsV293TestJSON:setUpClass): 200 GET http://10.180.1.21/compute/v2.1/servers/3c6d0f90-5a27-4e06-a4ac-ec5a1ce7bf89 0.275s
2025-04-15 20:13:22.978 70986 INFO tempest.common.waiters [-] State transition "BUILD/None" ==> "BUILD/networking" after 69 second wait
2025-04-15 20:13:23.019 70974 INFO tempest.lib.common.rest_client [req-bcc144f6-4080-4a57-854c-6eeb2d889f3a req-bcc144f6-4080-4a57-854c-6eeb2d889f3a ] Request (AttachInterfacesTestJSON:test_create_list_show_delete_interfaces_by_fixed_ip): 200 GET http://10.180.1.21/compute/v2.1/servers/02863b15-5897-41e5-b86c-31ef4a98f2cc 0.276s
2025-04-15 20:13:23.155 70984 INFO tempest.lib.common.rest_client [req-5522e84a-4617-4996-81ae-096c3031ca28 req-5522e84a-4617-4996-81ae-096c3031ca28 ] Request (ServerActionsTestOtherB:test_create_backup): 200 GET http://10.180.1.21/compute/v2.1/servers/265f116d-1cdf-4201-a90e-6a3cb4ea8ece 0.400s
2025-04-15 20:13:23.203 70944 INFO tempest.lib.common.rest_client [req-3dcad2a2-352e-48d9-a9a4-3f6975acea86 req-3dcad2a2-352e-48d9-a9a4-3f6975acea86 ] Request (FloatingIPsAssociationTestJSON:test_associate_already_associated_floating_ip): 200 GET http://10.180.1.21/compute/v2.1/servers/564fbf12-311d-4fd5-b1f5-b13349652a11 0.405s
2025-04-15 20:13:23.260 70988 INFO tempest.lib.common.rest_client [req-cce1eeb3-795d-4f20-ba77-ba56210b3473 req-cce1eeb3-795d-4f20-ba77-ba56210b3473 ] Request (ServerGroupTestJSON:_run_cleanups): 200 GET http://10.180.1.21/compute/v2.1/servers/7944d0ce-f048-4566-a93f-fbf3327b8297 0.403s
2025-04-15 20:13:23.313 70940 INFO tempest.lib.common.rest_client [req-b6dd1d88-4b33-4852-a3f6-c0ceac601db8 req-b6dd1d88-4b33-4852-a3f6-c0ceac601db8 ] Request (VolumesAdminNegativeTest:test_update_attached_volume_with_nonexistent_volume_in_body): 200 GET http://10.180.1.21/compute/v2.1/servers/53c8d62a-6a62-4656-88e1-e27c6034d082 0.441s
2025-04-15 20:13:23.364 70942 INFO tempest.lib.common.rest_client [req-faf115bd-3943-4d68-b6ab-29757f687b3e req-faf115bd-3943-4d68-b6ab-29757f687b3e ] Request (AttachInterfacesUnderV243Test:test_add_remove_fixed_ip): 200 GET http://10.180.1.21/compute/v2.1/servers/6184f1ff-39d2-4bf3-8362-08468e600de9 0.442s
2025-04-15 20:13:23.424 70948 INFO tempest.lib.common.rest_client [req-acf78e65-227a-4d8b-9730-ed2e2e9d015b req-acf78e65-227a-4d8b-9730-ed2e2e9d015b ] Request (ServerTagsTestJSON:test_delete_all_tags): 201 PUT http://10.180.1.21/compute/v2.1/servers/0f089c7f-cc99-48d0-ad4e-e6326aaeb7a5/tags/tempest-tag-2088570948 0.474s
2025-04-15 20:13:23.464 70962 INFO tempest.lib.common.rest_client [req-df65f4f1-8969-4e08-aa44-fb38917683bc req-df65f4f1-8969-4e08-aa44-fb38917683bc ] Request (SecurityGroupsTestJSON:test_server_security_groups): 202 POST http://10.180.1.21/compute/v2.1/servers/dfd7bf2f-a2c0-4508-9719-675d47bd3de1/action 0.733s
2025-04-15 20:13:23.480 70966 INFO tempest.lib.common.rest_client [req-a90614d5-27ee-46dd-84a8-9a0e3ebc0b82 req-a90614d5-27ee-46dd-84a8-9a0e3ebc0b82 ] Request (ServerRescueNegativeTestJSON:test_rescued_vm_detach_volume): 200 GET http://10.180.1.21/compute/v2.1/servers/3f866d70-dbec-4b20-a478-6d970447cea5 0.506s
2025-04-15 20:13:23.542 71000 INFO tempest.lib.common.rest_client [req-c22de447-d0cd-4fb7-be54-51ec586e68cb req-c22de447-d0cd-4fb7-be54-51ec586e68cb ] Request (ServerDiagnosticsTest:tearDownClass): 200 GET http://10.180.1.21/compute/v2.1/servers/dcb49fa9-5348-4a65-a377-1fdf86173293 0.440s
2025-04-15 20:13:23.616 70994 INFO tempest.lib.common.rest_client [req-ec3c8ddf-85d6-42bd-8aff-c7b480266ed6 req-ec3c8ddf-85d6-42bd-8aff-c7b480266ed6 ] Request (ListImageFiltersTestJSON:setUpClass): 200 GET http://10.180.1.21/compute/v2.1/images/2d3f2dbf-bf30-4a72-ac60-795cceab9f4d 0.256s
2025-04-15 20:13:23.676 70964 INFO tempest.lib.common.rest_client [req-bf8d4a0b-d862-4e79-85bb-4348ba9d2acc req-bf8d4a0b-d862-4e79-85bb-4348ba9d2acc ] Request (ServersAdminTestJSON:test_create_server_with_scheduling_hint): 200 GET http://10.180.1.21/compute/v2.1/servers/7521efba-e1a0-43ef-9d28-f91158a2541a 0.315s
2025-04-15 20:13:23.733 70956 INFO tempest.lib.common.rest_client [req-37fab123-54f4-4e2e-8057-019a396d7e11 req-37fab123-54f4-4e2e-8057-019a396d7e11 ] Request (ServerPasswordTestJSON:setUpClass): 200 GET http://10.180.1.21/compute/v2.1/servers/c017cae6-1944-4b86-ac91-48702e470dfc 0.324s
2025-04-15 20:13:23.800 70948 INFO tempest.lib.common.rest_client [req-99838c78-ca2f-4bd8-ba9f-8a9093583058 req-99838c78-ca2f-4bd8-ba9f-8a9093583058 ] Request (ServerTagsTestJSON:test_delete_all_tags): 201 PUT http://10.180.1.21/compute/v2.1/servers/0f089c7f-cc99-48d0-ad4e-e6326aaeb7a5/tags/tempest-tag-130529051 0.375s
2025-04-15 20:13:23.816 70950 INFO tempest.lib.common.rest_client [req-256b9ad5-57e3-44b9-b50e-0f7f514eca9f req-256b9ad5-57e3-44b9-b50e-0f7f514eca9f ] Request (ServersWithSpecificFlavorTestJSON:test_verify_created_server_ephemeral_disk): 200 GET http://10.180.1.21/compute/v2.1/servers/e7c32bb6-4dee-49b0-be18-54a34bc2aa0a 0.792s
2025-04-15 20:13:23.873 70962 INFO tempest.lib.common.rest_client [req-ac543c44-3dee-4365-9ec3-0246246bb97c req-ac543c44-3dee-4365-9ec3-0246246bb97c ] Request (SecurityGroupsTestJSON:test_server_security_groups): 400 DELETE http://10.180.1.21/compute/v2.1/os-security-groups/a13c333d-a668-4db7-aa55-2c428b3612fd 0.409s
2025-04-15 20:13:23.875 70978 INFO tempest.lib.common.rest_client [req-eca89009-73dc-4b9f-a248-5c193c90910f req-eca89009-73dc-4b9f-a248-5c193c90910f ] Request (ServersAdminNegativeTestJSON:tearDownClass): 200 GET http://10.180.1.21/compute/v2.1/servers/f34b664a-979f-40f9-8189-57aa4c5b5b94 0.364s
2025-04-15 20:13:23.941 70960 INFO tempest.lib.common.rest_client [req-cb2456fb-1d66-4936-b1a0-7da7e2274072 req-cb2456fb-1d66-4936-b1a0-7da7e2274072 ] Request (DeleteServersAdminTestJSON:test_delete_server_while_in_error_state): 200 GET http://10.180.1.21/compute/v2.1/servers/966a3ad3-a18d-4e1b-905a-237256966ad9 0.363s
2025-04-15 20:13:23.993 70938 INFO tempest.lib.common.rest_client [req-4da3a455-c919-4b26-8ea9-8c2ec6bc4aae req-4da3a455-c919-4b26-8ea9-8c2ec6bc4aae ] Request (ImagesNegativeTestJSON:test_create_image_from_deleted_server): 200 GET http://10.180.1.21/compute/v2.1/servers/4a66e727-8ebe-4e50-82d4-0033cfc9c43d 0.468s
2025-04-15 20:13:24.004 70976 INFO tempest.lib.common.rest_client [req-c23a3a9d-04fd-4412-9ed4-991b563951e5 req-c23a3a9d-04fd-4412-9ed4-991b563951e5 ] Request (ListServerFiltersTestJSON:tearDownClass): 200 GET http://10.180.1.21/compute/v2.1/servers/d74fa746-ef23-4b52-a3e2-790a9b64f723 0.397s
2025-04-15 20:13:24.043 70982 INFO tempest.lib.common.rest_client [req-ff71b4be-436c-4436-958e-171c93024fe7 req-ff71b4be-436c-4436-958e-171c93024fe7 ] Request (ImagesTestJSON:test_create_image_from_suspended_server): 200 GET http://10.180.1.21/compute/v2.1/servers/c9529c9f-d2f0-4816-a016-8e8e861f1068 0.390s
2025-04-15 20:13:24.055 70972 INFO tempest.lib.common.rest_client [req-3e507bd1-e9a8-4dee-93be-40247531864f req-3e507bd1-e9a8-4dee-93be-40247531864f ] Request (ListServersNegativeTestJSON:setUpClass): 200 GET http://10.180.1.21/compute/v2.1/servers/18c63efb-6b85-4802-af43-955db8bb3fd0 0.353s
2025-04-15 20:13:24.063 70972 INFO tempest.common.waiters [-] State transition "BUILD/scheduling" ==> "BUILD/None" after 40 second wait
2025-04-15 20:13:24.099 70952 INFO tempest.lib.common.rest_client [req-5e376898-e1f2-4166-b69e-f8b8a059ac8d req-5e376898-e1f2-4166-b69e-f8b8a059ac8d ] Request (VolumesAssistedSnapshotsTest:tearDownClass): 200 GET http://10.180.1.21/compute/v2.1/servers/1c255f61-e275-4b91-a75a-29ff39f15553 0.319s
2025-04-15 20:13:24.100 70990 INFO tempest.lib.common.rest_client [req-fb7b2cf7-2581-4400-b322-2683302ddc29 req-fb7b2cf7-2581-4400-b322-2683302ddc29 ] Request (ServerDiskConfigTestJSON:test_resize_server_from_auto_to_manual): 200 GET http://10.180.1.21/compute/v2.1/servers/cae8ad8e-ae95-4d27-9379-e1aa64db3916 0.310s
2025-04-15 20:13:24.146 70948 INFO tempest.lib.common.rest_client [req-5728b6f1-82cf-4c8f-b84e-378ad7a97a9a req-5728b6f1-82cf-4c8f-b84e-378ad7a97a9a ] Request (ServerTagsTestJSON:test_delete_all_tags): 204 DELETE http://10.180.1.21/compute/v2.1/servers/0f089c7f-cc99-48d0-ad4e-e6326aaeb7a5/tags 0.344s
2025-04-15 20:13:24.158 70958 INFO tempest.lib.common.rest_client [req-41617f9c-6bf0-4ef1-bcae-7748618194e8 req-41617f9c-6bf0-4ef1-bcae-7748618194e8 ] Request (AttachInterfacesV270Test:tearDownClass): 200 GET http://10.180.1.21/compute/v2.1/servers/eecfa11b-9b4c-4f66-b092-04258a2a379e 0.310s
2025-04-15 20:13:24.196 70997 INFO tempest.lib.common.rest_client [req-582cc936-35d1-461a-8b48-3d47639abf30 req-582cc936-35d1-461a-8b48-3d47639abf30 ] Request (ServerRescueTestJSONUnderV235:setUpClass): 200 GET http://10.180.1.21/compute/v2.1/servers/7eeadfd6-9b43-442f-a8ff-e46819987e49 0.339s
2025-04-15 20:13:24.218 70962 INFO tempest.lib.common.rest_client [req-0a96c397-f39a-449c-bcdf-9faa02af868f req-0a96c397-f39a-449c-bcdf-9faa02af868f ] Request (SecurityGroupsTestJSON:test_server_security_groups): 202 POST http://10.180.1.21/compute/v2.1/servers/dfd7bf2f-a2c0-4508-9719-675d47bd3de1/action 0.344s
2025-04-15 20:13:24.267 70954 INFO tempest.lib.common.rest_client [req-5cbfd42c-d3b1-4f18-af55-0f7f0cb9e9b7 req-5cbfd42c-d3b1-4f18-af55-0f7f0cb9e9b7 ] Request (ServerExternalEventsTest:tearDownClass): 200 GET http://10.180.1.21/compute/v2.1/servers/1bb5d018-b47b-4876-8a85-7fbeba6485d8 0.362s
2025-04-15 20:13:24.272 70980 INFO tempest.lib.common.rest_client [req-ed99c9dc-84dd-4e83-aee2-667e9e7a97f2 req-ed99c9dc-84dd-4e83-aee2-667e9e7a97f2 ] Request (MigrationsAdminTest:test_resize_server_revert_deleted_flavor): 200 GET http://10.180.1.21/compute/v2.1/servers/06883e8b-247a-4ba2-b0ae-6b7a917550f5 0.363s
2025-04-15 20:13:24.316 70974 INFO tempest.lib.common.rest_client [req-635f7a3a-b7d9-4dae-92b8-74d777bc26e0 req-635f7a3a-b7d9-4dae-92b8-74d777bc26e0 ] Request (AttachInterfacesTestJSON:test_create_list_show_delete_interfaces_by_fixed_ip): 200 GET http://10.180.1.21/compute/v2.1/servers/02863b15-5897-41e5-b86c-31ef4a98f2cc 0.288s
2025-04-15 20:13:24.331 70948 INFO tempest.lib.common.rest_client [req-85cff9c8-42af-4ce6-b3cd-a6e57fa5c25e req-85cff9c8-42af-4ce6-b3cd-a6e57fa5c25e ] Request (ServerTagsTestJSON:test_delete_all_tags): 200 GET http://10.180.1.21/compute/v2.1/servers/0f089c7f-cc99-48d0-ad4e-e6326aaeb7a5/tags 0.184s
2025-04-15 20:13:24.399 70986 INFO tempest.lib.common.rest_client [req-8801897d-398a-4b55-92aa-3b10b0abee07 req-8801897d-398a-4b55-92aa-3b10b0abee07 ] Request (ServerActionsV293TestJSON:setUpClass): 200 GET http://10.180.1.21/compute/v2.1/servers/3c6d0f90-5a27-4e06-a4ac-ec5a1ce7bf89 0.420s
2025-04-15 20:13:24.409 70986 INFO tempest.common.waiters [-] State transition "BUILD/networking" ==> "BUILD/block_device_mapping" after 71 second wait
2025-04-15 20:13:24.446 70944 INFO tempest.lib.common.rest_client [req-fcca7a6f-ae2d-450b-97f4-699b000b230d req-fcca7a6f-ae2d-450b-97f4-699b000b230d ] Request (FloatingIPsAssociationTestJSON:test_associate_already_associated_floating_ip): 200 GET http://10.180.1.21/compute/v2.1/servers/564fbf12-311d-4fd5-b1f5-b13349652a11 0.233s
2025-04-15 20:13:24.448 70984 INFO tempest.lib.common.rest_client [req-7b20aa00-dce7-41e8-933d-f39ec8c0ca1e req-7b20aa00-dce7-41e8-933d-f39ec8c0ca1e ] Request (ServerActionsTestOtherB:test_create_backup): 200 GET http://10.180.1.21/compute/v2.1/servers/265f116d-1cdf-4201-a90e-6a3cb4ea8ece 0.284s
2025-04-15 20:13:24.455 70984 INFO tempest.common.waiters [-] State transition "ACTIVE/image_uploading" ==> "ACTIVE/None" after 18 second wait
2025-04-15 20:13:24.481 70984 INFO tempest.lib.common.rest_client [req-439d12e2-43dd-49ad-9a71-1b6002c78b4b req-439d12e2-43dd-49ad-9a71-1b6002c78b4b ] Request (ServerActionsTestOtherB:test_create_backup): 200 GET http://10.180.1.21/image/v2/images/e91f97a6-d4ac-493b-a075-01773a5eccae 0.025s
2025-04-15 20:13:24.499 70988 INFO tempest.lib.common.rest_client [req-418b52cb-aec2-42c1-bf10-ce11c8331ea0 req-418b52cb-aec2-42c1-bf10-ce11c8331ea0 ] Request (ServerGroupTestJSON:_run_cleanups): 200 GET http://10.180.1.21/compute/v2.1/servers/7944d0ce-f048-4566-a93f-fbf3327b8297 0.232s
2025-04-15 20:13:24.550 70940 INFO tempest.lib.common.rest_client [req-7687ffe9-3870-447d-8205-3f91ae78bb59 req-7687ffe9-3870-447d-8205-3f91ae78bb59 ] Request (VolumesAdminNegativeTest:test_update_attached_volume_with_nonexistent_volume_in_body): 200 GET http://10.180.1.21/compute/v2.1/servers/53c8d62a-6a62-4656-88e1-e27c6034d082 0.228s
2025-04-15 20:13:24.574 70962 INFO tempest.lib.common.rest_client [req-7312f816-1544-4f99-9973-b339bfa4f012 req-7312f816-1544-4f99-9973-b339bfa4f012 ] Request (SecurityGroupsTestJSON:test_server_security_groups): 200 GET http://10.180.1.21/compute/v2.1/servers/dfd7bf2f-a2c0-4508-9719-675d47bd3de1 0.356s
2025-04-15 20:13:24.598 70948 INFO tempest.lib.common.rest_client [req-a171cc8d-994c-4a10-8988-c794e47e67d3 req-a171cc8d-994c-4a10-8988-c794e47e67d3 ] Request (ServerTagsTestJSON:_run_cleanups): 204 DELETE http://10.180.1.21/compute/v2.1/servers/0f089c7f-cc99-48d0-ad4e-e6326aaeb7a5/tags 0.266s
2025-04-15 20:13:24.627 70942 INFO tempest.lib.common.rest_client [req-4cd56e5a-b2aa-435d-bcc8-c9c2cf3bb670 req-4cd56e5a-b2aa-435d-bcc8-c9c2cf3bb670 ] Request (AttachInterfacesUnderV243Test:test_add_remove_fixed_ip): 200 GET http://10.180.1.21/compute/v2.1/servers/6184f1ff-39d2-4bf3-8362-08468e600de9 0.250s
2025-04-15 20:13:24.644 70966 INFO tempest.lib.common.rest_client [req-1f31ad03-861a-428c-b21b-6fe8811fec45 req-1f31ad03-861a-428c-b21b-6fe8811fec45 ] Request (ServerRescueNegativeTestJSON:test_rescued_vm_detach_volume): 200 GET http://10.180.1.21/compute/v2.1/servers/3f866d70-dbec-4b20-a478-6d970447cea5 0.152s
2025-04-15 20:13:24.685 71000 INFO tempest.lib.common.rest_client [req-7b090337-d650-49fd-8b63-816d81066198 req-7b090337-d650-49fd-8b63-816d81066198 ] Request (ServerDiagnosticsTest:tearDownClass): 200 GET http://10.180.1.21/compute/v2.1/servers/dcb49fa9-5348-4a65-a377-1fdf86173293 0.132s
2025-04-15 20:13:24.694 70948 INFO tempest.lib.common.rest_client [req-f2b09016-cca9-4d55-b14c-4f8d59e57b33 req-f2b09016-cca9-4d55-b14c-4f8d59e57b33 ] Request (ServerTagsTestJSON:test_update_all_tags): 201 PUT http://10.180.1.21/compute/v2.1/servers/0f089c7f-cc99-48d0-ad4e-e6326aaeb7a5/tags/tempest-tag-369900226 0.094s
2025-04-15 20:13:24.721 70994 INFO tempest.lib.common.rest_client [req-38f5f4f2-434f-4a80-83da-84af9aeb1d4b req-38f5f4f2-434f-4a80-83da-84af9aeb1d4b ] Request (ListImageFiltersTestJSON:setUpClass): 200 GET http://10.180.1.21/compute/v2.1/images/2d3f2dbf-bf30-4a72-ac60-795cceab9f4d 0.099s
2025-04-15 20:13:24.739 70964 INFO tempest.lib.common.rest_client [req-79ad6405-9db4-47ce-918c-47cba6d212f8 req-79ad6405-9db4-47ce-918c-47cba6d212f8 ] Request (ServersAdminTestJSON:test_create_server_with_scheduling_hint): 200 GET http://10.180.1.21/compute/v2.1/servers/7521efba-e1a0-43ef-9d28-f91158a2541a 0.050s
2025-04-15 20:13:24.771 70948 INFO tempest.lib.common.rest_client [req-b8a831ff-3d9d-40b3-b502-18aaf06a6c67 req-b8a831ff-3d9d-40b3-b502-18aaf06a6c67 ] Request (ServerTagsTestJSON:test_update_all_tags): 201 PUT http://10.180.1.21/compute/v2.1/servers/0f089c7f-cc99-48d0-ad4e-e6326aaeb7a5/tags/tempest-tag-1517693104 0.076s
2025-04-15 20:13:24.794 70956 INFO tempest.lib.common.rest_client [req-7e263239-356c-47b2-a612-5c23d14c8354 req-7e263239-356c-47b2-a612-5c23d14c8354 ] Request (ServerPasswordTestJSON:setUpClass): 200 GET http://10.180.1.21/compute/v2.1/servers/c017cae6-1944-4b86-ac91-48702e470dfc 0.047s
2025-04-15 20:13:24.816 70948 INFO tempest.lib.common.rest_client [req-2a7a3d16-6c77-45a2-94dc-d673d8e51bee req-2a7a3d16-6c77-45a2-94dc-d673d8e51bee ] Request (ServerTagsTestJSON:test_update_all_tags): 200 PUT http://10.180.1.21/compute/v2.1/servers/0f089c7f-cc99-48d0-ad4e-e6326aaeb7a5/tags 0.044s
2025-04-15 20:13:24.833 70948 INFO tempest.lib.common.rest_client [req-f1c395bc-7c8e-48b0-8152-6d666360481d req-f1c395bc-7c8e-48b0-8152-6d666360481d ] Request (ServerTagsTestJSON:test_update_all_tags): 200 GET http://10.180.1.21/compute/v2.1/servers/0f089c7f-cc99-48d0-ad4e-e6326aaeb7a5/tags 0.016s
2025-04-15 20:13:24.876 70950 INFO tempest.lib.common.rest_client [req-f847032b-8abd-47ec-a9ec-98d3d41ed251 req-f847032b-8abd-47ec-a9ec-98d3d41ed251 ] Request (ServersWithSpecificFlavorTestJSON:test_verify_created_server_ephemeral_disk): 200 GET http://10.180.1.21/compute/v2.1/servers/e7c32bb6-4dee-49b0-be18-54a34bc2aa0a 0.050s
2025-04-15 20:13:24.877 70948 INFO tempest.lib.common.rest_client [req-433f0097-c63f-4536-8625-1a940b7ace8a req-433f0097-c63f-4536-8625-1a940b7ace8a ] Request (ServerTagsTestJSON:_run_cleanups): 204 DELETE http://10.180.1.21/compute/v2.1/servers/0f089c7f-cc99-48d0-ad4e-e6326aaeb7a5/tags 0.043s
2025-04-15 20:13:24.945 70978 INFO tempest.lib.common.rest_client [req-b7bdb205-103a-407d-be22-7041b27f53cc req-b7bdb205-103a-407d-be22-7041b27f53cc ] Request (ServersAdminNegativeTestJSON:tearDownClass): 200 GET http://10.180.1.21/compute/v2.1/servers/f34b664a-979f-40f9-8189-57aa4c5b5b94 0.060s
2025-04-15 20:13:24.952 70978 INFO tempest.common.waiters [-] State transition "ACTIVE/deleting" ==> "DELETED/None" after 3 second wait
2025-04-15 20:13:24.954 70948 INFO tempest.lib.common.rest_client [req-1ec8596b-6eea-4f50-a8ba-7727b63373ba req-1ec8596b-6eea-4f50-a8ba-7727b63373ba ] Request (ServerTagsTestJSON:tearDownClass): 204 DELETE http://10.180.1.21/compute/v2.1/servers/0f089c7f-cc99-48d0-ad4e-e6326aaeb7a5 0.076s
2025-04-15 20:13:25.010 70960 INFO tempest.lib.common.rest_client [req-1fdd62bf-de83-4bc7-860b-89e1f047de82 req-1fdd62bf-de83-4bc7-860b-89e1f047de82 ] Request (DeleteServersAdminTestJSON:test_delete_server_while_in_error_state): 200 GET http://10.180.1.21/compute/v2.1/servers/966a3ad3-a18d-4e1b-905a-237256966ad9 0.061s
2025-04-15 20:13:25.096 70948 INFO tempest.lib.common.rest_client [req-5963424e-c678-4814-baf6-f87bb33ecea1 req-5963424e-c678-4814-baf6-f87bb33ecea1 ] Request (ServerTagsTestJSON:tearDownClass): 200 GET http://10.180.1.21/compute/v2.1/servers/0f089c7f-cc99-48d0-ad4e-e6326aaeb7a5 0.141s
2025-04-15 20:13:25.148 70976 INFO tempest.lib.common.rest_client [req-492bd401-e5ef-49bb-966d-228ded183e78 req-492bd401-e5ef-49bb-966d-228ded183e78 ] Request (ListServerFiltersTestJSON:tearDownClass): 200 GET http://10.180.1.21/compute/v2.1/servers/d74fa746-ef23-4b52-a3e2-790a9b64f723 0.136s
2025-04-15 20:13:25.185 70938 INFO tempest.lib.common.rest_client [req-5bb6c993-47dd-452b-89b9-f2c69876136c req-5bb6c993-47dd-452b-89b9-f2c69876136c ] Request (ImagesNegativeTestJSON:test_create_image_from_deleted_server): 200 GET http://10.180.1.21/compute/v2.1/servers/4a66e727-8ebe-4e50-82d4-0033cfc9c43d 0.181s
2025-04-15 20:13:25.193 70938 INFO tempest.common.waiters [-] State transition "BUILD/spawning" ==> "ACTIVE/None" after 78 second wait
2025-04-15 20:13:25.201 70982 INFO tempest.lib.common.rest_client [req-3f03ba84-2fea-4428-8081-1a88b9ec942e req-3f03ba84-2fea-4428-8081-1a88b9ec942e ] Request (ImagesTestJSON:test_create_image_from_suspended_server): 200 GET http://10.180.1.21/compute/v2.1/servers/c9529c9f-d2f0-4816-a016-8e8e861f1068 0.150s
2025-04-15 20:13:25.242 70972 INFO tempest.lib.common.rest_client [req-c76c87be-b4c1-49e1-b6b8-1be0839c3c65 req-c76c87be-b4c1-49e1-b6b8-1be0839c3c65 ] Request (ListServersNegativeTestJSON:setUpClass): 200 GET http://10.180.1.21/compute/v2.1/servers/18c63efb-6b85-4802-af43-955db8bb3fd0 0.179s
2025-04-15 20:13:25.263 70952 INFO tempest.lib.common.rest_client [req-09a6aa39-c72b-4fa2-b4a3-c5139a91a408 req-09a6aa39-c72b-4fa2-b4a3-c5139a91a408 ] Request (VolumesAssistedSnapshotsTest:tearDownClass): 200 GET http://10.180.1.21/compute/v2.1/servers/1c255f61-e275-4b91-a75a-29ff39f15553 0.157s
2025-04-15 20:13:25.301 70990 INFO tempest.lib.common.rest_client [req-beae6af4-7620-4a37-94ee-b28dee6f5760 req-beae6af4-7620-4a37-94ee-b28dee6f5760 ] Request (ServerDiskConfigTestJSON:test_resize_server_from_auto_to_manual): 200 GET http://10.180.1.21/compute/v2.1/servers/cae8ad8e-ae95-4d27-9379-e1aa64db3916 0.194s
2025-04-15 20:13:25.326 70958 INFO tempest.lib.common.rest_client [req-bd6bc684-a2a1-4e01-b3b9-ececba431eb9 req-bd6bc684-a2a1-4e01-b3b9-ececba431eb9 ] Request (AttachInterfacesV270Test:tearDownClass): 200 GET http://10.180.1.21/compute/v2.1/servers/eecfa11b-9b4c-4f66-b092-04258a2a379e 0.156s
2025-04-15 20:13:25.407 70997 INFO tempest.lib.common.rest_client [req-f1c68a87-a857-45cb-aaa8-2725cfc02a26 req-f1c68a87-a857-45cb-aaa8-2725cfc02a26 ] Request (ServerRescueTestJSONUnderV235:setUpClass): 200 GET http://10.180.1.21/compute/v2.1/servers/7eeadfd6-9b43-442f-a8ff-e46819987e49 0.198s
2025-04-15 20:13:25.450 70938 INFO tempest.lib.common.rest_client [req-baf2cfd9-8a68-46c0-954b-d324560a0427 req-baf2cfd9-8a68-46c0-954b-d324560a0427 ] Request (ImagesNegativeTestJSON:test_create_image_from_deleted_server): 204 DELETE http://10.180.1.21/compute/v2.1/servers/4a66e727-8ebe-4e50-82d4-0033cfc9c43d 0.256s
2025-04-15 20:13:25.494 70984 INFO tempest.lib.common.rest_client [req-0d12b4ed-9c71-4d67-9170-7a04147a0e27 req-0d12b4ed-9c71-4d67-9170-7a04147a0e27 ] Request (ServerActionsTestOtherB:test_create_backup): 404 GET http://10.180.1.21/image/v2/images/e91f97a6-d4ac-493b-a075-01773a5eccae 0.013s
2025-04-15 20:13:25.514 70980 INFO tempest.lib.common.rest_client [req-c5cdc4e0-ef35-4185-ad35-bb50611f72be req-c5cdc4e0-ef35-4185-ad35-bb50611f72be ] Request (MigrationsAdminTest:test_resize_server_revert_deleted_flavor): 200 GET http://10.180.1.21/compute/v2.1/servers/06883e8b-247a-4ba2-b0ae-6b7a917550f5 0.232s
2025-04-15 20:13:25.514 70954 INFO tempest.lib.common.rest_client [req-4c398d64-dd60-4da3-b925-4f4ae2eae784 req-4c398d64-dd60-4da3-b925-4f4ae2eae784 ] Request (ServerExternalEventsTest:tearDownClass): 200 GET http://10.180.1.21/compute/v2.1/servers/1bb5d018-b47b-4876-8a85-7fbeba6485d8 0.238s
2025-04-15 20:13:25.525 70984 INFO tempest.lib.common.rest_client [req-59f2cd06-f129-40b7-839c-141aacd924f0 req-59f2cd06-f129-40b7-839c-141aacd924f0 ] Request (ServerActionsTestOtherB:test_create_backup): 200 GET http://10.180.1.21/image/v2/images?status=active&sort_key=created_at&sort_dir=asc&image_type=backup&backup_type=daily&instance_uuid=265f116d-1cdf-4201-a90e-6a3cb4ea8ece 0.030s
2025-04-15 20:13:25.572 70974 INFO tempest.lib.common.rest_client [req-c4311bb3-1f1f-4c15-a709-fcdd8b21a70f req-c4311bb3-1f1f-4c15-a709-fcdd8b21a70f ] Request (AttachInterfacesTestJSON:test_create_list_show_delete_interfaces_by_fixed_ip): 200 GET http://10.180.1.21/compute/v2.1/servers/02863b15-5897-41e5-b86c-31ef4a98f2cc 0.244s
2025-04-15 20:13:25.678 70938 INFO tempest.lib.common.rest_client [req-cbc3168e-00f1-4bc7-bdde-e61eae23c467 req-cbc3168e-00f1-4bc7-bdde-e61eae23c467 ] Request (ImagesNegativeTestJSON:test_create_image_from_deleted_server): 200 GET http://10.180.1.21/compute/v2.1/servers/4a66e727-8ebe-4e50-82d4-0033cfc9c43d 0.227s
2025-04-15 20:13:25.685 70986 INFO tempest.lib.common.rest_client [req-5c6b19d7-6c47-453d-bff5-7d33d51a52e5 req-5c6b19d7-6c47-453d-bff5-7d33d51a52e5 ] Request (ServerActionsV293TestJSON:setUpClass): 200 GET http://10.180.1.21/compute/v2.1/servers/3c6d0f90-5a27-4e06-a4ac-ec5a1ce7bf89 0.274s
2025-04-15 20:13:25.733 70944 INFO tempest.lib.common.rest_client [req-c1b7ce76-cf84-44c1-b083-d7cc508ba723 req-c1b7ce76-cf84-44c1-b083-d7cc508ba723 ] Request (FloatingIPsAssociationTestJSON:test_associate_already_associated_floating_ip): 200 GET http://10.180.1.21/compute/v2.1/servers/564fbf12-311d-4fd5-b1f5-b13349652a11 0.277s
2025-04-15 20:13:25.740 70988 INFO tempest.lib.common.rest_client [req-1bac41f0-69cf-4252-8611-9fbf0d9802ca req-1bac41f0-69cf-4252-8611-9fbf0d9802ca ] Request (ServerGroupTestJSON:_run_cleanups): 200 GET http://10.180.1.21/compute/v2.1/servers/7944d0ce-f048-4566-a93f-fbf3327b8297 0.232s
2025-04-15 20:13:25.795 70940 INFO tempest.lib.common.rest_client [req-b498aae8-9c3f-4ed7-b180-dcb65ba927ec req-b498aae8-9c3f-4ed7-b180-dcb65ba927ec ] Request (VolumesAdminNegativeTest:test_update_attached_volume_with_nonexistent_volume_in_body): 200 GET http://10.180.1.21/compute/v2.1/servers/53c8d62a-6a62-4656-88e1-e27c6034d082 0.235s
2025-04-15 20:13:25.827 70984 INFO tempest.lib.common.rest_client [req-deca9ca3-c164-4078-8e0b-f23ec405aed1 req-deca9ca3-c164-4078-8e0b-f23ec405aed1 ] Request (ServerActionsTestOtherB:tearDown): 200 GET http://10.180.1.21/compute/v2.1/servers/265f116d-1cdf-4201-a90e-6a3cb4ea8ece 0.301s
2025-04-15 20:13:25.874 70942 INFO tempest.lib.common.rest_client [req-a86b1ff8-026e-4580-afd4-bfdb20c4c9ce req-a86b1ff8-026e-4580-afd4-bfdb20c4c9ce ] Request (AttachInterfacesUnderV243Test:test_add_remove_fixed_ip): 200 GET http://10.180.1.21/compute/v2.1/servers/6184f1ff-39d2-4bf3-8362-08468e600de9 0.238s
2025-04-15 20:13:25.926 70966 INFO tempest.lib.common.rest_client [req-c4011db6-1259-43ba-980b-bdb3b4bf114f req-c4011db6-1259-43ba-980b-bdb3b4bf114f ] Request (ServerRescueNegativeTestJSON:test_rescued_vm_detach_volume): 200 GET http://10.180.1.21/compute/v2.1/servers/3f866d70-dbec-4b20-a478-6d970447cea5 0.276s
2025-04-15 20:13:25.949 70984 INFO tempest.lib.common.rest_client [req-09a8ad4b-c7fe-4373-985c-d981d0bdb27e req-09a8ad4b-c7fe-4373-985c-d981d0bdb27e ] Request (ServerActionsTestOtherB:_run_cleanups): 204 DELETE http://10.180.1.21/image/v2/images/25fc348c-c386-475c-8081-ed38d2cc2f84 0.114s
2025-04-15 20:13:25.992 71000 INFO tempest.lib.common.rest_client [req-9f59619d-dc8e-4dcb-a430-a651ef834964 req-9f59619d-dc8e-4dcb-a430-a651ef834964 ] Request (ServerDiagnosticsTest:tearDownClass): 200 GET http://10.180.1.21/compute/v2.1/servers/dcb49fa9-5348-4a65-a377-1fdf86173293 0.299s
2025-04-15 20:13:26.019 70962 INFO tempest.lib.common.rest_client [req-0a5f57ed-dd1e-4f45-abaa-0dc64071cb10 req-0a5f57ed-dd1e-4f45-abaa-0dc64071cb10 ] Request (SecurityGroupsTestJSON:test_server_security_groups): 200 GET http://10.180.1.21/compute/v2.1/servers/dfd7bf2f-a2c0-4508-9719-675d47bd3de1 0.436s
2025-04-15 20:13:26.047 70984 INFO tempest.lib.common.rest_client [req-64533329-c24d-4ba2-84fc-2825e60ebbe3 req-64533329-c24d-4ba2-84fc-2825e60ebbe3 ] Request (ServerActionsTestOtherB:_run_cleanups): 204 DELETE http://10.180.1.21/image/v2/images/5755da46-9061-4dab-b944-56ef6e363d38 0.098s
2025-04-15 20:13:26.077 70994 INFO tempest.lib.common.rest_client [req-669db28b-ae30-4b93-b249-3c45f3b29dd5 req-669db28b-ae30-4b93-b249-3c45f3b29dd5 ] Request (ListImageFiltersTestJSON:setUpClass): 200 GET http://10.180.1.21/compute/v2.1/images/2d3f2dbf-bf30-4a72-ac60-795cceab9f4d 0.350s
2025-04-15 20:13:26.082 70964 INFO tempest.lib.common.rest_client [req-042ee796-e958-4dd7-9db7-725f4e3f7ac6 req-042ee796-e958-4dd7-9db7-725f4e3f7ac6 ] Request (ServersAdminTestJSON:test_create_server_with_scheduling_hint): 200 GET http://10.180.1.21/compute/v2.1/servers/7521efba-e1a0-43ef-9d28-f91158a2541a 0.334s
2025-04-15 20:13:26.128 70956 INFO tempest.lib.common.rest_client [req-37a0358e-ae6b-49dd-bbf1-95bceeaf90ed req-37a0358e-ae6b-49dd-bbf1-95bceeaf90ed ] Request (ServerPasswordTestJSON:setUpClass): 200 GET http://10.180.1.21/compute/v2.1/servers/c017cae6-1944-4b86-ac91-48702e470dfc 0.326s
2025-04-15 20:13:26.130 70950 INFO tempest.lib.common.rest_client [req-237487a9-f33d-404f-813b-7d3f14039864 req-237487a9-f33d-404f-813b-7d3f14039864 ] Request (ServersWithSpecificFlavorTestJSON:test_verify_created_server_ephemeral_disk): 200 GET http://10.180.1.21/compute/v2.1/servers/e7c32bb6-4dee-49b0-be18-54a34bc2aa0a 0.245s
2025-04-15 20:13:26.188 70960 INFO tempest.lib.common.rest_client [req-263d00be-318f-4601-b5cc-de5cf3642782 req-263d00be-318f-4601-b5cc-de5cf3642782 ] Request (DeleteServersAdminTestJSON:test_delete_server_while_in_error_state): 200 GET http://10.180.1.21/compute/v2.1/servers/966a3ad3-a18d-4e1b-905a-237256966ad9 0.170s
2025-04-15 20:13:26.196 70978 INFO tempest.lib.common.rest_client [req-72a85d86-afd1-4929-917f-bc72f5239cfb req-72a85d86-afd1-4929-917f-bc72f5239cfb ] Request (ServersAdminNegativeTestJSON:tearDownClass): 200 GET http://10.180.1.21/compute/v2.1/servers/f34b664a-979f-40f9-8189-57aa4c5b5b94 0.244s
2025-04-15 20:13:26.282 70984 INFO tempest.lib.common.rest_client [req-0f415380-114a-4f20-9e00-70fb336491ae req-0f415380-114a-4f20-9e00-70fb336491ae ] Request (ServerActionsTestOtherB:setUp): 200 GET http://10.180.1.21/compute/v2.1/servers/265f116d-1cdf-4201-a90e-6a3cb4ea8ece 0.233s
2025-04-15 20:13:26.290 70948 INFO tempest.lib.common.rest_client [req-90849deb-faf3-4ec7-8cce-8290c4918dcd req-90849deb-faf3-4ec7-8cce-8290c4918dcd ] Request (ServerTagsTestJSON:tearDownClass): 200 GET http://10.180.1.21/compute/v2.1/servers/0f089c7f-cc99-48d0-ad4e-e6326aaeb7a5 0.185s
2025-04-15 20:13:26.335 70982 INFO tempest.lib.common.rest_client [req-c3accde0-34a2-4ffb-b60a-1778313221c0 req-c3accde0-34a2-4ffb-b60a-1778313221c0 ] Request (ImagesTestJSON:test_create_image_from_suspended_server): 200 GET http://10.180.1.21/compute/v2.1/servers/c9529c9f-d2f0-4816-a016-8e8e861f1068 0.126s
2025-04-15 20:13:26.340 70976 INFO tempest.lib.common.rest_client [req-4e6eeb76-0f37-4ea7-93e5-65227ba0fed2 req-4e6eeb76-0f37-4ea7-93e5-65227ba0fed2 ] Request (ListServerFiltersTestJSON:tearDownClass): 200 GET http://10.180.1.21/compute/v2.1/servers/d74fa746-ef23-4b52-a3e2-790a9b64f723 0.183s
2025-04-15 20:13:26.384 70972 INFO tempest.lib.common.rest_client [req-6c743781-2dd0-4704-a53b-e76ce7e4e40a req-6c743781-2dd0-4704-a53b-e76ce7e4e40a ] Request (ListServersNegativeTestJSON:setUpClass): 200 GET http://10.180.1.21/compute/v2.1/servers/18c63efb-6b85-4802-af43-955db8bb3fd0 0.133s
2025-04-15 20:13:26.399 70952 INFO tempest.lib.common.rest_client [req-5fe7cec1-5616-475e-989d-8e1e1ef9b492 req-5fe7cec1-5616-475e-989d-8e1e1ef9b492 ] Request (VolumesAssistedSnapshotsTest:tearDownClass): 200 GET http://10.180.1.21/compute/v2.1/servers/1c255f61-e275-4b91-a75a-29ff39f15553 0.126s
2025-04-15 20:13:26.464 70990 INFO tempest.lib.common.rest_client [req-549e6f49-d345-4cd6-96d1-c4cc9e911a46 req-549e6f49-d345-4cd6-96d1-c4cc9e911a46 ] Request (ServerDiskConfigTestJSON:test_resize_server_from_auto_to_manual): 200 GET http://10.180.1.21/compute/v2.1/servers/cae8ad8e-ae95-4d27-9379-e1aa64db3916 0.147s
2025-04-15 20:13:26.487 70984 INFO tempest.lib.common.rest_client [req-629d3d46-3f96-49d1-8761-0e24fcbe8c31 req-629d3d46-3f96-49d1-8761-0e24fcbe8c31 ] Request (ServerActionsTestOtherB:tearDown): 200 GET http://10.180.1.21/compute/v2.1/servers/265f116d-1cdf-4201-a90e-6a3cb4ea8ece 0.197s
2025-04-15 20:13:26.536 70958 INFO tempest.lib.common.rest_client [req-ba8a0f5f-3353-4c0c-827a-130f75d374d3 req-ba8a0f5f-3353-4c0c-827a-130f75d374d3 ] Request (AttachInterfacesV270Test:tearDownClass): 200 GET http://10.180.1.21/compute/v2.1/servers/eecfa11b-9b4c-4f66-b092-04258a2a379e 0.196s
2025-04-15 20:13:26.545 70997 INFO tempest.lib.common.rest_client [req-4217d0f0-6680-4da2-97e2-c419f32938ec req-4217d0f0-6680-4da2-97e2-c419f32938ec ] Request (ServerRescueTestJSONUnderV235:setUpClass): 200 GET http://10.180.1.21/compute/v2.1/servers/7eeadfd6-9b43-442f-a8ff-e46819987e49 0.128s
2025-04-15 20:13:26.600 70980 INFO tempest.lib.common.rest_client [req-8d002052-43f9-4b80-ad80-88677ce476d4 req-8d002052-43f9-4b80-ad80-88677ce476d4 ] Request (MigrationsAdminTest:test_resize_server_revert_deleted_flavor): 200 GET http://10.180.1.21/compute/v2.1/servers/06883e8b-247a-4ba2-b0ae-6b7a917550f5 0.076s
2025-04-15 20:13:26.660 70954 INFO tempest.lib.common.rest_client [req-cb99d5e3-95d8-4f2c-abbf-9e09f52d7385 req-cb99d5e3-95d8-4f2c-abbf-9e09f52d7385 ] Request (ServerExternalEventsTest:tearDownClass): 200 GET http://10.180.1.21/compute/v2.1/servers/1bb5d018-b47b-4876-8a85-7fbeba6485d8 0.138s
2025-04-15 20:13:26.700 70984 INFO tempest.lib.common.rest_client [req-2912f6f7-70db-42cd-b595-89a1f92e6f49 req-2912f6f7-70db-42cd-b595-89a1f92e6f49 ] Request (ServerActionsTestOtherB:setUp): 200 GET http://10.180.1.21/compute/v2.1/servers/265f116d-1cdf-4201-a90e-6a3cb4ea8ece 0.204s
2025-04-15 20:13:26.717 70974 INFO tempest.lib.common.rest_client [req-42452bb8-8733-4fd1-b65f-ff84f3386829 req-42452bb8-8733-4fd1-b65f-ff84f3386829 ] Request (AttachInterfacesTestJSON:test_create_list_show_delete_interfaces_by_fixed_ip): 200 GET http://10.180.1.21/compute/v2.1/servers/02863b15-5897-41e5-b86c-31ef4a98f2cc 0.135s
2025-04-15 20:13:26.814 70986 INFO tempest.lib.common.rest_client [req-28af4409-bb60-4c99-9c61-9ca40b4f7d94 req-28af4409-bb60-4c99-9c61-9ca40b4f7d94 ] Request (ServerActionsV293TestJSON:setUpClass): 200 GET http://10.180.1.21/compute/v2.1/servers/3c6d0f90-5a27-4e06-a4ac-ec5a1ce7bf89 0.116s
2025-04-15 20:13:26.825 70986 INFO tempest.common.waiters [-] State transition "BUILD/block_device_mapping" ==> "BUILD/spawning" after 73 second wait
2025-04-15 20:13:26.829 70938 INFO tempest.lib.common.rest_client [req-732fa2f4-403b-41cb-8f25-6a2e57043715 req-732fa2f4-403b-41cb-8f25-6a2e57043715 ] Request (ImagesNegativeTestJSON:test_create_image_from_deleted_server): 200 GET http://10.180.1.21/compute/v2.1/servers/4a66e727-8ebe-4e50-82d4-0033cfc9c43d 0.142s
2025-04-15 20:13:26.875 70944 INFO tempest.lib.common.rest_client [req-6874db95-debd-4b27-a0df-423ddf5172cd req-6874db95-debd-4b27-a0df-423ddf5172cd ] Request (FloatingIPsAssociationTestJSON:test_associate_already_associated_floating_ip): 200 GET http://10.180.1.21/compute/v2.1/servers/564fbf12-311d-4fd5-b1f5-b13349652a11 0.134s
2025-04-15 20:13:26.884 70984 INFO tempest.lib.common.rest_client [req-47e13b29-10cd-49f9-86fa-fc087d09400a req-47e13b29-10cd-49f9-86fa-fc087d09400a ] Request (ServerActionsTestOtherB:test_resize_server_confirm_from_stopped): 202 POST http://10.180.1.21/compute/v2.1/servers/265f116d-1cdf-4201-a90e-6a3cb4ea8ece/action 0.175s
2025-04-15 20:13:26.942 70988 INFO tempest.lib.common.rest_client [req-3229559b-ec50-4bad-bb00-b16c46ee17c6 req-3229559b-ec50-4bad-bb00-b16c46ee17c6 ] Request (ServerGroupTestJSON:_run_cleanups): 200 GET http://10.180.1.21/compute/v2.1/servers/7944d0ce-f048-4566-a93f-fbf3327b8297 0.194s
2025-04-15 20:13:26.950 70940 INFO tempest.lib.common.rest_client [req-32c3f5ef-c07e-49f2-99d3-8df4c2a49ee7 req-32c3f5ef-c07e-49f2-99d3-8df4c2a49ee7 ] Request (VolumesAdminNegativeTest:test_update_attached_volume_with_nonexistent_volume_in_body): 200 GET http://10.180.1.21/compute/v2.1/servers/53c8d62a-6a62-4656-88e1-e27c6034d082 0.147s
2025-04-15 20:13:26.989 70942 INFO tempest.lib.common.rest_client [req-5b139a03-ac34-492b-9b68-9e6dc84e3210 req-5b139a03-ac34-492b-9b68-9e6dc84e3210 ] Request (AttachInterfacesUnderV243Test:test_add_remove_fixed_ip): 200 GET http://10.180.1.21/compute/v2.1/servers/6184f1ff-39d2-4bf3-8362-08468e600de9 0.106s
2025-04-15 20:13:26.996 70942 INFO tempest.common.waiters [-] State transition "BUILD/None" ==> "BUILD/networking" after 68 second wait
2025-04-15 20:13:27.034 70966 INFO tempest.lib.common.rest_client [req-0caae886-473c-4b0e-bd10-67858dba1a17 req-0caae886-473c-4b0e-bd10-67858dba1a17 ] Request (ServerRescueNegativeTestJSON:test_rescued_vm_detach_volume): 200 GET http://10.180.1.21/compute/v2.1/servers/3f866d70-dbec-4b20-a478-6d970447cea5 0.098s
2025-04-15 20:13:27.039 70984 INFO tempest.lib.common.rest_client [req-7221408f-1f9e-412d-91fa-239b25c07485 req-7221408f-1f9e-412d-91fa-239b25c07485 ] Request (ServerActionsTestOtherB:test_resize_server_confirm_from_stopped): 200 GET http://10.180.1.21/compute/v2.1/servers/265f116d-1cdf-4201-a90e-6a3cb4ea8ece 0.154s
2025-04-15 20:13:27.099 71000 INFO tempest.lib.common.rest_client [req-d8b8b683-8fd9-4772-9eaa-9cc275e3083a req-d8b8b683-8fd9-4772-9eaa-9cc275e3083a ] Request (ServerDiagnosticsTest:tearDownClass): 200 GET http://10.180.1.21/compute/v2.1/servers/dcb49fa9-5348-4a65-a377-1fdf86173293 0.095s
2025-04-15 20:13:27.138 70994 INFO tempest.lib.common.rest_client [req-f78ae2af-9463-4d99-b7d8-c591154fa093 req-f78ae2af-9463-4d99-b7d8-c591154fa093 ] Request (ListImageFiltersTestJSON:setUpClass): 200 GET http://10.180.1.21/compute/v2.1/images/2d3f2dbf-bf30-4a72-ac60-795cceab9f4d 0.056s
2025-04-15 20:13:27.140 70962 INFO tempest.lib.common.rest_client [req-5230d649-027e-46d6-b98e-4f9680bcb11f req-5230d649-027e-46d6-b98e-4f9680bcb11f ] Request (SecurityGroupsTestJSON:test_server_security_groups): 200 GET http://10.180.1.21/compute/v2.1/servers/dfd7bf2f-a2c0-4508-9719-675d47bd3de1 0.114s
2025-04-15 20:13:27.148 70962 INFO tempest.common.waiters [-] State transition "HARD_REBOOT/rebooting_hard" ==> "HARD_REBOOT/reboot_pending_hard" after 3 second wait
2025-04-15 20:13:27.205 70964 INFO tempest.lib.common.rest_client [req-a72038d4-2771-47c7-b910-8659a430c74a req-a72038d4-2771-47c7-b910-8659a430c74a ] Request (ServersAdminTestJSON:test_create_server_with_scheduling_hint): 200 GET http://10.180.1.21/compute/v2.1/servers/7521efba-e1a0-43ef-9d28-f91158a2541a 0.115s
2025-04-15 20:13:27.278 70950 INFO tempest.lib.common.rest_client [req-e1d3d901-1a93-4746-9643-a52405ea99d8 req-e1d3d901-1a93-4746-9643-a52405ea99d8 ] Request (ServersWithSpecificFlavorTestJSON:test_verify_created_server_ephemeral_disk): 200 GET http://10.180.1.21/compute/v2.1/servers/e7c32bb6-4dee-49b0-be18-54a34bc2aa0a 0.139s
2025-04-15 20:13:27.358 70960 INFO tempest.lib.common.rest_client [req-921687a5-5bc7-4bd3-9faa-f31cfde9c4ce req-921687a5-5bc7-4bd3-9faa-f31cfde9c4ce ] Request (DeleteServersAdminTestJSON:test_delete_server_while_in_error_state): 200 GET http://10.180.1.21/compute/v2.1/servers/966a3ad3-a18d-4e1b-905a-237256966ad9 0.162s
2025-04-15 20:13:27.435 70978 INFO tempest.lib.common.rest_client [req-3f7b026f-8947-4391-8868-b39a738a7260 req-3f7b026f-8947-4391-8868-b39a738a7260 ] Request (ServersAdminNegativeTestJSON:tearDownClass): 200 GET http://10.180.1.21/compute/v2.1/servers/f34b664a-979f-40f9-8189-57aa4c5b5b94 0.228s
2025-04-15 20:13:27.460 70956 INFO tempest.lib.common.rest_client [req-ef0e6a78-923d-41db-b967-c83ac16db1ca req-ef0e6a78-923d-41db-b967-c83ac16db1ca ] Request (ServerPasswordTestJSON:setUpClass): 200 GET http://10.180.1.21/compute/v2.1/servers/c017cae6-1944-4b86-ac91-48702e470dfc 0.324s
2025-04-15 20:13:27.507 70948 INFO tempest.lib.common.rest_client [req-fec01528-259b-4baf-9c25-07b281bf8641 req-fec01528-259b-4baf-9c25-07b281bf8641 ] Request (ServerTagsTestJSON:tearDownClass): 200 GET http://10.180.1.21/compute/v2.1/servers/0f089c7f-cc99-48d0-ad4e-e6326aaeb7a5 0.207s
2025-04-15 20:13:27.542 70982 INFO tempest.lib.common.rest_client [req-a30e26f4-0115-4391-81e4-6355fc298c61 req-a30e26f4-0115-4391-81e4-6355fc298c61 ] Request (ImagesTestJSON:test_create_image_from_suspended_server): 200 GET http://10.180.1.21/compute/v2.1/servers/c9529c9f-d2f0-4816-a016-8e8e861f1068 0.198s
2025-04-15 20:13:27.583 70976 INFO tempest.lib.common.rest_client [req-d61c91ef-05ae-4d08-8b8a-feb9c05112c8 req-d61c91ef-05ae-4d08-8b8a-feb9c05112c8 ] Request (ListServerFiltersTestJSON:tearDownClass): 200 GET http://10.180.1.21/compute/v2.1/servers/d74fa746-ef23-4b52-a3e2-790a9b64f723 0.233s
2025-04-15 20:13:27.622 70972 INFO tempest.lib.common.rest_client [req-e26fb06c-74df-4bd9-9786-877a2f120950 req-e26fb06c-74df-4bd9-9786-877a2f120950 ] Request (ListServersNegativeTestJSON:setUpClass): 200 GET http://10.180.1.21/compute/v2.1/servers/18c63efb-6b85-4802-af43-955db8bb3fd0 0.227s
2025-04-15 20:13:27.656 70952 INFO tempest.lib.common.rest_client [req-f975df38-1b77-4b98-a7c4-90465f6a31f8 req-f975df38-1b77-4b98-a7c4-90465f6a31f8 ] Request (VolumesAssistedSnapshotsTest:tearDownClass): 200 GET http://10.180.1.21/compute/v2.1/servers/1c255f61-e275-4b91-a75a-29ff39f15553 0.245s
2025-04-15 20:13:27.684 70990 INFO tempest.lib.common.rest_client [req-120dc010-4e23-4c67-a0dd-c1132eda2db0 req-120dc010-4e23-4c67-a0dd-c1132eda2db0 ] Request (ServerDiskConfigTestJSON:test_resize_server_from_auto_to_manual): 200 GET http://10.180.1.21/compute/v2.1/servers/cae8ad8e-ae95-4d27-9379-e1aa64db3916 0.210s
2025-04-15 20:13:27.719 70958 INFO tempest.lib.common.rest_client [req-d53ce8cf-ca78-45c8-9d21-6b9541cfb361 req-d53ce8cf-ca78-45c8-9d21-6b9541cfb361 ] Request (AttachInterfacesV270Test:tearDownClass): 200 GET http://10.180.1.21/compute/v2.1/servers/eecfa11b-9b4c-4f66-b092-04258a2a379e 0.166s
2025-04-15 20:13:27.739 70997 INFO tempest.lib.common.rest_client [req-ede3160a-2053-46db-bc59-5f0d858beed9 req-ede3160a-2053-46db-bc59-5f0d858beed9 ] Request (ServerRescueTestJSONUnderV235:setUpClass): 200 GET http://10.180.1.21/compute/v2.1/servers/7eeadfd6-9b43-442f-a8ff-e46819987e49 0.181s
2025-04-15 20:13:27.770 70980 INFO tempest.lib.common.rest_client [req-7c38fa0f-fc5b-422e-84cd-7c96e4f53ffc req-7c38fa0f-fc5b-422e-84cd-7c96e4f53ffc ] Request (MigrationsAdminTest:test_resize_server_revert_deleted_flavor): 200 GET http://10.180.1.21/compute/v2.1/servers/06883e8b-247a-4ba2-b0ae-6b7a917550f5 0.161s
2025-04-15 20:13:27.801 70954 INFO tempest.lib.common.rest_client [req-46da1d57-b6d3-42bc-ba25-b51758a899ea req-46da1d57-b6d3-42bc-ba25-b51758a899ea ] Request (ServerExternalEventsTest:tearDownClass): 200 GET http://10.180.1.21/compute/v2.1/servers/1bb5d018-b47b-4876-8a85-7fbeba6485d8 0.131s
2025-04-15 20:13:27.819 70974 INFO tempest.lib.common.rest_client [req-616a2bdc-a086-4e49-8689-940790075b00 req-616a2bdc-a086-4e49-8689-940790075b00 ] Request (AttachInterfacesTestJSON:test_create_list_show_delete_interfaces_by_fixed_ip): 200 GET http://10.180.1.21/compute/v2.1/servers/02863b15-5897-41e5-b86c-31ef4a98f2cc 0.094s
2025-04-15 20:13:27.912 70938 INFO tempest.lib.common.rest_client [req-3c147a12-db24-4845-afc2-051732f3c7e6 req-3c147a12-db24-4845-afc2-051732f3c7e6 ] Request (ImagesNegativeTestJSON:test_create_image_from_deleted_server): 200 GET http://10.180.1.21/compute/v2.1/servers/4a66e727-8ebe-4e50-82d4-0033cfc9c43d 0.075s
2025-04-15 20:13:27.945 70986 INFO tempest.lib.common.rest_client [req-59f50048-45bd-4097-a8f2-d9c425c226b8 req-59f50048-45bd-4097-a8f2-d9c425c226b8 ] Request (ServerActionsV293TestJSON:setUpClass): 200 GET http://10.180.1.21/compute/v2.1/servers/3c6d0f90-5a27-4e06-a4ac-ec5a1ce7bf89 0.119s
2025-04-15 20:13:27.972 70944 INFO tempest.lib.common.rest_client [req-eaa26a95-6f1e-49b6-9e35-626e93f42723 req-eaa26a95-6f1e-49b6-9e35-626e93f42723 ] Request (FloatingIPsAssociationTestJSON:test_associate_already_associated_floating_ip): 200 GET http://10.180.1.21/compute/v2.1/servers/564fbf12-311d-4fd5-b1f5-b13349652a11 0.089s
2025-04-15 20:13:28.013 70988 INFO tempest.lib.common.rest_client [req-e84dcdd7-cfa3-4de6-b97e-8efe48e9c5d1 req-e84dcdd7-cfa3-4de6-b97e-8efe48e9c5d1 ] Request (ServerGroupTestJSON:_run_cleanups): 200 GET http://10.180.1.21/compute/v2.1/servers/7944d0ce-f048-4566-a93f-fbf3327b8297 0.065s
2025-04-15 20:13:28.028 70940 INFO tempest.lib.common.rest_client [req-719dfc49-4c5f-4e8d-bd86-7114679fc920 req-719dfc49-4c5f-4e8d-bd86-7114679fc920 ] Request (VolumesAdminNegativeTest:test_update_attached_volume_with_nonexistent_volume_in_body): 200 GET http://10.180.1.21/compute/v2.1/servers/53c8d62a-6a62-4656-88e1-e27c6034d082 0.071s
2025-04-15 20:13:28.098 70966 INFO tempest.lib.common.rest_client [req-58df14d9-2f37-4e10-8e44-bb50c50a481b req-58df14d9-2f37-4e10-8e44-bb50c50a481b ] Request (ServerRescueNegativeTestJSON:test_rescued_vm_detach_volume): 200 GET http://10.180.1.21/compute/v2.1/servers/3f866d70-dbec-4b20-a478-6d970447cea5 0.056s
2025-04-15 20:13:28.147 70942 INFO tempest.lib.common.rest_client [req-fd65458f-1f63-4fc8-867a-398d8460c623 req-fd65458f-1f63-4fc8-867a-398d8460c623 ] Request (AttachInterfacesUnderV243Test:test_add_remove_fixed_ip): 200 GET http://10.180.1.21/compute/v2.1/servers/6184f1ff-39d2-4bf3-8362-08468e600de9 0.150s
2025-04-15 20:13:28.156 70942 INFO tempest.common.waiters [-] State transition "BUILD/networking" ==> "BUILD/block_device_mapping" after 70 second wait
2025-04-15 20:13:28.207 71000 INFO tempest.lib.common.rest_client [req-166c224f-3874-4316-9196-1d4323fb6a5e req-166c224f-3874-4316-9196-1d4323fb6a5e ] Request (ServerDiagnosticsTest:tearDownClass): 200 GET http://10.180.1.21/compute/v2.1/servers/dcb49fa9-5348-4a65-a377-1fdf86173293 0.099s
2025-04-15 20:13:28.237 70984 INFO tempest.lib.common.rest_client [req-bf376706-87d2-4bb5-9481-337349d1c7cd req-bf376706-87d2-4bb5-9481-337349d1c7cd ] Request (ServerActionsTestOtherB:test_resize_server_confirm_from_stopped): 200 GET http://10.180.1.21/compute/v2.1/servers/265f116d-1cdf-4201-a90e-6a3cb4ea8ece 0.191s
2025-04-15 20:13:28.245 70994 INFO tempest.lib.common.rest_client [req-837d9abe-d9e2-48d8-b799-0c97bfbe1a2b req-837d9abe-d9e2-48d8-b799-0c97bfbe1a2b ] Request (ListImageFiltersTestJSON:setUpClass): 200 GET http://10.180.1.21/compute/v2.1/images/2d3f2dbf-bf30-4a72-ac60-795cceab9f4d 0.103s
2025-04-15 20:13:28.300 70964 INFO tempest.lib.common.rest_client [req-6517860b-4952-47e7-b4e8-295443555513 req-6517860b-4952-47e7-b4e8-295443555513 ] Request (ServersAdminTestJSON:test_create_server_with_scheduling_hint): 200 GET http://10.180.1.21/compute/v2.1/servers/7521efba-e1a0-43ef-9d28-f91158a2541a 0.085s
2025-04-15 20:13:28.334 70962 INFO tempest.lib.common.rest_client [req-2717d72e-1370-4b16-b0b4-87f9e04ddf60 req-2717d72e-1370-4b16-b0b4-87f9e04ddf60 ] Request (SecurityGroupsTestJSON:test_server_security_groups): 200 GET http://10.180.1.21/compute/v2.1/servers/dfd7bf2f-a2c0-4508-9719-675d47bd3de1 0.183s
2025-04-15 20:13:28.341 70962 INFO tempest.common.waiters [-] State transition "HARD_REBOOT/reboot_pending_hard" ==> "ACTIVE/None" after 4 second wait
2025-04-15 20:13:28.350 70950 INFO tempest.lib.common.rest_client [req-25689be9-45f8-4d22-a84a-24716ebdba9d req-25689be9-45f8-4d22-a84a-24716ebdba9d ] Request (ServersWithSpecificFlavorTestJSON:test_verify_created_server_ephemeral_disk): 200 GET http://10.180.1.21/compute/v2.1/servers/e7c32bb6-4dee-49b0-be18-54a34bc2aa0a 0.063s
2025-04-15 20:13:28.433 70960 INFO tempest.lib.common.rest_client [req-dc46ad6a-a162-4c02-b7e5-162fda74c556 req-dc46ad6a-a162-4c02-b7e5-162fda74c556 ] Request (DeleteServersAdminTestJSON:test_delete_server_while_in_error_state): 200 GET http://10.180.1.21/compute/v2.1/servers/966a3ad3-a18d-4e1b-905a-237256966ad9 0.060s
2025-04-15 20:13:28.507 70978 INFO tempest.lib.common.rest_client [req-345066c1-970b-4daf-a688-8bd9fbc7e131 req-345066c1-970b-4daf-a688-8bd9fbc7e131 ] Request (ServersAdminNegativeTestJSON:tearDownClass): 200 GET http://10.180.1.21/compute/v2.1/servers/f34b664a-979f-40f9-8189-57aa4c5b5b94 0.061s
2025-04-15 20:13:28.576 70956 INFO tempest.lib.common.rest_client [req-909be5c4-f685-4e21-a415-142b332b587d req-909be5c4-f685-4e21-a415-142b332b587d ] Request (ServerPasswordTestJSON:setUpClass): 200 GET http://10.180.1.21/compute/v2.1/servers/c017cae6-1944-4b86-ac91-48702e470dfc 0.106s
2025-04-15 20:13:28.658 70948 INFO tempest.lib.common.rest_client [req-98509798-d4fe-4c97-aa6e-c499f1f57ca2 req-98509798-d4fe-4c97-aa6e-c499f1f57ca2 ] Request (ServerTagsTestJSON:tearDownClass): 200 GET http://10.180.1.21/compute/v2.1/servers/0f089c7f-cc99-48d0-ad4e-e6326aaeb7a5 0.135s
2025-04-15 20:13:28.669 70948 INFO tempest.common.waiters [-] State transition "ACTIVE/deleting" ==> "DELETED/None" after 3 second wait
2025-04-15 20:13:28.696 70962 INFO tempest.lib.common.rest_client [req-f8a061bc-4395-4a29-a73b-40a549508203 req-f8a061bc-4395-4a29-a73b-40a549508203 ] Request (SecurityGroupsTestJSON:test_server_security_groups): 202 POST http://10.180.1.21/compute/v2.1/servers/dfd7bf2f-a2c0-4508-9719-675d47bd3de1/action 0.355s
2025-04-15 20:13:28.727 70982 INFO tempest.lib.common.rest_client [req-fb3eb1a2-97f1-4302-b0ec-b19f40365127 req-fb3eb1a2-97f1-4302-b0ec-b19f40365127 ] Request (ImagesTestJSON:test_create_image_from_suspended_server): 200 GET http://10.180.1.21/compute/v2.1/servers/c9529c9f-d2f0-4816-a016-8e8e861f1068 0.170s
2025-04-15 20:13:28.781 70976 INFO tempest.lib.common.rest_client [req-074b67e7-64b5-45b3-af94-95fc2134bb21 req-074b67e7-64b5-45b3-af94-95fc2134bb21 ] Request (ListServerFiltersTestJSON:tearDownClass): 200 GET http://10.180.1.21/compute/v2.1/servers/d74fa746-ef23-4b52-a3e2-790a9b64f723 0.192s
