2025-04-15 20:14:06.387 70988 INFO tempest.lib.common.dynamic_creds [-] Acquired dynamic creds: credentials: Credentials: {'domain_id': 'default', 'domain_name': 'Default', 'username': 'tempest-ServerMetadataNegativeTestJSON-705584658-project-member', 'project_domain_id': 'default', 'project_domain_name': 'Default', 'project_id': '71b619daa8ed4fcf98013e31318aa3f9', 'project_name': 'tempest-ServerMetadataNegativeTestJSON-705584658', 'tenant_id': '71b619daa8ed4fcf98013e31318aa3f9', 'tenant_name': 'tempest-ServerMetadataNegativeTestJSON-705584658', 'user_domain_id': 'default', 'user_domain_name': 'Default', 'user_id': 'bc30425e4ced49958b34dfdf3d378ccf', 'system': None}, Network: None, Subnet: None, Router: None
2025-04-15 20:14:06.408 70980 INFO tempest.lib.common.rest_client [req-1624de5b-fe06-4c4f-bef9-93a2d59d7752 req-1624de5b-fe06-4c4f-bef9-93a2d59d7752 ] Request (MigrationsAdminTest:test_resize_server_revert_deleted_flavor): 200 GET http://10.180.1.21/compute/v2.1/servers/06883e8b-247a-4ba2-b0ae-6b7a917550f5 0.087s
2025-04-15 20:14:06.472 70988 INFO tempest.lib.common.rest_client [req-2eb8fe50-55ac-46c6-9740-99148a2ab0c1 req-2eb8fe50-55ac-46c6-9740-99148a2ab0c1 ] Request (ServerMetadataNegativeTestJSON:setUpClass): 201 POST http://10.180.1.21/identity/v3/auth/tokens 0.084s
2025-04-15 20:14:06.492 70938 INFO tempest.lib.common.rest_client [req-79f3c1c9-ee04-4e62-aabf-9725332f43f0 req-79f3c1c9-ee04-4e62-aabf-9725332f43f0 ] Request (ImagesNegativeTestJSON:test_create_image_from_deleted_server): 200 GET http://10.180.1.21/compute/v2.1/servers/4a66e727-8ebe-4e50-82d4-0033cfc9c43d 0.071s
2025-04-15 20:14:06.554 70974 WARNING tempest.lib.common.ssh [-] Failed to establish authenticated ssh connection to cirros@10.180.180.235 ([Errno None] Unable to connect to port 22 on 10.180.180.235). Number attempts: 4. Retry after 5 seconds.: paramiko.ssh_exception.NoValidConnectionsError: [Errno None] Unable to connect to port 22 on 10.180.180.235
2025-04-15 20:14:06.554 70952 INFO tempest.lib.common.rest_client [req-685e80a1-42b3-45f2-a656-e8bcab8fce31 req-685e80a1-42b3-45f2-a656-e8bcab8fce31 ] Request (ServersTestMultiNic:test_verify_duplicate_network_nics): 201 POST http://10.180.1.21:9696/networking/v2.0/subnets 0.401s
2025-04-15 20:14:06.587 70944 INFO tempest.lib.common.rest_client [req-630ec1b6-6d6d-4480-8448-aa73e6077909 req-630ec1b6-6d6d-4480-8448-aa73e6077909 ] Request (FloatingIPsAssociationTestJSON:test_associate_already_associated_floating_ip): 200 GET http://10.180.1.21/compute/v2.1/servers/564fbf12-311d-4fd5-b1f5-b13349652a11 0.097s
2025-04-15 20:14:06.626 70952 INFO tempest.lib.common.rest_client [req-668b65f2-8a86-4cbb-9dad-17088561b8d1 req-668b65f2-8a86-4cbb-9dad-17088561b8d1 ] Request (ServersTestMultiNic:test_verify_duplicate_network_nics): 201 POST http://10.180.1.21/identity/v3/auth/tokens 0.069s
2025-04-15 20:14:06.627 70952 INFO tempest.lib.common.fixed_network [-] (ServersTestMultiNic:test_verify_duplicate_network_nics) Found network {'id': 'c29b67cb-76e8-49c7-97b5-de7fce53d864', 'name': 'tempest-ServersTestMultiNic-7807739-network', 'tenant_id': '3b0fa759e5a346d0bb74aef90f620e7d', 'admin_state_up': True, 'mtu': 8950, 'status': 'ACTIVE', 'subnets': [], 'shared': False, 'project_id': '3b0fa759e5a346d0bb74aef90f620e7d', 'port_security_enabled': True, 'router:external': False, 'provider:network_type': 'vlan', 'provider:physical_network': 'default', 'provider:segmentation_id': 996, 'is_default': False, 'availability_zone_hints': [], 'availability_zones': [], 'ipv4_address_scope': None, 'ipv6_address_scope': None, 'description': '', 'tags': [], 'created_at': '2025-04-15T20:14:01Z', 'updated_at': '2025-04-15T20:14:01Z', 'revision_number': 1} available for tenant
2025-04-15 20:14:06.676 70976 INFO tempest.lib.common.rest_client [req-a3108165-0887-4cb3-8dfe-599a624e25b7 req-a3108165-0887-4cb3-8dfe-599a624e25b7 ] Request (ListServerFiltersTestJSON:tearDownClass): 200 GET http://10.180.1.21/compute/v2.1/servers/e10b7f46-6fa8-49e4-89a1-6fbf3c2ca87d 0.176s
2025-04-15 20:14:06.680 70997 INFO tempest.lib.common.rest_client [req-16c674b4-c3f0-4553-8cd9-293acf58e507 req-16c674b4-c3f0-4553-8cd9-293acf58e507 ] Request (ServerRescueTestJSONUnderV235:setUpClass): 200 GET http://10.180.1.21/compute/v2.1/servers/7eeadfd6-9b43-442f-a8ff-e46819987e49 0.389s
2025-04-15 20:14:06.687 70976 INFO tempest.common.waiters [-] State transition "ACTIVE/deleting" ==> "DELETED/None" after 3 second wait
2025-04-15 20:14:06.751 70994 INFO tempest.lib.common.rest_client [req-b00a6de8-1222-4939-ae16-7bd7642de63a req-b00a6de8-1222-4939-ae16-7bd7642de63a ] Request (ListImageFiltersTestJSON:tearDownClass): 200 GET http://10.180.1.21/compute/v2.1/servers/2326608f-ae29-49b0-847a-d8eee0560304 0.142s
2025-04-15 20:14:06.814 70988 INFO tempest.lib.common.rest_client [req-073a5411-1314-477b-a27c-d45b1d50db4b req-073a5411-1314-477b-a27c-d45b1d50db4b ] Request (ServerMetadataNegativeTestJSON:setUpClass): 201 POST http://10.180.1.21:9696/networking/v2.0/networks 0.341s
2025-04-15 20:14:06.819 70950 INFO tempest.lib.common.rest_client [req-95df0f6e-23c4-4f77-94df-e31a8bb9c1d4 req-95df0f6e-23c4-4f77-94df-e31a8bb9c1d4 ] Request (ServersWithSpecificFlavorTestJSON:test_verify_created_server_ephemeral_disk): 200 GET http://10.180.1.21/compute/v2.1/servers/e7c32bb6-4dee-49b0-be18-54a34bc2aa0a 0.166s
2025-04-15 20:14:06.861 70966 WARNING tempest.lib.common.ssh [-] Failed to establish authenticated ssh connection to cirros@10.180.180.151 ([Errno None] Unable to connect to port 22 on 10.180.180.151). Number attempts: 5. Retry after 6 seconds.: paramiko.ssh_exception.NoValidConnectionsError: [Errno None] Unable to connect to port 22 on 10.180.180.151
2025-04-15 20:14:06.904 70962 INFO tempest.lib.common.rest_client [req-48d63ff0-1e0d-4924-8f31-603e19d59cf8 req-48d63ff0-1e0d-4924-8f31-603e19d59cf8 ] Request (SecurityGroupsTestJSON:test_server_security_groups): 200 GET http://10.180.1.21/compute/v2.1/servers/dfd7bf2f-a2c0-4508-9719-675d47bd3de1 0.185s
2025-04-15 20:14:06.958 70956 INFO tempest.lib.common.rest_client [req-f1f757b9-e2a9-4320-9894-6f5898097a52 req-f1f757b9-e2a9-4320-9894-6f5898097a52 ] Request (ServerPasswordTestJSON:setUpClass): 200 GET http://10.180.1.21/compute/v2.1/servers/c017cae6-1944-4b86-ac91-48702e470dfc 0.195s
2025-04-15 20:14:07.017 70978 INFO tempest.lib.common.rest_client [req-53218b6d-f9ac-4916-bf1b-bc9bbc0675da req-53218b6d-f9ac-4916-bf1b-bc9bbc0675da ] Request (ServersAdminNegativeTestJSON:tearDownClass): 200 GET http://10.180.1.21/compute/v2.1/servers/f34b664a-979f-40f9-8189-57aa4c5b5b94 0.149s
2025-04-15 20:14:07.032 70988 INFO tempest.lib.common.rest_client [req-e626ee67-6a7c-40ae-9300-10e3f305a4db req-e626ee67-6a7c-40ae-9300-10e3f305a4db ] Request (ServerMetadataNegativeTestJSON:setUpClass): 201 POST http://10.180.1.21:9696/networking/v2.0/subnets 0.217s
2025-04-15 20:14:07.080 70960 INFO tempest.lib.common.rest_client [req-eaaee9e6-b9e2-436d-8801-246a6a8d9966 req-eaaee9e6-b9e2-436d-8801-246a6a8d9966 ] Request (ImagesOneServerTestJSON:setUpClass): 200 GET http://10.180.1.21/compute/v2.1/servers/c3450bab-3a34-4201-8a5a-f2f5ea38f95f 0.140s
2025-04-15 20:14:07.228 70952 INFO tempest.lib.common.rest_client [req-ba7ce964-20e1-49c2-9aa1-d378cf62adb5 req-ba7ce964-20e1-49c2-9aa1-d378cf62adb5 ] Request (ServersTestMultiNic:test_verify_duplicate_network_nics): 202 POST http://10.180.1.21/compute/v2.1/servers 0.600s
2025-04-15 20:14:07.249 70964 INFO tempest.lib.common.rest_client [req-2aff0ede-fd20-4bac-8cd6-194950fe4401 req-2aff0ede-fd20-4bac-8cd6-194950fe4401 ] Request (ServersAdminTestJSON:test_create_server_with_scheduling_hint): 200 GET http://10.180.1.21/compute/v2.1/servers/7521efba-e1a0-43ef-9d28-f91158a2541a 0.308s
2025-04-15 20:14:07.290 70954 INFO tempest.lib.common.rest_client [req-186df1b0-39ae-4678-a149-2115ccebe416 req-186df1b0-39ae-4678-a149-2115ccebe416 ] Request (ServersTestManualDisk:setUpClass): 200 GET http://10.180.1.21/compute/v2.1/servers/453938ed-f1cb-43b4-83c2-6f6c85832a33 0.248s
2025-04-15 20:14:07.321 70972 INFO tempest.lib.common.rest_client [req-b833e616-4339-4fbd-a73a-70252de28047 req-b833e616-4339-4fbd-a73a-70252de28047 ] Request (ListServersNegativeTestJSON:setUpClass): 200 GET http://10.180.1.21/compute/v2.1/servers/18c63efb-6b85-4802-af43-955db8bb3fd0 0.204s
2025-04-15 20:14:07.344 70982 INFO tempest.lib.common.rest_client [req-601f3c1a-416b-41f2-af45-8d551deb2427 req-601f3c1a-416b-41f2-af45-8d551deb2427 ] Request (ImagesTestJSON:test_create_image_from_suspended_server): 200 GET http://10.180.1.21/compute/v2.1/images/1ecb0594-b71e-4ab4-b47a-bd69c8beb3b5 0.171s
2025-04-15 20:14:07.377 70952 INFO tempest.lib.common.rest_client [req-97770f22-8f18-4a64-ab90-6e95f84a6081 req-97770f22-8f18-4a64-ab90-6e95f84a6081 ] Request (ServersTestMultiNic:test_verify_duplicate_network_nics): 200 GET http://10.180.1.21/compute/v2.1/servers/085f5a90-e982-4ad5-8d81-5302994ee1ee 0.147s
2025-04-15 20:14:07.399 70958 INFO tempest.lib.common.rest_client [req-a20ee123-fc5c-4325-ab39-9f02e58e7de6 req-a20ee123-fc5c-4325-ab39-9f02e58e7de6 ] Request (InstanceActionsNegativeTestJSON:setUpClass): 200 GET http://10.180.1.21/compute/v2.1/servers/4f7039a4-f012-4c3b-875d-86e6a3a29170 0.146s
2025-04-15 20:14:07.460 70948 INFO tempest.lib.common.rest_client [req-4318336b-1d29-4bd8-bcda-67c6a2e908c3 req-4318336b-1d29-4bd8-bcda-67c6a2e908c3 ] Request (ServerTagsTestJSON:tearDownClass): 200 GET http://10.180.1.21/compute/v2.1/servers/0f089c7f-cc99-48d0-ad4e-e6326aaeb7a5 0.122s
2025-04-15 20:14:07.506 70990 INFO tempest.lib.common.rest_client [req-f8365e4b-8951-4f0d-94f5-8da205ac6085 req-f8365e4b-8951-4f0d-94f5-8da205ac6085 ] Request (ServerDiskConfigTestJSON:test_resize_server_from_auto_to_manual): 200 GET http://10.180.1.21/compute/v2.1/servers/cae8ad8e-ae95-4d27-9379-e1aa64db3916 0.160s
2025-04-15 20:14:07.551 70980 INFO tempest.lib.common.rest_client [req-02e0b179-3de9-41f4-8ec5-5f0c331c2201 req-02e0b179-3de9-41f4-8ec5-5f0c331c2201 ] Request (MigrationsAdminTest:test_resize_server_revert_deleted_flavor): 200 GET http://10.180.1.21/compute/v2.1/servers/06883e8b-247a-4ba2-b0ae-6b7a917550f5 0.135s
2025-04-15 20:14:07.565 70984 INFO tempest.lib.common.rest_client [req-a44ff023-faa8-4a50-9fb8-665caab79d96 req-a44ff023-faa8-4a50-9fb8-665caab79d96 ] Request (ServerActionsTestOtherB:test_resize_server_confirm_from_stopped): 200 GET http://10.180.1.21/compute/v2.1/servers/265f116d-1cdf-4201-a90e-6a3cb4ea8ece 0.281s
2025-04-15 20:14:07.610 70938 INFO tempest.lib.common.rest_client [req-77e1128d-2e34-4ca0-8644-7d105491bdb1 req-77e1128d-2e34-4ca0-8644-7d105491bdb1 ] Request (ImagesNegativeTestJSON:test_create_image_from_deleted_server): 200 GET http://10.180.1.21/compute/v2.1/servers/4a66e727-8ebe-4e50-82d4-0033cfc9c43d 0.106s
2025-04-15 20:14:07.752 70976 INFO tempest.lib.common.rest_client [req-bcfa363d-ce98-4a6b-9f33-ff69467352bc req-bcfa363d-ce98-4a6b-9f33-ff69467352bc ] Request (ListServerFiltersTestJSON:tearDownClass): 200 GET http://10.180.1.21/compute/v2.1/servers/e10b7f46-6fa8-49e4-89a1-6fbf3c2ca87d 0.061s
2025-04-15 20:14:07.760 70942 WARNING tempest.lib.common.ssh [-] Failed to establish authenticated ssh connection to cirros@10.180.180.141 ([Errno None] Unable to connect to port 22 on 10.180.180.141). Number attempts: 6. Retry after 7 seconds.: paramiko.ssh_exception.NoValidConnectionsError: [Errno None] Unable to connect to port 22 on 10.180.180.141
2025-04-15 20:14:07.819 70997 INFO tempest.lib.common.rest_client [req-a5bae21b-640e-47f7-9995-5b37a5e96063 req-a5bae21b-640e-47f7-9995-5b37a5e96063 ] Request (ServerRescueTestJSONUnderV235:setUpClass): 200 GET http://10.180.1.21/compute/v2.1/servers/7eeadfd6-9b43-442f-a8ff-e46819987e49 0.125s
2025-04-15 20:14:07.834 70944 INFO tempest.lib.common.rest_client [req-049f1d5a-22af-4c07-a2ca-e647143a0231 req-049f1d5a-22af-4c07-a2ca-e647143a0231 ] Request (FloatingIPsAssociationTestJSON:test_associate_already_associated_floating_ip): 200 GET http://10.180.1.21/compute/v2.1/servers/564fbf12-311d-4fd5-b1f5-b13349652a11 0.237s
2025-04-15 20:14:07.910 70994 INFO tempest.lib.common.rest_client [req-e771ceef-7a2b-4b08-a37f-5b4933913e7b req-e771ceef-7a2b-4b08-a37f-5b4933913e7b ] Request (ListImageFiltersTestJSON:tearDownClass): 200 GET http://10.180.1.21/compute/v2.1/servers/2326608f-ae29-49b0-847a-d8eee0560304 0.150s
2025-04-15 20:14:07.917 70950 INFO tempest.lib.common.rest_client [req-1834af9c-3722-4299-8c39-25cbfbcf4943 req-1834af9c-3722-4299-8c39-25cbfbcf4943 ] Request (ServersWithSpecificFlavorTestJSON:test_verify_created_server_ephemeral_disk): 200 GET http://10.180.1.21/compute/v2.1/servers/e7c32bb6-4dee-49b0-be18-54a34bc2aa0a 0.088s
2025-04-15 20:14:08.002 70962 INFO tempest.lib.common.rest_client [req-7b8c3cc1-fec1-417d-8b2d-bba6cad1013a req-7b8c3cc1-fec1-417d-8b2d-bba6cad1013a ] Request (SecurityGroupsTestJSON:test_server_security_groups): 200 GET http://10.180.1.21/compute/v2.1/servers/dfd7bf2f-a2c0-4508-9719-675d47bd3de1 0.088s
2025-04-15 20:14:08.022 70956 INFO tempest.lib.common.rest_client [req-ccab59e6-473a-410f-ba61-def77f8b59c4 req-ccab59e6-473a-410f-ba61-def77f8b59c4 ] Request (ServerPasswordTestJSON:setUpClass): 200 GET http://10.180.1.21/compute/v2.1/servers/c017cae6-1944-4b86-ac91-48702e470dfc 0.054s
2025-04-15 20:14:08.056 70978 INFO tempest.lib.common.rest_client [req-7950ceff-27e4-4041-8e94-b54c179f6aec req-7950ceff-27e4-4041-8e94-b54c179f6aec ] Request (ServersAdminNegativeTestJSON:tearDownClass): 404 GET http://10.180.1.21/compute/v2.1/servers/f34b664a-979f-40f9-8189-57aa4c5b5b94 0.031s
2025-04-15 20:14:08.139 70978 INFO tempest.lib.common.rest_client [req-50a5017a-d5d7-4d13-bb56-9a33e688b52e req-50a5017a-d5d7-4d13-bb56-9a33e688b52e ] Request (ServersAdminNegativeTestJSON:tearDownClass): 204 DELETE http://10.180.1.21/identity/v3/users/99ece3c3fb6f45e9812f6c5b5cbba2d5 0.082s
2025-04-15 20:14:08.166 70960 INFO tempest.lib.common.rest_client [req-138e7366-8ddb-40ed-8f26-abaf3306ea89 req-138e7366-8ddb-40ed-8f26-abaf3306ea89 ] Request (ImagesOneServerTestJSON:setUpClass): 200 GET http://10.180.1.21/compute/v2.1/servers/c3450bab-3a34-4201-8a5a-f2f5ea38f95f 0.074s
2025-04-15 20:14:08.245 70978 INFO tempest.lib.common.rest_client [req-fcbb6e78-4fb7-4b40-9b8e-7919319a3ded req-fcbb6e78-4fb7-4b40-9b8e-7919319a3ded ] Request (ServersAdminNegativeTestJSON:tearDownClass): 204 DELETE http://10.180.1.21/identity/v3/users/c688fc67bedf47c4ae67b040e8158c57 0.105s
2025-04-15 20:14:08.245 70978 INFO tempest.lib.common.dynamic_creds [-] Deleting project and security group for project: 32f2682741834416ada3d641493661f3
2025-04-15 20:14:08.303 70978 INFO tempest.lib.common.rest_client [req-72507ebe-fb6b-4b3c-8bc2-96dd6d701d6d req-72507ebe-fb6b-4b3c-8bc2-96dd6d701d6d ] Request (ServersAdminNegativeTestJSON:tearDownClass): 201 POST http://10.180.1.21/identity/v3/auth/tokens 0.058s
2025-04-15 20:14:08.358 70954 INFO tempest.lib.common.rest_client [req-204a5bbb-789a-4401-8c70-4597c2cde637 req-204a5bbb-789a-4401-8c70-4597c2cde637 ] Request (ServersTestManualDisk:setUpClass): 200 GET http://10.180.1.21/compute/v2.1/servers/453938ed-f1cb-43b4-83c2-6f6c85832a33 0.053s
2025-04-15 20:14:08.397 70978 INFO tempest.lib.common.rest_client [req-74cf69fb-61e6-417b-8568-6d9a2c8f41b6 req-74cf69fb-61e6-417b-8568-6d9a2c8f41b6 ] Request (ServersAdminNegativeTestJSON:tearDownClass): 200 GET http://10.180.1.21:9696/networking/v2.0/security-groups?tenant_id=32f2682741834416ada3d641493661f3&name=default 0.093s
2025-04-15 20:14:08.419 70972 INFO tempest.lib.common.rest_client [req-0055cc34-12af-427f-975c-4dce6c1cd81c req-0055cc34-12af-427f-975c-4dce6c1cd81c ] Request (ListServersNegativeTestJSON:setUpClass): 200 GET http://10.180.1.21/compute/v2.1/servers/18c63efb-6b85-4802-af43-955db8bb3fd0 0.085s
2025-04-15 20:14:08.425 70972 INFO tempest.common.waiters [-] State transition "BUILD/None" ==> "BUILD/networking" after 84 second wait
2025-04-15 20:14:08.447 70964 INFO tempest.lib.common.rest_client [req-eb5e2a2a-f314-40cd-bbd0-f9daf6036054 req-eb5e2a2a-f314-40cd-bbd0-f9daf6036054 ] Request (ServersAdminTestJSON:test_create_server_with_scheduling_hint): 200 GET http://10.180.1.21/compute/v2.1/servers/7521efba-e1a0-43ef-9d28-f91158a2541a 0.186s
2025-04-15 20:14:08.464 70982 INFO tempest.lib.common.rest_client [req-9953950c-aa0e-44a5-98fd-bc6673ddecf8 req-9953950c-aa0e-44a5-98fd-bc6673ddecf8 ] Request (ImagesTestJSON:test_create_image_from_suspended_server): 200 GET http://10.180.1.21/compute/v2.1/images/1ecb0594-b71e-4ab4-b47a-bd69c8beb3b5 0.115s
2025-04-15 20:14:08.516 70958 INFO tempest.lib.common.rest_client [req-dfaa3dd6-6114-4fc3-bd89-ba8bf9eaae17 req-dfaa3dd6-6114-4fc3-bd89-ba8bf9eaae17 ] Request (InstanceActionsNegativeTestJSON:setUpClass): 200 GET http://10.180.1.21/compute/v2.1/servers/4f7039a4-f012-4c3b-875d-86e6a3a29170 0.105s
2025-04-15 20:14:08.540 70952 INFO tempest.lib.common.rest_client [req-6482ff13-5179-46f9-91a8-380c7ed36045 req-6482ff13-5179-46f9-91a8-380c7ed36045 ] Request (ServersTestMultiNic:test_verify_duplicate_network_nics): 200 GET http://10.180.1.21/compute/v2.1/servers/085f5a90-e982-4ad5-8d81-5302994ee1ee 0.151s
2025-04-15 20:14:08.558 70982 INFO tempest.lib.common.rest_client [req-526a7a77-0d77-4290-875e-63087357f1d6 req-526a7a77-0d77-4290-875e-63087357f1d6 ] Request (ImagesTestJSON:test_create_image_from_suspended_server): 200 GET http://10.180.1.21/compute/v2.1/images/1ecb0594-b71e-4ab4-b47a-bd69c8beb3b5 0.088s
2025-04-15 20:14:08.594 70982 INFO tempest.lib.common.rest_client [req-68b05b7f-c10e-4574-b10d-a16438bb53ef req-68b05b7f-c10e-4574-b10d-a16438bb53ef ] Request (ImagesTestJSON:test_create_image_from_suspended_server): 200 GET http://10.180.1.21/image/v2/images/1ecb0594-b71e-4ab4-b47a-bd69c8beb3b5/tasks 0.031s
2025-04-15 20:14:08.625 70978 INFO tempest.lib.common.rest_client [req-7faee4a5-9f3e-4721-acb9-163b4491d708 req-7faee4a5-9f3e-4721-acb9-163b4491d708 ] Request (ServersAdminNegativeTestJSON:tearDownClass): 204 DELETE http://10.180.1.21:9696/networking/v2.0/security-groups/1f0f12dc-dc2e-4070-b64e-ef7cafb044f0 0.227s
2025-04-15 20:14:08.625 70990 INFO tempest.lib.common.rest_client [req-007f0d4d-2099-4b43-80d5-b71aed37cf92 req-007f0d4d-2099-4b43-80d5-b71aed37cf92 ] Request (ServerDiskConfigTestJSON:test_resize_server_from_auto_to_manual): 200 GET http://10.180.1.21/compute/v2.1/servers/cae8ad8e-ae95-4d27-9379-e1aa64db3916 0.111s
2025-04-15 20:14:08.643 70948 INFO tempest.lib.common.rest_client [req-b1dba632-0999-4453-967e-a8682ca1ff32 req-b1dba632-0999-4453-967e-a8682ca1ff32 ] Request (ServerTagsTestJSON:tearDownClass): 200 GET http://10.180.1.21/compute/v2.1/servers/0f089c7f-cc99-48d0-ad4e-e6326aaeb7a5 0.172s
2025-04-15 20:14:08.645 70988 INFO tempest.lib.common.rest_client [req-f4cd70bb-9f71-46aa-be26-d9644c8d7882 req-f4cd70bb-9f71-46aa-be26-d9644c8d7882 ] Request (ServerMetadataNegativeTestJSON:setUpClass): 201 POST http://10.180.1.21:9696/networking/v2.0/routers 1.612s
2025-04-15 20:14:08.723 70980 INFO tempest.lib.common.rest_client [req-0039044d-cc35-448e-88e4-e765d441f633 req-0039044d-cc35-448e-88e4-e765d441f633 ] Request (MigrationsAdminTest:test_resize_server_revert_deleted_flavor): 200 GET http://10.180.1.21/compute/v2.1/servers/06883e8b-247a-4ba2-b0ae-6b7a917550f5 0.160s
2025-04-15 20:14:08.738 70978 INFO tempest.lib.common.rest_client [req-1db67f4a-587d-4255-be0e-e208ac8d9e18 req-1db67f4a-587d-4255-be0e-e208ac8d9e18 ] Request (ServersAdminNegativeTestJSON:tearDownClass): 204 DELETE http://10.180.1.21/identity/v3/projects/32f2682741834416ada3d641493661f3 0.113s
2025-04-15 20:14:08.738 70978 INFO tempest.lib.common.dynamic_creds [-] Deleting project and security group for project: eb6528f740514635a404b19bec5f0497
2025-04-15 20:14:08.849 70978 INFO tempest.lib.common.rest_client [req-73499cf3-bafd-40be-9bfe-912ef0205a63 req-73499cf3-bafd-40be-9bfe-912ef0205a63 ] Request (ServersAdminNegativeTestJSON:tearDownClass): 200 GET http://10.180.1.21:9696/networking/v2.0/security-groups?tenant_id=eb6528f740514635a404b19bec5f0497&name=default 0.111s
2025-04-15 20:14:08.859 70982 INFO tempest.lib.common.rest_client [req-eb59bf32-f3fd-4356-a693-9f9cb2ca6ae8 req-eb59bf32-f3fd-4356-a693-9f9cb2ca6ae8 ] Request (ImagesTestJSON:_run_cleanups): 204 DELETE http://10.180.1.21/compute/v2.1/images/1ecb0594-b71e-4ab4-b47a-bd69c8beb3b5 0.265s
2025-04-15 20:14:08.884 70984 INFO tempest.lib.common.rest_client [req-6397bafc-e38c-49ed-9f4b-f9304ec336f3 req-6397bafc-e38c-49ed-9f4b-f9304ec336f3 ] Request (ServerActionsTestOtherB:test_resize_server_confirm_from_stopped): 200 GET http://10.180.1.21/compute/v2.1/servers/265f116d-1cdf-4201-a90e-6a3cb4ea8ece 0.309s
2025-04-15 20:14:08.954 70938 INFO tempest.lib.common.rest_client [req-22fd273f-cb0a-40bb-ac4c-ee5f485a5260 req-22fd273f-cb0a-40bb-ac4c-ee5f485a5260 ] Request (ImagesNegativeTestJSON:test_create_image_from_deleted_server): 200 GET http://10.180.1.21/compute/v2.1/servers/4a66e727-8ebe-4e50-82d4-0033cfc9c43d 0.324s
2025-04-15 20:14:08.988 70978 INFO tempest.lib.common.rest_client [req-fbaa0c4d-8d71-4308-a6f4-d7a5b7a0985e req-fbaa0c4d-8d71-4308-a6f4-d7a5b7a0985e ] Request (ServersAdminNegativeTestJSON:tearDownClass): 204 DELETE http://10.180.1.21:9696/networking/v2.0/security-groups/d384a39c-615a-4a41-a2ae-755996d38dfa 0.138s
2025-04-15 20:14:08.991 70976 INFO tempest.lib.common.rest_client [req-bd867060-9dd7-4f63-9c97-a5f2aff17117 req-bd867060-9dd7-4f63-9c97-a5f2aff17117 ] Request (ListServerFiltersTestJSON:tearDownClass): 200 GET http://10.180.1.21/compute/v2.1/servers/e10b7f46-6fa8-49e4-89a1-6fbf3c2ca87d 0.225s
2025-04-15 20:14:09.010 70997 INFO tempest.lib.common.rest_client [req-e41c6a84-9779-46d7-909b-97dd755e7ce1 req-e41c6a84-9779-46d7-909b-97dd755e7ce1 ] Request (ServerRescueTestJSONUnderV235:setUpClass): 200 GET http://10.180.1.21/compute/v2.1/servers/7eeadfd6-9b43-442f-a8ff-e46819987e49 0.183s
2025-04-15 20:14:09.059 70944 INFO tempest.lib.common.rest_client [req-27ef805f-1058-45a9-a53f-1c2dafd6a7f6 req-27ef805f-1058-45a9-a53f-1c2dafd6a7f6 ] Request (FloatingIPsAssociationTestJSON:test_associate_already_associated_floating_ip): 200 GET http://10.180.1.21/compute/v2.1/servers/564fbf12-311d-4fd5-b1f5-b13349652a11 0.207s
2025-04-15 20:14:09.111 70982 INFO tempest.lib.common.rest_client [req-5c3df0e0-8201-4da3-90dc-c7c3713fef9d req-5c3df0e0-8201-4da3-90dc-c7c3713fef9d ] Request (ImagesTestJSON:_run_cleanups): 204 DELETE http://10.180.1.21/compute/v2.1/servers/c9529c9f-d2f0-4816-a016-8e8e861f1068 0.251s
2025-04-15 20:14:09.127 70978 INFO tempest.lib.common.rest_client [req-cb3f754c-6aae-44bf-8332-1e9143b59419 req-cb3f754c-6aae-44bf-8332-1e9143b59419 ] Request (ServersAdminNegativeTestJSON:tearDownClass): 204 DELETE http://10.180.1.21/identity/v3/projects/eb6528f740514635a404b19bec5f0497 0.139s
2025-04-15 20:14:09.199 70978 INFO tempest.lib.common.rest_client [req-a5bd1e8e-2f3d-4539-b01e-5dfc583863a3 req-a5bd1e8e-2f3d-4539-b01e-5dfc583863a3 ] Request (ImagesOneServerNegativeTestJSON:setUpClass): 201 POST http://10.180.1.21/identity/v3/auth/tokens 0.070s
2025-04-15 20:14:09.202 70950 INFO tempest.lib.common.rest_client [req-8658b781-3eb6-4dd9-a134-fe11f6b180c8 req-8658b781-3eb6-4dd9-a134-fe11f6b180c8 ] Request (ServersWithSpecificFlavorTestJSON:test_verify_created_server_ephemeral_disk): 200 GET http://10.180.1.21/compute/v2.1/servers/e7c32bb6-4dee-49b0-be18-54a34bc2aa0a 0.273s
2025-04-15 20:14:09.218 70994 INFO tempest.lib.common.rest_client [req-f9b02b20-d024-40b2-a736-8862cca1b555 req-f9b02b20-d024-40b2-a736-8862cca1b555 ] Request (ListImageFiltersTestJSON:tearDownClass): 200 GET http://10.180.1.21/compute/v2.1/servers/2326608f-ae29-49b0-847a-d8eee0560304 0.291s
2025-04-15 20:14:09.229 70982 INFO tempest.lib.common.rest_client [req-70ff2e3b-0f9d-488d-b431-ff2434cad534 req-70ff2e3b-0f9d-488d-b431-ff2434cad534 ] Request (ImagesTestJSON:test_create_server_from_snapshot): 201 POST http://10.180.1.21/identity/v3/auth/tokens 0.109s
2025-04-15 20:14:09.229 70982 INFO tempest.lib.common.fixed_network [-] (ImagesTestJSON:test_create_server_from_snapshot) Found network {'id': 'd868b36c-6511-485d-bc95-87822223fc94', 'name': 'tempest-ImagesTestJSON-444752951-network', 'tenant_id': '99a5f6e590c64db5b66ee09e825b562f', 'admin_state_up': True, 'mtu': 8950, 'status': 'ACTIVE', 'subnets': [], 'shared': False, 'project_id': '99a5f6e590c64db5b66ee09e825b562f', 'port_security_enabled': True, 'router:external': False, 'provider:network_type': 'vlan', 'provider:physical_network': 'default', 'provider:segmentation_id': 510, 'is_default': False, 'availability_zone_hints': [], 'availability_zones': [], 'ipv4_address_scope': None, 'ipv6_address_scope': None, 'description': '', 'tags': [], 'created_at': '2025-04-15T20:11:19Z', 'updated_at': '2025-04-15T20:11:19Z', 'revision_number': 1} available for tenant
2025-04-15 20:14:09.243 70978 INFO tempest.lib.common.rest_client [req-d2a6954e-cce0-4de9-8053-6d42d3b057b9 req-d2a6954e-cce0-4de9-8053-6d42d3b057b9 ] Request (ImagesOneServerNegativeTestJSON:setUpClass): 201 POST http://10.180.1.21/identity/v3/auth/tokens 0.039s
2025-04-15 20:14:09.274 70978 INFO tempest.lib.common.rest_client [req-4464d7f2-44b2-4307-9199-a16609c01033 req-4464d7f2-44b2-4307-9199-a16609c01033 ] Request (ImagesOneServerNegativeTestJSON:setUpClass): 200 GET http://10.180.1.21/identity/v3/domains?name=Default 0.031s
2025-04-15 20:14:09.293 70956 INFO tempest.lib.common.rest_client [req-97918a41-0496-43b5-a472-d72d1f32ef30 req-97918a41-0496-43b5-a472-d72d1f32ef30 ] Request (ServerPasswordTestJSON:setUpClass): 200 GET http://10.180.1.21/compute/v2.1/servers/c017cae6-1944-4b86-ac91-48702e470dfc 0.261s
2025-04-15 20:14:09.306 70962 INFO tempest.lib.common.rest_client [req-4a473df8-e1ff-4e60-a1a9-089302c0072c req-4a473df8-e1ff-4e60-a1a9-089302c0072c ] Request (SecurityGroupsTestJSON:test_server_security_groups): 200 GET http://10.180.1.21/compute/v2.1/servers/dfd7bf2f-a2c0-4508-9719-675d47bd3de1 0.292s
2025-04-15 20:14:09.310 70978 INFO tempest.lib.common.rest_client [req-37fddae5-2a02-4a2c-827b-989bc54e2cab req-37fddae5-2a02-4a2c-827b-989bc54e2cab ] Request (ImagesOneServerNegativeTestJSON:setUpClass): 201 POST http://10.180.1.21/identity/v3/projects 0.035s
2025-04-15 20:14:09.380 70960 INFO tempest.lib.common.rest_client [req-18f9cd2c-94a0-4a4c-a986-c40429232b2f req-18f9cd2c-94a0-4a4c-a986-c40429232b2f ] Request (ImagesOneServerTestJSON:setUpClass): 200 GET http://10.180.1.21/compute/v2.1/servers/c3450bab-3a34-4201-8a5a-f2f5ea38f95f 0.205s
2025-04-15 20:14:09.404 70978 INFO tempest.lib.common.rest_client [req-e08b5b34-0044-4623-b165-6137f8a7df36 req-e08b5b34-0044-4623-b165-6137f8a7df36 ] Request (ImagesOneServerNegativeTestJSON:setUpClass): 201 POST http://10.180.1.21/identity/v3/users 0.092s
2025-04-15 20:14:09.433 70978 INFO tempest.lib.common.rest_client [req-02e04b9a-df93-4b40-bdc9-1addbb7e874a req-02e04b9a-df93-4b40-bdc9-1addbb7e874a ] Request (ImagesOneServerNegativeTestJSON:setUpClass): 200 GET http://10.180.1.21/identity/v3/roles 0.027s
2025-04-15 20:14:09.456 70954 INFO tempest.lib.common.rest_client [req-6ee49242-231d-4253-8c67-17f9df5791a3 req-6ee49242-231d-4253-8c67-17f9df5791a3 ] Request (ServersTestManualDisk:setUpClass): 200 GET http://10.180.1.21/compute/v2.1/servers/453938ed-f1cb-43b4-83c2-6f6c85832a33 0.089s
2025-04-15 20:14:09.467 70978 INFO tempest.lib.common.rest_client [req-c3930ba1-f153-4505-8c2e-fa6e55108a92 req-c3930ba1-f153-4505-8c2e-fa6e55108a92 ] Request (ImagesOneServerNegativeTestJSON:setUpClass): 204 PUT http://10.180.1.21/identity/v3/projects/9f6e09c6f6b04b7090cc104465083676/users/1bb0f63357c840c7b115b4014e51080b/roles/ab45134101a94ac8868a0b06896afd3c 0.034s
2025-04-15 20:14:09.467 70978 INFO tempest.lib.common.dynamic_creds [-] Dynamic test user 1bb0f63357c840c7b115b4014e51080b is created with scope project and roles: ['member']
2025-04-15 20:14:09.468 70978 INFO tempest.lib.common.dynamic_creds [-] Acquired dynamic creds: credentials: Credentials: {'domain_id': 'default', 'domain_name': 'Default', 'username': 'tempest-ImagesOneServerNegativeTestJSON-293217964-project-member', 'project_domain_id': 'default', 'project_domain_name': 'Default', 'project_id': '9f6e09c6f6b04b7090cc104465083676', 'project_name': 'tempest-ImagesOneServerNegativeTestJSON-293217964', 'tenant_id': '9f6e09c6f6b04b7090cc104465083676', 'tenant_name': 'tempest-ImagesOneServerNegativeTestJSON-293217964', 'user_domain_id': 'default', 'user_domain_name': 'Default', 'user_id': '1bb0f63357c840c7b115b4014e51080b', 'system': None}, Network: None, Subnet: None, Router: None
2025-04-15 20:14:09.536 70978 INFO tempest.lib.common.rest_client [req-c3639001-3290-4fca-b27f-496fd337dde0 req-c3639001-3290-4fca-b27f-496fd337dde0 ] Request (ImagesOneServerNegativeTestJSON:setUpClass): 201 POST http://10.180.1.21/identity/v3/auth/tokens 0.068s
2025-04-15 20:14:09.720 70972 INFO tempest.lib.common.rest_client [req-4124f4c2-722e-4fa9-ac87-2971cb4181cf req-4124f4c2-722e-4fa9-ac87-2971cb4181cf ] Request (ListServersNegativeTestJSON:setUpClass): 200 GET http://10.180.1.21/compute/v2.1/servers/18c63efb-6b85-4802-af43-955db8bb3fd0 0.293s
2025-04-15 20:14:09.729 70972 INFO tempest.common.waiters [-] State transition "BUILD/networking" ==> "BUILD/spawning" after 85 second wait
2025-04-15 20:14:09.806 70982 INFO tempest.lib.common.rest_client [req-3720ba29-2bf5-418d-a409-6b27c15dfc4b req-3720ba29-2bf5-418d-a409-6b27c15dfc4b ] Request (ImagesTestJSON:test_create_server_from_snapshot): 202 POST http://10.180.1.21/compute/v2.1/servers 0.576s
2025-04-15 20:14:09.879 70958 INFO tempest.lib.common.rest_client [req-f414e3b3-744b-49b2-869b-613bbc2a3666 req-f414e3b3-744b-49b2-869b-613bbc2a3666 ] Request (InstanceActionsNegativeTestJSON:setUpClass): 200 GET http://10.180.1.21/compute/v2.1/servers/4f7039a4-f012-4c3b-875d-86e6a3a29170 0.349s
2025-04-15 20:14:09.938 70952 INFO tempest.lib.common.rest_client [req-fd3e0ff4-4cf4-4663-98f1-2ceb49111715 req-fd3e0ff4-4cf4-4663-98f1-2ceb49111715 ] Request (ServersTestMultiNic:test_verify_duplicate_network_nics): 200 GET http://10.180.1.21/compute/v2.1/servers/085f5a90-e982-4ad5-8d81-5302994ee1ee 0.389s
2025-04-15 20:14:09.988 70964 INFO tempest.lib.common.rest_client [req-f2bfc524-6329-44c6-8364-d862d72aaef5 req-f2bfc524-6329-44c6-8364-d862d72aaef5 ] Request (ServersAdminTestJSON:test_create_server_with_scheduling_hint): 200 GET http://10.180.1.21/compute/v2.1/servers/7521efba-e1a0-43ef-9d28-f91158a2541a 0.533s
2025-04-15 20:14:09.989 70990 INFO tempest.lib.common.rest_client [req-68e098d9-35d6-40ce-a3d1-167a81d26dd2 req-68e098d9-35d6-40ce-a3d1-167a81d26dd2 ] Request (ServerDiskConfigTestJSON:test_resize_server_from_auto_to_manual): 200 GET http://10.180.1.21/compute/v2.1/servers/cae8ad8e-ae95-4d27-9379-e1aa64db3916 0.355s
2025-04-15 20:14:10.048 70980 INFO tempest.lib.common.rest_client [req-dc0a6ec6-f8de-4473-b880-fef47683f594 req-dc0a6ec6-f8de-4473-b880-fef47683f594 ] Request (MigrationsAdminTest:test_resize_server_revert_deleted_flavor): 200 GET http://10.180.1.21/compute/v2.1/servers/06883e8b-247a-4ba2-b0ae-6b7a917550f5 0.311s
2025-04-15 20:14:10.082 70948 INFO tempest.lib.common.rest_client [req-45815860-5d70-4fef-b1c2-4d3a9eb71cf5 req-45815860-5d70-4fef-b1c2-4d3a9eb71cf5 ] Request (ServerTagsTestJSON:tearDownClass): 200 GET http://10.180.1.21/compute/v2.1/servers/0f089c7f-cc99-48d0-ad4e-e6326aaeb7a5 0.425s
2025-04-15 20:14:10.091 70982 INFO tempest.lib.common.rest_client [req-bf4063f7-916c-40ce-9ebd-74999db86c2a req-bf4063f7-916c-40ce-9ebd-74999db86c2a ] Request (ImagesTestJSON:test_create_server_from_snapshot): 200 GET http://10.180.1.21/compute/v2.1/servers/14f951b8-d2e2-43fd-aac1-32ae71aa20f0 0.283s
2025-04-15 20:14:10.096 70978 INFO tempest.lib.common.rest_client [req-dbd998bc-df7c-4486-af2e-411264e2b474 req-dbd998bc-df7c-4486-af2e-411264e2b474 ] Request (ImagesOneServerNegativeTestJSON:setUpClass): 201 POST http://10.180.1.21:9696/networking/v2.0/networks 0.560s
2025-04-15 20:14:10.178 70938 INFO tempest.lib.common.rest_client [req-fd705dfe-c94a-49fb-a756-a79f3f24c387 req-fd705dfe-c94a-49fb-a756-a79f3f24c387 ] Request (ImagesNegativeTestJSON:test_create_image_from_deleted_server): 200 GET http://10.180.1.21/compute/v2.1/servers/4a66e727-8ebe-4e50-82d4-0033cfc9c43d 0.215s
2025-04-15 20:14:10.240 70976 INFO tempest.lib.common.rest_client [req-8e8c9bcb-e9f4-4360-b4c2-2f215e0c8ce6 req-8e8c9bcb-e9f4-4360-b4c2-2f215e0c8ce6 ] Request (ListServerFiltersTestJSON:tearDownClass): 200 GET http://10.180.1.21/compute/v2.1/servers/e10b7f46-6fa8-49e4-89a1-6fbf3c2ca87d 0.239s
2025-04-15 20:14:10.281 70984 INFO tempest.lib.common.rest_client [req-a733b699-1397-4498-be6a-f2809fb23fa3 req-a733b699-1397-4498-be6a-f2809fb23fa3 ] Request (ServerActionsTestOtherB:test_resize_server_confirm_from_stopped): 200 GET http://10.180.1.21/compute/v2.1/servers/265f116d-1cdf-4201-a90e-6a3cb4ea8ece 0.381s
2025-04-15 20:14:10.291 70997 INFO tempest.lib.common.rest_client [req-77a0eabd-e562-4d8a-a418-f3333ae575f0 req-77a0eabd-e562-4d8a-a418-f3333ae575f0 ] Request (ServerRescueTestJSONUnderV235:setUpClass): 200 GET http://10.180.1.21/compute/v2.1/servers/7eeadfd6-9b43-442f-a8ff-e46819987e49 0.271s
2025-04-15 20:14:10.353 70944 INFO tempest.lib.common.rest_client [req-3a3d425c-3119-47ec-a4e7-a7f1c43248d0 req-3a3d425c-3119-47ec-a4e7-a7f1c43248d0 ] Request (FloatingIPsAssociationTestJSON:test_associate_already_associated_floating_ip): 200 GET http://10.180.1.21/compute/v2.1/servers/564fbf12-311d-4fd5-b1f5-b13349652a11 0.281s
2025-04-15 20:14:10.373 70950 INFO tempest.lib.common.rest_client [req-af5aad62-d5ef-4076-94c5-56d892b3051e req-af5aad62-d5ef-4076-94c5-56d892b3051e ] Request (ServersWithSpecificFlavorTestJSON:test_verify_created_server_ephemeral_disk): 200 GET http://10.180.1.21/compute/v2.1/servers/e7c32bb6-4dee-49b0-be18-54a34bc2aa0a 0.158s
2025-04-15 20:14:10.438 70956 INFO tempest.lib.common.rest_client [req-b623a0a0-cd35-463b-b90a-917e0f657639 req-b623a0a0-cd35-463b-b90a-917e0f657639 ] Request (ServerPasswordTestJSON:setUpClass): 200 GET http://10.180.1.21/compute/v2.1/servers/c017cae6-1944-4b86-ac91-48702e470dfc 0.135s
2025-04-15 20:14:10.453 70994 INFO tempest.lib.common.rest_client [req-f8d52c7d-1ba2-49ad-ad39-d6e3fbe3e490 req-f8d52c7d-1ba2-49ad-ad39-d6e3fbe3e490 ] Request (ListImageFiltersTestJSON:tearDownClass): 200 GET http://10.180.1.21/compute/v2.1/servers/2326608f-ae29-49b0-847a-d8eee0560304 0.222s
2025-04-15 20:14:10.481 70978 INFO tempest.lib.common.rest_client [req-6ea03246-df38-4735-81a9-961fdcfd4b26 req-6ea03246-df38-4735-81a9-961fdcfd4b26 ] Request (ImagesOneServerNegativeTestJSON:setUpClass): 201 POST http://10.180.1.21:9696/networking/v2.0/subnets 0.384s
2025-04-15 20:14:10.535 70960 INFO tempest.lib.common.rest_client [req-fcc4bbf0-0f1d-4072-a576-9fa55cf9a761 req-fcc4bbf0-0f1d-4072-a576-9fa55cf9a761 ] Request (ImagesOneServerTestJSON:setUpClass): 200 GET http://10.180.1.21/compute/v2.1/servers/c3450bab-3a34-4201-8a5a-f2f5ea38f95f 0.141s
2025-04-15 20:14:10.563 70962 INFO tempest.lib.common.rest_client [req-b4e783c9-975a-42c5-8800-33e15efb5b8f req-b4e783c9-975a-42c5-8800-33e15efb5b8f ] Request (SecurityGroupsTestJSON:test_server_security_groups): 200 GET http://10.180.1.21/compute/v2.1/servers/dfd7bf2f-a2c0-4508-9719-675d47bd3de1 0.245s
2025-04-15 20:14:10.630 70954 INFO tempest.lib.common.rest_client [req-08cac7fa-c86e-4a7e-a6c9-408b50aad3a4 req-08cac7fa-c86e-4a7e-a6c9-408b50aad3a4 ] Request (ServersTestManualDisk:setUpClass): 200 GET http://10.180.1.21/compute/v2.1/servers/453938ed-f1cb-43b4-83c2-6f6c85832a33 0.158s
2025-04-15 20:14:10.744 70988 INFO tempest.lib.common.rest_client [req-467a87d8-95d4-454f-87fc-564238bd3977 req-467a87d8-95d4-454f-87fc-564238bd3977 ] Request (ServerMetadataNegativeTestJSON:setUpClass): 200 PUT http://10.180.1.21:9696/networking/v2.0/routers/7eb396e5-6464-4d60-9751-45b7e57f7766/add_router_interface 2.097s
2025-04-15 20:14:10.744 70988 INFO tempest.lib.common.dynamic_creds [-] Created isolated network resources for: credentials: Credentials: {'domain_id': 'default', 'domain_name': 'Default', 'username': 'tempest-ServerMetadataNegativeTestJSON-705584658-project-member', 'project_domain_id': 'default', 'project_domain_name': 'Default', 'project_id': '71b619daa8ed4fcf98013e31318aa3f9', 'project_name': 'tempest-ServerMetadataNegativeTestJSON-705584658', 'tenant_id': '71b619daa8ed4fcf98013e31318aa3f9', 'tenant_name': 'tempest-ServerMetadataNegativeTestJSON-705584658', 'user_domain_id': 'default', 'user_domain_name': 'Default', 'user_id': 'bc30425e4ced49958b34dfdf3d378ccf', 'system': None}, Network: {'id': '401f3f73-f77a-4099-8f50-9d26548cda72', 'name': 'tempest-ServerMetadataNegativeTestJSON-956695439-network', 'tenant_id': '71b619daa8ed4fcf98013e31318aa3f9', 'admin_state_up': True, 'mtu': 8950, 'status': 'ACTIVE', 'subnets': [], 'shared': False, 'project_id': '71b619daa8ed4fcf98013e31318aa3f9', 'port_security_enabled': True, 'router:external': False, 'provider:network_type': 'vlan', 'provider:physical_network': 'default', 'provider:segmentation_id': 392, 'is_default': False, 'availability_zone_hints': [], 'availability_zones': [], 'ipv4_address_scope': None, 'ipv6_address_scope': None, 'description': '', 'tags': [], 'created_at': '2025-04-15T20:14:06Z', 'updated_at': '2025-04-15T20:14:06Z', 'revision_number': 1}, Subnet: {'id': '58606dfa-6e35-4ff8-b34c-e0978272c0fd', 'name': 'tempest-ServerMetadataNegativeTestJSON-956695439-subnet', 'tenant_id': '71b619daa8ed4fcf98013e31318aa3f9', 'network_id': '401f3f73-f77a-4099-8f50-9d26548cda72', 'ip_version': 4, 'subnetpool_id': None, 'enable_dhcp': True, 'ipv6_ra_mode': None, 'ipv6_address_mode': None, 'gateway_ip': '192.168.128.1', 'cidr': '192.168.128.0/28', 'allocation_pools': [{'start': '192.168.128.2', 'end': '192.168.128.14'}], 'host_routes': [], 'dns_nameservers': [], 'description': '', 'router:external': False, 'service_types': [], 'tags': [], 'created_at': '2025-04-15T20:14:06Z', 'updated_at': '2025-04-15T20:14:06Z', 'revision_number': 0, 'project_id': '71b619daa8ed4fcf98013e31318aa3f9'}, Router: {'id': '7eb396e5-6464-4d60-9751-45b7e57f7766', 'name': 'tempest-ServerMetadataNegativeTestJSON-956695439-router', 'tenant_id': '71b619daa8ed4fcf98013e31318aa3f9', 'admin_state_up': True, 'status': 'ACTIVE', 'external_gateway_info': {'network_id': '77785a5c-b779-4ee1-9799-59fee8d22872', 'external_fixed_ips': [{'subnet_id': 'f1d26f54-f908-440a-9b2d-26db05f55891', 'ip_address': '10.180.180.145'}], 'enable_snat': True}, 'description': '', 'availability_zones': [], 'distributed': False, 'ha': False, 'availability_zone_hints': [], 'routes': [], 'flavor_id': None, 'tags': [], 'created_at': '2025-04-15T20:14:07Z', 'updated_at': '2025-04-15T20:14:08Z', 'revision_number': 2, 'project_id': '71b619daa8ed4fcf98013e31318aa3f9'}
2025-04-15 20:14:10.857 70988 INFO tempest.lib.common.rest_client [req-a39394ee-5803-47fe-b1c2-2167b29267f8 req-a39394ee-5803-47fe-b1c2-2167b29267f8 ] Request (ServerMetadataNegativeTestJSON:setUpClass): 201 POST http://10.180.1.21/identity/v3/auth/tokens 0.109s
2025-04-15 20:14:10.858 70988 WARNING tempest.lib.common.rest_client [-] Deprecated: "tenant_id" property is deprecated for removal, use "project_id" instead
2025-04-15 20:14:10.889 70988 INFO tempest.lib.common.rest_client [req-ff5578ad-b2ca-4dd9-b18e-e6f319472f3b req-ff5578ad-b2ca-4dd9-b18e-e6f319472f3b ] Request (ServerMetadataNegativeTestJSON:setUpClass): 201 POST http://10.180.1.21/identity/v3/auth/tokens 0.027s
2025-04-15 20:14:10.890 70988 INFO tempest.lib.common.fixed_network [-] (ServerMetadataNegativeTestJSON:setUpClass) Found network {'id': '401f3f73-f77a-4099-8f50-9d26548cda72', 'name': 'tempest-ServerMetadataNegativeTestJSON-956695439-network', 'tenant_id': '71b619daa8ed4fcf98013e31318aa3f9', 'admin_state_up': True, 'mtu': 8950, 'status': 'ACTIVE', 'subnets': [], 'shared': False, 'project_id': '71b619daa8ed4fcf98013e31318aa3f9', 'port_security_enabled': True, 'router:external': False, 'provider:network_type': 'vlan', 'provider:physical_network': 'default', 'provider:segmentation_id': 392, 'is_default': False, 'availability_zone_hints': [], 'availability_zones': [], 'ipv4_address_scope': None, 'ipv6_address_scope': None, 'description': '', 'tags': [], 'created_at': '2025-04-15T20:14:06Z', 'updated_at': '2025-04-15T20:14:06Z', 'revision_number': 1} available for tenant
2025-04-15 20:14:10.911 70972 INFO tempest.lib.common.rest_client [req-203043f8-4bc8-4d41-8dff-6a4de67cd5b6 req-203043f8-4bc8-4d41-8dff-6a4de67cd5b6 ] Request (ListServersNegativeTestJSON:setUpClass): 200 GET http://10.180.1.21/compute/v2.1/servers/18c63efb-6b85-4802-af43-955db8bb3fd0 0.181s
2025-04-15 20:14:10.943 70958 INFO tempest.lib.common.rest_client [req-e162bbfa-20b3-47b3-ae0a-629113732969 req-e162bbfa-20b3-47b3-ae0a-629113732969 ] Request (InstanceActionsNegativeTestJSON:setUpClass): 200 GET http://10.180.1.21/compute/v2.1/servers/4f7039a4-f012-4c3b-875d-86e6a3a29170 0.054s
2025-04-15 20:14:11.011 70952 INFO tempest.lib.common.rest_client [req-24ca79b7-006d-4b02-a477-6e2b0f2c789e req-24ca79b7-006d-4b02-a477-6e2b0f2c789e ] Request (ServersTestMultiNic:test_verify_duplicate_network_nics): 200 GET http://10.180.1.21/compute/v2.1/servers/085f5a90-e982-4ad5-8d81-5302994ee1ee 0.060s
2025-04-15 20:14:11.075 70990 INFO tempest.lib.common.rest_client [req-f971bb71-80ec-443a-a266-4d993c2a452f req-f971bb71-80ec-443a-a266-4d993c2a452f ] Request (ServerDiskConfigTestJSON:test_resize_server_from_auto_to_manual): 200 GET http://10.180.1.21/compute/v2.1/servers/cae8ad8e-ae95-4d27-9379-e1aa64db3916 0.075s
2025-04-15 20:14:11.199 70940 WARNING tempest.lib.common.ssh [-] Failed to establish authenticated ssh connection to cirros@10.180.180.215 ([Errno None] Unable to connect to port 22 on 10.180.180.215). Number attempts: 3. Retry after 4 seconds.: paramiko.ssh_exception.NoValidConnectionsError: [Errno None] Unable to connect to port 22 on 10.180.180.215
2025-04-15 20:14:11.287 70964 INFO tempest.lib.common.rest_client [req-42a6d618-70ba-44bc-8c54-de3a69a27a6d req-42a6d618-70ba-44bc-8c54-de3a69a27a6d ] Request (ServersAdminTestJSON:test_create_server_with_scheduling_hint): 200 GET http://10.180.1.21/compute/v2.1/servers/7521efba-e1a0-43ef-9d28-f91158a2541a 0.280s
2025-04-15 20:14:11.346 70980 INFO tempest.lib.common.rest_client [req-d343ae74-d066-4dff-bd1d-0efa7d92df3f req-d343ae74-d066-4dff-bd1d-0efa7d92df3f ] Request (MigrationsAdminTest:test_resize_server_revert_deleted_flavor): 200 GET http://10.180.1.21/compute/v2.1/servers/06883e8b-247a-4ba2-b0ae-6b7a917550f5 0.289s
2025-04-15 20:14:11.416 70982 INFO tempest.lib.common.rest_client [req-149d99ae-cf41-4478-87b6-1053a5a708b4 req-149d99ae-cf41-4478-87b6-1053a5a708b4 ] Request (ImagesTestJSON:test_create_server_from_snapshot): 200 GET http://10.180.1.21/compute/v2.1/servers/14f951b8-d2e2-43fd-aac1-32ae71aa20f0 0.312s
2025-04-15 20:14:11.443 70948 INFO tempest.lib.common.rest_client [req-95da0f95-c815-4b52-ab2c-1704f38c50d8 req-95da0f95-c815-4b52-ab2c-1704f38c50d8 ] Request (ServerTagsTestJSON:tearDownClass): 404 GET http://10.180.1.21/compute/v2.1/servers/0f089c7f-cc99-48d0-ad4e-e6326aaeb7a5 0.337s
2025-04-15 20:14:11.461 70938 INFO tempest.lib.common.rest_client [req-5dd441de-b1dd-4463-9251-3b4b0b95688a req-5dd441de-b1dd-4463-9251-3b4b0b95688a ] Request (ImagesNegativeTestJSON:test_create_image_from_deleted_server): 404 GET http://10.180.1.21/compute/v2.1/servers/4a66e727-8ebe-4e50-82d4-0033cfc9c43d 0.272s
2025-04-15 20:14:11.534 70976 INFO tempest.lib.common.rest_client [req-31a371da-a8c9-49dc-a6b8-c56bacf243d9 req-31a371da-a8c9-49dc-a6b8-c56bacf243d9 ] Request (ListServerFiltersTestJSON:tearDownClass): 200 GET http://10.180.1.21/compute/v2.1/servers/e10b7f46-6fa8-49e4-89a1-6fbf3c2ca87d 0.284s
2025-04-15 20:14:11.688 70988 INFO tempest.lib.common.rest_client [req-010053a8-5867-4c1d-8243-caa3f6c1dfd7 req-010053a8-5867-4c1d-8243-caa3f6c1dfd7 ] Request (ServerMetadataNegativeTestJSON:setUpClass): 202 POST http://10.180.1.21/compute/v2.1/servers 0.797s
2025-04-15 20:14:11.776 70997 INFO tempest.lib.common.rest_client [req-b0611a7a-20aa-439e-ba58-5377b0be6e5c req-b0611a7a-20aa-439e-ba58-5377b0be6e5c ] Request (ServerRescueTestJSONUnderV235:setUpClass): 200 GET http://10.180.1.21/compute/v2.1/servers/7eeadfd6-9b43-442f-a8ff-e46819987e49 0.472s
2025-04-15 20:14:11.810 70978 INFO tempest.lib.common.rest_client [req-70fde2bb-fd7e-4e25-aac0-d36f7b552bc7 req-70fde2bb-fd7e-4e25-aac0-d36f7b552bc7 ] Request (ImagesOneServerNegativeTestJSON:setUpClass): 201 POST http://10.180.1.21:9696/networking/v2.0/routers 1.328s
2025-04-15 20:14:11.814 70984 INFO tempest.lib.common.rest_client [req-92244343-37ab-4b00-9d82-c7e70fa78194 req-92244343-37ab-4b00-9d82-c7e70fa78194 ] Request (ServerActionsTestOtherB:test_resize_server_confirm_from_stopped): 200 GET http://10.180.1.21/compute/v2.1/servers/265f116d-1cdf-4201-a90e-6a3cb4ea8ece 0.518s
2025-04-15 20:14:11.838 70944 INFO tempest.lib.common.rest_client [req-077b9b39-0710-4da2-b87a-57db7c7e4e73 req-077b9b39-0710-4da2-b87a-57db7c7e4e73 ] Request (FloatingIPsAssociationTestJSON:test_associate_already_associated_floating_ip): 200 GET http://10.180.1.21/compute/v2.1/servers/564fbf12-311d-4fd5-b1f5-b13349652a11 0.474s
2025-04-15 20:14:11.898 70950 INFO tempest.lib.common.rest_client [req-f42f3180-2d6f-4ded-b30a-69bfba9168c9 req-f42f3180-2d6f-4ded-b30a-69bfba9168c9 ] Request (ServersWithSpecificFlavorTestJSON:test_verify_created_server_ephemeral_disk): 200 GET http://10.180.1.21/compute/v2.1/servers/e7c32bb6-4dee-49b0-be18-54a34bc2aa0a 0.516s
2025-04-15 20:14:11.923 70938 INFO tempest.lib.common.rest_client [req-b761bc36-41ee-46c6-a779-fcf5b95da332 req-b761bc36-41ee-46c6-a779-fcf5b95da332 ] Request (ImagesNegativeTestJSON:test_create_image_from_deleted_server): 404 POST http://10.180.1.21/compute/v2.1/servers/4a66e727-8ebe-4e50-82d4-0033cfc9c43d/action 0.461s
2025-04-15 20:14:11.927 70956 INFO tempest.lib.common.rest_client [req-a019abf9-d5ac-4fae-a168-abaee0f73d90 req-a019abf9-d5ac-4fae-a168-abaee0f73d90 ] Request (ServerPasswordTestJSON:setUpClass): 200 GET http://10.180.1.21/compute/v2.1/servers/c017cae6-1944-4b86-ac91-48702e470dfc 0.478s
2025-04-15 20:14:12.002 70994 INFO tempest.lib.common.rest_client [req-d0d26c1d-9ea9-476e-95d0-5af5f137c111 req-d0d26c1d-9ea9-476e-95d0-5af5f137c111 ] Request (ListImageFiltersTestJSON:tearDownClass): 200 GET http://10.180.1.21/compute/v2.1/servers/2326608f-ae29-49b0-847a-d8eee0560304 0.532s
2025-04-15 20:14:12.019 70960 INFO tempest.lib.common.rest_client [req-e28cfa5e-79bc-46dc-8166-9bff999be2b1 req-e28cfa5e-79bc-46dc-8166-9bff999be2b1 ] Request (ImagesOneServerTestJSON:setUpClass): 200 GET http://10.180.1.21/compute/v2.1/servers/c3450bab-3a34-4201-8a5a-f2f5ea38f95f 0.473s
2025-04-15 20:14:12.063 70974 WARNING tempest.lib.common.ssh [-] Failed to establish authenticated ssh connection to cirros@10.180.180.235 ([Errno None] Unable to connect to port 22 on 10.180.180.235). Number attempts: 5. Retry after 6 seconds.: paramiko.ssh_exception.NoValidConnectionsError: [Errno None] Unable to connect to port 22 on 10.180.180.235
2025-04-15 20:14:12.065 70986 INFO paramiko.transport [-] Connected (version 2.0, client dropbear_2020.81)
2025-04-15 20:14:12.073 70962 INFO tempest.lib.common.rest_client [req-ef6df3de-8c36-4a88-a42e-5910cec7a8c8 req-ef6df3de-8c36-4a88-a42e-5910cec7a8c8 ] Request (SecurityGroupsTestJSON:test_server_security_groups): 200 GET http://10.180.1.21/compute/v2.1/servers/dfd7bf2f-a2c0-4508-9719-675d47bd3de1 0.499s
2025-04-15 20:14:12.082 70954 INFO tempest.lib.common.rest_client [req-5062ba60-0759-43b6-944f-a98e2142bb0b req-5062ba60-0759-43b6-944f-a98e2142bb0b ] Request (ServersTestManualDisk:setUpClass): 200 GET http://10.180.1.21/compute/v2.1/servers/453938ed-f1cb-43b4-83c2-6f6c85832a33 0.440s
2025-04-15 20:14:12.132 70986 INFO paramiko.transport [-] Authentication (publickey) successful!
2025-04-15 20:14:12.132 70986 INFO tempest.lib.common.ssh [-] ssh connection to cirros@10.180.180.201 successfully created
2025-04-15 20:14:12.136 70988 INFO tempest.lib.common.rest_client [req-e7398508-10e5-4175-b6b1-e03cadb324a0 req-e7398508-10e5-4175-b6b1-e03cadb324a0 ] Request (ServerMetadataNegativeTestJSON:setUpClass): 200 GET http://10.180.1.21/compute/v2.1/servers/0feaafde-7f27-408d-bd31-3aed3c9f4d93 0.447s
2025-04-15 20:14:12.145 70938 INFO tempest.lib.common.rest_client [req-17a02659-e0bd-4547-8074-7ed098a86f64 req-17a02659-e0bd-4547-8074-7ed098a86f64 ] Request (ImagesNegativeTestJSON:test_create_image_from_invalid_server): 404 POST http://10.180.1.21/compute/v2.1/servers/tempest-invalid-1017280037/action 0.219s
2025-04-15 20:14:12.216 70958 INFO tempest.lib.common.rest_client [req-ec1e4511-f45c-42e7-b578-4d45c8cf5c08 req-ec1e4511-f45c-42e7-b578-4d45c8cf5c08 ] Request (InstanceActionsNegativeTestJSON:setUpClass): 200 GET http://10.180.1.21/compute/v2.1/servers/4f7039a4-f012-4c3b-875d-86e6a3a29170 0.263s
2025-04-15 20:14:12.281 70952 INFO tempest.lib.common.rest_client [req-a42f0f8c-d5c5-4d77-af4d-3ec46461c467 req-a42f0f8c-d5c5-4d77-af4d-3ec46461c467 ] Request (ServersTestMultiNic:test_verify_duplicate_network_nics): 200 GET http://10.180.1.21/compute/v2.1/servers/085f5a90-e982-4ad5-8d81-5302994ee1ee 0.258s
2025-04-15 20:14:12.306 70972 INFO tempest.lib.common.rest_client [req-5778b503-f3c5-4feb-be58-c96907755055 req-5778b503-f3c5-4feb-be58-c96907755055 ] Request (ListServersNegativeTestJSON:setUpClass): 200 GET http://10.180.1.21/compute/v2.1/servers/18c63efb-6b85-4802-af43-955db8bb3fd0 0.387s
2025-04-15 20:14:12.378 70990 INFO tempest.lib.common.rest_client [req-1954dd13-571f-4ca9-b1c9-d0b17fc39569 req-1954dd13-571f-4ca9-b1c9-d0b17fc39569 ] Request (ServerDiskConfigTestJSON:test_resize_server_from_auto_to_manual): 200 GET http://10.180.1.21/compute/v2.1/servers/cae8ad8e-ae95-4d27-9379-e1aa64db3916 0.293s
