2025-04-15 20:42:18.632 68207 INFO tempest.lib.common.rest_client [req-12052692-8b8b-4484-a945-4755a3b62304 req-12052692-8b8b-4484-a945-4755a3b62304 ] Request (FloatingIPDetailsTestJSON:tearDownClass): 202 DELETE http://10.180.1.21/compute/v2.1/os-floating-ips/0eacc9b2-ed10-4a4a-891d-f9cc03e5d61f 2.513s
2025-04-15 20:42:18.634 68189 INFO tempest.lib.common.rest_client [req-feee8cec-5150-40ac-86f8-fbd94b49d983 req-feee8cec-5150-40ac-86f8-fbd94b49d983 ] Request (ServersTestJSON:setUpClass): 200 GET http://10.180.1.21/compute/v2.1/servers/b8aa46e2-728a-4ff9-bc4f-5cbd0a9e43e1 1.608s
2025-04-15 20:42:18.638 68181 INFO tempest.lib.common.rest_client [req-e036560b-c891-4d58-9dc5-47ec739e1847 req-e036560b-c891-4d58-9dc5-47ec739e1847 ] Request (AttachInterfacesUnderV243Test:setUpClass): 201 POST http://10.180.1.21/identity/v3/auth/tokens 0.072s
2025-04-15 20:42:18.658 68237 INFO tempest.lib.common.rest_client [req-26d21a8a-0188-436e-b67f-d23e00eeb8a9 req-26d21a8a-0188-436e-b67f-d23e00eeb8a9 ] Request (SecurityGroupsTestAdminJSON:setUpClass): 201 POST http://10.180.1.21/identity/v3/users 0.065s
2025-04-15 20:42:18.666 68181 INFO tempest.lib.common.rest_client [req-e722b8ae-fa84-48e7-aa43-cd1e394c49c3 req-e722b8ae-fa84-48e7-aa43-cd1e394c49c3 ] Request (AttachInterfacesUnderV243Test:setUpClass): 200 GET http://10.180.1.21/identity/v3/domains?name=Default 0.027s
2025-04-15 20:42:18.679 68237 INFO tempest.lib.common.rest_client [req-ce2dc2d0-24c7-4a59-bff8-9239d1108df1 req-ce2dc2d0-24c7-4a59-bff8-9239d1108df1 ] Request (SecurityGroupsTestAdminJSON:setUpClass): 200 GET http://10.180.1.21/identity/v3/roles 0.020s
2025-04-15 20:42:18.696 68181 INFO tempest.lib.common.rest_client [req-eb479989-4d30-44af-b236-5692fd82931b req-eb479989-4d30-44af-b236-5692fd82931b ] Request (AttachInterfacesUnderV243Test:setUpClass): 201 POST http://10.180.1.21/identity/v3/projects 0.030s
2025-04-15 20:42:18.708 68227 INFO tempest.lib.common.rest_client [req-b97fd3b4-c6ec-40b6-8522-5d4b12b965d8 req-b97fd3b4-c6ec-40b6-8522-5d4b12b965d8 ] Request (ServersAaction247Test:test_create_backup): 200 GET http://10.180.1.21/compute/v2.1/servers/5cdef8c3-ecd4-4338-b2e6-a8910e3c52ff 1.564s
2025-04-15 20:42:18.715 68237 INFO tempest.lib.common.rest_client [req-2cc57dcb-af26-4008-a4ef-8d6cd2019ca3 req-2cc57dcb-af26-4008-a4ef-8d6cd2019ca3 ] Request (SecurityGroupsTestAdminJSON:setUpClass): 204 PUT http://10.180.1.21/identity/v3/projects/07ddc46de91945d18300169980849daa/users/6f4dfb2f44f146b3b9bea1bde9d03c58/roles/71d0af4483704a179c1a6e525070512b 0.036s
2025-04-15 20:42:18.771 68237 INFO tempest.lib.common.rest_client [req-1739c5be-bdb8-41b3-a29f-3e8089892f8c req-1739c5be-bdb8-41b3-a29f-3e8089892f8c ] Request (SecurityGroupsTestAdminJSON:setUpClass): 200 GET http://10.180.1.21/identity/v3/roles 0.055s
2025-04-15 20:42:18.785 68181 INFO tempest.lib.common.rest_client [req-4b6b32c1-9a75-4c8a-9b34-247fa6c55f66 req-4b6b32c1-9a75-4c8a-9b34-247fa6c55f66 ] Request (AttachInterfacesUnderV243Test:setUpClass): 201 POST http://10.180.1.21/identity/v3/users 0.088s
2025-04-15 20:42:18.792 68237 INFO tempest.lib.common.rest_client [req-9c098374-d3c2-4917-9e15-8cd892312841 req-9c098374-d3c2-4917-9e15-8cd892312841 ] Request (SecurityGroupsTestAdminJSON:setUpClass): 204 PUT http://10.180.1.21/identity/v3/projects/07ddc46de91945d18300169980849daa/users/6f4dfb2f44f146b3b9bea1bde9d03c58/roles/71d0af4483704a179c1a6e525070512b 0.021s
2025-04-15 20:42:18.793 68237 INFO tempest.lib.common.dynamic_creds [-] Dynamic test user 6f4dfb2f44f146b3b9bea1bde9d03c58 is created with scope project and roles: ['admin']
2025-04-15 20:42:18.793 68237 INFO tempest.lib.common.dynamic_creds [-] Acquired dynamic creds: credentials: Credentials: {'domain_id': 'default', 'domain_name': 'Default', 'username': 'tempest-SecurityGroupsTestAdminJSON-1800511077-project-admin', 'project_domain_id': 'default', 'project_domain_name': 'Default', 'project_id': '07ddc46de91945d18300169980849daa', 'project_name': 'tempest-SecurityGroupsTestAdminJSON-1800511077', 'tenant_id': '07ddc46de91945d18300169980849daa', 'tenant_name': 'tempest-SecurityGroupsTestAdminJSON-1800511077', 'user_domain_id': 'default', 'user_domain_name': 'Default', 'user_id': '6f4dfb2f44f146b3b9bea1bde9d03c58', 'system': None}, Network: None, Subnet: None, Router: None
2025-04-15 20:42:18.793 68237 INFO tempest.lib.common.dynamic_creds [-] Created isolated network resources for: credentials: Credentials: {'domain_id': 'default', 'domain_name': 'Default', 'username': 'tempest-SecurityGroupsTestAdminJSON-1800511077-project-admin', 'project_domain_id': 'default', 'project_domain_name': 'Default', 'project_id': '07ddc46de91945d18300169980849daa', 'project_name': 'tempest-SecurityGroupsTestAdminJSON-1800511077', 'tenant_id': '07ddc46de91945d18300169980849daa', 'tenant_name': 'tempest-SecurityGroupsTestAdminJSON-1800511077', 'user_domain_id': 'default', 'user_domain_name': 'Default', 'user_id': '6f4dfb2f44f146b3b9bea1bde9d03c58', 'system': None}, Network: None, Subnet: None, Router: None
2025-04-15 20:42:18.837 68181 INFO tempest.lib.common.rest_client [req-f74b72c5-056e-4ba9-8113-2230a24cd469 req-f74b72c5-056e-4ba9-8113-2230a24cd469 ] Request (AttachInterfacesUnderV243Test:setUpClass): 200 GET http://10.180.1.21/identity/v3/roles 0.051s
2025-04-15 20:42:18.869 68181 INFO tempest.lib.common.rest_client [req-8131037e-bc81-4a83-ac81-2eb28d15febc req-8131037e-bc81-4a83-ac81-2eb28d15febc ] Request (AttachInterfacesUnderV243Test:setUpClass): 204 PUT http://10.180.1.21/identity/v3/projects/72f26542d56e4e198a5f63814da33e40/users/92e5e99aa17647318ebaa428a41a5c65/roles/13efe969c2064e668fd8e0776d222b3c 0.031s
2025-04-15 20:42:18.869 68181 INFO tempest.lib.common.dynamic_creds [-] Dynamic test user 92e5e99aa17647318ebaa428a41a5c65 is created with scope project and roles: ['member']
2025-04-15 20:42:18.869 68181 INFO tempest.lib.common.dynamic_creds [-] Acquired dynamic creds: credentials: Credentials: {'domain_id': 'default', 'domain_name': 'Default', 'username': 'tempest-AttachInterfacesUnderV243Test-1747987963-project-member', 'project_domain_id': 'default', 'project_domain_name': 'Default', 'project_id': '72f26542d56e4e198a5f63814da33e40', 'project_name': 'tempest-AttachInterfacesUnderV243Test-1747987963', 'tenant_id': '72f26542d56e4e198a5f63814da33e40', 'tenant_name': 'tempest-AttachInterfacesUnderV243Test-1747987963', 'user_domain_id': 'default', 'user_domain_name': 'Default', 'user_id': '92e5e99aa17647318ebaa428a41a5c65', 'system': None}, Network: None, Subnet: None, Router: None
2025-04-15 20:42:18.884 68237 INFO tempest.lib.common.rest_client [req-8b4df492-1f73-4e21-bd84-14c46b36153d req-8b4df492-1f73-4e21-bd84-14c46b36153d ] Request (SecurityGroupsTestAdminJSON:setUpClass): 201 POST http://10.180.1.21/identity/v3/auth/tokens 0.088s
2025-04-15 20:42:18.934 68181 INFO tempest.lib.common.rest_client [req-22b9ced9-f778-42b3-bf23-0c3b09cdf7cd req-22b9ced9-f778-42b3-bf23-0c3b09cdf7cd ] Request (AttachInterfacesUnderV243Test:setUpClass): 201 POST http://10.180.1.21/identity/v3/auth/tokens 0.065s
2025-04-15 20:42:19.167 68235 INFO tempest.lib.common.rest_client [req-22681299-b880-4d77-854b-abd8b5805743 req-22681299-b880-4d77-854b-abd8b5805743 ] Request (ServerAddressesTestJSON:setUpClass): 200 PUT http://10.180.1.21:9696/networking/v2.0/routers/a03b8ac1-98eb-4f24-88c0-628b547be9bb/add_router_interface 1.881s
2025-04-15 20:42:19.167 68235 INFO tempest.lib.common.dynamic_creds [-] Created isolated network resources for: credentials: Credentials: {'domain_id': 'default', 'domain_name': 'Default', 'username': 'tempest-ServerAddressesTestJSON-1960767209-project-member', 'project_domain_id': 'default', 'project_domain_name': 'Default', 'project_id': '4c0c4c6afa5e482a9ca87ad131f4e349', 'project_name': 'tempest-ServerAddressesTestJSON-1960767209', 'tenant_id': '4c0c4c6afa5e482a9ca87ad131f4e349', 'tenant_name': 'tempest-ServerAddressesTestJSON-1960767209', 'user_domain_id': 'default', 'user_domain_name': 'Default', 'user_id': 'e4d829bd0a39435a89dd273fb507757d', 'system': None}, Network: {'id': '46db3ed9-17eb-43bf-b392-f2dd0d09b90d', 'name': 'tempest-ServerAddressesTestJSON-1050731464-network', 'tenant_id': '4c0c4c6afa5e482a9ca87ad131f4e349', 'admin_state_up': True, 'mtu': 8950, 'status': 'ACTIVE', 'subnets': [], 'shared': False, 'project_id': '4c0c4c6afa5e482a9ca87ad131f4e349', 'port_security_enabled': True, 'router:external': False, 'provider:network_type': 'vlan', 'provider:physical_network': 'default', 'provider:segmentation_id': 699, 'is_default': False, 'availability_zone_hints': [], 'availability_zones': [], 'ipv4_address_scope': None, 'ipv6_address_scope': None, 'description': '', 'tags': [], 'created_at': '2025-04-15T20:42:15Z', 'updated_at': '2025-04-15T20:42:15Z', 'revision_number': 1}, Subnet: {'id': '625756a4-9c89-41f5-b38b-7c17ed06e99d', 'name': 'tempest-ServerAddressesTestJSON-1050731464-subnet', 'tenant_id': '4c0c4c6afa5e482a9ca87ad131f4e349', 'network_id': '46db3ed9-17eb-43bf-b392-f2dd0d09b90d', 'ip_version': 4, 'subnetpool_id': None, 'enable_dhcp': True, 'ipv6_ra_mode': None, 'ipv6_address_mode': None, 'gateway_ip': '192.168.128.1', 'cidr': '192.168.128.0/28', 'allocation_pools': [{'start': '192.168.128.2', 'end': '192.168.128.14'}], 'host_routes': [], 'dns_nameservers': [], 'description': '', 'service_types': [], 'tags': [], 'created_at': '2025-04-15T20:42:15Z', 'updated_at': '2025-04-15T20:42:15Z', 'revision_number': 0, 'project_id': '4c0c4c6afa5e482a9ca87ad131f4e349'}, Router: {'id': 'a03b8ac1-98eb-4f24-88c0-628b547be9bb', 'name': 'tempest-ServerAddressesTestJSON-1050731464-router', 'tenant_id': '4c0c4c6afa5e482a9ca87ad131f4e349', 'admin_state_up': True, 'status': 'ACTIVE', 'external_gateway_info': {'network_id': 'd0dde4dc-3984-4997-8d65-6f958be3d9b5', 'external_fixed_ips': [{'subnet_id': '4b5c5d62-288f-4d55-96d8-6e30a0aefb89', 'ip_address': '10.180.180.140'}], 'enable_snat': True}, 'description': '', 'availability_zones': [], 'distributed': False, 'ha': False, 'availability_zone_hints': [], 'routes': [], 'flavor_id': None, 'tags': [], 'created_at': '2025-04-15T20:42:16Z', 'updated_at': '2025-04-15T20:42:16Z', 'revision_number': 2, 'project_id': '4c0c4c6afa5e482a9ca87ad131f4e349'}
2025-04-15 20:42:19.207 68203 INFO tempest.lib.common.rest_client [req-14a3ca71-5c94-427c-a9f7-19e2dc8dc2b2 req-14a3ca71-5c94-427c-a9f7-19e2dc8dc2b2 ] Request (ServersAdminTestJSON:setUpClass): 202 POST http://10.180.1.21/compute/v2.1/servers 2.006s
2025-04-15 20:42:19.253 68235 INFO tempest.lib.common.rest_client [req-09a630cd-5bf7-4157-bfb7-b911d7cf4c28 req-09a630cd-5bf7-4157-bfb7-b911d7cf4c28 ] Request (ServerAddressesTestJSON:setUpClass): 201 POST http://10.180.1.21/identity/v3/auth/tokens 0.079s
2025-04-15 20:42:19.294 68235 INFO tempest.lib.common.rest_client [req-c2473eac-cfa4-47b4-be98-f028276a211d req-c2473eac-cfa4-47b4-be98-f028276a211d ] Request (ServerAddressesTestJSON:setUpClass): 201 POST http://10.180.1.21/identity/v3/auth/tokens 0.034s
2025-04-15 20:42:19.295 68235 INFO tempest.lib.common.fixed_network [-] (ServerAddressesTestJSON:setUpClass) Found network {'id': '46db3ed9-17eb-43bf-b392-f2dd0d09b90d', 'name': 'tempest-ServerAddressesTestJSON-1050731464-network', 'tenant_id': '4c0c4c6afa5e482a9ca87ad131f4e349', 'admin_state_up': True, 'mtu': 8950, 'status': 'ACTIVE', 'subnets': [], 'shared': False, 'project_id': '4c0c4c6afa5e482a9ca87ad131f4e349', 'port_security_enabled': True, 'router:external': False, 'provider:network_type': 'vlan', 'provider:physical_network': 'default', 'provider:segmentation_id': 699, 'is_default': False, 'availability_zone_hints': [], 'availability_zones': [], 'ipv4_address_scope': None, 'ipv6_address_scope': None, 'description': '', 'tags': [], 'created_at': '2025-04-15T20:42:15Z', 'updated_at': '2025-04-15T20:42:15Z', 'revision_number': 1} available for tenant
2025-04-15 20:42:19.393 68181 INFO tempest.lib.common.rest_client [req-7b05adad-4dfe-4712-a179-4a0dd4f4101f req-7b05adad-4dfe-4712-a179-4a0dd4f4101f ] Request (AttachInterfacesUnderV243Test:setUpClass): 201 POST http://10.180.1.21:9696/networking/v2.0/networks 0.459s
2025-04-15 20:42:19.489 68177 INFO tempest.lib.common.rest_client [req-5997da76-5363-4f3b-a4b5-55ce7b4200e2 req-5997da76-5363-4f3b-a4b5-55ce7b4200e2 ] Request (TenantUsagesTestJSON:setUpClass): 200 GET http://10.180.1.21/compute/v2.1/servers/2256af1c-4ff8-46b9-b568-c25ce8886e5f 2.096s
2025-04-15 20:42:19.497 68191 INFO tempest.lib.common.rest_client [req-d8626e5f-8a43-4ebd-9be0-a622c7713b51 req-d8626e5f-8a43-4ebd-9be0-a622c7713b51 ] Request (ServersTestBootFromVolume:setUpClass): 202 POST http://10.180.1.21/compute/v2.1/servers 2.359s
2025-04-15 20:42:19.563 68195 INFO tempest.lib.common.rest_client [req-70a2030a-1698-44ed-b057-0e4bb058679a req-70a2030a-1698-44ed-b057-0e4bb058679a ] Request (ServerMetadataNegativeTestJSON:setUpClass): 200 GET http://10.180.1.21/compute/v2.1/servers/6520080a-8bf1-4803-9099-87c3ba6e28e4 2.064s
2025-04-15 20:42:19.680 68181 INFO tempest.lib.common.rest_client [req-e957672d-bc88-40b5-8c52-d3dcfe05be9b req-e957672d-bc88-40b5-8c52-d3dcfe05be9b ] Request (AttachInterfacesUnderV243Test:setUpClass): 201 POST http://10.180.1.21:9696/networking/v2.0/subnets 0.286s
2025-04-15 20:42:19.714 68199 INFO tempest.lib.common.rest_client [req-cec2bb83-b6f4-4329-b751-88f550c25da6 req-cec2bb83-b6f4-4329-b751-88f550c25da6 ] Request (ServerExternalEventsTest:test_create_server_external_events): 200 GET http://10.180.1.21/compute/v2.1/servers/3e67c74f-5c03-4dc4-a23b-b547bfb32b4a 1.894s
2025-04-15 20:42:19.726 68179 INFO tempest.lib.common.rest_client [req-23703428-aa9e-48f2-a9ad-f811035c1a21 req-23703428-aa9e-48f2-a9ad-f811035c1a21 ] Request (ImagesOneServerNegativeTestJSON:setUpClass): 200 GET http://10.180.1.21/compute/v2.1/servers/2f69fae8-d060-4156-8880-071f5ee1f969 2.086s
2025-04-15 20:42:19.876 68207 INFO tempest.lib.common.rest_client [req-17c0cbdc-5fa8-492a-a431-47c7884adaf8 req-17c0cbdc-5fa8-492a-a431-47c7884adaf8 ] Request (FloatingIPDetailsTestJSON:tearDownClass): 200 PUT http://10.180.1.21:9696/networking/v2.0/routers/3a3f63a5-2bc8-42f9-b5ae-fcc118b1eea2/remove_router_interface 1.243s
2025-04-15 20:42:19.902 68221 INFO tempest.lib.common.rest_client [req-b4ebf11f-eef6-429a-933a-80202d91967d req-b4ebf11f-eef6-429a-933a-80202d91967d ] Request (QuotasAdminNegativeTest:_run_cleanups): 200 PUT http://10.180.1.21/compute/v2.1/os-quota-sets/9d0128f9d3a043d7971e8faeb2bc83ea 2.035s
2025-04-15 20:42:19.904 68175 INFO tempest.lib.common.rest_client [req-d897e2ad-8cd0-4989-b897-ef40eea0752f req-d897e2ad-8cd0-4989-b897-ef40eea0752f ] Request (MigrationsAdminTest:test_list_migrations_in_flavor_resize_situation): 200 GET http://10.180.1.21/compute/v2.1/servers/0d074bfa-7d3d-4e69-b544-36e7d9f79483 1.944s
2025-04-15 20:42:19.972 68225 INFO tempest.lib.common.rest_client [req-a0111e42-c42d-4bb4-b094-514692dad6ee req-a0111e42-c42d-4bb4-b094-514692dad6ee ] Request (AttachInterfacesTestJSON:test_create_list_show_delete_interfaces_by_fixed_ip): 200 GET http://10.180.1.21/compute/v2.1/servers/a2a5e9bc-da8b-42df-9f5f-caf70d72cc0b 1.927s
2025-04-15 20:42:20.114 68205 INFO tempest.lib.common.rest_client [req-df4bcca6-d78a-4db8-bbea-0b46a1bc976a req-df4bcca6-d78a-4db8-bbea-0b46a1bc976a ] Request (ServerDiagnosticsNegativeTest:test_get_server_diagnostics_by_non_admin): 200 GET http://10.180.1.21/compute/v2.1/servers/043c631c-bf15-4b4c-9a92-49ea51b6d405 1.916s
2025-04-15 20:42:20.172 68213 INFO tempest.lib.common.rest_client [req-cad6d9cb-b9a3-40b5-809d-ec1897ad096d req-cad6d9cb-b9a3-40b5-809d-ec1897ad096d ] Request (ServersWithSpecificFlavorTestJSON:test_verify_created_server_ephemeral_disk): 200 GET http://10.180.1.21/compute/v2.1/servers/63254807-dead-415e-bdf6-e85780248d8f 2.185s
2025-04-15 20:42:20.179 68233 INFO tempest.lib.common.rest_client [req-85da1a3f-fcf0-496c-b54a-3792c0bb9e99 req-85da1a3f-fcf0-496c-b54a-3792c0bb9e99 ] Request (ServersAdmin275Test:test_rebuild_update_server_275): 200 GET http://10.180.1.21/compute/v2.1/servers/61f9c4d7-0e4f-4d1d-af9d-ceb0aac42cd3 1.900s
2025-04-15 20:42:20.218 68193 INFO tempest.lib.common.rest_client [req-59694f64-dd83-43b9-b870-efdb962247d5 req-59694f64-dd83-43b9-b870-efdb962247d5 ] Request (KeyPairsNegativeTestJSON:test_keypair_create_with_invalid_pub_key): 400 POST http://10.180.1.21/compute/v2.1/os-keypairs 1.881s
2025-04-15 20:42:20.240 68211 INFO tempest.lib.common.rest_client [req-45aa8b26-fa59-4141-a982-54a028ca323b req-45aa8b26-fa59-4141-a982-54a028ca323b ] Request (ServerGroupTestJSON:test_create_delete_server_group_with_anti_affinity_policy): 200 POST http://10.180.1.21/compute/v2.1/os-server-groups 1.908s
2025-04-15 20:42:20.350 68231 INFO tempest.lib.common.rest_client [req-379a3f9e-ca25-4ddb-935f-3e25f07260fd req-379a3f9e-ca25-4ddb-935f-3e25f07260fd ] Request (FlavorsAccessNegativeTestJSON:test_flavor_non_admin_remove): 200 POST http://10.180.1.21/compute/v2.1/flavors/165314429/action 1.994s
2025-04-15 20:42:20.351 68209 INFO tempest.lib.common.rest_client [req-90a5d240-1797-4b2d-b1c9-16a266600c2d req-90a5d240-1797-4b2d-b1c9-16a266600c2d ] Request (HostsAdminNegativeTestJSON:test_startup_host_with_non_admin_user): 403 GET http://10.180.1.21/compute/v2.1/os-hosts/devstack/startup 1.988s
2025-04-15 20:42:20.373 68185 INFO tempest.lib.common.rest_client [req-e3f15c36-2f21-44e1-89ee-187bf53acfcb req-e3f15c36-2f21-44e1-89ee-187bf53acfcb ] Request (FlavorsExtraSpecsNegativeTestJSON:test_flavor_non_admin_update_specific_key): 200 POST http://10.180.1.21/compute/v2.1/flavors/116039014/os-extra_specs 2.004s
2025-04-15 20:42:20.393 68183 INFO tempest.lib.common.rest_client [req-8f08d15b-8c6c-4493-8923-1d866521ef1d req-8f08d15b-8c6c-4493-8923-1d866521ef1d ] Request (AggregatesAdminNegativeTestJSON:test_aggregate_delete_as_user): 200 POST http://10.180.1.21/compute/v2.1/os-aggregates 1.999s
2025-04-15 20:42:20.403 68197 INFO tempest.lib.common.rest_client [req-05dfbe60-1c3a-4260-9b62-6f3f4e2220cc req-05dfbe60-1c3a-4260-9b62-6f3f4e2220cc ] Request (FlavorsV2TestJSON:test_list_flavors_filter_by_min_ram): 200 GET http://10.180.1.21/compute/v2.1/flavors/42 1.986s
2025-04-15 20:42:20.408 68219 INFO tempest.lib.common.rest_client [req-19557435-b09b-4002-9476-5f5497d11dfa req-19557435-b09b-4002-9476-5f5497d11dfa ] Request (DeleteServersAdminTestJSON:test_admin_delete_servers_of_others): 200 GET http://10.180.1.21/compute/v2.1/servers/d9e47a83-7921-4cf6-ba99-fb705bc52e4a 2.057s
2025-04-15 20:42:20.535 68201 INFO tempest.lib.common.rest_client [req-66623a84-daaf-4867-8440-e8646e783013 req-66623a84-daaf-4867-8440-e8646e783013 ] Request (QuotasAdminTestV257:test_get_updated_quotas): 200 PUT http://10.180.1.21/compute/v2.1/os-quota-sets/a3476aef14e2417288ecc8c341027190?user_id=42481840c2e84fcc9a789dccfa484df1 1.973s
2025-04-15 20:42:20.589 68207 INFO tempest.lib.common.rest_client [req-5f9fe809-bd1a-49ba-8d1e-272c3cdf7b5c req-5f9fe809-bd1a-49ba-8d1e-272c3cdf7b5c ] Request (FloatingIPDetailsTestJSON:tearDownClass): 204 DELETE http://10.180.1.21:9696/networking/v2.0/routers/3a3f63a5-2bc8-42f9-b5ae-fcc118b1eea2 0.712s
2025-04-15 20:42:20.629 68229 INFO tempest.lib.common.rest_client [req-e10eefbb-c543-45f2-9f9f-e52b1a798898 req-e10eefbb-c543-45f2-9f9f-e52b1a798898 ] Request (FloatingIPsAssociationTestJSON:setUpClass): 200 GET http://10.180.1.21/compute/v2.1/servers/30d52736-4195-4767-89e0-8572dc96de29 2.162s
2025-04-15 20:42:20.684 68215 INFO tempest.lib.common.rest_client [req-e9c9c4ae-756e-4cfc-a651-e329fa27cc3d req-e9c9c4ae-756e-4cfc-a651-e329fa27cc3d ] Request (VolumesAssistedSnapshotsTest:test_volume_assisted_snapshot_create_delete): 200 GET http://10.180.1.21/compute/v2.1/servers/c1bcede0-cb1a-4647-aed8-a77ed7eb2d8e 1.725s
2025-04-15 20:42:20.814 68223 INFO tempest.lib.common.rest_client [req-b7effcb6-08ca-497c-9dc3-79dcd20a93e3 req-b7effcb6-08ca-497c-9dc3-79dcd20a93e3 ] Request (ServerMetadataTestJSON:setUpClass): 200 GET http://10.180.1.21/compute/v2.1/servers/96f86f1d-a1cb-4ec7-b72e-9cf41ff6e4e5 1.666s
2025-04-15 20:42:20.866 68203 INFO tempest.lib.common.rest_client [req-67e97b3e-88bc-42fa-a51e-aac4ff54b3f2 req-67e97b3e-88bc-42fa-a51e-aac4ff54b3f2 ] Request (ServersAdminTestJSON:setUpClass): 200 GET http://10.180.1.21/compute/v2.1/servers/194fe3b9-366e-4489-9b1f-2adf2a8ac6ee 1.657s
2025-04-15 20:42:21.025 68181 INFO tempest.lib.common.rest_client [req-6599b945-5d80-4b88-85bd-b9cf4c59e288 req-6599b945-5d80-4b88-85bd-b9cf4c59e288 ] Request (AttachInterfacesUnderV243Test:setUpClass): 201 POST http://10.180.1.21:9696/networking/v2.0/routers 1.343s
2025-04-15 20:42:21.033 68207 INFO tempest.lib.common.rest_client [req-66cb3105-eca2-4e1b-9eb8-866157782c98 req-66cb3105-eca2-4e1b-9eb8-866157782c98 ] Request (FloatingIPDetailsTestJSON:tearDownClass): 204 DELETE http://10.180.1.21:9696/networking/v2.0/subnets/af377836-c61a-4a86-838b-7c0b770874f9 0.444s
2025-04-15 20:42:21.218 68237 INFO tempest.lib.common.rest_client [req-8e1dca6a-4e2e-415e-a54e-6aeb8ffbd8fa req-8e1dca6a-4e2e-415e-a54e-6aeb8ffbd8fa ] Request (SecurityGroupsTestAdminJSON:test_list_security_groups_list_all_tenants_filter): 200 POST http://10.180.1.21/compute/v2.1/os-security-groups 2.333s
2025-04-15 20:42:21.305 68187 INFO tempest.lib.common.rest_client [req-074aecf1-2024-47df-aceb-db12109bc478 req-074aecf1-2024-47df-aceb-db12109bc478 ] Request (ListImageFiltersTestJSON:setUpClass): 200 GET http://10.180.1.21/compute/v2.1/servers/2eb8d698-9436-4e91-bd10-5f5200415144 1.816s
2025-04-15 20:42:21.328 68235 INFO tempest.lib.common.rest_client [req-64b6f36b-2c03-4c72-8c06-10aca793c471 req-64b6f36b-2c03-4c72-8c06-10aca793c471 ] Request (ServerAddressesTestJSON:setUpClass): 202 POST http://10.180.1.21/compute/v2.1/servers 2.033s
2025-04-15 20:42:21.379 68191 INFO tempest.lib.common.rest_client [req-8f26ff7f-7264-48e3-8ded-49b4bdb57968 req-8f26ff7f-7264-48e3-8ded-49b4bdb57968 ] Request (ServersTestBootFromVolume:setUpClass): 200 GET http://10.180.1.21/compute/v2.1/servers/bac538d8-3dda-4851-8aa3-d60bae70b6ff 1.879s
2025-04-15 20:42:21.445 68227 INFO tempest.lib.common.rest_client [req-cabd8132-d5d7-4bb5-9a31-8749c652fcf3 req-cabd8132-d5d7-4bb5-9a31-8749c652fcf3 ] Request (ServersAaction247Test:test_create_backup): 200 GET http://10.180.1.21/compute/v2.1/servers/5cdef8c3-ecd4-4338-b2e6-a8910e3c52ff 1.721s
2025-04-15 20:42:21.448 68189 INFO tempest.lib.common.rest_client [req-c7e706e4-4866-4027-a8c0-2a2cb84d7506 req-c7e706e4-4866-4027-a8c0-2a2cb84d7506 ] Request (ServersTestJSON:setUpClass): 200 GET http://10.180.1.21/compute/v2.1/servers/b8aa46e2-728a-4ff9-bc4f-5cbd0a9e43e1 1.802s
2025-04-15 20:42:21.465 68193 INFO tempest.lib.common.rest_client [req-d04cc408-85b6-4a41-b8f3-39e225501ee5 req-d04cc408-85b6-4a41-b8f3-39e225501ee5 ] Request (KeyPairsNegativeTestJSON:test_keypair_delete_nonexistent_key): 404 DELETE http://10.180.1.21/compute/v2.1/os-keypairs/tempest-keypair-non-existent-295947710 1.246s
2025-04-15 20:42:21.493 68211 INFO tempest.lib.common.rest_client [req-986c599e-2555-4452-8f6b-4c09269a65d7 req-986c599e-2555-4452-8f6b-4c09269a65d7 ] Request (ServerGroupTestJSON:test_create_delete_server_group_with_anti_affinity_policy): 204 DELETE http://10.180.1.21/compute/v2.1/os-server-groups/b649c2d0-576b-4991-913d-3e665b4005cb 1.251s
2025-04-15 20:42:21.498 68231 INFO tempest.lib.common.rest_client [req-9eacbc32-7631-446e-b319-ceac32a47928 req-9eacbc32-7631-446e-b319-ceac32a47928 ] Request (FlavorsAccessNegativeTestJSON:test_flavor_non_admin_remove): 403 POST http://10.180.1.21/compute/v2.1/flavors/165314429/action 1.147s
2025-04-15 20:42:21.502 68221 INFO tempest.lib.common.rest_client [req-39243dad-f78e-4ea6-bade-3c12f6aa6e81 req-39243dad-f78e-4ea6-bade-3c12f6aa6e81 ] Request (QuotasAdminNegativeTest:test_create_server_when_instances_quota_is_full): 200 GET http://10.180.1.21/compute/v2.1/os-quota-sets/9d0128f9d3a043d7971e8faeb2bc83ea 1.595s
2025-04-15 20:42:21.508 68209 INFO tempest.lib.common.rest_client [req-b621a947-3d20-45c1-9fc0-73716a0f16a0 req-b621a947-3d20-45c1-9fc0-73716a0f16a0 ] Request (HostsAdminNegativeTestJSON:test_startup_nonexistent_host): 404 GET http://10.180.1.21/compute/v2.1/os-hosts/nonexistent_hostname/startup 1.155s
2025-04-15 20:42:21.511 68183 INFO tempest.lib.common.rest_client [req-7f4ddadc-1d8d-48b2-b9ae-6ed988895463 req-7f4ddadc-1d8d-48b2-b9ae-6ed988895463 ] Request (AggregatesAdminNegativeTestJSON:test_aggregate_delete_as_user): 403 DELETE http://10.180.1.21/compute/v2.1/os-aggregates/5 1.116s
2025-04-15 20:42:21.517 68185 INFO tempest.lib.common.rest_client [req-776377ad-59c1-4e41-bfb9-3c52e0735939 req-776377ad-59c1-4e41-bfb9-3c52e0735939 ] Request (FlavorsExtraSpecsNegativeTestJSON:test_flavor_non_admin_update_specific_key): 403 PUT http://10.180.1.21/compute/v2.1/flavors/116039014/os-extra_specs/hw:numa_nodes 1.143s
2025-04-15 20:42:21.541 68197 INFO tempest.lib.common.rest_client [req-b0ff272e-be49-425b-b4f3-decbdcdea120 req-b0ff272e-be49-425b-b4f3-decbdcdea120 ] Request (FlavorsV2TestJSON:test_list_flavors_filter_by_min_ram): 200 GET http://10.180.1.21/compute/v2.1/flavors?minRam=129 1.136s
2025-04-15 20:42:21.554 68193 INFO tempest.lib.common.rest_client [req-4df3678a-9b7f-4b0e-8376-29d8ee8a0cdf req-4df3678a-9b7f-4b0e-8376-29d8ee8a0cdf ] Request (KeyPairsNegativeTestJSON:tearDownClass): 204 DELETE http://10.180.1.21/identity/v3/users/3315f66f7d1b4498be37d217b164cea7 0.087s
2025-04-15 20:42:21.554 68193 INFO tempest.lib.common.dynamic_creds [-] Deleting project and security group for project: 32d7638ce4ef48419b0cd58ab8d44b63
2025-04-15 20:42:21.612 68193 INFO tempest.lib.common.rest_client [req-3926c9f7-6cfa-4cce-b6cf-58e452fc8143 req-3926c9f7-6cfa-4cce-b6cf-58e452fc8143 ] Request (KeyPairsNegativeTestJSON:tearDownClass): 201 POST http://10.180.1.21/identity/v3/auth/tokens 0.058s
2025-04-15 20:42:21.657 68201 INFO tempest.lib.common.rest_client [req-26de81f0-612c-4a34-8954-9f42e9d17917 req-26de81f0-612c-4a34-8954-9f42e9d17917 ] Request (QuotasAdminTestV257:test_get_updated_quotas): 200 GET http://10.180.1.21/compute/v2.1/os-quota-sets/a3476aef14e2417288ecc8c341027190?user_id=42481840c2e84fcc9a789dccfa484df1 1.120s
2025-04-15 20:42:21.723 68195 INFO tempest.lib.common.rest_client [req-62341143-4e65-42e0-85d5-05ffb7a1450f req-62341143-4e65-42e0-85d5-05ffb7a1450f ] Request (ServerMetadataNegativeTestJSON:setUpClass): 200 GET http://10.180.1.21/compute/v2.1/servers/6520080a-8bf1-4803-9099-87c3ba6e28e4 1.152s
2025-04-15 20:42:21.752 68201 INFO tempest.lib.common.rest_client [req-431d608a-350e-4a4d-a885-ade8fdb0f51b req-431d608a-350e-4a4d-a885-ade8fdb0f51b ] Request (QuotasAdminTestV257:_run_cleanups): 204 DELETE http://10.180.1.21/identity/v3/users/42481840c2e84fcc9a789dccfa484df1 0.093s
2025-04-15 20:42:21.772 68207 INFO tempest.lib.common.rest_client [req-409bf3ff-11e3-4c43-8229-7177377731c3 req-409bf3ff-11e3-4c43-8229-7177377731c3 ] Request (FloatingIPDetailsTestJSON:tearDownClass): 204 DELETE http://10.180.1.21:9696/networking/v2.0/networks/44104e16-570f-45e0-a56a-78695e44e742 0.738s
2025-04-15 20:42:21.838 68177 INFO tempest.lib.common.rest_client [req-546450ca-3559-4212-8f42-dbf84be86bf1 req-546450ca-3559-4212-8f42-dbf84be86bf1 ] Request (TenantUsagesTestJSON:setUpClass): 200 GET http://10.180.1.21/compute/v2.1/servers/2256af1c-4ff8-46b9-b568-c25ce8886e5f 1.341s
2025-04-15 20:42:21.847 68193 INFO tempest.lib.common.rest_client [req-ba0c9598-ea77-413f-b42b-d3e72423c6c0 req-ba0c9598-ea77-413f-b42b-d3e72423c6c0 ] Request (KeyPairsNegativeTestJSON:tearDownClass): 200 GET http://10.180.1.21:9696/networking/v2.0/security-groups?tenant_id=32d7638ce4ef48419b0cd58ab8d44b63&name=default 0.235s
2025-04-15 20:42:21.859 68201 INFO tempest.lib.common.rest_client [req-f7fd11f2-b47a-450b-a2ee-f2035cada64e req-f7fd11f2-b47a-450b-a2ee-f2035cada64e ] Request (QuotasAdminTestV257:_run_cleanups): 204 DELETE http://10.180.1.21/identity/v3/projects/a3476aef14e2417288ecc8c341027190 0.106s
2025-04-15 20:42:21.864 68199 INFO tempest.lib.common.rest_client [req-f530779b-64d8-4f46-a0c3-3e0e932ffc80 req-f530779b-64d8-4f46-a0c3-3e0e932ffc80 ] Request (ServerExternalEventsTest:test_create_server_external_events): 200 GET http://10.180.1.21/compute/v2.1/servers/3e67c74f-5c03-4dc4-a23b-b547bfb32b4a 1.142s
2025-04-15 20:42:21.955 68207 INFO tempest.lib.common.rest_client [req-b5186649-f95d-42b8-923d-2d0f23fa8304 req-b5186649-f95d-42b8-923d-2d0f23fa8304 ] Request (FloatingIPDetailsTestJSON:tearDownClass): 204 DELETE http://10.180.1.21/identity/v3/users/3fb680dae3324943870b793d166c2654 0.182s
2025-04-15 20:42:21.955 68207 INFO tempest.lib.common.dynamic_creds [-] Deleting project and security group for project: 574a78a5c6a347f4ab13789ffaa078f6
2025-04-15 20:42:21.982 68175 INFO tempest.lib.common.rest_client [req-80868615-91f9-4157-b1fe-24a57031b67c req-80868615-91f9-4157-b1fe-24a57031b67c ] Request (MigrationsAdminTest:test_list_migrations_in_flavor_resize_situation): 200 GET http://10.180.1.21/compute/v2.1/servers/0d074bfa-7d3d-4e69-b544-36e7d9f79483 1.069s
2025-04-15 20:42:21.988 68207 INFO tempest.lib.common.rest_client [req-e36ca4a3-e1a1-4e14-a0c4-15adb5a25b0b req-e36ca4a3-e1a1-4e14-a0c4-15adb5a25b0b ] Request (FloatingIPDetailsTestJSON:tearDownClass): 200 GET http://10.180.1.21:9696/networking/v2.0/security-groups?tenant_id=574a78a5c6a347f4ab13789ffaa078f6&name=default 0.032s
2025-04-15 20:42:22.012 68179 INFO tempest.lib.common.rest_client [req-412b50d7-b4e5-4f46-81e8-088f8cb6c38f req-412b50d7-b4e5-4f46-81e8-088f8cb6c38f ] Request (ImagesOneServerNegativeTestJSON:setUpClass): 200 GET http://10.180.1.21/compute/v2.1/servers/2f69fae8-d060-4156-8880-071f5ee1f969 1.273s
2025-04-15 20:42:22.037 68201 INFO tempest.lib.common.rest_client [req-05d3f2f8-e915-4360-934a-dbf145444075 req-05d3f2f8-e915-4360-934a-dbf145444075 ] Request (QuotasAdminTestV257:tearDownClass): 204 DELETE http://10.180.1.21/identity/v3/users/6133e8bb31bb42d284dee951f9c6bd19 0.169s
2025-04-15 20:42:22.055 68225 INFO tempest.lib.common.rest_client [req-aee29218-de83-4be0-970d-3d44006b8c3f req-aee29218-de83-4be0-970d-3d44006b8c3f ] Request (AttachInterfacesTestJSON:test_create_list_show_delete_interfaces_by_fixed_ip): 200 GET http://10.180.1.21/compute/v2.1/servers/a2a5e9bc-da8b-42df-9f5f-caf70d72cc0b 1.074s
2025-04-15 20:42:22.076 68207 INFO tempest.lib.common.rest_client [req-2e22a0fb-6749-4c2e-98ba-c6b3e0b75415 req-2e22a0fb-6749-4c2e-98ba-c6b3e0b75415 ] Request (FloatingIPDetailsTestJSON:tearDownClass): 204 DELETE http://10.180.1.21:9696/networking/v2.0/security-groups/dd110353-3494-48aa-8371-c085cb284a67 0.088s
2025-04-15 20:42:22.079 68217 INFO tempest.lib.common.rest_client [req-a077ac4f-0966-435c-8f04-0e2ea535171b req-a077ac4f-0966-435c-8f04-0e2ea535171b ] Request (QuotasAdminTestJSON:test_delete_quota): 200 GET http://10.180.1.21/identity/v3/domains?name=Default 0.201s
2025-04-15 20:42:22.082 68193 INFO tempest.lib.common.rest_client [req-5be54a0f-abd3-4b83-8085-648472c13375 req-5be54a0f-abd3-4b83-8085-648472c13375 ] Request (KeyPairsNegativeTestJSON:tearDownClass): 204 DELETE http://10.180.1.21:9696/networking/v2.0/security-groups/940f8b67-0b50-419f-93bf-9e5237dbbeb5 0.234s
2025-04-15 20:42:22.111 68213 INFO tempest.lib.common.rest_client [req-67426d06-e654-4b2b-871c-12f0a11a2178 req-67426d06-e654-4b2b-871c-12f0a11a2178 ] Request (ServersWithSpecificFlavorTestJSON:test_verify_created_server_ephemeral_disk): 200 GET http://10.180.1.21/compute/v2.1/servers/63254807-dead-415e-bdf6-e85780248d8f 0.928s
2025-04-15 20:42:22.134 68201 INFO tempest.lib.common.rest_client [req-01e3aa83-d674-453e-973d-37458e1cebfb req-01e3aa83-d674-453e-973d-37458e1cebfb ] Request (QuotasAdminTestV257:tearDownClass): 204 DELETE http://10.180.1.21/identity/v3/users/9f6b9a01f5064bb8990f91a94493d472 0.096s
2025-04-15 20:42:22.134 68201 INFO tempest.lib.common.dynamic_creds [-] Deleting project and security group for project: bedbf892d60442b085a3bf085f7d9cca
2025-04-15 20:42:22.165 68233 INFO tempest.lib.common.rest_client [req-441b1d76-00e9-4bd4-b320-1a45eca44e8b req-441b1d76-00e9-4bd4-b320-1a45eca44e8b ] Request (ServersAdmin275Test:test_rebuild_update_server_275): 200 GET http://10.180.1.21/compute/v2.1/servers/61f9c4d7-0e4f-4d1d-af9d-ceb0aac42cd3 0.974s
2025-04-15 20:42:22.177 68205 INFO tempest.lib.common.rest_client [req-d7935aa9-36d3-47f4-b8e7-fccaf8a98d97 req-d7935aa9-36d3-47f4-b8e7-fccaf8a98d97 ] Request (ServerDiagnosticsNegativeTest:test_get_server_diagnostics_by_non_admin): 200 GET http://10.180.1.21/compute/v2.1/servers/043c631c-bf15-4b4c-9a92-49ea51b6d405 1.055s
2025-04-15 20:42:22.212 68217 INFO tempest.lib.common.rest_client [req-04eb95de-ff88-43ef-93b6-1e2d8e005b94 req-04eb95de-ff88-43ef-93b6-1e2d8e005b94 ] Request (QuotasAdminTestJSON:test_delete_quota): 201 POST http://10.180.1.21/identity/v3/projects 0.133s
2025-04-15 20:42:22.242 68235 INFO tempest.lib.common.rest_client [req-bc3afcc3-ad11-4926-b972-940f6ef000f4 req-bc3afcc3-ad11-4926-b972-940f6ef000f4 ] Request (ServerAddressesTestJSON:setUpClass): 200 GET http://10.180.1.21/compute/v2.1/servers/d3019243-6b64-4d8f-87bb-ace791093969 0.912s
2025-04-15 20:42:22.254 68207 INFO tempest.lib.common.rest_client [req-828009ad-0107-483b-9e5b-76631083bb23 req-828009ad-0107-483b-9e5b-76631083bb23 ] Request (FloatingIPDetailsTestJSON:tearDownClass): 204 DELETE http://10.180.1.21/identity/v3/projects/574a78a5c6a347f4ab13789ffaa078f6 0.177s
2025-04-15 20:42:22.277 68237 INFO tempest.lib.common.rest_client [req-b1d73afb-1a3d-40ee-8e60-df1deb1dd5b2 req-b1d73afb-1a3d-40ee-8e60-df1deb1dd5b2 ] Request (SecurityGroupsTestAdminJSON:test_list_security_groups_list_all_tenants_filter): 200 POST http://10.180.1.21/compute/v2.1/os-security-groups 1.054s
2025-04-15 20:42:22.294 68211 INFO tempest.lib.common.rest_client [req-7708e822-4632-42f2-a770-c28da57e5ead req-7708e822-4632-42f2-a770-c28da57e5ead ] Request (ServerGroupTestJSON:test_create_delete_server_group_with_anti_affinity_policy): 200 GET http://10.180.1.21/compute/v2.1/os-server-groups 0.801s
2025-04-15 20:42:22.317 68201 INFO tempest.lib.common.rest_client [req-d57e3f0a-3a46-4008-a7c5-53da2266a30e req-d57e3f0a-3a46-4008-a7c5-53da2266a30e ] Request (QuotasAdminTestV257:tearDownClass): 201 POST http://10.180.1.21/identity/v3/auth/tokens 0.182s
2025-04-15 20:42:22.365 68193 INFO tempest.lib.common.rest_client [req-fb75c3d7-1063-4a61-9412-7e212cb3de3b req-fb75c3d7-1063-4a61-9412-7e212cb3de3b ] Request (KeyPairsNegativeTestJSON:tearDownClass): 204 DELETE http://10.180.1.21/identity/v3/projects/32d7638ce4ef48419b0cd58ab8d44b63 0.282s
2025-04-15 20:42:22.374 68219 INFO tempest.lib.common.rest_client [req-6f71120b-ae53-4b52-a436-11bc0319bb05 req-6f71120b-ae53-4b52-a436-11bc0319bb05 ] Request (DeleteServersAdminTestJSON:test_admin_delete_servers_of_others): 200 GET http://10.180.1.21/compute/v2.1/servers/d9e47a83-7921-4cf6-ba99-fb705bc52e4a 0.952s
2025-04-15 20:42:22.407 68217 INFO tempest.lib.common.rest_client [req-fbaa1b49-f827-41ca-8e06-886bd5af3faa req-fbaa1b49-f827-41ca-8e06-886bd5af3faa ] Request (QuotasAdminTestJSON:test_delete_quota): 200 GET http://10.180.1.21/identity/v3/domains?name=Default 0.194s
2025-04-15 20:42:22.432 68207 INFO tempest.lib.common.rest_client [req-3b8a3e25-e498-43eb-aef0-0c184c0481f1 req-3b8a3e25-e498-43eb-aef0-0c184c0481f1 ] Request (ImagesDeleteNegativeTestJSON:setUpClass): 201 POST http://10.180.1.21/identity/v3/auth/tokens 0.176s
2025-04-15 20:42:22.466 68211 INFO tempest.lib.common.rest_client [req-85cc21ab-efdf-4024-99b8-fb256374a650 req-85cc21ab-efdf-4024-99b8-fb256374a650 ] Request (ServerGroupTestJSON:test_create_server_with_scheduler_hint_group): 201 POST http://10.180.1.21/identity/v3/auth/tokens 0.165s
2025-04-15 20:42:22.467 68211 INFO tempest.lib.common.fixed_network [-] (ServerGroupTestJSON:test_create_server_with_scheduler_hint_group) Found network {'id': '79398bf6-318b-441c-8875-e235428b638c', 'name': 'tempest-ServerGroupTestJSON-65922915-network', 'tenant_id': 'f50ca0b5409f4d2486115ab875b95bf0', 'admin_state_up': True, 'mtu': 8950, 'status': 'ACTIVE', 'subnets': [], 'shared': False, 'project_id': 'f50ca0b5409f4d2486115ab875b95bf0', 'port_security_enabled': True, 'router:external': False, 'provider:network_type': 'vlan', 'provider:physical_network': 'default', 'provider:segmentation_id': 858, 'is_default': False, 'availability_zone_hints': [], 'availability_zones': [], 'ipv4_address_scope': None, 'ipv6_address_scope': None, 'description': '', 'tags': [], 'created_at': '2025-04-15T20:41:40Z', 'updated_at': '2025-04-15T20:41:40Z', 'revision_number': 1} available for tenant
2025-04-15 20:42:22.491 68193 INFO tempest.lib.common.rest_client [req-c4c0d3b1-19d5-46a2-b660-a6a747198e4d req-c4c0d3b1-19d5-46a2-b660-a6a747198e4d ] Request (MultipleCreateNegativeTestJSON:setUpClass): 201 POST http://10.180.1.21/identity/v3/auth/tokens 0.124s
2025-04-15 20:42:22.524 68207 INFO tempest.lib.common.rest_client [req-8d3741dc-68e2-4abf-9100-f8faaa3f732e req-8d3741dc-68e2-4abf-9100-f8faaa3f732e ] Request (ImagesDeleteNegativeTestJSON:setUpClass): 201 POST http://10.180.1.21/identity/v3/auth/tokens 0.090s
2025-04-15 20:42:22.584 68201 INFO tempest.lib.common.rest_client [req-fb641511-4adc-4406-b964-fba97be693af req-fb641511-4adc-4406-b964-fba97be693af ] Request (QuotasAdminTestV257:tearDownClass): 200 GET http://10.180.1.21:9696/networking/v2.0/security-groups?tenant_id=bedbf892d60442b085a3bf085f7d9cca&name=default 0.267s
2025-04-15 20:42:22.620 68231 INFO tempest.lib.common.rest_client [req-8924c73c-06db-4342-8029-530f623884a5 req-8924c73c-06db-4342-8029-530f623884a5 ] Request (FlavorsAccessNegativeTestJSON:_run_cleanups): 200 POST http://10.180.1.21/compute/v2.1/flavors/165314429/action 1.120s
2025-04-15 20:42:22.628 68193 INFO tempest.lib.common.rest_client [req-96aa4042-b845-4d96-bff0-fe581ecb5eeb req-96aa4042-b845-4d96-bff0-fe581ecb5eeb ] Request (MultipleCreateNegativeTestJSON:setUpClass): 201 POST http://10.180.1.21/identity/v3/auth/tokens 0.132s
2025-04-15 20:42:22.630 68209 INFO tempest.lib.common.rest_client [req-435f8431-0e48-40b5-8d5a-5acf1eaebc59 req-435f8431-0e48-40b5-8d5a-5acf1eaebc59 ] Request (HostsAdminNegativeTestJSON:test_update_host_with_invalid_maintenance_mode): 400 PUT http://10.180.1.21/compute/v2.1/os-hosts/devstack 1.120s
2025-04-15 20:42:22.634 68207 INFO tempest.lib.common.rest_client [req-ed81d35a-0c55-44b9-9748-9290484e13cb req-ed81d35a-0c55-44b9-9748-9290484e13cb ] Request (ImagesDeleteNegativeTestJSON:setUpClass): 200 GET http://10.180.1.21/identity/v3/domains?name=Default 0.109s
2025-04-15 20:42:22.655 68193 INFO tempest.lib.common.rest_client [req-8edceb34-a841-43d5-9d72-6f762299dc06 req-8edceb34-a841-43d5-9d72-6f762299dc06 ] Request (MultipleCreateNegativeTestJSON:setUpClass): 200 GET http://10.180.1.21/identity/v3/domains?name=Default 0.026s
2025-04-15 20:42:22.663 68183 INFO tempest.lib.common.rest_client [req-848cfb42-f35f-44b1-a6d9-35ab67beb7fb req-848cfb42-f35f-44b1-a6d9-35ab67beb7fb ] Request (AggregatesAdminNegativeTestJSON:_run_cleanups): 200 DELETE http://10.180.1.21/compute/v2.1/os-aggregates/5 1.151s
2025-04-15 20:42:22.670 68221 INFO tempest.lib.common.rest_client [req-009161c6-dae7-4ba4-9a83-a506424a82f1 req-009161c6-dae7-4ba4-9a83-a506424a82f1 ] Request (QuotasAdminNegativeTest:test_create_server_when_instances_quota_is_full): 200 PUT http://10.180.1.21/compute/v2.1/os-quota-sets/9d0128f9d3a043d7971e8faeb2bc83ea 1.166s
2025-04-15 20:42:22.671 68207 INFO tempest.lib.common.rest_client [req-6148ef7e-795a-451a-979c-c977a0b4ab4e req-6148ef7e-795a-451a-979c-c977a0b4ab4e ] Request (ImagesDeleteNegativeTestJSON:setUpClass): 201 POST http://10.180.1.21/identity/v3/projects 0.037s
2025-04-15 20:42:22.677 68185 INFO tempest.lib.common.rest_client [req-5ce0a632-ff1d-49ae-9090-4139f3472f54 req-5ce0a632-ff1d-49ae-9090-4139f3472f54 ] Request (FlavorsExtraSpecsNegativeTestJSON:test_flavor_unset_nonexistent_key): 404 DELETE http://10.180.1.21/compute/v2.1/flavors/116039014/os-extra_specs/hw:cpu_thread_policy 1.158s
2025-04-15 20:42:22.678 68201 INFO tempest.lib.common.rest_client [req-2042cd72-5c98-45ab-8cb9-dca344ca2352 req-2042cd72-5c98-45ab-8cb9-dca344ca2352 ] Request (QuotasAdminTestV257:tearDownClass): 204 DELETE http://10.180.1.21:9696/networking/v2.0/security-groups/8e107747-c73c-465d-a19f-22faa48fb587 0.093s
2025-04-15 20:42:22.684 68197 INFO tempest.lib.common.rest_client [req-21e402f0-48eb-4163-9122-1c2f0e5f45c5 req-21e402f0-48eb-4163-9122-1c2f0e5f45c5 ] Request (FlavorsV2TestJSON:test_list_flavors_limit_results): 200 GET http://10.180.1.21/compute/v2.1/flavors?limit=1 1.138s
2025-04-15 20:42:22.693 68193 INFO tempest.lib.common.rest_client [req-fda6dc8c-2504-4a3a-b58f-94e635263b57 req-fda6dc8c-2504-4a3a-b58f-94e635263b57 ] Request (MultipleCreateNegativeTestJSON:setUpClass): 201 POST http://10.180.1.21/identity/v3/projects 0.038s
2025-04-15 20:42:22.778 68207 INFO tempest.lib.common.rest_client [req-f35894b2-5a73-464b-b46e-677ce737b2f6 req-f35894b2-5a73-464b-b46e-677ce737b2f6 ] Request (ImagesDeleteNegativeTestJSON:setUpClass): 201 POST http://10.180.1.21/identity/v3/users 0.106s
2025-04-15 20:42:22.801 68229 INFO tempest.lib.common.rest_client [req-5e144a91-c9a4-4dee-aa4b-4a4e7cb9b6b8 req-5e144a91-c9a4-4dee-aa4b-4a4e7cb9b6b8 ] Request (FloatingIPsAssociationTestJSON:setUpClass): 200 GET http://10.180.1.21/compute/v2.1/servers/30d52736-4195-4767-89e0-8572dc96de29 1.164s
2025-04-15 20:42:22.803 68201 INFO tempest.lib.common.rest_client [req-c0597315-c4d7-4d51-ba48-356a782825dc req-c0597315-c4d7-4d51-ba48-356a782825dc ] Request (QuotasAdminTestV257:tearDownClass): 204 DELETE http://10.180.1.21/identity/v3/projects/bedbf892d60442b085a3bf085f7d9cca 0.124s
2025-04-15 20:42:22.803 68201 INFO tempest.lib.common.dynamic_creds [-] Deleting project and security group for project: a4afa5bb62b940f0ba04ed397cac8543
2025-04-15 20:42:22.828 68221 INFO tempest.lib.common.rest_client [req-c209eaa5-8d7e-4ab7-9b2f-8673bcb84010 req-c209eaa5-8d7e-4ab7-9b2f-8673bcb84010 ] Request (QuotasAdminNegativeTest:test_create_server_when_instances_quota_is_full): 201 POST http://10.180.1.21/identity/v3/auth/tokens 0.148s
2025-04-15 20:42:22.831 68221 INFO tempest.lib.common.fixed_network [-] (QuotasAdminNegativeTest:test_create_server_when_instances_quota_is_full) Found network None available for tenant
2025-04-15 20:42:22.860 68193 INFO tempest.lib.common.rest_client [req-edbcec42-57d8-478e-814b-b8dcb2f23112 req-edbcec42-57d8-478e-814b-b8dcb2f23112 ] Request (MultipleCreateNegativeTestJSON:setUpClass): 201 POST http://10.180.1.21/identity/v3/users 0.166s
2025-04-15 20:42:22.878 68207 INFO tempest.lib.common.rest_client [req-c50d520b-5d71-4b53-9c0a-f8bea491ed58 req-c50d520b-5d71-4b53-9c0a-f8bea491ed58 ] Request (ImagesDeleteNegativeTestJSON:setUpClass): 200 GET http://10.180.1.21/identity/v3/roles 0.100s
2025-04-15 20:42:22.878 68193 INFO tempest.lib.common.rest_client [req-c6a8e331-1df1-4098-b02c-2dc13ed60e48 req-c6a8e331-1df1-4098-b02c-2dc13ed60e48 ] Request (MultipleCreateNegativeTestJSON:setUpClass): 200 GET http://10.180.1.21/identity/v3/roles 0.018s
2025-04-15 20:42:22.905 68193 INFO tempest.lib.common.rest_client [req-69526c35-a47f-4dbd-a48f-0f3a158d1d2b req-69526c35-a47f-4dbd-a48f-0f3a158d1d2b ] Request (MultipleCreateNegativeTestJSON:setUpClass): 204 PUT http://10.180.1.21/identity/v3/projects/803ef64454a6438c9a75427f5fd3a6a2/users/05ec7f603d18493f8f10d5947584d363/roles/13efe969c2064e668fd8e0776d222b3c 0.026s
2025-04-15 20:42:22.905 68207 INFO tempest.lib.common.rest_client [req-46b637be-d8a7-467a-a1bb-f6a2e5bcaff6 req-46b637be-d8a7-467a-a1bb-f6a2e5bcaff6 ] Request (ImagesDeleteNegativeTestJSON:setUpClass): 204 PUT http://10.180.1.21/identity/v3/projects/968d7ea93b774c04b873ace8968b590b/users/6ea87e7ebb6641dc854c6b979d657deb/roles/13efe969c2064e668fd8e0776d222b3c 0.026s
2025-04-15 20:42:22.905 68193 INFO tempest.lib.common.dynamic_creds [-] Dynamic test user 05ec7f603d18493f8f10d5947584d363 is created with scope project and roles: ['member']
2025-04-15 20:42:22.905 68207 INFO tempest.lib.common.dynamic_creds [-] Dynamic test user 6ea87e7ebb6641dc854c6b979d657deb is created with scope project and roles: ['member']
2025-04-15 20:42:22.905 68193 INFO tempest.lib.common.dynamic_creds [-] Acquired dynamic creds: credentials: Credentials: {'domain_id': 'default', 'domain_name': 'Default', 'username': 'tempest-MultipleCreateNegativeTestJSON-335018271-project-member', 'project_domain_id': 'default', 'project_domain_name': 'Default', 'project_id': '803ef64454a6438c9a75427f5fd3a6a2', 'project_name': 'tempest-MultipleCreateNegativeTestJSON-335018271', 'tenant_id': '803ef64454a6438c9a75427f5fd3a6a2', 'tenant_name': 'tempest-MultipleCreateNegativeTestJSON-335018271', 'user_domain_id': 'default', 'user_domain_name': 'Default', 'user_id': '05ec7f603d18493f8f10d5947584d363', 'system': None}, Network: None, Subnet: None, Router: None
2025-04-15 20:42:22.905 68193 INFO tempest.lib.common.dynamic_creds [-] Created isolated network resources for: credentials: Credentials: {'domain_id': 'default', 'domain_name': 'Default', 'username': 'tempest-MultipleCreateNegativeTestJSON-335018271-project-member', 'project_domain_id': 'default', 'project_domain_name': 'Default', 'project_id': '803ef64454a6438c9a75427f5fd3a6a2', 'project_name': 'tempest-MultipleCreateNegativeTestJSON-335018271', 'tenant_id': '803ef64454a6438c9a75427f5fd3a6a2', 'tenant_name': 'tempest-MultipleCreateNegativeTestJSON-335018271', 'user_domain_id': 'default', 'user_domain_name': 'Default', 'user_id': '05ec7f603d18493f8f10d5947584d363', 'system': None}, Network: None, Subnet: None, Router: None
2025-04-15 20:42:22.905 68207 INFO tempest.lib.common.dynamic_creds [-] Acquired dynamic creds: credentials: Credentials: {'domain_id': 'default', 'domain_name': 'Default', 'username': 'tempest-ImagesDeleteNegativeTestJSON-1209835638-project-member', 'project_domain_id': 'default', 'project_domain_name': 'Default', 'project_id': '968d7ea93b774c04b873ace8968b590b', 'project_name': 'tempest-ImagesDeleteNegativeTestJSON-1209835638', 'tenant_id': '968d7ea93b774c04b873ace8968b590b', 'tenant_name': 'tempest-ImagesDeleteNegativeTestJSON-1209835638', 'user_domain_id': 'default', 'user_domain_name': 'Default', 'user_id': '6ea87e7ebb6641dc854c6b979d657deb', 'system': None}, Network: None, Subnet: None, Router: None
2025-04-15 20:42:22.905 68207 INFO tempest.lib.common.dynamic_creds [-] Created isolated network resources for: credentials: Credentials: {'domain_id': 'default', 'domain_name': 'Default', 'username': 'tempest-ImagesDeleteNegativeTestJSON-1209835638-project-member', 'project_domain_id': 'default', 'project_domain_name': 'Default', 'project_id': '968d7ea93b774c04b873ace8968b590b', 'project_name': 'tempest-ImagesDeleteNegativeTestJSON-1209835638', 'tenant_id': '968d7ea93b774c04b873ace8968b590b', 'tenant_name': 'tempest-ImagesDeleteNegativeTestJSON-1209835638', 'user_domain_id': 'default', 'user_domain_name': 'Default', 'user_id': '6ea87e7ebb6641dc854c6b979d657deb', 'system': None}, Network: None, Subnet: None, Router: None
2025-04-15 20:42:22.919 68201 INFO tempest.lib.common.rest_client [req-29eed670-35f5-42b0-8939-30c53732965d req-29eed670-35f5-42b0-8939-30c53732965d ] Request (QuotasAdminTestV257:tearDownClass): 200 GET http://10.180.1.21:9696/networking/v2.0/security-groups?tenant_id=a4afa5bb62b940f0ba04ed397cac8543&name=default 0.115s
2025-04-15 20:42:22.932 68181 INFO tempest.lib.common.rest_client [req-27125b00-6fb4-4ae6-a716-a07659b83547 req-27125b00-6fb4-4ae6-a716-a07659b83547 ] Request (AttachInterfacesUnderV243Test:setUpClass): 200 PUT http://10.180.1.21:9696/networking/v2.0/routers/5f270801-d87c-4b33-b129-6cd05893675c/add_router_interface 1.907s
