2025-04-15 20:42:13.201 68231 INFO tempest.lib.common.rest_client [req-ce3dfce7-a639-4d0d-a934-af51b702ba37 req-ce3dfce7-a639-4d0d-a934-af51b702ba37 ] Request (FlavorsAccessNegativeTestJSON:test_flavor_non_admin_add): 403 POST http://10.180.1.21/compute/v2.1/flavors/94938924/action 1.597s
2025-04-15 20:42:13.225 68225 INFO tempest.lib.common.rest_client [req-89651341-1c7f-4f79-bcad-6b80d91419ed req-89651341-1c7f-4f79-bcad-6b80d91419ed ] Request (ValidationResourcesFixture:setUp): 201 POST http://10.180.1.21:9696/networking/v2.0/security-group-rules 0.071s
2025-04-15 20:42:13.246 68185 INFO tempest.lib.common.rest_client [req-ea7471a3-b6c0-4aa5-bd21-bf7aa31d6b48 req-ea7471a3-b6c0-4aa5-bd21-bf7aa31d6b48 ] Request (FlavorsExtraSpecsNegativeTestJSON:test_flavor_get_nonexistent_key): 404 GET http://10.180.1.21/compute/v2.1/flavors/116039014/os-extra_specs/hw:cpu_thread_policy 1.254s
2025-04-15 20:42:13.377 68177 INFO tempest.lib.common.rest_client [req-187b0c3b-9f76-4ada-99dd-75dafc7313b4 req-187b0c3b-9f76-4ada-99dd-75dafc7313b4 ] Request (TenantUsagesTestJSON:setUpClass): 200 GET http://10.180.1.21/compute/v2.1/servers/2256af1c-4ff8-46b9-b568-c25ce8886e5f 1.287s
2025-04-15 20:42:13.761 68215 INFO tempest.lib.common.rest_client [req-a1da38e8-d6e2-4cb8-8a53-7b8832dab86e req-a1da38e8-d6e2-4cb8-8a53-7b8832dab86e ] Request (VolumesAssistedSnapshotsTest:test_volume_assisted_snapshot_create_delete): 202 POST http://10.180.1.21/compute/v2.1/servers 1.702s
2025-04-15 20:42:13.780 68237 INFO tempest.lib.common.rest_client [req-0d9944cc-8558-4ee5-9911-0ba5b89cc034 req-0d9944cc-8558-4ee5-9911-0ba5b89cc034 ] Request (HypervisorAdminNegativeUnderV252Test:test_show_servers_with_non_admin_user): 200 GET http://10.180.1.21/compute/v2.1/os-hypervisors 1.257s
2025-04-15 20:42:13.784 68209 INFO tempest.lib.common.rest_client [req-cf2fbc18-19be-43b3-93f3-4ece51394873 req-cf2fbc18-19be-43b3-93f3-4ece51394873 ] Request (HostsAdminNegativeTestJSON:test_show_host_detail_with_non_admin_user): 403 GET http://10.180.1.21/compute/v2.1/os-hosts/devstack 1.257s
2025-04-15 20:42:13.792 68183 INFO tempest.lib.common.rest_client [req-803ec774-49c7-4bd5-853c-f3da8d49d4f7 req-803ec774-49c7-4bd5-853c-f3da8d49d4f7 ] Request (AggregatesAdminNegativeTestJSON:test_aggregate_create_as_user): 403 POST http://10.180.1.21/compute/v2.1/os-aggregates 1.258s
2025-04-15 20:42:13.806 68197 INFO tempest.lib.common.rest_client [req-2de97c9a-33da-43b8-914b-81f613959766 req-2de97c9a-33da-43b8-914b-81f613959766 ] Request (FlavorsV2TestJSON:test_list_flavors_detailed_using_marker): 200 GET http://10.180.1.21/compute/v2.1/flavors/42 1.255s
2025-04-15 20:42:13.892 68225 INFO tempest.lib.common.rest_client [req-5cf4af1f-c94f-4956-81b6-afd6923d6d88 req-5cf4af1f-c94f-4956-81b6-afd6923d6d88 ] Request (ValidationResourcesFixture:setUp): 201 POST http://10.180.1.21:9696/networking/v2.0/floatingips 0.666s
2025-04-15 20:42:13.932 68225 INFO tempest.lib.common.rest_client [req-6f839ec0-7589-4364-bbd1-7618ab78134e req-6f839ec0-7589-4364-bbd1-7618ab78134e ] Request (AttachInterfacesTestJSON:test_create_list_show_delete_interfaces_by_fixed_ip): 201 POST http://10.180.1.21/identity/v3/auth/tokens 0.037s
2025-04-15 20:42:13.933 68225 INFO tempest.lib.common.fixed_network [-] (AttachInterfacesTestJSON:test_create_list_show_delete_interfaces_by_fixed_ip) Found network {'id': '673c23ac-6063-4c40-b811-8f7e16de42e3', 'name': 'tempest-AttachInterfacesTestJSON-1270873717-network', 'tenant_id': '368f4fa65bee4d6ba722728d1e453238', 'admin_state_up': True, 'mtu': 8950, 'status': 'ACTIVE', 'subnets': [], 'shared': False, 'project_id': '368f4fa65bee4d6ba722728d1e453238', 'port_security_enabled': True, 'router:external': False, 'provider:network_type': 'vlan', 'provider:physical_network': 'default', 'provider:segmentation_id': 782, 'is_default': False, 'availability_zone_hints': [], 'availability_zones': [], 'ipv4_address_scope': None, 'ipv6_address_scope': None, 'description': '', 'tags': [], 'created_at': '2025-04-15T20:42:05Z', 'updated_at': '2025-04-15T20:42:05Z', 'revision_number': 1} available for tenant
2025-04-15 20:42:13.936 68207 INFO tempest.lib.common.rest_client [req-b2242ef5-a94d-4aba-815b-d0417a0f315d req-b2242ef5-a94d-4aba-815b-d0417a0f315d ] Request (FloatingIPDetailsTestJSON:tearDownClass): 202 DELETE http://10.180.1.21/compute/v2.1/os-floating-ips/a8759cbe-a23b-40bc-8596-b0e12d8f8cb7 1.787s
2025-04-15 20:42:13.997 68191 INFO tempest.lib.common.rest_client [req-baaf32c0-d5ef-4572-b72f-bd7db057e51d req-baaf32c0-d5ef-4572-b72f-bd7db057e51d ] Request (ServersTestBootFromVolume:setUpClass): 200 GET http://10.180.1.21/volume/v3/b14abc5e394a4d1c9576d1bfb3da1b1d/volumes/1dcec9a2-c7c5-45e8-9d5e-85ce92277782 0.040s
2025-04-15 20:42:14.029 68221 INFO tempest.lib.common.rest_client [req-946baad1-96a9-40d2-9922-84538ff23c1f req-946baad1-96a9-40d2-9922-84538ff23c1f ] Request (QuotasAdminNegativeTest:test_create_server_when_cpu_quota_is_full): 200 GET http://10.180.1.21/compute/v2.1/os-quota-sets/9d0128f9d3a043d7971e8faeb2bc83ea 1.426s
2025-04-15 20:42:14.051 68235 INFO tempest.lib.common.rest_client [req-1bc95e33-d251-455a-88b8-6fc05941c612 req-1bc95e33-d251-455a-88b8-6fc05941c612 ] Request (AbsoluteLimitsNegativeTestJSON:test_max_metadata_exceed_limit): 403 POST http://10.180.1.21/compute/v2.1/servers 1.495s
2025-04-15 20:42:14.127 68195 INFO tempest.lib.common.rest_client [req-fc201bd4-3800-4042-a5c9-7f61dfd5f380 req-fc201bd4-3800-4042-a5c9-7f61dfd5f380 ] Request (ServerMetadataNegativeTestJSON:setUpClass): 200 GET http://10.180.1.21/compute/v2.1/servers/6520080a-8bf1-4803-9099-87c3ba6e28e4 1.331s
2025-04-15 20:42:14.148 68201 INFO tempest.lib.common.rest_client [req-36492db5-ceab-4427-ae7f-7228cd845cd8 req-36492db5-ceab-4427-ae7f-7228cd845cd8 ] Request (QuotasAdminTestV257:test_get_updated_quotas): 200 GET http://10.180.1.21/identity/v3/domains?name=Default 0.095s
2025-04-15 20:42:14.214 68201 INFO tempest.lib.common.rest_client [req-3a7835b1-a681-44db-9bfc-bb400649399e req-3a7835b1-a681-44db-9bfc-bb400649399e ] Request (QuotasAdminTestV257:test_get_updated_quotas): 201 POST http://10.180.1.21/identity/v3/projects 0.065s
2025-04-15 20:42:14.260 68235 INFO tempest.lib.common.rest_client [req-b8518976-931a-40a5-b437-935038545e52 req-b8518976-931a-40a5-b437-935038545e52 ] Request (AbsoluteLimitsNegativeTestJSON:tearDownClass): 204 DELETE http://10.180.1.21/identity/v3/users/18ce586654a64fd08a74013e8f7873b8 0.206s
2025-04-15 20:42:14.260 68235 INFO tempest.lib.common.dynamic_creds [-] Deleting project and security group for project: 3417bc3f6eab47e8ac2f8a335fb2fd85
2025-04-15 20:42:14.271 68179 INFO tempest.lib.common.rest_client [req-40bc4989-b90a-4d83-ae4e-0561950ecdf9 req-40bc4989-b90a-4d83-ae4e-0561950ecdf9 ] Request (ImagesOneServerNegativeTestJSON:setUpClass): 200 GET http://10.180.1.21/compute/v2.1/servers/2f69fae8-d060-4156-8880-071f5ee1f969 1.541s
2025-04-15 20:42:14.317 68201 INFO tempest.lib.common.rest_client [req-51c5199f-d5ee-43dc-b654-0d1a548deb79 req-51c5199f-d5ee-43dc-b654-0d1a548deb79 ] Request (QuotasAdminTestV257:test_get_updated_quotas): 200 GET http://10.180.1.21/identity/v3/domains?name=Default 0.102s
2025-04-15 20:42:14.325 68235 INFO tempest.lib.common.rest_client [req-072c9f06-1e72-4bf0-b3b9-67deeeb06f14 req-072c9f06-1e72-4bf0-b3b9-67deeeb06f14 ] Request (AbsoluteLimitsNegativeTestJSON:tearDownClass): 201 POST http://10.180.1.21/identity/v3/auth/tokens 0.065s
2025-04-15 20:42:14.394 68199 INFO tempest.lib.common.rest_client [req-76a36663-47bc-4885-8c90-e04c4c672a1c req-76a36663-47bc-4885-8c90-e04c4c672a1c ] Request (ServerExternalEventsTest:test_create_server_external_events): 200 GET http://10.180.1.21/compute/v2.1/servers/3e67c74f-5c03-4dc4-a23b-b547bfb32b4a 1.359s
2025-04-15 20:42:14.464 68211 INFO tempest.lib.common.rest_client [req-fab03580-c4e7-44e6-8b23-c55860b1809f req-fab03580-c4e7-44e6-8b23-c55860b1809f ] Request (ServerGroupTestJSON:test_create_delete_server_group_with_affinity_policy): 200 POST http://10.180.1.21/compute/v2.1/os-server-groups 1.348s
2025-04-15 20:42:14.489 68235 INFO tempest.lib.common.rest_client [req-01bbcf7a-e050-4838-acfc-4aade11b7a5f req-01bbcf7a-e050-4838-acfc-4aade11b7a5f ] Request (AbsoluteLimitsNegativeTestJSON:tearDownClass): 200 GET http://10.180.1.21:9696/networking/v2.0/security-groups?tenant_id=3417bc3f6eab47e8ac2f8a335fb2fd85&name=default 0.164s
2025-04-15 20:42:14.502 68175 INFO tempest.lib.common.rest_client [req-97b82314-3491-4a9d-9204-6c8bf30f385a req-97b82314-3491-4a9d-9204-6c8bf30f385a ] Request (MigrationsAdminTest:test_list_migrations_in_flavor_resize_situation): 200 GET http://10.180.1.21/compute/v2.1/servers/0d074bfa-7d3d-4e69-b544-36e7d9f79483 1.597s
2025-04-15 20:42:14.507 68213 INFO tempest.lib.common.rest_client [req-8fde751c-010d-4a35-9a3a-8051b430adaf req-8fde751c-010d-4a35-9a3a-8051b430adaf ] Request (ValidationResourcesFixture:setUp): 200 POST http://10.180.1.21/compute/v2.1/os-keypairs 1.389s
2025-04-15 20:42:14.512 68193 INFO tempest.lib.common.rest_client [req-5ef244e1-12a9-46e4-b0d6-bb523bdd5de8 req-5ef244e1-12a9-46e4-b0d6-bb523bdd5de8 ] Request (KeyPairsNegativeTestJSON:test_create_keypair_with_empty_name_string): 400 POST http://10.180.1.21/compute/v2.1/os-keypairs 1.342s
2025-04-15 20:42:14.528 68231 INFO tempest.lib.common.rest_client [req-4d20a055-5054-439b-b16b-66adcd109a63 req-4d20a055-5054-439b-b16b-66adcd109a63 ] Request (FlavorsAccessNegativeTestJSON:_run_cleanups): 202 DELETE http://10.180.1.21/compute/v2.1/flavors/94938924 1.327s
2025-04-15 20:42:14.535 68185 INFO tempest.lib.common.rest_client [req-a8fc51fd-d3e9-4b1b-9c2a-c4a1f8a5b850 req-a8fc51fd-d3e9-4b1b-9c2a-c4a1f8a5b850 ] Request (FlavorsExtraSpecsNegativeTestJSON:test_flavor_non_admin_set_keys): 403 POST http://10.180.1.21/compute/v2.1/flavors/116039014/os-extra_specs 1.288s
2025-04-15 20:42:14.541 68181 INFO tempest.lib.common.rest_client [req-4bc6027e-1f73-481f-9758-5a074f793576 req-4bc6027e-1f73-481f-9758-5a074f793576 ] Request (FloatingIPsTestJSON:_run_cleanups): 404 DELETE http://10.180.1.21/compute/v2.1/os-floating-ips/a6c946a2-7a85-4b50-8752-c5d286d609e5 1.389s
2025-04-15 20:42:14.646 68235 INFO tempest.lib.common.rest_client [req-2ebb548f-91dd-4616-ac61-54eed7237d40 req-2ebb548f-91dd-4616-ac61-54eed7237d40 ] Request (AbsoluteLimitsNegativeTestJSON:tearDownClass): 204 DELETE http://10.180.1.21:9696/networking/v2.0/security-groups/45999153-01c2-441d-abb6-a2989061ddd1 0.156s
2025-04-15 20:42:14.684 68213 INFO tempest.lib.common.rest_client [req-b91969b5-42c9-4457-9761-335e047377a5 req-b91969b5-42c9-4457-9761-335e047377a5 ] Request (ValidationResourcesFixture:setUp): 201 POST http://10.180.1.21:9696/networking/v2.0/security-groups 0.175s
2025-04-15 20:42:14.696 68205 INFO tempest.lib.common.rest_client [req-1a0a3c46-7370-43da-bd3f-3831ed87ed4c req-1a0a3c46-7370-43da-bd3f-3831ed87ed4c ] Request (ServerDiagnosticsNegativeTest:test_get_server_diagnostics_by_non_admin): 200 GET http://10.180.1.21/compute/v2.1/servers/043c631c-bf15-4b4c-9a92-49ea51b6d405 1.422s
2025-04-15 20:42:14.720 68235 INFO tempest.lib.common.rest_client [req-cff1ef67-e75c-492f-9c73-cc1bca545fbe req-cff1ef67-e75c-492f-9c73-cc1bca545fbe ] Request (AbsoluteLimitsNegativeTestJSON:tearDownClass): 204 DELETE http://10.180.1.21/identity/v3/projects/3417bc3f6eab47e8ac2f8a335fb2fd85 0.072s
2025-04-15 20:42:14.741 68219 INFO tempest.lib.common.rest_client [req-695bb779-5407-4031-97b4-4341cab790cf req-695bb779-5407-4031-97b4-4341cab790cf ] Request (DeleteServersAdminTestJSON:test_admin_delete_servers_of_others): 200 GET http://10.180.1.21/compute/v2.1/servers/d9e47a83-7921-4cf6-ba99-fb705bc52e4a 1.230s
2025-04-15 20:42:14.782 68235 INFO tempest.lib.common.rest_client [req-2278130e-145d-4f11-becf-d473cd8db817 req-2278130e-145d-4f11-becf-d473cd8db817 ] Request (ServerAddressesTestJSON:setUpClass): 201 POST http://10.180.1.21/identity/v3/auth/tokens 0.061s
2025-04-15 20:42:14.818 68233 INFO tempest.lib.common.rest_client [req-f1ac7c22-fc43-45aa-af15-32971a4514b2 req-f1ac7c22-fc43-45aa-af15-32971a4514b2 ] Request (ServersAdmin275Test:test_rebuild_update_server_275): 200 GET http://10.180.1.21/compute/v2.1/servers/61f9c4d7-0e4f-4d1d-af9d-ceb0aac42cd3 1.103s
2025-04-15 20:42:14.828 68235 INFO tempest.lib.common.rest_client [req-7ec8a90c-4bea-4004-abd4-56ae89b5902c req-7ec8a90c-4bea-4004-abd4-56ae89b5902c ] Request (ServerAddressesTestJSON:setUpClass): 201 POST http://10.180.1.21/identity/v3/auth/tokens 0.043s
2025-04-15 20:42:14.831 68213 INFO tempest.lib.common.rest_client [req-972f08ff-5449-427b-a863-d76b71affba4 req-972f08ff-5449-427b-a863-d76b71affba4 ] Request (ValidationResourcesFixture:setUp): 201 POST http://10.180.1.21:9696/networking/v2.0/security-group-rules 0.146s
2025-04-15 20:42:14.835 68229 INFO tempest.lib.common.rest_client [req-813428ef-b727-486a-9991-840121418e4b req-813428ef-b727-486a-9991-840121418e4b ] Request (FloatingIPsAssociationTestJSON:setUpClass): 200 GET http://10.180.1.21/compute/v2.1/servers/30d52736-4195-4767-89e0-8572dc96de29 1.187s
2025-04-15 20:42:14.838 68237 INFO tempest.lib.common.rest_client [req-6e9f43a2-ad28-4ef8-888a-6463003d0bc6 req-6e9f43a2-ad28-4ef8-888a-6463003d0bc6 ] Request (HypervisorAdminNegativeUnderV252Test:test_show_servers_with_non_admin_user): 403 GET http://10.180.1.21/compute/v2.1/os-hypervisors/1/servers 1.057s
2025-04-15 20:42:14.848 68209 INFO tempest.lib.common.rest_client [req-86e8b44f-ea2a-4382-8247-149dff873999 req-86e8b44f-ea2a-4382-8247-149dff873999 ] Request (HostsAdminNegativeTestJSON:test_show_host_detail_with_nonexistent_hostname): 404 GET http://10.180.1.21/compute/v2.1/os-hosts/nonexistent_hostname 1.063s
2025-04-15 20:42:14.855 68235 INFO tempest.lib.common.rest_client [req-b44aabef-132d-414e-bf52-0af3069ea1a0 req-b44aabef-132d-414e-bf52-0af3069ea1a0 ] Request (ServerAddressesTestJSON:setUpClass): 200 GET http://10.180.1.21/identity/v3/domains?name=Default 0.027s
2025-04-15 20:42:14.877 68183 INFO tempest.lib.common.rest_client [req-8bd4c46e-6712-45a7-8dd5-75312f06c129 req-8bd4c46e-6712-45a7-8dd5-75312f06c129 ] Request (AggregatesAdminNegativeTestJSON:test_aggregate_create_with_existent_aggregate_name): 200 POST http://10.180.1.21/compute/v2.1/os-aggregates 1.083s
2025-04-15 20:42:14.895 68215 INFO tempest.lib.common.rest_client [req-71c9204c-0fbe-4655-a6bc-6214c147ad9a req-71c9204c-0fbe-4655-a6bc-6214c147ad9a ] Request (VolumesAssistedSnapshotsTest:test_volume_assisted_snapshot_create_delete): 200 GET http://10.180.1.21/compute/v2.1/servers/c1bcede0-cb1a-4647-aed8-a77ed7eb2d8e 1.131s
2025-04-15 20:42:14.902 68235 INFO tempest.lib.common.rest_client [req-9a92c830-149b-4f76-a614-7a4443f22a57 req-9a92c830-149b-4f76-a614-7a4443f22a57 ] Request (ServerAddressesTestJSON:setUpClass): 201 POST http://10.180.1.21/identity/v3/projects 0.046s
2025-04-15 20:42:14.902 68197 INFO tempest.lib.common.rest_client [req-837590e9-23e5-4628-b4d7-82e57cd9641b req-837590e9-23e5-4628-b4d7-82e57cd9641b ] Request (FlavorsV2TestJSON:test_list_flavors_detailed_using_marker): 200 GET http://10.180.1.21/compute/v2.1/flavors/detail?marker=42 1.094s
2025-04-15 20:42:14.916 68203 INFO tempest.lib.common.rest_client [req-3454eb0b-8264-435a-8859-0ca718846218 req-3454eb0b-8264-435a-8859-0ca718846218 ] Request (ServersAdminTestJSON:setUpClass): 200 PUT http://10.180.1.21:9696/networking/v2.0/routers/5cafcff0-5b85-4a31-8bd0-ae12ad130418/add_router_interface 1.758s
2025-04-15 20:42:14.916 68203 INFO tempest.lib.common.dynamic_creds [-] Created isolated network resources for: credentials: Credentials: {'domain_id': 'default', 'domain_name': 'Default', 'username': 'tempest-ServersAdminTestJSON-1991268519-project-admin', 'project_domain_id': 'default', 'project_domain_name': 'Default', 'project_id': 'b80a21a4f1a0403197f894de543a80f7', 'project_name': 'tempest-ServersAdminTestJSON-1991268519', 'tenant_id': 'b80a21a4f1a0403197f894de543a80f7', 'tenant_name': 'tempest-ServersAdminTestJSON-1991268519', 'user_domain_id': 'default', 'user_domain_name': 'Default', 'user_id': 'bc485304bbd240e4938dec1fd6f209f3', 'system': None}, Network: {'id': 'b3a9e6df-708a-4e45-bf36-ad919f4eb9f2', 'name': 'tempest-ServersAdminTestJSON-1436787879-network', 'tenant_id': 'b80a21a4f1a0403197f894de543a80f7', 'admin_state_up': True, 'mtu': 8950, 'status': 'ACTIVE', 'subnets': [], 'shared': False, 'project_id': 'b80a21a4f1a0403197f894de543a80f7', 'port_security_enabled': True, 'router:external': False, 'provider:network_type': 'vlan', 'provider:physical_network': 'default', 'provider:segmentation_id': 607, 'is_default': False, 'availability_zone_hints': [], 'availability_zones': [], 'ipv4_address_scope': None, 'ipv6_address_scope': None, 'description': '', 'tags': [], 'created_at': '2025-04-15T20:42:09Z', 'updated_at': '2025-04-15T20:42:09Z', 'revision_number': 1}, Subnet: {'id': 'f8594006-f543-4f75-a37a-50f2223b7f39', 'name': 'tempest-ServersAdminTestJSON-1436787879-subnet', 'tenant_id': 'b80a21a4f1a0403197f894de543a80f7', 'network_id': 'b3a9e6df-708a-4e45-bf36-ad919f4eb9f2', 'ip_version': 4, 'subnetpool_id': None, 'enable_dhcp': True, 'ipv6_ra_mode': None, 'ipv6_address_mode': None, 'gateway_ip': '192.168.128.1', 'cidr': '192.168.128.0/28', 'allocation_pools': [{'start': '192.168.128.2', 'end': '192.168.128.14'}], 'host_routes': [], 'dns_nameservers': [], 'description': '', 'service_types': [], 'tags': [], 'created_at': '2025-04-15T20:42:10Z', 'updated_at': '2025-04-15T20:42:10Z', 'revision_number': 0, 'project_id': 'b80a21a4f1a0403197f894de543a80f7'}, Router: {'id': '5cafcff0-5b85-4a31-8bd0-ae12ad130418', 'name': 'tempest-ServersAdminTestJSON-1436787879-router', 'tenant_id': 'b80a21a4f1a0403197f894de543a80f7', 'admin_state_up': True, 'status': 'ACTIVE', 'external_gateway_info': {'network_id': 'd0dde4dc-3984-4997-8d65-6f958be3d9b5', 'external_fixed_ips': [{'subnet_id': '4b5c5d62-288f-4d55-96d8-6e30a0aefb89', 'ip_address': '10.180.180.184'}], 'enable_snat': True}, 'description': '', 'availability_zones': [], 'distributed': False, 'ha': False, 'availability_zone_hints': [], 'routes': [], 'flavor_id': None, 'tags': [], 'created_at': '2025-04-15T20:42:10Z', 'updated_at': '2025-04-15T20:42:12Z', 'revision_number': 2, 'project_id': 'b80a21a4f1a0403197f894de543a80f7'}
2025-04-15 20:42:14.998 68235 INFO tempest.lib.common.rest_client [req-e277635d-0b1e-4dbd-a846-f65a455f7bb1 req-e277635d-0b1e-4dbd-a846-f65a455f7bb1 ] Request (ServerAddressesTestJSON:setUpClass): 201 POST http://10.180.1.21/identity/v3/users 0.094s
2025-04-15 20:42:15.015 68203 INFO tempest.lib.common.rest_client [req-1098cd99-f477-4420-ab66-16702aee1a88 req-1098cd99-f477-4420-ab66-16702aee1a88 ] Request (ServersAdminTestJSON:setUpClass): 201 POST http://10.180.1.21/identity/v3/auth/tokens 0.096s
2025-04-15 20:42:15.029 68235 INFO tempest.lib.common.rest_client [req-3f8d58a0-1671-4f73-a7e5-375b3d55db90 req-3f8d58a0-1671-4f73-a7e5-375b3d55db90 ] Request (ServerAddressesTestJSON:setUpClass): 200 GET http://10.180.1.21/identity/v3/roles 0.030s
2025-04-15 20:42:15.037 68191 INFO tempest.lib.common.rest_client [req-79331330-9d46-42f0-9aaf-05edabadf9a3 req-79331330-9d46-42f0-9aaf-05edabadf9a3 ] Request (ServersTestBootFromVolume:setUpClass): 200 GET http://10.180.1.21/volume/v3/b14abc5e394a4d1c9576d1bfb3da1b1d/volumes/1dcec9a2-c7c5-45e8-9d5e-85ce92277782 0.031s
2025-04-15 20:42:15.063 68235 INFO tempest.lib.common.rest_client [req-949c92a3-a506-4b8e-8836-9c4f853d4bee req-949c92a3-a506-4b8e-8836-9c4f853d4bee ] Request (ServerAddressesTestJSON:setUpClass): 204 PUT http://10.180.1.21/identity/v3/projects/4c0c4c6afa5e482a9ca87ad131f4e349/users/e4d829bd0a39435a89dd273fb507757d/roles/13efe969c2064e668fd8e0776d222b3c 0.034s
2025-04-15 20:42:15.064 68235 INFO tempest.lib.common.dynamic_creds [-] Dynamic test user e4d829bd0a39435a89dd273fb507757d is created with scope project and roles: ['member']
2025-04-15 20:42:15.064 68235 INFO tempest.lib.common.dynamic_creds [-] Acquired dynamic creds: credentials: Credentials: {'domain_id': 'default', 'domain_name': 'Default', 'username': 'tempest-ServerAddressesTestJSON-1960767209-project-member', 'project_domain_id': 'default', 'project_domain_name': 'Default', 'project_id': '4c0c4c6afa5e482a9ca87ad131f4e349', 'project_name': 'tempest-ServerAddressesTestJSON-1960767209', 'tenant_id': '4c0c4c6afa5e482a9ca87ad131f4e349', 'tenant_name': 'tempest-ServerAddressesTestJSON-1960767209', 'user_domain_id': 'default', 'user_domain_name': 'Default', 'user_id': 'e4d829bd0a39435a89dd273fb507757d', 'system': None}, Network: None, Subnet: None, Router: None
2025-04-15 20:42:15.082 68203 INFO tempest.lib.common.rest_client [req-67551c04-c329-479c-8ba6-b4447bda16e7 req-67551c04-c329-479c-8ba6-b4447bda16e7 ] Request (ServersAdminTestJSON:setUpClass): 201 POST http://10.180.1.21/identity/v3/auth/tokens 0.062s
2025-04-15 20:42:15.083 68203 INFO tempest.lib.common.fixed_network [-] (ServersAdminTestJSON:setUpClass) Found network {'id': 'a9e1b3b0-43af-444c-a66a-540f0f4d0f2b', 'name': 'tempest-ServersAdminTestJSON-399818777-network', 'tenant_id': 'acee881780a74556a4401630717cfa84', 'admin_state_up': True, 'mtu': 8950, 'status': 'ACTIVE', 'subnets': [], 'shared': False, 'project_id': 'acee881780a74556a4401630717cfa84', 'port_security_enabled': True, 'router:external': False, 'provider:network_type': 'vlan', 'provider:physical_network': 'default', 'provider:segmentation_id': 72, 'is_default': False, 'availability_zone_hints': [], 'availability_zones': [], 'ipv4_address_scope': None, 'ipv6_address_scope': None, 'description': '', 'tags': [], 'created_at': '2025-04-15T20:42:01Z', 'updated_at': '2025-04-15T20:42:01Z', 'revision_number': 1} available for tenant
2025-04-15 20:42:15.120 68213 INFO tempest.lib.common.rest_client [req-56cf1c04-a016-4dc8-ac28-273e3a1d509e req-56cf1c04-a016-4dc8-ac28-273e3a1d509e ] Request (ValidationResourcesFixture:setUp): 201 POST http://10.180.1.21:9696/networking/v2.0/security-group-rules 0.289s
2025-04-15 20:42:15.123 68235 INFO tempest.lib.common.rest_client [req-8af42520-3d9b-434d-a6fb-232c615f8357 req-8af42520-3d9b-434d-a6fb-232c615f8357 ] Request (ServerAddressesTestJSON:setUpClass): 201 POST http://10.180.1.21/identity/v3/auth/tokens 0.058s
2025-04-15 20:42:15.195 68223 INFO tempest.lib.common.rest_client [req-fdb2e828-e67a-425a-8761-f8d8f5d90579 req-fdb2e828-e67a-425a-8761-f8d8f5d90579 ] Request (ServerMetadataTestJSON:setUpClass): 200 GET http://10.180.1.21/compute/v2.1/servers/96f86f1d-a1cb-4ec7-b72e-9cf41ff6e4e5 1.264s
2025-04-15 20:42:15.569 68225 INFO tempest.lib.common.rest_client [req-43a8cb85-2105-433c-a1df-9ce2d35f4f66 req-43a8cb85-2105-433c-a1df-9ce2d35f4f66 ] Request (AttachInterfacesTestJSON:test_create_list_show_delete_interfaces_by_fixed_ip): 202 POST http://10.180.1.21/compute/v2.1/servers 1.636s
2025-04-15 20:42:15.640 68187 INFO tempest.lib.common.rest_client [req-4c3bda5f-bfdb-41c6-a0be-4771b984e54a req-4c3bda5f-bfdb-41c6-a0be-4771b984e54a ] Request (ListImageFiltersTestJSON:setUpClass): 200 GET http://10.180.1.21/compute/v2.1/servers/2eb8d698-9436-4e91-bd10-5f5200415144 1.629s
2025-04-15 20:42:15.785 68213 INFO tempest.lib.common.rest_client [req-8813419a-f68e-4516-89cb-9523dce35b23 req-8813419a-f68e-4516-89cb-9523dce35b23 ] Request (ValidationResourcesFixture:setUp): 201 POST http://10.180.1.21:9696/networking/v2.0/floatingips 0.664s
2025-04-15 20:42:15.822 68221 INFO tempest.lib.common.rest_client [req-4fba5b58-b7e7-4092-8af4-2bbb12022823 req-4fba5b58-b7e7-4092-8af4-2bbb12022823 ] Request (QuotasAdminNegativeTest:test_create_server_when_cpu_quota_is_full): 200 PUT http://10.180.1.21/compute/v2.1/os-quota-sets/9d0128f9d3a043d7971e8faeb2bc83ea 1.790s
2025-04-15 20:42:15.848 68235 INFO tempest.lib.common.rest_client [req-54834489-a7da-4e78-94a5-deba3f7267d5 req-54834489-a7da-4e78-94a5-deba3f7267d5 ] Request (ServerAddressesTestJSON:setUpClass): 201 POST http://10.180.1.21:9696/networking/v2.0/networks 0.725s
2025-04-15 20:42:15.865 68213 INFO tempest.lib.common.rest_client [req-90667f02-f9dc-4b88-b436-06ce7df73fab req-90667f02-f9dc-4b88-b436-06ce7df73fab ] Request (ServersWithSpecificFlavorTestJSON:test_verify_created_server_ephemeral_disk): 201 POST http://10.180.1.21/identity/v3/auth/tokens 0.073s
2025-04-15 20:42:15.866 68213 INFO tempest.lib.common.fixed_network [-] (ServersWithSpecificFlavorTestJSON:test_verify_created_server_ephemeral_disk) Found network {'id': 'f7947b0b-c73a-487f-ab03-f24a996377b7', 'name': 'tempest-ServersWithSpecificFlavorTestJSON-2139717383-network', 'tenant_id': 'e8c8e5b87de24712bee92c64cc44324c', 'admin_state_up': True, 'mtu': 8950, 'status': 'ACTIVE', 'subnets': [], 'shared': False, 'project_id': 'e8c8e5b87de24712bee92c64cc44324c', 'port_security_enabled': True, 'router:external': False, 'provider:network_type': 'vlan', 'provider:physical_network': 'default', 'provider:segmentation_id': 257, 'is_default': False, 'availability_zone_hints': [], 'availability_zones': [], 'ipv4_address_scope': None, 'ipv6_address_scope': None, 'description': '', 'tags': [], 'created_at': '2025-04-15T20:41:31Z', 'updated_at': '2025-04-15T20:41:31Z', 'revision_number': 1} available for tenant
2025-04-15 20:42:15.898 68221 INFO tempest.lib.common.rest_client [req-d25da1a3-6457-4cbc-ae3b-718142c2f9f2 req-d25da1a3-6457-4cbc-ae3b-718142c2f9f2 ] Request (QuotasAdminNegativeTest:test_create_server_when_cpu_quota_is_full): 201 POST http://10.180.1.21/identity/v3/auth/tokens 0.071s
2025-04-15 20:42:15.899 68221 INFO tempest.lib.common.fixed_network [-] (QuotasAdminNegativeTest:test_create_server_when_cpu_quota_is_full) Found network None available for tenant
2025-04-15 20:42:16.018 68189 INFO tempest.lib.common.rest_client [req-3ea10935-77f7-4459-86ef-25781e01321e req-3ea10935-77f7-4459-86ef-25781e01321e ] Request (ServersTestJSON:setUpClass): 200 GET http://10.180.1.21/compute/v2.1/servers/b8aa46e2-728a-4ff9-bc4f-5cbd0a9e43e1 1.914s
2025-04-15 20:42:16.081 68191 INFO tempest.lib.common.rest_client [req-51bfdc24-4b29-42f7-b335-f1980a3ab377 req-51bfdc24-4b29-42f7-b335-f1980a3ab377 ] Request (ServersTestBootFromVolume:setUpClass): 200 GET http://10.180.1.21/volume/v3/b14abc5e394a4d1c9576d1bfb3da1b1d/volumes/1dcec9a2-c7c5-45e8-9d5e-85ce92277782 0.034s
2025-04-15 20:42:16.119 68207 INFO tempest.lib.common.rest_client [req-6ba26af6-272f-46e8-b75d-c846f48e2b0c req-6ba26af6-272f-46e8-b75d-c846f48e2b0c ] Request (FloatingIPDetailsTestJSON:tearDownClass): 202 DELETE http://10.180.1.21/compute/v2.1/os-floating-ips/3c53a322-5044-4f54-b9f6-42e3a07336f7 2.182s
2025-04-15 20:42:16.131 68227 INFO tempest.lib.common.rest_client [req-c429c993-e0b7-40f4-b4ee-3b2a65d14875 req-c429c993-e0b7-40f4-b4ee-3b2a65d14875 ] Request (ServersAaction247Test:test_create_backup): 200 GET http://10.180.1.21/compute/v2.1/servers/5cdef8c3-ecd4-4338-b2e6-a8910e3c52ff 2.023s
2025-04-15 20:42:16.141 68235 INFO tempest.lib.common.rest_client [req-f27b1bdc-9848-46d1-a9d6-83d5a4f14067 req-f27b1bdc-9848-46d1-a9d6-83d5a4f14067 ] Request (ServerAddressesTestJSON:setUpClass): 201 POST http://10.180.1.21:9696/networking/v2.0/subnets 0.292s
2025-04-15 20:42:16.306 68181 INFO tempest.lib.common.rest_client [req-88e9dd27-07a6-4557-b863-3148e8eef180 req-88e9dd27-07a6-4557-b863-3148e8eef180 ] Request (FloatingIPsTestJSON:tearDownClass): 200 PUT http://10.180.1.21:9696/networking/v2.0/routers/2e5d06ce-421f-4c0d-bc29-469547c675d8/remove_router_interface 1.762s
2025-04-15 20:42:16.313 68201 INFO tempest.lib.common.rest_client [req-ff3f46e2-9fdc-41e5-b3a9-76f186c5d64f req-ff3f46e2-9fdc-41e5-b3a9-76f186c5d64f ] Request (QuotasAdminTestV257:test_get_updated_quotas): 200 PUT http://10.180.1.21/compute/v2.1/os-quota-sets/a3476aef14e2417288ecc8c341027190 1.996s
2025-04-15 20:42:16.340 68211 INFO tempest.lib.common.rest_client [req-4f40e1e2-8b60-483a-8e25-7979d6c31e7b req-4f40e1e2-8b60-483a-8e25-7979d6c31e7b ] Request (ServerGroupTestJSON:test_create_delete_server_group_with_affinity_policy): 204 DELETE http://10.180.1.21/compute/v2.1/os-server-groups/205955c9-eb03-49aa-923e-b10613f938fa 1.874s
2025-04-15 20:42:16.373 68193 INFO tempest.lib.common.rest_client [req-0ba7c8e3-ba54-4a43-beff-7fe3bb1d65c1 req-0ba7c8e3-ba54-4a43-beff-7fe3bb1d65c1 ] Request (KeyPairsNegativeTestJSON:test_create_keypair_with_empty_public_key): 400 POST http://10.180.1.21/compute/v2.1/os-keypairs 1.856s
2025-04-15 20:42:16.382 68177 INFO tempest.lib.common.rest_client [req-a4ecd776-b210-4d77-9dd6-9d018c6fe078 req-a4ecd776-b210-4d77-9dd6-9d018c6fe078 ] Request (TenantUsagesTestJSON:setUpClass): 200 GET http://10.180.1.21/compute/v2.1/servers/2256af1c-4ff8-46b9-b568-c25ce8886e5f 1.997s
2025-04-15 20:42:16.388 68231 INFO tempest.lib.common.rest_client [req-44f526a8-3140-4c2f-84be-725fc0e98dde req-44f526a8-3140-4c2f-84be-725fc0e98dde ] Request (FlavorsAccessNegativeTestJSON:_run_cleanups): 200 GET http://10.180.1.21/compute/v2.1/flavors/detail 1.860s
2025-04-15 20:42:16.398 68237 INFO tempest.lib.common.rest_client [req-47fad0f3-8080-42b7-a16f-59940dde31f0 req-47fad0f3-8080-42b7-a16f-59940dde31f0 ] Request (HypervisorAdminNegativeUnderV252Test:test_show_servers_with_nonexistent_hypervisor): 404 GET http://10.180.1.21/compute/v2.1/os-hypervisors/deca9996-b8a2-4f0a-9c9a-10ac74b4fc6a/servers 1.558s
2025-04-15 20:42:16.401 68209 INFO tempest.lib.common.rest_client [req-8d636704-64cc-4e63-ae9a-7ac792b16a5a req-8d636704-64cc-4e63-ae9a-7ac792b16a5a ] Request (HostsAdminNegativeTestJSON:test_shutdown_host_with_non_admin_user): 403 GET http://10.180.1.21/compute/v2.1/os-hosts/devstack/shutdown 1.551s
2025-04-15 20:42:16.416 68185 INFO tempest.lib.common.rest_client [req-15cb42ef-c79c-4913-a515-a5428281950f req-15cb42ef-c79c-4913-a515-a5428281950f ] Request (FlavorsExtraSpecsNegativeTestJSON:test_flavor_non_admin_unset_keys): 200 POST http://10.180.1.21/compute/v2.1/flavors/116039014/os-extra_specs 1.879s
2025-04-15 20:42:16.418 68183 INFO tempest.lib.common.rest_client [req-1ac48f31-061c-4508-a77a-2ec23a5d66eb req-1ac48f31-061c-4508-a77a-2ec23a5d66eb ] Request (AggregatesAdminNegativeTestJSON:test_aggregate_create_with_existent_aggregate_name): 409 POST http://10.180.1.21/compute/v2.1/os-aggregates 1.537s
2025-04-15 20:42:16.428 68197 INFO tempest.lib.common.rest_client [req-e48977d4-59f9-46fb-949a-316a064bc17a req-e48977d4-59f9-46fb-949a-316a064bc17a ] Request (FlavorsV2TestJSON:test_list_flavors_filter_by_min_disk): 200 GET http://10.180.1.21/compute/v2.1/flavors/42 1.519s
2025-04-15 20:42:16.484 68195 INFO tempest.lib.common.rest_client [req-bb53c914-86b3-417a-86b0-68900471d86e req-bb53c914-86b3-417a-86b0-68900471d86e ] Request (ServerMetadataNegativeTestJSON:setUpClass): 200 GET http://10.180.1.21/compute/v2.1/servers/6520080a-8bf1-4803-9099-87c3ba6e28e4 1.342s
2025-04-15 20:42:16.502 68237 INFO tempest.lib.common.rest_client [req-0c0537f4-7a4c-4ea0-9284-b4891f686782 req-0c0537f4-7a4c-4ea0-9284-b4891f686782 ] Request (HypervisorAdminNegativeUnderV252Test:tearDownClass): 204 DELETE http://10.180.1.21/identity/v3/users/dd6b9a3930bc43f3a856a0673f2e0de3 0.102s
2025-04-15 20:42:16.616 68237 INFO tempest.lib.common.rest_client [req-8ce1c539-6fbc-4136-b987-cb5ab7e16147 req-8ce1c539-6fbc-4136-b987-cb5ab7e16147 ] Request (HypervisorAdminNegativeUnderV252Test:tearDownClass): 204 DELETE http://10.180.1.21/identity/v3/users/44a14258805240729a68f2f63a44ac5f 0.114s
2025-04-15 20:42:16.617 68237 INFO tempest.lib.common.dynamic_creds [-] Deleting project and security group for project: 854f5daac4c24c1e959223f53cecfeb4
2025-04-15 20:42:16.630 68179 INFO tempest.lib.common.rest_client [req-67371fb6-81b9-471f-9243-4e9fb77ec295 req-67371fb6-81b9-471f-9243-4e9fb77ec295 ] Request (ImagesOneServerNegativeTestJSON:setUpClass): 200 GET http://10.180.1.21/compute/v2.1/servers/2f69fae8-d060-4156-8880-071f5ee1f969 1.351s
2025-04-15 20:42:16.698 68237 INFO tempest.lib.common.rest_client [req-bd653a97-42e9-4282-9884-e762927a7168 req-bd653a97-42e9-4282-9884-e762927a7168 ] Request (HypervisorAdminNegativeUnderV252Test:tearDownClass): 201 POST http://10.180.1.21/identity/v3/auth/tokens 0.081s
2025-04-15 20:42:16.811 68199 INFO tempest.lib.common.rest_client [req-bedb90bb-e2c4-4399-a0df-2c108d9432c1 req-bedb90bb-e2c4-4399-a0df-2c108d9432c1 ] Request (ServerExternalEventsTest:test_create_server_external_events): 200 GET http://10.180.1.21/compute/v2.1/servers/3e67c74f-5c03-4dc4-a23b-b547bfb32b4a 1.406s
2025-04-15 20:42:16.918 68181 INFO tempest.lib.common.rest_client [req-3da1fe92-0946-40ec-8156-32f507a25129 req-3da1fe92-0946-40ec-8156-32f507a25129 ] Request (FloatingIPsTestJSON:tearDownClass): 204 DELETE http://10.180.1.21:9696/networking/v2.0/routers/2e5d06ce-421f-4c0d-bc29-469547c675d8 0.612s
2025-04-15 20:42:16.951 68175 INFO tempest.lib.common.rest_client [req-2655492c-69d3-4cab-9977-dd1f391f80d5 req-2655492c-69d3-4cab-9977-dd1f391f80d5 ] Request (MigrationsAdminTest:test_list_migrations_in_flavor_resize_situation): 200 GET http://10.180.1.21/compute/v2.1/servers/0d074bfa-7d3d-4e69-b544-36e7d9f79483 1.439s
2025-04-15 20:42:17.003 68237 INFO tempest.lib.common.rest_client [req-6593c266-263b-4a7e-903d-ae16f4415acb req-6593c266-263b-4a7e-903d-ae16f4415acb ] Request (HypervisorAdminNegativeUnderV252Test:tearDownClass): 200 GET http://10.180.1.21:9696/networking/v2.0/security-groups?tenant_id=854f5daac4c24c1e959223f53cecfeb4&name=default 0.304s
2025-04-15 20:42:17.036 68225 INFO tempest.lib.common.rest_client [req-1604b898-a104-4e48-98e4-31f29abdc5c6 req-1604b898-a104-4e48-98e4-31f29abdc5c6 ] Request (AttachInterfacesTestJSON:test_create_list_show_delete_interfaces_by_fixed_ip): 200 GET http://10.180.1.21/compute/v2.1/servers/a2a5e9bc-da8b-42df-9f5f-caf70d72cc0b 1.466s
2025-04-15 20:42:17.091 68203 INFO tempest.lib.common.rest_client [req-ee288a15-7b64-45cb-a1c7-d5d253212f89 req-ee288a15-7b64-45cb-a1c7-d5d253212f89 ] Request (ServersAdminTestJSON:setUpClass): 202 POST http://10.180.1.21/compute/v2.1/servers 2.008s
2025-04-15 20:42:17.126 68191 INFO tempest.lib.common.rest_client [req-1dd807cf-9076-4255-bf98-43496136b0cf req-1dd807cf-9076-4255-bf98-43496136b0cf ] Request (ServersTestBootFromVolume:setUpClass): 200 GET http://10.180.1.21/volume/v3/b14abc5e394a4d1c9576d1bfb3da1b1d/volumes/1dcec9a2-c7c5-45e8-9d5e-85ce92277782 0.033s
2025-04-15 20:42:17.137 68191 INFO tempest.common.waiters [-] volume 1dcec9a2-c7c5-45e8-9d5e-85ce92277782 reached available after waiting for 19.136460 seconds
2025-04-15 20:42:17.186 68237 INFO tempest.lib.common.rest_client [req-f11bec78-3ac2-4ac1-a3da-1ff77e8cef35 req-f11bec78-3ac2-4ac1-a3da-1ff77e8cef35 ] Request (HypervisorAdminNegativeUnderV252Test:tearDownClass): 204 DELETE http://10.180.1.21:9696/networking/v2.0/security-groups/77ec8628-98b0-4180-b3e3-4b1c69323f30 0.182s
2025-04-15 20:42:17.189 68205 INFO tempest.lib.common.rest_client [req-282c4ff3-336e-47f0-88ac-604b04be0c17 req-282c4ff3-336e-47f0-88ac-604b04be0c17 ] Request (ServerDiagnosticsNegativeTest:test_get_server_diagnostics_by_non_admin): 200 GET http://10.180.1.21/compute/v2.1/servers/043c631c-bf15-4b4c-9a92-49ea51b6d405 1.484s
2025-04-15 20:42:17.200 68203 INFO tempest.lib.common.rest_client [req-b664ccb0-5cf9-4e7b-8455-b3319661ea9d req-b664ccb0-5cf9-4e7b-8455-b3319661ea9d ] Request (ServersAdminTestJSON:setUpClass): 201 POST http://10.180.1.21/identity/v3/auth/tokens 0.105s
2025-04-15 20:42:17.201 68203 INFO tempest.lib.common.fixed_network [-] (ServersAdminTestJSON:setUpClass) Found network {'id': 'a9e1b3b0-43af-444c-a66a-540f0f4d0f2b', 'name': 'tempest-ServersAdminTestJSON-399818777-network', 'tenant_id': 'acee881780a74556a4401630717cfa84', 'admin_state_up': True, 'mtu': 8950, 'status': 'ACTIVE', 'subnets': [], 'shared': False, 'project_id': 'acee881780a74556a4401630717cfa84', 'port_security_enabled': True, 'router:external': False, 'provider:network_type': 'vlan', 'provider:physical_network': 'default', 'provider:segmentation_id': 72, 'is_default': False, 'availability_zone_hints': [], 'availability_zones': [], 'ipv4_address_scope': None, 'ipv6_address_scope': None, 'description': '', 'tags': [], 'created_at': '2025-04-15T20:42:01Z', 'updated_at': '2025-04-15T20:42:01Z', 'revision_number': 1} available for tenant
2025-04-15 20:42:17.260 68237 INFO tempest.lib.common.rest_client [req-15fd666e-e600-47d4-8e9e-f486b5f7f386 req-15fd666e-e600-47d4-8e9e-f486b5f7f386 ] Request (HypervisorAdminNegativeUnderV252Test:tearDownClass): 204 DELETE http://10.180.1.21/identity/v3/projects/854f5daac4c24c1e959223f53cecfeb4 0.074s
2025-04-15 20:42:17.260 68237 INFO tempest.lib.common.dynamic_creds [-] Deleting project and security group for project: 643fb80455764b8f8048d145dcdf49c1
2025-04-15 20:42:17.264 68233 INFO tempest.lib.common.rest_client [req-62b40de9-5e4b-493d-9d4f-b165da229613 req-62b40de9-5e4b-493d-9d4f-b165da229613 ] Request (ServersAdmin275Test:test_rebuild_update_server_275): 200 GET http://10.180.1.21/compute/v2.1/servers/61f9c4d7-0e4f-4d1d-af9d-ceb0aac42cd3 1.436s
2025-04-15 20:42:17.285 68235 INFO tempest.lib.common.rest_client [req-7038ba6b-27c8-449b-8fcf-5b666e22fcf1 req-7038ba6b-27c8-449b-8fcf-5b666e22fcf1 ] Request (ServerAddressesTestJSON:setUpClass): 201 POST http://10.180.1.21:9696/networking/v2.0/routers 1.144s
2025-04-15 20:42:17.343 68219 INFO tempest.lib.common.rest_client [req-06cc7290-c309-4c5d-bd43-246e2e09c8c7 req-06cc7290-c309-4c5d-bd43-246e2e09c8c7 ] Request (DeleteServersAdminTestJSON:test_admin_delete_servers_of_others): 200 GET http://10.180.1.21/compute/v2.1/servers/d9e47a83-7921-4cf6-ba99-fb705bc52e4a 1.595s
2025-04-15 20:42:17.358 68181 INFO tempest.lib.common.rest_client [req-d1bbf0f1-927b-4297-8cc0-a043ecb95f2f req-d1bbf0f1-927b-4297-8cc0-a043ecb95f2f ] Request (FloatingIPsTestJSON:tearDownClass): 204 DELETE http://10.180.1.21:9696/networking/v2.0/subnets/2cc3f229-96d4-4c22-82a0-602e445685ec 0.440s
2025-04-15 20:42:17.458 68229 INFO tempest.lib.common.rest_client [req-17b9e697-ecf7-419b-b4f2-5d753ad74330 req-17b9e697-ecf7-419b-b4f2-5d753ad74330 ] Request (FloatingIPsAssociationTestJSON:setUpClass): 200 GET http://10.180.1.21/compute/v2.1/servers/30d52736-4195-4767-89e0-8572dc96de29 1.614s
2025-04-15 20:42:17.667 68237 INFO tempest.lib.common.rest_client [req-ff9804ec-c01f-4eeb-b06b-a5f31b524559 req-ff9804ec-c01f-4eeb-b06b-a5f31b524559 ] Request (HypervisorAdminNegativeUnderV252Test:tearDownClass): 200 GET http://10.180.1.21:9696/networking/v2.0/security-groups?tenant_id=643fb80455764b8f8048d145dcdf49c1&name=default 0.406s
2025-04-15 20:42:17.867 68221 INFO tempest.lib.common.rest_client [req-56a54025-1013-46b0-bfbe-00f723e77ede req-56a54025-1013-46b0-bfbe-00f723e77ede ] Request (QuotasAdminNegativeTest:test_create_server_when_cpu_quota_is_full): 403 POST http://10.180.1.21/compute/v2.1/servers 1.967s
2025-04-15 20:42:17.886 68237 INFO tempest.lib.common.rest_client [req-4693d5cb-ccf2-4c7f-80b8-08912ba0951f req-4693d5cb-ccf2-4c7f-80b8-08912ba0951f ] Request (HypervisorAdminNegativeUnderV252Test:tearDownClass): 204 DELETE http://10.180.1.21:9696/networking/v2.0/security-groups/dda0796e-31a3-4003-90c8-37b5c5a637f1 0.218s
2025-04-15 20:42:17.900 68181 INFO tempest.lib.common.rest_client [req-b64a8052-37cd-49e0-a947-9fbab77ea0a4 req-b64a8052-37cd-49e0-a947-9fbab77ea0a4 ] Request (FloatingIPsTestJSON:tearDownClass): 204 DELETE http://10.180.1.21:9696/networking/v2.0/networks/f334ba66-4e33-4e28-8040-eaaf0fcc9589 0.541s
2025-04-15 20:42:17.943 68215 INFO tempest.lib.common.rest_client [req-b839e235-8da3-4755-af8f-110c24d8d962 req-b839e235-8da3-4755-af8f-110c24d8d962 ] Request (VolumesAssistedSnapshotsTest:test_volume_assisted_snapshot_create_delete): 200 GET http://10.180.1.21/compute/v2.1/servers/c1bcede0-cb1a-4647-aed8-a77ed7eb2d8e 2.032s
2025-04-15 20:42:17.985 68213 INFO tempest.lib.common.rest_client [req-d9567953-f6cd-40ac-b9fd-8dd06d10f4ba req-d9567953-f6cd-40ac-b9fd-8dd06d10f4ba ] Request (ServersWithSpecificFlavorTestJSON:test_verify_created_server_ephemeral_disk): 202 POST http://10.180.1.21/compute/v2.1/servers 2.118s
2025-04-15 20:42:18.025 68237 INFO tempest.lib.common.rest_client [req-c96f2cc3-e52c-4c65-a3ce-ea7281b8328a req-c96f2cc3-e52c-4c65-a3ce-ea7281b8328a ] Request (HypervisorAdminNegativeUnderV252Test:tearDownClass): 204 DELETE http://10.180.1.21/identity/v3/projects/643fb80455764b8f8048d145dcdf49c1 0.139s
2025-04-15 20:42:18.026 68237 INFO tempest.test [-] raised in LiveMigrationTest.setUpClass. Invoking tearDownClass.
2025-04-15 20:42:18.036 68181 INFO tempest.lib.common.rest_client [req-f60960a9-bc4f-4d3b-bcf5-1703e5b6d811 req-f60960a9-bc4f-4d3b-bcf5-1703e5b6d811 ] Request (FloatingIPsTestJSON:tearDownClass): 204 DELETE http://10.180.1.21/identity/v3/users/3144b843eed2420d96fc261ff85d13f4 0.135s
2025-04-15 20:42:18.036 68181 INFO tempest.lib.common.dynamic_creds [-] Deleting project and security group for project: 94cc0520542346dcb7cf3357ca16c501
2025-04-15 20:42:18.101 68237 INFO tempest.lib.common.rest_client [req-6c70cb19-1dfe-417a-b678-3235251cf5d3 req-6c70cb19-1dfe-417a-b678-3235251cf5d3 ] Request (SecurityGroupsTestAdminJSON:setUpClass): 201 POST http://10.180.1.21/identity/v3/auth/tokens 0.071s
2025-04-15 20:42:18.108 68181 INFO tempest.lib.common.rest_client [req-6b3f7240-832a-4199-8c87-2e2416587b8d req-6b3f7240-832a-4199-8c87-2e2416587b8d ] Request (FloatingIPsTestJSON:tearDownClass): 200 GET http://10.180.1.21:9696/networking/v2.0/security-groups?tenant_id=94cc0520542346dcb7cf3357ca16c501&name=default 0.068s
2025-04-15 20:42:18.134 68237 INFO tempest.lib.common.rest_client [req-64ca6768-b546-43b3-9898-4dbb66deba79 req-64ca6768-b546-43b3-9898-4dbb66deba79 ] Request (SecurityGroupsTestAdminJSON:setUpClass): 201 POST http://10.180.1.21/identity/v3/auth/tokens 0.031s
2025-04-15 20:42:18.135 68223 INFO tempest.lib.common.rest_client [req-06d92aa1-2134-4003-9632-bc2cd593dcfb req-06d92aa1-2134-4003-9632-bc2cd593dcfb ] Request (ServerMetadataTestJSON:setUpClass): 200 GET http://10.180.1.21/compute/v2.1/servers/96f86f1d-a1cb-4ec7-b72e-9cf41ff6e4e5 1.932s
2025-04-15 20:42:18.163 68237 INFO tempest.lib.common.rest_client [req-c89f8784-7fac-4030-8c54-eb8b45c7775f req-c89f8784-7fac-4030-8c54-eb8b45c7775f ] Request (SecurityGroupsTestAdminJSON:setUpClass): 200 GET http://10.180.1.21/identity/v3/domains?name=Default 0.029s
2025-04-15 20:42:18.208 68237 INFO tempest.lib.common.rest_client [req-db5f9dbd-c7e9-4eaa-8f5e-1358bf89e5ae req-db5f9dbd-c7e9-4eaa-8f5e-1358bf89e5ae ] Request (SecurityGroupsTestAdminJSON:setUpClass): 201 POST http://10.180.1.21/identity/v3/projects 0.044s
2025-04-15 20:42:18.301 68237 INFO tempest.lib.common.rest_client [req-d902e0e9-157e-4a3e-a1a0-56d4be125c7e req-d902e0e9-157e-4a3e-a1a0-56d4be125c7e ] Request (SecurityGroupsTestAdminJSON:setUpClass): 201 POST http://10.180.1.21/identity/v3/users 0.093s
2025-04-15 20:42:18.317 68201 INFO tempest.lib.common.rest_client [req-6b811278-e746-447b-ac5d-652e6668dbdd req-6b811278-e746-447b-ac5d-652e6668dbdd ] Request (QuotasAdminTestV257:test_get_updated_quotas): 200 GET http://10.180.1.21/compute/v2.1/os-quota-sets/a3476aef14e2417288ecc8c341027190/detail 2.002s
2025-04-15 20:42:18.325 68237 INFO tempest.lib.common.rest_client [req-a3592ca5-58e7-45d2-a7e2-d34033bf948f req-a3592ca5-58e7-45d2-a7e2-d34033bf948f ] Request (SecurityGroupsTestAdminJSON:setUpClass): 200 GET http://10.180.1.21/identity/v3/roles 0.024s
2025-04-15 20:42:18.328 68211 INFO tempest.lib.common.rest_client [req-87a44d7a-ff76-4fd2-905e-462e24fa53fe req-87a44d7a-ff76-4fd2-905e-462e24fa53fe ] Request (ServerGroupTestJSON:test_create_delete_server_group_with_affinity_policy): 200 GET http://10.180.1.21/compute/v2.1/os-server-groups 1.987s
2025-04-15 20:42:18.335 68193 INFO tempest.lib.common.rest_client [req-0644a6f7-d4ae-4f37-9c72-32912ae8502a req-0644a6f7-d4ae-4f37-9c72-32912ae8502a ] Request (KeyPairsNegativeTestJSON:test_create_keypair_with_long_keynames): 400 POST http://10.180.1.21/compute/v2.1/os-keypairs 1.960s
2025-04-15 20:42:18.352 68231 INFO tempest.lib.common.rest_client [req-463fb9e0-2f10-4243-be97-1475aa269cf9 req-463fb9e0-2f10-4243-be97-1475aa269cf9 ] Request (FlavorsAccessNegativeTestJSON:test_flavor_non_admin_remove): 200 POST http://10.180.1.21/compute/v2.1/flavors 1.957s
2025-04-15 20:42:18.357 68201 INFO tempest.lib.common.rest_client [req-c1005189-1055-48c9-bd6f-b37cae072511 req-c1005189-1055-48c9-bd6f-b37cae072511 ] Request (QuotasAdminTestV257:test_get_updated_quotas): 200 GET http://10.180.1.21/identity/v3/domains?name=Default 0.031s
2025-04-15 20:42:18.361 68209 INFO tempest.lib.common.rest_client [req-bdc1564a-e2eb-4e5f-842c-95858aea5138 req-bdc1564a-e2eb-4e5f-842c-95858aea5138 ] Request (HostsAdminNegativeTestJSON:test_shutdown_nonexistent_host): 404 GET http://10.180.1.21/compute/v2.1/os-hosts/nonexistent_hostname/shutdown 1.958s
2025-04-15 20:42:18.363 68181 INFO tempest.lib.common.rest_client [req-68039e65-93bd-40e7-a126-7a4e8b660751 req-68039e65-93bd-40e7-a126-7a4e8b660751 ] Request (FloatingIPsTestJSON:tearDownClass): 204 DELETE http://10.180.1.21:9696/networking/v2.0/security-groups/f9d5e4e1-96ce-4119-82ce-184ab24e19c1 0.255s
2025-04-15 20:42:18.368 68185 INFO tempest.lib.common.rest_client [req-d38d1a7f-82e6-41f3-a506-fb991214811b req-d38d1a7f-82e6-41f3-a506-fb991214811b ] Request (FlavorsExtraSpecsNegativeTestJSON:test_flavor_non_admin_unset_keys): 403 DELETE http://10.180.1.21/compute/v2.1/flavors/116039014/os-extra_specs/hw:numa_nodes 1.950s
2025-04-15 20:42:18.374 68237 INFO tempest.lib.common.rest_client [req-f92ec0cd-e697-4bbf-811d-fdcc0e11b14a req-f92ec0cd-e697-4bbf-811d-fdcc0e11b14a ] Request (SecurityGroupsTestAdminJSON:setUpClass): 204 PUT http://10.180.1.21/identity/v3/projects/b908daf33e1e463292da403b4d62cb11/users/5caae938c9be460a852d735fe451296e/roles/13efe969c2064e668fd8e0776d222b3c 0.048s
2025-04-15 20:42:18.374 68237 INFO tempest.lib.common.dynamic_creds [-] Dynamic test user 5caae938c9be460a852d735fe451296e is created with scope project and roles: ['member']
2025-04-15 20:42:18.375 68237 INFO tempest.lib.common.dynamic_creds [-] Acquired dynamic creds: credentials: Credentials: {'domain_id': 'default', 'domain_name': 'Default', 'username': 'tempest-SecurityGroupsTestAdminJSON-2060963959-project-member', 'project_domain_id': 'default', 'project_domain_name': 'Default', 'project_id': 'b908daf33e1e463292da403b4d62cb11', 'project_name': 'tempest-SecurityGroupsTestAdminJSON-2060963959', 'tenant_id': 'b908daf33e1e463292da403b4d62cb11', 'tenant_name': 'tempest-SecurityGroupsTestAdminJSON-2060963959', 'user_domain_id': 'default', 'user_domain_name': 'Default', 'user_id': '5caae938c9be460a852d735fe451296e', 'system': None}, Network: None, Subnet: None, Router: None
2025-04-15 20:42:18.375 68237 INFO tempest.lib.common.dynamic_creds [-] Created isolated network resources for: credentials: Credentials: {'domain_id': 'default', 'domain_name': 'Default', 'username': 'tempest-SecurityGroupsTestAdminJSON-2060963959-project-member', 'project_domain_id': 'default', 'project_domain_name': 'Default', 'project_id': 'b908daf33e1e463292da403b4d62cb11', 'project_name': 'tempest-SecurityGroupsTestAdminJSON-2060963959', 'tenant_id': 'b908daf33e1e463292da403b4d62cb11', 'tenant_name': 'tempest-SecurityGroupsTestAdminJSON-2060963959', 'user_domain_id': 'default', 'user_domain_name': 'Default', 'user_id': '5caae938c9be460a852d735fe451296e', 'system': None}, Network: None, Subnet: None, Router: None
2025-04-15 20:42:18.393 68183 INFO tempest.lib.common.rest_client [req-9d0fcd14-0ed2-4ea0-8b7d-17a9affd75bd req-9d0fcd14-0ed2-4ea0-8b7d-17a9affd75bd ] Request (AggregatesAdminNegativeTestJSON:_run_cleanups): 200 DELETE http://10.180.1.21/compute/v2.1/os-aggregates/4 1.974s
2025-04-15 20:42:18.407 68201 INFO tempest.lib.common.rest_client [req-dd6cadd1-05ed-461a-b26b-b3587579db62 req-dd6cadd1-05ed-461a-b26b-b3587579db62 ] Request (QuotasAdminTestV257:test_get_updated_quotas): 201 POST http://10.180.1.21/identity/v3/users 0.049s
2025-04-15 20:42:18.412 68197 INFO tempest.lib.common.rest_client [req-175d28a8-8c82-4fee-8a18-444de3628129 req-175d28a8-8c82-4fee-8a18-444de3628129 ] Request (FlavorsV2TestJSON:test_list_flavors_filter_by_min_disk): 200 GET http://10.180.1.21/compute/v2.1/flavors?minDisk=2 1.981s
2025-04-15 20:42:18.478 68187 INFO tempest.lib.common.rest_client [req-9bad47e4-97fc-46c4-a436-18355b3e1522 req-9bad47e4-97fc-46c4-a436-18355b3e1522 ] Request (ListImageFiltersTestJSON:setUpClass): 200 GET http://10.180.1.21/compute/v2.1/servers/2eb8d698-9436-4e91-bd10-5f5200415144 1.829s
2025-04-15 20:42:18.494 68181 INFO tempest.lib.common.rest_client [req-3f4804e6-fab9-438a-9475-7633a507303b req-3f4804e6-fab9-438a-9475-7633a507303b ] Request (FloatingIPsTestJSON:tearDownClass): 204 DELETE http://10.180.1.21/identity/v3/projects/94cc0520542346dcb7cf3357ca16c501 0.131s
2025-04-15 20:42:18.503 68237 INFO tempest.lib.common.rest_client [req-2bf9cede-6e83-48a8-86ab-7ca51c50c34d req-2bf9cede-6e83-48a8-86ab-7ca51c50c34d ] Request (SecurityGroupsTestAdminJSON:setUpClass): 201 POST http://10.180.1.21/identity/v3/auth/tokens 0.123s
2025-04-15 20:42:18.562 68201 INFO tempest.lib.common.rest_client [req-7bd33fed-262f-47e7-b34b-93200942844c req-7bd33fed-262f-47e7-b34b-93200942844c ] Request (QuotasAdminTestV257:test_get_updated_quotas): 200 GET http://10.180.1.21/identity/v3/domains?name=Default 0.154s
2025-04-15 20:42:18.563 68181 INFO tempest.lib.common.rest_client [req-3dd4cf90-a027-476b-ae16-21c4bd75195f req-3dd4cf90-a027-476b-ae16-21c4bd75195f ] Request (AttachInterfacesUnderV243Test:setUpClass): 201 POST http://10.180.1.21/identity/v3/auth/tokens 0.067s
2025-04-15 20:42:18.593 68237 INFO tempest.lib.common.rest_client [req-5907c8d2-8b11-4b2c-ae05-9d725d9bdab6 req-5907c8d2-8b11-4b2c-ae05-9d725d9bdab6 ] Request (SecurityGroupsTestAdminJSON:setUpClass): 201 POST http://10.180.1.21/identity/v3/projects 0.089s
