2025-04-15 20:44:14.320 68225 INFO tempest.lib.common.rest_client [req-9c42f1b3-497e-4e1c-b7a1-c37b24d2cbf7 req-9c42f1b3-497e-4e1c-b7a1-c37b24d2cbf7 ] Request (AttachInterfacesTestJSON:test_create_list_show_delete_interfaces_by_fixed_ip): 200 GET http://10.180.1.21/compute/v2.1/servers/a2a5e9bc-da8b-42df-9f5f-caf70d72cc0b 0.063s
2025-04-15 20:44:14.380 68209 INFO tempest.lib.common.rest_client [req-fb4075b3-689b-432b-9671-ec185d2b1066 req-fb4075b3-689b-432b-9671-ec185d2b1066 ] Request (ServersTestManualDisk:setUpClass): 200 GET http://10.180.1.21/compute/v2.1/servers/88053de1-3cc2-4776-a56e-b34aa0c93764 0.049s
2025-04-15 20:44:14.413 68223 INFO tempest.lib.common.rest_client [req-6535efcc-345a-41b9-bd86-807ec8b80674 req-6535efcc-345a-41b9-bd86-807ec8b80674 ] Request (ServerMetadataTestJSON:setUpClass): 200 GET http://10.180.1.21/compute/v2.1/servers/96f86f1d-a1cb-4ec7-b72e-9cf41ff6e4e5 0.089s
2025-04-15 20:44:14.439 68227 INFO tempest.lib.common.rest_client [req-1593cde7-a134-4420-a7df-6cd87a8b505c req-1593cde7-a134-4420-a7df-6cd87a8b505c ] Request (ServersAaction247Test:test_create_backup): 200 GET http://10.180.1.21/compute/v2.1/servers/5cdef8c3-ecd4-4338-b2e6-a8910e3c52ff 0.051s
2025-04-15 20:44:14.447 68227 INFO tempest.common.waiters [-] State transition "BUILD/scheduling" ==> "BUILD/None" after 121 second wait
2025-04-15 20:44:14.488 68215 INFO tempest.lib.common.rest_client [req-0c6371db-407e-4463-946d-b7f62e0106a7 req-0c6371db-407e-4463-946d-b7f62e0106a7 ] Request (VolumesAssistedSnapshotsTest:test_volume_assisted_snapshot_create_delete): 200 GET http://10.180.1.21/compute/v2.1/servers/c1bcede0-cb1a-4647-aed8-a77ed7eb2d8e 0.058s
2025-04-15 20:44:14.521 68205 INFO tempest.lib.common.rest_client [req-72af9ca2-f22f-4e99-8205-f37e8d1d10c0 req-72af9ca2-f22f-4e99-8205-f37e8d1d10c0 ] Request (ServerDiagnosticsNegativeTest:test_get_server_diagnostics_by_non_admin): 200 GET http://10.180.1.21/compute/v2.1/servers/043c631c-bf15-4b4c-9a92-49ea51b6d405 0.093s
2025-04-15 20:44:14.534 68213 INFO tempest.lib.common.rest_client [req-1d53c59b-6b69-494c-93c6-f8c5c61305ed req-1d53c59b-6b69-494c-93c6-f8c5c61305ed ] Request (ServersWithSpecificFlavorTestJSON:test_verify_created_server_ephemeral_disk): 200 GET http://10.180.1.21/compute/v2.1/servers/63254807-dead-415e-bdf6-e85780248d8f 0.062s
2025-04-15 20:44:14.569 68207 INFO tempest.lib.common.rest_client [req-818d0df0-2323-49cc-bcc2-77391d2eeff9 req-818d0df0-2323-49cc-bcc2-77391d2eeff9 ] Request (ServersTestMultiNic:test_verify_duplicate_network_nics): 200 GET http://10.180.1.21/compute/v2.1/servers/a9656a7e-8a7b-489e-9990-097c1e93e535 0.052s
2025-04-15 20:44:14.613 68181 INFO tempest.lib.common.rest_client [req-1e15dbcb-3f5d-4c02-a512-6c7597679f56 req-1e15dbcb-3f5d-4c02-a512-6c7597679f56 ] Request (AttachInterfacesUnderV243Test:test_add_remove_fixed_ip): 200 GET http://10.180.1.21/compute/v2.1/servers/3d091507-3ab2-45da-a366-ff5d3f107134 0.051s
2025-04-15 20:44:14.626 68177 INFO tempest.lib.common.rest_client [req-2bb6795e-2607-4703-a2e4-3d2a53626781 req-2bb6795e-2607-4703-a2e4-3d2a53626781 ] Request (TenantUsagesTestJSON:setUpClass): 200 GET http://10.180.1.21/compute/v2.1/servers/2256af1c-4ff8-46b9-b568-c25ce8886e5f 0.091s
2025-04-15 20:44:14.659 68229 INFO tempest.lib.common.rest_client [req-b3822fe3-2fc9-46ab-9601-e0fc43f8dc99 req-b3822fe3-2fc9-46ab-9601-e0fc43f8dc99 ] Request (InstanceActionsNegativeTestJSON:setUpClass): 200 GET http://10.180.1.21/compute/v2.1/servers/fcae7119-6233-4a52-9e52-1147f2b10ddc 0.079s
2025-04-15 20:44:14.670 68203 INFO tempest.lib.common.rest_client [req-dba39c94-9fbf-48dc-9e55-aeafdcba770d req-dba39c94-9fbf-48dc-9e55-aeafdcba770d ] Request (ServersAdminTestJSON:setUpClass): 200 GET http://10.180.1.21/compute/v2.1/servers/194fe3b9-366e-4489-9b1f-2adf2a8ac6ee 0.055s
2025-04-15 20:44:14.727 68233 INFO tempest.lib.common.rest_client [req-3a7259cf-8393-4911-9ea0-7213476e2d58 req-3a7259cf-8393-4911-9ea0-7213476e2d58 ] Request (ServersAdmin275Test:test_rebuild_update_server_275): 200 GET http://10.180.1.21/compute/v2.1/servers/61f9c4d7-0e4f-4d1d-af9d-ceb0aac42cd3 0.053s
2025-04-15 20:44:14.750 68179 INFO tempest.lib.common.rest_client [req-3a520253-929a-4c3d-82e9-a21644edd124 req-3a520253-929a-4c3d-82e9-a21644edd124 ] Request (ImagesOneServerNegativeTestJSON:setUpClass): 200 GET http://10.180.1.21/compute/v2.1/servers/2f69fae8-d060-4156-8880-071f5ee1f969 0.087s
2025-04-15 20:44:14.770 68183 INFO tempest.lib.common.rest_client [req-f0e4d735-7a2f-4be8-a6f1-59d0d6fb4a43 req-f0e4d735-7a2f-4be8-a6f1-59d0d6fb4a43 ] Request (InstanceActionsTestJSON:setUpClass): 200 GET http://10.180.1.21/compute/v2.1/servers/cb76498a-b404-40f3-ac3f-93aea525abee 0.060s
2025-04-15 20:44:14.793 68175 INFO tempest.lib.common.rest_client [req-23684747-e970-4aac-a767-846eb92803bf req-23684747-e970-4aac-a767-846eb92803bf ] Request (MigrationsAdminTest:test_resize_server_revert_deleted_flavor): 200 GET http://10.180.1.21/compute/v2.1/servers/9e3bbca4-2031-4a02-819c-2c9cf720eba9 0.076s
2025-04-15 20:44:14.815 68211 INFO tempest.lib.common.rest_client [req-6f8c73c5-3933-4b96-b846-130f4f4a2b91 req-6f8c73c5-3933-4b96-b846-130f4f4a2b91 ] Request (ServerGroupTestJSON:test_create_server_with_scheduler_hint_group): 200 GET http://10.180.1.21/compute/v2.1/servers/e7b5f3f7-5b2d-49c7-be13-3b481f1b3ca8 0.058s
2025-04-15 20:44:14.840 68191 INFO tempest.lib.common.rest_client [req-9d57af3e-7823-47bb-a370-0b76a8be4c76 req-9d57af3e-7823-47bb-a370-0b76a8be4c76 ] Request (ServersTestBootFromVolume:setUpClass): 200 GET http://10.180.1.21/compute/v2.1/servers/bac538d8-3dda-4851-8aa3-d60bae70b6ff 0.052s
2025-04-15 20:44:14.928 68231 INFO tempest.lib.common.rest_client [req-5a8705f2-2ee6-4845-a921-6417e087c498 req-5a8705f2-2ee6-4845-a921-6417e087c498 ] Request (ServerAddressesNegativeTestJSON:setUpClass): 200 GET http://10.180.1.21/compute/v2.1/servers/40c8659f-361a-4bf7-b16c-00bfc2c98729 0.051s
2025-04-15 20:44:15.025 68195 INFO tempest.lib.common.rest_client [req-75b5f9c3-2ba4-48fc-be9f-c17c300ea917 req-75b5f9c3-2ba4-48fc-be9f-c17c300ea917 ] Request (ServerMetadataNegativeTestJSON:setUpClass): 200 GET http://10.180.1.21/compute/v2.1/servers/6520080a-8bf1-4803-9099-87c3ba6e28e4 0.114s
2025-04-15 20:44:15.049 68201 INFO tempest.lib.common.rest_client [req-a6e6d78b-00bd-49c5-a0bd-565c9ddb2c3a req-a6e6d78b-00bd-49c5-a0bd-565c9ddb2c3a ] Request (ServerDiagnosticsTest:test_get_server_diagnostics): 200 GET http://10.180.1.21/compute/v2.1/servers/9be15a5a-2a28-412b-a893-387b8dd9a2c4 0.216s
2025-04-15 20:44:15.071 68185 INFO tempest.lib.common.rest_client [req-8289d8a1-f1dd-4a03-8b47-3976b4faed06 req-8289d8a1-f1dd-4a03-8b47-3976b4faed06 ] Request (ServersAdminNegativeTestJSON:setUpClass): 200 GET http://10.180.1.21/compute/v2.1/servers/cb485828-0620-48fd-a9d4-a83e690f4675 0.147s
2025-04-15 20:44:15.100 68219 INFO tempest.lib.common.rest_client [req-04a00230-7c8f-4650-9ce4-c612f81fc8cb req-04a00230-7c8f-4650-9ce4-c612f81fc8cb ] Request (DeleteServersAdminTestJSON:test_admin_delete_servers_of_others): 200 GET http://10.180.1.21/compute/v2.1/servers/d9e47a83-7921-4cf6-ba99-fb705bc52e4a 0.103s
2025-04-15 20:44:15.107 68219 INFO tempest.common.waiters [-] State transition "BUILD/spawning" ==> "ERROR/None" after 153 second wait
2025-04-15 20:44:15.217 68199 INFO tempest.lib.common.rest_client [req-37a7587a-c329-4fc3-bc03-929d91493cad req-37a7587a-c329-4fc3-bc03-929d91493cad ] Request (ServerExternalEventsTest:test_create_server_external_events): 200 GET http://10.180.1.21/compute/v2.1/servers/3e67c74f-5c03-4dc4-a23b-b547bfb32b4a 0.095s
2025-04-15 20:44:15.261 68197 INFO tempest.lib.common.rest_client [req-73932216-35b2-47b0-a42f-d1e2abf5558e req-73932216-35b2-47b0-a42f-d1e2abf5558e ] Request (ImagesTestJSON:test_create_image_from_stopped_server): 200 GET http://10.180.1.21/compute/v2.1/servers/938d37dd-509b-4923-b192-3ce4a6d530c5 0.060s
2025-04-15 20:44:15.285 68219 INFO tempest.lib.common.rest_client [req-f6fb3744-8e83-4101-a67e-daad35e4ef0c req-f6fb3744-8e83-4101-a67e-daad35e4ef0c ] Request (DeleteServersAdminTestJSON:test_admin_delete_servers_of_others): 204 DELETE http://10.180.1.21/compute/v2.1/servers/d9e47a83-7921-4cf6-ba99-fb705bc52e4a 0.177s
2025-04-15 20:44:15.305 68217 INFO tempest.lib.common.rest_client [req-061f8f76-dd5d-42fa-8b4e-6169a744f58e req-061f8f76-dd5d-42fa-8b4e-6169a744f58e ] Request (ServerPasswordTestJSON:setUpClass): 200 GET http://10.180.1.21/compute/v2.1/servers/dd3d49f4-83c5-4a83-9674-fed5e190743c 0.067s
2025-04-15 20:44:15.322 68219 INFO tempest.lib.common.rest_client [req-662fdeb1-d001-4d8c-9f83-31d256148185 req-662fdeb1-d001-4d8c-9f83-31d256148185 ] Request (DeleteServersAdminTestJSON:test_admin_delete_servers_of_others): 404 GET http://10.180.1.21/compute/v2.1/servers/d9e47a83-7921-4cf6-ba99-fb705bc52e4a 0.036s
2025-04-15 20:44:15.331 68235 INFO tempest.lib.common.rest_client [req-e17c0912-acee-4b8b-8934-eecab854b5df req-e17c0912-acee-4b8b-8934-eecab854b5df ] Request (ServerAddressesTestJSON:setUpClass): 200 GET http://10.180.1.21/compute/v2.1/servers/d3019243-6b64-4d8f-87bb-ace791093969 0.048s
2025-04-15 20:44:15.376 68225 INFO tempest.lib.common.rest_client [req-cf4a7dfe-0118-430c-9188-a16756c75fca req-cf4a7dfe-0118-430c-9188-a16756c75fca ] Request (AttachInterfacesTestJSON:test_create_list_show_delete_interfaces_by_fixed_ip): 200 GET http://10.180.1.21/compute/v2.1/servers/a2a5e9bc-da8b-42df-9f5f-caf70d72cc0b 0.048s
2025-04-15 20:44:15.391 68219 INFO tempest.lib.common.rest_client [req-ced78f11-ad0b-45df-a94f-b1923c5b4104 req-ced78f11-ad0b-45df-a94f-b1923c5b4104 ] Request (DeleteServersAdminTestJSON:test_delete_server_while_in_error_state): 201 POST http://10.180.1.21/identity/v3/auth/tokens 0.061s
2025-04-15 20:44:15.392 68219 INFO tempest.lib.common.fixed_network [-] (DeleteServersAdminTestJSON:test_delete_server_while_in_error_state) Found network None available for tenant
2025-04-15 20:44:15.411 68187 INFO tempest.lib.common.rest_client [req-a6b39794-414a-49ce-a66a-ab8b5b872cac req-a6b39794-414a-49ce-a66a-ab8b5b872cac ] Request (ListImageFiltersTestJSON:setUpClass): 200 GET http://10.180.1.21/compute/v2.1/servers/2eb8d698-9436-4e91-bd10-5f5200415144 0.111s
2025-04-15 20:44:15.438 68209 INFO tempest.lib.common.rest_client [req-7797c76b-6727-4f4d-a9e9-8e87f8d6f12b req-7797c76b-6727-4f4d-a9e9-8e87f8d6f12b ] Request (ServersTestManualDisk:setUpClass): 200 GET http://10.180.1.21/compute/v2.1/servers/88053de1-3cc2-4776-a56e-b34aa0c93764 0.050s
2025-04-15 20:44:15.523 68223 INFO tempest.lib.common.rest_client [req-f54bf29f-d8cc-44fc-836e-5c20dc7c44ca req-f54bf29f-d8cc-44fc-836e-5c20dc7c44ca ] Request (ServerMetadataTestJSON:setUpClass): 200 GET http://10.180.1.21/compute/v2.1/servers/96f86f1d-a1cb-4ec7-b72e-9cf41ff6e4e5 0.103s
2025-04-15 20:44:15.568 68227 INFO tempest.lib.common.rest_client [req-6c602eeb-24df-40bf-a5ca-59a2cf862e08 req-6c602eeb-24df-40bf-a5ca-59a2cf862e08 ] Request (ServersAaction247Test:test_create_backup): 200 GET http://10.180.1.21/compute/v2.1/servers/5cdef8c3-ecd4-4338-b2e6-a8910e3c52ff 0.119s
2025-04-15 20:44:15.578 68227 INFO tempest.common.waiters [-] State transition "BUILD/None" ==> "BUILD/spawning" after 122 second wait
2025-04-15 20:44:15.616 68215 INFO tempest.lib.common.rest_client [req-57b66f9c-fcdc-470a-a383-af5784f2b9bf req-57b66f9c-fcdc-470a-a383-af5784f2b9bf ] Request (VolumesAssistedSnapshotsTest:test_volume_assisted_snapshot_create_delete): 200 GET http://10.180.1.21/compute/v2.1/servers/c1bcede0-cb1a-4647-aed8-a77ed7eb2d8e 0.117s
2025-04-15 20:44:15.616 68219 INFO tempest.lib.common.rest_client [req-9782ff27-31db-4875-8f2e-a64ff6162396 req-9782ff27-31db-4875-8f2e-a64ff6162396 ] Request (DeleteServersAdminTestJSON:test_delete_server_while_in_error_state): 202 POST http://10.180.1.21/compute/v2.1/servers 0.224s
2025-04-15 20:44:15.664 68213 INFO tempest.lib.common.rest_client [req-e97653d3-de66-4bb4-a914-8e5a4ecf468f req-e97653d3-de66-4bb4-a914-8e5a4ecf468f ] Request (ServersWithSpecificFlavorTestJSON:test_verify_created_server_ephemeral_disk): 200 GET http://10.180.1.21/compute/v2.1/servers/63254807-dead-415e-bdf6-e85780248d8f 0.122s
2025-04-15 20:44:15.709 68207 INFO tempest.lib.common.rest_client [req-40f56c1b-624a-4e11-994e-ff588e2e0758 req-40f56c1b-624a-4e11-994e-ff588e2e0758 ] Request (ServersTestMultiNic:test_verify_duplicate_network_nics): 200 GET http://10.180.1.21/compute/v2.1/servers/a9656a7e-8a7b-489e-9990-097c1e93e535 0.133s
2025-04-15 20:44:15.741 68219 INFO tempest.lib.common.rest_client [req-e96f692a-8274-4ace-aab7-e81e35435e9e req-e96f692a-8274-4ace-aab7-e81e35435e9e ] Request (DeleteServersAdminTestJSON:test_delete_server_while_in_error_state): 200 GET http://10.180.1.21/compute/v2.1/servers/8831483f-3fbb-4463-9f8f-868d46bb3e4e 0.124s
2025-04-15 20:44:15.745 68205 INFO tempest.lib.common.rest_client [req-f28b04db-92c0-4f10-aa5e-1161467fb565 req-f28b04db-92c0-4f10-aa5e-1161467fb565 ] Request (ServerDiagnosticsNegativeTest:test_get_server_diagnostics_by_non_admin): 200 GET http://10.180.1.21/compute/v2.1/servers/043c631c-bf15-4b4c-9a92-49ea51b6d405 0.216s
2025-04-15 20:44:15.798 68181 INFO tempest.lib.common.rest_client [req-16e2dd76-ff41-4055-83bb-ee1f7d0c92b3 req-16e2dd76-ff41-4055-83bb-ee1f7d0c92b3 ] Request (AttachInterfacesUnderV243Test:test_add_remove_fixed_ip): 200 GET http://10.180.1.21/compute/v2.1/servers/3d091507-3ab2-45da-a366-ff5d3f107134 0.177s
2025-04-15 20:44:15.835 68177 INFO tempest.lib.common.rest_client [req-e1dfef40-b173-49c8-b00a-25e20275a673 req-e1dfef40-b173-49c8-b00a-25e20275a673 ] Request (TenantUsagesTestJSON:setUpClass): 200 GET http://10.180.1.21/compute/v2.1/servers/2256af1c-4ff8-46b9-b568-c25ce8886e5f 0.201s
2025-04-15 20:44:15.844 68229 INFO tempest.lib.common.rest_client [req-67fd7b9a-683b-4ff7-b819-44f9d3b3b006 req-67fd7b9a-683b-4ff7-b819-44f9d3b3b006 ] Request (InstanceActionsNegativeTestJSON:setUpClass): 200 GET http://10.180.1.21/compute/v2.1/servers/fcae7119-6233-4a52-9e52-1147f2b10ddc 0.176s
2025-04-15 20:44:15.880 68203 INFO tempest.lib.common.rest_client [req-433351e4-1698-4e24-b3de-9a7068506903 req-433351e4-1698-4e24-b3de-9a7068506903 ] Request (ServersAdminTestJSON:setUpClass): 200 GET http://10.180.1.21/compute/v2.1/servers/194fe3b9-366e-4489-9b1f-2adf2a8ac6ee 0.202s
2025-04-15 20:44:15.892 68233 INFO tempest.lib.common.rest_client [req-431bd5a4-cb3b-4e77-a8d5-3276621d6324 req-431bd5a4-cb3b-4e77-a8d5-3276621d6324 ] Request (ServersAdmin275Test:test_rebuild_update_server_275): 200 GET http://10.180.1.21/compute/v2.1/servers/61f9c4d7-0e4f-4d1d-af9d-ceb0aac42cd3 0.154s
2025-04-15 20:44:15.932 68183 INFO tempest.lib.common.rest_client [req-8f0bbc62-3223-4b16-8e4a-f87e0ae7d38a req-8f0bbc62-3223-4b16-8e4a-f87e0ae7d38a ] Request (InstanceActionsTestJSON:setUpClass): 200 GET http://10.180.1.21/compute/v2.1/servers/cb76498a-b404-40f3-ac3f-93aea525abee 0.154s
2025-04-15 20:44:15.964 68179 INFO tempest.lib.common.rest_client [req-5ee7984e-09cf-4e5e-a35c-b2160d5a0283 req-5ee7984e-09cf-4e5e-a35c-b2160d5a0283 ] Request (ImagesOneServerNegativeTestJSON:setUpClass): 200 GET http://10.180.1.21/compute/v2.1/servers/2f69fae8-d060-4156-8880-071f5ee1f969 0.206s
2025-04-15 20:44:15.976 68175 INFO tempest.lib.common.rest_client [req-4041a967-253c-4aa9-807a-07914248e333 req-4041a967-253c-4aa9-807a-07914248e333 ] Request (MigrationsAdminTest:test_resize_server_revert_deleted_flavor): 200 GET http://10.180.1.21/compute/v2.1/servers/9e3bbca4-2031-4a02-819c-2c9cf720eba9 0.173s
2025-04-15 20:44:16.012 68211 INFO tempest.lib.common.rest_client [req-8f3b6329-140a-495e-8cc9-dc16ca5df832 req-8f3b6329-140a-495e-8cc9-dc16ca5df832 ] Request (ServerGroupTestJSON:test_create_server_with_scheduler_hint_group): 200 GET http://10.180.1.21/compute/v2.1/servers/e7b5f3f7-5b2d-49c7-be13-3b481f1b3ca8 0.190s
2025-04-15 20:44:16.024 68191 INFO tempest.lib.common.rest_client [req-e714dc8f-b53a-4034-bea9-d24f5f9c74c8 req-e714dc8f-b53a-4034-bea9-d24f5f9c74c8 ] Request (ServersTestBootFromVolume:setUpClass): 200 GET http://10.180.1.21/compute/v2.1/servers/bac538d8-3dda-4851-8aa3-d60bae70b6ff 0.176s
2025-04-15 20:44:16.058 68231 INFO tempest.lib.common.rest_client [req-37259f91-dbbf-4659-82b7-0d1614c10831 req-37259f91-dbbf-4659-82b7-0d1614c10831 ] Request (ServerAddressesNegativeTestJSON:setUpClass): 200 GET http://10.180.1.21/compute/v2.1/servers/40c8659f-361a-4bf7-b16c-00bfc2c98729 0.119s
2025-04-15 20:44:16.102 68201 INFO tempest.lib.common.rest_client [req-7107898e-01a8-4578-8d04-930a5d56f8b0 req-7107898e-01a8-4578-8d04-930a5d56f8b0 ] Request (ServerDiagnosticsTest:test_get_server_diagnostics): 200 GET http://10.180.1.21/compute/v2.1/servers/9be15a5a-2a28-412b-a893-387b8dd9a2c4 0.045s
2025-04-15 20:44:16.143 68185 INFO tempest.lib.common.rest_client [req-7916296f-4825-4502-bb1f-4b5cb4d42f77 req-7916296f-4825-4502-bb1f-4b5cb4d42f77 ] Request (ServersAdminNegativeTestJSON:setUpClass): 200 GET http://10.180.1.21/compute/v2.1/servers/cb485828-0620-48fd-a9d4-a83e690f4675 0.065s
2025-04-15 20:44:16.184 68195 INFO tempest.lib.common.rest_client [req-ffd9be7b-590e-4704-9f7d-f306880bd676 req-ffd9be7b-590e-4704-9f7d-f306880bd676 ] Request (ServerMetadataNegativeTestJSON:setUpClass): 200 GET http://10.180.1.21/compute/v2.1/servers/6520080a-8bf1-4803-9099-87c3ba6e28e4 0.151s
2025-04-15 20:44:16.316 68199 INFO tempest.lib.common.rest_client [req-e1a9daf1-c5a3-4a1f-a00a-512314cb7f7b req-e1a9daf1-c5a3-4a1f-a00a-512314cb7f7b ] Request (ServerExternalEventsTest:test_create_server_external_events): 200 GET http://10.180.1.21/compute/v2.1/servers/3e67c74f-5c03-4dc4-a23b-b547bfb32b4a 0.091s
2025-04-15 20:44:16.317 68197 INFO tempest.lib.common.rest_client [req-48988cd2-2133-4d74-b564-76d7bb2e6e06 req-48988cd2-2133-4d74-b564-76d7bb2e6e06 ] Request (ImagesTestJSON:test_create_image_from_stopped_server): 200 GET http://10.180.1.21/compute/v2.1/servers/938d37dd-509b-4923-b192-3ce4a6d530c5 0.048s
2025-04-15 20:44:16.359 68217 INFO tempest.lib.common.rest_client [req-ce57b267-1f46-4a64-9983-cece09599b84 req-ce57b267-1f46-4a64-9983-cece09599b84 ] Request (ServerPasswordTestJSON:setUpClass): 200 GET http://10.180.1.21/compute/v2.1/servers/dd3d49f4-83c5-4a83-9674-fed5e190743c 0.046s
2025-04-15 20:44:16.385 68235 INFO tempest.lib.common.rest_client [req-ad057610-af6f-46b2-a58b-a8156d21937b req-ad057610-af6f-46b2-a58b-a8156d21937b ] Request (ServerAddressesTestJSON:setUpClass): 200 GET http://10.180.1.21/compute/v2.1/servers/d3019243-6b64-4d8f-87bb-ace791093969 0.045s
2025-04-15 20:44:16.430 68225 INFO tempest.lib.common.rest_client [req-c239f7aa-f5f5-4693-bfb1-accd13407214 req-c239f7aa-f5f5-4693-bfb1-accd13407214 ] Request (AttachInterfacesTestJSON:test_create_list_show_delete_interfaces_by_fixed_ip): 200 GET http://10.180.1.21/compute/v2.1/servers/a2a5e9bc-da8b-42df-9f5f-caf70d72cc0b 0.045s
2025-04-15 20:44:16.492 68209 INFO tempest.lib.common.rest_client [req-2f63d510-c696-41d1-aa79-41be72514f3e req-2f63d510-c696-41d1-aa79-41be72514f3e ] Request (ServersTestManualDisk:setUpClass): 200 GET http://10.180.1.21/compute/v2.1/servers/88053de1-3cc2-4776-a56e-b34aa0c93764 0.046s
2025-04-15 20:44:16.506 68187 INFO tempest.lib.common.rest_client [req-c2f077a8-be84-40ba-8707-f4c320e6054a req-c2f077a8-be84-40ba-8707-f4c320e6054a ] Request (ListImageFiltersTestJSON:setUpClass): 200 GET http://10.180.1.21/compute/v2.1/servers/2eb8d698-9436-4e91-bd10-5f5200415144 0.086s
2025-04-15 20:44:16.616 68223 INFO tempest.lib.common.rest_client [req-94326684-dfa6-48b7-aa9a-a97a77ca67bf req-94326684-dfa6-48b7-aa9a-a97a77ca67bf ] Request (ServerMetadataTestJSON:setUpClass): 200 GET http://10.180.1.21/compute/v2.1/servers/96f86f1d-a1cb-4ec7-b72e-9cf41ff6e4e5 0.085s
2025-04-15 20:44:16.630 68227 INFO tempest.lib.common.rest_client [req-ef5f6191-9f14-4a05-8b7e-756d890bed9c req-ef5f6191-9f14-4a05-8b7e-756d890bed9c ] Request (ServersAaction247Test:test_create_backup): 200 GET http://10.180.1.21/compute/v2.1/servers/5cdef8c3-ecd4-4338-b2e6-a8910e3c52ff 0.051s
2025-04-15 20:44:16.670 68215 INFO tempest.lib.common.rest_client [req-206e58f4-6dd1-4eb4-8992-ec49ec1c0900 req-206e58f4-6dd1-4eb4-8992-ec49ec1c0900 ] Request (VolumesAssistedSnapshotsTest:test_volume_assisted_snapshot_create_delete): 200 GET http://10.180.1.21/compute/v2.1/servers/c1bcede0-cb1a-4647-aed8-a77ed7eb2d8e 0.047s
2025-04-15 20:44:16.720 68213 INFO tempest.lib.common.rest_client [req-53166e69-a314-4189-818b-4a7c38dba528 req-53166e69-a314-4189-818b-4a7c38dba528 ] Request (ServersWithSpecificFlavorTestJSON:test_verify_created_server_ephemeral_disk): 200 GET http://10.180.1.21/compute/v2.1/servers/63254807-dead-415e-bdf6-e85780248d8f 0.049s
2025-04-15 20:44:16.763 68207 INFO tempest.lib.common.rest_client [req-61047cad-a1ba-4d2a-b163-1fec511eec77 req-61047cad-a1ba-4d2a-b163-1fec511eec77 ] Request (ServersTestMultiNic:test_verify_duplicate_network_nics): 200 GET http://10.180.1.21/compute/v2.1/servers/a9656a7e-8a7b-489e-9990-097c1e93e535 0.046s
2025-04-15 20:44:16.798 68219 INFO tempest.lib.common.rest_client [req-c4e9227a-efab-4286-a496-1a0757dafa4b req-c4e9227a-efab-4286-a496-1a0757dafa4b ] Request (DeleteServersAdminTestJSON:test_delete_server_while_in_error_state): 200 GET http://10.180.1.21/compute/v2.1/servers/8831483f-3fbb-4463-9f8f-868d46bb3e4e 0.048s
2025-04-15 20:44:16.844 68205 INFO tempest.lib.common.rest_client [req-f635b21b-6e26-4d07-b538-5c855524305d req-f635b21b-6e26-4d07-b538-5c855524305d ] Request (ServerDiagnosticsNegativeTest:test_get_server_diagnostics_by_non_admin): 200 GET http://10.180.1.21/compute/v2.1/servers/043c631c-bf15-4b4c-9a92-49ea51b6d405 0.091s
2025-04-15 20:44:16.853 68181 INFO tempest.lib.common.rest_client [req-06b6ff5c-6696-4028-9f85-87803d27ffb4 req-06b6ff5c-6696-4028-9f85-87803d27ffb4 ] Request (AttachInterfacesUnderV243Test:test_add_remove_fixed_ip): 200 GET http://10.180.1.21/compute/v2.1/servers/3d091507-3ab2-45da-a366-ff5d3f107134 0.047s
2025-04-15 20:44:16.896 68229 INFO tempest.lib.common.rest_client [req-c972b4c1-68ea-4905-b0fa-c775416d0469 req-c972b4c1-68ea-4905-b0fa-c775416d0469 ] Request (InstanceActionsNegativeTestJSON:setUpClass): 200 GET http://10.180.1.21/compute/v2.1/servers/fcae7119-6233-4a52-9e52-1147f2b10ddc 0.044s
2025-04-15 20:44:16.931 68177 INFO tempest.lib.common.rest_client [req-357b0435-12d2-46b6-8947-ca6e04b7bc72 req-357b0435-12d2-46b6-8947-ca6e04b7bc72 ] Request (TenantUsagesTestJSON:setUpClass): 200 GET http://10.180.1.21/compute/v2.1/servers/2256af1c-4ff8-46b9-b568-c25ce8886e5f 0.087s
2025-04-15 20:44:16.938 68203 INFO tempest.lib.common.rest_client [req-482e6b71-b8bd-4c3d-9b7d-e412a56580d7 req-482e6b71-b8bd-4c3d-9b7d-e412a56580d7 ] Request (ServersAdminTestJSON:setUpClass): 200 GET http://10.180.1.21/compute/v2.1/servers/194fe3b9-366e-4489-9b1f-2adf2a8ac6ee 0.049s
2025-04-15 20:44:16.980 68233 INFO tempest.lib.common.rest_client [req-6c08eede-303c-4e00-a1f4-d4ccfbd2521b req-6c08eede-303c-4e00-a1f4-d4ccfbd2521b ] Request (ServersAdmin275Test:test_rebuild_update_server_275): 200 GET http://10.180.1.21/compute/v2.1/servers/61f9c4d7-0e4f-4d1d-af9d-ceb0aac42cd3 0.079s
2025-04-15 20:44:16.984 68183 INFO tempest.lib.common.rest_client [req-5764c180-6bfd-459d-ae14-361c55b25573 req-5764c180-6bfd-459d-ae14-361c55b25573 ] Request (InstanceActionsTestJSON:setUpClass): 200 GET http://10.180.1.21/compute/v2.1/servers/cb76498a-b404-40f3-ac3f-93aea525abee 0.044s
2025-04-15 20:44:17.029 68175 INFO tempest.lib.common.rest_client [req-dad4097b-ad0c-4935-a4a6-7b3ae817ee05 req-dad4097b-ad0c-4935-a4a6-7b3ae817ee05 ] Request (MigrationsAdminTest:test_resize_server_revert_deleted_flavor): 200 GET http://10.180.1.21/compute/v2.1/servers/9e3bbca4-2031-4a02-819c-2c9cf720eba9 0.045s
2025-04-15 20:44:17.064 68179 INFO tempest.lib.common.rest_client [req-393878a8-68eb-4d42-ad28-ad4776d95dcc req-393878a8-68eb-4d42-ad28-ad4776d95dcc ] Request (ImagesOneServerNegativeTestJSON:setUpClass): 200 GET http://10.180.1.21/compute/v2.1/servers/2f69fae8-d060-4156-8880-071f5ee1f969 0.092s
2025-04-15 20:44:17.072 68211 INFO tempest.lib.common.rest_client [req-05798504-3556-45f5-a388-08a90a276c59 req-05798504-3556-45f5-a388-08a90a276c59 ] Request (ServerGroupTestJSON:test_create_server_with_scheduler_hint_group): 200 GET http://10.180.1.21/compute/v2.1/servers/e7b5f3f7-5b2d-49c7-be13-3b481f1b3ca8 0.053s
2025-04-15 20:44:17.107 68191 INFO tempest.lib.common.rest_client [req-657b832c-8270-4d87-834b-43bc219ccf04 req-657b832c-8270-4d87-834b-43bc219ccf04 ] Request (ServersTestBootFromVolume:setUpClass): 200 GET http://10.180.1.21/compute/v2.1/servers/bac538d8-3dda-4851-8aa3-d60bae70b6ff 0.076s
2025-04-15 20:44:17.115 68231 INFO tempest.lib.common.rest_client [req-2c74c680-27a6-43d9-a7a8-752ffd2d4f83 req-2c74c680-27a6-43d9-a7a8-752ffd2d4f83 ] Request (ServerAddressesNegativeTestJSON:setUpClass): 200 GET http://10.180.1.21/compute/v2.1/servers/40c8659f-361a-4bf7-b16c-00bfc2c98729 0.049s
2025-04-15 20:44:17.154 68201 INFO tempest.lib.common.rest_client [req-58902dee-1dc1-4acb-877d-2a90a3e03df0 req-58902dee-1dc1-4acb-877d-2a90a3e03df0 ] Request (ServerDiagnosticsTest:test_get_server_diagnostics): 200 GET http://10.180.1.21/compute/v2.1/servers/9be15a5a-2a28-412b-a893-387b8dd9a2c4 0.044s
2025-04-15 20:44:17.196 68185 INFO tempest.lib.common.rest_client [req-0912ac60-12b9-4ada-89ed-d0deea12805e req-0912ac60-12b9-4ada-89ed-d0deea12805e ] Request (ServersAdminNegativeTestJSON:setUpClass): 200 GET http://10.180.1.21/compute/v2.1/servers/cb485828-0620-48fd-a9d4-a83e690f4675 0.044s
2025-04-15 20:44:17.320 68195 INFO tempest.lib.common.rest_client [req-4944770a-4185-4d56-9dae-27951ba3af37 req-4944770a-4185-4d56-9dae-27951ba3af37 ] Request (ServerMetadataNegativeTestJSON:setUpClass): 200 GET http://10.180.1.21/compute/v2.1/servers/6520080a-8bf1-4803-9099-87c3ba6e28e4 0.127s
2025-04-15 20:44:17.370 68197 INFO tempest.lib.common.rest_client [req-891c682f-4fd6-4f10-aeaf-87db0c5daff9 req-891c682f-4fd6-4f10-aeaf-87db0c5daff9 ] Request (ImagesTestJSON:test_create_image_from_stopped_server): 200 GET http://10.180.1.21/compute/v2.1/servers/938d37dd-509b-4923-b192-3ce4a6d530c5 0.046s
2025-04-15 20:44:17.413 68217 INFO tempest.lib.common.rest_client [req-51efa2a8-0869-4823-9f8c-5607960fac57 req-51efa2a8-0869-4823-9f8c-5607960fac57 ] Request (ServerPasswordTestJSON:setUpClass): 200 GET http://10.180.1.21/compute/v2.1/servers/dd3d49f4-83c5-4a83-9674-fed5e190743c 0.046s
2025-04-15 20:44:17.416 68199 INFO tempest.lib.common.rest_client [req-6823e1bd-59a1-4383-9225-98883e34441c req-6823e1bd-59a1-4383-9225-98883e34441c ] Request (ServerExternalEventsTest:test_create_server_external_events): 200 GET http://10.180.1.21/compute/v2.1/servers/3e67c74f-5c03-4dc4-a23b-b547bfb32b4a 0.091s
2025-04-15 20:44:17.456 68235 INFO tempest.lib.common.rest_client [req-0e258f47-8855-4be8-9bca-5b9a6c370dac req-0e258f47-8855-4be8-9bca-5b9a6c370dac ] Request (ServerAddressesTestJSON:setUpClass): 200 GET http://10.180.1.21/compute/v2.1/servers/d3019243-6b64-4d8f-87bb-ace791093969 0.063s
2025-04-15 20:44:17.484 68225 INFO tempest.lib.common.rest_client [req-8c78b5d1-02e0-4aaf-b2fb-1002ce914160 req-8c78b5d1-02e0-4aaf-b2fb-1002ce914160 ] Request (AttachInterfacesTestJSON:test_create_list_show_delete_interfaces_by_fixed_ip): 200 GET http://10.180.1.21/compute/v2.1/servers/a2a5e9bc-da8b-42df-9f5f-caf70d72cc0b 0.046s
2025-04-15 20:44:17.545 68209 INFO tempest.lib.common.rest_client [req-d00a0307-c0a1-4d40-b819-d9bd1924e7e8 req-d00a0307-c0a1-4d40-b819-d9bd1924e7e8 ] Request (ServersTestManualDisk:setUpClass): 200 GET http://10.180.1.21/compute/v2.1/servers/88053de1-3cc2-4776-a56e-b34aa0c93764 0.045s
2025-04-15 20:44:17.602 68187 INFO tempest.lib.common.rest_client [req-ab031ed7-f323-4bfe-a0ca-6104b7427658 req-ab031ed7-f323-4bfe-a0ca-6104b7427658 ] Request (ListImageFiltersTestJSON:setUpClass): 200 GET http://10.180.1.21/compute/v2.1/servers/2eb8d698-9436-4e91-bd10-5f5200415144 0.088s
2025-04-15 20:44:17.689 68227 INFO tempest.lib.common.rest_client [req-4126b634-0f02-4012-a4cb-6c0b3cc4496b req-4126b634-0f02-4012-a4cb-6c0b3cc4496b ] Request (ServersAaction247Test:test_create_backup): 200 GET http://10.180.1.21/compute/v2.1/servers/5cdef8c3-ecd4-4338-b2e6-a8910e3c52ff 0.050s
2025-04-15 20:44:17.756 68223 INFO tempest.lib.common.rest_client [req-f86d3317-e04e-4ec0-b8db-4fe469f41ae6 req-f86d3317-e04e-4ec0-b8db-4fe469f41ae6 ] Request (ServerMetadataTestJSON:setUpClass): 200 GET http://10.180.1.21/compute/v2.1/servers/96f86f1d-a1cb-4ec7-b72e-9cf41ff6e4e5 0.132s
2025-04-15 20:44:17.801 68213 INFO tempest.lib.common.rest_client [req-96d3b493-da1c-4fcd-8405-cf88d232fa5e req-96d3b493-da1c-4fcd-8405-cf88d232fa5e ] Request (ServersWithSpecificFlavorTestJSON:test_verify_created_server_ephemeral_disk): 200 GET http://10.180.1.21/compute/v2.1/servers/63254807-dead-415e-bdf6-e85780248d8f 0.073s
2025-04-15 20:44:17.848 68207 INFO tempest.lib.common.rest_client [req-3b733b4b-42ca-4068-b3f9-cb896759de12 req-3b733b4b-42ca-4068-b3f9-cb896759de12 ] Request (ServersTestMultiNic:test_verify_duplicate_network_nics): 200 GET http://10.180.1.21/compute/v2.1/servers/a9656a7e-8a7b-489e-9990-097c1e93e535 0.078s
2025-04-15 20:44:17.891 68219 INFO tempest.lib.common.rest_client [req-6739624c-a0ba-469e-8895-12470c98d2cf req-6739624c-a0ba-469e-8895-12470c98d2cf ] Request (DeleteServersAdminTestJSON:test_delete_server_while_in_error_state): 200 GET http://10.180.1.21/compute/v2.1/servers/8831483f-3fbb-4463-9f8f-868d46bb3e4e 0.085s
2025-04-15 20:44:17.896 68215 INFO tempest.lib.common.rest_client [req-a55a4ffc-8618-4d7b-945b-7bc3617e2109 req-a55a4ffc-8618-4d7b-945b-7bc3617e2109 ] Request (VolumesAssistedSnapshotsTest:test_volume_assisted_snapshot_create_delete): 200 GET http://10.180.1.21/compute/v2.1/servers/c1bcede0-cb1a-4647-aed8-a77ed7eb2d8e 0.218s
2025-04-15 20:44:17.939 68181 INFO tempest.lib.common.rest_client [req-c1492e73-6b33-4425-a646-4c0afba902ee req-c1492e73-6b33-4425-a646-4c0afba902ee ] Request (AttachInterfacesUnderV243Test:test_add_remove_fixed_ip): 200 GET http://10.180.1.21/compute/v2.1/servers/3d091507-3ab2-45da-a366-ff5d3f107134 0.077s
2025-04-15 20:44:17.981 68229 INFO tempest.lib.common.rest_client [req-efbb0cca-091a-48a8-a7a2-d67edb08832b req-efbb0cca-091a-48a8-a7a2-d67edb08832b ] Request (InstanceActionsNegativeTestJSON:setUpClass): 200 GET http://10.180.1.21/compute/v2.1/servers/fcae7119-6233-4a52-9e52-1147f2b10ddc 0.076s
2025-04-15 20:44:18.019 68205 INFO tempest.lib.common.rest_client [req-85a9062b-1aa7-45f8-bcb3-1b8ffb487112 req-85a9062b-1aa7-45f8-bcb3-1b8ffb487112 ] Request (ServerDiagnosticsNegativeTest:test_get_server_diagnostics_by_non_admin): 200 GET http://10.180.1.21/compute/v2.1/servers/043c631c-bf15-4b4c-9a92-49ea51b6d405 0.167s
2025-04-15 20:44:18.063 68203 INFO tempest.lib.common.rest_client [req-3e81f1db-f9ee-43a7-b904-829726e56d09 req-3e81f1db-f9ee-43a7-b904-829726e56d09 ] Request (ServersAdminTestJSON:setUpClass): 200 GET http://10.180.1.21/compute/v2.1/servers/194fe3b9-366e-4489-9b1f-2adf2a8ac6ee 0.117s
2025-04-15 20:44:18.070 68177 INFO tempest.lib.common.rest_client [req-657aba97-72f2-4200-84c2-697663f6b236 req-657aba97-72f2-4200-84c2-697663f6b236 ] Request (TenantUsagesTestJSON:setUpClass): 200 GET http://10.180.1.21/compute/v2.1/servers/2256af1c-4ff8-46b9-b568-c25ce8886e5f 0.132s
2025-04-15 20:44:18.114 68183 INFO tempest.lib.common.rest_client [req-a63b55af-e388-4c40-99cf-0a2ef708d256 req-a63b55af-e388-4c40-99cf-0a2ef708d256 ] Request (InstanceActionsTestJSON:setUpClass): 200 GET http://10.180.1.21/compute/v2.1/servers/cb76498a-b404-40f3-ac3f-93aea525abee 0.122s
2025-04-15 20:44:18.117 68233 INFO tempest.lib.common.rest_client [req-5fd98298-3c8c-4c06-bb4e-8f7d3b85b1fd req-5fd98298-3c8c-4c06-bb4e-8f7d3b85b1fd ] Request (ServersAdmin275Test:test_rebuild_update_server_275): 200 GET http://10.180.1.21/compute/v2.1/servers/61f9c4d7-0e4f-4d1d-af9d-ceb0aac42cd3 0.127s
2025-04-15 20:44:18.157 68175 INFO tempest.lib.common.rest_client [req-6a4de0ae-6946-420f-986b-7e7301de394b req-6a4de0ae-6946-420f-986b-7e7301de394b ] Request (MigrationsAdminTest:test_resize_server_revert_deleted_flavor): 200 GET http://10.180.1.21/compute/v2.1/servers/9e3bbca4-2031-4a02-819c-2c9cf720eba9 0.120s
2025-04-15 20:44:18.199 68211 INFO tempest.lib.common.rest_client [req-eebbe309-8678-4e01-ab5c-2c65398c78e8 req-eebbe309-8678-4e01-ab5c-2c65398c78e8 ] Request (ServerGroupTestJSON:test_create_server_with_scheduler_hint_group): 200 GET http://10.180.1.21/compute/v2.1/servers/e7b5f3f7-5b2d-49c7-be13-3b481f1b3ca8 0.119s
2025-04-15 20:44:18.244 68191 INFO tempest.lib.common.rest_client [req-1f428307-56fe-48bc-ac26-b994327f466e req-1f428307-56fe-48bc-ac26-b994327f466e ] Request (ServersTestBootFromVolume:setUpClass): 200 GET http://10.180.1.21/compute/v2.1/servers/bac538d8-3dda-4851-8aa3-d60bae70b6ff 0.130s
2025-04-15 20:44:18.244 68179 INFO tempest.lib.common.rest_client [req-aa6343ce-e9d3-4409-8644-f093ce3e87fc req-aa6343ce-e9d3-4409-8644-f093ce3e87fc ] Request (ImagesOneServerNegativeTestJSON:setUpClass): 200 GET http://10.180.1.21/compute/v2.1/servers/2f69fae8-d060-4156-8880-071f5ee1f969 0.172s
2025-04-15 20:44:18.287 68231 INFO tempest.lib.common.rest_client [req-0a12a8b4-0e54-4150-b03a-897bfaa47413 req-0a12a8b4-0e54-4150-b03a-897bfaa47413 ] Request (ServerAddressesNegativeTestJSON:setUpClass): 200 GET http://10.180.1.21/compute/v2.1/servers/40c8659f-361a-4bf7-b16c-00bfc2c98729 0.164s
2025-04-15 20:44:18.288 68201 INFO tempest.lib.common.rest_client [req-0c862200-0fbe-4b11-93e8-143705d1ae03 req-0c862200-0fbe-4b11-93e8-143705d1ae03 ] Request (ServerDiagnosticsTest:test_get_server_diagnostics): 200 GET http://10.180.1.21/compute/v2.1/servers/9be15a5a-2a28-412b-a893-387b8dd9a2c4 0.127s
2025-04-15 20:44:18.334 68185 INFO tempest.lib.common.rest_client [req-7fb5ad0d-0d25-4d94-a265-9e61d256ccb8 req-7fb5ad0d-0d25-4d94-a265-9e61d256ccb8 ] Request (ServersAdminNegativeTestJSON:setUpClass): 200 GET http://10.180.1.21/compute/v2.1/servers/cb485828-0620-48fd-a9d4-a83e690f4675 0.130s
2025-04-15 20:44:18.418 68195 INFO tempest.lib.common.rest_client [req-bcf004d8-d827-4e1c-a548-480ad7b1ef54 req-bcf004d8-d827-4e1c-a548-480ad7b1ef54 ] Request (ServerMetadataNegativeTestJSON:setUpClass): 200 GET http://10.180.1.21/compute/v2.1/servers/6520080a-8bf1-4803-9099-87c3ba6e28e4 0.091s
2025-04-15 20:44:18.426 68197 INFO tempest.lib.common.rest_client [req-c53e50c0-0660-4a87-9ed9-533b993ba668 req-c53e50c0-0660-4a87-9ed9-533b993ba668 ] Request (ImagesTestJSON:test_create_image_from_stopped_server): 200 GET http://10.180.1.21/compute/v2.1/servers/938d37dd-509b-4923-b192-3ce4a6d530c5 0.047s
2025-04-15 20:44:18.468 68217 INFO tempest.lib.common.rest_client [req-91691f69-6829-4c36-833b-aeefeecd7b8a req-91691f69-6829-4c36-833b-aeefeecd7b8a ] Request (ServerPasswordTestJSON:setUpClass): 200 GET http://10.180.1.21/compute/v2.1/servers/dd3d49f4-83c5-4a83-9674-fed5e190743c 0.047s
2025-04-15 20:44:18.511 68235 INFO tempest.lib.common.rest_client [req-eb9e5341-4acb-43bc-ad73-1e1790c1ce5d req-eb9e5341-4acb-43bc-ad73-1e1790c1ce5d ] Request (ServerAddressesTestJSON:setUpClass): 200 GET http://10.180.1.21/compute/v2.1/servers/d3019243-6b64-4d8f-87bb-ace791093969 0.046s
2025-04-15 20:44:18.514 68199 INFO tempest.lib.common.rest_client [req-a5dfb2d1-8860-4c18-93e2-64b4e8299283 req-a5dfb2d1-8860-4c18-93e2-64b4e8299283 ] Request (ServerExternalEventsTest:test_create_server_external_events): 200 GET http://10.180.1.21/compute/v2.1/servers/3e67c74f-5c03-4dc4-a23b-b547bfb32b4a 0.091s
2025-04-15 20:44:18.552 68225 INFO tempest.lib.common.rest_client [req-a096c5a1-7db3-465c-aaaa-9571926096c3 req-a096c5a1-7db3-465c-aaaa-9571926096c3 ] Request (AttachInterfacesTestJSON:test_create_list_show_delete_interfaces_by_fixed_ip): 200 GET http://10.180.1.21/compute/v2.1/servers/a2a5e9bc-da8b-42df-9f5f-caf70d72cc0b 0.061s
2025-04-15 20:44:18.598 68209 INFO tempest.lib.common.rest_client [req-6a5c97d2-e48f-4a83-beb8-a3ace89b00c1 req-6a5c97d2-e48f-4a83-beb8-a3ace89b00c1 ] Request (ServersTestManualDisk:setUpClass): 200 GET http://10.180.1.21/compute/v2.1/servers/88053de1-3cc2-4776-a56e-b34aa0c93764 0.045s
2025-04-15 20:44:18.697 68187 INFO tempest.lib.common.rest_client [req-4742cc2c-f334-4b93-98bc-c71a4102c4b8 req-4742cc2c-f334-4b93-98bc-c71a4102c4b8 ] Request (ListImageFiltersTestJSON:setUpClass): 200 GET http://10.180.1.21/compute/v2.1/servers/2eb8d698-9436-4e91-bd10-5f5200415144 0.087s
2025-04-15 20:44:18.748 68227 INFO tempest.lib.common.rest_client [req-ad75d570-6167-4140-b466-a10ffcdeab68 req-ad75d570-6167-4140-b466-a10ffcdeab68 ] Request (ServersAaction247Test:test_create_backup): 200 GET http://10.180.1.21/compute/v2.1/servers/5cdef8c3-ecd4-4338-b2e6-a8910e3c52ff 0.049s
2025-04-15 20:44:18.851 68223 INFO tempest.lib.common.rest_client [req-8b73c425-60eb-450d-9051-2c5d11cbcbea req-8b73c425-60eb-450d-9051-2c5d11cbcbea ] Request (ServerMetadataTestJSON:setUpClass): 200 GET http://10.180.1.21/compute/v2.1/servers/96f86f1d-a1cb-4ec7-b72e-9cf41ff6e4e5 0.086s
2025-04-15 20:44:18.858 68213 INFO tempest.lib.common.rest_client [req-b43b7182-8f6b-4fb1-8191-84f58a48de92 req-b43b7182-8f6b-4fb1-8191-84f58a48de92 ] Request (ServersWithSpecificFlavorTestJSON:test_verify_created_server_ephemeral_disk): 200 GET http://10.180.1.21/compute/v2.1/servers/63254807-dead-415e-bdf6-e85780248d8f 0.048s
2025-04-15 20:44:18.907 68207 INFO tempest.lib.common.rest_client [req-6616eca9-3982-4af4-bcd8-4d0178af3ffa req-6616eca9-3982-4af4-bcd8-4d0178af3ffa ] Request (ServersTestMultiNic:test_verify_duplicate_network_nics): 200 GET http://10.180.1.21/compute/v2.1/servers/a9656a7e-8a7b-489e-9990-097c1e93e535 0.044s
2025-04-15 20:44:18.946 68219 INFO tempest.lib.common.rest_client [req-47be5f39-c5f6-4dc1-8143-df0a87035998 req-47be5f39-c5f6-4dc1-8143-df0a87035998 ] Request (DeleteServersAdminTestJSON:test_delete_server_while_in_error_state): 200 GET http://10.180.1.21/compute/v2.1/servers/8831483f-3fbb-4463-9f8f-868d46bb3e4e 0.047s
2025-04-15 20:44:18.947 68215 INFO tempest.lib.common.rest_client [req-c1c5bb55-8e79-4433-b7c5-4732d8372efd req-c1c5bb55-8e79-4433-b7c5-4732d8372efd ] Request (VolumesAssistedSnapshotsTest:test_volume_assisted_snapshot_create_delete): 200 GET http://10.180.1.21/compute/v2.1/servers/c1bcede0-cb1a-4647-aed8-a77ed7eb2d8e 0.043s
2025-04-15 20:44:18.990 68181 INFO tempest.lib.common.rest_client [req-a18fb992-5ef1-405b-819a-8d07767d0f7b req-a18fb992-5ef1-405b-819a-8d07767d0f7b ] Request (AttachInterfacesUnderV243Test:test_add_remove_fixed_ip): 200 GET http://10.180.1.21/compute/v2.1/servers/3d091507-3ab2-45da-a366-ff5d3f107134 0.042s
2025-04-15 20:44:19.037 68229 INFO tempest.lib.common.rest_client [req-45e903cd-2113-4fea-bdd2-c5e230c29963 req-45e903cd-2113-4fea-bdd2-c5e230c29963 ] Request (InstanceActionsNegativeTestJSON:setUpClass): 200 GET http://10.180.1.21/compute/v2.1/servers/fcae7119-6233-4a52-9e52-1147f2b10ddc 0.046s
2025-04-15 20:44:19.114 68205 INFO tempest.lib.common.rest_client [req-21b07052-bdc7-448a-acb2-db3be887e325 req-21b07052-bdc7-448a-acb2-db3be887e325 ] Request (ServerDiagnosticsNegativeTest:test_get_server_diagnostics_by_non_admin): 200 GET http://10.180.1.21/compute/v2.1/servers/043c631c-bf15-4b4c-9a92-49ea51b6d405 0.087s
2025-04-15 20:44:19.119 68203 INFO tempest.lib.common.rest_client [req-23ac38cb-6f80-4e86-9079-0eb89100b17a req-23ac38cb-6f80-4e86-9079-0eb89100b17a ] Request (ServersAdminTestJSON:setUpClass): 200 GET http://10.180.1.21/compute/v2.1/servers/194fe3b9-366e-4489-9b1f-2adf2a8ac6ee 0.047s
2025-04-15 20:44:19.168 68183 INFO tempest.lib.common.rest_client [req-19f94aa6-c05d-4828-a4d3-b2eb5bb4d720 req-19f94aa6-c05d-4828-a4d3-b2eb5bb4d720 ] Request (InstanceActionsTestJSON:setUpClass): 200 GET http://10.180.1.21/compute/v2.1/servers/cb76498a-b404-40f3-ac3f-93aea525abee 0.046s
2025-04-15 20:44:19.199 68177 INFO tempest.lib.common.rest_client [req-d106ec98-feea-4fe6-b8be-97a6c0a4ff45 req-d106ec98-feea-4fe6-b8be-97a6c0a4ff45 ] Request (TenantUsagesTestJSON:setUpClass): 200 GET http://10.180.1.21/compute/v2.1/servers/2256af1c-4ff8-46b9-b568-c25ce8886e5f 0.121s
2025-04-15 20:44:19.216 68233 INFO tempest.lib.common.rest_client [req-09639d56-5ced-4148-a2de-25cd7d950aae req-09639d56-5ced-4148-a2de-25cd7d950aae ] Request (ServersAdmin275Test:test_rebuild_update_server_275): 200 GET http://10.180.1.21/compute/v2.1/servers/61f9c4d7-0e4f-4d1d-af9d-ceb0aac42cd3 0.088s
2025-04-15 20:44:19.243 68175 INFO tempest.lib.common.rest_client [req-6b438884-f385-40f9-9fbf-607fe19c6aa3 req-6b438884-f385-40f9-9fbf-607fe19c6aa3 ] Request (MigrationsAdminTest:test_resize_server_revert_deleted_flavor): 200 GET http://10.180.1.21/compute/v2.1/servers/9e3bbca4-2031-4a02-819c-2c9cf720eba9 0.079s
2025-04-15 20:44:19.257 68211 INFO tempest.lib.common.rest_client [req-72991092-c2f1-42ae-9251-feadbb3db50b req-72991092-c2f1-42ae-9251-feadbb3db50b ] Request (ServerGroupTestJSON:test_create_server_with_scheduler_hint_group): 200 GET http://10.180.1.21/compute/v2.1/servers/e7b5f3f7-5b2d-49c7-be13-3b481f1b3ca8 0.050s
2025-04-15 20:44:19.295 68191 INFO tempest.lib.common.rest_client [req-ab9651da-da0a-4b47-9dce-adc7a4571d6c req-ab9651da-da0a-4b47-9dce-adc7a4571d6c ] Request (ServersTestBootFromVolume:setUpClass): 200 GET http://10.180.1.21/compute/v2.1/servers/bac538d8-3dda-4851-8aa3-d60bae70b6ff 0.044s
2025-04-15 20:44:19.338 68231 INFO tempest.lib.common.rest_client [req-740f2e64-8bba-4ff7-986b-357759875020 req-740f2e64-8bba-4ff7-986b-357759875020 ] Request (ServerAddressesNegativeTestJSON:setUpClass): 200 GET http://10.180.1.21/compute/v2.1/servers/40c8659f-361a-4bf7-b16c-00bfc2c98729 0.044s
2025-04-15 20:44:19.341 68179 INFO tempest.lib.common.rest_client [req-67f193e1-2a17-4f19-8d37-483187f0276d req-67f193e1-2a17-4f19-8d37-483187f0276d ] Request (ImagesOneServerNegativeTestJSON:setUpClass): 200 GET http://10.180.1.21/compute/v2.1/servers/2f69fae8-d060-4156-8880-071f5ee1f969 0.089s
2025-04-15 20:44:19.381 68201 INFO tempest.lib.common.rest_client [req-b93f6aed-6e9a-42a6-a619-5df6f2e5a99f req-b93f6aed-6e9a-42a6-a619-5df6f2e5a99f ] Request (ServerDiagnosticsTest:test_get_server_diagnostics): 200 GET http://10.180.1.21/compute/v2.1/servers/9be15a5a-2a28-412b-a893-387b8dd9a2c4 0.085s
2025-04-15 20:44:19.386 68185 INFO tempest.lib.common.rest_client [req-5ef859b9-1778-4e74-83a3-14803159b196 req-5ef859b9-1778-4e74-83a3-14803159b196 ] Request (ServersAdminNegativeTestJSON:setUpClass): 200 GET http://10.180.1.21/compute/v2.1/servers/cb485828-0620-48fd-a9d4-a83e690f4675 0.045s
2025-04-15 20:44:19.482 68197 INFO tempest.lib.common.rest_client [req-32d2963f-e218-479c-9465-429221f9449a req-32d2963f-e218-479c-9465-429221f9449a ] Request (ImagesTestJSON:test_create_image_from_stopped_server): 200 GET http://10.180.1.21/compute/v2.1/servers/938d37dd-509b-4923-b192-3ce4a6d530c5 0.047s
2025-04-15 20:44:19.518 68195 INFO tempest.lib.common.rest_client [req-d8d19b88-e23d-4283-8e19-5c425da90e6d req-d8d19b88-e23d-4283-8e19-5c425da90e6d ] Request (ServerMetadataNegativeTestJSON:setUpClass): 200 GET http://10.180.1.21/compute/v2.1/servers/6520080a-8bf1-4803-9099-87c3ba6e28e4 0.092s
2025-04-15 20:44:19.524 68217 INFO tempest.lib.common.rest_client [req-17ac9c5c-1fc1-46b6-bf04-dc4d2be0737e req-17ac9c5c-1fc1-46b6-bf04-dc4d2be0737e ] Request (ServerPasswordTestJSON:setUpClass): 200 GET http://10.180.1.21/compute/v2.1/servers/dd3d49f4-83c5-4a83-9674-fed5e190743c 0.048s
2025-04-15 20:44:19.561 68235 INFO tempest.lib.common.rest_client [req-9e83d1ab-42d7-4e58-8758-1fc48053b6f2 req-9e83d1ab-42d7-4e58-8758-1fc48053b6f2 ] Request (ServerAddressesTestJSON:setUpClass): 200 GET http://10.180.1.21/compute/v2.1/servers/d3019243-6b64-4d8f-87bb-ace791093969 0.043s
2025-04-15 20:44:19.603 68225 INFO tempest.lib.common.rest_client [req-033c1974-8db5-432e-883b-6f32324a42c6 req-033c1974-8db5-432e-883b-6f32324a42c6 ] Request (AttachInterfacesTestJSON:test_create_list_show_delete_interfaces_by_fixed_ip): 200 GET http://10.180.1.21/compute/v2.1/servers/a2a5e9bc-da8b-42df-9f5f-caf70d72cc0b 0.042s
2025-04-15 20:44:19.606 68199 INFO tempest.lib.common.rest_client [req-463430b4-6889-4205-8b3a-da4fbfb6abfa req-463430b4-6889-4205-8b3a-da4fbfb6abfa ] Request (ServerExternalEventsTest:test_create_server_external_events): 200 GET http://10.180.1.21/compute/v2.1/servers/3e67c74f-5c03-4dc4-a23b-b547bfb32b4a 0.084s
2025-04-15 20:44:19.648 68209 INFO tempest.lib.common.rest_client [req-d111421f-eb53-4e9e-abcf-29e3ff6045ae req-d111421f-eb53-4e9e-abcf-29e3ff6045ae ] Request (ServersTestManualDisk:setUpClass): 200 GET http://10.180.1.21/compute/v2.1/servers/88053de1-3cc2-4776-a56e-b34aa0c93764 0.042s
2025-04-15 20:44:19.791 68187 INFO tempest.lib.common.rest_client [req-95475509-f663-44e1-ada2-a8c23a3e1a22 req-95475509-f663-44e1-ada2-a8c23a3e1a22 ] Request (ListImageFiltersTestJSON:setUpClass): 200 GET http://10.180.1.21/compute/v2.1/servers/2eb8d698-9436-4e91-bd10-5f5200415144 0.085s
2025-04-15 20:44:19.811 68227 INFO tempest.lib.common.rest_client [req-e0864d99-daae-4ff0-8032-36967b5d404a req-e0864d99-daae-4ff0-8032-36967b5d404a ] Request (ServersAaction247Test:test_create_backup): 200 GET http://10.180.1.21/compute/v2.1/servers/5cdef8c3-ecd4-4338-b2e6-a8910e3c52ff 0.052s
2025-04-15 20:44:19.909 68213 INFO tempest.lib.common.rest_client [req-916adf72-4a58-4dd0-8ec3-5cf32eb89acf req-916adf72-4a58-4dd0-8ec3-5cf32eb89acf ] Request (ServersWithSpecificFlavorTestJSON:test_verify_created_server_ephemeral_disk): 200 GET http://10.180.1.21/compute/v2.1/servers/63254807-dead-415e-bdf6-e85780248d8f 0.044s
2025-04-15 20:44:19.944 68223 INFO tempest.lib.common.rest_client [req-d4b98e51-d868-4bc9-a839-f14898800126 req-d4b98e51-d868-4bc9-a839-f14898800126 ] Request (ServerMetadataTestJSON:setUpClass): 200 GET http://10.180.1.21/compute/v2.1/servers/96f86f1d-a1cb-4ec7-b72e-9cf41ff6e4e5 0.085s
2025-04-15 20:44:19.961 68207 INFO tempest.lib.common.rest_client [req-18439ff7-62d9-4c7d-8a97-56593a66d6f6 req-18439ff7-62d9-4c7d-8a97-56593a66d6f6 ] Request (ServersTestMultiNic:test_verify_duplicate_network_nics): 200 GET http://10.180.1.21/compute/v2.1/servers/a9656a7e-8a7b-489e-9990-097c1e93e535 0.045s
2025-04-15 20:44:19.999 68219 INFO tempest.lib.common.rest_client [req-0814fec2-d676-4e05-a613-62f99f403354 req-0814fec2-d676-4e05-a613-62f99f403354 ] Request (DeleteServersAdminTestJSON:test_delete_server_while_in_error_state): 200 GET http://10.180.1.21/compute/v2.1/servers/8831483f-3fbb-4463-9f8f-868d46bb3e4e 0.046s
2025-04-15 20:44:20.003 68215 INFO tempest.lib.common.rest_client [req-1444ddb1-ee8a-4283-8200-f02f0f33490a req-1444ddb1-ee8a-4283-8200-f02f0f33490a ] Request (VolumesAssistedSnapshotsTest:test_volume_assisted_snapshot_create_delete): 200 GET http://10.180.1.21/compute/v2.1/servers/c1bcede0-cb1a-4647-aed8-a77ed7eb2d8e 0.047s
2025-04-15 20:44:20.092 68229 INFO tempest.lib.common.rest_client [req-861eeb44-0512-4f5d-9d6d-65e2c35220b0 req-861eeb44-0512-4f5d-9d6d-65e2c35220b0 ] Request (InstanceActionsNegativeTestJSON:setUpClass): 200 GET http://10.180.1.21/compute/v2.1/servers/fcae7119-6233-4a52-9e52-1147f2b10ddc 0.047s
2025-04-15 20:44:20.212 68181 INFO tempest.lib.common.rest_client [req-63d11b57-fec5-4415-9b8c-d25ba6ea8591 req-63d11b57-fec5-4415-9b8c-d25ba6ea8591 ] Request (AttachInterfacesUnderV243Test:test_add_remove_fixed_ip): 200 GET http://10.180.1.21/compute/v2.1/servers/3d091507-3ab2-45da-a366-ff5d3f107134 0.215s
2025-04-15 20:44:20.216 68205 INFO tempest.lib.common.rest_client [req-aa6c3b44-c105-4623-a008-a481208f26d1 req-aa6c3b44-c105-4623-a008-a481208f26d1 ] Request (ServerDiagnosticsNegativeTest:test_get_server_diagnostics_by_non_admin): 200 GET http://10.180.1.21/compute/v2.1/servers/043c631c-bf15-4b4c-9a92-49ea51b6d405 0.093s
2025-04-15 20:44:20.255 68203 INFO tempest.lib.common.rest_client [req-e199e944-ef36-418e-9a05-690bc0c48503 req-e199e944-ef36-418e-9a05-690bc0c48503 ] Request (ServersAdminTestJSON:setUpClass): 200 GET http://10.180.1.21/compute/v2.1/servers/194fe3b9-366e-4489-9b1f-2adf2a8ac6ee 0.128s
2025-04-15 20:44:20.264 68183 INFO tempest.lib.common.rest_client [req-ed527b02-3b08-41cf-a6bf-a3fdad00e625 req-ed527b02-3b08-41cf-a6bf-a3fdad00e625 ] Request (InstanceActionsTestJSON:setUpClass): 200 GET http://10.180.1.21/compute/v2.1/servers/cb76498a-b404-40f3-ac3f-93aea525abee 0.089s
2025-04-15 20:44:20.313 68233 INFO tempest.lib.common.rest_client [req-fcfc3260-e62a-4588-ae55-95e3e75d4c7e req-fcfc3260-e62a-4588-ae55-95e3e75d4c7e ] Request (ServersAdmin275Test:test_rebuild_update_server_275): 200 GET http://10.180.1.21/compute/v2.1/servers/61f9c4d7-0e4f-4d1d-af9d-ceb0aac42cd3 0.085s
2025-04-15 20:44:20.341 68177 INFO tempest.lib.common.rest_client [req-1d915813-3fb9-496c-886a-8358454b63e8 req-1d915813-3fb9-496c-886a-8358454b63e8 ] Request (TenantUsagesTestJSON:setUpClass): 200 GET http://10.180.1.21/compute/v2.1/servers/2256af1c-4ff8-46b9-b568-c25ce8886e5f 0.135s
2025-04-15 20:44:20.356 68175 INFO tempest.lib.common.rest_client [req-56c04a06-7672-4284-8b91-2c203ad44fea req-56c04a06-7672-4284-8b91-2c203ad44fea ] Request (MigrationsAdminTest:test_resize_server_revert_deleted_flavor): 200 GET http://10.180.1.21/compute/v2.1/servers/9e3bbca4-2031-4a02-819c-2c9cf720eba9 0.106s
2025-04-15 20:44:20.386 68211 INFO tempest.lib.common.rest_client [req-20d49e15-2bf7-4773-a205-99c9c3edb38c req-20d49e15-2bf7-4773-a205-99c9c3edb38c ] Request (ServerGroupTestJSON:test_create_server_with_scheduler_hint_group): 200 GET http://10.180.1.21/compute/v2.1/servers/e7b5f3f7-5b2d-49c7-be13-3b481f1b3ca8 0.120s
2025-04-15 20:44:20.400 68191 INFO tempest.lib.common.rest_client [req-da581e05-bd61-4ad7-ab2d-3a9e88c1a290 req-da581e05-bd61-4ad7-ab2d-3a9e88c1a290 ] Request (ServersTestBootFromVolume:setUpClass): 200 GET http://10.180.1.21/compute/v2.1/servers/bac538d8-3dda-4851-8aa3-d60bae70b6ff 0.098s
