2025-04-15 20:42:09.028 68203 INFO tempest.lib.common.dynamic_creds [-] Created isolated network resources for: credentials: Credentials: {'domain_id': 'default', 'domain_name': 'Default', 'username': 'tempest-ServersAdminTestJSON-469467968-project-member', 'project_domain_id': 'default', 'project_domain_name': 'Default', 'project_id': 'acee881780a74556a4401630717cfa84', 'project_name': 'tempest-ServersAdminTestJSON-469467968', 'tenant_id': 'acee881780a74556a4401630717cfa84', 'tenant_name': 'tempest-ServersAdminTestJSON-469467968', 'user_domain_id': 'default', 'user_domain_name': 'Default', 'user_id': '6889715e6fce4a3e83ec1108ebabb39e', 'system': None}, Network: {'id': 'a9e1b3b0-43af-444c-a66a-540f0f4d0f2b', 'name': 'tempest-ServersAdminTestJSON-399818777-network', 'tenant_id': 'acee881780a74556a4401630717cfa84', 'admin_state_up': True, 'mtu': 8950, 'status': 'ACTIVE', 'subnets': [], 'shared': False, 'project_id': 'acee881780a74556a4401630717cfa84', 'port_security_enabled': True, 'router:external': False, 'provider:network_type': 'vlan', 'provider:physical_network': 'default', 'provider:segmentation_id': 72, 'is_default': False, 'availability_zone_hints': [], 'availability_zones': [], 'ipv4_address_scope': None, 'ipv6_address_scope': None, 'description': '', 'tags': [], 'created_at': '2025-04-15T20:42:01Z', 'updated_at': '2025-04-15T20:42:01Z', 'revision_number': 1}, Subnet: {'id': '477591dc-fa04-4ed0-a86c-6a86a7c5554a', 'name': 'tempest-ServersAdminTestJSON-399818777-subnet', 'tenant_id': 'acee881780a74556a4401630717cfa84', 'network_id': 'a9e1b3b0-43af-444c-a66a-540f0f4d0f2b', 'ip_version': 4, 'subnetpool_id': None, 'enable_dhcp': True, 'ipv6_ra_mode': None, 'ipv6_address_mode': None, 'gateway_ip': '192.168.128.1', 'cidr': '192.168.128.0/28', 'allocation_pools': [{'start': '192.168.128.2', 'end': '192.168.128.14'}], 'host_routes': [], 'dns_nameservers': [], 'description': '', 'service_types': [], 'tags': [], 'created_at': '2025-04-15T20:42:01Z', 'updated_at': '2025-04-15T20:42:01Z', 'revision_number': 0, 'project_id': 'acee881780a74556a4401630717cfa84'}, Router: {'id': 'f1ac9de4-7980-4164-8a99-ae44eaad645c', 'name': 'tempest-ServersAdminTestJSON-399818777-router', 'tenant_id': 'acee881780a74556a4401630717cfa84', 'admin_state_up': True, 'status': 'ACTIVE', 'external_gateway_info': {'network_id': 'd0dde4dc-3984-4997-8d65-6f958be3d9b5', 'external_fixed_ips': [{'subnet_id': '4b5c5d62-288f-4d55-96d8-6e30a0aefb89', 'ip_address': '10.180.180.194'}], 'enable_snat': True}, 'description': '', 'availability_zones': [], 'distributed': False, 'ha': False, 'availability_zone_hints': [], 'routes': [], 'flavor_id': None, 'tags': [], 'created_at': '2025-04-15T20:42:02Z', 'updated_at': '2025-04-15T20:42:03Z', 'revision_number': 2, 'project_id': 'acee881780a74556a4401630717cfa84'}
2025-04-15 20:42:09.049 68175 INFO tempest.lib.common.rest_client [req-387f121f-6fa1-4bc4-86c9-622bed7c6416 req-387f121f-6fa1-4bc4-86c9-622bed7c6416 ] Request (MigrationsAdminTest:test_list_migrations_in_flavor_resize_situation): 200 GET http://10.180.1.21/compute/v2.1/servers/0d074bfa-7d3d-4e69-b544-36e7d9f79483 2.815s
2025-04-15 20:42:09.063 68227 INFO tempest.lib.common.rest_client [req-b7e6ae62-f86c-4fb7-b0bf-c98bf897c7a1 req-b7e6ae62-f86c-4fb7-b0bf-c98bf897c7a1 ] Request (ServersAaction247Test:setUpClass): 201 POST http://10.180.1.21/identity/v3/auth/tokens 0.100s
2025-04-15 20:42:09.150 68187 INFO tempest.lib.common.rest_client [req-ec506f3d-05a6-486f-b73b-228c5e266e84 req-ec506f3d-05a6-486f-b73b-228c5e266e84 ] Request (ListImageFiltersTestJSON:setUpClass): 201 POST http://10.180.1.21/identity/v3/auth/tokens 0.187s
2025-04-15 20:42:09.150 68187 INFO tempest.lib.common.fixed_network [-] (ListImageFiltersTestJSON:setUpClass) Found network None available for tenant
2025-04-15 20:42:09.182 68227 INFO tempest.lib.common.rest_client [req-09abf3ad-2714-4611-bc79-f20a8dd3630c req-09abf3ad-2714-4611-bc79-f20a8dd3630c ] Request (ServersAaction247Test:test_create_backup): 201 POST http://10.180.1.21/identity/v3/auth/tokens 0.112s
2025-04-15 20:42:09.182 68215 INFO tempest.lib.common.rest_client [req-376d2905-e664-4266-9014-5c1d133b0b11 req-376d2905-e664-4266-9014-5c1d133b0b11 ] Request (VolumesAssistedSnapshotsTest:test_volume_assisted_snapshot_create_delete): 200 POST http://10.180.1.21/compute/v2.1/os-keypairs 2.868s
2025-04-15 20:42:09.184 68227 INFO tempest.lib.common.fixed_network [-] (ServersAaction247Test:test_create_backup) Found network None available for tenant
2025-04-15 20:42:09.205 68225 INFO tempest.lib.common.rest_client [req-fc16295a-1483-48e6-8005-02e80efd10a9 req-fc16295a-1483-48e6-8005-02e80efd10a9 ] Request (AttachInterfacesTestJSON:setUpClass): 201 POST http://10.180.1.21:9696/networking/v2.0/routers 2.742s
2025-04-15 20:42:09.211 68203 INFO tempest.lib.common.rest_client [req-738f22b2-282b-4efd-8610-29b2d77ff346 req-738f22b2-282b-4efd-8610-29b2d77ff346 ] Request (ServersAdminTestJSON:setUpClass): 201 POST http://10.180.1.21/identity/v3/auth/tokens 0.173s
2025-04-15 20:42:09.237 68199 INFO tempest.lib.common.rest_client [req-019f805d-25ad-48fc-bc0a-0b4d02eb86cc req-019f805d-25ad-48fc-bc0a-0b4d02eb86cc ] Request (ServerExternalEventsTest:test_create_server_external_events): 200 GET http://10.180.1.21/compute/v2.1/servers/3e67c74f-5c03-4dc4-a23b-b547bfb32b4a 2.365s
2025-04-15 20:42:09.301 68185 INFO tempest.lib.common.rest_client [req-e787a46b-bd7c-41fe-9a4d-3cabddf05598 req-e787a46b-bd7c-41fe-9a4d-3cabddf05598 ] Request (FlavorsAccessTestJSON:tearDownClass): 204 DELETE http://10.180.1.21:9696/networking/v2.0/security-groups/ecbf575e-7b92-4b74-95e9-c70591fd3b6c 0.419s
2025-04-15 20:42:09.303 68203 INFO tempest.lib.common.rest_client [req-01d7f2d1-efd7-4d4b-ab7e-7a79a71e5e16 req-01d7f2d1-efd7-4d4b-ab7e-7a79a71e5e16 ] Request (ServersAdminTestJSON:setUpClass): 201 POST http://10.180.1.21/identity/v3/projects 0.092s
2025-04-15 20:42:09.372 68219 INFO tempest.lib.common.rest_client [req-0e7de214-af93-48d2-a71f-c1f685495710 req-0e7de214-af93-48d2-a71f-c1f685495710 ] Request (DeleteServersAdminTestJSON:test_admin_delete_servers_of_others): 200 GET http://10.180.1.21/compute/v2.1/servers/d9e47a83-7921-4cf6-ba99-fb705bc52e4a 2.433s
2025-04-15 20:42:09.387 68203 INFO tempest.lib.common.rest_client [req-4e9ab46f-9587-49e2-9ca8-1dd68ffe123a req-4e9ab46f-9587-49e2-9ca8-1dd68ffe123a ] Request (ServersAdminTestJSON:setUpClass): 201 POST http://10.180.1.21/identity/v3/users 0.083s
2025-04-15 20:42:09.396 68213 INFO tempest.lib.common.rest_client [req-d26702cd-a63c-4ecd-b794-8aecff2936ab req-d26702cd-a63c-4ecd-b794-8aecff2936ab ] Request (ServersWithSpecificFlavorTestJSON:test_verify_created_server_ephemeral_disk): 200 POST http://10.180.1.21/compute/v2.1/flavors 2.161s
2025-04-15 20:42:09.414 68211 INFO tempest.lib.common.rest_client [req-eb6d33ae-06bc-4b8c-9bd4-4b78503b87c4 req-eb6d33ae-06bc-4b8c-9bd4-4b78503b87c4 ] Request (ServerGroupTestJSON:test_create_delete_multiple_server_groups_with_same_name_policy): 200 GET http://10.180.1.21/compute/v2.1/os-server-groups 2.151s
2025-04-15 20:42:09.430 68185 INFO tempest.lib.common.rest_client [req-c1488e0d-a504-4ff0-8779-30d8cc8733bd req-c1488e0d-a504-4ff0-8779-30d8cc8733bd ] Request (FlavorsAccessTestJSON:tearDownClass): 204 DELETE http://10.180.1.21/identity/v3/projects/a27601b386454b32818ca7f305cd8bcf 0.128s
2025-04-15 20:42:09.433 68231 INFO tempest.lib.common.rest_client [req-ab0ebda2-799f-46ef-82c9-fd5e6564cb4c req-ab0ebda2-799f-46ef-82c9-fd5e6564cb4c ] Request (FlavorsAccessNegativeTestJSON:_run_cleanups): 200 GET http://10.180.1.21/compute/v2.1/flavors/detail 2.137s
2025-04-15 20:42:09.446 68215 INFO tempest.lib.common.rest_client [req-1830bee2-c6f8-474e-abc4-fa97c15d8ac2 req-1830bee2-c6f8-474e-abc4-fa97c15d8ac2 ] Request (VolumesAssistedSnapshotsTest:test_volume_assisted_snapshot_create_delete): 201 POST http://10.180.1.21:9696/networking/v2.0/security-groups 0.261s
2025-04-15 20:42:09.451 68205 INFO tempest.lib.common.rest_client [req-5cf0ce36-3874-41bc-baab-ceb4170c875d req-5cf0ce36-3874-41bc-baab-ceb4170c875d ] Request (ServerDiagnosticsNegativeTest:test_get_server_diagnostics_by_non_admin): 200 GET http://10.180.1.21/compute/v2.1/servers/043c631c-bf15-4b4c-9a92-49ea51b6d405 2.362s
2025-04-15 20:42:09.459 68185 INFO tempest.lib.common.rest_client [req-369597c4-106b-49a7-a9e6-c14c412cbab5 req-369597c4-106b-49a7-a9e6-c14c412cbab5 ] Request (FlavorsExtraSpecsNegativeTestJSON:setUpClass): 201 POST http://10.180.1.21/identity/v3/auth/tokens 0.027s
2025-04-15 20:42:09.475 68203 INFO tempest.lib.common.rest_client [req-bb1fc053-07a3-4b52-a529-4d54658245e2 req-bb1fc053-07a3-4b52-a529-4d54658245e2 ] Request (ServersAdminTestJSON:setUpClass): 200 GET http://10.180.1.21/identity/v3/roles 0.088s
2025-04-15 20:42:09.498 68185 INFO tempest.lib.common.rest_client [req-7966484a-8085-45c0-899b-605738f62d24 req-7966484a-8085-45c0-899b-605738f62d24 ] Request (FlavorsExtraSpecsNegativeTestJSON:setUpClass): 201 POST http://10.180.1.21/identity/v3/auth/tokens 0.035s
2025-04-15 20:42:09.519 68203 INFO tempest.lib.common.rest_client [req-ba465ae5-2594-445c-8460-8ff0c32404db req-ba465ae5-2594-445c-8460-8ff0c32404db ] Request (ServersAdminTestJSON:setUpClass): 204 PUT http://10.180.1.21/identity/v3/projects/b80a21a4f1a0403197f894de543a80f7/users/bc485304bbd240e4938dec1fd6f209f3/roles/71d0af4483704a179c1a6e525070512b 0.043s
2025-04-15 20:42:09.521 68185 INFO tempest.lib.common.rest_client [req-820a3e22-63aa-49b4-8c91-cb0437b7a101 req-820a3e22-63aa-49b4-8c91-cb0437b7a101 ] Request (FlavorsExtraSpecsNegativeTestJSON:setUpClass): 200 GET http://10.180.1.21/identity/v3/domains?name=Default 0.023s
2025-04-15 20:42:09.584 68203 INFO tempest.lib.common.rest_client [req-550dd19e-7ab3-4d3d-bba1-2332b59d9911 req-550dd19e-7ab3-4d3d-bba1-2332b59d9911 ] Request (ServersAdminTestJSON:setUpClass): 200 GET http://10.180.1.21/identity/v3/roles 0.064s
2025-04-15 20:42:09.593 68185 INFO tempest.lib.common.rest_client [req-e5965f18-9f15-42fe-814c-e6b58731d4ac req-e5965f18-9f15-42fe-814c-e6b58731d4ac ] Request (FlavorsExtraSpecsNegativeTestJSON:setUpClass): 201 POST http://10.180.1.21/identity/v3/projects 0.071s
2025-04-15 20:42:09.638 68229 INFO tempest.lib.common.rest_client [req-cb8a7b17-c481-447e-9bfe-3be4b6cdb329 req-cb8a7b17-c481-447e-9bfe-3be4b6cdb329 ] Request (FloatingIPsAssociationTestJSON:setUpClass): 200 GET http://10.180.1.21/compute/v2.1/servers/30d52736-4195-4767-89e0-8572dc96de29 2.323s
2025-04-15 20:42:09.646 68203 INFO tempest.lib.common.rest_client [req-ed2f16d6-bb0b-42d2-8237-e0c5d8512420 req-ed2f16d6-bb0b-42d2-8237-e0c5d8512420 ] Request (ServersAdminTestJSON:setUpClass): 204 PUT http://10.180.1.21/identity/v3/projects/b80a21a4f1a0403197f894de543a80f7/users/bc485304bbd240e4938dec1fd6f209f3/roles/71d0af4483704a179c1a6e525070512b 0.061s
2025-04-15 20:42:09.646 68203 INFO tempest.lib.common.dynamic_creds [-] Dynamic test user bc485304bbd240e4938dec1fd6f209f3 is created with scope project and roles: ['admin']
2025-04-15 20:42:09.646 68203 INFO tempest.lib.common.dynamic_creds [-] Acquired dynamic creds: credentials: Credentials: {'domain_id': 'default', 'domain_name': 'Default', 'username': 'tempest-ServersAdminTestJSON-1991268519-project-admin', 'project_domain_id': 'default', 'project_domain_name': 'Default', 'project_id': 'b80a21a4f1a0403197f894de543a80f7', 'project_name': 'tempest-ServersAdminTestJSON-1991268519', 'tenant_id': 'b80a21a4f1a0403197f894de543a80f7', 'tenant_name': 'tempest-ServersAdminTestJSON-1991268519', 'user_domain_id': 'default', 'user_domain_name': 'Default', 'user_id': 'bc485304bbd240e4938dec1fd6f209f3', 'system': None}, Network: None, Subnet: None, Router: None
2025-04-15 20:42:09.656 68185 INFO tempest.lib.common.rest_client [req-8ce9a189-ed9e-47ea-aaed-4a4074f63e90 req-8ce9a189-ed9e-47ea-aaed-4a4074f63e90 ] Request (FlavorsExtraSpecsNegativeTestJSON:setUpClass): 201 POST http://10.180.1.21/identity/v3/users 0.063s
2025-04-15 20:42:09.705 68215 INFO tempest.lib.common.rest_client [req-2dff9d68-27b5-4f61-aa09-8c31d0db8b61 req-2dff9d68-27b5-4f61-aa09-8c31d0db8b61 ] Request (VolumesAssistedSnapshotsTest:test_volume_assisted_snapshot_create_delete): 201 POST http://10.180.1.21:9696/networking/v2.0/security-group-rules 0.259s
2025-04-15 20:42:09.710 68185 INFO tempest.lib.common.rest_client [req-bf263609-71fd-4f52-904c-83e9a641cc5b req-bf263609-71fd-4f52-904c-83e9a641cc5b ] Request (FlavorsExtraSpecsNegativeTestJSON:setUpClass): 200 GET http://10.180.1.21/identity/v3/roles 0.053s
2025-04-15 20:42:09.740 68185 INFO tempest.lib.common.rest_client [req-b2472cfc-8861-41ef-988d-880f2a7012f1 req-b2472cfc-8861-41ef-988d-880f2a7012f1 ] Request (FlavorsExtraSpecsNegativeTestJSON:setUpClass): 204 PUT http://10.180.1.21/identity/v3/projects/04e62ca4801b4f109c899b083c09cecf/users/940e5c823b714daa9a9d68e1005f08ef/roles/13efe969c2064e668fd8e0776d222b3c 0.029s
2025-04-15 20:42:09.740 68185 INFO tempest.lib.common.dynamic_creds [-] Dynamic test user 940e5c823b714daa9a9d68e1005f08ef is created with scope project and roles: ['member']
2025-04-15 20:42:09.740 68185 INFO tempest.lib.common.dynamic_creds [-] Acquired dynamic creds: credentials: Credentials: {'domain_id': 'default', 'domain_name': 'Default', 'username': 'tempest-FlavorsExtraSpecsNegativeTestJSON-750758391-project-member', 'project_domain_id': 'default', 'project_domain_name': 'Default', 'project_id': '04e62ca4801b4f109c899b083c09cecf', 'project_name': 'tempest-FlavorsExtraSpecsNegativeTestJSON-750758391', 'tenant_id': '04e62ca4801b4f109c899b083c09cecf', 'tenant_name': 'tempest-FlavorsExtraSpecsNegativeTestJSON-750758391', 'user_domain_id': 'default', 'user_domain_name': 'Default', 'user_id': '940e5c823b714daa9a9d68e1005f08ef', 'system': None}, Network: None, Subnet: None, Router: None
2025-04-15 20:42:09.740 68185 INFO tempest.lib.common.dynamic_creds [-] Created isolated network resources for: credentials: Credentials: {'domain_id': 'default', 'domain_name': 'Default', 'username': 'tempest-FlavorsExtraSpecsNegativeTestJSON-750758391-project-member', 'project_domain_id': 'default', 'project_domain_name': 'Default', 'project_id': '04e62ca4801b4f109c899b083c09cecf', 'project_name': 'tempest-FlavorsExtraSpecsNegativeTestJSON-750758391', 'tenant_id': '04e62ca4801b4f109c899b083c09cecf', 'tenant_name': 'tempest-FlavorsExtraSpecsNegativeTestJSON-750758391', 'user_domain_id': 'default', 'user_domain_name': 'Default', 'user_id': '940e5c823b714daa9a9d68e1005f08ef', 'system': None}, Network: None, Subnet: None, Router: None
2025-04-15 20:42:09.746 68223 INFO tempest.lib.common.rest_client [req-9b68d689-1bc6-4a8a-8a27-453163e2f93d req-9b68d689-1bc6-4a8a-8a27-453163e2f93d ] Request (ServerMetadataTestJSON:setUpClass): 200 GET http://10.180.1.21/compute/v2.1/servers/96f86f1d-a1cb-4ec7-b72e-9cf41ff6e4e5 2.251s
2025-04-15 20:42:09.811 68191 INFO tempest.lib.common.rest_client [req-03f969fb-e0d5-48e2-be0d-a9541ffc037b req-03f969fb-e0d5-48e2-be0d-a9541ffc037b ] Request (ServersTestBootFromVolume:setUpClass): 200 GET http://10.180.1.21/volume/v3/b14abc5e394a4d1c9576d1bfb3da1b1d/volumes/1dcec9a2-c7c5-45e8-9d5e-85ce92277782 0.036s
2025-04-15 20:42:09.829 68233 INFO tempest.lib.common.rest_client [req-2a1c33c7-d9d5-4ef7-addf-31e86e011c6d req-2a1c33c7-d9d5-4ef7-addf-31e86e011c6d ] Request (ServersAdmin275Test:test_rebuild_update_server_275): 200 GET http://10.180.1.21/compute/v2.1/servers/61f9c4d7-0e4f-4d1d-af9d-ceb0aac42cd3 2.025s
2025-04-15 20:42:09.831 68185 INFO tempest.lib.common.rest_client [req-430877a9-5edc-440f-8f64-b6245ad69c46 req-430877a9-5edc-440f-8f64-b6245ad69c46 ] Request (FlavorsExtraSpecsNegativeTestJSON:setUpClass): 201 POST http://10.180.1.21/identity/v3/auth/tokens 0.085s
2025-04-15 20:42:09.867 68193 INFO tempest.lib.common.rest_client [req-c97c4801-b104-446d-9fc2-b33c1f86110e req-c97c4801-b104-446d-9fc2-b33c1f86110e ] Request (KeyPairsNegativeTestJSON:test_create_keypair_with_duplicate_name): 200 POST http://10.180.1.21/compute/v2.1/os-keypairs 1.873s
2025-04-15 20:42:09.904 68185 INFO tempest.lib.common.rest_client [req-97bf0233-7266-411e-837a-eefb4aeb29e6 req-97bf0233-7266-411e-837a-eefb4aeb29e6 ] Request (FlavorsExtraSpecsNegativeTestJSON:setUpClass): 201 POST http://10.180.1.21/identity/v3/projects 0.072s
2025-04-15 20:42:09.974 68185 INFO tempest.lib.common.rest_client [req-18e052f6-45f0-440b-b4c8-ce075d154677 req-18e052f6-45f0-440b-b4c8-ce075d154677 ] Request (FlavorsExtraSpecsNegativeTestJSON:setUpClass): 201 POST http://10.180.1.21/identity/v3/users 0.069s
2025-04-15 20:42:09.995 68203 INFO tempest.lib.common.rest_client [req-814a12cb-1fe3-4e69-b743-d6b121772d14 req-814a12cb-1fe3-4e69-b743-d6b121772d14 ] Request (ServersAdminTestJSON:setUpClass): 201 POST http://10.180.1.21:9696/networking/v2.0/networks 0.349s
2025-04-15 20:42:10.000 68215 INFO tempest.lib.common.rest_client [req-d387d907-df48-444d-839c-339bd7046247 req-d387d907-df48-444d-839c-339bd7046247 ] Request (VolumesAssistedSnapshotsTest:test_volume_assisted_snapshot_create_delete): 201 POST http://10.180.1.21:9696/networking/v2.0/security-group-rules 0.295s
2025-04-15 20:42:10.007 68185 INFO tempest.lib.common.rest_client [req-c08e28dc-fbd7-48a4-9aa9-c51f68fb97eb req-c08e28dc-fbd7-48a4-9aa9-c51f68fb97eb ] Request (FlavorsExtraSpecsNegativeTestJSON:setUpClass): 200 GET http://10.180.1.21/identity/v3/roles 0.032s
2025-04-15 20:42:10.048 68185 INFO tempest.lib.common.rest_client [req-17bd280e-20b0-4c8f-bb03-c4f28691178c req-17bd280e-20b0-4c8f-bb03-c4f28691178c ] Request (FlavorsExtraSpecsNegativeTestJSON:setUpClass): 204 PUT http://10.180.1.21/identity/v3/projects/2cb5467dd31744dd9b8780156792aafd/users/be1cf51f8c5d4fa7b5d2771d633d1f38/roles/71d0af4483704a179c1a6e525070512b 0.041s
2025-04-15 20:42:10.115 68185 INFO tempest.lib.common.rest_client [req-34466180-fb40-4293-9068-e811de727174 req-34466180-fb40-4293-9068-e811de727174 ] Request (FlavorsExtraSpecsNegativeTestJSON:setUpClass): 200 GET http://10.180.1.21/identity/v3/roles 0.066s
2025-04-15 20:42:10.144 68185 INFO tempest.lib.common.rest_client [req-d5bc342d-5275-42e4-af89-5c5c20e66723 req-d5bc342d-5275-42e4-af89-5c5c20e66723 ] Request (FlavorsExtraSpecsNegativeTestJSON:setUpClass): 204 PUT http://10.180.1.21/identity/v3/projects/2cb5467dd31744dd9b8780156792aafd/users/be1cf51f8c5d4fa7b5d2771d633d1f38/roles/71d0af4483704a179c1a6e525070512b 0.028s
2025-04-15 20:42:10.144 68185 INFO tempest.lib.common.dynamic_creds [-] Dynamic test user be1cf51f8c5d4fa7b5d2771d633d1f38 is created with scope project and roles: ['admin']
2025-04-15 20:42:10.144 68185 INFO tempest.lib.common.dynamic_creds [-] Acquired dynamic creds: credentials: Credentials: {'domain_id': 'default', 'domain_name': 'Default', 'username': 'tempest-FlavorsExtraSpecsNegativeTestJSON-736200166-project-admin', 'project_domain_id': 'default', 'project_domain_name': 'Default', 'project_id': '2cb5467dd31744dd9b8780156792aafd', 'project_name': 'tempest-FlavorsExtraSpecsNegativeTestJSON-736200166', 'tenant_id': '2cb5467dd31744dd9b8780156792aafd', 'tenant_name': 'tempest-FlavorsExtraSpecsNegativeTestJSON-736200166', 'user_domain_id': 'default', 'user_domain_name': 'Default', 'user_id': 'be1cf51f8c5d4fa7b5d2771d633d1f38', 'system': None}, Network: None, Subnet: None, Router: None
2025-04-15 20:42:10.145 68185 INFO tempest.lib.common.dynamic_creds [-] Created isolated network resources for: credentials: Credentials: {'domain_id': 'default', 'domain_name': 'Default', 'username': 'tempest-FlavorsExtraSpecsNegativeTestJSON-736200166-project-admin', 'project_domain_id': 'default', 'project_domain_name': 'Default', 'project_id': '2cb5467dd31744dd9b8780156792aafd', 'project_name': 'tempest-FlavorsExtraSpecsNegativeTestJSON-736200166', 'tenant_id': '2cb5467dd31744dd9b8780156792aafd', 'tenant_name': 'tempest-FlavorsExtraSpecsNegativeTestJSON-736200166', 'user_domain_id': 'default', 'user_domain_name': 'Default', 'user_id': 'be1cf51f8c5d4fa7b5d2771d633d1f38', 'system': None}, Network: None, Subnet: None, Router: None
2025-04-15 20:42:10.192 68189 INFO tempest.lib.common.rest_client [req-166044d1-8dd3-4755-8d53-797a50a8f826 req-166044d1-8dd3-4755-8d53-797a50a8f826 ] Request (ServersTestJSON:setUpClass): 200 GET http://10.180.1.21/compute/v2.1/servers/b8aa46e2-728a-4ff9-bc4f-5cbd0a9e43e1 1.971s
2025-04-15 20:42:10.244 68185 INFO tempest.lib.common.rest_client [req-0a42220a-e617-4851-a46f-a7bcf16317da req-0a42220a-e617-4851-a46f-a7bcf16317da ] Request (FlavorsExtraSpecsNegativeTestJSON:setUpClass): 201 POST http://10.180.1.21/identity/v3/auth/tokens 0.095s
2025-04-15 20:42:10.387 68207 INFO tempest.lib.common.rest_client [req-d3d709c1-6f79-45a2-9db7-3c0a87f19ff3 req-d3d709c1-6f79-45a2-9db7-3c0a87f19ff3 ] Request (FloatingIPDetailsTestJSON:_run_cleanups): 202 DELETE http://10.180.1.21/compute/v2.1/os-floating-ips/049b26b1-a371-4926-8362-93f9ef39d53a 2.815s
2025-04-15 20:42:10.446 68221 INFO tempest.lib.common.rest_client [req-a57bcdb6-d2d6-408d-8d11-abbfbc16a69f req-a57bcdb6-d2d6-408d-8d11-abbfbc16a69f ] Request (QuotaClassesAdmin257Test:_run_cleanups): 200 PUT http://10.180.1.21/compute/v2.1/os-quota-class-sets/default 1.991s
2025-04-15 20:42:10.568 68221 INFO tempest.lib.common.rest_client [req-96e02c24-6022-4901-bce8-e07b37bac77d req-96e02c24-6022-4901-bce8-e07b37bac77d ] Request (QuotaClassesAdmin257Test:tearDownClass): 204 DELETE http://10.180.1.21/identity/v3/users/a17e23eff05942e29e1c7a05561b4d3a 0.117s
2025-04-15 20:42:10.655 68237 INFO tempest.lib.common.rest_client [req-18cf4103-f8b4-4925-99a4-887445b26896 req-18cf4103-f8b4-4925-99a4-887445b26896 ] Request (HypervisorAdminNegativeUnderV252Test:test_search_hypervisor_with_non_admin_user): 403 GET http://10.180.1.21/compute/v2.1/os-hypervisors/domain-c8.fc996f14-c53b-4953-92e3-bdfa48f5cc28/search 2.075s
2025-04-15 20:42:10.662 68209 INFO tempest.lib.common.rest_client [req-a9933e27-19f8-474a-b7ce-ed719484794e req-a9933e27-19f8-474a-b7ce-ed719484794e ] Request (HostsAdminNegativeTestJSON:test_reboot_host_with_non_admin_user): 403 GET http://10.180.1.21/compute/v2.1/os-hosts/devstack/reboot 1.863s
2025-04-15 20:42:10.670 68183 INFO tempest.lib.common.rest_client [req-20d4f0a9-d783-414d-a8f1-4717a21c0d94 req-20d4f0a9-d783-414d-a8f1-4717a21c0d94 ] Request (AggregatesAdminNegativeTestJSON:test_aggregate_create_aggregate_name_length_exceeds_255): 400 POST http://10.180.1.21/compute/v2.1/os-aggregates 1.846s
2025-04-15 20:42:10.688 68221 INFO tempest.lib.common.rest_client [req-5c38d1cc-2f6c-4d13-a72b-56b9cfec5624 req-5c38d1cc-2f6c-4d13-a72b-56b9cfec5624 ] Request (QuotaClassesAdmin257Test:tearDownClass): 204 DELETE http://10.180.1.21/identity/v3/users/328d51ba7aae4edd9c80b5b762a18b1d 0.120s
2025-04-15 20:42:10.688 68221 INFO tempest.lib.common.dynamic_creds [-] Deleting project and security group for project: 7a86395e24044711b35ea91da116b965
2025-04-15 20:42:10.695 68197 INFO tempest.lib.common.rest_client [req-1b4dcdcc-09c0-4a2e-b93f-e7fcbf1f9e70 req-1b4dcdcc-09c0-4a2e-b93f-e7fcbf1f9e70 ] Request (FlavorsV2TestJSON:test_list_flavors_detailed_filter_by_min_ram): 200 GET http://10.180.1.21/compute/v2.1/flavors/detail?minRam=129 1.854s
2025-04-15 20:42:10.759 68221 INFO tempest.lib.common.rest_client [req-bb09fbe4-9672-443d-9628-f7467c16256b req-bb09fbe4-9672-443d-9628-f7467c16256b ] Request (QuotaClassesAdmin257Test:tearDownClass): 201 POST http://10.180.1.21/identity/v3/auth/tokens 0.070s
2025-04-15 20:42:10.860 68191 INFO tempest.lib.common.rest_client [req-c9b12097-8568-4d1d-9c68-e889e817c792 req-c9b12097-8568-4d1d-9c68-e889e817c792 ] Request (ServersTestBootFromVolume:setUpClass): 200 GET http://10.180.1.21/volume/v3/b14abc5e394a4d1c9576d1bfb3da1b1d/volumes/1dcec9a2-c7c5-45e8-9d5e-85ce92277782 0.039s
2025-04-15 20:42:10.881 68203 INFO tempest.lib.common.rest_client [req-89062181-6fc5-41ca-9cde-999a30792be4 req-89062181-6fc5-41ca-9cde-999a30792be4 ] Request (ServersAdminTestJSON:setUpClass): 201 POST http://10.180.1.21:9696/networking/v2.0/subnets 0.885s
2025-04-15 20:42:10.976 68225 INFO tempest.lib.common.rest_client [req-268dd741-2fa4-4f64-8432-ac14eaadd69c req-268dd741-2fa4-4f64-8432-ac14eaadd69c ] Request (AttachInterfacesTestJSON:setUpClass): 200 PUT http://10.180.1.21:9696/networking/v2.0/routers/a50efdce-5c65-467c-bf25-b1dada5d021c/add_router_interface 1.770s
2025-04-15 20:42:10.976 68225 INFO tempest.lib.common.dynamic_creds [-] Created isolated network resources for: credentials: Credentials: {'domain_id': 'default', 'domain_name': 'Default', 'username': 'tempest-AttachInterfacesTestJSON-1315262687-project-member', 'project_domain_id': 'default', 'project_domain_name': 'Default', 'project_id': '368f4fa65bee4d6ba722728d1e453238', 'project_name': 'tempest-AttachInterfacesTestJSON-1315262687', 'tenant_id': '368f4fa65bee4d6ba722728d1e453238', 'tenant_name': 'tempest-AttachInterfacesTestJSON-1315262687', 'user_domain_id': 'default', 'user_domain_name': 'Default', 'user_id': 'c41cfe8c6978476d9a00f1240414e9e0', 'system': None}, Network: {'id': '673c23ac-6063-4c40-b811-8f7e16de42e3', 'name': 'tempest-AttachInterfacesTestJSON-1270873717-network', 'tenant_id': '368f4fa65bee4d6ba722728d1e453238', 'admin_state_up': True, 'mtu': 8950, 'status': 'ACTIVE', 'subnets': [], 'shared': False, 'project_id': '368f4fa65bee4d6ba722728d1e453238', 'port_security_enabled': True, 'router:external': False, 'provider:network_type': 'vlan', 'provider:physical_network': 'default', 'provider:segmentation_id': 782, 'is_default': False, 'availability_zone_hints': [], 'availability_zones': [], 'ipv4_address_scope': None, 'ipv6_address_scope': None, 'description': '', 'tags': [], 'created_at': '2025-04-15T20:42:05Z', 'updated_at': '2025-04-15T20:42:05Z', 'revision_number': 1}, Subnet: {'id': 'd12f3294-5f5c-48eb-abbd-2c5dbe2cf7b1', 'name': 'tempest-AttachInterfacesTestJSON-1270873717-subnet', 'tenant_id': '368f4fa65bee4d6ba722728d1e453238', 'network_id': '673c23ac-6063-4c40-b811-8f7e16de42e3', 'ip_version': 4, 'subnetpool_id': None, 'enable_dhcp': True, 'ipv6_ra_mode': None, 'ipv6_address_mode': None, 'gateway_ip': '192.168.128.1', 'cidr': '192.168.128.0/28', 'allocation_pools': [{'start': '192.168.128.2', 'end': '192.168.128.14'}], 'host_routes': [], 'dns_nameservers': [], 'description': '', 'service_types': [], 'tags': [], 'created_at': '2025-04-15T20:42:05Z', 'updated_at': '2025-04-15T20:42:05Z', 'revision_number': 0, 'project_id': '368f4fa65bee4d6ba722728d1e453238'}, Router: {'id': 'a50efdce-5c65-467c-bf25-b1dada5d021c', 'name': 'tempest-AttachInterfacesTestJSON-1270873717-router', 'tenant_id': '368f4fa65bee4d6ba722728d1e453238', 'admin_state_up': True, 'status': 'ACTIVE', 'external_gateway_info': {'network_id': 'd0dde4dc-3984-4997-8d65-6f958be3d9b5', 'external_fixed_ips': [{'subnet_id': '4b5c5d62-288f-4d55-96d8-6e30a0aefb89', 'ip_address': '10.180.180.174'}], 'enable_snat': True}, 'description': '', 'availability_zones': [], 'distributed': False, 'ha': False, 'availability_zone_hints': [], 'routes': [], 'flavor_id': None, 'tags': [], 'created_at': '2025-04-15T20:42:06Z', 'updated_at': '2025-04-15T20:42:08Z', 'revision_number': 2, 'project_id': '368f4fa65bee4d6ba722728d1e453238'}
2025-04-15 20:42:11.055 68225 INFO tempest.lib.common.rest_client [req-e57e6a85-fe3d-4650-b78b-aca3e0a5b9a9 req-e57e6a85-fe3d-4650-b78b-aca3e0a5b9a9 ] Request (AttachInterfacesTestJSON:setUpClass): 201 POST http://10.180.1.21/identity/v3/auth/tokens 0.074s
2025-04-15 20:42:11.081 68177 INFO tempest.lib.common.rest_client [req-92187732-cc99-4cfd-9542-a2b1b3d22ced req-92187732-cc99-4cfd-9542-a2b1b3d22ced ] Request (TenantUsagesTestJSON:setUpClass): 200 GET http://10.180.1.21/compute/v2.1/servers/2256af1c-4ff8-46b9-b568-c25ce8886e5f 2.118s
2025-04-15 20:42:11.258 68221 INFO tempest.lib.common.rest_client [req-e5bf7a91-8350-403d-b302-433f3279e60a req-e5bf7a91-8350-403d-b302-433f3279e60a ] Request (QuotaClassesAdmin257Test:tearDownClass): 200 GET http://10.180.1.21:9696/networking/v2.0/security-groups?tenant_id=7a86395e24044711b35ea91da116b965&name=default 0.499s
2025-04-15 20:42:11.308 68187 INFO tempest.lib.common.rest_client [req-3672c443-f6a5-410b-ac26-93a12d0c9242 req-3672c443-f6a5-410b-ac26-93a12d0c9242 ] Request (ListImageFiltersTestJSON:setUpClass): 202 POST http://10.180.1.21/compute/v2.1/servers 2.157s
2025-04-15 20:42:11.332 68221 INFO tempest.lib.common.rest_client [req-8bfd8b74-ec93-463f-9a44-064ae47f2251 req-8bfd8b74-ec93-463f-9a44-064ae47f2251 ] Request (QuotaClassesAdmin257Test:tearDownClass): 204 DELETE http://10.180.1.21:9696/networking/v2.0/security-groups/cd46a95a-0a77-4518-a296-327d5ae58804 0.074s
2025-04-15 20:42:11.417 68221 INFO tempest.lib.common.rest_client [req-53c3f773-37f5-4cef-a0e9-af9c19198ec7 req-53c3f773-37f5-4cef-a0e9-af9c19198ec7 ] Request (QuotaClassesAdmin257Test:tearDownClass): 204 DELETE http://10.180.1.21/identity/v3/projects/7a86395e24044711b35ea91da116b965 0.085s
2025-04-15 20:42:11.418 68221 INFO tempest.lib.common.dynamic_creds [-] Deleting project and security group for project: 591ee587e40b45f6b4a373b5fa846c3b
2025-04-15 20:42:11.505 68221 INFO tempest.lib.common.rest_client [req-8b5d515f-518b-4022-9cc3-2ebad8c689ce req-8b5d515f-518b-4022-9cc3-2ebad8c689ce ] Request (QuotaClassesAdmin257Test:tearDownClass): 200 GET http://10.180.1.21:9696/networking/v2.0/security-groups?tenant_id=591ee587e40b45f6b4a373b5fa846c3b&name=default 0.087s
2025-04-15 20:42:11.533 68227 INFO tempest.lib.common.rest_client [req-bca7aff2-6538-4937-9c99-623b7e540df3 req-bca7aff2-6538-4937-9c99-623b7e540df3 ] Request (ServersAaction247Test:test_create_backup): 202 POST http://10.180.1.21/compute/v2.1/servers 2.348s
2025-04-15 20:42:11.550 68213 INFO tempest.lib.common.rest_client [req-b4af6799-6ee7-476d-9519-168dfb25211d req-b4af6799-6ee7-476d-9519-168dfb25211d ] Request (ServersWithSpecificFlavorTestJSON:test_verify_created_server_ephemeral_disk): 200 GET http://10.180.1.21/compute/v2.1/flavors/42/os-extra_specs 2.151s
2025-04-15 20:42:11.580 68211 INFO tempest.lib.common.rest_client [req-f03f2345-2fe8-40d3-a891-2d6bf58b40e0 req-f03f2345-2fe8-40d3-a891-2d6bf58b40e0 ] Request (ServerGroupTestJSON:test_create_delete_multiple_server_groups_with_same_name_policy): 204 DELETE http://10.180.1.21/compute/v2.1/os-server-groups/5c0af155-ce88-4f47-8aee-c7770b7de981 2.164s
2025-04-15 20:42:11.599 68231 INFO tempest.lib.common.rest_client [req-f596b6a0-f373-4fb0-a983-0fa9a8a21eab req-f596b6a0-f373-4fb0-a983-0fa9a8a21eab ] Request (FlavorsAccessNegativeTestJSON:test_flavor_non_admin_add): 200 POST http://10.180.1.21/compute/v2.1/flavors 2.160s
2025-04-15 20:42:11.625 68221 INFO tempest.lib.common.rest_client [req-f5011b26-383e-43f6-ba83-0d7c95817f24 req-f5011b26-383e-43f6-ba83-0d7c95817f24 ] Request (QuotaClassesAdmin257Test:tearDownClass): 204 DELETE http://10.180.1.21:9696/networking/v2.0/security-groups/d47d446f-6fc9-41b7-a894-5a4891f6e62a 0.120s
2025-04-15 20:42:11.721 68179 INFO tempest.lib.common.rest_client [req-cc136bba-fc58-4fdc-b5ee-1523bad503fe req-cc136bba-fc58-4fdc-b5ee-1523bad503fe ] Request (ImagesOneServerNegativeTestJSON:setUpClass): 200 GET http://10.180.1.21/compute/v2.1/servers/2f69fae8-d060-4156-8880-071f5ee1f969 2.274s
2025-04-15 20:42:11.751 68181 INFO tempest.lib.common.rest_client [req-63fa2df8-492a-44a5-8a98-fcc60eb4e988 req-63fa2df8-492a-44a5-8a98-fcc60eb4e988 ] Request (FloatingIPsTestJSON:test_delete_floating_ip): 202 DELETE http://10.180.1.21/compute/v2.1/os-floating-ips/a6c946a2-7a85-4b50-8752-c5d286d609e5 3.373s
2025-04-15 20:42:11.780 68221 INFO tempest.lib.common.rest_client [req-63fc0c72-800d-4143-9e88-f5195a6aded2 req-63fc0c72-800d-4143-9e88-f5195a6aded2 ] Request (QuotaClassesAdmin257Test:tearDownClass): 204 DELETE http://10.180.1.21/identity/v3/projects/591ee587e40b45f6b4a373b5fa846c3b 0.155s
2025-04-15 20:42:11.784 68195 INFO tempest.lib.common.rest_client [req-b6e115bc-682e-42d1-9add-5dd2ac7bc7d9 req-b6e115bc-682e-42d1-9add-5dd2ac7bc7d9 ] Request (ServerMetadataNegativeTestJSON:setUpClass): 200 GET http://10.180.1.21/compute/v2.1/servers/6520080a-8bf1-4803-9099-87c3ba6e28e4 2.221s
2025-04-15 20:42:11.827 68193 INFO tempest.lib.common.rest_client [req-8b04c988-b771-4613-9888-6125d34bb408 req-8b04c988-b771-4613-9888-6125d34bb408 ] Request (KeyPairsNegativeTestJSON:test_create_keypair_with_duplicate_name): 409 POST http://10.180.1.21/compute/v2.1/os-keypairs 1.958s
2025-04-15 20:42:11.862 68221 INFO tempest.lib.common.rest_client [req-5c738bc9-250c-4847-b552-8f4e0a4a0387 req-5c738bc9-250c-4847-b552-8f4e0a4a0387 ] Request (QuotasAdminNegativeTest:setUpClass): 201 POST http://10.180.1.21/identity/v3/auth/tokens 0.080s
2025-04-15 20:42:11.895 68175 INFO tempest.lib.common.rest_client [req-4c3ae7b9-af69-416e-ad92-9a0796d98b1d req-4c3ae7b9-af69-416e-ad92-9a0796d98b1d ] Request (MigrationsAdminTest:test_list_migrations_in_flavor_resize_situation): 200 GET http://10.180.1.21/compute/v2.1/servers/0d074bfa-7d3d-4e69-b544-36e7d9f79483 1.835s
2025-04-15 20:42:11.901 68221 INFO tempest.lib.common.rest_client [req-504020be-cb5d-45c0-9cfe-e2f74eb0bc14 req-504020be-cb5d-45c0-9cfe-e2f74eb0bc14 ] Request (QuotasAdminNegativeTest:setUpClass): 201 POST http://10.180.1.21/identity/v3/auth/tokens 0.036s
2025-04-15 20:42:11.910 68191 INFO tempest.lib.common.rest_client [req-fce2ae93-bf41-45b4-ba99-0a0802815d62 req-fce2ae93-bf41-45b4-ba99-0a0802815d62 ] Request (ServersTestBootFromVolume:setUpClass): 200 GET http://10.180.1.21/volume/v3/b14abc5e394a4d1c9576d1bfb3da1b1d/volumes/1dcec9a2-c7c5-45e8-9d5e-85ce92277782 0.043s
2025-04-15 20:42:11.922 68221 INFO tempest.lib.common.rest_client [req-2eee79cf-19d6-4188-8ce9-63ba16d627b5 req-2eee79cf-19d6-4188-8ce9-63ba16d627b5 ] Request (QuotasAdminNegativeTest:setUpClass): 200 GET http://10.180.1.21/identity/v3/domains?name=Default 0.021s
2025-04-15 20:42:11.980 68221 INFO tempest.lib.common.rest_client [req-6e06a64c-d869-4b3d-a602-3a6e1899f41f req-6e06a64c-d869-4b3d-a602-3a6e1899f41f ] Request (QuotasAdminNegativeTest:setUpClass): 201 POST http://10.180.1.21/identity/v3/projects 0.057s
2025-04-15 20:42:11.983 68215 INFO tempest.lib.common.rest_client [req-27ded100-982f-4bd8-be0e-f80ff48071ec req-27ded100-982f-4bd8-be0e-f80ff48071ec ] Request (VolumesAssistedSnapshotsTest:test_volume_assisted_snapshot_create_delete): 201 POST http://10.180.1.21:9696/networking/v2.0/floatingips 1.982s
2025-04-15 20:42:11.985 68185 INFO tempest.lib.common.rest_client [req-49ab3f30-3847-4408-9893-e58188fb5a8d req-49ab3f30-3847-4408-9893-e58188fb5a8d ] Request (FlavorsExtraSpecsNegativeTestJSON:setUpClass): 200 POST http://10.180.1.21/compute/v2.1/flavors 1.739s
2025-04-15 20:42:12.021 68199 INFO tempest.lib.common.rest_client [req-04919368-bd7a-4adc-b60e-fbb0cfd09e8e req-04919368-bd7a-4adc-b60e-fbb0cfd09e8e ] Request (ServerExternalEventsTest:test_create_server_external_events): 200 GET http://10.180.1.21/compute/v2.1/servers/3e67c74f-5c03-4dc4-a23b-b547bfb32b4a 1.769s
2025-04-15 20:42:12.056 68215 INFO tempest.lib.common.rest_client [req-145dce9c-0365-4d41-91c5-de02a7ff8642 req-145dce9c-0365-4d41-91c5-de02a7ff8642 ] Request (VolumesAssistedSnapshotsTest:test_volume_assisted_snapshot_create_delete): 201 POST http://10.180.1.21/identity/v3/auth/tokens 0.064s
2025-04-15 20:42:12.056 68215 INFO tempest.lib.common.fixed_network [-] (VolumesAssistedSnapshotsTest:test_volume_assisted_snapshot_create_delete) Found network {'id': 'f8432b0e-40e4-4385-8394-3dad48702bf3', 'name': 'tempest-VolumesAssistedSnapshotsTest-768315130-network', 'tenant_id': '222114505dcd49c78b1e234a0edfd6bf', 'admin_state_up': True, 'mtu': 8950, 'status': 'ACTIVE', 'subnets': [], 'shared': False, 'project_id': '222114505dcd49c78b1e234a0edfd6bf', 'port_security_enabled': True, 'router:external': False, 'provider:network_type': 'vlan', 'provider:physical_network': 'default', 'provider:segmentation_id': 13, 'is_default': False, 'availability_zone_hints': [], 'availability_zones': [], 'ipv4_address_scope': None, 'ipv6_address_scope': None, 'description': '', 'tags': [], 'created_at': '2025-04-15T20:41:32Z', 'updated_at': '2025-04-15T20:41:32Z', 'revision_number': 1} available for tenant
2025-04-15 20:42:12.069 68221 INFO tempest.lib.common.rest_client [req-1a948d1e-fbf6-42ae-b611-ec1bb33c27cd req-1a948d1e-fbf6-42ae-b611-ec1bb33c27cd ] Request (QuotasAdminNegativeTest:setUpClass): 201 POST http://10.180.1.21/identity/v3/users 0.087s
2025-04-15 20:42:12.096 68221 INFO tempest.lib.common.rest_client [req-bc35210f-3443-4bb5-b061-e7c8c3ebb850 req-bc35210f-3443-4bb5-b061-e7c8c3ebb850 ] Request (QuotasAdminNegativeTest:setUpClass): 200 GET http://10.180.1.21/identity/v3/roles 0.026s
2025-04-15 20:42:12.142 68221 INFO tempest.lib.common.rest_client [req-49203d8f-21df-4af9-b4fb-fa9b21039685 req-49203d8f-21df-4af9-b4fb-fa9b21039685 ] Request (QuotasAdminNegativeTest:setUpClass): 204 PUT http://10.180.1.21/identity/v3/projects/9d0128f9d3a043d7971e8faeb2bc83ea/users/d3cd72d5ca5b4b6cb57611c9b0aafdef/roles/13efe969c2064e668fd8e0776d222b3c 0.046s
2025-04-15 20:42:12.142 68221 INFO tempest.lib.common.dynamic_creds [-] Dynamic test user d3cd72d5ca5b4b6cb57611c9b0aafdef is created with scope project and roles: ['member']
2025-04-15 20:42:12.143 68221 INFO tempest.lib.common.dynamic_creds [-] Acquired dynamic creds: credentials: Credentials: {'domain_id': 'default', 'domain_name': 'Default', 'username': 'tempest-QuotasAdminNegativeTest-460694723-project-member', 'project_domain_id': 'default', 'project_domain_name': 'Default', 'project_id': '9d0128f9d3a043d7971e8faeb2bc83ea', 'project_name': 'tempest-QuotasAdminNegativeTest-460694723', 'tenant_id': '9d0128f9d3a043d7971e8faeb2bc83ea', 'tenant_name': 'tempest-QuotasAdminNegativeTest-460694723', 'user_domain_id': 'default', 'user_domain_name': 'Default', 'user_id': 'd3cd72d5ca5b4b6cb57611c9b0aafdef', 'system': None}, Network: None, Subnet: None, Router: None
2025-04-15 20:42:12.143 68221 INFO tempest.lib.common.dynamic_creds [-] Created isolated network resources for: credentials: Credentials: {'domain_id': 'default', 'domain_name': 'Default', 'username': 'tempest-QuotasAdminNegativeTest-460694723-project-member', 'project_domain_id': 'default', 'project_domain_name': 'Default', 'project_id': '9d0128f9d3a043d7971e8faeb2bc83ea', 'project_name': 'tempest-QuotasAdminNegativeTest-460694723', 'tenant_id': '9d0128f9d3a043d7971e8faeb2bc83ea', 'tenant_name': 'tempest-QuotasAdminNegativeTest-460694723', 'user_domain_id': 'default', 'user_domain_name': 'Default', 'user_id': 'd3cd72d5ca5b4b6cb57611c9b0aafdef', 'system': None}, Network: None, Subnet: None, Router: None
2025-04-15 20:42:12.146 68207 INFO tempest.lib.common.rest_client [req-6b6b97b2-7af3-4348-93ec-ea740f634cc8 req-6b6b97b2-7af3-4348-93ec-ea740f634cc8 ] Request (FloatingIPDetailsTestJSON:test_list_floating_ips): 200 GET http://10.180.1.21/compute/v2.1/os-floating-ips 1.707s
2025-04-15 20:42:12.220 68221 INFO tempest.lib.common.rest_client [req-e957d474-590d-461f-9eff-5a44611d4363 req-e957d474-590d-461f-9eff-5a44611d4363 ] Request (QuotasAdminNegativeTest:setUpClass): 201 POST http://10.180.1.21/identity/v3/auth/tokens 0.072s
2025-04-15 20:42:12.263 68205 INFO tempest.lib.common.rest_client [req-3ef4693b-dc3d-4806-ae5d-109d534b667d req-3ef4693b-dc3d-4806-ae5d-109d534b667d ] Request (ServerDiagnosticsNegativeTest:test_get_server_diagnostics_by_non_admin): 200 GET http://10.180.1.21/compute/v2.1/servers/043c631c-bf15-4b4c-9a92-49ea51b6d405 1.802s
2025-04-15 20:42:12.288 68221 INFO tempest.lib.common.rest_client [req-9e3ce4eb-1294-49fe-b60b-43853a952170 req-9e3ce4eb-1294-49fe-b60b-43853a952170 ] Request (QuotasAdminNegativeTest:setUpClass): 201 POST http://10.180.1.21/identity/v3/projects 0.068s
2025-04-15 20:42:12.362 68221 INFO tempest.lib.common.rest_client [req-f07815bf-4bd8-49f6-9a89-deb2bc43b78b req-f07815bf-4bd8-49f6-9a89-deb2bc43b78b ] Request (QuotasAdminNegativeTest:setUpClass): 201 POST http://10.180.1.21/identity/v3/users 0.073s
2025-04-15 20:42:12.382 68221 INFO tempest.lib.common.rest_client [req-1e21f1ab-136f-4c28-9a00-e02def9f3dcc req-1e21f1ab-136f-4c28-9a00-e02def9f3dcc ] Request (QuotasAdminNegativeTest:setUpClass): 200 GET http://10.180.1.21/identity/v3/roles 0.020s
2025-04-15 20:42:12.424 68221 INFO tempest.lib.common.rest_client [req-65293320-a8bd-420e-8d8c-3f1981b015c7 req-65293320-a8bd-420e-8d8c-3f1981b015c7 ] Request (QuotasAdminNegativeTest:setUpClass): 204 PUT http://10.180.1.21/identity/v3/projects/ce853800105c4467858bf25d8bf18a0b/users/1ea4adff031c4d3d9761ca3aa9697aaa/roles/71d0af4483704a179c1a6e525070512b 0.041s
2025-04-15 20:42:12.463 68235 INFO tempest.lib.common.rest_client [req-d3e82204-b9fd-451a-8c1b-90205078b688 req-d3e82204-b9fd-451a-8c1b-90205078b688 ] Request (AbsoluteLimitsNegativeTestJSON:test_max_metadata_exceed_limit): 200 GET http://10.180.1.21/compute/v2.1/limits 1.988s
2025-04-15 20:42:12.489 68221 INFO tempest.lib.common.rest_client [req-500ba6bd-6c04-4deb-af52-cf9a631ba1c9 req-500ba6bd-6c04-4deb-af52-cf9a631ba1c9 ] Request (QuotasAdminNegativeTest:setUpClass): 200 GET http://10.180.1.21/identity/v3/roles 0.065s
2025-04-15 20:42:12.502 68219 INFO tempest.lib.common.rest_client [req-37753436-dc30-4c91-9fb8-c9f253f4de2e req-37753436-dc30-4c91-9fb8-c9f253f4de2e ] Request (DeleteServersAdminTestJSON:test_admin_delete_servers_of_others): 200 GET http://10.180.1.21/compute/v2.1/servers/d9e47a83-7921-4cf6-ba99-fb705bc52e4a 2.119s
2025-04-15 20:42:12.517 68237 INFO tempest.lib.common.rest_client [req-6b6f0373-5a9e-4ea2-9c48-ec55aa5ce139 req-6b6f0373-5a9e-4ea2-9c48-ec55aa5ce139 ] Request (HypervisorAdminNegativeUnderV252Test:test_search_nonexistent_hypervisor): 404 GET http://10.180.1.21/compute/v2.1/os-hypervisors/nonexistent_hypervisor_name/search 1.861s
2025-04-15 20:42:12.518 68221 INFO tempest.lib.common.rest_client [req-49619623-55af-48c4-ae16-14e320128b98 req-49619623-55af-48c4-ae16-14e320128b98 ] Request (QuotasAdminNegativeTest:setUpClass): 204 PUT http://10.180.1.21/identity/v3/projects/ce853800105c4467858bf25d8bf18a0b/users/1ea4adff031c4d3d9761ca3aa9697aaa/roles/71d0af4483704a179c1a6e525070512b 0.029s
2025-04-15 20:42:12.518 68221 INFO tempest.lib.common.dynamic_creds [-] Dynamic test user 1ea4adff031c4d3d9761ca3aa9697aaa is created with scope project and roles: ['admin']
2025-04-15 20:42:12.518 68221 INFO tempest.lib.common.dynamic_creds [-] Acquired dynamic creds: credentials: Credentials: {'domain_id': 'default', 'domain_name': 'Default', 'username': 'tempest-QuotasAdminNegativeTest-29120181-project-admin', 'project_domain_id': 'default', 'project_domain_name': 'Default', 'project_id': 'ce853800105c4467858bf25d8bf18a0b', 'project_name': 'tempest-QuotasAdminNegativeTest-29120181', 'tenant_id': 'ce853800105c4467858bf25d8bf18a0b', 'tenant_name': 'tempest-QuotasAdminNegativeTest-29120181', 'user_domain_id': 'default', 'user_domain_name': 'Default', 'user_id': '1ea4adff031c4d3d9761ca3aa9697aaa', 'system': None}, Network: None, Subnet: None, Router: None
2025-04-15 20:42:12.518 68221 INFO tempest.lib.common.dynamic_creds [-] Created isolated network resources for: credentials: Credentials: {'domain_id': 'default', 'domain_name': 'Default', 'username': 'tempest-QuotasAdminNegativeTest-29120181-project-admin', 'project_domain_id': 'default', 'project_domain_name': 'Default', 'project_id': 'ce853800105c4467858bf25d8bf18a0b', 'project_name': 'tempest-QuotasAdminNegativeTest-29120181', 'tenant_id': 'ce853800105c4467858bf25d8bf18a0b', 'tenant_name': 'tempest-QuotasAdminNegativeTest-29120181', 'user_domain_id': 'default', 'user_domain_name': 'Default', 'user_id': '1ea4adff031c4d3d9761ca3aa9697aaa', 'system': None}, Network: None, Subnet: None, Router: None
2025-04-15 20:42:12.525 68209 INFO tempest.lib.common.rest_client [req-68419a6b-c011-4ece-9ff9-77c6c3ffc013 req-68419a6b-c011-4ece-9ff9-77c6c3ffc013 ] Request (HostsAdminNegativeTestJSON:test_reboot_nonexistent_host): 404 GET http://10.180.1.21/compute/v2.1/os-hosts/nonexistent_hostname/reboot 1.861s
2025-04-15 20:42:12.533 68183 INFO tempest.lib.common.rest_client [req-342dd2f1-4dd2-4a1c-9979-a04a373a40d7 req-342dd2f1-4dd2-4a1c-9979-a04a373a40d7 ] Request (AggregatesAdminNegativeTestJSON:test_aggregate_create_aggregate_name_length_less_than_1): 400 POST http://10.180.1.21/compute/v2.1/os-aggregates 1.862s
2025-04-15 20:42:12.546 68197 INFO tempest.lib.common.rest_client [req-bf826a8d-a369-49b8-ae3e-d506fb629d6c req-bf826a8d-a369-49b8-ae3e-d506fb629d6c ] Request (FlavorsV2TestJSON:test_list_flavors_detailed_limit_results): 200 GET http://10.180.1.21/compute/v2.1/flavors/detail?limit=1 1.845s
2025-04-15 20:42:12.555 68235 INFO tempest.lib.common.rest_client [req-1c1b61a4-dc26-4d14-80e2-817d4fc58c43 req-1c1b61a4-dc26-4d14-80e2-817d4fc58c43 ] Request (AbsoluteLimitsNegativeTestJSON:test_max_metadata_exceed_limit): 201 POST http://10.180.1.21/identity/v3/auth/tokens 0.084s
2025-04-15 20:42:12.555 68235 INFO tempest.lib.common.fixed_network [-] (AbsoluteLimitsNegativeTestJSON:test_max_metadata_exceed_limit) Found network None available for tenant
2025-04-15 20:42:12.602 68221 INFO tempest.lib.common.rest_client [req-71fe1fa6-63ba-45fa-bd59-4b248f3435ee req-71fe1fa6-63ba-45fa-bd59-4b248f3435ee ] Request (QuotasAdminNegativeTest:setUpClass): 201 POST http://10.180.1.21/identity/v3/auth/tokens 0.078s
2025-04-15 20:42:12.603 68221 WARNING tempest.lib.common.rest_client [-] Deprecated: "tenant_id" property is deprecated for removal, use "project_id" instead
2025-04-15 20:42:12.636 68229 INFO tempest.lib.common.rest_client [req-5e8bd3c0-2b71-4bbd-a187-3e43990a21eb req-5e8bd3c0-2b71-4bbd-a187-3e43990a21eb ] Request (FloatingIPsAssociationTestJSON:setUpClass): 200 GET http://10.180.1.21/compute/v2.1/servers/30d52736-4195-4767-89e0-8572dc96de29 1.988s
2025-04-15 20:42:12.701 68233 INFO tempest.lib.common.rest_client [req-6149f33a-32b1-4350-b946-57023ca342c7 req-6149f33a-32b1-4350-b946-57023ca342c7 ] Request (ServersAdmin275Test:test_rebuild_update_server_275): 200 GET http://10.180.1.21/compute/v2.1/servers/61f9c4d7-0e4f-4d1d-af9d-ceb0aac42cd3 1.861s
2025-04-15 20:42:12.865 68225 INFO tempest.lib.common.rest_client [req-1af00cd4-aaf0-438a-a803-41767d0fb21c req-1af00cd4-aaf0-438a-a803-41767d0fb21c ] Request (ValidationResourcesFixture:setUp): 200 POST http://10.180.1.21/compute/v2.1/os-keypairs 1.806s
2025-04-15 20:42:12.915 68223 INFO tempest.lib.common.rest_client [req-c8675015-ddce-4966-82cf-50fc184e8c65 req-c8675015-ddce-4966-82cf-50fc184e8c65 ] Request (ServerMetadataTestJSON:setUpClass): 200 GET http://10.180.1.21/compute/v2.1/servers/96f86f1d-a1cb-4ec7-b72e-9cf41ff6e4e5 2.158s
2025-04-15 20:42:12.950 68191 INFO tempest.lib.common.rest_client [req-f9d5f8a3-f471-4af3-b616-1344c140dce0 req-f9d5f8a3-f471-4af3-b616-1344c140dce0 ] Request (ServersTestBootFromVolume:setUpClass): 200 GET http://10.180.1.21/volume/v3/b14abc5e394a4d1c9576d1bfb3da1b1d/volumes/1dcec9a2-c7c5-45e8-9d5e-85ce92277782 0.030s
2025-04-15 20:42:13.002 68187 INFO tempest.lib.common.rest_client [req-bcfbdec7-29f8-4400-8436-f98d07100dbb req-bcfbdec7-29f8-4400-8436-f98d07100dbb ] Request (ListImageFiltersTestJSON:setUpClass): 200 GET http://10.180.1.21/compute/v2.1/servers/2eb8d698-9436-4e91-bd10-5f5200415144 1.692s
2025-04-15 20:42:13.035 68225 INFO tempest.lib.common.rest_client [req-bade217e-e077-4d17-b9f6-aba5c4b74bea req-bade217e-e077-4d17-b9f6-aba5c4b74bea ] Request (ValidationResourcesFixture:setUp): 201 POST http://10.180.1.21:9696/networking/v2.0/security-groups 0.168s
2025-04-15 20:42:13.089 68189 INFO tempest.lib.common.rest_client [req-65309821-89af-41cf-a8d0-086d77836fda req-65309821-89af-41cf-a8d0-086d77836fda ] Request (ServersTestJSON:setUpClass): 200 GET http://10.180.1.21/compute/v2.1/servers/b8aa46e2-728a-4ff9-bc4f-5cbd0a9e43e1 1.884s
2025-04-15 20:42:13.094 68227 INFO tempest.lib.common.rest_client [req-81835db4-84a1-43c5-9521-0d2bb7f53ff6 req-81835db4-84a1-43c5-9521-0d2bb7f53ff6 ] Request (ServersAaction247Test:test_create_backup): 200 GET http://10.180.1.21/compute/v2.1/servers/5cdef8c3-ecd4-4338-b2e6-a8910e3c52ff 1.558s
2025-04-15 20:42:13.113 68211 INFO tempest.lib.common.rest_client [req-fda7b616-3a6e-4d45-8c00-b65eadd920d5 req-fda7b616-3a6e-4d45-8c00-b65eadd920d5 ] Request (ServerGroupTestJSON:test_create_delete_multiple_server_groups_with_same_name_policy): 200 GET http://10.180.1.21/compute/v2.1/os-server-groups 1.531s
2025-04-15 20:42:13.116 68213 INFO tempest.lib.common.rest_client [req-fe8dfda3-b5ef-4c85-8bbf-defbb9dcfcb9 req-fe8dfda3-b5ef-4c85-8bbf-defbb9dcfcb9 ] Request (ServersWithSpecificFlavorTestJSON:test_verify_created_server_ephemeral_disk): 200 POST http://10.180.1.21/compute/v2.1/flavors/1069393656/os-extra_specs 1.565s
2025-04-15 20:42:13.151 68181 INFO tempest.lib.common.rest_client [req-e2bc7a54-d991-4e5d-818c-9c848300a5aa req-e2bc7a54-d991-4e5d-818c-9c848300a5aa ] Request (FloatingIPsTestJSON:test_delete_floating_ip): 404 GET http://10.180.1.21/compute/v2.1/os-floating-ips/a6c946a2-7a85-4b50-8752-c5d286d609e5 1.400s
2025-04-15 20:42:13.153 68225 INFO tempest.lib.common.rest_client [req-3ff9cb85-1670-4339-86fb-49a56893e6cc req-3ff9cb85-1670-4339-86fb-49a56893e6cc ] Request (ValidationResourcesFixture:setUp): 201 POST http://10.180.1.21:9696/networking/v2.0/security-group-rules 0.118s
2025-04-15 20:42:13.157 68203 INFO tempest.lib.common.rest_client [req-5756ea87-6c82-45c6-b7b2-daf539ad81c2 req-5756ea87-6c82-45c6-b7b2-daf539ad81c2 ] Request (ServersAdminTestJSON:setUpClass): 201 POST http://10.180.1.21:9696/networking/v2.0/routers 2.275s
2025-04-15 20:42:13.168 68193 INFO tempest.lib.common.rest_client [req-cf7a6d70-35a5-4916-8c7a-29cd4c6c0160 req-cf7a6d70-35a5-4916-8c7a-29cd4c6c0160 ] Request (KeyPairsNegativeTestJSON:test_create_keypair_with_duplicate_name): 202 DELETE http://10.180.1.21/compute/v2.1/os-keypairs/tempest-keypair-320395581 1.340s
