2025-03-21 08:49:46.640 68670 INFO tempest.lib.common.rest_client [req-b2ca7d86-fb73-4585-ab10-9f5bcde13a53 req-b2ca7d86-fb73-4585-ab10-9f5bcde13a53 ] Request (AggregatesAdminNegativeTestJSON:_run_cleanups): 200 POST http://10.180.1.21/compute/v2.1/os-aggregates/1/action 0.891s
2025-03-21 08:49:46.701 68678 INFO tempest.lib.common.rest_client [req-1f4f61ef-6ec6-4755-a7b4-d21b5bc9b7e9 req-1f4f61ef-6ec6-4755-a7b4-d21b5bc9b7e9 ] Request (QuotasAdminTestV236:tearDownClass): 204 DELETE http://10.180.1.21/identity/v3/projects/c1c116e587134f2fb24c80042eea9817 0.211s
2025-03-21 08:49:46.701 68678 INFO tempest.test [-] raised in UnshelveToHostMultiNodesTest.setUpClass. Invoking tearDownClass.
2025-03-21 08:49:46.706 68666 INFO tempest.lib.common.rest_client [req-bcdd4a52-c2a9-4819-9de5-1824f780a8bd req-bcdd4a52-c2a9-4819-9de5-1824f780a8bd ] Request (ServicesAdminTestJSON:tearDownClass): 200 GET http://10.180.1.21:9696/networking/v2.0/security-groups?tenant_id=543394cbe75b426ba3c235816d9c131a&name=default 0.125s
2025-03-21 08:49:46.741 68696 INFO tempest.lib.common.rest_client [req-1753ef79-a40e-406d-b635-6eb17e0fa8fa req-1753ef79-a40e-406d-b635-6eb17e0fa8fa ] Request (ServersAdmin275Test:test_rebuild_update_server_275): 200 GET http://10.180.1.21/compute/v2.1/servers/8539613d-0767-458d-a1b5-d7384409b46c 0.969s
2025-03-21 08:49:46.753 68660 INFO tempest.lib.common.rest_client [req-cdf8d10d-37e1-4ad9-a0f3-58289b4a14ef req-cdf8d10d-37e1-4ad9-a0f3-58289b4a14ef ] Request (MultipleCreateNegativeTestJSON:test_min_count_non_integer): 201 POST http://10.180.1.21/identity/v3/auth/tokens 0.221s
2025-03-21 08:49:46.753 68660 INFO tempest.lib.common.fixed_network [-] (MultipleCreateNegativeTestJSON:test_min_count_non_integer) Found network None available for tenant
2025-03-21 08:49:46.753 68668 INFO tempest.lib.common.rest_client [req-84800c13-2e73-4da0-aa54-1e2e6cc9a9d2 req-84800c13-2e73-4da0-aa54-1e2e6cc9a9d2 ] Request (InstanceUsageAuditLogTestJSON:tearDownClass): 204 DELETE http://10.180.1.21/identity/v3/projects/e2fe3e4a1f5e402e905eae6771d6d281 0.224s
2025-03-21 08:49:46.754 68668 INFO tempest.lib.common.dynamic_creds [-] Deleting project and security group for project: 3f4c1a86ef6d4f0bada7699534d33d98
2025-03-21 08:49:46.818 68666 INFO tempest.lib.common.rest_client [req-37559c23-86b5-4ccd-8e8b-c6be59fdbc92 req-37559c23-86b5-4ccd-8e8b-c6be59fdbc92 ] Request (ServicesAdminTestJSON:tearDownClass): 204 DELETE http://10.180.1.21:9696/networking/v2.0/security-groups/6398f525-28a3-4f3e-9e8e-c63c1da70dbb 0.112s
2025-03-21 08:49:46.838 68672 INFO tempest.lib.common.rest_client [req-4bb72722-bc7c-4275-bc1c-1d414f4f6018 req-4bb72722-bc7c-4275-bc1c-1d414f4f6018 ] Request (KeyPairsV210TestJSON:tearDownClass): 204 DELETE http://10.180.1.21/identity/v3/users/73d4a1ac0f824fb981f70b37a4e91b88 0.198s
2025-03-21 08:49:46.839 68672 INFO tempest.lib.common.dynamic_creds [-] Deleting project and security group for project: 937531e19e124fce84d4479a0b26ec1f
2025-03-21 08:49:46.899 68678 INFO tempest.lib.common.rest_client [req-3a45cef6-2a4b-41dd-9ef5-2e16463ec62c req-3a45cef6-2a4b-41dd-9ef5-2e16463ec62c ] Request (KeyPairsNegativeTestJSON:setUpClass): 201 POST http://10.180.1.21/identity/v3/auth/tokens 0.189s
2025-03-21 08:49:46.900 68700 INFO tempest.lib.common.rest_client [req-c93e41e7-98e0-48ec-9bdb-413bc0ed1ef3 req-c93e41e7-98e0-48ec-9bdb-413bc0ed1ef3 ] Request (FlavorsAccessNegativeTestJSON:_run_cleanups): 200 POST http://10.180.1.21/compute/v2.1/flavors/14432243/action 1.221s
2025-03-21 08:49:46.921 68672 INFO tempest.lib.common.rest_client [req-bd0374d8-5a0e-4f5f-b221-180ebca0680a req-bd0374d8-5a0e-4f5f-b221-180ebca0680a ] Request (KeyPairsV210TestJSON:tearDownClass): 201 POST http://10.180.1.21/identity/v3/auth/tokens 0.082s
2025-03-21 08:49:46.925 68668 INFO tempest.lib.common.rest_client [req-e52217f0-dccc-49dd-ad0e-52e4f9de9ef8 req-e52217f0-dccc-49dd-ad0e-52e4f9de9ef8 ] Request (InstanceUsageAuditLogTestJSON:tearDownClass): 200 GET http://10.180.1.21:9696/networking/v2.0/security-groups?tenant_id=3f4c1a86ef6d4f0bada7699534d33d98&name=default 0.171s
2025-03-21 08:49:46.944 68678 INFO tempest.lib.common.rest_client [req-c8ce5137-7aff-4f7d-8b28-e25cb038c5f7 req-c8ce5137-7aff-4f7d-8b28-e25cb038c5f7 ] Request (KeyPairsNegativeTestJSON:setUpClass): 201 POST http://10.180.1.21/identity/v3/auth/tokens 0.043s
2025-03-21 08:49:46.972 68666 INFO tempest.lib.common.rest_client [req-e195dcd3-a042-4c93-8e39-2ff8f1715810 req-e195dcd3-a042-4c93-8e39-2ff8f1715810 ] Request (ServicesAdminTestJSON:tearDownClass): 204 DELETE http://10.180.1.21/identity/v3/projects/543394cbe75b426ba3c235816d9c131a 0.154s
2025-03-21 08:49:46.973 68666 INFO tempest.test [-] raised in TestVolumeSwap.setUpClass. Invoking tearDownClass.
2025-03-21 08:49:47.026 68678 INFO tempest.lib.common.rest_client [req-498262ca-16b9-4cab-94b1-e39aa7df52a9 req-498262ca-16b9-4cab-94b1-e39aa7df52a9 ] Request (KeyPairsNegativeTestJSON:setUpClass): 200 GET http://10.180.1.21/identity/v3/domains?name=Default 0.082s
2025-03-21 08:49:47.048 68668 INFO tempest.lib.common.rest_client [req-203fbfe6-bef7-491c-ba30-014e0ebcb635 req-203fbfe6-bef7-491c-ba30-014e0ebcb635 ] Request (InstanceUsageAuditLogTestJSON:tearDownClass): 204 DELETE http://10.180.1.21:9696/networking/v2.0/security-groups/0359a8a2-593b-4e80-ac81-58c27de7a40b 0.122s
2025-03-21 08:49:47.059 68666 INFO tempest.lib.common.rest_client [req-852cfea5-7e5d-4840-acbd-3707f7acd7a4 req-852cfea5-7e5d-4840-acbd-3707f7acd7a4 ] Request (InstanceActionsNegativeTestJSON:setUpClass): 201 POST http://10.180.1.21/identity/v3/auth/tokens 0.082s
2025-03-21 08:49:47.082 68678 INFO tempest.lib.common.rest_client [req-b6dcbc6f-6563-4dd2-a10d-d0fe6b2b711a req-b6dcbc6f-6563-4dd2-a10d-d0fe6b2b711a ] Request (KeyPairsNegativeTestJSON:setUpClass): 201 POST http://10.180.1.21/identity/v3/projects 0.056s
2025-03-21 08:49:47.152 68692 INFO tempest.lib.common.rest_client [req-91fee2d8-bcfc-4b4f-8035-07a027d24471 req-91fee2d8-bcfc-4b4f-8035-07a027d24471 ] Request (QuotasAdminNegativeTest:test_create_server_when_instances_quota_is_full): 200 GET http://10.180.1.21/compute/v2.1/os-quota-sets/273ea0a4016447c9aed050c24b16862b 0.757s
2025-03-21 08:49:47.169 68668 INFO tempest.lib.common.rest_client [req-dc4bc2d1-f20a-40de-9fbf-eed6928e46f9 req-dc4bc2d1-f20a-40de-9fbf-eed6928e46f9 ] Request (InstanceUsageAuditLogTestJSON:tearDownClass): 204 DELETE http://10.180.1.21/identity/v3/projects/3f4c1a86ef6d4f0bada7699534d33d98 0.120s
2025-03-21 08:49:47.171 68672 INFO tempest.lib.common.rest_client [req-76db5db3-5b79-4df5-ab4c-a8dca8fef2e3 req-76db5db3-5b79-4df5-ab4c-a8dca8fef2e3 ] Request (KeyPairsV210TestJSON:tearDownClass): 200 GET http://10.180.1.21:9696/networking/v2.0/security-groups?tenant_id=937531e19e124fce84d4479a0b26ec1f&name=default 0.249s
2025-03-21 08:49:47.199 68666 INFO tempest.lib.common.rest_client [req-29a4f1ba-4996-4dcb-8ff9-192fdbdacac4 req-29a4f1ba-4996-4dcb-8ff9-192fdbdacac4 ] Request (InstanceActionsNegativeTestJSON:setUpClass): 201 POST http://10.180.1.21/identity/v3/auth/tokens 0.138s
2025-03-21 08:49:47.223 68668 INFO tempest.lib.common.rest_client [req-47c10e05-90f0-41b8-8ffb-82cf04789d7e req-47c10e05-90f0-41b8-8ffb-82cf04789d7e ] Request (FloatingIPsAssociationTestJSON:setUpClass): 201 POST http://10.180.1.21/identity/v3/auth/tokens 0.051s
2025-03-21 08:49:47.242 68666 INFO tempest.lib.common.rest_client [req-5516ec74-dd6b-4866-80b4-f4ad193efb9a req-5516ec74-dd6b-4866-80b4-f4ad193efb9a ] Request (InstanceActionsNegativeTestJSON:setUpClass): 200 GET http://10.180.1.21/identity/v3/domains?name=Default 0.042s
2025-03-21 08:49:47.243 68678 INFO tempest.lib.common.rest_client [req-9ab91e70-4c92-4d22-a9d3-99c0ea3d1d78 req-9ab91e70-4c92-4d22-a9d3-99c0ea3d1d78 ] Request (KeyPairsNegativeTestJSON:setUpClass): 201 POST http://10.180.1.21/identity/v3/users 0.160s
2025-03-21 08:49:47.266 68668 INFO tempest.lib.common.rest_client [req-82405e23-9ae6-4011-9b3c-b4d83663464e req-82405e23-9ae6-4011-9b3c-b4d83663464e ] Request (FloatingIPsAssociationTestJSON:setUpClass): 201 POST http://10.180.1.21/identity/v3/auth/tokens 0.040s
2025-03-21 08:49:47.287 68672 INFO tempest.lib.common.rest_client [req-6d7f484f-86fa-4510-ac8b-5853180086a2 req-6d7f484f-86fa-4510-ac8b-5853180086a2 ] Request (KeyPairsV210TestJSON:tearDownClass): 204 DELETE http://10.180.1.21:9696/networking/v2.0/security-groups/f908adb0-76d6-4451-9dc8-c4a8ff2b5f82 0.116s
2025-03-21 08:49:47.298 68666 INFO tempest.lib.common.rest_client [req-fcb81aec-0012-4544-a4f7-24aff02617ea req-fcb81aec-0012-4544-a4f7-24aff02617ea ] Request (InstanceActionsNegativeTestJSON:setUpClass): 201 POST http://10.180.1.21/identity/v3/projects 0.055s
2025-03-21 08:49:47.346 68678 INFO tempest.lib.common.rest_client [req-51c2892d-07c1-4e70-bba4-e032ec6dbd27 req-51c2892d-07c1-4e70-bba4-e032ec6dbd27 ] Request (KeyPairsNegativeTestJSON:setUpClass): 200 GET http://10.180.1.21/identity/v3/roles 0.102s
2025-03-21 08:49:47.366 68668 INFO tempest.lib.common.rest_client [req-4e0cbb90-42d6-420d-8b52-ec4a6e1e7ccd req-4e0cbb90-42d6-420d-8b52-ec4a6e1e7ccd ] Request (FloatingIPsAssociationTestJSON:setUpClass): 200 GET http://10.180.1.21/identity/v3/domains?name=Default 0.099s
2025-03-21 08:49:47.391 68666 INFO tempest.lib.common.rest_client [req-d7bb2dff-4dfb-4ffe-9754-8328f34df2d7 req-d7bb2dff-4dfb-4ffe-9754-8328f34df2d7 ] Request (InstanceActionsNegativeTestJSON:setUpClass): 201 POST http://10.180.1.21/identity/v3/users 0.093s
2025-03-21 08:49:47.409 68654 INFO tempest.lib.common.rest_client [req-7108257e-d76b-41c6-a4c5-8973140b3d26 req-7108257e-d76b-41c6-a4c5-8973140b3d26 ] Request (QuotasAdminTestJSON:test_delete_quota): 200 PUT http://10.180.1.21/compute/v2.1/os-quota-sets/1c8ceb61b1f14e46ae8028c5170f0f6d 0.986s
2025-03-21 08:49:47.420 68678 INFO tempest.lib.common.rest_client [req-36356210-fbf3-427d-bd9f-b506a0224676 req-36356210-fbf3-427d-bd9f-b506a0224676 ] Request (KeyPairsNegativeTestJSON:setUpClass): 204 PUT http://10.180.1.21/identity/v3/projects/027be908315e478fb9d71d3a65c54d21/users/10890fa2bee4490db9ff20595ecf44cb/roles/ab07c5745d174535905990c79bc10d8d 0.073s
2025-03-21 08:49:47.420 68678 INFO tempest.lib.common.dynamic_creds [-] Dynamic test user 10890fa2bee4490db9ff20595ecf44cb is created with scope project and roles: ['member']
2025-03-21 08:49:47.420 68678 INFO tempest.lib.common.dynamic_creds [-] Acquired dynamic creds: credentials: Credentials: {'domain_id': 'default', 'domain_name': 'Default', 'username': 'tempest-KeyPairsNegativeTestJSON-1623757178-project-member', 'project_domain_id': 'default', 'project_domain_name': 'Default', 'project_id': '027be908315e478fb9d71d3a65c54d21', 'project_name': 'tempest-KeyPairsNegativeTestJSON-1623757178', 'tenant_id': '027be908315e478fb9d71d3a65c54d21', 'tenant_name': 'tempest-KeyPairsNegativeTestJSON-1623757178', 'user_domain_id': 'default', 'user_domain_name': 'Default', 'user_id': '10890fa2bee4490db9ff20595ecf44cb', 'system': None}, Network: None, Subnet: None, Router: None
2025-03-21 08:49:47.421 68678 INFO tempest.lib.common.dynamic_creds [-] Created isolated network resources for: credentials: Credentials: {'domain_id': 'default', 'domain_name': 'Default', 'username': 'tempest-KeyPairsNegativeTestJSON-1623757178-project-member', 'project_domain_id': 'default', 'project_domain_name': 'Default', 'project_id': '027be908315e478fb9d71d3a65c54d21', 'project_name': 'tempest-KeyPairsNegativeTestJSON-1623757178', 'tenant_id': '027be908315e478fb9d71d3a65c54d21', 'tenant_name': 'tempest-KeyPairsNegativeTestJSON-1623757178', 'user_domain_id': 'default', 'user_domain_name': 'Default', 'user_id': '10890fa2bee4490db9ff20595ecf44cb', 'system': None}, Network: None, Subnet: None, Router: None
2025-03-21 08:49:47.424 68650 INFO tempest.lib.common.rest_client [req-7f796fed-e006-411a-abae-084e78f6075f req-7f796fed-e006-411a-abae-084e78f6075f ] Request (FlavorsAccessTestJSON:_run_cleanups): 202 DELETE http://10.180.1.21/compute/v2.1/flavors/1477584806 1.000s
2025-03-21 08:49:47.431 68648 INFO tempest.lib.common.rest_client [req-df394951-62ef-443b-8f31-cbac075a59ac req-df394951-62ef-443b-8f31-cbac075a59ac ] Request (HostsAdminNegativeTestJSON:test_startup_host_with_non_admin_user): 403 GET http://10.180.1.21/compute/v2.1/os-hosts/devstack/startup 0.996s
2025-03-21 08:49:47.433 68672 INFO tempest.lib.common.rest_client [req-d9db3b98-8f88-4f37-a0c4-f9a91642a751 req-d9db3b98-8f88-4f37-a0c4-f9a91642a751 ] Request (KeyPairsV210TestJSON:tearDownClass): 204 DELETE http://10.180.1.21/identity/v3/projects/937531e19e124fce84d4479a0b26ec1f 0.145s
2025-03-21 08:49:47.433 68672 INFO tempest.lib.common.dynamic_creds [-] Deleting project and security group for project: d1558a3a830347a79eb9b06579cb607a
2025-03-21 08:49:47.478 68668 INFO tempest.lib.common.rest_client [req-bcd0197c-de78-4e83-a25f-eb107ee8663d req-bcd0197c-de78-4e83-a25f-eb107ee8663d ] Request (FloatingIPsAssociationTestJSON:setUpClass): 201 POST http://10.180.1.21/identity/v3/projects 0.112s
2025-03-21 08:49:47.490 68694 INFO tempest.lib.common.rest_client [req-3de41cbd-fc82-4d62-8ca5-610bfdd5ff60 req-3de41cbd-fc82-4d62-8ca5-610bfdd5ff60 ] Request (FloatingIPsTestJSON:test_delete_floating_ip): 200 POST http://10.180.1.21/compute/v2.1/os-floating-ips 1.402s
2025-03-21 08:49:47.520 68666 INFO tempest.lib.common.rest_client [req-f7d6baa0-c38c-4b84-9813-3e9fe5892dd6 req-f7d6baa0-c38c-4b84-9813-3e9fe5892dd6 ] Request (InstanceActionsNegativeTestJSON:setUpClass): 200 GET http://10.180.1.21/identity/v3/roles 0.128s
2025-03-21 08:49:47.526 68656 INFO tempest.lib.common.rest_client [req-0e547861-73c9-4406-baca-0e86aa40c72f req-0e547861-73c9-4406-baca-0e86aa40c72f ] Request (FlavorsV261TestJSON:_run_cleanups): 200 GET http://10.180.1.21/compute/v2.1/flavors/detail 1.076s
2025-03-21 08:49:47.555 68664 INFO tempest.lib.common.rest_client [req-b8426585-0dfe-41a2-b616-c6a568dd0d05 req-b8426585-0dfe-41a2-b616-c6a568dd0d05 ] Request (ServicesAdminNegativeTestJSON:test_get_service_with_valid_service_and_invalid_host): 200 GET http://10.180.1.21/compute/v2.1/os-services?host=xxx&binary=nova-scheduler 1.108s
2025-03-21 08:49:47.559 68678 INFO tempest.lib.common.rest_client [req-aa1d7a17-7e3e-468b-91c2-b5bcf8baa58f req-aa1d7a17-7e3e-468b-91c2-b5bcf8baa58f ] Request (KeyPairsNegativeTestJSON:setUpClass): 201 POST http://10.180.1.21/identity/v3/auth/tokens 0.133s
2025-03-21 08:49:47.582 68658 INFO tempest.lib.common.rest_client [req-612514e7-7cfb-4340-b0e4-af48aa227262 req-612514e7-7cfb-4340-b0e4-af48aa227262 ] Request (ServersWithSpecificFlavorTestJSON:test_verify_created_server_ephemeral_disk): 200 POST http://10.180.1.21/compute/v2.1/flavors/1511123401/os-extra_specs 1.124s
2025-03-21 08:49:47.597 68668 INFO tempest.lib.common.rest_client [req-a8077376-358b-4757-b87e-e58a75a3685e req-a8077376-358b-4757-b87e-e58a75a3685e ] Request (FloatingIPsAssociationTestJSON:setUpClass): 201 POST http://10.180.1.21/identity/v3/users 0.118s
2025-03-21 08:49:47.623 68666 INFO tempest.lib.common.rest_client [req-525b06af-a938-4aa1-8b59-b11fbfe86826 req-525b06af-a938-4aa1-8b59-b11fbfe86826 ] Request (InstanceActionsNegativeTestJSON:setUpClass): 204 PUT http://10.180.1.21/identity/v3/projects/83f4468616af4cbfa96b954d2f4ae9d2/users/082e637e632f40eda9bd52c12741aed5/roles/ab07c5745d174535905990c79bc10d8d 0.101s
2025-03-21 08:49:47.623 68666 INFO tempest.lib.common.dynamic_creds [-] Dynamic test user 082e637e632f40eda9bd52c12741aed5 is created with scope project and roles: ['member']
2025-03-21 08:49:47.623 68666 INFO tempest.lib.common.dynamic_creds [-] Acquired dynamic creds: credentials: Credentials: {'domain_id': 'default', 'domain_name': 'Default', 'username': 'tempest-InstanceActionsNegativeTestJSON-1515814887-project-member', 'project_domain_id': 'default', 'project_domain_name': 'Default', 'project_id': '83f4468616af4cbfa96b954d2f4ae9d2', 'project_name': 'tempest-InstanceActionsNegativeTestJSON-1515814887', 'tenant_id': '83f4468616af4cbfa96b954d2f4ae9d2', 'tenant_name': 'tempest-InstanceActionsNegativeTestJSON-1515814887', 'user_domain_id': 'default', 'user_domain_name': 'Default', 'user_id': '082e637e632f40eda9bd52c12741aed5', 'system': None}, Network: None, Subnet: None, Router: None
2025-03-21 08:49:47.625 68690 INFO tempest.lib.common.rest_client [req-1b5ff5c6-8d2e-45df-ae3e-6f27b1b138ca req-1b5ff5c6-8d2e-45df-ae3e-6f27b1b138ca ] Request (FloatingIPDetailsNegativeTestJSON:setUpClass): 201 POST http://10.180.1.21:9696/networking/v2.0/routers 1.294s
2025-03-21 08:49:47.649 68672 INFO tempest.lib.common.rest_client [req-c680672a-3b27-4061-a082-80ff48f8b93d req-c680672a-3b27-4061-a082-80ff48f8b93d ] Request (KeyPairsV210TestJSON:tearDownClass): 200 GET http://10.180.1.21:9696/networking/v2.0/security-groups?tenant_id=d1558a3a830347a79eb9b06579cb607a&name=default 0.215s
2025-03-21 08:49:47.650 68676 INFO tempest.lib.common.rest_client [req-7ae8140c-aeb1-40a4-91a2-f349486077bb req-7ae8140c-aeb1-40a4-91a2-f349486077bb ] Request (HypervisorAdminV228Test:test_get_list_hypervisor_details): 200 GET http://10.180.1.21/compute/v2.1/os-hypervisors 1.212s
2025-03-21 08:49:47.669 68684 INFO tempest.lib.common.rest_client [req-8044adf9-5a92-4699-8b7b-c45b9b072bd6 req-8044adf9-5a92-4699-8b7b-c45b9b072bd6 ] Request (FlavorsV255TestJSON:_run_cleanups): 202 DELETE http://10.180.1.21/compute/v2.1/flavors/1422237224 1.158s
2025-03-21 08:49:47.683 68662 INFO tempest.lib.common.rest_client [req-20136baf-d41d-4f34-aff4-f67090a9d563 req-20136baf-d41d-4f34-aff4-f67090a9d563 ] Request (FlavorsAdminTestJSON:_run_cleanups): 202 DELETE http://10.180.1.21/compute/v2.1/flavors/500002455 1.160s
2025-03-21 08:49:47.689 68668 INFO tempest.lib.common.rest_client [req-964ea906-b58d-4cf7-9e40-08138fe8b411 req-964ea906-b58d-4cf7-9e40-08138fe8b411 ] Request (FloatingIPsAssociationTestJSON:setUpClass): 200 GET http://10.180.1.21/identity/v3/roles 0.091s
2025-03-21 08:49:47.721 68656 INFO tempest.lib.common.rest_client [req-a9df2eb8-56dc-4a8d-a634-c603a7eec07d req-a9df2eb8-56dc-4a8d-a634-c603a7eec07d ] Request (FlavorsV261TestJSON:tearDownClass): 204 DELETE http://10.180.1.21/identity/v3/users/f5cee0455c4a4930b40a1b8e9556eeb1 0.183s
2025-03-21 08:49:47.756 68666 INFO tempest.lib.common.rest_client [req-74855170-7e7f-4f05-8ac0-ddadb226ae62 req-74855170-7e7f-4f05-8ac0-ddadb226ae62 ] Request (InstanceActionsNegativeTestJSON:setUpClass): 201 POST http://10.180.1.21/identity/v3/auth/tokens 0.133s
2025-03-21 08:49:47.786 68668 INFO tempest.lib.common.rest_client [req-83b847f2-f340-48c6-98ab-82265d77c764 req-83b847f2-f340-48c6-98ab-82265d77c764 ] Request (FloatingIPsAssociationTestJSON:setUpClass): 204 PUT http://10.180.1.21/identity/v3/projects/748c6367d3b642a7aee65666b8820250/users/0e2ac74a77544b43b340b7f5180c1cb8/roles/ab07c5745d174535905990c79bc10d8d 0.097s
2025-03-21 08:49:47.786 68668 INFO tempest.lib.common.dynamic_creds [-] Dynamic test user 0e2ac74a77544b43b340b7f5180c1cb8 is created with scope project and roles: ['member']
2025-03-21 08:49:47.787 68668 INFO tempest.lib.common.dynamic_creds [-] Acquired dynamic creds: credentials: Credentials: {'domain_id': 'default', 'domain_name': 'Default', 'username': 'tempest-FloatingIPsAssociationTestJSON-1564302571-project-member', 'project_domain_id': 'default', 'project_domain_name': 'Default', 'project_id': '748c6367d3b642a7aee65666b8820250', 'project_name': 'tempest-FloatingIPsAssociationTestJSON-1564302571', 'tenant_id': '748c6367d3b642a7aee65666b8820250', 'tenant_name': 'tempest-FloatingIPsAssociationTestJSON-1564302571', 'user_domain_id': 'default', 'user_domain_name': 'Default', 'user_id': '0e2ac74a77544b43b340b7f5180c1cb8', 'system': None}, Network: None, Subnet: None, Router: None
2025-03-21 08:49:47.792 68672 INFO tempest.lib.common.rest_client [req-080aa272-a1c0-44f0-a4e3-9d662e22f57a req-080aa272-a1c0-44f0-a4e3-9d662e22f57a ] Request (KeyPairsV210TestJSON:tearDownClass): 204 DELETE http://10.180.1.21:9696/networking/v2.0/security-groups/65cd0f01-0a53-4ee7-8a89-cba1b421c859 0.142s
2025-03-21 08:49:47.816 68675 INFO tempest.lib.common.rest_client [req-091ce735-86ce-4259-8e6a-a99313deebf0 req-091ce735-86ce-4259-8e6a-a99313deebf0 ] Request (ImagesTestJSON:test_create_image_from_stopped_server): 200 GET http://10.180.1.21/compute/v2.1/servers/1137d4f3-d492-44fd-baf4-4bdbd7b4458a 1.342s
2025-03-21 08:49:47.831 68675 INFO tempest.common.waiters [-] State transition "BUILD/networking" ==> "BUILD/spawning" after 4 second wait
2025-03-21 08:49:47.857 68644 INFO tempest.lib.common.rest_client [req-d2a59e3b-81e4-4940-9c82-fd54eff80bc4 req-d2a59e3b-81e4-4940-9c82-fd54eff80bc4 ] Request (FloatingIPsNegativeTestJSON:setUpClass): 200 GET http://10.180.1.21/compute/v2.1/os-floating-ips 1.304s
2025-03-21 08:49:47.881 68670 INFO tempest.lib.common.rest_client [req-d533dc3d-3cbc-4bac-8607-b80eee2cd2eb req-d533dc3d-3cbc-4bac-8607-b80eee2cd2eb ] Request (AggregatesAdminNegativeTestJSON:_run_cleanups): 200 DELETE http://10.180.1.21/compute/v2.1/os-aggregates/1 1.239s
2025-03-21 08:49:47.886 68660 INFO tempest.lib.common.rest_client [req-a4e007f8-fc13-47bf-9886-8f3b13cdc433 req-a4e007f8-fc13-47bf-9886-8f3b13cdc433 ] Request (MultipleCreateNegativeTestJSON:test_min_count_non_integer): 400 POST http://10.180.1.21/compute/v2.1/servers 1.132s
2025-03-21 08:49:47.911 68656 INFO tempest.lib.common.rest_client [req-adf9cb88-7222-4fdd-86a6-1de87af0880a req-adf9cb88-7222-4fdd-86a6-1de87af0880a ] Request (FlavorsV261TestJSON:tearDownClass): 204 DELETE http://10.180.1.21/identity/v3/users/fc4a9fa355c84a57918f2abcdc6b3ff1 0.190s
2025-03-21 08:49:47.911 68656 INFO tempest.lib.common.dynamic_creds [-] Deleting project and security group for project: 913c18f0f0a34303bd5a9a8e55aae5fe
2025-03-21 08:49:47.937 68668 INFO tempest.lib.common.rest_client [req-c7106e90-a055-4295-ace7-159d432842ba req-c7106e90-a055-4295-ace7-159d432842ba ] Request (FloatingIPsAssociationTestJSON:setUpClass): 201 POST http://10.180.1.21/identity/v3/auth/tokens 0.150s
2025-03-21 08:49:48.008 68672 INFO tempest.lib.common.rest_client [req-06297a1f-fb6d-4a4a-a2f9-abbe7a637c22 req-06297a1f-fb6d-4a4a-a2f9-abbe7a637c22 ] Request (KeyPairsV210TestJSON:tearDownClass): 204 DELETE http://10.180.1.21/identity/v3/projects/d1558a3a830347a79eb9b06579cb607a 0.215s
2025-03-21 08:49:48.009 68672 INFO tempest.test [-] raised in ServersOnMultiNodesTest.setUpClass. Invoking tearDownClass.
2025-03-21 08:49:48.073 68656 INFO tempest.lib.common.rest_client [req-37c1cb8c-74f1-443e-ae5a-3ce45d3950ca req-37c1cb8c-74f1-443e-ae5a-3ce45d3950ca ] Request (FlavorsV261TestJSON:tearDownClass): 201 POST http://10.180.1.21/identity/v3/auth/tokens 0.161s
2025-03-21 08:49:48.081 68652 INFO tempest.lib.common.rest_client [req-bbdbeb51-9682-405f-8137-e62c6389a621 req-bbdbeb51-9682-405f-8137-e62c6389a621 ] Request (VolumesAssistedSnapshotsTest:test_volume_assisted_snapshot_create_delete): 200 POST http://10.180.1.21/compute/v2.1/os-keypairs 1.526s
2025-03-21 08:49:48.094 68660 INFO tempest.lib.common.rest_client [req-b6fd75d2-9bf3-42c3-a481-11b13324bb5b req-b6fd75d2-9bf3-42c3-a481-11b13324bb5b ] Request (MultipleCreateNegativeTestJSON:tearDownClass): 204 DELETE http://10.180.1.21/identity/v3/users/4f7033966be94746aa4f9c76a1177cd4 0.206s
2025-03-21 08:49:48.095 68660 INFO tempest.lib.common.dynamic_creds [-] Deleting project and security group for project: 44dff4dec920438f8f92b2e05ab25a94
2025-03-21 08:49:48.104 68700 INFO tempest.lib.common.rest_client [req-e2625ee6-a5d2-46d8-b8ab-f1ec2a53d2d1 req-e2625ee6-a5d2-46d8-b8ab-f1ec2a53d2d1 ] Request (FlavorsAccessNegativeTestJSON:_run_cleanups): 202 DELETE http://10.180.1.21/compute/v2.1/flavors/14432243 1.201s
2025-03-21 08:49:48.105 68704 INFO tempest.lib.common.rest_client [req-0cb1970e-09a5-456e-9617-745ea7a942c7 req-0cb1970e-09a5-456e-9617-745ea7a942c7 ] Request (DeleteServersAdminTestJSON:test_admin_delete_servers_of_others): 200 GET http://10.180.1.21/compute/v2.1/servers/b89b8cf1-9f68-40ac-babe-5b20ae907a51 1.279s
2025-03-21 08:49:48.119 68704 INFO tempest.common.waiters [-] State transition "BUILD/None" ==> "BUILD/block_device_mapping" after 5 second wait
2025-03-21 08:49:48.148 68672 INFO tempest.lib.common.rest_client [req-d8695032-f7b1-44a5-942e-9dc66034bb77 req-d8695032-f7b1-44a5-942e-9dc66034bb77 ] Request (AttachInterfacesTestJSON:setUpClass): 201 POST http://10.180.1.21/identity/v3/auth/tokens 0.136s
2025-03-21 08:49:48.167 68698 INFO tempest.lib.common.rest_client [req-455f5c7b-7541-4964-b17e-01f08da24da2 req-455f5c7b-7541-4964-b17e-01f08da24da2 ] Request (ServersAdminNegativeTestJSON:setUpClass): 200 GET http://10.180.1.21/compute/v2.1/servers/9c2ec464-c583-4c9a-a4e9-9c750c09b131 1.192s
2025-03-21 08:49:48.190 68680 INFO tempest.lib.common.rest_client [req-ac1e55b9-704a-4b08-ae0e-cf0dfdd5aa80 req-ac1e55b9-704a-4b08-ae0e-cf0dfdd5aa80 ] Request (ServerDiagnosticsV248Test:test_get_server_diagnostics): 200 GET http://10.180.1.21/compute/v2.1/servers/87b91f94-2bac-4579-8c0c-8760ed9e1fa5 1.283s
2025-03-21 08:49:48.192 68660 INFO tempest.lib.common.rest_client [req-6a9d104e-2faa-4af6-916b-7ac171829cf2 req-6a9d104e-2faa-4af6-916b-7ac171829cf2 ] Request (MultipleCreateNegativeTestJSON:tearDownClass): 201 POST http://10.180.1.21/identity/v3/auth/tokens 0.097s
2025-03-21 08:49:48.214 68672 INFO tempest.lib.common.rest_client [req-0a5a9247-9761-40de-94f2-e23e4c0ce538 req-0a5a9247-9761-40de-94f2-e23e4c0ce538 ] Request (AttachInterfacesTestJSON:setUpClass): 201 POST http://10.180.1.21/identity/v3/auth/tokens 0.064s
2025-03-21 08:49:48.237 68672 INFO tempest.lib.common.rest_client [req-5435da71-1d98-444b-8d53-3f8762363942 req-5435da71-1d98-444b-8d53-3f8762363942 ] Request (AttachInterfacesTestJSON:setUpClass): 200 GET http://10.180.1.21/identity/v3/domains?name=Default 0.022s
2025-03-21 08:49:48.269 68672 INFO tempest.lib.common.rest_client [req-5bc4dfe3-25f1-4e3d-979d-27a1f36a0cbc req-5bc4dfe3-25f1-4e3d-979d-27a1f36a0cbc ] Request (AttachInterfacesTestJSON:setUpClass): 201 POST http://10.180.1.21/identity/v3/projects 0.031s
2025-03-21 08:49:48.274 68682 INFO tempest.lib.common.rest_client [req-3422fccb-0d42-44e1-be74-6e9562425323 req-3422fccb-0d42-44e1-be74-6e9562425323 ] Request (ServerDiagnosticsTest:test_get_server_diagnostics): 200 GET http://10.180.1.21/compute/v2.1/servers/e1b4d207-bd27-4950-96e5-4b0906a8a726 1.165s
2025-03-21 08:49:48.286 68706 INFO tempest.lib.common.rest_client [req-ea31744e-3043-471a-9a05-ebef31a47092 req-ea31744e-3043-471a-9a05-ebef31a47092 ] Request (TenantUsagesTestJSON:setUpClass): 200 GET http://10.180.1.21/compute/v2.1/servers/e6f7c297-09c3-4df8-8f4d-3d1a10a030e2 1.233s
2025-03-21 08:49:48.341 68672 INFO tempest.lib.common.rest_client [req-5f36e1db-df74-4dc6-9cf9-3473813bc65f req-5f36e1db-df74-4dc6-9cf9-3473813bc65f ] Request (AttachInterfacesTestJSON:setUpClass): 201 POST http://10.180.1.21/identity/v3/users 0.072s
2025-03-21 08:49:48.361 68672 INFO tempest.lib.common.rest_client [req-9951dbf8-f979-4f11-9bf6-07d2ee265648 req-9951dbf8-f979-4f11-9bf6-07d2ee265648 ] Request (AttachInterfacesTestJSON:setUpClass): 200 GET http://10.180.1.21/identity/v3/roles 0.019s
2025-03-21 08:49:48.391 68672 INFO tempest.lib.common.rest_client [req-eed9a4a9-9504-44f4-a6d3-b526cf5dc80b req-eed9a4a9-9504-44f4-a6d3-b526cf5dc80b ] Request (AttachInterfacesTestJSON:setUpClass): 204 PUT http://10.180.1.21/identity/v3/projects/80e12bd17fb14b2b843260fd9897d052/users/5e8b1198c39c466d869defa532a7c2b6/roles/ab07c5745d174535905990c79bc10d8d 0.029s
2025-03-21 08:49:48.391 68672 INFO tempest.lib.common.dynamic_creds [-] Dynamic test user 5e8b1198c39c466d869defa532a7c2b6 is created with scope project and roles: ['member']
2025-03-21 08:49:48.391 68672 INFO tempest.lib.common.dynamic_creds [-] Acquired dynamic creds: credentials: Credentials: {'domain_id': 'default', 'domain_name': 'Default', 'username': 'tempest-AttachInterfacesTestJSON-252563760-project-member', 'project_domain_id': 'default', 'project_domain_name': 'Default', 'project_id': '80e12bd17fb14b2b843260fd9897d052', 'project_name': 'tempest-AttachInterfacesTestJSON-252563760', 'tenant_id': '80e12bd17fb14b2b843260fd9897d052', 'tenant_name': 'tempest-AttachInterfacesTestJSON-252563760', 'user_domain_id': 'default', 'user_domain_name': 'Default', 'user_id': '5e8b1198c39c466d869defa532a7c2b6', 'system': None}, Network: None, Subnet: None, Router: None
2025-03-21 08:49:48.394 68702 INFO tempest.lib.common.rest_client [req-981b7d96-da51-4612-aead-2aea2474378b req-981b7d96-da51-4612-aead-2aea2474378b ] Request (ServerDiagnosticsNegativeTest:test_get_server_diagnostics_by_non_admin): 200 GET http://10.180.1.21/compute/v2.1/servers/dba8e6d2-0590-4cc9-b69c-c4f2471e33d5 1.211s
2025-03-21 08:49:48.410 68654 INFO tempest.lib.common.rest_client [req-fcd4a529-47e9-4eef-b7c5-8e17c5b8e358 req-fcd4a529-47e9-4eef-b7c5-8e17c5b8e358 ] Request (QuotasAdminTestJSON:test_delete_quota): 202 DELETE http://10.180.1.21/compute/v2.1/os-quota-sets/1c8ceb61b1f14e46ae8028c5170f0f6d 0.999s
2025-03-21 08:49:48.433 68650 INFO tempest.lib.common.rest_client [req-93f02971-c855-4969-af4f-b7de1340aa32 req-93f02971-c855-4969-af4f-b7de1340aa32 ] Request (FlavorsAccessTestJSON:_run_cleanups): 200 GET http://10.180.1.21/compute/v2.1/flavors/detail 1.008s
2025-03-21 08:49:48.438 68652 INFO tempest.lib.common.rest_client [req-006aa645-ee31-4f61-b57a-5337a8f66298 req-006aa645-ee31-4f61-b57a-5337a8f66298 ] Request (VolumesAssistedSnapshotsTest:test_volume_assisted_snapshot_create_delete): 201 POST http://10.180.1.21:9696/networking/v2.0/security-groups 0.355s
2025-03-21 08:49:48.443 68648 INFO tempest.lib.common.rest_client [req-3f1c4d2e-3024-4167-8ee0-52b5ba30fcab req-3f1c4d2e-3024-4167-8ee0-52b5ba30fcab ] Request (HostsAdminNegativeTestJSON:test_startup_nonexistent_host): 404 GET http://10.180.1.21/compute/v2.1/os-hosts/nonexistent_hostname/startup 1.010s
2025-03-21 08:49:48.481 68692 INFO tempest.lib.common.rest_client [req-2cf56f04-8a93-45e9-94d5-959cb7f8696c req-2cf56f04-8a93-45e9-94d5-959cb7f8696c ] Request (QuotasAdminNegativeTest:test_create_server_when_instances_quota_is_full): 200 PUT http://10.180.1.21/compute/v2.1/os-quota-sets/273ea0a4016447c9aed050c24b16862b 1.326s
2025-03-21 08:49:48.482 68672 INFO tempest.lib.common.rest_client [req-5ebbc285-3723-40df-adfb-969f85e60c20 req-5ebbc285-3723-40df-adfb-969f85e60c20 ] Request (AttachInterfacesTestJSON:setUpClass): 201 POST http://10.180.1.21/identity/v3/auth/tokens 0.090s
2025-03-21 08:49:48.528 68666 INFO tempest.lib.common.rest_client [req-e2755a56-3e3d-41fe-9ae5-b536a1a4500b req-e2755a56-3e3d-41fe-9ae5-b536a1a4500b ] Request (InstanceActionsNegativeTestJSON:setUpClass): 201 POST http://10.180.1.21:9696/networking/v2.0/networks 0.771s
2025-03-21 08:49:48.535 68692 INFO tempest.lib.common.rest_client [req-6088acd2-81b7-4413-a131-00cd3cd37961 req-6088acd2-81b7-4413-a131-00cd3cd37961 ] Request (QuotasAdminNegativeTest:test_create_server_when_instances_quota_is_full): 201 POST http://10.180.1.21/identity/v3/auth/tokens 0.049s
2025-03-21 08:49:48.535 68692 INFO tempest.lib.common.fixed_network [-] (QuotasAdminNegativeTest:test_create_server_when_instances_quota_is_full) Found network None available for tenant
2025-03-21 08:49:48.547 68664 INFO tempest.lib.common.rest_client [req-bf0ec2f4-2acf-4a80-91e3-7e5d9f2a7ae5 req-bf0ec2f4-2acf-4a80-91e3-7e5d9f2a7ae5 ] Request (ServicesAdminNegativeTestJSON:test_list_services_with_non_admin_user): 403 GET http://10.180.1.21/compute/v2.1/os-services 0.989s
2025-03-21 08:49:48.593 68656 INFO tempest.lib.common.rest_client [req-e15321ea-21fa-4154-b267-2232c63f92d9 req-e15321ea-21fa-4154-b267-2232c63f92d9 ] Request (FlavorsV261TestJSON:tearDownClass): 200 GET http://10.180.1.21:9696/networking/v2.0/security-groups?tenant_id=913c18f0f0a34303bd5a9a8e55aae5fe&name=default 0.519s
2025-03-21 08:49:48.606 68678 INFO tempest.lib.common.rest_client [req-670e47f0-765e-44e4-afac-bbfda9779222 req-670e47f0-765e-44e4-afac-bbfda9779222 ] Request (KeyPairsNegativeTestJSON:test_create_keypair_invalid_name): 400 POST http://10.180.1.21/compute/v2.1/os-keypairs 1.044s
2025-03-21 08:49:48.628 68658 INFO tempest.lib.common.rest_client [req-2b5328be-7c54-4f7b-a942-09bf33963703 req-2b5328be-7c54-4f7b-a942-09bf33963703 ] Request (ServersWithSpecificFlavorTestJSON:test_verify_created_server_ephemeral_disk): 200 POST http://10.180.1.21/compute/v2.1/flavors 1.045s
2025-03-21 08:49:48.640 68664 INFO tempest.lib.common.rest_client [req-23c413ae-77e7-4529-8a22-b32c367ac243 req-23c413ae-77e7-4529-8a22-b32c367ac243 ] Request (ServicesAdminNegativeTestJSON:tearDownClass): 204 DELETE http://10.180.1.21/identity/v3/users/a7d70adeacea47018d6da0b4cc199161 0.092s
2025-03-21 08:49:48.660 68676 INFO tempest.lib.common.rest_client [req-4dc7aa96-1de5-46ef-998e-d6e8eb1dadc3 req-4dc7aa96-1de5-46ef-998e-d6e8eb1dadc3 ] Request (HypervisorAdminV228Test:test_get_list_hypervisor_details): 200 GET http://10.180.1.21/compute/v2.1/os-hypervisors/1 1.008s
2025-03-21 08:49:48.680 68684 INFO tempest.lib.common.rest_client [req-d28934a1-da98-442f-a359-50be15665c35 req-d28934a1-da98-442f-a359-50be15665c35 ] Request (FlavorsV255TestJSON:_run_cleanups): 200 GET http://10.180.1.21/compute/v2.1/flavors/detail 1.011s
2025-03-21 08:49:48.708 68662 INFO tempest.lib.common.rest_client [req-ec32c6e3-3be3-47d3-a32d-961001982900 req-ec32c6e3-3be3-47d3-a32d-961001982900 ] Request (FlavorsAdminTestJSON:_run_cleanups): 200 GET http://10.180.1.21/compute/v2.1/flavors/detail 1.025s
2025-03-21 08:49:48.729 68664 INFO tempest.lib.common.rest_client [req-86e0bf25-07e6-42d1-b454-f3244e737c91 req-86e0bf25-07e6-42d1-b454-f3244e737c91 ] Request (ServicesAdminNegativeTestJSON:tearDownClass): 204 DELETE http://10.180.1.21/identity/v3/users/57a1bf3942b2491698d2164306bf4c7d 0.087s
2025-03-21 08:49:48.729 68664 INFO tempest.lib.common.dynamic_creds [-] Deleting project and security group for project: 7a14b6d8e6e34dc4927fe5574619df43
2025-03-21 08:49:48.748 68660 INFO tempest.lib.common.rest_client [req-9dc7aa5a-adb6-48d4-aec9-a9c11c4222f3 req-9dc7aa5a-adb6-48d4-aec9-a9c11c4222f3 ] Request (MultipleCreateNegativeTestJSON:tearDownClass): 200 GET http://10.180.1.21:9696/networking/v2.0/security-groups?tenant_id=44dff4dec920438f8f92b2e05ab25a94&name=default 0.555s
2025-03-21 08:49:48.792 68676 INFO tempest.lib.common.rest_client [req-40828cf1-1611-49e5-8573-ecd0a521b145 req-40828cf1-1611-49e5-8573-ecd0a521b145 ] Request (HypervisorAdminV228Test:tearDownClass): 204 DELETE http://10.180.1.21/identity/v3/users/d653aa5acfcb45f7ae2b0c933949b012 0.127s
2025-03-21 08:49:48.836 68696 INFO tempest.lib.common.rest_client [req-301de733-77b1-42b4-b8a2-3aa479a81671 req-301de733-77b1-42b4-b8a2-3aa479a81671 ] Request (ServersAdmin275Test:test_rebuild_update_server_275): 200 GET http://10.180.1.21/compute/v2.1/servers/8539613d-0767-458d-a1b5-d7384409b46c 1.083s
2025-03-21 08:49:48.855 68684 INFO tempest.lib.common.rest_client [req-f1589735-322b-49d9-a89d-e76817a4dcbd req-f1589735-322b-49d9-a89d-e76817a4dcbd ] Request (FlavorsV255TestJSON:tearDownClass): 204 DELETE http://10.180.1.21/identity/v3/users/45490f8715d44146bada87bf413287cb 0.163s
2025-03-21 08:49:48.862 68664 INFO tempest.lib.common.rest_client [req-7d2f8c51-435d-4b9b-8b78-a8d41e37d5c3 req-7d2f8c51-435d-4b9b-8b78-a8d41e37d5c3 ] Request (ServicesAdminNegativeTestJSON:tearDownClass): 201 POST http://10.180.1.21/identity/v3/auth/tokens 0.132s
2025-03-21 08:49:48.874 68644 INFO tempest.lib.common.rest_client [req-4aa580ef-9775-4647-8921-fd2626032bed req-4aa580ef-9775-4647-8921-fd2626032bed ] Request (FloatingIPsNegativeTestJSON:test_allocate_floating_ip_from_nonexistent_pool): 404 POST http://10.180.1.21/compute/v2.1/os-floating-ips 1.011s
2025-03-21 08:49:48.900 68652 INFO tempest.lib.common.rest_client [req-ccf2c98d-a0da-41fd-ae17-e233dc7402c2 req-ccf2c98d-a0da-41fd-ae17-e233dc7402c2 ] Request (VolumesAssistedSnapshotsTest:test_volume_assisted_snapshot_create_delete): 201 POST http://10.180.1.21:9696/networking/v2.0/security-group-rules 0.461s
2025-03-21 08:49:48.906 68670 INFO tempest.lib.common.rest_client [req-e7888cf7-48f3-48e6-a102-48a7e4daf4dd req-e7888cf7-48f3-48e6-a102-48a7e4daf4dd ] Request (AggregatesAdminNegativeTestJSON:test_aggregate_add_host_as_user): 200 POST http://10.180.1.21/compute/v2.1/os-aggregates 1.020s
2025-03-21 08:49:48.923 68688 INFO tempest.lib.common.rest_client [req-9d02fafa-7886-4e98-9b8b-ac368d74cfb3 req-9d02fafa-7886-4e98-9b8b-ac368d74cfb3 ] Request (HostsAdminTestJSON:test_list_hosts_with_zone): 200 GET http://10.180.1.21/compute/v2.1/os-hosts 1.007s
2025-03-21 08:49:48.942 68684 INFO tempest.lib.common.rest_client [req-b8a414a3-ea71-490c-bea9-b870e8245548 req-b8a414a3-ea71-490c-bea9-b870e8245548 ] Request (FlavorsV255TestJSON:tearDownClass): 204 DELETE http://10.180.1.21/identity/v3/users/f738f628c3694c4a80c62d1a12e5c929 0.087s
2025-03-21 08:49:48.943 68684 INFO tempest.lib.common.dynamic_creds [-] Deleting project and security group for project: 736cf59777354612abfbf3813ba99c87
2025-03-21 08:49:48.948 68700 INFO tempest.lib.common.rest_client [req-7723e8c5-2f94-4fb2-ab2d-ae79ea0da642 req-7723e8c5-2f94-4fb2-ab2d-ae79ea0da642 ] Request (FlavorsAccessNegativeTestJSON:_run_cleanups): 200 GET http://10.180.1.21/compute/v2.1/flavors/detail 0.844s
2025-03-21 08:49:48.955 68676 INFO tempest.lib.common.rest_client [req-976dcd81-2781-4c9c-8c1b-bb3a41f88d2d req-976dcd81-2781-4c9c-8c1b-bb3a41f88d2d ] Request (HypervisorAdminV228Test:tearDownClass): 204 DELETE http://10.180.1.21/identity/v3/users/5c4f3b18f149425da360f7270ccd89ff 0.162s
2025-03-21 08:49:48.955 68676 INFO tempest.lib.common.dynamic_creds [-] Deleting project and security group for project: b5a5e027a1054615a4ad5e786ff2b684
2025-03-21 08:49:49.002 68656 INFO tempest.lib.common.rest_client [req-652ce312-7a0c-4b34-9114-e74b86143a93 req-652ce312-7a0c-4b34-9114-e74b86143a93 ] Request (FlavorsV261TestJSON:tearDownClass): 204 DELETE http://10.180.1.21:9696/networking/v2.0/security-groups/e31eaa84-7e2e-4339-ad64-eca92e38cbca 0.409s
2025-03-21 08:49:49.006 68684 INFO tempest.lib.common.rest_client [req-90a88828-2beb-4e4d-bb7f-403b48f88b15 req-90a88828-2beb-4e4d-bb7f-403b48f88b15 ] Request (FlavorsV255TestJSON:tearDownClass): 201 POST http://10.180.1.21/identity/v3/auth/tokens 0.062s
2025-03-21 08:49:49.029 68676 INFO tempest.lib.common.rest_client [req-0d067658-84c0-448f-a419-66214031daf8 req-0d067658-84c0-448f-a419-66214031daf8 ] Request (HypervisorAdminV228Test:tearDownClass): 201 POST http://10.180.1.21/identity/v3/auth/tokens 0.073s
2025-03-21 08:49:49.066 68652 INFO tempest.lib.common.rest_client [req-356961b4-1694-47c9-8238-29ab989d105f req-356961b4-1694-47c9-8238-29ab989d105f ] Request (VolumesAssistedSnapshotsTest:test_volume_assisted_snapshot_create_delete): 201 POST http://10.180.1.21:9696/networking/v2.0/security-group-rules 0.166s
2025-03-21 08:49:49.073 68668 INFO tempest.lib.common.rest_client [req-a291d937-22cc-4515-bfaa-0cb7eb10f4de req-a291d937-22cc-4515-bfaa-0cb7eb10f4de ] Request (FloatingIPsAssociationTestJSON:setUpClass): 201 POST http://10.180.1.21:9696/networking/v2.0/networks 1.136s
2025-03-21 08:49:49.084 68656 INFO tempest.lib.common.rest_client [req-76f965dc-7e3a-474e-9b02-be1bc39d76a9 req-76f965dc-7e3a-474e-9b02-be1bc39d76a9 ] Request (FlavorsV261TestJSON:tearDownClass): 204 DELETE http://10.180.1.21/identity/v3/projects/913c18f0f0a34303bd5a9a8e55aae5fe 0.081s
2025-03-21 08:49:49.085 68656 INFO tempest.lib.common.dynamic_creds [-] Deleting project and security group for project: a8cab73c98ab4379acbcc158c73a7f78
2025-03-21 08:49:49.129 68660 INFO tempest.lib.common.rest_client [req-3e92f063-29a3-4678-86f8-dba9eed81092 req-3e92f063-29a3-4678-86f8-dba9eed81092 ] Request (MultipleCreateNegativeTestJSON:tearDownClass): 204 DELETE http://10.180.1.21:9696/networking/v2.0/security-groups/92acf4be-f2a9-44da-94b2-f7a6a3291c2a 0.381s
2025-03-21 08:49:49.161 68654 INFO tempest.lib.common.rest_client [req-c92da2e9-aab8-4866-a2e1-634d650cfac7 req-c92da2e9-aab8-4866-a2e1-634d650cfac7 ] Request (QuotasAdminTestJSON:test_delete_quota): 200 GET http://10.180.1.21/compute/v2.1/os-quota-sets/1c8ceb61b1f14e46ae8028c5170f0f6d 0.750s
2025-03-21 08:49:49.167 68648 INFO tempest.lib.common.rest_client [req-fff423f4-645e-47c6-a5b9-0bccf992c15f req-fff423f4-645e-47c6-a5b9-0bccf992c15f ] Request (HostsAdminNegativeTestJSON:test_update_host_with_invalid_maintenance_mode): 400 PUT http://10.180.1.21/compute/v2.1/os-hosts/devstack 0.721s
2025-03-21 08:49:49.177 68672 INFO tempest.lib.common.rest_client [req-c3f704c5-b286-42e2-ae2c-7a2fffcaaf17 req-c3f704c5-b286-42e2-ae2c-7a2fffcaaf17 ] Request (AttachInterfacesTestJSON:setUpClass): 201 POST http://10.180.1.21:9696/networking/v2.0/networks 0.695s
2025-03-21 08:49:49.190 68650 INFO tempest.lib.common.rest_client [req-68b400a7-5d2a-45d1-9e73-95e0bda79f32 req-68b400a7-5d2a-45d1-9e73-95e0bda79f32 ] Request (FlavorsAccessTestJSON:test_flavor_access_list_with_private_flavor): 200 POST http://10.180.1.21/compute/v2.1/flavors 0.741s
2025-03-21 08:49:49.249 68660 INFO tempest.lib.common.rest_client [req-51f87020-673c-49f7-af28-168d787ad95b req-51f87020-673c-49f7-af28-168d787ad95b ] Request (MultipleCreateNegativeTestJSON:tearDownClass): 204 DELETE http://10.180.1.21/identity/v3/projects/44dff4dec920438f8f92b2e05ab25a94 0.119s
2025-03-21 08:49:49.265 68654 INFO tempest.lib.common.rest_client [req-b9bb1c01-37d5-49b1-9058-e0bb3399f5ca req-b9bb1c01-37d5-49b1-9058-e0bb3399f5ca ] Request (QuotasAdminTestJSON:_run_cleanups): 204 DELETE http://10.180.1.21/identity/v3/projects/1c8ceb61b1f14e46ae8028c5170f0f6d 0.099s
2025-03-21 08:49:49.312 68664 INFO tempest.lib.common.rest_client [req-5305aea6-2053-45cf-a90b-bd4bf426fc89 req-5305aea6-2053-45cf-a90b-bd4bf426fc89 ] Request (ServicesAdminNegativeTestJSON:tearDownClass): 200 GET http://10.180.1.21:9696/networking/v2.0/security-groups?tenant_id=7a14b6d8e6e34dc4927fe5574619df43&name=default 0.450s
2025-03-21 08:49:49.327 68660 INFO tempest.lib.common.rest_client [req-418dda5d-7619-4de5-b230-b3fb6c5e603d req-418dda5d-7619-4de5-b230-b3fb6c5e603d ] Request (ServerRescueTestJSONUnderV235:setUpClass): 201 POST http://10.180.1.21/identity/v3/auth/tokens 0.077s
2025-03-21 08:49:49.374 68660 INFO tempest.lib.common.rest_client [req-abc5e706-794a-4875-b931-c1765ba521e9 req-abc5e706-794a-4875-b931-c1765ba521e9 ] Request (ServerRescueTestJSONUnderV235:setUpClass): 201 POST http://10.180.1.21/identity/v3/auth/tokens 0.044s
2025-03-21 08:49:49.375 68666 INFO tempest.lib.common.rest_client [req-1a36752a-52db-43de-88a0-ec917cfe6a98 req-1a36752a-52db-43de-88a0-ec917cfe6a98 ] Request (InstanceActionsNegativeTestJSON:setUpClass): 201 POST http://10.180.1.21:9696/networking/v2.0/subnets 0.846s
2025-03-21 08:49:49.415 68660 INFO tempest.lib.common.rest_client [req-28ea33ef-e990-411a-8714-60f68f79e4f5 req-28ea33ef-e990-411a-8714-60f68f79e4f5 ] Request (ServerRescueTestJSONUnderV235:setUpClass): 200 GET http://10.180.1.21/identity/v3/domains?name=Default 0.040s
2025-03-21 08:49:49.417 68656 INFO tempest.lib.common.rest_client [req-79b1923e-30a4-4ba7-bf32-e72cd0218ea3 req-79b1923e-30a4-4ba7-bf32-e72cd0218ea3 ] Request (FlavorsV261TestJSON:tearDownClass): 200 GET http://10.180.1.21:9696/networking/v2.0/security-groups?tenant_id=a8cab73c98ab4379acbcc158c73a7f78&name=default 0.332s
2025-03-21 08:49:49.450 68660 INFO tempest.lib.common.rest_client [req-be41ea3f-0500-4f0b-a4e0-c2fb271b258f req-be41ea3f-0500-4f0b-a4e0-c2fb271b258f ] Request (ServerRescueTestJSONUnderV235:setUpClass): 201 POST http://10.180.1.21/identity/v3/projects 0.035s
2025-03-21 08:49:49.530 68660 INFO tempest.lib.common.rest_client [req-11086304-92a8-4407-b859-ed7e6420abff req-11086304-92a8-4407-b859-ed7e6420abff ] Request (ServerRescueTestJSONUnderV235:setUpClass): 201 POST http://10.180.1.21/identity/v3/users 0.079s
2025-03-21 08:49:49.547 68676 INFO tempest.lib.common.rest_client [req-952b09e0-562e-4f9c-8ad2-613e35385ae0 req-952b09e0-562e-4f9c-8ad2-613e35385ae0 ] Request (HypervisorAdminV228Test:tearDownClass): 200 GET http://10.180.1.21:9696/networking/v2.0/security-groups?tenant_id=b5a5e027a1054615a4ad5e786ff2b684&name=default 0.518s
2025-03-21 08:49:49.551 68684 INFO tempest.lib.common.rest_client [req-43708d16-f26b-48dc-9d00-09d71ed7de8c req-43708d16-f26b-48dc-9d00-09d71ed7de8c ] Request (FlavorsV255TestJSON:tearDownClass): 200 GET http://10.180.1.21:9696/networking/v2.0/security-groups?tenant_id=736cf59777354612abfbf3813ba99c87&name=default 0.545s
2025-03-21 08:49:49.557 68660 INFO tempest.lib.common.rest_client [req-e70fd731-3892-4699-b2f6-23d6ba074b3e req-e70fd731-3892-4699-b2f6-23d6ba074b3e ] Request (ServerRescueTestJSONUnderV235:setUpClass): 200 GET http://10.180.1.21/identity/v3/roles 0.026s
2025-03-21 08:49:49.585 68660 INFO tempest.lib.common.rest_client [req-52b2fd7a-557a-4824-8860-7be8f03d015b req-52b2fd7a-557a-4824-8860-7be8f03d015b ] Request (ServerRescueTestJSONUnderV235:setUpClass): 204 PUT http://10.180.1.21/identity/v3/projects/05e90054cb814bd8a206a1b22afc0978/users/b2e09b599a63424eaf12771efff8fdee/roles/ab07c5745d174535905990c79bc10d8d 0.028s
2025-03-21 08:49:49.585 68660 INFO tempest.lib.common.dynamic_creds [-] Dynamic test user b2e09b599a63424eaf12771efff8fdee is created with scope project and roles: ['member']
2025-03-21 08:49:49.585 68660 INFO tempest.lib.common.dynamic_creds [-] Acquired dynamic creds: credentials: Credentials: {'domain_id': 'default', 'domain_name': 'Default', 'username': 'tempest-ServerRescueTestJSONUnderV235-912615208-project-member', 'project_domain_id': 'default', 'project_domain_name': 'Default', 'project_id': '05e90054cb814bd8a206a1b22afc0978', 'project_name': 'tempest-ServerRescueTestJSONUnderV235-912615208', 'tenant_id': '05e90054cb814bd8a206a1b22afc0978', 'tenant_name': 'tempest-ServerRescueTestJSONUnderV235-912615208', 'user_domain_id': 'default', 'user_domain_name': 'Default', 'user_id': 'b2e09b599a63424eaf12771efff8fdee', 'system': None}, Network: None, Subnet: None, Router: None
2025-03-21 08:49:49.661 68660 INFO tempest.lib.common.rest_client [req-655c8599-2f51-43b4-9c40-fb67887b2473 req-655c8599-2f51-43b4-9c40-fb67887b2473 ] Request (ServerRescueTestJSONUnderV235:setUpClass): 201 POST http://10.180.1.21/identity/v3/auth/tokens 0.076s
2025-03-21 08:49:49.684 68694 INFO tempest.lib.common.rest_client [req-a3ffc439-d96c-4ab0-9915-44b5115c20ec req-a3ffc439-d96c-4ab0-9915-44b5115c20ec ] Request (FloatingIPsTestJSON:test_delete_floating_ip): 202 DELETE http://10.180.1.21/compute/v2.1/os-floating-ips/63b7dddd-ad5c-4b97-8268-951ed51327ba 2.191s
2025-03-21 08:49:49.717 68678 INFO tempest.lib.common.rest_client [req-c11751ec-1599-46dd-9bfd-c61c295c4b2a req-c11751ec-1599-46dd-9bfd-c61c295c4b2a ] Request (KeyPairsNegativeTestJSON:test_create_keypair_when_public_key_bits_exceeds_maximum): 400 POST http://10.180.1.21/compute/v2.1/os-keypairs 1.110s
2025-03-21 08:49:49.737 68658 INFO tempest.lib.common.rest_client [req-574346c7-bdc2-466c-a4b7-5edf5e4377b5 req-574346c7-bdc2-466c-a4b7-5edf5e4377b5 ] Request (ServersWithSpecificFlavorTestJSON:test_verify_created_server_ephemeral_disk): 200 GET http://10.180.1.21/compute/v2.1/flavors/42/os-extra_specs 1.104s
2025-03-21 08:49:49.756 68662 INFO tempest.lib.common.rest_client [req-7fae9bef-c680-47eb-84f5-a288c87c4961 req-7fae9bef-c680-47eb-84f5-a288c87c4961 ] Request (FlavorsAdminTestJSON:test_create_flavor_with_int_id): 200 POST http://10.180.1.21/compute/v2.1/flavors 1.039s
2025-03-21 08:49:49.787 68664 INFO tempest.lib.common.rest_client [req-aaed2b19-8219-49cd-8940-15d8700f021f req-aaed2b19-8219-49cd-8940-15d8700f021f ] Request (ServicesAdminNegativeTestJSON:tearDownClass): 204 DELETE http://10.180.1.21:9696/networking/v2.0/security-groups/c75ad02e-385e-4bd4-9ba2-28658dffc29d 0.474s
2025-03-21 08:49:49.816 68668 INFO tempest.lib.common.rest_client [req-d5304dc9-00fa-4e9d-aa44-6cd705b2ca49 req-d5304dc9-00fa-4e9d-aa44-6cd705b2ca49 ] Request (FloatingIPsAssociationTestJSON:setUpClass): 201 POST http://10.180.1.21:9696/networking/v2.0/subnets 0.742s
2025-03-21 08:49:49.826 68692 INFO tempest.lib.common.rest_client [req-c5907278-cdfa-4f8b-880b-81d3ead6b200 req-c5907278-cdfa-4f8b-880b-81d3ead6b200 ] Request (QuotasAdminNegativeTest:test_create_server_when_instances_quota_is_full): 403 POST http://10.180.1.21/compute/v2.1/servers 1.290s
2025-03-21 08:49:49.848 68656 INFO tempest.lib.common.rest_client [req-f8a29bbb-f07b-4903-9773-6d078816aadb req-f8a29bbb-f07b-4903-9773-6d078816aadb ] Request (FlavorsV261TestJSON:tearDownClass): 204 DELETE http://10.180.1.21:9696/networking/v2.0/security-groups/5d13ce73-148d-4673-8581-5099d0439d1e 0.431s
2025-03-21 08:49:49.866 68664 INFO tempest.lib.common.rest_client [req-7e523839-84b3-4f20-8825-df86792a14e0 req-7e523839-84b3-4f20-8825-df86792a14e0 ] Request (ServicesAdminNegativeTestJSON:tearDownClass): 204 DELETE http://10.180.1.21/identity/v3/projects/7a14b6d8e6e34dc4927fe5574619df43 0.078s
2025-03-21 08:49:49.866 68664 INFO tempest.lib.common.dynamic_creds [-] Deleting project and security group for project: 33ff07d53f024f2fb2b1fe728c1eea45
2025-03-21 08:49:49.868 68684 INFO tempest.lib.common.rest_client [req-15a1d019-f454-401e-8b07-3e30d9c49f87 req-15a1d019-f454-401e-8b07-3e30d9c49f87 ] Request (FlavorsV255TestJSON:tearDownClass): 204 DELETE http://10.180.1.21:9696/networking/v2.0/security-groups/0c1bff5d-6a00-4cfa-9ca8-54e3c433bf5e 0.317s
2025-03-21 08:49:49.888 68676 INFO tempest.lib.common.rest_client [req-2907db1e-036c-4a55-8727-c11c3e77c374 req-2907db1e-036c-4a55-8727-c11c3e77c374 ] Request (HypervisorAdminV228Test:tearDownClass): 204 DELETE http://10.180.1.21:9696/networking/v2.0/security-groups/e0059084-a73e-44c5-92b3-f306b25790ee 0.340s
