2025-03-21 08:50:18.051 68650 INFO tempest.lib.common.rest_client [req-397534ee-9f0d-4cb9-86a3-1c379516907a req-397534ee-9f0d-4cb9-86a3-1c379516907a ] Request (ServersAdminTestJSON:setUpClass): 201 POST http://10.180.1.21/identity/v3/projects 0.051s
2025-03-21 08:50:18.107 68698 INFO tempest.lib.common.rest_client [req-621f1370-489f-44b1-97dd-0cdabc7479de req-621f1370-489f-44b1-97dd-0cdabc7479de ] Request (ServersAdminNegativeTestJSON:test_migrate_server_invalid_state): 201 POST http://10.180.1.21/identity/v3/auth/tokens 0.110s
2025-03-21 08:50:18.107 68698 INFO tempest.lib.common.fixed_network [-] (ServersAdminNegativeTestJSON:test_migrate_server_invalid_state) Found network None available for tenant
2025-03-21 08:50:18.133 68702 INFO tempest.lib.common.rest_client [req-204091c9-4f9b-4014-968f-0fab99920096 req-204091c9-4f9b-4014-968f-0fab99920096 ] Request (ServerDiagnosticsNegativeTest:test_get_server_diagnostics_by_non_admin): 200 GET http://10.180.1.21/compute/v2.1/servers/dba8e6d2-0590-4cc9-b69c-c4f2471e33d5 2.986s
2025-03-21 08:50:18.135 68650 INFO tempest.lib.common.rest_client [req-c7cf42ae-0724-466f-9044-36bdb711326d req-c7cf42ae-0724-466f-9044-36bdb711326d ] Request (ServersAdminTestJSON:setUpClass): 201 POST http://10.180.1.21/identity/v3/users 0.083s
2025-03-21 08:50:18.144 68702 INFO tempest.common.waiters [-] State transition "BUILD/spawning" ==> "ACTIVE/None" after 35 second wait
2025-03-21 08:50:18.172 68650 INFO tempest.lib.common.rest_client [req-61c20f01-0251-47c9-88a6-383d4e06d15f req-61c20f01-0251-47c9-88a6-383d4e06d15f ] Request (ServersAdminTestJSON:setUpClass): 200 GET http://10.180.1.21/identity/v3/roles 0.037s
2025-03-21 08:50:18.191 68660 INFO tempest.lib.common.rest_client [req-89a77885-38c4-43cf-9f2b-62f85376049f req-89a77885-38c4-43cf-9f2b-62f85376049f ] Request (ServerRescueTestJSONUnderV235:setUpClass): 200 GET http://10.180.1.21/compute/v2.1/servers/ac393da9-0edb-4774-a838-111f5078b794 2.890s
2025-03-21 08:50:18.206 68686 INFO tempest.lib.common.rest_client [req-da659e40-752d-4e2c-9e6b-a688f5a210b2 req-da659e40-752d-4e2c-9e6b-a688f5a210b2 ] Request (QuotaClassesAdminTestJSON:test_update_default_quotas): 200 GET http://10.180.1.21/compute/v2.1/os-quota-class-sets/default 2.862s
2025-03-21 08:50:18.208 68650 INFO tempest.lib.common.rest_client [req-ef8d75fb-34d3-45cf-bf80-03b48f5934dc req-ef8d75fb-34d3-45cf-bf80-03b48f5934dc ] Request (ServersAdminTestJSON:setUpClass): 204 PUT http://10.180.1.21/identity/v3/projects/4c59bc3963e24d64a30418c611423e7c/users/d2e5ed800ec4445ea2c84f7f789538b4/roles/ab07c5745d174535905990c79bc10d8d 0.036s
2025-03-21 08:50:18.209 68650 INFO tempest.lib.common.dynamic_creds [-] Dynamic test user d2e5ed800ec4445ea2c84f7f789538b4 is created with scope project and roles: ['member']
2025-03-21 08:50:18.209 68650 INFO tempest.lib.common.dynamic_creds [-] Acquired dynamic creds: credentials: Credentials: {'domain_id': 'default', 'domain_name': 'Default', 'username': 'tempest-ServersAdminTestJSON-427761339-project-member', 'project_domain_id': 'default', 'project_domain_name': 'Default', 'project_id': '4c59bc3963e24d64a30418c611423e7c', 'project_name': 'tempest-ServersAdminTestJSON-427761339', 'tenant_id': '4c59bc3963e24d64a30418c611423e7c', 'tenant_name': 'tempest-ServersAdminTestJSON-427761339', 'user_domain_id': 'default', 'user_domain_name': 'Default', 'user_id': 'd2e5ed800ec4445ea2c84f7f789538b4', 'system': None}, Network: None, Subnet: None, Router: None
2025-03-21 08:50:18.237 68662 INFO tempest.lib.common.rest_client [req-e5f63448-1bbc-4f1e-9645-7468c2c86b18 req-e5f63448-1bbc-4f1e-9645-7468c2c86b18 ] Request (FlavorsAdminTestJSON:_run_cleanups): 200 GET http://10.180.1.21/compute/v2.1/flavors/detail 2.866s
2025-03-21 08:50:18.288 68650 INFO tempest.lib.common.rest_client [req-d9af6e18-5dda-4dd1-8905-ffcf198b39ce req-d9af6e18-5dda-4dd1-8905-ffcf198b39ce ] Request (ServersAdminTestJSON:setUpClass): 201 POST http://10.180.1.21/identity/v3/auth/tokens 0.078s
2025-03-21 08:50:18.301 68666 INFO tempest.lib.common.rest_client [req-1fd41c67-4bfb-483d-8b5c-7e68d82fd0f4 req-1fd41c67-4bfb-483d-8b5c-7e68d82fd0f4 ] Request (InstanceActionsNegativeTestJSON:setUpClass): 200 GET http://10.180.1.21/compute/v2.1/servers/813b0194-de4b-402c-9459-16a560923d81 2.866s
2025-03-21 08:50:18.312 68666 INFO tempest.common.waiters [-] State transition "BUILD/None" ==> "BUILD/scheduling" after 17 second wait
2025-03-21 08:50:18.455 68692 INFO tempest.lib.common.rest_client [req-fed075bc-2f5e-4637-95ef-db4a64cfdfc6 req-fed075bc-2f5e-4637-95ef-db4a64cfdfc6 ] Request (SecurityGroupsTestAdminJSON:test_list_security_groups_list_all_tenants_filter): 200 GET http://10.180.1.21/compute/v2.1/os-security-groups?all_tenants=true 5.629s
2025-03-21 08:50:18.515 68706 INFO tempest.lib.common.rest_client [req-61ff16a2-888e-496b-8625-6604393249d7 req-61ff16a2-888e-496b-8625-6604393249d7 ] Request (TenantUsagesTestJSON:setUpClass): 200 GET http://10.180.1.21/compute/v2.1/servers/e6f7c297-09c3-4df8-8f4d-3d1a10a030e2 3.078s
2025-03-21 08:50:18.523 68706 INFO tempest.common.waiters [-] State transition "BUILD/spawning" ==> "ACTIVE/None" after 35 second wait
2025-03-21 08:50:18.592 68664 INFO tempest.lib.common.rest_client [req-bdeaab01-5665-47e0-963d-0218b7656172 req-bdeaab01-5665-47e0-963d-0218b7656172 ] Request (ServerDiskConfigTestJSON:test_rebuild_server_with_auto_disk_config): 200 GET http://10.180.1.21/compute/v2.1/servers/fd9b53c1-8fad-4271-b0b0-71cb00e9e66a 3.076s
2025-03-21 08:50:18.679 68684 INFO tempest.lib.common.rest_client [req-54c7a49b-e2e3-4368-8dad-746b2f1f3b3d req-54c7a49b-e2e3-4368-8dad-746b2f1f3b3d ] Request (ServersNegativeTestJSON:setUpClass): 200 GET http://10.180.1.21/compute/v2.1/servers/ed7ba056-8b06-48f9-89a6-1ec01059baf6 3.145s
2025-03-21 08:50:18.693 68684 INFO tempest.common.waiters [-] State transition "BUILD/scheduling" ==> "BUILD/None" after 4 second wait
2025-03-21 08:50:18.710 68694 INFO tempest.lib.common.rest_client [req-d38b19a8-5891-4129-b250-94e7d97de0bb req-d38b19a8-5891-4129-b250-94e7d97de0bb ] Request (ServerActionsTestJSON:setUpClass): 200 PUT http://10.180.1.21:9696/networking/v2.0/routers/5e3bbfc0-6b59-4f87-bc0f-e8fbcccedfbf/add_router_interface 1.293s
2025-03-21 08:50:18.710 68694 INFO tempest.lib.common.dynamic_creds [-] Created isolated network resources for: credentials: Credentials: {'domain_id': 'default', 'domain_name': 'Default', 'username': 'tempest-ServerActionsTestJSON-554891636-project-member', 'project_domain_id': 'default', 'project_domain_name': 'Default', 'project_id': '2fe24bdd6bcc4b7b8221994969ec8a50', 'project_name': 'tempest-ServerActionsTestJSON-554891636', 'tenant_id': '2fe24bdd6bcc4b7b8221994969ec8a50', 'tenant_name': 'tempest-ServerActionsTestJSON-554891636', 'user_domain_id': 'default', 'user_domain_name': 'Default', 'user_id': '7080b38be0744d1993e17ad18e03493d', 'system': None}, Network: {'id': 'dc836d00-1cb7-4d14-b57a-0f2152831dae', 'name': 'tempest-ServerActionsTestJSON-1267263778-network', 'tenant_id': '2fe24bdd6bcc4b7b8221994969ec8a50', 'admin_state_up': True, 'mtu': 8950, 'status': 'ACTIVE', 'subnets': [], 'shared': False, 'project_id': '2fe24bdd6bcc4b7b8221994969ec8a50', 'port_security_enabled': True, 'router:external': False, 'provider:network_type': 'vlan', 'provider:physical_network': 'default', 'provider:segmentation_id': 961, 'availability_zone_hints': [], 'availability_zones': [], 'ipv4_address_scope': None, 'ipv6_address_scope': None, 'description': '', 'tags': [], 'created_at': '2025-03-21T08:50:14Z', 'updated_at': '2025-03-21T08:50:14Z', 'revision_number': 1}, Subnet: {'id': '4a74e691-f6dd-4ffa-97c5-8aa53685f065', 'name': 'tempest-ServerActionsTestJSON-1267263778-subnet', 'tenant_id': '2fe24bdd6bcc4b7b8221994969ec8a50', 'network_id': 'dc836d00-1cb7-4d14-b57a-0f2152831dae', 'ip_version': 4, 'subnetpool_id': None, 'enable_dhcp': True, 'ipv6_ra_mode': None, 'ipv6_address_mode': None, 'gateway_ip': '192.168.128.1', 'cidr': '192.168.128.0/28', 'allocation_pools': [{'start': '192.168.128.2', 'end': '192.168.128.14'}], 'host_routes': [], 'dns_nameservers': [], 'description': '', 'router:external': False, 'service_types': [], 'tags': [], 'created_at': '2025-03-21T08:50:15Z', 'updated_at': '2025-03-21T08:50:15Z', 'revision_number': 0, 'project_id': '2fe24bdd6bcc4b7b8221994969ec8a50'}, Router: {'id': '5e3bbfc0-6b59-4f87-bc0f-e8fbcccedfbf', 'name': 'tempest-ServerActionsTestJSON-1267263778-router', 'tenant_id': '2fe24bdd6bcc4b7b8221994969ec8a50', 'admin_state_up': True, 'status': 'ACTIVE', 'external_gateway_info': {'network_id': 'e6695aad-765b-4f72-a9f7-d241017388a1', 'external_fixed_ips': [{'subnet_id': '53f2696e-1545-4f24-a67a-c0e205a5e2ee', 'ip_address': '10.180.180.169'}], 'enable_snat': True}, 'description': '', 'availability_zones': [], 'distributed': False, 'ha': False, 'availability_zone_hints': [], 'routes': [], 'flavor_id': None, 'tags': [], 'created_at': '2025-03-21T08:50:15Z', 'updated_at': '2025-03-21T08:50:16Z', 'revision_number': 2, 'project_id': '2fe24bdd6bcc4b7b8221994969ec8a50'}
2025-03-21 08:50:18.717 68670 INFO tempest.lib.common.rest_client [req-019a85d0-cbd5-4f6a-903f-db61a7197cf4 req-019a85d0-cbd5-4f6a-903f-db61a7197cf4 ] Request (AggregatesAdminNegativeTestJSON:_run_cleanups): 200 DELETE http://10.180.1.21/compute/v2.1/os-aggregates/6 3.045s
2025-03-21 08:50:18.782 68650 INFO tempest.lib.common.rest_client [req-709ada3c-438b-441a-95ac-4b2a94ccd11b req-709ada3c-438b-441a-95ac-4b2a94ccd11b ] Request (ServersAdminTestJSON:setUpClass): 201 POST http://10.180.1.21:9696/networking/v2.0/networks 0.491s
2025-03-21 08:50:18.793 68646 INFO tempest.lib.common.rest_client [req-868d5872-07e6-4446-b2bb-da761b6d429c req-868d5872-07e6-4446-b2bb-da761b6d429c ] Request (ListImagesTestJSON:test_list_images): 200 GET http://10.180.1.21/compute/v2.1/images 2.977s
2025-03-21 08:50:18.817 68700 INFO tempest.lib.common.rest_client [req-15a916e9-95c9-4050-9a7a-d2b874137d4f req-15a916e9-95c9-4050-9a7a-d2b874137d4f ] Request (FlavorsAccessNegativeTestJSON:_run_cleanups): 200 GET http://10.180.1.21/compute/v2.1/flavors/detail 2.980s
2025-03-21 08:50:18.817 68694 INFO tempest.lib.common.rest_client [req-020c8991-f805-43e5-95b1-3546c2de441a req-020c8991-f805-43e5-95b1-3546c2de441a ] Request (ServerActionsTestJSON:setUpClass): 201 POST http://10.180.1.21/identity/v3/auth/tokens 0.104s
2025-03-21 08:50:18.918 68700 INFO tempest.lib.common.rest_client [req-50e39c1f-29b4-474c-aadf-2f3f6be3ce2f req-50e39c1f-29b4-474c-aadf-2f3f6be3ce2f ] Request (FlavorsAccessNegativeTestJSON:tearDownClass): 204 DELETE http://10.180.1.21/identity/v3/users/e1ae7277b5eb4286a3fc5bf0b1f1a56a 0.093s
2025-03-21 08:50:19.034 68700 INFO tempest.lib.common.rest_client [req-1eb78b8c-2e24-47e8-b41d-67f064e96d5a req-1eb78b8c-2e24-47e8-b41d-67f064e96d5a ] Request (FlavorsAccessNegativeTestJSON:tearDownClass): 204 DELETE http://10.180.1.21/identity/v3/users/97722932729144cca11c9d15801f2de5 0.116s
2025-03-21 08:50:19.155 68700 INFO tempest.lib.common.rest_client [req-abe4f42e-5729-4460-bf53-327d9fcf2ba1 req-abe4f42e-5729-4460-bf53-327d9fcf2ba1 ] Request (FlavorsAccessNegativeTestJSON:tearDownClass): 204 DELETE http://10.180.1.21/identity/v3/users/b8f07e0030de46cd8be4c4ad724a7e68 0.120s
2025-03-21 08:50:19.155 68700 INFO tempest.lib.common.dynamic_creds [-] Deleting project and security group for project: 74d3d10eb4374ac19be434471281800a
2025-03-21 08:50:19.160 68696 INFO tempest.lib.common.rest_client [req-1c1ed68c-da2a-4838-a629-fe54031c8d28 req-1c1ed68c-da2a-4838-a629-fe54031c8d28 ] Request (ServersAdmin275Test:test_rebuild_update_server_275): 202 POST http://10.180.1.21/compute/v2.1/servers/8539613d-0767-458d-a1b5-d7384409b46c/action 3.685s
2025-03-21 08:50:19.185 68650 INFO tempest.lib.common.rest_client [req-1673334f-8ccb-4b5f-b98f-e49fec2be67d req-1673334f-8ccb-4b5f-b98f-e49fec2be67d ] Request (ServersAdminTestJSON:setUpClass): 201 POST http://10.180.1.21:9696/networking/v2.0/subnets 0.402s
2025-03-21 08:50:19.242 68700 INFO tempest.lib.common.rest_client [req-abc86605-3fed-4c22-9f14-23fd51bd9c50 req-abc86605-3fed-4c22-9f14-23fd51bd9c50 ] Request (FlavorsAccessNegativeTestJSON:tearDownClass): 201 POST http://10.180.1.21/identity/v3/auth/tokens 0.086s
2025-03-21 08:50:19.258 68648 INFO tempest.lib.common.rest_client [req-ca10031a-5e1f-4602-ac2b-f3e5e2ef6833 req-ca10031a-5e1f-4602-ac2b-f3e5e2ef6833 ] Request (VolumesAdminNegativeTest:test_update_attached_volume_with_nonexistent_volume_in_body): 202 POST http://10.180.1.21/compute/v2.1/servers 3.351s
2025-03-21 08:50:19.431 68700 INFO tempest.lib.common.rest_client [req-2690353b-399a-4ff9-8af9-6138fb241c86 req-2690353b-399a-4ff9-8af9-6138fb241c86 ] Request (FlavorsAccessNegativeTestJSON:tearDownClass): 200 GET http://10.180.1.21:9696/networking/v2.0/security-groups?tenant_id=74d3d10eb4374ac19be434471281800a&name=default 0.189s
2025-03-21 08:50:19.533 68700 INFO tempest.lib.common.rest_client [req-7a529fa1-4105-4b1c-81f9-b6d26d2eb5a1 req-7a529fa1-4105-4b1c-81f9-b6d26d2eb5a1 ] Request (FlavorsAccessNegativeTestJSON:tearDownClass): 204 DELETE http://10.180.1.21:9696/networking/v2.0/security-groups/ae4fcb0b-4882-4b82-8268-b52214870b44 0.101s
2025-03-21 08:50:19.626 68700 INFO tempest.lib.common.rest_client [req-a1d7123a-1524-400c-80e4-0bc3a4133d1a req-a1d7123a-1524-400c-80e4-0bc3a4133d1a ] Request (FlavorsAccessNegativeTestJSON:tearDownClass): 204 DELETE http://10.180.1.21/identity/v3/projects/74d3d10eb4374ac19be434471281800a 0.092s
2025-03-21 08:50:19.626 68700 INFO tempest.lib.common.dynamic_creds [-] Deleting project and security group for project: 694a85d7e76d4f139d221f260d10194c
2025-03-21 08:50:19.698 68680 INFO tempest.lib.common.rest_client [req-82c51d7e-9477-425c-ac40-6a564bf17b44 req-82c51d7e-9477-425c-ac40-6a564bf17b44 ] Request (ServerDiagnosticsV248Test:test_get_server_diagnostics): 200 GET http://10.180.1.21/compute/v2.1/servers/87b91f94-2bac-4579-8c0c-8760ed9e1fa5/diagnostics 3.454s
2025-03-21 08:50:19.751 68700 INFO tempest.lib.common.rest_client [req-80be428d-cfcc-4b9f-8060-dcf2d08da73c req-80be428d-cfcc-4b9f-8060-dcf2d08da73c ] Request (FlavorsAccessNegativeTestJSON:tearDownClass): 200 GET http://10.180.1.21:9696/networking/v2.0/security-groups?tenant_id=694a85d7e76d4f139d221f260d10194c&name=default 0.124s
2025-03-21 08:50:19.825 68656 INFO tempest.lib.common.rest_client [req-2cd6daa7-cd61-418c-b9f6-29cc2047e1f5 req-2cd6daa7-cd61-418c-b9f6-29cc2047e1f5 ] Request (InstanceActionsTestJSON:setUpClass): 202 POST http://10.180.1.21/compute/v2.1/servers 3.513s
2025-03-21 08:50:19.843 68700 INFO tempest.lib.common.rest_client [req-ea8af09e-1816-46ab-8d30-1a6529c450cc req-ea8af09e-1816-46ab-8d30-1a6529c450cc ] Request (FlavorsAccessNegativeTestJSON:tearDownClass): 204 DELETE http://10.180.1.21:9696/networking/v2.0/security-groups/ead7617f-6f0d-448b-8bfc-d41371d5f589 0.092s
2025-03-21 08:50:19.887 68676 INFO tempest.lib.common.rest_client [req-8350b5eb-9413-4ba7-aa97-a378e20d2768 req-8350b5eb-9413-4ba7-aa97-a378e20d2768 ] Request (ServersTestFqdnHostnames:test_create_server_with_fqdn_name): 200 POST http://10.180.1.21/compute/v2.1/os-keypairs 3.314s
2025-03-21 08:50:19.967 68700 INFO tempest.lib.common.rest_client [req-49d421d4-66c0-4f1d-9d16-778ec3f2f199 req-49d421d4-66c0-4f1d-9d16-778ec3f2f199 ] Request (FlavorsAccessNegativeTestJSON:tearDownClass): 204 DELETE http://10.180.1.21/identity/v3/projects/694a85d7e76d4f139d221f260d10194c 0.124s
2025-03-21 08:50:19.967 68700 INFO tempest.lib.common.dynamic_creds [-] Deleting project and security group for project: f923b2e196484b5d97ac4eb49325b031
2025-03-21 08:50:20.020 68676 INFO tempest.lib.common.rest_client [req-bed25632-583d-44c5-a5b8-05be4eed164d req-bed25632-583d-44c5-a5b8-05be4eed164d ] Request (ServersTestFqdnHostnames:test_create_server_with_fqdn_name): 201 POST http://10.180.1.21:9696/networking/v2.0/security-groups 0.131s
2025-03-21 08:50:20.045 68668 INFO tempest.lib.common.rest_client [req-d33e09c2-bab6-4479-8c44-575f613e9fa5 req-d33e09c2-bab6-4479-8c44-575f613e9fa5 ] Request (FloatingIPsAssociationTestJSON:setUpClass): 200 GET http://10.180.1.21/compute/v2.1/servers/4256b43d-08ce-4818-abbf-c7ff3e603ca5 3.414s
2025-03-21 08:50:20.060 68668 INFO tempest.common.waiters [-] State transition "BUILD/None" ==> "BUILD/spawning" after 18 second wait
2025-03-21 08:50:20.098 68700 INFO tempest.lib.common.rest_client [req-22578309-7497-4a57-a61b-d1a9787a737c req-22578309-7497-4a57-a61b-d1a9787a737c ] Request (FlavorsAccessNegativeTestJSON:tearDownClass): 200 GET http://10.180.1.21:9696/networking/v2.0/security-groups?tenant_id=f923b2e196484b5d97ac4eb49325b031&name=default 0.130s
2025-03-21 08:50:20.120 68672 INFO tempest.lib.common.rest_client [req-d1ad43cf-dac3-4a95-bd93-b57df12ed82f req-d1ad43cf-dac3-4a95-bd93-b57df12ed82f ] Request (AttachInterfacesTestJSON:test_create_list_show_delete_interfaces_by_fixed_ip): 200 GET http://10.180.1.21/compute/v2.1/servers/08bc8f22-db4d-4df7-84d1-55633ecdf87d 3.171s
2025-03-21 08:50:20.179 68700 INFO tempest.lib.common.rest_client [req-61b5d8a8-7aae-464e-98dc-83141a1d4bb5 req-61b5d8a8-7aae-464e-98dc-83141a1d4bb5 ] Request (FlavorsAccessNegativeTestJSON:tearDownClass): 204 DELETE http://10.180.1.21:9696/networking/v2.0/security-groups/813f9bb6-121f-4c5a-be68-731a1ce4354d 0.081s
2025-03-21 08:50:20.190 68676 INFO tempest.lib.common.rest_client [req-9f79ebe6-2317-4f6c-8899-be89c4b2f7ab req-9f79ebe6-2317-4f6c-8899-be89c4b2f7ab ] Request (ServersTestFqdnHostnames:test_create_server_with_fqdn_name): 201 POST http://10.180.1.21:9696/networking/v2.0/security-group-rules 0.169s
2025-03-21 08:50:20.199 68650 INFO tempest.lib.common.rest_client [req-c177bfdc-4546-46d3-988e-3d63be09c50d req-c177bfdc-4546-46d3-988e-3d63be09c50d ] Request (ServersAdminTestJSON:setUpClass): 201 POST http://10.180.1.21:9696/networking/v2.0/routers 1.013s
2025-03-21 08:50:20.280 68676 INFO tempest.lib.common.rest_client [req-ef7315fe-cd5a-4f7e-9dde-0c2336fe06f7 req-ef7315fe-cd5a-4f7e-9dde-0c2336fe06f7 ] Request (ServersTestFqdnHostnames:test_create_server_with_fqdn_name): 201 POST http://10.180.1.21:9696/networking/v2.0/security-group-rules 0.089s
2025-03-21 08:50:20.298 68700 INFO tempest.lib.common.rest_client [req-c449ae36-d372-4d6a-a356-567dd9df5631 req-c449ae36-d372-4d6a-a356-567dd9df5631 ] Request (FlavorsAccessNegativeTestJSON:tearDownClass): 204 DELETE http://10.180.1.21/identity/v3/projects/f923b2e196484b5d97ac4eb49325b031 0.119s
2025-03-21 08:50:20.401 68700 INFO tempest.lib.common.rest_client [req-ecf5a0d1-d0c7-4678-8a89-44ebc866c845 req-ecf5a0d1-d0c7-4678-8a89-44ebc866c845 ] Request (ImagesMetadataTestJSON:setUpClass): 201 POST http://10.180.1.21/identity/v3/auth/tokens 0.101s
2025-03-21 08:50:20.466 68700 INFO tempest.lib.common.rest_client [req-88a02905-8647-4ba1-898a-771c882802b6 req-88a02905-8647-4ba1-898a-771c882802b6 ] Request (ImagesMetadataTestJSON:setUpClass): 201 POST http://10.180.1.21/identity/v3/auth/tokens 0.062s
2025-03-21 08:50:20.502 68700 INFO tempest.lib.common.rest_client [req-d270b21b-a46f-48e7-bf0e-99569572d09d req-d270b21b-a46f-48e7-bf0e-99569572d09d ] Request (ImagesMetadataTestJSON:setUpClass): 200 GET http://10.180.1.21/identity/v3/domains?name=Default 0.035s
2025-03-21 08:50:20.535 68700 INFO tempest.lib.common.rest_client [req-9499f867-843c-41e4-a9d6-a7c16d3e4c8e req-9499f867-843c-41e4-a9d6-a7c16d3e4c8e ] Request (ImagesMetadataTestJSON:setUpClass): 201 POST http://10.180.1.21/identity/v3/projects 0.032s
2025-03-21 08:50:20.621 68700 INFO tempest.lib.common.rest_client [req-06cf3cb7-2eab-47b6-8eb5-274808e220b7 req-06cf3cb7-2eab-47b6-8eb5-274808e220b7 ] Request (ImagesMetadataTestJSON:setUpClass): 201 POST http://10.180.1.21/identity/v3/users 0.086s
2025-03-21 08:50:20.650 68700 INFO tempest.lib.common.rest_client [req-3b16ecb7-3c4c-4d82-aba9-a758d9daccb3 req-3b16ecb7-3c4c-4d82-aba9-a758d9daccb3 ] Request (ImagesMetadataTestJSON:setUpClass): 200 GET http://10.180.1.21/identity/v3/roles 0.026s
2025-03-21 08:50:20.680 68682 INFO tempest.lib.common.rest_client [req-d6e6f5d4-247e-4920-a6ff-8c72ad4199c7 req-d6e6f5d4-247e-4920-a6ff-8c72ad4199c7 ] Request (ServerDiagnosticsTest:test_get_server_diagnostics): 200 GET http://10.180.1.21/compute/v2.1/servers/e1b4d207-bd27-4950-96e5-4b0906a8a726/diagnostics 3.857s
2025-03-21 08:50:20.694 68700 INFO tempest.lib.common.rest_client [req-ebafdfa2-452e-4c9a-bf87-af413b75a224 req-ebafdfa2-452e-4c9a-bf87-af413b75a224 ] Request (ImagesMetadataTestJSON:setUpClass): 204 PUT http://10.180.1.21/identity/v3/projects/4e0adcfd3ed14ff4a6d6b6d1d1492937/users/282deadc2fd840df833c7ba94afcb720/roles/ab07c5745d174535905990c79bc10d8d 0.043s
2025-03-21 08:50:20.694 68700 INFO tempest.lib.common.dynamic_creds [-] Dynamic test user 282deadc2fd840df833c7ba94afcb720 is created with scope project and roles: ['member']
2025-03-21 08:50:20.694 68700 INFO tempest.lib.common.dynamic_creds [-] Acquired dynamic creds: credentials: Credentials: {'domain_id': 'default', 'domain_name': 'Default', 'username': 'tempest-ImagesMetadataTestJSON-2105284539-project-member', 'project_domain_id': 'default', 'project_domain_name': 'Default', 'project_id': '4e0adcfd3ed14ff4a6d6b6d1d1492937', 'project_name': 'tempest-ImagesMetadataTestJSON-2105284539', 'tenant_id': '4e0adcfd3ed14ff4a6d6b6d1d1492937', 'tenant_name': 'tempest-ImagesMetadataTestJSON-2105284539', 'user_domain_id': 'default', 'user_domain_name': 'Default', 'user_id': '282deadc2fd840df833c7ba94afcb720', 'system': None}, Network: None, Subnet: None, Router: None
2025-03-21 08:50:20.694 68700 INFO tempest.lib.common.dynamic_creds [-] Created isolated network resources for: credentials: Credentials: {'domain_id': 'default', 'domain_name': 'Default', 'username': 'tempest-ImagesMetadataTestJSON-2105284539-project-member', 'project_domain_id': 'default', 'project_domain_name': 'Default', 'project_id': '4e0adcfd3ed14ff4a6d6b6d1d1492937', 'project_name': 'tempest-ImagesMetadataTestJSON-2105284539', 'tenant_id': '4e0adcfd3ed14ff4a6d6b6d1d1492937', 'tenant_name': 'tempest-ImagesMetadataTestJSON-2105284539', 'user_domain_id': 'default', 'user_domain_name': 'Default', 'user_id': '282deadc2fd840df833c7ba94afcb720', 'system': None}, Network: None, Subnet: None, Router: None
2025-03-21 08:50:20.729 68688 INFO tempest.lib.common.rest_client [req-0ffa7744-4a0d-4f3c-99f3-4e3d6683b826 req-0ffa7744-4a0d-4f3c-99f3-4e3d6683b826 ] Request (ImagesOneServerTestJSON:setUpClass): 202 POST http://10.180.1.21/compute/v2.1/servers 3.750s
2025-03-21 08:50:20.739 68644 INFO tempest.lib.common.rest_client [req-3cda69a9-2eef-46c2-a0b3-ad645aa2ca5a req-3cda69a9-2eef-46c2-a0b3-ad645aa2ca5a ] Request (VolumesTestJSON:setUpClass): 200 GET http://10.180.1.21/compute/v2.1/os-volumes/7abd6d25-f98e-4b3f-902e-51d541e7d6ea 3.741s
2025-03-21 08:50:20.793 68700 INFO tempest.lib.common.rest_client [req-43196893-d7c3-4a36-ad43-084f3e36a198 req-43196893-d7c3-4a36-ad43-084f3e36a198 ] Request (ImagesMetadataTestJSON:setUpClass): 201 POST http://10.180.1.21/identity/v3/auth/tokens 0.094s
2025-03-21 08:50:20.844 68704 INFO tempest.lib.common.rest_client [req-5c83b911-e741-4a1a-9ae2-aaad550ccec0 req-5c83b911-e741-4a1a-9ae2-aaad550ccec0 ] Request (DeleteServersAdminTestJSON:test_admin_delete_servers_of_others): 200 GET http://10.180.1.21/compute/v2.1/servers/b89b8cf1-9f68-40ac-babe-5b20ae907a51 3.777s
2025-03-21 08:50:20.922 68678 INFO tempest.lib.common.rest_client [req-49e982ea-cffb-4c2b-b022-dc5d954c41d1 req-49e982ea-cffb-4c2b-b022-dc5d954c41d1 ] Request (ServerMetadataTestJSON:setUpClass): 200 GET http://10.180.1.21/compute/v2.1/servers/234e5878-7fae-4f85-a050-b577908f19cb 3.343s
2025-03-21 08:50:20.945 68676 INFO tempest.lib.common.rest_client [req-6c13f45f-177b-4e54-91c9-d979ed9fcee0 req-6c13f45f-177b-4e54-91c9-d979ed9fcee0 ] Request (ServersTestFqdnHostnames:test_create_server_with_fqdn_name): 201 POST http://10.180.1.21:9696/networking/v2.0/floatingips 0.664s
2025-03-21 08:50:20.967 68644 INFO tempest.lib.common.rest_client [req-5c54aaf6-7b1e-447e-9423-e767cbdbfdce req-5c54aaf6-7b1e-447e-9423-e767cbdbfdce ] Request (VolumesTestJSON:setUpClass): 202 POST http://10.180.1.21/volume/v3/volumes 0.225s
2025-03-21 08:50:20.996 68690 INFO tempest.lib.common.rest_client [req-727a7970-5b10-4bd4-a322-e72a2d5dfe59 req-727a7970-5b10-4bd4-a322-e72a2d5dfe59 ] Request (ServerActionsTestOtherB:setUpClass): 200 GET http://10.180.1.21/compute/v2.1/servers/df2f88d6-5e47-4d8c-a727-9f20cecee976 3.170s
2025-03-21 08:50:21.017 68644 INFO tempest.lib.common.rest_client [req-0268e913-0aa7-4b0b-8b1f-eb23c097215d req-0268e913-0aa7-4b0b-8b1f-eb23c097215d ] Request (VolumesTestJSON:setUpClass): 200 GET http://10.180.1.21/volume/v3/volumes/9fc86b48-4b22-483f-9910-0a762f66473a 0.043s
2025-03-21 08:50:21.035 68676 INFO tempest.lib.common.rest_client [req-81638101-ed23-4f21-9d99-0339e87ac635 req-81638101-ed23-4f21-9d99-0339e87ac635 ] Request (ServersTestFqdnHostnames:test_create_server_with_fqdn_name): 201 POST http://10.180.1.21/identity/v3/auth/tokens 0.082s
2025-03-21 08:50:21.036 68676 INFO tempest.lib.common.fixed_network [-] (ServersTestFqdnHostnames:test_create_server_with_fqdn_name) Found network {'id': '7ba8a8ee-9ec8-4c87-a435-911950df5aaa', 'name': 'tempest-ServersTestFqdnHostnames-1443938014-network', 'tenant_id': '3d0fdadc812d4a46a29021fd9521d926', 'admin_state_up': True, 'mtu': 8950, 'status': 'ACTIVE', 'subnets': [], 'shared': False, 'project_id': '3d0fdadc812d4a46a29021fd9521d926', 'port_security_enabled': True, 'router:external': False, 'provider:network_type': 'vlan', 'provider:physical_network': 'default', 'provider:segmentation_id': 497, 'availability_zone_hints': [], 'availability_zones': [], 'ipv4_address_scope': None, 'ipv6_address_scope': None, 'description': '', 'tags': [], 'created_at': '2025-03-21T08:50:10Z', 'updated_at': '2025-03-21T08:50:11Z', 'revision_number': 1} available for tenant
2025-03-21 08:50:21.036 68675 INFO tempest.lib.common.rest_client [req-73efadef-592c-47f3-999c-63256896e681 req-73efadef-592c-47f3-999c-63256896e681 ] Request (ImagesTestJSON:test_create_image_from_stopped_server): 200 GET http://10.180.1.21/compute/v2.1/images/08416561-5951-40ba-9ad0-c9607c83de92 3.171s
2025-03-21 08:50:21.091 68652 INFO tempest.lib.common.rest_client [req-63927a98-a950-4ec7-8db3-8c8ef2a9ed2b req-63927a98-a950-4ec7-8db3-8c8ef2a9ed2b ] Request (VolumesAssistedSnapshotsTest:test_volume_assisted_snapshot_create_delete): 200 GET http://10.180.1.21/compute/v2.1/servers/3671a9c4-7e47-4377-8e57-d56a99763f47 3.607s
2025-03-21 08:50:21.101 68652 INFO tempest.common.waiters [-] State transition "BUILD/spawning" ==> "ACTIVE/None" after 27 second wait
2025-03-21 08:50:21.135 68702 INFO tempest.lib.common.rest_client [req-74356b9c-ebd8-415b-9fef-24bc59fe0b69 req-74356b9c-ebd8-415b-9fef-24bc59fe0b69 ] Request (ServerDiagnosticsNegativeTest:test_get_server_diagnostics_by_non_admin): 403 GET http://10.180.1.21/compute/v2.1/servers/dba8e6d2-0590-4cc9-b69c-c4f2471e33d5/diagnostics 2.990s
2025-03-21 08:50:21.205 68686 INFO tempest.lib.common.rest_client [req-7ac94dfb-8d8b-4cc9-a400-7f7e8c94abc8 req-7ac94dfb-8d8b-4cc9-a400-7f7e8c94abc8 ] Request (QuotaClassesAdminTestJSON:_run_cleanups): 200 PUT http://10.180.1.21/compute/v2.1/os-quota-class-sets/default 2.995s
2025-03-21 08:50:21.293 68700 INFO tempest.lib.common.rest_client [req-59b5a0c7-468f-4f58-9fc9-fc3b9685bed4 req-59b5a0c7-468f-4f58-9fc9-fc3b9685bed4 ] Request (ImagesMetadataTestJSON:setUpClass): 201 POST http://10.180.1.21/image/v2/images 0.498s
2025-03-21 08:50:21.417 68686 INFO tempest.lib.common.rest_client [req-111e94fb-616e-4c43-88ab-4ea7045cb678 req-111e94fb-616e-4c43-88ab-4ea7045cb678 ] Request (QuotaClassesAdminTestJSON:tearDownClass): 204 DELETE http://10.180.1.21/identity/v3/users/dad6438101fb42799356ec889d6b5c14 0.207s
2025-03-21 08:50:21.515 68658 INFO tempest.lib.common.rest_client [req-19f26c8d-b677-4745-98fb-0dd5bf5d022e req-19f26c8d-b677-4745-98fb-0dd5bf5d022e ] Request (ServersWithSpecificFlavorTestJSON:test_verify_created_server_ephemeral_disk): 200 GET http://10.180.1.21/compute/v2.1/servers/1b8d860c-232e-4cc0-87b0-33922cbeb74b 3.284s
2025-03-21 08:50:21.528 68658 INFO tempest.common.waiters [-] State transition "BUILD/spawning" ==> "ACTIVE/None" after 24 second wait
2025-03-21 08:50:21.556 68662 INFO tempest.lib.common.rest_client [req-1f1ddf09-a85f-4731-98b3-6396b25734af req-1f1ddf09-a85f-4731-98b3-6396b25734af ] Request (FlavorsAdminTestJSON:test_is_public_string_variations): 200 POST http://10.180.1.21/compute/v2.1/flavors 3.313s
2025-03-21 08:50:21.564 68686 INFO tempest.lib.common.rest_client [req-f4e9713b-439f-44b6-9b8e-ba524c60e32f req-f4e9713b-439f-44b6-9b8e-ba524c60e32f ] Request (QuotaClassesAdminTestJSON:tearDownClass): 204 DELETE http://10.180.1.21/identity/v3/users/b9990f16750e4b628ac2d8ec1026e407 0.146s
2025-03-21 08:50:21.564 68686 INFO tempest.lib.common.dynamic_creds [-] Deleting project and security group for project: 585a7a3a24554008b9d5725e193f395e
2025-03-21 08:50:21.636 68686 INFO tempest.lib.common.rest_client [req-cddcb53f-a883-4740-9de5-b1dd985c65cc req-cddcb53f-a883-4740-9de5-b1dd985c65cc ] Request (QuotaClassesAdminTestJSON:tearDownClass): 201 POST http://10.180.1.21/identity/v3/auth/tokens 0.071s
2025-03-21 08:50:21.683 68654 INFO tempest.lib.common.rest_client [req-5e4aff2b-64d3-4980-88a8-1e8c86f84991 req-5e4aff2b-64d3-4980-88a8-1e8c86f84991 ] Request (ServersListShow2100Test:test_list_show_rebuild_update_server_2100): 200 GET http://10.180.1.21/compute/v2.1/servers/d8537583-0041-4d8f-a9ed-2b94c8f9a847 3.351s
2025-03-21 08:50:21.921 68692 INFO tempest.lib.common.rest_client [req-56206d91-a17b-4801-869a-6049eaef02a7 req-56206d91-a17b-4801-869a-6049eaef02a7 ] Request (SecurityGroupsTestAdminJSON:test_list_security_groups_list_all_tenants_filter): 200 GET http://10.180.1.21/compute/v2.1/os-security-groups?all_tenants=true 3.450s
2025-03-21 08:50:22.068 68644 INFO tempest.lib.common.rest_client [req-a5a41d7a-f734-400a-8160-9be9e3f8618c req-a5a41d7a-f734-400a-8160-9be9e3f8618c ] Request (VolumesTestJSON:setUpClass): 200 GET http://10.180.1.21/volume/v3/volumes/9fc86b48-4b22-483f-9910-0a762f66473a 0.040s
2025-03-21 08:50:22.078 68644 INFO tempest.common.waiters [-] volume 9fc86b48-4b22-483f-9910-0a762f66473a reached available after waiting for 1.078231 seconds
2025-03-21 08:50:22.098 68706 INFO tempest.lib.common.rest_client [req-de9d876a-3c69-4378-a890-50707156f80a req-de9d876a-3c69-4378-a890-50707156f80a ] Request (TenantUsagesTestJSON:test_get_usage_tenant): 200 GET http://10.180.1.21/compute/v2.1/os-simple-tenant-usage/fee03c26a2734f4e9a879add72a0d217?start=2025-03-20T08%3A50%3A18.523603&end=2025-03-22T08%3A50%3A18.523603 3.574s
2025-03-21 08:50:22.104 68686 INFO tempest.lib.common.rest_client [req-e92a9762-1984-4638-8473-0685e823fc9a req-e92a9762-1984-4638-8473-0685e823fc9a ] Request (QuotaClassesAdminTestJSON:tearDownClass): 200 GET http://10.180.1.21:9696/networking/v2.0/security-groups?tenant_id=585a7a3a24554008b9d5725e193f395e&name=default 0.468s
2025-03-21 08:50:22.110 68670 INFO tempest.lib.common.rest_client [req-ed268426-3400-4b6f-a5d2-880522eeeb0c req-ed268426-3400-4b6f-a5d2-880522eeeb0c ] Request (AggregatesAdminNegativeTestJSON:test_aggregate_get_details_with_invalid_id): 404 GET http://10.180.1.21/compute/v2.1/os-aggregates/-1 3.390s
2025-03-21 08:50:22.193 68686 INFO tempest.lib.common.rest_client [req-da6e2e1f-250e-4754-898a-def3bf2bbd5f req-da6e2e1f-250e-4754-898a-def3bf2bbd5f ] Request (QuotaClassesAdminTestJSON:tearDownClass): 204 DELETE http://10.180.1.21:9696/networking/v2.0/security-groups/752ef931-203b-483b-b1ef-b8d1690597aa 0.088s
2025-03-21 08:50:22.196 68700 INFO tempest.lib.common.rest_client [req-181399ac-3c4c-4fbd-8819-03ca3f224dc8 req-181399ac-3c4c-4fbd-8819-03ca3f224dc8 ] Request (ImagesMetadataTestJSON:setUpClass): 204 PUT http://10.180.1.21/image/v2/images/e7556e2e-1a2c-46bd-94c8-e8aa28506a67/file 0.902s
2025-03-21 08:50:22.246 68646 INFO tempest.lib.common.rest_client [req-1618b956-49f9-4eb7-9eaf-a34c21f52817 req-1618b956-49f9-4eb7-9eaf-a34c21f52817 ] Request (ListImagesTestJSON:test_list_images_with_detail): 200 GET http://10.180.1.21/compute/v2.1/images/detail 3.449s
2025-03-21 08:50:22.262 68686 INFO tempest.lib.common.rest_client [req-6a89ba22-f10f-459e-8500-93891300b24d req-6a89ba22-f10f-459e-8500-93891300b24d ] Request (QuotaClassesAdminTestJSON:tearDownClass): 204 DELETE http://10.180.1.21/identity/v3/projects/585a7a3a24554008b9d5725e193f395e 0.069s
2025-03-21 08:50:22.263 68686 INFO tempest.lib.common.dynamic_creds [-] Deleting project and security group for project: 793b4ded660c4b6a96f37ef188d93ce5
2025-03-21 08:50:22.336 68650 INFO tempest.lib.common.rest_client [req-7d6fb9cd-103d-4563-8534-9cb30716f0ec req-7d6fb9cd-103d-4563-8534-9cb30716f0ec ] Request (ServersAdminTestJSON:setUpClass): 200 PUT http://10.180.1.21:9696/networking/v2.0/routers/ff4de6ab-2f19-4c4b-93e7-c4cada17018c/add_router_interface 2.136s
2025-03-21 08:50:22.336 68650 INFO tempest.lib.common.dynamic_creds [-] Created isolated network resources for: credentials: Credentials: {'domain_id': 'default', 'domain_name': 'Default', 'username': 'tempest-ServersAdminTestJSON-427761339-project-member', 'project_domain_id': 'default', 'project_domain_name': 'Default', 'project_id': '4c59bc3963e24d64a30418c611423e7c', 'project_name': 'tempest-ServersAdminTestJSON-427761339', 'tenant_id': '4c59bc3963e24d64a30418c611423e7c', 'tenant_name': 'tempest-ServersAdminTestJSON-427761339', 'user_domain_id': 'default', 'user_domain_name': 'Default', 'user_id': 'd2e5ed800ec4445ea2c84f7f789538b4', 'system': None}, Network: {'id': '2bfffd6a-2680-4dce-8bfd-a145d232c2d6', 'name': 'tempest-ServersAdminTestJSON-2064054471-network', 'tenant_id': '4c59bc3963e24d64a30418c611423e7c', 'admin_state_up': True, 'mtu': 8950, 'status': 'ACTIVE', 'subnets': [], 'shared': False, 'project_id': '4c59bc3963e24d64a30418c611423e7c', 'port_security_enabled': True, 'router:external': False, 'provider:network_type': 'vlan', 'provider:physical_network': 'default', 'provider:segmentation_id': 532, 'availability_zone_hints': [], 'availability_zones': [], 'ipv4_address_scope': None, 'ipv6_address_scope': None, 'description': '', 'tags': [], 'created_at': '2025-03-21T08:50:18Z', 'updated_at': '2025-03-21T08:50:18Z', 'revision_number': 1}, Subnet: {'id': '83ce1f12-125b-4c5e-af96-ebffc6b8aea5', 'name': 'tempest-ServersAdminTestJSON-2064054471-subnet', 'tenant_id': '4c59bc3963e24d64a30418c611423e7c', 'network_id': '2bfffd6a-2680-4dce-8bfd-a145d232c2d6', 'ip_version': 4, 'subnetpool_id': None, 'enable_dhcp': True, 'ipv6_ra_mode': None, 'ipv6_address_mode': None, 'gateway_ip': '192.168.128.1', 'cidr': '192.168.128.0/28', 'allocation_pools': [{'start': '192.168.128.2', 'end': '192.168.128.14'}], 'host_routes': [], 'dns_nameservers': [], 'description': '', 'router:external': False, 'service_types': [], 'tags': [], 'created_at': '2025-03-21T08:50:18Z', 'updated_at': '2025-03-21T08:50:18Z', 'revision_number': 0, 'project_id': '4c59bc3963e24d64a30418c611423e7c'}, Router: {'id': 'ff4de6ab-2f19-4c4b-93e7-c4cada17018c', 'name': 'tempest-ServersAdminTestJSON-2064054471-router', 'tenant_id': '4c59bc3963e24d64a30418c611423e7c', 'admin_state_up': True, 'status': 'ACTIVE', 'external_gateway_info': {'network_id': 'e6695aad-765b-4f72-a9f7-d241017388a1', 'external_fixed_ips': [{'subnet_id': '53f2696e-1545-4f24-a67a-c0e205a5e2ee', 'ip_address': '10.180.180.165'}], 'enable_snat': True}, 'description': '', 'availability_zones': [], 'distributed': False, 'ha': False, 'availability_zone_hints': [], 'routes': [], 'flavor_id': None, 'tags': [], 'created_at': '2025-03-21T08:50:19Z', 'updated_at': '2025-03-21T08:50:19Z', 'revision_number': 2, 'project_id': '4c59bc3963e24d64a30418c611423e7c'}
2025-03-21 08:50:22.369 68646 INFO tempest.lib.common.rest_client [req-4ca52f6f-be72-47d8-8318-897d331cdefb req-4ca52f6f-be72-47d8-8318-897d331cdefb ] Request (ListImagesTestJSON:tearDownClass): 204 DELETE http://10.180.1.21/identity/v3/users/6b0d3afa36424b73bce8a74a0844ad20 0.113s
2025-03-21 08:50:22.369 68646 INFO tempest.lib.common.dynamic_creds [-] Deleting project and security group for project: 86c3de842b0e4020a7a700c7da3b03be
2025-03-21 08:50:22.406 68694 INFO tempest.lib.common.rest_client [req-5c541a22-e844-4827-a273-c7c843707518 req-5c541a22-e844-4827-a273-c7c843707518 ] Request (ServerActionsTestJSON:setUpClass): 200 POST http://10.180.1.21/compute/v2.1/os-keypairs 3.587s
2025-03-21 08:50:22.438 68698 INFO tempest.lib.common.rest_client [req-b4a4d5a7-3a8b-451f-991a-0fce717fc8b4 req-b4a4d5a7-3a8b-451f-991a-0fce717fc8b4 ] Request (ServersAdminNegativeTestJSON:test_migrate_server_invalid_state): 202 POST http://10.180.1.21/compute/v2.1/servers 4.330s
2025-03-21 08:50:22.443 68650 INFO tempest.lib.common.rest_client [req-c8a7bf56-d01a-45b8-a41e-43f34c6b00ef req-c8a7bf56-d01a-45b8-a41e-43f34c6b00ef ] Request (ServersAdminTestJSON:setUpClass): 201 POST http://10.180.1.21/identity/v3/auth/tokens 0.102s
2025-03-21 08:50:22.444 68646 INFO tempest.lib.common.rest_client [req-aa9fdce9-a2c1-4040-b8bf-1d059d9e04ee req-aa9fdce9-a2c1-4040-b8bf-1d059d9e04ee ] Request (ListImagesTestJSON:tearDownClass): 201 POST http://10.180.1.21/identity/v3/auth/tokens 0.075s
2025-03-21 08:50:22.472 68686 INFO tempest.lib.common.rest_client [req-bac6b0e3-5373-4ab2-b9a1-5cdf30f411da req-bac6b0e3-5373-4ab2-b9a1-5cdf30f411da ] Request (QuotaClassesAdminTestJSON:tearDownClass): 200 GET http://10.180.1.21:9696/networking/v2.0/security-groups?tenant_id=793b4ded660c4b6a96f37ef188d93ce5&name=default 0.209s
2025-03-21 08:50:22.498 68650 INFO tempest.lib.common.rest_client [req-a74747c7-649b-44cc-8c30-d942bc1b535d req-a74747c7-649b-44cc-8c30-d942bc1b535d ] Request (ServersAdminTestJSON:setUpClass): 201 POST http://10.180.1.21/identity/v3/projects 0.054s
2025-03-21 08:50:22.514 68696 INFO tempest.lib.common.rest_client [req-01ed348a-9316-4e67-bbe8-d9db95159d01 req-01ed348a-9316-4e67-bbe8-d9db95159d01 ] Request (ServersAdmin275Test:_run_cleanups): 200 GET http://10.180.1.21/compute/v2.1/servers/8539613d-0767-458d-a1b5-d7384409b46c 3.343s
2025-03-21 08:50:22.578 68650 INFO tempest.lib.common.rest_client [req-08275b54-0e82-4395-8af8-94d6fa86e0eb req-08275b54-0e82-4395-8af8-94d6fa86e0eb ] Request (ServersAdminTestJSON:setUpClass): 201 POST http://10.180.1.21/identity/v3/users 0.079s
2025-03-21 08:50:22.585 68648 INFO tempest.lib.common.rest_client [req-1c30600e-86ad-4bec-99a2-ecfa5373da42 req-1c30600e-86ad-4bec-99a2-ecfa5373da42 ] Request (VolumesAdminNegativeTest:test_update_attached_volume_with_nonexistent_volume_in_body): 200 GET http://10.180.1.21/compute/v2.1/servers/51e92baa-01a8-4d09-b531-18d958cc5c29 3.325s
2025-03-21 08:50:22.608 68650 INFO tempest.lib.common.rest_client [req-58a71140-5e62-432f-8f70-fc60f5982d56 req-58a71140-5e62-432f-8f70-fc60f5982d56 ] Request (ServersAdminTestJSON:setUpClass): 200 GET http://10.180.1.21/identity/v3/roles 0.029s
2025-03-21 08:50:22.623 68694 INFO tempest.lib.common.rest_client [req-1912d9db-1c84-4547-9ccd-b86014f26d7e req-1912d9db-1c84-4547-9ccd-b86014f26d7e ] Request (ServerActionsTestJSON:setUpClass): 201 POST http://10.180.1.21:9696/networking/v2.0/security-groups 0.214s
2025-03-21 08:50:22.643 68650 INFO tempest.lib.common.rest_client [req-f5726def-07b9-4978-ad46-110180bbf16e req-f5726def-07b9-4978-ad46-110180bbf16e ] Request (ServersAdminTestJSON:setUpClass): 204 PUT http://10.180.1.21/identity/v3/projects/7d9ddcc6ab4f4f5e9e23f1b7ca040869/users/1ff4749df62343e68c31b4ddc6312973/roles/45f2a8a676104eb9b9882ee27fbef08d 0.035s
2025-03-21 08:50:22.655 68666 INFO tempest.lib.common.rest_client [req-cada0668-461d-4b63-94e2-173efe250ac9 req-cada0668-461d-4b63-94e2-173efe250ac9 ] Request (InstanceActionsNegativeTestJSON:setUpClass): 200 GET http://10.180.1.21/compute/v2.1/servers/813b0194-de4b-402c-9459-16a560923d81 3.342s
2025-03-21 08:50:22.665 68666 INFO tempest.common.waiters [-] State transition "BUILD/scheduling" ==> "ERROR/None" after 21 second wait
2025-03-21 08:50:22.707 68660 INFO tempest.lib.common.rest_client [req-14da59ae-fb8a-4ac2-9b23-0789ad4e621b req-14da59ae-fb8a-4ac2-9b23-0789ad4e621b ] Request (ServerRescueTestJSONUnderV235:setUpClass): 200 GET http://10.180.1.21/compute/v2.1/servers/ac393da9-0edb-4774-a838-111f5078b794 3.507s
2025-03-21 08:50:22.709 68686 INFO tempest.lib.common.rest_client [req-6afb8e79-70bb-4176-b4f8-50efbc7cf1be req-6afb8e79-70bb-4176-b4f8-50efbc7cf1be ] Request (QuotaClassesAdminTestJSON:tearDownClass): 204 DELETE http://10.180.1.21:9696/networking/v2.0/security-groups/f948acc1-c919-46ec-a74f-be7ceb8ba98b 0.236s
2025-03-21 08:50:22.712 68650 INFO tempest.lib.common.rest_client [req-7c5efb19-52fd-4205-a122-73d68e83b14e req-7c5efb19-52fd-4205-a122-73d68e83b14e ] Request (ServersAdminTestJSON:setUpClass): 200 GET http://10.180.1.21/identity/v3/roles 0.068s
2025-03-21 08:50:22.713 68664 INFO tempest.lib.common.rest_client [req-aed4dbd1-4ce1-4cc4-956c-fefb4f7bc22f req-aed4dbd1-4ce1-4cc4-956c-fefb4f7bc22f ] Request (ServerDiskConfigTestJSON:test_rebuild_server_with_auto_disk_config): 200 GET http://10.180.1.21/compute/v2.1/servers/fd9b53c1-8fad-4271-b0b0-71cb00e9e66a 3.107s
2025-03-21 08:50:22.716 68660 INFO tempest.common.waiters [-] State transition "BUILD/None" ==> "BUILD/spawning" after 17 second wait
2025-03-21 08:50:22.743 68650 INFO tempest.lib.common.rest_client [req-2889a9bb-9c72-4885-ac9f-0cac6cb48379 req-2889a9bb-9c72-4885-ac9f-0cac6cb48379 ] Request (ServersAdminTestJSON:setUpClass): 204 PUT http://10.180.1.21/identity/v3/projects/7d9ddcc6ab4f4f5e9e23f1b7ca040869/users/1ff4749df62343e68c31b4ddc6312973/roles/45f2a8a676104eb9b9882ee27fbef08d 0.031s
2025-03-21 08:50:22.744 68650 INFO tempest.lib.common.dynamic_creds [-] Dynamic test user 1ff4749df62343e68c31b4ddc6312973 is created with scope project and roles: ['admin']
2025-03-21 08:50:22.744 68650 INFO tempest.lib.common.dynamic_creds [-] Acquired dynamic creds: credentials: Credentials: {'domain_id': 'default', 'domain_name': 'Default', 'username': 'tempest-ServersAdminTestJSON-357702638-project-admin', 'project_domain_id': 'default', 'project_domain_name': 'Default', 'project_id': '7d9ddcc6ab4f4f5e9e23f1b7ca040869', 'project_name': 'tempest-ServersAdminTestJSON-357702638', 'tenant_id': '7d9ddcc6ab4f4f5e9e23f1b7ca040869', 'tenant_name': 'tempest-ServersAdminTestJSON-357702638', 'user_domain_id': 'default', 'user_domain_name': 'Default', 'user_id': '1ff4749df62343e68c31b4ddc6312973', 'system': None}, Network: None, Subnet: None, Router: None
2025-03-21 08:50:22.749 68694 INFO tempest.lib.common.rest_client [req-ed39f5c6-0290-44c8-8aff-7a3b6cdd0b40 req-ed39f5c6-0290-44c8-8aff-7a3b6cdd0b40 ] Request (ServerActionsTestJSON:setUpClass): 201 POST http://10.180.1.21:9696/networking/v2.0/security-group-rules 0.125s
2025-03-21 08:50:22.780 68686 INFO tempest.lib.common.rest_client [req-c9e118ac-3a2b-46f9-89e8-9ab88795dbbc req-c9e118ac-3a2b-46f9-89e8-9ab88795dbbc ] Request (QuotaClassesAdminTestJSON:tearDownClass): 204 DELETE http://10.180.1.21/identity/v3/projects/793b4ded660c4b6a96f37ef188d93ce5 0.070s
2025-03-21 08:50:22.804 68684 INFO tempest.lib.common.rest_client [req-2574a4c1-a1ba-42d7-8789-a105e2f90a77 req-2574a4c1-a1ba-42d7-8789-a105e2f90a77 ] Request (ServersNegativeTestJSON:setUpClass): 200 GET http://10.180.1.21/compute/v2.1/servers/ed7ba056-8b06-48f9-89a6-1ec01059baf6 3.110s
2025-03-21 08:50:22.830 68680 INFO tempest.lib.common.rest_client [req-339a9182-4a4a-4bbe-b529-3ab59dcf5e0c req-339a9182-4a4a-4bbe-b529-3ab59dcf5e0c ] Request (ServerDiagnosticsV248Test:tearDownClass): 204 DELETE http://10.180.1.21/compute/v2.1/servers/87b91f94-2bac-4579-8c0c-8760ed9e1fa5 3.116s
2025-03-21 08:50:22.840 68646 INFO tempest.lib.common.rest_client [req-cb6ebf48-0e69-4b82-878b-e97dd0ef4ee0 req-cb6ebf48-0e69-4b82-878b-e97dd0ef4ee0 ] Request (ListImagesTestJSON:tearDownClass): 200 GET http://10.180.1.21:9696/networking/v2.0/security-groups?tenant_id=86c3de842b0e4020a7a700c7da3b03be&name=default 0.395s
2025-03-21 08:50:22.877 68694 INFO tempest.lib.common.rest_client [req-f6f35b4d-1fef-42e8-978d-3920d218d589 req-f6f35b4d-1fef-42e8-978d-3920d218d589 ] Request (ServerActionsTestJSON:setUpClass): 201 POST http://10.180.1.21:9696/networking/v2.0/security-group-rules 0.128s
2025-03-21 08:50:22.881 68686 INFO tempest.lib.common.rest_client [req-0d2bdff9-4378-4232-aaf3-e8f14c65de03 req-0d2bdff9-4378-4232-aaf3-e8f14c65de03 ] Request (AttachInterfacesV270Test:setUpClass): 201 POST http://10.180.1.21/identity/v3/auth/tokens 0.099s
2025-03-21 08:50:22.910 68656 INFO tempest.lib.common.rest_client [req-5c1409b3-127d-4dfb-9dda-be1acf8aa5cb req-5c1409b3-127d-4dfb-9dda-be1acf8aa5cb ] Request (InstanceActionsTestJSON:setUpClass): 200 GET http://10.180.1.21/compute/v2.1/servers/b1b2c3c4-b5a6-404b-b130-7e95351b3384 3.083s
2025-03-21 08:50:22.932 68686 INFO tempest.lib.common.rest_client [req-96f6856f-0bb4-4ac7-89b4-cce6e8359110 req-96f6856f-0bb4-4ac7-89b4-cce6e8359110 ] Request (AttachInterfacesV270Test:setUpClass): 201 POST http://10.180.1.21/identity/v3/auth/tokens 0.049s
2025-03-21 08:50:22.956 68682 INFO tempest.lib.common.rest_client [req-8a12874f-cffb-476c-87e4-b36db255e8e9 req-8a12874f-cffb-476c-87e4-b36db255e8e9 ] Request (ServerDiagnosticsTest:tearDownClass): 204 DELETE http://10.180.1.21/compute/v2.1/servers/e1b4d207-bd27-4950-96e5-4b0906a8a726 2.269s
2025-03-21 08:50:22.974 68686 INFO tempest.lib.common.rest_client [req-55a635f7-a841-48c2-bdaf-be85221cd252 req-55a635f7-a841-48c2-bdaf-be85221cd252 ] Request (AttachInterfacesV270Test:setUpClass): 200 GET http://10.180.1.21/identity/v3/domains?name=Default 0.041s
2025-03-21 08:50:22.994 68688 INFO tempest.lib.common.rest_client [req-fdbf96b2-b35a-4f41-b035-02df4a1d13de req-fdbf96b2-b35a-4f41-b035-02df4a1d13de ] Request (ImagesOneServerTestJSON:setUpClass): 200 GET http://10.180.1.21/compute/v2.1/servers/c7cc17d4-0fa5-4dd4-95ec-f7321f780f9a 2.263s
2025-03-21 08:50:23.019 68646 INFO tempest.lib.common.rest_client [req-528e26e3-4968-4bcf-830a-2f3f87d6f894 req-528e26e3-4968-4bcf-830a-2f3f87d6f894 ] Request (ListImagesTestJSON:tearDownClass): 204 DELETE http://10.180.1.21:9696/networking/v2.0/security-groups/6dccd37e-3672-47a0-9f70-d2bdc8f5e611 0.178s
2025-03-21 08:50:23.028 68686 INFO tempest.lib.common.rest_client [req-9d116921-f588-4867-979a-2dffe6bd0dcb req-9d116921-f588-4867-979a-2dffe6bd0dcb ] Request (AttachInterfacesV270Test:setUpClass): 201 POST http://10.180.1.21/identity/v3/projects 0.053s
2025-03-21 08:50:23.111 68650 INFO tempest.lib.common.rest_client [req-dddc9d5d-61b4-40b3-907c-22cd542c1243 req-dddc9d5d-61b4-40b3-907c-22cd542c1243 ] Request (ServersAdminTestJSON:setUpClass): 201 POST http://10.180.1.21:9696/networking/v2.0/networks 0.367s
2025-03-21 08:50:23.128 68686 INFO tempest.lib.common.rest_client [req-6999b640-1773-42ba-a084-45b599aff94f req-6999b640-1773-42ba-a084-45b599aff94f ] Request (AttachInterfacesV270Test:setUpClass): 201 POST http://10.180.1.21/identity/v3/users 0.099s
2025-03-21 08:50:23.169 68668 INFO tempest.lib.common.rest_client [req-32e7fdff-44e4-46a8-a465-272a49876ab8 req-32e7fdff-44e4-46a8-a465-272a49876ab8 ] Request (FloatingIPsAssociationTestJSON:setUpClass): 200 GET http://10.180.1.21/compute/v2.1/servers/4256b43d-08ce-4818-abbf-c7ff3e603ca5 2.107s
2025-03-21 08:50:23.170 68646 INFO tempest.lib.common.rest_client [req-e86bbf02-3e82-4b1f-b309-c67b7c1acd00 req-e86bbf02-3e82-4b1f-b309-c67b7c1acd00 ] Request (ListImagesTestJSON:tearDownClass): 204 DELETE http://10.180.1.21/identity/v3/projects/86c3de842b0e4020a7a700c7da3b03be 0.151s
2025-03-21 08:50:23.208 68646 INFO tempest.lib.common.rest_client [req-c978336f-33f2-46bf-bc1b-c9a76000e349 req-c978336f-33f2-46bf-bc1b-c9a76000e349 ] Request (SecurityGroupsTestJSON:setUpClass): 201 POST http://10.180.1.21/identity/v3/auth/tokens 0.035s
2025-03-21 08:50:23.220 68686 INFO tempest.lib.common.rest_client [req-ab56a3bb-2c19-4596-a0dc-f8dc83bfa2d8 req-ab56a3bb-2c19-4596-a0dc-f8dc83bfa2d8 ] Request (AttachInterfacesV270Test:setUpClass): 200 GET http://10.180.1.21/identity/v3/roles 0.091s
2025-03-21 08:50:23.242 68646 INFO tempest.lib.common.rest_client [req-7676bbfa-e21f-4e1d-b731-cc743073ee2d req-7676bbfa-e21f-4e1d-b731-cc743073ee2d ] Request (SecurityGroupsTestJSON:setUpClass): 201 POST http://10.180.1.21/identity/v3/auth/tokens 0.031s
2025-03-21 08:50:23.268 68686 INFO tempest.lib.common.rest_client [req-1a85c2d9-f153-4d7d-baed-8c49aeab3936 req-1a85c2d9-f153-4d7d-baed-8c49aeab3936 ] Request (AttachInterfacesV270Test:setUpClass): 204 PUT http://10.180.1.21/identity/v3/projects/980dc8001cfc4c05b8a4dd85e5ed3d8a/users/ec58ca6c48c944f6bd4535934c3933f6/roles/ab07c5745d174535905990c79bc10d8d 0.048s
2025-03-21 08:50:23.269 68686 INFO tempest.lib.common.dynamic_creds [-] Dynamic test user ec58ca6c48c944f6bd4535934c3933f6 is created with scope project and roles: ['member']
2025-03-21 08:50:23.269 68686 INFO tempest.lib.common.dynamic_creds [-] Acquired dynamic creds: credentials: Credentials: {'domain_id': 'default', 'domain_name': 'Default', 'username': 'tempest-AttachInterfacesV270Test-1355131000-project-member', 'project_domain_id': 'default', 'project_domain_name': 'Default', 'project_id': '980dc8001cfc4c05b8a4dd85e5ed3d8a', 'project_name': 'tempest-AttachInterfacesV270Test-1355131000', 'tenant_id': '980dc8001cfc4c05b8a4dd85e5ed3d8a', 'tenant_name': 'tempest-AttachInterfacesV270Test-1355131000', 'user_domain_id': 'default', 'user_domain_name': 'Default', 'user_id': 'ec58ca6c48c944f6bd4535934c3933f6', 'system': None}, Network: None, Subnet: None, Router: None
2025-03-21 08:50:23.274 68646 INFO tempest.lib.common.rest_client [req-74c8eae9-55c0-4eef-a58d-df0a87f1f755 req-74c8eae9-55c0-4eef-a58d-df0a87f1f755 ] Request (SecurityGroupsTestJSON:setUpClass): 200 GET http://10.180.1.21/identity/v3/domains?name=Default 0.031s
