2025-03-21 08:52:06.649 68702 INFO tempest.lib.common.rest_client [req-400d3bc4-135b-4c29-bb25-89859c5bf3f8 req-400d3bc4-135b-4c29-bb25-89859c5bf3f8 ] Request (ServerActionsTestOtherA:setUpClass): 200 GET http://10.180.1.21/compute/v2.1/servers/5945078b-f11b-4503-8990-a8437c8f2627 0.067s
2025-03-21 08:52:06.672 68704 INFO tempest.lib.common.rest_client [req-368c0f63-6aba-447c-8cad-2f74c2217bb2 req-368c0f63-6aba-447c-8cad-2f74c2217bb2 ] Request (DeleteServersAdminTestJSON:test_delete_server_while_in_error_state): 404 GET http://10.180.1.21/compute/v2.1/servers/56c78323-0896-490c-aa51-f78ac2dcc2ec 0.022s
2025-03-21 08:52:06.694 68704 INFO tempest.lib.common.rest_client [req-8505088e-542e-4df0-8190-6c1d8d495915 req-8505088e-542e-4df0-8190-6c1d8d495915 ] Request (DeleteServersAdminTestJSON:tearDownClass): 404 DELETE http://10.180.1.21/compute/v2.1/servers/56c78323-0896-490c-aa51-f78ac2dcc2ec 0.020s
2025-03-21 08:52:06.728 68675 INFO tempest.lib.common.rest_client [req-0e2de146-2fd8-4240-ad11-a00bb8050ab9 req-0e2de146-2fd8-4240-ad11-a00bb8050ab9 ] Request (ImagesTestJSON:test_create_image_from_suspended_server): 200 GET http://10.180.1.21/compute/v2.1/images/ab6a4a39-7fb6-4be3-83c4-84c1318027cc 0.048s
2025-03-21 08:52:06.738 68668 INFO tempest.lib.common.rest_client [req-143d12b0-14ea-46f6-9cd6-ade710462bd1 req-143d12b0-14ea-46f6-9cd6-ade710462bd1 ] Request (FloatingIPsAssociationTestJSON:tearDownClass): 200 GET http://10.180.1.21/compute/v2.1/servers/13132757-b7a3-4d80-95d9-88055b8de318 0.059s
2025-03-21 08:52:06.747 68704 INFO tempest.lib.common.rest_client [req-5d3e4c5e-d5ee-4d92-88e4-458832eb594e req-5d3e4c5e-d5ee-4d92-88e4-458832eb594e ] Request (DeleteServersAdminTestJSON:tearDownClass): 404 GET http://10.180.1.21/compute/v2.1/servers/56c78323-0896-490c-aa51-f78ac2dcc2ec 0.053s
2025-03-21 08:52:06.766 68704 INFO tempest.lib.common.rest_client [req-0d71afb9-2062-4e2a-8caf-17b0427fd5f1 req-0d71afb9-2062-4e2a-8caf-17b0427fd5f1 ] Request (DeleteServersAdminTestJSON:tearDownClass): 404 DELETE http://10.180.1.21/compute/v2.1/servers/b89b8cf1-9f68-40ac-babe-5b20ae907a51 0.018s
2025-03-21 08:52:06.788 68704 INFO tempest.lib.common.rest_client [req-c0e529f2-0f56-4474-9727-0f23e9bc6a47 req-c0e529f2-0f56-4474-9727-0f23e9bc6a47 ] Request (DeleteServersAdminTestJSON:tearDownClass): 404 GET http://10.180.1.21/compute/v2.1/servers/b89b8cf1-9f68-40ac-babe-5b20ae907a51 0.022s
2025-03-21 08:52:06.842 68706 INFO tempest.lib.common.rest_client [req-edf62116-7bb4-4a4b-ae13-f3ce3abfb8b7 req-edf62116-7bb4-4a4b-ae13-f3ce3abfb8b7 ] Request (ListImageFiltersTestJSON:setUpClass): 200 GET http://10.180.1.21/compute/v2.1/servers/68cc5fba-76f0-428e-a5c1-0f4991243b32 0.053s
2025-03-21 08:52:06.843 68654 INFO tempest.lib.common.rest_client [req-8f0e8f19-cfa1-4589-86b3-32eb54e11429 req-8f0e8f19-cfa1-4589-86b3-32eb54e11429 ] Request (ServersListShow296Test:test_list_show_update_rebuild_server_296): 200 GET http://10.180.1.21/compute/v2.1/servers/cb7dac59-1165-4c86-b8e7-07330a7125b0 0.064s
2025-03-21 08:52:06.870 68704 INFO tempest.lib.common.rest_client [req-71a560d4-0d8b-4541-92ca-6ba569f3ee0f req-71a560d4-0d8b-4541-92ca-6ba569f3ee0f ] Request (DeleteServersAdminTestJSON:tearDownClass): 204 DELETE http://10.180.1.21/identity/v3/users/e37785f7a9c4436da3e34e1793a7281d 0.081s
2025-03-21 08:52:06.900 68688 INFO tempest.lib.common.rest_client [req-5f78ccf4-cbef-4418-b1de-bafd1a38d390 req-5f78ccf4-cbef-4418-b1de-bafd1a38d390 ] Request (ImagesOneServerTestJSON:tearDownClass): 200 GET http://10.180.1.21/compute/v2.1/servers/c7cc17d4-0fa5-4dd4-95ec-f7321f780f9a 0.055s
2025-03-21 08:52:06.920 68650 INFO tempest.lib.common.rest_client [req-6317e5c6-9099-43c6-a387-93aa55b80662 req-6317e5c6-9099-43c6-a387-93aa55b80662 ] Request (ServersAdminTestJSON:test_create_server_with_scheduling_hint): 200 GET http://10.180.1.21/compute/v2.1/servers/02d85b25-cc17-4a9e-a37b-8ffc449bf3be 0.053s
2025-03-21 08:52:06.959 68704 INFO tempest.lib.common.rest_client [req-96aa139a-22fe-4431-9ad9-4617efab9808 req-96aa139a-22fe-4431-9ad9-4617efab9808 ] Request (DeleteServersAdminTestJSON:tearDownClass): 204 DELETE http://10.180.1.21/identity/v3/users/5d1edcf869bf45afa83aee7f1020117c 0.089s
2025-03-21 08:52:06.960 68704 INFO tempest.lib.common.dynamic_creds [-] Deleting project and security group for project: c5c864391b9944dd9c7cd87b5515d192
2025-03-21 08:52:06.974 68658 INFO tempest.lib.common.rest_client [req-d3c33776-b284-4848-95bd-9eb537e5f715 req-d3c33776-b284-4848-95bd-9eb537e5f715 ] Request (ServersWithSpecificFlavorTestJSON:test_verify_created_server_ephemeral_disk): 200 GET http://10.180.1.21/compute/v2.1/servers/a6190545-bcc1-40c9-9505-0c1001a38cf2 0.049s
2025-03-21 08:52:06.993 68690 WARNING tempest.lib.common.ssh [-] Failed to establish authenticated ssh connection to cirros@10.180.180.248 ([Errno None] Unable to connect to port 22 on 10.180.180.248). Number attempts: 9. Retry after 10 seconds.: paramiko.ssh_exception.NoValidConnectionsError: [Errno None] Unable to connect to port 22 on 10.180.180.248
2025-03-21 08:52:06.994 68700 INFO tempest.lib.common.rest_client [req-3f753f01-34d3-404c-9522-87e2b2cf7bae req-3f753f01-34d3-404c-9522-87e2b2cf7bae ] Request (ServerPasswordTestJSON:setUpClass): 200 GET http://10.180.1.21/compute/v2.1/servers/a943e075-4ea2-4b2c-bd0e-503a3bf9a597 0.051s
2025-03-21 08:52:06.995 68652 INFO tempest.lib.common.rest_client [req-a7788808-0a9a-45fb-ba74-5a9eed408852 req-a7788808-0a9a-45fb-ba74-5a9eed408852 ] Request (VolumesAssistedSnapshotsTest:test_volume_assisted_snapshot_create_delete): 200 GET http://10.180.1.21/volume/v3/volumes/1984d8f1-232a-4db2-8cae-dbe8d4e43f24 0.030s
2025-03-21 08:52:07.018 68704 INFO tempest.lib.common.rest_client [req-b4f2d9ac-16b8-43ae-b29e-5ee6bcc3f71b req-b4f2d9ac-16b8-43ae-b29e-5ee6bcc3f71b ] Request (DeleteServersAdminTestJSON:tearDownClass): 201 POST http://10.180.1.21/identity/v3/auth/tokens 0.058s
2025-03-21 08:52:07.046 68664 INFO tempest.lib.common.rest_client [req-2b8604a0-9f79-426b-b440-2d18eeca77bf req-2b8604a0-9f79-426b-b440-2d18eeca77bf ] Request (ServerDiskConfigTestJSON:test_rebuild_server_with_manual_disk_config): 200 GET http://10.180.1.21/compute/v2.1/servers/4adc91ad-9992-4a21-b3cf-88e905004802 0.046s
2025-03-21 08:52:07.087 68704 INFO tempest.lib.common.rest_client [req-234926fa-d358-492b-8223-dea07b9e6873 req-234926fa-d358-492b-8223-dea07b9e6873 ] Request (DeleteServersAdminTestJSON:tearDownClass): 200 GET http://10.180.1.21:9696/networking/v2.0/security-groups?tenant_id=c5c864391b9944dd9c7cd87b5515d192&name=default 0.068s
2025-03-21 08:52:07.161 68704 INFO tempest.lib.common.rest_client [req-13fc9196-7f3c-45f6-adb3-e4401b2dd7f3 req-13fc9196-7f3c-45f6-adb3-e4401b2dd7f3 ] Request (DeleteServersAdminTestJSON:tearDownClass): 204 DELETE http://10.180.1.21:9696/networking/v2.0/security-groups/c6d84f8d-155f-4e9f-bc20-ec80e15c2c80 0.073s
2025-03-21 08:52:07.211 68682 INFO tempest.lib.common.rest_client [req-8c9d065e-1963-4587-acfc-f303354dc163 req-8c9d065e-1963-4587-acfc-f303354dc163 ] Request (FloatingIPsAssociationNegativeTestJSON:setUpClass): 200 GET http://10.180.1.21/compute/v2.1/servers/2d21e817-1705-474e-a95c-53c995f092a5 0.090s
2025-03-21 08:52:07.229 68704 INFO tempest.lib.common.rest_client [req-18e74f80-767e-4f01-83b8-e6698e9834f9 req-18e74f80-767e-4f01-83b8-e6698e9834f9 ] Request (DeleteServersAdminTestJSON:tearDownClass): 204 DELETE http://10.180.1.21/identity/v3/projects/c5c864391b9944dd9c7cd87b5515d192 0.067s
2025-03-21 08:52:07.229 68704 INFO tempest.lib.common.dynamic_creds [-] Deleting project and security group for project: ed1ff2dbf0934f11a15f9560c6e542fd
2025-03-21 08:52:07.257 68684 INFO tempest.lib.common.rest_client [req-8ef38bf0-c389-4dd2-a8c9-89a8aea0f0e0 req-8ef38bf0-c389-4dd2-a8c9-89a8aea0f0e0 ] Request (ServersNegativeTestJSON:setUpClass): 200 GET http://10.180.1.21/compute/v2.1/servers/ca014f7b-32ab-45ff-bed5-37bf1613ea2c 0.094s
2025-03-21 08:52:07.264 68684 INFO tempest.common.waiters [-] State transition "BUILD/spawning" ==> "ACTIVE/None" after 84 second wait
2025-03-21 08:52:07.283 68686 INFO tempest.lib.common.rest_client [req-901d1f73-ff70-462d-ade7-1838509fcdca req-901d1f73-ff70-462d-ade7-1838509fcdca ] Request (AttachInterfacesV270Test:tearDownClass): 200 GET http://10.180.1.21/compute/v2.1/servers/4ff567b6-958a-4e65-9fc4-e69dc1a52b31 0.095s
2025-03-21 08:52:07.305 68656 INFO tempest.lib.common.rest_client [req-aca9c82b-90ae-455a-bc9c-1b5ba18b5805 req-aca9c82b-90ae-455a-bc9c-1b5ba18b5805 ] Request (ServerGroupTestJSON:test_create_server_with_scheduler_hint_group): 200 GET http://10.180.1.21/compute/v2.1/servers/4b5df73e-f53c-43a1-8746-82b879b5d610 0.081s
2025-03-21 08:52:07.349 68696 INFO tempest.lib.common.rest_client [req-7186f4d0-e55e-4e00-83f6-511ef8a32d9b req-7186f4d0-e55e-4e00-83f6-511ef8a32d9b ] Request (ServerActionsV293TestJSON:setUpClass): 200 GET http://10.180.1.21/compute/v2.1/servers/d7acf762-bbcd-403a-afac-342a44f13a20 0.103s
2025-03-21 08:52:07.354 68704 INFO tempest.lib.common.rest_client [req-44d2cae6-5f12-4f74-8791-a3c9cee6e699 req-44d2cae6-5f12-4f74-8791-a3c9cee6e699 ] Request (DeleteServersAdminTestJSON:tearDownClass): 200 GET http://10.180.1.21:9696/networking/v2.0/security-groups?tenant_id=ed1ff2dbf0934f11a15f9560c6e542fd&name=default 0.124s
2025-03-21 08:52:07.395 68684 INFO tempest.lib.common.rest_client [req-b6c501b2-b220-4148-967e-742b64f0005a req-b6c501b2-b220-4148-967e-742b64f0005a ] Request (ServersNegativeTestJSON:setUpClass): 204 DELETE http://10.180.1.21/compute/v2.1/servers/ca014f7b-32ab-45ff-bed5-37bf1613ea2c 0.131s
2025-03-21 08:52:07.411 68662 INFO tempest.lib.common.rest_client [req-e8c9acbe-36eb-442f-a6e8-cee176fe2182 req-e8c9acbe-36eb-442f-a6e8-cee176fe2182 ] Request (ServerTagsTestJSON:setUpClass): 200 GET http://10.180.1.21/compute/v2.1/servers/473dc8e2-9d6f-43b9-be2d-d35408a88520 0.128s
2025-03-21 08:52:07.474 68698 INFO tempest.lib.common.rest_client [req-f6a65960-357f-41cf-a496-cd988ebce43b req-f6a65960-357f-41cf-a496-cd988ebce43b ] Request (ServersAdminNegativeTestJSON:tearDownClass): 200 GET http://10.180.1.21/compute/v2.1/servers/9c2ec464-c583-4c9a-a4e9-9c750c09b131 0.177s
2025-03-21 08:52:07.508 68704 INFO tempest.lib.common.rest_client [req-8c87f370-b7b6-425c-9251-6ccd7b0001b4 req-8c87f370-b7b6-425c-9251-6ccd7b0001b4 ] Request (DeleteServersAdminTestJSON:tearDownClass): 204 DELETE http://10.180.1.21:9696/networking/v2.0/security-groups/b0a683ae-b646-4bc8-8508-ab9481b37933 0.154s
2025-03-21 08:52:07.558 68684 INFO tempest.lib.common.rest_client [req-6e9e37d3-f37b-4ba3-b487-b3731901827c req-6e9e37d3-f37b-4ba3-b487-b3731901827c ] Request (ServersNegativeTestJSON:setUpClass): 200 GET http://10.180.1.21/compute/v2.1/servers/ca014f7b-32ab-45ff-bed5-37bf1613ea2c 0.162s
2025-03-21 08:52:07.638 68704 INFO tempest.lib.common.rest_client [req-566a2bd4-7adc-47fe-8d43-e899ed83cbf0 req-566a2bd4-7adc-47fe-8d43-e899ed83cbf0 ] Request (DeleteServersAdminTestJSON:tearDownClass): 204 DELETE http://10.180.1.21/identity/v3/projects/ed1ff2dbf0934f11a15f9560c6e542fd 0.129s
2025-03-21 08:52:07.666 68680 INFO tempest.lib.common.rest_client [req-db559160-cab5-4a34-9838-ea73958f72f4 req-db559160-cab5-4a34-9838-ea73958f72f4 ] Request (ImagesOneServerNegativeTestJSON:setUpClass): 200 GET http://10.180.1.21/compute/v2.1/servers/b7503f22-68fd-4ee1-b0dd-4535e0e293d0 0.123s
2025-03-21 08:52:07.666 68670 INFO tempest.lib.common.rest_client [req-7fb7f767-7681-47cb-8dff-b4cbfa5fb225 req-7fb7f767-7681-47cb-8dff-b4cbfa5fb225 ] Request (ServerExternalEventsTest:test_create_server_external_events): 200 GET http://10.180.1.21/compute/v2.1/servers/e2075ea3-b2db-4640-8057-46c014e8a071 0.106s
2025-03-21 08:52:07.722 68660 INFO tempest.lib.common.rest_client [req-56df7f03-c99a-4679-af73-97150f6b2fe9 req-56df7f03-c99a-4679-af73-97150f6b2fe9 ] Request (ServersTestJSON:test_create_server_specify_multibyte_character_name): 200 GET http://10.180.1.21/compute/v2.1/servers/bb66c99b-5e81-4473-99be-1bfedd3319dc 0.111s
2025-03-21 08:52:07.725 68704 INFO tempest.lib.common.rest_client [req-83d8ed38-99c9-4d9c-8db6-765387c20b1f req-83d8ed38-99c9-4d9c-8db6-765387c20b1f ] Request (FlavorsExtraSpecsTestJSON:setUpClass): 201 POST http://10.180.1.21/identity/v3/auth/tokens 0.086s
2025-03-21 08:52:07.732 68666 INFO tempest.lib.common.rest_client [req-80dc4344-6bf3-44c6-bdf7-cbbbe3bcafa8 req-80dc4344-6bf3-44c6-bdf7-cbbbe3bcafa8 ] Request (ServerAddressesNegativeTestJSON:tearDownClass): 200 GET http://10.180.1.21/compute/v2.1/servers/cfd2aa1c-2e24-4a73-9be5-ee5547618622 0.136s
2025-03-21 08:52:07.769 68704 INFO tempest.lib.common.rest_client [req-3f2779d1-55a2-43a5-9b9d-acbaed040a2d req-3f2779d1-55a2-43a5-9b9d-acbaed040a2d ] Request (FlavorsExtraSpecsTestJSON:setUpClass): 201 POST http://10.180.1.21/identity/v3/auth/tokens 0.040s
2025-03-21 08:52:07.782 68646 INFO tempest.lib.common.rest_client [req-61e50956-c747-4ae3-9337-4cdd276d2c1b req-61e50956-c747-4ae3-9337-4cdd276d2c1b ] Request (SecurityGroupsTestJSON:test_server_security_groups): 200 GET http://10.180.1.21/compute/v2.1/servers/e0acde58-0db2-4368-a8b9-986796ba11bc 0.139s
2025-03-21 08:52:07.787 68702 INFO tempest.lib.common.rest_client [req-70da5f0b-935d-4e6d-92e0-eb2003befc3e req-70da5f0b-935d-4e6d-92e0-eb2003befc3e ] Request (ServerActionsTestOtherA:setUpClass): 200 GET http://10.180.1.21/compute/v2.1/servers/5945078b-f11b-4503-8990-a8437c8f2627 0.130s
2025-03-21 08:52:07.810 68704 INFO tempest.lib.common.rest_client [req-a4b0ddda-4724-4c00-ab5e-c50733581a13 req-a4b0ddda-4724-4c00-ab5e-c50733581a13 ] Request (FlavorsExtraSpecsTestJSON:setUpClass): 200 GET http://10.180.1.21/identity/v3/domains?name=Default 0.041s
2025-03-21 08:52:07.822 68675 INFO tempest.lib.common.rest_client [req-0a6c3c2a-5427-452f-b6fc-27cbaf8f4763 req-0a6c3c2a-5427-452f-b6fc-27cbaf8f4763 ] Request (ImagesTestJSON:test_create_image_from_suspended_server): 200 GET http://10.180.1.21/compute/v2.1/images/ab6a4a39-7fb6-4be3-83c4-84c1318027cc 0.089s
2025-03-21 08:52:07.842 68704 INFO tempest.lib.common.rest_client [req-df3c20c7-f617-4c37-bbdc-c6d4c84a1e88 req-df3c20c7-f617-4c37-bbdc-c6d4c84a1e88 ] Request (FlavorsExtraSpecsTestJSON:setUpClass): 201 POST http://10.180.1.21/identity/v3/projects 0.031s
2025-03-21 08:52:07.849 68668 INFO tempest.lib.common.rest_client [req-d3f749a1-0214-4eb9-8dbb-8ea9aa682221 req-d3f749a1-0214-4eb9-8dbb-8ea9aa682221 ] Request (FloatingIPsAssociationTestJSON:tearDownClass): 200 GET http://10.180.1.21/compute/v2.1/servers/13132757-b7a3-4d80-95d9-88055b8de318 0.102s
2025-03-21 08:52:07.907 68704 INFO tempest.lib.common.rest_client [req-bb67f72f-bb99-4268-8f15-7345b57566bb req-bb67f72f-bb99-4268-8f15-7345b57566bb ] Request (FlavorsExtraSpecsTestJSON:setUpClass): 201 POST http://10.180.1.21/identity/v3/users 0.065s
2025-03-21 08:52:07.914 68706 INFO tempest.lib.common.rest_client [req-aca62f6d-d6ec-47d3-ad36-dd6c1fb95f50 req-aca62f6d-d6ec-47d3-ad36-dd6c1fb95f50 ] Request (ListImageFiltersTestJSON:setUpClass): 200 GET http://10.180.1.21/compute/v2.1/servers/68cc5fba-76f0-428e-a5c1-0f4991243b32 0.061s
2025-03-21 08:52:07.919 68654 INFO tempest.lib.common.rest_client [req-6e0c1e68-cfbe-4d3a-a56d-3015b36e5db9 req-6e0c1e68-cfbe-4d3a-a56d-3015b36e5db9 ] Request (ServersListShow296Test:test_list_show_update_rebuild_server_296): 200 GET http://10.180.1.21/compute/v2.1/servers/cb7dac59-1165-4c86-b8e7-07330a7125b0 0.065s
2025-03-21 08:52:07.933 68704 INFO tempest.lib.common.rest_client [req-66003edd-3c1f-477d-a4be-4022816baefa req-66003edd-3c1f-477d-a4be-4022816baefa ] Request (FlavorsExtraSpecsTestJSON:setUpClass): 200 GET http://10.180.1.21/identity/v3/roles 0.025s
2025-03-21 08:52:07.962 68704 INFO tempest.lib.common.rest_client [req-fb2ce164-5e05-4229-a461-af1ae0e25430 req-fb2ce164-5e05-4229-a461-af1ae0e25430 ] Request (FlavorsExtraSpecsTestJSON:setUpClass): 204 PUT http://10.180.1.21/identity/v3/projects/3cd4da34e879418aa1c1cffd1a30b2e6/users/f5e0d3677c7542bb83cd1841a608a573/roles/ab07c5745d174535905990c79bc10d8d 0.029s
2025-03-21 08:52:07.963 68704 INFO tempest.lib.common.dynamic_creds [-] Dynamic test user f5e0d3677c7542bb83cd1841a608a573 is created with scope project and roles: ['member']
2025-03-21 08:52:07.963 68704 INFO tempest.lib.common.dynamic_creds [-] Acquired dynamic creds: credentials: Credentials: {'domain_id': 'default', 'domain_name': 'Default', 'username': 'tempest-FlavorsExtraSpecsTestJSON-368196680-project-member', 'project_domain_id': 'default', 'project_domain_name': 'Default', 'project_id': '3cd4da34e879418aa1c1cffd1a30b2e6', 'project_name': 'tempest-FlavorsExtraSpecsTestJSON-368196680', 'tenant_id': '3cd4da34e879418aa1c1cffd1a30b2e6', 'tenant_name': 'tempest-FlavorsExtraSpecsTestJSON-368196680', 'user_domain_id': 'default', 'user_domain_name': 'Default', 'user_id': 'f5e0d3677c7542bb83cd1841a608a573', 'system': None}, Network: None, Subnet: None, Router: None
2025-03-21 08:52:07.963 68704 INFO tempest.lib.common.dynamic_creds [-] Created isolated network resources for: credentials: Credentials: {'domain_id': 'default', 'domain_name': 'Default', 'username': 'tempest-FlavorsExtraSpecsTestJSON-368196680-project-member', 'project_domain_id': 'default', 'project_domain_name': 'Default', 'project_id': '3cd4da34e879418aa1c1cffd1a30b2e6', 'project_name': 'tempest-FlavorsExtraSpecsTestJSON-368196680', 'tenant_id': '3cd4da34e879418aa1c1cffd1a30b2e6', 'tenant_name': 'tempest-FlavorsExtraSpecsTestJSON-368196680', 'user_domain_id': 'default', 'user_domain_name': 'Default', 'user_id': 'f5e0d3677c7542bb83cd1841a608a573', 'system': None}, Network: None, Subnet: None, Router: None
2025-03-21 08:52:07.980 68688 INFO tempest.lib.common.rest_client [req-c14f9343-7210-4b97-93fe-004ad0a72fad req-c14f9343-7210-4b97-93fe-004ad0a72fad ] Request (ImagesOneServerTestJSON:tearDownClass): 200 GET http://10.180.1.21/compute/v2.1/servers/c7cc17d4-0fa5-4dd4-95ec-f7321f780f9a 0.072s
2025-03-21 08:52:07.986 68650 INFO tempest.lib.common.rest_client [req-7fe8e0e3-58df-40f0-bd89-f521053ab08a req-7fe8e0e3-58df-40f0-bd89-f521053ab08a ] Request (ServersAdminTestJSON:test_create_server_with_scheduling_hint): 200 GET http://10.180.1.21/compute/v2.1/servers/02d85b25-cc17-4a9e-a37b-8ffc449bf3be 0.057s
2025-03-21 08:52:08.041 68704 INFO tempest.lib.common.rest_client [req-39536701-708b-4308-a3e3-2337b4180ae5 req-39536701-708b-4308-a3e3-2337b4180ae5 ] Request (FlavorsExtraSpecsTestJSON:setUpClass): 201 POST http://10.180.1.21/identity/v3/auth/tokens 0.075s
2025-03-21 08:52:08.041 68652 INFO tempest.lib.common.rest_client [req-2d4feaea-0336-4fe2-8659-1dc391d41b90 req-2d4feaea-0336-4fe2-8659-1dc391d41b90 ] Request (VolumesAssistedSnapshotsTest:test_volume_assisted_snapshot_create_delete): 200 GET http://10.180.1.21/volume/v3/volumes/1984d8f1-232a-4db2-8cae-dbe8d4e43f24 0.038s
2025-03-21 08:52:08.043 68658 INFO tempest.lib.common.rest_client [req-382f34ce-e7c5-4bd1-b938-af4841b76898 req-382f34ce-e7c5-4bd1-b938-af4841b76898 ] Request (ServersWithSpecificFlavorTestJSON:test_verify_created_server_ephemeral_disk): 200 GET http://10.180.1.21/compute/v2.1/servers/a6190545-bcc1-40c9-9505-0c1001a38cf2 0.062s
2025-03-21 08:52:08.062 68700 INFO tempest.lib.common.rest_client [req-39d0a89e-8b3f-46e3-bd5c-acfe91c58bbb req-39d0a89e-8b3f-46e3-bd5c-acfe91c58bbb ] Request (ServerPasswordTestJSON:setUpClass): 200 GET http://10.180.1.21/compute/v2.1/servers/a943e075-4ea2-4b2c-bd0e-503a3bf9a597 0.059s
2025-03-21 08:52:08.109 68664 INFO tempest.lib.common.rest_client [req-06fb748c-4247-4271-a542-59cf4ca75bb8 req-06fb748c-4247-4271-a542-59cf4ca75bb8 ] Request (ServerDiskConfigTestJSON:test_rebuild_server_with_manual_disk_config): 200 GET http://10.180.1.21/compute/v2.1/servers/4adc91ad-9992-4a21-b3cf-88e905004802 0.055s
2025-03-21 08:52:08.112 68704 INFO tempest.lib.common.rest_client [req-62383fea-5558-4e15-8cd7-28aa4aa6a8df req-62383fea-5558-4e15-8cd7-28aa4aa6a8df ] Request (FlavorsExtraSpecsTestJSON:setUpClass): 201 POST http://10.180.1.21/identity/v3/projects 0.070s
2025-03-21 08:52:08.182 68704 INFO tempest.lib.common.rest_client [req-e380197b-98ff-44e8-8f72-3ae73f524ed8 req-e380197b-98ff-44e8-8f72-3ae73f524ed8 ] Request (FlavorsExtraSpecsTestJSON:setUpClass): 201 POST http://10.180.1.21/identity/v3/users 0.069s
2025-03-21 08:52:08.202 68704 INFO tempest.lib.common.rest_client [req-4ee6dc10-024e-498f-ba58-0fb65f296900 req-4ee6dc10-024e-498f-ba58-0fb65f296900 ] Request (FlavorsExtraSpecsTestJSON:setUpClass): 200 GET http://10.180.1.21/identity/v3/roles 0.019s
2025-03-21 08:52:08.227 68704 INFO tempest.lib.common.rest_client [req-9f3aaba1-3249-4528-9079-709e9c369f9a req-9f3aaba1-3249-4528-9079-709e9c369f9a ] Request (FlavorsExtraSpecsTestJSON:setUpClass): 204 PUT http://10.180.1.21/identity/v3/projects/b44eb33835074f00a80eee6aef37bf4b/users/3060c0a26db8439ab5b9891a6511cffe/roles/45f2a8a676104eb9b9882ee27fbef08d 0.025s
2025-03-21 08:52:08.281 68704 INFO tempest.lib.common.rest_client [req-7234894f-cd03-4379-994f-9df94d5b8513 req-7234894f-cd03-4379-994f-9df94d5b8513 ] Request (FlavorsExtraSpecsTestJSON:setUpClass): 200 GET http://10.180.1.21/identity/v3/roles 0.053s
2025-03-21 08:52:08.306 68704 INFO tempest.lib.common.rest_client [req-6dba0118-4361-4402-a3ca-2d68df20d46c req-6dba0118-4361-4402-a3ca-2d68df20d46c ] Request (FlavorsExtraSpecsTestJSON:setUpClass): 204 PUT http://10.180.1.21/identity/v3/projects/b44eb33835074f00a80eee6aef37bf4b/users/3060c0a26db8439ab5b9891a6511cffe/roles/45f2a8a676104eb9b9882ee27fbef08d 0.025s
2025-03-21 08:52:08.306 68704 INFO tempest.lib.common.dynamic_creds [-] Dynamic test user 3060c0a26db8439ab5b9891a6511cffe is created with scope project and roles: ['admin']
2025-03-21 08:52:08.306 68704 INFO tempest.lib.common.dynamic_creds [-] Acquired dynamic creds: credentials: Credentials: {'domain_id': 'default', 'domain_name': 'Default', 'username': 'tempest-FlavorsExtraSpecsTestJSON-1036938270-project-admin', 'project_domain_id': 'default', 'project_domain_name': 'Default', 'project_id': 'b44eb33835074f00a80eee6aef37bf4b', 'project_name': 'tempest-FlavorsExtraSpecsTestJSON-1036938270', 'tenant_id': 'b44eb33835074f00a80eee6aef37bf4b', 'tenant_name': 'tempest-FlavorsExtraSpecsTestJSON-1036938270', 'user_domain_id': 'default', 'user_domain_name': 'Default', 'user_id': '3060c0a26db8439ab5b9891a6511cffe', 'system': None}, Network: None, Subnet: None, Router: None
2025-03-21 08:52:08.306 68704 INFO tempest.lib.common.dynamic_creds [-] Created isolated network resources for: credentials: Credentials: {'domain_id': 'default', 'domain_name': 'Default', 'username': 'tempest-FlavorsExtraSpecsTestJSON-1036938270-project-admin', 'project_domain_id': 'default', 'project_domain_name': 'Default', 'project_id': 'b44eb33835074f00a80eee6aef37bf4b', 'project_name': 'tempest-FlavorsExtraSpecsTestJSON-1036938270', 'tenant_id': 'b44eb33835074f00a80eee6aef37bf4b', 'tenant_name': 'tempest-FlavorsExtraSpecsTestJSON-1036938270', 'user_domain_id': 'default', 'user_domain_name': 'Default', 'user_id': '3060c0a26db8439ab5b9891a6511cffe', 'system': None}, Network: None, Subnet: None, Router: None
2025-03-21 08:52:08.309 68648 WARNING tempest.lib.common.ssh [-] Failed to establish authenticated ssh connection to cirros@10.180.180.227 ([Errno None] Unable to connect to port 22 on 10.180.180.227). Number attempts: 9. Retry after 10 seconds.: paramiko.ssh_exception.NoValidConnectionsError: [Errno None] Unable to connect to port 22 on 10.180.180.227
2025-03-21 08:52:08.330 68682 INFO tempest.lib.common.rest_client [req-113511a2-402f-4f47-bd32-5ae42a65a450 req-113511a2-402f-4f47-bd32-5ae42a65a450 ] Request (FloatingIPsAssociationNegativeTestJSON:setUpClass): 200 GET http://10.180.1.21/compute/v2.1/servers/2d21e817-1705-474e-a95c-53c995f092a5 0.109s
2025-03-21 08:52:08.386 68656 INFO tempest.lib.common.rest_client [req-e75a7a9e-da4b-4da8-a64c-ebfa16ad891c req-e75a7a9e-da4b-4da8-a64c-ebfa16ad891c ] Request (ServerGroupTestJSON:test_create_server_with_scheduler_hint_group): 200 GET http://10.180.1.21/compute/v2.1/servers/4b5df73e-f53c-43a1-8746-82b879b5d610 0.073s
2025-03-21 08:52:08.400 68686 INFO tempest.lib.common.rest_client [req-bf1266ff-6ae0-4e81-8de1-a1537dad1c56 req-bf1266ff-6ae0-4e81-8de1-a1537dad1c56 ] Request (AttachInterfacesV270Test:tearDownClass): 200 GET http://10.180.1.21/compute/v2.1/servers/4ff567b6-958a-4e65-9fc4-e69dc1a52b31 0.106s
2025-03-21 08:52:08.413 68704 INFO tempest.lib.common.rest_client [req-df7d0321-2e17-462b-8f12-811f850b99c7 req-df7d0321-2e17-462b-8f12-811f850b99c7 ] Request (FlavorsExtraSpecsTestJSON:setUpClass): 201 POST http://10.180.1.21/identity/v3/auth/tokens 0.103s
2025-03-21 08:52:08.444 68696 INFO tempest.lib.common.rest_client [req-6a4479b0-dae2-496d-882f-346228fce7ab req-6a4479b0-dae2-496d-882f-346228fce7ab ] Request (ServerActionsV293TestJSON:setUpClass): 200 GET http://10.180.1.21/compute/v2.1/servers/d7acf762-bbcd-403a-afac-342a44f13a20 0.083s
2025-03-21 08:52:08.453 68696 INFO tempest.common.waiters [-] State transition "BUILD/scheduling" ==> "BUILD/None" after 38 second wait
2025-03-21 08:52:08.495 68662 INFO tempest.lib.common.rest_client [req-b9a5070a-54f6-420a-82f1-bb973af6677e req-b9a5070a-54f6-420a-82f1-bb973af6677e ] Request (ServerTagsTestJSON:setUpClass): 200 GET http://10.180.1.21/compute/v2.1/servers/473dc8e2-9d6f-43b9-be2d-d35408a88520 0.072s
2025-03-21 08:52:08.505 68704 INFO tempest.lib.common.rest_client [req-abd77b9c-be8a-4541-814e-51d417cd4cb0 req-abd77b9c-be8a-4541-814e-51d417cd4cb0 ] Request (FlavorsExtraSpecsTestJSON:setUpClass): 200 POST http://10.180.1.21/compute/v2.1/flavors 0.091s
2025-03-21 08:52:08.537 68704 INFO tempest.lib.common.rest_client [req-30418034-b17c-4d35-bbdd-a96c783718d5 req-30418034-b17c-4d35-bbdd-a96c783718d5 ] Request (FlavorsExtraSpecsTestJSON:test_flavor_non_admin_get_all_keys): 200 POST http://10.180.1.21/compute/v2.1/flavors/168456665/os-extra_specs 0.030s
2025-03-21 08:52:08.554 68698 INFO tempest.lib.common.rest_client [req-3567b607-9575-47cc-8eb2-d176ccebcec2 req-3567b607-9575-47cc-8eb2-d176ccebcec2 ] Request (ServersAdminNegativeTestJSON:tearDownClass): 200 GET http://10.180.1.21/compute/v2.1/servers/9c2ec464-c583-4c9a-a4e9-9c750c09b131 0.068s
2025-03-21 08:52:08.599 68704 INFO tempest.lib.common.rest_client [req-91eb6fb7-3e9c-469b-befd-621d786ff237 req-91eb6fb7-3e9c-469b-befd-621d786ff237 ] Request (FlavorsExtraSpecsTestJSON:test_flavor_non_admin_get_all_keys): 200 GET http://10.180.1.21/compute/v2.1/flavors/168456665/os-extra_specs 0.060s
2025-03-21 08:52:08.625 68704 INFO tempest.lib.common.rest_client [req-cf1050ab-772a-4904-956c-d39e6d51f1a4 req-cf1050ab-772a-4904-956c-d39e6d51f1a4 ] Request (FlavorsExtraSpecsTestJSON:test_flavor_non_admin_get_specific_key): 200 POST http://10.180.1.21/compute/v2.1/flavors/168456665/os-extra_specs 0.024s
2025-03-21 08:52:08.645 68704 INFO tempest.lib.common.rest_client [req-e2caf826-bad9-48d9-b413-da3993c9b494 req-e2caf826-bad9-48d9-b413-da3993c9b494 ] Request (FlavorsExtraSpecsTestJSON:test_flavor_non_admin_get_specific_key): 200 GET http://10.180.1.21/compute/v2.1/flavors/168456665/os-extra_specs/hw:numa_nodes 0.019s
2025-03-21 08:52:08.668 68704 INFO tempest.lib.common.rest_client [req-b6a5ca11-5d13-4097-8dd6-a1fa9c438b29 req-b6a5ca11-5d13-4097-8dd6-a1fa9c438b29 ] Request (FlavorsExtraSpecsTestJSON:test_flavor_set_get_update_show_unset_keys): 200 POST http://10.180.1.21/compute/v2.1/flavors/168456665/os-extra_specs 0.020s
2025-03-21 08:52:08.681 68704 INFO tempest.lib.common.rest_client [req-973c5c16-f87f-4d01-a1d8-ecf5575eceb3 req-973c5c16-f87f-4d01-a1d8-ecf5575eceb3 ] Request (FlavorsExtraSpecsTestJSON:test_flavor_set_get_update_show_unset_keys): 200 GET http://10.180.1.21/compute/v2.1/flavors/168456665/os-extra_specs 0.012s
2025-03-21 08:52:08.743 68684 INFO tempest.lib.common.rest_client [req-17a33f05-7b77-442d-b411-cfc6109b5060 req-17a33f05-7b77-442d-b411-cfc6109b5060 ] Request (ServersNegativeTestJSON:setUpClass): 200 GET http://10.180.1.21/compute/v2.1/servers/ca014f7b-32ab-45ff-bed5-37bf1613ea2c 0.175s
2025-03-21 08:52:08.770 68670 INFO tempest.lib.common.rest_client [req-45e22f28-1fa2-4427-bbcc-07953bcc9873 req-45e22f28-1fa2-4427-bbcc-07953bcc9873 ] Request (ServerExternalEventsTest:test_create_server_external_events): 200 GET http://10.180.1.21/compute/v2.1/servers/e2075ea3-b2db-4640-8057-46c014e8a071 0.095s
2025-03-21 08:52:08.779 68670 INFO tempest.common.waiters [-] State transition "BUILD/spawning" ==> "ACTIVE/None" after 84 second wait
2025-03-21 08:52:08.788 68704 INFO tempest.lib.common.rest_client [req-8ed3ef10-c695-4afb-8047-65005101558d req-8ed3ef10-c695-4afb-8047-65005101558d ] Request (FlavorsExtraSpecsTestJSON:test_flavor_set_get_update_show_unset_keys): 200 PUT http://10.180.1.21/compute/v2.1/flavors/168456665/os-extra_specs/hw:numa_nodes 0.105s
2025-03-21 08:52:08.827 68680 INFO tempest.lib.common.rest_client [req-c6c6ba0d-c548-47f6-983d-b88324bca836 req-c6c6ba0d-c548-47f6-983d-b88324bca836 ] Request (ImagesOneServerNegativeTestJSON:setUpClass): 200 GET http://10.180.1.21/compute/v2.1/servers/b7503f22-68fd-4ee1-b0dd-4535e0e293d0 0.152s
2025-03-21 08:52:08.833 68660 INFO tempest.lib.common.rest_client [req-bc761c53-f37c-417d-87ad-3f15f85d8746 req-bc761c53-f37c-417d-87ad-3f15f85d8746 ] Request (ServersTestJSON:test_create_server_specify_multibyte_character_name): 200 GET http://10.180.1.21/compute/v2.1/servers/bb66c99b-5e81-4473-99be-1bfedd3319dc 0.102s
2025-03-21 08:52:08.862 68694 WARNING tempest.lib.common.ssh [-] Failed to establish authenticated ssh connection to cirros@10.180.180.203 ([Errno None] Unable to connect to port 22 on 10.180.180.203). Number attempts: 7. Retry after 8 seconds.: paramiko.ssh_exception.NoValidConnectionsError: [Errno None] Unable to connect to port 22 on 10.180.180.203
2025-03-21 08:52:08.874 68666 INFO tempest.lib.common.rest_client [req-8250bd74-3114-450d-82ba-58c531cb6575 req-8250bd74-3114-450d-82ba-58c531cb6575 ] Request (ServerAddressesNegativeTestJSON:tearDownClass): 200 GET http://10.180.1.21/compute/v2.1/servers/cfd2aa1c-2e24-4a73-9be5-ee5547618622 0.131s
2025-03-21 08:52:08.883 68704 INFO tempest.lib.common.rest_client [req-5c710cbb-ebe7-4d56-bcf1-349db7da2e3e req-5c710cbb-ebe7-4d56-bcf1-349db7da2e3e ] Request (FlavorsExtraSpecsTestJSON:test_flavor_set_get_update_show_unset_keys): 200 GET http://10.180.1.21/compute/v2.1/flavors/168456665/os-extra_specs 0.093s
2025-03-21 08:52:08.901 68670 INFO tempest.lib.common.rest_client [req-e0a08559-fa84-4a8d-a0f4-6f676a096933 req-e0a08559-fa84-4a8d-a0f4-6f676a096933 ] Request (ServerExternalEventsTest:test_create_server_external_events): 200 POST http://10.180.1.21/compute/v2.1/os-server-external-events 0.122s
2025-03-21 08:52:08.926 68646 INFO tempest.lib.common.rest_client [req-b787d5eb-e75d-4745-924d-d63a889d9fb3 req-b787d5eb-e75d-4745-924d-d63a889d9fb3 ] Request (SecurityGroupsTestJSON:test_server_security_groups): 200 GET http://10.180.1.21/compute/v2.1/servers/e0acde58-0db2-4368-a8b9-986796ba11bc 0.132s
2025-03-21 08:52:08.945 68702 INFO tempest.lib.common.rest_client [req-e4b9813d-ccd7-4f22-9dfe-652bf9eedad6 req-e4b9813d-ccd7-4f22-9dfe-652bf9eedad6 ] Request (ServerActionsTestOtherA:setUpClass): 200 GET http://10.180.1.21/compute/v2.1/servers/5945078b-f11b-4503-8990-a8437c8f2627 0.151s
2025-03-21 08:52:08.957 68675 INFO tempest.lib.common.rest_client [req-20a34c7c-0fe3-43ad-997c-7aa283581695 req-20a34c7c-0fe3-43ad-997c-7aa283581695 ] Request (ImagesTestJSON:test_create_image_from_suspended_server): 200 GET http://10.180.1.21/compute/v2.1/images/ab6a4a39-7fb6-4be3-83c4-84c1318027cc 0.132s
2025-03-21 08:52:08.977 68704 INFO tempest.lib.common.rest_client [req-84d873f6-7992-4612-9275-c73cb1356ae9 req-84d873f6-7992-4612-9275-c73cb1356ae9 ] Request (FlavorsExtraSpecsTestJSON:test_flavor_set_get_update_show_unset_keys): 200 DELETE http://10.180.1.21/compute/v2.1/flavors/168456665/os-extra_specs/hw:numa_nodes 0.093s
2025-03-21 08:52:09.003 68668 INFO tempest.lib.common.rest_client [req-415adc77-8bb0-495c-a3e3-56259e44cd23 req-415adc77-8bb0-495c-a3e3-56259e44cd23 ] Request (FloatingIPsAssociationTestJSON:tearDownClass): 200 GET http://10.180.1.21/compute/v2.1/servers/13132757-b7a3-4d80-95d9-88055b8de318 0.147s
2025-03-21 08:52:09.044 68670 INFO tempest.lib.common.rest_client [req-0fe0923b-3fa6-410d-baa4-7f8e9727df22 req-0fe0923b-3fa6-410d-baa4-7f8e9727df22 ] Request (ServerExternalEventsTest:tearDownClass): 204 DELETE http://10.180.1.21/compute/v2.1/servers/e2075ea3-b2db-4640-8057-46c014e8a071 0.139s
2025-03-21 08:52:09.057 68706 INFO tempest.lib.common.rest_client [req-13f9dbe4-e59e-4233-8e6e-d83c2c156c9d req-13f9dbe4-e59e-4233-8e6e-d83c2c156c9d ] Request (ListImageFiltersTestJSON:setUpClass): 200 GET http://10.180.1.21/compute/v2.1/servers/68cc5fba-76f0-428e-a5c1-0f4991243b32 0.134s
2025-03-21 08:52:09.084 68652 INFO tempest.lib.common.rest_client [req-fa3f15df-9ad3-44eb-bcf9-72f379696c71 req-fa3f15df-9ad3-44eb-bcf9-72f379696c71 ] Request (VolumesAssistedSnapshotsTest:test_volume_assisted_snapshot_create_delete): 200 GET http://10.180.1.21/volume/v3/volumes/1984d8f1-232a-4db2-8cae-dbe8d4e43f24 0.031s
2025-03-21 08:52:09.090 68675 INFO tempest.lib.common.rest_client [req-0ff0b7bf-61c3-49f2-a2a8-3960a53801e2 req-0ff0b7bf-61c3-49f2-a2a8-3960a53801e2 ] Request (ImagesTestJSON:test_create_image_from_suspended_server): 200 GET http://10.180.1.21/compute/v2.1/images/ab6a4a39-7fb6-4be3-83c4-84c1318027cc 0.130s
2025-03-21 08:52:09.106 68704 INFO tempest.lib.common.rest_client [req-a303716f-b301-4b5d-99c9-8c1a0cd60c59 req-a303716f-b301-4b5d-99c9-8c1a0cd60c59 ] Request (FlavorsExtraSpecsTestJSON:test_flavor_set_get_update_show_unset_keys): 200 DELETE http://10.180.1.21/compute/v2.1/flavors/168456665/os-extra_specs/hw:cpu_policy 0.128s
2025-03-21 08:52:09.108 68654 INFO tempest.lib.common.rest_client [req-d0fbda88-754e-49c5-ae71-33e43ee49998 req-d0fbda88-754e-49c5-ae71-33e43ee49998 ] Request (ServersListShow296Test:test_list_show_update_rebuild_server_296): 200 GET http://10.180.1.21/compute/v2.1/servers/cb7dac59-1165-4c86-b8e7-07330a7125b0 0.176s
2025-03-21 08:52:09.117 68675 INFO tempest.lib.common.rest_client [req-8d3935e3-d46e-4088-b656-1828182ec548 req-8d3935e3-d46e-4088-b656-1828182ec548 ] Request (ImagesTestJSON:test_create_image_from_suspended_server): 200 GET http://10.180.1.21/image/v2/images/ab6a4a39-7fb6-4be3-83c4-84c1318027cc/tasks 0.023s
2025-03-21 08:52:09.158 68650 INFO tempest.lib.common.rest_client [req-179a81ed-ed0f-492c-badf-39bf2b2fcf2a req-179a81ed-ed0f-492c-badf-39bf2b2fcf2a ] Request (ServersAdminTestJSON:test_create_server_with_scheduling_hint): 200 GET http://10.180.1.21/compute/v2.1/servers/02d85b25-cc17-4a9e-a37b-8ffc449bf3be 0.161s
2025-03-21 08:52:09.169 68688 INFO tempest.lib.common.rest_client [req-f9439f76-f97f-44ef-8cd1-f177991c699d req-f9439f76-f97f-44ef-8cd1-f177991c699d ] Request (ImagesOneServerTestJSON:tearDownClass): 200 GET http://10.180.1.21/compute/v2.1/servers/c7cc17d4-0fa5-4dd4-95ec-f7321f780f9a 0.173s
2025-03-21 08:52:09.219 68658 INFO tempest.lib.common.rest_client [req-72019714-ca43-4389-a00d-b957c27d9d6c req-72019714-ca43-4389-a00d-b957c27d9d6c ] Request (ServersWithSpecificFlavorTestJSON:test_verify_created_server_ephemeral_disk): 200 GET http://10.180.1.21/compute/v2.1/servers/a6190545-bcc1-40c9-9505-0c1001a38cf2 0.166s
2025-03-21 08:52:09.267 68700 INFO tempest.lib.common.rest_client [req-6419d73b-6a1f-4055-a893-47db63752eb7 req-6419d73b-6a1f-4055-a893-47db63752eb7 ] Request (ServerPasswordTestJSON:setUpClass): 200 GET http://10.180.1.21/compute/v2.1/servers/a943e075-4ea2-4b2c-bd0e-503a3bf9a597 0.198s
2025-03-21 08:52:09.275 68700 INFO tempest.common.waiters [-] State transition "BUILD/None" ==> "BUILD/networking" after 66 second wait
2025-03-21 08:52:09.279 68704 INFO tempest.lib.common.rest_client [req-1a670de2-ac74-4a18-b653-aa75e51958f5 req-1a670de2-ac74-4a18-b653-aa75e51958f5 ] Request (FlavorsExtraSpecsTestJSON:test_flavor_set_get_update_show_unset_keys): 200 GET http://10.180.1.21/compute/v2.1/flavors/168456665/os-extra_specs 0.172s
2025-03-21 08:52:09.283 68670 INFO tempest.lib.common.rest_client [req-3abb93d2-7019-4031-86dc-f2b4de7ab15f req-3abb93d2-7019-4031-86dc-f2b4de7ab15f ] Request (ServerExternalEventsTest:tearDownClass): 200 GET http://10.180.1.21/compute/v2.1/servers/e2075ea3-b2db-4640-8057-46c014e8a071 0.239s
2025-03-21 08:52:09.336 68664 INFO tempest.lib.common.rest_client [req-ed7d36b3-c0e9-4bd9-a93c-dfe44c736f90 req-ed7d36b3-c0e9-4bd9-a93c-dfe44c736f90 ] Request (ServerDiskConfigTestJSON:test_rebuild_server_with_manual_disk_config): 200 GET http://10.180.1.21/compute/v2.1/servers/4adc91ad-9992-4a21-b3cf-88e905004802 0.218s
2025-03-21 08:52:09.357 68704 INFO tempest.lib.common.rest_client [req-564bea09-1422-43bf-a7fa-3e4844356c34 req-564bea09-1422-43bf-a7fa-3e4844356c34 ] Request (FlavorsExtraSpecsTestJSON:tearDownClass): 202 DELETE http://10.180.1.21/compute/v2.1/flavors/168456665 0.076s
2025-03-21 08:52:09.456 68675 INFO tempest.lib.common.rest_client [req-bef72c0b-48aa-40db-8986-930d42e30257 req-bef72c0b-48aa-40db-8986-930d42e30257 ] Request (ImagesTestJSON:_run_cleanups): 204 DELETE http://10.180.1.21/compute/v2.1/images/ab6a4a39-7fb6-4be3-83c4-84c1318027cc 0.338s
2025-03-21 08:52:09.479 68704 INFO tempest.lib.common.rest_client [req-19850094-8c60-426c-ab01-af37ebdf1c0e req-19850094-8c60-426c-ab01-af37ebdf1c0e ] Request (FlavorsExtraSpecsTestJSON:tearDownClass): 200 GET http://10.180.1.21/compute/v2.1/flavors/detail 0.121s
2025-03-21 08:52:09.529 68682 INFO tempest.lib.common.rest_client [req-a6833b80-fe25-4814-99e4-12cbfc154029 req-a6833b80-fe25-4814-99e4-12cbfc154029 ] Request (FloatingIPsAssociationNegativeTestJSON:setUpClass): 200 GET http://10.180.1.21/compute/v2.1/servers/2d21e817-1705-474e-a95c-53c995f092a5 0.191s
2025-03-21 08:52:09.548 68656 INFO tempest.lib.common.rest_client [req-d55dd756-fb24-43dc-b0f0-5f3aadb26b70 req-d55dd756-fb24-43dc-b0f0-5f3aadb26b70 ] Request (ServerGroupTestJSON:test_create_server_with_scheduler_hint_group): 200 GET http://10.180.1.21/compute/v2.1/servers/4b5df73e-f53c-43a1-8746-82b879b5d610 0.152s
2025-03-21 08:52:09.624 68696 INFO tempest.lib.common.rest_client [req-1fb5d00c-e57b-438d-9659-5a52534dbc52 req-1fb5d00c-e57b-438d-9659-5a52534dbc52 ] Request (ServerActionsV293TestJSON:setUpClass): 200 GET http://10.180.1.21/compute/v2.1/servers/d7acf762-bbcd-403a-afac-342a44f13a20 0.169s
2025-03-21 08:52:09.635 68704 INFO tempest.lib.common.rest_client [req-ca58d434-19f5-4d82-a022-cc5e3432b0e0 req-ca58d434-19f5-4d82-a022-cc5e3432b0e0 ] Request (FlavorsExtraSpecsTestJSON:tearDownClass): 204 DELETE http://10.180.1.21/identity/v3/users/f5e0d3677c7542bb83cd1841a608a573 0.151s
2025-03-21 08:52:09.639 68686 INFO tempest.lib.common.rest_client [req-58a20dfd-a8d9-4985-a08f-5c8580c1b3ad req-58a20dfd-a8d9-4985-a08f-5c8580c1b3ad ] Request (AttachInterfacesV270Test:tearDownClass): 200 GET http://10.180.1.21/compute/v2.1/servers/4ff567b6-958a-4e65-9fc4-e69dc1a52b31 0.229s
2025-03-21 08:52:09.711 68675 INFO tempest.lib.common.rest_client [req-740b45ea-72ee-470b-8735-c2c4a23520a0 req-740b45ea-72ee-470b-8735-c2c4a23520a0 ] Request (ImagesTestJSON:_run_cleanups): 204 DELETE http://10.180.1.21/compute/v2.1/servers/f12eed45-8384-424c-9d14-1a98901645e2 0.254s
2025-03-21 08:52:09.727 68662 INFO tempest.lib.common.rest_client [req-d2b2a240-6617-4802-856a-b73367b7e83e req-d2b2a240-6617-4802-856a-b73367b7e83e ] Request (ServerTagsTestJSON:setUpClass): 200 GET http://10.180.1.21/compute/v2.1/servers/473dc8e2-9d6f-43b9-be2d-d35408a88520 0.222s
2025-03-21 08:52:09.738 68704 INFO tempest.lib.common.rest_client [req-f76dd605-8459-4f50-a328-dfbb9b5b5f4d req-f76dd605-8459-4f50-a328-dfbb9b5b5f4d ] Request (FlavorsExtraSpecsTestJSON:tearDownClass): 204 DELETE http://10.180.1.21/identity/v3/users/3060c0a26db8439ab5b9891a6511cffe 0.102s
2025-03-21 08:52:09.738 68704 INFO tempest.lib.common.dynamic_creds [-] Deleting project and security group for project: 3cd4da34e879418aa1c1cffd1a30b2e6
2025-03-21 08:52:09.768 68698 INFO tempest.lib.common.rest_client [req-d8524c49-b998-4abf-bdd1-e15b6933b2f8 req-d8524c49-b998-4abf-bdd1-e15b6933b2f8 ] Request (ServersAdminNegativeTestJSON:tearDownClass): 200 GET http://10.180.1.21/compute/v2.1/servers/9c2ec464-c583-4c9a-a4e9-9c750c09b131 0.206s
2025-03-21 08:52:09.768 68675 INFO tempest.lib.common.rest_client [req-84b0aae9-5ac3-4c58-bd08-5b926a0f2df0 req-84b0aae9-5ac3-4c58-bd08-5b926a0f2df0 ] Request (ImagesTestJSON:test_create_server_from_snapshot): 201 POST http://10.180.1.21/identity/v3/auth/tokens 0.051s
2025-03-21 08:52:09.768 68675 INFO tempest.lib.common.fixed_network [-] (ImagesTestJSON:test_create_server_from_snapshot) Found network {'id': 'cc109f0b-c7ad-4117-8b9a-b1703bb934c8', 'name': 'tempest-ImagesTestJSON-995407191-network', 'tenant_id': 'eb2bf991eb4b4faeb37682fd31e612af', 'admin_state_up': True, 'mtu': 8950, 'status': 'ACTIVE', 'subnets': [], 'shared': False, 'project_id': 'eb2bf991eb4b4faeb37682fd31e612af', 'port_security_enabled': True, 'router:external': False, 'provider:network_type': 'vlan', 'provider:physical_network': 'default', 'provider:segmentation_id': 683, 'availability_zone_hints': [], 'availability_zones': [], 'ipv4_address_scope': None, 'ipv6_address_scope': None, 'description': '', 'tags': [], 'created_at': '2025-03-21T08:49:34Z', 'updated_at': '2025-03-21T08:49:34Z', 'revision_number': 1} available for tenant
2025-03-21 08:52:09.797 68704 INFO tempest.lib.common.rest_client [req-3ccc7e1e-b540-497c-957e-a101fa90dfb9 req-3ccc7e1e-b540-497c-957e-a101fa90dfb9 ] Request (FlavorsExtraSpecsTestJSON:tearDownClass): 201 POST http://10.180.1.21/identity/v3/auth/tokens 0.058s
2025-03-21 08:52:09.916 68684 INFO tempest.lib.common.rest_client [req-12a05598-bb62-4a60-a016-255407a205dc req-12a05598-bb62-4a60-a016-255407a205dc ] Request (ServersNegativeTestJSON:setUpClass): 200 GET http://10.180.1.21/compute/v2.1/servers/ca014f7b-32ab-45ff-bed5-37bf1613ea2c 0.165s
2025-03-21 08:52:09.987 68704 INFO tempest.lib.common.rest_client [req-0a6ba5ed-2764-421f-9e02-6169ed6bbb0f req-0a6ba5ed-2764-421f-9e02-6169ed6bbb0f ] Request (FlavorsExtraSpecsTestJSON:tearDownClass): 200 GET http://10.180.1.21:9696/networking/v2.0/security-groups?tenant_id=3cd4da34e879418aa1c1cffd1a30b2e6&name=default 0.190s
2025-03-21 08:52:10.061 68680 INFO tempest.lib.common.rest_client [req-9a6922eb-0390-422e-bc34-4ff3a502b9a4 req-9a6922eb-0390-422e-bc34-4ff3a502b9a4 ] Request (ImagesOneServerNegativeTestJSON:setUpClass): 200 GET http://10.180.1.21/compute/v2.1/servers/b7503f22-68fd-4ee1-b0dd-4535e0e293d0 0.227s
2025-03-21 08:52:10.103 68704 INFO tempest.lib.common.rest_client [req-92d8c707-5fa6-46d0-abdd-d88f7096d0eb req-92d8c707-5fa6-46d0-abdd-d88f7096d0eb ] Request (FlavorsExtraSpecsTestJSON:tearDownClass): 204 DELETE http://10.180.1.21:9696/networking/v2.0/security-groups/91fbb075-8370-4ed0-9c80-2952fb9d66df 0.116s
2025-03-21 08:52:10.143 68660 INFO tempest.lib.common.rest_client [req-ef4f6f52-c724-42fc-b3ff-12ea59feb263 req-ef4f6f52-c724-42fc-b3ff-12ea59feb263 ] Request (ServersTestJSON:test_create_server_specify_multibyte_character_name): 200 GET http://10.180.1.21/compute/v2.1/servers/bb66c99b-5e81-4473-99be-1bfedd3319dc 0.302s
2025-03-21 08:52:10.149 68652 INFO tempest.lib.common.rest_client [req-07947d75-0248-4a90-b4bf-6d75ae65bb43 req-07947d75-0248-4a90-b4bf-6d75ae65bb43 ] Request (VolumesAssistedSnapshotsTest:test_volume_assisted_snapshot_create_delete): 200 GET http://10.180.1.21/volume/v3/volumes/1984d8f1-232a-4db2-8cae-dbe8d4e43f24 0.054s
2025-03-21 08:52:10.155 68652 INFO tempest.common.waiters [-] Attachment 3d63669a-ef7a-4d14-998f-19a08efff651 created for volume 1984d8f1-232a-4db2-8cae-dbe8d4e43f24 to server 3671a9c4-7e47-4377-8e57-d56a99763f47 after waiting for 9.155545 seconds
2025-03-21 08:52:10.188 68652 INFO tempest.lib.common.rest_client [req-4e2ab91d-98a7-47b5-8a3e-c2250411b3b6 req-4e2ab91d-98a7-47b5-8a3e-c2250411b3b6 ] Request (VolumesAssistedSnapshotsTest:test_volume_assisted_snapshot_create_delete): 200 GET http://10.180.1.21/volume/v3/volumes/1984d8f1-232a-4db2-8cae-dbe8d4e43f24 0.032s
2025-03-21 08:52:10.199 68652 INFO tempest.common.waiters [-] volume 1984d8f1-232a-4db2-8cae-dbe8d4e43f24 reached in-use after waiting for 0.199198 seconds
2025-03-21 08:52:10.203 68704 INFO tempest.lib.common.rest_client [req-82692fad-5bb0-47ff-8569-7183e1841273 req-82692fad-5bb0-47ff-8569-7183e1841273 ] Request (FlavorsExtraSpecsTestJSON:tearDownClass): 204 DELETE http://10.180.1.21/identity/v3/projects/3cd4da34e879418aa1c1cffd1a30b2e6 0.099s
2025-03-21 08:52:10.203 68704 INFO tempest.lib.common.dynamic_creds [-] Deleting project and security group for project: b44eb33835074f00a80eee6aef37bf4b
2025-03-21 08:52:10.220 68675 INFO tempest.lib.common.rest_client [req-d3d02ebc-44fe-4b3a-9759-e1b76c760a31 req-d3d02ebc-44fe-4b3a-9759-e1b76c760a31 ] Request (ImagesTestJSON:test_create_server_from_snapshot): 202 POST http://10.180.1.21/compute/v2.1/servers 0.451s
2025-03-21 08:52:10.230 68666 INFO tempest.lib.common.rest_client [req-05dfa025-9699-4944-9370-ad631e84a0b0 req-05dfa025-9699-4944-9370-ad631e84a0b0 ] Request (ServerAddressesNegativeTestJSON:tearDownClass): 200 GET http://10.180.1.21/compute/v2.1/servers/cfd2aa1c-2e24-4a73-9be5-ee5547618622 0.348s
2025-03-21 08:52:10.278 68646 INFO tempest.lib.common.rest_client [req-4169821f-904d-4eed-8d7c-293333963d4f req-4169821f-904d-4eed-8d7c-293333963d4f ] Request (SecurityGroupsTestJSON:test_server_security_groups): 200 GET http://10.180.1.21/compute/v2.1/servers/e0acde58-0db2-4368-a8b9-986796ba11bc 0.344s
2025-03-21 08:52:10.298 68702 INFO tempest.lib.common.rest_client [req-74f7663f-39b7-4e64-8ff5-43587432b213 req-74f7663f-39b7-4e64-8ff5-43587432b213 ] Request (ServerActionsTestOtherA:setUpClass): 200 GET http://10.180.1.21/compute/v2.1/servers/5945078b-f11b-4503-8990-a8437c8f2627 0.344s
2025-03-21 08:52:10.354 68706 INFO tempest.lib.common.rest_client [req-bec3185e-f6ca-480c-b9be-184eb099c847 req-bec3185e-f6ca-480c-b9be-184eb099c847 ] Request (ListImageFiltersTestJSON:setUpClass): 200 GET http://10.180.1.21/compute/v2.1/servers/68cc5fba-76f0-428e-a5c1-0f4991243b32 0.284s
2025-03-21 08:52:10.355 68668 INFO tempest.lib.common.rest_client [req-82874bf4-698b-4749-8a8b-a0b07e8ce103 req-82874bf4-698b-4749-8a8b-a0b07e8ce103 ] Request (FloatingIPsAssociationTestJSON:tearDownClass): 200 GET http://10.180.1.21/compute/v2.1/servers/13132757-b7a3-4d80-95d9-88055b8de318 0.341s
2025-03-21 08:52:10.373 68704 INFO tempest.lib.common.rest_client [req-1b40b189-d0e7-4406-90b3-ffe5defbee44 req-1b40b189-d0e7-4406-90b3-ffe5defbee44 ] Request (FlavorsExtraSpecsTestJSON:tearDownClass): 200 GET http://10.180.1.21:9696/networking/v2.0/security-groups?tenant_id=b44eb33835074f00a80eee6aef37bf4b&name=default 0.169s
2025-03-21 08:52:10.444 68654 INFO tempest.lib.common.rest_client [req-a430faca-58a7-44d5-983d-e0b0930a6682 req-a430faca-58a7-44d5-983d-e0b0930a6682 ] Request (ServersListShow296Test:test_list_show_update_rebuild_server_296): 200 GET http://10.180.1.21/compute/v2.1/servers/cb7dac59-1165-4c86-b8e7-07330a7125b0 0.320s
2025-03-21 08:52:10.445 68650 INFO tempest.lib.common.rest_client [req-d457395a-7322-40fe-b26d-dfcfc9d45797 req-d457395a-7322-40fe-b26d-dfcfc9d45797 ] Request (ServersAdminTestJSON:test_create_server_with_scheduling_hint): 200 GET http://10.180.1.21/compute/v2.1/servers/02d85b25-cc17-4a9e-a37b-8ffc449bf3be 0.276s
2025-03-21 08:52:10.452 68650 INFO tempest.common.waiters [-] State transition "BUILD/scheduling" ==> "BUILD/None" after 39 second wait
2025-03-21 08:52:10.500 68704 INFO tempest.lib.common.rest_client [req-3164986f-b221-4877-a0bc-241128c33f80 req-3164986f-b221-4877-a0bc-241128c33f80 ] Request (FlavorsExtraSpecsTestJSON:tearDownClass): 204 DELETE http://10.180.1.21:9696/networking/v2.0/security-groups/74565de0-dcda-43c9-b115-3b0ce0969a7f 0.127s
2025-03-21 08:52:10.525 68688 INFO tempest.lib.common.rest_client [req-a712864a-c98e-43d8-99e9-43dfdebde7b6 req-a712864a-c98e-43d8-99e9-43dfdebde7b6 ] Request (ImagesOneServerTestJSON:tearDownClass): 200 GET http://10.180.1.21/compute/v2.1/servers/c7cc17d4-0fa5-4dd4-95ec-f7321f780f9a 0.346s
2025-03-21 08:52:10.570 68675 INFO tempest.lib.common.rest_client [req-444da9d3-8850-4e51-99bf-e0854bbca57d req-444da9d3-8850-4e51-99bf-e0854bbca57d ] Request (ImagesTestJSON:test_create_server_from_snapshot): 200 GET http://10.180.1.21/compute/v2.1/servers/5950bd62-c505-4c7d-a235-f4e810d302ec 0.348s
2025-03-21 08:52:10.611 68704 INFO tempest.lib.common.rest_client [req-41ad608a-280c-4f0b-9ea2-dc9714e82116 req-41ad608a-280c-4f0b-9ea2-dc9714e82116 ] Request (FlavorsExtraSpecsTestJSON:tearDownClass): 204 DELETE http://10.180.1.21/identity/v3/projects/b44eb33835074f00a80eee6aef37bf4b 0.107s
2025-03-21 08:52:10.645 68658 INFO tempest.lib.common.rest_client [req-fa8f2078-8e7e-4087-ad06-7361c4f96ede req-fa8f2078-8e7e-4087-ad06-7361c4f96ede ] Request (ServersWithSpecificFlavorTestJSON:test_verify_created_server_ephemeral_disk): 200 GET http://10.180.1.21/compute/v2.1/servers/a6190545-bcc1-40c9-9505-0c1001a38cf2 0.419s
2025-03-21 08:52:10.682 68704 INFO tempest.lib.common.rest_client [req-bf807e16-8ea3-412c-a81d-66aff4a4d3e6 req-bf807e16-8ea3-412c-a81d-66aff4a4d3e6 ] Request (ImagesNegativeTestJSON:setUpClass): 201 POST http://10.180.1.21/identity/v3/auth/tokens 0.069s
2025-03-21 08:52:10.708 68652 INFO tempest.lib.common.rest_client [req-0ab94e9f-3ca5-4406-a981-1c07a6083214 req-0ab94e9f-3ca5-4406-a981-1c07a6083214 ] Request (VolumesAssistedSnapshotsTest:test_volume_assisted_snapshot_create_delete): 200 POST http://10.180.1.21/compute/v2.1/os-assisted-volume-snapshots 0.508s
2025-03-21 08:52:10.719 68704 INFO tempest.lib.common.rest_client [req-c3096491-0cbf-4f47-928f-9bb712a561e7 req-c3096491-0cbf-4f47-928f-9bb712a561e7 ] Request (ImagesNegativeTestJSON:setUpClass): 201 POST http://10.180.1.21/identity/v3/auth/tokens 0.034s
