2025-04-09 19:03:13.743 70106 INFO tempest.lib.common.rest_client [req-f0f6f74e-0feb-45c7-b477-4da62fa77605 req-f0f6f74e-0feb-45c7-b477-4da62fa77605 ] Request (FlavorsV2NegativeTest:setUpClass): 201 POST http://10.180.1.21/identity/v3/users 0.058s
2025-04-09 19:03:13.771 70106 INFO tempest.lib.common.rest_client [req-5f5f0def-028d-41c8-8178-34d299a44a79 req-5f5f0def-028d-41c8-8178-34d299a44a79 ] Request (FlavorsV2NegativeTest:setUpClass): 200 GET http://10.180.1.21/identity/v3/roles 0.028s
2025-04-09 19:03:13.791 70108 INFO tempest.lib.common.rest_client [req-4927a579-cb1f-4134-b667-fb531c1bdc0d req-4927a579-cb1f-4134-b667-fb531c1bdc0d ] Request (ServerExternalEventsTest:test_create_server_external_events): 202 POST http://10.180.1.21/compute/v2.1/servers 2.333s
2025-04-09 19:03:13.808 70106 INFO tempest.lib.common.rest_client [req-9a10d4be-223a-4e97-99e5-468e35ac2f7f req-9a10d4be-223a-4e97-99e5-468e35ac2f7f ] Request (FlavorsV2NegativeTest:setUpClass): 204 PUT http://10.180.1.21/identity/v3/projects/b97c6a7836c04ef58dde23cb2b2e3439/users/82fe5099ed7542a39443096bd3523d8f/roles/4d332d6e6272420c99261615c809efd3 0.036s
2025-04-09 19:03:13.808 70106 INFO tempest.lib.common.dynamic_creds [-] Dynamic test user 82fe5099ed7542a39443096bd3523d8f is created with scope project and roles: ['member']
2025-04-09 19:03:13.809 70106 INFO tempest.lib.common.dynamic_creds [-] Acquired dynamic creds: credentials: Credentials: {'domain_id': 'default', 'domain_name': 'Default', 'username': 'tempest-FlavorsV2NegativeTest-1182118275-project-member', 'project_domain_id': 'default', 'project_domain_name': 'Default', 'project_id': 'b97c6a7836c04ef58dde23cb2b2e3439', 'project_name': 'tempest-FlavorsV2NegativeTest-1182118275', 'tenant_id': 'b97c6a7836c04ef58dde23cb2b2e3439', 'tenant_name': 'tempest-FlavorsV2NegativeTest-1182118275', 'user_domain_id': 'default', 'user_domain_name': 'Default', 'user_id': '82fe5099ed7542a39443096bd3523d8f', 'system': None}, Network: None, Subnet: None, Router: None
2025-04-09 19:03:13.809 70106 INFO tempest.lib.common.dynamic_creds [-] Created isolated network resources for: credentials: Credentials: {'domain_id': 'default', 'domain_name': 'Default', 'username': 'tempest-FlavorsV2NegativeTest-1182118275-project-member', 'project_domain_id': 'default', 'project_domain_name': 'Default', 'project_id': 'b97c6a7836c04ef58dde23cb2b2e3439', 'project_name': 'tempest-FlavorsV2NegativeTest-1182118275', 'tenant_id': 'b97c6a7836c04ef58dde23cb2b2e3439', 'tenant_name': 'tempest-FlavorsV2NegativeTest-1182118275', 'user_domain_id': 'default', 'user_domain_name': 'Default', 'user_id': '82fe5099ed7542a39443096bd3523d8f', 'system': None}, Network: None, Subnet: None, Router: None
2025-04-09 19:03:13.892 70106 INFO tempest.lib.common.rest_client [req-9b8668eb-a937-4462-8414-4e1cd1f7fdd6 req-9b8668eb-a937-4462-8414-4e1cd1f7fdd6 ] Request (FlavorsV2NegativeTest:setUpClass): 201 POST http://10.180.1.21/identity/v3/auth/tokens 0.077s
2025-04-09 19:03:13.984 70080 INFO tempest.lib.common.rest_client [req-bd547dab-b97c-48b7-9ff6-5bd0d3ef3c9d req-bd547dab-b97c-48b7-9ff6-5bd0d3ef3c9d ] Request (VolumesAssistedSnapshotsTest:test_volume_assisted_snapshot_create_delete): 201 POST http://10.180.1.21:9696/networking/v2.0/security-group-rules 0.324s
2025-04-09 19:03:13.987 70054 INFO tempest.lib.common.rest_client [req-cf2cbdd9-0778-45fb-869e-8de1cf02aae5 req-cf2cbdd9-0778-45fb-869e-8de1cf02aae5 ] Request (ServersTestJSON:setUpClass): 201 POST http://10.180.1.21:9696/networking/v2.0/routers 2.009s
2025-04-09 19:03:14.105 70056 INFO tempest.lib.common.rest_client [req-4e9e89a2-0201-4c84-b642-74a364663ab8 req-4e9e89a2-0201-4c84-b642-74a364663ab8 ] Request (TenantUsagesTestJSON:setUpClass): 200 GET http://10.180.1.21/compute/v2.1/servers/4027dcf8-ef12-4c62-8a69-5f19f2449bf1 2.360s
2025-04-09 19:03:14.141 70096 INFO tempest.lib.common.rest_client [req-52b5a037-0d00-48f5-8e90-9b23c1a42ad2 req-52b5a037-0d00-48f5-8e90-9b23c1a42ad2 ] Request (FlavorsV261TestJSON:_run_cleanups): 200 GET http://10.180.1.21/compute/v2.1/flavors/detail 2.261s
2025-04-09 19:03:14.169 70110 INFO tempest.lib.common.rest_client [req-23b839fa-d97f-49f0-adf0-b4813403f448 req-23b839fa-d97f-49f0-adf0-b4813403f448 ] Request (FlavorsAccessTestJSON:_run_cleanups): 200 GET http://10.180.1.21/compute/v2.1/flavors/detail 2.267s
2025-04-09 19:03:14.325 70096 INFO tempest.lib.common.rest_client [req-3cfe6acf-c83f-4eae-9a11-8245afb784da req-3cfe6acf-c83f-4eae-9a11-8245afb784da ] Request (FlavorsV261TestJSON:tearDownClass): 204 DELETE http://10.180.1.21/identity/v3/users/a0f336fb1add4dc3906bbfca220765c0 0.171s
2025-04-09 19:03:14.462 70050 INFO tempest.lib.common.rest_client [req-e956afb0-0027-4d77-9048-723d51d101a9 req-e956afb0-0027-4d77-9048-723d51d101a9 ] Request (MigrationsAdminTest:test_list_migrations_in_flavor_resize_situation): 200 GET http://10.180.1.21/compute/v2.1/servers/26d30203-6fef-4dbc-a6f4-63fc6987f6a9 2.452s
2025-04-09 19:03:14.473 70050 INFO tempest.common.waiters [-] State transition "BUILD/networking" ==> "BUILD/spawning" after 6 second wait
2025-04-09 19:03:14.473 70096 INFO tempest.lib.common.rest_client [req-d4e6c961-b00c-42c3-af80-987768c6e9ae req-d4e6c961-b00c-42c3-af80-987768c6e9ae ] Request (FlavorsV261TestJSON:tearDownClass): 204 DELETE http://10.180.1.21/identity/v3/users/a1f2ce5da07d49ffbf7456376b23bbe1 0.148s
2025-04-09 19:03:14.473 70096 INFO tempest.lib.common.dynamic_creds [-] Deleting project and security group for project: 86df6946830b4ab08cd883e6dcf23f60
2025-04-09 19:03:14.536 70096 INFO tempest.lib.common.rest_client [req-a2312056-4a13-452f-8e2f-909b30eec814 req-a2312056-4a13-452f-8e2f-909b30eec814 ] Request (FlavorsV261TestJSON:tearDownClass): 201 POST http://10.180.1.21/identity/v3/auth/tokens 0.062s
2025-04-09 19:03:14.701 70092 INFO tempest.lib.common.rest_client [req-eecf8c3b-8484-4212-9de0-80d79b0d3de4 req-eecf8c3b-8484-4212-9de0-80d79b0d3de4 ] Request (DeleteServersAdminTestJSON:test_admin_delete_servers_of_others): 200 GET http://10.180.1.21/compute/v2.1/servers/9409d427-c5e3-4ed7-ab78-9881ecf495c8 2.415s
2025-04-09 19:03:14.950 70060 INFO tempest.lib.common.rest_client [req-32f58daa-3fa7-4ec5-8522-22eef8e7d780 req-32f58daa-3fa7-4ec5-8522-22eef8e7d780 ] Request (ImagesOneServerTestJSON:setUpClass): 200 GET http://10.180.1.21/compute/v2.1/servers/9e384226-0312-4206-b002-e1ab45e19487 2.484s
2025-04-09 19:03:14.957 70060 INFO tempest.common.waiters [-] State transition "BUILD/None" ==> "BUILD/spawning" after 6 second wait
2025-04-09 19:03:14.959 70096 INFO tempest.lib.common.rest_client [req-a4f0dcc7-4e8e-4a4e-8e7c-52b1e5e812bd req-a4f0dcc7-4e8e-4a4e-8e7c-52b1e5e812bd ] Request (FlavorsV261TestJSON:tearDownClass): 200 GET http://10.180.1.21:9696/networking/v2.0/security-groups?tenant_id=86df6946830b4ab08cd883e6dcf23f60&name=default 0.423s
2025-04-09 19:03:15.031 70086 INFO tempest.lib.common.rest_client [req-a2c1b5a0-95bb-42f1-917d-95c855c6247c req-a2c1b5a0-95bb-42f1-917d-95c855c6247c ] Request (FloatingIPsAssociationNegativeTestJSON:setUpClass): 201 POST http://10.180.1.21:9696/networking/v2.0/routers 2.338s
2025-04-09 19:03:15.291 70096 INFO tempest.lib.common.rest_client [req-02fda01f-66e7-4b76-8375-b1fb9a6fdabf req-02fda01f-66e7-4b76-8375-b1fb9a6fdabf ] Request (FlavorsV261TestJSON:tearDownClass): 204 DELETE http://10.180.1.21:9696/networking/v2.0/security-groups/d7ac1bb2-249c-4e1d-a1b1-956057ef7e42 0.331s
2025-04-09 19:03:15.377 70096 INFO tempest.lib.common.rest_client [req-1626f795-8133-4ef4-8a0d-9e9daeadfc35 req-1626f795-8133-4ef4-8a0d-9e9daeadfc35 ] Request (FlavorsV261TestJSON:tearDownClass): 204 DELETE http://10.180.1.21/identity/v3/projects/86df6946830b4ab08cd883e6dcf23f60 0.086s
2025-04-09 19:03:15.378 70096 INFO tempest.lib.common.dynamic_creds [-] Deleting project and security group for project: 1f458ac6fe5b4deda986b1fadad62a62
2025-04-09 19:03:15.378 70084 INFO tempest.lib.common.rest_client [req-cf6853c5-738d-43e2-aaa8-9d2570d69d9d req-cf6853c5-738d-43e2-aaa8-9d2570d69d9d ] Request (SecurityGroupRulesNegativeTestJSON:test_create_security_group_rule_duplicate): 200 POST http://10.180.1.21/compute/v2.1/os-security-group-rules 2.717s
2025-04-09 19:03:15.388 70094 INFO tempest.lib.common.rest_client [req-06013bbd-8bad-48ab-b7cc-5bbfbdd4c671 req-06013bbd-8bad-48ab-b7cc-5bbfbdd4c671 ] Request (FloatingIPsAssociationTestJSON:setUpClass): 201 POST http://10.180.1.21:9696/networking/v2.0/routers 2.306s
2025-04-09 19:03:15.429 70090 INFO tempest.lib.common.rest_client [req-1ea2cef5-99d8-4b75-be3e-1f08ba88f88b req-1ea2cef5-99d8-4b75-be3e-1f08ba88f88b ] Request (HypervisorAdminNegativeUnderV252Test:test_show_servers_with_non_admin_user): 200 GET http://10.180.1.21/compute/v2.1/os-hypervisors 2.749s
2025-04-09 19:03:15.459 70062 INFO tempest.lib.common.rest_client [req-c2c30c68-6061-4345-95b5-a0b394a72704 req-c2c30c68-6061-4345-95b5-a0b394a72704 ] Request (KeyPairsV210TestJSON:_run_cleanups): 204 DELETE http://10.180.1.21/compute/v2.1/os-keypairs/tempest-keypair-1076342001?user_id=a676def6a39148009989e24c20f07a0c 2.760s
2025-04-09 19:03:15.475 70080 INFO tempest.lib.common.rest_client [req-0f019a83-293a-47eb-863f-c291b0efb010 req-0f019a83-293a-47eb-863f-c291b0efb010 ] Request (VolumesAssistedSnapshotsTest:test_volume_assisted_snapshot_create_delete): 201 POST http://10.180.1.21:9696/networking/v2.0/floatingips 1.490s
2025-04-09 19:03:15.497 70073 INFO tempest.lib.common.rest_client [req-e7cec64a-37eb-418b-9398-d969d289b67a req-e7cec64a-37eb-418b-9398-d969d289b67a ] Request (FlavorsAdminTestJSON:test_create_flavor_with_int_id): 200 POST http://10.180.1.21/compute/v2.1/flavors 2.756s
2025-04-09 19:03:15.611 70080 INFO tempest.lib.common.rest_client [req-1cfc3560-c0f5-4867-99d7-732155b9ed9c req-1cfc3560-c0f5-4867-99d7-732155b9ed9c ] Request (VolumesAssistedSnapshotsTest:test_volume_assisted_snapshot_create_delete): 201 POST http://10.180.1.21/identity/v3/auth/tokens 0.132s
2025-04-09 19:03:15.612 70080 INFO tempest.lib.common.fixed_network [-] (VolumesAssistedSnapshotsTest:test_volume_assisted_snapshot_create_delete) Found network {'id': 'ff989275-c127-4941-8f96-bf41c49d164e', 'name': 'tempest-VolumesAssistedSnapshotsTest-1205381445-network', 'tenant_id': '801bcddd1fe94167b92cab6a273c4837', 'admin_state_up': True, 'mtu': 8950, 'status': 'ACTIVE', 'subnets': [], 'shared': False, 'project_id': '801bcddd1fe94167b92cab6a273c4837', 'port_security_enabled': True, 'router:external': False, 'provider:network_type': 'vlan', 'provider:physical_network': 'default', 'provider:segmentation_id': 693, 'availability_zone_hints': [], 'availability_zones': [], 'ipv4_address_scope': None, 'ipv6_address_scope': None, 'description': '', 'tags': [], 'created_at': '2025-04-09T19:02:55Z', 'updated_at': '2025-04-09T19:02:55Z', 'revision_number': 1} available for tenant
2025-04-09 19:03:15.624 70070 INFO tempest.lib.common.rest_client [req-820845bc-4fbc-42af-a587-61a33d277dbc req-820845bc-4fbc-42af-a587-61a33d277dbc ] Request (InstanceActionsV221TestJSON:test_get_list_deleted_instance_actions): 200 GET http://10.180.1.21/compute/v2.1/servers/f2a79448-d927-4cfe-8648-4edc226c5369 2.856s
2025-04-09 19:03:15.647 70068 INFO tempest.lib.common.rest_client [req-c4878d59-eeb3-442f-a222-b6998a4bff65 req-c4878d59-eeb3-442f-a222-b6998a4bff65 ] Request (HostsAdminTestJSON:test_list_hosts_with_zone): 200 GET http://10.180.1.21/compute/v2.1/os-hosts 2.871s
2025-04-09 19:03:15.663 70062 INFO tempest.lib.common.rest_client [req-e0a741a1-f43f-4e65-8716-375491fae2a9 req-e0a741a1-f43f-4e65-8716-375491fae2a9 ] Request (KeyPairsV210TestJSON:tearDownClass): 204 DELETE http://10.180.1.21/identity/v3/users/a676def6a39148009989e24c20f07a0c 0.194s
2025-04-09 19:03:15.687 70076 INFO tempest.lib.common.rest_client [req-bd62835f-e4de-49f6-a8e8-6c8cb7fe1379 req-bd62835f-e4de-49f6-a8e8-6c8cb7fe1379 ] Request (AggregatesAdminNegativeTestJSON:test_aggregate_add_host_as_user): 200 POST http://10.180.1.21/compute/v2.1/os-aggregates 2.908s
2025-04-09 19:03:15.723 70096 INFO tempest.lib.common.rest_client [req-cdf466d2-cc11-490d-bf49-2a7abdfda47c req-cdf466d2-cc11-490d-bf49-2a7abdfda47c ] Request (FlavorsV261TestJSON:tearDownClass): 200 GET http://10.180.1.21:9696/networking/v2.0/security-groups?tenant_id=1f458ac6fe5b4deda986b1fadad62a62&name=default 0.345s
2025-04-09 19:03:15.785 70062 INFO tempest.lib.common.rest_client [req-b3d44474-c084-4de6-a9bf-b8ab89b3abca req-b3d44474-c084-4de6-a9bf-b8ab89b3abca ] Request (KeyPairsV210TestJSON:tearDownClass): 204 DELETE http://10.180.1.21/identity/v3/users/6a204fd91ef94e7f81d92700cb5bfd5f 0.122s
2025-04-09 19:03:15.785 70062 INFO tempest.lib.common.dynamic_creds [-] Deleting project and security group for project: 6dfee4c8a0f74756aef202bd42bd5a0c
2025-04-09 19:03:15.854 70062 INFO tempest.lib.common.rest_client [req-c3ef08fa-0525-4499-813e-a862a4dec694 req-c3ef08fa-0525-4499-813e-a862a4dec694 ] Request (KeyPairsV210TestJSON:tearDownClass): 201 POST http://10.180.1.21/identity/v3/auth/tokens 0.069s
2025-04-09 19:03:15.859 70064 INFO tempest.lib.common.rest_client [req-2b1ba17d-b3da-4622-8824-d988ef9e7970 req-2b1ba17d-b3da-4622-8824-d988ef9e7970 ] Request (ImagesOneServerNegativeTestJSON:setUpClass): 200 GET http://10.180.1.21/compute/v2.1/servers/f1d027e6-d48a-42ad-9099-7798329d205f 2.991s
2025-04-09 19:03:15.866 70052 INFO tempest.lib.common.rest_client [req-72612abb-32e0-4c73-b34d-53c2d8f1c4a0 req-72612abb-32e0-4c73-b34d-53c2d8f1c4a0 ] Request (HypervisorAdminNegativeTestJSON:test_get_hypervisor_list_with_non_admin_user): 403 GET http://10.180.1.21/compute/v2.1/os-hypervisors 2.961s
2025-04-09 19:03:15.906 70096 INFO tempest.lib.common.rest_client [req-57e881db-a60a-4944-a8bb-5b2da89d5cdf req-57e881db-a60a-4944-a8bb-5b2da89d5cdf ] Request (FlavorsV261TestJSON:tearDownClass): 204 DELETE http://10.180.1.21:9696/networking/v2.0/security-groups/5bde367d-5d78-4ef6-9d7a-7fc3b3c82b9a 0.182s
2025-04-09 19:03:16.005 70096 INFO tempest.lib.common.rest_client [req-d88ac004-3f52-40fb-a11a-fc3347297f36 req-d88ac004-3f52-40fb-a11a-fc3347297f36 ] Request (FlavorsV261TestJSON:tearDownClass): 204 DELETE http://10.180.1.21/identity/v3/projects/1f458ac6fe5b4deda986b1fadad62a62 0.098s
2025-04-09 19:03:16.078 70096 INFO tempest.lib.common.rest_client [req-0aaffab0-26df-4629-83f9-b9625c83c313 req-0aaffab0-26df-4629-83f9-b9625c83c313 ] Request (ServersAdminTestJSON:setUpClass): 201 POST http://10.180.1.21/identity/v3/auth/tokens 0.072s
2025-04-09 19:03:16.098 70078 INFO tempest.lib.common.rest_client [req-fab459ce-01a1-43bc-a29d-f909c35d696d req-fab459ce-01a1-43bc-a29d-f909c35d696d ] Request (QuotasAdminTestJSON:test_get_updated_quotas): 200 GET http://10.180.1.21/compute/v2.1/os-quota-sets/32d8507ed2914f22b95511f94017e104/detail 3.153s
2025-04-09 19:03:16.116 70096 INFO tempest.lib.common.rest_client [req-4aa5a5e6-6c72-421d-88a4-786e919a8f3e req-4aa5a5e6-6c72-421d-88a4-786e919a8f3e ] Request (ServersAdminTestJSON:setUpClass): 201 POST http://10.180.1.21/identity/v3/auth/tokens 0.036s
2025-04-09 19:03:16.119 70048 INFO tempest.lib.common.rest_client [req-88ebd255-8844-444f-957f-63d8ddab058c req-88ebd255-8844-444f-957f-63d8ddab058c ] Request (HostsAdminNegativeTestJSON:test_shutdown_nonexistent_host): 404 GET http://10.180.1.21/compute/v2.1/os-hosts/nonexistent_hostname/shutdown 3.051s
2025-04-09 19:03:16.135 70058 INFO tempest.lib.common.rest_client [req-d88b53ca-17d8-48fd-a2aa-d41aa925245e req-d88b53ca-17d8-48fd-a2aa-d41aa925245e ] Request (FlavorsExtraSpecsNegativeTestJSON:test_flavor_unset_nonexistent_key): 404 DELETE http://10.180.1.21/compute/v2.1/flavors/333679764/os-extra_specs/hw:cpu_thread_policy 3.061s
2025-04-09 19:03:16.145 70096 INFO tempest.lib.common.rest_client [req-7885755b-bf22-4e88-b239-85a2b75bf88b req-7885755b-bf22-4e88-b239-85a2b75bf88b ] Request (ServersAdminTestJSON:setUpClass): 200 GET http://10.180.1.21/identity/v3/domains?name=Default 0.028s
2025-04-09 19:03:16.149 70074 INFO tempest.lib.common.rest_client [req-4cb8562c-294b-46a2-9813-9de3775887af req-4cb8562c-294b-46a2-9813-9de3775887af ] Request (ServersWithSpecificFlavorTestJSON:test_verify_created_server_ephemeral_disk): 200 GET http://10.180.1.21/compute/v2.1/flavors/42/os-extra_specs 3.054s
2025-04-09 19:03:16.152 70078 INFO tempest.lib.common.rest_client [req-2e8cb1f4-df05-47c6-a4bd-d94a0e669b87 req-2e8cb1f4-df05-47c6-a4bd-d94a0e669b87 ] Request (QuotasAdminTestJSON:test_get_updated_quotas): 200 GET http://10.180.1.21/identity/v3/domains?name=Default 0.044s
2025-04-09 19:03:16.174 70062 INFO tempest.lib.common.rest_client [req-1fe45035-045a-4ed9-9db2-cf3e23eba37f req-1fe45035-045a-4ed9-9db2-cf3e23eba37f ] Request (KeyPairsV210TestJSON:tearDownClass): 200 GET http://10.180.1.21:9696/networking/v2.0/security-groups?tenant_id=6dfee4c8a0f74756aef202bd42bd5a0c&name=default 0.320s
2025-04-09 19:03:16.184 70096 INFO tempest.lib.common.rest_client [req-a27c4f59-3755-47cb-8a53-83cb9cef5ee1 req-a27c4f59-3755-47cb-8a53-83cb9cef5ee1 ] Request (ServersAdminTestJSON:setUpClass): 201 POST http://10.180.1.21/identity/v3/projects 0.038s
2025-04-09 19:03:16.190 70054 INFO tempest.lib.common.rest_client [req-4d17aa5e-c5a1-4ccb-86f9-f6541f1add14 req-4d17aa5e-c5a1-4ccb-86f9-f6541f1add14 ] Request (ServersTestJSON:setUpClass): 200 PUT http://10.180.1.21:9696/networking/v2.0/routers/99f64161-b751-4039-8592-93a3d8ab417b/add_router_interface 2.202s
2025-04-09 19:03:16.191 70054 INFO tempest.lib.common.dynamic_creds [-] Created isolated network resources for: credentials: Credentials: {'domain_id': 'default', 'domain_name': 'Default', 'username': 'tempest-ServersTestJSON-212378550-project-member', 'project_domain_id': 'default', 'project_domain_name': 'Default', 'project_id': '53b4a6ab6a6c4710b554fee0b1f8185b', 'project_name': 'tempest-ServersTestJSON-212378550', 'tenant_id': '53b4a6ab6a6c4710b554fee0b1f8185b', 'tenant_name': 'tempest-ServersTestJSON-212378550', 'user_domain_id': 'default', 'user_domain_name': 'Default', 'user_id': 'ff4707b8361342418fa2d910feb7a6ac', 'system': None}, Network: {'id': 'e24fc956-5bde-451e-a79d-45e90c9be6fd', 'name': 'tempest-ServersTestJSON-1194316965-network', 'tenant_id': '53b4a6ab6a6c4710b554fee0b1f8185b', 'admin_state_up': True, 'mtu': 8950, 'status': 'ACTIVE', 'subnets': [], 'shared': False, 'project_id': '53b4a6ab6a6c4710b554fee0b1f8185b', 'port_security_enabled': True, 'router:external': False, 'provider:network_type': 'vlan', 'provider:physical_network': 'default', 'provider:segmentation_id': 457, 'availability_zone_hints': [], 'availability_zones': [], 'ipv4_address_scope': None, 'ipv6_address_scope': None, 'description': '', 'tags': [], 'created_at': '2025-04-09T19:03:11Z', 'updated_at': '2025-04-09T19:03:11Z', 'revision_number': 1}, Subnet: {'id': '0a4cdf38-2d66-4e68-8fd3-b5be3bd2e67c', 'name': 'tempest-ServersTestJSON-1194316965-subnet', 'tenant_id': '53b4a6ab6a6c4710b554fee0b1f8185b', 'network_id': 'e24fc956-5bde-451e-a79d-45e90c9be6fd', 'ip_version': 4, 'subnetpool_id': None, 'enable_dhcp': True, 'ipv6_ra_mode': None, 'ipv6_address_mode': None, 'gateway_ip': '192.168.128.1', 'cidr': '192.168.128.0/28', 'allocation_pools': [{'start': '192.168.128.2', 'end': '192.168.128.14'}], 'host_routes': [], 'dns_nameservers': [], 'description': '', 'router:external': False, 'service_types': [], 'tags': [], 'created_at': '2025-04-09T19:03:11Z', 'updated_at': '2025-04-09T19:03:11Z', 'revision_number': 0, 'project_id': '53b4a6ab6a6c4710b554fee0b1f8185b'}, Router: {'id': '99f64161-b751-4039-8592-93a3d8ab417b', 'name': 'tempest-ServersTestJSON-1194316965-router', 'tenant_id': '53b4a6ab6a6c4710b554fee0b1f8185b', 'admin_state_up': True, 'status': 'ACTIVE', 'external_gateway_info': {'network_id': '36e2d300-9045-47ab-a5aa-1c6cc488a3a6', 'external_fixed_ips': [{'subnet_id': '798680a8-15b9-4ca1-9ded-37a4c03be338', 'ip_address': '10.180.180.246'}], 'enable_snat': True}, 'description': '', 'availability_zones': [], 'distributed': False, 'ha': False, 'availability_zone_hints': [], 'routes': [], 'flavor_id': None, 'tags': [], 'created_at': '2025-04-09T19:03:12Z', 'updated_at': '2025-04-09T19:03:12Z', 'revision_number': 2, 'project_id': '53b4a6ab6a6c4710b554fee0b1f8185b'}
2025-04-09 19:03:16.193 70078 INFO tempest.lib.common.rest_client [req-00ab9ac5-9603-43cc-acab-aa4918a6788c req-00ab9ac5-9603-43cc-acab-aa4918a6788c ] Request (QuotasAdminTestJSON:test_get_updated_quotas): 201 POST http://10.180.1.21/identity/v3/users 0.040s
2025-04-09 19:03:16.219 70098 INFO tempest.lib.common.rest_client [req-c20a9bfa-7228-45b6-b4bd-6356bc5ae797 req-c20a9bfa-7228-45b6-b4bd-6356bc5ae797 ] Request (SecurityGroupsTestAdminJSON:test_list_security_groups_list_all_tenants_filter): 200 GET http://10.180.1.21/compute/v2.1/os-security-groups?all_tenants=true 4.955s
2025-04-09 19:03:16.247 70066 INFO tempest.lib.common.rest_client [req-7e096e3b-5517-4d2d-923e-f56b5a0528ec req-7e096e3b-5517-4d2d-923e-f56b5a0528ec ] Request (FlavorsAccessNegativeTestJSON:test_flavor_access_list_with_public_flavor): 200 POST http://10.180.1.21/compute/v2.1/flavors 3.119s
2025-04-09 19:03:16.269 70096 INFO tempest.lib.common.rest_client [req-bd7c28d1-82af-4b64-abf7-4ee39e134003 req-bd7c28d1-82af-4b64-abf7-4ee39e134003 ] Request (ServersAdminTestJSON:setUpClass): 201 POST http://10.180.1.21/identity/v3/users 0.084s
2025-04-09 19:03:16.293 70078 INFO tempest.lib.common.rest_client [req-aa171828-2339-47b5-b20a-7224abeea63f req-aa171828-2339-47b5-b20a-7224abeea63f ] Request (QuotasAdminTestJSON:test_get_updated_quotas): 200 GET http://10.180.1.21/identity/v3/domains?name=Default 0.099s
2025-04-09 19:03:16.368 70054 INFO tempest.lib.common.rest_client [req-f9210604-3956-4330-9375-1456e1e80fdf req-f9210604-3956-4330-9375-1456e1e80fdf ] Request (ServersTestJSON:setUpClass): 201 POST http://10.180.1.21/identity/v3/auth/tokens 0.170s
2025-04-09 19:03:16.387 70096 INFO tempest.lib.common.rest_client [req-1a16f1e1-0357-425e-b8a1-332abee3262d req-1a16f1e1-0357-425e-b8a1-332abee3262d ] Request (ServersAdminTestJSON:setUpClass): 200 GET http://10.180.1.21/identity/v3/roles 0.118s
2025-04-09 19:03:16.417 70096 INFO tempest.lib.common.rest_client [req-5cd6269b-c57a-467c-88cd-f5ece6b57f44 req-5cd6269b-c57a-467c-88cd-f5ece6b57f44 ] Request (ServersAdminTestJSON:setUpClass): 204 PUT http://10.180.1.21/identity/v3/projects/9553a67cb20e41698aa8106bc60788bc/users/0b75a2c5973a42d09e3e5750366b6bf4/roles/4d332d6e6272420c99261615c809efd3 0.029s
2025-04-09 19:03:16.417 70096 INFO tempest.lib.common.dynamic_creds [-] Dynamic test user 0b75a2c5973a42d09e3e5750366b6bf4 is created with scope project and roles: ['member']
2025-04-09 19:03:16.417 70096 INFO tempest.lib.common.dynamic_creds [-] Acquired dynamic creds: credentials: Credentials: {'domain_id': 'default', 'domain_name': 'Default', 'username': 'tempest-ServersAdminTestJSON-1861543570-project-member', 'project_domain_id': 'default', 'project_domain_name': 'Default', 'project_id': '9553a67cb20e41698aa8106bc60788bc', 'project_name': 'tempest-ServersAdminTestJSON-1861543570', 'tenant_id': '9553a67cb20e41698aa8106bc60788bc', 'tenant_name': 'tempest-ServersAdminTestJSON-1861543570', 'user_domain_id': 'default', 'user_domain_name': 'Default', 'user_id': '0b75a2c5973a42d09e3e5750366b6bf4', 'system': None}, Network: None, Subnet: None, Router: None
2025-04-09 19:03:16.429 70062 INFO tempest.lib.common.rest_client [req-a919473e-2fb8-4382-adce-991a34687227 req-a919473e-2fb8-4382-adce-991a34687227 ] Request (KeyPairsV210TestJSON:tearDownClass): 204 DELETE http://10.180.1.21:9696/networking/v2.0/security-groups/9d897d1a-094f-4843-a6a1-07ef9bad6365 0.255s
2025-04-09 19:03:16.449 70101 INFO tempest.lib.common.rest_client [req-b97918a8-1f74-4ea6-b38a-4e9f1d54ef7f req-b97918a8-1f74-4ea6-b38a-4e9f1d54ef7f ] Request (ServersTestManualDisk:setUpClass): 200 POST http://10.180.1.21/compute/v2.1/os-keypairs 2.754s
2025-04-09 19:03:16.490 70096 INFO tempest.lib.common.rest_client [req-9ea115b5-cc88-4ed2-9ad0-8a20dafcfe67 req-9ea115b5-cc88-4ed2-9ad0-8a20dafcfe67 ] Request (ServersAdminTestJSON:setUpClass): 201 POST http://10.180.1.21/identity/v3/auth/tokens 0.073s
2025-04-09 19:03:16.534 70062 INFO tempest.lib.common.rest_client [req-3786d97a-e98d-444f-955f-19f755ee3ccb req-3786d97a-e98d-444f-955f-19f755ee3ccb ] Request (KeyPairsV210TestJSON:tearDownClass): 204 DELETE http://10.180.1.21/identity/v3/projects/6dfee4c8a0f74756aef202bd42bd5a0c 0.104s
2025-04-09 19:03:16.534 70062 INFO tempest.lib.common.dynamic_creds [-] Deleting project and security group for project: d7f6ce6eeefa4afc9569efaf98e54311
2025-04-09 19:03:16.607 70101 INFO tempest.lib.common.rest_client [req-02da9825-708c-4588-8a96-10ce0bd54116 req-02da9825-708c-4588-8a96-10ce0bd54116 ] Request (ServersTestManualDisk:setUpClass): 201 POST http://10.180.1.21:9696/networking/v2.0/security-groups 0.157s
2025-04-09 19:03:16.635 70108 INFO tempest.lib.common.rest_client [req-98f4ca6f-de64-4c87-8c42-d21f78afe8dd req-98f4ca6f-de64-4c87-8c42-d21f78afe8dd ] Request (ServerExternalEventsTest:test_create_server_external_events): 200 GET http://10.180.1.21/compute/v2.1/servers/de2e4ff6-207c-4615-a283-bc56ffe88e23 2.842s
2025-04-09 19:03:16.743 70106 INFO tempest.lib.common.rest_client [req-28d13d3e-9f63-4950-921b-d4293f04ca30 req-28d13d3e-9f63-4950-921b-d4293f04ca30 ] Request (FlavorsV2NegativeTest:test_boot_with_low_ram): 200 GET http://10.180.1.21/compute/v2.1/flavors/42 2.849s
2025-04-09 19:03:16.809 70110 INFO tempest.lib.common.rest_client [req-2bad6106-07b2-40ee-a4bb-1db877f46258 req-2bad6106-07b2-40ee-a4bb-1db877f46258 ] Request (FlavorsAccessTestJSON:test_flavor_access_list_with_private_flavor): 200 POST http://10.180.1.21/compute/v2.1/flavors 2.625s
2025-04-09 19:03:16.963 70101 INFO tempest.lib.common.rest_client [req-12c7e2a3-4ed3-42d3-9c68-d8bdea87afad req-12c7e2a3-4ed3-42d3-9c68-d8bdea87afad ] Request (ServersTestManualDisk:setUpClass): 201 POST http://10.180.1.21:9696/networking/v2.0/security-group-rules 0.355s
2025-04-09 19:03:17.028 70086 INFO tempest.lib.common.rest_client [req-561b7fd4-a55c-4edc-b163-1905b4108d9d req-561b7fd4-a55c-4edc-b163-1905b4108d9d ] Request (FloatingIPsAssociationNegativeTestJSON:setUpClass): 200 PUT http://10.180.1.21:9696/networking/v2.0/routers/0484ecca-f1bb-45fe-83ed-83edc82ea62e/add_router_interface 1.997s
2025-04-09 19:03:17.028 70086 INFO tempest.lib.common.dynamic_creds [-] Created isolated network resources for: credentials: Credentials: {'domain_id': 'default', 'domain_name': 'Default', 'username': 'tempest-FloatingIPsAssociationNegativeTestJSON-768405460-project-member', 'project_domain_id': 'default', 'project_domain_name': 'Default', 'project_id': '832db0d91c9340b997773686e64955ba', 'project_name': 'tempest-FloatingIPsAssociationNegativeTestJSON-768405460', 'tenant_id': '832db0d91c9340b997773686e64955ba', 'tenant_name': 'tempest-FloatingIPsAssociationNegativeTestJSON-768405460', 'user_domain_id': 'default', 'user_domain_name': 'Default', 'user_id': 'eee1f3a239dc4bd5bbfb266d28a8995b', 'system': None}, Network: {'id': '940b16d7-872d-45f8-8dbd-11b40bbbe0b5', 'name': 'tempest-FloatingIPsAssociationNegativeTestJSON-718051412-network', 'tenant_id': '832db0d91c9340b997773686e64955ba', 'admin_state_up': True, 'mtu': 8950, 'status': 'ACTIVE', 'subnets': [], 'shared': False, 'project_id': '832db0d91c9340b997773686e64955ba', 'port_security_enabled': True, 'router:external': False, 'provider:network_type': 'vlan', 'provider:physical_network': 'default', 'provider:segmentation_id': 685, 'availability_zone_hints': [], 'availability_zones': [], 'ipv4_address_scope': None, 'ipv6_address_scope': None, 'description': '', 'tags': [], 'created_at': '2025-04-09T19:03:11Z', 'updated_at': '2025-04-09T19:03:11Z', 'revision_number': 1}, Subnet: {'id': 'f302f93a-e724-4f61-b65c-605052c1b59c', 'name': 'tempest-FloatingIPsAssociationNegativeTestJSON-718051412-subnet', 'tenant_id': '832db0d91c9340b997773686e64955ba', 'network_id': '940b16d7-872d-45f8-8dbd-11b40bbbe0b5', 'ip_version': 4, 'subnetpool_id': None, 'enable_dhcp': True, 'ipv6_ra_mode': None, 'ipv6_address_mode': None, 'gateway_ip': '192.168.128.1', 'cidr': '192.168.128.0/28', 'allocation_pools': [{'start': '192.168.128.2', 'end': '192.168.128.14'}], 'host_routes': [], 'dns_nameservers': [], 'description': '', 'router:external': False, 'service_types': [], 'tags': [], 'created_at': '2025-04-09T19:03:12Z', 'updated_at': '2025-04-09T19:03:12Z', 'revision_number': 0, 'project_id': '832db0d91c9340b997773686e64955ba'}, Router: {'id': '0484ecca-f1bb-45fe-83ed-83edc82ea62e', 'name': 'tempest-FloatingIPsAssociationNegativeTestJSON-718051412-router', 'tenant_id': '832db0d91c9340b997773686e64955ba', 'admin_state_up': True, 'status': 'ACTIVE', 'external_gateway_info': {'network_id': '36e2d300-9045-47ab-a5aa-1c6cc488a3a6', 'external_fixed_ips': [{'subnet_id': '798680a8-15b9-4ca1-9ded-37a4c03be338', 'ip_address': '10.180.180.213'}], 'enable_snat': True}, 'description': '', 'availability_zones': [], 'distributed': False, 'ha': False, 'availability_zone_hints': [], 'routes': [], 'flavor_id': None, 'tags': [], 'created_at': '2025-04-09T19:03:12Z', 'updated_at': '2025-04-09T19:03:13Z', 'revision_number': 2, 'project_id': '832db0d91c9340b997773686e64955ba'}
2025-04-09 19:03:17.089 70062 INFO tempest.lib.common.rest_client [req-17effd4d-2df1-4177-b1cd-c24e4d98ea01 req-17effd4d-2df1-4177-b1cd-c24e4d98ea01 ] Request (KeyPairsV210TestJSON:tearDownClass): 200 GET http://10.180.1.21:9696/networking/v2.0/security-groups?tenant_id=d7f6ce6eeefa4afc9569efaf98e54311&name=default 0.555s
2025-04-09 19:03:17.143 70086 INFO tempest.lib.common.rest_client [req-0057ed1e-32ad-4f90-89c4-91b57aa36441 req-0057ed1e-32ad-4f90-89c4-91b57aa36441 ] Request (FloatingIPsAssociationNegativeTestJSON:setUpClass): 201 POST http://10.180.1.21/identity/v3/auth/tokens 0.109s
2025-04-09 19:03:17.146 70106 INFO tempest.lib.common.rest_client [req-101ad5d1-0880-406f-9f7e-ce853785e381 req-101ad5d1-0880-406f-9f7e-ce853785e381 ] Request (FlavorsV2NegativeTest:test_boot_with_low_ram): 201 POST http://10.180.1.21/image/v2/images 0.397s
2025-04-09 19:03:17.153 70101 INFO tempest.lib.common.rest_client [req-7aa76db6-a4f4-43fb-9ec4-08adce846813 req-7aa76db6-a4f4-43fb-9ec4-08adce846813 ] Request (ServersTestManualDisk:setUpClass): 201 POST http://10.180.1.21:9696/networking/v2.0/security-group-rules 0.189s
2025-04-09 19:03:17.182 70086 INFO tempest.lib.common.rest_client [req-1fe92fcb-86af-4356-9f69-27747f2441ab req-1fe92fcb-86af-4356-9f69-27747f2441ab ] Request (FloatingIPsAssociationNegativeTestJSON:setUpClass): 201 POST http://10.180.1.21/identity/v3/auth/tokens 0.036s
2025-04-09 19:03:17.182 70086 INFO tempest.lib.common.fixed_network [-] (FloatingIPsAssociationNegativeTestJSON:setUpClass) Found network {'id': '940b16d7-872d-45f8-8dbd-11b40bbbe0b5', 'name': 'tempest-FloatingIPsAssociationNegativeTestJSON-718051412-network', 'tenant_id': '832db0d91c9340b997773686e64955ba', 'admin_state_up': True, 'mtu': 8950, 'status': 'ACTIVE', 'subnets': [], 'shared': False, 'project_id': '832db0d91c9340b997773686e64955ba', 'port_security_enabled': True, 'router:external': False, 'provider:network_type': 'vlan', 'provider:physical_network': 'default', 'provider:segmentation_id': 685, 'availability_zone_hints': [], 'availability_zones': [], 'ipv4_address_scope': None, 'ipv6_address_scope': None, 'description': '', 'tags': [], 'created_at': '2025-04-09T19:03:11Z', 'updated_at': '2025-04-09T19:03:11Z', 'revision_number': 1} available for tenant
2025-04-09 19:03:17.188 70096 INFO tempest.lib.common.rest_client [req-273e2dff-04af-4ec1-8fc2-3391b3727557 req-273e2dff-04af-4ec1-8fc2-3391b3727557 ] Request (ServersAdminTestJSON:setUpClass): 201 POST http://10.180.1.21:9696/networking/v2.0/networks 0.697s
2025-04-09 19:03:17.251 70056 INFO tempest.lib.common.rest_client [req-2a48860f-00c3-42fd-ad76-a0a613ee2214 req-2a48860f-00c3-42fd-ad76-a0a613ee2214 ] Request (TenantUsagesTestJSON:setUpClass): 200 GET http://10.180.1.21/compute/v2.1/servers/4027dcf8-ef12-4c62-8a69-5f19f2449bf1 2.133s
2025-04-09 19:03:17.264 70102 INFO tempest.lib.common.rest_client [req-44ba7823-30f5-439c-9cf3-271b0185006d req-44ba7823-30f5-439c-9cf3-271b0185006d ] Request (QuotasAdminNegativeTest:test_create_server_when_instances_quota_is_full): 403 POST http://10.180.1.21/compute/v2.1/servers 4.137s
2025-04-09 19:03:17.271 70090 INFO tempest.lib.common.rest_client [req-d8080e1f-2f4e-4e2f-922c-1cfa2cb449eb req-d8080e1f-2f4e-4e2f-922c-1cfa2cb449eb ] Request (HypervisorAdminNegativeUnderV252Test:test_show_servers_with_non_admin_user): 403 GET http://10.180.1.21/compute/v2.1/os-hypervisors/1/servers 1.840s
2025-04-09 19:03:17.294 70062 INFO tempest.lib.common.rest_client [req-1db981c6-747e-4ce8-997f-339171c7ef0c req-1db981c6-747e-4ce8-997f-339171c7ef0c ] Request (KeyPairsV210TestJSON:tearDownClass): 204 DELETE http://10.180.1.21:9696/networking/v2.0/security-groups/000649f1-4c80-403f-a169-447834166ea1 0.203s
2025-04-09 19:03:17.385 70062 INFO tempest.lib.common.rest_client [req-c5b41672-73a6-4f61-9852-41bba1782320 req-c5b41672-73a6-4f61-9852-41bba1782320 ] Request (KeyPairsV210TestJSON:tearDownClass): 204 DELETE http://10.180.1.21/identity/v3/projects/d7f6ce6eeefa4afc9569efaf98e54311 0.091s
2025-04-09 19:03:17.399 70084 INFO tempest.lib.common.rest_client [req-65ea974a-55a4-48c5-8c79-7f10c8cf8698 req-65ea974a-55a4-48c5-8c79-7f10c8cf8698 ] Request (SecurityGroupRulesNegativeTestJSON:test_create_security_group_rule_duplicate): 400 POST http://10.180.1.21/compute/v2.1/os-security-group-rules 2.018s
2025-04-09 19:03:17.421 70073 INFO tempest.lib.common.rest_client [req-edaa352e-a3cb-4213-aeba-c32662dfa0b6 req-edaa352e-a3cb-4213-aeba-c32662dfa0b6 ] Request (FlavorsAdminTestJSON:_run_cleanups): 202 DELETE http://10.180.1.21/compute/v2.1/flavors/476823650 1.922s
2025-04-09 19:03:17.460 70096 INFO tempest.lib.common.rest_client [req-ee9b34b9-ddca-438c-9763-3a4c9a3a892c req-ee9b34b9-ddca-438c-9763-3a4c9a3a892c ] Request (ServersAdminTestJSON:setUpClass): 201 POST http://10.180.1.21:9696/networking/v2.0/subnets 0.271s
2025-04-09 19:03:17.462 70062 INFO tempest.lib.common.rest_client [req-00b8159d-4101-4a84-a820-251008d609f7 req-00b8159d-4101-4a84-a820-251008d609f7 ] Request (InstanceActionsNegativeTestJSON:setUpClass): 201 POST http://10.180.1.21/identity/v3/auth/tokens 0.075s
2025-04-09 19:03:17.507 70062 INFO tempest.lib.common.rest_client [req-688975c3-28bb-45a4-a5c8-e31b2b0d904c req-688975c3-28bb-45a4-a5c8-e31b2b0d904c ] Request (InstanceActionsNegativeTestJSON:setUpClass): 201 POST http://10.180.1.21/identity/v3/auth/tokens 0.042s
2025-04-09 19:03:17.537 70062 INFO tempest.lib.common.rest_client [req-fcd747af-ef9a-45bf-a918-49671e3f969e req-fcd747af-ef9a-45bf-a918-49671e3f969e ] Request (InstanceActionsNegativeTestJSON:setUpClass): 200 GET http://10.180.1.21/identity/v3/domains?name=Default 0.029s
2025-04-09 19:03:17.573 70062 INFO tempest.lib.common.rest_client [req-c47e9ee1-cc5a-4a4e-87ae-62bb919464f1 req-c47e9ee1-cc5a-4a4e-87ae-62bb919464f1 ] Request (InstanceActionsNegativeTestJSON:setUpClass): 201 POST http://10.180.1.21/identity/v3/projects 0.035s
2025-04-09 19:03:17.640 70062 INFO tempest.lib.common.rest_client [req-cb99eeec-739c-4cfb-b9d7-3f8bdba511e4 req-cb99eeec-739c-4cfb-b9d7-3f8bdba511e4 ] Request (InstanceActionsNegativeTestJSON:setUpClass): 201 POST http://10.180.1.21/identity/v3/users 0.066s
2025-04-09 19:03:17.661 70062 INFO tempest.lib.common.rest_client [req-ba7d6afb-cd57-4e14-a4c9-dac844a821b5 req-ba7d6afb-cd57-4e14-a4c9-dac844a821b5 ] Request (InstanceActionsNegativeTestJSON:setUpClass): 200 GET http://10.180.1.21/identity/v3/roles 0.020s
2025-04-09 19:03:17.693 70062 INFO tempest.lib.common.rest_client [req-5bd44bc3-79aa-4431-be47-0f2500b79f35 req-5bd44bc3-79aa-4431-be47-0f2500b79f35 ] Request (InstanceActionsNegativeTestJSON:setUpClass): 204 PUT http://10.180.1.21/identity/v3/projects/41bdedb1aec14c6b8506ba39014c9056/users/050d3561ef1342b697d23e939f361ae4/roles/4d332d6e6272420c99261615c809efd3 0.031s
2025-04-09 19:03:17.693 70062 INFO tempest.lib.common.dynamic_creds [-] Dynamic test user 050d3561ef1342b697d23e939f361ae4 is created with scope project and roles: ['member']
2025-04-09 19:03:17.693 70062 INFO tempest.lib.common.dynamic_creds [-] Acquired dynamic creds: credentials: Credentials: {'domain_id': 'default', 'domain_name': 'Default', 'username': 'tempest-InstanceActionsNegativeTestJSON-534369038-project-member', 'project_domain_id': 'default', 'project_domain_name': 'Default', 'project_id': '41bdedb1aec14c6b8506ba39014c9056', 'project_name': 'tempest-InstanceActionsNegativeTestJSON-534369038', 'tenant_id': '41bdedb1aec14c6b8506ba39014c9056', 'tenant_name': 'tempest-InstanceActionsNegativeTestJSON-534369038', 'user_domain_id': 'default', 'user_domain_name': 'Default', 'user_id': '050d3561ef1342b697d23e939f361ae4', 'system': None}, Network: None, Subnet: None, Router: None
2025-04-09 19:03:17.757 70062 INFO tempest.lib.common.rest_client [req-6e471e09-ca94-441c-af67-db7b9ce3f103 req-6e471e09-ca94-441c-af67-db7b9ce3f103 ] Request (InstanceActionsNegativeTestJSON:setUpClass): 201 POST http://10.180.1.21/identity/v3/auth/tokens 0.063s
2025-04-09 19:03:17.775 70050 INFO tempest.lib.common.rest_client [req-b9af8346-3d7f-4cc4-ad11-eaffd47c6ba5 req-b9af8346-3d7f-4cc4-ad11-eaffd47c6ba5 ] Request (MigrationsAdminTest:test_list_migrations_in_flavor_resize_situation): 200 GET http://10.180.1.21/compute/v2.1/servers/26d30203-6fef-4dbc-a6f4-63fc6987f6a9 2.302s
2025-04-09 19:03:17.804 70068 INFO tempest.lib.common.rest_client [req-b202f07c-2dc2-4448-8c71-f112fd4fc252 req-b202f07c-2dc2-4448-8c71-f112fd4fc252 ] Request (HostsAdminTestJSON:test_list_hosts_with_zone): 200 GET http://10.180.1.21/compute/v2.1/os-hosts?zone=internal 2.155s
2025-04-09 19:03:17.969 70076 INFO tempest.lib.common.rest_client [req-e1d6d989-ef46-4f01-9d72-fdf3797e29f2 req-e1d6d989-ef46-4f01-9d72-fdf3797e29f2 ] Request (AggregatesAdminNegativeTestJSON:test_aggregate_add_host_as_user): 403 POST http://10.180.1.21/compute/v2.1/os-aggregates/2/action 2.279s
2025-04-09 19:03:18.045 70106 INFO tempest.lib.common.rest_client [req-592ae078-700d-434b-b202-b246b2b27f01 req-592ae078-700d-434b-b202-b246b2b27f01 ] Request (FlavorsV2NegativeTest:test_boot_with_low_ram): 204 PUT http://10.180.1.21/image/v2/images/441d6d5e-d136-4fce-a8ef-55a4c032272f/file 0.898s
2025-04-09 19:03:18.112 70106 INFO tempest.lib.common.rest_client [req-fae033e1-92ce-4d24-8a91-71422eafdfdd req-fae033e1-92ce-4d24-8a91-71422eafdfdd ] Request (FlavorsV2NegativeTest:test_boot_with_low_ram): 201 POST http://10.180.1.21/identity/v3/auth/tokens 0.064s
2025-04-09 19:03:18.112 70106 INFO tempest.lib.common.fixed_network [-] (FlavorsV2NegativeTest:test_boot_with_low_ram) Found network None available for tenant
2025-04-09 19:03:18.235 70062 INFO tempest.lib.common.rest_client [req-f2c0a5ed-c819-4b28-a888-ec5b966a045e req-f2c0a5ed-c819-4b28-a888-ec5b966a045e ] Request (InstanceActionsNegativeTestJSON:setUpClass): 201 POST http://10.180.1.21:9696/networking/v2.0/networks 0.478s
2025-04-09 19:03:18.243 70092 INFO tempest.lib.common.rest_client [req-05a068e2-9871-4ba6-947b-5829bdd41cfa req-05a068e2-9871-4ba6-947b-5829bdd41cfa ] Request (DeleteServersAdminTestJSON:test_admin_delete_servers_of_others): 200 GET http://10.180.1.21/compute/v2.1/servers/9409d427-c5e3-4ed7-ab78-9881ecf495c8 2.530s
2025-04-09 19:03:18.255 70052 INFO tempest.lib.common.rest_client [req-3797688d-2ef7-417c-bf6b-f491d976319d req-3797688d-2ef7-417c-bf6b-f491d976319d ] Request (HypervisorAdminNegativeTestJSON:test_get_hypervisor_stats_with_non_admin_user): 403 GET http://10.180.1.21/compute/v2.1/os-hypervisors/statistics 2.388s
2025-04-09 19:03:18.393 70096 INFO tempest.lib.common.rest_client [req-178fea63-cc90-48d2-b6f4-952d0a9aaa36 req-178fea63-cc90-48d2-b6f4-952d0a9aaa36 ] Request (ServersAdminTestJSON:setUpClass): 201 POST http://10.180.1.21:9696/networking/v2.0/routers 0.933s
2025-04-09 19:03:18.551 70060 INFO tempest.lib.common.rest_client [req-31eebb5a-0415-4422-be9e-e2395a3eba2c req-31eebb5a-0415-4422-be9e-e2395a3eba2c ] Request (ImagesOneServerTestJSON:setUpClass): 200 GET http://10.180.1.21/compute/v2.1/servers/9e384226-0312-4206-b002-e1ab45e19487 2.592s
2025-04-09 19:03:18.557 70048 INFO tempest.lib.common.rest_client [req-d2d7aad1-70ce-4613-a134-ca4ffab0e548 req-d2d7aad1-70ce-4613-a134-ca4ffab0e548 ] Request (HostsAdminNegativeTestJSON:test_startup_host_with_non_admin_user): 403 GET http://10.180.1.21/compute/v2.1/os-hosts/devstack/startup 2.437s
2025-04-09 19:03:18.570 70058 INFO tempest.lib.common.rest_client [req-079500a0-d745-4006-9d29-6a06b4ca96a0 req-079500a0-d745-4006-9d29-6a06b4ca96a0 ] Request (FlavorsExtraSpecsNegativeTestJSON:test_flavor_update_mismatch_key): 400 PUT http://10.180.1.21/compute/v2.1/flavors/333679764/os-extra_specs/hw:numa_nodes 2.430s
2025-04-09 19:03:18.595 70074 INFO tempest.lib.common.rest_client [req-b4146555-4c04-4183-b486-a46f420bb661 req-b4146555-4c04-4183-b486-a46f420bb661 ] Request (ServersWithSpecificFlavorTestJSON:test_verify_created_server_ephemeral_disk): 200 POST http://10.180.1.21/compute/v2.1/flavors/2108541731/os-extra_specs 2.445s
2025-04-09 19:03:18.601 70062 INFO tempest.lib.common.rest_client [req-4b4de14f-f45e-4d8c-8a68-5cf16a6b1e76 req-4b4de14f-f45e-4d8c-8a68-5cf16a6b1e76 ] Request (InstanceActionsNegativeTestJSON:setUpClass): 201 POST http://10.180.1.21:9696/networking/v2.0/subnets 0.365s
2025-04-09 19:03:18.750 70080 INFO tempest.lib.common.rest_client [req-7bf0fabc-d33a-45aa-a355-c0dcd0760214 req-7bf0fabc-d33a-45aa-a355-c0dcd0760214 ] Request (VolumesAssistedSnapshotsTest:test_volume_assisted_snapshot_create_delete): 202 POST http://10.180.1.21/compute/v2.1/servers 3.137s
2025-04-09 19:03:18.764 70094 INFO tempest.lib.common.rest_client [req-854ea2e0-2eaa-4a88-9741-52445d8dbb4c req-854ea2e0-2eaa-4a88-9741-52445d8dbb4c ] Request (FloatingIPsAssociationTestJSON:setUpClass): 200 PUT http://10.180.1.21:9696/networking/v2.0/routers/bc4436f3-0873-480e-a4f7-4ce615b0c5ee/add_router_interface 3.376s
2025-04-09 19:03:18.764 70094 INFO tempest.lib.common.dynamic_creds [-] Created isolated network resources for: credentials: Credentials: {'domain_id': 'default', 'domain_name': 'Default', 'username': 'tempest-FloatingIPsAssociationTestJSON-1771305211-project-member', 'project_domain_id': 'default', 'project_domain_name': 'Default', 'project_id': 'd13bbe4967ec43daba30c0f31fd84f44', 'project_name': 'tempest-FloatingIPsAssociationTestJSON-1771305211', 'tenant_id': 'd13bbe4967ec43daba30c0f31fd84f44', 'tenant_name': 'tempest-FloatingIPsAssociationTestJSON-1771305211', 'user_domain_id': 'default', 'user_domain_name': 'Default', 'user_id': '478316d45e6446f1b15ec4cc26aee5b8', 'system': None}, Network: {'id': '183bc2ee-cd6b-4103-b03a-7a4e20fc9256', 'name': 'tempest-FloatingIPsAssociationTestJSON-1161899815-network', 'tenant_id': 'd13bbe4967ec43daba30c0f31fd84f44', 'admin_state_up': True, 'mtu': 8950, 'status': 'ACTIVE', 'subnets': [], 'shared': False, 'project_id': 'd13bbe4967ec43daba30c0f31fd84f44', 'port_security_enabled': True, 'router:external': False, 'provider:network_type': 'vlan', 'provider:physical_network': 'default', 'provider:segmentation_id': 186, 'availability_zone_hints': [], 'availability_zones': [], 'ipv4_address_scope': None, 'ipv6_address_scope': None, 'description': '', 'tags': [], 'created_at': '2025-04-09T19:03:12Z', 'updated_at': '2025-04-09T19:03:12Z', 'revision_number': 1}, Subnet: {'id': '26207ed6-773f-4056-8430-f7864b52f01e', 'name': 'tempest-FloatingIPsAssociationTestJSON-1161899815-subnet', 'tenant_id': 'd13bbe4967ec43daba30c0f31fd84f44', 'network_id': '183bc2ee-cd6b-4103-b03a-7a4e20fc9256', 'ip_version': 4, 'subnetpool_id': None, 'enable_dhcp': True, 'ipv6_ra_mode': None, 'ipv6_address_mode': None, 'gateway_ip': '192.168.128.1', 'cidr': '192.168.128.0/28', 'allocation_pools': [{'start': '192.168.128.2', 'end': '192.168.128.14'}], 'host_routes': [], 'dns_nameservers': [], 'description': '', 'router:external': False, 'service_types': [], 'tags': [], 'created_at': '2025-04-09T19:03:12Z', 'updated_at': '2025-04-09T19:03:12Z', 'revision_number': 0, 'project_id': 'd13bbe4967ec43daba30c0f31fd84f44'}, Router: {'id': 'bc4436f3-0873-480e-a4f7-4ce615b0c5ee', 'name': 'tempest-FloatingIPsAssociationTestJSON-1161899815-router', 'tenant_id': 'd13bbe4967ec43daba30c0f31fd84f44', 'admin_state_up': True, 'status': 'ACTIVE', 'external_gateway_info': {'network_id': '36e2d300-9045-47ab-a5aa-1c6cc488a3a6', 'external_fixed_ips': [{'subnet_id': '798680a8-15b9-4ca1-9ded-37a4c03be338', 'ip_address': '10.180.180.129'}], 'enable_snat': True}, 'description': '', 'availability_zones': [], 'distributed': False, 'ha': False, 'availability_zone_hints': [], 'routes': [], 'flavor_id': None, 'tags': [], 'created_at': '2025-04-09T19:03:13Z', 'updated_at': '2025-04-09T19:03:14Z', 'revision_number': 2, 'project_id': 'd13bbe4967ec43daba30c0f31fd84f44'}
2025-04-09 19:03:18.768 70066 INFO tempest.lib.common.rest_client [req-69b5dfd7-42db-4a61-ab49-75d2836443ec req-69b5dfd7-42db-4a61-ab49-75d2836443ec ] Request (FlavorsAccessNegativeTestJSON:test_flavor_access_list_with_public_flavor): 404 GET http://10.180.1.21/compute/v2.1/flavors/348222783/os-flavor-access 2.517s
2025-04-09 19:03:18.909 70094 INFO tempest.lib.common.rest_client [req-45a4ccf6-18f2-4841-abf0-dfb00f4f32a4 req-45a4ccf6-18f2-4841-abf0-dfb00f4f32a4 ] Request (FloatingIPsAssociationTestJSON:setUpClass): 201 POST http://10.180.1.21/identity/v3/auth/tokens 0.137s
2025-04-09 19:03:18.962 70094 INFO tempest.lib.common.rest_client [req-23b9efd1-253f-444c-8554-df5d721c0371 req-23b9efd1-253f-444c-8554-df5d721c0371 ] Request (FloatingIPsAssociationTestJSON:setUpClass): 201 POST http://10.180.1.21/identity/v3/auth/tokens 0.049s
2025-04-09 19:03:18.963 70094 INFO tempest.lib.common.fixed_network [-] (FloatingIPsAssociationTestJSON:setUpClass) Found network {'id': '183bc2ee-cd6b-4103-b03a-7a4e20fc9256', 'name': 'tempest-FloatingIPsAssociationTestJSON-1161899815-network', 'tenant_id': 'd13bbe4967ec43daba30c0f31fd84f44', 'admin_state_up': True, 'mtu': 8950, 'status': 'ACTIVE', 'subnets': [], 'shared': False, 'project_id': 'd13bbe4967ec43daba30c0f31fd84f44', 'port_security_enabled': True, 'router:external': False, 'provider:network_type': 'vlan', 'provider:physical_network': 'default', 'provider:segmentation_id': 186, 'availability_zone_hints': [], 'availability_zones': [], 'ipv4_address_scope': None, 'ipv6_address_scope': None, 'description': '', 'tags': [], 'created_at': '2025-04-09T19:03:12Z', 'updated_at': '2025-04-09T19:03:12Z', 'revision_number': 1} available for tenant
2025-04-09 19:03:18.973 70078 INFO tempest.lib.common.rest_client [req-cd58d4e4-a1e6-4ac2-be7d-ff4d581d6744 req-cd58d4e4-a1e6-4ac2-be7d-ff4d581d6744 ] Request (QuotasAdminTestJSON:test_get_updated_quotas): 200 PUT http://10.180.1.21/compute/v2.1/os-quota-sets/32d8507ed2914f22b95511f94017e104?user_id=8daa06a8893f40c8818e05ebf2142c4b 2.679s
2025-04-09 19:03:18.993 70098 INFO tempest.lib.common.rest_client [req-3ebd6ff7-2bf8-402a-a407-2f2d8c51e6ce req-3ebd6ff7-2bf8-402a-a407-2f2d8c51e6ce ] Request (SecurityGroupsTestAdminJSON:test_list_security_groups_list_all_tenants_filter): 200 GET http://10.180.1.21/compute/v2.1/os-security-groups?all_tenants=true 2.759s
2025-04-09 19:03:18.997 70101 INFO tempest.lib.common.rest_client [req-6c2ed3a9-f76d-49ce-b311-a5f7808a8a6e req-6c2ed3a9-f76d-49ce-b311-a5f7808a8a6e ] Request (ServersTestManualDisk:setUpClass): 201 POST http://10.180.1.21:9696/networking/v2.0/floatingips 1.844s
2025-04-09 19:03:19.076 70054 INFO tempest.lib.common.rest_client [req-e5cfb729-a503-4fcc-bfcb-39cf657355d5 req-e5cfb729-a503-4fcc-bfcb-39cf657355d5 ] Request (ServersTestJSON:setUpClass): 200 POST http://10.180.1.21/compute/v2.1/os-keypairs 2.706s
2025-04-09 19:03:19.092 70110 INFO tempest.lib.common.rest_client [req-a93e561a-df87-45e3-bbe4-f65a94c8b1eb req-a93e561a-df87-45e3-bbe4-f65a94c8b1eb ] Request (FlavorsAccessTestJSON:test_flavor_access_list_with_private_flavor): 200 GET http://10.180.1.21/compute/v2.1/flavors/603538279/os-flavor-access 2.281s
2025-04-09 19:03:19.102 70101 INFO tempest.lib.common.rest_client [req-e0a3ef44-2a0e-4fc9-9bb9-8a51a7ef2d8e req-e0a3ef44-2a0e-4fc9-9bb9-8a51a7ef2d8e ] Request (ServersTestManualDisk:setUpClass): 201 POST http://10.180.1.21/identity/v3/auth/tokens 0.100s
2025-04-09 19:03:19.103 70101 INFO tempest.lib.common.fixed_network [-] (ServersTestManualDisk:setUpClass) Found network {'id': 'cb154a56-0142-4e24-b2de-5d005a4ace4b', 'name': 'tempest-ServersTestManualDisk-1574705189-network', 'tenant_id': 'd0dcf9f01bd347838c3d0f06278d67f2', 'admin_state_up': True, 'mtu': 8950, 'status': 'ACTIVE', 'subnets': [], 'shared': False, 'project_id': 'd0dcf9f01bd347838c3d0f06278d67f2', 'port_security_enabled': True, 'router:external': False, 'provider:network_type': 'vlan', 'provider:physical_network': 'default', 'provider:segmentation_id': 185, 'availability_zone_hints': [], 'availability_zones': [], 'ipv4_address_scope': None, 'ipv6_address_scope': None, 'description': '', 'tags': [], 'created_at': '2025-04-09T19:03:08Z', 'updated_at': '2025-04-09T19:03:08Z', 'revision_number': 1} available for tenant
2025-04-09 19:03:19.365 70054 INFO tempest.lib.common.rest_client [req-4f71b460-ccdc-4f5a-8ac8-3114a60df447 req-4f71b460-ccdc-4f5a-8ac8-3114a60df447 ] Request (ServersTestJSON:setUpClass): 201 POST http://10.180.1.21:9696/networking/v2.0/security-groups 0.287s
2025-04-09 19:03:19.491 70064 INFO tempest.lib.common.rest_client [req-a1554cf0-8a42-4dd3-b25a-b9cc09eec220 req-a1554cf0-8a42-4dd3-b25a-b9cc09eec220 ] Request (ImagesOneServerNegativeTestJSON:setUpClass): 200 GET http://10.180.1.21/compute/v2.1/servers/f1d027e6-d48a-42ad-9099-7798329d205f 2.623s
