2025-04-09 19:05:39.533 70082 INFO tempest.lib.common.rest_client [req-a89e0c53-5c3d-49ee-98a4-f18f0db3cee4 req-a89e0c53-5c3d-49ee-98a4-f18f0db3cee4 ] Request (ListImageFiltersTestJSON:setUpClass): 200 GET http://10.180.1.21/compute/v2.1/images/09d18a03-d42a-4c79-9bc6-e21ddecc8db0 0.030s
2025-04-09 19:05:39.794 70060 INFO tempest.lib.common.rest_client [req-91c41845-3096-4932-b331-6f78b8156955 req-91c41845-3096-4932-b331-6f78b8156955 ] Request (ServersListShow296Test:test_list_show_update_rebuild_server_296): 200 GET http://10.180.1.21/compute/v2.1/servers/f6a9839e-615a-411c-8e3e-2ce15dd85dd4 0.092s
2025-04-09 19:05:39.810 70076 INFO tempest.lib.common.rest_client [req-85dd7c2c-5663-45b6-85cf-22250e06b8ba req-85dd7c2c-5663-45b6-85cf-22250e06b8ba ] Request (ServersV294TestFqdnHostnames:setUpClass): 200 GET http://10.180.1.21/compute/v2.1/servers/5d71c637-3757-42b0-95b3-be80ef214b7b 0.154s
2025-04-09 19:05:39.842 70082 INFO tempest.lib.common.rest_client [req-a1d20216-d0a4-412f-8111-fa76c78db563 req-a1d20216-d0a4-412f-8111-fa76c78db563 ] Request (ListImageFiltersTestJSON:setUpClass): 201 POST http://10.180.1.21/image/v2/images 0.304s
2025-04-09 19:05:39.848 70092 INFO tempest.lib.common.rest_client [req-3bbf3c35-2a85-4e05-b454-c512eb28a393 req-3bbf3c35-2a85-4e05-b454-c512eb28a393 ] Request (AttachInterfacesUnderV243Test:test_add_remove_fixed_ip): 200 GET http://10.180.1.21/compute/v2.1/servers/3404c0a3-f0c1-4b36-a372-2e9379a4b015 0.082s
2025-04-09 19:05:39.913 70094 INFO tempest.lib.common.rest_client [req-0c82e3f4-dda5-4f7c-9584-49dcd7663842 req-0c82e3f4-dda5-4f7c-9584-49dcd7663842 ] Request (FloatingIPsAssociationTestJSON:tearDownClass): 200 GET http://10.180.1.21/compute/v2.1/servers/5bc1d382-2c5a-4bdc-b954-edf74a06409c 0.063s
2025-04-09 19:05:39.944 70062 INFO tempest.lib.common.rest_client [req-f5b5d6a4-29b9-4621-b955-b67e4ed52cb3 req-f5b5d6a4-29b9-4621-b955-b67e4ed52cb3 ] Request (ServerActionsTestOtherB:setUpClass): 200 GET http://10.180.1.21/compute/v2.1/servers/6fe4702c-4579-481c-8774-22e4b484f1c9 0.161s
2025-04-09 19:05:39.951 70062 INFO tempest.common.waiters [-] State transition "BUILD/spawning" ==> "ACTIVE/None" after 67 second wait
2025-04-09 19:05:40.005 70070 INFO tempest.lib.common.rest_client [req-8f15832d-7a89-47a4-b94f-64daa77cb28a req-8f15832d-7a89-47a4-b94f-64daa77cb28a ] Request (ListServerFiltersTestJSON:tearDownClass): 200 GET http://10.180.1.21/compute/v2.1/servers/436f3955-a2cc-40e8-8f60-4c5cdd31699c 0.099s
2025-04-09 19:05:40.039 70073 INFO tempest.lib.common.rest_client [req-64381b40-7687-4283-9f9a-6a979b1afa82 req-64381b40-7687-4283-9f9a-6a979b1afa82 ] Request (VolumesAdminNegativeTest:test_update_attached_volume_with_nonexistent_volume_in_body): 200 GET http://10.180.1.21/compute/v2.1/servers/89407115-4044-4f5a-81eb-0ec832bf79f6 0.170s
2025-04-09 19:05:40.077 70062 INFO tempest.lib.common.rest_client [req-d5f4ea8c-69f5-42c8-a6ec-ef4f0335032f req-d5f4ea8c-69f5-42c8-a6ec-ef4f0335032f ] Request (ServerActionsTestOtherB:setUpClass): 200 GET http://10.180.1.21/compute/v2.1/servers/6fe4702c-4579-481c-8774-22e4b484f1c9/os-interface 0.125s
2025-04-09 19:05:40.113 70086 INFO tempest.lib.common.rest_client [req-867129ab-e80f-45a8-b0e5-55e3ed727a86 req-867129ab-e80f-45a8-b0e5-55e3ed727a86 ] Request (ServerActionsV293TestJSON:setUpClass): 200 GET http://10.180.1.21/compute/v2.1/servers/50bc9426-4f8d-4728-82e6-38dbe2eeb62a 0.160s
2025-04-09 19:05:40.132 70056 INFO tempest.lib.common.rest_client [req-57cf9ee9-c738-4a45-af09-125785df2d8d req-57cf9ee9-c738-4a45-af09-125785df2d8d ] Request (ServerRescueTestJSONUnderV235:setUpClass): 200 GET http://10.180.1.21/compute/v2.1/servers/01587496-3a39-4322-bc85-f4cb057f383f 0.120s
2025-04-09 19:05:40.169 70096 INFO tempest.lib.common.rest_client [req-f57b800c-a8e1-496f-ad62-df836869aee7 req-f57b800c-a8e1-496f-ad62-df836869aee7 ] Request (ServersAdminTestJSON:test_inject_network_info): 200 GET http://10.180.1.21/compute/v2.1/servers/eed44ef8-fc14-466a-bab1-1e0192d0c51c 0.151s
2025-04-09 19:05:40.208 70066 INFO tempest.lib.common.rest_client [req-f18c9fff-0302-4732-98f8-4890ad028847 req-f18c9fff-0302-4732-98f8-4890ad028847 ] Request (ServersTestMultiNic:test_verify_multiple_nics_order): 200 GET http://10.180.1.21/compute/v2.1/servers/afac3398-435b-4dfd-825e-a05d31148b35 0.141s
2025-04-09 19:05:40.223 70048 INFO tempest.lib.common.rest_client [req-1f646171-8a93-4052-a5fb-9b4819b5d32a req-1f646171-8a93-4052-a5fb-9b4819b5d32a ] Request (ServersNegativeTestJSON:setUpClass): 200 GET http://10.180.1.21/compute/v2.1/servers/3684986e-3928-4f7f-bbf0-274977244745 0.150s
2025-04-09 19:05:40.261 70104 INFO tempest.lib.common.rest_client [req-608a4806-57e2-42bb-bf8d-49cf5647b1d2 req-608a4806-57e2-42bb-bf8d-49cf5647b1d2 ] Request (AttachInterfacesTestJSON:test_create_list_show_delete_interfaces_by_fixed_ip): 200 GET http://10.180.1.21/compute/v2.1/servers/3f350c0f-2d81-473e-835a-6883f6efd920 0.122s
2025-04-09 19:05:40.279 70052 INFO tempest.lib.common.rest_client [req-36cab593-7467-4bc5-b7ff-e3acf1a8cea1 req-36cab593-7467-4bc5-b7ff-e3acf1a8cea1 ] Request (DeleteServersTestJSON:test_delete_server_while_in_attached_volume): 200 GET http://10.180.1.21/compute/v2.1/servers/f15a5126-47d9-4d52-b2d2-60e2047150b2 0.111s
2025-04-09 19:05:40.337 70088 INFO tempest.lib.common.rest_client [req-6587c51b-5dcc-4f5b-81d3-175163d72d31 req-6587c51b-5dcc-4f5b-81d3-175163d72d31 ] Request (SecurityGroupsTestJSON:test_server_security_groups): 200 GET http://10.180.1.21/compute/v2.1/servers/5584428a-6fb3-41ec-8d2c-08b2ce546236 0.138s
2025-04-09 19:05:40.353 70050 INFO tempest.lib.common.rest_client [req-ef3d181e-7050-43cb-9d36-1c17ecb5f3b8 req-ef3d181e-7050-43cb-9d36-1c17ecb5f3b8 ] Request (MigrationsAdminTest:test_resize_server_revert_deleted_flavor): 200 GET http://10.180.1.21/compute/v2.1/servers/5857e7c0-7800-4019-b55a-c420b8febbf7 0.120s
2025-04-09 19:05:40.361 70050 INFO tempest.common.waiters [-] State transition "BUILD/None" ==> "BUILD/networking" after 62 second wait
2025-04-09 19:05:40.408 70090 INFO tempest.lib.common.rest_client [req-2c0e6b7f-21d6-415c-8a79-aacd6e0ae78a req-2c0e6b7f-21d6-415c-8a79-aacd6e0ae78a ] Request (ServerShowV247Test:test_update_rebuild_list_server): 200 GET http://10.180.1.21/compute/v2.1/servers/dfc247a0-5352-4e13-bd3d-16edea9e2145 0.112s
2025-04-09 19:05:40.562 70062 INFO tempest.lib.common.rest_client [req-4b7d2cdc-2010-4217-b1fd-6826645c87ad req-4b7d2cdc-2010-4217-b1fd-6826645c87ad ] Request (ServerActionsTestOtherB:setUpClass): 200 PUT http://10.180.1.21:9696/networking/v2.0/floatingips/dd57950d-1ffa-4bd7-8368-0daee4c18457 0.482s
2025-04-09 19:05:40.564 70062 INFO tempest.lib.common.ssh [-] Creating ssh connection to '10.180.180.141:22' as 'cirros' with public key authentication
2025-04-09 19:05:40.585 70110 INFO tempest.lib.common.rest_client [req-b5c9a2f3-a878-4c95-a2d9-47c825a57dea req-b5c9a2f3-a878-4c95-a2d9-47c825a57dea ] Request (ServerDiskConfigTestJSON:test_rebuild_server_with_manual_disk_config): 200 GET http://10.180.1.21/compute/v2.1/servers/41ae2b76-c337-469b-8515-cd2ffa613644 0.134s
2025-04-09 19:05:40.636 70064 INFO tempest.lib.common.rest_client [req-e933067a-81d7-4d1e-b478-d587e6d8a619 req-e933067a-81d7-4d1e-b478-d587e6d8a619 ] Request (ImagesOneServerNegativeTestJSON:tearDown): 200 GET http://10.180.1.21/compute/v2.1/servers/7d9fb7c0-9d0b-4f77-a78e-6f874964ffc0 0.125s
2025-04-09 19:05:40.644 70064 INFO tempest.common.waiters [-] State transition "ACTIVE/image_pending_upload" ==> "ACTIVE/image_uploading" after 2 second wait
2025-04-09 19:05:40.966 70060 INFO tempest.lib.common.rest_client [req-f5e8993f-bfc6-4dfb-9595-69b5d44e70e5 req-f5e8993f-bfc6-4dfb-9595-69b5d44e70e5 ] Request (ServersListShow296Test:test_list_show_update_rebuild_server_296): 200 GET http://10.180.1.21/compute/v2.1/servers/f6a9839e-615a-411c-8e3e-2ce15dd85dd4 0.160s
2025-04-09 19:05:40.977 70060 INFO tempest.common.waiters [-] State transition "BUILD/scheduling" ==> "BUILD/None" after 28 second wait
2025-04-09 19:05:41.038 70092 INFO tempest.lib.common.rest_client [req-348d25e7-8ad9-4aec-9ce5-a71683a82f32 req-348d25e7-8ad9-4aec-9ce5-a71683a82f32 ] Request (AttachInterfacesUnderV243Test:test_add_remove_fixed_ip): 200 GET http://10.180.1.21/compute/v2.1/servers/3404c0a3-f0c1-4b36-a372-2e9379a4b015 0.177s
2025-04-09 19:05:41.065 70076 INFO tempest.lib.common.rest_client [req-29a11cb1-81c4-4e5a-9c40-d6ec3d64069e req-29a11cb1-81c4-4e5a-9c40-d6ec3d64069e ] Request (ServersV294TestFqdnHostnames:setUpClass): 200 GET http://10.180.1.21/compute/v2.1/servers/5d71c637-3757-42b0-95b3-be80ef214b7b 0.244s
2025-04-09 19:05:41.113 70094 INFO tempest.lib.common.rest_client [req-4855d490-438a-4f24-a2aa-fa26c6a5370d req-4855d490-438a-4f24-a2aa-fa26c6a5370d ] Request (FloatingIPsAssociationTestJSON:tearDownClass): 200 GET http://10.180.1.21/compute/v2.1/servers/5bc1d382-2c5a-4bdc-b954-edf74a06409c 0.192s
2025-04-09 19:05:41.148 70070 INFO tempest.lib.common.rest_client [req-7b7d887f-d09f-44a6-98a2-da8e98985fcc req-7b7d887f-d09f-44a6-98a2-da8e98985fcc ] Request (ListServerFiltersTestJSON:tearDownClass): 200 GET http://10.180.1.21/compute/v2.1/servers/436f3955-a2cc-40e8-8f60-4c5cdd31699c 0.134s
2025-04-09 19:05:41.236 70086 INFO tempest.lib.common.rest_client [req-9ecac6c7-5cf9-4cc9-8adf-20eead6b5c46 req-9ecac6c7-5cf9-4cc9-8adf-20eead6b5c46 ] Request (ServerActionsV293TestJSON:setUpClass): 200 GET http://10.180.1.21/compute/v2.1/servers/50bc9426-4f8d-4728-82e6-38dbe2eeb62a 0.110s
2025-04-09 19:05:41.320 70073 INFO tempest.lib.common.rest_client [req-545353cc-9008-4ec2-af32-a0cd60ea972e req-545353cc-9008-4ec2-af32-a0cd60ea972e ] Request (VolumesAdminNegativeTest:test_update_attached_volume_with_nonexistent_volume_in_body): 200 GET http://10.180.1.21/compute/v2.1/servers/89407115-4044-4f5a-81eb-0ec832bf79f6 0.273s
2025-04-09 19:05:41.322 70056 INFO tempest.lib.common.rest_client [req-d5a3c2fb-c5eb-4dd4-9055-f1dcb1bcf7f4 req-d5a3c2fb-c5eb-4dd4-9055-f1dcb1bcf7f4 ] Request (ServerRescueTestJSONUnderV235:setUpClass): 200 GET http://10.180.1.21/compute/v2.1/servers/01587496-3a39-4322-bc85-f4cb057f383f 0.181s
2025-04-09 19:05:41.418 70066 INFO tempest.lib.common.rest_client [req-745a22cd-2661-4416-b1cb-476086e74d3c req-745a22cd-2661-4416-b1cb-476086e74d3c ] Request (ServersTestMultiNic:test_verify_multiple_nics_order): 200 GET http://10.180.1.21/compute/v2.1/servers/afac3398-435b-4dfd-825e-a05d31148b35 0.199s
2025-04-09 19:05:41.422 70096 INFO tempest.lib.common.rest_client [req-a1655fae-0bba-4a35-9a91-3aaf074472a8 req-a1655fae-0bba-4a35-9a91-3aaf074472a8 ] Request (ServersAdminTestJSON:test_inject_network_info): 200 GET http://10.180.1.21/compute/v2.1/servers/eed44ef8-fc14-466a-bab1-1e0192d0c51c 0.244s
2025-04-09 19:05:41.478 70082 INFO tempest.lib.common.rest_client [req-ff210bc5-a5cd-4378-a2c3-4d747e385a37 req-ff210bc5-a5cd-4378-a2c3-4d747e385a37 ] Request (ListImageFiltersTestJSON:setUpClass): 204 PUT http://10.180.1.21/image/v2/images/78eb09e0-3cf7-4e0e-8c71-3a0b92c4d8c2/file 0.634s
2025-04-09 19:05:41.480 70048 INFO tempest.lib.common.rest_client [req-eb5a27fc-5491-480e-b8e2-ca9440154ec9 req-eb5a27fc-5491-480e-b8e2-ca9440154ec9 ] Request (ServersNegativeTestJSON:setUpClass): 200 GET http://10.180.1.21/compute/v2.1/servers/3684986e-3928-4f7f-bbf0-274977244745 0.249s
2025-04-09 19:05:41.497 70104 INFO tempest.lib.common.rest_client [req-987f06dd-659d-429c-9c69-bad67b2e4392 req-987f06dd-659d-429c-9c69-bad67b2e4392 ] Request (AttachInterfacesTestJSON:test_create_list_show_delete_interfaces_by_fixed_ip): 200 GET http://10.180.1.21/compute/v2.1/servers/3f350c0f-2d81-473e-835a-6883f6efd920 0.227s
2025-04-09 19:05:41.537 70052 INFO tempest.lib.common.rest_client [req-b73becb8-0eb2-4296-8533-64dc0d2e6c64 req-b73becb8-0eb2-4296-8533-64dc0d2e6c64 ] Request (DeleteServersTestJSON:test_delete_server_while_in_attached_volume): 200 GET http://10.180.1.21/compute/v2.1/servers/f15a5126-47d9-4d52-b2d2-60e2047150b2 0.243s
2025-04-09 19:05:41.554 70088 INFO tempest.lib.common.rest_client [req-ae3256b6-6ce0-4a89-b111-2e1c120498cd req-ae3256b6-6ce0-4a89-b111-2e1c120498cd ] Request (SecurityGroupsTestJSON:test_server_security_groups): 200 GET http://10.180.1.21/compute/v2.1/servers/5584428a-6fb3-41ec-8d2c-08b2ce546236 0.205s
2025-04-09 19:05:41.627 70090 INFO tempest.lib.common.rest_client [req-dc20ee11-c3bb-452d-be94-f3445924e639 req-dc20ee11-c3bb-452d-be94-f3445924e639 ] Request (ServerShowV247Test:test_update_rebuild_list_server): 200 GET http://10.180.1.21/compute/v2.1/servers/dfc247a0-5352-4e13-bd3d-16edea9e2145 0.207s
2025-04-09 19:05:41.658 70050 INFO tempest.lib.common.rest_client [req-114324ea-9280-477e-ac4d-355d51c036a2 req-114324ea-9280-477e-ac4d-355d51c036a2 ] Request (MigrationsAdminTest:test_resize_server_revert_deleted_flavor): 200 GET http://10.180.1.21/compute/v2.1/servers/5857e7c0-7800-4019-b55a-c420b8febbf7 0.297s
2025-04-09 19:05:41.661 70082 INFO tempest.lib.common.rest_client [req-e3a99586-7c35-4f3a-af14-37407a5726b4 req-e3a99586-7c35-4f3a-af14-37407a5726b4 ] Request (ListImageFiltersTestJSON:setUpClass): 200 GET http://10.180.1.21/compute/v2.1/images/78eb09e0-3cf7-4e0e-8c71-3a0b92c4d8c2 0.183s
2025-04-09 19:05:41.665 70050 INFO tempest.common.waiters [-] State transition "BUILD/networking" ==> "BUILD/spawning" after 63 second wait
2025-04-09 19:05:41.779 70064 INFO tempest.lib.common.rest_client [req-903f0670-5137-4053-98f9-eea3176d529e req-903f0670-5137-4053-98f9-eea3176d529e ] Request (ImagesOneServerNegativeTestJSON:tearDown): 200 GET http://10.180.1.21/compute/v2.1/servers/7d9fb7c0-9d0b-4f77-a78e-6f874964ffc0 0.133s
2025-04-09 19:05:41.809 70082 INFO tempest.lib.common.rest_client [req-cb2d805a-c3ae-44b2-b8a1-29192d0b4087 req-cb2d805a-c3ae-44b2-b8a1-29192d0b4087 ] Request (ListImageFiltersTestJSON:setUpClass): 200 GET http://10.180.1.21/compute/v2.1/images/78eb09e0-3cf7-4e0e-8c71-3a0b92c4d8c2 0.145s
2025-04-09 19:05:41.821 70110 INFO tempest.lib.common.rest_client [req-971a784f-c85a-4783-af8b-ddec9ed3b822 req-971a784f-c85a-4783-af8b-ddec9ed3b822 ] Request (ServerDiskConfigTestJSON:test_rebuild_server_with_manual_disk_config): 200 GET http://10.180.1.21/compute/v2.1/servers/41ae2b76-c337-469b-8515-cd2ffa613644 0.228s
2025-04-09 19:05:41.846 70082 INFO tempest.lib.common.rest_client [req-bb4e85d5-55a3-4d4b-9ea0-957bceecb088 req-bb4e85d5-55a3-4d4b-9ea0-957bceecb088 ] Request (ListImageFiltersTestJSON:setUpClass): 201 POST http://10.180.1.21/identity/v3/auth/tokens 0.031s
2025-04-09 19:05:41.847 70082 INFO tempest.lib.common.fixed_network [-] (ListImageFiltersTestJSON:setUpClass) Found network None available for tenant
2025-04-09 19:05:42.057 70060 INFO tempest.lib.common.rest_client [req-3dae2fec-8c24-4089-84b0-ae311578e8f8 req-3dae2fec-8c24-4089-84b0-ae311578e8f8 ] Request (ServersListShow296Test:test_list_show_update_rebuild_server_296): 200 GET http://10.180.1.21/compute/v2.1/servers/f6a9839e-615a-411c-8e3e-2ce15dd85dd4 0.079s
2025-04-09 19:05:42.114 70092 INFO tempest.lib.common.rest_client [req-0e868a10-d4d3-492e-9a32-fbb0d4fcfd8d req-0e868a10-d4d3-492e-9a32-fbb0d4fcfd8d ] Request (AttachInterfacesUnderV243Test:test_add_remove_fixed_ip): 200 GET http://10.180.1.21/compute/v2.1/servers/3404c0a3-f0c1-4b36-a372-2e9379a4b015 0.066s
2025-04-09 19:05:42.142 70082 INFO tempest.lib.common.rest_client [req-e061fdf2-fa27-431c-9685-c2b58aa0c02c req-e061fdf2-fa27-431c-9685-c2b58aa0c02c ] Request (ListImageFiltersTestJSON:setUpClass): 202 POST http://10.180.1.21/compute/v2.1/servers 0.295s
2025-04-09 19:05:42.180 70082 INFO tempest.lib.common.rest_client [req-9612d9ae-28d0-40d8-9843-9526e03a1838 req-9612d9ae-28d0-40d8-9843-9526e03a1838 ] Request (ListImageFiltersTestJSON:setUpClass): 201 POST http://10.180.1.21/identity/v3/auth/tokens 0.032s
2025-04-09 19:05:42.180 70082 INFO tempest.lib.common.fixed_network [-] (ListImageFiltersTestJSON:setUpClass) Found network None available for tenant
2025-04-09 19:05:42.216 70094 INFO tempest.lib.common.rest_client [req-42dbba8c-f659-404a-9f50-abf5e30dd6ec req-42dbba8c-f659-404a-9f50-abf5e30dd6ec ] Request (FloatingIPsAssociationTestJSON:tearDownClass): 200 GET http://10.180.1.21/compute/v2.1/servers/5bc1d382-2c5a-4bdc-b954-edf74a06409c 0.091s
2025-04-09 19:05:42.243 70076 INFO tempest.lib.common.rest_client [req-ddbfc0b0-41ce-40ac-bfa7-723e6ff14522 req-ddbfc0b0-41ce-40ac-bfa7-723e6ff14522 ] Request (ServersV294TestFqdnHostnames:setUpClass): 200 GET http://10.180.1.21/compute/v2.1/servers/5d71c637-3757-42b0-95b3-be80ef214b7b 0.159s
2025-04-09 19:05:42.278 70070 INFO tempest.lib.common.rest_client [req-99f4122f-21aa-430e-af11-fcb3fdb6f7d0 req-99f4122f-21aa-430e-af11-fcb3fdb6f7d0 ] Request (ListServerFiltersTestJSON:tearDownClass): 200 GET http://10.180.1.21/compute/v2.1/servers/436f3955-a2cc-40e8-8f60-4c5cdd31699c 0.117s
2025-04-09 19:05:42.340 70086 INFO tempest.lib.common.rest_client [req-b73a86ef-6ce6-47c5-aef9-55194f257892 req-b73a86ef-6ce6-47c5-aef9-55194f257892 ] Request (ServerActionsV293TestJSON:setUpClass): 200 GET http://10.180.1.21/compute/v2.1/servers/50bc9426-4f8d-4728-82e6-38dbe2eeb62a 0.085s
2025-04-09 19:05:42.466 70073 INFO tempest.lib.common.rest_client [req-78e6066d-f94e-429d-9e74-bac653ba5131 req-78e6066d-f94e-429d-9e74-bac653ba5131 ] Request (VolumesAdminNegativeTest:test_update_attached_volume_with_nonexistent_volume_in_body): 200 GET http://10.180.1.21/compute/v2.1/servers/89407115-4044-4f5a-81eb-0ec832bf79f6 0.138s
2025-04-09 19:05:42.514 70056 INFO tempest.lib.common.rest_client [req-bed01044-4cca-4a3b-a4bc-3a29eac4a0b0 req-bed01044-4cca-4a3b-a4bc-3a29eac4a0b0 ] Request (ServerRescueTestJSONUnderV235:setUpClass): 200 GET http://10.180.1.21/compute/v2.1/servers/01587496-3a39-4322-bc85-f4cb057f383f 0.179s
2025-04-09 19:05:42.545 70082 INFO tempest.lib.common.rest_client [req-9fc9db04-5ea9-438d-b18b-941341758084 req-9fc9db04-5ea9-438d-b18b-941341758084 ] Request (ListImageFiltersTestJSON:setUpClass): 202 POST http://10.180.1.21/compute/v2.1/servers 0.364s
2025-04-09 19:05:42.560 70066 INFO tempest.lib.common.rest_client [req-dfb01ac8-9442-495e-ab12-90d4607d66f0 req-dfb01ac8-9442-495e-ab12-90d4607d66f0 ] Request (ServersTestMultiNic:test_verify_multiple_nics_order): 200 GET http://10.180.1.21/compute/v2.1/servers/afac3398-435b-4dfd-825e-a05d31148b35 0.134s
2025-04-09 19:05:42.596 70096 INFO tempest.lib.common.rest_client [req-f10d119a-93a4-444b-aec9-67debb8ab0b5 req-f10d119a-93a4-444b-aec9-67debb8ab0b5 ] Request (ServersAdminTestJSON:test_inject_network_info): 200 GET http://10.180.1.21/compute/v2.1/servers/eed44ef8-fc14-466a-bab1-1e0192d0c51c 0.165s
2025-04-09 19:05:42.608 70048 INFO tempest.lib.common.rest_client [req-510a8b78-e6de-4c5d-a0ea-0db90501cfc9 req-510a8b78-e6de-4c5d-a0ea-0db90501cfc9 ] Request (ServersNegativeTestJSON:setUpClass): 200 GET http://10.180.1.21/compute/v2.1/servers/3684986e-3928-4f7f-bbf0-274977244745 0.116s
2025-04-09 19:05:42.648 70104 INFO tempest.lib.common.rest_client [req-2f7c5c88-8d30-4ad3-af99-ea310c2ae09f req-2f7c5c88-8d30-4ad3-af99-ea310c2ae09f ] Request (AttachInterfacesTestJSON:test_create_list_show_delete_interfaces_by_fixed_ip): 200 GET http://10.180.1.21/compute/v2.1/servers/3f350c0f-2d81-473e-835a-6883f6efd920 0.142s
2025-04-09 19:05:42.653 70082 INFO tempest.lib.common.rest_client [req-47f25719-9ca1-4d60-8a13-93d521a45748 req-47f25719-9ca1-4d60-8a13-93d521a45748 ] Request (ListImageFiltersTestJSON:setUpClass): 200 GET http://10.180.1.21/compute/v2.1/servers/23a75fc1-0e53-4ab3-8d8e-b7cf7ece0f19 0.106s
2025-04-09 19:05:42.717 70052 INFO tempest.lib.common.rest_client [req-fe577b3f-ca8f-471f-b18c-23a87081f982 req-fe577b3f-ca8f-471f-b18c-23a87081f982 ] Request (DeleteServersTestJSON:test_delete_server_while_in_attached_volume): 200 GET http://10.180.1.21/compute/v2.1/servers/f15a5126-47d9-4d52-b2d2-60e2047150b2 0.168s
2025-04-09 19:05:42.720 70088 INFO tempest.lib.common.rest_client [req-c80277db-ec75-4ad2-a571-cb558cf63633 req-c80277db-ec75-4ad2-a571-cb558cf63633 ] Request (SecurityGroupsTestJSON:test_server_security_groups): 200 GET http://10.180.1.21/compute/v2.1/servers/5584428a-6fb3-41ec-8d2c-08b2ce546236 0.154s
2025-04-09 19:05:42.793 70090 INFO tempest.lib.common.rest_client [req-2416850a-9edb-4ea5-8a5a-8d94bc6219b8 req-2416850a-9edb-4ea5-8a5a-8d94bc6219b8 ] Request (ServerShowV247Test:test_update_rebuild_list_server): 200 GET http://10.180.1.21/compute/v2.1/servers/dfc247a0-5352-4e13-bd3d-16edea9e2145 0.152s
2025-04-09 19:05:42.903 70050 INFO tempest.lib.common.rest_client [req-54a17e6f-b111-42e2-800b-58c1bf132e46 req-54a17e6f-b111-42e2-800b-58c1bf132e46 ] Request (MigrationsAdminTest:test_resize_server_revert_deleted_flavor): 200 GET http://10.180.1.21/compute/v2.1/servers/5857e7c0-7800-4019-b55a-c420b8febbf7 0.235s
2025-04-09 19:05:42.989 70064 INFO tempest.lib.common.rest_client [req-80a59199-751f-40f3-a5e3-47973a08209e req-80a59199-751f-40f3-a5e3-47973a08209e ] Request (ImagesOneServerNegativeTestJSON:tearDown): 200 GET http://10.180.1.21/compute/v2.1/servers/7d9fb7c0-9d0b-4f77-a78e-6f874964ffc0 0.198s
2025-04-09 19:05:43.061 70110 INFO tempest.lib.common.rest_client [req-7ce1862f-f498-4ba3-914e-f9335fd2e46a req-7ce1862f-f498-4ba3-914e-f9335fd2e46a ] Request (ServerDiskConfigTestJSON:test_rebuild_server_with_manual_disk_config): 200 GET http://10.180.1.21/compute/v2.1/servers/41ae2b76-c337-469b-8515-cd2ffa613644 0.231s
2025-04-09 19:05:43.155 70060 INFO tempest.lib.common.rest_client [req-9a375b1d-b74f-4bb0-8fa8-4d109f1d4673 req-9a375b1d-b74f-4bb0-8fa8-4d109f1d4673 ] Request (ServersListShow296Test:test_list_show_update_rebuild_server_296): 200 GET http://10.180.1.21/compute/v2.1/servers/f6a9839e-615a-411c-8e3e-2ce15dd85dd4 0.084s
2025-04-09 19:05:43.187 70092 INFO tempest.lib.common.rest_client [req-c46d5930-5e79-4db7-9575-f6e81138c335 req-c46d5930-5e79-4db7-9575-f6e81138c335 ] Request (AttachInterfacesUnderV243Test:test_add_remove_fixed_ip): 200 GET http://10.180.1.21/compute/v2.1/servers/3404c0a3-f0c1-4b36-a372-2e9379a4b015 0.065s
2025-04-09 19:05:43.288 70094 INFO tempest.lib.common.rest_client [req-c769bea5-7b26-4108-8e9e-2af6aa5ee02c req-c769bea5-7b26-4108-8e9e-2af6aa5ee02c ] Request (FloatingIPsAssociationTestJSON:tearDownClass): 200 GET http://10.180.1.21/compute/v2.1/servers/5bc1d382-2c5a-4bdc-b954-edf74a06409c 0.065s
2025-04-09 19:05:43.353 70070 INFO tempest.lib.common.rest_client [req-417883af-9287-4d9f-af13-ceb0220d439a req-417883af-9287-4d9f-af13-ceb0220d439a ] Request (ListServerFiltersTestJSON:tearDownClass): 200 GET http://10.180.1.21/compute/v2.1/servers/436f3955-a2cc-40e8-8f60-4c5cdd31699c 0.067s
2025-04-09 19:05:43.374 70076 INFO tempest.lib.common.rest_client [req-c2c89ae0-9ffe-496c-91ed-c231d2e3c17d req-c2c89ae0-9ffe-496c-91ed-c231d2e3c17d ] Request (ServersV294TestFqdnHostnames:setUpClass): 200 GET http://10.180.1.21/compute/v2.1/servers/5d71c637-3757-42b0-95b3-be80ef214b7b 0.119s
2025-04-09 19:05:43.414 70086 INFO tempest.lib.common.rest_client [req-bfc8bb2e-b78c-4c8f-bf8f-7e1ef8453180 req-bfc8bb2e-b78c-4c8f-bf8f-7e1ef8453180 ] Request (ServerActionsV293TestJSON:setUpClass): 200 GET http://10.180.1.21/compute/v2.1/servers/50bc9426-4f8d-4728-82e6-38dbe2eeb62a 0.063s
2025-04-09 19:05:43.588 70056 INFO tempest.lib.common.rest_client [req-631e9a91-bcd0-4a39-8b31-12771e9684aa req-631e9a91-bcd0-4a39-8b31-12771e9684aa ] Request (ServerRescueTestJSONUnderV235:setUpClass): 200 GET http://10.180.1.21/compute/v2.1/servers/01587496-3a39-4322-bc85-f4cb057f383f 0.065s
2025-04-09 19:05:43.640 70066 INFO tempest.lib.common.rest_client [req-b45ef7be-e48d-4676-ba15-e985f1426149 req-b45ef7be-e48d-4676-ba15-e985f1426149 ] Request (ServersTestMultiNic:test_verify_multiple_nics_order): 200 GET http://10.180.1.21/compute/v2.1/servers/afac3398-435b-4dfd-825e-a05d31148b35 0.072s
2025-04-09 19:05:43.648 70073 INFO tempest.lib.common.rest_client [req-398e597e-abe1-4f49-ac43-2df1a3bc4af5 req-398e597e-abe1-4f49-ac43-2df1a3bc4af5 ] Request (VolumesAdminNegativeTest:test_update_attached_volume_with_nonexistent_volume_in_body): 200 GET http://10.180.1.21/compute/v2.1/servers/89407115-4044-4f5a-81eb-0ec832bf79f6 0.172s
2025-04-09 19:05:43.698 70096 INFO tempest.lib.common.rest_client [req-71a07765-1124-447c-abcd-382abcfaefef req-71a07765-1124-447c-abcd-382abcfaefef ] Request (ServersAdminTestJSON:test_inject_network_info): 200 GET http://10.180.1.21/compute/v2.1/servers/eed44ef8-fc14-466a-bab1-1e0192d0c51c 0.092s
2025-04-09 19:05:43.702 70048 INFO tempest.lib.common.rest_client [req-ff863565-c0d8-45f6-ba3e-b4ff4a78da15 req-ff863565-c0d8-45f6-ba3e-b4ff4a78da15 ] Request (ServersNegativeTestJSON:setUpClass): 200 GET http://10.180.1.21/compute/v2.1/servers/3684986e-3928-4f7f-bbf0-274977244745 0.087s
2025-04-09 19:05:43.755 70104 INFO tempest.lib.common.rest_client [req-6f2d7da6-2a12-4cfa-9464-ad2f69586ff3 req-6f2d7da6-2a12-4cfa-9464-ad2f69586ff3 ] Request (AttachInterfacesTestJSON:test_create_list_show_delete_interfaces_by_fixed_ip): 200 GET http://10.180.1.21/compute/v2.1/servers/3f350c0f-2d81-473e-835a-6883f6efd920 0.099s
2025-04-09 19:05:43.764 70082 INFO tempest.lib.common.rest_client [req-988a8213-4ae9-4e16-b32d-1c42352d4461 req-988a8213-4ae9-4e16-b32d-1c42352d4461 ] Request (ListImageFiltersTestJSON:setUpClass): 200 GET http://10.180.1.21/compute/v2.1/servers/23a75fc1-0e53-4ab3-8d8e-b7cf7ece0f19 0.101s
2025-04-09 19:05:43.807 70052 INFO tempest.lib.common.rest_client [req-4a8e4675-588c-4b0a-acba-b18ad42ad556 req-4a8e4675-588c-4b0a-acba-b18ad42ad556 ] Request (DeleteServersTestJSON:test_delete_server_while_in_attached_volume): 200 GET http://10.180.1.21/compute/v2.1/servers/f15a5126-47d9-4d52-b2d2-60e2047150b2 0.082s
2025-04-09 19:05:43.818 70088 INFO tempest.lib.common.rest_client [req-cee9d1d3-4085-4e39-9165-c179a12a8001 req-cee9d1d3-4085-4e39-9165-c179a12a8001 ] Request (SecurityGroupsTestJSON:test_server_security_groups): 200 GET http://10.180.1.21/compute/v2.1/servers/5584428a-6fb3-41ec-8d2c-08b2ce546236 0.090s
2025-04-09 19:05:43.868 70090 INFO tempest.lib.common.rest_client [req-bb42730b-d7f9-46bc-9212-de1d74878b5d req-bb42730b-d7f9-46bc-9212-de1d74878b5d ] Request (ServerShowV247Test:test_update_rebuild_list_server): 200 GET http://10.180.1.21/compute/v2.1/servers/dfc247a0-5352-4e13-bd3d-16edea9e2145 0.053s
2025-04-09 19:05:44.000 70050 INFO tempest.lib.common.rest_client [req-d546a9b6-bcc9-492e-80f2-c7d8099c68b5 req-d546a9b6-bcc9-492e-80f2-c7d8099c68b5 ] Request (MigrationsAdminTest:test_resize_server_revert_deleted_flavor): 200 GET http://10.180.1.21/compute/v2.1/servers/5857e7c0-7800-4019-b55a-c420b8febbf7 0.090s
2025-04-09 19:05:44.108 70064 INFO tempest.lib.common.rest_client [req-afc7a0d8-5913-4ad4-8165-374d22ea97c3 req-afc7a0d8-5913-4ad4-8165-374d22ea97c3 ] Request (ImagesOneServerNegativeTestJSON:tearDown): 200 GET http://10.180.1.21/compute/v2.1/servers/7d9fb7c0-9d0b-4f77-a78e-6f874964ffc0 0.111s
2025-04-09 19:05:44.156 70110 INFO tempest.lib.common.rest_client [req-5b72fd58-af0f-4516-b452-18bff70c4471 req-5b72fd58-af0f-4516-b452-18bff70c4471 ] Request (ServerDiskConfigTestJSON:test_rebuild_server_with_manual_disk_config): 200 GET http://10.180.1.21/compute/v2.1/servers/41ae2b76-c337-469b-8515-cd2ffa613644 0.087s
2025-04-09 19:05:44.224 70060 INFO tempest.lib.common.rest_client [req-ff6dd723-f4ae-490a-824a-e1eacecf7d43 req-ff6dd723-f4ae-490a-824a-e1eacecf7d43 ] Request (ServersListShow296Test:test_list_show_update_rebuild_server_296): 200 GET http://10.180.1.21/compute/v2.1/servers/f6a9839e-615a-411c-8e3e-2ce15dd85dd4 0.060s
2025-04-09 19:05:44.244 70092 INFO tempest.lib.common.rest_client [req-0e3daea3-ab10-4641-900d-9eae4d905ae7 req-0e3daea3-ab10-4641-900d-9eae4d905ae7 ] Request (AttachInterfacesUnderV243Test:test_add_remove_fixed_ip): 200 GET http://10.180.1.21/compute/v2.1/servers/3404c0a3-f0c1-4b36-a372-2e9379a4b015 0.049s
2025-04-09 19:05:44.373 70094 INFO tempest.lib.common.rest_client [req-65d6bf07-5b5f-40ca-9665-d74c7d90e183 req-65d6bf07-5b5f-40ca-9665-d74c7d90e183 ] Request (FloatingIPsAssociationTestJSON:tearDownClass): 200 GET http://10.180.1.21/compute/v2.1/servers/5bc1d382-2c5a-4bdc-b954-edf74a06409c 0.077s
2025-04-09 19:05:44.435 70070 INFO tempest.lib.common.rest_client [req-aad66c03-3606-49ba-8f0c-57629cb2c104 req-aad66c03-3606-49ba-8f0c-57629cb2c104 ] Request (ListServerFiltersTestJSON:tearDownClass): 200 GET http://10.180.1.21/compute/v2.1/servers/436f3955-a2cc-40e8-8f60-4c5cdd31699c 0.073s
2025-04-09 19:05:44.496 70086 INFO tempest.lib.common.rest_client [req-c0ce2a87-a750-446f-9b08-60d875b8cf8c req-c0ce2a87-a750-446f-9b08-60d875b8cf8c ] Request (ServerActionsV293TestJSON:setUpClass): 200 GET http://10.180.1.21/compute/v2.1/servers/50bc9426-4f8d-4728-82e6-38dbe2eeb62a 0.072s
2025-04-09 19:05:44.538 70076 INFO tempest.lib.common.rest_client [req-5a4652e1-0348-4c63-83ec-041de9581d03 req-5a4652e1-0348-4c63-83ec-041de9581d03 ] Request (ServersV294TestFqdnHostnames:setUpClass): 200 GET http://10.180.1.21/compute/v2.1/servers/5d71c637-3757-42b0-95b3-be80ef214b7b 0.153s
2025-04-09 19:05:44.548 70076 INFO tempest.common.waiters [-] State transition "BUILD/spawning" ==> "ACTIVE/None" after 71 second wait
2025-04-09 19:05:44.620 70076 INFO tempest.lib.common.rest_client [req-b16230d2-7412-4ffc-b5d4-7b5e2916abee req-b16230d2-7412-4ffc-b5d4-7b5e2916abee ] Request (ServersV294TestFqdnHostnames:setUpClass): 200 GET http://10.180.1.21/compute/v2.1/servers/5d71c637-3757-42b0-95b3-be80ef214b7b/os-interface 0.072s
2025-04-09 19:05:44.656 70062 WARNING tempest.lib.common.ssh [-] Failed to establish authenticated ssh connection to cirros@10.180.180.141 ([Errno None] Unable to connect to port 22 on 10.180.180.141). Number attempts: 1. Retry after 2 seconds.: paramiko.ssh_exception.NoValidConnectionsError: [Errno None] Unable to connect to port 22 on 10.180.180.141
2025-04-09 19:05:44.662 70056 INFO tempest.lib.common.rest_client [req-92e03fe7-312c-47c4-90fd-66b963fcb9ee req-92e03fe7-312c-47c4-90fd-66b963fcb9ee ] Request (ServerRescueTestJSONUnderV235:setUpClass): 200 GET http://10.180.1.21/compute/v2.1/servers/01587496-3a39-4322-bc85-f4cb057f383f 0.066s
2025-04-09 19:05:44.711 70066 INFO tempest.lib.common.rest_client [req-a23a0c57-57d8-4ebd-ac75-351765e140d7 req-a23a0c57-57d8-4ebd-ac75-351765e140d7 ] Request (ServersTestMultiNic:test_verify_multiple_nics_order): 200 GET http://10.180.1.21/compute/v2.1/servers/afac3398-435b-4dfd-825e-a05d31148b35 0.062s
2025-04-09 19:05:44.788 70096 INFO tempest.lib.common.rest_client [req-e7b11afb-2040-424d-9640-bae04b56c02b req-e7b11afb-2040-424d-9640-bae04b56c02b ] Request (ServersAdminTestJSON:test_inject_network_info): 200 GET http://10.180.1.21/compute/v2.1/servers/eed44ef8-fc14-466a-bab1-1e0192d0c51c 0.081s
2025-04-09 19:05:44.824 70073 INFO tempest.lib.common.rest_client [req-0894472d-ff97-4b49-9643-0c91694b22d0 req-0894472d-ff97-4b49-9643-0c91694b22d0 ] Request (VolumesAdminNegativeTest:test_update_attached_volume_with_nonexistent_volume_in_body): 200 GET http://10.180.1.21/compute/v2.1/servers/89407115-4044-4f5a-81eb-0ec832bf79f6 0.165s
2025-04-09 19:05:44.856 70048 INFO tempest.lib.common.rest_client [req-9ffa6125-fcbf-4c2f-a147-f4aa88ec3de5 req-9ffa6125-fcbf-4c2f-a147-f4aa88ec3de5 ] Request (ServersNegativeTestJSON:setUpClass): 200 GET http://10.180.1.21/compute/v2.1/servers/3684986e-3928-4f7f-bbf0-274977244745 0.145s
2025-04-09 19:05:44.899 70104 INFO tempest.lib.common.rest_client [req-8bc00b52-d94a-4e22-8af0-f666793cb7f0 req-8bc00b52-d94a-4e22-8af0-f666793cb7f0 ] Request (AttachInterfacesTestJSON:test_create_list_show_delete_interfaces_by_fixed_ip): 200 GET http://10.180.1.21/compute/v2.1/servers/3f350c0f-2d81-473e-835a-6883f6efd920 0.134s
2025-04-09 19:05:44.921 70082 INFO tempest.lib.common.rest_client [req-2e4a4582-d5ea-481c-b815-69ae008c80b5 req-2e4a4582-d5ea-481c-b815-69ae008c80b5 ] Request (ListImageFiltersTestJSON:setUpClass): 200 GET http://10.180.1.21/compute/v2.1/servers/23a75fc1-0e53-4ab3-8d8e-b7cf7ece0f19 0.149s
2025-04-09 19:05:44.949 70052 INFO tempest.lib.common.rest_client [req-e0a55a85-c9ad-4868-8b1d-b158e34ffccd req-e0a55a85-c9ad-4868-8b1d-b158e34ffccd ] Request (DeleteServersTestJSON:test_delete_server_while_in_attached_volume): 200 GET http://10.180.1.21/compute/v2.1/servers/f15a5126-47d9-4d52-b2d2-60e2047150b2 0.133s
2025-04-09 19:05:44.983 70088 INFO tempest.lib.common.rest_client [req-410a8fc0-f80c-47ee-a6a6-27dfeec496c2 req-410a8fc0-f80c-47ee-a6a6-27dfeec496c2 ] Request (SecurityGroupsTestJSON:test_server_security_groups): 200 GET http://10.180.1.21/compute/v2.1/servers/5584428a-6fb3-41ec-8d2c-08b2ce546236 0.156s
2025-04-09 19:05:45.003 70090 INFO tempest.lib.common.rest_client [req-7e6e0397-9762-4efe-978b-f5b7b1902047 req-7e6e0397-9762-4efe-978b-f5b7b1902047 ] Request (ServerShowV247Test:test_update_rebuild_list_server): 200 GET http://10.180.1.21/compute/v2.1/servers/dfc247a0-5352-4e13-bd3d-16edea9e2145 0.125s
2025-04-09 19:05:45.224 70050 INFO tempest.lib.common.rest_client [req-3696b37a-9ef5-4800-bff8-0a4bcb83f50d req-3696b37a-9ef5-4800-bff8-0a4bcb83f50d ] Request (MigrationsAdminTest:test_resize_server_revert_deleted_flavor): 200 GET http://10.180.1.21/compute/v2.1/servers/5857e7c0-7800-4019-b55a-c420b8febbf7 0.216s
2025-04-09 19:05:45.339 70064 INFO tempest.lib.common.rest_client [req-79f48dd0-960b-4f27-b07b-d94cc325e748 req-79f48dd0-960b-4f27-b07b-d94cc325e748 ] Request (ImagesOneServerNegativeTestJSON:tearDown): 200 GET http://10.180.1.21/compute/v2.1/servers/7d9fb7c0-9d0b-4f77-a78e-6f874964ffc0 0.222s
2025-04-09 19:05:45.348 70064 INFO tempest.common.waiters [-] State transition "ACTIVE/image_uploading" ==> "ACTIVE/None" after 7 second wait
2025-04-09 19:05:45.630 70060 INFO tempest.lib.common.rest_client [req-be127902-dd2f-40cc-be9f-b069b0945b2e req-be127902-dd2f-40cc-be9f-b069b0945b2e ] Request (ServersListShow296Test:test_list_show_update_rebuild_server_296): 200 GET http://10.180.1.21/compute/v2.1/servers/f6a9839e-615a-411c-8e3e-2ce15dd85dd4 0.395s
2025-04-09 19:05:45.647 70110 INFO tempest.lib.common.rest_client [req-2a7a5712-e093-44f1-9469-f8710eb62ce5 req-2a7a5712-e093-44f1-9469-f8710eb62ce5 ] Request (ServerDiskConfigTestJSON:test_rebuild_server_with_manual_disk_config): 200 GET http://10.180.1.21/compute/v2.1/servers/41ae2b76-c337-469b-8515-cd2ffa613644 0.481s
2025-04-09 19:05:45.689 70092 INFO tempest.lib.common.rest_client [req-14d0fe71-930a-44f4-87c2-cc4e469567cb req-14d0fe71-930a-44f4-87c2-cc4e469567cb ] Request (AttachInterfacesUnderV243Test:test_add_remove_fixed_ip): 200 GET http://10.180.1.21/compute/v2.1/servers/3404c0a3-f0c1-4b36-a372-2e9379a4b015 0.435s
2025-04-09 19:05:45.731 70064 INFO tempest.lib.common.rest_client [req-f8efa5b0-e964-484f-a308-ee3cfeb2fa47 req-f8efa5b0-e964-484f-a308-ee3cfeb2fa47 ] Request (ImagesOneServerNegativeTestJSON:_run_cleanups): 204 DELETE http://10.180.1.21/compute/v2.1/servers/7d9fb7c0-9d0b-4f77-a78e-6f874964ffc0 0.381s
2025-04-09 19:05:45.761 70094 INFO tempest.lib.common.rest_client [req-050b2cfb-94ca-43e8-9b0e-8da1e40d35ba req-050b2cfb-94ca-43e8-9b0e-8da1e40d35ba ] Request (FloatingIPsAssociationTestJSON:tearDownClass): 200 GET http://10.180.1.21/compute/v2.1/servers/5bc1d382-2c5a-4bdc-b954-edf74a06409c 0.379s
2025-04-09 19:05:45.803 70070 INFO tempest.lib.common.rest_client [req-8700dd82-f8bf-443b-a516-c8abf34b3978 req-8700dd82-f8bf-443b-a516-c8abf34b3978 ] Request (ListServerFiltersTestJSON:tearDownClass): 200 GET http://10.180.1.21/compute/v2.1/servers/436f3955-a2cc-40e8-8f60-4c5cdd31699c 0.358s
2025-04-09 19:05:45.837 70076 INFO tempest.lib.common.rest_client [req-e07278a2-5734-4a54-a797-b035882ed5c9 req-e07278a2-5734-4a54-a797-b035882ed5c9 ] Request (ServersV294TestFqdnHostnames:setUpClass): 200 PUT http://10.180.1.21:9696/networking/v2.0/floatingips/bb16bbf3-e5e4-4d62-880b-4e9735534859 1.214s
2025-04-09 19:05:45.839 70086 INFO tempest.lib.common.rest_client [req-50b50db4-7b07-4a70-af59-10dc0db00f01 req-50b50db4-7b07-4a70-af59-10dc0db00f01 ] Request (ServerActionsV293TestJSON:setUpClass): 200 GET http://10.180.1.21/compute/v2.1/servers/50bc9426-4f8d-4728-82e6-38dbe2eeb62a 0.326s
2025-04-09 19:05:45.860 70056 INFO tempest.lib.common.rest_client [req-bcbe2535-a2ef-49f8-9d7a-9ab390e9f33a req-bcbe2535-a2ef-49f8-9d7a-9ab390e9f33a ] Request (ServerRescueTestJSONUnderV235:setUpClass): 200 GET http://10.180.1.21/compute/v2.1/servers/01587496-3a39-4322-bc85-f4cb057f383f 0.190s
2025-04-09 19:05:45.886 70066 INFO tempest.lib.common.rest_client [req-c8062fef-432f-47c2-96af-75ab6e723f74 req-c8062fef-432f-47c2-96af-75ab6e723f74 ] Request (ServersTestMultiNic:test_verify_multiple_nics_order): 200 GET http://10.180.1.21/compute/v2.1/servers/afac3398-435b-4dfd-825e-a05d31148b35 0.166s
2025-04-09 19:05:45.938 70096 INFO tempest.lib.common.rest_client [req-a005f76f-29dd-4b1e-9727-2b8b56ee7dc8 req-a005f76f-29dd-4b1e-9727-2b8b56ee7dc8 ] Request (ServersAdminTestJSON:test_inject_network_info): 200 GET http://10.180.1.21/compute/v2.1/servers/eed44ef8-fc14-466a-bab1-1e0192d0c51c 0.138s
2025-04-09 19:05:45.955 70064 INFO tempest.lib.common.rest_client [req-86b11e91-d2ca-47f6-b596-9f295be2c573 req-86b11e91-d2ca-47f6-b596-9f295be2c573 ] Request (ImagesOneServerNegativeTestJSON:_run_cleanups): 200 GET http://10.180.1.21/compute/v2.1/servers/7d9fb7c0-9d0b-4f77-a78e-6f874964ffc0 0.224s
2025-04-09 19:05:45.999 70098 WARNING tempest.lib.common.ssh [-] Failed to establish authenticated ssh connection to cirros@10.180.180.249 ([Errno None] Unable to connect to port 22 on 10.180.180.249). Number attempts: 9. Retry after 10 seconds.: paramiko.ssh_exception.NoValidConnectionsError: [Errno None] Unable to connect to port 22 on 10.180.180.249
2025-04-09 19:05:46.065 70073 INFO tempest.lib.common.rest_client [req-7a892bd8-fad9-464d-ad80-5b23bad53a97 req-7a892bd8-fad9-464d-ad80-5b23bad53a97 ] Request (VolumesAdminNegativeTest:test_update_attached_volume_with_nonexistent_volume_in_body): 200 GET http://10.180.1.21/compute/v2.1/servers/89407115-4044-4f5a-81eb-0ec832bf79f6 0.233s
2025-04-09 19:05:46.086 70076 INFO tempest.lib.common.rest_client [req-e88d07a3-1708-4dd2-b0e8-ea1f300d29b8 req-e88d07a3-1708-4dd2-b0e8-ea1f300d29b8 ] Request (ServersV294TestFqdnHostnames:setUpClass): 200 GET http://10.180.1.21/compute/v2.1/servers/5d71c637-3757-42b0-95b3-be80ef214b7b 0.249s
2025-04-09 19:05:46.098 70076 INFO tempest.api.compute.base [-] Attempting to verify tagged devices in server 5d71c637-3757-42b0-95b3-be80ef214b7b via the metadata service: http://169.254.169.254/openstack/latest/meta_data.json
2025-04-09 19:05:46.098 70076 INFO tempest.lib.common.ssh [-] Creating ssh connection to '10.180.180.242:22' as 'cirros' with public key authentication
2025-04-09 19:05:46.119 70048 INFO tempest.lib.common.rest_client [req-f6c75e7d-9919-42d6-ba4c-a6e9811c548f req-f6c75e7d-9919-42d6-ba4c-a6e9811c548f ] Request (ServersNegativeTestJSON:setUpClass): 200 GET http://10.180.1.21/compute/v2.1/servers/3684986e-3928-4f7f-bbf0-274977244745 0.251s
2025-04-09 19:05:46.136 70104 INFO tempest.lib.common.rest_client [req-17570597-0e04-4477-abdb-125e5a57977a req-17570597-0e04-4477-abdb-125e5a57977a ] Request (AttachInterfacesTestJSON:test_create_list_show_delete_interfaces_by_fixed_ip): 200 GET http://10.180.1.21/compute/v2.1/servers/3f350c0f-2d81-473e-835a-6883f6efd920 0.229s
2025-04-09 19:05:46.171 70082 INFO tempest.lib.common.rest_client [req-10ffc1e4-3f72-4a24-a8d1-569851134fcf req-10ffc1e4-3f72-4a24-a8d1-569851134fcf ] Request (ListImageFiltersTestJSON:setUpClass): 200 GET http://10.180.1.21/compute/v2.1/servers/23a75fc1-0e53-4ab3-8d8e-b7cf7ece0f19 0.240s
2025-04-09 19:05:46.189 70052 INFO tempest.lib.common.rest_client [req-f6e40c05-92da-4d97-903a-34f87727a66c req-f6e40c05-92da-4d97-903a-34f87727a66c ] Request (DeleteServersTestJSON:test_delete_server_while_in_attached_volume): 200 GET http://10.180.1.21/compute/v2.1/servers/f15a5126-47d9-4d52-b2d2-60e2047150b2 0.231s
2025-04-09 19:05:46.221 70088 INFO tempest.lib.common.rest_client [req-78b90530-6c84-4db4-94c1-2dd18da54768 req-78b90530-6c84-4db4-94c1-2dd18da54768 ] Request (SecurityGroupsTestJSON:test_server_security_groups): 200 GET http://10.180.1.21/compute/v2.1/servers/5584428a-6fb3-41ec-8d2c-08b2ce546236 0.227s
2025-04-09 19:05:46.247 70090 INFO tempest.lib.common.rest_client [req-20dcc1c5-819b-477f-9ab8-0d5899d3abe5 req-20dcc1c5-819b-477f-9ab8-0d5899d3abe5 ] Request (ServerShowV247Test:test_update_rebuild_list_server): 200 GET http://10.180.1.21/compute/v2.1/servers/dfc247a0-5352-4e13-bd3d-16edea9e2145 0.231s
2025-04-09 19:05:46.256 70090 INFO tempest.common.waiters [-] State transition "BUILD/None" ==> "BUILD/block_device_mapping" after 59 second wait
2025-04-09 19:05:46.360 70050 INFO tempest.lib.common.rest_client [req-e8c9771b-8059-4d3f-a6cd-6ad471b0f10c req-e8c9771b-8059-4d3f-a6cd-6ad471b0f10c ] Request (MigrationsAdminTest:test_resize_server_revert_deleted_flavor): 200 GET http://10.180.1.21/compute/v2.1/servers/5857e7c0-7800-4019-b55a-c420b8febbf7 0.127s
2025-04-09 19:05:46.710 70060 INFO tempest.lib.common.rest_client [req-9bd97c28-ba3a-4ebf-a756-99025f4f4434 req-9bd97c28-ba3a-4ebf-a756-99025f4f4434 ] Request (ServersListShow296Test:test_list_show_update_rebuild_server_296): 200 GET http://10.180.1.21/compute/v2.1/servers/f6a9839e-615a-411c-8e3e-2ce15dd85dd4 0.065s
2025-04-09 19:05:46.761 70092 INFO tempest.lib.common.rest_client [req-572fb28c-9ec3-4e2d-a51d-0cffd2967e76 req-572fb28c-9ec3-4e2d-a51d-0cffd2967e76 ] Request (AttachInterfacesUnderV243Test:test_add_remove_fixed_ip): 200 GET http://10.180.1.21/compute/v2.1/servers/3404c0a3-f0c1-4b36-a372-2e9379a4b015 0.061s
2025-04-09 19:05:46.770 70092 INFO tempest.common.waiters [-] State transition "BUILD/scheduling" ==> "BUILD/None" after 30 second wait
2025-04-09 19:05:46.773 70110 INFO tempest.lib.common.rest_client [req-046eebb5-7f65-4652-8e92-2ae5a169e20d req-046eebb5-7f65-4652-8e92-2ae5a169e20d ] Request (ServerDiskConfigTestJSON:test_rebuild_server_with_manual_disk_config): 200 GET http://10.180.1.21/compute/v2.1/servers/41ae2b76-c337-469b-8515-cd2ffa613644 0.118s
2025-04-09 19:05:46.780 70110 INFO tempest.common.waiters [-] State transition "BUILD/spawning" ==> "ACTIVE/None" after 70 second wait
2025-04-09 19:05:46.847 70094 INFO tempest.lib.common.rest_client [req-91b5fa2e-aea3-4abf-88a8-910f6d342c3c req-91b5fa2e-aea3-4abf-88a8-910f6d342c3c ] Request (FloatingIPsAssociationTestJSON:tearDownClass): 200 GET http://10.180.1.21/compute/v2.1/servers/5bc1d382-2c5a-4bdc-b954-edf74a06409c 0.076s
2025-04-09 19:05:46.920 70070 INFO tempest.lib.common.rest_client [req-8a9351d0-f41e-4a25-889f-343f7f82d8ec req-8a9351d0-f41e-4a25-889f-343f7f82d8ec ] Request (ListServerFiltersTestJSON:tearDownClass): 200 GET http://10.180.1.21/compute/v2.1/servers/436f3955-a2cc-40e8-8f60-4c5cdd31699c 0.108s
2025-04-09 19:05:46.988 70086 INFO tempest.lib.common.rest_client [req-e135ae9d-835c-4e28-97c4-02126829a26a req-e135ae9d-835c-4e28-97c4-02126829a26a ] Request (ServerActionsV293TestJSON:setUpClass): 200 GET http://10.180.1.21/compute/v2.1/servers/50bc9426-4f8d-4728-82e6-38dbe2eeb62a 0.137s
2025-04-09 19:05:47.014 70110 INFO tempest.lib.common.rest_client [req-b95f3b44-4585-484d-a31e-a50ff839da5c req-b95f3b44-4585-484d-a31e-a50ff839da5c ] Request (ServerDiskConfigTestJSON:test_rebuild_server_with_manual_disk_config): 200 GET http://10.180.1.21/compute/v2.1/servers/41ae2b76-c337-469b-8515-cd2ffa613644 0.233s
2025-04-09 19:05:47.047 70056 INFO tempest.lib.common.rest_client [req-c0f73b22-9af5-4ef5-926c-f292df23b197 req-c0f73b22-9af5-4ef5-926c-f292df23b197 ] Request (ServerRescueTestJSONUnderV235:setUpClass): 200 GET http://10.180.1.21/compute/v2.1/servers/01587496-3a39-4322-bc85-f4cb057f383f 0.175s
2025-04-09 19:05:47.073 70066 INFO tempest.lib.common.rest_client [req-3201870c-23bb-41e2-891b-573f59cb6900 req-3201870c-23bb-41e2-891b-573f59cb6900 ] Request (ServersTestMultiNic:test_verify_multiple_nics_order): 200 GET http://10.180.1.21/compute/v2.1/servers/afac3398-435b-4dfd-825e-a05d31148b35 0.178s
2025-04-09 19:05:47.105 70096 INFO tempest.lib.common.rest_client [req-a50d191a-2062-4558-b887-0462a8a8ce21 req-a50d191a-2062-4558-b887-0462a8a8ce21 ] Request (ServersAdminTestJSON:test_inject_network_info): 200 GET http://10.180.1.21/compute/v2.1/servers/eed44ef8-fc14-466a-bab1-1e0192d0c51c 0.157s
2025-04-09 19:05:47.155 70110 INFO tempest.lib.common.rest_client [req-278ae24b-1435-4d8b-b813-0ffd9c5a0ae6 req-278ae24b-1435-4d8b-b813-0ffd9c5a0ae6 ] Request (ServerDiskConfigTestJSON:test_rebuild_server_with_manual_disk_config): 200 PUT http://10.180.1.21/compute/v2.1/servers/41ae2b76-c337-469b-8515-cd2ffa613644 0.133s
2025-04-09 19:05:47.207 70064 INFO tempest.lib.common.rest_client [req-d033aab2-9e6e-4063-b496-b3c818b70174 req-d033aab2-9e6e-4063-b496-b3c818b70174 ] Request (ImagesOneServerNegativeTestJSON:_run_cleanups): 200 GET http://10.180.1.21/compute/v2.1/servers/7d9fb7c0-9d0b-4f77-a78e-6f874964ffc0 0.240s
2025-04-09 19:05:47.275 70048 INFO tempest.lib.common.rest_client [req-454f6b4a-e02e-4516-9b95-217a030d150e req-454f6b4a-e02e-4516-9b95-217a030d150e ] Request (ServersNegativeTestJSON:setUpClass): 200 GET http://10.180.1.21/compute/v2.1/servers/3684986e-3928-4f7f-bbf0-274977244745 0.148s
2025-04-09 19:05:47.289 70073 INFO tempest.lib.common.rest_client [req-b7f863df-63fc-45d2-a2fc-6c7ec9bdf5d5 req-b7f863df-63fc-45d2-a2fc-6c7ec9bdf5d5 ] Request (VolumesAdminNegativeTest:test_update_attached_volume_with_nonexistent_volume_in_body): 200 GET http://10.180.1.21/compute/v2.1/servers/89407115-4044-4f5a-81eb-0ec832bf79f6 0.216s
2025-04-09 19:05:47.329 70104 INFO tempest.lib.common.rest_client [req-e6e7f2d9-e554-46db-958b-eea8c8e8262b req-e6e7f2d9-e554-46db-958b-eea8c8e8262b ] Request (AttachInterfacesTestJSON:test_create_list_show_delete_interfaces_by_fixed_ip): 200 GET http://10.180.1.21/compute/v2.1/servers/3f350c0f-2d81-473e-835a-6883f6efd920 0.184s
2025-04-09 19:05:47.391 70082 INFO tempest.lib.common.rest_client [req-a8304353-61f1-412c-83bb-dbac3de9a458 req-a8304353-61f1-412c-83bb-dbac3de9a458 ] Request (ListImageFiltersTestJSON:setUpClass): 200 GET http://10.180.1.21/compute/v2.1/servers/23a75fc1-0e53-4ab3-8d8e-b7cf7ece0f19 0.212s
2025-04-09 19:05:47.400 70110 INFO tempest.lib.common.rest_client [req-fdacafda-a569-49ec-824a-f580857b64a0 req-fdacafda-a569-49ec-824a-f580857b64a0 ] Request (ServerDiskConfigTestJSON:test_rebuild_server_with_manual_disk_config): 200 GET http://10.180.1.21/compute/v2.1/servers/41ae2b76-c337-469b-8515-cd2ffa613644 0.240s
2025-04-09 19:05:47.457 70052 INFO tempest.lib.common.rest_client [req-e6f8cebb-d090-4630-a4b8-1c18bf5cfc80 req-e6f8cebb-d090-4630-a4b8-1c18bf5cfc80 ] Request (DeleteServersTestJSON:test_delete_server_while_in_attached_volume): 200 GET http://10.180.1.21/compute/v2.1/servers/f15a5126-47d9-4d52-b2d2-60e2047150b2 0.259s
2025-04-09 19:05:47.460 70088 INFO tempest.lib.common.rest_client [req-8fa6219f-9e87-441f-9f44-d490f02f1e52 req-8fa6219f-9e87-441f-9f44-d490f02f1e52 ] Request (SecurityGroupsTestJSON:test_server_security_groups): 200 GET http://10.180.1.21/compute/v2.1/servers/5584428a-6fb3-41ec-8d2c-08b2ce546236 0.228s
2025-04-09 19:05:47.468 70088 INFO tempest.common.waiters [-] State transition "BUILD/scheduling" ==> "BUILD/None" after 28 second wait
2025-04-09 19:05:47.517 70090 INFO tempest.lib.common.rest_client [req-30a98923-1868-44ca-b99b-719b582af092 req-30a98923-1868-44ca-b99b-719b582af092 ] Request (ServerShowV247Test:test_update_rebuild_list_server): 200 GET http://10.180.1.21/compute/v2.1/servers/dfc247a0-5352-4e13-bd3d-16edea9e2145 0.259s
2025-04-09 19:05:47.529 70090 INFO tempest.common.waiters [-] State transition "BUILD/block_device_mapping" ==> "BUILD/spawning" after 60 second wait
2025-04-09 19:05:47.582 70050 INFO tempest.lib.common.rest_client [req-21a30b13-56e9-4d0f-8fc9-8c4dd3075d7e req-21a30b13-56e9-4d0f-8fc9-8c4dd3075d7e ] Request (MigrationsAdminTest:test_resize_server_revert_deleted_flavor): 200 GET http://10.180.1.21/compute/v2.1/servers/5857e7c0-7800-4019-b55a-c420b8febbf7 0.207s
2025-04-09 19:05:47.612 70110 INFO tempest.lib.common.rest_client [req-2a8d0aa3-bd3b-4bdb-9ab6-3cca8945910f req-2a8d0aa3-bd3b-4bdb-9ab6-3cca8945910f ] Request (ServerDiskConfigTestJSON:test_rebuild_server_with_manual_disk_config): 200 GET http://10.180.1.21/compute/v2.1/servers/41ae2b76-c337-469b-8515-cd2ffa613644 0.204s
2025-04-09 19:05:47.728 70062 WARNING tempest.lib.common.ssh [-] Failed to establish authenticated ssh connection to cirros@10.180.180.141 ([Errno None] Unable to connect to port 22 on 10.180.180.141). Number attempts: 2. Retry after 3 seconds.: paramiko.ssh_exception.NoValidConnectionsError: [Errno None] Unable to connect to port 22 on 10.180.180.141
2025-04-09 19:05:47.781 70060 INFO tempest.lib.common.rest_client [req-1a3ce3a1-526f-4e48-8e63-f6f7f3e88992 req-1a3ce3a1-526f-4e48-8e63-f6f7f3e88992 ] Request (ServersListShow296Test:test_list_show_update_rebuild_server_296): 200 GET http://10.180.1.21/compute/v2.1/servers/f6a9839e-615a-411c-8e3e-2ce15dd85dd4 0.060s
2025-04-09 19:05:47.785 70110 INFO tempest.lib.common.rest_client [req-defb70e7-ea7f-412f-845d-9784cff1bc3a req-defb70e7-ea7f-412f-845d-9784cff1bc3a ] Request (ServerDiskConfigTestJSON:test_rebuild_server_with_manual_disk_config): 202 POST http://10.180.1.21/compute/v2.1/servers/41ae2b76-c337-469b-8515-cd2ffa613644/action 0.166s
2025-04-09 19:05:47.834 70092 INFO tempest.lib.common.rest_client [req-8e461dd5-1c57-4b6c-a6cb-8f527d0254e0 req-8e461dd5-1c57-4b6c-a6cb-8f527d0254e0 ] Request (AttachInterfacesUnderV243Test:test_add_remove_fixed_ip): 200 GET http://10.180.1.21/compute/v2.1/servers/3404c0a3-f0c1-4b36-a372-2e9379a4b015 0.063s
2025-04-09 19:05:47.930 70110 INFO tempest.lib.common.rest_client [req-fdaff20f-3ffe-47f4-8574-3daf7138272d req-fdaff20f-3ffe-47f4-8574-3daf7138272d ] Request (ServerDiskConfigTestJSON:test_rebuild_server_with_manual_disk_config): 200 GET http://10.180.1.21/compute/v2.1/servers/41ae2b76-c337-469b-8515-cd2ffa613644 0.140s
