2025-04-09 19:02:55.876 70084 INFO tempest.lib.common.rest_client [req-cc47223e-8096-4384-b84a-f68c1995d1f2 req-cc47223e-8096-4384-b84a-f68c1995d1f2 ] Request (FlavorsV2TestJSON:test_list_flavors_detailed_filter_by_min_disk): 200 GET http://10.180.1.21/compute/v2.1/flavors/detail?minDisk=2 0.029s
2025-04-09 19:02:55.887 70108 INFO tempest.lib.common.rest_client [req-7423f3f3-61b7-4574-ab83-723cbc838ebf req-7423f3f3-61b7-4574-ab83-723cbc838ebf ] Request (NetworksTest:setUpClass): 201 POST http://10.180.1.21/identity/v3/projects 0.793s
2025-04-09 19:02:55.899 70084 INFO tempest.lib.common.rest_client [req-80d4adc3-e5d5-4879-a9f5-679aa9e3fade req-80d4adc3-e5d5-4879-a9f5-679aa9e3fade ] Request (FlavorsV2TestJSON:test_list_flavors_detailed_filter_by_min_ram): 200 GET http://10.180.1.21/compute/v2.1/flavors/42 0.015s
2025-04-09 19:02:55.931 70084 INFO tempest.lib.common.rest_client [req-0a2745c4-f498-40b8-a1c6-7d9f1f30a618 req-0a2745c4-f498-40b8-a1c6-7d9f1f30a618 ] Request (FlavorsV2TestJSON:test_list_flavors_detailed_filter_by_min_ram): 200 GET http://10.180.1.21/compute/v2.1/flavors/detail?minRam=193 0.029s
2025-04-09 19:02:55.939 70094 INFO tempest.lib.common.rest_client [req-cb3b8e97-374f-4a0c-b8f0-1b305080c766 req-cb3b8e97-374f-4a0c-b8f0-1b305080c766 ] Request (HypervisorAdminTestJSON:setUpClass): 201 POST http://10.180.1.21/identity/v3/users 0.812s
2025-04-09 19:02:55.943 70106 INFO tempest.lib.common.rest_client [req-d39922ab-575b-4d87-a523-f00370072534 req-d39922ab-575b-4d87-a523-f00370072534 ] Request (ServicesAdminNegativeV253TestJSON:setUpClass): 201 POST http://10.180.1.21/identity/v3/auth/tokens 0.825s
2025-04-09 19:02:55.957 70084 INFO tempest.lib.common.rest_client [req-5a41703e-5ea3-4873-a238-d4b330d63b3f req-5a41703e-5ea3-4873-a238-d4b330d63b3f ] Request (FlavorsV2TestJSON:test_list_flavors_detailed_limit_results): 200 GET http://10.180.1.21/compute/v2.1/flavors/detail?limit=1 0.021s
2025-04-09 19:02:55.957 70090 INFO tempest.lib.common.rest_client [req-84aee199-9125-42bd-89c3-c48befb6ae6a req-84aee199-9125-42bd-89c3-c48befb6ae6a ] Request (HypervisorAdminV228Test:setUpClass): 200 GET http://10.180.1.21/identity/v3/roles 0.777s
2025-04-09 19:02:55.969 70066 INFO tempest.lib.common.rest_client [req-ff71d711-fe66-4fd1-ad50-83d61b79915b req-ff71d711-fe66-4fd1-ad50-83d61b79915b ] Request (FlavorsAccessNegativeTestJSON:setUpClass): 201 POST http://10.180.1.21/identity/v3/users 0.784s
2025-04-09 19:02:55.975 70084 INFO tempest.lib.common.rest_client [req-94a03610-e0eb-4714-8af5-ed998f65b16b req-94a03610-e0eb-4714-8af5-ed998f65b16b ] Request (FlavorsV2TestJSON:test_list_flavors_detailed_using_marker): 200 GET http://10.180.1.21/compute/v2.1/flavors/42 0.015s
2025-04-09 19:02:55.979 70054 INFO tempest.lib.common.rest_client [req-b61f7f52-1e38-4d53-b498-0c773248552b req-b61f7f52-1e38-4d53-b498-0c773248552b ] Request (ServicesAdminTestJSON:setUpClass): 204 PUT http://10.180.1.21/identity/v3/projects/e53619ec5c964869a7b03b289fa2ec90/users/cc5de73e06964fd8adb68125fa3c401a/roles/43c76ed0d76647539c4f84c6facdfba8 0.740s
2025-04-09 19:02:55.990 70058 INFO tempest.lib.common.rest_client [req-189d5dcd-f577-4774-9b23-c1fdb9e0d01f req-189d5dcd-f577-4774-9b23-c1fdb9e0d01f ] Request (FlavorsExtraSpecsNegativeTestJSON:setUpClass): 200 GET http://10.180.1.21/identity/v3/roles 0.740s
2025-04-09 19:02:56.011 70084 INFO tempest.lib.common.rest_client [req-a63d7878-2768-43c3-b974-9757ff10c63f req-a63d7878-2768-43c3-b974-9757ff10c63f ] Request (FlavorsV2TestJSON:test_list_flavors_detailed_using_marker): 200 GET http://10.180.1.21/compute/v2.1/flavors/detail?marker=42 0.033s
2025-04-09 19:02:56.034 70084 INFO tempest.lib.common.rest_client [req-1e69244d-f45e-400d-840c-9c22061484d9 req-1e69244d-f45e-400d-840c-9c22061484d9 ] Request (FlavorsV2TestJSON:test_list_flavors_filter_by_min_disk): 200 GET http://10.180.1.21/compute/v2.1/flavors/42 0.017s
2025-04-09 19:02:56.037 70068 INFO tempest.lib.common.rest_client [req-53de39b8-c6f6-4b57-8428-c34aea9a19e6 req-53de39b8-c6f6-4b57-8428-c34aea9a19e6 ] Request (HostsAdminTestJSON:setUpClass): 201 POST http://10.180.1.21/identity/v3/users 0.764s
2025-04-09 19:02:56.043 70101 INFO tempest.lib.common.rest_client [req-001cd246-474a-46f3-88e1-270cac83d0fb req-001cd246-474a-46f3-88e1-270cac83d0fb ] Request (TenantUsagesNegativeTestJSON:setUpClass): 201 POST http://10.180.1.21/identity/v3/users 0.761s
2025-04-09 19:02:56.061 70084 INFO tempest.lib.common.rest_client [req-b58a20a3-902b-4f1b-b214-a51823a0fb7f req-b58a20a3-902b-4f1b-b214-a51823a0fb7f ] Request (FlavorsV2TestJSON:test_list_flavors_filter_by_min_disk): 200 GET http://10.180.1.21/compute/v2.1/flavors?minDisk=2 0.025s
2025-04-09 19:02:56.065 70088 INFO tempest.lib.common.rest_client [req-430e6c46-9af6-47f4-904d-3d1c61f1f595 req-430e6c46-9af6-47f4-904d-3d1c61f1f595 ] Request (InstanceUsageAuditLogTestJSON:setUpClass): 201 POST http://10.180.1.21/identity/v3/users 0.651s
2025-04-09 19:02:56.081 70084 INFO tempest.lib.common.rest_client [req-353b104e-d0a6-4d35-a803-777704b53cc8 req-353b104e-d0a6-4d35-a803-777704b53cc8 ] Request (FlavorsV2TestJSON:test_list_flavors_filter_by_min_ram): 200 GET http://10.180.1.21/compute/v2.1/flavors/42 0.015s
2025-04-09 19:02:56.087 70062 INFO tempest.lib.common.rest_client [req-dfcd1aff-b459-45a8-ac90-e8a5925ee067 req-dfcd1aff-b459-45a8-ac90-e8a5925ee067 ] Request (KeyPairsV210TestJSON:setUpClass): 200 GET http://10.180.1.21/identity/v3/roles 0.667s
2025-04-09 19:02:56.102 70050 INFO tempest.lib.common.rest_client [req-f36fcff3-5259-41a7-932b-bf7a8f838019 req-f36fcff3-5259-41a7-932b-bf7a8f838019 ] Request (AZAdminV2TestJSON:setUpClass): 201 POST http://10.180.1.21/identity/v3/auth/tokens 0.745s
2025-04-09 19:02:56.102 70080 INFO tempest.lib.common.rest_client [req-9d122601-3fcb-4ca6-a690-1cd3edfedc6b req-9d122601-3fcb-4ca6-a690-1cd3edfedc6b ] Request (VolumesAssistedSnapshotsTest:setUpClass): 201 POST http://10.180.1.21:9696/networking/v2.0/routers 0.706s
2025-04-09 19:02:56.105 70110 INFO tempest.lib.common.rest_client [req-f3b75203-10cf-40f6-b64b-b5498f1150c2 req-f3b75203-10cf-40f6-b64b-b5498f1150c2 ] Request (FlavorsAccessTestJSON:setUpClass): 200 GET http://10.180.1.21/identity/v3/roles 0.624s
2025-04-09 19:02:56.113 70084 INFO tempest.lib.common.rest_client [req-e51c2c9e-780f-44af-b068-2ed11b076ab2 req-e51c2c9e-780f-44af-b068-2ed11b076ab2 ] Request (FlavorsV2TestJSON:test_list_flavors_filter_by_min_ram): 200 GET http://10.180.1.21/compute/v2.1/flavors?minRam=193 0.029s
2025-04-09 19:02:56.124 70086 INFO tempest.lib.common.rest_client [req-bfc7e0c6-c51c-4f14-878e-fe331d6d59ac req-bfc7e0c6-c51c-4f14-878e-fe331d6d59ac ] Request (FlavorMetadataValidation:setUpClass): 201 POST http://10.180.1.21/identity/v3/users 0.626s
2025-04-09 19:02:56.132 70073 INFO tempest.lib.common.rest_client [req-e91e781c-d1f5-447c-b48f-c612e2c30590 req-e91e781c-d1f5-447c-b48f-c612e2c30590 ] Request (FlavorsAdminTestJSON:setUpClass): 204 PUT http://10.180.1.21/identity/v3/projects/5498f5968fc942ce9e2f5ff2ca7cc8fe/users/5384f40cb708496a9d0185a4bb7256b9/roles/43c76ed0d76647539c4f84c6facdfba8 0.630s
2025-04-09 19:02:56.140 70048 INFO tempest.lib.common.rest_client [req-9a2a9820-e06c-44b7-8b8c-c3caba3acbb1 req-9a2a9820-e06c-44b7-8b8c-c3caba3acbb1 ] Request (HostsAdminNegativeTestJSON:setUpClass): 200 GET http://10.180.1.21/identity/v3/roles 0.585s
2025-04-09 19:02:56.184 70092 INFO tempest.lib.common.rest_client [req-845e9c28-471c-4b08-a5c5-01143e91fc68 req-845e9c28-471c-4b08-a5c5-01143e91fc68 ] Request (DeleteServersAdminTestJSON:test_admin_delete_servers_of_others): 201 POST http://10.180.1.21/identity/v3/auth/tokens 0.615s
2025-04-09 19:02:56.185 70092 INFO tempest.lib.common.fixed_network [-] (DeleteServersAdminTestJSON:test_admin_delete_servers_of_others) Found network None available for tenant
2025-04-09 19:02:56.204 70064 INFO tempest.lib.common.rest_client [req-c471e97a-6a6a-44b2-9f4a-90ebbcdcbde6 req-c471e97a-6a6a-44b2-9f4a-90ebbcdcbde6 ] Request (ImagesOneServerNegativeTestJSON:setUpClass): 201 POST http://10.180.1.21/identity/v3/auth/tokens 0.615s
2025-04-09 19:02:56.244 70096 INFO tempest.lib.common.rest_client [req-d7554346-521b-4d51-999a-2cde02666d07 req-d7554346-521b-4d51-999a-2cde02666d07 ] Request (FlavorsV261TestJSON:setUpClass): 201 POST http://10.180.1.21/identity/v3/users 0.653s
2025-04-09 19:02:56.269 70104 INFO tempest.lib.common.rest_client [req-1ac6b149-bd71-4356-94fe-9039a8da04b5 req-1ac6b149-bd71-4356-94fe-9039a8da04b5 ] Request (QuotasAdminTestV257:setUpClass): 201 POST http://10.180.1.21/identity/v3/users 0.620s
2025-04-09 19:02:56.274 70082 INFO tempest.lib.common.rest_client [req-bfddd75a-b936-477d-afed-b82fb5929073 req-bfddd75a-b936-477d-afed-b82fb5929073 ] Request (HypervisorAdminV253TestBase:setUpClass): 204 PUT http://10.180.1.21/identity/v3/projects/ff5a729404e5473db218948e1f278e71/users/8e712937e58f4547931928632500b020/roles/43c76ed0d76647539c4f84c6facdfba8 0.634s
2025-04-09 19:02:56.320 70098 INFO tempest.lib.common.rest_client [req-1b4b71cd-d60c-4f5b-8465-0f2cbf7a8c87 req-1b4b71cd-d60c-4f5b-8465-0f2cbf7a8c87 ] Request (QuotasSecurityGroupAdminNegativeTest:setUpClass): 200 GET http://10.180.1.21/identity/v3/roles 0.659s
2025-04-09 19:02:56.340 70078 INFO tempest.lib.common.rest_client [req-747a1af3-3149-4edc-a13c-c40a24e84044 req-747a1af3-3149-4edc-a13c-c40a24e84044 ] Request (QuotasAdminTestJSON:setUpClass): 201 POST http://10.180.1.21/identity/v3/auth/tokens 0.621s
2025-04-09 19:02:56.341 70078 WARNING tempest.lib.common.rest_client [-] Deprecated: "tenant_id" property is deprecated for removal, use "project_id" instead
2025-04-09 19:02:56.348 70102 INFO tempest.lib.common.rest_client [req-0e3fa412-434e-4515-912f-adbea69e392c req-0e3fa412-434e-4515-912f-adbea69e392c ] Request (QuotasAdminNegativeTest:setUpClass): 201 POST http://10.180.1.21/identity/v3/users 0.559s
2025-04-09 19:02:56.360 70052 INFO tempest.lib.common.rest_client [req-719834f7-efa3-4eff-8f51-07382a27697b req-719834f7-efa3-4eff-8f51-07382a27697b ] Request (HypervisorAdminUnderV252Test:setUpClass): 200 GET http://10.180.1.21/identity/v3/roles 0.568s
2025-04-09 19:02:56.365 70056 INFO tempest.lib.common.rest_client [req-548aed3e-b2b8-4453-bab6-cdb2bb724e14 req-548aed3e-b2b8-4453-bab6-cdb2bb724e14 ] Request (TenantUsagesTestJSON:setUpClass): 200 GET http://10.180.1.21/identity/v3/roles 0.516s
2025-04-09 19:02:56.377 70076 INFO tempest.lib.common.rest_client [req-7e7cbeb4-c62c-408d-88ca-de3f35991d3b req-7e7cbeb4-c62c-408d-88ca-de3f35991d3b ] Request (AggregatesAdminNegativeTestJSON:setUpClass): 200 GET http://10.180.1.21/identity/v3/roles 0.528s
2025-04-09 19:02:56.387 70070 INFO tempest.lib.common.rest_client [req-73e26822-b268-4d03-94a6-83ea83e4b1ea req-73e26822-b268-4d03-94a6-83ea83e4b1ea ] Request (AZAdminNegativeTestJSON:setUpClass): 204 PUT http://10.180.1.21/identity/v3/projects/b42b35aaf5ab4f0e9c898cdef83993e8/users/1743e6884ee84542b242230ebcca1854/roles/43c76ed0d76647539c4f84c6facdfba8 0.520s
2025-04-09 19:02:56.398 70108 INFO tempest.lib.common.rest_client [req-59b96e7e-edbd-4eba-8d2c-50d84a48bf02 req-59b96e7e-edbd-4eba-8d2c-50d84a48bf02 ] Request (NetworksTest:setUpClass): 201 POST http://10.180.1.21/identity/v3/users 0.511s
2025-04-09 19:02:56.438 70094 INFO tempest.lib.common.rest_client [req-9954069b-3619-4721-9820-15dba0406bb1 req-9954069b-3619-4721-9820-15dba0406bb1 ] Request (HypervisorAdminTestJSON:setUpClass): 200 GET http://10.180.1.21/identity/v3/roles 0.497s
2025-04-09 19:02:56.471 70090 INFO tempest.lib.common.rest_client [req-92ab1386-d72f-4ec4-8d66-13877b4536ad req-92ab1386-d72f-4ec4-8d66-13877b4536ad ] Request (HypervisorAdminV228Test:setUpClass): 204 PUT http://10.180.1.21/identity/v3/projects/80f13d91a07e414583686d7f7d3ce5f3/users/1a6f36cf5e4f467ca6e73f6e77b7d22c/roles/43c76ed0d76647539c4f84c6facdfba8 0.513s
2025-04-09 19:02:56.473 70060 INFO tempest.lib.common.rest_client [req-1d2291a7-9faf-4934-bf14-6cc889e60f80 req-1d2291a7-9faf-4934-bf14-6cc889e60f80 ] Request (FlavorsExtraSpecsTestJSON:tearDownClass): 200 GET http://10.180.1.21:9696/networking/v2.0/security-groups?tenant_id=d30a6180a68047819cef9d556d94f04e&name=default 0.888s
2025-04-09 19:02:56.523 70066 INFO tempest.lib.common.rest_client [req-d29fabe8-9ad8-41fd-832b-90a5d922de54 req-d29fabe8-9ad8-41fd-832b-90a5d922de54 ] Request (FlavorsAccessNegativeTestJSON:setUpClass): 200 GET http://10.180.1.21/identity/v3/roles 0.554s
2025-04-09 19:02:56.526 70074 INFO tempest.lib.common.rest_client [req-9b92852c-4401-4fa2-a846-0cf8e12b43aa req-9b92852c-4401-4fa2-a846-0cf8e12b43aa ] Request (ServersWithSpecificFlavorTestJSON:setUpClass): 201 POST http://10.180.1.21:9696/networking/v2.0/routers 0.774s
2025-04-09 19:02:56.550 70054 INFO tempest.lib.common.rest_client [req-00ce5ad5-50eb-4d4c-b896-65fcbb4b4a2e req-00ce5ad5-50eb-4d4c-b896-65fcbb4b4a2e ] Request (ServicesAdminTestJSON:setUpClass): 200 GET http://10.180.1.21/identity/v3/roles 0.570s
2025-04-09 19:02:56.553 70106 INFO tempest.lib.common.rest_client [req-958b485c-e824-488b-a32d-6ea867940ce1 req-958b485c-e824-488b-a32d-6ea867940ce1 ] Request (ServicesAdminNegativeV253TestJSON:test_disable_log_reason_with_invalid_service_id): 404 PUT http://10.180.1.21/compute/v2.1/os-services/084c0d69-cc97-46f3-b2e5-75cc3b3bb3db 0.608s
2025-04-09 19:02:56.566 70058 INFO tempest.lib.common.rest_client [req-d820b616-89f8-4948-8a67-dde82475bb64 req-d820b616-89f8-4948-8a67-dde82475bb64 ] Request (FlavorsExtraSpecsNegativeTestJSON:setUpClass): 204 PUT http://10.180.1.21/identity/v3/projects/a1f9989073d64dfa907f1a93de08c2e9/users/4de4191d114a4a228cb1ed1295f19ba6/roles/43c76ed0d76647539c4f84c6facdfba8 0.576s
2025-04-09 19:02:56.584 70084 INFO tempest.lib.common.rest_client [req-8f4384b5-4fd3-441d-a001-0dfc529127a3 req-8f4384b5-4fd3-441d-a001-0dfc529127a3 ] Request (FlavorsV2TestJSON:test_list_flavors_limit_results): 200 GET http://10.180.1.21/compute/v2.1/flavors?limit=1 0.467s
2025-04-09 19:02:56.594 70060 INFO tempest.lib.common.rest_client [req-a83175ca-02e8-4062-8428-18b4677acdbb req-a83175ca-02e8-4062-8428-18b4677acdbb ] Request (FlavorsExtraSpecsTestJSON:tearDownClass): 204 DELETE http://10.180.1.21:9696/networking/v2.0/security-groups/77e58ab9-da98-48eb-80bd-cc8f04bee36c 0.120s
2025-04-09 19:02:56.609 70068 INFO tempest.lib.common.rest_client [req-6e149828-7b91-4e88-98e6-20d2dd6b17f6 req-6e149828-7b91-4e88-98e6-20d2dd6b17f6 ] Request (HostsAdminTestJSON:setUpClass): 200 GET http://10.180.1.21/identity/v3/roles 0.572s
2025-04-09 19:02:56.613 70101 INFO tempest.lib.common.rest_client [req-19f1dd18-330b-4050-8479-95045580b4b9 req-19f1dd18-330b-4050-8479-95045580b4b9 ] Request (TenantUsagesNegativeTestJSON:setUpClass): 200 GET http://10.180.1.21/identity/v3/roles 0.569s
2025-04-09 19:02:56.629 70088 INFO tempest.lib.common.rest_client [req-bd75a09d-81ac-4880-a9af-1338124dcaa7 req-bd75a09d-81ac-4880-a9af-1338124dcaa7 ] Request (InstanceUsageAuditLogTestJSON:setUpClass): 200 GET http://10.180.1.21/identity/v3/roles 0.564s
2025-04-09 19:02:56.630 70062 INFO tempest.lib.common.rest_client [req-25553364-9681-45e5-9c48-911ea8583029 req-25553364-9681-45e5-9c48-911ea8583029 ] Request (KeyPairsV210TestJSON:setUpClass): 204 PUT http://10.180.1.21/identity/v3/projects/d7f6ce6eeefa4afc9569efaf98e54311/users/6a204fd91ef94e7f81d92700cb5bfd5f/roles/43c76ed0d76647539c4f84c6facdfba8 0.542s
2025-04-09 19:02:56.630 70062 INFO tempest.lib.common.dynamic_creds [-] Dynamic test user 6a204fd91ef94e7f81d92700cb5bfd5f is created with scope project and roles: ['admin']
2025-04-09 19:02:56.630 70062 INFO tempest.lib.common.dynamic_creds [-] Acquired dynamic creds: credentials: Credentials: {'domain_id': 'default', 'domain_name': 'Default', 'username': 'tempest-KeyPairsV210TestJSON-413935755-project-admin', 'project_domain_id': 'default', 'project_domain_name': 'Default', 'project_id': 'd7f6ce6eeefa4afc9569efaf98e54311', 'project_name': 'tempest-KeyPairsV210TestJSON-413935755', 'tenant_id': 'd7f6ce6eeefa4afc9569efaf98e54311', 'tenant_name': 'tempest-KeyPairsV210TestJSON-413935755', 'user_domain_id': 'default', 'user_domain_name': 'Default', 'user_id': '6a204fd91ef94e7f81d92700cb5bfd5f', 'system': None}, Network: None, Subnet: None, Router: None
2025-04-09 19:02:56.631 70062 INFO tempest.lib.common.dynamic_creds [-] Created isolated network resources for: credentials: Credentials: {'domain_id': 'default', 'domain_name': 'Default', 'username': 'tempest-KeyPairsV210TestJSON-413935755-project-admin', 'project_domain_id': 'default', 'project_domain_name': 'Default', 'project_id': 'd7f6ce6eeefa4afc9569efaf98e54311', 'project_name': 'tempest-KeyPairsV210TestJSON-413935755', 'tenant_id': 'd7f6ce6eeefa4afc9569efaf98e54311', 'tenant_name': 'tempest-KeyPairsV210TestJSON-413935755', 'user_domain_id': 'default', 'user_domain_name': 'Default', 'user_id': '6a204fd91ef94e7f81d92700cb5bfd5f', 'system': None}, Network: None, Subnet: None, Router: None
2025-04-09 19:02:56.686 70110 INFO tempest.lib.common.rest_client [req-3d17cc8a-c528-43ba-af92-2b332d10d4dc req-3d17cc8a-c528-43ba-af92-2b332d10d4dc ] Request (FlavorsAccessTestJSON:setUpClass): 204 PUT http://10.180.1.21/identity/v3/projects/82058f57d37846e1a65b767e273ead91/users/c5bc47e2106b4b1a8644c259d2f75ba1/roles/43c76ed0d76647539c4f84c6facdfba8 0.580s
2025-04-09 19:02:56.732 70073 INFO tempest.lib.common.rest_client [req-aef20b21-ae72-4125-964a-6564b4ee5dd5 req-aef20b21-ae72-4125-964a-6564b4ee5dd5 ] Request (FlavorsAdminTestJSON:setUpClass): 200 GET http://10.180.1.21/identity/v3/roles 0.599s
2025-04-09 19:02:56.736 70086 INFO tempest.lib.common.rest_client [req-ebb8a585-91bd-4ca3-8df0-0cd3a54b83a3 req-ebb8a585-91bd-4ca3-8df0-0cd3a54b83a3 ] Request (FlavorMetadataValidation:setUpClass): 200 GET http://10.180.1.21/identity/v3/roles 0.612s
2025-04-09 19:02:56.753 70050 INFO tempest.lib.common.rest_client [req-163a3933-f155-4fce-b4b0-bc326443165e req-163a3933-f155-4fce-b4b0-bc326443165e ] Request (AZAdminV2TestJSON:test_get_availability_zone_list): 200 GET http://10.180.1.21/compute/v2.1/os-availability-zone 0.649s
2025-04-09 19:02:56.756 70048 INFO tempest.lib.common.rest_client [req-885b139e-3775-479c-8484-79fbc2fe4bde req-885b139e-3775-479c-8484-79fbc2fe4bde ] Request (HostsAdminNegativeTestJSON:setUpClass): 204 PUT http://10.180.1.21/identity/v3/projects/f281467247f4474290e6e792cf979d08/users/02e8baef861c4b0b8ad3296091eab92f/roles/43c76ed0d76647539c4f84c6facdfba8 0.615s
2025-04-09 19:02:56.773 70106 INFO tempest.lib.common.rest_client [req-6f8323aa-bec5-4264-8d98-fbc4de307cca req-6f8323aa-bec5-4264-8d98-fbc4de307cca ] Request (ServicesAdminNegativeV253TestJSON:test_disable_service_with_invalid_service_id): 404 PUT http://10.180.1.21/compute/v2.1/os-services/084c0d69-cc97-46f3-b2e5-75cc3b3bb3db 0.212s
2025-04-09 19:02:56.787 70084 INFO tempest.lib.common.rest_client [req-7d6a5125-5299-4dae-b1ff-5d2b5ed86a6d req-7d6a5125-5299-4dae-b1ff-5d2b5ed86a6d ] Request (FlavorsV2TestJSON:test_list_flavors_using_marker): 200 GET http://10.180.1.21/compute/v2.1/flavors/42 0.200s
2025-04-09 19:02:56.793 70064 INFO tempest.lib.common.rest_client [req-8a00bf91-e895-4ed9-bf25-3d9ded09b93e req-8a00bf91-e895-4ed9-bf25-3d9ded09b93e ] Request (ImagesOneServerNegativeTestJSON:setUpClass): 201 POST http://10.180.1.21/identity/v3/auth/tokens 0.585s
2025-04-09 19:02:56.794 70064 INFO tempest.lib.common.fixed_network [-] (ImagesOneServerNegativeTestJSON:setUpClass) Found network {'id': '8fbd8c1e-ab9f-482c-ab55-39cf05e8a5e6', 'name': 'tempest-ImagesOneServerNegativeTestJSON-1505787102-network', 'tenant_id': '589ea34d8af746cbb896aa6eb9039f07', 'admin_state_up': True, 'mtu': 8950, 'status': 'ACTIVE', 'subnets': [], 'shared': False, 'project_id': '589ea34d8af746cbb896aa6eb9039f07', 'port_security_enabled': True, 'router:external': False, 'provider:network_type': 'vlan', 'provider:physical_network': 'default', 'provider:segmentation_id': 547, 'availability_zone_hints': [], 'availability_zones': [], 'ipv4_address_scope': None, 'ipv6_address_scope': None, 'description': '', 'tags': [], 'created_at': '2025-04-09T19:02:53Z', 'updated_at': '2025-04-09T19:02:53Z', 'revision_number': 1} available for tenant
2025-04-09 19:02:56.798 70096 INFO tempest.lib.common.rest_client [req-6b6f9581-a8e4-458e-bfb8-ce05a50f2dd0 req-6b6f9581-a8e4-458e-bfb8-ce05a50f2dd0 ] Request (FlavorsV261TestJSON:setUpClass): 200 GET http://10.180.1.21/identity/v3/roles 0.553s
2025-04-09 19:02:56.807 70050 INFO tempest.lib.common.rest_client [req-81e61ad9-d9cb-4d92-a5a4-be2f7e31b650 req-81e61ad9-d9cb-4d92-a5a4-be2f7e31b650 ] Request (AZAdminV2TestJSON:test_get_availability_zone_list_detail): 200 GET http://10.180.1.21/compute/v2.1/os-availability-zone/detail 0.046s
2025-04-09 19:02:56.812 70104 INFO tempest.lib.common.rest_client [req-f3cd076a-94c6-4fa4-bfc8-cec737f69421 req-f3cd076a-94c6-4fa4-bfc8-cec737f69421 ] Request (QuotasAdminTestV257:setUpClass): 200 GET http://10.180.1.21/identity/v3/roles 0.542s
2025-04-09 19:02:56.815 70082 INFO tempest.lib.common.rest_client [req-ffcc61fd-0ba2-47e0-93fe-9eaaf0b3e9e8 req-ffcc61fd-0ba2-47e0-93fe-9eaaf0b3e9e8 ] Request (HypervisorAdminV253TestBase:setUpClass): 200 GET http://10.180.1.21/identity/v3/roles 0.540s
2025-04-09 19:02:56.819 70106 INFO tempest.lib.common.rest_client [req-63d77a6b-9af5-41d7-aa54-831fd61bb627 req-63d77a6b-9af5-41d7-aa54-831fd61bb627 ] Request (ServicesAdminNegativeV253TestJSON:test_enable_service_with_invalid_service_id): 404 PUT http://10.180.1.21/compute/v2.1/os-services/084c0d69-cc97-46f3-b2e5-75cc3b3bb3db 0.044s
2025-04-09 19:02:56.838 70098 INFO tempest.lib.common.rest_client [req-47590da0-bb46-4b31-874a-cbf2047dcd91 req-47590da0-bb46-4b31-874a-cbf2047dcd91 ] Request (QuotasSecurityGroupAdminNegativeTest:setUpClass): 204 PUT http://10.180.1.21/identity/v3/projects/abed91e5260d486cb4718bf2177c710c/users/b1f0defe6aa948568b0a3ce50ccc79c7/roles/43c76ed0d76647539c4f84c6facdfba8 0.517s
2025-04-09 19:02:56.840 70084 INFO tempest.lib.common.rest_client [req-23cf40f2-ddcc-4aba-b67a-e33179e5ac4a req-23cf40f2-ddcc-4aba-b67a-e33179e5ac4a ] Request (FlavorsV2TestJSON:test_list_flavors_using_marker): 200 GET http://10.180.1.21/compute/v2.1/flavors?marker=42 0.051s
2025-04-09 19:02:56.881 70102 INFO tempest.lib.common.rest_client [req-ea4ea426-3e8c-4d5e-aa19-16973d848b19 req-ea4ea426-3e8c-4d5e-aa19-16973d848b19 ] Request (QuotasAdminNegativeTest:setUpClass): 200 GET http://10.180.1.21/identity/v3/roles 0.532s
2025-04-09 19:02:56.892 70078 INFO tempest.lib.common.rest_client [req-a75f10db-68e1-4015-850b-908a92b04548 req-a75f10db-68e1-4015-850b-908a92b04548 ] Request (QuotasAdminTestJSON:test_delete_quota): 200 GET http://10.180.1.21/identity/v3/domains?name=Default 0.550s
2025-04-09 19:02:56.896 70052 INFO tempest.lib.common.rest_client [req-e11a23c8-4355-4cae-92fa-08992767b9e9 req-e11a23c8-4355-4cae-92fa-08992767b9e9 ] Request (HypervisorAdminUnderV252Test:setUpClass): 204 PUT http://10.180.1.21/identity/v3/projects/98598fda95124b5b9dcc4770cbafce2b/users/ebb611dbd71c4c799d8af5e6920b05c6/roles/43c76ed0d76647539c4f84c6facdfba8 0.535s
2025-04-09 19:02:56.896 70052 INFO tempest.lib.common.dynamic_creds [-] Dynamic test user ebb611dbd71c4c799d8af5e6920b05c6 is created with scope project and roles: ['admin']
2025-04-09 19:02:56.896 70052 INFO tempest.lib.common.dynamic_creds [-] Acquired dynamic creds: credentials: Credentials: {'domain_id': 'default', 'domain_name': 'Default', 'username': 'tempest-HypervisorAdminUnderV252Test-1989331916-project-admin', 'project_domain_id': 'default', 'project_domain_name': 'Default', 'project_id': '98598fda95124b5b9dcc4770cbafce2b', 'project_name': 'tempest-HypervisorAdminUnderV252Test-1989331916', 'tenant_id': '98598fda95124b5b9dcc4770cbafce2b', 'tenant_name': 'tempest-HypervisorAdminUnderV252Test-1989331916', 'user_domain_id': 'default', 'user_domain_name': 'Default', 'user_id': 'ebb611dbd71c4c799d8af5e6920b05c6', 'system': None}, Network: None, Subnet: None, Router: None
2025-04-09 19:02:56.896 70052 INFO tempest.lib.common.dynamic_creds [-] Created isolated network resources for: credentials: Credentials: {'domain_id': 'default', 'domain_name': 'Default', 'username': 'tempest-HypervisorAdminUnderV252Test-1989331916-project-admin', 'project_domain_id': 'default', 'project_domain_name': 'Default', 'project_id': '98598fda95124b5b9dcc4770cbafce2b', 'project_name': 'tempest-HypervisorAdminUnderV252Test-1989331916', 'tenant_id': '98598fda95124b5b9dcc4770cbafce2b', 'tenant_name': 'tempest-HypervisorAdminUnderV252Test-1989331916', 'user_domain_id': 'default', 'user_domain_name': 'Default', 'user_id': 'ebb611dbd71c4c799d8af5e6920b05c6', 'system': None}, Network: None, Subnet: None, Router: None
2025-04-09 19:02:56.934 70080 INFO tempest.lib.common.rest_client [req-8384b592-d2a1-4925-b3f6-663fa05b4ae6 req-8384b592-d2a1-4925-b3f6-663fa05b4ae6 ] Request (VolumesAssistedSnapshotsTest:setUpClass): 200 PUT http://10.180.1.21:9696/networking/v2.0/routers/5e3d74f8-e15a-4c3c-9e2f-346cb14d8f45/add_router_interface 0.829s
2025-04-09 19:02:56.934 70080 INFO tempest.lib.common.dynamic_creds [-] Created isolated network resources for: credentials: Credentials: {'domain_id': 'default', 'domain_name': 'Default', 'username': 'tempest-VolumesAssistedSnapshotsTest-1586649726-project-member', 'project_domain_id': 'default', 'project_domain_name': 'Default', 'project_id': '801bcddd1fe94167b92cab6a273c4837', 'project_name': 'tempest-VolumesAssistedSnapshotsTest-1586649726', 'tenant_id': '801bcddd1fe94167b92cab6a273c4837', 'tenant_name': 'tempest-VolumesAssistedSnapshotsTest-1586649726', 'user_domain_id': 'default', 'user_domain_name': 'Default', 'user_id': 'bc7946cf7b48467188c8760be37eb40d', 'system': None}, Network: {'id': 'ff989275-c127-4941-8f96-bf41c49d164e', 'name': 'tempest-VolumesAssistedSnapshotsTest-1205381445-network', 'tenant_id': '801bcddd1fe94167b92cab6a273c4837', 'admin_state_up': True, 'mtu': 8950, 'status': 'ACTIVE', 'subnets': [], 'shared': False, 'project_id': '801bcddd1fe94167b92cab6a273c4837', 'port_security_enabled': True, 'router:external': False, 'provider:network_type': 'vlan', 'provider:physical_network': 'default', 'provider:segmentation_id': 693, 'availability_zone_hints': [], 'availability_zones': [], 'ipv4_address_scope': None, 'ipv6_address_scope': None, 'description': '', 'tags': [], 'created_at': '2025-04-09T19:02:55Z', 'updated_at': '2025-04-09T19:02:55Z', 'revision_number': 1}, Subnet: {'id': 'bac5e11c-76cd-494a-8d65-e412ac97b6a4', 'name': 'tempest-VolumesAssistedSnapshotsTest-1205381445-subnet', 'tenant_id': '801bcddd1fe94167b92cab6a273c4837', 'network_id': 'ff989275-c127-4941-8f96-bf41c49d164e', 'ip_version': 4, 'subnetpool_id': None, 'enable_dhcp': True, 'ipv6_ra_mode': None, 'ipv6_address_mode': None, 'gateway_ip': '192.168.128.1', 'cidr': '192.168.128.0/28', 'allocation_pools': [{'start': '192.168.128.2', 'end': '192.168.128.14'}], 'host_routes': [], 'dns_nameservers': [], 'description': '', 'router:external': False, 'service_types': [], 'tags': [], 'created_at': '2025-04-09T19:02:55Z', 'updated_at': '2025-04-09T19:02:55Z', 'revision_number': 0, 'project_id': '801bcddd1fe94167b92cab6a273c4837'}, Router: {'id': '5e3d74f8-e15a-4c3c-9e2f-346cb14d8f45', 'name': 'tempest-VolumesAssistedSnapshotsTest-1205381445-router', 'tenant_id': '801bcddd1fe94167b92cab6a273c4837', 'admin_state_up': True, 'status': 'ACTIVE', 'external_gateway_info': {'network_id': '36e2d300-9045-47ab-a5aa-1c6cc488a3a6', 'external_fixed_ips': [{'subnet_id': '798680a8-15b9-4ca1-9ded-37a4c03be338', 'ip_address': '10.180.180.239'}], 'enable_snat': True}, 'description': '', 'availability_zones': [], 'distributed': False, 'ha': False, 'availability_zone_hints': [], 'routes': [], 'flavor_id': None, 'tags': [], 'created_at': '2025-04-09T19:02:55Z', 'updated_at': '2025-04-09T19:02:55Z', 'revision_number': 2, 'project_id': '801bcddd1fe94167b92cab6a273c4837'}
2025-04-09 19:02:56.950 70076 INFO tempest.lib.common.rest_client [req-cd9962e6-08f6-44c3-b4db-30a862d7c8c7 req-cd9962e6-08f6-44c3-b4db-30a862d7c8c7 ] Request (AggregatesAdminNegativeTestJSON:setUpClass): 204 PUT http://10.180.1.21/identity/v3/projects/b9d8355f679d4526a58c6ff322a8c0c9/users/99c130215fe041ce980b574238fee9ce/roles/43c76ed0d76647539c4f84c6facdfba8 0.571s
2025-04-09 19:02:56.950 70056 INFO tempest.lib.common.rest_client [req-c7d07dd3-060c-459c-a0ce-3e9cb74f5876 req-c7d07dd3-060c-459c-a0ce-3e9cb74f5876 ] Request (TenantUsagesTestJSON:setUpClass): 204 PUT http://10.180.1.21/identity/v3/projects/05d1469317a947599a6c8a83c4313ec5/users/ea57484fa24543f797c2b021fafdd748/roles/43c76ed0d76647539c4f84c6facdfba8 0.585s
2025-04-09 19:02:56.995 70108 INFO tempest.lib.common.rest_client [req-0e6ba23d-4199-4525-a9d6-921db7c8ee95 req-0e6ba23d-4199-4525-a9d6-921db7c8ee95 ] Request (NetworksTest:setUpClass): 200 GET http://10.180.1.21/identity/v3/roles 0.596s
2025-04-09 19:02:56.995 70070 INFO tempest.lib.common.rest_client [req-7b785fae-4cc0-4605-9b65-400839c777de req-7b785fae-4cc0-4605-9b65-400839c777de ] Request (AZAdminNegativeTestJSON:setUpClass): 200 GET http://10.180.1.21/identity/v3/roles 0.607s
2025-04-09 19:02:57.012 70090 INFO tempest.lib.common.rest_client [req-ff795cd8-141f-4711-815b-a92a64ded226 req-ff795cd8-141f-4711-815b-a92a64ded226 ] Request (HypervisorAdminV228Test:setUpClass): 200 GET http://10.180.1.21/identity/v3/roles 0.540s
2025-04-09 19:02:57.018 70094 INFO tempest.lib.common.rest_client [req-b03a31c9-d2b7-49d1-a39c-11e4f277c6b9 req-b03a31c9-d2b7-49d1-a39c-11e4f277c6b9 ] Request (HypervisorAdminTestJSON:setUpClass): 204 PUT http://10.180.1.21/identity/v3/projects/6008d4fc85c94c819d1d8e45403e1eeb/users/f068ce4da93c4d13919744794c9a7bd5/roles/43c76ed0d76647539c4f84c6facdfba8 0.579s
2025-04-09 19:02:57.058 70054 INFO tempest.lib.common.rest_client [req-d8bee5cf-83cc-431f-862c-d20af3d0b449 req-d8bee5cf-83cc-431f-862c-d20af3d0b449 ] Request (ServicesAdminTestJSON:setUpClass): 204 PUT http://10.180.1.21/identity/v3/projects/e53619ec5c964869a7b03b289fa2ec90/users/cc5de73e06964fd8adb68125fa3c401a/roles/43c76ed0d76647539c4f84c6facdfba8 0.507s
2025-04-09 19:02:57.058 70054 INFO tempest.lib.common.dynamic_creds [-] Dynamic test user cc5de73e06964fd8adb68125fa3c401a is created with scope project and roles: ['admin']
2025-04-09 19:02:57.058 70054 INFO tempest.lib.common.dynamic_creds [-] Acquired dynamic creds: credentials: Credentials: {'domain_id': 'default', 'domain_name': 'Default', 'username': 'tempest-ServicesAdminTestJSON-1860515430-project-admin', 'project_domain_id': 'default', 'project_domain_name': 'Default', 'project_id': 'e53619ec5c964869a7b03b289fa2ec90', 'project_name': 'tempest-ServicesAdminTestJSON-1860515430', 'tenant_id': 'e53619ec5c964869a7b03b289fa2ec90', 'tenant_name': 'tempest-ServicesAdminTestJSON-1860515430', 'user_domain_id': 'default', 'user_domain_name': 'Default', 'user_id': 'cc5de73e06964fd8adb68125fa3c401a', 'system': None}, Network: None, Subnet: None, Router: None
2025-04-09 19:02:57.059 70054 INFO tempest.lib.common.dynamic_creds [-] Created isolated network resources for: credentials: Credentials: {'domain_id': 'default', 'domain_name': 'Default', 'username': 'tempest-ServicesAdminTestJSON-1860515430-project-admin', 'project_domain_id': 'default', 'project_domain_name': 'Default', 'project_id': 'e53619ec5c964869a7b03b289fa2ec90', 'project_name': 'tempest-ServicesAdminTestJSON-1860515430', 'tenant_id': 'e53619ec5c964869a7b03b289fa2ec90', 'tenant_name': 'tempest-ServicesAdminTestJSON-1860515430', 'user_domain_id': 'default', 'user_domain_name': 'Default', 'user_id': 'cc5de73e06964fd8adb68125fa3c401a', 'system': None}, Network: None, Subnet: None, Router: None
2025-04-09 19:02:57.061 70066 INFO tempest.lib.common.rest_client [req-e8d390e0-0947-46f0-9830-d998da4d8c06 req-e8d390e0-0947-46f0-9830-d998da4d8c06 ] Request (FlavorsAccessNegativeTestJSON:setUpClass): 204 PUT http://10.180.1.21/identity/v3/projects/8f6c4e265c77481e9b7f246789ea4d78/users/9aefdebb98ab4c29953d6914a8d1f550/roles/43c76ed0d76647539c4f84c6facdfba8 0.537s
2025-04-09 19:02:57.135 70058 INFO tempest.lib.common.rest_client [req-2eaf726c-3efa-4356-8e52-41417b156555 req-2eaf726c-3efa-4356-8e52-41417b156555 ] Request (FlavorsExtraSpecsNegativeTestJSON:setUpClass): 200 GET http://10.180.1.21/identity/v3/roles 0.569s
2025-04-09 19:02:57.159 70068 INFO tempest.lib.common.rest_client [req-e079be8a-06e9-4529-a116-26b1cb1f5b70 req-e079be8a-06e9-4529-a116-26b1cb1f5b70 ] Request (HostsAdminTestJSON:setUpClass): 204 PUT http://10.180.1.21/identity/v3/projects/1d757e521d944daab8de06c3cc6a6930/users/92733e1862b34c81b53165870b556ab4/roles/43c76ed0d76647539c4f84c6facdfba8 0.549s
2025-04-09 19:02:57.210 70060 INFO tempest.lib.common.rest_client [req-c6ddfe06-2452-48a3-b907-f14aa6d038cb req-c6ddfe06-2452-48a3-b907-f14aa6d038cb ] Request (FlavorsExtraSpecsTestJSON:tearDownClass): 204 DELETE http://10.180.1.21/identity/v3/projects/d30a6180a68047819cef9d556d94f04e 0.616s
2025-04-09 19:02:57.211 70060 INFO tempest.lib.common.dynamic_creds [-] Deleting project and security group for project: 5a4daafb28654600a7a63bbd2be909de
2025-04-09 19:02:57.238 70101 INFO tempest.lib.common.rest_client [req-0cba9200-8934-427f-a585-4de21eec52d1 req-0cba9200-8934-427f-a585-4de21eec52d1 ] Request (TenantUsagesNegativeTestJSON:setUpClass): 204 PUT http://10.180.1.21/identity/v3/projects/0086ac00afa744829df458c1d78bfc0b/users/097400f3a8ea45d1a2508eb03644ffbb/roles/43c76ed0d76647539c4f84c6facdfba8 0.624s
2025-04-09 19:02:57.245 70074 INFO tempest.lib.common.rest_client [req-a83c3198-0de3-471f-a40a-91011a43f55e req-a83c3198-0de3-471f-a40a-91011a43f55e ] Request (ServersWithSpecificFlavorTestJSON:setUpClass): 200 PUT http://10.180.1.21:9696/networking/v2.0/routers/7ff9df92-d1cb-4d04-adb7-2270227c14ff/add_router_interface 0.719s
2025-04-09 19:02:57.245 70074 INFO tempest.lib.common.dynamic_creds [-] Created isolated network resources for: credentials: Credentials: {'domain_id': 'default', 'domain_name': 'Default', 'username': 'tempest-ServersWithSpecificFlavorTestJSON-1029500051-project-member', 'project_domain_id': 'default', 'project_domain_name': 'Default', 'project_id': 'e3d2f0529a684301ace61c1fbcbb0bb4', 'project_name': 'tempest-ServersWithSpecificFlavorTestJSON-1029500051', 'tenant_id': 'e3d2f0529a684301ace61c1fbcbb0bb4', 'tenant_name': 'tempest-ServersWithSpecificFlavorTestJSON-1029500051', 'user_domain_id': 'default', 'user_domain_name': 'Default', 'user_id': '8ebf9b0430dd4373b28990d5c8c81f9a', 'system': None}, Network: {'id': '9efb55d0-4bf4-46bf-a6ee-858ca2bee758', 'name': 'tempest-ServersWithSpecificFlavorTestJSON-1549910080-network', 'tenant_id': 'e3d2f0529a684301ace61c1fbcbb0bb4', 'admin_state_up': True, 'mtu': 8950, 'status': 'ACTIVE', 'subnets': [], 'shared': False, 'project_id': 'e3d2f0529a684301ace61c1fbcbb0bb4', 'port_security_enabled': True, 'router:external': False, 'provider:network_type': 'vlan', 'provider:physical_network': 'default', 'provider:segmentation_id': 671, 'availability_zone_hints': [], 'availability_zones': [], 'ipv4_address_scope': None, 'ipv6_address_scope': None, 'description': '', 'tags': [], 'created_at': '2025-04-09T19:02:55Z', 'updated_at': '2025-04-09T19:02:55Z', 'revision_number': 1}, Subnet: {'id': '8f5de8dd-aa75-43b8-9ec0-180f7eb1ebee', 'name': 'tempest-ServersWithSpecificFlavorTestJSON-1549910080-subnet', 'tenant_id': 'e3d2f0529a684301ace61c1fbcbb0bb4', 'network_id': '9efb55d0-4bf4-46bf-a6ee-858ca2bee758', 'ip_version': 4, 'subnetpool_id': None, 'enable_dhcp': True, 'ipv6_ra_mode': None, 'ipv6_address_mode': None, 'gateway_ip': '192.168.128.1', 'cidr': '192.168.128.0/28', 'allocation_pools': [{'start': '192.168.128.2', 'end': '192.168.128.14'}], 'host_routes': [], 'dns_nameservers': [], 'description': '', 'router:external': False, 'service_types': [], 'tags': [], 'created_at': '2025-04-09T19:02:55Z', 'updated_at': '2025-04-09T19:02:55Z', 'revision_number': 0, 'project_id': 'e3d2f0529a684301ace61c1fbcbb0bb4'}, Router: {'id': '7ff9df92-d1cb-4d04-adb7-2270227c14ff', 'name': 'tempest-ServersWithSpecificFlavorTestJSON-1549910080-router', 'tenant_id': 'e3d2f0529a684301ace61c1fbcbb0bb4', 'admin_state_up': True, 'status': 'ACTIVE', 'external_gateway_info': {'network_id': '36e2d300-9045-47ab-a5aa-1c6cc488a3a6', 'external_fixed_ips': [{'subnet_id': '798680a8-15b9-4ca1-9ded-37a4c03be338', 'ip_address': '10.180.180.159'}], 'enable_snat': True}, 'description': '', 'availability_zones': [], 'distributed': False, 'ha': False, 'availability_zone_hints': [], 'routes': [], 'flavor_id': None, 'tags': [], 'created_at': '2025-04-09T19:02:55Z', 'updated_at': '2025-04-09T19:02:56Z', 'revision_number': 2, 'project_id': 'e3d2f0529a684301ace61c1fbcbb0bb4'}
2025-04-09 19:02:57.302 70062 INFO tempest.lib.common.rest_client [req-d078ea9b-0288-412c-ae1a-6a6bd52173f7 req-d078ea9b-0288-412c-ae1a-6a6bd52173f7 ] Request (KeyPairsV210TestJSON:setUpClass): 201 POST http://10.180.1.21/identity/v3/auth/tokens 0.668s
2025-04-09 19:02:57.304 70088 INFO tempest.lib.common.rest_client [req-e67182ac-a8e4-4a64-a3ed-a91e5fca05f2 req-e67182ac-a8e4-4a64-a3ed-a91e5fca05f2 ] Request (InstanceUsageAuditLogTestJSON:setUpClass): 204 PUT http://10.180.1.21/identity/v3/projects/c8c4438930df4f8b8c8726fcf4e4bb37/users/12f7f60b4dfa4345b6343cd23784250a/roles/43c76ed0d76647539c4f84c6facdfba8 0.675s
2025-04-09 19:02:57.314 70060 INFO tempest.lib.common.rest_client [req-8a64d32a-5925-4646-aac8-04014562a2bd req-8a64d32a-5925-4646-aac8-04014562a2bd ] Request (FlavorsExtraSpecsTestJSON:tearDownClass): 200 GET http://10.180.1.21:9696/networking/v2.0/security-groups?tenant_id=5a4daafb28654600a7a63bbd2be909de&name=default 0.103s
2025-04-09 19:02:57.348 70110 INFO tempest.lib.common.rest_client [req-153f70a7-799b-4093-a3a6-c15502998cee req-153f70a7-799b-4093-a3a6-c15502998cee ] Request (FlavorsAccessTestJSON:setUpClass): 200 GET http://10.180.1.21/identity/v3/roles 0.662s
2025-04-09 19:02:57.354 70073 INFO tempest.lib.common.rest_client [req-22f1de2b-f515-48a3-bc97-0f37e46a04b4 req-22f1de2b-f515-48a3-bc97-0f37e46a04b4 ] Request (FlavorsAdminTestJSON:setUpClass): 204 PUT http://10.180.1.21/identity/v3/projects/5498f5968fc942ce9e2f5ff2ca7cc8fe/users/5384f40cb708496a9d0185a4bb7256b9/roles/43c76ed0d76647539c4f84c6facdfba8 0.621s
2025-04-09 19:02:57.354 70073 INFO tempest.lib.common.dynamic_creds [-] Dynamic test user 5384f40cb708496a9d0185a4bb7256b9 is created with scope project and roles: ['admin']
2025-04-09 19:02:57.354 70073 INFO tempest.lib.common.dynamic_creds [-] Acquired dynamic creds: credentials: Credentials: {'domain_id': 'default', 'domain_name': 'Default', 'username': 'tempest-FlavorsAdminTestJSON-1779813920-project-admin', 'project_domain_id': 'default', 'project_domain_name': 'Default', 'project_id': '5498f5968fc942ce9e2f5ff2ca7cc8fe', 'project_name': 'tempest-FlavorsAdminTestJSON-1779813920', 'tenant_id': '5498f5968fc942ce9e2f5ff2ca7cc8fe', 'tenant_name': 'tempest-FlavorsAdminTestJSON-1779813920', 'user_domain_id': 'default', 'user_domain_name': 'Default', 'user_id': '5384f40cb708496a9d0185a4bb7256b9', 'system': None}, Network: None, Subnet: None, Router: None
2025-04-09 19:02:57.354 70073 INFO tempest.lib.common.dynamic_creds [-] Created isolated network resources for: credentials: Credentials: {'domain_id': 'default', 'domain_name': 'Default', 'username': 'tempest-FlavorsAdminTestJSON-1779813920-project-admin', 'project_domain_id': 'default', 'project_domain_name': 'Default', 'project_id': '5498f5968fc942ce9e2f5ff2ca7cc8fe', 'project_name': 'tempest-FlavorsAdminTestJSON-1779813920', 'tenant_id': '5498f5968fc942ce9e2f5ff2ca7cc8fe', 'tenant_name': 'tempest-FlavorsAdminTestJSON-1779813920', 'user_domain_id': 'default', 'user_domain_name': 'Default', 'user_id': '5384f40cb708496a9d0185a4bb7256b9', 'system': None}, Network: None, Subnet: None, Router: None
2025-04-09 19:02:57.389 70060 INFO tempest.lib.common.rest_client [req-4672ee6b-9913-47a0-bd81-87ceb81f54f7 req-4672ee6b-9913-47a0-bd81-87ceb81f54f7 ] Request (FlavorsExtraSpecsTestJSON:tearDownClass): 204 DELETE http://10.180.1.21:9696/networking/v2.0/security-groups/357e4819-43de-40b2-8a0c-9978ddaf2ad0 0.074s
2025-04-09 19:02:57.404 70086 INFO tempest.lib.common.rest_client [req-7102eff2-78fc-4d3a-9e06-1b23afcbaf41 req-7102eff2-78fc-4d3a-9e06-1b23afcbaf41 ] Request (FlavorMetadataValidation:setUpClass): 204 PUT http://10.180.1.21/identity/v3/projects/54934e38810442bd849f892e74c38306/users/8780d59428804006ac28affed78b99fc/roles/43c76ed0d76647539c4f84c6facdfba8 0.667s
2025-04-09 19:02:57.410 70048 INFO tempest.lib.common.rest_client [req-2dc46ef1-0a16-4598-9c9b-189f29261882 req-2dc46ef1-0a16-4598-9c9b-189f29261882 ] Request (HostsAdminNegativeTestJSON:setUpClass): 200 GET http://10.180.1.21/identity/v3/roles 0.654s
2025-04-09 19:02:57.455 70096 INFO tempest.lib.common.rest_client [req-c41b3660-da5e-4112-adce-e6e44cfb10ec req-c41b3660-da5e-4112-adce-e6e44cfb10ec ] Request (FlavorsV261TestJSON:setUpClass): 204 PUT http://10.180.1.21/identity/v3/projects/1f458ac6fe5b4deda986b1fadad62a62/users/a1f2ce5da07d49ffbf7456376b23bbe1/roles/43c76ed0d76647539c4f84c6facdfba8 0.657s
2025-04-09 19:02:57.462 70104 INFO tempest.lib.common.rest_client [req-ae272e4a-a605-4ebe-a1ec-d14bbfa11cb2 req-ae272e4a-a605-4ebe-a1ec-d14bbfa11cb2 ] Request (QuotasAdminTestV257:setUpClass): 204 PUT http://10.180.1.21/identity/v3/projects/67a99164deb3485dbdcd243fb17e6482/users/5629ce3182924c029264fced2b4b993c/roles/43c76ed0d76647539c4f84c6facdfba8 0.649s
2025-04-09 19:02:57.505 70082 INFO tempest.lib.common.rest_client [req-d12fe9eb-34e7-4f4d-9879-5ede93a51776 req-d12fe9eb-34e7-4f4d-9879-5ede93a51776 ] Request (HypervisorAdminV253TestBase:setUpClass): 204 PUT http://10.180.1.21/identity/v3/projects/ff5a729404e5473db218948e1f278e71/users/8e712937e58f4547931928632500b020/roles/43c76ed0d76647539c4f84c6facdfba8 0.689s
2025-04-09 19:02:57.505 70082 INFO tempest.lib.common.dynamic_creds [-] Dynamic test user 8e712937e58f4547931928632500b020 is created with scope project and roles: ['admin']
2025-04-09 19:02:57.505 70082 INFO tempest.lib.common.dynamic_creds [-] Acquired dynamic creds: credentials: Credentials: {'domain_id': 'default', 'domain_name': 'Default', 'username': 'tempest-HypervisorAdminV253TestBase-202885667-project-admin', 'project_domain_id': 'default', 'project_domain_name': 'Default', 'project_id': 'ff5a729404e5473db218948e1f278e71', 'project_name': 'tempest-HypervisorAdminV253TestBase-202885667', 'tenant_id': 'ff5a729404e5473db218948e1f278e71', 'tenant_name': 'tempest-HypervisorAdminV253TestBase-202885667', 'user_domain_id': 'default', 'user_domain_name': 'Default', 'user_id': '8e712937e58f4547931928632500b020', 'system': None}, Network: None, Subnet: None, Router: None
2025-04-09 19:02:57.505 70082 INFO tempest.lib.common.dynamic_creds [-] Created isolated network resources for: credentials: Credentials: {'domain_id': 'default', 'domain_name': 'Default', 'username': 'tempest-HypervisorAdminV253TestBase-202885667-project-admin', 'project_domain_id': 'default', 'project_domain_name': 'Default', 'project_id': 'ff5a729404e5473db218948e1f278e71', 'project_name': 'tempest-HypervisorAdminV253TestBase-202885667', 'tenant_id': 'ff5a729404e5473db218948e1f278e71', 'tenant_name': 'tempest-HypervisorAdminV253TestBase-202885667', 'user_domain_id': 'default', 'user_domain_name': 'Default', 'user_id': '8e712937e58f4547931928632500b020', 'system': None}, Network: None, Subnet: None, Router: None
2025-04-09 19:02:57.552 70098 INFO tempest.lib.common.rest_client [req-898f0f35-29f6-444b-8576-85041988480e req-898f0f35-29f6-444b-8576-85041988480e ] Request (QuotasSecurityGroupAdminNegativeTest:setUpClass): 200 GET http://10.180.1.21/identity/v3/roles 0.713s
2025-04-09 19:02:57.571 70050 INFO tempest.lib.common.rest_client [req-3814fc4b-3d4d-4123-98a7-9681de605b2b req-3814fc4b-3d4d-4123-98a7-9681de605b2b ] Request (AZAdminV2TestJSON:tearDownClass): 204 DELETE http://10.180.1.21/identity/v3/users/11e7d6fa779440d1b0ce32616791d051 0.756s
2025-04-09 19:02:57.649 70102 INFO tempest.lib.common.rest_client [req-273838cd-d18c-4b58-9b93-fcaad41c51eb req-273838cd-d18c-4b58-9b93-fcaad41c51eb ] Request (QuotasAdminNegativeTest:setUpClass): 204 PUT http://10.180.1.21/identity/v3/projects/50530de57ce64f6b9079cad91220080d/users/d9fd726811424912a6eb12a9b1aa9157/roles/43c76ed0d76647539c4f84c6facdfba8 0.768s
2025-04-09 19:02:57.706 70078 INFO tempest.lib.common.rest_client [req-b09c3650-5b80-4507-9b93-e178b41a5828 req-b09c3650-5b80-4507-9b93-e178b41a5828 ] Request (QuotasAdminTestJSON:test_delete_quota): 201 POST http://10.180.1.21/identity/v3/projects 0.813s
2025-04-09 19:02:57.746 70052 INFO tempest.lib.common.rest_client [req-e6fac5f4-0ba1-4c59-bdb9-4c422cdf2905 req-e6fac5f4-0ba1-4c59-bdb9-4c422cdf2905 ] Request (HypervisorAdminUnderV252Test:setUpClass): 201 POST http://10.180.1.21/identity/v3/auth/tokens 0.847s
2025-04-09 19:02:57.755 70076 INFO tempest.lib.common.rest_client [req-8fda86ca-519b-44c8-9fce-7488f141d2f8 req-8fda86ca-519b-44c8-9fce-7488f141d2f8 ] Request (AggregatesAdminNegativeTestJSON:setUpClass): 200 GET http://10.180.1.21/identity/v3/roles 0.805s
2025-04-09 19:02:57.771 70056 INFO tempest.lib.common.rest_client [req-c06cbb2c-333a-4eb0-b3d6-f454be4e7e80 req-c06cbb2c-333a-4eb0-b3d6-f454be4e7e80 ] Request (TenantUsagesTestJSON:setUpClass): 200 GET http://10.180.1.21/identity/v3/roles 0.821s
2025-04-09 19:02:57.795 70070 INFO tempest.lib.common.rest_client [req-019daf63-8f4f-4eaf-a326-adedab0cd7d5 req-019daf63-8f4f-4eaf-a326-adedab0cd7d5 ] Request (AZAdminNegativeTestJSON:setUpClass): 204 PUT http://10.180.1.21/identity/v3/projects/b42b35aaf5ab4f0e9c898cdef83993e8/users/1743e6884ee84542b242230ebcca1854/roles/43c76ed0d76647539c4f84c6facdfba8 0.799s
2025-04-09 19:02:57.796 70070 INFO tempest.lib.common.dynamic_creds [-] Dynamic test user 1743e6884ee84542b242230ebcca1854 is created with scope project and roles: ['admin']
2025-04-09 19:02:57.796 70070 INFO tempest.lib.common.dynamic_creds [-] Acquired dynamic creds: credentials: Credentials: {'domain_id': 'default', 'domain_name': 'Default', 'username': 'tempest-AZAdminNegativeTestJSON-1465014411-project-admin', 'project_domain_id': 'default', 'project_domain_name': 'Default', 'project_id': 'b42b35aaf5ab4f0e9c898cdef83993e8', 'project_name': 'tempest-AZAdminNegativeTestJSON-1465014411', 'tenant_id': 'b42b35aaf5ab4f0e9c898cdef83993e8', 'tenant_name': 'tempest-AZAdminNegativeTestJSON-1465014411', 'user_domain_id': 'default', 'user_domain_name': 'Default', 'user_id': '1743e6884ee84542b242230ebcca1854', 'system': None}, Network: None, Subnet: None, Router: None
2025-04-09 19:02:57.796 70070 INFO tempest.lib.common.dynamic_creds [-] Created isolated network resources for: credentials: Credentials: {'domain_id': 'default', 'domain_name': 'Default', 'username': 'tempest-AZAdminNegativeTestJSON-1465014411-project-admin', 'project_domain_id': 'default', 'project_domain_name': 'Default', 'project_id': 'b42b35aaf5ab4f0e9c898cdef83993e8', 'project_name': 'tempest-AZAdminNegativeTestJSON-1465014411', 'tenant_id': 'b42b35aaf5ab4f0e9c898cdef83993e8', 'tenant_name': 'tempest-AZAdminNegativeTestJSON-1465014411', 'user_domain_id': 'default', 'user_domain_name': 'Default', 'user_id': '1743e6884ee84542b242230ebcca1854', 'system': None}, Network: None, Subnet: None, Router: None
2025-04-09 19:02:57.816 70080 INFO tempest.lib.common.rest_client [req-77c097a0-e0be-40ad-aea3-d4a677afd16b req-77c097a0-e0be-40ad-aea3-d4a677afd16b ] Request (VolumesAssistedSnapshotsTest:setUpClass): 201 POST http://10.180.1.21/identity/v3/auth/tokens 0.834s
2025-04-09 19:02:57.835 70090 INFO tempest.lib.common.rest_client [req-9dba670d-d165-4f10-beb8-b5b690988a05 req-9dba670d-d165-4f10-beb8-b5b690988a05 ] Request (HypervisorAdminV228Test:setUpClass): 204 PUT http://10.180.1.21/identity/v3/projects/80f13d91a07e414583686d7f7d3ce5f3/users/1a6f36cf5e4f467ca6e73f6e77b7d22c/roles/43c76ed0d76647539c4f84c6facdfba8 0.822s
2025-04-09 19:02:57.835 70090 INFO tempest.lib.common.dynamic_creds [-] Dynamic test user 1a6f36cf5e4f467ca6e73f6e77b7d22c is created with scope project and roles: ['admin']
2025-04-09 19:02:57.835 70090 INFO tempest.lib.common.dynamic_creds [-] Acquired dynamic creds: credentials: Credentials: {'domain_id': 'default', 'domain_name': 'Default', 'username': 'tempest-HypervisorAdminV228Test-1437959180-project-admin', 'project_domain_id': 'default', 'project_domain_name': 'Default', 'project_id': '80f13d91a07e414583686d7f7d3ce5f3', 'project_name': 'tempest-HypervisorAdminV228Test-1437959180', 'tenant_id': '80f13d91a07e414583686d7f7d3ce5f3', 'tenant_name': 'tempest-HypervisorAdminV228Test-1437959180', 'user_domain_id': 'default', 'user_domain_name': 'Default', 'user_id': '1a6f36cf5e4f467ca6e73f6e77b7d22c', 'system': None}, Network: None, Subnet: None, Router: None
2025-04-09 19:02:57.835 70090 INFO tempest.lib.common.dynamic_creds [-] Created isolated network resources for: credentials: Credentials: {'domain_id': 'default', 'domain_name': 'Default', 'username': 'tempest-HypervisorAdminV228Test-1437959180-project-admin', 'project_domain_id': 'default', 'project_domain_name': 'Default', 'project_id': '80f13d91a07e414583686d7f7d3ce5f3', 'project_name': 'tempest-HypervisorAdminV228Test-1437959180', 'tenant_id': '80f13d91a07e414583686d7f7d3ce5f3', 'tenant_name': 'tempest-HypervisorAdminV228Test-1437959180', 'user_domain_id': 'default', 'user_domain_name': 'Default', 'user_id': '1a6f36cf5e4f467ca6e73f6e77b7d22c', 'system': None}, Network: None, Subnet: None, Router: None
2025-04-09 19:02:57.848 70108 INFO tempest.lib.common.rest_client [req-a2b4784d-6db1-48d6-ac81-825bd090b7f2 req-a2b4784d-6db1-48d6-ac81-825bd090b7f2 ] Request (NetworksTest:setUpClass): 204 PUT http://10.180.1.21/identity/v3/projects/849f270be26949d7a3fe7e9f2e771bc8/users/7e7227a4da46437daaabac807dd7dd2f/roles/43c76ed0d76647539c4f84c6facdfba8 0.852s
