2025-04-09 19:03:56.845 70066 INFO tempest.lib.common.rest_client [req-2e33e6e9-06bd-4fb8-aaaa-71c907c284c6 req-2e33e6e9-06bd-4fb8-aaaa-71c907c284c6 ] Request (ServersTestMultiNic:setUpClass): 201 POST http://10.180.1.21:9696/networking/v2.0/routers 1.977s
2025-04-09 19:03:56.893 70082 INFO tempest.lib.common.rest_client [req-30cd319a-cae8-4027-807b-f788b58e27b6 req-30cd319a-cae8-4027-807b-f788b58e27b6 ] Request (ServerDiagnosticsV248Test:setUpClass): 201 POST http://10.180.1.21/identity/v3/auth/tokens 0.078s
2025-04-09 19:03:56.915 70096 INFO tempest.lib.common.rest_client [req-732a2b1a-e480-4692-ad45-5503b8fee64f req-732a2b1a-e480-4692-ad45-5503b8fee64f ] Request (ServersAdminTestJSON:setUpClass): 200 GET http://10.180.1.21/compute/v2.1/servers/241a1686-456e-42a0-8258-752ff9aebb61 2.070s
2025-04-09 19:03:56.925 70096 INFO tempest.common.waiters [-] State transition "BUILD/networking" ==> "BUILD/spawning" after 25 second wait
2025-04-09 19:03:56.957 70058 INFO tempest.lib.common.rest_client [req-8bae04a1-f349-4381-8400-47dcbc5b59e5 req-8bae04a1-f349-4381-8400-47dcbc5b59e5 ] Request (ImagesNegativeTestJSON:test_create_image_from_deleted_server): 200 GET http://10.180.1.21/compute/v2.1/servers/44d464c2-acfc-449c-b6e3-885a5f2d28e3 1.773s
2025-04-09 19:03:56.999 70082 INFO tempest.lib.common.rest_client [req-ec29beee-75d9-4586-abfe-435d5a25a406 req-ec29beee-75d9-4586-abfe-435d5a25a406 ] Request (ServerDiagnosticsV248Test:setUpClass): 201 POST http://10.180.1.21/identity/v3/projects 0.105s
2025-04-09 19:03:57.014 70094 INFO tempest.lib.common.rest_client [req-80d43aa3-b420-4676-9656-6260bb21f780 req-80d43aa3-b420-4676-9656-6260bb21f780 ] Request (FloatingIPsAssociationTestJSON:test_associate_already_associated_floating_ip): 200 GET http://10.180.1.21/compute/v2.1/servers/07251cf7-66fc-4d91-8c22-0be032ae93c0 1.720s
2025-04-09 19:03:57.024 70084 INFO tempest.lib.common.rest_client [req-18dec6ff-0795-420a-91b2-32c4b82c3df4 req-18dec6ff-0795-420a-91b2-32c4b82c3df4 ] Request (SecurityGroupRulesNegativeTestJSON:tearDownClass): 204 DELETE http://10.180.1.21:9696/networking/v2.0/routers/2ba7a9b0-2357-4265-8523-26e2c0632750 0.796s
2025-04-09 19:03:57.079 70070 INFO tempest.lib.common.rest_client [req-377d8827-b291-4152-8d53-1637d4256a25 req-377d8827-b291-4152-8d53-1637d4256a25 ] Request (InstanceActionsV221TestJSON:test_get_list_deleted_instance_actions): 200 GET http://10.180.1.21/compute/v2.1/servers/f2a79448-d927-4cfe-8648-4edc226c5369 1.659s
2025-04-09 19:03:57.106 70082 INFO tempest.lib.common.rest_client [req-84138942-c673-4456-91cc-c0dab6615a7b req-84138942-c673-4456-91cc-c0dab6615a7b ] Request (ServerDiagnosticsV248Test:setUpClass): 201 POST http://10.180.1.21/identity/v3/users 0.106s
2025-04-09 19:03:57.121 70076 INFO tempest.lib.common.rest_client [req-013ea9c1-2c71-404f-bc92-3e4b1ada8afa req-013ea9c1-2c71-404f-bc92-3e4b1ada8afa ] Request (AggregatesAdminNegativeTestJSON:test_aggregate_remove_host_as_user): 200 POST http://10.180.1.21/compute/v2.1/os-aggregates 1.551s
2025-04-09 19:03:57.144 70082 INFO tempest.lib.common.rest_client [req-3f29542d-fa32-446b-acc9-c9678374f765 req-3f29542d-fa32-446b-acc9-c9678374f765 ] Request (ServerDiagnosticsV248Test:setUpClass): 200 GET http://10.180.1.21/identity/v3/roles 0.037s
2025-04-09 19:03:57.184 70082 INFO tempest.lib.common.rest_client [req-44947812-642e-40cc-85b1-f84027aa335c req-44947812-642e-40cc-85b1-f84027aa335c ] Request (ServerDiagnosticsV248Test:setUpClass): 204 PUT http://10.180.1.21/identity/v3/projects/68e4f1e66d3040b2ac4ea3db7e522971/users/7de2d3c9809846b0a0f95fbe9ab305d3/roles/43c76ed0d76647539c4f84c6facdfba8 0.040s
2025-04-09 19:03:57.260 70082 INFO tempest.lib.common.rest_client [req-00e2a871-33bf-4fa0-8ba6-615807202d36 req-00e2a871-33bf-4fa0-8ba6-615807202d36 ] Request (ServerDiagnosticsV248Test:setUpClass): 200 GET http://10.180.1.21/identity/v3/roles 0.075s
2025-04-09 19:03:57.288 70082 INFO tempest.lib.common.rest_client [req-78b1ab3c-72a8-470c-9a1b-3fb45b31216b req-78b1ab3c-72a8-470c-9a1b-3fb45b31216b ] Request (ServerDiagnosticsV248Test:setUpClass): 204 PUT http://10.180.1.21/identity/v3/projects/68e4f1e66d3040b2ac4ea3db7e522971/users/7de2d3c9809846b0a0f95fbe9ab305d3/roles/43c76ed0d76647539c4f84c6facdfba8 0.027s
2025-04-09 19:03:57.288 70082 INFO tempest.lib.common.dynamic_creds [-] Dynamic test user 7de2d3c9809846b0a0f95fbe9ab305d3 is created with scope project and roles: ['admin']
2025-04-09 19:03:57.289 70082 INFO tempest.lib.common.dynamic_creds [-] Acquired dynamic creds: credentials: Credentials: {'domain_id': 'default', 'domain_name': 'Default', 'username': 'tempest-ServerDiagnosticsV248Test-602990936-project-admin', 'project_domain_id': 'default', 'project_domain_name': 'Default', 'project_id': '68e4f1e66d3040b2ac4ea3db7e522971', 'project_name': 'tempest-ServerDiagnosticsV248Test-602990936', 'tenant_id': '68e4f1e66d3040b2ac4ea3db7e522971', 'tenant_name': 'tempest-ServerDiagnosticsV248Test-602990936', 'user_domain_id': 'default', 'user_domain_name': 'Default', 'user_id': '7de2d3c9809846b0a0f95fbe9ab305d3', 'system': None}, Network: None, Subnet: None, Router: None
2025-04-09 19:03:57.289 70082 INFO tempest.lib.common.dynamic_creds [-] Created isolated network resources for: credentials: Credentials: {'domain_id': 'default', 'domain_name': 'Default', 'username': 'tempest-ServerDiagnosticsV248Test-602990936-project-admin', 'project_domain_id': 'default', 'project_domain_name': 'Default', 'project_id': '68e4f1e66d3040b2ac4ea3db7e522971', 'project_name': 'tempest-ServerDiagnosticsV248Test-602990936', 'tenant_id': '68e4f1e66d3040b2ac4ea3db7e522971', 'tenant_name': 'tempest-ServerDiagnosticsV248Test-602990936', 'user_domain_id': 'default', 'user_domain_name': 'Default', 'user_id': '7de2d3c9809846b0a0f95fbe9ab305d3', 'system': None}, Network: None, Subnet: None, Router: None
2025-04-09 19:03:57.326 70084 INFO tempest.lib.common.rest_client [req-66c4e7ba-a877-40ba-bf2b-25db750d74eb req-66c4e7ba-a877-40ba-bf2b-25db750d74eb ] Request (SecurityGroupRulesNegativeTestJSON:tearDownClass): 204 DELETE http://10.180.1.21:9696/networking/v2.0/subnets/f48a217b-19a4-4370-b3c0-29227349c310 0.301s
2025-04-09 19:03:57.405 70082 INFO tempest.lib.common.rest_client [req-a8d8849d-7911-4aee-bead-01aa8ccf6401 req-a8d8849d-7911-4aee-bead-01aa8ccf6401 ] Request (ServerDiagnosticsV248Test:setUpClass): 201 POST http://10.180.1.21/identity/v3/auth/tokens 0.114s
2025-04-09 19:03:57.488 70082 INFO tempest.lib.common.rest_client [req-12354c4c-a128-4d31-b453-1a149a5e5099 req-12354c4c-a128-4d31-b453-1a149a5e5099 ] Request (ServerDiagnosticsV248Test:test_get_server_diagnostics): 201 POST http://10.180.1.21/identity/v3/auth/tokens 0.078s
2025-04-09 19:03:57.489 70082 INFO tempest.lib.common.fixed_network [-] (ServerDiagnosticsV248Test:test_get_server_diagnostics) Found network None available for tenant
2025-04-09 19:03:57.518 70101 WARNING tempest.lib.common.ssh [-] Failed to establish authenticated ssh connection to cirros@10.180.180.251 ([Errno None] Unable to connect to port 22 on 10.180.180.251). Number attempts: 2. Retry after 3 seconds.: paramiko.ssh_exception.NoValidConnectionsError: [Errno None] Unable to connect to port 22 on 10.180.180.251
2025-04-09 19:03:57.748 70084 INFO tempest.lib.common.rest_client [req-c70fbf55-5d73-4d8b-8522-e18924d072f7 req-c70fbf55-5d73-4d8b-8522-e18924d072f7 ] Request (SecurityGroupRulesNegativeTestJSON:tearDownClass): 204 DELETE http://10.180.1.21:9696/networking/v2.0/networks/ca15ad83-de05-4d00-aff6-3c4692818fee 0.419s
2025-04-09 19:03:57.869 70084 INFO tempest.lib.common.rest_client [req-edf23878-56ac-459f-acb3-21024142a098 req-edf23878-56ac-459f-acb3-21024142a098 ] Request (SecurityGroupRulesNegativeTestJSON:tearDownClass): 204 DELETE http://10.180.1.21/identity/v3/users/faae96b3a3b64ce1847d79c80c4fdfb8 0.121s
2025-04-09 19:03:57.870 70084 INFO tempest.lib.common.dynamic_creds [-] Deleting project and security group for project: 5b0787d36f0a4d0ca305552116abc9e4
2025-04-09 19:03:57.895 70084 INFO tempest.lib.common.rest_client [req-1ca44816-05eb-458a-a783-5ae2320a8fc3 req-1ca44816-05eb-458a-a783-5ae2320a8fc3 ] Request (SecurityGroupRulesNegativeTestJSON:tearDownClass): 200 GET http://10.180.1.21:9696/networking/v2.0/security-groups?tenant_id=5b0787d36f0a4d0ca305552116abc9e4&name=default 0.025s
2025-04-09 19:03:57.999 70084 INFO tempest.lib.common.rest_client [req-9e688e22-208c-4a53-8b72-8b2ab6d25d49 req-9e688e22-208c-4a53-8b72-8b2ab6d25d49 ] Request (SecurityGroupRulesNegativeTestJSON:tearDownClass): 204 DELETE http://10.180.1.21:9696/networking/v2.0/security-groups/83de8a05-3835-49f7-a7dc-7ac84fff085d 0.103s
2025-04-09 19:03:58.140 70084 INFO tempest.lib.common.rest_client [req-26ee451f-bc5a-4d09-9fe3-11cff120a0d0 req-26ee451f-bc5a-4d09-9fe3-11cff120a0d0 ] Request (SecurityGroupRulesNegativeTestJSON:tearDownClass): 204 DELETE http://10.180.1.21/identity/v3/projects/5b0787d36f0a4d0ca305552116abc9e4 0.140s
2025-04-09 19:03:58.531 70048 INFO tempest.lib.common.rest_client [req-194b95dc-abaa-4db9-a1fe-ff7f887a28e2 req-194b95dc-abaa-4db9-a1fe-ff7f887a28e2 ] Request (FloatingIPDetailsTestJSON:tearDownClass): 202 DELETE http://10.180.1.21/compute/v2.1/os-floating-ips/9773d47f-3d73-4eb2-b13e-673559fdca4a 2.932s
2025-04-09 19:03:58.537 70068 INFO tempest.lib.common.rest_client [req-8e283768-3623-48b2-b135-d780aa2ee01d req-8e283768-3623-48b2-b135-d780aa2ee01d ] Request (MultipleCreateNegativeTestJSON:test_min_count_non_integer): 400 POST http://10.180.1.21/compute/v2.1/servers 2.875s
2025-04-09 19:03:58.666 70098 INFO tempest.lib.common.rest_client [req-5d64ccf1-6950-43b5-8987-7e571cdbf577 req-5d64ccf1-6950-43b5-8987-7e571cdbf577 ] Request (ServersTestFqdnHostnames:test_create_server_with_fqdn_name): 200 GET http://10.180.1.21/compute/v2.1/servers/d9135e1c-5104-4429-a638-8df20416734e 2.841s
2025-04-09 19:03:58.684 70068 INFO tempest.lib.common.rest_client [req-7dd4fcd2-8f3a-41e3-a623-9d917fe434d8 req-7dd4fcd2-8f3a-41e3-a623-9d917fe434d8 ] Request (MultipleCreateNegativeTestJSON:tearDownClass): 204 DELETE http://10.180.1.21/identity/v3/users/34d0022bc903472fab4c7dc204f34933 0.145s
2025-04-09 19:03:58.684 70068 INFO tempest.lib.common.dynamic_creds [-] Deleting project and security group for project: 20a50a7d6ba84effa833f656e1e72cfa
2025-04-09 19:03:58.744 70078 INFO tempest.lib.common.rest_client [req-55d3c4ce-fd71-47b8-8b46-3117e801740e req-55d3c4ce-fd71-47b8-8b46-3117e801740e ] Request (ServersAdmin275Test:test_rebuild_update_server_275): 200 GET http://10.180.1.21/compute/v2.1/servers/39f89723-74fb-4bf2-9696-a25bb1bc35ee 2.810s
2025-04-09 19:03:58.746 70068 INFO tempest.lib.common.rest_client [req-e1fa7fa7-ea5d-4bad-af5f-85332e84cade req-e1fa7fa7-ea5d-4bad-af5f-85332e84cade ] Request (MultipleCreateNegativeTestJSON:tearDownClass): 201 POST http://10.180.1.21/identity/v3/auth/tokens 0.062s
2025-04-09 19:03:58.755 70078 INFO tempest.common.waiters [-] State transition "BUILD/None" ==> "BUILD/spawning" after 23 second wait
2025-04-09 19:03:58.822 70108 INFO tempest.lib.common.rest_client [req-46ab24ca-9a71-4494-8da8-2b1c6285fa66 req-46ab24ca-9a71-4494-8da8-2b1c6285fa66 ] Request (ServerExternalEventsTest:tearDownClass): 200 GET http://10.180.1.21/compute/v2.1/servers/de2e4ff6-207c-4615-a283-bc56ffe88e23 2.786s
2025-04-09 19:03:58.843 70073 INFO tempest.lib.common.rest_client [req-46a00fa1-f78c-414e-8e0e-471c1cc93bf8 req-46a00fa1-f78c-414e-8e0e-471c1cc93bf8 ] Request (FlavorsAdminTestJSON:test_is_public_string_variations): 200 GET http://10.180.1.21/compute/v2.1/flavors/detail?is_public=false 2.788s
2025-04-09 19:03:58.858 70060 INFO tempest.lib.common.rest_client [req-d5beb82b-85bd-45f0-b0e6-210c08e95248 req-d5beb82b-85bd-45f0-b0e6-210c08e95248 ] Request (ImagesOneServerTestJSON:test_create_delete_image): 200 GET http://10.180.1.21/compute/v2.1/flavors/42 2.639s
2025-04-09 19:03:58.918 70068 INFO tempest.lib.common.rest_client [req-b6febcb8-f11d-4a3b-8a85-b8bc2a3cd5a9 req-b6febcb8-f11d-4a3b-8a85-b8bc2a3cd5a9 ] Request (MultipleCreateNegativeTestJSON:tearDownClass): 200 GET http://10.180.1.21:9696/networking/v2.0/security-groups?tenant_id=20a50a7d6ba84effa833f656e1e72cfa&name=default 0.171s
2025-04-09 19:03:58.988 70068 INFO tempest.lib.common.rest_client [req-850108a9-64cb-45fc-9310-3499464ed7ea req-850108a9-64cb-45fc-9310-3499464ed7ea ] Request (MultipleCreateNegativeTestJSON:tearDownClass): 204 DELETE http://10.180.1.21:9696/networking/v2.0/security-groups/ada06824-1de4-421f-ab9c-7b1b5405f288 0.069s
2025-04-09 19:03:59.075 70068 INFO tempest.lib.common.rest_client [req-6a3f0878-bc75-4d65-b0ba-dfdd187c1144 req-6a3f0878-bc75-4d65-b0ba-dfdd187c1144 ] Request (MultipleCreateNegativeTestJSON:tearDownClass): 204 DELETE http://10.180.1.21/identity/v3/projects/20a50a7d6ba84effa833f656e1e72cfa 0.087s
2025-04-09 19:03:59.159 70068 INFO tempest.lib.common.rest_client [req-67b3e17c-9b47-4494-99c6-bcd0bb283611 req-67b3e17c-9b47-4494-99c6-bcd0bb283611 ] Request (AttachVolumeShelveTestJSON:setUpClass): 201 POST http://10.180.1.21/identity/v3/auth/tokens 0.082s
2025-04-09 19:03:59.201 70068 INFO tempest.lib.common.rest_client [req-c6c5f0e4-7ddf-41f8-a477-4c7a0b0b5677 req-c6c5f0e4-7ddf-41f8-a477-4c7a0b0b5677 ] Request (AttachVolumeShelveTestJSON:setUpClass): 201 POST http://10.180.1.21/identity/v3/auth/tokens 0.040s
2025-04-09 19:03:59.229 70068 INFO tempest.lib.common.rest_client [req-dd238bb5-1796-4cef-86f3-b6b96fae18dd req-dd238bb5-1796-4cef-86f3-b6b96fae18dd ] Request (AttachVolumeShelveTestJSON:setUpClass): 200 GET http://10.180.1.21/identity/v3/domains?name=Default 0.028s
2025-04-09 19:03:59.272 70068 INFO tempest.lib.common.rest_client [req-2e04e622-6567-4a06-8e49-725a700574b6 req-2e04e622-6567-4a06-8e49-725a700574b6 ] Request (AttachVolumeShelveTestJSON:setUpClass): 201 POST http://10.180.1.21/identity/v3/projects 0.041s
2025-04-09 19:03:59.288 70090 INFO tempest.lib.common.rest_client [req-bffc81c3-7187-435a-bed4-001a299c05e4 req-bffc81c3-7187-435a-bed4-001a299c05e4 ] Request (AttachInterfacesV270Test:test_create_get_list_interfaces): 200 GET http://10.180.1.21/compute/v2.1/servers/e4b38901-401b-42f4-beff-557e1416abb2 3.006s
2025-04-09 19:03:59.361 70068 INFO tempest.lib.common.rest_client [req-e33d8846-40e1-4951-932d-437e09eafe04 req-e33d8846-40e1-4951-932d-437e09eafe04 ] Request (AttachVolumeShelveTestJSON:setUpClass): 201 POST http://10.180.1.21/identity/v3/users 0.089s
2025-04-09 19:03:59.398 70068 INFO tempest.lib.common.rest_client [req-ac1be21c-304f-4534-b348-57b5e71de105 req-ac1be21c-304f-4534-b348-57b5e71de105 ] Request (AttachVolumeShelveTestJSON:setUpClass): 200 GET http://10.180.1.21/identity/v3/roles 0.036s
2025-04-09 19:03:59.418 70092 INFO tempest.lib.common.rest_client [req-562a86cf-d3f5-413f-900f-089ef67759a4 req-562a86cf-d3f5-413f-900f-089ef67759a4 ] Request (DeleteServersAdminTestJSON:test_delete_server_while_in_error_state): 200 GET http://10.180.1.21/compute/v2.1/servers/9a1bbae7-741a-4c74-8098-7433b3748301 3.038s
2025-04-09 19:03:59.444 70068 INFO tempest.lib.common.rest_client [req-2d061736-9ad5-4b67-a34b-0a3c601f8136 req-2d061736-9ad5-4b67-a34b-0a3c601f8136 ] Request (AttachVolumeShelveTestJSON:setUpClass): 204 PUT http://10.180.1.21/identity/v3/projects/6aeafafd2fbd4585bb6f775e54eb2721/users/c50237526c9b4a1f9bca7cba529152ff/roles/4d332d6e6272420c99261615c809efd3 0.045s
2025-04-09 19:03:59.444 70068 INFO tempest.lib.common.dynamic_creds [-] Dynamic test user c50237526c9b4a1f9bca7cba529152ff is created with scope project and roles: ['member']
2025-04-09 19:03:59.445 70068 INFO tempest.lib.common.dynamic_creds [-] Acquired dynamic creds: credentials: Credentials: {'domain_id': 'default', 'domain_name': 'Default', 'username': 'tempest-AttachVolumeShelveTestJSON-67283099-project-member', 'project_domain_id': 'default', 'project_domain_name': 'Default', 'project_id': '6aeafafd2fbd4585bb6f775e54eb2721', 'project_name': 'tempest-AttachVolumeShelveTestJSON-67283099', 'tenant_id': '6aeafafd2fbd4585bb6f775e54eb2721', 'tenant_name': 'tempest-AttachVolumeShelveTestJSON-67283099', 'user_domain_id': 'default', 'user_domain_name': 'Default', 'user_id': 'c50237526c9b4a1f9bca7cba529152ff', 'system': None}, Network: None, Subnet: None, Router: None
2025-04-09 19:03:59.534 70068 INFO tempest.lib.common.rest_client [req-c06616c5-af30-4022-bf2e-e8705967198e req-c06616c5-af30-4022-bf2e-e8705967198e ] Request (AttachVolumeShelveTestJSON:setUpClass): 201 POST http://10.180.1.21/identity/v3/auth/tokens 0.089s
2025-04-09 19:03:59.604 70052 INFO tempest.lib.common.rest_client [req-f1882256-54e4-4c49-b37a-9860bcc39602 req-f1882256-54e4-4c49-b37a-9860bcc39602 ] Request (QuotaClassesAdminTestJSON:test_update_default_quotas): 200 PUT http://10.180.1.21/compute/v2.1/os-quota-class-sets/default 3.195s
2025-04-09 19:03:59.944 70068 INFO tempest.lib.common.rest_client [req-46b6b783-fcbc-47ee-8d14-9ca9d66cb607 req-46b6b783-fcbc-47ee-8d14-9ca9d66cb607 ] Request (AttachVolumeShelveTestJSON:setUpClass): 201 POST http://10.180.1.21:9696/networking/v2.0/networks 0.410s
2025-04-09 19:04:00.146 70074 WARNING tempest.lib.common.ssh [-] Failed to establish authenticated ssh connection to cirros@10.180.180.173 ([Errno None] Unable to connect to port 22 on 10.180.180.173). Number attempts: 1. Retry after 2 seconds.: paramiko.ssh_exception.NoValidConnectionsError: [Errno None] Unable to connect to port 22 on 10.180.180.173
2025-04-09 19:04:00.149 70068 INFO tempest.lib.common.rest_client [req-77b65ec7-86f8-49e1-a687-421c76aa7b00 req-77b65ec7-86f8-49e1-a687-421c76aa7b00 ] Request (AttachVolumeShelveTestJSON:setUpClass): 201 POST http://10.180.1.21:9696/networking/v2.0/subnets 0.204s
2025-04-09 19:04:00.207 70054 WARNING tempest.lib.common.ssh [-] Failed to establish authenticated ssh connection to cirros@10.180.180.142 ([Errno None] Unable to connect to port 22 on 10.180.180.142). Number attempts: 2. Retry after 3 seconds.: paramiko.ssh_exception.NoValidConnectionsError: [Errno None] Unable to connect to port 22 on 10.180.180.142
2025-04-09 19:04:00.226 70086 INFO tempest.lib.common.rest_client [req-81019580-a333-40e0-a716-92fe090ddd05 req-81019580-a333-40e0-a716-92fe090ddd05 ] Request (FloatingIPsAssociationNegativeTestJSON:_run_cleanups): 202 POST http://10.180.1.21/compute/v2.1/servers/64938e15-02e1-44a8-9ab4-5dc003e40d78/action 4.665s
2025-04-09 19:04:00.323 70064 INFO tempest.lib.common.rest_client [req-1fc2707e-513f-4091-9983-5b4025e53253 req-1fc2707e-513f-4091-9983-5b4025e53253 ] Request (ImagesOneServerNegativeTestJSON:_run_cleanups): 204 DELETE http://10.180.1.21/compute/v2.1/servers/f1d027e6-d48a-42ad-9099-7798329d205f 3.694s
2025-04-09 19:04:00.362 70056 INFO tempest.lib.common.rest_client [req-f12a0b29-6611-4b4e-861d-f6911e273428 req-f12a0b29-6611-4b4e-861d-f6911e273428 ] Request (ServerPasswordTestJSON:setUpClass): 200 PUT http://10.180.1.21:9696/networking/v2.0/routers/6d2c97ee-ce3b-4e06-959c-d587b665e01b/add_router_interface 3.723s
2025-04-09 19:04:00.362 70056 INFO tempest.lib.common.dynamic_creds [-] Created isolated network resources for: credentials: Credentials: {'domain_id': 'default', 'domain_name': 'Default', 'username': 'tempest-ServerPasswordTestJSON-1043748409-project-member', 'project_domain_id': 'default', 'project_domain_name': 'Default', 'project_id': '8ff83afd95a14d79b70223aa1b626d4b', 'project_name': 'tempest-ServerPasswordTestJSON-1043748409', 'tenant_id': '8ff83afd95a14d79b70223aa1b626d4b', 'tenant_name': 'tempest-ServerPasswordTestJSON-1043748409', 'user_domain_id': 'default', 'user_domain_name': 'Default', 'user_id': '148e2373315047deb35a4a05de0d83fe', 'system': None}, Network: {'id': '97c52011-79f4-4b44-99f6-c15347a516b2', 'name': 'tempest-ServerPasswordTestJSON-1377174667-network', 'tenant_id': '8ff83afd95a14d79b70223aa1b626d4b', 'admin_state_up': True, 'mtu': 8950, 'status': 'ACTIVE', 'subnets': [], 'shared': False, 'project_id': '8ff83afd95a14d79b70223aa1b626d4b', 'port_security_enabled': True, 'router:external': False, 'provider:network_type': 'vlan', 'provider:physical_network': 'default', 'provider:segmentation_id': 338, 'availability_zone_hints': [], 'availability_zones': [], 'ipv4_address_scope': None, 'ipv6_address_scope': None, 'description': '', 'tags': [], 'created_at': '2025-04-09T19:03:54Z', 'updated_at': '2025-04-09T19:03:54Z', 'revision_number': 1}, Subnet: {'id': '1360c38c-75a6-474b-a2e8-d1913eb970e2', 'name': 'tempest-ServerPasswordTestJSON-1377174667-subnet', 'tenant_id': '8ff83afd95a14d79b70223aa1b626d4b', 'network_id': '97c52011-79f4-4b44-99f6-c15347a516b2', 'ip_version': 4, 'subnetpool_id': None, 'enable_dhcp': True, 'ipv6_ra_mode': None, 'ipv6_address_mode': None, 'gateway_ip': '192.168.128.1', 'cidr': '192.168.128.0/28', 'allocation_pools': [{'start': '192.168.128.2', 'end': '192.168.128.14'}], 'host_routes': [], 'dns_nameservers': [], 'description': '', 'router:external': False, 'service_types': [], 'tags': [], 'created_at': '2025-04-09T19:03:54Z', 'updated_at': '2025-04-09T19:03:54Z', 'revision_number': 0, 'project_id': '8ff83afd95a14d79b70223aa1b626d4b'}, Router: {'id': '6d2c97ee-ce3b-4e06-959c-d587b665e01b', 'name': 'tempest-ServerPasswordTestJSON-1377174667-router', 'tenant_id': '8ff83afd95a14d79b70223aa1b626d4b', 'admin_state_up': True, 'status': 'ACTIVE', 'external_gateway_info': {'network_id': '36e2d300-9045-47ab-a5aa-1c6cc488a3a6', 'external_fixed_ips': [{'subnet_id': '798680a8-15b9-4ca1-9ded-37a4c03be338', 'ip_address': '10.180.180.170'}], 'enable_snat': True}, 'description': '', 'availability_zones': [], 'distributed': False, 'ha': False, 'availability_zone_hints': [], 'routes': [], 'flavor_id': None, 'tags': [], 'created_at': '2025-04-09T19:03:54Z', 'updated_at': '2025-04-09T19:03:55Z', 'revision_number': 2, 'project_id': '8ff83afd95a14d79b70223aa1b626d4b'}
2025-04-09 19:04:00.464 70056 INFO tempest.lib.common.rest_client [req-e4d362bd-9604-4e17-ab90-9cb573fdbd9b req-e4d362bd-9604-4e17-ab90-9cb573fdbd9b ] Request (ServerPasswordTestJSON:setUpClass): 201 POST http://10.180.1.21/identity/v3/auth/tokens 0.097s
2025-04-09 19:04:00.489 70076 INFO tempest.lib.common.rest_client [req-c169fe88-51cb-4876-9ab3-77a406ea140e req-c169fe88-51cb-4876-9ab3-77a406ea140e ] Request (AggregatesAdminNegativeTestJSON:test_aggregate_remove_host_as_user): 200 POST http://10.180.1.21/compute/v2.1/os-aggregates/7/action 3.366s
2025-04-09 19:04:00.510 70066 INFO tempest.lib.common.rest_client [req-69c82c93-bdc2-47c0-9aeb-6b58c23f3028 req-69c82c93-bdc2-47c0-9aeb-6b58c23f3028 ] Request (ServersTestMultiNic:setUpClass): 200 PUT http://10.180.1.21:9696/networking/v2.0/routers/bb019029-8046-414b-afcf-08eab3e7fc5c/add_router_interface 3.664s
2025-04-09 19:04:00.510 70066 INFO tempest.lib.common.dynamic_creds [-] Created isolated network resources for: credentials: Credentials: {'domain_id': 'default', 'domain_name': 'Default', 'username': 'tempest-ServersTestMultiNic-2122784205-project-member', 'project_domain_id': 'default', 'project_domain_name': 'Default', 'project_id': '8e0994137d4241289e778a40cac24354', 'project_name': 'tempest-ServersTestMultiNic-2122784205', 'tenant_id': '8e0994137d4241289e778a40cac24354', 'tenant_name': 'tempest-ServersTestMultiNic-2122784205', 'user_domain_id': 'default', 'user_domain_name': 'Default', 'user_id': 'b7cd377367f74f9bbd49bfe76fef3ae1', 'system': None}, Network: {'id': '72d069f0-29b5-42fd-a21f-c666d8971f5a', 'name': 'tempest-ServersTestMultiNic-1623730892-network', 'tenant_id': '8e0994137d4241289e778a40cac24354', 'admin_state_up': True, 'mtu': 8950, 'status': 'ACTIVE', 'subnets': [], 'shared': False, 'project_id': '8e0994137d4241289e778a40cac24354', 'port_security_enabled': True, 'router:external': False, 'provider:network_type': 'vlan', 'provider:physical_network': 'default', 'provider:segmentation_id': 450, 'availability_zone_hints': [], 'availability_zones': [], 'ipv4_address_scope': None, 'ipv6_address_scope': None, 'description': '', 'tags': [], 'created_at': '2025-04-09T19:03:54Z', 'updated_at': '2025-04-09T19:03:54Z', 'revision_number': 1}, Subnet: {'id': 'df109e4f-f616-4f9f-84df-21995d28e0ce', 'name': 'tempest-ServersTestMultiNic-1623730892-subnet', 'tenant_id': '8e0994137d4241289e778a40cac24354', 'network_id': '72d069f0-29b5-42fd-a21f-c666d8971f5a', 'ip_version': 4, 'subnetpool_id': None, 'enable_dhcp': True, 'ipv6_ra_mode': None, 'ipv6_address_mode': None, 'gateway_ip': '192.168.128.1', 'cidr': '192.168.128.0/28', 'allocation_pools': [{'start': '192.168.128.2', 'end': '192.168.128.14'}], 'host_routes': [], 'dns_nameservers': [], 'description': '', 'router:external': False, 'service_types': [], 'tags': [], 'created_at': '2025-04-09T19:03:54Z', 'updated_at': '2025-04-09T19:03:54Z', 'revision_number': 0, 'project_id': '8e0994137d4241289e778a40cac24354'}, Router: {'id': 'bb019029-8046-414b-afcf-08eab3e7fc5c', 'name': 'tempest-ServersTestMultiNic-1623730892-router', 'tenant_id': '8e0994137d4241289e778a40cac24354', 'admin_state_up': True, 'status': 'ACTIVE', 'external_gateway_info': {'network_id': '36e2d300-9045-47ab-a5aa-1c6cc488a3a6', 'external_fixed_ips': [{'subnet_id': '798680a8-15b9-4ca1-9ded-37a4c03be338', 'ip_address': '10.180.180.241'}], 'enable_snat': True}, 'description': '', 'availability_zones': [], 'distributed': False, 'ha': False, 'availability_zone_hints': [], 'routes': [], 'flavor_id': None, 'tags': [], 'created_at': '2025-04-09T19:03:54Z', 'updated_at': '2025-04-09T19:03:55Z', 'revision_number': 2, 'project_id': '8e0994137d4241289e778a40cac24354'}
2025-04-09 19:04:00.511 70056 INFO tempest.lib.common.rest_client [req-f7809d40-81be-4a7f-b2c7-a75747989813 req-f7809d40-81be-4a7f-b2c7-a75747989813 ] Request (ServerPasswordTestJSON:setUpClass): 201 POST http://10.180.1.21/identity/v3/auth/tokens 0.042s
2025-04-09 19:04:00.511 70056 INFO tempest.lib.common.fixed_network [-] (ServerPasswordTestJSON:setUpClass) Found network {'id': '97c52011-79f4-4b44-99f6-c15347a516b2', 'name': 'tempest-ServerPasswordTestJSON-1377174667-network', 'tenant_id': '8ff83afd95a14d79b70223aa1b626d4b', 'admin_state_up': True, 'mtu': 8950, 'status': 'ACTIVE', 'subnets': [], 'shared': False, 'project_id': '8ff83afd95a14d79b70223aa1b626d4b', 'port_security_enabled': True, 'router:external': False, 'provider:network_type': 'vlan', 'provider:physical_network': 'default', 'provider:segmentation_id': 338, 'availability_zone_hints': [], 'availability_zones': [], 'ipv4_address_scope': None, 'ipv6_address_scope': None, 'description': '', 'tags': [], 'created_at': '2025-04-09T19:03:54Z', 'updated_at': '2025-04-09T19:03:54Z', 'revision_number': 1} available for tenant
2025-04-09 19:04:00.520 70102 INFO tempest.lib.common.rest_client [req-ee8a4666-81dc-494f-a19c-8716c3fa2cbf req-ee8a4666-81dc-494f-a19c-8716c3fa2cbf ] Request (FloatingIPsTestJSON:_run_cleanups): 202 DELETE http://10.180.1.21/compute/v2.1/os-floating-ips/6ae6be22-31da-4023-9c15-1b10315b7571 4.014s
2025-04-09 19:04:00.568 70062 INFO tempest.lib.common.rest_client [req-ac46bf73-a485-4a49-b230-358169faa1df req-ac46bf73-a485-4a49-b230-358169faa1df ] Request (InstanceActionsNegativeTestJSON:tearDownClass): 200 GET http://10.180.1.21/compute/v2.1/servers/888e7c77-793b-4420-9743-e2772b836742 3.422s
2025-04-09 19:04:00.576 70062 INFO tempest.common.waiters [-] State transition "ACTIVE/deleting" ==> "DELETED/None" after 4 second wait
2025-04-09 19:04:00.593 70066 INFO tempest.lib.common.rest_client [req-14189080-60c3-4241-9ea5-d53600cf04f8 req-14189080-60c3-4241-9ea5-d53600cf04f8 ] Request (ServersTestMultiNic:setUpClass): 201 POST http://10.180.1.21/identity/v3/auth/tokens 0.079s
2025-04-09 19:04:00.735 70050 INFO tempest.lib.common.rest_client [req-33bfbaae-3a1e-4542-bc38-9d96f6d6b32a req-33bfbaae-3a1e-4542-bc38-9d96f6d6b32a ] Request (MigrationsAdminTest:test_list_migrations_in_flavor_resize_situation): 200 GET http://10.180.1.21/compute/v2.1/servers/26d30203-6fef-4dbc-a6f4-63fc6987f6a9 3.410s
2025-04-09 19:04:00.749 70050 INFO tempest.common.waiters [-] State transition "RESIZE/resize_finish" ==> "VERIFY_RESIZE/None" after 32 second wait
2025-04-09 19:04:00.799 70110 INFO tempest.lib.common.rest_client [req-7e4024cf-089b-4228-a8a2-f09222bd0641 req-7e4024cf-089b-4228-a8a2-f09222bd0641 ] Request (ServerDiskConfigTestJSON:test_rebuild_server_with_auto_disk_config): 200 GET http://10.180.1.21/compute/v2.1/servers/fe5f21a5-ff4f-4417-8059-64202582eca0 3.068s
2025-04-09 19:04:00.828 70066 INFO tempest.lib.common.rest_client [req-4c471341-202b-4ba2-be9a-b3a8e409759a req-4c471341-202b-4ba2-be9a-b3a8e409759a ] Request (ServersTestMultiNic:test_verify_duplicate_network_nics): 201 POST http://10.180.1.21:9696/networking/v2.0/networks 0.234s
2025-04-09 19:04:00.872 70082 INFO tempest.lib.common.rest_client [req-27913122-4676-4e9f-9110-18b01a5326f0 req-27913122-4676-4e9f-9110-18b01a5326f0 ] Request (ServerDiagnosticsV248Test:test_get_server_diagnostics): 202 POST http://10.180.1.21/compute/v2.1/servers 3.382s
2025-04-09 19:04:00.968 70104 INFO tempest.lib.common.rest_client [req-07569669-76b0-45da-b7ff-26dbc4953011 req-07569669-76b0-45da-b7ff-26dbc4953011 ] Request (ServerDiagnosticsTest:test_get_server_diagnostics): 200 GET http://10.180.1.21/compute/v2.1/servers/86d20a1a-55f7-41ab-8147-e841ac9ed99b 3.119s
2025-04-09 19:04:00.979 70104 INFO tempest.common.waiters [-] State transition "BUILD/None" ==> "BUILD/spawning" after 18 second wait
2025-04-09 19:04:01.030 70058 INFO tempest.lib.common.rest_client [req-42f4529a-29c4-414e-b05d-bd152ce06e53 req-42f4529a-29c4-414e-b05d-bd152ce06e53 ] Request (ImagesNegativeTestJSON:test_create_image_from_deleted_server): 200 GET http://10.180.1.21/compute/v2.1/servers/44d464c2-acfc-449c-b6e3-885a5f2d28e3 3.063s
2025-04-09 19:04:01.046 70096 INFO tempest.lib.common.rest_client [req-db834092-7809-435a-86e5-0910d6963cbe req-db834092-7809-435a-86e5-0910d6963cbe ] Request (ServersAdminTestJSON:setUpClass): 200 GET http://10.180.1.21/compute/v2.1/servers/241a1686-456e-42a0-8258-752ff9aebb61 3.119s
2025-04-09 19:04:01.073 70070 INFO tempest.lib.common.rest_client [req-d11dbff8-ff0b-4a42-9ab3-1aa029bb7402 req-d11dbff8-ff0b-4a42-9ab3-1aa029bb7402 ] Request (InstanceActionsV221TestJSON:test_get_list_deleted_instance_actions): 404 GET http://10.180.1.21/compute/v2.1/servers/f2a79448-d927-4cfe-8648-4edc226c5369 2.980s
2025-04-09 19:04:01.083 70068 INFO tempest.lib.common.rest_client [req-8ea99013-0f1c-40b8-92bb-58a2ccc0f8da req-8ea99013-0f1c-40b8-92bb-58a2ccc0f8da ] Request (AttachVolumeShelveTestJSON:setUpClass): 201 POST http://10.180.1.21:9696/networking/v2.0/routers 0.933s
2025-04-09 19:04:01.107 70094 INFO tempest.lib.common.rest_client [req-e22683ed-cac9-4b3b-bf7c-2f39a46888b6 req-e22683ed-cac9-4b3b-bf7c-2f39a46888b6 ] Request (FloatingIPsAssociationTestJSON:test_associate_already_associated_floating_ip): 200 GET http://10.180.1.21/compute/v2.1/servers/07251cf7-66fc-4d91-8c22-0be032ae93c0 3.073s
2025-04-09 19:04:01.121 70073 INFO tempest.lib.common.rest_client [req-d64a59bb-ac53-480b-a3f4-3ccb7aff6e44 req-d64a59bb-ac53-480b-a3f4-3ccb7aff6e44 ] Request (FlavorsAdminTestJSON:test_is_public_string_variations): 200 GET http://10.180.1.21/compute/v2.1/flavors/detail?is_public=no 2.275s
2025-04-09 19:04:01.239 70066 INFO tempest.lib.common.rest_client [req-53ea1c9d-fb8a-4dbc-bbc1-9529b82a5003 req-53ea1c9d-fb8a-4dbc-bbc1-9529b82a5003 ] Request (ServersTestMultiNic:test_verify_duplicate_network_nics): 201 POST http://10.180.1.21:9696/networking/v2.0/subnets 0.410s
2025-04-09 19:04:01.268 70060 INFO tempest.lib.common.rest_client [req-868656f6-0155-4a66-a831-1de01d0780d4 req-868656f6-0155-4a66-a831-1de01d0780d4 ] Request (ImagesOneServerTestJSON:test_create_delete_image): 204 DELETE http://10.180.1.21/compute/v2.1/images/bb8b17a1-18b2-4f20-82d9-7867abf53735 2.406s
2025-04-09 19:04:01.289 70052 INFO tempest.lib.common.rest_client [req-384dfbfa-9157-4847-ae50-843d130d0713 req-384dfbfa-9157-4847-ae50-843d130d0713 ] Request (QuotaClassesAdminTestJSON:test_update_default_quotas): 200 GET http://10.180.1.21/compute/v2.1/os-quota-class-sets/default 1.682s
2025-04-09 19:04:01.386 70098 INFO tempest.lib.common.rest_client [req-9f32fc40-d557-42c6-b3f1-5e811c00aba5 req-9f32fc40-d557-42c6-b3f1-5e811c00aba5 ] Request (ServersTestFqdnHostnames:test_create_server_with_fqdn_name): 200 GET http://10.180.1.21/compute/v2.1/servers/d9135e1c-5104-4429-a638-8df20416734e 1.711s
2025-04-09 19:04:01.469 70078 INFO tempest.lib.common.rest_client [req-86e509b4-8728-4273-803c-f5b3020ddb0a req-86e509b4-8728-4273-803c-f5b3020ddb0a ] Request (ServersAdmin275Test:test_rebuild_update_server_275): 200 GET http://10.180.1.21/compute/v2.1/servers/39f89723-74fb-4bf2-9696-a25bb1bc35ee 1.712s
2025-04-09 19:04:01.510 70066 INFO tempest.lib.common.rest_client [req-4a85b96f-9be1-48d2-9207-05f99fecea00 req-4a85b96f-9be1-48d2-9207-05f99fecea00 ] Request (ServersTestMultiNic:test_verify_duplicate_network_nics): 201 POST http://10.180.1.21:9696/networking/v2.0/networks 0.270s
2025-04-09 19:04:01.550 70108 INFO tempest.lib.common.rest_client [req-3032c6ec-aeba-42d7-8c01-73ffee27e5b0 req-3032c6ec-aeba-42d7-8c01-73ffee27e5b0 ] Request (ServerExternalEventsTest:tearDownClass): 200 GET http://10.180.1.21/compute/v2.1/servers/de2e4ff6-207c-4615-a283-bc56ffe88e23 1.715s
2025-04-09 19:04:01.756 70048 INFO tempest.lib.common.rest_client [req-d54f63e7-44a9-4d4b-ad92-e30f24a5fb62 req-d54f63e7-44a9-4d4b-ad92-e30f24a5fb62 ] Request (FloatingIPDetailsTestJSON:tearDownClass): 202 DELETE http://10.180.1.21/compute/v2.1/os-floating-ips/2f9533e6-a385-413b-8f65-9b8d571d4daf 3.225s
2025-04-09 19:04:02.035 70090 INFO tempest.lib.common.rest_client [req-8f86ca4a-9512-4736-841c-410da0735a78 req-8f86ca4a-9512-4736-841c-410da0735a78 ] Request (AttachInterfacesV270Test:test_create_get_list_interfaces): 200 GET http://10.180.1.21/compute/v2.1/servers/e4b38901-401b-42f4-beff-557e1416abb2 1.734s
2025-04-09 19:04:02.067 70080 WARNING tempest.lib.common.ssh [-] Failed to establish authenticated ssh connection to cirros@10.180.180.224 ([Errno None] Unable to connect to port 22 on 10.180.180.224). Number attempts: 4. Retry after 5 seconds.: paramiko.ssh_exception.NoValidConnectionsError: [Errno None] Unable to connect to port 22 on 10.180.180.224
2025-04-09 19:04:02.221 70068 INFO tempest.lib.common.rest_client [req-6a66383a-aa9a-4247-9270-9c2fa13ff1cd req-6a66383a-aa9a-4247-9270-9c2fa13ff1cd ] Request (AttachVolumeShelveTestJSON:setUpClass): 200 PUT http://10.180.1.21:9696/networking/v2.0/routers/aaf88c1a-e890-4498-ba19-f3f6ff76b4c7/add_router_interface 1.138s
2025-04-09 19:04:02.222 70068 INFO tempest.lib.common.dynamic_creds [-] Created isolated network resources for: credentials: Credentials: {'domain_id': 'default', 'domain_name': 'Default', 'username': 'tempest-AttachVolumeShelveTestJSON-67283099-project-member', 'project_domain_id': 'default', 'project_domain_name': 'Default', 'project_id': '6aeafafd2fbd4585bb6f775e54eb2721', 'project_name': 'tempest-AttachVolumeShelveTestJSON-67283099', 'tenant_id': '6aeafafd2fbd4585bb6f775e54eb2721', 'tenant_name': 'tempest-AttachVolumeShelveTestJSON-67283099', 'user_domain_id': 'default', 'user_domain_name': 'Default', 'user_id': 'c50237526c9b4a1f9bca7cba529152ff', 'system': None}, Network: {'id': 'e197c157-8f6f-45cd-bc79-a4983e36e613', 'name': 'tempest-AttachVolumeShelveTestJSON-1584531808-network', 'tenant_id': '6aeafafd2fbd4585bb6f775e54eb2721', 'admin_state_up': True, 'mtu': 8950, 'status': 'ACTIVE', 'subnets': [], 'shared': False, 'project_id': '6aeafafd2fbd4585bb6f775e54eb2721', 'port_security_enabled': True, 'router:external': False, 'provider:network_type': 'vlan', 'provider:physical_network': 'default', 'provider:segmentation_id': 916, 'availability_zone_hints': [], 'availability_zones': [], 'ipv4_address_scope': None, 'ipv6_address_scope': None, 'description': '', 'tags': [], 'created_at': '2025-04-09T19:03:59Z', 'updated_at': '2025-04-09T19:03:59Z', 'revision_number': 1}, Subnet: {'id': '55c0adf2-d403-4ddf-be0f-4cff3a9c79e6', 'name': 'tempest-AttachVolumeShelveTestJSON-1584531808-subnet', 'tenant_id': '6aeafafd2fbd4585bb6f775e54eb2721', 'network_id': 'e197c157-8f6f-45cd-bc79-a4983e36e613', 'ip_version': 4, 'subnetpool_id': None, 'enable_dhcp': True, 'ipv6_ra_mode': None, 'ipv6_address_mode': None, 'gateway_ip': '192.168.128.1', 'cidr': '192.168.128.0/28', 'allocation_pools': [{'start': '192.168.128.2', 'end': '192.168.128.14'}], 'host_routes': [], 'dns_nameservers': [], 'description': '', 'router:external': False, 'service_types': [], 'tags': [], 'created_at': '2025-04-09T19:04:00Z', 'updated_at': '2025-04-09T19:04:00Z', 'revision_number': 0, 'project_id': '6aeafafd2fbd4585bb6f775e54eb2721'}, Router: {'id': 'aaf88c1a-e890-4498-ba19-f3f6ff76b4c7', 'name': 'tempest-AttachVolumeShelveTestJSON-1584531808-router', 'tenant_id': '6aeafafd2fbd4585bb6f775e54eb2721', 'admin_state_up': True, 'status': 'ACTIVE', 'external_gateway_info': {'network_id': '36e2d300-9045-47ab-a5aa-1c6cc488a3a6', 'external_fixed_ips': [{'subnet_id': '798680a8-15b9-4ca1-9ded-37a4c03be338', 'ip_address': '10.180.180.164'}], 'enable_snat': True}, 'description': '', 'availability_zones': [], 'distributed': False, 'ha': False, 'availability_zone_hints': [], 'routes': [], 'flavor_id': None, 'tags': [], 'created_at': '2025-04-09T19:04:00Z', 'updated_at': '2025-04-09T19:04:00Z', 'revision_number': 2, 'project_id': '6aeafafd2fbd4585bb6f775e54eb2721'}
2025-04-09 19:04:02.286 70066 INFO tempest.lib.common.rest_client [req-79cabe68-5c5b-4f3f-9393-dbfcf8683541 req-79cabe68-5c5b-4f3f-9393-dbfcf8683541 ] Request (ServersTestMultiNic:test_verify_duplicate_network_nics): 201 POST http://10.180.1.21:9696/networking/v2.0/subnets 0.776s
2025-04-09 19:04:02.300 70064 INFO tempest.lib.common.rest_client [req-c7572476-18a0-4632-8081-532183a69b91 req-c7572476-18a0-4632-8081-532183a69b91 ] Request (ImagesOneServerNegativeTestJSON:_run_cleanups): 200 GET http://10.180.1.21/compute/v2.1/servers/f1d027e6-d48a-42ad-9099-7798329d205f 1.976s
2025-04-09 19:04:02.343 70066 INFO tempest.lib.common.rest_client [req-c48dc5cc-5374-4104-9b36-577941586a07 req-c48dc5cc-5374-4104-9b36-577941586a07 ] Request (ServersTestMultiNic:test_verify_duplicate_network_nics): 201 POST http://10.180.1.21/identity/v3/auth/tokens 0.052s
2025-04-09 19:04:02.343 70066 INFO tempest.lib.common.fixed_network [-] (ServersTestMultiNic:test_verify_duplicate_network_nics) Found network {'id': '72d069f0-29b5-42fd-a21f-c666d8971f5a', 'name': 'tempest-ServersTestMultiNic-1623730892-network', 'tenant_id': '8e0994137d4241289e778a40cac24354', 'admin_state_up': True, 'mtu': 8950, 'status': 'ACTIVE', 'subnets': [], 'shared': False, 'project_id': '8e0994137d4241289e778a40cac24354', 'port_security_enabled': True, 'router:external': False, 'provider:network_type': 'vlan', 'provider:physical_network': 'default', 'provider:segmentation_id': 450, 'availability_zone_hints': [], 'availability_zones': [], 'ipv4_address_scope': None, 'ipv6_address_scope': None, 'description': '', 'tags': [], 'created_at': '2025-04-09T19:03:54Z', 'updated_at': '2025-04-09T19:03:54Z', 'revision_number': 1} available for tenant
2025-04-09 19:04:02.345 70068 INFO tempest.lib.common.rest_client [req-4b9c29a0-332f-4e81-a5ce-b07894488882 req-4b9c29a0-332f-4e81-a5ce-b07894488882 ] Request (AttachVolumeShelveTestJSON:setUpClass): 201 POST http://10.180.1.21/identity/v3/auth/tokens 0.118s
2025-04-09 19:04:02.346 70086 INFO tempest.lib.common.rest_client [req-483eab7b-5b0d-4277-8801-842eda46f57f req-483eab7b-5b0d-4277-8801-842eda46f57f ] Request (FloatingIPsAssociationNegativeTestJSON:_run_cleanups): 202 DELETE http://10.180.1.21/compute/v2.1/os-floating-ips/d27b5898-4d00-46f2-bffb-0c347d1f7686 2.119s
2025-04-09 19:04:02.354 70076 INFO tempest.lib.common.rest_client [req-9defb3fc-f53e-4460-a53c-0cf5bc4612f8 req-9defb3fc-f53e-4460-a53c-0cf5bc4612f8 ] Request (AggregatesAdminNegativeTestJSON:test_aggregate_remove_host_as_user): 403 POST http://10.180.1.21/compute/v2.1/os-aggregates/7/action 1.863s
2025-04-09 19:04:02.379 70092 INFO tempest.lib.common.rest_client [req-031544d5-6e14-4b24-8cbd-525154a39723 req-031544d5-6e14-4b24-8cbd-525154a39723 ] Request (DeleteServersAdminTestJSON:test_delete_server_while_in_error_state): 200 GET http://10.180.1.21/compute/v2.1/servers/9a1bbae7-741a-4c74-8098-7433b3748301 1.947s
2025-04-09 19:04:03.024 70056 INFO tempest.lib.common.rest_client [req-885217ef-2af1-4448-974b-50d7a7fc8365 req-885217ef-2af1-4448-974b-50d7a7fc8365 ] Request (ServerPasswordTestJSON:setUpClass): 202 POST http://10.180.1.21/compute/v2.1/servers 2.512s
2025-04-09 19:04:03.144 70050 INFO tempest.lib.common.rest_client [req-116b5465-1606-4160-8c72-8c0d60b4f4fe req-116b5465-1606-4160-8c72-8c0d60b4f4fe ] Request (MigrationsAdminTest:test_list_migrations_in_flavor_resize_situation): 204 POST http://10.180.1.21/compute/v2.1/servers/26d30203-6fef-4dbc-a6f4-63fc6987f6a9/action 2.394s
2025-04-09 19:04:03.162 70102 INFO tempest.lib.common.rest_client [req-2080ace0-1dfc-4cfe-b3ba-af7069183b97 req-2080ace0-1dfc-4cfe-b3ba-af7069183b97 ] Request (FloatingIPsTestJSON:test_delete_floating_ip): 200 POST http://10.180.1.21/compute/v2.1/os-floating-ips 2.640s
2025-04-09 19:04:03.216 70074 WARNING tempest.lib.common.ssh [-] Failed to establish authenticated ssh connection to cirros@10.180.180.173 ([Errno None] Unable to connect to port 22 on 10.180.180.173). Number attempts: 2. Retry after 3 seconds.: paramiko.ssh_exception.NoValidConnectionsError: [Errno None] Unable to connect to port 22 on 10.180.180.173
2025-04-09 19:04:03.234 70082 INFO tempest.lib.common.rest_client [req-741bbb70-19b8-48ae-a10d-4fc6f657b648 req-741bbb70-19b8-48ae-a10d-4fc6f657b648 ] Request (ServerDiagnosticsV248Test:test_get_server_diagnostics): 200 GET http://10.180.1.21/compute/v2.1/servers/d9d89e7c-9ad9-4f0b-8026-8e6590f489ce 2.360s
2025-04-09 19:04:03.239 70070 INFO tempest.lib.common.rest_client [req-addbf8a1-114b-4e6a-a48a-f9bf1182aece req-addbf8a1-114b-4e6a-a48a-f9bf1182aece ] Request (InstanceActionsV221TestJSON:test_get_list_deleted_instance_actions): 200 GET http://10.180.1.21/compute/v2.1/servers/f2a79448-d927-4cfe-8648-4edc226c5369/os-instance-actions 2.166s
2025-04-09 19:04:03.251 70073 INFO tempest.lib.common.rest_client [req-4c373ab5-92be-40ae-bf79-566a346298d4 req-4c373ab5-92be-40ae-bf79-566a346298d4 ] Request (FlavorsAdminTestJSON:test_is_public_string_variations): 200 GET http://10.180.1.21/compute/v2.1/flavors/detail?is_public=0 2.125s
2025-04-09 19:04:03.271 70060 INFO tempest.lib.common.rest_client [req-3dc9d6be-4b46-402f-aa39-487956a955d8 req-3dc9d6be-4b46-402f-aa39-487956a955d8 ] Request (ImagesOneServerTestJSON:test_create_delete_image): 404 GET http://10.180.1.21/compute/v2.1/images/bb8b17a1-18b2-4f20-82d9-7867abf53735 2.003s
2025-04-09 19:04:03.346 70062 INFO tempest.lib.common.rest_client [req-485c499b-6f54-411a-8706-575bd53b086a req-485c499b-6f54-411a-8706-575bd53b086a ] Request (InstanceActionsNegativeTestJSON:tearDownClass): 200 GET http://10.180.1.21/compute/v2.1/servers/888e7c77-793b-4420-9743-e2772b836742 1.768s
2025-04-09 19:04:03.368 70052 INFO tempest.lib.common.rest_client [req-f4ab4dce-4a2e-4a0b-a6c3-e7ebe745b49f req-f4ab4dce-4a2e-4a0b-a6c3-e7ebe745b49f ] Request (QuotaClassesAdminTestJSON:_run_cleanups): 200 PUT http://10.180.1.21/compute/v2.1/os-quota-class-sets/default 2.073s
2025-04-09 19:04:03.440 70110 INFO tempest.lib.common.rest_client [req-672b3801-3a3e-4fa1-b5de-7caed8696449 req-672b3801-3a3e-4fa1-b5de-7caed8696449 ] Request (ServerDiskConfigTestJSON:test_rebuild_server_with_auto_disk_config): 200 GET http://10.180.1.21/compute/v2.1/servers/fe5f21a5-ff4f-4417-8059-64202582eca0 1.631s
2025-04-09 19:04:03.451 70110 INFO tempest.common.waiters [-] State transition "BUILD/None" ==> "BUILD/networking" after 16 second wait
2025-04-09 19:04:03.476 70052 INFO tempest.lib.common.rest_client [req-bfd2f077-0868-4f7a-91a5-8a1b637fb7c4 req-bfd2f077-0868-4f7a-91a5-8a1b637fb7c4 ] Request (QuotaClassesAdminTestJSON:tearDownClass): 204 DELETE http://10.180.1.21/identity/v3/users/a79727d066a24cb4a63e0047311375da 0.101s
2025-04-09 19:04:03.590 70052 INFO tempest.lib.common.rest_client [req-72c348b3-134b-4514-8fa5-8f9fa70dfd3d req-72c348b3-134b-4514-8fa5-8f9fa70dfd3d ] Request (QuotaClassesAdminTestJSON:tearDownClass): 204 DELETE http://10.180.1.21/identity/v3/users/671e276ef630479989014a1719ef4a08 0.113s
2025-04-09 19:04:03.590 70052 INFO tempest.lib.common.dynamic_creds [-] Deleting project and security group for project: cdaac2a70a49487cb59b8151c1f11454
2025-04-09 19:04:03.609 70104 INFO tempest.lib.common.rest_client [req-81363fcc-a5bd-4d6e-9b89-d02321d9ef99 req-81363fcc-a5bd-4d6e-9b89-d02321d9ef99 ] Request (ServerDiagnosticsTest:test_get_server_diagnostics): 200 GET http://10.180.1.21/compute/v2.1/servers/86d20a1a-55f7-41ab-8147-e841ac9ed99b 1.628s
2025-04-09 19:04:03.673 70052 INFO tempest.lib.common.rest_client [req-0fda7789-455d-43f6-bcf3-0bacdbd3cb49 req-0fda7789-455d-43f6-bcf3-0bacdbd3cb49 ] Request (QuotaClassesAdminTestJSON:tearDownClass): 201 POST http://10.180.1.21/identity/v3/auth/tokens 0.083s
2025-04-09 19:04:03.692 70058 INFO tempest.lib.common.rest_client [req-9715fec7-8439-404a-a251-e46019bc49d1 req-9715fec7-8439-404a-a251-e46019bc49d1 ] Request (ImagesNegativeTestJSON:test_create_image_from_deleted_server): 200 GET http://10.180.1.21/compute/v2.1/servers/44d464c2-acfc-449c-b6e3-885a5f2d28e3 1.650s
2025-04-09 19:04:03.937 70052 INFO tempest.lib.common.rest_client [req-bb3aac2b-d2ee-4f06-81e5-aeacd0943607 req-bb3aac2b-d2ee-4f06-81e5-aeacd0943607 ] Request (QuotaClassesAdminTestJSON:tearDownClass): 200 GET http://10.180.1.21:9696/networking/v2.0/security-groups?tenant_id=cdaac2a70a49487cb59b8151c1f11454&name=default 0.263s
2025-04-09 19:04:04.026 70052 INFO tempest.lib.common.rest_client [req-0e372f40-18eb-46b1-bd78-63d62faca51e req-0e372f40-18eb-46b1-bd78-63d62faca51e ] Request (QuotaClassesAdminTestJSON:tearDownClass): 204 DELETE http://10.180.1.21:9696/networking/v2.0/security-groups/8351b227-a81b-40de-9a57-9539b5e8ce46 0.089s
2025-04-09 19:04:04.089 70052 INFO tempest.lib.common.rest_client [req-02c9718f-caa9-495b-a538-0fefbad9f850 req-02c9718f-caa9-495b-a538-0fefbad9f850 ] Request (QuotaClassesAdminTestJSON:tearDownClass): 204 DELETE http://10.180.1.21/identity/v3/projects/cdaac2a70a49487cb59b8151c1f11454 0.063s
2025-04-09 19:04:04.089 70052 INFO tempest.lib.common.dynamic_creds [-] Deleting project and security group for project: 59cb3de23bcf437db5649f1fb20aab02
2025-04-09 19:04:04.111 70101 WARNING tempest.lib.common.ssh [-] Failed to establish authenticated ssh connection to cirros@10.180.180.251 ([Errno None] Unable to connect to port 22 on 10.180.180.251). Number attempts: 3. Retry after 4 seconds.: paramiko.ssh_exception.NoValidConnectionsError: [Errno None] Unable to connect to port 22 on 10.180.180.251
2025-04-09 19:04:04.133 70048 INFO tempest.lib.common.rest_client [req-64be0e21-015c-4471-a748-9d731eae9e79 req-64be0e21-015c-4471-a748-9d731eae9e79 ] Request (FloatingIPDetailsTestJSON:tearDownClass): 202 DELETE http://10.180.1.21/compute/v2.1/os-floating-ips/5aa4973f-8a10-4ab0-befc-074eef0a68f5 2.376s
2025-04-09 19:04:04.136 70096 INFO tempest.lib.common.rest_client [req-e6d7d00a-c55e-41b6-9865-8afb7c4bc2d8 req-e6d7d00a-c55e-41b6-9865-8afb7c4bc2d8 ] Request (ServersAdminTestJSON:setUpClass): 200 GET http://10.180.1.21/compute/v2.1/servers/241a1686-456e-42a0-8258-752ff9aebb61 2.081s
2025-04-09 19:04:04.215 70094 INFO tempest.lib.common.rest_client [req-559bebe4-f86f-4331-bdf7-67b9df77db6c req-559bebe4-f86f-4331-bdf7-67b9df77db6c ] Request (FloatingIPsAssociationTestJSON:test_associate_already_associated_floating_ip): 200 GET http://10.180.1.21/compute/v2.1/servers/07251cf7-66fc-4d91-8c22-0be032ae93c0 2.099s
2025-04-09 19:04:04.218 70086 INFO tempest.lib.common.rest_client [req-e6a628e0-7455-4600-99a2-226de04af722 req-e6a628e0-7455-4600-99a2-226de04af722 ] Request (FloatingIPsAssociationNegativeTestJSON:test_associate_ip_to_server_without_passing_floating_ip): 400 POST http://10.180.1.21/compute/v2.1/servers/64938e15-02e1-44a8-9ab4-5dc003e40d78/action 1.870s
2025-04-09 19:04:04.294 70052 INFO tempest.lib.common.rest_client [req-4a3f86f1-c343-4676-ab67-a298b913cd8d req-4a3f86f1-c343-4676-ab67-a298b913cd8d ] Request (QuotaClassesAdminTestJSON:tearDownClass): 200 GET http://10.180.1.21:9696/networking/v2.0/security-groups?tenant_id=59cb3de23bcf437db5649f1fb20aab02&name=default 0.204s
2025-04-09 19:04:04.424 70068 INFO tempest.lib.common.rest_client [req-670bfa43-d6d6-4150-ba5d-2a942e9ee564 req-670bfa43-d6d6-4150-ba5d-2a942e9ee564 ] Request (ValidationResourcesFixture:setUp): 201 POST http://10.180.1.21/compute/v2.1/os-keypairs 2.077s
2025-04-09 19:04:04.425 70052 INFO tempest.lib.common.rest_client [req-05add3f6-df49-4a59-8397-1f7f9fdbfddc req-05add3f6-df49-4a59-8397-1f7f9fdbfddc ] Request (QuotaClassesAdminTestJSON:tearDownClass): 204 DELETE http://10.180.1.21:9696/networking/v2.0/security-groups/77d770b8-1d68-4f34-a711-a322122b17cd 0.131s
2025-04-09 19:04:04.568 70076 INFO tempest.lib.common.rest_client [req-d4b562eb-426b-497f-b2b0-856a69f9016d req-d4b562eb-426b-497f-b2b0-856a69f9016d ] Request (AggregatesAdminNegativeTestJSON:_run_cleanups): 200 POST http://10.180.1.21/compute/v2.1/os-aggregates/7/action 2.213s
2025-04-09 19:04:04.571 70052 INFO tempest.lib.common.rest_client [req-74dcdf8f-9edf-4d5d-a11c-1cfd0276d4a1 req-74dcdf8f-9edf-4d5d-a11c-1cfd0276d4a1 ] Request (QuotaClassesAdminTestJSON:tearDownClass): 204 DELETE http://10.180.1.21/identity/v3/projects/59cb3de23bcf437db5649f1fb20aab02 0.143s
2025-04-09 19:04:04.596 70068 INFO tempest.lib.common.rest_client [req-6fcf9341-c65a-4972-9dd0-f9d91adabf77 req-6fcf9341-c65a-4972-9dd0-f9d91adabf77 ] Request (ValidationResourcesFixture:setUp): 201 POST http://10.180.1.21:9696/networking/v2.0/security-groups 0.169s
