2025-05-09 06:27:52.602 70069 INFO tempest.lib.common.rest_client [req-6c2268eb-1dcd-44e5-934b-368b10d1d750 req-6c2268eb-1dcd-44e5-934b-368b10d1d750 ] Request (ServerMetadataTestJSON:setUpClass): 201 POST http://10.180.1.21/identity/v3/projects 0.104s
2025-05-09 06:27:52.638 70049 INFO tempest.lib.common.rest_client [req-c965f9e7-7f0d-462d-a907-da7b4e644a02 req-c965f9e7-7f0d-462d-a907-da7b4e644a02 ] Request (ServersWithSpecificFlavorTestJSON:test_verify_created_server_ephemeral_disk): 200 GET http://10.180.1.21/compute/v2.1/servers/b6e1373e-a903-4d3d-a88d-21d84eff4ff8 1.550s
2025-05-09 06:27:52.693 70083 INFO tempest.lib.common.rest_client [req-e0f8b493-5ee5-4e7d-a917-ae9a5e3ee71c req-e0f8b493-5ee5-4e7d-a917-ae9a5e3ee71c ] Request (FlavorsV2TestJSON:setUpClass): 204 PUT http://10.180.1.21/identity/v3/projects/2d7f6ab28beb40f9836aedc87bfc906e/users/b2a47075485d4523ac50f51de7413a34/roles/01d048456bdc410ba68271661c7174e0 0.091s
2025-05-09 06:27:52.693 70083 INFO tempest.lib.common.dynamic_creds [-] Dynamic test user b2a47075485d4523ac50f51de7413a34 is created with scope project and roles: ['member']
2025-05-09 06:27:52.693 70083 INFO tempest.lib.common.dynamic_creds [-] Acquired dynamic creds: credentials: Credentials: {'domain_id': 'default', 'domain_name': 'Default', 'username': 'tempest-FlavorsV2TestJSON-1955307032-project-member', 'project_domain_id': 'default', 'project_domain_name': 'Default', 'project_id': '2d7f6ab28beb40f9836aedc87bfc906e', 'project_name': 'tempest-FlavorsV2TestJSON-1955307032', 'tenant_id': '2d7f6ab28beb40f9836aedc87bfc906e', 'tenant_name': 'tempest-FlavorsV2TestJSON-1955307032', 'user_domain_id': 'default', 'user_domain_name': 'Default', 'user_id': 'b2a47075485d4523ac50f51de7413a34', 'system': None}, Network: None, Subnet: None, Router: None
2025-05-09 06:27:52.694 70083 INFO tempest.lib.common.dynamic_creds [-] Created isolated network resources for: credentials: Credentials: {'domain_id': 'default', 'domain_name': 'Default', 'username': 'tempest-FlavorsV2TestJSON-1955307032-project-member', 'project_domain_id': 'default', 'project_domain_name': 'Default', 'project_id': '2d7f6ab28beb40f9836aedc87bfc906e', 'project_name': 'tempest-FlavorsV2TestJSON-1955307032', 'tenant_id': '2d7f6ab28beb40f9836aedc87bfc906e', 'tenant_name': 'tempest-FlavorsV2TestJSON-1955307032', 'user_domain_id': 'default', 'user_domain_name': 'Default', 'user_id': 'b2a47075485d4523ac50f51de7413a34', 'system': None}, Network: None, Subnet: None, Router: None
2025-05-09 06:27:52.695 70069 INFO tempest.lib.common.rest_client [req-439f4d4f-d591-4910-bc18-f6955dc09dbc req-439f4d4f-d591-4910-bc18-f6955dc09dbc ] Request (ServerMetadataTestJSON:setUpClass): 201 POST http://10.180.1.21/identity/v3/users 0.092s
2025-05-09 06:27:52.726 70101 INFO tempest.lib.common.rest_client [req-d118f262-66ea-4acb-9b84-7c466630f2ec req-d118f262-66ea-4acb-9b84-7c466630f2ec ] Request (FloatingIPsAssociationTestJSON:test_associate_already_associated_floating_ip): 200 GET http://10.180.1.21/compute/v2.1/servers/68e9ed83-bd76-4e1c-b0f2-b205ea113158 1.471s
2025-05-09 06:27:52.764 70069 INFO tempest.lib.common.rest_client [req-f07e244b-ce2f-4d79-8df0-10f9ed21ff9e req-f07e244b-ce2f-4d79-8df0-10f9ed21ff9e ] Request (ServerMetadataTestJSON:setUpClass): 200 GET http://10.180.1.21/identity/v3/roles 0.068s
2025-05-09 06:27:52.808 70093 INFO tempest.lib.common.rest_client [req-b51e9a8a-65b4-410f-8776-7249bbcb2ea8 req-b51e9a8a-65b4-410f-8776-7249bbcb2ea8 ] Request (VolumesAssistedSnapshotsTest:test_volume_assisted_snapshot_create_delete): 200 GET http://10.180.1.21/compute/v2.1/servers/9345e529-5ffd-41f3-b4f7-28f9bc63ea2f 1.461s
2025-05-09 06:27:52.845 70083 INFO tempest.lib.common.rest_client [req-0c56f725-2bb3-4a81-817a-8653e46c389a req-0c56f725-2bb3-4a81-817a-8653e46c389a ] Request (FlavorsV2TestJSON:setUpClass): 201 POST http://10.180.1.21/identity/v3/auth/tokens 0.145s
2025-05-09 06:27:52.858 70059 INFO tempest.lib.common.rest_client [req-6ed4255e-b55c-4aa7-8964-bd8d99d13328 req-6ed4255e-b55c-4aa7-8964-bd8d99d13328 ] Request (FlavorsAccessNegativeTestJSON:test_flavor_non_admin_remove): 200 POST http://10.180.1.21/compute/v2.1/flavors/1673374344/action 1.703s
2025-05-09 06:27:52.863 70069 INFO tempest.lib.common.rest_client [req-0d527901-430a-450b-a0cf-7dfcf1b14021 req-0d527901-430a-450b-a0cf-7dfcf1b14021 ] Request (ServerMetadataTestJSON:setUpClass): 204 PUT http://10.180.1.21/identity/v3/projects/9390925c25964c15ada9d49d1d09b675/users/79a99c10baea418a898e0960e2cbbe1f/roles/01d048456bdc410ba68271661c7174e0 0.099s
2025-05-09 06:27:52.864 70069 INFO tempest.lib.common.dynamic_creds [-] Dynamic test user 79a99c10baea418a898e0960e2cbbe1f is created with scope project and roles: ['member']
2025-05-09 06:27:52.865 70069 INFO tempest.lib.common.dynamic_creds [-] Acquired dynamic creds: credentials: Credentials: {'domain_id': 'default', 'domain_name': 'Default', 'username': 'tempest-ServerMetadataTestJSON-1538106293-project-member', 'project_domain_id': 'default', 'project_domain_name': 'Default', 'project_id': '9390925c25964c15ada9d49d1d09b675', 'project_name': 'tempest-ServerMetadataTestJSON-1538106293', 'tenant_id': '9390925c25964c15ada9d49d1d09b675', 'tenant_name': 'tempest-ServerMetadataTestJSON-1538106293', 'user_domain_id': 'default', 'user_domain_name': 'Default', 'user_id': '79a99c10baea418a898e0960e2cbbe1f', 'system': None}, Network: None, Subnet: None, Router: None
2025-05-09 06:27:52.957 70069 INFO tempest.lib.common.rest_client [req-032f4f5b-3efd-4ab3-9d45-1df45468449d req-032f4f5b-3efd-4ab3-9d45-1df45468449d ] Request (ServerMetadataTestJSON:setUpClass): 201 POST http://10.180.1.21/identity/v3/auth/tokens 0.091s
2025-05-09 06:27:52.963 70105 INFO tempest.lib.common.rest_client [req-b33b3b91-bd8e-411a-bff6-59d1e7ca48c9 req-b33b3b91-bd8e-411a-bff6-59d1e7ca48c9 ] Request (ServersListShow296Test:test_list_show_update_rebuild_server_296): 200 GET http://10.180.1.21/compute/v2.1/servers/72ac5223-fc98-4abf-8f30-f2ff927ea074 1.302s
2025-05-09 06:27:52.984 70053 INFO tempest.lib.common.rest_client [req-d39c7a81-fba8-4d57-9936-abc7e7cd8cee req-d39c7a81-fba8-4d57-9936-abc7e7cd8cee ] Request (FloatingIPDetailsNegativeTestJSON:setUpClass): 200 PUT http://10.180.1.21:9696/networking/v2.0/routers/f4f689e7-127d-4cf3-8c7b-7cb47fca97a5/add_router_interface 1.684s
2025-05-09 06:27:52.984 70053 INFO tempest.lib.common.dynamic_creds [-] Created isolated network resources for: credentials: Credentials: {'domain_id': 'default', 'domain_name': 'Default', 'username': 'tempest-FloatingIPDetailsNegativeTestJSON-1087858874-project-member', 'project_domain_id': 'default', 'project_domain_name': 'Default', 'project_id': '8f3b4725d25847a8b479c7a1f670a626', 'project_name': 'tempest-FloatingIPDetailsNegativeTestJSON-1087858874', 'tenant_id': '8f3b4725d25847a8b479c7a1f670a626', 'tenant_name': 'tempest-FloatingIPDetailsNegativeTestJSON-1087858874', 'user_domain_id': 'default', 'user_domain_name': 'Default', 'user_id': 'd15cbe6a025349dcbfbe75689db29385', 'system': None}, Network: {'id': '955c8a89-6953-4199-87bb-494cddf3697f', 'name': 'tempest-FloatingIPDetailsNegativeTestJSON-1961653501-network', 'tenant_id': '8f3b4725d25847a8b479c7a1f670a626', 'admin_state_up': True, 'mtu': 8950, 'status': 'ACTIVE', 'subnets': [], 'shared': False, 'project_id': '8f3b4725d25847a8b479c7a1f670a626', 'port_security_enabled': True, 'router:external': False, 'provider:network_type': 'vlan', 'provider:physical_network': 'default', 'provider:segmentation_id': 482, 'availability_zone_hints': [], 'availability_zones': [], 'ipv4_address_scope': None, 'ipv6_address_scope': None, 'description': '', 'tags': [], 'created_at': '2025-05-09T06:27:49Z', 'updated_at': '2025-05-09T06:27:49Z', 'revision_number': 1}, Subnet: {'id': '02fd5383-43a2-48b5-b567-ae2252d63a2d', 'name': 'tempest-FloatingIPDetailsNegativeTestJSON-1961653501-subnet', 'tenant_id': '8f3b4725d25847a8b479c7a1f670a626', 'network_id': '955c8a89-6953-4199-87bb-494cddf3697f', 'ip_version': 4, 'subnetpool_id': None, 'enable_dhcp': True, 'ipv6_ra_mode': None, 'ipv6_address_mode': None, 'gateway_ip': '192.168.128.1', 'cidr': '192.168.128.0/28', 'allocation_pools': [{'start': '192.168.128.2', 'end': '192.168.128.14'}], 'host_routes': [], 'dns_nameservers': [], 'description': '', 'router:external': False, 'service_types': [], 'tags': [], 'created_at': '2025-05-09T06:27:49Z', 'updated_at': '2025-05-09T06:27:49Z', 'revision_number': 0, 'project_id': '8f3b4725d25847a8b479c7a1f670a626'}, Router: {'id': 'f4f689e7-127d-4cf3-8c7b-7cb47fca97a5', 'name': 'tempest-FloatingIPDetailsNegativeTestJSON-1961653501-router', 'tenant_id': '8f3b4725d25847a8b479c7a1f670a626', 'admin_state_up': True, 'status': 'ACTIVE', 'external_gateway_info': {'network_id': '159f9c68-e103-415a-81ae-f8d9b8ef295a', 'external_fixed_ips': [{'subnet_id': 'a1c392f5-fc2d-4145-9d7b-4e07707657db', 'ip_address': '10.180.180.177'}], 'enable_snat': True}, 'description': '', 'availability_zones': [], 'distributed': False, 'ha': False, 'availability_zone_hints': [], 'routes': [], 'flavor_id': None, 'tags': [], 'created_at': '2025-05-09T06:27:50Z', 'updated_at': '2025-05-09T06:27:50Z', 'revision_number': 2, 'project_id': '8f3b4725d25847a8b479c7a1f670a626'}
2025-05-09 06:27:53.084 70053 INFO tempest.lib.common.rest_client [req-ec4781b9-b97d-437e-ac77-3d7a74e8edf8 req-ec4781b9-b97d-437e-ac77-3d7a74e8edf8 ] Request (FloatingIPDetailsNegativeTestJSON:setUpClass): 201 POST http://10.180.1.21/identity/v3/auth/tokens 0.096s
2025-05-09 06:27:53.093 70047 INFO tempest.lib.common.rest_client [req-2545c6d3-987c-470b-828e-32bd9e051bf2 req-2545c6d3-987c-470b-828e-32bd9e051bf2 ] Request (ImagesMetadataTestJSON:setUp): 200 PUT http://10.180.1.21/compute/v2.1/images/79bf172d-e681-4648-84f3-0f6c0a6bad36/metadata 1.588s
2025-05-09 06:27:53.099 70055 INFO tempest.lib.common.rest_client [req-ba7a8bcb-962f-4964-b5f0-765821fdae8b req-ba7a8bcb-962f-4964-b5f0-765821fdae8b ] Request (HypervisorAdminNegativeTestJSON:test_get_hypervisor_uptime_with_non_admin_user): 403 GET http://10.180.1.21/compute/v2.1/os-hypervisors/1/uptime 1.165s
2025-05-09 06:27:53.216 70057 INFO tempest.lib.common.rest_client [req-5ada745e-b1b5-4c0e-adef-a283f5173798 req-5ada745e-b1b5-4c0e-adef-a283f5173798 ] Request (AttachInterfacesUnderV243Test:test_add_remove_fixed_ip): 200 GET http://10.180.1.21/compute/v2.1/servers/049c7202-5887-496e-91b8-d33af03dc5a3 1.428s
2025-05-09 06:27:53.245 70099 INFO tempest.lib.common.rest_client [req-88660880-2424-4130-ad30-54b224884cf1 req-88660880-2424-4130-ad30-54b224884cf1 ] Request (FloatingIPsAssociationNegativeTestJSON:setUpClass): 200 GET http://10.180.1.21/compute/v2.1/servers/ae5ad669-3352-4439-be08-b4f0fdb966b0 1.135s
2025-05-09 06:27:53.255 70099 INFO tempest.common.waiters [-] State transition "BUILD/spawning" ==> "ACTIVE/None" after 27 second wait
2025-05-09 06:27:53.295 70069 INFO tempest.lib.common.rest_client [req-1d2f76d2-5967-4401-9e3b-fbe921e99bc3 req-1d2f76d2-5967-4401-9e3b-fbe921e99bc3 ] Request (ServerMetadataTestJSON:setUpClass): 201 POST http://10.180.1.21:9696/networking/v2.0/networks 0.337s
2025-05-09 06:27:53.300 70095 INFO tempest.lib.common.rest_client [req-587011d3-f8f7-4bfe-8bea-d74cdd69f035 req-587011d3-f8f7-4bfe-8bea-d74cdd69f035 ] Request (MigrationsAdminTest:test_list_migrations_in_flavor_resize_situation): 200 GET http://10.180.1.21/compute/v2.1/servers/f31e0ac1-18d3-4e01-a470-769823a8566a 1.038s
2025-05-09 06:27:53.304 70075 INFO tempest.lib.common.rest_client [req-f1fc5a92-e479-4bf4-9f7a-0164c1cf1a42 req-f1fc5a92-e479-4bf4-9f7a-0164c1cf1a42 ] Request (AttachInterfacesV270Test:test_create_get_list_interfaces): 200 GET http://10.180.1.21/compute/v2.1/servers/6c3f8920-5f4a-471c-8342-53ba98deda69 1.104s
2025-05-09 06:27:53.345 70087 INFO tempest.lib.common.rest_client [req-8857bf20-d0f6-45ca-bdb8-c86611edb4c8 req-8857bf20-d0f6-45ca-bdb8-c86611edb4c8 ] Request (FlavorsV255TestJSON:test_crud_flavor): 200 GET http://10.180.1.21/compute/v2.1/flavors 1.025s
2025-05-09 06:27:53.357 70091 INFO tempest.lib.common.rest_client [req-e87c2c76-6c2b-4eca-9212-47bc521dab66 req-e87c2c76-6c2b-4eca-9212-47bc521dab66 ] Request (AggregatesAdminNegativeTestJSON:test_aggregate_create_with_existent_aggregate_name): 409 POST http://10.180.1.21/compute/v2.1/os-aggregates 1.008s
2025-05-09 06:27:53.426 70045 INFO tempest.lib.common.rest_client [req-1a1066ec-81cb-4f02-bbfa-9c8775fa244f req-1a1066ec-81cb-4f02-bbfa-9c8775fa244f ] Request (ServerExternalEventsTest:test_create_server_external_events): 200 GET http://10.180.1.21/compute/v2.1/servers/5860a443-ad02-4932-8569-4526f035cef1 1.031s
2025-05-09 06:27:53.496 70079 INFO tempest.lib.common.rest_client [req-41f16df5-1741-4129-a8ee-7bd3e35e5711 req-41f16df5-1741-4129-a8ee-7bd3e35e5711 ] Request (ServersTestBootFromVolume:setUpClass): 200 GET http://10.180.1.21/volume/v3/volumes/e0cd94d5-69a6-43fa-808f-a53b3c0bafff 0.058s
2025-05-09 06:27:53.499 70067 INFO tempest.lib.common.rest_client [req-e652989d-13dc-4a74-b3c3-bac8bc68ed02 req-e652989d-13dc-4a74-b3c3-bac8bc68ed02 ] Request (InstanceActionsTestJSON:setUpClass): 201 POST http://10.180.1.21:9696/networking/v2.0/routers 1.346s
2025-05-09 06:27:53.537 70069 INFO tempest.lib.common.rest_client [req-06d639ae-5eda-4d70-b27b-e43aafcdfa1d req-06d639ae-5eda-4d70-b27b-e43aafcdfa1d ] Request (ServerMetadataTestJSON:setUpClass): 201 POST http://10.180.1.21:9696/networking/v2.0/subnets 0.242s
2025-05-09 06:27:53.545 70063 INFO tempest.lib.common.rest_client [req-374638fc-1999-4eef-936e-d8259b75d3b1 req-374638fc-1999-4eef-936e-d8259b75d3b1 ] Request (SecurityGroupsTestJSON:test_list_security_groups_by_server): 200 GET http://10.180.1.21/compute/v2.1/servers/117b220d-8ed9-466c-bb1a-b517ff024df4 1.081s
2025-05-09 06:27:53.635 70061 INFO tempest.lib.common.rest_client [req-f4d59f02-9cf2-4464-84ff-c918731bf107 req-f4d59f02-9cf2-4464-84ff-c918731bf107 ] Request (DeleteServersAdminTestJSON:test_admin_delete_servers_of_others): 200 GET http://10.180.1.21/compute/v2.1/servers/f74b8dd1-043d-45b4-b6e0-fc4319f32c5a 1.149s
2025-05-09 06:27:53.694 70081 INFO tempest.lib.common.rest_client [req-ff23c8ea-44b0-423c-bcea-1be9312bf810 req-ff23c8ea-44b0-423c-bcea-1be9312bf810 ] Request (QuotasAdminTestJSON:_run_cleanups): 200 PUT http://10.180.1.21/compute/v2.1/os-quota-sets/f4a19a31d3424124b23541f2cfde7b6f 1.408s
2025-05-09 06:27:53.755 70071 INFO tempest.lib.common.rest_client [req-0e21692f-b5ba-4091-8800-1c9b4ad0114f req-0e21692f-b5ba-4091-8800-1c9b4ad0114f ] Request (ServerDiagnosticsTest:test_get_server_diagnostics): 200 GET http://10.180.1.21/compute/v2.1/servers/034868b4-64a9-428a-b74d-81a6c3739618 1.151s
2025-05-09 06:27:53.787 70081 INFO tempest.lib.common.rest_client [req-e70734ba-0345-4bb9-82cd-4a2149b91b1f req-e70734ba-0345-4bb9-82cd-4a2149b91b1f ] Request (QuotasAdminTestJSON:tearDownClass): 204 DELETE http://10.180.1.21/identity/v3/users/ac84c2a9aa8844e9b7a4e210b893bd3d 0.088s
2025-05-09 06:27:53.814 70073 INFO tempest.lib.common.rest_client [req-7641ea68-01e0-40ad-9581-4d138f2ed538 req-7641ea68-01e0-40ad-9581-4d138f2ed538 ] Request (ServerMetadataNegativeTestJSON:setUpClass): 200 GET http://10.180.1.21/compute/v2.1/servers/be01c1b4-a7c3-4508-a645-4e6856590255 1.112s
2025-05-09 06:27:53.906 70081 INFO tempest.lib.common.rest_client [req-bd209fee-6c78-42a3-9deb-b88c1f5ce7e4 req-bd209fee-6c78-42a3-9deb-b88c1f5ce7e4 ] Request (QuotasAdminTestJSON:tearDownClass): 204 DELETE http://10.180.1.21/identity/v3/users/00f6e04ff64f4888aa2d7ba9fd2a9c3e 0.119s
2025-05-09 06:27:53.906 70081 INFO tempest.lib.common.dynamic_creds [-] Deleting project and security group for project: 5ea79bfdd362493fbf0bb3a581eb80ec
2025-05-09 06:27:53.935 70083 INFO tempest.lib.common.rest_client [req-62395782-dae8-4523-b330-9f51f5c5f2d1 req-62395782-dae8-4523-b330-9f51f5c5f2d1 ] Request (FlavorsV2TestJSON:test_get_flavor): 200 GET http://10.180.1.21/compute/v2.1/flavors/42 1.088s
2025-05-09 06:27:53.940 70059 INFO tempest.lib.common.rest_client [req-ed1a6aa9-8526-49a2-9600-05e00d2a2f4e req-ed1a6aa9-8526-49a2-9600-05e00d2a2f4e ] Request (FlavorsAccessNegativeTestJSON:test_flavor_non_admin_remove): 403 POST http://10.180.1.21/compute/v2.1/flavors/1673374344/action 1.081s
2025-05-09 06:27:53.984 70081 INFO tempest.lib.common.rest_client [req-785dcce5-ef6f-42b0-967d-6a46c2ffedbb req-785dcce5-ef6f-42b0-967d-6a46c2ffedbb ] Request (QuotasAdminTestJSON:tearDownClass): 201 POST http://10.180.1.21/identity/v3/auth/tokens 0.078s
2025-05-09 06:27:54.034 70077 INFO tempest.lib.common.rest_client [req-8eaa8522-46b9-4a78-8068-27b3bc652c9b req-8eaa8522-46b9-4a78-8068-27b3bc652c9b ] Request (ImagesOneServerNegativeTestJSON:tearDown): 200 GET http://10.180.1.21/compute/v2.1/servers/deb162f8-03f4-4020-acb7-9cdb869695ef 1.432s
2025-05-09 06:27:54.084 70053 INFO tempest.lib.common.rest_client [req-0656ec13-6989-41e9-8aa8-476aca617898 req-0656ec13-6989-41e9-8aa8-476aca617898 ] Request (FloatingIPDetailsNegativeTestJSON:test_get_nonexistent_floating_ip_details): 404 GET http://10.180.1.21/compute/v2.1/os-floating-ips/d15f908a-d0af-4ff5-8684-aa63e0db36a4 0.998s
2025-05-09 06:27:54.097 70055 INFO tempest.lib.common.rest_client [req-ea8a42ba-48f6-458f-8060-9b3a02a4c196 req-ea8a42ba-48f6-458f-8060-9b3a02a4c196 ] Request (HypervisorAdminNegativeTestJSON:test_get_nonexistent_hypervisor_uptime): 404 GET http://10.180.1.21/compute/v2.1/os-hypervisors/9f9fd404-e347-4491-99a4-d25aaca9fce4/uptime 0.997s
2025-05-09 06:27:54.290 70081 INFO tempest.lib.common.rest_client [req-6be9d8e8-5fac-4c52-8ec8-c9c62cc61896 req-6be9d8e8-5fac-4c52-8ec8-c9c62cc61896 ] Request (QuotasAdminTestJSON:tearDownClass): 200 GET http://10.180.1.21:9696/networking/v2.0/security-groups?tenant_id=5ea79bfdd362493fbf0bb3a581eb80ec&name=default 0.305s
2025-05-09 06:27:54.315 70047 INFO tempest.lib.common.rest_client [req-311be074-c035-46fb-9f6c-1242cbafbbbb req-311be074-c035-46fb-9f6c-1242cbafbbbb ] Request (ImagesMetadataTestJSON:test_update_image_metadata): 200 POST http://10.180.1.21/compute/v2.1/images/79bf172d-e681-4648-84f3-0f6c0a6bad36/metadata 1.221s
2025-05-09 06:27:54.375 70087 INFO tempest.lib.common.rest_client [req-1c14a339-69ac-462a-9b02-23c50dfad638 req-1c14a339-69ac-462a-9b02-23c50dfad638 ] Request (FlavorsV255TestJSON:_run_cleanups): 202 DELETE http://10.180.1.21/compute/v2.1/flavors/1209544075 1.022s
2025-05-09 06:27:54.419 70091 INFO tempest.lib.common.rest_client [req-8ff003fd-2501-4df2-b830-e07c0ab9e11f req-8ff003fd-2501-4df2-b830-e07c0ab9e11f ] Request (AggregatesAdminNegativeTestJSON:_run_cleanups): 200 DELETE http://10.180.1.21/compute/v2.1/os-aggregates/4 1.061s
2025-05-09 06:27:54.523 70097 INFO tempest.lib.common.rest_client [req-5b2ecf9c-5fdc-4c09-8951-169e71de43e5 req-5b2ecf9c-5fdc-4c09-8951-169e71de43e5 ] Request (ListServersNegativeTestJSON:setUpClass): 200 GET http://10.180.1.21/compute/v2.1/servers/337ff7c0-1e04-404d-bc71-d44f3652eb3e 1.031s
2025-05-09 06:27:54.541 70079 INFO tempest.lib.common.rest_client [req-4585f307-8ed5-4d06-a66c-811593f6af9a req-4585f307-8ed5-4d06-a66c-811593f6af9a ] Request (ServersTestBootFromVolume:setUpClass): 200 GET http://10.180.1.21/volume/v3/volumes/e0cd94d5-69a6-43fa-808f-a53b3c0bafff 0.038s
2025-05-09 06:27:54.578 70067 INFO tempest.lib.common.rest_client [req-041a6825-d40b-4737-984a-9fb70198127c req-041a6825-d40b-4737-984a-9fb70198127c ] Request (InstanceActionsTestJSON:setUpClass): 200 PUT http://10.180.1.21:9696/networking/v2.0/routers/b29308d3-bd3b-4064-8864-389657c2a97b/add_router_interface 1.078s
2025-05-09 06:27:54.578 70067 INFO tempest.lib.common.dynamic_creds [-] Created isolated network resources for: credentials: Credentials: {'domain_id': 'default', 'domain_name': 'Default', 'username': 'tempest-InstanceActionsTestJSON-1590223339-project-member', 'project_domain_id': 'default', 'project_domain_name': 'Default', 'project_id': 'f19d5e54fce640afaf5939eba9a16e27', 'project_name': 'tempest-InstanceActionsTestJSON-1590223339', 'tenant_id': 'f19d5e54fce640afaf5939eba9a16e27', 'tenant_name': 'tempest-InstanceActionsTestJSON-1590223339', 'user_domain_id': 'default', 'user_domain_name': 'Default', 'user_id': 'ba743930b1704ac096327b359c6f34d6', 'system': None}, Network: {'id': 'eb1ede95-3e86-4b84-82d3-7c6ff1b6c65d', 'name': 'tempest-InstanceActionsTestJSON-1493863323-network', 'tenant_id': 'f19d5e54fce640afaf5939eba9a16e27', 'admin_state_up': True, 'mtu': 8950, 'status': 'ACTIVE', 'subnets': [], 'shared': False, 'project_id': 'f19d5e54fce640afaf5939eba9a16e27', 'port_security_enabled': True, 'router:external': False, 'provider:network_type': 'vlan', 'provider:physical_network': 'default', 'provider:segmentation_id': 637, 'availability_zone_hints': [], 'availability_zones': [], 'ipv4_address_scope': None, 'ipv6_address_scope': None, 'description': '', 'tags': [], 'created_at': '2025-05-09T06:27:51Z', 'updated_at': '2025-05-09T06:27:51Z', 'revision_number': 1}, Subnet: {'id': '34abd67d-965e-4ebe-a3a6-b2b057abc3b1', 'name': 'tempest-InstanceActionsTestJSON-1493863323-subnet', 'tenant_id': 'f19d5e54fce640afaf5939eba9a16e27', 'network_id': 'eb1ede95-3e86-4b84-82d3-7c6ff1b6c65d', 'ip_version': 4, 'subnetpool_id': None, 'enable_dhcp': True, 'ipv6_ra_mode': None, 'ipv6_address_mode': None, 'gateway_ip': '192.168.128.1', 'cidr': '192.168.128.0/28', 'allocation_pools': [{'start': '192.168.128.2', 'end': '192.168.128.14'}], 'host_routes': [], 'dns_nameservers': [], 'description': '', 'router:external': False, 'service_types': [], 'tags': [], 'created_at': '2025-05-09T06:27:52Z', 'updated_at': '2025-05-09T06:27:52Z', 'revision_number': 0, 'project_id': 'f19d5e54fce640afaf5939eba9a16e27'}, Router: {'id': 'b29308d3-bd3b-4064-8864-389657c2a97b', 'name': 'tempest-InstanceActionsTestJSON-1493863323-router', 'tenant_id': 'f19d5e54fce640afaf5939eba9a16e27', 'admin_state_up': True, 'status': 'ACTIVE', 'external_gateway_info': {'network_id': '159f9c68-e103-415a-81ae-f8d9b8ef295a', 'external_fixed_ips': [{'subnet_id': 'a1c392f5-fc2d-4145-9d7b-4e07707657db', 'ip_address': '10.180.180.147'}], 'enable_snat': True}, 'description': '', 'availability_zones': [], 'distributed': False, 'ha': False, 'availability_zone_hints': [], 'routes': [], 'flavor_id': None, 'tags': [], 'created_at': '2025-05-09T06:27:52Z', 'updated_at': '2025-05-09T06:27:52Z', 'revision_number': 2, 'project_id': 'f19d5e54fce640afaf5939eba9a16e27'}
2025-05-09 06:27:54.610 70081 INFO tempest.lib.common.rest_client [req-768e1249-2da7-4266-b255-cc6eb037cf69 req-768e1249-2da7-4266-b255-cc6eb037cf69 ] Request (QuotasAdminTestJSON:tearDownClass): 204 DELETE http://10.180.1.21:9696/networking/v2.0/security-groups/4ae5ee80-c0ab-4596-a0fa-40474628c706 0.319s
2025-05-09 06:27:54.633 70043 INFO tempest.lib.common.rest_client [req-913055ca-56d2-4d30-b3d6-39dc09f46379 req-913055ca-56d2-4d30-b3d6-39dc09f46379 ] Request (ServersAdminNegativeTestJSON:test_migrate_server_invalid_state): 200 GET http://10.180.1.21/compute/v2.1/servers/cae6e452-e086-446f-808d-04dc217316ba 1.067s
2025-05-09 06:27:54.698 70067 INFO tempest.lib.common.rest_client [req-1bcd6530-e832-4749-bd78-cda199ddee42 req-1bcd6530-e832-4749-bd78-cda199ddee42 ] Request (InstanceActionsTestJSON:setUpClass): 201 POST http://10.180.1.21/identity/v3/auth/tokens 0.115s
2025-05-09 06:27:54.728 70081 INFO tempest.lib.common.rest_client [req-329396ad-3b75-4023-8c6c-9b6f15ad90b4 req-329396ad-3b75-4023-8c6c-9b6f15ad90b4 ] Request (QuotasAdminTestJSON:tearDownClass): 204 DELETE http://10.180.1.21/identity/v3/projects/5ea79bfdd362493fbf0bb3a581eb80ec 0.118s
2025-05-09 06:27:54.729 70081 INFO tempest.lib.common.dynamic_creds [-] Deleting project and security group for project: f4a19a31d3424124b23541f2cfde7b6f
2025-05-09 06:27:54.776 70067 INFO tempest.lib.common.rest_client [req-4e7b36d4-f9a5-46b9-97ed-2d751a69dfe9 req-4e7b36d4-f9a5-46b9-97ed-2d751a69dfe9 ] Request (InstanceActionsTestJSON:setUpClass): 201 POST http://10.180.1.21/identity/v3/auth/tokens 0.072s
2025-05-09 06:27:54.776 70067 INFO tempest.lib.common.fixed_network [-] (InstanceActionsTestJSON:setUpClass) Found network {'id': 'eb1ede95-3e86-4b84-82d3-7c6ff1b6c65d', 'name': 'tempest-InstanceActionsTestJSON-1493863323-network', 'tenant_id': 'f19d5e54fce640afaf5939eba9a16e27', 'admin_state_up': True, 'mtu': 8950, 'status': 'ACTIVE', 'subnets': [], 'shared': False, 'project_id': 'f19d5e54fce640afaf5939eba9a16e27', 'port_security_enabled': True, 'router:external': False, 'provider:network_type': 'vlan', 'provider:physical_network': 'default', 'provider:segmentation_id': 637, 'availability_zone_hints': [], 'availability_zones': [], 'ipv4_address_scope': None, 'ipv6_address_scope': None, 'description': '', 'tags': [], 'created_at': '2025-05-09T06:27:51Z', 'updated_at': '2025-05-09T06:27:51Z', 'revision_number': 1} available for tenant
2025-05-09 06:27:54.881 70103 INFO tempest.lib.common.rest_client [req-99a34499-6ae6-4215-b55b-8880bd38a895 req-99a34499-6ae6-4215-b55b-8880bd38a895 ] Request (ServerActionsTestJSON:setUpClass): 200 GET http://10.180.1.21/compute/v2.1/servers/aac821c7-1420-470c-b6c6-223bab2f1fa6 1.268s
2025-05-09 06:27:54.928 70081 INFO tempest.lib.common.rest_client [req-f0f9a05a-63d7-4da7-a4ff-eba7db75b03f req-f0f9a05a-63d7-4da7-a4ff-eba7db75b03f ] Request (QuotasAdminTestJSON:tearDownClass): 200 GET http://10.180.1.21:9696/networking/v2.0/security-groups?tenant_id=f4a19a31d3424124b23541f2cfde7b6f&name=default 0.199s
2025-05-09 06:27:54.961 70099 INFO tempest.lib.common.rest_client [req-95761e4b-e9f4-48a9-b926-1ad79dd61e16 req-95761e4b-e9f4-48a9-b926-1ad79dd61e16 ] Request (FloatingIPsAssociationNegativeTestJSON:test_associate_ip_to_server_with_floating_ip): 200 POST http://10.180.1.21/compute/v2.1/os-floating-ips 1.706s
2025-05-09 06:27:54.967 70049 INFO tempest.lib.common.rest_client [req-72251dc9-af06-41d2-b801-d349d0ad9893 req-72251dc9-af06-41d2-b801-d349d0ad9893 ] Request (ServersWithSpecificFlavorTestJSON:test_verify_created_server_ephemeral_disk): 200 GET http://10.180.1.21/compute/v2.1/servers/b6e1373e-a903-4d3d-a88d-21d84eff4ff8 1.316s
2025-05-09 06:27:55.029 70101 INFO tempest.lib.common.rest_client [req-621cfd34-2c01-47bf-a2fe-9e0a8c1c16bd req-621cfd34-2c01-47bf-a2fe-9e0a8c1c16bd ] Request (FloatingIPsAssociationTestJSON:test_associate_already_associated_floating_ip): 200 GET http://10.180.1.21/compute/v2.1/servers/68e9ed83-bd76-4e1c-b0f2-b205ea113158 1.294s
2025-05-09 06:27:55.045 70081 INFO tempest.lib.common.rest_client [req-99bde55a-3979-4b42-99dc-2ea2d3ec1f37 req-99bde55a-3979-4b42-99dc-2ea2d3ec1f37 ] Request (QuotasAdminTestJSON:tearDownClass): 204 DELETE http://10.180.1.21:9696/networking/v2.0/security-groups/4d0780c5-e5e8-438f-954a-0cf2a4523c9e 0.116s
2025-05-09 06:27:55.096 70093 INFO tempest.lib.common.rest_client [req-2d4e8a76-1ffc-4138-b068-579779f840ac req-2d4e8a76-1ffc-4138-b068-579779f840ac ] Request (VolumesAssistedSnapshotsTest:test_volume_assisted_snapshot_create_delete): 200 GET http://10.180.1.21/compute/v2.1/servers/9345e529-5ffd-41f3-b4f7-28f9bc63ea2f 1.276s
2025-05-09 06:27:55.110 70065 INFO tempest.lib.common.rest_client [req-893042e0-a2a3-4fe3-a129-2e99ac921538 req-893042e0-a2a3-4fe3-a129-2e99ac921538 ] Request (QuotaClassesAdmin257Test:test_update_default_quotas): 200 GET http://10.180.1.21/compute/v2.1/os-quota-class-sets/default 1.354s
2025-05-09 06:27:55.120 70083 INFO tempest.lib.common.rest_client [req-35da0dca-6e54-44ac-942e-b4642aed886f req-35da0dca-6e54-44ac-942e-b4642aed886f ] Request (FlavorsV2TestJSON:test_list_flavors): 200 GET http://10.180.1.21/compute/v2.1/flavors 1.179s
2025-05-09 06:27:55.207 70105 INFO tempest.lib.common.rest_client [req-3a92ddfc-23c0-4caf-8ea2-61b3c96d53e0 req-3a92ddfc-23c0-4caf-8ea2-61b3c96d53e0 ] Request (ServersListShow296Test:test_list_show_update_rebuild_server_296): 200 GET http://10.180.1.21/compute/v2.1/servers/72ac5223-fc98-4abf-8f30-f2ff927ea074 1.230s
2025-05-09 06:27:55.211 70081 INFO tempest.lib.common.rest_client [req-8f14b587-921a-4ae6-a3a3-b74773aff982 req-8f14b587-921a-4ae6-a3a3-b74773aff982 ] Request (QuotasAdminTestJSON:tearDownClass): 204 DELETE http://10.180.1.21/identity/v3/projects/f4a19a31d3424124b23541f2cfde7b6f 0.165s
2025-05-09 06:27:55.259 70059 INFO tempest.lib.common.rest_client [req-098078b7-bb2b-4d05-8282-a98d0ee74a62 req-098078b7-bb2b-4d05-8282-a98d0ee74a62 ] Request (FlavorsAccessNegativeTestJSON:_run_cleanups): 200 POST http://10.180.1.21/compute/v2.1/flavors/1673374344/action 1.318s
2025-05-09 06:27:55.281 70069 INFO tempest.lib.common.rest_client [req-7dcae073-04a4-40d1-84e0-e114fe69ebb6 req-7dcae073-04a4-40d1-84e0-e114fe69ebb6 ] Request (ServerMetadataTestJSON:setUpClass): 201 POST http://10.180.1.21:9696/networking/v2.0/routers 1.741s
2025-05-09 06:27:55.284 70055 INFO tempest.lib.common.rest_client [req-522b9064-8639-44ed-9766-0810dc0a71db req-522b9064-8639-44ed-9766-0810dc0a71db ] Request (HypervisorAdminNegativeTestJSON:test_show_hypervisor_with_non_admin_user): 200 GET http://10.180.1.21/compute/v2.1/os-hypervisors 1.185s
2025-05-09 06:27:55.297 70081 INFO tempest.lib.common.rest_client [req-c71b31a2-8bc3-4e3f-b06b-2872961604f1 req-c71b31a2-8bc3-4e3f-b06b-2872961604f1 ] Request (ServicesAdminTestJSON:setUpClass): 201 POST http://10.180.1.21/identity/v3/auth/tokens 0.084s
2025-05-09 06:27:55.351 70081 INFO tempest.lib.common.rest_client [req-dd319925-7cc7-4590-83ec-fc00abead4c3 req-dd319925-7cc7-4590-83ec-fc00abead4c3 ] Request (ServicesAdminTestJSON:setUpClass): 201 POST http://10.180.1.21/identity/v3/auth/tokens 0.048s
2025-05-09 06:27:55.391 70081 INFO tempest.lib.common.rest_client [req-81e21d4a-ac71-4b81-9fa0-481c8890eb66 req-81e21d4a-ac71-4b81-9fa0-481c8890eb66 ] Request (ServicesAdminTestJSON:setUpClass): 200 GET http://10.180.1.21/identity/v3/domains?name=Default 0.040s
2025-05-09 06:27:55.443 70081 INFO tempest.lib.common.rest_client [req-06566191-ca1d-4dad-b3c2-a7a9553519fb req-06566191-ca1d-4dad-b3c2-a7a9553519fb ] Request (ServicesAdminTestJSON:setUpClass): 201 POST http://10.180.1.21/identity/v3/projects 0.051s
2025-05-09 06:27:55.460 70077 INFO tempest.lib.common.rest_client [req-93e6693d-496e-4f92-b562-febf2f8cd145 req-93e6693d-496e-4f92-b562-febf2f8cd145 ] Request (ImagesOneServerNegativeTestJSON:setUp): 200 GET http://10.180.1.21/compute/v2.1/servers/deb162f8-03f4-4020-acb7-9cdb869695ef 1.415s
2025-05-09 06:27:55.492 70057 INFO tempest.lib.common.rest_client [req-c1af871b-a5ca-4f2a-be4f-12e2a5c46e06 req-c1af871b-a5ca-4f2a-be4f-12e2a5c46e06 ] Request (AttachInterfacesUnderV243Test:test_add_remove_fixed_ip): 200 GET http://10.180.1.21/compute/v2.1/servers/049c7202-5887-496e-91b8-d33af03dc5a3 1.262s
2025-05-09 06:27:55.501 70057 INFO tempest.common.waiters [-] State transition "BUILD/spawning" ==> "ACTIVE/None" after 25 second wait
2025-05-09 06:27:55.540 70081 INFO tempest.lib.common.rest_client [req-fbbd6d94-d54e-4410-97c9-796f76fe9446 req-fbbd6d94-d54e-4410-97c9-796f76fe9446 ] Request (ServicesAdminTestJSON:setUpClass): 201 POST http://10.180.1.21/identity/v3/users 0.097s
2025-05-09 06:27:55.553 70047 INFO tempest.lib.common.rest_client [req-4f383bba-bd2e-4867-a5fa-638e96d302b0 req-4f383bba-bd2e-4867-a5fa-638e96d302b0 ] Request (ImagesMetadataTestJSON:test_update_image_metadata): 200 GET http://10.180.1.21/compute/v2.1/images/79bf172d-e681-4648-84f3-0f6c0a6bad36/metadata 1.236s
2025-05-09 06:27:55.578 70081 INFO tempest.lib.common.rest_client [req-151e51df-2a70-4d81-9837-10c1b85bce81 req-151e51df-2a70-4d81-9837-10c1b85bce81 ] Request (ServicesAdminTestJSON:setUpClass): 200 GET http://10.180.1.21/identity/v3/roles 0.037s
2025-05-09 06:27:55.584 70095 INFO tempest.lib.common.rest_client [req-f9caa92b-a35e-4aba-b3ea-6e26e9228c80 req-f9caa92b-a35e-4aba-b3ea-6e26e9228c80 ] Request (MigrationsAdminTest:test_list_migrations_in_flavor_resize_situation): 200 GET http://10.180.1.21/compute/v2.1/servers/f31e0ac1-18d3-4e01-a470-769823a8566a 1.271s
2025-05-09 06:27:55.595 70095 INFO tempest.common.waiters [-] State transition "BUILD/scheduling" ==> "BUILD/None" after 15 second wait
2025-05-09 06:27:55.600 70079 INFO tempest.lib.common.rest_client [req-ff3a6699-9d47-4de2-99ce-0b0dc6c42132 req-ff3a6699-9d47-4de2-99ce-0b0dc6c42132 ] Request (ServersTestBootFromVolume:setUpClass): 200 GET http://10.180.1.21/volume/v3/volumes/e0cd94d5-69a6-43fa-808f-a53b3c0bafff 0.045s
2025-05-09 06:27:55.623 70087 INFO tempest.lib.common.rest_client [req-ee1d8e49-ab88-4894-b744-b543041f44d3 req-ee1d8e49-ab88-4894-b744-b543041f44d3 ] Request (FlavorsV255TestJSON:_run_cleanups): 200 GET http://10.180.1.21/compute/v2.1/flavors/detail 1.247s
2025-05-09 06:27:55.639 70081 INFO tempest.lib.common.rest_client [req-ad185730-33c7-4187-996b-be042cd8d008 req-ad185730-33c7-4187-996b-be042cd8d008 ] Request (ServicesAdminTestJSON:setUpClass): 204 PUT http://10.180.1.21/identity/v3/projects/69cbd35e9849444fa2f2381f4305f9e8/users/b03a819b86a04d019c34d304261e3b74/roles/01d048456bdc410ba68271661c7174e0 0.061s
2025-05-09 06:27:55.640 70081 INFO tempest.lib.common.dynamic_creds [-] Dynamic test user b03a819b86a04d019c34d304261e3b74 is created with scope project and roles: ['member']
2025-05-09 06:27:55.640 70081 INFO tempest.lib.common.dynamic_creds [-] Acquired dynamic creds: credentials: Credentials: {'domain_id': 'default', 'domain_name': 'Default', 'username': 'tempest-ServicesAdminTestJSON-431714168-project-member', 'project_domain_id': 'default', 'project_domain_name': 'Default', 'project_id': '69cbd35e9849444fa2f2381f4305f9e8', 'project_name': 'tempest-ServicesAdminTestJSON-431714168', 'tenant_id': '69cbd35e9849444fa2f2381f4305f9e8', 'tenant_name': 'tempest-ServicesAdminTestJSON-431714168', 'user_domain_id': 'default', 'user_domain_name': 'Default', 'user_id': 'b03a819b86a04d019c34d304261e3b74', 'system': None}, Network: None, Subnet: None, Router: None
2025-05-09 06:27:55.640 70081 INFO tempest.lib.common.dynamic_creds [-] Created isolated network resources for: credentials: Credentials: {'domain_id': 'default', 'domain_name': 'Default', 'username': 'tempest-ServicesAdminTestJSON-431714168-project-member', 'project_domain_id': 'default', 'project_domain_name': 'Default', 'project_id': '69cbd35e9849444fa2f2381f4305f9e8', 'project_name': 'tempest-ServicesAdminTestJSON-431714168', 'tenant_id': '69cbd35e9849444fa2f2381f4305f9e8', 'tenant_name': 'tempest-ServicesAdminTestJSON-431714168', 'user_domain_id': 'default', 'user_domain_name': 'Default', 'user_id': 'b03a819b86a04d019c34d304261e3b74', 'system': None}, Network: None, Subnet: None, Router: None
2025-05-09 06:27:55.657 70047 INFO tempest.lib.common.rest_client [req-d2c9702b-4cfb-434b-94cd-66cd3972694a req-d2c9702b-4cfb-434b-94cd-66cd3972694a ] Request (ImagesMetadataTestJSON:tearDownClass): 204 DELETE http://10.180.1.21/image/v2/images/79bf172d-e681-4648-84f3-0f6c0a6bad36 0.100s
2025-05-09 06:27:55.664 70091 INFO tempest.lib.common.rest_client [req-c71b9989-6870-46f9-86bd-8a15489372c6 req-c71b9989-6870-46f9-86bd-8a15489372c6 ] Request (AggregatesAdminNegativeTestJSON:test_aggregate_delete_as_user): 200 POST http://10.180.1.21/compute/v2.1/os-aggregates 1.244s
2025-05-09 06:27:55.668 70053 INFO tempest.lib.common.rest_client [req-2e00f864-658d-4066-8106-8e6799d66800 req-2e00f864-658d-4066-8106-8e6799d66800 ] Request (FloatingIPDetailsNegativeTestJSON:tearDownClass): 200 PUT http://10.180.1.21:9696/networking/v2.0/routers/f4f689e7-127d-4cf3-8c7b-7cb47fca97a5/remove_router_interface 1.580s
2025-05-09 06:27:55.681 70075 INFO tempest.lib.common.rest_client [req-8b2e5ad5-3799-4b82-8506-a7ea1e7b53c7 req-8b2e5ad5-3799-4b82-8506-a7ea1e7b53c7 ] Request (AttachInterfacesV270Test:test_create_get_list_interfaces): 200 GET http://10.180.1.21/compute/v2.1/servers/6c3f8920-5f4a-471c-8342-53ba98deda69 1.361s
2025-05-09 06:27:55.691 70075 INFO tempest.common.waiters [-] State transition "BUILD/scheduling" ==> "BUILD/None" after 15 second wait
2025-05-09 06:27:55.741 70081 INFO tempest.lib.common.rest_client [req-0430bcf6-ca65-44c9-9b05-626283bf129a req-0430bcf6-ca65-44c9-9b05-626283bf129a ] Request (ServicesAdminTestJSON:setUpClass): 201 POST http://10.180.1.21/identity/v3/auth/tokens 0.097s
2025-05-09 06:27:55.749 70045 INFO tempest.lib.common.rest_client [req-5f99e57f-e1c3-4dac-be5f-58218e2519d8 req-5f99e57f-e1c3-4dac-be5f-58218e2519d8 ] Request (ServerExternalEventsTest:test_create_server_external_events): 200 GET http://10.180.1.21/compute/v2.1/servers/5860a443-ad02-4932-8569-4526f035cef1 1.308s
2025-05-09 06:27:55.774 70087 INFO tempest.lib.common.rest_client [req-60720ec9-5bdd-4635-bd5c-ef90b57c36fd req-60720ec9-5bdd-4635-bd5c-ef90b57c36fd ] Request (FlavorsV255TestJSON:tearDownClass): 204 DELETE http://10.180.1.21/identity/v3/users/079e3fbf1fa3436b9d4996e4966c09b4 0.140s
2025-05-09 06:27:55.825 70063 INFO tempest.lib.common.rest_client [req-33be55ba-1a38-4043-abfb-59bfabb93263 req-33be55ba-1a38-4043-abfb-59bfabb93263 ] Request (SecurityGroupsTestJSON:test_list_security_groups_by_server): 200 GET http://10.180.1.21/compute/v2.1/servers/117b220d-8ed9-466c-bb1a-b517ff024df4 1.270s
2025-05-09 06:27:55.841 70063 INFO tempest.common.waiters [-] State transition "BUILD/spawning" ==> "ACTIVE/None" after 24 second wait
2025-05-09 06:27:55.852 70081 INFO tempest.lib.common.rest_client [req-58e9ed33-91dd-4536-a1d5-e961ebc23b7c req-58e9ed33-91dd-4536-a1d5-e961ebc23b7c ] Request (ServicesAdminTestJSON:setUpClass): 201 POST http://10.180.1.21/identity/v3/projects 0.110s
2025-05-09 06:27:55.890 70047 INFO tempest.lib.common.rest_client [req-fcc53adc-aabd-4b18-b38a-1f77c25b7e95 req-fcc53adc-aabd-4b18-b38a-1f77c25b7e95 ] Request (ImagesMetadataTestJSON:tearDownClass): 204 DELETE http://10.180.1.21/identity/v3/users/05e602184e804e20a289826592688dc1 0.232s
2025-05-09 06:27:55.890 70047 INFO tempest.lib.common.dynamic_creds [-] Deleting project and security group for project: 7c3343bd5bc94c56ba99ee88d58b1dcd
2025-05-09 06:27:55.926 70061 INFO tempest.lib.common.rest_client [req-7e584573-ca85-4157-ab8a-46e9985ace52 req-7e584573-ca85-4157-ab8a-46e9985ace52 ] Request (DeleteServersAdminTestJSON:test_admin_delete_servers_of_others): 200 GET http://10.180.1.21/compute/v2.1/servers/f74b8dd1-043d-45b4-b6e0-fc4319f32c5a 1.279s
2025-05-09 06:27:55.937 70061 INFO tempest.common.waiters [-] State transition "ACTIVE/deleting" ==> "DELETED/None" after 7 second wait
2025-05-09 06:27:56.001 70081 INFO tempest.lib.common.rest_client [req-e60bdd31-4438-43bc-8ed1-dbe03fb10c56 req-e60bdd31-4438-43bc-8ed1-dbe03fb10c56 ] Request (ServicesAdminTestJSON:setUpClass): 201 POST http://10.180.1.21/identity/v3/users 0.149s
2025-05-09 06:27:56.018 70071 INFO tempest.lib.common.rest_client [req-9665ecc5-baea-4c40-a2fa-3d3141eec335 req-9665ecc5-baea-4c40-a2fa-3d3141eec335 ] Request (ServerDiagnosticsTest:test_get_server_diagnostics): 200 GET http://10.180.1.21/compute/v2.1/servers/034868b4-64a9-428a-b74d-81a6c3739618 1.253s
2025-05-09 06:27:56.021 70087 INFO tempest.lib.common.rest_client [req-c0e0ef62-5440-4e28-a2de-7f8842d6d175 req-c0e0ef62-5440-4e28-a2de-7f8842d6d175 ] Request (FlavorsV255TestJSON:tearDownClass): 204 DELETE http://10.180.1.21/identity/v3/users/33f35ed9cd3f4d25a103d8334c106911 0.246s
2025-05-09 06:27:56.021 70087 INFO tempest.lib.common.dynamic_creds [-] Deleting project and security group for project: b76741df08c14763bf62a6101a58ee5c
2025-05-09 06:27:56.077 70081 INFO tempest.lib.common.rest_client [req-237b3465-77af-474d-a07b-627eca8d3291 req-237b3465-77af-474d-a07b-627eca8d3291 ] Request (ServicesAdminTestJSON:setUpClass): 200 GET http://10.180.1.21/identity/v3/roles 0.075s
2025-05-09 06:27:56.096 70047 INFO tempest.lib.common.rest_client [req-2da0dc2d-08ba-46fd-ae7e-ea12d19f5489 req-2da0dc2d-08ba-46fd-ae7e-ea12d19f5489 ] Request (ImagesMetadataTestJSON:tearDownClass): 201 POST http://10.180.1.21/identity/v3/auth/tokens 0.206s
2025-05-09 06:27:56.126 70087 INFO tempest.lib.common.rest_client [req-13009d5a-04cd-4185-bf60-459e3f65153d req-13009d5a-04cd-4185-bf60-459e3f65153d ] Request (FlavorsV255TestJSON:tearDownClass): 201 POST http://10.180.1.21/identity/v3/auth/tokens 0.104s
2025-05-09 06:27:56.151 70081 INFO tempest.lib.common.rest_client [req-20ae6d55-a951-40f0-84bd-937eb6d7ea7d req-20ae6d55-a951-40f0-84bd-937eb6d7ea7d ] Request (ServicesAdminTestJSON:setUpClass): 204 PUT http://10.180.1.21/identity/v3/projects/83e336eb188947e09269d48f37a3c783/users/d8c4e54b53dd44ab89b8936c527c126c/roles/c1d5efb907a34fd2a3773e751d247929 0.073s
2025-05-09 06:27:56.258 70081 INFO tempest.lib.common.rest_client [req-db9b3a4c-1448-4969-b316-3426e3504118 req-db9b3a4c-1448-4969-b316-3426e3504118 ] Request (ServicesAdminTestJSON:setUpClass): 200 GET http://10.180.1.21/identity/v3/roles 0.106s
2025-05-09 06:27:56.278 70081 INFO tempest.lib.common.rest_client [req-2cb170f4-e603-40fe-aede-fd8ec720e31f req-2cb170f4-e603-40fe-aede-fd8ec720e31f ] Request (ServicesAdminTestJSON:setUpClass): 204 PUT http://10.180.1.21/identity/v3/projects/83e336eb188947e09269d48f37a3c783/users/d8c4e54b53dd44ab89b8936c527c126c/roles/c1d5efb907a34fd2a3773e751d247929 0.019s
2025-05-09 06:27:56.278 70081 INFO tempest.lib.common.dynamic_creds [-] Dynamic test user d8c4e54b53dd44ab89b8936c527c126c is created with scope project and roles: ['admin']
2025-05-09 06:27:56.278 70081 INFO tempest.lib.common.dynamic_creds [-] Acquired dynamic creds: credentials: Credentials: {'domain_id': 'default', 'domain_name': 'Default', 'username': 'tempest-ServicesAdminTestJSON-1631067271-project-admin', 'project_domain_id': 'default', 'project_domain_name': 'Default', 'project_id': '83e336eb188947e09269d48f37a3c783', 'project_name': 'tempest-ServicesAdminTestJSON-1631067271', 'tenant_id': '83e336eb188947e09269d48f37a3c783', 'tenant_name': 'tempest-ServicesAdminTestJSON-1631067271', 'user_domain_id': 'default', 'user_domain_name': 'Default', 'user_id': 'd8c4e54b53dd44ab89b8936c527c126c', 'system': None}, Network: None, Subnet: None, Router: None
2025-05-09 06:27:56.279 70081 INFO tempest.lib.common.dynamic_creds [-] Created isolated network resources for: credentials: Credentials: {'domain_id': 'default', 'domain_name': 'Default', 'username': 'tempest-ServicesAdminTestJSON-1631067271-project-admin', 'project_domain_id': 'default', 'project_domain_name': 'Default', 'project_id': '83e336eb188947e09269d48f37a3c783', 'project_name': 'tempest-ServicesAdminTestJSON-1631067271', 'tenant_id': '83e336eb188947e09269d48f37a3c783', 'tenant_name': 'tempest-ServicesAdminTestJSON-1631067271', 'user_domain_id': 'default', 'user_domain_name': 'Default', 'user_id': 'd8c4e54b53dd44ab89b8936c527c126c', 'system': None}, Network: None, Subnet: None, Router: None
2025-05-09 06:27:56.332 70051 INFO tempest.lib.common.rest_client [req-9a8ebc05-64a3-41ff-84e7-4b144f39d604 req-9a8ebc05-64a3-41ff-84e7-4b144f39d604 ] Request (ServerDiagnosticsV248Test:test_get_server_diagnostics): 200 GET http://10.180.1.21/compute/v2.1/servers/356b5e43-a94b-4ec7-8f33-c36c12a68c3c/diagnostics 1.775s
2025-05-09 06:27:56.366 70081 INFO tempest.lib.common.rest_client [req-c175d453-a155-4a14-9799-ce4ccaa7075d req-c175d453-a155-4a14-9799-ce4ccaa7075d ] Request (ServicesAdminTestJSON:setUpClass): 201 POST http://10.180.1.21/identity/v3/auth/tokens 0.083s
2025-05-09 06:27:56.482 70047 INFO tempest.lib.common.rest_client [req-549603c7-f362-4d9c-b001-01619f50befb req-549603c7-f362-4d9c-b001-01619f50befb ] Request (ImagesMetadataTestJSON:tearDownClass): 200 GET http://10.180.1.21:9696/networking/v2.0/security-groups?tenant_id=7c3343bd5bc94c56ba99ee88d58b1dcd&name=default 0.386s
2025-05-09 06:27:56.508 70087 INFO tempest.lib.common.rest_client [req-d7e19db6-fb92-4eb9-80c2-2ec4a1aa71c7 req-d7e19db6-fb92-4eb9-80c2-2ec4a1aa71c7 ] Request (FlavorsV255TestJSON:tearDownClass): 200 GET http://10.180.1.21:9696/networking/v2.0/security-groups?tenant_id=b76741df08c14763bf62a6101a58ee5c&name=default 0.382s
2025-05-09 06:27:56.538 70073 INFO tempest.lib.common.rest_client [req-a85a7226-1100-43ba-9dbb-e87ec83c6af3 req-a85a7226-1100-43ba-9dbb-e87ec83c6af3 ] Request (ServerMetadataNegativeTestJSON:setUpClass): 200 GET http://10.180.1.21/compute/v2.1/servers/be01c1b4-a7c3-4508-a645-4e6856590255 1.712s
2025-05-09 06:27:56.590 70053 INFO tempest.lib.common.rest_client [req-8f8639e9-7d97-4d77-bd14-b5763dba7f03 req-8f8639e9-7d97-4d77-bd14-b5763dba7f03 ] Request (FloatingIPDetailsNegativeTestJSON:tearDownClass): 204 DELETE http://10.180.1.21:9696/networking/v2.0/routers/f4f689e7-127d-4cf3-8c7b-7cb47fca97a5 0.922s
2025-05-09 06:27:56.646 70079 INFO tempest.lib.common.rest_client [req-1af3bc7b-bffc-4958-acd2-2b595b4b655f req-1af3bc7b-bffc-4958-acd2-2b595b4b655f ] Request (ServersTestBootFromVolume:setUpClass): 200 GET http://10.180.1.21/volume/v3/volumes/e0cd94d5-69a6-43fa-808f-a53b3c0bafff 0.032s
2025-05-09 06:27:56.845 70053 INFO tempest.lib.common.rest_client [req-9e9b127b-cfd1-434d-a08c-52478851b8c1 req-9e9b127b-cfd1-434d-a08c-52478851b8c1 ] Request (FloatingIPDetailsNegativeTestJSON:tearDownClass): 204 DELETE http://10.180.1.21:9696/networking/v2.0/subnets/02fd5383-43a2-48b5-b567-ae2252d63a2d 0.254s
2025-05-09 06:27:56.859 70047 INFO tempest.lib.common.rest_client [req-250d59cd-3856-4977-9682-1814686c30f2 req-250d59cd-3856-4977-9682-1814686c30f2 ] Request (ImagesMetadataTestJSON:tearDownClass): 204 DELETE http://10.180.1.21:9696/networking/v2.0/security-groups/25be7215-ba2f-4874-a7e3-d9c2817b7de9 0.376s
2025-05-09 06:27:56.896 70087 INFO tempest.lib.common.rest_client [req-250913e3-081b-4348-8bad-ca7f6b8a45a0 req-250913e3-081b-4348-8bad-ca7f6b8a45a0 ] Request (FlavorsV255TestJSON:tearDownClass): 204 DELETE http://10.180.1.21:9696/networking/v2.0/security-groups/6d24104f-949b-49da-b634-8a7bf7ebb8dd 0.387s
2025-05-09 06:27:57.032 70087 INFO tempest.lib.common.rest_client [req-eb5a10b7-4091-445e-84cd-cff606cfa3a5 req-eb5a10b7-4091-445e-84cd-cff606cfa3a5 ] Request (FlavorsV255TestJSON:tearDownClass): 204 DELETE http://10.180.1.21/identity/v3/projects/b76741df08c14763bf62a6101a58ee5c 0.135s
2025-05-09 06:27:57.032 70087 INFO tempest.lib.common.dynamic_creds [-] Deleting project and security group for project: 2b52222231ff470eb79d7cfdf2468597
2025-05-09 06:27:57.031 70067 INFO tempest.lib.common.rest_client [req-8030ffad-920f-46a0-937b-7a0c9084b778 req-8030ffad-920f-46a0-937b-7a0c9084b778 ] Request (InstanceActionsTestJSON:setUpClass): 202 POST http://10.180.1.21/compute/v2.1/servers 2.254s
2025-05-09 06:27:57.041 70053 INFO tempest.lib.common.rest_client [req-a5518e64-6238-49b7-81ed-c45ef712cbbe req-a5518e64-6238-49b7-81ed-c45ef712cbbe ] Request (FloatingIPDetailsNegativeTestJSON:tearDownClass): 204 DELETE http://10.180.1.21:9696/networking/v2.0/networks/955c8a89-6953-4199-87bb-494cddf3697f 0.195s
2025-05-09 06:27:57.052 70047 INFO tempest.lib.common.rest_client [req-4172e27a-a386-40ea-8097-7b6370b1b5ae req-4172e27a-a386-40ea-8097-7b6370b1b5ae ] Request (ImagesMetadataTestJSON:tearDownClass): 204 DELETE http://10.180.1.21/identity/v3/projects/7c3343bd5bc94c56ba99ee88d58b1dcd 0.192s
2025-05-09 06:27:57.132 70047 INFO tempest.lib.common.rest_client [req-6b51cc98-e017-4e11-8944-647408903323 req-6b51cc98-e017-4e11-8944-647408903323 ] Request (ServersTestMultiNic:setUpClass): 201 POST http://10.180.1.21/identity/v3/auth/tokens 0.079s
2025-05-09 06:27:57.161 70065 INFO tempest.lib.common.rest_client [req-5e709711-5406-4163-87eb-f9cfd4b5cdd8 req-5e709711-5406-4163-87eb-f9cfd4b5cdd8 ] Request (QuotaClassesAdmin257Test:test_update_default_quotas): 200 PUT http://10.180.1.21/compute/v2.1/os-quota-class-sets/default 2.049s
2025-05-09 06:27:57.176 70047 INFO tempest.lib.common.rest_client [req-be935931-737d-4f09-a33e-862fd9f6d970 req-be935931-737d-4f09-a33e-862fd9f6d970 ] Request (ServersTestMultiNic:setUpClass): 201 POST http://10.180.1.21/identity/v3/auth/tokens 0.041s
2025-05-09 06:27:57.181 70083 INFO tempest.lib.common.rest_client [req-ca9f9866-0585-44d2-8997-c441d303c4cb req-ca9f9866-0585-44d2-8997-c441d303c4cb ] Request (FlavorsV2TestJSON:test_list_flavors): 200 GET http://10.180.1.21/compute/v2.1/flavors/42 2.055s
2025-05-09 06:27:57.193 70059 INFO tempest.lib.common.rest_client [req-059bc28d-174b-4212-8e11-1dec66a42a21 req-059bc28d-174b-4212-8e11-1dec66a42a21 ] Request (FlavorsAccessNegativeTestJSON:_run_cleanups): 202 DELETE http://10.180.1.21/compute/v2.1/flavors/1673374344 1.932s
2025-05-09 06:27:57.201 70055 INFO tempest.lib.common.rest_client [req-9316d2a1-87cf-4229-aaad-acaf22659b13 req-9316d2a1-87cf-4229-aaad-acaf22659b13 ] Request (HypervisorAdminNegativeTestJSON:test_show_hypervisor_with_non_admin_user): 403 GET http://10.180.1.21/compute/v2.1/os-hypervisors/1 1.915s
2025-05-09 06:27:57.209 70077 INFO tempest.lib.common.rest_client [req-7cbeb584-f97a-4346-91ed-b06078e2cc96 req-7cbeb584-f97a-4346-91ed-b06078e2cc96 ] Request (ImagesOneServerNegativeTestJSON:test_create_image_specify_name_over_character_limit): 400 POST http://10.180.1.21/compute/v2.1/servers/deb162f8-03f4-4020-acb7-9cdb869695ef/action 1.738s
2025-05-09 06:27:57.231 70053 INFO tempest.lib.common.rest_client [req-ba5d168c-ef99-4035-905d-eb663bdc9399 req-ba5d168c-ef99-4035-905d-eb663bdc9399 ] Request (FloatingIPDetailsNegativeTestJSON:tearDownClass): 204 DELETE http://10.180.1.21/identity/v3/users/d15cbe6a025349dcbfbe75689db29385 0.189s
2025-05-09 06:27:57.231 70053 INFO tempest.lib.common.dynamic_creds [-] Deleting project and security group for project: 8f3b4725d25847a8b479c7a1f670a626
2025-05-09 06:27:57.244 70047 INFO tempest.lib.common.rest_client [req-a91b1f84-07db-4c1d-b705-0435527b900a req-a91b1f84-07db-4c1d-b705-0435527b900a ] Request (ServersTestMultiNic:setUpClass): 200 GET http://10.180.1.21/identity/v3/domains?name=Default 0.068s
2025-05-09 06:27:57.285 70053 INFO tempest.lib.common.rest_client [req-709452da-ec58-426e-9f0f-09e0d71af96d req-709452da-ec58-426e-9f0f-09e0d71af96d ] Request (FloatingIPDetailsNegativeTestJSON:tearDownClass): 200 GET http://10.180.1.21:9696/networking/v2.0/security-groups?tenant_id=8f3b4725d25847a8b479c7a1f670a626&name=default 0.052s
