2025-05-09 06:29:14.589 70073 INFO tempest.lib.common.rest_client [req-a5105000-5f3d-4f07-b656-be867bd94290 req-a5105000-5f3d-4f07-b656-be867bd94290 ] Request (ServerMetadataNegativeTestJSON:tearDownClass): 200 GET http://10.180.1.21/compute/v2.1/servers/be01c1b4-a7c3-4508-a645-4e6856590255 0.059s
2025-05-09 06:29:14.590 70085 INFO tempest.lib.common.rest_client [req-0a08c9fb-c961-4553-99d2-c04eb4a1ccbd req-0a08c9fb-c961-4553-99d2-c04eb4a1ccbd ] Request (ServersAaction247Test:tearDownClass): 200 GET http://10.180.1.21/compute/v2.1/servers/fe275ac2-ffb3-4968-af80-05882e1e5934 0.053s
2025-05-09 06:29:14.633 70063 INFO tempest.lib.common.rest_client [req-96da732b-4444-46e1-85d3-66efdab7f1bd req-96da732b-4444-46e1-85d3-66efdab7f1bd ] Request (SecurityGroupsTestJSON:test_server_security_groups): 200 GET http://10.180.1.21/compute/v2.1/servers/011fa2f1-e165-4355-a4da-f4b28ea7ed04 0.052s
2025-05-09 06:29:14.654 70103 WARNING tempest.lib.common.ssh [-] Failed to establish authenticated ssh connection to cirros@10.180.180.203 ([Errno None] Unable to connect to port 22 on 10.180.180.203). Number attempts: 2. Retry after 3 seconds.: paramiko.ssh_exception.NoValidConnectionsError: [Errno None] Unable to connect to port 22 on 10.180.180.203
2025-05-09 06:29:14.748 70061 INFO tempest.lib.common.rest_client [req-cfe98393-ade5-4e23-8d98-7967976eaf2a req-cfe98393-ade5-4e23-8d98-7967976eaf2a ] Request (DeleteServersAdminTestJSON:test_delete_server_while_in_error_state): 200 GET http://10.180.1.21/compute/v2.1/servers/80bfdf89-2b30-4ec0-8ac9-fc9f9132165e 0.065s
2025-05-09 06:29:14.826 70053 INFO tempest.lib.common.rest_client [req-499c1f5c-2bd6-4364-a2a3-9c8c57575967 req-499c1f5c-2bd6-4364-a2a3-9c8c57575967 ] Request (ServerActionsV293TestJSON:setUpClass): 200 GET http://10.180.1.21/compute/v2.1/servers/8069b8f8-8f10-49c8-a741-5c773d65a30b 0.069s
2025-05-09 06:29:14.861 70065 INFO tempest.lib.common.rest_client [req-b52073c8-8d23-453b-a469-e59a4402751c req-b52073c8-8d23-453b-a469-e59a4402751c ] Request (DeleteServersTestJSON:test_delete_active_server): 200 GET http://10.180.1.21/compute/v2.1/servers/72e42493-8689-4f2a-9192-9aaffc5b1b7d 0.064s
2025-05-09 06:29:14.887 70077 INFO tempest.lib.common.rest_client [req-391a555e-3792-48f9-8c65-f3d47a31af0d req-391a555e-3792-48f9-8c65-f3d47a31af0d ] Request (ImagesOneServerNegativeTestJSON:_run_cleanups): 200 GET http://10.180.1.21/compute/v2.1/servers/897eb04c-8f5a-417e-8a9d-06db9dfe9f40 0.077s
2025-05-09 06:29:14.941 70101 INFO tempest.lib.common.rest_client [req-e03ea29b-ca64-45a3-8f4b-4927bb014c44 req-e03ea29b-ca64-45a3-8f4b-4927bb014c44 ] Request (FloatingIPsAssociationTestJSON:tearDownClass): 200 GET http://10.180.1.21/compute/v2.1/servers/68e9ed83-bd76-4e1c-b0f2-b205ea113158 0.074s
2025-05-09 06:29:15.023 70081 INFO tempest.lib.common.rest_client [req-e58ee8a5-c5b2-4c12-ab89-6c857b3271ac req-e58ee8a5-c5b2-4c12-ab89-6c857b3271ac ] Request (ServersTestJSON:setUpClass): 200 GET http://10.180.1.21/compute/v2.1/servers/5746d847-85be-4587-9a40-ba7ad4beeed3 0.127s
2025-05-09 06:29:15.082 70099 INFO tempest.lib.common.rest_client [req-76704bfb-7840-4f47-81d7-7847f3e23265 req-76704bfb-7840-4f47-81d7-7847f3e23265 ] Request (ListImageFiltersTestJSON:setUpClass): 200 GET http://10.180.1.21/compute/v2.1/servers/13ddd354-488b-49cf-baa2-492046238e22 0.108s
2025-05-09 06:29:15.097 70095 INFO tempest.lib.common.rest_client [req-f69dd8fd-b61d-4765-b9c5-6534a577a191 req-f69dd8fd-b61d-4765-b9c5-6534a577a191 ] Request (MigrationsAdminTest:test_list_migrations_in_flavor_resize_situation): 200 GET http://10.180.1.21/compute/v2.1/servers/f31e0ac1-18d3-4e01-a470-769823a8566a 0.139s
2025-05-09 06:29:15.160 70057 INFO tempest.lib.common.rest_client [req-2ec3116f-2d77-427d-a431-46bf315c8136 req-2ec3116f-2d77-427d-a431-46bf315c8136 ] Request (AttachInterfacesUnderV243Test:_run_cleanups): 200 GET http://10.180.1.21/compute/v2.1/servers/049c7202-5887-496e-91b8-d33af03dc5a3 0.145s
2025-05-09 06:29:15.178 70045 INFO tempest.lib.common.rest_client [req-2f16560a-07ab-4325-be38-284edd038eec req-2f16560a-07ab-4325-be38-284edd038eec ] Request (ServerExternalEventsTest:tearDownClass): 200 GET http://10.180.1.21/compute/v2.1/servers/5860a443-ad02-4932-8569-4526f035cef1 0.094s
2025-05-09 06:29:15.217 70087 INFO tempest.lib.common.rest_client [req-20177d92-78de-49e8-88c5-ae6f8d7d6046 req-20177d92-78de-49e8-88c5-ae6f8d7d6046 ] Request (ServerShowV257Test:test_rebuild_server): 200 GET http://10.180.1.21/compute/v2.1/servers/bb4b3a0b-84ee-48fa-80c7-c7c9da471efa 0.112s
2025-05-09 06:29:15.232 70051 INFO tempest.lib.common.rest_client [req-38df0c4c-af9f-4474-910e-292a702fe176 req-38df0c4c-af9f-4474-910e-292a702fe176 ] Request (ServersAdminTestJSON:setUpClass): 200 GET http://10.180.1.21/compute/v2.1/servers/8ac171a6-3bfa-48ac-b787-c83984f457f6 0.077s
2025-05-09 06:29:15.267 70059 INFO tempest.lib.common.rest_client [req-6c58c384-f9d9-4d6c-bac8-a2895b52c5ef req-6c58c384-f9d9-4d6c-bac8-a2895b52c5ef ] Request (ImagesOneServerTestJSON:setUpClass): 200 GET http://10.180.1.21/compute/v2.1/servers/54b76c78-f851-418d-97d9-67985d7f7c34 0.068s
2025-05-09 06:29:15.322 70055 INFO tempest.lib.common.rest_client [req-1fc24d08-9935-4592-90fe-4845def997a5 req-1fc24d08-9935-4592-90fe-4845def997a5 ] Request (MultipleCreateTestJSON:test_multiple_create): 200 GET http://10.180.1.21/compute/v2.1/servers/5bccdced-79aa-4aec-adc4-033c97647c5b 0.066s
2025-05-09 06:29:15.332 70055 INFO tempest.common.waiters [-] State transition "BUILD/None" ==> "BUILD/networking" after 51 second wait
2025-05-09 06:29:15.378 70071 INFO tempest.lib.common.rest_client [req-ed9dc429-0aaa-4de1-b22e-58ec823d2595 req-ed9dc429-0aaa-4de1-b22e-58ec823d2595 ] Request (ListServerFiltersTestJSON:setUpClass): 200 GET http://10.180.1.21/compute/v2.1/servers/fc5c12e6-eb79-4625-97b3-114b8daf25d8 0.071s
2025-05-09 06:29:15.412 70047 INFO tempest.lib.common.rest_client [req-46699650-ad39-4f85-935b-71ed3f851646 req-46699650-ad39-4f85-935b-71ed3f851646 ] Request (ServersTestMultiNic:_run_cleanups): 200 GET http://10.180.1.21/compute/v2.1/servers/224675a2-3582-44e3-a8f4-95973b08c952 0.106s
2025-05-09 06:29:15.431 70091 INFO tempest.lib.common.rest_client [req-acb83053-5689-4fdc-9a7e-23e9c3aaf0c9 req-acb83053-5689-4fdc-9a7e-23e9c3aaf0c9 ] Request (VolumesAdminNegativeTest:test_update_attached_volume_with_nonexistent_volume_in_body): 200 GET http://10.180.1.21/compute/v2.1/servers/5d1f86e1-e8a6-47a4-aa7f-7fc116381fc9 0.067s
2025-05-09 06:29:15.475 70067 INFO tempest.lib.common.rest_client [req-199ae1a9-2372-4cf2-b983-f0d852ec7d24 req-199ae1a9-2372-4cf2-b983-f0d852ec7d24 ] Request (InstanceActionsTestJSON:tearDownClass): 200 GET http://10.180.1.21/compute/v2.1/servers/7d17d945-2842-4a56-b98e-01c3b70be86c 0.083s
2025-05-09 06:29:15.534 70069 INFO tempest.lib.common.rest_client [req-d725929d-b407-4412-b750-b02abae3ac4d req-d725929d-b407-4412-b750-b02abae3ac4d ] Request (ServerMetadataTestJSON:tearDownClass): 200 GET http://10.180.1.21/compute/v2.1/servers/2ed3903a-a251-4071-8eb0-56b9e524982a 0.069s
2025-05-09 06:29:15.546 70097 INFO tempest.lib.common.rest_client [req-8502cc23-b714-4cd5-8fec-1696a91f37c6 req-8502cc23-b714-4cd5-8fec-1696a91f37c6 ] Request (ListServersNegativeTestJSON:tearDownClass): 200 GET http://10.180.1.21/compute/v2.1/servers/65f903d8-60b0-435f-99b1-a918ed41efa7 0.065s
2025-05-09 06:29:15.586 70075 INFO tempest.lib.common.rest_client [req-674f253c-767f-40c9-8d8d-8c46b933c8f9 req-674f253c-767f-40c9-8d8d-8c46b933c8f9 ] Request (InstanceActionsNegativeTestJSON:setUpClass): 200 GET http://10.180.1.21/compute/v2.1/servers/4d1fd36b-f212-4c34-8c68-f6df19a3f33c 0.055s
2025-05-09 06:29:15.617 70043 INFO tempest.lib.common.rest_client [req-8dfd72c9-f61d-477e-81fd-e80bc68b4d8d req-8dfd72c9-f61d-477e-81fd-e80bc68b4d8d ] Request (ServersAdminNegativeTestJSON:tearDownClass): 200 GET http://10.180.1.21/compute/v2.1/servers/cae6e452-e086-446f-808d-04dc217316ba 0.084s
2025-05-09 06:29:15.665 70073 INFO tempest.lib.common.rest_client [req-b5c24fae-d364-49c4-88a0-0956e41e1b31 req-b5c24fae-d364-49c4-88a0-0956e41e1b31 ] Request (ServerMetadataNegativeTestJSON:tearDownClass): 200 GET http://10.180.1.21/compute/v2.1/servers/be01c1b4-a7c3-4508-a645-4e6856590255 0.068s
2025-05-09 06:29:15.689 70085 INFO tempest.lib.common.rest_client [req-a0fac1c9-0e6c-4a46-b261-b397dbea3750 req-a0fac1c9-0e6c-4a46-b261-b397dbea3750 ] Request (ServersAaction247Test:tearDownClass): 200 GET http://10.180.1.21/compute/v2.1/servers/fe275ac2-ffb3-4968-af80-05882e1e5934 0.089s
2025-05-09 06:29:15.716 70063 INFO tempest.lib.common.rest_client [req-53def43e-799e-46e8-881d-fb22bb713b17 req-53def43e-799e-46e8-881d-fb22bb713b17 ] Request (SecurityGroupsTestJSON:test_server_security_groups): 200 GET http://10.180.1.21/compute/v2.1/servers/011fa2f1-e165-4355-a4da-f4b28ea7ed04 0.075s
2025-05-09 06:29:15.842 70061 INFO tempest.lib.common.rest_client [req-8eb8b03c-d362-4b6f-ad3a-ae88b8479d8f req-8eb8b03c-d362-4b6f-ad3a-ae88b8479d8f ] Request (DeleteServersAdminTestJSON:test_delete_server_while_in_error_state): 200 GET http://10.180.1.21/compute/v2.1/servers/80bfdf89-2b30-4ec0-8ac9-fc9f9132165e 0.085s
2025-05-09 06:29:15.850 70061 INFO tempest.common.waiters [-] State transition "ERROR/deleting" ==> "DELETED/None" after 3 second wait
2025-05-09 06:29:15.904 70053 INFO tempest.lib.common.rest_client [req-d815037b-b292-4392-8c55-6ef2a7d4b21f req-d815037b-b292-4392-8c55-6ef2a7d4b21f ] Request (ServerActionsV293TestJSON:setUpClass): 200 GET http://10.180.1.21/compute/v2.1/servers/8069b8f8-8f10-49c8-a741-5c773d65a30b 0.064s
2025-05-09 06:29:15.928 70065 INFO tempest.lib.common.rest_client [req-460a22df-8e03-43c0-b832-39102be0b2d9 req-460a22df-8e03-43c0-b832-39102be0b2d9 ] Request (DeleteServersTestJSON:test_delete_active_server): 200 GET http://10.180.1.21/compute/v2.1/servers/72e42493-8689-4f2a-9192-9aaffc5b1b7d 0.060s
2025-05-09 06:29:15.963 70077 INFO tempest.lib.common.rest_client [req-e31fd9e6-2e2f-49f6-8b84-58d46528bcb7 req-e31fd9e6-2e2f-49f6-8b84-58d46528bcb7 ] Request (ImagesOneServerNegativeTestJSON:_run_cleanups): 200 GET http://10.180.1.21/compute/v2.1/servers/897eb04c-8f5a-417e-8a9d-06db9dfe9f40 0.067s
2025-05-09 06:29:16.035 70101 INFO tempest.lib.common.rest_client [req-447e8f2c-2542-4cf4-8549-26cd1939ca6a req-447e8f2c-2542-4cf4-8549-26cd1939ca6a ] Request (FloatingIPsAssociationTestJSON:tearDownClass): 200 GET http://10.180.1.21/compute/v2.1/servers/68e9ed83-bd76-4e1c-b0f2-b205ea113158 0.086s
2025-05-09 06:29:16.150 70081 INFO tempest.lib.common.rest_client [req-21d5a9da-7b1c-4caf-896d-a858646b69c5 req-21d5a9da-7b1c-4caf-896d-a858646b69c5 ] Request (ServersTestJSON:setUpClass): 200 GET http://10.180.1.21/compute/v2.1/servers/5746d847-85be-4587-9a40-ba7ad4beeed3 0.119s
2025-05-09 06:29:16.169 70099 INFO tempest.lib.common.rest_client [req-1a48dde3-649f-48e2-947a-3d7da5bcfc9a req-1a48dde3-649f-48e2-947a-3d7da5bcfc9a ] Request (ListImageFiltersTestJSON:setUpClass): 200 GET http://10.180.1.21/compute/v2.1/servers/13ddd354-488b-49cf-baa2-492046238e22 0.073s
2025-05-09 06:29:16.244 70057 INFO tempest.lib.common.rest_client [req-de0c868a-c220-4054-b1aa-9290e881f74a req-de0c868a-c220-4054-b1aa-9290e881f74a ] Request (AttachInterfacesUnderV243Test:_run_cleanups): 200 GET http://10.180.1.21/compute/v2.1/servers/049c7202-5887-496e-91b8-d33af03dc5a3 0.075s
2025-05-09 06:29:16.311 70045 INFO tempest.lib.common.rest_client [req-10edbc82-574f-4aad-9725-f40804dd51c2 req-10edbc82-574f-4aad-9725-f40804dd51c2 ] Request (ServerExternalEventsTest:tearDownClass): 200 GET http://10.180.1.21/compute/v2.1/servers/5860a443-ad02-4932-8569-4526f035cef1 0.123s
2025-05-09 06:29:16.323 70095 INFO tempest.lib.common.rest_client [req-646437d8-5b9a-401a-8877-1cce169a51a7 req-646437d8-5b9a-401a-8877-1cce169a51a7 ] Request (MigrationsAdminTest:test_list_migrations_in_flavor_resize_situation): 200 GET http://10.180.1.21/compute/v2.1/servers/f31e0ac1-18d3-4e01-a470-769823a8566a 0.210s
2025-05-09 06:29:16.385 70051 INFO tempest.lib.common.rest_client [req-0aa3fe8c-20c3-4ac1-956f-a95abf43a484 req-0aa3fe8c-20c3-4ac1-956f-a95abf43a484 ] Request (ServersAdminTestJSON:setUpClass): 200 GET http://10.180.1.21/compute/v2.1/servers/8ac171a6-3bfa-48ac-b787-c83984f457f6 0.146s
2025-05-09 06:29:16.392 70087 INFO tempest.lib.common.rest_client [req-5a3a95ba-93e5-4e93-8734-5b26ddd398df req-5a3a95ba-93e5-4e93-8734-5b26ddd398df ] Request (ServerShowV257Test:test_rebuild_server): 200 GET http://10.180.1.21/compute/v2.1/servers/bb4b3a0b-84ee-48fa-80c7-c7c9da471efa 0.162s
2025-05-09 06:29:16.441 70059 INFO tempest.lib.common.rest_client [req-dd7fc3c1-e0e6-4056-abca-62068023e1ef req-dd7fc3c1-e0e6-4056-abca-62068023e1ef ] Request (ImagesOneServerTestJSON:setUpClass): 200 GET http://10.180.1.21/compute/v2.1/servers/54b76c78-f851-418d-97d9-67985d7f7c34 0.167s
2025-05-09 06:29:16.510 70071 INFO tempest.lib.common.rest_client [req-0f419fae-7f0b-49ba-a2ce-ebeee4261e1b req-0f419fae-7f0b-49ba-a2ce-ebeee4261e1b ] Request (ListServerFiltersTestJSON:setUpClass): 200 GET http://10.180.1.21/compute/v2.1/servers/fc5c12e6-eb79-4625-97b3-114b8daf25d8 0.121s
2025-05-09 06:29:16.528 70055 INFO tempest.lib.common.rest_client [req-203b4fee-dbfc-45c9-a2a3-31039d1ccc1c req-203b4fee-dbfc-45c9-a2a3-31039d1ccc1c ] Request (MultipleCreateTestJSON:test_multiple_create): 200 GET http://10.180.1.21/compute/v2.1/servers/5bccdced-79aa-4aec-adc4-033c97647c5b 0.191s
2025-05-09 06:29:16.535 70055 INFO tempest.common.waiters [-] State transition "BUILD/networking" ==> "BUILD/block_device_mapping" after 52 second wait
2025-05-09 06:29:16.589 70091 INFO tempest.lib.common.rest_client [req-89808ed7-541b-4e25-ad46-10f930e1de59 req-89808ed7-541b-4e25-ad46-10f930e1de59 ] Request (VolumesAdminNegativeTest:test_update_attached_volume_with_nonexistent_volume_in_body): 200 GET http://10.180.1.21/compute/v2.1/servers/5d1f86e1-e8a6-47a4-aa7f-7fc116381fc9 0.144s
2025-05-09 06:29:16.640 70047 INFO tempest.lib.common.rest_client [req-6e384c03-1e26-441b-81de-0c9ca9a85773 req-6e384c03-1e26-441b-81de-0c9ca9a85773 ] Request (ServersTestMultiNic:_run_cleanups): 200 GET http://10.180.1.21/compute/v2.1/servers/224675a2-3582-44e3-a8f4-95973b08c952 0.217s
2025-05-09 06:29:16.653 70067 INFO tempest.lib.common.rest_client [req-513af8da-0b4a-4589-aaeb-2fa4ff183c82 req-513af8da-0b4a-4589-aaeb-2fa4ff183c82 ] Request (InstanceActionsTestJSON:tearDownClass): 200 GET http://10.180.1.21/compute/v2.1/servers/7d17d945-2842-4a56-b98e-01c3b70be86c 0.168s
2025-05-09 06:29:16.706 70069 INFO tempest.lib.common.rest_client [req-666e9be4-2951-4b03-9c83-71311a79c36e req-666e9be4-2951-4b03-9c83-71311a79c36e ] Request (ServerMetadataTestJSON:tearDownClass): 200 GET http://10.180.1.21/compute/v2.1/servers/2ed3903a-a251-4071-8eb0-56b9e524982a 0.160s
2025-05-09 06:29:16.748 70097 INFO tempest.lib.common.rest_client [req-c23874b8-b232-4ab0-9ecb-eb4bba6f1fa0 req-c23874b8-b232-4ab0-9ecb-eb4bba6f1fa0 ] Request (ListServersNegativeTestJSON:tearDownClass): 200 GET http://10.180.1.21/compute/v2.1/servers/65f903d8-60b0-435f-99b1-a918ed41efa7 0.192s
2025-05-09 06:29:16.762 70075 INFO tempest.lib.common.rest_client [req-52b03e92-3a02-41cf-9c3f-88ab80ea6d2c req-52b03e92-3a02-41cf-9c3f-88ab80ea6d2c ] Request (InstanceActionsNegativeTestJSON:setUpClass): 200 GET http://10.180.1.21/compute/v2.1/servers/4d1fd36b-f212-4c34-8c68-f6df19a3f33c 0.168s
2025-05-09 06:29:16.822 70073 INFO tempest.lib.common.rest_client [req-ef41e4d8-24db-473c-afcb-ecf47b38ceac req-ef41e4d8-24db-473c-afcb-ecf47b38ceac ] Request (ServerMetadataNegativeTestJSON:tearDownClass): 200 GET http://10.180.1.21/compute/v2.1/servers/be01c1b4-a7c3-4508-a645-4e6856590255 0.149s
2025-05-09 06:29:16.829 70043 INFO tempest.lib.common.rest_client [req-0595ae13-2485-4a98-b953-495ff7da0499 req-0595ae13-2485-4a98-b953-495ff7da0499 ] Request (ServersAdminNegativeTestJSON:tearDownClass): 200 GET http://10.180.1.21/compute/v2.1/servers/cae6e452-e086-446f-808d-04dc217316ba 0.201s
2025-05-09 06:29:16.895 70085 INFO tempest.lib.common.rest_client [req-64d5f4f1-4605-4aa6-bc49-6890f09096cd req-64d5f4f1-4605-4aa6-bc49-6890f09096cd ] Request (ServersAaction247Test:tearDownClass): 200 GET http://10.180.1.21/compute/v2.1/servers/fe275ac2-ffb3-4968-af80-05882e1e5934 0.197s
2025-05-09 06:29:16.906 70063 INFO tempest.lib.common.rest_client [req-b3862c0b-2556-45ca-ba3d-aef6a689f097 req-b3862c0b-2556-45ca-ba3d-aef6a689f097 ] Request (SecurityGroupsTestJSON:test_server_security_groups): 200 GET http://10.180.1.21/compute/v2.1/servers/011fa2f1-e165-4355-a4da-f4b28ea7ed04 0.182s
2025-05-09 06:29:16.976 70061 INFO tempest.lib.common.rest_client [req-3f2bd122-fa16-49f4-a17f-c136b17ae097 req-3f2bd122-fa16-49f4-a17f-c136b17ae097 ] Request (DeleteServersAdminTestJSON:test_delete_server_while_in_error_state): 200 GET http://10.180.1.21/compute/v2.1/servers/80bfdf89-2b30-4ec0-8ac9-fc9f9132165e 0.124s
2025-05-09 06:29:16.998 70053 INFO tempest.lib.common.rest_client [req-79c72709-5fd2-456d-be67-e2aac4dc26db req-79c72709-5fd2-456d-be67-e2aac4dc26db ] Request (ServerActionsV293TestJSON:setUpClass): 200 GET http://10.180.1.21/compute/v2.1/servers/8069b8f8-8f10-49c8-a741-5c773d65a30b 0.083s
2025-05-09 06:29:17.051 70065 INFO tempest.lib.common.rest_client [req-0587896d-5a1b-4027-b8e8-558b7b2a4d59 req-0587896d-5a1b-4027-b8e8-558b7b2a4d59 ] Request (DeleteServersTestJSON:test_delete_active_server): 200 GET http://10.180.1.21/compute/v2.1/servers/72e42493-8689-4f2a-9192-9aaffc5b1b7d 0.114s
2025-05-09 06:29:17.072 70077 INFO tempest.lib.common.rest_client [req-33ff42ca-2b44-4b4a-b6ad-7a96fc3dd3d7 req-33ff42ca-2b44-4b4a-b6ad-7a96fc3dd3d7 ] Request (ImagesOneServerNegativeTestJSON:_run_cleanups): 200 GET http://10.180.1.21/compute/v2.1/servers/897eb04c-8f5a-417e-8a9d-06db9dfe9f40 0.092s
2025-05-09 06:29:17.134 70101 INFO tempest.lib.common.rest_client [req-59b09dda-e49c-4370-99d9-fbdcf365f9b3 req-59b09dda-e49c-4370-99d9-fbdcf365f9b3 ] Request (FloatingIPsAssociationTestJSON:tearDownClass): 200 GET http://10.180.1.21/compute/v2.1/servers/68e9ed83-bd76-4e1c-b0f2-b205ea113158 0.090s
2025-05-09 06:29:17.238 70099 INFO tempest.lib.common.rest_client [req-88bb8806-e79e-48f4-ba32-365e047407e9 req-88bb8806-e79e-48f4-ba32-365e047407e9 ] Request (ListImageFiltersTestJSON:setUpClass): 200 GET http://10.180.1.21/compute/v2.1/servers/13ddd354-488b-49cf-baa2-492046238e22 0.053s
2025-05-09 06:29:17.289 70081 INFO tempest.lib.common.rest_client [req-c1b7d1cb-877d-469f-a01d-ecce1c78cf66 req-c1b7d1cb-877d-469f-a01d-ecce1c78cf66 ] Request (ServersTestJSON:setUpClass): 200 GET http://10.180.1.21/compute/v2.1/servers/5746d847-85be-4587-9a40-ba7ad4beeed3 0.124s
2025-05-09 06:29:17.315 70057 INFO tempest.lib.common.rest_client [req-a4d73c1e-1a8b-4c5d-ba90-ce46f1619104 req-a4d73c1e-1a8b-4c5d-ba90-ce46f1619104 ] Request (AttachInterfacesUnderV243Test:_run_cleanups): 200 GET http://10.180.1.21/compute/v2.1/servers/049c7202-5887-496e-91b8-d33af03dc5a3 0.061s
2025-05-09 06:29:17.400 70045 INFO tempest.lib.common.rest_client [req-225e8b70-185a-4899-94cc-7e399842094c req-225e8b70-185a-4899-94cc-7e399842094c ] Request (ServerExternalEventsTest:tearDownClass): 200 GET http://10.180.1.21/compute/v2.1/servers/5860a443-ad02-4932-8569-4526f035cef1 0.071s
2025-05-09 06:29:17.430 70095 INFO tempest.lib.common.rest_client [req-b00237ae-46b7-44dc-8337-d7a939b9c85a req-b00237ae-46b7-44dc-8337-d7a939b9c85a ] Request (MigrationsAdminTest:test_list_migrations_in_flavor_resize_situation): 200 GET http://10.180.1.21/compute/v2.1/servers/f31e0ac1-18d3-4e01-a470-769823a8566a 0.096s
2025-05-09 06:29:17.439 70095 INFO tempest.common.waiters [-] State transition "RESIZE/resize_migrating" ==> "RESIZE/resize_migrated" after 43 second wait
2025-05-09 06:29:17.465 70051 INFO tempest.lib.common.rest_client [req-0f8b73a0-9266-4753-8ba4-32a7d379d45d req-0f8b73a0-9266-4753-8ba4-32a7d379d45d ] Request (ServersAdminTestJSON:setUpClass): 200 GET http://10.180.1.21/compute/v2.1/servers/8ac171a6-3bfa-48ac-b787-c83984f457f6 0.066s
2025-05-09 06:29:17.496 70087 INFO tempest.lib.common.rest_client [req-5ae730f5-3cfa-4921-b89c-1045c6be3607 req-5ae730f5-3cfa-4921-b89c-1045c6be3607 ] Request (ServerShowV257Test:test_rebuild_server): 200 GET http://10.180.1.21/compute/v2.1/servers/bb4b3a0b-84ee-48fa-80c7-c7c9da471efa 0.093s
2025-05-09 06:29:17.544 70059 INFO tempest.lib.common.rest_client [req-e45eba18-0424-45b5-849a-f05ab2ef8a64 req-e45eba18-0424-45b5-849a-f05ab2ef8a64 ] Request (ImagesOneServerTestJSON:setUpClass): 200 GET http://10.180.1.21/compute/v2.1/servers/54b76c78-f851-418d-97d9-67985d7f7c34 0.088s
2025-05-09 06:29:17.577 70071 INFO tempest.lib.common.rest_client [req-fd2db401-d892-4e83-b746-fe5502d6ad4c req-fd2db401-d892-4e83-b746-fe5502d6ad4c ] Request (ListServerFiltersTestJSON:setUpClass): 200 GET http://10.180.1.21/compute/v2.1/servers/fc5c12e6-eb79-4625-97b3-114b8daf25d8 0.057s
2025-05-09 06:29:17.650 70091 INFO tempest.lib.common.rest_client [req-82da4dc6-9e7d-43d2-8a12-4b60e196f31e req-82da4dc6-9e7d-43d2-8a12-4b60e196f31e ] Request (VolumesAdminNegativeTest:test_update_attached_volume_with_nonexistent_volume_in_body): 200 GET http://10.180.1.21/compute/v2.1/servers/5d1f86e1-e8a6-47a4-aa7f-7fc116381fc9 0.052s
2025-05-09 06:29:17.709 70047 INFO tempest.lib.common.rest_client [req-9fe3d1d3-2919-40aa-95ad-1cf3f5abbec9 req-9fe3d1d3-2919-40aa-95ad-1cf3f5abbec9 ] Request (ServersTestMultiNic:_run_cleanups): 200 GET http://10.180.1.21/compute/v2.1/servers/224675a2-3582-44e3-a8f4-95973b08c952 0.058s
2025-05-09 06:29:17.724 70055 INFO tempest.lib.common.rest_client [req-0e231b2e-e090-4b76-bfa3-1c776091ba28 req-0e231b2e-e090-4b76-bfa3-1c776091ba28 ] Request (MultipleCreateTestJSON:test_multiple_create): 200 GET http://10.180.1.21/compute/v2.1/servers/5bccdced-79aa-4aec-adc4-033c97647c5b 0.187s
2025-05-09 06:29:17.731 70055 INFO tempest.common.waiters [-] State transition "BUILD/block_device_mapping" ==> "BUILD/spawning" after 53 second wait
2025-05-09 06:29:17.782 70067 INFO tempest.lib.common.rest_client [req-1896c698-3967-48bb-9ebe-34616a7ec79c req-1896c698-3967-48bb-9ebe-34616a7ec79c ] Request (InstanceActionsTestJSON:tearDownClass): 200 GET http://10.180.1.21/compute/v2.1/servers/7d17d945-2842-4a56-b98e-01c3b70be86c 0.120s
2025-05-09 06:29:17.796 70069 INFO tempest.lib.common.rest_client [req-c5426e38-a231-4f9b-b62a-a66a58465ff4 req-c5426e38-a231-4f9b-b62a-a66a58465ff4 ] Request (ServerMetadataTestJSON:tearDownClass): 200 GET http://10.180.1.21/compute/v2.1/servers/2ed3903a-a251-4071-8eb0-56b9e524982a 0.077s
2025-05-09 06:29:17.843 70097 INFO tempest.lib.common.rest_client [req-fe9be237-859f-441e-981d-849daed4eda6 req-fe9be237-859f-441e-981d-849daed4eda6 ] Request (ListServersNegativeTestJSON:tearDownClass): 200 GET http://10.180.1.21/compute/v2.1/servers/65f903d8-60b0-435f-99b1-a918ed41efa7 0.087s
2025-05-09 06:29:17.857 70075 INFO tempest.lib.common.rest_client [req-526d20d7-1a5b-4195-99a1-5465bed7cbe8 req-526d20d7-1a5b-4195-99a1-5465bed7cbe8 ] Request (InstanceActionsNegativeTestJSON:setUpClass): 200 GET http://10.180.1.21/compute/v2.1/servers/4d1fd36b-f212-4c34-8c68-f6df19a3f33c 0.085s
2025-05-09 06:29:17.900 70073 INFO tempest.lib.common.rest_client [req-a5d40164-f427-42f5-a8d8-061ac5a12b31 req-a5d40164-f427-42f5-a8d8-061ac5a12b31 ] Request (ServerMetadataNegativeTestJSON:tearDownClass): 200 GET http://10.180.1.21/compute/v2.1/servers/be01c1b4-a7c3-4508-a645-4e6856590255 0.069s
2025-05-09 06:29:17.910 70043 INFO tempest.lib.common.rest_client [req-95df9488-70ee-4aef-a3c8-7f3ab3518347 req-95df9488-70ee-4aef-a3c8-7f3ab3518347 ] Request (ServersAdminNegativeTestJSON:tearDownClass): 200 GET http://10.180.1.21/compute/v2.1/servers/cae6e452-e086-446f-808d-04dc217316ba 0.066s
2025-05-09 06:29:17.964 70063 INFO tempest.lib.common.rest_client [req-c0b83752-7c70-4cb3-8558-a6fe43687f7c req-c0b83752-7c70-4cb3-8558-a6fe43687f7c ] Request (SecurityGroupsTestJSON:test_server_security_groups): 200 GET http://10.180.1.21/compute/v2.1/servers/011fa2f1-e165-4355-a4da-f4b28ea7ed04 0.048s
2025-05-09 06:29:17.965 70085 INFO tempest.lib.common.rest_client [req-fdf3f72d-f621-4263-96cd-289d68b3d235 req-fdf3f72d-f621-4263-96cd-289d68b3d235 ] Request (ServersAaction247Test:tearDownClass): 200 GET http://10.180.1.21/compute/v2.1/servers/fe275ac2-ffb3-4968-af80-05882e1e5934 0.059s
2025-05-09 06:29:17.973 70085 INFO tempest.common.waiters [-] State transition "ACTIVE/deleting" ==> "DELETED/None" after 4 second wait
2025-05-09 06:29:18.037 70079 WARNING tempest.lib.common.ssh [-] Failed to establish authenticated ssh connection to cirros@10.180.180.166 ([Errno None] Unable to connect to port 22 on 10.180.180.166). Number attempts: 3. Retry after 4 seconds.: paramiko.ssh_exception.NoValidConnectionsError: [Errno None] Unable to connect to port 22 on 10.180.180.166
2025-05-09 06:29:18.043 70061 INFO tempest.lib.common.rest_client [req-9fafc1d0-9edb-47c8-a136-306ff211a272 req-9fafc1d0-9edb-47c8-a136-306ff211a272 ] Request (DeleteServersAdminTestJSON:test_delete_server_while_in_error_state): 200 GET http://10.180.1.21/compute/v2.1/servers/80bfdf89-2b30-4ec0-8ac9-fc9f9132165e 0.056s
2025-05-09 06:29:18.063 70053 INFO tempest.lib.common.rest_client [req-1c3aa57e-e4e6-4ee7-861b-4d6b69beed33 req-1c3aa57e-e4e6-4ee7-861b-4d6b69beed33 ] Request (ServerActionsV293TestJSON:setUpClass): 200 GET http://10.180.1.21/compute/v2.1/servers/8069b8f8-8f10-49c8-a741-5c773d65a30b 0.055s
2025-05-09 06:29:18.109 70065 INFO tempest.lib.common.rest_client [req-15160394-ce8e-4249-b943-72cd72077c8d req-15160394-ce8e-4249-b943-72cd72077c8d ] Request (DeleteServersTestJSON:test_delete_active_server): 200 GET http://10.180.1.21/compute/v2.1/servers/72e42493-8689-4f2a-9192-9aaffc5b1b7d 0.050s
2025-05-09 06:29:18.131 70077 INFO tempest.lib.common.rest_client [req-82f7d2c6-66f7-4973-a174-94366720b7ef req-82f7d2c6-66f7-4973-a174-94366720b7ef ] Request (ImagesOneServerNegativeTestJSON:_run_cleanups): 200 GET http://10.180.1.21/compute/v2.1/servers/897eb04c-8f5a-417e-8a9d-06db9dfe9f40 0.050s
2025-05-09 06:29:18.159 70103 WARNING tempest.lib.common.ssh [-] Failed to establish authenticated ssh connection to cirros@10.180.180.203 ([Errno None] Unable to connect to port 22 on 10.180.180.203). Number attempts: 3. Retry after 4 seconds.: paramiko.ssh_exception.NoValidConnectionsError: [Errno None] Unable to connect to port 22 on 10.180.180.203
2025-05-09 06:29:18.197 70101 INFO tempest.lib.common.rest_client [req-5f083422-d19d-4da1-ae15-8be07f6f1e1b req-5f083422-d19d-4da1-ae15-8be07f6f1e1b ] Request (FloatingIPsAssociationTestJSON:tearDownClass): 200 GET http://10.180.1.21/compute/v2.1/servers/68e9ed83-bd76-4e1c-b0f2-b205ea113158 0.054s
2025-05-09 06:29:18.294 70099 INFO tempest.lib.common.rest_client [req-8ba6682f-27b7-4a99-b97d-e6648c08c2e0 req-8ba6682f-27b7-4a99-b97d-e6648c08c2e0 ] Request (ListImageFiltersTestJSON:setUpClass): 200 GET http://10.180.1.21/compute/v2.1/servers/13ddd354-488b-49cf-baa2-492046238e22 0.047s
2025-05-09 06:29:18.381 70057 INFO tempest.lib.common.rest_client [req-5bb02edd-7c8f-46c4-8ea6-2a1c4c49aa11 req-5bb02edd-7c8f-46c4-8ea6-2a1c4c49aa11 ] Request (AttachInterfacesUnderV243Test:_run_cleanups): 200 GET http://10.180.1.21/compute/v2.1/servers/049c7202-5887-496e-91b8-d33af03dc5a3 0.057s
2025-05-09 06:29:18.386 70081 INFO tempest.lib.common.rest_client [req-fa5c1681-ad23-411c-acf5-52ff2e4382d2 req-fa5c1681-ad23-411c-acf5-52ff2e4382d2 ] Request (ServersTestJSON:setUpClass): 200 GET http://10.180.1.21/compute/v2.1/servers/5746d847-85be-4587-9a40-ba7ad4beeed3 0.089s
2025-05-09 06:29:18.464 70045 INFO tempest.lib.common.rest_client [req-1c1533e3-8013-4959-bb17-0be1d52ffb58 req-1c1533e3-8013-4959-bb17-0be1d52ffb58 ] Request (ServerExternalEventsTest:tearDownClass): 200 GET http://10.180.1.21/compute/v2.1/servers/5860a443-ad02-4932-8569-4526f035cef1 0.056s
2025-05-09 06:29:18.537 70051 INFO tempest.lib.common.rest_client [req-ac6f1383-8bc7-4159-8c6d-76321a133cee req-ac6f1383-8bc7-4159-8c6d-76321a133cee ] Request (ServersAdminTestJSON:setUpClass): 200 GET http://10.180.1.21/compute/v2.1/servers/8ac171a6-3bfa-48ac-b787-c83984f457f6 0.058s
2025-05-09 06:29:18.595 70087 INFO tempest.lib.common.rest_client [req-8c7718d5-c57f-4a45-b9e7-cfd09d7bd3b1 req-8c7718d5-c57f-4a45-b9e7-cfd09d7bd3b1 ] Request (ServerShowV257Test:test_rebuild_server): 200 GET http://10.180.1.21/compute/v2.1/servers/bb4b3a0b-84ee-48fa-80c7-c7c9da471efa 0.085s
2025-05-09 06:29:18.651 70059 INFO tempest.lib.common.rest_client [req-685a328c-de40-4592-9cff-9143e5e6b49c req-685a328c-de40-4592-9cff-9143e5e6b49c ] Request (ImagesOneServerTestJSON:setUpClass): 200 GET http://10.180.1.21/compute/v2.1/servers/54b76c78-f851-418d-97d9-67985d7f7c34 0.099s
2025-05-09 06:29:18.717 70071 INFO tempest.lib.common.rest_client [req-fd71486a-dbfe-433e-9738-6cbbbeed9f21 req-fd71486a-dbfe-433e-9738-6cbbbeed9f21 ] Request (ListServerFiltersTestJSON:setUpClass): 200 GET http://10.180.1.21/compute/v2.1/servers/fc5c12e6-eb79-4625-97b3-114b8daf25d8 0.131s
2025-05-09 06:29:18.786 70091 INFO tempest.lib.common.rest_client [req-3db2b79a-4eac-48bf-99d9-11cf7e7bc16f req-3db2b79a-4eac-48bf-99d9-11cf7e7bc16f ] Request (VolumesAdminNegativeTest:test_update_attached_volume_with_nonexistent_volume_in_body): 200 GET http://10.180.1.21/compute/v2.1/servers/5d1f86e1-e8a6-47a4-aa7f-7fc116381fc9 0.128s
2025-05-09 06:29:18.853 70047 INFO tempest.lib.common.rest_client [req-f96407dc-8001-43b8-be37-387804ba9f1d req-f96407dc-8001-43b8-be37-387804ba9f1d ] Request (ServersTestMultiNic:_run_cleanups): 200 GET http://10.180.1.21/compute/v2.1/servers/224675a2-3582-44e3-a8f4-95973b08c952 0.133s
2025-05-09 06:29:18.863 70047 INFO tempest.common.waiters [-] State transition "ACTIVE/deleting" ==> "DELETED/None" after 4 second wait
2025-05-09 06:29:18.940 70095 INFO tempest.lib.common.rest_client [req-68974f29-6d65-4e0f-a786-e6fbe9dc8c74 req-68974f29-6d65-4e0f-a786-e6fbe9dc8c74 ] Request (MigrationsAdminTest:test_list_migrations_in_flavor_resize_situation): 200 GET http://10.180.1.21/compute/v2.1/servers/f31e0ac1-18d3-4e01-a470-769823a8566a 0.501s
2025-05-09 06:29:19.018 70067 INFO tempest.lib.common.rest_client [req-14634144-b508-45f1-b5a6-6864ccf18e4b req-14634144-b508-45f1-b5a6-6864ccf18e4b ] Request (InstanceActionsTestJSON:tearDownClass): 200 GET http://10.180.1.21/compute/v2.1/servers/7d17d945-2842-4a56-b98e-01c3b70be86c 0.228s
2025-05-09 06:29:19.058 70055 INFO tempest.lib.common.rest_client [req-dc2b1ab6-c3c8-44e0-85a7-8c201f052e77 req-dc2b1ab6-c3c8-44e0-85a7-8c201f052e77 ] Request (MultipleCreateTestJSON:test_multiple_create): 200 GET http://10.180.1.21/compute/v2.1/servers/5bccdced-79aa-4aec-adc4-033c97647c5b 0.326s
2025-05-09 06:29:19.090 70069 INFO tempest.lib.common.rest_client [req-4ee00a0b-df86-4898-95d6-3ba0cf789a3c req-4ee00a0b-df86-4898-95d6-3ba0cf789a3c ] Request (ServerMetadataTestJSON:tearDownClass): 200 GET http://10.180.1.21/compute/v2.1/servers/2ed3903a-a251-4071-8eb0-56b9e524982a 0.285s
2025-05-09 06:29:19.131 70097 INFO tempest.lib.common.rest_client [req-55285e4a-2be1-452a-a53a-824551fbbe15 req-55285e4a-2be1-452a-a53a-824551fbbe15 ] Request (ListServersNegativeTestJSON:tearDownClass): 200 GET http://10.180.1.21/compute/v2.1/servers/65f903d8-60b0-435f-99b1-a918ed41efa7 0.279s
2025-05-09 06:29:19.150 70075 INFO tempest.lib.common.rest_client [req-354323df-bbb9-488a-b046-94ee89ac6793 req-354323df-bbb9-488a-b046-94ee89ac6793 ] Request (InstanceActionsNegativeTestJSON:setUpClass): 200 GET http://10.180.1.21/compute/v2.1/servers/4d1fd36b-f212-4c34-8c68-f6df19a3f33c 0.285s
2025-05-09 06:29:19.214 70043 INFO tempest.lib.common.rest_client [req-ec312e7c-436e-4509-b470-135b7b910831 req-ec312e7c-436e-4509-b470-135b7b910831 ] Request (ServersAdminNegativeTestJSON:tearDownClass): 200 GET http://10.180.1.21/compute/v2.1/servers/cae6e452-e086-446f-808d-04dc217316ba 0.296s
2025-05-09 06:29:19.225 70073 INFO tempest.lib.common.rest_client [req-fdea09c4-ec36-4614-933a-f7b427326634 req-fdea09c4-ec36-4614-933a-f7b427326634 ] Request (ServerMetadataNegativeTestJSON:tearDownClass): 200 GET http://10.180.1.21/compute/v2.1/servers/be01c1b4-a7c3-4508-a645-4e6856590255 0.316s
2025-05-09 06:29:19.293 70085 INFO tempest.lib.common.rest_client [req-096b4cf1-247d-415b-a246-4bfeec1f2a89 req-096b4cf1-247d-415b-a246-4bfeec1f2a89 ] Request (ServersAaction247Test:tearDownClass): 200 GET http://10.180.1.21/compute/v2.1/servers/fe275ac2-ffb3-4968-af80-05882e1e5934 0.317s
2025-05-09 06:29:19.338 70063 INFO tempest.lib.common.rest_client [req-ad7118bb-bb62-4313-8bc9-127c81ecdae1 req-ad7118bb-bb62-4313-8bc9-127c81ecdae1 ] Request (SecurityGroupsTestJSON:test_server_security_groups): 200 GET http://10.180.1.21/compute/v2.1/servers/011fa2f1-e165-4355-a4da-f4b28ea7ed04 0.364s
2025-05-09 06:29:19.346 70063 INFO tempest.common.waiters [-] State transition "BUILD/None" ==> "BUILD/block_device_mapping" after 54 second wait
2025-05-09 06:29:19.357 70061 INFO tempest.lib.common.rest_client [req-0ba15e2b-64ea-472f-937b-dfb0c86675fe req-0ba15e2b-64ea-472f-937b-dfb0c86675fe ] Request (DeleteServersAdminTestJSON:test_delete_server_while_in_error_state): 200 GET http://10.180.1.21/compute/v2.1/servers/80bfdf89-2b30-4ec0-8ac9-fc9f9132165e 0.305s
2025-05-09 06:29:19.390 70053 INFO tempest.lib.common.rest_client [req-2e4ad33d-57cb-4cd3-b773-ab25cb6ddf77 req-2e4ad33d-57cb-4cd3-b773-ab25cb6ddf77 ] Request (ServerActionsV293TestJSON:setUpClass): 200 GET http://10.180.1.21/compute/v2.1/servers/8069b8f8-8f10-49c8-a741-5c773d65a30b 0.316s
2025-05-09 06:29:19.405 70065 INFO tempest.lib.common.rest_client [req-18deadc0-5a16-478b-a540-3e37704b670f req-18deadc0-5a16-478b-a540-3e37704b670f ] Request (DeleteServersTestJSON:test_delete_active_server): 200 GET http://10.180.1.21/compute/v2.1/servers/72e42493-8689-4f2a-9192-9aaffc5b1b7d 0.288s
2025-05-09 06:29:19.435 70077 INFO tempest.lib.common.rest_client [req-d9d8cb4e-41e0-4066-93c4-e81c3bfd44a6 req-d9d8cb4e-41e0-4066-93c4-e81c3bfd44a6 ] Request (ImagesOneServerNegativeTestJSON:_run_cleanups): 200 GET http://10.180.1.21/compute/v2.1/servers/897eb04c-8f5a-417e-8a9d-06db9dfe9f40 0.297s
2025-05-09 06:29:19.464 70101 INFO tempest.lib.common.rest_client [req-4aac303a-ab13-43e8-8175-6519b12e30c7 req-4aac303a-ab13-43e8-8175-6519b12e30c7 ] Request (FloatingIPsAssociationTestJSON:tearDownClass): 200 GET http://10.180.1.21/compute/v2.1/servers/68e9ed83-bd76-4e1c-b0f2-b205ea113158 0.259s
2025-05-09 06:29:19.483 70099 INFO tempest.lib.common.rest_client [req-ff4cc3d7-d072-4965-a191-3b42914caf6b req-ff4cc3d7-d072-4965-a191-3b42914caf6b ] Request (ListImageFiltersTestJSON:setUpClass): 200 GET http://10.180.1.21/compute/v2.1/servers/13ddd354-488b-49cf-baa2-492046238e22 0.181s
2025-05-09 06:29:19.521 70057 INFO tempest.lib.common.rest_client [req-03d80e35-d337-4977-a96d-c83685122b0d req-03d80e35-d337-4977-a96d-c83685122b0d ] Request (AttachInterfacesUnderV243Test:_run_cleanups): 200 GET http://10.180.1.21/compute/v2.1/servers/049c7202-5887-496e-91b8-d33af03dc5a3 0.132s
2025-05-09 06:29:19.583 70045 INFO tempest.lib.common.rest_client [req-3cc72f6a-9461-49f0-b721-034d97141391 req-3cc72f6a-9461-49f0-b721-034d97141391 ] Request (ServerExternalEventsTest:tearDownClass): 200 GET http://10.180.1.21/compute/v2.1/servers/5860a443-ad02-4932-8569-4526f035cef1 0.112s
2025-05-09 06:29:19.632 70051 INFO tempest.lib.common.rest_client [req-35f7248e-bcff-4a5a-bb24-f75cb4c66d7c req-35f7248e-bcff-4a5a-bb24-f75cb4c66d7c ] Request (ServersAdminTestJSON:setUpClass): 200 GET http://10.180.1.21/compute/v2.1/servers/8ac171a6-3bfa-48ac-b787-c83984f457f6 0.087s
2025-05-09 06:29:19.652 70081 INFO tempest.lib.common.rest_client [req-92e6b0b9-9d38-430d-9786-e7d9c8f377bd req-92e6b0b9-9d38-430d-9786-e7d9c8f377bd ] Request (ServersTestJSON:setUpClass): 200 GET http://10.180.1.21/compute/v2.1/servers/5746d847-85be-4587-9a40-ba7ad4beeed3 0.259s
2025-05-09 06:29:19.688 70087 INFO tempest.lib.common.rest_client [req-02332d14-4213-4266-b30c-658f53a86ce8 req-02332d14-4213-4266-b30c-658f53a86ce8 ] Request (ServerShowV257Test:test_rebuild_server): 200 GET http://10.180.1.21/compute/v2.1/servers/bb4b3a0b-84ee-48fa-80c7-c7c9da471efa 0.076s
2025-05-09 06:29:19.733 70059 INFO tempest.lib.common.rest_client [req-83bb2520-5d0c-401a-a4fc-1eac78f6b08f req-83bb2520-5d0c-401a-a4fc-1eac78f6b08f ] Request (ImagesOneServerTestJSON:setUpClass): 200 GET http://10.180.1.21/compute/v2.1/servers/54b76c78-f851-418d-97d9-67985d7f7c34 0.063s
2025-05-09 06:29:19.794 70071 INFO tempest.lib.common.rest_client [req-f3d39047-2365-4360-a170-282bb3ba0418 req-f3d39047-2365-4360-a170-282bb3ba0418 ] Request (ListServerFiltersTestJSON:setUpClass): 200 GET http://10.180.1.21/compute/v2.1/servers/fc5c12e6-eb79-4625-97b3-114b8daf25d8 0.062s
2025-05-09 06:29:19.847 70091 INFO tempest.lib.common.rest_client [req-a76a515a-6625-49d0-9297-5591278798cd req-a76a515a-6625-49d0-9297-5591278798cd ] Request (VolumesAdminNegativeTest:test_update_attached_volume_with_nonexistent_volume_in_body): 200 GET http://10.180.1.21/compute/v2.1/servers/5d1f86e1-e8a6-47a4-aa7f-7fc116381fc9 0.051s
2025-05-09 06:29:19.932 70047 INFO tempest.lib.common.rest_client [req-ada25e87-483b-4968-adc3-37247e3f4ce4 req-ada25e87-483b-4968-adc3-37247e3f4ce4 ] Request (ServersTestMultiNic:_run_cleanups): 200 GET http://10.180.1.21/compute/v2.1/servers/224675a2-3582-44e3-a8f4-95973b08c952 0.068s
2025-05-09 06:29:20.057 70095 INFO tempest.lib.common.rest_client [req-03ab9db3-3d2b-4191-ae7d-baa105db63d9 req-03ab9db3-3d2b-4191-ae7d-baa105db63d9 ] Request (MigrationsAdminTest:test_list_migrations_in_flavor_resize_situation): 200 GET http://10.180.1.21/compute/v2.1/servers/f31e0ac1-18d3-4e01-a470-769823a8566a 0.107s
2025-05-09 06:29:20.092 70067 INFO tempest.lib.common.rest_client [req-7466bae5-65d9-4dd8-ad23-026ebdce13d0 req-7466bae5-65d9-4dd8-ad23-026ebdce13d0 ] Request (InstanceActionsTestJSON:tearDownClass): 200 GET http://10.180.1.21/compute/v2.1/servers/7d17d945-2842-4a56-b98e-01c3b70be86c 0.063s
2025-05-09 06:29:20.165 70069 INFO tempest.lib.common.rest_client [req-d289ed70-84d1-431c-b611-63429cbd394e req-d289ed70-84d1-431c-b611-63429cbd394e ] Request (ServerMetadataTestJSON:tearDownClass): 200 GET http://10.180.1.21/compute/v2.1/servers/2ed3903a-a251-4071-8eb0-56b9e524982a 0.065s
2025-05-09 06:29:20.170 70055 INFO tempest.lib.common.rest_client [req-29be6c42-97aa-46a9-afbf-3f4a674f6f8f req-29be6c42-97aa-46a9-afbf-3f4a674f6f8f ] Request (MultipleCreateTestJSON:test_multiple_create): 200 GET http://10.180.1.21/compute/v2.1/servers/5bccdced-79aa-4aec-adc4-033c97647c5b 0.103s
2025-05-09 06:29:20.228 70075 INFO tempest.lib.common.rest_client [req-b2a1ade0-6415-41ff-9f72-cfbb1fd3bae6 req-b2a1ade0-6415-41ff-9f72-cfbb1fd3bae6 ] Request (InstanceActionsNegativeTestJSON:setUpClass): 200 GET http://10.180.1.21/compute/v2.1/servers/4d1fd36b-f212-4c34-8c68-f6df19a3f33c 0.066s
2025-05-09 06:29:20.234 70097 INFO tempest.lib.common.rest_client [req-8a110c54-3c00-47e8-97ee-16e2bf976b0e req-8a110c54-3c00-47e8-97ee-16e2bf976b0e ] Request (ListServersNegativeTestJSON:tearDownClass): 200 GET http://10.180.1.21/compute/v2.1/servers/65f903d8-60b0-435f-99b1-a918ed41efa7 0.095s
2025-05-09 06:29:20.289 70043 INFO tempest.lib.common.rest_client [req-712f794a-a76a-4dc2-b5e5-dab8c3fcedd9 req-712f794a-a76a-4dc2-b5e5-dab8c3fcedd9 ] Request (ServersAdminNegativeTestJSON:tearDownClass): 200 GET http://10.180.1.21/compute/v2.1/servers/cae6e452-e086-446f-808d-04dc217316ba 0.068s
2025-05-09 06:29:20.303 70073 INFO tempest.lib.common.rest_client [req-3133d829-ae1e-49dd-b8a9-e1e13c8754e8 req-3133d829-ae1e-49dd-b8a9-e1e13c8754e8 ] Request (ServerMetadataNegativeTestJSON:tearDownClass): 200 GET http://10.180.1.21/compute/v2.1/servers/be01c1b4-a7c3-4508-a645-4e6856590255 0.064s
2025-05-09 06:29:20.449 70063 INFO tempest.lib.common.rest_client [req-1e8a1e70-21f8-4de9-b25d-d2899450b314 req-1e8a1e70-21f8-4de9-b25d-d2899450b314 ] Request (SecurityGroupsTestJSON:test_server_security_groups): 200 GET http://10.180.1.21/compute/v2.1/servers/011fa2f1-e165-4355-a4da-f4b28ea7ed04 0.103s
2025-05-09 06:29:20.458 70063 INFO tempest.common.waiters [-] State transition "BUILD/block_device_mapping" ==> "BUILD/spawning" after 55 second wait
2025-05-09 06:29:20.513 70061 INFO tempest.lib.common.rest_client [req-2edff3bc-ef97-4124-8e9e-c8cf858cbfea req-2edff3bc-ef97-4124-8e9e-c8cf858cbfea ] Request (DeleteServersAdminTestJSON:test_delete_server_while_in_error_state): 200 GET http://10.180.1.21/compute/v2.1/servers/80bfdf89-2b30-4ec0-8ac9-fc9f9132165e 0.146s
2025-05-09 06:29:20.573 70053 INFO tempest.lib.common.rest_client [req-67008a60-2eb0-4381-beff-fb2ff40410f0 req-67008a60-2eb0-4381-beff-fb2ff40410f0 ] Request (ServerActionsV293TestJSON:setUpClass): 200 GET http://10.180.1.21/compute/v2.1/servers/8069b8f8-8f10-49c8-a741-5c773d65a30b 0.172s
2025-05-09 06:29:20.584 70085 INFO tempest.lib.common.rest_client [req-5233fbfa-f5b1-43db-8c71-b3f35c6dde38 req-5233fbfa-f5b1-43db-8c71-b3f35c6dde38 ] Request (ServersAaction247Test:tearDownClass): 200 GET http://10.180.1.21/compute/v2.1/servers/fe275ac2-ffb3-4968-af80-05882e1e5934 0.282s
2025-05-09 06:29:20.627 70065 INFO tempest.lib.common.rest_client [req-f90a4401-57d7-4b14-b800-df1b1d8528c6 req-f90a4401-57d7-4b14-b800-df1b1d8528c6 ] Request (DeleteServersTestJSON:test_delete_active_server): 200 GET http://10.180.1.21/compute/v2.1/servers/72e42493-8689-4f2a-9192-9aaffc5b1b7d 0.214s
2025-05-09 06:29:20.633 70077 INFO tempest.lib.common.rest_client [req-439edfb2-bad5-49c5-81b2-a04794d81561 req-439edfb2-bad5-49c5-81b2-a04794d81561 ] Request (ImagesOneServerNegativeTestJSON:_run_cleanups): 200 GET http://10.180.1.21/compute/v2.1/servers/897eb04c-8f5a-417e-8a9d-06db9dfe9f40 0.190s
2025-05-09 06:29:20.645 70101 INFO tempest.lib.common.rest_client [req-a7e66b91-9438-45c9-b101-191a8b3fa975 req-a7e66b91-9438-45c9-b101-191a8b3fa975 ] Request (FloatingIPsAssociationTestJSON:tearDownClass): 404 GET http://10.180.1.21/compute/v2.1/servers/68e9ed83-bd76-4e1c-b0f2-b205ea113158 0.171s
2025-05-09 06:29:20.691 70099 INFO tempest.lib.common.rest_client [req-03535f27-0c44-4742-bcf6-a3eef0080d50 req-03535f27-0c44-4742-bcf6-a3eef0080d50 ] Request (ListImageFiltersTestJSON:setUpClass): 200 GET http://10.180.1.21/compute/v2.1/servers/13ddd354-488b-49cf-baa2-492046238e22 0.200s
2025-05-09 06:29:20.714 70057 INFO tempest.lib.common.rest_client [req-e3c49374-50ea-408d-ba89-bebff5ed734b req-e3c49374-50ea-408d-ba89-bebff5ed734b ] Request (AttachInterfacesUnderV243Test:_run_cleanups): 200 GET http://10.180.1.21/compute/v2.1/servers/049c7202-5887-496e-91b8-d33af03dc5a3 0.185s
2025-05-09 06:29:20.768 70045 INFO tempest.lib.common.rest_client [req-788c8811-5fd3-4aef-9106-260a2629fc8a req-788c8811-5fd3-4aef-9106-260a2629fc8a ] Request (ServerExternalEventsTest:tearDownClass): 200 GET http://10.180.1.21/compute/v2.1/servers/5860a443-ad02-4932-8569-4526f035cef1 0.175s
2025-05-09 06:29:20.798 70051 INFO tempest.lib.common.rest_client [req-3e9551d3-3f35-46db-b5e6-4db024440f74 req-3e9551d3-3f35-46db-b5e6-4db024440f74 ] Request (ServersAdminTestJSON:setUpClass): 200 GET http://10.180.1.21/compute/v2.1/servers/8ac171a6-3bfa-48ac-b787-c83984f457f6 0.156s
2025-05-09 06:29:20.927 70081 INFO tempest.lib.common.rest_client [req-5c605adc-9767-403b-a906-315a04221084 req-5c605adc-9767-403b-a906-315a04221084 ] Request (ServersTestJSON:setUpClass): 200 GET http://10.180.1.21/compute/v2.1/servers/5746d847-85be-4587-9a40-ba7ad4beeed3 0.266s
2025-05-09 06:29:20.979 70087 INFO tempest.lib.common.rest_client [req-ca2a6351-1c52-4b95-ab62-547aab571052 req-ca2a6351-1c52-4b95-ab62-547aab571052 ] Request (ServerShowV257Test:test_rebuild_server): 200 GET http://10.180.1.21/compute/v2.1/servers/bb4b3a0b-84ee-48fa-80c7-c7c9da471efa 0.281s
2025-05-09 06:29:21.027 70059 INFO tempest.lib.common.rest_client [req-6d9fdd6a-d426-41c0-9724-65f9ad43e354 req-6d9fdd6a-d426-41c0-9724-65f9ad43e354 ] Request (ImagesOneServerTestJSON:setUpClass): 200 GET http://10.180.1.21/compute/v2.1/servers/54b76c78-f851-418d-97d9-67985d7f7c34 0.284s
2025-05-09 06:29:21.082 70071 INFO tempest.lib.common.rest_client [req-989e2a3c-c3d4-43c7-a4d4-f833eeee9733 req-989e2a3c-c3d4-43c7-a4d4-f833eeee9733 ] Request (ListServerFiltersTestJSON:setUpClass): 200 GET http://10.180.1.21/compute/v2.1/servers/fc5c12e6-eb79-4625-97b3-114b8daf25d8 0.280s
2025-05-09 06:29:21.135 70091 INFO tempest.lib.common.rest_client [req-117ae4d2-f2b2-4a6e-9d6d-f662c383c7ac req-117ae4d2-f2b2-4a6e-9d6d-f662c383c7ac ] Request (VolumesAdminNegativeTest:test_update_attached_volume_with_nonexistent_volume_in_body): 200 GET http://10.180.1.21/compute/v2.1/servers/5d1f86e1-e8a6-47a4-aa7f-7fc116381fc9 0.279s
2025-05-09 06:29:21.146 70101 INFO tempest.lib.common.rest_client [req-3d4b03f9-3450-4751-adba-400fe2d57162 req-3d4b03f9-3450-4751-adba-400fe2d57162 ] Request (FloatingIPsAssociationTestJSON:tearDownClass): 202 DELETE http://10.180.1.21/compute/v2.1/os-floating-ips/527d440c-73bf-40a5-82fa-c5280bc4198e 0.501s
2025-05-09 06:29:21.188 70047 INFO tempest.lib.common.rest_client [req-8d87cd66-b93c-4fe2-b830-30dd7557576e req-8d87cd66-b93c-4fe2-b830-30dd7557576e ] Request (ServersTestMultiNic:_run_cleanups): 200 GET http://10.180.1.21/compute/v2.1/servers/224675a2-3582-44e3-a8f4-95973b08c952 0.247s
2025-05-09 06:29:21.246 70067 INFO tempest.lib.common.rest_client [req-15d53e7a-be71-4d1e-a1bc-b3a0ee4a2145 req-15d53e7a-be71-4d1e-a1bc-b3a0ee4a2145 ] Request (InstanceActionsTestJSON:tearDownClass): 200 GET http://10.180.1.21/compute/v2.1/servers/7d17d945-2842-4a56-b98e-01c3b70be86c 0.146s
2025-05-09 06:29:21.269 70095 INFO tempest.lib.common.rest_client [req-508f8a62-a19c-4012-af41-cb1d1834db22 req-508f8a62-a19c-4012-af41-cb1d1834db22 ] Request (MigrationsAdminTest:test_list_migrations_in_flavor_resize_situation): 200 GET http://10.180.1.21/compute/v2.1/servers/f31e0ac1-18d3-4e01-a470-769823a8566a 0.204s
2025-05-09 06:29:21.279 70095 INFO tempest.common.waiters [-] State transition "RESIZE/resize_migrated" ==> "RESIZE/resize_finish" after 47 second wait
2025-05-09 06:29:21.335 70101 INFO tempest.lib.common.rest_client [req-a66c0885-322b-43c6-bad1-39366f05c259 req-a66c0885-322b-43c6-bad1-39366f05c259 ] Request (FloatingIPsAssociationTestJSON:tearDownClass): 204 DELETE http://10.180.1.21/compute/v2.1/servers/45ed6665-a30a-4502-acea-bd01e7d18a3b 0.188s
2025-05-09 06:29:21.347 70069 INFO tempest.lib.common.rest_client [req-8c32d46e-4a92-470b-9c25-05379edb4e17 req-8c32d46e-4a92-470b-9c25-05379edb4e17 ] Request (ServerMetadataTestJSON:tearDownClass): 200 GET http://10.180.1.21/compute/v2.1/servers/2ed3903a-a251-4071-8eb0-56b9e524982a 0.171s
2025-05-09 06:29:21.394 70075 INFO tempest.lib.common.rest_client [req-f4379603-3525-4267-9d08-aefac42b9b2b req-f4379603-3525-4267-9d08-aefac42b9b2b ] Request (InstanceActionsNegativeTestJSON:setUpClass): 200 GET http://10.180.1.21/compute/v2.1/servers/4d1fd36b-f212-4c34-8c68-f6df19a3f33c 0.156s
2025-05-09 06:29:21.460 70097 INFO tempest.lib.common.rest_client [req-5cb5e39d-8848-41a9-bd98-3380e036c2cc req-5cb5e39d-8848-41a9-bd98-3380e036c2cc ] Request (ListServersNegativeTestJSON:tearDownClass): 200 GET http://10.180.1.21/compute/v2.1/servers/65f903d8-60b0-435f-99b1-a918ed41efa7 0.217s
2025-05-09 06:29:21.462 70055 INFO tempest.lib.common.rest_client [req-66bcb3b6-ef3b-40a7-a9af-2641bd10c60d req-66bcb3b6-ef3b-40a7-a9af-2641bd10c60d ] Request (MultipleCreateTestJSON:test_multiple_create): 200 GET http://10.180.1.21/compute/v2.1/servers/5bccdced-79aa-4aec-adc4-033c97647c5b 0.284s
2025-05-09 06:29:21.519 70043 INFO tempest.lib.common.rest_client [req-23cbbadc-e136-42c3-9176-40e4f98d2f81 req-23cbbadc-e136-42c3-9176-40e4f98d2f81 ] Request (ServersAdminNegativeTestJSON:tearDownClass): 200 GET http://10.180.1.21/compute/v2.1/servers/cae6e452-e086-446f-808d-04dc217316ba 0.222s
2025-05-09 06:29:21.519 70073 INFO tempest.lib.common.rest_client [req-3cb84657-18f2-4eee-a0ab-dadcb3b8c0a6 req-3cb84657-18f2-4eee-a0ab-dadcb3b8c0a6 ] Request (ServerMetadataNegativeTestJSON:tearDownClass): 200 GET http://10.180.1.21/compute/v2.1/servers/be01c1b4-a7c3-4508-a645-4e6856590255 0.208s
2025-05-09 06:29:21.616 70063 INFO tempest.lib.common.rest_client [req-c89e8ac3-2105-4aab-8811-cac8cbf5cfb9 req-c89e8ac3-2105-4aab-8811-cac8cbf5cfb9 ] Request (SecurityGroupsTestJSON:test_server_security_groups): 200 GET http://10.180.1.21/compute/v2.1/servers/011fa2f1-e165-4355-a4da-f4b28ea7ed04 0.157s
2025-05-09 06:29:21.645 70101 INFO tempest.lib.common.rest_client [req-01659544-6f90-4a7e-9a20-3b9ec29030d2 req-01659544-6f90-4a7e-9a20-3b9ec29030d2 ] Request (FloatingIPsAssociationTestJSON:tearDownClass): 200 GET http://10.180.1.21/compute/v2.1/servers/45ed6665-a30a-4502-acea-bd01e7d18a3b 0.309s
2025-05-09 06:29:21.674 70061 INFO tempest.lib.common.rest_client [req-3ed9c1f2-060a-4a64-9bdc-8dbe97075a7a req-3ed9c1f2-060a-4a64-9bdc-8dbe97075a7a ] Request (DeleteServersAdminTestJSON:test_delete_server_while_in_error_state): 200 GET http://10.180.1.21/compute/v2.1/servers/80bfdf89-2b30-4ec0-8ac9-fc9f9132165e 0.152s
2025-05-09 06:29:21.701 70053 INFO tempest.lib.common.rest_client [req-35211453-5714-4ef9-afe1-e85d9a83e91f req-35211453-5714-4ef9-afe1-e85d9a83e91f ] Request (ServerActionsV293TestJSON:setUpClass): 200 GET http://10.180.1.21/compute/v2.1/servers/8069b8f8-8f10-49c8-a741-5c773d65a30b 0.117s
2025-05-09 06:29:21.742 70085 INFO tempest.lib.common.rest_client [req-35aabb3a-860f-4bf6-b152-45dbd0c2a215 req-35aabb3a-860f-4bf6-b152-45dbd0c2a215 ] Request (ServersAaction247Test:tearDownClass): 200 GET http://10.180.1.21/compute/v2.1/servers/fe275ac2-ffb3-4968-af80-05882e1e5934 0.149s
2025-05-09 06:29:21.756 70065 INFO tempest.lib.common.rest_client [req-b894751e-c7d0-43d4-90f4-7f40165b319c req-b894751e-c7d0-43d4-90f4-7f40165b319c ] Request (DeleteServersTestJSON:test_delete_active_server): 200 GET http://10.180.1.21/compute/v2.1/servers/72e42493-8689-4f2a-9192-9aaffc5b1b7d 0.116s
