2025-05-09 06:30:16.532 70055 INFO tempest.lib.common.rest_client [req-43ec8b1c-24bb-4a11-a405-28e56a1b4517 req-43ec8b1c-24bb-4a11-a405-28e56a1b4517 ] Request (MultipleCreateTestJSON:_run_cleanups): 200 GET http://10.180.1.21/compute/v2.1/servers/de44fdb7-0246-41c9-b322-50cf70cb8516 0.066s
2025-05-09 06:30:16.586 70049 INFO tempest.lib.common.rest_client [req-47f51df5-e29a-4a7e-812e-e3c61f89c75e req-47f51df5-e29a-4a7e-812e-e3c61f89c75e ] Request (ServersWithSpecificFlavorTestJSON:test_verify_created_server_ephemeral_disk): 200 GET http://10.180.1.21/compute/v2.1/servers/bf254692-69ca-4d13-920d-21bd492e0439 0.063s
2025-05-09 06:30:16.642 70065 INFO tempest.lib.common.rest_client [req-06d65e32-7dc1-4c72-ad6e-8ca00ecf495f req-06d65e32-7dc1-4c72-ad6e-8ca00ecf495f ] Request (DeleteServersTestJSON:test_delete_active_server): 200 GET http://10.180.1.21/compute/v2.1/servers/72e42493-8689-4f2a-9192-9aaffc5b1b7d 0.081s
2025-05-09 06:30:16.653 70059 INFO tempest.lib.common.rest_client [req-62d374a4-1c1c-40f4-9687-f8b1992fdd46 req-62d374a4-1c1c-40f4-9687-f8b1992fdd46 ] Request (ImagesOneServerTestJSON:test_create_image_specify_multibyte_character_image_name): 200 GET http://10.180.1.21/compute/v2.1/servers/54b76c78-f851-418d-97d9-67985d7f7c34 0.136s
2025-05-09 06:30:16.713 70101 INFO tempest.lib.common.rest_client [req-ac3d564a-a711-4d83-8e64-de8f2f5424c5 req-ac3d564a-a711-4d83-8e64-de8f2f5424c5 ] Request (FloatingIPsAssociationTestJSON:tearDownClass): 200 GET http://10.180.1.21/compute/v2.1/servers/45ed6665-a30a-4502-acea-bd01e7d18a3b 0.137s
2025-05-09 06:30:16.727 70063 INFO tempest.lib.common.rest_client [req-f8bef200-f7cd-4e89-b845-48849e1ad173 req-f8bef200-f7cd-4e89-b845-48849e1ad173 ] Request (SecurityGroupsTestJSON:test_server_security_groups): 200 GET http://10.180.1.21/compute/v2.1/servers/011fa2f1-e165-4355-a4da-f4b28ea7ed04 0.111s
2025-05-09 06:30:16.770 70099 INFO tempest.lib.common.rest_client [req-56f63001-93ea-46f3-99b2-307f0412eb71 req-56f63001-93ea-46f3-99b2-307f0412eb71 ] Request (ListImageFiltersTestJSON:setUpClass): 200 GET http://10.180.1.21/compute/v2.1/servers/13ddd354-488b-49cf-baa2-492046238e22 0.147s
2025-05-09 06:30:16.784 70081 INFO tempest.lib.common.rest_client [req-3d6536d9-0194-47a0-ba4d-b78534b2084d req-3d6536d9-0194-47a0-ba4d-b78534b2084d ] Request (ServersTestJSON:tearDownClass): 200 GET http://10.180.1.21/compute/v2.1/servers/5746d847-85be-4587-9a40-ba7ad4beeed3 0.115s
2025-05-09 06:30:16.819 70057 INFO tempest.lib.common.rest_client [req-e467f30a-6e57-4621-a9a6-7309865c9c70 req-e467f30a-6e57-4621-a9a6-7309865c9c70 ] Request (ServersTestFqdnHostnames:test_create_server_with_fqdn_name): 200 GET http://10.180.1.21/compute/v2.1/servers/97e1608c-a17c-4642-bc57-a13eaae64587 0.149s
2025-05-09 06:30:16.834 70047 INFO tempest.lib.common.rest_client [req-aabfaf6f-27bd-4c50-b715-cd7415b340fd req-aabfaf6f-27bd-4c50-b715-cd7415b340fd ] Request (ServersTestMultiNic:test_verify_multiple_nics_order): 200 GET http://10.180.1.21/compute/v2.1/servers/e08f03b7-add2-4f51-b5e0-e67b1b55cc76 0.119s
2025-05-09 06:30:16.880 70085 INFO tempest.lib.common.rest_client [req-f07861cd-0c60-4146-bb26-9c1b930990c1 req-f07861cd-0c60-4146-bb26-9c1b930990c1 ] Request (ServerGroupTestJSON:test_create_server_with_scheduler_hint_group): 200 GET http://10.180.1.21/compute/v2.1/servers/9462e2f5-628d-4410-a2d1-6ff064c8cc8f 0.115s
2025-05-09 06:30:16.920 70051 INFO tempest.lib.common.rest_client [req-250929a5-2ce3-4bd7-bddc-ec6df841c46a req-250929a5-2ce3-4bd7-bddc-ec6df841c46a ] Request (ServersAdminTestJSON:setUpClass): 200 GET http://10.180.1.21/compute/v2.1/servers/8ac171a6-3bfa-48ac-b787-c83984f457f6 0.156s
2025-05-09 06:30:16.935 70097 INFO tempest.lib.common.rest_client [req-06643767-157c-456f-8d8d-ae0d8b5d06e5 req-06643767-157c-456f-8d8d-ae0d8b5d06e5 ] Request (ServerShowV254Test:test_rebuild_server): 200 GET http://10.180.1.21/compute/v2.1/servers/3ba76adc-0ada-4fd5-b88a-7e54e43198d6 0.116s
2025-05-09 06:30:17.157 70061 INFO tempest.lib.common.rest_client [req-9a2c4806-5860-46c9-8bdb-7ef400531f30 req-9a2c4806-5860-46c9-8bdb-7ef400531f30 ] Request (ImagesTestJSON:test_create_image_from_stopped_server): 200 GET http://10.180.1.21/compute/v2.1/servers/34212255-3d5a-46ab-bb97-92eba5505c65 0.056s
2025-05-09 06:30:17.212 70075 INFO tempest.lib.common.rest_client [req-7826c0e9-883f-4af9-b181-d78cfefb2152 req-7826c0e9-883f-4af9-b181-d78cfefb2152 ] Request (InstanceActionsNegativeTestJSON:setUpClass): 200 GET http://10.180.1.21/compute/v2.1/servers/4d1fd36b-f212-4c34-8c68-f6df19a3f33c 0.052s
2025-05-09 06:30:17.299 70071 INFO tempest.lib.common.rest_client [req-fbf44733-9647-4a50-b35a-ecec0dca7d3e req-fbf44733-9647-4a50-b35a-ecec0dca7d3e ] Request (ListServerFiltersTestJSON:setUpClass): 200 GET http://10.180.1.21/compute/v2.1/servers/fc5c12e6-eb79-4625-97b3-114b8daf25d8 0.063s
2025-05-09 06:30:17.301 70091 WARNING tempest.lib.common.ssh [-] Failed to establish authenticated ssh connection to cirros@10.180.180.157 ([Errno None] Unable to connect to port 22 on 10.180.180.157). Number attempts: 3. Retry after 4 seconds.: paramiko.ssh_exception.NoValidConnectionsError: [Errno None] Unable to connect to port 22 on 10.180.180.157
2025-05-09 06:30:17.376 70077 INFO tempest.lib.common.rest_client [req-25317b34-dc1a-438c-96e8-39ad8579eccc req-25317b34-dc1a-438c-96e8-39ad8579eccc ] Request (ImagesOneServerNegativeTestJSON:_run_cleanups): 200 GET http://10.180.1.21/compute/v2.1/servers/897eb04c-8f5a-417e-8a9d-06db9dfe9f40 0.061s
2025-05-09 06:30:17.421 70095 INFO tempest.lib.common.rest_client [req-4aaa7844-7415-4456-a75b-204885c911c0 req-4aaa7844-7415-4456-a75b-204885c911c0 ] Request (MigrationsAdminTest:test_list_migrations_in_flavor_resize_situation): 200 GET http://10.180.1.21/compute/v2.1/servers/f31e0ac1-18d3-4e01-a470-769823a8566a 0.098s
2025-05-09 06:30:17.427 70069 INFO tempest.lib.common.rest_client [req-e905e1a3-4bc3-4a21-9226-c309e01a8975 req-e905e1a3-4bc3-4a21-9226-c309e01a8975 ] Request (ServerRescueTestJSONUnderV235:setUpClass): 200 GET http://10.180.1.21/compute/v2.1/servers/6bdae792-ea04-4871-acdf-a476be1f3950 0.061s
2025-05-09 06:30:17.476 70073 INFO tempest.lib.common.rest_client [req-f7e65d54-cbad-4559-99b1-01fbf68afb84 req-f7e65d54-cbad-4559-99b1-01fbf68afb84 ] Request (ServerShowV247Test:test_update_rebuild_list_server): 200 GET http://10.180.1.21/compute/v2.1/servers/3300be1b-4c47-486f-8a60-fa5cc4d8d4b9 0.054s
2025-05-09 06:30:17.480 70087 INFO tempest.lib.common.rest_client [req-ee905359-312e-448f-9dfd-162845e930a5 req-ee905359-312e-448f-9dfd-162845e930a5 ] Request (ServerShowV257Test:tearDownClass): 200 GET http://10.180.1.21/compute/v2.1/servers/bb4b3a0b-84ee-48fa-80c7-c7c9da471efa 0.096s
2025-05-09 06:30:17.530 70103 INFO tempest.lib.common.rest_client [req-7dea5a44-744d-4eda-a7a1-17fde47b86c2 req-7dea5a44-744d-4eda-a7a1-17fde47b86c2 ] Request (ServerActionsTestJSON:test_rebuild_server): 200 GET http://10.180.1.21/compute/v2.1/servers/00770212-75b7-4043-b43d-a1735f759564 0.063s
2025-05-09 06:30:17.531 70043 INFO tempest.lib.common.rest_client [req-e09a2ad7-dc08-4759-a759-6154ff9bf087 req-e09a2ad7-dc08-4759-a759-6154ff9bf087 ] Request (ServersAdminNegativeTestJSON:tearDownClass): 200 GET http://10.180.1.21/compute/v2.1/servers/52b1e45e-4b65-4306-991c-a83996be651f 0.074s
2025-05-09 06:30:17.581 70045 INFO tempest.lib.common.rest_client [req-47977333-8010-4e85-84f1-dbfaa2659ab3 req-47977333-8010-4e85-84f1-dbfaa2659ab3 ] Request (InstanceActionsV221TestJSON:test_get_list_deleted_instance_actions): 200 GET http://10.180.1.21/compute/v2.1/servers/b879f05c-ea31-42df-8fe7-38f19f231b7d 0.074s
2025-05-09 06:30:17.590 70045 INFO tempest.common.waiters [-] State transition "BUILD/scheduling" ==> "BUILD/None" after 33 second wait
2025-05-09 06:30:17.604 70055 INFO tempest.lib.common.rest_client [req-e2587403-de62-44d2-a166-113555cec05b req-e2587403-de62-44d2-a166-113555cec05b ] Request (MultipleCreateTestJSON:_run_cleanups): 200 GET http://10.180.1.21/compute/v2.1/servers/de44fdb7-0246-41c9-b322-50cf70cb8516 0.059s
2025-05-09 06:30:17.653 70049 INFO tempest.lib.common.rest_client [req-042df1f8-6712-48a8-9545-bc252d38c11d req-042df1f8-6712-48a8-9545-bc252d38c11d ] Request (ServersWithSpecificFlavorTestJSON:test_verify_created_server_ephemeral_disk): 200 GET http://10.180.1.21/compute/v2.1/servers/bf254692-69ca-4d13-920d-21bd492e0439 0.057s
2025-05-09 06:30:17.712 70065 INFO tempest.lib.common.rest_client [req-7fb1653a-d186-4951-932f-07133b6ac543 req-7fb1653a-d186-4951-932f-07133b6ac543 ] Request (DeleteServersTestJSON:test_delete_active_server): 200 GET http://10.180.1.21/compute/v2.1/servers/72e42493-8689-4f2a-9192-9aaffc5b1b7d 0.053s
2025-05-09 06:30:17.757 70059 INFO tempest.lib.common.rest_client [req-ed1f4f1b-adbc-4b83-b342-ac02786375ca req-ed1f4f1b-adbc-4b83-b342-ac02786375ca ] Request (ImagesOneServerTestJSON:test_create_image_specify_multibyte_character_image_name): 200 GET http://10.180.1.21/compute/v2.1/servers/54b76c78-f851-418d-97d9-67985d7f7c34 0.095s
2025-05-09 06:30:17.766 70059 INFO tempest.common.waiters [-] State transition "ACTIVE/image_uploading" ==> "ACTIVE/None" after 2 second wait
2025-05-09 06:30:17.796 70101 INFO tempest.lib.common.rest_client [req-70e49f30-f4da-491e-8f9c-8b49327e1f85 req-70e49f30-f4da-491e-8f9c-8b49327e1f85 ] Request (FloatingIPsAssociationTestJSON:tearDownClass): 200 GET http://10.180.1.21/compute/v2.1/servers/45ed6665-a30a-4502-acea-bd01e7d18a3b 0.073s
2025-05-09 06:30:17.825 70063 INFO tempest.lib.common.rest_client [req-99ef8f01-4fd8-41ca-9f91-dc5970026448 req-99ef8f01-4fd8-41ca-9f91-dc5970026448 ] Request (SecurityGroupsTestJSON:test_server_security_groups): 200 GET http://10.180.1.21/compute/v2.1/servers/011fa2f1-e165-4355-a4da-f4b28ea7ed04 0.088s
2025-05-09 06:30:17.878 70099 INFO tempest.lib.common.rest_client [req-dd74a71d-a6a0-4331-ad64-dbd937510c92 req-dd74a71d-a6a0-4331-ad64-dbd937510c92 ] Request (ListImageFiltersTestJSON:setUpClass): 200 GET http://10.180.1.21/compute/v2.1/servers/13ddd354-488b-49cf-baa2-492046238e22 0.099s
2025-05-09 06:30:17.894 70059 INFO tempest.lib.common.rest_client [req-dc853cc1-bc7d-403b-bff9-68105c9fde70 req-dc853cc1-bc7d-403b-bff9-68105c9fde70 ] Request (ImagesOneServerTestJSON:tearDownClass): 204 DELETE http://10.180.1.21/compute/v2.1/images/7b0820d1-e293-493b-8457-e666af2a56aa 0.123s
2025-05-09 06:30:17.937 70081 INFO tempest.lib.common.rest_client [req-bc5bce1b-d773-49c0-a9c4-6516bfaee6d5 req-bc5bce1b-d773-49c0-a9c4-6516bfaee6d5 ] Request (ServersTestJSON:tearDownClass): 200 GET http://10.180.1.21/compute/v2.1/servers/5746d847-85be-4587-9a40-ba7ad4beeed3 0.144s
2025-05-09 06:30:17.944 70057 INFO tempest.lib.common.rest_client [req-8360912e-3eb9-45d3-8678-07ab6786fa2f req-8360912e-3eb9-45d3-8678-07ab6786fa2f ] Request (ServersTestFqdnHostnames:test_create_server_with_fqdn_name): 200 GET http://10.180.1.21/compute/v2.1/servers/97e1608c-a17c-4642-bc57-a13eaae64587 0.116s
2025-05-09 06:30:17.985 70047 INFO tempest.lib.common.rest_client [req-108cba8c-7366-4f9c-aae1-803aba2a5b6d req-108cba8c-7366-4f9c-aae1-803aba2a5b6d ] Request (ServersTestMultiNic:test_verify_multiple_nics_order): 200 GET http://10.180.1.21/compute/v2.1/servers/e08f03b7-add2-4f51-b5e0-e67b1b55cc76 0.144s
2025-05-09 06:30:17.994 70085 INFO tempest.lib.common.rest_client [req-d2912457-67d9-4633-857a-9abcf8a89d9e req-d2912457-67d9-4633-857a-9abcf8a89d9e ] Request (ServerGroupTestJSON:test_create_server_with_scheduler_hint_group): 200 GET http://10.180.1.21/compute/v2.1/servers/9462e2f5-628d-4410-a2d1-6ff064c8cc8f 0.106s
2025-05-09 06:30:18.002 70059 INFO tempest.lib.common.rest_client [req-8b642653-d953-425f-a18a-8f075a6f4512 req-8b642653-d953-425f-a18a-8f075a6f4512 ] Request (ImagesOneServerTestJSON:tearDownClass): 404 DELETE http://10.180.1.21/compute/v2.1/images/02c34c3d-c767-4c57-8f8a-0ced0e93fc2f 0.107s
2025-05-09 06:30:18.052 70097 INFO tempest.lib.common.rest_client [req-1f5ce6e9-3a28-4e46-91f2-58c6b6846524 req-1f5ce6e9-3a28-4e46-91f2-58c6b6846524 ] Request (ServerShowV254Test:test_rebuild_server): 200 GET http://10.180.1.21/compute/v2.1/servers/3ba76adc-0ada-4fd5-b88a-7e54e43198d6 0.106s
2025-05-09 06:30:18.129 70059 INFO tempest.lib.common.rest_client [req-c3e1da37-ec7c-41e7-9493-ebba0056e81f req-c3e1da37-ec7c-41e7-9493-ebba0056e81f ] Request (ImagesOneServerTestJSON:tearDownClass): 204 DELETE http://10.180.1.21/compute/v2.1/servers/54b76c78-f851-418d-97d9-67985d7f7c34 0.127s
2025-05-09 06:30:18.140 70051 INFO tempest.lib.common.rest_client [req-b0bc74b6-62a6-48ad-ba0d-87cb42ffec26 req-b0bc74b6-62a6-48ad-ba0d-87cb42ffec26 ] Request (ServersAdminTestJSON:setUpClass): 200 GET http://10.180.1.21/compute/v2.1/servers/8ac171a6-3bfa-48ac-b787-c83984f457f6 0.211s
2025-05-09 06:30:18.219 70061 INFO tempest.lib.common.rest_client [req-0b1ee912-10b9-4bfb-b5f8-073ecaeb025d req-0b1ee912-10b9-4bfb-b5f8-073ecaeb025d ] Request (ImagesTestJSON:test_create_image_from_stopped_server): 200 GET http://10.180.1.21/compute/v2.1/servers/34212255-3d5a-46ab-bb97-92eba5505c65 0.054s
2025-05-09 06:30:18.228 70059 INFO tempest.lib.common.rest_client [req-e35da38e-bd5d-4270-8864-e977a42edcf9 req-e35da38e-bd5d-4270-8864-e977a42edcf9 ] Request (ImagesOneServerTestJSON:tearDownClass): 200 GET http://10.180.1.21/compute/v2.1/servers/54b76c78-f851-418d-97d9-67985d7f7c34 0.098s
2025-05-09 06:30:18.272 70075 INFO tempest.lib.common.rest_client [req-4a0254ea-54c6-47da-a526-1c295eddb934 req-4a0254ea-54c6-47da-a526-1c295eddb934 ] Request (InstanceActionsNegativeTestJSON:setUpClass): 200 GET http://10.180.1.21/compute/v2.1/servers/4d1fd36b-f212-4c34-8c68-f6df19a3f33c 0.051s
2025-05-09 06:30:18.362 70071 INFO tempest.lib.common.rest_client [req-2403245f-9fd0-480e-88fb-110747502edf req-2403245f-9fd0-480e-88fb-110747502edf ] Request (ListServerFiltersTestJSON:setUpClass): 200 GET http://10.180.1.21/compute/v2.1/servers/fc5c12e6-eb79-4625-97b3-114b8daf25d8 0.055s
2025-05-09 06:30:18.451 70077 INFO tempest.lib.common.rest_client [req-fc09c1dd-4394-49c8-8e73-833978983273 req-fc09c1dd-4394-49c8-8e73-833978983273 ] Request (ImagesOneServerNegativeTestJSON:_run_cleanups): 200 GET http://10.180.1.21/compute/v2.1/servers/897eb04c-8f5a-417e-8a9d-06db9dfe9f40 0.066s
2025-05-09 06:30:18.502 70069 INFO tempest.lib.common.rest_client [req-10ea631d-216d-4f68-a656-fe8fb9ffc35e req-10ea631d-216d-4f68-a656-fe8fb9ffc35e ] Request (ServerRescueTestJSONUnderV235:setUpClass): 200 GET http://10.180.1.21/compute/v2.1/servers/6bdae792-ea04-4871-acdf-a476be1f3950 0.066s
2025-05-09 06:30:18.530 70095 INFO tempest.lib.common.rest_client [req-c2c5b361-2f13-4e61-8f5b-c855eb3fa57b req-c2c5b361-2f13-4e61-8f5b-c855eb3fa57b ] Request (MigrationsAdminTest:test_list_migrations_in_flavor_resize_situation): 200 GET http://10.180.1.21/compute/v2.1/servers/f31e0ac1-18d3-4e01-a470-769823a8566a 0.101s
2025-05-09 06:30:18.555 70073 INFO tempest.lib.common.rest_client [req-162ad239-c35f-4151-aa32-faad3013a9e3 req-162ad239-c35f-4151-aa32-faad3013a9e3 ] Request (ServerShowV247Test:test_update_rebuild_list_server): 200 GET http://10.180.1.21/compute/v2.1/servers/3300be1b-4c47-486f-8a60-fa5cc4d8d4b9 0.070s
2025-05-09 06:30:18.582 70079 WARNING tempest.lib.common.ssh [-] Failed to establish authenticated ssh connection to cirros@10.180.180.166 ([Errno None] Unable to connect to port 22 on 10.180.180.166). Number attempts: 9. Retry after 10 seconds.: paramiko.ssh_exception.NoValidConnectionsError: [Errno None] Unable to connect to port 22 on 10.180.180.166
2025-05-09 06:30:18.588 70087 INFO tempest.lib.common.rest_client [req-89697adc-2983-4ec7-908e-fa0076074c6b req-89697adc-2983-4ec7-908e-fa0076074c6b ] Request (ServerShowV257Test:tearDownClass): 200 GET http://10.180.1.21/compute/v2.1/servers/bb4b3a0b-84ee-48fa-80c7-c7c9da471efa 0.099s
2025-05-09 06:30:18.609 70103 INFO tempest.lib.common.rest_client [req-a0d689d4-4d64-4074-8ad1-41e582561578 req-a0d689d4-4d64-4074-8ad1-41e582561578 ] Request (ServerActionsTestJSON:test_rebuild_server): 200 GET http://10.180.1.21/compute/v2.1/servers/00770212-75b7-4043-b43d-a1735f759564 0.071s
2025-05-09 06:30:18.647 70043 INFO tempest.lib.common.rest_client [req-1d49a51e-418c-4d1a-8d23-97492293a15e req-1d49a51e-418c-4d1a-8d23-97492293a15e ] Request (ServersAdminNegativeTestJSON:tearDownClass): 200 GET http://10.180.1.21/compute/v2.1/servers/52b1e45e-4b65-4306-991c-a83996be651f 0.108s
2025-05-09 06:30:18.656 70045 INFO tempest.lib.common.rest_client [req-5c0e8cd2-46c8-47c6-b368-8a46191f0ba8 req-5c0e8cd2-46c8-47c6-b368-8a46191f0ba8 ] Request (InstanceActionsV221TestJSON:test_get_list_deleted_instance_actions): 200 GET http://10.180.1.21/compute/v2.1/servers/b879f05c-ea31-42df-8fe7-38f19f231b7d 0.064s
2025-05-09 06:30:18.696 70055 INFO tempest.lib.common.rest_client [req-0832f0fc-2da6-4dd2-b1c4-db9629645637 req-0832f0fc-2da6-4dd2-b1c4-db9629645637 ] Request (MultipleCreateTestJSON:_run_cleanups): 200 GET http://10.180.1.21/compute/v2.1/servers/de44fdb7-0246-41c9-b322-50cf70cb8516 0.082s
2025-05-09 06:30:18.711 70049 INFO tempest.lib.common.rest_client [req-82e81fb1-0da8-4203-a9b8-e48b26eb8b1d req-82e81fb1-0da8-4203-a9b8-e48b26eb8b1d ] Request (ServersWithSpecificFlavorTestJSON:test_verify_created_server_ephemeral_disk): 200 GET http://10.180.1.21/compute/v2.1/servers/bf254692-69ca-4d13-920d-21bd492e0439 0.049s
2025-05-09 06:30:18.776 70065 INFO tempest.lib.common.rest_client [req-6367ea25-fece-487e-b051-d1fa43862000 req-6367ea25-fece-487e-b051-d1fa43862000 ] Request (DeleteServersTestJSON:test_delete_active_server): 200 GET http://10.180.1.21/compute/v2.1/servers/72e42493-8689-4f2a-9192-9aaffc5b1b7d 0.055s
2025-05-09 06:30:18.828 70101 INFO tempest.lib.common.rest_client [req-fffe34c7-5059-4744-8411-f97aacd6e640 req-fffe34c7-5059-4744-8411-f97aacd6e640 ] Request (FloatingIPsAssociationTestJSON:tearDownClass): 404 GET http://10.180.1.21/compute/v2.1/servers/45ed6665-a30a-4502-acea-bd01e7d18a3b 0.022s
2025-05-09 06:30:18.904 70063 INFO tempest.lib.common.rest_client [req-2f29e056-4794-40b2-be47-183f626fe38b req-2f29e056-4794-40b2-be47-183f626fe38b ] Request (SecurityGroupsTestJSON:test_server_security_groups): 200 GET http://10.180.1.21/compute/v2.1/servers/011fa2f1-e165-4355-a4da-f4b28ea7ed04 0.071s
2025-05-09 06:30:18.935 70099 INFO tempest.lib.common.rest_client [req-93985eef-960c-4765-a235-0f39e5a895a9 req-93985eef-960c-4765-a235-0f39e5a895a9 ] Request (ListImageFiltersTestJSON:setUpClass): 200 GET http://10.180.1.21/compute/v2.1/servers/13ddd354-488b-49cf-baa2-492046238e22 0.049s
2025-05-09 06:30:19.009 70057 INFO tempest.lib.common.rest_client [req-90298213-b752-4746-a682-7ac748ddfb6e req-90298213-b752-4746-a682-7ac748ddfb6e ] Request (ServersTestFqdnHostnames:test_create_server_with_fqdn_name): 200 GET http://10.180.1.21/compute/v2.1/servers/97e1608c-a17c-4642-bc57-a13eaae64587 0.056s
2025-05-09 06:30:19.010 70081 INFO tempest.lib.common.rest_client [req-a25e4554-495a-4462-a51e-01715cccb5b1 req-a25e4554-495a-4462-a51e-01715cccb5b1 ] Request (ServersTestJSON:tearDownClass): 200 GET http://10.180.1.21/compute/v2.1/servers/5746d847-85be-4587-9a40-ba7ad4beeed3 0.066s
2025-05-09 06:30:19.065 70047 INFO tempest.lib.common.rest_client [req-83c50d61-0212-4e96-a43d-5a1659e48f19 req-83c50d61-0212-4e96-a43d-5a1659e48f19 ] Request (ServersTestMultiNic:test_verify_multiple_nics_order): 200 GET http://10.180.1.21/compute/v2.1/servers/e08f03b7-add2-4f51-b5e0-e67b1b55cc76 0.068s
2025-05-09 06:30:19.071 70085 INFO tempest.lib.common.rest_client [req-0e55f5aa-4745-48ec-b71b-d5ecba2b92ba req-0e55f5aa-4745-48ec-b71b-d5ecba2b92ba ] Request (ServerGroupTestJSON:test_create_server_with_scheduler_hint_group): 200 GET http://10.180.1.21/compute/v2.1/servers/9462e2f5-628d-4410-a2d1-6ff064c8cc8f 0.069s
2025-05-09 06:30:19.123 70097 INFO tempest.lib.common.rest_client [req-d2d03aad-d420-4e64-97c6-4bd99dfdc39a req-d2d03aad-d420-4e64-97c6-4bd99dfdc39a ] Request (ServerShowV254Test:test_rebuild_server): 200 GET http://10.180.1.21/compute/v2.1/servers/3ba76adc-0ada-4fd5-b88a-7e54e43198d6 0.060s
2025-05-09 06:30:19.289 70051 INFO tempest.lib.common.rest_client [req-77738119-fb6d-4d22-baf3-c63514b22346 req-77738119-fb6d-4d22-baf3-c63514b22346 ] Request (ServersAdminTestJSON:setUpClass): 200 GET http://10.180.1.21/compute/v2.1/servers/8ac171a6-3bfa-48ac-b787-c83984f457f6 0.142s
2025-05-09 06:30:19.294 70061 INFO tempest.lib.common.rest_client [req-3c0e8b35-f624-4776-b91d-38fc0ec4abb9 req-3c0e8b35-f624-4776-b91d-38fc0ec4abb9 ] Request (ImagesTestJSON:test_create_image_from_stopped_server): 200 GET http://10.180.1.21/compute/v2.1/servers/34212255-3d5a-46ab-bb97-92eba5505c65 0.068s
2025-05-09 06:30:19.301 70051 INFO tempest.common.waiters [-] State transition "BUILD/spawning" ==> "ACTIVE/None" after 93 second wait
2025-05-09 06:30:19.349 70075 INFO tempest.lib.common.rest_client [req-dfbb6a38-cc03-4051-ba7c-11a35063a014 req-dfbb6a38-cc03-4051-ba7c-11a35063a014 ] Request (InstanceActionsNegativeTestJSON:setUpClass): 200 GET http://10.180.1.21/compute/v2.1/servers/4d1fd36b-f212-4c34-8c68-f6df19a3f33c 0.068s
2025-05-09 06:30:19.430 70059 INFO tempest.lib.common.rest_client [req-bfdfba9d-53b3-4968-855e-c6485d572667 req-bfdfba9d-53b3-4968-855e-c6485d572667 ] Request (ImagesOneServerTestJSON:tearDownClass): 200 GET http://10.180.1.21/compute/v2.1/servers/54b76c78-f851-418d-97d9-67985d7f7c34 0.191s
2025-05-09 06:30:19.452 70051 INFO tempest.lib.common.rest_client [req-ce3cdf97-0dba-4b50-8bc4-bd3ec1c7b59e req-ce3cdf97-0dba-4b50-8bc4-bd3ec1c7b59e ] Request (ServersAdminTestJSON:setUpClass): 200 GET http://10.180.1.21/compute/v2.1/servers/b2e36dea-e709-48f9-810a-b7465b8b5172 0.150s
2025-05-09 06:30:19.481 70071 INFO tempest.lib.common.rest_client [req-05e66af7-efca-4ac7-845a-7a67af5e41b8 req-05e66af7-efca-4ac7-845a-7a67af5e41b8 ] Request (ListServerFiltersTestJSON:setUpClass): 200 GET http://10.180.1.21/compute/v2.1/servers/fc5c12e6-eb79-4625-97b3-114b8daf25d8 0.095s
2025-05-09 06:30:19.532 70077 INFO tempest.lib.common.rest_client [req-b9825891-f5c1-4e00-802e-a4ec049589ac req-b9825891-f5c1-4e00-802e-a4ec049589ac ] Request (ImagesOneServerNegativeTestJSON:_run_cleanups): 200 GET http://10.180.1.21/compute/v2.1/servers/897eb04c-8f5a-417e-8a9d-06db9dfe9f40 0.072s
2025-05-09 06:30:19.536 70051 INFO tempest.lib.common.rest_client [req-c4c7ccf9-82da-429e-9c82-0a1665da5f62 req-c4c7ccf9-82da-429e-9c82-0a1665da5f62 ] Request (ServersAdminTestJSON:test_create_server_with_scheduling_hint): 201 POST http://10.180.1.21/identity/v3/auth/tokens 0.069s
2025-05-09 06:30:19.537 70051 INFO tempest.lib.common.fixed_network [-] (ServersAdminTestJSON:test_create_server_with_scheduling_hint) Found network {'id': 'c2e405f3-a2d0-4a54-81d0-70c7d622f5f6', 'name': 'tempest-ServersAdminTestJSON-690326353-network', 'tenant_id': '097c6796ba6a43c583dfcf8ef64893d0', 'admin_state_up': True, 'mtu': 8950, 'status': 'ACTIVE', 'subnets': [], 'shared': False, 'project_id': '097c6796ba6a43c583dfcf8ef64893d0', 'port_security_enabled': True, 'router:external': False, 'provider:network_type': 'vlan', 'provider:physical_network': 'default', 'provider:segmentation_id': 174, 'availability_zone_hints': [], 'availability_zones': [], 'ipv4_address_scope': None, 'ipv6_address_scope': None, 'description': '', 'tags': [], 'created_at': '2025-05-09T06:28:31Z', 'updated_at': '2025-05-09T06:28:31Z', 'revision_number': 1} available for tenant
2025-05-09 06:30:19.572 70069 INFO tempest.lib.common.rest_client [req-1697364d-d834-4c6b-b43f-a6498ba3affc req-1697364d-d834-4c6b-b43f-a6498ba3affc ] Request (ServerRescueTestJSONUnderV235:setUpClass): 200 GET http://10.180.1.21/compute/v2.1/servers/6bdae792-ea04-4871-acdf-a476be1f3950 0.062s
2025-05-09 06:30:19.674 70101 INFO tempest.lib.common.rest_client [req-9f863237-5298-4e18-8add-26af6c71eea2 req-9f863237-5298-4e18-8add-26af6c71eea2 ] Request (FloatingIPsAssociationTestJSON:tearDownClass): 200 PUT http://10.180.1.21:9696/networking/v2.0/routers/70e348ba-fa30-4654-869f-74d42e5d733c/remove_router_interface 0.846s
2025-05-09 06:30:19.691 70095 INFO tempest.lib.common.rest_client [req-6d1a2329-4679-443e-990d-a24935e69577 req-6d1a2329-4679-443e-990d-a24935e69577 ] Request (MigrationsAdminTest:test_list_migrations_in_flavor_resize_situation): 200 GET http://10.180.1.21/compute/v2.1/servers/f31e0ac1-18d3-4e01-a470-769823a8566a 0.153s
2025-05-09 06:30:19.746 70073 INFO tempest.lib.common.rest_client [req-6b478bfc-1450-4680-806d-dc66ce02d9da req-6b478bfc-1450-4680-806d-dc66ce02d9da ] Request (ServerShowV247Test:test_update_rebuild_list_server): 200 GET http://10.180.1.21/compute/v2.1/servers/3300be1b-4c47-486f-8a60-fa5cc4d8d4b9 0.181s
2025-05-09 06:30:19.803 70087 INFO tempest.lib.common.rest_client [req-f58dfef3-c0fd-4bc8-abee-26702444b66d req-f58dfef3-c0fd-4bc8-abee-26702444b66d ] Request (ServerShowV257Test:tearDownClass): 200 GET http://10.180.1.21/compute/v2.1/servers/bb4b3a0b-84ee-48fa-80c7-c7c9da471efa 0.204s
2025-05-09 06:30:19.857 70103 INFO tempest.lib.common.rest_client [req-a787f86e-880f-4e6b-b523-28019ecfb96f req-a787f86e-880f-4e6b-b523-28019ecfb96f ] Request (ServerActionsTestJSON:test_rebuild_server): 200 GET http://10.180.1.21/compute/v2.1/servers/00770212-75b7-4043-b43d-a1735f759564 0.238s
2025-05-09 06:30:19.890 70051 INFO tempest.lib.common.rest_client [req-c94c96a6-7148-472e-947d-7d8d2547225c req-c94c96a6-7148-472e-947d-7d8d2547225c ] Request (ServersAdminTestJSON:test_create_server_with_scheduling_hint): 202 POST http://10.180.1.21/compute/v2.1/servers 0.352s
2025-05-09 06:30:19.917 70043 INFO tempest.lib.common.rest_client [req-8f715a17-184d-4c43-918f-f49e40f1ccba req-8f715a17-184d-4c43-918f-f49e40f1ccba ] Request (ServersAdminNegativeTestJSON:tearDownClass): 200 GET http://10.180.1.21/compute/v2.1/servers/52b1e45e-4b65-4306-991c-a83996be651f 0.262s
2025-05-09 06:30:19.949 70045 INFO tempest.lib.common.rest_client [req-ebba819a-3b68-4c47-ac77-0c778927902b req-ebba819a-3b68-4c47-ac77-0c778927902b ] Request (InstanceActionsV221TestJSON:test_get_list_deleted_instance_actions): 200 GET http://10.180.1.21/compute/v2.1/servers/b879f05c-ea31-42df-8fe7-38f19f231b7d 0.284s
2025-05-09 06:30:19.983 70055 INFO tempest.lib.common.rest_client [req-f34b3849-439f-4a7d-9910-592173000df6 req-f34b3849-439f-4a7d-9910-592173000df6 ] Request (MultipleCreateTestJSON:_run_cleanups): 200 GET http://10.180.1.21/compute/v2.1/servers/de44fdb7-0246-41c9-b322-50cf70cb8516 0.279s
2025-05-09 06:30:20.016 70049 INFO tempest.lib.common.rest_client [req-ad73bc2b-9ea8-405d-92ec-5d0a3aadc4d4 req-ad73bc2b-9ea8-405d-92ec-5d0a3aadc4d4 ] Request (ServersWithSpecificFlavorTestJSON:test_verify_created_server_ephemeral_disk): 200 GET http://10.180.1.21/compute/v2.1/servers/bf254692-69ca-4d13-920d-21bd492e0439 0.296s
2025-05-09 06:30:20.038 70065 INFO tempest.lib.common.rest_client [req-5e572613-d14f-48b2-b94c-ac6d1d2c78bf req-5e572613-d14f-48b2-b94c-ac6d1d2c78bf ] Request (DeleteServersTestJSON:test_delete_active_server): 200 GET http://10.180.1.21/compute/v2.1/servers/72e42493-8689-4f2a-9192-9aaffc5b1b7d 0.252s
2025-05-09 06:30:20.057 70051 INFO tempest.lib.common.rest_client [req-19a45482-7abb-468b-b307-15ac0b12aa6b req-19a45482-7abb-468b-b307-15ac0b12aa6b ] Request (ServersAdminTestJSON:test_create_server_with_scheduling_hint): 200 GET http://10.180.1.21/compute/v2.1/servers/9da179e8-d2e7-4b7c-9ed0-a7944411c463 0.165s
2025-05-09 06:30:20.097 70063 INFO tempest.lib.common.rest_client [req-dbb0d6e3-2a19-43fd-9ab5-1e1c183c77e3 req-dbb0d6e3-2a19-43fd-9ab5-1e1c183c77e3 ] Request (SecurityGroupsTestJSON:test_server_security_groups): 200 GET http://10.180.1.21/compute/v2.1/servers/011fa2f1-e165-4355-a4da-f4b28ea7ed04 0.185s
2025-05-09 06:30:20.119 70099 INFO tempest.lib.common.rest_client [req-9fdbfb20-2862-4734-9023-2d03685959de req-9fdbfb20-2862-4734-9023-2d03685959de ] Request (ListImageFiltersTestJSON:setUpClass): 200 GET http://10.180.1.21/compute/v2.1/servers/13ddd354-488b-49cf-baa2-492046238e22 0.174s
2025-05-09 06:30:20.139 70101 INFO tempest.lib.common.rest_client [req-0b421ba7-9cb7-4863-b79b-c3afa615d73f req-0b421ba7-9cb7-4863-b79b-c3afa615d73f ] Request (FloatingIPsAssociationTestJSON:tearDownClass): 204 DELETE http://10.180.1.21:9696/networking/v2.0/routers/70e348ba-fa30-4654-869f-74d42e5d733c 0.464s
2025-05-09 06:30:20.149 70057 INFO tempest.lib.common.rest_client [req-f72d131b-c9fb-4ca7-b20a-6a57f655c479 req-f72d131b-c9fb-4ca7-b20a-6a57f655c479 ] Request (ServersTestFqdnHostnames:test_create_server_with_fqdn_name): 200 GET http://10.180.1.21/compute/v2.1/servers/97e1608c-a17c-4642-bc57-a13eaae64587 0.131s
2025-05-09 06:30:20.156 70057 INFO tempest.common.waiters [-] State transition "BUILD/scheduling" ==> "BUILD/None" after 35 second wait
2025-05-09 06:30:20.184 70081 INFO tempest.lib.common.rest_client [req-49d93294-5fe2-41ba-b5d1-ff8ab2987ce4 req-49d93294-5fe2-41ba-b5d1-ff8ab2987ce4 ] Request (ServersTestJSON:tearDownClass): 200 GET http://10.180.1.21/compute/v2.1/servers/5746d847-85be-4587-9a40-ba7ad4beeed3 0.163s
2025-05-09 06:30:20.196 70047 INFO tempest.lib.common.rest_client [req-13fc3b34-bc90-4185-b9e2-dab910ab9ce6 req-13fc3b34-bc90-4185-b9e2-dab910ab9ce6 ] Request (ServersTestMultiNic:test_verify_multiple_nics_order): 200 GET http://10.180.1.21/compute/v2.1/servers/e08f03b7-add2-4f51-b5e0-e67b1b55cc76 0.121s
2025-05-09 06:30:20.248 70085 INFO tempest.lib.common.rest_client [req-293ff58a-9f6d-44c6-ad57-e43804cf70dc req-293ff58a-9f6d-44c6-ad57-e43804cf70dc ] Request (ServerGroupTestJSON:test_create_server_with_scheduler_hint_group): 200 GET http://10.180.1.21/compute/v2.1/servers/9462e2f5-628d-4410-a2d1-6ff064c8cc8f 0.167s
2025-05-09 06:30:20.251 70097 INFO tempest.lib.common.rest_client [req-674feba7-dac5-47b7-b279-a7895f00112e req-674feba7-dac5-47b7-b279-a7895f00112e ] Request (ServerShowV254Test:test_rebuild_server): 200 GET http://10.180.1.21/compute/v2.1/servers/3ba76adc-0ada-4fd5-b88a-7e54e43198d6 0.115s
2025-05-09 06:30:20.300 70101 INFO tempest.lib.common.rest_client [req-6e836c48-a3f2-402f-8e17-87e356b37823 req-6e836c48-a3f2-402f-8e17-87e356b37823 ] Request (FloatingIPsAssociationTestJSON:tearDownClass): 204 DELETE http://10.180.1.21:9696/networking/v2.0/subnets/9518ebe0-f976-4d6b-98b7-8e8a094cfa6c 0.160s
2025-05-09 06:30:20.355 70061 INFO tempest.lib.common.rest_client [req-1545ff9f-8a8c-47e8-808a-2d338fc810d9 req-1545ff9f-8a8c-47e8-808a-2d338fc810d9 ] Request (ImagesTestJSON:test_create_image_from_stopped_server): 200 GET http://10.180.1.21/compute/v2.1/servers/34212255-3d5a-46ab-bb97-92eba5505c65 0.052s
2025-05-09 06:30:20.414 70075 INFO tempest.lib.common.rest_client [req-74fab37b-dc20-465b-8047-2fc196ca6800 req-74fab37b-dc20-465b-8047-2fc196ca6800 ] Request (InstanceActionsNegativeTestJSON:setUpClass): 200 GET http://10.180.1.21/compute/v2.1/servers/4d1fd36b-f212-4c34-8c68-f6df19a3f33c 0.055s
2025-05-09 06:30:20.440 70093 WARNING tempest.lib.common.ssh [-] Failed to establish authenticated ssh connection to cirros@10.180.180.221 ([Errno None] Unable to connect to port 22 on 10.180.180.221). Number attempts: 12. Retry after 13 seconds.: paramiko.ssh_exception.NoValidConnectionsError: [Errno None] Unable to connect to port 22 on 10.180.180.221
2025-05-09 06:30:20.510 70059 INFO tempest.lib.common.rest_client [req-0b448d99-7617-4c49-bec1-69284432941d req-0b448d99-7617-4c49-bec1-69284432941d ] Request (ImagesOneServerTestJSON:tearDownClass): 200 GET http://10.180.1.21/compute/v2.1/servers/54b76c78-f851-418d-97d9-67985d7f7c34 0.072s
2025-05-09 06:30:20.564 70071 INFO tempest.lib.common.rest_client [req-e36f54b7-c30a-4195-9017-8168def9c8a8 req-e36f54b7-c30a-4195-9017-8168def9c8a8 ] Request (ListServerFiltersTestJSON:setUpClass): 200 GET http://10.180.1.21/compute/v2.1/servers/fc5c12e6-eb79-4625-97b3-114b8daf25d8 0.075s
2025-05-09 06:30:20.583 70101 INFO tempest.lib.common.rest_client [req-4669b994-aa64-4f33-967e-6f0ee4b4140c req-4669b994-aa64-4f33-967e-6f0ee4b4140c ] Request (FloatingIPsAssociationTestJSON:tearDownClass): 204 DELETE http://10.180.1.21:9696/networking/v2.0/networks/b021844f-3649-4803-8581-47b2717bc8a4 0.282s
2025-05-09 06:30:20.609 70077 INFO tempest.lib.common.rest_client [req-5ee9d213-4410-4161-a1e9-725f52c72e37 req-5ee9d213-4410-4161-a1e9-725f52c72e37 ] Request (ImagesOneServerNegativeTestJSON:_run_cleanups): 200 GET http://10.180.1.21/compute/v2.1/servers/897eb04c-8f5a-417e-8a9d-06db9dfe9f40 0.067s
2025-05-09 06:30:20.633 70069 INFO tempest.lib.common.rest_client [req-b0d1a320-031d-49fb-a602-11a73cd9bda8 req-b0d1a320-031d-49fb-a602-11a73cd9bda8 ] Request (ServerRescueTestJSONUnderV235:setUpClass): 200 GET http://10.180.1.21/compute/v2.1/servers/6bdae792-ea04-4871-acdf-a476be1f3950 0.052s
2025-05-09 06:30:20.665 70101 INFO tempest.lib.common.rest_client [req-65fec266-611d-4d5b-b9ca-e86adb109836 req-65fec266-611d-4d5b-b9ca-e86adb109836 ] Request (FloatingIPsAssociationTestJSON:tearDownClass): 204 DELETE http://10.180.1.21/identity/v3/users/015c05c3957a404ebead10867878d0ee 0.082s
2025-05-09 06:30:20.665 70101 INFO tempest.lib.common.dynamic_creds [-] Deleting project and security group for project: 886b184462bc4d3ab818c0f0252729e2
2025-05-09 06:30:20.692 70101 INFO tempest.lib.common.rest_client [req-5a40bd6f-2502-4d5b-b266-72f6e6598a4b req-5a40bd6f-2502-4d5b-b266-72f6e6598a4b ] Request (FloatingIPsAssociationTestJSON:tearDownClass): 200 GET http://10.180.1.21:9696/networking/v2.0/security-groups?tenant_id=886b184462bc4d3ab818c0f0252729e2&name=default 0.026s
2025-05-09 06:30:20.795 70101 INFO tempest.lib.common.rest_client [req-aac6b329-c43d-49a8-a8a8-d99f731d3525 req-aac6b329-c43d-49a8-a8a8-d99f731d3525 ] Request (FloatingIPsAssociationTestJSON:tearDownClass): 204 DELETE http://10.180.1.21:9696/networking/v2.0/security-groups/25e50abc-db08-4d17-8597-7f62ca5148f9 0.103s
2025-05-09 06:30:20.819 70095 INFO tempest.lib.common.rest_client [req-de59af6a-a1c3-41b3-8a58-87a1591e1cc2 req-de59af6a-a1c3-41b3-8a58-87a1591e1cc2 ] Request (MigrationsAdminTest:test_list_migrations_in_flavor_resize_situation): 200 GET http://10.180.1.21/compute/v2.1/servers/f31e0ac1-18d3-4e01-a470-769823a8566a 0.118s
2025-05-09 06:30:20.827 70073 INFO tempest.lib.common.rest_client [req-fb1684ac-21ef-4da3-ad5a-cb30d6b513cc req-fb1684ac-21ef-4da3-ad5a-cb30d6b513cc ] Request (ServerShowV247Test:test_update_rebuild_list_server): 200 GET http://10.180.1.21/compute/v2.1/servers/3300be1b-4c47-486f-8a60-fa5cc4d8d4b9 0.068s
2025-05-09 06:30:20.890 70087 INFO tempest.lib.common.rest_client [req-9e2ce42b-ac8c-491f-931e-8f7dbd3da184 req-9e2ce42b-ac8c-491f-931e-8f7dbd3da184 ] Request (ServerShowV257Test:tearDownClass): 200 GET http://10.180.1.21/compute/v2.1/servers/bb4b3a0b-84ee-48fa-80c7-c7c9da471efa 0.075s
2025-05-09 06:30:20.925 70103 INFO tempest.lib.common.rest_client [req-08088a92-80db-4bda-bf79-44ffd9486669 req-08088a92-80db-4bda-bf79-44ffd9486669 ] Request (ServerActionsTestJSON:test_rebuild_server): 200 GET http://10.180.1.21/compute/v2.1/servers/00770212-75b7-4043-b43d-a1735f759564 0.059s
2025-05-09 06:30:20.926 70101 INFO tempest.lib.common.rest_client [req-0bfbe933-04f3-4671-a680-85344952c7ec req-0bfbe933-04f3-4671-a680-85344952c7ec ] Request (FloatingIPsAssociationTestJSON:tearDownClass): 204 DELETE http://10.180.1.21/identity/v3/projects/886b184462bc4d3ab818c0f0252729e2 0.131s
2025-05-09 06:30:20.997 70101 INFO tempest.lib.common.rest_client [req-b049f58f-4664-4390-8f4f-d5516892807c req-b049f58f-4664-4390-8f4f-d5516892807c ] Request (ServerActionsTestOtherA:setUpClass): 201 POST http://10.180.1.21/identity/v3/auth/tokens 0.069s
2025-05-09 06:30:20.999 70043 INFO tempest.lib.common.rest_client [req-b08e4b58-b6da-491e-9f0b-2d33a229698a req-b08e4b58-b6da-491e-9f0b-2d33a229698a ] Request (ServersAdminNegativeTestJSON:tearDownClass): 200 GET http://10.180.1.21/compute/v2.1/servers/52b1e45e-4b65-4306-991c-a83996be651f 0.075s
2025-05-09 06:30:21.026 70045 INFO tempest.lib.common.rest_client [req-6c0a2e4e-0959-44a9-a0a6-04a711e4577d req-6c0a2e4e-0959-44a9-a0a6-04a711e4577d ] Request (InstanceActionsV221TestJSON:test_get_list_deleted_instance_actions): 200 GET http://10.180.1.21/compute/v2.1/servers/b879f05c-ea31-42df-8fe7-38f19f231b7d 0.064s
2025-05-09 06:30:21.039 70101 INFO tempest.lib.common.rest_client [req-3973d9f4-24d8-4e39-a971-e6a754b59358 req-3973d9f4-24d8-4e39-a971-e6a754b59358 ] Request (ServerActionsTestOtherA:setUpClass): 201 POST http://10.180.1.21/identity/v3/auth/tokens 0.039s
2025-05-09 06:30:21.065 70101 INFO tempest.lib.common.rest_client [req-c4321615-0913-4839-a685-f41053b3b481 req-c4321615-0913-4839-a685-f41053b3b481 ] Request (ServerActionsTestOtherA:setUpClass): 200 GET http://10.180.1.21/identity/v3/domains?name=Default 0.025s
2025-05-09 06:30:21.073 70055 INFO tempest.lib.common.rest_client [req-6ead757b-3973-471d-addd-4dd1db6eb6ae req-6ead757b-3973-471d-addd-4dd1db6eb6ae ] Request (MultipleCreateTestJSON:_run_cleanups): 200 GET http://10.180.1.21/compute/v2.1/servers/de44fdb7-0246-41c9-b322-50cf70cb8516 0.081s
2025-05-09 06:30:21.084 70049 INFO tempest.lib.common.rest_client [req-07248b2b-66e2-4cac-a2ad-39e6958677e5 req-07248b2b-66e2-4cac-a2ad-39e6958677e5 ] Request (ServersWithSpecificFlavorTestJSON:test_verify_created_server_ephemeral_disk): 200 GET http://10.180.1.21/compute/v2.1/servers/bf254692-69ca-4d13-920d-21bd492e0439 0.059s
2025-05-09 06:30:21.091 70101 INFO tempest.lib.common.rest_client [req-6e34a691-193c-42f7-afcb-612fadeca9d9 req-6e34a691-193c-42f7-afcb-612fadeca9d9 ] Request (ServerActionsTestOtherA:setUpClass): 201 POST http://10.180.1.21/identity/v3/projects 0.025s
2025-05-09 06:30:21.133 70065 INFO tempest.lib.common.rest_client [req-2cfc1845-8f25-4b18-b5a2-795e9cdbb95f req-2cfc1845-8f25-4b18-b5a2-795e9cdbb95f ] Request (DeleteServersTestJSON:test_delete_active_server): 200 GET http://10.180.1.21/compute/v2.1/servers/72e42493-8689-4f2a-9192-9aaffc5b1b7d 0.087s
2025-05-09 06:30:21.153 70051 INFO tempest.lib.common.rest_client [req-09e707ea-dfb4-4c3a-a05b-50dcb6a41bc0 req-09e707ea-dfb4-4c3a-a05b-50dcb6a41bc0 ] Request (ServersAdminTestJSON:test_create_server_with_scheduling_hint): 200 GET http://10.180.1.21/compute/v2.1/servers/9da179e8-d2e7-4b7c-9ed0-a7944411c463 0.088s
2025-05-09 06:30:21.160 70101 INFO tempest.lib.common.rest_client [req-40dcbc5d-fd30-4e09-8ab8-8878de8ab877 req-40dcbc5d-fd30-4e09-8ab8-8878de8ab877 ] Request (ServerActionsTestOtherA:setUpClass): 201 POST http://10.180.1.21/identity/v3/users 0.069s
2025-05-09 06:30:21.181 70101 INFO tempest.lib.common.rest_client [req-86539816-0d4d-40e3-a021-b2050bf1e110 req-86539816-0d4d-40e3-a021-b2050bf1e110 ] Request (ServerActionsTestOtherA:setUpClass): 200 GET http://10.180.1.21/identity/v3/roles 0.020s
2025-05-09 06:30:21.195 70063 INFO tempest.lib.common.rest_client [req-c5c2490f-c357-4bbe-bfb6-8d81855fb5e1 req-c5c2490f-c357-4bbe-bfb6-8d81855fb5e1 ] Request (SecurityGroupsTestJSON:test_server_security_groups): 200 GET http://10.180.1.21/compute/v2.1/servers/011fa2f1-e165-4355-a4da-f4b28ea7ed04 0.087s
2025-05-09 06:30:21.208 70101 INFO tempest.lib.common.rest_client [req-7cf1aa3e-5486-412b-847c-017ddc4ab4fe req-7cf1aa3e-5486-412b-847c-017ddc4ab4fe ] Request (ServerActionsTestOtherA:setUpClass): 204 PUT http://10.180.1.21/identity/v3/projects/b04eecc2422141ec8689f9c5a823213d/users/c65f9b4f29be4138a6652a4faae9a69d/roles/01d048456bdc410ba68271661c7174e0 0.027s
2025-05-09 06:30:21.208 70101 INFO tempest.lib.common.dynamic_creds [-] Dynamic test user c65f9b4f29be4138a6652a4faae9a69d is created with scope project and roles: ['member']
2025-05-09 06:30:21.209 70101 INFO tempest.lib.common.dynamic_creds [-] Acquired dynamic creds: credentials: Credentials: {'domain_id': 'default', 'domain_name': 'Default', 'username': 'tempest-ServerActionsTestOtherA-70575239-project-member', 'project_domain_id': 'default', 'project_domain_name': 'Default', 'project_id': 'b04eecc2422141ec8689f9c5a823213d', 'project_name': 'tempest-ServerActionsTestOtherA-70575239', 'tenant_id': 'b04eecc2422141ec8689f9c5a823213d', 'tenant_name': 'tempest-ServerActionsTestOtherA-70575239', 'user_domain_id': 'default', 'user_domain_name': 'Default', 'user_id': 'c65f9b4f29be4138a6652a4faae9a69d', 'system': None}, Network: None, Subnet: None, Router: None
2025-05-09 06:30:21.212 70099 INFO tempest.lib.common.rest_client [req-0a0912c5-bec3-4b29-8317-a0d0b87adf48 req-0a0912c5-bec3-4b29-8317-a0d0b87adf48 ] Request (ListImageFiltersTestJSON:setUpClass): 200 GET http://10.180.1.21/compute/v2.1/servers/13ddd354-488b-49cf-baa2-492046238e22 0.085s
2025-05-09 06:30:21.254 70057 INFO tempest.lib.common.rest_client [req-221aff3a-9220-4da4-9d15-8622e08d669f req-221aff3a-9220-4da4-9d15-8622e08d669f ] Request (ServersTestFqdnHostnames:test_create_server_with_fqdn_name): 200 GET http://10.180.1.21/compute/v2.1/servers/97e1608c-a17c-4642-bc57-a13eaae64587 0.096s
2025-05-09 06:30:21.268 70101 INFO tempest.lib.common.rest_client [req-f86f651e-514c-43fa-8244-88ddd99f09a4 req-f86f651e-514c-43fa-8244-88ddd99f09a4 ] Request (ServerActionsTestOtherA:setUpClass): 201 POST http://10.180.1.21/identity/v3/auth/tokens 0.059s
2025-05-09 06:30:21.275 70081 INFO tempest.lib.common.rest_client [req-6941a79a-f89b-4b6d-8dfc-897da06db561 req-6941a79a-f89b-4b6d-8dfc-897da06db561 ] Request (ServersTestJSON:tearDownClass): 200 GET http://10.180.1.21/compute/v2.1/servers/5746d847-85be-4587-9a40-ba7ad4beeed3 0.082s
2025-05-09 06:30:21.309 70047 INFO tempest.lib.common.rest_client [req-5f12499e-f4e4-4361-911e-2459ed4edbf7 req-5f12499e-f4e4-4361-911e-2459ed4edbf7 ] Request (ServersTestMultiNic:test_verify_multiple_nics_order): 200 GET http://10.180.1.21/compute/v2.1/servers/e08f03b7-add2-4f51-b5e0-e67b1b55cc76 0.103s
2025-05-09 06:30:21.336 70097 INFO tempest.lib.common.rest_client [req-b3bca0b4-fceb-4db7-8b27-65196dac3b8a req-b3bca0b4-fceb-4db7-8b27-65196dac3b8a ] Request (ServerShowV254Test:test_rebuild_server): 200 GET http://10.180.1.21/compute/v2.1/servers/3ba76adc-0ada-4fd5-b88a-7e54e43198d6 0.076s
2025-05-09 06:30:21.370 70085 INFO tempest.lib.common.rest_client [req-50a4bb3d-36ae-425e-bebc-3086a97d2cfc req-50a4bb3d-36ae-425e-bebc-3086a97d2cfc ] Request (ServerGroupTestJSON:test_create_server_with_scheduler_hint_group): 200 GET http://10.180.1.21/compute/v2.1/servers/9462e2f5-628d-4410-a2d1-6ff064c8cc8f 0.110s
2025-05-09 06:30:21.432 70061 INFO tempest.lib.common.rest_client [req-570fd985-25bd-4525-8ff5-332f21327848 req-570fd985-25bd-4525-8ff5-332f21327848 ] Request (ImagesTestJSON:test_create_image_from_stopped_server): 200 GET http://10.180.1.21/compute/v2.1/servers/34212255-3d5a-46ab-bb97-92eba5505c65 0.068s
2025-05-09 06:30:21.481 70075 INFO tempest.lib.common.rest_client [req-eeeea864-2206-42f8-bc24-a514f56063b3 req-eeeea864-2206-42f8-bc24-a514f56063b3 ] Request (InstanceActionsNegativeTestJSON:setUpClass): 200 GET http://10.180.1.21/compute/v2.1/servers/4d1fd36b-f212-4c34-8c68-f6df19a3f33c 0.058s
2025-05-09 06:30:21.560 70101 INFO tempest.lib.common.rest_client [req-e354fee3-a354-4b58-9ee9-915615473863 req-e354fee3-a354-4b58-9ee9-915615473863 ] Request (ServerActionsTestOtherA:setUpClass): 201 POST http://10.180.1.21:9696/networking/v2.0/networks 0.291s
2025-05-09 06:30:21.582 70059 INFO tempest.lib.common.rest_client [req-953c2f6d-2827-47a0-9fb7-2d41b8dbc8ec req-953c2f6d-2827-47a0-9fb7-2d41b8dbc8ec ] Request (ImagesOneServerTestJSON:tearDownClass): 200 GET http://10.180.1.21/compute/v2.1/servers/54b76c78-f851-418d-97d9-67985d7f7c34 0.062s
2025-05-09 06:30:21.649 70071 INFO tempest.lib.common.rest_client [req-5b56fd25-4300-4e33-b8d7-4badef3e0ac8 req-5b56fd25-4300-4e33-b8d7-4badef3e0ac8 ] Request (ListServerFiltersTestJSON:setUpClass): 200 GET http://10.180.1.21/compute/v2.1/servers/fc5c12e6-eb79-4625-97b3-114b8daf25d8 0.076s
2025-05-09 06:30:21.687 70077 INFO tempest.lib.common.rest_client [req-66546657-14fb-48a0-9cc5-937f09abe606 req-66546657-14fb-48a0-9cc5-937f09abe606 ] Request (ImagesOneServerNegativeTestJSON:_run_cleanups): 200 GET http://10.180.1.21/compute/v2.1/servers/897eb04c-8f5a-417e-8a9d-06db9dfe9f40 0.068s
2025-05-09 06:30:21.707 70069 INFO tempest.lib.common.rest_client [req-d8fcc6e9-e259-41ca-ad2f-8b540200d520 req-d8fcc6e9-e259-41ca-ad2f-8b540200d520 ] Request (ServerRescueTestJSONUnderV235:setUpClass): 200 GET http://10.180.1.21/compute/v2.1/servers/6bdae792-ea04-4871-acdf-a476be1f3950 0.067s
2025-05-09 06:30:21.759 70101 INFO tempest.lib.common.rest_client [req-9567e57c-4950-4a4b-b3ab-7dcb42b7c518 req-9567e57c-4950-4a4b-b3ab-7dcb42b7c518 ] Request (ServerActionsTestOtherA:setUpClass): 201 POST http://10.180.1.21:9696/networking/v2.0/subnets 0.198s
2025-05-09 06:30:21.901 70073 INFO tempest.lib.common.rest_client [req-c679ebeb-9867-4ce1-a1e8-b02fef784ef2 req-c679ebeb-9867-4ce1-a1e8-b02fef784ef2 ] Request (ServerShowV247Test:test_update_rebuild_list_server): 200 GET http://10.180.1.21/compute/v2.1/servers/3300be1b-4c47-486f-8a60-fa5cc4d8d4b9 0.064s
2025-05-09 06:30:21.978 70087 INFO tempest.lib.common.rest_client [req-9d23f1b6-310a-45da-8cd6-b121000014f4 req-9d23f1b6-310a-45da-8cd6-b121000014f4 ] Request (ServerShowV257Test:tearDownClass): 200 GET http://10.180.1.21/compute/v2.1/servers/bb4b3a0b-84ee-48fa-80c7-c7c9da471efa 0.078s
2025-05-09 06:30:21.978 70095 INFO tempest.lib.common.rest_client [req-6148c69a-b5b9-432e-a2b3-1b52e03604e4 req-6148c69a-b5b9-432e-a2b3-1b52e03604e4 ] Request (MigrationsAdminTest:test_list_migrations_in_flavor_resize_situation): 200 GET http://10.180.1.21/compute/v2.1/servers/f31e0ac1-18d3-4e01-a470-769823a8566a 0.151s
2025-05-09 06:30:22.030 70103 INFO tempest.lib.common.rest_client [req-7bd20b48-d667-4dd2-8e96-801e1603a710 req-7bd20b48-d667-4dd2-8e96-801e1603a710 ] Request (ServerActionsTestJSON:test_rebuild_server): 200 GET http://10.180.1.21/compute/v2.1/servers/00770212-75b7-4043-b43d-a1735f759564 0.096s
2025-05-09 06:30:22.077 70043 INFO tempest.lib.common.rest_client [req-2acb071d-50f6-4592-b09e-9885772889c5 req-2acb071d-50f6-4592-b09e-9885772889c5 ] Request (ServersAdminNegativeTestJSON:tearDownClass): 200 GET http://10.180.1.21/compute/v2.1/servers/52b1e45e-4b65-4306-991c-a83996be651f 0.064s
2025-05-09 06:30:22.100 70045 INFO tempest.lib.common.rest_client [req-378d6fc9-9e0b-4238-8a6c-471735bffd89 req-378d6fc9-9e0b-4238-8a6c-471735bffd89 ] Request (InstanceActionsV221TestJSON:test_get_list_deleted_instance_actions): 200 GET http://10.180.1.21/compute/v2.1/servers/b879f05c-ea31-42df-8fe7-38f19f231b7d 0.062s
2025-05-09 06:30:22.143 70055 INFO tempest.lib.common.rest_client [req-c7a08a9d-7d32-4206-b820-ceed463a3e7b req-c7a08a9d-7d32-4206-b820-ceed463a3e7b ] Request (MultipleCreateTestJSON:_run_cleanups): 200 GET http://10.180.1.21/compute/v2.1/servers/de44fdb7-0246-41c9-b322-50cf70cb8516 0.062s
2025-05-09 06:30:22.161 70049 INFO tempest.lib.common.rest_client [req-2fda79ec-744c-4597-bc12-e78f1453e09c req-2fda79ec-744c-4597-bc12-e78f1453e09c ] Request (ServersWithSpecificFlavorTestJSON:test_verify_created_server_ephemeral_disk): 200 GET http://10.180.1.21/compute/v2.1/servers/bf254692-69ca-4d13-920d-21bd492e0439 0.069s
2025-05-09 06:30:22.200 70065 INFO tempest.lib.common.rest_client [req-f09e6976-986a-4210-b515-ad14a434da06 req-f09e6976-986a-4210-b515-ad14a434da06 ] Request (DeleteServersTestJSON:test_delete_active_server): 200 GET http://10.180.1.21/compute/v2.1/servers/72e42493-8689-4f2a-9192-9aaffc5b1b7d 0.055s
2025-05-09 06:30:22.225 70051 INFO tempest.lib.common.rest_client [req-fa0de5c5-9a03-497f-90fe-08f5edbe60c0 req-fa0de5c5-9a03-497f-90fe-08f5edbe60c0 ] Request (ServersAdminTestJSON:test_create_server_with_scheduling_hint): 200 GET http://10.180.1.21/compute/v2.1/servers/9da179e8-d2e7-4b7c-9ed0-a7944411c463 0.061s
2025-05-09 06:30:22.271 70063 INFO tempest.lib.common.rest_client [req-4bb84e29-e24b-49fd-b56f-2bbd2fa44c6a req-4bb84e29-e24b-49fd-b56f-2bbd2fa44c6a ] Request (SecurityGroupsTestJSON:test_server_security_groups): 200 GET http://10.180.1.21/compute/v2.1/servers/011fa2f1-e165-4355-a4da-f4b28ea7ed04 0.065s
2025-05-09 06:30:22.293 70099 INFO tempest.lib.common.rest_client [req-f4cf2946-0a11-4289-81f0-f2b3fcdd3596 req-f4cf2946-0a11-4289-81f0-f2b3fcdd3596 ] Request (ListImageFiltersTestJSON:setUpClass): 200 GET http://10.180.1.21/compute/v2.1/servers/13ddd354-488b-49cf-baa2-492046238e22 0.072s
2025-05-09 06:30:22.332 70057 INFO tempest.lib.common.rest_client [req-b6617f59-85f9-40af-9189-047d8a209746 req-b6617f59-85f9-40af-9189-047d8a209746 ] Request (ServersTestFqdnHostnames:test_create_server_with_fqdn_name): 200 GET http://10.180.1.21/compute/v2.1/servers/97e1608c-a17c-4642-bc57-a13eaae64587 0.070s
2025-05-09 06:30:22.364 70081 INFO tempest.lib.common.rest_client [req-63f52919-cc84-4799-84f3-7735a58abe87 req-63f52919-cc84-4799-84f3-7735a58abe87 ] Request (ServersTestJSON:tearDownClass): 200 GET http://10.180.1.21/compute/v2.1/servers/5746d847-85be-4587-9a40-ba7ad4beeed3 0.077s
2025-05-09 06:30:22.381 70047 INFO tempest.lib.common.rest_client [req-fb6d8302-6451-4cdb-9a2f-6b3a6599977e req-fb6d8302-6451-4cdb-9a2f-6b3a6599977e ] Request (ServersTestMultiNic:test_verify_multiple_nics_order): 200 GET http://10.180.1.21/compute/v2.1/servers/e08f03b7-add2-4f51-b5e0-e67b1b55cc76 0.063s
2025-05-09 06:30:22.429 70097 INFO tempest.lib.common.rest_client [req-0914b157-9a83-4fea-8b7c-3bff05039634 req-0914b157-9a83-4fea-8b7c-3bff05039634 ] Request (ServerShowV254Test:test_rebuild_server): 200 GET http://10.180.1.21/compute/v2.1/servers/3ba76adc-0ada-4fd5-b88a-7e54e43198d6 0.084s
2025-05-09 06:30:22.438 70085 INFO tempest.lib.common.rest_client [req-83bb1fda-f95e-4ae0-aad3-2beb243e8eed req-83bb1fda-f95e-4ae0-aad3-2beb243e8eed ] Request (ServerGroupTestJSON:test_create_server_with_scheduler_hint_group): 200 GET http://10.180.1.21/compute/v2.1/servers/9462e2f5-628d-4410-a2d1-6ff064c8cc8f 0.055s
