2025-03-26 22:04:23.689 70337 INFO tempest.lib.common.rest_client [req-b6e4b318-c48b-4745-8bdc-ea4a3e3dbb28 req-b6e4b318-c48b-4745-8bdc-ea4a3e3dbb28 ] Request (ImagesOneServerTestJSON:setUpClass): 200 GET http://10.180.1.21/compute/v2.1/servers/2fd24361-c79d-49d6-86fb-a064a42d88be 0.083s
2025-03-26 22:04:23.690 70369 INFO tempest.common.waiters [-] State transition "BUILD/networking" ==> "BUILD/spawning" after 92 second wait
2025-03-26 22:04:23.734 70339 INFO tempest.lib.common.rest_client [req-8b86c796-a915-4346-a96b-8086016476fc req-8b86c796-a915-4346-a96b-8086016476fc ] Request (ServersWithSpecificFlavorTestJSON:test_verify_created_server_ephemeral_disk): 200 GET http://10.180.1.21/compute/v2.1/servers/2482e827-fac7-4d34-b8aa-bc93c44eef8c 0.087s
2025-03-26 22:04:23.760 70365 INFO tempest.lib.common.rest_client [req-519c143a-a451-431c-b034-dd91be520277 req-519c143a-a451-431c-b034-dd91be520277 ] Request (ServersAdmin275Test:tearDownClass): 200 GET http://10.180.1.21/compute/v2.1/servers/c42e1228-14f5-42d7-887c-c33644c478c5 0.084s
2025-03-26 22:04:23.775 70365 INFO tempest.common.waiters [-] State transition "ACTIVE/deleting" ==> "DELETED/None" after 4 second wait
2025-03-26 22:04:23.795 70389 INFO tempest.lib.common.rest_client [req-afce78cc-1f43-4215-9e04-b64b70000c4d req-afce78cc-1f43-4215-9e04-b64b70000c4d ] Request (VolumesAssistedSnapshotsTest:tearDownClass): 200 GET http://10.180.1.21/compute/v2.1/servers/32cde80f-7b4d-40df-ac02-087e12a739c5 0.075s
2025-03-26 22:04:23.816 70395 INFO tempest.lib.common.rest_client [req-736bf2ce-4538-452d-bdc4-8982ffb4ea6f req-736bf2ce-4538-452d-bdc4-8982ffb4ea6f ] Request (MultipleCreateTestJSON:test_multiple_create_with_reservation_return): 200 GET http://10.180.1.21/compute/v2.1/servers/ef019654-75be-4394-ad62-f19d9eabdd6e 0.084s
2025-03-26 22:04:23.856 70381 INFO tempest.lib.common.rest_client [req-0fb8f6e2-815c-4273-8ab5-baf2b7cf867b req-0fb8f6e2-815c-4273-8ab5-baf2b7cf867b ] Request (ServerDiskConfigTestJSON:test_rebuild_server_with_manual_disk_config): 200 GET http://10.180.1.21/compute/v2.1/servers/aeff7ce3-80c4-4005-a377-8838e9f14dfa 0.055s
2025-03-26 22:04:23.915 70363 INFO tempest.lib.common.rest_client [req-14493fd7-23b0-4d7d-951f-104c803fb081 req-14493fd7-23b0-4d7d-951f-104c803fb081 ] Request (MigrationsAdminTest:test_resize_server_revert_deleted_flavor): 200 GET http://10.180.1.21/compute/v2.1/servers/edec81c1-e48e-4c35-8a6d-62862975ce93 0.054s
2025-03-26 22:04:23.994 70349 INFO tempest.lib.common.rest_client [req-aa2251dc-fae6-40d9-8d69-e2c5568fb756 req-aa2251dc-fae6-40d9-8d69-e2c5568fb756 ] Request (ServersAdminTestJSON:test_create_server_with_scheduling_hint): 200 GET http://10.180.1.21/compute/v2.1/servers/86c0c53f-00a6-4700-9188-f2c69578fa72 0.067s
2025-03-26 22:04:24.071 70355 INFO tempest.lib.common.rest_client [req-2bddd496-0780-4f69-a04c-19ce7121aaad req-2bddd496-0780-4f69-a04c-19ce7121aaad ] Request (ListServersNegativeTestJSON:tearDownClass): 200 GET http://10.180.1.21/compute/v2.1/servers/2cfab35b-f2fb-4782-a2ea-6cb6059261ba 0.084s
2025-03-26 22:04:24.129 70351 INFO tempest.lib.common.rest_client [req-950b275b-f16b-418d-b8d2-5d6a4f5c8ee4 req-950b275b-f16b-418d-b8d2-5d6a4f5c8ee4 ] Request (DeleteServersAdminTestJSON:test_delete_server_while_in_error_state): 200 GET http://10.180.1.21/compute/v2.1/servers/00d4e54d-2bb8-46d1-a850-e8573cc0104c 0.193s
2025-03-26 22:04:24.136 70351 INFO tempest.common.waiters [-] State transition "BUILD/spawning" ==> "ACTIVE/None" after 102 second wait
2025-03-26 22:04:24.192 70341 INFO tempest.lib.common.rest_client [req-8cfd5d0e-cb09-45ac-b179-c1d07610bbca req-8cfd5d0e-cb09-45ac-b179-c1d07610bbca ] Request (ServerAddressesNegativeTestJSON:setUpClass): 200 GET http://10.180.1.21/compute/v2.1/servers/dc5e77b1-e8cb-4ff9-9b83-0d9c49b9fe43 0.157s
2025-03-26 22:04:24.213 70361 INFO tempest.lib.common.rest_client [req-2b1aef01-6bac-4a00-8148-62485554d5bb req-2b1aef01-6bac-4a00-8148-62485554d5bb ] Request (ServersTestJSON:tearDownClass): 200 GET http://10.180.1.21/compute/v2.1/servers/f7269ff0-c7b4-4dd9-9413-5198ce7a6b86 0.185s
2025-03-26 22:04:24.227 70343 INFO tempest.lib.common.rest_client [req-1975d98e-5d11-4683-b7e6-27a860ece81d req-1975d98e-5d11-4683-b7e6-27a860ece81d ] Request (ListImageFiltersTestJSON:setUpClass): 200 GET http://10.180.1.21/compute/v2.1/images/0bd554bd-bf80-4d60-9fc7-b083001a4efb 0.159s
2025-03-26 22:04:24.266 70335 INFO tempest.lib.common.rest_client [req-3fc55a42-8ebc-430a-80e2-84cb401e60ba req-3fc55a42-8ebc-430a-80e2-84cb401e60ba ] Request (ServerActionsTestOtherA:setUpClass): 200 GET http://10.180.1.21/compute/v2.1/servers/26784492-3b89-4b43-8091-64a4c0499773 0.184s
2025-03-26 22:04:24.298 70379 INFO tempest.lib.common.rest_client [req-f3ce42d1-3f96-4618-a47d-0df3c14cd240 req-f3ce42d1-3f96-4618-a47d-0df3c14cd240 ] Request (ListServerFiltersTestJSON:tearDownClass): 200 GET http://10.180.1.21/compute/v2.1/servers/10ffa883-9787-4c2b-9912-11f35f299c35 0.174s
2025-03-26 22:04:24.328 70351 INFO tempest.lib.common.rest_client [req-25aba117-8778-460b-89b4-95383e8fa4ea req-25aba117-8778-460b-89b4-95383e8fa4ea ] Request (DeleteServersAdminTestJSON:test_delete_server_while_in_error_state): 202 POST http://10.180.1.21/compute/v2.1/servers/00d4e54d-2bb8-46d1-a850-e8573cc0104c/action 0.191s
2025-03-26 22:04:24.349 70387 INFO tempest.lib.common.rest_client [req-6c36a637-5fec-4f5f-a47e-11285c8f10d1 req-6c36a637-5fec-4f5f-a47e-11285c8f10d1 ] Request (SecurityGroupsTestJSON:test_server_security_groups): 200 GET http://10.180.1.21/compute/v2.1/servers/fd97c186-c39b-45b8-9ad0-32bbea157623 0.208s
2025-03-26 22:04:24.393 70353 INFO tempest.lib.common.rest_client [req-b437856a-29a0-4ce7-ba8b-e43e5cdd7a17 req-b437856a-29a0-4ce7-ba8b-e43e5cdd7a17 ] Request (ImagesOneServerNegativeTestJSON:_run_cleanups): 200 GET http://10.180.1.21/compute/v2.1/servers/bd2599c1-6004-4e12-bdc8-6a00fa7add1c 0.207s
2025-03-26 22:04:24.403 70393 INFO tempest.lib.common.rest_client [req-e4c09498-82d4-43d2-b701-d0600763b616 req-e4c09498-82d4-43d2-b701-d0600763b616 ] Request (ServerActionsV293TestJSON:setUpClass): 200 GET http://10.180.1.21/compute/v2.1/servers/88075c05-5098-4c8a-83e1-1569ab3f7364 0.166s
2025-03-26 22:04:24.442 70345 INFO tempest.lib.common.rest_client [req-87f00ddd-c3b0-4855-b73a-e596c3969979 req-87f00ddd-c3b0-4855-b73a-e596c3969979 ] Request (ServersTestBootFromVolume:setUpClass): 200 GET http://10.180.1.21/compute/v2.1/servers/0d46a59d-0b8c-4352-bdd5-ef49274ca424 0.197s
2025-03-26 22:04:24.500 70351 INFO tempest.lib.common.rest_client [req-fe6b895d-5b7b-480a-95be-c0e622552319 req-fe6b895d-5b7b-480a-95be-c0e622552319 ] Request (DeleteServersAdminTestJSON:test_delete_server_while_in_error_state): 200 GET http://10.180.1.21/compute/v2.1/servers/00d4e54d-2bb8-46d1-a850-e8573cc0104c 0.172s
2025-03-26 22:04:24.557 70377 INFO tempest.lib.common.rest_client [req-d5c431f8-aff3-49f1-a810-97d3e77bb709 req-d5c431f8-aff3-49f1-a810-97d3e77bb709 ] Request (InstanceActionsNegativeTestJSON:setUpClass): 200 GET http://10.180.1.21/compute/v2.1/servers/8ad43e3f-41e1-4064-88d2-a16a6b3f8075 0.119s
2025-03-26 22:04:24.562 70385 INFO tempest.lib.common.rest_client [req-047c0ccf-2ced-4847-94df-88eeaef10b2a req-047c0ccf-2ced-4847-94df-88eeaef10b2a ] Request (ServersAdminNegativeTestJSON:tearDownClass): 200 GET http://10.180.1.21/compute/v2.1/servers/5312440a-5551-4acc-b114-67bb23a84399 0.121s
2025-03-26 22:04:24.610 70359 INFO tempest.lib.common.rest_client [req-13fd68f8-ea52-4729-9e16-db6a1bcb0bfa req-13fd68f8-ea52-4729-9e16-db6a1bcb0bfa ] Request (InstanceActionsV221TestJSON:test_get_list_deleted_instance_actions): 200 GET http://10.180.1.21/compute/v2.1/servers/a71a138e-d9a6-4a11-ae20-02fbbd798f32 0.115s
2025-03-26 22:04:24.624 70357 INFO tempest.lib.common.rest_client [req-4510ba7c-d6d8-42b1-a7c8-ebe9e0d1e385 req-4510ba7c-d6d8-42b1-a7c8-ebe9e0d1e385 ] Request (FloatingIPsAssociationTestJSON:tearDownClass): 200 GET http://10.180.1.21/compute/v2.1/servers/e6e74ef8-e10f-430f-8d61-71f1a53b9680 0.127s
2025-03-26 22:04:24.683 70351 INFO tempest.lib.common.rest_client [req-737a66e0-3298-4aee-8379-ba481acc0f95 req-737a66e0-3298-4aee-8379-ba481acc0f95 ] Request (DeleteServersAdminTestJSON:test_delete_server_while_in_error_state): 204 DELETE http://10.180.1.21/compute/v2.1/servers/00d4e54d-2bb8-46d1-a850-e8573cc0104c 0.175s
2025-03-26 22:04:24.739 70383 INFO tempest.lib.common.rest_client [req-b71498ac-cdbe-4938-85cc-c1936aaa5327 req-b71498ac-cdbe-4938-85cc-c1936aaa5327 ] Request (TenantUsagesTestJSON:setUpClass): 200 GET http://10.180.1.21/compute/v2.1/servers/d6fa88dd-2220-4998-8294-6a985ffb1eaf 0.092s
2025-03-26 22:04:24.775 70351 INFO tempest.lib.common.rest_client [req-327a82d4-6e67-4bc0-b459-264e33a5f355 req-327a82d4-6e67-4bc0-b459-264e33a5f355 ] Request (DeleteServersAdminTestJSON:test_delete_server_while_in_error_state): 200 GET http://10.180.1.21/compute/v2.1/servers/00d4e54d-2bb8-46d1-a850-e8573cc0104c 0.092s
2025-03-26 22:04:24.823 70337 INFO tempest.lib.common.rest_client [req-55c7bfa7-e5e3-4baf-8266-1988571ae5b4 req-55c7bfa7-e5e3-4baf-8266-1988571ae5b4 ] Request (ImagesOneServerTestJSON:setUpClass): 200 GET http://10.180.1.21/compute/v2.1/servers/2fd24361-c79d-49d6-86fb-a064a42d88be 0.124s
2025-03-26 22:04:24.837 70369 INFO tempest.lib.common.rest_client [req-24a20fcf-e798-4c20-9235-0627b68410ff req-24a20fcf-e798-4c20-9235-0627b68410ff ] Request (ServerMetadataNegativeTestJSON:setUpClass): 200 GET http://10.180.1.21/compute/v2.1/servers/c8e47f25-9bbd-431f-bf2f-4f55169fd38e 0.145s
2025-03-26 22:04:24.869 70339 INFO tempest.lib.common.rest_client [req-2ecb8a5b-e7fe-4fec-9752-900be84357ea req-2ecb8a5b-e7fe-4fec-9752-900be84357ea ] Request (ServersWithSpecificFlavorTestJSON:test_verify_created_server_ephemeral_disk): 200 GET http://10.180.1.21/compute/v2.1/servers/2482e827-fac7-4d34-b8aa-bc93c44eef8c 0.127s
2025-03-26 22:04:24.899 70365 INFO tempest.lib.common.rest_client [req-d5228129-5e7b-4bf2-8368-34929f0b583f req-d5228129-5e7b-4bf2-8368-34929f0b583f ] Request (ServersAdmin275Test:tearDownClass): 200 GET http://10.180.1.21/compute/v2.1/servers/c42e1228-14f5-42d7-887c-c33644c478c5 0.123s
2025-03-26 22:04:24.927 70389 INFO tempest.lib.common.rest_client [req-1d19ba3d-d522-4b8a-afd0-925db5eecb11 req-1d19ba3d-d522-4b8a-afd0-925db5eecb11 ] Request (VolumesAssistedSnapshotsTest:tearDownClass): 200 GET http://10.180.1.21/compute/v2.1/servers/32cde80f-7b4d-40df-ac02-087e12a739c5 0.123s
2025-03-26 22:04:24.960 70395 INFO tempest.lib.common.rest_client [req-052eecee-ea21-48eb-a1de-c36a2369cbb1 req-052eecee-ea21-48eb-a1de-c36a2369cbb1 ] Request (MultipleCreateTestJSON:test_multiple_create_with_reservation_return): 200 GET http://10.180.1.21/compute/v2.1/servers/ef019654-75be-4394-ad62-f19d9eabdd6e 0.137s
2025-03-26 22:04:25.022 70363 INFO tempest.lib.common.rest_client [req-b5e485b5-33f9-4dce-bc0f-35a63291be11 req-b5e485b5-33f9-4dce-bc0f-35a63291be11 ] Request (MigrationsAdminTest:test_resize_server_revert_deleted_flavor): 200 GET http://10.180.1.21/compute/v2.1/servers/edec81c1-e48e-4c35-8a6d-62862975ce93 0.098s
2025-03-26 22:04:25.025 70381 INFO tempest.lib.common.rest_client [req-ab6dd321-1bc8-4e86-bddc-3c4b7eac0434 req-ab6dd321-1bc8-4e86-bddc-3c4b7eac0434 ] Request (ServerDiskConfigTestJSON:test_rebuild_server_with_manual_disk_config): 200 GET http://10.180.1.21/compute/v2.1/servers/aeff7ce3-80c4-4005-a377-8838e9f14dfa 0.161s
2025-03-26 22:04:25.035 70381 INFO tempest.common.waiters [-] State transition "BUILD/None" ==> "BUILD/networking" after 93 second wait
2025-03-26 22:04:25.079 70349 INFO tempest.lib.common.rest_client [req-aaf1db7a-cf9c-446e-8d3d-242a8bc3f8f9 req-aaf1db7a-cf9c-446e-8d3d-242a8bc3f8f9 ] Request (ServersAdminTestJSON:test_create_server_with_scheduling_hint): 200 GET http://10.180.1.21/compute/v2.1/servers/86c0c53f-00a6-4700-9188-f2c69578fa72 0.075s
2025-03-26 22:04:25.168 70355 INFO tempest.lib.common.rest_client [req-70dc1f07-1656-49f6-9374-384a3973d27f req-70dc1f07-1656-49f6-9374-384a3973d27f ] Request (ListServersNegativeTestJSON:tearDownClass): 200 GET http://10.180.1.21/compute/v2.1/servers/2cfab35b-f2fb-4782-a2ea-6cb6059261ba 0.088s
2025-03-26 22:04:25.262 70341 INFO tempest.lib.common.rest_client [req-37e8e72a-fae6-4ef3-b611-5285ce0db297 req-37e8e72a-fae6-4ef3-b611-5285ce0db297 ] Request (ServerAddressesNegativeTestJSON:setUpClass): 200 GET http://10.180.1.21/compute/v2.1/servers/dc5e77b1-e8cb-4ff9-9b83-0d9c49b9fe43 0.062s
2025-03-26 22:04:25.268 70341 INFO tempest.common.waiters [-] State transition "BUILD/scheduling" ==> "BUILD/None" after 81 second wait
2025-03-26 22:04:25.300 70343 INFO tempest.lib.common.rest_client [req-f521dbaa-1d48-4e69-b351-5fa4fe070954 req-f521dbaa-1d48-4e69-b351-5fa4fe070954 ] Request (ListImageFiltersTestJSON:setUpClass): 200 GET http://10.180.1.21/compute/v2.1/images/0bd554bd-bf80-4d60-9fc7-b083001a4efb 0.070s
2025-03-26 22:04:25.342 70361 INFO tempest.lib.common.rest_client [req-b7268f99-bbdd-4cb7-a015-6e06d99d2eaf req-b7268f99-bbdd-4cb7-a015-6e06d99d2eaf ] Request (ServersTestJSON:tearDownClass): 200 GET http://10.180.1.21/compute/v2.1/servers/f7269ff0-c7b4-4dd9-9413-5198ce7a6b86 0.118s
2025-03-26 22:04:25.409 70379 INFO tempest.lib.common.rest_client [req-41d3bb5c-0a47-4add-8279-b3ac94587d58 req-41d3bb5c-0a47-4add-8279-b3ac94587d58 ] Request (ListServerFiltersTestJSON:tearDownClass): 200 GET http://10.180.1.21/compute/v2.1/servers/10ffa883-9787-4c2b-9912-11f35f299c35 0.099s
2025-03-26 22:04:25.474 70387 INFO tempest.lib.common.rest_client [req-d81d9acd-5188-4051-a8f8-bbaf315cb6e4 req-d81d9acd-5188-4051-a8f8-bbaf315cb6e4 ] Request (SecurityGroupsTestJSON:test_server_security_groups): 200 GET http://10.180.1.21/compute/v2.1/servers/fd97c186-c39b-45b8-9ad0-32bbea157623 0.117s
2025-03-26 22:04:25.548 70353 INFO tempest.lib.common.rest_client [req-19ede155-51a3-465b-b251-71adc1e7f60f req-19ede155-51a3-465b-b251-71adc1e7f60f ] Request (ImagesOneServerNegativeTestJSON:_run_cleanups): 200 GET http://10.180.1.21/compute/v2.1/servers/bd2599c1-6004-4e12-bdc8-6a00fa7add1c 0.146s
2025-03-26 22:04:25.597 70335 INFO tempest.lib.common.rest_client [req-ec8d2b13-463f-45c5-9b8f-cde26bd9f92a req-ec8d2b13-463f-45c5-9b8f-cde26bd9f92a ] Request (ServerActionsTestOtherA:setUpClass): 200 GET http://10.180.1.21/compute/v2.1/servers/26784492-3b89-4b43-8091-64a4c0499773 0.321s
2025-03-26 22:04:25.617 70393 INFO tempest.lib.common.rest_client [req-cf4e657f-b9b0-4a20-87fd-a622f7660996 req-cf4e657f-b9b0-4a20-87fd-a622f7660996 ] Request (ServerActionsV293TestJSON:setUpClass): 200 GET http://10.180.1.21/compute/v2.1/servers/88075c05-5098-4c8a-83e1-1569ab3f7364 0.204s
2025-03-26 22:04:25.663 70345 INFO tempest.lib.common.rest_client [req-7324a548-2f4b-4439-a3d2-20b5f4b0c453 req-7324a548-2f4b-4439-a3d2-20b5f4b0c453 ] Request (ServersTestBootFromVolume:setUpClass): 200 GET http://10.180.1.21/compute/v2.1/servers/0d46a59d-0b8c-4352-bdd5-ef49274ca424 0.214s
2025-03-26 22:04:25.715 70371 WARNING tempest.lib.common.ssh [-] Failed to establish authenticated ssh connection to cirros@10.180.180.133 ([Errno None] Unable to connect to port 22 on 10.180.180.133). Number attempts: 3. Retry after 4 seconds.: paramiko.ssh_exception.NoValidConnectionsError: [Errno None] Unable to connect to port 22 on 10.180.180.133
2025-03-26 22:04:25.746 70385 INFO tempest.lib.common.rest_client [req-b5e494d6-cfa5-4e69-bab7-04a60e11bf24 req-b5e494d6-cfa5-4e69-bab7-04a60e11bf24 ] Request (ServersAdminNegativeTestJSON:tearDownClass): 200 GET http://10.180.1.21/compute/v2.1/servers/5312440a-5551-4acc-b114-67bb23a84399 0.175s
2025-03-26 22:04:25.788 70377 INFO tempest.lib.common.rest_client [req-ba46ecdf-1f79-46cf-a5a0-1650155d9231 req-ba46ecdf-1f79-46cf-a5a0-1650155d9231 ] Request (InstanceActionsNegativeTestJSON:setUpClass): 200 GET http://10.180.1.21/compute/v2.1/servers/8ad43e3f-41e1-4064-88d2-a16a6b3f8075 0.223s
2025-03-26 22:04:25.825 70359 INFO tempest.lib.common.rest_client [req-73cca387-7178-43a6-abac-89d0c88ac099 req-73cca387-7178-43a6-abac-89d0c88ac099 ] Request (InstanceActionsV221TestJSON:test_get_list_deleted_instance_actions): 200 GET http://10.180.1.21/compute/v2.1/servers/a71a138e-d9a6-4a11-ae20-02fbbd798f32 0.206s
2025-03-26 22:04:25.869 70357 INFO tempest.lib.common.rest_client [req-bf1e5334-662d-427d-b71e-4220fffa7877 req-bf1e5334-662d-427d-b71e-4220fffa7877 ] Request (FloatingIPsAssociationTestJSON:tearDownClass): 200 GET http://10.180.1.21/compute/v2.1/servers/e6e74ef8-e10f-430f-8d61-71f1a53b9680 0.234s
2025-03-26 22:04:25.936 70383 INFO tempest.lib.common.rest_client [req-ef0bee8c-189f-473f-9df2-a9f9e58926c2 req-ef0bee8c-189f-473f-9df2-a9f9e58926c2 ] Request (TenantUsagesTestJSON:setUpClass): 200 GET http://10.180.1.21/compute/v2.1/servers/d6fa88dd-2220-4998-8294-6a985ffb1eaf 0.189s
2025-03-26 22:04:25.998 70351 INFO tempest.lib.common.rest_client [req-ee9fbd19-f1de-466b-9636-81363c032274 req-ee9fbd19-f1de-466b-9636-81363c032274 ] Request (DeleteServersAdminTestJSON:test_delete_server_while_in_error_state): 200 GET http://10.180.1.21/compute/v2.1/servers/00d4e54d-2bb8-46d1-a850-e8573cc0104c 0.215s
2025-03-26 22:04:26.001 70337 INFO tempest.lib.common.rest_client [req-7e4eec81-f722-47fd-b6c2-22adeb07cb03 req-7e4eec81-f722-47fd-b6c2-22adeb07cb03 ] Request (ImagesOneServerTestJSON:setUpClass): 200 GET http://10.180.1.21/compute/v2.1/servers/2fd24361-c79d-49d6-86fb-a064a42d88be 0.170s
2025-03-26 22:04:26.071 70339 INFO tempest.lib.common.rest_client [req-05c2fa3c-41a3-404a-9e9b-e78c81e26381 req-05c2fa3c-41a3-404a-9e9b-e78c81e26381 ] Request (ServersWithSpecificFlavorTestJSON:test_verify_created_server_ephemeral_disk): 200 GET http://10.180.1.21/compute/v2.1/servers/2482e827-fac7-4d34-b8aa-bc93c44eef8c 0.193s
2025-03-26 22:04:26.099 70369 INFO tempest.lib.common.rest_client [req-36aa5eb2-6693-44a0-8229-221c165361ea req-36aa5eb2-6693-44a0-8229-221c165361ea ] Request (ServerMetadataNegativeTestJSON:setUpClass): 200 GET http://10.180.1.21/compute/v2.1/servers/c8e47f25-9bbd-431f-bf2f-4f55169fd38e 0.253s
2025-03-26 22:04:26.135 70365 INFO tempest.lib.common.rest_client [req-50a1bf0f-40a9-4853-8b6b-13a90e7a70d6 req-50a1bf0f-40a9-4853-8b6b-13a90e7a70d6 ] Request (ServersAdmin275Test:tearDownClass): 200 GET http://10.180.1.21/compute/v2.1/servers/c42e1228-14f5-42d7-887c-c33644c478c5 0.225s
2025-03-26 22:04:26.164 70389 INFO tempest.lib.common.rest_client [req-1e7bb01d-fb08-4174-b341-ff1a72cb73e7 req-1e7bb01d-fb08-4174-b341-ff1a72cb73e7 ] Request (VolumesAssistedSnapshotsTest:tearDownClass): 200 GET http://10.180.1.21/compute/v2.1/servers/32cde80f-7b4d-40df-ac02-087e12a739c5 0.222s
2025-03-26 22:04:26.191 70395 INFO tempest.lib.common.rest_client [req-89f8cf66-0fa0-4c70-b2d4-e580f3a22553 req-89f8cf66-0fa0-4c70-b2d4-e580f3a22553 ] Request (MultipleCreateTestJSON:test_multiple_create_with_reservation_return): 200 GET http://10.180.1.21/compute/v2.1/servers/ef019654-75be-4394-ad62-f19d9eabdd6e 0.221s
2025-03-26 22:04:26.227 70363 INFO tempest.lib.common.rest_client [req-b2dac0b5-01d7-4ca5-8d75-0f56695b8dfa req-b2dac0b5-01d7-4ca5-8d75-0f56695b8dfa ] Request (MigrationsAdminTest:test_resize_server_revert_deleted_flavor): 200 GET http://10.180.1.21/compute/v2.1/servers/edec81c1-e48e-4c35-8a6d-62862975ce93 0.196s
2025-03-26 22:04:26.279 70381 INFO tempest.lib.common.rest_client [req-5308cef5-be63-4473-8bd1-fca58945d736 req-5308cef5-be63-4473-8bd1-fca58945d736 ] Request (ServerDiskConfigTestJSON:test_rebuild_server_with_manual_disk_config): 200 GET http://10.180.1.21/compute/v2.1/servers/aeff7ce3-80c4-4005-a377-8838e9f14dfa 0.242s
2025-03-26 22:04:26.286 70381 INFO tempest.common.waiters [-] State transition "BUILD/networking" ==> "BUILD/spawning" after 94 second wait
2025-03-26 22:04:26.288 70349 INFO tempest.lib.common.rest_client [req-7adfc840-eef1-4d77-ba73-d214c531b42d req-7adfc840-eef1-4d77-ba73-d214c531b42d ] Request (ServersAdminTestJSON:test_create_server_with_scheduling_hint): 200 GET http://10.180.1.21/compute/v2.1/servers/86c0c53f-00a6-4700-9188-f2c69578fa72 0.200s
2025-03-26 22:04:26.342 70355 INFO tempest.lib.common.rest_client [req-8154454c-6675-49c8-8b07-fd8103a30559 req-8154454c-6675-49c8-8b07-fd8103a30559 ] Request (ListServersNegativeTestJSON:tearDownClass): 200 GET http://10.180.1.21/compute/v2.1/servers/2cfab35b-f2fb-4782-a2ea-6cb6059261ba 0.166s
2025-03-26 22:04:26.359 70341 INFO tempest.lib.common.rest_client [req-79d4f63a-bfdb-4816-b301-f131f8877ddc req-79d4f63a-bfdb-4816-b301-f131f8877ddc ] Request (ServerAddressesNegativeTestJSON:setUpClass): 200 GET http://10.180.1.21/compute/v2.1/servers/dc5e77b1-e8cb-4ff9-9b83-0d9c49b9fe43 0.090s
2025-03-26 22:04:26.389 70343 INFO tempest.lib.common.rest_client [req-885615d8-7fa9-43e6-be51-fe11a64c47ba req-885615d8-7fa9-43e6-be51-fe11a64c47ba ] Request (ListImageFiltersTestJSON:setUpClass): 200 GET http://10.180.1.21/compute/v2.1/images/0bd554bd-bf80-4d60-9fc7-b083001a4efb 0.085s
2025-03-26 22:04:26.423 70361 INFO tempest.lib.common.rest_client [req-f71dc6d0-8a64-4d93-9a37-eea4c452bdeb req-f71dc6d0-8a64-4d93-9a37-eea4c452bdeb ] Request (ServersTestJSON:tearDownClass): 200 GET http://10.180.1.21/compute/v2.1/servers/f7269ff0-c7b4-4dd9-9413-5198ce7a6b86 0.070s
2025-03-26 22:04:26.482 70379 INFO tempest.lib.common.rest_client [req-26ed601a-9282-430a-a616-e5f316896f3a req-26ed601a-9282-430a-a616-e5f316896f3a ] Request (ListServerFiltersTestJSON:tearDownClass): 200 GET http://10.180.1.21/compute/v2.1/servers/10ffa883-9787-4c2b-9912-11f35f299c35 0.059s
2025-03-26 22:04:26.540 70387 INFO tempest.lib.common.rest_client [req-1d898ff1-83ad-4587-8e18-997c76db6a96 req-1d898ff1-83ad-4587-8e18-997c76db6a96 ] Request (SecurityGroupsTestJSON:test_server_security_groups): 200 GET http://10.180.1.21/compute/v2.1/servers/fd97c186-c39b-45b8-9ad0-32bbea157623 0.052s
2025-03-26 22:04:26.612 70353 INFO tempest.lib.common.rest_client [req-130f9e48-9fa5-4c40-9812-602d850f2972 req-130f9e48-9fa5-4c40-9812-602d850f2972 ] Request (ImagesOneServerNegativeTestJSON:_run_cleanups): 200 GET http://10.180.1.21/compute/v2.1/servers/bd2599c1-6004-4e12-bdc8-6a00fa7add1c 0.055s
2025-03-26 22:04:26.656 70335 INFO tempest.lib.common.rest_client [req-ca5c7371-4ac2-4a15-af51-593d47a68d93 req-ca5c7371-4ac2-4a15-af51-593d47a68d93 ] Request (ServerActionsTestOtherA:setUpClass): 200 GET http://10.180.1.21/compute/v2.1/servers/26784492-3b89-4b43-8091-64a4c0499773 0.051s
2025-03-26 22:04:26.686 70393 INFO tempest.lib.common.rest_client [req-4c896c3a-b066-4414-8461-92b794b21dfd req-4c896c3a-b066-4414-8461-92b794b21dfd ] Request (ServerActionsV293TestJSON:setUpClass): 200 GET http://10.180.1.21/compute/v2.1/servers/88075c05-5098-4c8a-83e1-1569ab3f7364 0.054s
2025-03-26 22:04:26.729 70345 INFO tempest.lib.common.rest_client [req-61244559-86ab-4cce-b7bc-b3372a390ce7 req-61244559-86ab-4cce-b7bc-b3372a390ce7 ] Request (ServersTestBootFromVolume:setUpClass): 200 GET http://10.180.1.21/compute/v2.1/servers/0d46a59d-0b8c-4352-bdd5-ef49274ca424 0.053s
2025-03-26 22:04:26.813 70385 INFO tempest.lib.common.rest_client [req-29ffa3a4-dff3-40a6-8b77-d89f7f5e5782 req-29ffa3a4-dff3-40a6-8b77-d89f7f5e5782 ] Request (ServersAdminNegativeTestJSON:tearDownClass): 200 GET http://10.180.1.21/compute/v2.1/servers/5312440a-5551-4acc-b114-67bb23a84399 0.057s
2025-03-26 22:04:26.903 70359 INFO tempest.lib.common.rest_client [req-864d10c7-a506-48f3-9cce-ce3f790c41df req-864d10c7-a506-48f3-9cce-ce3f790c41df ] Request (InstanceActionsV221TestJSON:test_get_list_deleted_instance_actions): 200 GET http://10.180.1.21/compute/v2.1/servers/a71a138e-d9a6-4a11-ae20-02fbbd798f32 0.062s
2025-03-26 22:04:26.918 70377 INFO tempest.lib.common.rest_client [req-8ee35426-ff26-4757-adf3-8064c7f74ea1 req-8ee35426-ff26-4757-adf3-8064c7f74ea1 ] Request (InstanceActionsNegativeTestJSON:setUpClass): 200 GET http://10.180.1.21/compute/v2.1/servers/8ad43e3f-41e1-4064-88d2-a16a6b3f8075 0.120s
2025-03-26 22:04:26.971 70357 INFO tempest.lib.common.rest_client [req-34bb4592-57bf-4d21-9731-15f8a7d86b67 req-34bb4592-57bf-4d21-9731-15f8a7d86b67 ] Request (FloatingIPsAssociationTestJSON:tearDownClass): 200 GET http://10.180.1.21/compute/v2.1/servers/e6e74ef8-e10f-430f-8d61-71f1a53b9680 0.093s
2025-03-26 22:04:27.063 70383 INFO tempest.lib.common.rest_client [req-ad75114f-6eab-45df-8f88-c796b16e6973 req-ad75114f-6eab-45df-8f88-c796b16e6973 ] Request (TenantUsagesTestJSON:setUpClass): 200 GET http://10.180.1.21/compute/v2.1/servers/d6fa88dd-2220-4998-8294-6a985ffb1eaf 0.118s
2025-03-26 22:04:27.115 70337 INFO tempest.lib.common.rest_client [req-06793d24-0050-43fe-b9e6-1c82c773c5c4 req-06793d24-0050-43fe-b9e6-1c82c773c5c4 ] Request (ImagesOneServerTestJSON:setUpClass): 200 GET http://10.180.1.21/compute/v2.1/servers/2fd24361-c79d-49d6-86fb-a064a42d88be 0.097s
2025-03-26 22:04:27.134 70351 INFO tempest.lib.common.rest_client [req-271f5724-5a52-4ebe-a164-8884a2b8a809 req-271f5724-5a52-4ebe-a164-8884a2b8a809 ] Request (DeleteServersAdminTestJSON:test_delete_server_while_in_error_state): 200 GET http://10.180.1.21/compute/v2.1/servers/00d4e54d-2bb8-46d1-a850-e8573cc0104c 0.127s
2025-03-26 22:04:27.202 70339 INFO tempest.lib.common.rest_client [req-5fe5634d-42a8-4a73-bf81-1cd4237f6841 req-5fe5634d-42a8-4a73-bf81-1cd4237f6841 ] Request (ServersWithSpecificFlavorTestJSON:test_verify_created_server_ephemeral_disk): 200 GET http://10.180.1.21/compute/v2.1/servers/2482e827-fac7-4d34-b8aa-bc93c44eef8c 0.123s
2025-03-26 22:04:27.240 70369 INFO tempest.lib.common.rest_client [req-a75692ac-e912-4847-b421-5a3c7f2691f0 req-a75692ac-e912-4847-b421-5a3c7f2691f0 ] Request (ServerMetadataNegativeTestJSON:setUpClass): 200 GET http://10.180.1.21/compute/v2.1/servers/c8e47f25-9bbd-431f-bf2f-4f55169fd38e 0.131s
2025-03-26 22:04:27.275 70365 INFO tempest.lib.common.rest_client [req-82a64bbb-44d7-42fd-9d69-1323cc06c687 req-82a64bbb-44d7-42fd-9d69-1323cc06c687 ] Request (ServersAdmin275Test:tearDownClass): 200 GET http://10.180.1.21/compute/v2.1/servers/c42e1228-14f5-42d7-887c-c33644c478c5 0.126s
2025-03-26 22:04:27.294 70389 INFO tempest.lib.common.rest_client [req-b8623ecd-0d44-44dd-9b64-9a775733bd24 req-b8623ecd-0d44-44dd-9b64-9a775733bd24 ] Request (VolumesAssistedSnapshotsTest:tearDownClass): 200 GET http://10.180.1.21/compute/v2.1/servers/32cde80f-7b4d-40df-ac02-087e12a739c5 0.122s
2025-03-26 22:04:27.327 70395 INFO tempest.lib.common.rest_client [req-57f49ab4-8b1d-4b7c-adee-d1e2a19ca867 req-57f49ab4-8b1d-4b7c-adee-d1e2a19ca867 ] Request (MultipleCreateTestJSON:test_multiple_create_with_reservation_return): 200 GET http://10.180.1.21/compute/v2.1/servers/ef019654-75be-4394-ad62-f19d9eabdd6e 0.123s
2025-03-26 22:04:27.340 70363 INFO tempest.lib.common.rest_client [req-331bea22-56a2-4e53-a589-0a3d2ad6516b req-331bea22-56a2-4e53-a589-0a3d2ad6516b ] Request (MigrationsAdminTest:test_resize_server_revert_deleted_flavor): 200 GET http://10.180.1.21/compute/v2.1/servers/edec81c1-e48e-4c35-8a6d-62862975ce93 0.102s
2025-03-26 22:04:27.386 70349 INFO tempest.lib.common.rest_client [req-c2e0b73a-7a6b-4316-91f7-c093482cd9d9 req-c2e0b73a-7a6b-4316-91f7-c093482cd9d9 ] Request (ServersAdminTestJSON:test_create_server_with_scheduling_hint): 200 GET http://10.180.1.21/compute/v2.1/servers/86c0c53f-00a6-4700-9188-f2c69578fa72 0.090s
2025-03-26 22:04:27.416 70381 INFO tempest.lib.common.rest_client [req-48489a2e-1309-4b02-b5f3-7166bd5a84fa req-48489a2e-1309-4b02-b5f3-7166bd5a84fa ] Request (ServerDiskConfigTestJSON:test_rebuild_server_with_manual_disk_config): 200 GET http://10.180.1.21/compute/v2.1/servers/aeff7ce3-80c4-4005-a377-8838e9f14dfa 0.129s
2025-03-26 22:04:27.446 70355 INFO tempest.lib.common.rest_client [req-0129b678-d0cc-4bd2-92d7-ff2ce4dbf860 req-0129b678-d0cc-4bd2-92d7-ff2ce4dbf860 ] Request (ListServersNegativeTestJSON:tearDownClass): 200 GET http://10.180.1.21/compute/v2.1/servers/2cfab35b-f2fb-4782-a2ea-6cb6059261ba 0.094s
2025-03-26 22:04:27.470 70341 INFO tempest.lib.common.rest_client [req-125a4620-72df-40d3-a82d-69549b9ae0c6 req-125a4620-72df-40d3-a82d-69549b9ae0c6 ] Request (ServerAddressesNegativeTestJSON:setUpClass): 200 GET http://10.180.1.21/compute/v2.1/servers/dc5e77b1-e8cb-4ff9-9b83-0d9c49b9fe43 0.102s
2025-03-26 22:04:27.480 70343 INFO tempest.lib.common.rest_client [req-50640f8a-f74e-4349-85fc-2271acdb9f13 req-50640f8a-f74e-4349-85fc-2271acdb9f13 ] Request (ListImageFiltersTestJSON:setUpClass): 200 GET http://10.180.1.21/compute/v2.1/images/0bd554bd-bf80-4d60-9fc7-b083001a4efb 0.086s
2025-03-26 22:04:27.530 70361 INFO tempest.lib.common.rest_client [req-93c01434-ab42-49e5-9a9b-2feca9452256 req-93c01434-ab42-49e5-9a9b-2feca9452256 ] Request (ServersTestJSON:tearDownClass): 200 GET http://10.180.1.21/compute/v2.1/servers/f7269ff0-c7b4-4dd9-9413-5198ce7a6b86 0.099s
2025-03-26 22:04:27.538 70361 INFO tempest.common.waiters [-] State transition "ACTIVE/deleting" ==> "DELETED/None" after 4 second wait
2025-03-26 22:04:27.551 70379 INFO tempest.lib.common.rest_client [req-4ef60395-bc92-4075-86d7-406b586e3304 req-4ef60395-bc92-4075-86d7-406b586e3304 ] Request (ListServerFiltersTestJSON:tearDownClass): 200 GET http://10.180.1.21/compute/v2.1/servers/10ffa883-9787-4c2b-9912-11f35f299c35 0.061s
2025-03-26 22:04:27.610 70387 INFO tempest.lib.common.rest_client [req-3d9cc306-9fbc-49a2-b5b0-7cb1357e9e0e req-3d9cc306-9fbc-49a2-b5b0-7cb1357e9e0e ] Request (SecurityGroupsTestJSON:test_server_security_groups): 200 GET http://10.180.1.21/compute/v2.1/servers/fd97c186-c39b-45b8-9ad0-32bbea157623 0.062s
2025-03-26 22:04:27.680 70353 INFO tempest.lib.common.rest_client [req-bd61b63b-3c27-4d14-ad0e-031448aaa435 req-bd61b63b-3c27-4d14-ad0e-031448aaa435 ] Request (ImagesOneServerNegativeTestJSON:_run_cleanups): 200 GET http://10.180.1.21/compute/v2.1/servers/bd2599c1-6004-4e12-bdc8-6a00fa7add1c 0.059s
2025-03-26 22:04:27.732 70335 INFO tempest.lib.common.rest_client [req-58f68eab-14e1-483a-bd3c-476f1cf2832f req-58f68eab-14e1-483a-bd3c-476f1cf2832f ] Request (ServerActionsTestOtherA:setUpClass): 200 GET http://10.180.1.21/compute/v2.1/servers/26784492-3b89-4b43-8091-64a4c0499773 0.068s
2025-03-26 22:04:27.738 70335 INFO tempest.common.waiters [-] State transition "BUILD/None" ==> "BUILD/networking" after 95 second wait
2025-03-26 22:04:27.759 70393 INFO tempest.lib.common.rest_client [req-99e8f6c9-e92a-4268-bd53-79420316dab9 req-99e8f6c9-e92a-4268-bd53-79420316dab9 ] Request (ServerActionsV293TestJSON:setUpClass): 200 GET http://10.180.1.21/compute/v2.1/servers/88075c05-5098-4c8a-83e1-1569ab3f7364 0.062s
2025-03-26 22:04:27.802 70345 INFO tempest.lib.common.rest_client [req-f3325af4-b3ff-4ccd-8169-d8df2a2f565d req-f3325af4-b3ff-4ccd-8169-d8df2a2f565d ] Request (ServersTestBootFromVolume:setUpClass): 200 GET http://10.180.1.21/compute/v2.1/servers/0d46a59d-0b8c-4352-bdd5-ef49274ca424 0.066s
2025-03-26 22:04:27.898 70385 INFO tempest.lib.common.rest_client [req-a5a4a3fe-c345-44ff-87eb-ab2f617c34b7 req-a5a4a3fe-c345-44ff-87eb-ab2f617c34b7 ] Request (ServersAdminNegativeTestJSON:tearDownClass): 200 GET http://10.180.1.21/compute/v2.1/servers/5312440a-5551-4acc-b114-67bb23a84399 0.076s
2025-03-26 22:04:27.973 70359 INFO tempest.lib.common.rest_client [req-fc3bd0da-31b9-42e7-8f1f-52ce84636bed req-fc3bd0da-31b9-42e7-8f1f-52ce84636bed ] Request (InstanceActionsV221TestJSON:test_get_list_deleted_instance_actions): 200 GET http://10.180.1.21/compute/v2.1/servers/a71a138e-d9a6-4a11-ae20-02fbbd798f32 0.060s
2025-03-26 22:04:27.979 70367 INFO paramiko.transport [-] Connected (version 2.0, client dropbear_2020.81)
2025-03-26 22:04:28.027 70377 INFO tempest.lib.common.rest_client [req-4704130c-cd6c-4e25-9492-237ab5f07b84 req-4704130c-cd6c-4e25-9492-237ab5f07b84 ] Request (InstanceActionsNegativeTestJSON:setUpClass): 200 GET http://10.180.1.21/compute/v2.1/servers/8ad43e3f-41e1-4064-88d2-a16a6b3f8075 0.101s
2025-03-26 22:04:28.046 70357 INFO tempest.lib.common.rest_client [req-2c2aaee2-3334-46ca-8857-97a68ce36059 req-2c2aaee2-3334-46ca-8857-97a68ce36059 ] Request (FloatingIPsAssociationTestJSON:tearDownClass): 200 GET http://10.180.1.21/compute/v2.1/servers/e6e74ef8-e10f-430f-8d61-71f1a53b9680 0.066s
2025-03-26 22:04:28.083 70367 INFO paramiko.transport [-] Authentication (publickey) successful!
2025-03-26 22:04:28.083 70367 INFO tempest.lib.common.ssh [-] ssh connection to cirros@10.180.180.188 successfully created
2025-03-26 22:04:28.166 70383 INFO tempest.lib.common.rest_client [req-8a6f528b-c9e2-4770-9aba-7e24aa52076a req-8a6f528b-c9e2-4770-9aba-7e24aa52076a ] Request (TenantUsagesTestJSON:setUpClass): 200 GET http://10.180.1.21/compute/v2.1/servers/d6fa88dd-2220-4998-8294-6a985ffb1eaf 0.095s
2025-03-26 22:04:28.278 70337 INFO tempest.lib.common.rest_client [req-5863a424-aa6f-470b-9d29-7f04985a7a59 req-5863a424-aa6f-470b-9d29-7f04985a7a59 ] Request (ImagesOneServerTestJSON:setUpClass): 200 GET http://10.180.1.21/compute/v2.1/servers/2fd24361-c79d-49d6-86fb-a064a42d88be 0.150s
2025-03-26 22:04:28.281 70373 INFO paramiko.transport [-] Connected (version 2.0, client dropbear_2020.81)
2025-03-26 22:04:28.288 70367 INFO tempest.lib.common.rest_client [req-6463b371-14ef-48dd-8a9b-cea311751f6f req-6463b371-14ef-48dd-8a9b-cea311751f6f ] Request (ServerActionsTestJSON:setUp): 200 GET http://10.180.1.21/compute/v2.1/servers/2c6f2182-1d1e-4262-aa37-526bb79ebc25 0.203s
2025-03-26 22:04:28.351 70339 INFO tempest.lib.common.rest_client [req-f80622ec-4a18-4974-8538-f3a5f3deb821 req-f80622ec-4a18-4974-8538-f3a5f3deb821 ] Request (ServersWithSpecificFlavorTestJSON:test_verify_created_server_ephemeral_disk): 200 GET http://10.180.1.21/compute/v2.1/servers/2482e827-fac7-4d34-b8aa-bc93c44eef8c 0.139s
2025-03-26 22:04:28.359 70351 INFO tempest.lib.common.rest_client [req-a7749ffc-b235-4428-8ab4-d221e212ec94 req-a7749ffc-b235-4428-8ab4-d221e212ec94 ] Request (DeleteServersAdminTestJSON:test_delete_server_while_in_error_state): 200 GET http://10.180.1.21/compute/v2.1/servers/00d4e54d-2bb8-46d1-a850-e8573cc0104c 0.209s
2025-03-26 22:04:28.371 70351 INFO tempest.common.waiters [-] State transition "ERROR/deleting" ==> "DELETED/None" after 4 second wait
2025-03-26 22:04:28.396 70373 INFO paramiko.transport [-] Authentication (publickey) successful!
2025-03-26 22:04:28.397 70373 INFO tempest.lib.common.ssh [-] ssh connection to cirros@10.180.180.172 successfully created
2025-03-26 22:04:28.434 70365 INFO tempest.lib.common.rest_client [req-3cf869ba-b088-4147-b611-e64371fb8693 req-3cf869ba-b088-4147-b611-e64371fb8693 ] Request (ServersAdmin275Test:tearDownClass): 200 GET http://10.180.1.21/compute/v2.1/servers/c42e1228-14f5-42d7-887c-c33644c478c5 0.148s
2025-03-26 22:04:28.492 70369 INFO tempest.lib.common.rest_client [req-ee7918bf-d472-44ab-a92f-5f9e5781790b req-ee7918bf-d472-44ab-a92f-5f9e5781790b ] Request (ServerMetadataNegativeTestJSON:setUpClass): 200 GET http://10.180.1.21/compute/v2.1/servers/c8e47f25-9bbd-431f-bf2f-4f55169fd38e 0.243s
2025-03-26 22:04:28.499 70389 INFO tempest.lib.common.rest_client [req-544442ed-2eb0-4013-be06-0060320807a3 req-544442ed-2eb0-4013-be06-0060320807a3 ] Request (VolumesAssistedSnapshotsTest:tearDownClass): 200 GET http://10.180.1.21/compute/v2.1/servers/32cde80f-7b4d-40df-ac02-087e12a739c5 0.197s
2025-03-26 22:04:28.550 70395 INFO tempest.lib.common.rest_client [req-69519768-d738-4c8a-8cb9-781232a609fd req-69519768-d738-4c8a-8cb9-781232a609fd ] Request (MultipleCreateTestJSON:test_multiple_create_with_reservation_return): 200 GET http://10.180.1.21/compute/v2.1/servers/ef019654-75be-4394-ad62-f19d9eabdd6e 0.216s
2025-03-26 22:04:28.578 70367 INFO tempest.lib.common.rest_client [req-31fd741b-4265-4d3f-8a12-922ec7688486 req-31fd741b-4265-4d3f-8a12-922ec7688486 ] Request (ServerActionsTestJSON:test_lock_unlock_server): 202 POST http://10.180.1.21/compute/v2.1/servers/2c6f2182-1d1e-4262-aa37-526bb79ebc25/action 0.275s
2025-03-26 22:04:28.603 70363 INFO tempest.lib.common.rest_client [req-a3d1b91a-f1d6-4d29-a93d-67663db903b3 req-a3d1b91a-f1d6-4d29-a93d-67663db903b3 ] Request (MigrationsAdminTest:test_resize_server_revert_deleted_flavor): 200 GET http://10.180.1.21/compute/v2.1/servers/edec81c1-e48e-4c35-8a6d-62862975ce93 0.253s
2025-03-26 22:04:28.628 70349 INFO tempest.lib.common.rest_client [req-a9103868-53de-41ac-9509-6a453e615a1a req-a9103868-53de-41ac-9509-6a453e615a1a ] Request (ServersAdminTestJSON:test_create_server_with_scheduling_hint): 200 GET http://10.180.1.21/compute/v2.1/servers/86c0c53f-00a6-4700-9188-f2c69578fa72 0.234s
2025-03-26 22:04:28.672 70373 INFO tempest.lib.common.rest_client [req-a3bb5652-e5a3-431e-be8f-f543892b10c2 req-a3bb5652-e5a3-431e-be8f-f543892b10c2 ] Request (ServersTestFqdnHostnames:tearDownClass): 204 DELETE http://10.180.1.21/compute/v2.1/servers/de133077-255d-439b-80b8-1f39cbe3bc4a 0.263s
2025-03-26 22:04:28.726 70355 INFO tempest.lib.common.rest_client [req-8ef30580-fbce-4e08-b10d-964b6e88948b req-8ef30580-fbce-4e08-b10d-964b6e88948b ] Request (ListServersNegativeTestJSON:tearDownClass): 200 GET http://10.180.1.21/compute/v2.1/servers/2cfab35b-f2fb-4782-a2ea-6cb6059261ba 0.272s
2025-03-26 22:04:28.736 70381 INFO tempest.lib.common.rest_client [req-4f5b5786-43c5-4b02-932e-72d37a11fdc9 req-4f5b5786-43c5-4b02-932e-72d37a11fdc9 ] Request (ServerDiskConfigTestJSON:test_rebuild_server_with_manual_disk_config): 200 GET http://10.180.1.21/compute/v2.1/servers/aeff7ce3-80c4-4005-a377-8838e9f14dfa 0.310s
2025-03-26 22:04:28.774 70343 INFO tempest.lib.common.rest_client [req-c5105391-9a78-4357-8f7f-2ca4f96eaa7e req-c5105391-9a78-4357-8f7f-2ca4f96eaa7e ] Request (ListImageFiltersTestJSON:setUpClass): 200 GET http://10.180.1.21/compute/v2.1/images/0bd554bd-bf80-4d60-9fc7-b083001a4efb 0.289s
2025-03-26 22:04:28.779 70341 INFO tempest.lib.common.rest_client [req-c610549a-f531-4ae8-8fb1-023e5f4ab487 req-c610549a-f531-4ae8-8fb1-023e5f4ab487 ] Request (ServerAddressesNegativeTestJSON:setUpClass): 200 GET http://10.180.1.21/compute/v2.1/servers/dc5e77b1-e8cb-4ff9-9b83-0d9c49b9fe43 0.300s
2025-03-26 22:04:28.836 70379 INFO tempest.lib.common.rest_client [req-61da8bb3-f633-4dfe-a367-54aa01f0c47d req-61da8bb3-f633-4dfe-a367-54aa01f0c47d ] Request (ListServerFiltersTestJSON:tearDownClass): 200 GET http://10.180.1.21/compute/v2.1/servers/10ffa883-9787-4c2b-9912-11f35f299c35 0.276s
2025-03-26 22:04:28.838 70361 INFO tempest.lib.common.rest_client [req-41e80ddc-d376-4888-908a-4b300a313893 req-41e80ddc-d376-4888-908a-4b300a313893 ] Request (ServersTestJSON:tearDownClass): 200 GET http://10.180.1.21/compute/v2.1/servers/f7269ff0-c7b4-4dd9-9413-5198ce7a6b86 0.299s
2025-03-26 22:04:28.884 70387 INFO tempest.lib.common.rest_client [req-d5d5551c-af9d-412a-a448-53b391371d49 req-d5d5551c-af9d-412a-a448-53b391371d49 ] Request (SecurityGroupsTestJSON:test_server_security_groups): 200 GET http://10.180.1.21/compute/v2.1/servers/fd97c186-c39b-45b8-9ad0-32bbea157623 0.265s
2025-03-26 22:04:28.955 70367 INFO tempest.lib.common.rest_client [req-7b84dde9-05e0-4a61-a9df-ffee4ba069b1 req-7b84dde9-05e0-4a61-a9df-ffee4ba069b1 ] Request (ServerActionsTestJSON:test_lock_unlock_server): 200 GET http://10.180.1.21/compute/v2.1/servers/2c6f2182-1d1e-4262-aa37-526bb79ebc25 0.376s
2025-03-26 22:04:28.994 70373 INFO tempest.lib.common.rest_client [req-94a1668d-56bf-4fcf-8f80-4ad4f77699e6 req-94a1668d-56bf-4fcf-8f80-4ad4f77699e6 ] Request (ServersTestFqdnHostnames:tearDownClass): 200 GET http://10.180.1.21/compute/v2.1/servers/de133077-255d-439b-80b8-1f39cbe3bc4a 0.321s
2025-03-26 22:04:29.006 70353 INFO tempest.lib.common.rest_client [req-513ea3ac-4d84-4f2b-b3cf-5ab167b73881 req-513ea3ac-4d84-4f2b-b3cf-5ab167b73881 ] Request (ImagesOneServerNegativeTestJSON:_run_cleanups): 200 GET http://10.180.1.21/compute/v2.1/servers/bd2599c1-6004-4e12-bdc8-6a00fa7add1c 0.318s
2025-03-26 22:04:29.058 70393 INFO tempest.lib.common.rest_client [req-0fd97079-8908-4f81-98d1-e29fb32ee186 req-0fd97079-8908-4f81-98d1-e29fb32ee186 ] Request (ServerActionsV293TestJSON:setUpClass): 200 GET http://10.180.1.21/compute/v2.1/servers/88075c05-5098-4c8a-83e1-1569ab3f7364 0.288s
2025-03-26 22:04:29.085 70335 INFO tempest.lib.common.rest_client [req-2635b427-3004-40bf-8a1a-a8ec8872198a req-2635b427-3004-40bf-8a1a-a8ec8872198a ] Request (ServerActionsTestOtherA:setUpClass): 200 GET http://10.180.1.21/compute/v2.1/servers/26784492-3b89-4b43-8091-64a4c0499773 0.346s
2025-03-26 22:04:29.092 70335 INFO tempest.common.waiters [-] State transition "BUILD/networking" ==> "BUILD/spawning" after 97 second wait
2025-03-26 22:04:29.108 70345 INFO tempest.lib.common.rest_client [req-612c8fbd-afc3-4db8-b6e5-17522e2454c3 req-612c8fbd-afc3-4db8-b6e5-17522e2454c3 ] Request (ServersTestBootFromVolume:setUpClass): 200 GET http://10.180.1.21/compute/v2.1/servers/0d46a59d-0b8c-4352-bdd5-ef49274ca424 0.299s
2025-03-26 22:04:29.133 70367 INFO tempest.lib.common.rest_client [req-c6f6f554-cb5f-4b2f-98ce-9f45de632b7d req-c6f6f554-cb5f-4b2f-98ce-9f45de632b7d ] Request (ServerActionsTestJSON:test_lock_unlock_server): 409 POST http://10.180.1.21/compute/v2.1/servers/2c6f2182-1d1e-4262-aa37-526bb79ebc25/action 0.171s
2025-03-26 22:04:29.151 70385 INFO tempest.lib.common.rest_client [req-bf61de0e-8dae-4da5-907a-478b1275ac84 req-bf61de0e-8dae-4da5-907a-478b1275ac84 ] Request (ServersAdminNegativeTestJSON:tearDownClass): 200 GET http://10.180.1.21/compute/v2.1/servers/5312440a-5551-4acc-b114-67bb23a84399 0.239s
2025-03-26 22:04:29.189 70359 INFO tempest.lib.common.rest_client [req-69d9d370-0198-4a3f-8646-270fe3ff0798 req-69d9d370-0198-4a3f-8646-270fe3ff0798 ] Request (InstanceActionsV221TestJSON:test_get_list_deleted_instance_actions): 200 GET http://10.180.1.21/compute/v2.1/servers/a71a138e-d9a6-4a11-ae20-02fbbd798f32 0.207s
2025-03-26 22:04:29.249 70357 INFO tempest.lib.common.rest_client [req-c5450991-75d6-4a9d-af31-e0405389d0f3 req-c5450991-75d6-4a9d-af31-e0405389d0f3 ] Request (FloatingIPsAssociationTestJSON:tearDownClass): 200 GET http://10.180.1.21/compute/v2.1/servers/e6e74ef8-e10f-430f-8d61-71f1a53b9680 0.195s
2025-03-26 22:04:29.277 70377 INFO tempest.lib.common.rest_client [req-029cea9a-682c-451c-a86a-f1d1033915ca req-029cea9a-682c-451c-a86a-f1d1033915ca ] Request (InstanceActionsNegativeTestJSON:setUpClass): 200 GET http://10.180.1.21/compute/v2.1/servers/8ad43e3f-41e1-4064-88d2-a16a6b3f8075 0.242s
2025-03-26 22:04:29.285 70377 INFO tempest.common.waiters [-] State transition "BUILD/spawning" ==> "ACTIVE/None" after 103 second wait
2025-03-26 22:04:29.325 70367 INFO tempest.lib.common.rest_client [req-902eb02e-6335-42b9-93dc-f1e32e087d77 req-902eb02e-6335-42b9-93dc-f1e32e087d77 ] Request (ServerActionsTestJSON:test_lock_unlock_server): 202 POST http://10.180.1.21/compute/v2.1/servers/2c6f2182-1d1e-4262-aa37-526bb79ebc25/action 0.191s
2025-03-26 22:04:29.359 70377 INFO tempest.lib.common.rest_client [req-262ca453-ec11-45b8-86aa-d61f2af58954 req-262ca453-ec11-45b8-86aa-d61f2af58954 ] Request (InstanceActionsNegativeTestJSON:test_get_instance_action_invalid_request): 404 GET http://10.180.1.21/compute/v2.1/servers/8ad43e3f-41e1-4064-88d2-a16a6b3f8075/os-instance-actions/999 0.072s
2025-03-26 22:04:29.413 70337 INFO tempest.lib.common.rest_client [req-d31cb9d6-d949-4705-9ba9-563815ea5f13 req-d31cb9d6-d949-4705-9ba9-563815ea5f13 ] Request (ImagesOneServerTestJSON:setUpClass): 200 GET http://10.180.1.21/compute/v2.1/servers/2fd24361-c79d-49d6-86fb-a064a42d88be 0.126s
2025-03-26 22:04:29.443 70383 INFO tempest.lib.common.rest_client [req-f2fe66c9-73a2-4382-9d4e-00f41de91ea0 req-f2fe66c9-73a2-4382-9d4e-00f41de91ea0 ] Request (TenantUsagesTestJSON:setUpClass): 200 GET http://10.180.1.21/compute/v2.1/servers/d6fa88dd-2220-4998-8294-6a985ffb1eaf 0.264s
2025-03-26 22:04:29.454 70377 INFO tempest.lib.common.rest_client [req-ab40c04f-0871-4cd0-b249-e7b0acd502b3 req-ab40c04f-0871-4cd0-b249-e7b0acd502b3 ] Request (InstanceActionsNegativeTestJSON:test_list_instance_actions_non_existent_server): 404 GET http://10.180.1.21/compute/v2.1/servers/f0203d57-7e20-451b-8162-a28912813d3e/os-instance-actions 0.094s
2025-03-26 22:04:29.464 70367 INFO tempest.lib.common.rest_client [req-40cdb4eb-8c9e-480b-b276-892185823f73 req-40cdb4eb-8c9e-480b-b276-892185823f73 ] Request (ServerActionsTestJSON:test_lock_unlock_server): 202 POST http://10.180.1.21/compute/v2.1/servers/2c6f2182-1d1e-4262-aa37-526bb79ebc25/action 0.139s
2025-03-26 22:04:29.514 70339 INFO tempest.lib.common.rest_client [req-60c11e5c-8a3a-43fa-a0ac-319940fadfe9 req-60c11e5c-8a3a-43fa-a0ac-319940fadfe9 ] Request (ServersWithSpecificFlavorTestJSON:test_verify_created_server_ephemeral_disk): 200 GET http://10.180.1.21/compute/v2.1/servers/2482e827-fac7-4d34-b8aa-bc93c44eef8c 0.152s
2025-03-26 22:04:29.529 70351 INFO tempest.lib.common.rest_client [req-96c05ed7-1687-4d4c-8f46-eebb87445e03 req-96c05ed7-1687-4d4c-8f46-eebb87445e03 ] Request (DeleteServersAdminTestJSON:test_delete_server_while_in_error_state): 200 GET http://10.180.1.21/compute/v2.1/servers/00d4e54d-2bb8-46d1-a850-e8573cc0104c 0.157s
2025-03-26 22:04:29.610 70365 INFO tempest.lib.common.rest_client [req-d0ee79c3-4f12-4f4f-a73c-fca7cf03203e req-d0ee79c3-4f12-4f4f-a73c-fca7cf03203e ] Request (ServersAdmin275Test:tearDownClass): 200 GET http://10.180.1.21/compute/v2.1/servers/c42e1228-14f5-42d7-887c-c33644c478c5 0.166s
2025-03-26 22:04:29.615 70377 INFO tempest.lib.common.rest_client [req-3ed713e7-3b55-4a3f-aa45-49314e2d2188 req-3ed713e7-3b55-4a3f-aa45-49314e2d2188 ] Request (InstanceActionsNegativeTestJSON:tearDownClass): 204 DELETE http://10.180.1.21/compute/v2.1/servers/8ad43e3f-41e1-4064-88d2-a16a6b3f8075 0.159s
2025-03-26 22:04:29.732 70367 INFO tempest.lib.common.rest_client [req-f573c19f-4836-446a-a0b6-6f0622054d38 req-f573c19f-4836-446a-a0b6-6f0622054d38 ] Request (ServerActionsTestJSON:test_lock_unlock_server): 200 GET http://10.180.1.21/compute/v2.1/servers/2c6f2182-1d1e-4262-aa37-526bb79ebc25 0.267s
2025-03-26 22:04:29.733 70369 INFO tempest.lib.common.rest_client [req-f3328e73-07bb-4793-ac72-2297f81aafb9 req-f3328e73-07bb-4793-ac72-2297f81aafb9 ] Request (ServerMetadataNegativeTestJSON:setUpClass): 200 GET http://10.180.1.21/compute/v2.1/servers/c8e47f25-9bbd-431f-bf2f-4f55169fd38e 0.231s
2025-03-26 22:04:29.781 70395 INFO tempest.lib.common.rest_client [req-61c59f0d-b242-4ca8-a714-7cf323dcf1ef req-61c59f0d-b242-4ca8-a714-7cf323dcf1ef ] Request (MultipleCreateTestJSON:test_multiple_create_with_reservation_return): 200 GET http://10.180.1.21/compute/v2.1/servers/ef019654-75be-4394-ad62-f19d9eabdd6e 0.221s
2025-03-26 22:04:29.793 70389 INFO tempest.lib.common.rest_client [req-1f07bafd-eaa1-4d6d-8916-f55489b0243e req-1f07bafd-eaa1-4d6d-8916-f55489b0243e ] Request (VolumesAssistedSnapshotsTest:tearDownClass): 200 GET http://10.180.1.21/compute/v2.1/servers/32cde80f-7b4d-40df-ac02-087e12a739c5 0.286s
2025-03-26 22:04:29.842 70363 INFO tempest.lib.common.rest_client [req-1123a69c-fdcc-44ce-833a-5142af62abdb req-1123a69c-fdcc-44ce-833a-5142af62abdb ] Request (MigrationsAdminTest:test_resize_server_revert_deleted_flavor): 200 GET http://10.180.1.21/compute/v2.1/servers/edec81c1-e48e-4c35-8a6d-62862975ce93 0.229s
2025-03-26 22:04:29.898 70349 INFO tempest.lib.common.rest_client [req-441fd20e-08f1-4892-ab6c-440586a625ee req-441fd20e-08f1-4892-ab6c-440586a625ee ] Request (ServersAdminTestJSON:test_create_server_with_scheduling_hint): 200 GET http://10.180.1.21/compute/v2.1/servers/86c0c53f-00a6-4700-9188-f2c69578fa72 0.261s
2025-03-26 22:04:29.917 70377 INFO tempest.lib.common.rest_client [req-576072e9-e5b8-464c-936b-1b76fec43f66 req-576072e9-e5b8-464c-936b-1b76fec43f66 ] Request (InstanceActionsNegativeTestJSON:tearDownClass): 200 GET http://10.180.1.21/compute/v2.1/servers/8ad43e3f-41e1-4064-88d2-a16a6b3f8075 0.302s
2025-03-26 22:04:29.955 70355 INFO tempest.lib.common.rest_client [req-ec4d5b5e-335f-48ff-ba93-4a9ac3a0fa61 req-ec4d5b5e-335f-48ff-ba93-4a9ac3a0fa61 ] Request (ListServersNegativeTestJSON:tearDownClass): 200 GET http://10.180.1.21/compute/v2.1/servers/2cfab35b-f2fb-4782-a2ea-6cb6059261ba 0.220s
2025-03-26 22:04:29.993 70343 INFO tempest.lib.common.rest_client [req-d62c5a97-c189-4113-b258-f851e3342d1b req-d62c5a97-c189-4113-b258-f851e3342d1b ] Request (ListImageFiltersTestJSON:setUpClass): 200 GET http://10.180.1.21/compute/v2.1/images/0bd554bd-bf80-4d60-9fc7-b083001a4efb 0.213s
2025-03-26 22:04:30.041 70381 INFO tempest.lib.common.rest_client [req-4122dddf-cfdf-49e7-aa7b-4c5e3a8b9bfa req-4122dddf-cfdf-49e7-aa7b-4c5e3a8b9bfa ] Request (ServerDiskConfigTestJSON:test_rebuild_server_with_manual_disk_config): 200 GET http://10.180.1.21/compute/v2.1/servers/aeff7ce3-80c4-4005-a377-8838e9f14dfa 0.297s
2025-03-26 22:04:30.050 70341 INFO tempest.lib.common.rest_client [req-222a3716-a382-43cc-9bc7-c49d0d3cb71c req-222a3716-a382-43cc-9bc7-c49d0d3cb71c ] Request (ServerAddressesNegativeTestJSON:setUpClass): 200 GET http://10.180.1.21/compute/v2.1/servers/dc5e77b1-e8cb-4ff9-9b83-0d9c49b9fe43 0.260s
2025-03-26 22:04:30.108 70361 INFO tempest.lib.common.rest_client [req-c2c3b02f-42bc-4dc8-82eb-bfc390c25756 req-c2c3b02f-42bc-4dc8-82eb-bfc390c25756 ] Request (ServersTestJSON:tearDownClass): 200 GET http://10.180.1.21/compute/v2.1/servers/f7269ff0-c7b4-4dd9-9413-5198ce7a6b86 0.261s
2025-03-26 22:04:30.118 70379 INFO tempest.lib.common.rest_client [req-29ca1e9e-2ddd-4ea5-80af-e1e1b2866114 req-29ca1e9e-2ddd-4ea5-80af-e1e1b2866114 ] Request (ListServerFiltersTestJSON:tearDownClass): 200 GET http://10.180.1.21/compute/v2.1/servers/10ffa883-9787-4c2b-9912-11f35f299c35 0.274s
2025-03-26 22:04:30.161 70387 INFO tempest.lib.common.rest_client [req-cae3a19d-a915-4be3-b1b9-1d9a9ade36d3 req-cae3a19d-a915-4be3-b1b9-1d9a9ade36d3 ] Request (SecurityGroupsTestJSON:test_server_security_groups): 200 GET http://10.180.1.21/compute/v2.1/servers/fd97c186-c39b-45b8-9ad0-32bbea157623 0.267s
