2025-03-26 22:01:56.572 70335 INFO tempest.lib.common.rest_client [req-99939cca-43c4-48b6-a56c-86275941f978 req-99939cca-43c4-48b6-a56c-86275941f978 ] Request (FlavorsAdminTestJSON:_run_cleanups): 200 GET http://10.180.1.21/compute/v2.1/flavors/detail 2.776s
2025-03-26 22:01:56.606 70343 INFO tempest.lib.common.rest_client [req-7998b5a2-d59f-4122-85d0-6e2e3679a807 req-7998b5a2-d59f-4122-85d0-6e2e3679a807 ] Request (ListImageFiltersTestJSON:setUpClass): 201 POST http://10.180.1.21/identity/v3/auth/tokens 0.332s
2025-03-26 22:01:56.633 70367 INFO tempest.lib.common.rest_client [req-dc3cc34c-ef5e-4c44-84fb-9aacf51f9127 req-dc3cc34c-ef5e-4c44-84fb-9aacf51f9127 ] Request (ServerActionsTestJSON:setUpClass): 201 POST http://10.180.1.21:9696/networking/v2.0/networks 0.519s
2025-03-26 22:01:56.701 70371 INFO tempest.lib.common.rest_client [req-7d49a76d-b7a8-4bef-b826-0acb532fabf0 req-7d49a76d-b7a8-4bef-b826-0acb532fabf0 ] Request (QuotaClassesAdmin257Test:setUpClass): 200 GET http://10.180.1.21/identity/v3/domains?name=Default 0.383s
2025-03-26 22:01:56.725 70381 INFO tempest.lib.common.rest_client [req-f790e590-a84d-421a-aac7-58192996b330 req-f790e590-a84d-421a-aac7-58192996b330 ] Request (ServerDiskConfigTestJSON:setUpClass): 201 POST http://10.180.1.21/identity/v3/auth/tokens 0.360s
2025-03-26 22:01:56.728 70395 INFO tempest.lib.common.rest_client [req-78c9741d-1801-45b2-b16e-862f28323917 req-78c9741d-1801-45b2-b16e-862f28323917 ] Request (HypervisorAdminTestJSON:test_get_hypervisor_list): 200 GET http://10.180.1.21/compute/v2.1/os-hypervisors 2.983s
2025-03-26 22:01:56.746 70357 INFO tempest.lib.common.rest_client [req-adf3b43a-54b6-4384-9b53-6a44a4c7203c req-adf3b43a-54b6-4384-9b53-6a44a4c7203c ] Request (FloatingIPsAssociationTestJSON:setUpClass): 201 POST http://10.180.1.21/identity/v3/projects 0.406s
2025-03-26 22:01:56.763 70397 INFO tempest.lib.common.rest_client [req-bfd630d8-49db-42e2-afc8-70a452608f0a req-bfd630d8-49db-42e2-afc8-70a452608f0a ] Request (ImagesMetadataNegativeTestJSON:setUpClass): 201 POST http://10.180.1.21/identity/v3/users 0.266s
2025-03-26 22:01:56.857 70349 INFO tempest.lib.common.rest_client [req-c1de8e63-3b36-4f98-9c79-f0db71c83e8e req-c1de8e63-3b36-4f98-9c79-f0db71c83e8e ] Request (ServersAdminTestJSON:setUpClass): 201 POST http://10.180.1.21/identity/v3/auth/tokens 0.301s
2025-03-26 22:01:56.867 70347 INFO tempest.lib.common.rest_client [req-f4902639-b598-43d0-9e3f-f6cb6441e321 req-f4902639-b598-43d0-9e3f-f6cb6441e321 ] Request (HostsAdminNegativeTestJSON:tearDownClass): 204 DELETE http://10.180.1.21/identity/v3/users/0f5b07a0faa74976b77c981d5ffff58f 0.326s
2025-03-26 22:01:56.868 70347 INFO tempest.lib.common.dynamic_creds [-] Deleting project and security group for project: fb07ff0ef20542b7a68ebc136d091d90
2025-03-26 22:01:56.945 70387 INFO tempest.lib.common.rest_client [req-391f6e2e-5a6e-44cd-85a4-5a1e698b8719 req-391f6e2e-5a6e-44cd-85a4-5a1e698b8719 ] Request (SecurityGroupsTestJSON:setUpClass): 201 POST http://10.180.1.21:9696/networking/v2.0/subnets 0.512s
2025-03-26 22:01:56.971 70371 INFO tempest.lib.common.rest_client [req-4336e73b-c8e4-40cc-afa2-3718b0db459e req-4336e73b-c8e4-40cc-afa2-3718b0db459e ] Request (QuotaClassesAdmin257Test:setUpClass): 201 POST http://10.180.1.21/identity/v3/projects 0.270s
2025-03-26 22:01:57.027 70357 INFO tempest.lib.common.rest_client [req-baf32f14-cd0d-45da-9937-bd1ac5edc337 req-baf32f14-cd0d-45da-9937-bd1ac5edc337 ] Request (FloatingIPsAssociationTestJSON:setUpClass): 201 POST http://10.180.1.21/identity/v3/users 0.280s
2025-03-26 22:01:57.058 70397 INFO tempest.lib.common.rest_client [req-75df8257-6d07-4f49-954b-6c7e4dbe5d01 req-75df8257-6d07-4f49-954b-6c7e4dbe5d01 ] Request (ImagesMetadataNegativeTestJSON:setUpClass): 200 GET http://10.180.1.21/identity/v3/roles 0.294s
2025-03-26 22:01:57.095 70349 INFO tempest.lib.common.rest_client [req-5c46a0aa-c31a-4bf5-98b1-d510b4ba70f0 req-5c46a0aa-c31a-4bf5-98b1-d510b4ba70f0 ] Request (ServersAdminTestJSON:setUpClass): 201 POST http://10.180.1.21/identity/v3/projects 0.238s
2025-03-26 22:01:57.149 70377 INFO tempest.lib.common.rest_client [req-425ffce5-065b-4bbc-9450-6afed62e63e2 req-425ffce5-065b-4bbc-9450-6afed62e63e2 ] Request (SecurityGroupRulesTestJSON:test_security_group_rules_create): 200 POST http://10.180.1.21/compute/v2.1/os-security-groups 3.113s
2025-03-26 22:01:57.190 70347 INFO tempest.lib.common.rest_client [req-29f97645-db68-4942-80e9-53c31f21fe79 req-29f97645-db68-4942-80e9-53c31f21fe79 ] Request (HostsAdminNegativeTestJSON:tearDownClass): 201 POST http://10.180.1.21/identity/v3/auth/tokens 0.321s
2025-03-26 22:01:57.212 70357 INFO tempest.lib.common.rest_client [req-71c54292-607b-44ee-92ac-7047a8a3ee86 req-71c54292-607b-44ee-92ac-7047a8a3ee86 ] Request (FloatingIPsAssociationTestJSON:setUpClass): 200 GET http://10.180.1.21/identity/v3/roles 0.184s
2025-03-26 22:01:57.226 70371 INFO tempest.lib.common.rest_client [req-479d346d-d575-4ccb-8ba2-b0dcc4845424 req-479d346d-d575-4ccb-8ba2-b0dcc4845424 ] Request (QuotaClassesAdmin257Test:setUpClass): 201 POST http://10.180.1.21/identity/v3/users 0.255s
2025-03-26 22:01:57.238 70397 INFO tempest.lib.common.rest_client [req-8ca363e6-1d7e-4fe3-ac07-7978a9990b9f req-8ca363e6-1d7e-4fe3-ac07-7978a9990b9f ] Request (ImagesMetadataNegativeTestJSON:setUpClass): 204 PUT http://10.180.1.21/identity/v3/projects/3a6cc48fbbe84b1ca542aea9fb12069d/users/094d9d273277407fa0050733d0e8136c/roles/e987f65bb48e4072b5fffe58d3722ae3 0.176s
2025-03-26 22:01:57.238 70397 INFO tempest.lib.common.dynamic_creds [-] Dynamic test user 094d9d273277407fa0050733d0e8136c is created with scope project and roles: ['member']
2025-03-26 22:01:57.238 70397 INFO tempest.lib.common.dynamic_creds [-] Acquired dynamic creds: credentials: Credentials: {'domain_id': 'default', 'domain_name': 'Default', 'username': 'tempest-ImagesMetadataNegativeTestJSON-2051200871-project-member', 'project_domain_id': 'default', 'project_domain_name': 'Default', 'project_id': '3a6cc48fbbe84b1ca542aea9fb12069d', 'project_name': 'tempest-ImagesMetadataNegativeTestJSON-2051200871', 'tenant_id': '3a6cc48fbbe84b1ca542aea9fb12069d', 'tenant_name': 'tempest-ImagesMetadataNegativeTestJSON-2051200871', 'user_domain_id': 'default', 'user_domain_name': 'Default', 'user_id': '094d9d273277407fa0050733d0e8136c', 'system': None}, Network: None, Subnet: None, Router: None
2025-03-26 22:01:57.239 70397 INFO tempest.lib.common.dynamic_creds [-] Created isolated network resources for: credentials: Credentials: {'domain_id': 'default', 'domain_name': 'Default', 'username': 'tempest-ImagesMetadataNegativeTestJSON-2051200871-project-member', 'project_domain_id': 'default', 'project_domain_name': 'Default', 'project_id': '3a6cc48fbbe84b1ca542aea9fb12069d', 'project_name': 'tempest-ImagesMetadataNegativeTestJSON-2051200871', 'tenant_id': '3a6cc48fbbe84b1ca542aea9fb12069d', 'tenant_name': 'tempest-ImagesMetadataNegativeTestJSON-2051200871', 'user_domain_id': 'default', 'user_domain_name': 'Default', 'user_id': '094d9d273277407fa0050733d0e8136c', 'system': None}, Network: None, Subnet: None, Router: None
2025-03-26 22:01:57.251 70337 INFO tempest.lib.common.rest_client [req-26d6893c-bf70-46b6-ac85-16dc446d7295 req-26d6893c-bf70-46b6-ac85-16dc446d7295 ] Request (ServerDiagnosticsV248Test:test_get_server_diagnostics): 200 GET http://10.180.1.21/compute/v2.1/servers/4d74d56f-a2c9-40e6-abf7-b3b7a76da66e 3.160s
2025-03-26 22:01:57.261 70349 INFO tempest.lib.common.rest_client [req-2f93c7ec-344d-4185-bb45-cb11fda8ce8a req-2f93c7ec-344d-4185-bb45-cb11fda8ce8a ] Request (ServersAdminTestJSON:setUpClass): 201 POST http://10.180.1.21/identity/v3/users 0.165s
2025-03-26 22:01:57.341 70357 INFO tempest.lib.common.rest_client [req-6479226a-8a24-4c3b-b5b0-0d0c5ad81561 req-6479226a-8a24-4c3b-b5b0-0d0c5ad81561 ] Request (FloatingIPsAssociationTestJSON:setUpClass): 204 PUT http://10.180.1.21/identity/v3/projects/8afe059d143c4b8a9be0fc4a5882d634/users/fab8519cb11548acba495fa335d4377d/roles/e987f65bb48e4072b5fffe58d3722ae3 0.128s
2025-03-26 22:01:57.341 70357 INFO tempest.lib.common.dynamic_creds [-] Dynamic test user fab8519cb11548acba495fa335d4377d is created with scope project and roles: ['member']
2025-03-26 22:01:57.342 70357 INFO tempest.lib.common.dynamic_creds [-] Acquired dynamic creds: credentials: Credentials: {'domain_id': 'default', 'domain_name': 'Default', 'username': 'tempest-FloatingIPsAssociationTestJSON-1119101158-project-member', 'project_domain_id': 'default', 'project_domain_name': 'Default', 'project_id': '8afe059d143c4b8a9be0fc4a5882d634', 'project_name': 'tempest-FloatingIPsAssociationTestJSON-1119101158', 'tenant_id': '8afe059d143c4b8a9be0fc4a5882d634', 'tenant_name': 'tempest-FloatingIPsAssociationTestJSON-1119101158', 'user_domain_id': 'default', 'user_domain_name': 'Default', 'user_id': 'fab8519cb11548acba495fa335d4377d', 'system': None}, Network: None, Subnet: None, Router: None
2025-03-26 22:01:57.398 70371 INFO tempest.lib.common.rest_client [req-ee79f2a1-c276-46a0-9e60-993cac4ffdcb req-ee79f2a1-c276-46a0-9e60-993cac4ffdcb ] Request (QuotaClassesAdmin257Test:setUpClass): 200 GET http://10.180.1.21/identity/v3/roles 0.171s
2025-03-26 22:01:57.426 70345 INFO tempest.lib.common.rest_client [req-9fe65cc2-2663-49ad-b532-d6922afab8d4 req-9fe65cc2-2663-49ad-b532-d6922afab8d4 ] Request (SecurityGroupsTestAdminJSON:_run_cleanups): 202 DELETE http://10.180.1.21/compute/v2.1/os-security-groups/13a2c42d-55b7-4d2a-8a93-8690b4638efa 3.313s
2025-03-26 22:01:57.450 70349 INFO tempest.lib.common.rest_client [req-e4c0425e-f620-4d7d-a60e-3e130c0f978d req-e4c0425e-f620-4d7d-a60e-3e130c0f978d ] Request (ServersAdminTestJSON:setUpClass): 200 GET http://10.180.1.21/identity/v3/roles 0.188s
2025-03-26 22:01:57.493 70357 INFO tempest.lib.common.rest_client [req-7e34e9d0-07a3-408d-b914-8061d0cddffa req-7e34e9d0-07a3-408d-b914-8061d0cddffa ] Request (FloatingIPsAssociationTestJSON:setUpClass): 201 POST http://10.180.1.21/identity/v3/auth/tokens 0.151s
2025-03-26 22:01:57.499 70397 INFO tempest.lib.common.rest_client [req-54d771de-2a1e-4fb6-8ed5-940fedfad63e req-54d771de-2a1e-4fb6-8ed5-940fedfad63e ] Request (ImagesMetadataNegativeTestJSON:setUpClass): 201 POST http://10.180.1.21/identity/v3/auth/tokens 0.256s
2025-03-26 22:01:57.529 70367 INFO tempest.lib.common.rest_client [req-4ff28fc6-1f7d-449f-96e9-8581eceb1d7b req-4ff28fc6-1f7d-449f-96e9-8581eceb1d7b ] Request (ServerActionsTestJSON:setUpClass): 201 POST http://10.180.1.21:9696/networking/v2.0/subnets 0.895s
2025-03-26 22:01:57.532 70371 INFO tempest.lib.common.rest_client [req-5a2e1e23-22a4-48cb-8b18-7a1df935cf25 req-5a2e1e23-22a4-48cb-8b18-7a1df935cf25 ] Request (QuotaClassesAdmin257Test:setUpClass): 204 PUT http://10.180.1.21/identity/v3/projects/f860de03e7664d138e72af6ef63e9526/users/a79a8593e5834981bf32499d6c11f782/roles/e987f65bb48e4072b5fffe58d3722ae3 0.133s
2025-03-26 22:01:57.533 70371 INFO tempest.lib.common.dynamic_creds [-] Dynamic test user a79a8593e5834981bf32499d6c11f782 is created with scope project and roles: ['member']
2025-03-26 22:01:57.533 70371 INFO tempest.lib.common.dynamic_creds [-] Acquired dynamic creds: credentials: Credentials: {'domain_id': 'default', 'domain_name': 'Default', 'username': 'tempest-QuotaClassesAdmin257Test-1321735802-project-member', 'project_domain_id': 'default', 'project_domain_name': 'Default', 'project_id': 'f860de03e7664d138e72af6ef63e9526', 'project_name': 'tempest-QuotaClassesAdmin257Test-1321735802', 'tenant_id': 'f860de03e7664d138e72af6ef63e9526', 'tenant_name': 'tempest-QuotaClassesAdmin257Test-1321735802', 'user_domain_id': 'default', 'user_domain_name': 'Default', 'user_id': 'a79a8593e5834981bf32499d6c11f782', 'system': None}, Network: None, Subnet: None, Router: None
2025-03-26 22:01:57.533 70371 INFO tempest.lib.common.dynamic_creds [-] Created isolated network resources for: credentials: Credentials: {'domain_id': 'default', 'domain_name': 'Default', 'username': 'tempest-QuotaClassesAdmin257Test-1321735802-project-member', 'project_domain_id': 'default', 'project_domain_name': 'Default', 'project_id': 'f860de03e7664d138e72af6ef63e9526', 'project_name': 'tempest-QuotaClassesAdmin257Test-1321735802', 'tenant_id': 'f860de03e7664d138e72af6ef63e9526', 'tenant_name': 'tempest-QuotaClassesAdmin257Test-1321735802', 'user_domain_id': 'default', 'user_domain_name': 'Default', 'user_id': 'a79a8593e5834981bf32499d6c11f782', 'system': None}, Network: None, Subnet: None, Router: None
2025-03-26 22:01:57.628 70349 INFO tempest.lib.common.rest_client [req-5c516e2d-8a66-4c05-acab-37f68ebca29c req-5c516e2d-8a66-4c05-acab-37f68ebca29c ] Request (ServersAdminTestJSON:setUpClass): 204 PUT http://10.180.1.21/identity/v3/projects/10f5df7a2ef343e783d1122a19bea697/users/34aba7b294a349579af4851cb0b5d7d2/roles/c3898cdeced64bb7a1270c83ddf85459 0.178s
2025-03-26 22:01:57.653 70389 INFO tempest.lib.common.rest_client [req-6142db0f-6859-40b0-94a9-0e9c296307a5 req-6142db0f-6859-40b0-94a9-0e9c296307a5 ] Request (VolumesAssistedSnapshotsTest:test_volume_assisted_snapshot_create_delete): 202 POST http://10.180.1.21/compute/v2.1/servers 3.809s
2025-03-26 22:01:57.668 70345 INFO tempest.lib.common.rest_client [req-e3ba4a49-ae7b-49c9-9053-32fb7809b635 req-e3ba4a49-ae7b-49c9-9053-32fb7809b635 ] Request (SecurityGroupsTestAdminJSON:tearDownClass): 204 DELETE http://10.180.1.21/identity/v3/users/91ba737ca1bd487aad7b889159f9c284 0.234s
2025-03-26 22:01:57.675 70361 INFO tempest.lib.common.rest_client [req-5c78e829-6562-4608-afce-7f32c6bbecd7 req-5c78e829-6562-4608-afce-7f32c6bbecd7 ] Request (KeyPairsV22TestJSON:test_keypairsv22_create_list_show): 200 GET http://10.180.1.21/compute/v2.1/os-keypairs/tempest-keypair-864515936 3.506s
2025-03-26 22:01:57.786 70353 INFO tempest.lib.common.rest_client [req-895888ed-2137-44b8-8eed-9fff74705321 req-895888ed-2137-44b8-8eed-9fff74705321 ] Request (ImagesMetadataTestJSON:test_set_image_metadata): 200 PUT http://10.180.1.21/compute/v2.1/images/0b5d2eb1-55a7-4d0d-a281-24f1efb1e906/metadata 3.653s
2025-03-26 22:01:57.806 70371 INFO tempest.lib.common.rest_client [req-2adc4813-93b5-47a8-bc45-8bf56a106874 req-2adc4813-93b5-47a8-bc45-8bf56a106874 ] Request (QuotaClassesAdmin257Test:setUpClass): 201 POST http://10.180.1.21/identity/v3/auth/tokens 0.268s
2025-03-26 22:01:57.810 70347 INFO tempest.lib.common.rest_client [req-9263f423-c819-464a-88a7-77f282004abd req-9263f423-c819-464a-88a7-77f282004abd ] Request (HostsAdminNegativeTestJSON:tearDownClass): 200 GET http://10.180.1.21:9696/networking/v2.0/security-groups?tenant_id=fb07ff0ef20542b7a68ebc136d091d90&name=default 0.620s
2025-03-26 22:01:57.836 70349 INFO tempest.lib.common.rest_client [req-32044c5a-d56d-485a-a0b2-371e156ae422 req-32044c5a-d56d-485a-a0b2-371e156ae422 ] Request (ServersAdminTestJSON:setUpClass): 200 GET http://10.180.1.21/identity/v3/roles 0.208s
2025-03-26 22:01:57.883 70371 INFO tempest.lib.common.rest_client [req-046c4e99-ac8c-4e5a-a073-eca97d2ade8e req-046c4e99-ac8c-4e5a-a073-eca97d2ade8e ] Request (QuotaClassesAdmin257Test:setUpClass): 201 POST http://10.180.1.21/identity/v3/projects 0.076s
2025-03-26 22:01:57.887 70381 INFO tempest.lib.common.rest_client [req-141e7358-04ae-4928-b3a3-5578de6b5a8f req-141e7358-04ae-4928-b3a3-5578de6b5a8f ] Request (ServerDiskConfigTestJSON:setUpClass): 201 POST http://10.180.1.21:9696/networking/v2.0/networks 1.162s
2025-03-26 22:01:57.937 70345 INFO tempest.lib.common.rest_client [req-bea26797-799f-4600-a58a-904c59aa1754 req-bea26797-799f-4600-a58a-904c59aa1754 ] Request (SecurityGroupsTestAdminJSON:tearDownClass): 204 DELETE http://10.180.1.21/identity/v3/users/5b3343d640b744a3bd689508a72e447b 0.269s
2025-03-26 22:01:57.938 70345 INFO tempest.lib.common.dynamic_creds [-] Deleting project and security group for project: 57bb80d1fb3447a099eb354d39527fc7
2025-03-26 22:01:57.940 70385 INFO tempest.lib.common.rest_client [req-0ceb1f8b-d9bd-4340-9648-bda2d146b2e4 req-0ceb1f8b-d9bd-4340-9648-bda2d146b2e4 ] Request (ServersAdminNegativeTestJSON:setUpClass): 200 GET http://10.180.1.21/compute/v2.1/servers/5312440a-5551-4acc-b114-67bb23a84399 3.632s
2025-03-26 22:01:57.961 70355 INFO tempest.lib.common.rest_client [req-5ff0ffcc-ec8e-4d87-8469-f192f3d234fc req-5ff0ffcc-ec8e-4d87-8469-f192f3d234fc ] Request (FlavorsV2TestJSON:test_list_flavors_limit_results): 200 GET http://10.180.1.21/compute/v2.1/flavors?limit=1 3.176s
2025-03-26 22:01:57.961 70349 INFO tempest.lib.common.rest_client [req-fb1dde64-13c8-42f8-ae58-7e165a118e71 req-fb1dde64-13c8-42f8-ae58-7e165a118e71 ] Request (ServersAdminTestJSON:setUpClass): 204 PUT http://10.180.1.21/identity/v3/projects/10f5df7a2ef343e783d1122a19bea697/users/34aba7b294a349579af4851cb0b5d7d2/roles/c3898cdeced64bb7a1270c83ddf85459 0.125s
2025-03-26 22:01:57.962 70349 INFO tempest.lib.common.dynamic_creds [-] Dynamic test user 34aba7b294a349579af4851cb0b5d7d2 is created with scope project and roles: ['admin']
2025-03-26 22:01:57.962 70349 INFO tempest.lib.common.dynamic_creds [-] Acquired dynamic creds: credentials: Credentials: {'domain_id': 'default', 'domain_name': 'Default', 'username': 'tempest-ServersAdminTestJSON-1078948994-project-admin', 'project_domain_id': 'default', 'project_domain_name': 'Default', 'project_id': '10f5df7a2ef343e783d1122a19bea697', 'project_name': 'tempest-ServersAdminTestJSON-1078948994', 'tenant_id': '10f5df7a2ef343e783d1122a19bea697', 'tenant_name': 'tempest-ServersAdminTestJSON-1078948994', 'user_domain_id': 'default', 'user_domain_name': 'Default', 'user_id': '34aba7b294a349579af4851cb0b5d7d2', 'system': None}, Network: None, Subnet: None, Router: None
2025-03-26 22:01:57.981 70365 INFO tempest.lib.common.rest_client [req-dcf18245-2195-4db0-a086-ccae2ee28e5a req-dcf18245-2195-4db0-a086-ccae2ee28e5a ] Request (FlavorsExtraSpecsNegativeTestJSON:tearDownClass): 200 GET http://10.180.1.21/compute/v2.1/flavors/detail 3.173s
2025-03-26 22:01:58.104 70351 INFO tempest.lib.common.rest_client [req-da8c00bf-3cde-4a94-88be-90992e84d33d req-da8c00bf-3cde-4a94-88be-90992e84d33d ] Request (DeleteServersAdminTestJSON:test_admin_delete_servers_of_others): 200 GET http://10.180.1.21/compute/v2.1/servers/8d55683d-3ce3-42ec-bf0c-a17146f61142 3.169s
2025-03-26 22:01:58.112 70351 INFO tempest.common.waiters [-] State transition "BUILD/None" ==> "BUILD/spawning" after 8 second wait
2025-03-26 22:01:58.130 70371 INFO tempest.lib.common.rest_client [req-cc9db18b-c519-4172-930c-121748498bfa req-cc9db18b-c519-4172-930c-121748498bfa ] Request (QuotaClassesAdmin257Test:setUpClass): 201 POST http://10.180.1.21/identity/v3/users 0.246s
2025-03-26 22:01:58.134 70345 INFO tempest.lib.common.rest_client [req-2daf4a46-b691-4a55-93e6-a01d6c7529a3 req-2daf4a46-b691-4a55-93e6-a01d6c7529a3 ] Request (SecurityGroupsTestAdminJSON:tearDownClass): 201 POST http://10.180.1.21/identity/v3/auth/tokens 0.196s
2025-03-26 22:01:58.141 70373 INFO tempest.lib.common.rest_client [req-ebdab4ec-33ed-44d5-aa69-cad988aa6c5d req-ebdab4ec-33ed-44d5-aa69-cad988aa6c5d ] Request (QuotasAdminNegativeTest:test_create_server_when_memory_quota_is_full): 200 PUT http://10.180.1.21/compute/v2.1/os-quota-sets/42790423440c4200a401fe8dcced3f55 3.387s
2025-03-26 22:01:58.171 70359 INFO tempest.lib.common.rest_client [req-5fb19dd6-8ab0-4631-bafa-90b29c2ec078 req-5fb19dd6-8ab0-4631-bafa-90b29c2ec078 ] Request (FlavorsAccessNegativeTestJSON:test_flavor_non_admin_add): 200 POST http://10.180.1.21/compute/v2.1/flavors 2.991s
2025-03-26 22:01:58.198 70357 INFO tempest.lib.common.rest_client [req-9f82020d-3869-4bfb-9cd2-0469183ae53c req-9f82020d-3869-4bfb-9cd2-0469183ae53c ] Request (FloatingIPsAssociationTestJSON:setUpClass): 201 POST http://10.180.1.21:9696/networking/v2.0/networks 0.705s
2025-03-26 22:01:58.206 70383 INFO tempest.lib.common.rest_client [req-384621dc-6eb8-4e65-9767-a4c7f173670d req-384621dc-6eb8-4e65-9767-a4c7f173670d ] Request (AggregatesAdminNegativeTestJSON:_run_cleanups): 200 DELETE http://10.180.1.21/compute/v2.1/os-aggregates/3 1.976s
2025-03-26 22:01:58.222 70347 INFO tempest.lib.common.rest_client [req-6c9fd090-bdaa-4af8-b3c7-c14322404f29 req-6c9fd090-bdaa-4af8-b3c7-c14322404f29 ] Request (HostsAdminNegativeTestJSON:tearDownClass): 204 DELETE http://10.180.1.21:9696/networking/v2.0/security-groups/78dc3279-c7b9-4808-ac9c-3c62571b6c90 0.412s
2025-03-26 22:01:58.229 70365 INFO tempest.lib.common.rest_client [req-c8b7dc3e-e09b-41bd-8f78-f9d5f864dc4e req-c8b7dc3e-e09b-41bd-8f78-f9d5f864dc4e ] Request (FlavorsExtraSpecsNegativeTestJSON:tearDownClass): 204 DELETE http://10.180.1.21/identity/v3/users/6b38e2b0f42c4b35b2171deed51854a4 0.243s
2025-03-26 22:01:58.266 70343 INFO tempest.lib.common.rest_client [req-35cac6f8-a770-4bfd-91fc-33f701ad4d25 req-35cac6f8-a770-4bfd-91fc-33f701ad4d25 ] Request (ListImageFiltersTestJSON:setUpClass): 201 POST http://10.180.1.21/image/v2/images 1.657s
2025-03-26 22:01:58.310 70371 INFO tempest.lib.common.rest_client [req-2ffdd593-4125-4619-9a9b-d4900e4636d1 req-2ffdd593-4125-4619-9a9b-d4900e4636d1 ] Request (QuotaClassesAdmin257Test:setUpClass): 200 GET http://10.180.1.21/identity/v3/roles 0.180s
2025-03-26 22:01:58.324 70341 INFO tempest.lib.common.rest_client [req-0d0979e2-af99-4985-a2e1-8275d94c55fd req-0d0979e2-af99-4985-a2e1-8275d94c55fd ] Request (AttachInterfacesV270Test:test_create_get_list_interfaces): 200 GET http://10.180.1.21/compute/v2.1/servers/19f4096b-0f09-4e26-93d7-a345002d004d 2.016s
2025-03-26 22:01:58.418 70373 INFO tempest.lib.common.rest_client [req-0055a328-0903-433c-ba1a-216a88b5de19 req-0055a328-0903-433c-ba1a-216a88b5de19 ] Request (QuotasAdminNegativeTest:test_create_server_when_memory_quota_is_full): 201 POST http://10.180.1.21/identity/v3/auth/tokens 0.270s
2025-03-26 22:01:58.418 70373 INFO tempest.lib.common.fixed_network [-] (QuotasAdminNegativeTest:test_create_server_when_memory_quota_is_full) Found network None available for tenant
2025-03-26 22:01:58.432 70345 INFO tempest.lib.common.rest_client [req-501dd504-51fc-44b8-a404-fd917fea895c req-501dd504-51fc-44b8-a404-fd917fea895c ] Request (SecurityGroupsTestAdminJSON:tearDownClass): 200 GET http://10.180.1.21:9696/networking/v2.0/security-groups?tenant_id=57bb80d1fb3447a099eb354d39527fc7&name=default 0.298s
2025-03-26 22:01:58.497 70347 INFO tempest.lib.common.rest_client [req-dd3c8289-3b6b-4b36-a5d5-2ccbc5d55322 req-dd3c8289-3b6b-4b36-a5d5-2ccbc5d55322 ] Request (HostsAdminNegativeTestJSON:tearDownClass): 204 DELETE http://10.180.1.21/identity/v3/projects/fb07ff0ef20542b7a68ebc136d091d90 0.274s
2025-03-26 22:01:58.497 70347 INFO tempest.lib.common.dynamic_creds [-] Deleting project and security group for project: 0f3ea108d8554a0896ef5c6449233258
2025-03-26 22:01:58.569 70375 INFO tempest.lib.common.rest_client [req-35e674c4-9b7d-4c5c-8ce2-bf5d20bac1fc req-35e674c4-9b7d-4c5c-8ce2-bf5d20bac1fc ] Request (QuotasAdminTestV257:test_get_updated_quotas): 200 GET http://10.180.1.21/compute/v2.1/os-quota-sets/ffef1a121fab4d7a9bac8cf72cc6150f/detail 3.416s
2025-03-26 22:01:58.576 70381 INFO tempest.lib.common.rest_client [req-fd2d9351-a197-4960-a334-39fab7f694f9 req-fd2d9351-a197-4960-a334-39fab7f694f9 ] Request (ServerDiskConfigTestJSON:setUpClass): 201 POST http://10.180.1.21:9696/networking/v2.0/subnets 0.688s
2025-03-26 22:01:58.587 70391 INFO tempest.lib.common.rest_client [req-51167411-9c30-4657-afb1-f4020bcf0800 req-51167411-9c30-4657-afb1-f4020bcf0800 ] Request (InstanceUsageAuditLogTestJSON:test_list_instance_usage_audit_logs): 200 GET http://10.180.1.21/compute/v2.1/os-instance_usage_audit_log 2.083s
2025-03-26 22:01:58.604 70379 INFO tempest.lib.common.rest_client [req-b089cfb4-7728-4fff-9de7-4ac6f7c99699 req-b089cfb4-7728-4fff-9de7-4ac6f7c99699 ] Request (FlavorsExtraSpecsTestJSON:test_flavor_set_get_update_show_unset_keys): 200 GET http://10.180.1.21/compute/v2.1/flavors/968658141/os-extra_specs 2.070s
2025-03-26 22:01:58.613 70371 INFO tempest.lib.common.rest_client [req-dd6f7596-02d4-492b-9ac8-dbc64d356237 req-dd6f7596-02d4-492b-9ac8-dbc64d356237 ] Request (QuotaClassesAdmin257Test:setUpClass): 204 PUT http://10.180.1.21/identity/v3/projects/2661cf07d995498aa6456fc5126f6ed9/users/46ff7c0edc664351a75de3bce72cde82/roles/c3898cdeced64bb7a1270c83ddf85459 0.302s
2025-03-26 22:01:58.627 70335 INFO tempest.lib.common.rest_client [req-1a7205bb-2f22-453e-b089-20537160e4ea req-1a7205bb-2f22-453e-b089-20537160e4ea ] Request (FlavorsAdminTestJSON:test_create_list_flavor_without_extra_data): 200 POST http://10.180.1.21/compute/v2.1/flavors 2.044s
2025-03-26 22:01:58.641 70365 INFO tempest.lib.common.rest_client [req-6de27523-97a6-46c7-9204-c58326196569 req-6de27523-97a6-46c7-9204-c58326196569 ] Request (FlavorsExtraSpecsNegativeTestJSON:tearDownClass): 204 DELETE http://10.180.1.21/identity/v3/users/6083915155f04bfba5a8a5573e4a95d9 0.412s
2025-03-26 22:01:58.641 70365 INFO tempest.lib.common.dynamic_creds [-] Deleting project and security group for project: 58e646400caf45499183c6823ddb5e66
2025-03-26 22:01:58.689 70349 INFO tempest.lib.common.rest_client [req-d4d6df5f-ebec-40ea-8c2b-f34cd6fb1242 req-d4d6df5f-ebec-40ea-8c2b-f34cd6fb1242 ] Request (ServersAdminTestJSON:setUpClass): 201 POST http://10.180.1.21:9696/networking/v2.0/networks 0.727s
2025-03-26 22:01:58.722 70375 INFO tempest.lib.common.rest_client [req-89e204b8-e39c-4bcb-b007-32e40ec2b5ee req-89e204b8-e39c-4bcb-b007-32e40ec2b5ee ] Request (QuotasAdminTestV257:test_get_updated_quotas): 200 GET http://10.180.1.21/identity/v3/domains?name=Default 0.149s
2025-03-26 22:01:58.768 70339 INFO tempest.lib.common.rest_client [req-75a0fd37-6a64-40eb-9788-ad5e45dd1637 req-75a0fd37-6a64-40eb-9788-ad5e45dd1637 ] Request (ServersWithSpecificFlavorTestJSON:test_verify_created_server_ephemeral_disk): 200 GET http://10.180.1.21/compute/v2.1/flavors/42 2.375s
2025-03-26 22:01:58.773 70345 INFO tempest.lib.common.rest_client [req-4b473ed9-f6c0-44b9-9b12-842f6ee2e009 req-4b473ed9-f6c0-44b9-9b12-842f6ee2e009 ] Request (SecurityGroupsTestAdminJSON:tearDownClass): 204 DELETE http://10.180.1.21:9696/networking/v2.0/security-groups/c0106186-d58f-4732-a2a6-2b5f6e09a9dd 0.340s
2025-03-26 22:01:58.793 70395 INFO tempest.lib.common.rest_client [req-ba3dd953-74db-4eb2-9ee5-80bb0a7cbf70 req-ba3dd953-74db-4eb2-9ee5-80bb0a7cbf70 ] Request (HypervisorAdminTestJSON:test_get_hypervisor_list_details): 200 GET http://10.180.1.21/compute/v2.1/os-hypervisors/detail 2.061s
2025-03-26 22:01:58.804 70371 INFO tempest.lib.common.rest_client [req-1a73d472-023a-4ba5-a08a-18d9774e0096 req-1a73d472-023a-4ba5-a08a-18d9774e0096 ] Request (QuotaClassesAdmin257Test:setUpClass): 200 GET http://10.180.1.21/identity/v3/roles 0.190s
2025-03-26 22:01:58.842 70391 INFO tempest.lib.common.rest_client [req-b659467e-ae93-4105-990d-1296982006da req-b659467e-ae93-4105-990d-1296982006da ] Request (InstanceUsageAuditLogTestJSON:tearDownClass): 204 DELETE http://10.180.1.21/identity/v3/users/250c2161efb54386b67c17e4ce229f5d 0.250s
2025-03-26 22:01:58.849 70347 INFO tempest.lib.common.rest_client [req-ab4ec756-c7d6-4627-9d7b-fabdff4e5a0e req-ab4ec756-c7d6-4627-9d7b-fabdff4e5a0e ] Request (HostsAdminNegativeTestJSON:tearDownClass): 200 GET http://10.180.1.21:9696/networking/v2.0/security-groups?tenant_id=0f3ea108d8554a0896ef5c6449233258&name=default 0.351s
2025-03-26 22:01:58.865 70365 INFO tempest.lib.common.rest_client [req-e7a070b1-6915-4293-a4c1-e2d343efeb0e req-e7a070b1-6915-4293-a4c1-e2d343efeb0e ] Request (FlavorsExtraSpecsNegativeTestJSON:tearDownClass): 201 POST http://10.180.1.21/identity/v3/auth/tokens 0.222s
2025-03-26 22:01:58.916 70375 INFO tempest.lib.common.rest_client [req-008f2b60-62f4-4301-a1b0-7922e141c337 req-008f2b60-62f4-4301-a1b0-7922e141c337 ] Request (QuotasAdminTestV257:test_get_updated_quotas): 201 POST http://10.180.1.21/identity/v3/users 0.191s
2025-03-26 22:01:58.955 70371 INFO tempest.lib.common.rest_client [req-f4a6e62e-da4b-4a2f-b563-54398a50a1ae req-f4a6e62e-da4b-4a2f-b563-54398a50a1ae ] Request (QuotaClassesAdmin257Test:setUpClass): 204 PUT http://10.180.1.21/identity/v3/projects/2661cf07d995498aa6456fc5126f6ed9/users/46ff7c0edc664351a75de3bce72cde82/roles/c3898cdeced64bb7a1270c83ddf85459 0.150s
2025-03-26 22:01:58.955 70371 INFO tempest.lib.common.dynamic_creds [-] Dynamic test user 46ff7c0edc664351a75de3bce72cde82 is created with scope project and roles: ['admin']
2025-03-26 22:01:58.955 70371 INFO tempest.lib.common.dynamic_creds [-] Acquired dynamic creds: credentials: Credentials: {'domain_id': 'default', 'domain_name': 'Default', 'username': 'tempest-QuotaClassesAdmin257Test-1021808124-project-admin', 'project_domain_id': 'default', 'project_domain_name': 'Default', 'project_id': '2661cf07d995498aa6456fc5126f6ed9', 'project_name': 'tempest-QuotaClassesAdmin257Test-1021808124', 'tenant_id': '2661cf07d995498aa6456fc5126f6ed9', 'tenant_name': 'tempest-QuotaClassesAdmin257Test-1021808124', 'user_domain_id': 'default', 'user_domain_name': 'Default', 'user_id': '46ff7c0edc664351a75de3bce72cde82', 'system': None}, Network: None, Subnet: None, Router: None
2025-03-26 22:01:58.955 70371 INFO tempest.lib.common.dynamic_creds [-] Created isolated network resources for: credentials: Credentials: {'domain_id': 'default', 'domain_name': 'Default', 'username': 'tempest-QuotaClassesAdmin257Test-1021808124-project-admin', 'project_domain_id': 'default', 'project_domain_name': 'Default', 'project_id': '2661cf07d995498aa6456fc5126f6ed9', 'project_name': 'tempest-QuotaClassesAdmin257Test-1021808124', 'tenant_id': '2661cf07d995498aa6456fc5126f6ed9', 'tenant_name': 'tempest-QuotaClassesAdmin257Test-1021808124', 'user_domain_id': 'default', 'user_domain_name': 'Default', 'user_id': '46ff7c0edc664351a75de3bce72cde82', 'system': None}, Network: None, Subnet: None, Router: None
2025-03-26 22:01:58.956 70393 INFO tempest.lib.common.rest_client [req-e4c497a4-f42c-41af-9aff-b9902105ff76 req-e4c497a4-f42c-41af-9aff-b9902105ff76 ] Request (FloatingIPsAssociationNegativeTestJSON:setUpClass): 200 GET http://10.180.1.21/compute/v2.1/servers/3b873a8a-8dd7-4497-836e-d22a34a3eea1 2.371s
2025-03-26 22:01:58.986 70345 INFO tempest.lib.common.rest_client [req-560f609a-b50c-4029-ab0a-3d70b721fd03 req-560f609a-b50c-4029-ab0a-3d70b721fd03 ] Request (SecurityGroupsTestAdminJSON:tearDownClass): 204 DELETE http://10.180.1.21/identity/v3/projects/57bb80d1fb3447a099eb354d39527fc7 0.213s
2025-03-26 22:01:58.988 70345 INFO tempest.lib.common.dynamic_creds [-] Deleting project and security group for project: ad256337182d42e1952b6b93a887680e
2025-03-26 22:01:59.116 70391 INFO tempest.lib.common.rest_client [req-9c1d1bba-0099-4277-aa87-f2d53ee50cbb req-9c1d1bba-0099-4277-aa87-f2d53ee50cbb ] Request (InstanceUsageAuditLogTestJSON:tearDownClass): 204 DELETE http://10.180.1.21/identity/v3/users/26e12df672d14fa28824c77c568a502d 0.273s
2025-03-26 22:01:59.116 70391 INFO tempest.lib.common.dynamic_creds [-] Deleting project and security group for project: b588ac22fed34f9ebc195de3e1b7e2e3
2025-03-26 22:01:59.170 70375 INFO tempest.lib.common.rest_client [req-28638298-18c1-45de-964b-2d307e371e63 req-28638298-18c1-45de-964b-2d307e371e63 ] Request (QuotasAdminTestV257:test_get_updated_quotas): 200 GET http://10.180.1.21/identity/v3/domains?name=Default 0.254s
2025-03-26 22:01:59.171 70369 INFO tempest.lib.common.rest_client [req-c502451d-7551-4f66-8a40-f40f7ac71e2d req-c502451d-7551-4f66-8a40-f40f7ac71e2d ] Request (ServerDiagnosticsTest:test_get_server_diagnostics): 200 GET http://10.180.1.21/compute/v2.1/servers/255ac2ba-769f-4c31-a7d9-7cafffbf2a7f 2.244s
2025-03-26 22:01:59.194 70347 INFO tempest.lib.common.rest_client [req-8e1ec81b-1cec-4490-b77d-70228cae07b4 req-8e1ec81b-1cec-4490-b77d-70228cae07b4 ] Request (HostsAdminNegativeTestJSON:tearDownClass): 204 DELETE http://10.180.1.21:9696/networking/v2.0/security-groups/0ecd1d0c-0b5b-4938-beca-234a482a0ec8 0.345s
2025-03-26 22:01:59.205 70371 INFO tempest.lib.common.rest_client [req-397dc8a7-287d-4562-b6e1-0b178d3af517 req-397dc8a7-287d-4562-b6e1-0b178d3af517 ] Request (QuotaClassesAdmin257Test:setUpClass): 201 POST http://10.180.1.21/identity/v3/auth/tokens 0.248s
2025-03-26 22:01:59.232 70391 INFO tempest.lib.common.rest_client [req-04e4fa21-0f3a-4a03-a36b-c1433a63e160 req-04e4fa21-0f3a-4a03-a36b-c1433a63e160 ] Request (InstanceUsageAuditLogTestJSON:tearDownClass): 201 POST http://10.180.1.21/identity/v3/auth/tokens 0.115s
2025-03-26 22:01:59.243 70363 INFO tempest.lib.common.rest_client [req-285c0653-df43-4cb3-9775-d8c3b0b783b8 req-285c0653-df43-4cb3-9775-d8c3b0b783b8 ] Request (MigrationsAdminTest:test_list_migrations_in_flavor_resize_situation): 200 GET http://10.180.1.21/compute/v2.1/servers/7334ae5e-3cdf-4637-b0a2-2fcfd5d02d7c 2.043s
2025-03-26 22:01:59.252 70363 INFO tempest.common.waiters [-] State transition "BUILD/None" ==> "BUILD/block_device_mapping" after 3 second wait
2025-03-26 22:01:59.288 70347 INFO tempest.lib.common.rest_client [req-879cbf5c-785e-47b5-8c57-f0737b6f1721 req-879cbf5c-785e-47b5-8c57-f0737b6f1721 ] Request (HostsAdminNegativeTestJSON:tearDownClass): 204 DELETE http://10.180.1.21/identity/v3/projects/0f3ea108d8554a0896ef5c6449233258 0.093s
2025-03-26 22:01:59.322 70345 INFO tempest.lib.common.rest_client [req-a7b33333-583e-4456-b9dc-3b0fdec6d489 req-a7b33333-583e-4456-b9dc-3b0fdec6d489 ] Request (SecurityGroupsTestAdminJSON:tearDownClass): 200 GET http://10.180.1.21:9696/networking/v2.0/security-groups?tenant_id=ad256337182d42e1952b6b93a887680e&name=default 0.334s
2025-03-26 22:01:59.331 70357 INFO tempest.lib.common.rest_client [req-4329b877-ef4f-4b50-9e65-340b59453623 req-4329b877-ef4f-4b50-9e65-340b59453623 ] Request (FloatingIPsAssociationTestJSON:setUpClass): 201 POST http://10.180.1.21:9696/networking/v2.0/subnets 1.132s
2025-03-26 22:01:59.337 70349 INFO tempest.lib.common.rest_client [req-abbc164c-8d63-4699-a5c1-7d032e77dc55 req-abbc164c-8d63-4699-a5c1-7d032e77dc55 ] Request (ServersAdminTestJSON:setUpClass): 201 POST http://10.180.1.21:9696/networking/v2.0/subnets 0.647s
2025-03-26 22:01:59.402 70397 INFO tempest.lib.common.rest_client [req-1f074555-de96-42e3-8b50-fe6d9b3d4f0e req-1f074555-de96-42e3-8b50-fe6d9b3d4f0e ] Request (ImagesMetadataNegativeTestJSON:test_delete_nonexistent_image_metadata_item): 404 DELETE http://10.180.1.21/compute/v2.1/images/4984e13f-c901-4f72-b4d8-10f0664fac2e/metadata/os_distro 1.902s
2025-03-26 22:01:59.406 70347 INFO tempest.lib.common.rest_client [req-6f499a24-e1d2-4ea8-b1f7-f6f650a77087 req-6f499a24-e1d2-4ea8-b1f7-f6f650a77087 ] Request (ServerExternalEventsTest:setUpClass): 201 POST http://10.180.1.21/identity/v3/auth/tokens 0.116s
2025-03-26 22:01:59.440 70347 INFO tempest.lib.common.rest_client [req-3f859e28-cc1e-4a8b-9469-4927e1a268b9 req-3f859e28-cc1e-4a8b-9469-4927e1a268b9 ] Request (ServerExternalEventsTest:setUpClass): 201 POST http://10.180.1.21/identity/v3/auth/tokens 0.031s
2025-03-26 22:01:59.481 70347 INFO tempest.lib.common.rest_client [req-d7f37901-3e8b-436d-921d-723bc3bdc681 req-d7f37901-3e8b-436d-921d-723bc3bdc681 ] Request (ServerExternalEventsTest:setUpClass): 200 GET http://10.180.1.21/identity/v3/domains?name=Default 0.037s
2025-03-26 22:01:59.522 70347 INFO tempest.lib.common.rest_client [req-2b5f514a-b62a-48e2-8d46-7b808243b465 req-2b5f514a-b62a-48e2-8d46-7b808243b465 ] Request (ServerExternalEventsTest:setUpClass): 201 POST http://10.180.1.21/identity/v3/projects 0.034s
2025-03-26 22:01:59.589 70347 INFO tempest.lib.common.rest_client [req-72b7951f-c4f0-48f1-ace0-3e054be28b96 req-72b7951f-c4f0-48f1-ace0-3e054be28b96 ] Request (ServerExternalEventsTest:setUpClass): 201 POST http://10.180.1.21/identity/v3/users 0.066s
2025-03-26 22:01:59.613 70347 INFO tempest.lib.common.rest_client [req-eb5b8f43-b0ca-476f-87fa-62f3b40818b0 req-eb5b8f43-b0ca-476f-87fa-62f3b40818b0 ] Request (ServerExternalEventsTest:setUpClass): 200 GET http://10.180.1.21/identity/v3/roles 0.024s
2025-03-26 22:01:59.640 70347 INFO tempest.lib.common.rest_client [req-ca34691a-86be-4391-8486-ac6c70fc1c01 req-ca34691a-86be-4391-8486-ac6c70fc1c01 ] Request (ServerExternalEventsTest:setUpClass): 204 PUT http://10.180.1.21/identity/v3/projects/42474e7306ab4b9c9eff8033cfdc57c4/users/7af8236ac57e4c808cd2752ec3adcf61/roles/e987f65bb48e4072b5fffe58d3722ae3 0.026s
2025-03-26 22:01:59.640 70347 INFO tempest.lib.common.dynamic_creds [-] Dynamic test user 7af8236ac57e4c808cd2752ec3adcf61 is created with scope project and roles: ['member']
2025-03-26 22:01:59.640 70347 INFO tempest.lib.common.dynamic_creds [-] Acquired dynamic creds: credentials: Credentials: {'domain_id': 'default', 'domain_name': 'Default', 'username': 'tempest-ServerExternalEventsTest-1904877878-project-member', 'project_domain_id': 'default', 'project_domain_name': 'Default', 'project_id': '42474e7306ab4b9c9eff8033cfdc57c4', 'project_name': 'tempest-ServerExternalEventsTest-1904877878', 'tenant_id': '42474e7306ab4b9c9eff8033cfdc57c4', 'tenant_name': 'tempest-ServerExternalEventsTest-1904877878', 'user_domain_id': 'default', 'user_domain_name': 'Default', 'user_id': '7af8236ac57e4c808cd2752ec3adcf61', 'system': None}, Network: None, Subnet: None, Router: None
2025-03-26 22:01:59.640 70347 INFO tempest.lib.common.dynamic_creds [-] Created isolated network resources for: credentials: Credentials: {'domain_id': 'default', 'domain_name': 'Default', 'username': 'tempest-ServerExternalEventsTest-1904877878-project-member', 'project_domain_id': 'default', 'project_domain_name': 'Default', 'project_id': '42474e7306ab4b9c9eff8033cfdc57c4', 'project_name': 'tempest-ServerExternalEventsTest-1904877878', 'tenant_id': '42474e7306ab4b9c9eff8033cfdc57c4', 'tenant_name': 'tempest-ServerExternalEventsTest-1904877878', 'user_domain_id': 'default', 'user_domain_name': 'Default', 'user_id': '7af8236ac57e4c808cd2752ec3adcf61', 'system': None}, Network: None, Subnet: None, Router: None
2025-03-26 22:01:59.645 70389 INFO tempest.lib.common.rest_client [req-358b0244-b665-4c75-a5b5-619906f0c8d7 req-358b0244-b665-4c75-a5b5-619906f0c8d7 ] Request (VolumesAssistedSnapshotsTest:test_volume_assisted_snapshot_create_delete): 200 GET http://10.180.1.21/compute/v2.1/servers/32cde80f-7b4d-40df-ac02-087e12a739c5 1.990s
2025-03-26 22:01:59.660 70361 INFO tempest.lib.common.rest_client [req-8cca95a3-5811-42df-b115-bb0e7832e425 req-8cca95a3-5811-42df-b115-bb0e7832e425 ] Request (KeyPairsV22TestJSON:test_keypairsv22_create_list_show): 200 GET http://10.180.1.21/compute/v2.1/os-keypairs 1.981s
2025-03-26 22:01:59.710 70353 INFO tempest.lib.common.rest_client [req-ec717cf3-04ec-4817-8d31-292a7c8e6383 req-ec717cf3-04ec-4817-8d31-292a7c8e6383 ] Request (ImagesMetadataTestJSON:test_set_image_metadata): 200 GET http://10.180.1.21/compute/v2.1/images/0b5d2eb1-55a7-4d0d-a281-24f1efb1e906/metadata 1.923s
2025-03-26 22:01:59.727 70355 INFO tempest.lib.common.rest_client [req-903ae105-d048-471e-bd5c-8d5c41aca4b3 req-903ae105-d048-471e-bd5c-8d5c41aca4b3 ] Request (FlavorsV2TestJSON:test_list_flavors_using_marker): 200 GET http://10.180.1.21/compute/v2.1/flavors/42 1.763s
2025-03-26 22:01:59.729 70347 INFO tempest.lib.common.rest_client [req-bd9b0e01-54fd-47c2-9b64-ed821c0d050e req-bd9b0e01-54fd-47c2-9b64-ed821c0d050e ] Request (ServerExternalEventsTest:setUpClass): 201 POST http://10.180.1.21/identity/v3/auth/tokens 0.085s
2025-03-26 22:01:59.750 70365 INFO tempest.lib.common.rest_client [req-83992397-2ba4-4c8a-93a6-98e254dd384c req-83992397-2ba4-4c8a-93a6-98e254dd384c ] Request (FlavorsExtraSpecsNegativeTestJSON:tearDownClass): 200 GET http://10.180.1.21:9696/networking/v2.0/security-groups?tenant_id=58e646400caf45499183c6823ddb5e66&name=default 0.885s
2025-03-26 22:01:59.755 70367 INFO tempest.lib.common.rest_client [req-38f7cb66-0562-414d-8e86-18bf6ed14faf req-38f7cb66-0562-414d-8e86-18bf6ed14faf ] Request (ServerActionsTestJSON:setUpClass): 201 POST http://10.180.1.21:9696/networking/v2.0/routers 2.225s
2025-03-26 22:01:59.772 70377 INFO tempest.lib.common.rest_client [req-3d6e88cb-5eeb-48cc-a441-ba08f406dd52 req-3d6e88cb-5eeb-48cc-a441-ba08f406dd52 ] Request (SecurityGroupRulesTestJSON:test_security_group_rules_create): 200 POST http://10.180.1.21/compute/v2.1/os-security-group-rules 2.616s
2025-03-26 22:01:59.798 70383 INFO tempest.lib.common.rest_client [req-490e0b37-7ec9-4fe4-bd46-52d0b6aa0c60 req-490e0b37-7ec9-4fe4-bd46-52d0b6aa0c60 ] Request (AggregatesAdminNegativeTestJSON:test_aggregate_create_aggregate_name_length_exceeds_255): 400 POST http://10.180.1.21/compute/v2.1/os-aggregates 1.590s
2025-03-26 22:01:59.810 70347 INFO tempest.lib.common.rest_client [req-84fde0a7-60fd-4366-b10f-6a8237e8f008 req-84fde0a7-60fd-4366-b10f-6a8237e8f008 ] Request (ServerExternalEventsTest:setUpClass): 201 POST http://10.180.1.21/identity/v3/projects 0.081s
2025-03-26 22:01:59.839 70387 INFO tempest.lib.common.rest_client [req-a7422aec-eab8-4379-a387-b0c144743a25 req-a7422aec-eab8-4379-a387-b0c144743a25 ] Request (SecurityGroupsTestJSON:setUpClass): 201 POST http://10.180.1.21:9696/networking/v2.0/routers 2.893s
2025-03-26 22:01:59.840 70345 INFO tempest.lib.common.rest_client [req-c8466b3b-aa10-4d2e-ba11-a2a88a719c8e req-c8466b3b-aa10-4d2e-ba11-a2a88a719c8e ] Request (SecurityGroupsTestAdminJSON:tearDownClass): 204 DELETE http://10.180.1.21:9696/networking/v2.0/security-groups/ad9d8024-63e3-4964-a17b-8cfeefe52644 0.517s
2025-03-26 22:01:59.878 70347 INFO tempest.lib.common.rest_client [req-9ebd6723-0577-4e8e-962e-53f8853e25b9 req-9ebd6723-0577-4e8e-962e-53f8853e25b9 ] Request (ServerExternalEventsTest:setUpClass): 201 POST http://10.180.1.21/identity/v3/users 0.067s
2025-03-26 22:01:59.890 70337 INFO tempest.lib.common.rest_client [req-3954e9c9-6277-4f82-8fee-dc9467340a49 req-3954e9c9-6277-4f82-8fee-dc9467340a49 ] Request (ServerDiagnosticsV248Test:test_get_server_diagnostics): 200 GET http://10.180.1.21/compute/v2.1/servers/4d74d56f-a2c9-40e6-abf7-b3b7a76da66e 1.624s
2025-03-26 22:01:59.897 70391 INFO tempest.lib.common.rest_client [req-526b27fa-ddf4-489e-ad45-e657d36f4b0d req-526b27fa-ddf4-489e-ad45-e657d36f4b0d ] Request (InstanceUsageAuditLogTestJSON:tearDownClass): 200 GET http://10.180.1.21:9696/networking/v2.0/security-groups?tenant_id=b588ac22fed34f9ebc195de3e1b7e2e3&name=default 0.665s
2025-03-26 22:01:59.912 70337 INFO tempest.common.waiters [-] State transition "BUILD/spawning" ==> "ACTIVE/None" after 17 second wait
2025-03-26 22:01:59.920 70359 INFO tempest.lib.common.rest_client [req-214c55a4-5df0-49e7-a9b7-66422865b0ec req-214c55a4-5df0-49e7-a9b7-66422865b0ec ] Request (FlavorsAccessNegativeTestJSON:test_flavor_non_admin_add): 403 POST http://10.180.1.21/compute/v2.1/flavors/932076075/action 1.746s
2025-03-26 22:01:59.957 70379 INFO tempest.lib.common.rest_client [req-5d4fe81f-c5e4-4634-97d0-9649c7e48180 req-5d4fe81f-c5e4-4634-97d0-9649c7e48180 ] Request (FlavorsExtraSpecsTestJSON:tearDownClass): 202 DELETE http://10.180.1.21/compute/v2.1/flavors/968658141 1.348s
2025-03-26 22:01:59.970 70335 INFO tempest.lib.common.rest_client [req-c09fd9b2-3d8a-40d0-a076-d7889e3cfae8 req-c09fd9b2-3d8a-40d0-a076-d7889e3cfae8 ] Request (FlavorsAdminTestJSON:test_create_list_flavor_without_extra_data): 200 GET http://10.180.1.21/compute/v2.1/flavors/1422476475 1.339s
2025-03-26 22:01:59.978 70345 INFO tempest.lib.common.rest_client [req-090e0dfb-25e9-474d-88f1-3ac7ae5c4c41 req-090e0dfb-25e9-474d-88f1-3ac7ae5c4c41 ] Request (SecurityGroupsTestAdminJSON:tearDownClass): 204 DELETE http://10.180.1.21/identity/v3/projects/ad256337182d42e1952b6b93a887680e 0.138s
2025-03-26 22:02:00.041 70347 INFO tempest.lib.common.rest_client [req-b0a5302e-2af3-4311-a876-e089d42e5be6 req-b0a5302e-2af3-4311-a876-e089d42e5be6 ] Request (ServerExternalEventsTest:setUpClass): 200 GET http://10.180.1.21/identity/v3/roles 0.162s
2025-03-26 22:02:00.111 70345 INFO tempest.lib.common.rest_client [req-d0cb3b8e-9a4e-4088-972e-ee8fb070b2cd req-d0cb3b8e-9a4e-4088-972e-ee8fb070b2cd ] Request (ServerDiagnosticsNegativeTest:setUpClass): 201 POST http://10.180.1.21/identity/v3/auth/tokens 0.131s
2025-03-26 22:02:00.112 70339 INFO tempest.lib.common.rest_client [req-216c2124-e9cc-42bd-bbb6-df5af17ad874 req-216c2124-e9cc-42bd-bbb6-df5af17ad874 ] Request (ServersWithSpecificFlavorTestJSON:test_verify_created_server_ephemeral_disk): 200 POST http://10.180.1.21/compute/v2.1/flavors 1.340s
2025-03-26 22:02:00.137 70395 INFO tempest.lib.common.rest_client [req-2632eefe-c638-41e7-bcd7-678d16f37e03 req-2632eefe-c638-41e7-bcd7-678d16f37e03 ] Request (HypervisorAdminTestJSON:test_get_hypervisor_show_details): 200 GET http://10.180.1.21/compute/v2.1/os-hypervisors 1.339s
2025-03-26 22:02:00.149 70391 INFO tempest.lib.common.rest_client [req-b753019f-1ca0-4266-a0e8-e926fbd68dc3 req-b753019f-1ca0-4266-a0e8-e926fbd68dc3 ] Request (InstanceUsageAuditLogTestJSON:tearDownClass): 204 DELETE http://10.180.1.21:9696/networking/v2.0/security-groups/c7c735fc-431e-49cc-ac85-de51a212a335 0.251s
2025-03-26 22:02:00.150 70347 INFO tempest.lib.common.rest_client [req-8ce483e0-6996-49aa-af1c-928bea45444d req-8ce483e0-6996-49aa-af1c-928bea45444d ] Request (ServerExternalEventsTest:setUpClass): 204 PUT http://10.180.1.21/identity/v3/projects/3410412a7fa1412aa0cbd200aada106e/users/9b15f91dce75472391fc6af504f853e9/roles/c3898cdeced64bb7a1270c83ddf85459 0.108s
2025-03-26 22:02:00.154 70365 INFO tempest.lib.common.rest_client [req-f1affeb2-3134-446a-b1aa-29d5fb7b66a5 req-f1affeb2-3134-446a-b1aa-29d5fb7b66a5 ] Request (FlavorsExtraSpecsNegativeTestJSON:tearDownClass): 204 DELETE http://10.180.1.21:9696/networking/v2.0/security-groups/32390eb9-b6a3-4098-bde4-a447e2862d1e 0.403s
2025-03-26 22:02:00.198 70343 INFO tempest.lib.common.rest_client [req-71fae58b-3787-4a7e-921a-883480de8c25 req-71fae58b-3787-4a7e-921a-883480de8c25 ] Request (ListImageFiltersTestJSON:setUpClass): 204 PUT http://10.180.1.21/image/v2/images/0dd67b4f-d5e4-4176-ac8c-307f642e476a/file 0.929s
2025-03-26 22:02:00.245 70345 INFO tempest.lib.common.rest_client [req-aa3fd9b8-ee1d-4892-aec6-47320bbb50c4 req-aa3fd9b8-ee1d-4892-aec6-47320bbb50c4 ] Request (ServerDiagnosticsNegativeTest:setUpClass): 201 POST http://10.180.1.21/identity/v3/auth/tokens 0.129s
2025-03-26 22:02:00.251 70391 INFO tempest.lib.common.rest_client [req-3b014826-40db-4d46-9b84-b7e4c0c2cc00 req-3b014826-40db-4d46-9b84-b7e4c0c2cc00 ] Request (InstanceUsageAuditLogTestJSON:tearDownClass): 204 DELETE http://10.180.1.21/identity/v3/projects/b588ac22fed34f9ebc195de3e1b7e2e3 0.102s
2025-03-26 22:02:00.251 70391 INFO tempest.lib.common.dynamic_creds [-] Deleting project and security group for project: 365d3c3dc94042b19e1c5f3e8c2799d8
2025-03-26 22:02:00.295 70347 INFO tempest.lib.common.rest_client [req-21031010-3872-4da5-bbb0-3b0233082ad1 req-21031010-3872-4da5-bbb0-3b0233082ad1 ] Request (ServerExternalEventsTest:setUpClass): 200 GET http://10.180.1.21/identity/v3/roles 0.142s
2025-03-26 22:02:00.315 70373 INFO tempest.lib.common.rest_client [req-bf5e0824-d8fa-4717-89e0-409ca28badeb req-bf5e0824-d8fa-4717-89e0-409ca28badeb ] Request (QuotasAdminNegativeTest:test_create_server_when_memory_quota_is_full): 403 POST http://10.180.1.21/compute/v2.1/servers 1.896s
2025-03-26 22:02:00.324 70345 INFO tempest.lib.common.rest_client [req-0da8bd96-a6f4-4150-9137-92d52c888a62 req-0da8bd96-a6f4-4150-9137-92d52c888a62 ] Request (ServerDiagnosticsNegativeTest:setUpClass): 200 GET http://10.180.1.21/identity/v3/domains?name=Default 0.078s
2025-03-26 22:02:00.345 70347 INFO tempest.lib.common.rest_client [req-7ee27cbf-b2d8-4f37-ad3c-fe1d7f98e94c req-7ee27cbf-b2d8-4f37-ad3c-fe1d7f98e94c ] Request (ServerExternalEventsTest:setUpClass): 204 PUT http://10.180.1.21/identity/v3/projects/3410412a7fa1412aa0cbd200aada106e/users/9b15f91dce75472391fc6af504f853e9/roles/c3898cdeced64bb7a1270c83ddf85459 0.049s
2025-03-26 22:02:00.345 70347 INFO tempest.lib.common.dynamic_creds [-] Dynamic test user 9b15f91dce75472391fc6af504f853e9 is created with scope project and roles: ['admin']
2025-03-26 22:02:00.345 70347 INFO tempest.lib.common.dynamic_creds [-] Acquired dynamic creds: credentials: Credentials: {'domain_id': 'default', 'domain_name': 'Default', 'username': 'tempest-ServerExternalEventsTest-1230842878-project-admin', 'project_domain_id': 'default', 'project_domain_name': 'Default', 'project_id': '3410412a7fa1412aa0cbd200aada106e', 'project_name': 'tempest-ServerExternalEventsTest-1230842878', 'tenant_id': '3410412a7fa1412aa0cbd200aada106e', 'tenant_name': 'tempest-ServerExternalEventsTest-1230842878', 'user_domain_id': 'default', 'user_domain_name': 'Default', 'user_id': '9b15f91dce75472391fc6af504f853e9', 'system': None}, Network: None, Subnet: None, Router: None
2025-03-26 22:02:00.346 70347 INFO tempest.lib.common.dynamic_creds [-] Created isolated network resources for: credentials: Credentials: {'domain_id': 'default', 'domain_name': 'Default', 'username': 'tempest-ServerExternalEventsTest-1230842878-project-admin', 'project_domain_id': 'default', 'project_domain_name': 'Default', 'project_id': '3410412a7fa1412aa0cbd200aada106e', 'project_name': 'tempest-ServerExternalEventsTest-1230842878', 'tenant_id': '3410412a7fa1412aa0cbd200aada106e', 'tenant_name': 'tempest-ServerExternalEventsTest-1230842878', 'user_domain_id': 'default', 'user_domain_name': 'Default', 'user_id': '9b15f91dce75472391fc6af504f853e9', 'system': None}, Network: None, Subnet: None, Router: None
2025-03-26 22:02:00.358 70365 INFO tempest.lib.common.rest_client [req-e78a7b13-3125-47cb-a8e7-6754948b6692 req-e78a7b13-3125-47cb-a8e7-6754948b6692 ] Request (FlavorsExtraSpecsNegativeTestJSON:tearDownClass): 204 DELETE http://10.180.1.21/identity/v3/projects/58e646400caf45499183c6823ddb5e66 0.203s
2025-03-26 22:02:00.358 70365 INFO tempest.lib.common.dynamic_creds [-] Deleting project and security group for project: 483c45d3fd1e44e6b32273e3a067a3f1
