2025-03-26 22:02:36.861 70369 INFO tempest.lib.common.dynamic_creds [-] Created isolated network resources for: credentials: Credentials: {'domain_id': 'default', 'domain_name': 'Default', 'username': 'tempest-SecurityGroupsNegativeTestJSON-1053437138-project-member', 'project_domain_id': 'default', 'project_domain_name': 'Default', 'project_id': 'ddb2d299e1864b25bbe357382f6742a5', 'project_name': 'tempest-SecurityGroupsNegativeTestJSON-1053437138', 'tenant_id': 'ddb2d299e1864b25bbe357382f6742a5', 'tenant_name': 'tempest-SecurityGroupsNegativeTestJSON-1053437138', 'user_domain_id': 'default', 'user_domain_name': 'Default', 'user_id': 'a55e90f4bd764b819f398b5341b5c931', 'system': None}, Network: {'id': '2b2d14b1-660f-44f6-96b5-4b70f2c9a9a4', 'name': 'tempest-SecurityGroupsNegativeTestJSON-59276778-network', 'tenant_id': 'ddb2d299e1864b25bbe357382f6742a5', 'admin_state_up': True, 'mtu': 8950, 'status': 'ACTIVE', 'subnets': [], 'shared': False, 'project_id': 'ddb2d299e1864b25bbe357382f6742a5', 'port_security_enabled': True, 'router:external': False, 'provider:network_type': 'vlan', 'provider:physical_network': 'default', 'provider:segmentation_id': 525, 'availability_zone_hints': [], 'availability_zones': [], 'ipv4_address_scope': None, 'ipv6_address_scope': None, 'description': '', 'tags': [], 'created_at': '2025-03-26T22:02:32Z', 'updated_at': '2025-03-26T22:02:32Z', 'revision_number': 1}, Subnet: {'id': '9a5c42bc-b976-441e-9ae9-e61b5c82b433', 'name': 'tempest-SecurityGroupsNegativeTestJSON-59276778-subnet', 'tenant_id': 'ddb2d299e1864b25bbe357382f6742a5', 'network_id': '2b2d14b1-660f-44f6-96b5-4b70f2c9a9a4', 'ip_version': 4, 'subnetpool_id': None, 'enable_dhcp': True, 'ipv6_ra_mode': None, 'ipv6_address_mode': None, 'gateway_ip': '192.168.128.1', 'cidr': '192.168.128.0/28', 'allocation_pools': [{'start': '192.168.128.2', 'end': '192.168.128.14'}], 'host_routes': [], 'dns_nameservers': [], 'description': '', 'router:external': False, 'service_types': [], 'tags': [], 'created_at': '2025-03-26T22:02:32Z', 'updated_at': '2025-03-26T22:02:32Z', 'revision_number': 0, 'project_id': 'ddb2d299e1864b25bbe357382f6742a5'}, Router: {'id': 'f8f42650-f9f5-40c8-904e-00cb4c9bfbbb', 'name': 'tempest-SecurityGroupsNegativeTestJSON-59276778-router', 'tenant_id': 'ddb2d299e1864b25bbe357382f6742a5', 'admin_state_up': True, 'status': 'ACTIVE', 'external_gateway_info': {'network_id': 'de78ebbc-bc9d-4478-9154-93410ce35cad', 'external_fixed_ips': [{'subnet_id': '91e75bd0-b4d4-4ee8-86ea-80df8b6c2dca', 'ip_address': '10.180.180.143'}], 'enable_snat': True}, 'description': '', 'availability_zones': [], 'distributed': False, 'ha': False, 'availability_zone_hints': [], 'routes': [], 'flavor_id': None, 'tags': [], 'created_at': '2025-03-26T22:02:32Z', 'updated_at': '2025-03-26T22:02:33Z', 'revision_number': 2, 'project_id': 'ddb2d299e1864b25bbe357382f6742a5'}
2025-03-26 22:02:36.889 70381 INFO tempest.lib.common.rest_client [req-138d26b4-4db9-4fea-85d7-ea712a9cf0a3 req-138d26b4-4db9-4fea-85d7-ea712a9cf0a3 ] Request (ServerDiskConfigTestJSON:test_rebuild_server_with_auto_disk_config): 202 POST http://10.180.1.21/compute/v2.1/servers/0c608994-12d8-4173-b8f0-06378d8d96ea/action 0.864s
2025-03-26 22:02:36.920 70383 INFO tempest.lib.common.rest_client [req-ac4374fc-c64b-4540-ba14-e30227092d73 req-ac4374fc-c64b-4540-ba14-e30227092d73 ] Request (FlavorsAccessTestJSON:setUpClass): 201 POST http://10.180.1.21/identity/v3/auth/tokens 0.107s
2025-03-26 22:02:36.932 70387 INFO tempest.lib.common.rest_client [req-48e6d248-b508-46fc-8e12-ad8fb9bfae70 req-48e6d248-b508-46fc-8e12-ad8fb9bfae70 ] Request (SecurityGroupsTestJSON:test_list_security_groups_by_server): 200 GET http://10.180.1.21/compute/v2.1/servers/7e43c2a9-687f-4839-b48b-b7c3b2164787 0.951s
2025-03-26 22:02:36.944 70387 INFO tempest.common.waiters [-] State transition "BUILD/networking" ==> "BUILD/spawning" after 20 second wait
2025-03-26 22:02:36.947 70369 INFO tempest.lib.common.rest_client [req-71bd8dcb-eb04-4bb8-b5b1-763b6329a92a req-71bd8dcb-eb04-4bb8-b5b1-763b6329a92a ] Request (SecurityGroupsNegativeTestJSON:setUpClass): 201 POST http://10.180.1.21/identity/v3/auth/tokens 0.079s
2025-03-26 22:02:36.969 70373 INFO tempest.lib.common.rest_client [req-5f485d04-685a-4610-a6f4-295560ef5645 req-5f485d04-685a-4610-a6f4-295560ef5645 ] Request (ServersTestFqdnHostnames:test_create_server_with_fqdn_name): 200 GET http://10.180.1.21/compute/v2.1/servers/de133077-255d-439b-80b8-1f39cbe3bc4a 0.806s
2025-03-26 22:02:37.027 70383 INFO tempest.lib.common.rest_client [req-d618f33d-fa4b-4cd6-943f-7a99ee60fe68 req-d618f33d-fa4b-4cd6-943f-7a99ee60fe68 ] Request (FlavorsAccessTestJSON:setUpClass): 201 POST http://10.180.1.21/identity/v3/projects 0.106s
2025-03-26 22:02:37.055 70393 INFO tempest.lib.common.rest_client [req-7e5a6b5d-7275-4774-b12d-c60c8878a85d req-7e5a6b5d-7275-4774-b12d-c60c8878a85d ] Request (FloatingIPsAssociationNegativeTestJSON:tearDownClass): 200 GET http://10.180.1.21/compute/v2.1/servers/3b873a8a-8dd7-4497-836e-d22a34a3eea1 0.678s
2025-03-26 22:02:37.101 70383 INFO tempest.lib.common.rest_client [req-c1d45684-e014-45d3-8cb0-9c04d4695338 req-c1d45684-e014-45d3-8cb0-9c04d4695338 ] Request (FlavorsAccessTestJSON:setUpClass): 201 POST http://10.180.1.21/identity/v3/users 0.073s
2025-03-26 22:02:37.123 70383 INFO tempest.lib.common.rest_client [req-6eb7c449-6a7c-41ae-a420-349f81c040b1 req-6eb7c449-6a7c-41ae-a420-349f81c040b1 ] Request (FlavorsAccessTestJSON:setUpClass): 200 GET http://10.180.1.21/identity/v3/roles 0.021s
2025-03-26 22:02:37.148 70383 INFO tempest.lib.common.rest_client [req-a8950e0d-dde1-44be-ab2f-c514eef14a46 req-a8950e0d-dde1-44be-ab2f-c514eef14a46 ] Request (FlavorsAccessTestJSON:setUpClass): 204 PUT http://10.180.1.21/identity/v3/projects/e6fc8b4fb96847879945c7c0721c21f9/users/686a63cc6c664954b5a0de921e950262/roles/c3898cdeced64bb7a1270c83ddf85459 0.025s
2025-03-26 22:02:37.175 70363 INFO tempest.lib.common.rest_client [req-91046734-f243-445a-aba1-757a60c8cd2d req-91046734-f243-445a-aba1-757a60c8cd2d ] Request (MigrationsAdminTest:test_list_migrations_in_flavor_resize_situation): 200 GET http://10.180.1.21/compute/v2.1/servers/7334ae5e-3cdf-4637-b0a2-2fcfd5d02d7c 0.769s
2025-03-26 22:02:37.199 70383 INFO tempest.lib.common.rest_client [req-c8a0b823-11d2-426d-bbc8-46851ff0bc49 req-c8a0b823-11d2-426d-bbc8-46851ff0bc49 ] Request (FlavorsAccessTestJSON:setUpClass): 200 GET http://10.180.1.21/identity/v3/roles 0.051s
2025-03-26 22:02:37.223 70383 INFO tempest.lib.common.rest_client [req-80b48382-d465-4286-bc1c-b9769d9ec2c3 req-80b48382-d465-4286-bc1c-b9769d9ec2c3 ] Request (FlavorsAccessTestJSON:setUpClass): 204 PUT http://10.180.1.21/identity/v3/projects/e6fc8b4fb96847879945c7c0721c21f9/users/686a63cc6c664954b5a0de921e950262/roles/c3898cdeced64bb7a1270c83ddf85459 0.023s
2025-03-26 22:02:37.223 70383 INFO tempest.lib.common.dynamic_creds [-] Dynamic test user 686a63cc6c664954b5a0de921e950262 is created with scope project and roles: ['admin']
2025-03-26 22:02:37.224 70383 INFO tempest.lib.common.dynamic_creds [-] Acquired dynamic creds: credentials: Credentials: {'domain_id': 'default', 'domain_name': 'Default', 'username': 'tempest-FlavorsAccessTestJSON-205731997-project-admin', 'project_domain_id': 'default', 'project_domain_name': 'Default', 'project_id': 'e6fc8b4fb96847879945c7c0721c21f9', 'project_name': 'tempest-FlavorsAccessTestJSON-205731997', 'tenant_id': 'e6fc8b4fb96847879945c7c0721c21f9', 'tenant_name': 'tempest-FlavorsAccessTestJSON-205731997', 'user_domain_id': 'default', 'user_domain_name': 'Default', 'user_id': '686a63cc6c664954b5a0de921e950262', 'system': None}, Network: None, Subnet: None, Router: None
2025-03-26 22:02:37.224 70383 INFO tempest.lib.common.dynamic_creds [-] Created isolated network resources for: credentials: Credentials: {'domain_id': 'default', 'domain_name': 'Default', 'username': 'tempest-FlavorsAccessTestJSON-205731997-project-admin', 'project_domain_id': 'default', 'project_domain_name': 'Default', 'project_id': 'e6fc8b4fb96847879945c7c0721c21f9', 'project_name': 'tempest-FlavorsAccessTestJSON-205731997', 'tenant_id': 'e6fc8b4fb96847879945c7c0721c21f9', 'tenant_name': 'tempest-FlavorsAccessTestJSON-205731997', 'user_domain_id': 'default', 'user_domain_name': 'Default', 'user_id': '686a63cc6c664954b5a0de921e950262', 'system': None}, Network: None, Subnet: None, Router: None
2025-03-26 22:02:37.234 70345 INFO tempest.lib.common.rest_client [req-81a37971-8253-438f-b526-684c96e46f4d req-81a37971-8253-438f-b526-684c96e46f4d ] Request (ServerDiagnosticsNegativeTest:tearDownClass): 200 GET http://10.180.1.21/compute/v2.1/servers/72045dd3-fa01-4b9e-a47b-aa9e034611f3 0.764s
2025-03-26 22:02:37.259 70385 INFO tempest.lib.common.rest_client [req-c91bdf1f-1b8b-47d8-97ef-2559e8f10d8b req-c91bdf1f-1b8b-47d8-97ef-2559e8f10d8b ] Request (ServersAdminNegativeTestJSON:test_migrate_server_invalid_state): 200 GET http://10.180.1.21/compute/v2.1/servers/c185084d-195a-4157-926f-399999de0855 1.030s
2025-03-26 22:02:37.289 70339 INFO tempest.lib.common.rest_client [req-f718ef1b-7728-4ec5-b332-3901a9fe67d9 req-f718ef1b-7728-4ec5-b332-3901a9fe67d9 ] Request (ServersWithSpecificFlavorTestJSON:test_verify_created_server_ephemeral_disk): 200 GET http://10.180.1.21/compute/v2.1/servers/5af0252a-65c9-4afb-9412-32666a385e42 0.744s
2025-03-26 22:02:37.300 70383 INFO tempest.lib.common.rest_client [req-004fcc51-9c6c-44db-a078-a0d5bfd8751b req-004fcc51-9c6c-44db-a078-a0d5bfd8751b ] Request (FlavorsAccessTestJSON:setUpClass): 201 POST http://10.180.1.21/identity/v3/auth/tokens 0.073s
2025-03-26 22:02:37.301 70383 WARNING tempest.lib.common.rest_client [-] Deprecated: "tenant_id" property is deprecated for removal, use "project_id" instead
2025-03-26 22:02:37.350 70347 INFO tempest.lib.common.rest_client [req-1d2604aa-e4b6-43d0-9ed7-09876797bc77 req-1d2604aa-e4b6-43d0-9ed7-09876797bc77 ] Request (ServerExternalEventsTest:tearDownClass): 200 GET http://10.180.1.21/compute/v2.1/servers/bf43965a-4117-4c14-a78b-43ffa49d463a 0.697s
2025-03-26 22:02:37.361 70349 INFO tempest.lib.common.rest_client [req-72c337b4-d80f-45a6-af19-dcd49ea908e6 req-72c337b4-d80f-45a6-af19-dcd49ea908e6 ] Request (ServersAdminTestJSON:setUpClass): 200 GET http://10.180.1.21/compute/v2.1/servers/c67345fe-852f-4912-9af4-3cc75257d434 0.755s
2025-03-26 22:02:37.379 70335 INFO tempest.lib.common.rest_client [req-97c47b31-7ab3-4aa9-847a-b95a25051116 req-97c47b31-7ab3-4aa9-847a-b95a25051116 ] Request (FlavorsAdminTestJSON:_run_cleanups): 200 GET http://10.180.1.21/compute/v2.1/flavors/detail 0.700s
2025-03-26 22:02:37.443 70379 INFO tempest.lib.common.rest_client [req-6ff7c79d-3f47-4a7a-bcca-38a2ec6bd1bd req-6ff7c79d-3f47-4a7a-bcca-38a2ec6bd1bd ] Request (ListServerFiltersTestJSON:setUpClass): 200 GET http://10.180.1.21/compute/v2.1/servers/9837c22e-1750-4e1b-bbce-9c7f63f84052 0.711s
2025-03-26 22:02:37.447 70337 INFO tempest.lib.common.rest_client [req-8503c063-3478-413d-afe3-102c66f23791 req-8503c063-3478-413d-afe3-102c66f23791 ] Request (ServerDiagnosticsV248Test:tearDownClass): 200 GET http://10.180.1.21/compute/v2.1/servers/4d74d56f-a2c9-40e6-abf7-b3b7a76da66e 0.755s
2025-03-26 22:02:37.460 70359 INFO tempest.lib.common.rest_client [req-eb4e6a28-52e6-48cd-89b0-33398c9fd071 req-eb4e6a28-52e6-48cd-89b0-33398c9fd071 ] Request (KeyPairsV210TestJSON:tearDownClass): 200 GET http://10.180.1.21:9696/networking/v2.0/security-groups?tenant_id=dffeb2ed01de4089beeba7d96b681a03&name=default 0.643s
2025-03-26 22:02:37.536 70353 INFO tempest.lib.common.rest_client [req-edb219ea-53f5-4cf7-b255-eb816cd46f5a req-edb219ea-53f5-4cf7-b255-eb816cd46f5a ] Request (ImagesOneServerNegativeTestJSON:setUpClass): 200 GET http://10.180.1.21/compute/v2.1/servers/bd2599c1-6004-4e12-bdc8-6a00fa7add1c 0.768s
2025-03-26 22:02:37.697 70381 INFO tempest.lib.common.rest_client [req-e8560e8a-e03b-4e0e-8cc8-21eba266b3e2 req-e8560e8a-e03b-4e0e-8cc8-21eba266b3e2 ] Request (ServerDiskConfigTestJSON:test_rebuild_server_with_auto_disk_config): 200 GET http://10.180.1.21/compute/v2.1/servers/0c608994-12d8-4173-b8f0-06378d8d96ea 0.801s
2025-03-26 22:02:37.716 70367 INFO tempest.lib.common.rest_client [req-dd4298aa-3c0b-4d1d-995b-2586dd9bece8 req-dd4298aa-3c0b-4d1d-995b-2586dd9bece8 ] Request (ServerActionsTestJSON:setUpClass): 200 GET http://10.180.1.21/compute/v2.1/servers/2c6f2182-1d1e-4262-aa37-526bb79ebc25 0.766s
2025-03-26 22:02:37.742 70359 INFO tempest.lib.common.rest_client [req-fccdf269-907f-4d6c-b919-4e58604b97d3 req-fccdf269-907f-4d6c-b919-4e58604b97d3 ] Request (KeyPairsV210TestJSON:tearDownClass): 204 DELETE http://10.180.1.21:9696/networking/v2.0/security-groups/8e0b2131-3de5-40aa-b5af-12e307fb946b 0.281s
2025-03-26 22:02:37.795 70351 INFO tempest.lib.common.rest_client [req-5016a0a6-5748-40fc-ab68-5e60738739ee req-5016a0a6-5748-40fc-ab68-5e60738739ee ] Request (DeleteServersAdminTestJSON:test_admin_delete_servers_of_others): 200 GET http://10.180.1.21/compute/v2.1/servers/8d55683d-3ce3-42ec-bf0c-a17146f61142 0.729s
2025-03-26 22:02:37.851 70369 INFO tempest.lib.common.rest_client [req-bac9a0df-9020-400d-bf46-fff167b21ad2 req-bac9a0df-9020-400d-bf46-fff167b21ad2 ] Request (SecurityGroupsNegativeTestJSON:test_delete_nonexistent_security_group): 404 DELETE http://10.180.1.21/compute/v2.1/os-security-groups/9f26cef6-bd83-4f7b-bff5-6e31339b6fad 0.897s
2025-03-26 22:02:37.860 70343 INFO tempest.lib.common.rest_client [req-15a63d7a-b888-49a4-a325-9f04b5d731b5 req-15a63d7a-b888-49a4-a325-9f04b5d731b5 ] Request (ListImageFiltersTestJSON:setUpClass): 200 GET http://10.180.1.21/compute/v2.1/servers/70de7695-51b1-4f2d-bfef-80d4fac08c20 0.737s
2025-03-26 22:02:37.872 70359 INFO tempest.lib.common.rest_client [req-d522263b-2ae9-4264-abc5-41d60bc5a6b0 req-d522263b-2ae9-4264-abc5-41d60bc5a6b0 ] Request (KeyPairsV210TestJSON:tearDownClass): 204 DELETE http://10.180.1.21/identity/v3/projects/dffeb2ed01de4089beeba7d96b681a03 0.130s
2025-03-26 22:02:37.939 70375 INFO tempest.lib.common.rest_client [req-76e43ba1-730c-41fb-a57d-69928a43f66b req-76e43ba1-730c-41fb-a57d-69928a43f66b ] Request (ServerTagsTestJSON:setUpClass): 200 GET http://10.180.1.21/compute/v2.1/servers/b926f89c-70d6-4fbb-93b5-6b7e996fda47 0.757s
2025-03-26 22:02:37.939 70359 INFO tempest.lib.common.rest_client [req-7d81d0b4-97d6-4289-8e49-67b3499599c9 req-7d81d0b4-97d6-4289-8e49-67b3499599c9 ] Request (ServicesAdminTestJSON:setUpClass): 201 POST http://10.180.1.21/identity/v3/auth/tokens 0.066s
2025-03-26 22:02:37.950 70341 INFO tempest.lib.common.rest_client [req-348fc8c3-6dc9-4764-984f-4ae9ed8b6677 req-348fc8c3-6dc9-4764-984f-4ae9ed8b6677 ] Request (AttachInterfacesV270Test:tearDownClass): 200 GET http://10.180.1.21/compute/v2.1/servers/19f4096b-0f09-4e26-93d7-a345002d004d 0.695s
2025-03-26 22:02:37.975 70359 INFO tempest.lib.common.rest_client [req-1016f898-ca13-4db8-9ff2-c684bcd46fa8 req-1016f898-ca13-4db8-9ff2-c684bcd46fa8 ] Request (ServicesAdminTestJSON:setUpClass): 201 POST http://10.180.1.21/identity/v3/auth/tokens 0.033s
2025-03-26 22:02:38.006 70359 INFO tempest.lib.common.rest_client [req-384d0c02-5ddd-4c11-b7cb-b72b5c89f569 req-384d0c02-5ddd-4c11-b7cb-b72b5c89f569 ] Request (ServicesAdminTestJSON:setUpClass): 200 GET http://10.180.1.21/identity/v3/domains?name=Default 0.031s
2025-03-26 22:02:38.028 70365 INFO tempest.lib.common.rest_client [req-da64fcca-2022-46a7-af61-be0759b043c7 req-da64fcca-2022-46a7-af61-be0759b043c7 ] Request (ServersAdmin275Test:test_rebuild_update_server_275): 200 GET http://10.180.1.21/compute/v2.1/servers/c42e1228-14f5-42d7-887c-c33644c478c5 0.701s
2025-03-26 22:02:38.036 70359 INFO tempest.lib.common.rest_client [req-57f4f99a-150e-4ff9-b0c0-ff87460c15ec req-57f4f99a-150e-4ff9-b0c0-ff87460c15ec ] Request (ServicesAdminTestJSON:setUpClass): 201 POST http://10.180.1.21/identity/v3/projects 0.029s
2025-03-26 22:02:38.099 70395 INFO tempest.lib.common.rest_client [req-4c02ab40-9695-4ce9-abf0-39b178a87eb0 req-4c02ab40-9695-4ce9-abf0-39b178a87eb0 ] Request (MultipleCreateTestJSON:test_multiple_create): 200 GET http://10.180.1.21/compute/v2.1/servers/123c9043-92c4-4c67-9a39-9a82837566ba 0.715s
2025-03-26 22:02:38.104 70383 INFO tempest.lib.common.rest_client [req-19e2540e-865f-44c6-b48a-0ea81656b0af req-19e2540e-865f-44c6-b48a-0ea81656b0af ] Request (FlavorsAccessTestJSON:test_flavor_access_add_remove): 200 POST http://10.180.1.21/compute/v2.1/flavors 0.802s
2025-03-26 22:02:38.112 70359 INFO tempest.lib.common.rest_client [req-82c0276a-468c-4a8e-939f-d04e24a40d81 req-82c0276a-468c-4a8e-939f-d04e24a40d81 ] Request (ServicesAdminTestJSON:setUpClass): 201 POST http://10.180.1.21/identity/v3/users 0.076s
2025-03-26 22:02:38.117 70335 INFO tempest.lib.common.rest_client [req-f1be53ab-3e98-4318-9137-d3a6fd7b9a31 req-f1be53ab-3e98-4318-9137-d3a6fd7b9a31 ] Request (FlavorsAdminTestJSON:test_list_public_flavor_with_other_user): 200 POST http://10.180.1.21/compute/v2.1/flavors 0.732s
2025-03-26 22:02:38.137 70359 INFO tempest.lib.common.rest_client [req-102a807e-ea0e-4574-a5f7-f579e458a041 req-102a807e-ea0e-4574-a5f7-f579e458a041 ] Request (ServicesAdminTestJSON:setUpClass): 200 GET http://10.180.1.21/identity/v3/roles 0.024s
2025-03-26 22:02:38.168 70359 INFO tempest.lib.common.rest_client [req-65bb01f0-5143-41a4-bd67-a3eb0baba00f req-65bb01f0-5143-41a4-bd67-a3eb0baba00f ] Request (ServicesAdminTestJSON:setUpClass): 204 PUT http://10.180.1.21/identity/v3/projects/e305670437f74d89b71734b70617e238/users/93dd8b5d5be148ca83b4d9c474850d9b/roles/e987f65bb48e4072b5fffe58d3722ae3 0.031s
2025-03-26 22:02:38.169 70359 INFO tempest.lib.common.dynamic_creds [-] Dynamic test user 93dd8b5d5be148ca83b4d9c474850d9b is created with scope project and roles: ['member']
2025-03-26 22:02:38.169 70359 INFO tempest.lib.common.dynamic_creds [-] Acquired dynamic creds: credentials: Credentials: {'domain_id': 'default', 'domain_name': 'Default', 'username': 'tempest-ServicesAdminTestJSON-805989335-project-member', 'project_domain_id': 'default', 'project_domain_name': 'Default', 'project_id': 'e305670437f74d89b71734b70617e238', 'project_name': 'tempest-ServicesAdminTestJSON-805989335', 'tenant_id': 'e305670437f74d89b71734b70617e238', 'tenant_name': 'tempest-ServicesAdminTestJSON-805989335', 'user_domain_id': 'default', 'user_domain_name': 'Default', 'user_id': '93dd8b5d5be148ca83b4d9c474850d9b', 'system': None}, Network: None, Subnet: None, Router: None
2025-03-26 22:02:38.169 70359 INFO tempest.lib.common.dynamic_creds [-] Created isolated network resources for: credentials: Credentials: {'domain_id': 'default', 'domain_name': 'Default', 'username': 'tempest-ServicesAdminTestJSON-805989335-project-member', 'project_domain_id': 'default', 'project_domain_name': 'Default', 'project_id': 'e305670437f74d89b71734b70617e238', 'project_name': 'tempest-ServicesAdminTestJSON-805989335', 'tenant_id': 'e305670437f74d89b71734b70617e238', 'tenant_name': 'tempest-ServicesAdminTestJSON-805989335', 'user_domain_id': 'default', 'user_domain_name': 'Default', 'user_id': '93dd8b5d5be148ca83b4d9c474850d9b', 'system': None}, Network: None, Subnet: None, Router: None
2025-03-26 22:02:38.175 70361 INFO tempest.lib.common.rest_client [req-dd6141d6-009f-4ae2-b247-147365a63aa6 req-dd6141d6-009f-4ae2-b247-147365a63aa6 ] Request (ServersTestJSON:setUpClass): 200 GET http://10.180.1.21/compute/v2.1/servers/f7269ff0-c7b4-4dd9-9413-5198ce7a6b86 0.674s
2025-03-26 22:02:38.175 70355 INFO tempest.lib.common.rest_client [req-3335db8a-c15f-405a-9895-fe4906669905 req-3335db8a-c15f-405a-9895-fe4906669905 ] Request (ListServersNegativeTestJSON:setUpClass): 200 GET http://10.180.1.21/compute/v2.1/servers/19c96786-d3cc-49be-ac6e-825c62ffa8a6 0.715s
2025-03-26 22:02:38.189 70355 INFO tempest.common.waiters [-] State transition "BUILD/scheduling" ==> "BUILD/None" after 16 second wait
2025-03-26 22:02:38.195 70389 WARNING tempest.lib.common.ssh [-] Failed to establish authenticated ssh connection to cirros@10.180.180.253 ([Errno None] Unable to connect to port 22 on 10.180.180.253). Number attempts: 3. Retry after 4 seconds.: paramiko.ssh_exception.NoValidConnectionsError: [Errno None] Unable to connect to port 22 on 10.180.180.253
2025-03-26 22:02:38.246 70357 INFO tempest.lib.common.rest_client [req-2e97264a-1978-49be-ae8d-562eaf286bea req-2e97264a-1978-49be-ae8d-562eaf286bea ] Request (FloatingIPsAssociationTestJSON:test_associate_already_associated_floating_ip): 200 GET http://10.180.1.21/compute/v2.1/servers/e6e74ef8-e10f-430f-8d61-71f1a53b9680 0.706s
2025-03-26 22:02:38.253 70369 INFO tempest.lib.common.rest_client [req-387e20b3-30d2-4a8d-ba66-5748f301c1ad req-387e20b3-30d2-4a8d-ba66-5748f301c1ad ] Request (SecurityGroupsNegativeTestJSON:test_delete_security_group_without_passing_id): 404 DELETE http://10.180.1.21/compute/v2.1/os-security-groups/ 0.400s
2025-03-26 22:02:38.259 70359 INFO tempest.lib.common.rest_client [req-6ce2b30a-f66b-47b3-a671-abe1795732c6 req-6ce2b30a-f66b-47b3-a671-abe1795732c6 ] Request (ServicesAdminTestJSON:setUpClass): 201 POST http://10.180.1.21/identity/v3/auth/tokens 0.086s
2025-03-26 22:02:38.265 70391 INFO tempest.lib.common.rest_client [req-de6498fd-ead1-4a27-9011-c71b7914eace req-de6498fd-ead1-4a27-9011-c71b7914eace ] Request (ServersListShow2100Test:test_list_show_rebuild_update_server_2100): 200 GET http://10.180.1.21/compute/v2.1/servers/1f87fd35-05ce-4111-af7b-a5192625d1a6 0.589s
2025-03-26 22:02:38.283 70377 INFO tempest.lib.common.rest_client [req-ee49e161-3d1c-4e14-a03f-b7cd98b5c562 req-ee49e161-3d1c-4e14-a03f-b7cd98b5c562 ] Request (SecurityGroupRulesTestJSON:tearDownClass): 200 PUT http://10.180.1.21:9696/networking/v2.0/routers/1753882b-fae7-49b8-a27f-bbd2b2d3303f/remove_router_interface 1.922s
2025-03-26 22:02:38.324 70359 INFO tempest.lib.common.rest_client [req-bc3ea59e-5e88-4412-b002-d325fd905a4f req-bc3ea59e-5e88-4412-b002-d325fd905a4f ] Request (ServicesAdminTestJSON:setUpClass): 201 POST http://10.180.1.21/identity/v3/projects 0.064s
2025-03-26 22:02:38.331 70373 INFO tempest.lib.common.rest_client [req-0d2bfd95-cb6c-4ed3-809a-76a27ebdaacc req-0d2bfd95-cb6c-4ed3-809a-76a27ebdaacc ] Request (ServersTestFqdnHostnames:test_create_server_with_fqdn_name): 200 GET http://10.180.1.21/compute/v2.1/servers/de133077-255d-439b-80b8-1f39cbe3bc4a 0.350s
2025-03-26 22:02:38.362 70371 INFO tempest.lib.common.rest_client [req-64411869-fe7b-46d5-b43b-8f07d96bb2fc req-64411869-fe7b-46d5-b43b-8f07d96bb2fc ] Request (AttachInterfacesTestJSON:setUpClass): 200 PUT http://10.180.1.21:9696/networking/v2.0/routers/9ee16cba-3be7-4170-93bd-48af3c36b2f2/add_router_interface 2.180s
2025-03-26 22:02:38.362 70371 INFO tempest.lib.common.dynamic_creds [-] Created isolated network resources for: credentials: Credentials: {'domain_id': 'default', 'domain_name': 'Default', 'username': 'tempest-AttachInterfacesTestJSON-1106706663-project-member', 'project_domain_id': 'default', 'project_domain_name': 'Default', 'project_id': 'ae258c71173d41fd953433c067ffa9d7', 'project_name': 'tempest-AttachInterfacesTestJSON-1106706663', 'tenant_id': 'ae258c71173d41fd953433c067ffa9d7', 'tenant_name': 'tempest-AttachInterfacesTestJSON-1106706663', 'user_domain_id': 'default', 'user_domain_name': 'Default', 'user_id': '78709f53484c405c9d7b1c9591cc3e3e', 'system': None}, Network: {'id': '4585d055-7248-4da8-aceb-2099a262154c', 'name': 'tempest-AttachInterfacesTestJSON-2124125599-network', 'tenant_id': 'ae258c71173d41fd953433c067ffa9d7', 'admin_state_up': True, 'mtu': 8950, 'status': 'ACTIVE', 'subnets': [], 'shared': False, 'project_id': 'ae258c71173d41fd953433c067ffa9d7', 'port_security_enabled': True, 'router:external': False, 'provider:network_type': 'vlan', 'provider:physical_network': 'default', 'provider:segmentation_id': 801, 'availability_zone_hints': [], 'availability_zones': [], 'ipv4_address_scope': None, 'ipv6_address_scope': None, 'description': '', 'tags': [], 'created_at': '2025-03-26T22:02:34Z', 'updated_at': '2025-03-26T22:02:34Z', 'revision_number': 1}, Subnet: {'id': '8d300981-890e-4a1e-9353-bca372f48f49', 'name': 'tempest-AttachInterfacesTestJSON-2124125599-subnet', 'tenant_id': 'ae258c71173d41fd953433c067ffa9d7', 'network_id': '4585d055-7248-4da8-aceb-2099a262154c', 'ip_version': 4, 'subnetpool_id': None, 'enable_dhcp': True, 'ipv6_ra_mode': None, 'ipv6_address_mode': None, 'gateway_ip': '192.168.128.1', 'cidr': '192.168.128.0/28', 'allocation_pools': [{'start': '192.168.128.2', 'end': '192.168.128.14'}], 'host_routes': [], 'dns_nameservers': [], 'description': '', 'router:external': False, 'service_types': [], 'tags': [], 'created_at': '2025-03-26T22:02:34Z', 'updated_at': '2025-03-26T22:02:34Z', 'revision_number': 0, 'project_id': 'ae258c71173d41fd953433c067ffa9d7'}, Router: {'id': '9ee16cba-3be7-4170-93bd-48af3c36b2f2', 'name': 'tempest-AttachInterfacesTestJSON-2124125599-router', 'tenant_id': 'ae258c71173d41fd953433c067ffa9d7', 'admin_state_up': True, 'status': 'ACTIVE', 'external_gateway_info': {'network_id': 'de78ebbc-bc9d-4478-9154-93410ce35cad', 'external_fixed_ips': [{'subnet_id': '91e75bd0-b4d4-4ee8-86ea-80df8b6c2dca', 'ip_address': '10.180.180.235'}], 'enable_snat': True}, 'description': '', 'availability_zones': [], 'distributed': False, 'ha': False, 'availability_zone_hints': [], 'routes': [], 'flavor_id': None, 'tags': [], 'created_at': '2025-03-26T22:02:35Z', 'updated_at': '2025-03-26T22:02:35Z', 'revision_number': 2, 'project_id': 'ae258c71173d41fd953433c067ffa9d7'}
2025-03-26 22:02:38.385 70359 INFO tempest.lib.common.rest_client [req-a0ebc4bf-1ac3-443b-8706-b4562628637e req-a0ebc4bf-1ac3-443b-8706-b4562628637e ] Request (ServicesAdminTestJSON:setUpClass): 201 POST http://10.180.1.21/identity/v3/users 0.057s
2025-03-26 22:02:38.415 70393 INFO tempest.lib.common.rest_client [req-7dd6427f-c208-49e2-a6d8-faf332a50126 req-7dd6427f-c208-49e2-a6d8-faf332a50126 ] Request (FloatingIPsAssociationNegativeTestJSON:tearDownClass): 200 GET http://10.180.1.21/compute/v2.1/servers/3b873a8a-8dd7-4497-836e-d22a34a3eea1 0.348s
2025-03-26 22:02:38.414 70359 INFO tempest.lib.common.rest_client [req-6925da62-03d5-4d70-a80d-ccd3bf646a99 req-6925da62-03d5-4d70-a80d-ccd3bf646a99 ] Request (ServicesAdminTestJSON:setUpClass): 200 GET http://10.180.1.21/identity/v3/roles 0.028s
2025-03-26 22:02:38.459 70371 INFO tempest.lib.common.rest_client [req-b8a0493f-a4ef-41c6-926e-7c3dfcfaaaab req-b8a0493f-a4ef-41c6-926e-7c3dfcfaaaab ] Request (AttachInterfacesTestJSON:setUpClass): 201 POST http://10.180.1.21/identity/v3/auth/tokens 0.089s
2025-03-26 22:02:38.460 70359 INFO tempest.lib.common.rest_client [req-a43fa5a6-cd59-4c7b-a2a6-b3a920d061fa req-a43fa5a6-cd59-4c7b-a2a6-b3a920d061fa ] Request (ServicesAdminTestJSON:setUpClass): 204 PUT http://10.180.1.21/identity/v3/projects/249d4c0e633649ab8b328ed95a418b37/users/ebf7bfacce824936ab739ebfaf6ab094/roles/c3898cdeced64bb7a1270c83ddf85459 0.043s
2025-03-26 22:02:38.472 70387 INFO tempest.lib.common.rest_client [req-1dc23286-c6c2-4864-9931-bbb17baa57b7 req-1dc23286-c6c2-4864-9931-bbb17baa57b7 ] Request (SecurityGroupsTestJSON:test_list_security_groups_by_server): 200 GET http://10.180.1.21/compute/v2.1/servers/7e43c2a9-687f-4839-b48b-b7c3b2164787 0.527s
2025-03-26 22:02:38.504 70335 INFO tempest.lib.common.rest_client [req-5376ecd7-942e-407f-93bf-03288b204e8c req-5376ecd7-942e-407f-93bf-03288b204e8c ] Request (FlavorsAdminTestJSON:test_list_public_flavor_with_other_user): 200 GET http://10.180.1.21/compute/v2.1/flavors/detail 0.384s
2025-03-26 22:02:38.539 70359 INFO tempest.lib.common.rest_client [req-b5127ff7-419b-4fcf-a8a5-0363e870cd8f req-b5127ff7-419b-4fcf-a8a5-0363e870cd8f ] Request (ServicesAdminTestJSON:setUpClass): 200 GET http://10.180.1.21/identity/v3/roles 0.078s
2025-03-26 22:02:38.562 70359 INFO tempest.lib.common.rest_client [req-657273b4-448c-4c75-ac69-50b771ee758a req-657273b4-448c-4c75-ac69-50b771ee758a ] Request (ServicesAdminTestJSON:setUpClass): 204 PUT http://10.180.1.21/identity/v3/projects/249d4c0e633649ab8b328ed95a418b37/users/ebf7bfacce824936ab739ebfaf6ab094/roles/c3898cdeced64bb7a1270c83ddf85459 0.022s
2025-03-26 22:02:38.562 70359 INFO tempest.lib.common.dynamic_creds [-] Dynamic test user ebf7bfacce824936ab739ebfaf6ab094 is created with scope project and roles: ['admin']
2025-03-26 22:02:38.562 70359 INFO tempest.lib.common.dynamic_creds [-] Acquired dynamic creds: credentials: Credentials: {'domain_id': 'default', 'domain_name': 'Default', 'username': 'tempest-ServicesAdminTestJSON-661739646-project-admin', 'project_domain_id': 'default', 'project_domain_name': 'Default', 'project_id': '249d4c0e633649ab8b328ed95a418b37', 'project_name': 'tempest-ServicesAdminTestJSON-661739646', 'tenant_id': '249d4c0e633649ab8b328ed95a418b37', 'tenant_name': 'tempest-ServicesAdminTestJSON-661739646', 'user_domain_id': 'default', 'user_domain_name': 'Default', 'user_id': 'ebf7bfacce824936ab739ebfaf6ab094', 'system': None}, Network: None, Subnet: None, Router: None
2025-03-26 22:02:38.562 70359 INFO tempest.lib.common.dynamic_creds [-] Created isolated network resources for: credentials: Credentials: {'domain_id': 'default', 'domain_name': 'Default', 'username': 'tempest-ServicesAdminTestJSON-661739646-project-admin', 'project_domain_id': 'default', 'project_domain_name': 'Default', 'project_id': '249d4c0e633649ab8b328ed95a418b37', 'project_name': 'tempest-ServicesAdminTestJSON-661739646', 'tenant_id': '249d4c0e633649ab8b328ed95a418b37', 'tenant_name': 'tempest-ServicesAdminTestJSON-661739646', 'user_domain_id': 'default', 'user_domain_name': 'Default', 'user_id': 'ebf7bfacce824936ab739ebfaf6ab094', 'system': None}, Network: None, Subnet: None, Router: None
2025-03-26 22:02:38.648 70359 INFO tempest.lib.common.rest_client [req-df7463de-ba2d-4464-bc68-beb705f2d4f8 req-df7463de-ba2d-4464-bc68-beb705f2d4f8 ] Request (ServicesAdminTestJSON:setUpClass): 201 POST http://10.180.1.21/identity/v3/auth/tokens 0.080s
2025-03-26 22:02:38.649 70383 INFO tempest.lib.common.rest_client [req-bed56a1b-6660-43cb-97c9-fcac632055b4 req-bed56a1b-6660-43cb-97c9-fcac632055b4 ] Request (FlavorsAccessTestJSON:test_flavor_access_add_remove): 200 POST http://10.180.1.21/compute/v2.1/flavors/1669430385/action 0.539s
2025-03-26 22:02:38.718 70345 INFO tempest.lib.common.rest_client [req-b2411498-a668-4c24-bb14-5a7519a0698c req-b2411498-a668-4c24-bb14-5a7519a0698c ] Request (ServerDiagnosticsNegativeTest:tearDownClass): 200 GET http://10.180.1.21/compute/v2.1/servers/72045dd3-fa01-4b9e-a47b-aa9e034611f3 0.476s
2025-03-26 22:02:38.739 70363 INFO tempest.lib.common.rest_client [req-e6182fa5-618f-47b8-aa37-936558c246b0 req-e6182fa5-618f-47b8-aa37-936558c246b0 ] Request (MigrationsAdminTest:test_list_migrations_in_flavor_resize_situation): 200 GET http://10.180.1.21/compute/v2.1/servers/7334ae5e-3cdf-4637-b0a2-2fcfd5d02d7c 0.552s
2025-03-26 22:02:38.817 70369 INFO tempest.lib.common.rest_client [req-2a1a257a-7143-4731-a586-e3519093d016 req-2a1a257a-7143-4731-a586-e3519093d016 ] Request (SecurityGroupsNegativeTestJSON:test_delete_the_default_security_group): 200 GET http://10.180.1.21/compute/v2.1/os-security-groups 0.563s
2025-03-26 22:02:38.819 70385 INFO tempest.lib.common.rest_client [req-34a6b746-339f-409e-befb-f607c9d71df5 req-34a6b746-339f-409e-befb-f607c9d71df5 ] Request (ServersAdminNegativeTestJSON:test_migrate_server_invalid_state): 200 GET http://10.180.1.21/compute/v2.1/servers/c185084d-195a-4157-926f-399999de0855 0.551s
2025-03-26 22:02:38.888 70339 INFO tempest.lib.common.rest_client [req-4b4ae04d-3d1a-4d62-ac12-e72509a24486 req-4b4ae04d-3d1a-4d62-ac12-e72509a24486 ] Request (ServersWithSpecificFlavorTestJSON:test_verify_created_server_ephemeral_disk): 200 GET http://10.180.1.21/compute/v2.1/servers/5af0252a-65c9-4afb-9412-32666a385e42 0.583s
2025-03-26 22:02:38.899 70347 INFO tempest.lib.common.rest_client [req-a0fce940-f79c-432c-9e78-127983643888 req-a0fce940-f79c-432c-9e78-127983643888 ] Request (ServerExternalEventsTest:tearDownClass): 200 GET http://10.180.1.21/compute/v2.1/servers/bf43965a-4117-4c14-a78b-43ffa49d463a 0.540s
2025-03-26 22:02:38.950 70349 INFO tempest.lib.common.rest_client [req-01ca0b05-9fb6-4fbd-bbe8-89e6ad8537b5 req-01ca0b05-9fb6-4fbd-bbe8-89e6ad8537b5 ] Request (ServersAdminTestJSON:setUpClass): 200 GET http://10.180.1.21/compute/v2.1/servers/c67345fe-852f-4912-9af4-3cc75257d434 0.573s
2025-03-26 22:02:38.974 70379 INFO tempest.lib.common.rest_client [req-20a43318-642b-47ec-b3b1-5dd18f5d5bd8 req-20a43318-642b-47ec-b3b1-5dd18f5d5bd8 ] Request (ListServerFiltersTestJSON:setUpClass): 200 GET http://10.180.1.21/compute/v2.1/servers/9837c22e-1750-4e1b-bbce-9c7f63f84052 0.519s
2025-03-26 22:02:39.020 70377 INFO tempest.lib.common.rest_client [req-cc7f1b8c-230e-4f22-a60c-ad130ab33f35 req-cc7f1b8c-230e-4f22-a60c-ad130ab33f35 ] Request (SecurityGroupRulesTestJSON:tearDownClass): 204 DELETE http://10.180.1.21:9696/networking/v2.0/routers/1753882b-fae7-49b8-a27f-bbd2b2d3303f 0.737s
2025-03-26 22:02:39.053 70337 INFO tempest.lib.common.rest_client [req-61c8c309-7d9a-4689-9183-57b7e0910fb8 req-61c8c309-7d9a-4689-9183-57b7e0910fb8 ] Request (ServerDiagnosticsV248Test:tearDownClass): 200 GET http://10.180.1.21/compute/v2.1/servers/4d74d56f-a2c9-40e6-abf7-b3b7a76da66e 0.594s
2025-03-26 22:02:39.081 70335 INFO tempest.lib.common.rest_client [req-d10d7e14-02b4-45ac-8bde-d1babc0a682c req-d10d7e14-02b4-45ac-8bde-d1babc0a682c ] Request (FlavorsAdminTestJSON:_run_cleanups): 202 DELETE http://10.180.1.21/compute/v2.1/flavors/128659347 0.565s
2025-03-26 22:02:39.149 70353 INFO tempest.lib.common.rest_client [req-3ffddc84-2953-4977-b6e0-7f34c154a270 req-3ffddc84-2953-4977-b6e0-7f34c154a270 ] Request (ImagesOneServerNegativeTestJSON:setUpClass): 200 GET http://10.180.1.21/compute/v2.1/servers/bd2599c1-6004-4e12-bdc8-6a00fa7add1c 0.604s
2025-03-26 22:02:39.153 70371 INFO tempest.lib.common.rest_client [req-ccd782c1-1de0-4c07-9737-7d24129a0566 req-ccd782c1-1de0-4c07-9737-7d24129a0566 ] Request (ValidationResourcesFixture:setUp): 200 POST http://10.180.1.21/compute/v2.1/os-keypairs 0.691s
2025-03-26 22:02:39.187 70377 INFO tempest.lib.common.rest_client [req-0adf4fae-626f-44c6-b89b-0de5746b6d04 req-0adf4fae-626f-44c6-b89b-0de5746b6d04 ] Request (SecurityGroupRulesTestJSON:tearDownClass): 204 DELETE http://10.180.1.21:9696/networking/v2.0/subnets/3bd470cb-e9dd-4c12-a9dc-537ca6620d91 0.167s
2025-03-26 22:02:39.206 70359 INFO tempest.lib.common.rest_client [req-a47a0fcf-eea4-42ff-add7-8fe1246096c0 req-a47a0fcf-eea4-42ff-add7-8fe1246096c0 ] Request (ServicesAdminTestJSON:test_get_service_by_host_name): 200 GET http://10.180.1.21/compute/v2.1/os-services 0.557s
2025-03-26 22:02:39.267 70383 INFO tempest.lib.common.rest_client [req-ff7366ce-7c6a-4b5b-a7cf-017f92e181ab req-ff7366ce-7c6a-4b5b-a7cf-017f92e181ab ] Request (FlavorsAccessTestJSON:test_flavor_access_add_remove): 200 GET http://10.180.1.21/compute/v2.1/flavors/detail 0.616s
2025-03-26 22:02:39.281 70371 INFO tempest.lib.common.rest_client [req-4e64fee3-d519-4199-8a78-5b75675d4d18 req-4e64fee3-d519-4199-8a78-5b75675d4d18 ] Request (ValidationResourcesFixture:setUp): 201 POST http://10.180.1.21:9696/networking/v2.0/security-groups 0.126s
2025-03-26 22:02:39.318 70381 INFO tempest.lib.common.rest_client [req-ed354cf5-117e-4418-9d85-ecc8faaec647 req-ed354cf5-117e-4418-9d85-ecc8faaec647 ] Request (ServerDiskConfigTestJSON:test_rebuild_server_with_auto_disk_config): 200 GET http://10.180.1.21/compute/v2.1/servers/0c608994-12d8-4173-b8f0-06378d8d96ea 0.607s
2025-03-26 22:02:39.376 70351 INFO tempest.lib.common.rest_client [req-b40ce37d-e306-4957-b2ce-f61326104fc9 req-b40ce37d-e306-4957-b2ce-f61326104fc9 ] Request (DeleteServersAdminTestJSON:test_admin_delete_servers_of_others): 200 GET http://10.180.1.21/compute/v2.1/servers/8d55683d-3ce3-42ec-bf0c-a17146f61142 0.573s
2025-03-26 22:02:39.458 70367 INFO tempest.lib.common.rest_client [req-87a99137-0511-4c6e-827d-980000ce5d3f req-87a99137-0511-4c6e-827d-980000ce5d3f ] Request (ServerActionsTestJSON:setUpClass): 200 GET http://10.180.1.21/compute/v2.1/servers/2c6f2182-1d1e-4262-aa37-526bb79ebc25 0.717s
2025-03-26 22:02:39.458 70369 INFO tempest.lib.common.rest_client [req-ff7de0a1-1486-4b6c-8782-5cd61ab1db57 req-ff7de0a1-1486-4b6c-8782-5cd61ab1db57 ] Request (SecurityGroupsNegativeTestJSON:test_delete_the_default_security_group): 400 DELETE http://10.180.1.21/compute/v2.1/os-security-groups/9502c644-305f-4ed7-9edc-3dacfaf6a8dc 0.636s
2025-03-26 22:02:39.467 70367 INFO tempest.common.waiters [-] State transition "BUILD/spawning" ==> "ACTIVE/None" after 25 second wait
2025-03-26 22:02:39.539 70375 INFO tempest.lib.common.rest_client [req-a1f3df3a-b9ee-463c-aa99-c56160f58dff req-a1f3df3a-b9ee-463c-aa99-c56160f58dff ] Request (ServerTagsTestJSON:setUpClass): 200 GET http://10.180.1.21/compute/v2.1/servers/b926f89c-70d6-4fbb-93b5-6b7e996fda47 0.590s
2025-03-26 22:02:39.553 70343 INFO tempest.lib.common.rest_client [req-87d5f2ee-f091-446e-bdf9-46ea85c90bdb req-87d5f2ee-f091-446e-bdf9-46ea85c90bdb ] Request (ListImageFiltersTestJSON:setUpClass): 200 GET http://10.180.1.21/compute/v2.1/servers/70de7695-51b1-4f2d-bfef-80d4fac08c20 0.684s
2025-03-26 22:02:39.617 70341 INFO tempest.lib.common.rest_client [req-93435a2d-c411-444a-814a-6bcfc8728c34 req-93435a2d-c411-444a-814a-6bcfc8728c34 ] Request (AttachInterfacesV270Test:tearDownClass): 200 GET http://10.180.1.21/compute/v2.1/servers/19f4096b-0f09-4e26-93d7-a345002d004d 0.653s
2025-03-26 22:02:39.627 70365 INFO tempest.lib.common.rest_client [req-96e9caa2-6d47-449f-9239-dec583bc5a47 req-96e9caa2-6d47-449f-9239-dec583bc5a47 ] Request (ServersAdmin275Test:test_rebuild_update_server_275): 200 GET http://10.180.1.21/compute/v2.1/servers/c42e1228-14f5-42d7-887c-c33644c478c5 0.582s
2025-03-26 22:02:39.630 70371 INFO tempest.lib.common.rest_client [req-82970ebc-29ca-4178-a306-8bf14a473cc3 req-82970ebc-29ca-4178-a306-8bf14a473cc3 ] Request (ValidationResourcesFixture:setUp): 201 POST http://10.180.1.21:9696/networking/v2.0/security-group-rules 0.348s
2025-03-26 22:02:39.646 70335 INFO tempest.lib.common.rest_client [req-af11b3d0-b716-4464-bd61-9345825d9c1b req-af11b3d0-b716-4464-bd61-9345825d9c1b ] Request (FlavorsAdminTestJSON:_run_cleanups): 200 GET http://10.180.1.21/compute/v2.1/flavors/detail 0.563s
2025-03-26 22:02:39.708 70395 INFO tempest.lib.common.rest_client [req-100cc4d3-0969-4117-8ab7-e4c66e68e47a req-100cc4d3-0969-4117-8ab7-e4c66e68e47a ] Request (MultipleCreateTestJSON:test_multiple_create): 200 GET http://10.180.1.21/compute/v2.1/servers/123c9043-92c4-4c67-9a39-9a82837566ba 0.599s
2025-03-26 22:02:39.720 70377 INFO tempest.lib.common.rest_client [req-61bf538e-fa34-4d96-afdc-275218885859 req-61bf538e-fa34-4d96-afdc-275218885859 ] Request (SecurityGroupRulesTestJSON:tearDownClass): 204 DELETE http://10.180.1.21:9696/networking/v2.0/networks/cd77a4ca-f6a9-4a09-bfef-3359a38ee72b 0.532s
2025-03-26 22:02:39.758 70361 INFO tempest.lib.common.rest_client [req-836d8f83-5260-4e6d-b05e-ae7e72989d99 req-836d8f83-5260-4e6d-b05e-ae7e72989d99 ] Request (ServersTestJSON:setUpClass): 200 GET http://10.180.1.21/compute/v2.1/servers/f7269ff0-c7b4-4dd9-9413-5198ce7a6b86 0.572s
2025-03-26 22:02:39.776 70355 INFO tempest.lib.common.rest_client [req-2cf245b9-9aa6-494e-81d2-d860e29b0d5a req-2cf245b9-9aa6-494e-81d2-d860e29b0d5a ] Request (ListServersNegativeTestJSON:setUpClass): 200 GET http://10.180.1.21/compute/v2.1/servers/19c96786-d3cc-49be-ac6e-825c62ffa8a6 0.585s
2025-03-26 22:02:39.786 70359 INFO tempest.lib.common.rest_client [req-d4d0a80b-19e1-4a9f-9a16-91ea469710d6 req-d4d0a80b-19e1-4a9f-9a16-91ea469710d6 ] Request (ServicesAdminTestJSON:test_get_service_by_host_name): 200 GET http://10.180.1.21/compute/v2.1/os-services?host=devstack 0.575s
2025-03-26 22:02:39.834 70357 INFO tempest.lib.common.rest_client [req-7f4549ad-6c1c-409a-b283-b5b7cc253fbe req-7f4549ad-6c1c-409a-b283-b5b7cc253fbe ] Request (FloatingIPsAssociationTestJSON:test_associate_already_associated_floating_ip): 200 GET http://10.180.1.21/compute/v2.1/servers/e6e74ef8-e10f-430f-8d61-71f1a53b9680 0.576s
2025-03-26 22:02:39.854 70335 INFO tempest.lib.common.rest_client [req-b8b999e2-a28b-4210-adfd-7d803db1d927 req-b8b999e2-a28b-4210-adfd-7d803db1d927 ] Request (FlavorsAdminTestJSON:tearDownClass): 204 DELETE http://10.180.1.21/identity/v3/users/b6d1b356c41f4ee78185c96be6d03720 0.200s
2025-03-26 22:02:39.856 70371 INFO tempest.lib.common.rest_client [req-dcb23cf4-5768-4409-aa86-a3225a36448a req-dcb23cf4-5768-4409-aa86-a3225a36448a ] Request (ValidationResourcesFixture:setUp): 201 POST http://10.180.1.21:9696/networking/v2.0/security-group-rules 0.226s
2025-03-26 22:02:39.870 70377 INFO tempest.lib.common.rest_client [req-08843139-27cb-4c1f-8ec9-2ea6486be9d6 req-08843139-27cb-4c1f-8ec9-2ea6486be9d6 ] Request (SecurityGroupRulesTestJSON:tearDownClass): 204 DELETE http://10.180.1.21/identity/v3/users/53ef23f35e274b09ae2b9fadd9e1a0a5 0.150s
2025-03-26 22:02:39.871 70377 INFO tempest.lib.common.dynamic_creds [-] Deleting project and security group for project: 2ecbfa87521643db99f364037e3e2477
2025-03-26 22:02:39.921 70391 INFO tempest.lib.common.rest_client [req-eb11dee4-631e-4016-a2e5-9578f85ffa5f req-eb11dee4-631e-4016-a2e5-9578f85ffa5f ] Request (ServersListShow2100Test:test_list_show_rebuild_update_server_2100): 200 GET http://10.180.1.21/compute/v2.1/servers/1f87fd35-05ce-4111-af7b-a5192625d1a6 0.639s
2025-03-26 22:02:39.929 70377 INFO tempest.lib.common.rest_client [req-9cd83e59-fa3f-4aee-ad64-0fd4eee72829 req-9cd83e59-fa3f-4aee-ad64-0fd4eee72829 ] Request (SecurityGroupRulesTestJSON:tearDownClass): 200 GET http://10.180.1.21:9696/networking/v2.0/security-groups?tenant_id=2ecbfa87521643db99f364037e3e2477&name=default 0.058s
2025-03-26 22:02:39.991 70373 INFO tempest.lib.common.rest_client [req-8bda95d5-54e8-42cf-95a9-2a6657d85596 req-8bda95d5-54e8-42cf-95a9-2a6657d85596 ] Request (ServersTestFqdnHostnames:test_create_server_with_fqdn_name): 200 GET http://10.180.1.21/compute/v2.1/servers/de133077-255d-439b-80b8-1f39cbe3bc4a 0.647s
2025-03-26 22:02:40.005 70335 INFO tempest.lib.common.rest_client [req-12ffcd1a-d5ae-4585-86d5-1e7dd22afce5 req-12ffcd1a-d5ae-4585-86d5-1e7dd22afce5 ] Request (FlavorsAdminTestJSON:tearDownClass): 204 DELETE http://10.180.1.21/identity/v3/users/b7117aca56dc48e78f76536897fa1a78 0.150s
2025-03-26 22:02:40.006 70335 INFO tempest.lib.common.dynamic_creds [-] Deleting project and security group for project: 9084427f18f947ca977df4b6e11577ca
2025-03-26 22:02:40.057 70377 INFO tempest.lib.common.rest_client [req-7ce26375-4ab4-4b1d-b3b2-309d0a9cfe43 req-7ce26375-4ab4-4b1d-b3b2-309d0a9cfe43 ] Request (SecurityGroupRulesTestJSON:tearDownClass): 204 DELETE http://10.180.1.21:9696/networking/v2.0/security-groups/b7c461ce-be6d-440c-a17a-1c3b0aeac78f 0.127s
2025-03-26 22:02:40.067 70393 INFO tempest.lib.common.rest_client [req-c032c961-392c-459b-baf1-9509c253fbb7 req-c032c961-392c-459b-baf1-9509c253fbb7 ] Request (FloatingIPsAssociationNegativeTestJSON:tearDownClass): 200 GET http://10.180.1.21/compute/v2.1/servers/3b873a8a-8dd7-4497-836e-d22a34a3eea1 0.643s
2025-03-26 22:02:40.090 70369 INFO tempest.lib.common.rest_client [req-619b8e1e-374e-44a0-88c9-06118ca00b54 req-619b8e1e-374e-44a0-88c9-06118ca00b54 ] Request (SecurityGroupsNegativeTestJSON:test_security_group_get_nonexistent_group): 404 GET http://10.180.1.21/compute/v2.1/os-security-groups/d6a633fb-a076-46ed-a610-f28145933bb2 0.629s
2025-03-26 22:02:40.094 70335 INFO tempest.lib.common.rest_client [req-fa9f9df0-7248-4a02-b7c4-e4c78e4fcc71 req-fa9f9df0-7248-4a02-b7c4-e4c78e4fcc71 ] Request (FlavorsAdminTestJSON:tearDownClass): 201 POST http://10.180.1.21/identity/v3/auth/tokens 0.088s
2025-03-26 22:02:40.167 70367 INFO tempest.lib.common.rest_client [req-241e43f7-593d-4c4d-bba5-679996515a30 req-241e43f7-593d-4c4d-bba5-679996515a30 ] Request (ServerActionsTestJSON:setUpClass): 200 GET http://10.180.1.21/compute/v2.1/servers/2c6f2182-1d1e-4262-aa37-526bb79ebc25/os-interface 0.699s
2025-03-26 22:02:40.171 70377 INFO tempest.lib.common.rest_client [req-0a4efe75-e364-4e2b-aa5c-003d83ab9f4b req-0a4efe75-e364-4e2b-aa5c-003d83ab9f4b ] Request (SecurityGroupRulesTestJSON:tearDownClass): 204 DELETE http://10.180.1.21/identity/v3/projects/2ecbfa87521643db99f364037e3e2477 0.113s
2025-03-26 22:02:40.183 70383 INFO tempest.lib.common.rest_client [req-92fed290-5adc-4c85-a4ac-70def8c7ffc1 req-92fed290-5adc-4c85-a4ac-70def8c7ffc1 ] Request (FlavorsAccessTestJSON:test_flavor_access_add_remove): 200 POST http://10.180.1.21/compute/v2.1/flavors/1669430385/action 0.910s
2025-03-26 22:02:40.236 70377 INFO tempest.lib.common.rest_client [req-59620735-9b71-4484-875a-bd3a8610bb66 req-59620735-9b71-4484-875a-bd3a8610bb66 ] Request (InstanceActionsNegativeTestJSON:setUpClass): 201 POST http://10.180.1.21/identity/v3/auth/tokens 0.062s
2025-03-26 22:02:40.252 70345 INFO tempest.lib.common.rest_client [req-25124613-4e80-4016-b385-1131fcf425dd req-25124613-4e80-4016-b385-1131fcf425dd ] Request (ServerDiagnosticsNegativeTest:tearDownClass): 200 GET http://10.180.1.21/compute/v2.1/servers/72045dd3-fa01-4b9e-a47b-aa9e034611f3 0.525s
2025-03-26 22:02:40.267 70377 INFO tempest.lib.common.rest_client [req-f4fa6697-d809-4615-8e3e-509d01e59e76 req-f4fa6697-d809-4615-8e3e-509d01e59e76 ] Request (InstanceActionsNegativeTestJSON:setUpClass): 201 POST http://10.180.1.21/identity/v3/auth/tokens 0.029s
2025-03-26 22:02:40.297 70377 INFO tempest.lib.common.rest_client [req-dfd50cde-7f53-4d4e-9715-a3ca30ebaeae req-dfd50cde-7f53-4d4e-9715-a3ca30ebaeae ] Request (InstanceActionsNegativeTestJSON:setUpClass): 200 GET http://10.180.1.21/identity/v3/domains?name=Default 0.029s
2025-03-26 22:02:40.327 70387 INFO tempest.lib.common.rest_client [req-7fd87002-54ee-4a7e-8f58-132c9de9cb88 req-7fd87002-54ee-4a7e-8f58-132c9de9cb88 ] Request (SecurityGroupsTestJSON:test_list_security_groups_by_server): 200 GET http://10.180.1.21/compute/v2.1/servers/7e43c2a9-687f-4839-b48b-b7c3b2164787 0.842s
2025-03-26 22:02:40.335 70377 INFO tempest.lib.common.rest_client [req-f8b61d90-642f-44a7-aaea-300aaaf0d8e9 req-f8b61d90-642f-44a7-aaea-300aaaf0d8e9 ] Request (InstanceActionsNegativeTestJSON:setUpClass): 201 POST http://10.180.1.21/identity/v3/projects 0.038s
2025-03-26 22:02:40.349 70359 INFO tempest.lib.common.rest_client [req-19e04532-5d6a-49ee-b2b1-1d2e9102bc61 req-19e04532-5d6a-49ee-b2b1-1d2e9102bc61 ] Request (ServicesAdminTestJSON:test_get_service_by_service_binary_name): 200 GET http://10.180.1.21/compute/v2.1/os-services?binary=nova-compute 0.559s
2025-03-26 22:02:40.352 70371 INFO tempest.lib.common.rest_client [req-9bd0886c-9d88-4ca4-a8c1-ea53ae7fe7d6 req-9bd0886c-9d88-4ca4-a8c1-ea53ae7fe7d6 ] Request (ValidationResourcesFixture:setUp): 201 POST http://10.180.1.21:9696/networking/v2.0/floatingips 0.495s
2025-03-26 22:02:40.381 70363 INFO tempest.lib.common.rest_client [req-67d66e50-6e39-46cc-a3cc-928b1faf134d req-67d66e50-6e39-46cc-a3cc-928b1faf134d ] Request (MigrationsAdminTest:test_list_migrations_in_flavor_resize_situation): 200 GET http://10.180.1.21/compute/v2.1/servers/7334ae5e-3cdf-4637-b0a2-2fcfd5d02d7c 0.632s
2025-03-26 22:02:40.388 70363 INFO tempest.common.waiters [-] State transition "RESIZE/resize_prep" ==> "RESIZE/resize_migrating" after 17 second wait
2025-03-26 22:02:40.410 70377 INFO tempest.lib.common.rest_client [req-9fb15f73-1708-4d42-b6c6-fc31562e11b8 req-9fb15f73-1708-4d42-b6c6-fc31562e11b8 ] Request (InstanceActionsNegativeTestJSON:setUpClass): 201 POST http://10.180.1.21/identity/v3/users 0.074s
2025-03-26 22:02:40.414 70371 INFO tempest.lib.common.rest_client [req-fb88b0ab-82cc-4ee8-bb5e-7987018bf511 req-fb88b0ab-82cc-4ee8-bb5e-7987018bf511 ] Request (AttachInterfacesTestJSON:test_create_list_show_delete_interfaces_by_fixed_ip): 201 POST http://10.180.1.21/identity/v3/auth/tokens 0.059s
2025-03-26 22:02:40.415 70371 INFO tempest.lib.common.fixed_network [-] (AttachInterfacesTestJSON:test_create_list_show_delete_interfaces_by_fixed_ip) Found network {'id': '4585d055-7248-4da8-aceb-2099a262154c', 'name': 'tempest-AttachInterfacesTestJSON-2124125599-network', 'tenant_id': 'ae258c71173d41fd953433c067ffa9d7', 'admin_state_up': True, 'mtu': 8950, 'status': 'ACTIVE', 'subnets': [], 'shared': False, 'project_id': 'ae258c71173d41fd953433c067ffa9d7', 'port_security_enabled': True, 'router:external': False, 'provider:network_type': 'vlan', 'provider:physical_network': 'default', 'provider:segmentation_id': 801, 'availability_zone_hints': [], 'availability_zones': [], 'ipv4_address_scope': None, 'ipv6_address_scope': None, 'description': '', 'tags': [], 'created_at': '2025-03-26T22:02:34Z', 'updated_at': '2025-03-26T22:02:34Z', 'revision_number': 1} available for tenant
2025-03-26 22:02:40.417 70385 INFO tempest.lib.common.rest_client [req-8e2d0bbe-b1be-4cb3-a951-bfa4194ffbcd req-8e2d0bbe-b1be-4cb3-a951-bfa4194ffbcd ] Request (ServersAdminNegativeTestJSON:test_migrate_server_invalid_state): 200 GET http://10.180.1.21/compute/v2.1/servers/c185084d-195a-4157-926f-399999de0855 0.581s
2025-03-26 22:02:40.439 70377 INFO tempest.lib.common.rest_client [req-d8fc34eb-31b3-4a9f-a87f-f93421906655 req-d8fc34eb-31b3-4a9f-a87f-f93421906655 ] Request (InstanceActionsNegativeTestJSON:setUpClass): 200 GET http://10.180.1.21/identity/v3/roles 0.029s
2025-03-26 22:02:40.440 70339 INFO tempest.lib.common.rest_client [req-0a7630c4-1bfb-4286-a0ab-91fd9a3a27ee req-0a7630c4-1bfb-4286-a0ab-91fd9a3a27ee ] Request (ServersWithSpecificFlavorTestJSON:test_verify_created_server_ephemeral_disk): 200 GET http://10.180.1.21/compute/v2.1/servers/5af0252a-65c9-4afb-9412-32666a385e42 0.536s
