2025-03-26 22:04:16.655 70357 INFO tempest.lib.common.rest_client [req-34b57f54-8dbd-460f-b45e-f349243fa038 req-34b57f54-8dbd-460f-b45e-f349243fa038 ] Request (FloatingIPsAssociationTestJSON:tearDownClass): 200 GET http://10.180.1.21/compute/v2.1/servers/e6e74ef8-e10f-430f-8d61-71f1a53b9680 0.058s
2025-03-26 22:04:16.711 70365 INFO tempest.lib.common.rest_client [req-39d68d56-6007-46c2-8ae1-54429e3488c6 req-39d68d56-6007-46c2-8ae1-54429e3488c6 ] Request (ServersAdmin275Test:_run_cleanups): 200 GET http://10.180.1.21/compute/v2.1/servers/c42e1228-14f5-42d7-887c-c33644c478c5 0.074s
2025-03-26 22:04:16.727 70385 INFO tempest.lib.common.rest_client [req-eed5436a-ef34-473b-b10f-f59a3b5824e4 req-eed5436a-ef34-473b-b10f-f59a3b5824e4 ] Request (ServersAdminNegativeTestJSON:tearDownClass): 200 GET http://10.180.1.21/compute/v2.1/servers/5312440a-5551-4acc-b114-67bb23a84399 0.128s
2025-03-26 22:04:16.768 70383 INFO tempest.lib.common.rest_client [req-edf7426d-917b-4617-94a1-fca7a1473b40 req-edf7426d-917b-4617-94a1-fca7a1473b40 ] Request (TenantUsagesTestJSON:setUpClass): 200 GET http://10.180.1.21/compute/v2.1/servers/d6fa88dd-2220-4998-8294-6a985ffb1eaf 0.094s
2025-03-26 22:04:16.790 70369 INFO tempest.lib.common.rest_client [req-89967729-a51d-4b21-a18f-6f2715adbab0 req-89967729-a51d-4b21-a18f-6f2715adbab0 ] Request (ServerMetadataNegativeTestJSON:setUpClass): 200 GET http://10.180.1.21/compute/v2.1/servers/c8e47f25-9bbd-431f-bf2f-4f55169fd38e 0.093s
2025-03-26 22:04:16.835 70359 INFO tempest.lib.common.rest_client [req-e7cdacd7-8bee-440c-bdec-531a3ec847b5 req-e7cdacd7-8bee-440c-bdec-531a3ec847b5 ] Request (InstanceActionsV221TestJSON:test_get_list_deleted_instance_actions): 200 GET http://10.180.1.21/compute/v2.1/servers/a71a138e-d9a6-4a11-ae20-02fbbd798f32 0.055s
2025-03-26 22:04:16.922 70337 INFO tempest.lib.common.rest_client [req-6b0d6211-9e58-401c-818a-aea632ac3c6c req-6b0d6211-9e58-401c-818a-aea632ac3c6c ] Request (ImagesOneServerTestJSON:setUpClass): 200 GET http://10.180.1.21/compute/v2.1/servers/2fd24361-c79d-49d6-86fb-a064a42d88be 0.072s
2025-03-26 22:04:16.971 70339 INFO tempest.lib.common.rest_client [req-5a1bac31-accf-4e81-921a-f0f615272c93 req-5a1bac31-accf-4e81-921a-f0f615272c93 ] Request (ServersWithSpecificFlavorTestJSON:test_verify_created_server_ephemeral_disk): 200 GET http://10.180.1.21/compute/v2.1/servers/2482e827-fac7-4d34-b8aa-bc93c44eef8c 0.051s
2025-03-26 22:04:17.157 70381 INFO tempest.lib.common.rest_client [req-6556df2b-9712-44c9-9aa9-2909e81e0edd req-6556df2b-9712-44c9-9aa9-2909e81e0edd ] Request (ServerDiskConfigTestJSON:test_rebuild_server_with_manual_disk_config): 200 GET http://10.180.1.21/compute/v2.1/servers/aeff7ce3-80c4-4005-a377-8838e9f14dfa 0.072s
2025-03-26 22:04:17.208 70389 INFO tempest.lib.common.rest_client [req-3593d562-d645-4d9f-ab69-4d18268dab3c req-3593d562-d645-4d9f-ab69-4d18268dab3c ] Request (VolumesAssistedSnapshotsTest:tearDownClass): 200 GET http://10.180.1.21/compute/v2.1/servers/32cde80f-7b4d-40df-ac02-087e12a739c5 0.192s
2025-03-26 22:04:17.249 70351 INFO tempest.lib.common.rest_client [req-9745320a-3610-415a-9e7f-ea1774cc0b87 req-9745320a-3610-415a-9e7f-ea1774cc0b87 ] Request (DeleteServersAdminTestJSON:test_delete_server_while_in_error_state): 200 GET http://10.180.1.21/compute/v2.1/servers/00d4e54d-2bb8-46d1-a850-e8573cc0104c 0.151s
2025-03-26 22:04:17.284 70395 INFO tempest.lib.common.rest_client [req-412df100-f689-4576-a79a-49a54a128cbd req-412df100-f689-4576-a79a-49a54a128cbd ] Request (MultipleCreateTestJSON:test_multiple_create_with_reservation_return): 200 GET http://10.180.1.21/compute/v2.1/servers/ef019654-75be-4394-ad62-f19d9eabdd6e 0.145s
2025-03-26 22:04:17.308 70363 INFO tempest.lib.common.rest_client [req-c95ae021-9d18-4e41-b0de-3f0373b810ca req-c95ae021-9d18-4e41-b0de-3f0373b810ca ] Request (MigrationsAdminTest:test_resize_server_revert_deleted_flavor): 200 GET http://10.180.1.21/compute/v2.1/servers/edec81c1-e48e-4c35-8a6d-62862975ce93 0.153s
2025-03-26 22:04:17.350 70349 INFO tempest.lib.common.rest_client [req-85fb5e8e-6cfa-4379-b794-4d8a11f5e70a req-85fb5e8e-6cfa-4379-b794-4d8a11f5e70a ] Request (ServersAdminTestJSON:test_create_server_with_scheduling_hint): 200 GET http://10.180.1.21/compute/v2.1/servers/86c0c53f-00a6-4700-9188-f2c69578fa72 0.135s
2025-03-26 22:04:17.384 70355 INFO tempest.lib.common.rest_client [req-4589b54e-25aa-424d-80fe-825a50dea3fe req-4589b54e-25aa-424d-80fe-825a50dea3fe ] Request (ListServersNegativeTestJSON:tearDownClass): 200 GET http://10.180.1.21/compute/v2.1/servers/2cfab35b-f2fb-4782-a2ea-6cb6059261ba 0.103s
2025-03-26 22:04:17.395 70355 INFO tempest.common.waiters [-] State transition "ACTIVE/deleting" ==> "DELETED/None" after 4 second wait
2025-03-26 22:04:17.427 70353 INFO tempest.lib.common.rest_client [req-107392c5-4385-444a-9e41-a073fbebafce req-107392c5-4385-444a-9e41-a073fbebafce ] Request (ImagesOneServerNegativeTestJSON:_run_cleanups): 200 GET http://10.180.1.21/compute/v2.1/servers/bd2599c1-6004-4e12-bdc8-6a00fa7add1c 0.129s
2025-03-26 22:04:17.451 70341 INFO tempest.lib.common.rest_client [req-734e66f7-45e0-4aab-b613-ff3b8df8f344 req-734e66f7-45e0-4aab-b613-ff3b8df8f344 ] Request (ServerAddressesNegativeTestJSON:setUpClass): 200 GET http://10.180.1.21/compute/v2.1/servers/dc5e77b1-e8cb-4ff9-9b83-0d9c49b9fe43 0.117s
2025-03-26 22:04:17.499 70335 INFO tempest.lib.common.rest_client [req-d4b68ed9-86ec-43cc-86fe-e7a0641d7f3b req-d4b68ed9-86ec-43cc-86fe-e7a0641d7f3b ] Request (ServerActionsTestOtherA:setUpClass): 200 GET http://10.180.1.21/compute/v2.1/servers/26784492-3b89-4b43-8091-64a4c0499773 0.149s
2025-03-26 22:04:17.515 70379 INFO tempest.lib.common.rest_client [req-aa7e0d7b-8518-4aae-afb6-d45e88deb4d0 req-aa7e0d7b-8518-4aae-afb6-d45e88deb4d0 ] Request (ListServerFiltersTestJSON:tearDownClass): 200 GET http://10.180.1.21/compute/v2.1/servers/10ffa883-9787-4c2b-9912-11f35f299c35 0.126s
2025-03-26 22:04:17.555 70343 INFO tempest.lib.common.rest_client [req-0346c392-dcae-43d4-9938-d252ee057ca3 req-0346c392-dcae-43d4-9938-d252ee057ca3 ] Request (ListImageFiltersTestJSON:setUpClass): 200 GET http://10.180.1.21/compute/v2.1/images/0bd554bd-bf80-4d60-9fc7-b083001a4efb 0.131s
2025-03-26 22:04:17.622 70387 INFO tempest.lib.common.rest_client [req-c3349672-3673-448e-967a-156fb6750407 req-c3349672-3673-448e-967a-156fb6750407 ] Request (SecurityGroupsTestJSON:test_server_security_groups): 200 GET http://10.180.1.21/compute/v2.1/servers/fd97c186-c39b-45b8-9ad0-32bbea157623 0.187s
2025-03-26 22:04:17.647 70377 INFO tempest.lib.common.rest_client [req-18c972ee-34e0-4ba6-b6fc-db3b50332843 req-18c972ee-34e0-4ba6-b6fc-db3b50332843 ] Request (InstanceActionsNegativeTestJSON:setUpClass): 200 GET http://10.180.1.21/compute/v2.1/servers/8ad43e3f-41e1-4064-88d2-a16a6b3f8075 0.249s
2025-03-26 22:04:17.655 70377 INFO tempest.common.waiters [-] State transition "BUILD/networking" ==> "BUILD/block_device_mapping" after 91 second wait
2025-03-26 22:04:17.677 70393 INFO tempest.lib.common.rest_client [req-3f29cd3e-5adb-425c-ab58-3c4ac9e8aa7e req-3f29cd3e-5adb-425c-ab58-3c4ac9e8aa7e ] Request (ServerActionsV293TestJSON:setUpClass): 200 GET http://10.180.1.21/compute/v2.1/servers/88075c05-5098-4c8a-83e1-1569ab3f7364 0.193s
2025-03-26 22:04:17.711 70345 INFO tempest.lib.common.rest_client [req-2dd0ff09-a03e-41cc-9208-ff9af10f2e70 req-2dd0ff09-a03e-41cc-9208-ff9af10f2e70 ] Request (ServersTestBootFromVolume:setUpClass): 200 GET http://10.180.1.21/compute/v2.1/servers/0d46a59d-0b8c-4352-bdd5-ef49274ca424 0.216s
2025-03-26 22:04:17.741 70357 INFO tempest.lib.common.rest_client [req-7f74c3e8-a8af-47d3-819b-af061f3da21f req-7f74c3e8-a8af-47d3-819b-af061f3da21f ] Request (FloatingIPsAssociationTestJSON:tearDownClass): 200 GET http://10.180.1.21/compute/v2.1/servers/e6e74ef8-e10f-430f-8d61-71f1a53b9680 0.078s
2025-03-26 22:04:17.787 70365 INFO tempest.lib.common.rest_client [req-0cb838c0-bac2-4034-af55-f35b36427214 req-0cb838c0-bac2-4034-af55-f35b36427214 ] Request (ServersAdmin275Test:_run_cleanups): 200 GET http://10.180.1.21/compute/v2.1/servers/c42e1228-14f5-42d7-887c-c33644c478c5 0.065s
2025-03-26 22:04:17.845 70385 INFO tempest.lib.common.rest_client [req-13521af6-7ea2-4fb2-a3f9-c359432616b9 req-13521af6-7ea2-4fb2-a3f9-c359432616b9 ] Request (ServersAdminNegativeTestJSON:tearDownClass): 200 GET http://10.180.1.21/compute/v2.1/servers/5312440a-5551-4acc-b114-67bb23a84399 0.106s
2025-03-26 22:04:17.874 70383 INFO tempest.lib.common.rest_client [req-2cd58333-3e6d-4be8-9688-59c4d64bd32c req-2cd58333-3e6d-4be8-9688-59c4d64bd32c ] Request (TenantUsagesTestJSON:setUpClass): 200 GET http://10.180.1.21/compute/v2.1/servers/d6fa88dd-2220-4998-8294-6a985ffb1eaf 0.096s
2025-03-26 22:04:17.897 70369 INFO tempest.lib.common.rest_client [req-003a907c-4888-468e-835a-6499170c094e req-003a907c-4888-468e-835a-6499170c094e ] Request (ServerMetadataNegativeTestJSON:setUpClass): 200 GET http://10.180.1.21/compute/v2.1/servers/c8e47f25-9bbd-431f-bf2f-4f55169fd38e 0.098s
2025-03-26 22:04:17.934 70359 INFO tempest.lib.common.rest_client [req-dd834ae7-6d4e-47b0-bf4c-f1221c071682 req-dd834ae7-6d4e-47b0-bf4c-f1221c071682 ] Request (InstanceActionsV221TestJSON:test_get_list_deleted_instance_actions): 200 GET http://10.180.1.21/compute/v2.1/servers/a71a138e-d9a6-4a11-ae20-02fbbd798f32 0.088s
2025-03-26 22:04:17.976 70337 INFO tempest.lib.common.rest_client [req-425d6ba4-21c2-4155-b3d3-6cdca9c4501d req-425d6ba4-21c2-4155-b3d3-6cdca9c4501d ] Request (ImagesOneServerTestJSON:setUpClass): 200 GET http://10.180.1.21/compute/v2.1/servers/2fd24361-c79d-49d6-86fb-a064a42d88be 0.047s
2025-03-26 22:04:18.031 70339 INFO tempest.lib.common.rest_client [req-43c54b66-a347-4e1b-aa27-efac314d839c req-43c54b66-a347-4e1b-aa27-efac314d839c ] Request (ServersWithSpecificFlavorTestJSON:test_verify_created_server_ephemeral_disk): 200 GET http://10.180.1.21/compute/v2.1/servers/2482e827-fac7-4d34-b8aa-bc93c44eef8c 0.052s
2025-03-26 22:04:18.281 70389 INFO tempest.lib.common.rest_client [req-216743f1-358d-4e40-bd0d-39f62a79ae17 req-216743f1-358d-4e40-bd0d-39f62a79ae17 ] Request (VolumesAssistedSnapshotsTest:tearDownClass): 200 GET http://10.180.1.21/compute/v2.1/servers/32cde80f-7b4d-40df-ac02-087e12a739c5 0.060s
2025-03-26 22:04:18.381 70351 INFO tempest.lib.common.rest_client [req-3b485e06-02af-4fb9-9493-e94368cc7c6c req-3b485e06-02af-4fb9-9493-e94368cc7c6c ] Request (DeleteServersAdminTestJSON:test_delete_server_while_in_error_state): 200 GET http://10.180.1.21/compute/v2.1/servers/00d4e54d-2bb8-46d1-a850-e8573cc0104c 0.122s
2025-03-26 22:04:18.431 70395 INFO tempest.lib.common.rest_client [req-766b7554-6628-483f-88de-a3b4aa7cc8e7 req-766b7554-6628-483f-88de-a3b4aa7cc8e7 ] Request (MultipleCreateTestJSON:test_multiple_create_with_reservation_return): 200 GET http://10.180.1.21/compute/v2.1/servers/ef019654-75be-4394-ad62-f19d9eabdd6e 0.139s
2025-03-26 22:04:18.460 70381 INFO tempest.lib.common.rest_client [req-45142f18-6f7e-4d9b-bea5-b71b91aab91c req-45142f18-6f7e-4d9b-bea5-b71b91aab91c ] Request (ServerDiskConfigTestJSON:test_rebuild_server_with_manual_disk_config): 200 GET http://10.180.1.21/compute/v2.1/servers/aeff7ce3-80c4-4005-a377-8838e9f14dfa 0.294s
2025-03-26 22:04:18.488 70363 INFO tempest.lib.common.rest_client [req-8952bf42-94e3-476b-924b-b020b7dd469e req-8952bf42-94e3-476b-924b-b020b7dd469e ] Request (MigrationsAdminTest:test_resize_server_revert_deleted_flavor): 200 GET http://10.180.1.21/compute/v2.1/servers/edec81c1-e48e-4c35-8a6d-62862975ce93 0.173s
2025-03-26 22:04:18.513 70349 INFO tempest.lib.common.rest_client [req-6e2f942c-f73e-48a7-b77c-a94cfd91f2b1 req-6e2f942c-f73e-48a7-b77c-a94cfd91f2b1 ] Request (ServersAdminTestJSON:test_create_server_with_scheduling_hint): 200 GET http://10.180.1.21/compute/v2.1/servers/86c0c53f-00a6-4700-9188-f2c69578fa72 0.154s
2025-03-26 22:04:18.556 70355 INFO tempest.lib.common.rest_client [req-d0511539-791b-4bec-a35a-b39b543c12c3 req-d0511539-791b-4bec-a35a-b39b543c12c3 ] Request (ListServersNegativeTestJSON:tearDownClass): 200 GET http://10.180.1.21/compute/v2.1/servers/2cfab35b-f2fb-4782-a2ea-6cb6059261ba 0.160s
2025-03-26 22:04:18.578 70353 INFO tempest.lib.common.rest_client [req-d4c80ab4-2c4c-4d0e-a421-02cca3b287e9 req-d4c80ab4-2c4c-4d0e-a421-02cca3b287e9 ] Request (ImagesOneServerNegativeTestJSON:_run_cleanups): 200 GET http://10.180.1.21/compute/v2.1/servers/bd2599c1-6004-4e12-bdc8-6a00fa7add1c 0.142s
2025-03-26 22:04:18.604 70341 INFO tempest.lib.common.rest_client [req-4e633d0e-1a4f-460f-a57c-fb487c15a7d5 req-4e633d0e-1a4f-460f-a57c-fb487c15a7d5 ] Request (ServerAddressesNegativeTestJSON:setUpClass): 200 GET http://10.180.1.21/compute/v2.1/servers/dc5e77b1-e8cb-4ff9-9b83-0d9c49b9fe43 0.143s
2025-03-26 22:04:18.628 70335 INFO tempest.lib.common.rest_client [req-9de0ea23-2cea-47da-99ca-bcacda8ab149 req-9de0ea23-2cea-47da-99ca-bcacda8ab149 ] Request (ServerActionsTestOtherA:setUpClass): 200 GET http://10.180.1.21/compute/v2.1/servers/26784492-3b89-4b43-8091-64a4c0499773 0.121s
2025-03-26 22:04:18.663 70343 INFO tempest.lib.common.rest_client [req-bea9f986-3a97-43be-a864-f0be3084411b req-bea9f986-3a97-43be-a864-f0be3084411b ] Request (ListImageFiltersTestJSON:setUpClass): 200 GET http://10.180.1.21/compute/v2.1/images/0bd554bd-bf80-4d60-9fc7-b083001a4efb 0.104s
2025-03-26 22:04:18.669 70379 INFO tempest.lib.common.rest_client [req-5b261c9f-8bfa-4364-8b45-97aafb435871 req-5b261c9f-8bfa-4364-8b45-97aafb435871 ] Request (ListServerFiltersTestJSON:tearDownClass): 200 GET http://10.180.1.21/compute/v2.1/servers/10ffa883-9787-4c2b-9912-11f35f299c35 0.146s
2025-03-26 22:04:18.730 70387 INFO tempest.lib.common.rest_client [req-10537c11-2429-4101-885d-01da9033e8e2 req-10537c11-2429-4101-885d-01da9033e8e2 ] Request (SecurityGroupsTestJSON:test_server_security_groups): 200 GET http://10.180.1.21/compute/v2.1/servers/fd97c186-c39b-45b8-9ad0-32bbea157623 0.100s
2025-03-26 22:04:18.818 70393 INFO tempest.lib.common.rest_client [req-511c19a7-4547-4228-8d20-92bf128fc1e2 req-511c19a7-4547-4228-8d20-92bf128fc1e2 ] Request (ServerActionsV293TestJSON:setUpClass): 200 GET http://10.180.1.21/compute/v2.1/servers/88075c05-5098-4c8a-83e1-1569ab3f7364 0.129s
2025-03-26 22:04:18.833 70377 INFO tempest.lib.common.rest_client [req-371c3933-7a7f-4bab-8d8d-b412ad6113f7 req-371c3933-7a7f-4bab-8d8d-b412ad6113f7 ] Request (InstanceActionsNegativeTestJSON:setUpClass): 200 GET http://10.180.1.21/compute/v2.1/servers/8ad43e3f-41e1-4064-88d2-a16a6b3f8075 0.177s
2025-03-26 22:04:18.847 70377 INFO tempest.common.waiters [-] State transition "BUILD/block_device_mapping" ==> "BUILD/spawning" after 92 second wait
2025-03-26 22:04:18.882 70345 INFO tempest.lib.common.rest_client [req-3b98bf9f-cea7-4010-9368-5661e3d562f8 req-3b98bf9f-cea7-4010-9368-5661e3d562f8 ] Request (ServersTestBootFromVolume:setUpClass): 200 GET http://10.180.1.21/compute/v2.1/servers/0d46a59d-0b8c-4352-bdd5-ef49274ca424 0.161s
2025-03-26 22:04:18.908 70357 INFO tempest.lib.common.rest_client [req-4f1d9861-c866-455b-9102-4e190e3d208c req-4f1d9861-c866-455b-9102-4e190e3d208c ] Request (FloatingIPsAssociationTestJSON:tearDownClass): 200 GET http://10.180.1.21/compute/v2.1/servers/e6e74ef8-e10f-430f-8d61-71f1a53b9680 0.159s
2025-03-26 22:04:18.950 70365 INFO tempest.lib.common.rest_client [req-552c5299-3546-4eb0-a315-6ad9c04005bc req-552c5299-3546-4eb0-a315-6ad9c04005bc ] Request (ServersAdmin275Test:_run_cleanups): 200 GET http://10.180.1.21/compute/v2.1/servers/c42e1228-14f5-42d7-887c-c33644c478c5 0.151s
2025-03-26 22:04:18.962 70365 INFO tempest.common.waiters [-] State transition "REBUILD/rebuild_spawning" ==> "ACTIVE/None" after 9 second wait
2025-03-26 22:04:19.021 70383 INFO tempest.lib.common.rest_client [req-fb5a19ae-b1a9-4cee-b508-930937351e8d req-fb5a19ae-b1a9-4cee-b508-930937351e8d ] Request (TenantUsagesTestJSON:setUpClass): 200 GET http://10.180.1.21/compute/v2.1/servers/d6fa88dd-2220-4998-8294-6a985ffb1eaf 0.140s
2025-03-26 22:04:19.022 70385 INFO tempest.lib.common.rest_client [req-4d4102ff-b1b2-4548-a4a7-12be7349323a req-4d4102ff-b1b2-4548-a4a7-12be7349323a ] Request (ServersAdminNegativeTestJSON:tearDownClass): 200 GET http://10.180.1.21/compute/v2.1/servers/5312440a-5551-4acc-b114-67bb23a84399 0.164s
2025-03-26 22:04:19.028 70383 INFO tempest.common.waiters [-] State transition "BUILD/None" ==> "BUILD/networking" after 91 second wait
2025-03-26 22:04:19.078 70359 INFO tempest.lib.common.rest_client [req-39a3739e-51b7-4e95-ac2d-4a7369a3b93d req-39a3739e-51b7-4e95-ac2d-4a7369a3b93d ] Request (InstanceActionsV221TestJSON:test_get_list_deleted_instance_actions): 200 GET http://10.180.1.21/compute/v2.1/servers/a71a138e-d9a6-4a11-ae20-02fbbd798f32 0.135s
2025-03-26 22:04:19.086 70369 INFO tempest.lib.common.rest_client [req-dc1fdf7e-ba15-4dae-b9a5-00381f5bb64a req-dc1fdf7e-ba15-4dae-b9a5-00381f5bb64a ] Request (ServerMetadataNegativeTestJSON:setUpClass): 200 GET http://10.180.1.21/compute/v2.1/servers/c8e47f25-9bbd-431f-bf2f-4f55169fd38e 0.181s
2025-03-26 22:04:19.126 70371 WARNING tempest.lib.common.ssh [-] Failed to establish authenticated ssh connection to cirros@10.180.180.133 ([Errno None] Unable to connect to port 22 on 10.180.180.133). Number attempts: 2. Retry after 3 seconds.: paramiko.ssh_exception.NoValidConnectionsError: [Errno None] Unable to connect to port 22 on 10.180.180.133
2025-03-26 22:04:19.149 70337 INFO tempest.lib.common.rest_client [req-d4619225-7b0b-4b8f-906a-61815718f22c req-d4619225-7b0b-4b8f-906a-61815718f22c ] Request (ImagesOneServerTestJSON:setUpClass): 200 GET http://10.180.1.21/compute/v2.1/servers/2fd24361-c79d-49d6-86fb-a064a42d88be 0.163s
2025-03-26 22:04:19.174 70365 INFO tempest.lib.common.rest_client [req-6d39f5e5-001d-4b82-851a-1b176f738fda req-6d39f5e5-001d-4b82-851a-1b176f738fda ] Request (ServersAdmin275Test:tearDownClass): 204 DELETE http://10.180.1.21/compute/v2.1/servers/c42e1228-14f5-42d7-887c-c33644c478c5 0.209s
2025-03-26 22:04:19.202 70339 INFO tempest.lib.common.rest_client [req-f4b6c48c-84bc-449c-9613-778bec910baa req-f4b6c48c-84bc-449c-9613-778bec910baa ] Request (ServersWithSpecificFlavorTestJSON:test_verify_created_server_ephemeral_disk): 200 GET http://10.180.1.21/compute/v2.1/servers/2482e827-fac7-4d34-b8aa-bc93c44eef8c 0.162s
2025-03-26 22:04:19.232 70365 INFO tempest.lib.common.rest_client [req-387a2440-5cf4-4c20-8637-3809d9add3f2 req-387a2440-5cf4-4c20-8637-3809d9add3f2 ] Request (ServersAdmin275Test:tearDownClass): 200 GET http://10.180.1.21/compute/v2.1/servers/c42e1228-14f5-42d7-887c-c33644c478c5 0.057s
2025-03-26 22:04:19.340 70389 INFO tempest.lib.common.rest_client [req-c95c261d-be8f-451a-9c38-3cc3b771db84 req-c95c261d-be8f-451a-9c38-3cc3b771db84 ] Request (VolumesAssistedSnapshotsTest:tearDownClass): 200 GET http://10.180.1.21/compute/v2.1/servers/32cde80f-7b4d-40df-ac02-087e12a739c5 0.048s
2025-03-26 22:04:19.489 70395 INFO tempest.lib.common.rest_client [req-15debdfb-970f-444b-87b4-5c2fce020184 req-15debdfb-970f-444b-87b4-5c2fce020184 ] Request (MultipleCreateTestJSON:test_multiple_create_with_reservation_return): 200 GET http://10.180.1.21/compute/v2.1/servers/ef019654-75be-4394-ad62-f19d9eabdd6e 0.050s
2025-03-26 22:04:19.501 70351 INFO tempest.lib.common.rest_client [req-25b2616d-c972-46a5-af64-8e17f887f6b6 req-25b2616d-c972-46a5-af64-8e17f887f6b6 ] Request (DeleteServersAdminTestJSON:test_delete_server_while_in_error_state): 200 GET http://10.180.1.21/compute/v2.1/servers/00d4e54d-2bb8-46d1-a850-e8573cc0104c 0.112s
2025-03-26 22:04:19.545 70381 INFO tempest.lib.common.rest_client [req-78b2bcda-b0ce-4ba2-9390-6c71a90bf14b req-78b2bcda-b0ce-4ba2-9390-6c71a90bf14b ] Request (ServerDiskConfigTestJSON:test_rebuild_server_with_manual_disk_config): 200 GET http://10.180.1.21/compute/v2.1/servers/aeff7ce3-80c4-4005-a377-8838e9f14dfa 0.076s
2025-03-26 22:04:19.560 70363 INFO tempest.lib.common.rest_client [req-636d5aa5-01f8-465b-8304-f20fc86abffa req-636d5aa5-01f8-465b-8304-f20fc86abffa ] Request (MigrationsAdminTest:test_resize_server_revert_deleted_flavor): 200 GET http://10.180.1.21/compute/v2.1/servers/edec81c1-e48e-4c35-8a6d-62862975ce93 0.058s
2025-03-26 22:04:19.590 70349 INFO tempest.lib.common.rest_client [req-9ca6bf50-5d21-49b1-81df-f1a59b94e0dc req-9ca6bf50-5d21-49b1-81df-f1a59b94e0dc ] Request (ServersAdminTestJSON:test_create_server_with_scheduling_hint): 200 GET http://10.180.1.21/compute/v2.1/servers/86c0c53f-00a6-4700-9188-f2c69578fa72 0.070s
2025-03-26 22:04:19.630 70355 INFO tempest.lib.common.rest_client [req-9371e0e8-766f-4acc-9f51-637c1c9544e4 req-9371e0e8-766f-4acc-9f51-637c1c9544e4 ] Request (ListServersNegativeTestJSON:tearDownClass): 200 GET http://10.180.1.21/compute/v2.1/servers/2cfab35b-f2fb-4782-a2ea-6cb6059261ba 0.066s
2025-03-26 22:04:19.640 70353 INFO tempest.lib.common.rest_client [req-a615886c-994d-4b9d-bc4b-628b848a3d6a req-a615886c-994d-4b9d-bc4b-628b848a3d6a ] Request (ImagesOneServerNegativeTestJSON:_run_cleanups): 200 GET http://10.180.1.21/compute/v2.1/servers/bd2599c1-6004-4e12-bdc8-6a00fa7add1c 0.053s
2025-03-26 22:04:19.685 70341 INFO tempest.lib.common.rest_client [req-1f937c42-4e77-4312-b9db-25f4304b8287 req-1f937c42-4e77-4312-b9db-25f4304b8287 ] Request (ServerAddressesNegativeTestJSON:setUpClass): 200 GET http://10.180.1.21/compute/v2.1/servers/dc5e77b1-e8cb-4ff9-9b83-0d9c49b9fe43 0.074s
2025-03-26 22:04:19.698 70335 INFO tempest.lib.common.rest_client [req-c193196a-c089-4499-9317-b109a71e7070 req-c193196a-c089-4499-9317-b109a71e7070 ] Request (ServerActionsTestOtherA:setUpClass): 200 GET http://10.180.1.21/compute/v2.1/servers/26784492-3b89-4b43-8091-64a4c0499773 0.062s
2025-03-26 22:04:19.719 70343 INFO tempest.lib.common.rest_client [req-9643046d-c601-4466-9f6e-ece91f6358da req-9643046d-c601-4466-9f6e-ece91f6358da ] Request (ListImageFiltersTestJSON:setUpClass): 200 GET http://10.180.1.21/compute/v2.1/images/0bd554bd-bf80-4d60-9fc7-b083001a4efb 0.052s
2025-03-26 22:04:19.764 70379 INFO tempest.lib.common.rest_client [req-996e5ff8-6972-4bfe-b82a-4021ca87908d req-996e5ff8-6972-4bfe-b82a-4021ca87908d ] Request (ListServerFiltersTestJSON:tearDownClass): 200 GET http://10.180.1.21/compute/v2.1/servers/10ffa883-9787-4c2b-9912-11f35f299c35 0.087s
2025-03-26 22:04:19.799 70387 INFO tempest.lib.common.rest_client [req-af893392-bd05-4396-84dc-b13e1c94ffef req-af893392-bd05-4396-84dc-b13e1c94ffef ] Request (SecurityGroupsTestJSON:test_server_security_groups): 200 GET http://10.180.1.21/compute/v2.1/servers/fd97c186-c39b-45b8-9ad0-32bbea157623 0.059s
2025-03-26 22:04:19.892 70393 INFO tempest.lib.common.rest_client [req-6185f03c-0265-4274-a2e4-75568b58259d req-6185f03c-0265-4274-a2e4-75568b58259d ] Request (ServerActionsV293TestJSON:setUpClass): 200 GET http://10.180.1.21/compute/v2.1/servers/88075c05-5098-4c8a-83e1-1569ab3f7364 0.061s
2025-03-26 22:04:19.950 70345 INFO tempest.lib.common.rest_client [req-1ba5180e-ebf3-4e96-8b02-e7c1b86a4001 req-1ba5180e-ebf3-4e96-8b02-e7c1b86a4001 ] Request (ServersTestBootFromVolume:setUpClass): 200 GET http://10.180.1.21/compute/v2.1/servers/0d46a59d-0b8c-4352-bdd5-ef49274ca424 0.061s
2025-03-26 22:04:19.988 70377 INFO tempest.lib.common.rest_client [req-159e8055-f4e0-4067-b5a1-88a414e6ab93 req-159e8055-f4e0-4067-b5a1-88a414e6ab93 ] Request (InstanceActionsNegativeTestJSON:setUpClass): 200 GET http://10.180.1.21/compute/v2.1/servers/8ad43e3f-41e1-4064-88d2-a16a6b3f8075 0.139s
2025-03-26 22:04:20.027 70357 INFO tempest.lib.common.rest_client [req-bdb9f6b3-00a1-4ba7-abcd-5496ae8f4871 req-bdb9f6b3-00a1-4ba7-abcd-5496ae8f4871 ] Request (FloatingIPsAssociationTestJSON:tearDownClass): 200 GET http://10.180.1.21/compute/v2.1/servers/e6e74ef8-e10f-430f-8d61-71f1a53b9680 0.106s
2025-03-26 22:04:20.102 70385 INFO tempest.lib.common.rest_client [req-7f44f7bb-0163-492b-ac0f-8e3b6997da7a req-7f44f7bb-0163-492b-ac0f-8e3b6997da7a ] Request (ServersAdminNegativeTestJSON:tearDownClass): 200 GET http://10.180.1.21/compute/v2.1/servers/5312440a-5551-4acc-b114-67bb23a84399 0.069s
2025-03-26 22:04:20.167 70383 INFO tempest.lib.common.rest_client [req-bf55c49d-0bc6-4a45-93b8-fac85cd6e91b req-bf55c49d-0bc6-4a45-93b8-fac85cd6e91b ] Request (TenantUsagesTestJSON:setUpClass): 200 GET http://10.180.1.21/compute/v2.1/servers/d6fa88dd-2220-4998-8294-6a985ffb1eaf 0.137s
2025-03-26 22:04:20.173 70383 INFO tempest.common.waiters [-] State transition "BUILD/networking" ==> "BUILD/block_device_mapping" after 92 second wait
2025-03-26 22:04:20.187 70359 INFO tempest.lib.common.rest_client [req-9d512567-47ca-4574-a6ef-5098ef3361d0 req-9d512567-47ca-4574-a6ef-5098ef3361d0 ] Request (InstanceActionsV221TestJSON:test_get_list_deleted_instance_actions): 200 GET http://10.180.1.21/compute/v2.1/servers/a71a138e-d9a6-4a11-ae20-02fbbd798f32 0.096s
2025-03-26 22:04:20.239 70369 INFO tempest.lib.common.rest_client [req-73359848-0bfa-46bd-9d58-d1f6459eb15b req-73359848-0bfa-46bd-9d58-d1f6459eb15b ] Request (ServerMetadataNegativeTestJSON:setUpClass): 200 GET http://10.180.1.21/compute/v2.1/servers/c8e47f25-9bbd-431f-bf2f-4f55169fd38e 0.145s
2025-03-26 22:04:20.258 70337 INFO tempest.lib.common.rest_client [req-6142b49b-c7c1-4149-aa94-d58b709664d8 req-6142b49b-c7c1-4149-aa94-d58b709664d8 ] Request (ImagesOneServerTestJSON:setUpClass): 200 GET http://10.180.1.21/compute/v2.1/servers/2fd24361-c79d-49d6-86fb-a064a42d88be 0.099s
2025-03-26 22:04:20.323 70339 INFO tempest.lib.common.rest_client [req-3d992638-1dca-4a75-b648-66c51e894fff req-3d992638-1dca-4a75-b648-66c51e894fff ] Request (ServersWithSpecificFlavorTestJSON:test_verify_created_server_ephemeral_disk): 200 GET http://10.180.1.21/compute/v2.1/servers/2482e827-fac7-4d34-b8aa-bc93c44eef8c 0.112s
2025-03-26 22:04:20.336 70365 INFO tempest.lib.common.rest_client [req-2fb7640d-ed3b-4c2a-8417-e9171e0a4a73 req-2fb7640d-ed3b-4c2a-8417-e9171e0a4a73 ] Request (ServersAdmin275Test:tearDownClass): 200 GET http://10.180.1.21/compute/v2.1/servers/c42e1228-14f5-42d7-887c-c33644c478c5 0.093s
2025-03-26 22:04:20.416 70389 INFO tempest.lib.common.rest_client [req-69438b48-35a3-4100-bba7-d3c8e3d48e10 req-69438b48-35a3-4100-bba7-d3c8e3d48e10 ] Request (VolumesAssistedSnapshotsTest:tearDownClass): 200 GET http://10.180.1.21/compute/v2.1/servers/32cde80f-7b4d-40df-ac02-087e12a739c5 0.068s
2025-03-26 22:04:20.423 70389 INFO tempest.common.waiters [-] State transition "ACTIVE/deleting" ==> "DELETED/None" after 4 second wait
2025-03-26 22:04:20.550 70395 INFO tempest.lib.common.rest_client [req-7055b0cc-0103-4008-a624-cc1606c19ba9 req-7055b0cc-0103-4008-a624-cc1606c19ba9 ] Request (MultipleCreateTestJSON:test_multiple_create_with_reservation_return): 200 GET http://10.180.1.21/compute/v2.1/servers/ef019654-75be-4394-ad62-f19d9eabdd6e 0.052s
2025-03-26 22:04:20.603 70381 INFO tempest.lib.common.rest_client [req-afbd3d64-448f-4f4d-ab50-0018e6c28ee6 req-afbd3d64-448f-4f4d-ab50-0018e6c28ee6 ] Request (ServerDiskConfigTestJSON:test_rebuild_server_with_manual_disk_config): 200 GET http://10.180.1.21/compute/v2.1/servers/aeff7ce3-80c4-4005-a377-8838e9f14dfa 0.047s
2025-03-26 22:04:20.622 70351 INFO tempest.lib.common.rest_client [req-535c1bb7-e354-4f9f-99ef-1541a359ea27 req-535c1bb7-e354-4f9f-99ef-1541a359ea27 ] Request (DeleteServersAdminTestJSON:test_delete_server_while_in_error_state): 200 GET http://10.180.1.21/compute/v2.1/servers/00d4e54d-2bb8-46d1-a850-e8573cc0104c 0.113s
2025-03-26 22:04:20.647 70363 INFO tempest.lib.common.rest_client [req-c47049a9-19b8-4cad-a492-2fc8acc17cc8 req-c47049a9-19b8-4cad-a492-2fc8acc17cc8 ] Request (MigrationsAdminTest:test_resize_server_revert_deleted_flavor): 200 GET http://10.180.1.21/compute/v2.1/servers/edec81c1-e48e-4c35-8a6d-62862975ce93 0.078s
2025-03-26 22:04:20.666 70349 INFO tempest.lib.common.rest_client [req-f9e7eb8e-5520-4a9b-80cc-1127bbb0a47b req-f9e7eb8e-5520-4a9b-80cc-1127bbb0a47b ] Request (ServersAdminTestJSON:test_create_server_with_scheduling_hint): 200 GET http://10.180.1.21/compute/v2.1/servers/86c0c53f-00a6-4700-9188-f2c69578fa72 0.069s
2025-03-26 22:04:20.713 70355 INFO tempest.lib.common.rest_client [req-c61bca01-f67c-4a97-b931-dd696e20a931 req-c61bca01-f67c-4a97-b931-dd696e20a931 ] Request (ListServersNegativeTestJSON:tearDownClass): 200 GET http://10.180.1.21/compute/v2.1/servers/2cfab35b-f2fb-4782-a2ea-6cb6059261ba 0.074s
2025-03-26 22:04:20.722 70353 INFO tempest.lib.common.rest_client [req-70dae6ed-6313-4e37-a89b-bbbc0eb45be4 req-70dae6ed-6313-4e37-a89b-bbbc0eb45be4 ] Request (ImagesOneServerNegativeTestJSON:_run_cleanups): 200 GET http://10.180.1.21/compute/v2.1/servers/bd2599c1-6004-4e12-bdc8-6a00fa7add1c 0.071s
2025-03-26 22:04:20.764 70341 INFO tempest.lib.common.rest_client [req-e96f2f53-ced7-4653-9d79-f2780eb1001e req-e96f2f53-ced7-4653-9d79-f2780eb1001e ] Request (ServerAddressesNegativeTestJSON:setUpClass): 200 GET http://10.180.1.21/compute/v2.1/servers/dc5e77b1-e8cb-4ff9-9b83-0d9c49b9fe43 0.071s
2025-03-26 22:04:20.767 70335 INFO tempest.lib.common.rest_client [req-614c65f1-bfc6-4a25-a7f0-c49f0c5f6523 req-614c65f1-bfc6-4a25-a7f0-c49f0c5f6523 ] Request (ServerActionsTestOtherA:setUpClass): 200 GET http://10.180.1.21/compute/v2.1/servers/26784492-3b89-4b43-8091-64a4c0499773 0.061s
2025-03-26 22:04:20.769 70373 WARNING tempest.lib.common.ssh [-] Failed to establish authenticated ssh connection to cirros@10.180.180.172 ([Errno None] Unable to connect to port 22 on 10.180.180.172). Number attempts: 6. Retry after 7 seconds.: paramiko.ssh_exception.NoValidConnectionsError: [Errno None] Unable to connect to port 22 on 10.180.180.172
2025-03-26 22:04:20.795 70343 INFO tempest.lib.common.rest_client [req-c3bb3b6d-6af3-4c36-bc4f-3f5330f5976e req-c3bb3b6d-6af3-4c36-bc4f-3f5330f5976e ] Request (ListImageFiltersTestJSON:setUpClass): 200 GET http://10.180.1.21/compute/v2.1/images/0bd554bd-bf80-4d60-9fc7-b083001a4efb 0.071s
2025-03-26 22:04:20.837 70379 INFO tempest.lib.common.rest_client [req-03970e31-b264-48d2-b326-dc1b49f1442a req-03970e31-b264-48d2-b326-dc1b49f1442a ] Request (ListServerFiltersTestJSON:tearDownClass): 200 GET http://10.180.1.21/compute/v2.1/servers/10ffa883-9787-4c2b-9912-11f35f299c35 0.063s
2025-03-26 22:04:20.869 70387 INFO tempest.lib.common.rest_client [req-462fdb92-e476-458f-a0a6-27171c29c5f2 req-462fdb92-e476-458f-a0a6-27171c29c5f2 ] Request (SecurityGroupsTestJSON:test_server_security_groups): 200 GET http://10.180.1.21/compute/v2.1/servers/fd97c186-c39b-45b8-9ad0-32bbea157623 0.061s
2025-03-26 22:04:20.966 70393 INFO tempest.lib.common.rest_client [req-862c03c4-04f1-4ae9-8a72-8633100345e6 req-862c03c4-04f1-4ae9-8a72-8633100345e6 ] Request (ServerActionsV293TestJSON:setUpClass): 200 GET http://10.180.1.21/compute/v2.1/servers/88075c05-5098-4c8a-83e1-1569ab3f7364 0.060s
2025-03-26 22:04:21.027 70345 INFO tempest.lib.common.rest_client [req-a12bc4ef-ea50-41d1-9f34-53196522c18d req-a12bc4ef-ea50-41d1-9f34-53196522c18d ] Request (ServersTestBootFromVolume:setUpClass): 200 GET http://10.180.1.21/compute/v2.1/servers/0d46a59d-0b8c-4352-bdd5-ef49274ca424 0.068s
2025-03-26 22:04:21.102 70377 INFO tempest.lib.common.rest_client [req-f16aed86-0cc5-42aa-93fe-c32e24e6bb25 req-f16aed86-0cc5-42aa-93fe-c32e24e6bb25 ] Request (InstanceActionsNegativeTestJSON:setUpClass): 200 GET http://10.180.1.21/compute/v2.1/servers/8ad43e3f-41e1-4064-88d2-a16a6b3f8075 0.103s
2025-03-26 22:04:21.104 70357 INFO tempest.lib.common.rest_client [req-d9433d2a-3956-4ead-98f2-b49a4247e5ac req-d9433d2a-3956-4ead-98f2-b49a4247e5ac ] Request (FloatingIPsAssociationTestJSON:tearDownClass): 200 GET http://10.180.1.21/compute/v2.1/servers/e6e74ef8-e10f-430f-8d61-71f1a53b9680 0.065s
2025-03-26 22:04:21.168 70385 INFO tempest.lib.common.rest_client [req-37b65e07-99de-4404-89ae-f73983302e98 req-37b65e07-99de-4404-89ae-f73983302e98 ] Request (ServersAdminNegativeTestJSON:tearDownClass): 200 GET http://10.180.1.21/compute/v2.1/servers/5312440a-5551-4acc-b114-67bb23a84399 0.054s
2025-03-26 22:04:21.175 70385 INFO tempest.common.waiters [-] State transition "ACTIVE/deleting" ==> "DELETED/None" after 5 second wait
2025-03-26 22:04:21.253 70359 INFO tempest.lib.common.rest_client [req-ae82a54a-77f7-4aaf-a373-e760711d3ace req-ae82a54a-77f7-4aaf-a373-e760711d3ace ] Request (InstanceActionsV221TestJSON:test_get_list_deleted_instance_actions): 200 GET http://10.180.1.21/compute/v2.1/servers/a71a138e-d9a6-4a11-ae20-02fbbd798f32 0.051s
2025-03-26 22:04:21.284 70383 INFO tempest.lib.common.rest_client [req-0bba63b9-2398-4b44-ad34-ab46a19a1fbb req-0bba63b9-2398-4b44-ad34-ab46a19a1fbb ] Request (TenantUsagesTestJSON:setUpClass): 200 GET http://10.180.1.21/compute/v2.1/servers/d6fa88dd-2220-4998-8294-6a985ffb1eaf 0.109s
2025-03-26 22:04:21.291 70383 INFO tempest.common.waiters [-] State transition "BUILD/block_device_mapping" ==> "BUILD/spawning" after 93 second wait
2025-03-26 22:04:21.297 70369 INFO tempest.lib.common.rest_client [req-969d6309-cd85-4702-a490-f8e23c386244 req-969d6309-cd85-4702-a490-f8e23c386244 ] Request (ServerMetadataNegativeTestJSON:setUpClass): 200 GET http://10.180.1.21/compute/v2.1/servers/c8e47f25-9bbd-431f-bf2f-4f55169fd38e 0.049s
2025-03-26 22:04:21.327 70337 INFO tempest.lib.common.rest_client [req-d3064638-c37c-4102-9689-2b4b972955d7 req-d3064638-c37c-4102-9689-2b4b972955d7 ] Request (ImagesOneServerTestJSON:setUpClass): 200 GET http://10.180.1.21/compute/v2.1/servers/2fd24361-c79d-49d6-86fb-a064a42d88be 0.060s
2025-03-26 22:04:21.402 70339 INFO tempest.lib.common.rest_client [req-fcdfe0b5-9d80-469b-b6ff-1cf3546e9578 req-fcdfe0b5-9d80-469b-b6ff-1cf3546e9578 ] Request (ServersWithSpecificFlavorTestJSON:test_verify_created_server_ephemeral_disk): 200 GET http://10.180.1.21/compute/v2.1/servers/2482e827-fac7-4d34-b8aa-bc93c44eef8c 0.064s
2025-03-26 22:04:21.415 70365 INFO tempest.lib.common.rest_client [req-c169b708-cefd-47c8-85c2-d996e19e21cd req-c169b708-cefd-47c8-85c2-d996e19e21cd ] Request (ServersAdmin275Test:tearDownClass): 200 GET http://10.180.1.21/compute/v2.1/servers/c42e1228-14f5-42d7-887c-c33644c478c5 0.066s
2025-03-26 22:04:21.487 70389 INFO tempest.lib.common.rest_client [req-2d72a3e5-a1c1-46ac-8fc3-bf47f9336dec req-2d72a3e5-a1c1-46ac-8fc3-bf47f9336dec ] Request (VolumesAssistedSnapshotsTest:tearDownClass): 200 GET http://10.180.1.21/compute/v2.1/servers/32cde80f-7b4d-40df-ac02-087e12a739c5 0.062s
2025-03-26 22:04:21.627 70395 INFO tempest.lib.common.rest_client [req-f7ac78f7-a134-483e-9013-19982ec20d46 req-f7ac78f7-a134-483e-9013-19982ec20d46 ] Request (MultipleCreateTestJSON:test_multiple_create_with_reservation_return): 200 GET http://10.180.1.21/compute/v2.1/servers/ef019654-75be-4394-ad62-f19d9eabdd6e 0.069s
2025-03-26 22:04:21.678 70381 INFO tempest.lib.common.rest_client [req-73040b9e-7abd-4b34-b908-3fb777cc5b54 req-73040b9e-7abd-4b34-b908-3fb777cc5b54 ] Request (ServerDiskConfigTestJSON:test_rebuild_server_with_manual_disk_config): 200 GET http://10.180.1.21/compute/v2.1/servers/aeff7ce3-80c4-4005-a377-8838e9f14dfa 0.067s
2025-03-26 22:04:21.725 70363 INFO tempest.lib.common.rest_client [req-f9ba4f27-723c-4e52-8182-4c16a05aa2a2 req-f9ba4f27-723c-4e52-8182-4c16a05aa2a2 ] Request (MigrationsAdminTest:test_resize_server_revert_deleted_flavor): 200 GET http://10.180.1.21/compute/v2.1/servers/edec81c1-e48e-4c35-8a6d-62862975ce93 0.070s
2025-03-26 22:04:21.729 70351 INFO tempest.lib.common.rest_client [req-c4aefd49-31f3-4b11-b644-88ec3c2219a5 req-c4aefd49-31f3-4b11-b644-88ec3c2219a5 ] Request (DeleteServersAdminTestJSON:test_delete_server_while_in_error_state): 200 GET http://10.180.1.21/compute/v2.1/servers/00d4e54d-2bb8-46d1-a850-e8573cc0104c 0.098s
2025-03-26 22:04:21.770 70349 INFO tempest.lib.common.rest_client [req-5396fa87-9e1f-4917-9662-a4a5830da12b req-5396fa87-9e1f-4917-9662-a4a5830da12b ] Request (ServersAdminTestJSON:test_create_server_with_scheduling_hint): 200 GET http://10.180.1.21/compute/v2.1/servers/86c0c53f-00a6-4700-9188-f2c69578fa72 0.096s
2025-03-26 22:04:21.780 70355 INFO tempest.lib.common.rest_client [req-c8262bbb-69f2-42e3-bc4a-1533e4556627 req-c8262bbb-69f2-42e3-bc4a-1533e4556627 ] Request (ListServersNegativeTestJSON:tearDownClass): 200 GET http://10.180.1.21/compute/v2.1/servers/2cfab35b-f2fb-4782-a2ea-6cb6059261ba 0.059s
2025-03-26 22:04:21.831 70341 INFO tempest.lib.common.rest_client [req-23d76f2e-3c02-4d7c-8561-ee170ebdcb04 req-23d76f2e-3c02-4d7c-8561-ee170ebdcb04 ] Request (ServerAddressesNegativeTestJSON:setUpClass): 200 GET http://10.180.1.21/compute/v2.1/servers/dc5e77b1-e8cb-4ff9-9b83-0d9c49b9fe43 0.057s
2025-03-26 22:04:21.852 70361 INFO paramiko.transport [-] Connected (version 2.0, client dropbear_2020.81)
2025-03-26 22:04:21.889 70335 INFO tempest.lib.common.rest_client [req-d87ebf11-0f2a-4722-930d-7450fa76666f req-d87ebf11-0f2a-4722-930d-7450fa76666f ] Request (ServerActionsTestOtherA:setUpClass): 200 GET http://10.180.1.21/compute/v2.1/servers/26784492-3b89-4b43-8091-64a4c0499773 0.114s
2025-03-26 22:04:21.932 70343 INFO tempest.lib.common.rest_client [req-7a4d7c14-5906-4cbb-b65d-e541f013e9ab req-7a4d7c14-5906-4cbb-b65d-e541f013e9ab ] Request (ListImageFiltersTestJSON:setUpClass): 200 GET http://10.180.1.21/compute/v2.1/images/0bd554bd-bf80-4d60-9fc7-b083001a4efb 0.133s
2025-03-26 22:04:21.961 70361 INFO paramiko.transport [-] Authentication (publickey) successful!
2025-03-26 22:04:21.962 70361 INFO tempest.lib.common.ssh [-] ssh connection to cirros@10.180.180.219 successfully created
2025-03-26 22:04:21.993 70379 INFO tempest.lib.common.rest_client [req-4b513cd9-1057-4ee4-948d-36943b60da32 req-4b513cd9-1057-4ee4-948d-36943b60da32 ] Request (ListServerFiltersTestJSON:tearDownClass): 200 GET http://10.180.1.21/compute/v2.1/servers/10ffa883-9787-4c2b-9912-11f35f299c35 0.149s
2025-03-26 22:04:22.042 70387 INFO tempest.lib.common.rest_client [req-3ff12cd5-569b-4216-8966-6699308a0549 req-3ff12cd5-569b-4216-8966-6699308a0549 ] Request (SecurityGroupsTestJSON:test_server_security_groups): 200 GET http://10.180.1.21/compute/v2.1/servers/fd97c186-c39b-45b8-9ad0-32bbea157623 0.162s
2025-03-26 22:04:22.097 70361 INFO tempest.lib.common.rest_client [req-28b3df90-62bb-496e-8509-d62b86141caa req-28b3df90-62bb-496e-8509-d62b86141caa ] Request (ServersTestJSON:test_list_servers): 200 GET http://10.180.1.21/compute/v2.1/servers 0.129s
2025-03-26 22:04:22.112 70353 INFO tempest.lib.common.rest_client [req-6047b6f1-4792-40d8-8e32-9f2739d381f3 req-6047b6f1-4792-40d8-8e32-9f2739d381f3 ] Request (ImagesOneServerNegativeTestJSON:_run_cleanups): 200 GET http://10.180.1.21/compute/v2.1/servers/bd2599c1-6004-4e12-bdc8-6a00fa7add1c 0.381s
2025-03-26 22:04:22.161 70393 INFO tempest.lib.common.rest_client [req-38ea9836-f4da-44b3-ba70-59c3908741e7 req-38ea9836-f4da-44b3-ba70-59c3908741e7 ] Request (ServerActionsV293TestJSON:setUpClass): 200 GET http://10.180.1.21/compute/v2.1/servers/88075c05-5098-4c8a-83e1-1569ab3f7364 0.181s
2025-03-26 22:04:22.176 70345 INFO tempest.lib.common.rest_client [req-57ceebd2-920a-4d09-ab6e-66359e02a93d req-57ceebd2-920a-4d09-ab6e-66359e02a93d ] Request (ServersTestBootFromVolume:setUpClass): 200 GET http://10.180.1.21/compute/v2.1/servers/0d46a59d-0b8c-4352-bdd5-ef49274ca424 0.141s
2025-03-26 22:04:22.301 70377 INFO tempest.lib.common.rest_client [req-26699e3f-aab2-4fc1-9c60-cd43bc0cccc6 req-26699e3f-aab2-4fc1-9c60-cd43bc0cccc6 ] Request (InstanceActionsNegativeTestJSON:setUpClass): 200 GET http://10.180.1.21/compute/v2.1/servers/8ad43e3f-41e1-4064-88d2-a16a6b3f8075 0.191s
2025-03-26 22:04:22.308 70361 INFO tempest.lib.common.rest_client [req-84d083dd-658f-497c-8ab0-2f3297c9a284 req-84d083dd-658f-497c-8ab0-2f3297c9a284 ] Request (ServersTestJSON:test_list_servers_with_detail): 200 GET http://10.180.1.21/compute/v2.1/servers/detail 0.209s
2025-03-26 22:04:22.366 70385 INFO tempest.lib.common.rest_client [req-d0545743-efe9-4082-a889-6bbd6dbbc473 req-d0545743-efe9-4082-a889-6bbd6dbbc473 ] Request (ServersAdminNegativeTestJSON:tearDownClass): 200 GET http://10.180.1.21/compute/v2.1/servers/5312440a-5551-4acc-b114-67bb23a84399 0.190s
2025-03-26 22:04:22.371 70357 INFO tempest.lib.common.rest_client [req-76fa54fb-b07c-4e37-a3c1-106723d5746c req-76fa54fb-b07c-4e37-a3c1-106723d5746c ] Request (FloatingIPsAssociationTestJSON:tearDownClass): 200 GET http://10.180.1.21/compute/v2.1/servers/e6e74ef8-e10f-430f-8d61-71f1a53b9680 0.258s
2025-03-26 22:04:22.422 70359 INFO tempest.lib.common.rest_client [req-80f04db7-c248-4b14-b4f8-850f2cac4aba req-80f04db7-c248-4b14-b4f8-850f2cac4aba ] Request (InstanceActionsV221TestJSON:test_get_list_deleted_instance_actions): 200 GET http://10.180.1.21/compute/v2.1/servers/a71a138e-d9a6-4a11-ae20-02fbbd798f32 0.159s
2025-03-26 22:04:22.514 70383 INFO tempest.lib.common.rest_client [req-8cdfe46f-a998-41be-987b-4ee592bbd030 req-8cdfe46f-a998-41be-987b-4ee592bbd030 ] Request (TenantUsagesTestJSON:setUpClass): 200 GET http://10.180.1.21/compute/v2.1/servers/d6fa88dd-2220-4998-8294-6a985ffb1eaf 0.221s
2025-03-26 22:04:22.533 70361 INFO tempest.lib.common.rest_client [req-ddbddd79-8e6c-4b9e-86dd-53ece1e257a7 req-ddbddd79-8e6c-4b9e-86dd-53ece1e257a7 ] Request (ServersTestJSON:test_verify_created_server_vcpus): 200 GET http://10.180.1.21/compute/v2.1/flavors/42 0.216s
2025-03-26 22:04:22.536 70361 INFO tempest.lib.common.ssh [-] Creating ssh connection to '10.180.180.219:22' as 'cirros' with public key authentication
2025-03-26 22:04:22.540 70361 INFO paramiko.transport [-] Connected (version 2.0, client dropbear_2020.81)
2025-03-26 22:04:22.577 70369 INFO tempest.lib.common.rest_client [req-88c46efa-07b3-413e-ac46-83b3fe019dba req-88c46efa-07b3-413e-ac46-83b3fe019dba ] Request (ServerMetadataNegativeTestJSON:setUpClass): 200 GET http://10.180.1.21/compute/v2.1/servers/c8e47f25-9bbd-431f-bf2f-4f55169fd38e 0.271s
2025-03-26 22:04:22.585 70369 INFO tempest.common.waiters [-] State transition "BUILD/None" ==> "BUILD/networking" after 91 second wait
2025-03-26 22:04:22.595 70337 INFO tempest.lib.common.rest_client [req-9b4f119f-93c6-4b26-aa23-bd0ec852c22b req-9b4f119f-93c6-4b26-aa23-bd0ec852c22b ] Request (ImagesOneServerTestJSON:setUpClass): 200 GET http://10.180.1.21/compute/v2.1/servers/2fd24361-c79d-49d6-86fb-a064a42d88be 0.260s
2025-03-26 22:04:22.638 70361 INFO paramiko.transport [-] Authentication (publickey) successful!
2025-03-26 22:04:22.638 70361 INFO tempest.lib.common.ssh [-] ssh connection to cirros@10.180.180.219 successfully created
2025-03-26 22:04:22.639 70339 INFO tempest.lib.common.rest_client [req-df474814-fdbd-49db-92f5-77cff80af58b req-df474814-fdbd-49db-92f5-77cff80af58b ] Request (ServersWithSpecificFlavorTestJSON:test_verify_created_server_ephemeral_disk): 200 GET http://10.180.1.21/compute/v2.1/servers/2482e827-fac7-4d34-b8aa-bc93c44eef8c 0.229s
2025-03-26 22:04:22.664 70365 INFO tempest.lib.common.rest_client [req-222a54eb-3e2c-41f0-8015-30fc34c2e10a req-222a54eb-3e2c-41f0-8015-30fc34c2e10a ] Request (ServersAdmin275Test:tearDownClass): 200 GET http://10.180.1.21/compute/v2.1/servers/c42e1228-14f5-42d7-887c-c33644c478c5 0.236s
2025-03-26 22:04:22.709 70389 INFO tempest.lib.common.rest_client [req-1b679e77-a14f-4d2c-892e-783eaf6de523 req-1b679e77-a14f-4d2c-892e-783eaf6de523 ] Request (VolumesAssistedSnapshotsTest:tearDownClass): 200 GET http://10.180.1.21/compute/v2.1/servers/32cde80f-7b4d-40df-ac02-087e12a739c5 0.214s
2025-03-26 22:04:22.722 70395 INFO tempest.lib.common.rest_client [req-c1c35316-acc6-4ab1-8060-e0782d920c99 req-c1c35316-acc6-4ab1-8060-e0782d920c99 ] Request (MultipleCreateTestJSON:test_multiple_create_with_reservation_return): 200 GET http://10.180.1.21/compute/v2.1/servers/ef019654-75be-4394-ad62-f19d9eabdd6e 0.083s
2025-03-26 22:04:22.789 70381 INFO tempest.lib.common.rest_client [req-2f85123d-7a37-4935-a68b-2cf2343e8fa7 req-2f85123d-7a37-4935-a68b-2cf2343e8fa7 ] Request (ServerDiskConfigTestJSON:test_rebuild_server_with_manual_disk_config): 200 GET http://10.180.1.21/compute/v2.1/servers/aeff7ce3-80c4-4005-a377-8838e9f14dfa 0.104s
2025-03-26 22:04:22.808 70361 INFO tempest.lib.common.rest_client [req-ef04c890-9d7e-4cf8-95c9-f91146cc9062 req-ef04c890-9d7e-4cf8-95c9-f91146cc9062 ] Request (ServersTestJSON:tearDownClass): 204 DELETE http://10.180.1.21/compute/v2.1/servers/f7269ff0-c7b4-4dd9-9413-5198ce7a6b86 0.158s
2025-03-26 22:04:22.853 70363 INFO tempest.lib.common.rest_client [req-fb5ec426-e7f4-4885-9502-3d70769d4976 req-fb5ec426-e7f4-4885-9502-3d70769d4976 ] Request (MigrationsAdminTest:test_resize_server_revert_deleted_flavor): 200 GET http://10.180.1.21/compute/v2.1/servers/edec81c1-e48e-4c35-8a6d-62862975ce93 0.120s
2025-03-26 22:04:22.911 70349 INFO tempest.lib.common.rest_client [req-975dcf3d-6fe8-479d-949a-3dc98ea2d0c3 req-975dcf3d-6fe8-479d-949a-3dc98ea2d0c3 ] Request (ServersAdminTestJSON:test_create_server_with_scheduling_hint): 200 GET http://10.180.1.21/compute/v2.1/servers/86c0c53f-00a6-4700-9188-f2c69578fa72 0.133s
2025-03-26 22:04:22.925 70351 INFO tempest.lib.common.rest_client [req-c22f7a60-44f3-408e-b851-85d5a580fe7b req-c22f7a60-44f3-408e-b851-85d5a580fe7b ] Request (DeleteServersAdminTestJSON:test_delete_server_while_in_error_state): 200 GET http://10.180.1.21/compute/v2.1/servers/00d4e54d-2bb8-46d1-a850-e8573cc0104c 0.187s
2025-03-26 22:04:22.978 70355 INFO tempest.lib.common.rest_client [req-c378cd1d-5975-48c1-b1ea-5894ef205112 req-c378cd1d-5975-48c1-b1ea-5894ef205112 ] Request (ListServersNegativeTestJSON:tearDownClass): 200 GET http://10.180.1.21/compute/v2.1/servers/2cfab35b-f2fb-4782-a2ea-6cb6059261ba 0.190s
2025-03-26 22:04:23.018 70361 INFO tempest.lib.common.rest_client [req-f7d8f430-9230-4e56-aa2f-e8b24ceaff71 req-f7d8f430-9230-4e56-aa2f-e8b24ceaff71 ] Request (ServersTestJSON:tearDownClass): 200 GET http://10.180.1.21/compute/v2.1/servers/f7269ff0-c7b4-4dd9-9413-5198ce7a6b86 0.210s
2025-03-26 22:04:23.026 70341 INFO tempest.lib.common.rest_client [req-acd4d9f2-58bb-4ff8-9c28-2ef7a76661cd req-acd4d9f2-58bb-4ff8-9c28-2ef7a76661cd ] Request (ServerAddressesNegativeTestJSON:setUpClass): 200 GET http://10.180.1.21/compute/v2.1/servers/dc5e77b1-e8cb-4ff9-9b83-0d9c49b9fe43 0.187s
2025-03-26 22:04:23.064 70343 INFO tempest.lib.common.rest_client [req-02f5e6e9-6bef-4af0-9c85-73f4eb456d30 req-02f5e6e9-6bef-4af0-9c85-73f4eb456d30 ] Request (ListImageFiltersTestJSON:setUpClass): 200 GET http://10.180.1.21/compute/v2.1/images/0bd554bd-bf80-4d60-9fc7-b083001a4efb 0.127s
2025-03-26 22:04:23.074 70335 INFO tempest.lib.common.rest_client [req-020c1e0e-4255-436c-a5f6-3e2383e867fd req-020c1e0e-4255-436c-a5f6-3e2383e867fd ] Request (ServerActionsTestOtherA:setUpClass): 200 GET http://10.180.1.21/compute/v2.1/servers/26784492-3b89-4b43-8091-64a4c0499773 0.177s
2025-03-26 22:04:23.117 70379 INFO tempest.lib.common.rest_client [req-b94ed395-e199-496f-8031-3dcc9ebef594 req-b94ed395-e199-496f-8031-3dcc9ebef594 ] Request (ListServerFiltersTestJSON:tearDownClass): 200 GET http://10.180.1.21/compute/v2.1/servers/10ffa883-9787-4c2b-9912-11f35f299c35 0.117s
2025-03-26 22:04:23.131 70387 INFO tempest.lib.common.rest_client [req-463437ee-37f4-47e2-94f3-c248aaed0413 req-463437ee-37f4-47e2-94f3-c248aaed0413 ] Request (SecurityGroupsTestJSON:test_server_security_groups): 200 GET http://10.180.1.21/compute/v2.1/servers/fd97c186-c39b-45b8-9ad0-32bbea157623 0.081s
2025-03-26 22:04:23.179 70353 INFO tempest.lib.common.rest_client [req-01bcb692-5f39-42e0-b2b4-169572891225 req-01bcb692-5f39-42e0-b2b4-169572891225 ] Request (ImagesOneServerNegativeTestJSON:_run_cleanups): 200 GET http://10.180.1.21/compute/v2.1/servers/bd2599c1-6004-4e12-bdc8-6a00fa7add1c 0.057s
2025-03-26 22:04:23.227 70393 INFO tempest.lib.common.rest_client [req-83c6c018-80d8-4aa4-9a12-2f961fc71967 req-83c6c018-80d8-4aa4-9a12-2f961fc71967 ] Request (ServerActionsV293TestJSON:setUpClass): 200 GET http://10.180.1.21/compute/v2.1/servers/88075c05-5098-4c8a-83e1-1569ab3f7364 0.055s
2025-03-26 22:04:23.237 70345 INFO tempest.lib.common.rest_client [req-546160c2-9c09-4b9a-b09f-b24d4fa4b22a req-546160c2-9c09-4b9a-b09f-b24d4fa4b22a ] Request (ServersTestBootFromVolume:setUpClass): 200 GET http://10.180.1.21/compute/v2.1/servers/0d46a59d-0b8c-4352-bdd5-ef49274ca424 0.051s
2025-03-26 22:04:23.430 70377 INFO tempest.lib.common.rest_client [req-cec4c800-1937-43fa-97a5-a0cafeddf5da req-cec4c800-1937-43fa-97a5-a0cafeddf5da ] Request (InstanceActionsNegativeTestJSON:setUpClass): 200 GET http://10.180.1.21/compute/v2.1/servers/8ad43e3f-41e1-4064-88d2-a16a6b3f8075 0.117s
2025-03-26 22:04:23.433 70385 INFO tempest.lib.common.rest_client [req-e3f37c5f-720d-4fd4-9a61-3e51ba48c404 req-e3f37c5f-720d-4fd4-9a61-3e51ba48c404 ] Request (ServersAdminNegativeTestJSON:tearDownClass): 200 GET http://10.180.1.21/compute/v2.1/servers/5312440a-5551-4acc-b114-67bb23a84399 0.059s
2025-03-26 22:04:23.485 70359 INFO tempest.lib.common.rest_client [req-54ab6633-f00e-4af5-a625-6bc7b337eb46 req-54ab6633-f00e-4af5-a625-6bc7b337eb46 ] Request (InstanceActionsV221TestJSON:test_get_list_deleted_instance_actions): 200 GET http://10.180.1.21/compute/v2.1/servers/a71a138e-d9a6-4a11-ae20-02fbbd798f32 0.052s
2025-03-26 22:04:23.490 70357 INFO tempest.lib.common.rest_client [req-c117f737-7ca1-45cd-91de-a18a22b6efce req-c117f737-7ca1-45cd-91de-a18a22b6efce ] Request (FloatingIPsAssociationTestJSON:tearDownClass): 200 GET http://10.180.1.21/compute/v2.1/servers/e6e74ef8-e10f-430f-8d61-71f1a53b9680 0.108s
2025-03-26 22:04:23.639 70383 INFO tempest.lib.common.rest_client [req-fa8643b3-9505-404d-9401-0f228ccf292d req-fa8643b3-9505-404d-9401-0f228ccf292d ] Request (TenantUsagesTestJSON:setUpClass): 200 GET http://10.180.1.21/compute/v2.1/servers/d6fa88dd-2220-4998-8294-6a985ffb1eaf 0.115s
2025-03-26 22:04:23.681 70369 INFO tempest.lib.common.rest_client [req-e82331b7-3522-408f-83db-10c84f39a1dc req-e82331b7-3522-408f-83db-10c84f39a1dc ] Request (ServerMetadataNegativeTestJSON:setUpClass): 200 GET http://10.180.1.21/compute/v2.1/servers/c8e47f25-9bbd-431f-bf2f-4f55169fd38e 0.095s
