2025-03-26 22:04:10.617 70385 INFO tempest.lib.common.rest_client [req-145a330c-7b0f-4ee7-aadb-5496370e1dbb req-145a330c-7b0f-4ee7-aadb-5496370e1dbb ] Request (ServersAdminNegativeTestJSON:tearDownClass): 200 GET http://10.180.1.21/compute/v2.1/servers/c185084d-195a-4157-926f-399999de0855 0.126s
2025-03-26 22:04:10.736 70371 INFO tempest.lib.common.rest_client [req-af15ef75-b692-4347-ba3d-75ebbcd91835 req-af15ef75-b692-4347-ba3d-75ebbcd91835 ] Request (AttachInterfacesTestJSON:test_create_list_show_delete_interfaces_by_fixed_ip): 200 GET http://10.180.1.21/compute/v2.1/servers/2e3e38b3-ea25-4443-ae05-36a632f979f2/os-interface 0.200s
2025-03-26 22:04:10.817 70365 INFO tempest.lib.common.rest_client [req-d07dbbc7-76c1-4ff1-a44e-f2625472ed00 req-d07dbbc7-76c1-4ff1-a44e-f2625472ed00 ] Request (ServersAdmin275Test:_run_cleanups): 200 GET http://10.180.1.21/compute/v2.1/servers/c42e1228-14f5-42d7-887c-c33644c478c5 0.190s
2025-03-26 22:04:10.848 70389 INFO tempest.lib.common.rest_client [req-99e6cc0a-31fe-4e6a-8dcc-9e7e134889bf req-99e6cc0a-31fe-4e6a-8dcc-9e7e134889bf ] Request (VolumesAssistedSnapshotsTest:_run_cleanups): 200 GET http://10.180.1.21/compute/v2.1/servers/32cde80f-7b4d-40df-ac02-087e12a739c5/os-volume_attachments 0.193s
2025-03-26 22:04:10.912 70383 INFO tempest.lib.common.rest_client [req-77b36839-8cb0-4630-b139-055126cab97f req-77b36839-8cb0-4630-b139-055126cab97f ] Request (TenantUsagesTestJSON:setUpClass): 200 GET http://10.180.1.21/compute/v2.1/servers/d6fa88dd-2220-4998-8294-6a985ffb1eaf 0.196s
2025-03-26 22:04:10.990 70369 INFO tempest.lib.common.rest_client [req-c4f1de15-41a7-4527-ac2d-458778f31062 req-c4f1de15-41a7-4527-ac2d-458778f31062 ] Request (ServerMetadataNegativeTestJSON:setUpClass): 200 GET http://10.180.1.21/compute/v2.1/servers/c8e47f25-9bbd-431f-bf2f-4f55169fd38e 0.228s
2025-03-26 22:04:11.053 70359 INFO tempest.lib.common.rest_client [req-f344dcc7-d027-46ab-950e-0de0acd932e6 req-f344dcc7-d027-46ab-950e-0de0acd932e6 ] Request (InstanceActionsV221TestJSON:test_get_list_deleted_instance_actions): 200 GET http://10.180.1.21/compute/v2.1/servers/a71a138e-d9a6-4a11-ae20-02fbbd798f32 0.237s
2025-03-26 22:04:11.112 70337 INFO tempest.lib.common.rest_client [req-a861b3a1-b2aa-4a16-bb29-4c81a45f4b93 req-a861b3a1-b2aa-4a16-bb29-4c81a45f4b93 ] Request (ImagesOneServerTestJSON:setUpClass): 200 GET http://10.180.1.21/compute/v2.1/servers/2fd24361-c79d-49d6-86fb-a064a42d88be 0.254s
2025-03-26 22:04:11.191 70351 INFO tempest.lib.common.rest_client [req-fa23bc1c-6116-47f1-8b7e-17c994622d83 req-fa23bc1c-6116-47f1-8b7e-17c994622d83 ] Request (DeleteServersAdminTestJSON:test_delete_server_while_in_error_state): 200 GET http://10.180.1.21/compute/v2.1/servers/00d4e54d-2bb8-46d1-a850-e8573cc0104c 0.290s
2025-03-26 22:04:11.245 70381 INFO tempest.lib.common.rest_client [req-0188ce1d-b214-426d-9c87-e6e8835791b0 req-0188ce1d-b214-426d-9c87-e6e8835791b0 ] Request (ServerDiskConfigTestJSON:test_rebuild_server_with_manual_disk_config): 200 GET http://10.180.1.21/compute/v2.1/servers/aeff7ce3-80c4-4005-a377-8838e9f14dfa 0.297s
2025-03-26 22:04:11.296 70395 INFO tempest.lib.common.rest_client [req-b42ec764-0f5f-453f-8f3d-a4d6c9719443 req-b42ec764-0f5f-453f-8f3d-a4d6c9719443 ] Request (MultipleCreateTestJSON:test_multiple_create_with_reservation_return): 200 GET http://10.180.1.21/compute/v2.1/servers/ef019654-75be-4394-ad62-f19d9eabdd6e 0.289s
2025-03-26 22:04:11.358 70363 INFO tempest.lib.common.rest_client [req-54453184-6e0b-4f0a-a150-f6e851ef4105 req-54453184-6e0b-4f0a-a150-f6e851ef4105 ] Request (MigrationsAdminTest:test_resize_server_revert_deleted_flavor): 200 GET http://10.180.1.21/compute/v2.1/servers/edec81c1-e48e-4c35-8a6d-62862975ce93 0.324s
2025-03-26 22:04:11.428 70353 INFO tempest.lib.common.rest_client [req-b31cca41-fdd4-4aad-901f-0b56797b2b5e req-b31cca41-fdd4-4aad-901f-0b56797b2b5e ] Request (ImagesOneServerNegativeTestJSON:_run_cleanups): 200 GET http://10.180.1.21/compute/v2.1/servers/bd2599c1-6004-4e12-bdc8-6a00fa7add1c 0.360s
2025-03-26 22:04:11.465 70357 INFO tempest.lib.common.rest_client [req-2a1937ca-2594-4657-8d5f-d3d7aa96414b req-2a1937ca-2594-4657-8d5f-d3d7aa96414b ] Request (FloatingIPsAssociationTestJSON:test_associate_disassociate_floating_ip): 202 POST http://10.180.1.21/compute/v2.1/servers/ca457c4e-4865-43e0-86e1-617fada34e38/action 1.174s
2025-03-26 22:04:11.491 70349 INFO tempest.lib.common.rest_client [req-129e95f7-c95d-4a5a-85ff-0e38ced02172 req-129e95f7-c95d-4a5a-85ff-0e38ced02172 ] Request (ServersAdminTestJSON:test_create_server_with_scheduling_hint): 200 GET http://10.180.1.21/compute/v2.1/servers/86c0c53f-00a6-4700-9188-f2c69578fa72 0.407s
2025-03-26 22:04:11.511 70355 INFO tempest.lib.common.rest_client [req-80f932da-bf2e-49eb-82b0-5affaa30e59c req-80f932da-bf2e-49eb-82b0-5affaa30e59c ] Request (ListServersNegativeTestJSON:setUpClass): 404 GET http://10.180.1.21/compute/v2.1/servers/70e48fb2-fe66-4eb8-a182-40425d0e2f1b 0.361s
2025-03-26 22:04:11.529 70341 INFO tempest.lib.common.rest_client [req-f2f9c676-9f20-446b-9a73-c03fcb66eaea req-f2f9c676-9f20-446b-9a73-c03fcb66eaea ] Request (ServerAddressesNegativeTestJSON:setUpClass): 200 GET http://10.180.1.21/compute/v2.1/servers/dc5e77b1-e8cb-4ff9-9b83-0d9c49b9fe43 0.404s
2025-03-26 22:04:11.543 70371 INFO tempest.lib.common.rest_client [req-1eacd62e-028d-4ffb-96e4-75e78302fde8 req-1eacd62e-028d-4ffb-96e4-75e78302fde8 ] Request (AttachInterfacesTestJSON:test_create_list_show_delete_interfaces_by_fixed_ip): 200 PUT http://10.180.1.21:9696/networking/v2.0/floatingips/af361911-ef0a-460f-a5e3-d1d28d8b8625 0.804s
2025-03-26 22:04:11.577 70335 INFO tempest.lib.common.rest_client [req-05a18b64-8609-49b5-8070-bfebf41b25d4 req-05a18b64-8609-49b5-8070-bfebf41b25d4 ] Request (ServerActionsTestOtherA:setUpClass): 200 GET http://10.180.1.21/compute/v2.1/servers/26784492-3b89-4b43-8091-64a4c0499773 0.403s
2025-03-26 22:04:11.618 70379 INFO tempest.lib.common.rest_client [req-411802ba-758c-47ca-9213-b6bcd8acbd0b req-411802ba-758c-47ca-9213-b6bcd8acbd0b ] Request (ListServerFiltersTestJSON:tearDownClass): 200 GET http://10.180.1.21/compute/v2.1/servers/10ffa883-9787-4c2b-9912-11f35f299c35 0.397s
2025-03-26 22:04:11.650 70377 INFO tempest.lib.common.rest_client [req-4fd95a1a-5d09-4c0a-a8ff-615271cee3ea req-4fd95a1a-5d09-4c0a-a8ff-615271cee3ea ] Request (InstanceActionsNegativeTestJSON:setUpClass): 200 GET http://10.180.1.21/compute/v2.1/servers/8ad43e3f-41e1-4064-88d2-a16a6b3f8075 0.398s
2025-03-26 22:04:11.678 70387 INFO tempest.lib.common.rest_client [req-2e177d37-1bd4-4b27-a6dc-fcdbd88cead8 req-2e177d37-1bd4-4b27-a6dc-fcdbd88cead8 ] Request (SecurityGroupsTestJSON:test_server_security_groups): 200 GET http://10.180.1.21/compute/v2.1/servers/fd97c186-c39b-45b8-9ad0-32bbea157623 0.365s
2025-03-26 22:04:11.686 70387 INFO tempest.common.waiters [-] State transition "BUILD/scheduling" ==> "BUILD/None" after 71 second wait
2025-03-26 22:04:11.696 70343 INFO tempest.lib.common.rest_client [req-4ef809ad-ca87-4d23-9328-8cb5eb17be8f req-4ef809ad-ca87-4d23-9328-8cb5eb17be8f ] Request (ListImageFiltersTestJSON:setUpClass): 200 GET http://10.180.1.21/compute/v2.1/images/70e6eafa-57e2-463d-b762-f15fde716057 0.354s
2025-03-26 22:04:11.753 70393 INFO tempest.lib.common.rest_client [req-71373dbc-db8c-4ac4-b8cc-50e5b167bd99 req-71373dbc-db8c-4ac4-b8cc-50e5b167bd99 ] Request (ServerActionsV293TestJSON:setUpClass): 200 GET http://10.180.1.21/compute/v2.1/servers/88075c05-5098-4c8a-83e1-1569ab3f7364 0.399s
2025-03-26 22:04:11.758 70345 INFO tempest.lib.common.rest_client [req-619c4fdd-efff-4a52-b132-ce7f6c4d3ed8 req-619c4fdd-efff-4a52-b132-ce7f6c4d3ed8 ] Request (ServersTestBootFromVolume:setUpClass): 200 GET http://10.180.1.21/compute/v2.1/servers/0d46a59d-0b8c-4352-bdd5-ef49274ca424 0.359s
2025-03-26 22:04:11.815 70357 INFO tempest.lib.common.rest_client [req-734d97a1-3218-4176-ae00-a25338706ee1 req-734d97a1-3218-4176-ae00-a25338706ee1 ] Request (FloatingIPsAssociationTestJSON:tearDownClass): 204 DELETE http://10.180.1.21/compute/v2.1/servers/e6e74ef8-e10f-430f-8d61-71f1a53b9680 0.348s
2025-03-26 22:04:11.816 70355 INFO tempest.lib.common.rest_client [req-c56ab4cd-1a77-4eb8-a407-f95cfcfcf702 req-c56ab4cd-1a77-4eb8-a407-f95cfcfcf702 ] Request (ListServersNegativeTestJSON:test_list_servers_by_changes_since_future_date): 200 GET http://10.180.1.21/compute/v2.1/servers?changes-since=2051-01-01T12%3A34%3A00Z&status=ACTIVE 0.304s
2025-03-26 22:04:11.887 70385 INFO tempest.lib.common.rest_client [req-155ece03-740d-4fb8-9260-972d2d4327db req-155ece03-740d-4fb8-9260-972d2d4327db ] Request (ServersAdminNegativeTestJSON:tearDownClass): 200 GET http://10.180.1.21/compute/v2.1/servers/c185084d-195a-4157-926f-399999de0855 0.261s
2025-03-26 22:04:11.936 70371 INFO tempest.lib.common.rest_client [req-109e02d0-e278-4979-95f3-1d327188f009 req-109e02d0-e278-4979-95f3-1d327188f009 ] Request (AttachInterfacesTestJSON:test_create_list_show_delete_interfaces_by_fixed_ip): 200 GET http://10.180.1.21/compute/v2.1/servers/2e3e38b3-ea25-4443-ae05-36a632f979f2 0.390s
2025-03-26 22:04:11.945 70355 INFO tempest.lib.common.rest_client [req-244765f2-0d73-4a35-b2ee-bf3cdc2f93e4 req-244765f2-0d73-4a35-b2ee-bf3cdc2f93e4 ] Request (ListServersNegativeTestJSON:test_list_servers_by_changes_since_invalid_date): 400 GET http://10.180.1.21/compute/v2.1/servers?changes-since=2011%2F01%2F01 0.124s
2025-03-26 22:04:11.946 70371 INFO tempest.lib.common.ssh [-] Creating ssh connection to '10.180.180.133:22' as 'cirros' with public key authentication
2025-03-26 22:04:11.957 70357 INFO tempest.lib.common.rest_client [req-3f69f9aa-f2b6-4826-9518-be2b113d5ff0 req-3f69f9aa-f2b6-4826-9518-be2b113d5ff0 ] Request (FloatingIPsAssociationTestJSON:tearDownClass): 200 GET http://10.180.1.21/compute/v2.1/servers/e6e74ef8-e10f-430f-8d61-71f1a53b9680 0.142s
2025-03-26 22:04:11.989 70389 INFO tempest.lib.common.rest_client [req-71185b32-752c-466f-8d32-3ad4fbea2367 req-71185b32-752c-466f-8d32-3ad4fbea2367 ] Request (VolumesAssistedSnapshotsTest:_run_cleanups): 200 GET http://10.180.1.21/compute/v2.1/servers/32cde80f-7b4d-40df-ac02-087e12a739c5/os-volume_attachments 0.139s
2025-03-26 22:04:12.004 70365 INFO tempest.lib.common.rest_client [req-2a521594-8ebc-42e2-be78-99b0ec0c6b42 req-2a521594-8ebc-42e2-be78-99b0ec0c6b42 ] Request (ServersAdmin275Test:_run_cleanups): 200 GET http://10.180.1.21/compute/v2.1/servers/c42e1228-14f5-42d7-887c-c33644c478c5 0.176s
2025-03-26 22:04:12.014 70365 INFO tempest.common.waiters [-] State transition "REBUILD/rebuilding" ==> "REBUILD/rebuild_block_device_mapping" after 3 second wait
2025-03-26 22:04:12.026 70389 INFO tempest.lib.common.rest_client [req-eb450427-2627-4266-a6c4-632ebee50313 req-eb450427-2627-4266-a6c4-632ebee50313 ] Request (VolumesAssistedSnapshotsTest:_run_cleanups): 200 GET http://10.180.1.21/volume/v3/volumes/1cc602c0-dab3-4a45-8630-a6c83c9c33bd 0.035s
2025-03-26 22:04:12.033 70389 INFO tempest.common.waiters [-] volume 1cc602c0-dab3-4a45-8630-a6c83c9c33bd reached available after waiting for 0.033048 seconds
2025-03-26 22:04:12.046 70383 INFO tempest.lib.common.rest_client [req-58e0f3a2-d7fa-4ada-b46f-168a51cc1f46 req-58e0f3a2-d7fa-4ada-b46f-168a51cc1f46 ] Request (TenantUsagesTestJSON:setUpClass): 200 GET http://10.180.1.21/compute/v2.1/servers/d6fa88dd-2220-4998-8294-6a985ffb1eaf 0.126s
2025-03-26 22:04:12.061 70355 INFO tempest.lib.common.rest_client [req-d3da914c-0d1c-40e5-aa56-b30ffb4ef679 req-d3da914c-0d1c-40e5-aa56-b30ffb4ef679 ] Request (ListServersNegativeTestJSON:test_list_servers_by_limits_greater_than_actual_count): 200 GET http://10.180.1.21/compute/v2.1/servers 0.113s
2025-03-26 22:04:12.102 70389 INFO tempest.lib.common.rest_client [req-8354d906-53ce-4cf2-882b-c0cf175c8df3 req-8354d906-53ce-4cf2-882b-c0cf175c8df3 ] Request (VolumesAssistedSnapshotsTest:_run_cleanups): 202 DELETE http://10.180.1.21/volume/v3/volumes/1cc602c0-dab3-4a45-8630-a6c83c9c33bd 0.069s
2025-03-26 22:04:12.110 70369 INFO tempest.lib.common.rest_client [req-c8283d2c-c92a-42cf-8801-4693525368f4 req-c8283d2c-c92a-42cf-8801-4693525368f4 ] Request (ServerMetadataNegativeTestJSON:setUpClass): 200 GET http://10.180.1.21/compute/v2.1/servers/c8e47f25-9bbd-431f-bf2f-4f55169fd38e 0.111s
2025-03-26 22:04:12.148 70359 INFO tempest.lib.common.rest_client [req-55c93673-aa9a-45bc-830e-1d3e617730cf req-55c93673-aa9a-45bc-830e-1d3e617730cf ] Request (InstanceActionsV221TestJSON:test_get_list_deleted_instance_actions): 200 GET http://10.180.1.21/compute/v2.1/servers/a71a138e-d9a6-4a11-ae20-02fbbd798f32 0.080s
2025-03-26 22:04:12.149 70389 INFO tempest.lib.common.rest_client [req-8b29896e-3aeb-4e9e-a609-2d91f1556a22 req-8b29896e-3aeb-4e9e-a609-2d91f1556a22 ] Request (VolumesAssistedSnapshotsTest:_run_cleanups): 200 GET http://10.180.1.21/volume/v3/volumes/1cc602c0-dab3-4a45-8630-a6c83c9c33bd 0.046s
2025-03-26 22:04:12.162 70355 INFO tempest.lib.common.rest_client [req-0663bab7-54a8-4790-b155-025e8f31746b req-0663bab7-54a8-4790-b155-025e8f31746b ] Request (ListServersNegativeTestJSON:test_list_servers_by_limits_greater_than_actual_count): 200 GET http://10.180.1.21/compute/v2.1/servers?limit=102 0.095s
2025-03-26 22:04:12.178 70355 INFO tempest.lib.common.rest_client [req-aa7dcf81-e698-4d58-9d70-dfb03017d9d9 req-aa7dcf81-e698-4d58-9d70-dfb03017d9d9 ] Request (ListServersNegativeTestJSON:test_list_servers_by_limits_pass_negative_value): 400 GET http://10.180.1.21/compute/v2.1/servers?limit=-1 0.011s
2025-03-26 22:04:12.193 70355 INFO tempest.lib.common.rest_client [req-88a18317-4c88-4ea9-ba20-c0a9e9c09f03 req-88a18317-4c88-4ea9-ba20-c0a9e9c09f03 ] Request (ListServersNegativeTestJSON:test_list_servers_by_limits_pass_string): 400 GET http://10.180.1.21/compute/v2.1/servers?limit=testing 0.012s
2025-03-26 22:04:12.220 70337 INFO tempest.lib.common.rest_client [req-318352b9-f57f-4477-a621-517949a3f736 req-318352b9-f57f-4477-a621-517949a3f736 ] Request (ImagesOneServerTestJSON:setUpClass): 200 GET http://10.180.1.21/compute/v2.1/servers/2fd24361-c79d-49d6-86fb-a064a42d88be 0.096s
2025-03-26 22:04:12.223 70355 INFO tempest.lib.common.rest_client [req-f5d34f98-dc62-42cd-bb9e-dafd60610095 req-f5d34f98-dc62-42cd-bb9e-dafd60610095 ] Request (ListServersNegativeTestJSON:test_list_servers_by_non_existing_flavor): 200 GET http://10.180.1.21/compute/v2.1/servers?flavor=non_existing_flavor 0.028s
2025-03-26 22:04:12.277 70351 INFO tempest.lib.common.rest_client [req-2be91b8e-1473-489a-8af9-a07aff6fd753 req-2be91b8e-1473-489a-8af9-a07aff6fd753 ] Request (DeleteServersAdminTestJSON:test_delete_server_while_in_error_state): 200 GET http://10.180.1.21/compute/v2.1/servers/00d4e54d-2bb8-46d1-a850-e8573cc0104c 0.075s
2025-03-26 22:04:12.337 70355 INFO tempest.lib.common.rest_client [req-03e2cc58-fdac-4fcb-99c9-0ad050232817 req-03e2cc58-fdac-4fcb-99c9-0ad050232817 ] Request (ListServersNegativeTestJSON:test_list_servers_by_non_existing_image): 200 GET http://10.180.1.21/compute/v2.1/servers?image=non_existing_image 0.109s
2025-03-26 22:04:12.337 70381 INFO tempest.lib.common.rest_client [req-3c7d3d63-8f96-4e74-ab58-a8989bc29d95 req-3c7d3d63-8f96-4e74-ab58-a8989bc29d95 ] Request (ServerDiskConfigTestJSON:test_rebuild_server_with_manual_disk_config): 200 GET http://10.180.1.21/compute/v2.1/servers/aeff7ce3-80c4-4005-a377-8838e9f14dfa 0.082s
2025-03-26 22:04:12.339 70339 INFO paramiko.transport [-] Connected (version 2.0, client dropbear_2020.81)
2025-03-26 22:04:12.370 70355 INFO tempest.lib.common.rest_client [req-4d7d2ca2-def5-4851-9971-607c3c728e16 req-4d7d2ca2-def5-4851-9971-607c3c728e16 ] Request (ListServersNegativeTestJSON:test_list_servers_by_non_existing_server_name): 200 GET http://10.180.1.21/compute/v2.1/servers?name=non_existing_server_name 0.028s
2025-03-26 22:04:12.404 70395 INFO tempest.lib.common.rest_client [req-71dcde3b-4cc3-4f8a-8755-25720cf9cafb req-71dcde3b-4cc3-4f8a-8755-25720cf9cafb ] Request (MultipleCreateTestJSON:test_multiple_create_with_reservation_return): 200 GET http://10.180.1.21/compute/v2.1/servers/ef019654-75be-4394-ad62-f19d9eabdd6e 0.099s
2025-03-26 22:04:12.432 70363 INFO tempest.lib.common.rest_client [req-caf42772-b0a8-41ff-9bd5-61db70a3c257 req-caf42772-b0a8-41ff-9bd5-61db70a3c257 ] Request (MigrationsAdminTest:test_resize_server_revert_deleted_flavor): 200 GET http://10.180.1.21/compute/v2.1/servers/edec81c1-e48e-4c35-8a6d-62862975ce93 0.062s
2025-03-26 22:04:12.455 70339 INFO paramiko.transport [-] Authentication (publickey) successful!
2025-03-26 22:04:12.456 70339 INFO tempest.lib.common.ssh [-] ssh connection to cirros@10.180.180.175 successfully created
2025-03-26 22:04:12.498 70353 INFO tempest.lib.common.rest_client [req-dca724a9-8b9d-4678-aa2a-aae1d031238e req-dca724a9-8b9d-4678-aa2a-aae1d031238e ] Request (ImagesOneServerNegativeTestJSON:_run_cleanups): 200 GET http://10.180.1.21/compute/v2.1/servers/bd2599c1-6004-4e12-bdc8-6a00fa7add1c 0.062s
2025-03-26 22:04:12.575 70355 INFO tempest.lib.common.rest_client [req-013f5c50-cac2-4b74-b02f-028adcad7125 req-013f5c50-cac2-4b74-b02f-028adcad7125 ] Request (ListServersNegativeTestJSON:test_list_servers_detail_server_is_deleted): 200 GET http://10.180.1.21/compute/v2.1/servers/detail 0.200s
2025-03-26 22:04:12.600 70339 INFO tempest.lib.common.rest_client [req-b2df3360-9eda-4f6f-b5b2-80262c80fdd8 req-b2df3360-9eda-4f6f-b5b2-80262c80fdd8 ] Request (ServersWithSpecificFlavorTestJSON:test_verify_created_server_ephemeral_disk): 204 DELETE http://10.180.1.21/compute/v2.1/servers/5af0252a-65c9-4afb-9412-32666a385e42 0.134s
2025-03-26 22:04:12.644 70349 INFO tempest.lib.common.rest_client [req-02c9dd9d-77b2-41a4-ab1c-35a7cbd85d78 req-02c9dd9d-77b2-41a4-ab1c-35a7cbd85d78 ] Request (ServersAdminTestJSON:test_create_server_with_scheduling_hint): 200 GET http://10.180.1.21/compute/v2.1/servers/86c0c53f-00a6-4700-9188-f2c69578fa72 0.137s
2025-03-26 22:04:12.657 70341 INFO tempest.lib.common.rest_client [req-4fedbc6d-5e2e-48a6-a159-624d4d767d49 req-4fedbc6d-5e2e-48a6-a159-624d4d767d49 ] Request (ServerAddressesNegativeTestJSON:setUpClass): 200 GET http://10.180.1.21/compute/v2.1/servers/dc5e77b1-e8cb-4ff9-9b83-0d9c49b9fe43 0.117s
2025-03-26 22:04:12.664 70355 INFO tempest.lib.common.rest_client [req-711cd170-dfcc-401e-b536-99597d690f88 req-711cd170-dfcc-401e-b536-99597d690f88 ] Request (ListServersNegativeTestJSON:test_list_servers_status_non_existing): 200 GET http://10.180.1.21/compute/v2.1/servers?status=non_existing_status 0.068s
2025-03-26 22:04:12.676 70339 INFO tempest.lib.common.rest_client [req-665b76e6-8d91-414c-bf97-cb5869dc2963 req-665b76e6-8d91-414c-bf97-cb5869dc2963 ] Request (ServersWithSpecificFlavorTestJSON:test_verify_created_server_ephemeral_disk): 201 POST http://10.180.1.21/identity/v3/auth/tokens 0.072s
2025-03-26 22:04:12.676 70339 INFO tempest.lib.common.fixed_network [-] (ServersWithSpecificFlavorTestJSON:test_verify_created_server_ephemeral_disk) Found network {'id': '8001db73-5862-4e4a-b2ad-71f3ef0f075a', 'name': 'tempest-ServersWithSpecificFlavorTestJSON-1499598565-network', 'tenant_id': 'ab53f8407d6d4931adb7d1e13b1ebc80', 'admin_state_up': True, 'mtu': 8950, 'status': 'ACTIVE', 'subnets': [], 'shared': False, 'project_id': 'ab53f8407d6d4931adb7d1e13b1ebc80', 'port_security_enabled': True, 'router:external': False, 'provider:network_type': 'vlan', 'provider:physical_network': 'default', 'provider:segmentation_id': 8, 'availability_zone_hints': [], 'availability_zones': [], 'ipv4_address_scope': None, 'ipv6_address_scope': None, 'description': '', 'tags': [], 'created_at': '2025-03-26T22:01:42Z', 'updated_at': '2025-03-26T22:01:42Z', 'revision_number': 1} available for tenant
2025-03-26 22:04:12.718 70335 INFO tempest.lib.common.rest_client [req-f9a61496-e087-46ad-a7f1-e5147daa8cb8 req-f9a61496-e087-46ad-a7f1-e5147daa8cb8 ] Request (ServerActionsTestOtherA:setUpClass): 200 GET http://10.180.1.21/compute/v2.1/servers/26784492-3b89-4b43-8091-64a4c0499773 0.131s
2025-03-26 22:04:12.732 70379 INFO tempest.lib.common.rest_client [req-090637ce-1c24-4013-90c4-02accb7d6bb3 req-090637ce-1c24-4013-90c4-02accb7d6bb3 ] Request (ListServerFiltersTestJSON:tearDownClass): 200 GET http://10.180.1.21/compute/v2.1/servers/10ffa883-9787-4c2b-9912-11f35f299c35 0.106s
2025-03-26 22:04:12.776 70377 INFO tempest.lib.common.rest_client [req-e9d45111-e9cd-43c8-8a5d-15cca201fb33 req-e9d45111-e9cd-43c8-8a5d-15cca201fb33 ] Request (InstanceActionsNegativeTestJSON:setUpClass): 200 GET http://10.180.1.21/compute/v2.1/servers/8ad43e3f-41e1-4064-88d2-a16a6b3f8075 0.112s
2025-03-26 22:04:12.789 70355 INFO tempest.lib.common.rest_client [req-24f7f9ce-d657-4990-8284-266e3a5402bc req-24f7f9ce-d657-4990-8284-266e3a5402bc ] Request (ListServersNegativeTestJSON:test_list_servers_with_a_deleted_server): 200 GET http://10.180.1.21/compute/v2.1/servers 0.121s
2025-03-26 22:04:12.840 70387 INFO tempest.lib.common.rest_client [req-4bf9771a-d0de-446c-9f76-09a498f51e1a req-4bf9771a-d0de-446c-9f76-09a498f51e1a ] Request (SecurityGroupsTestJSON:test_server_security_groups): 200 GET http://10.180.1.21/compute/v2.1/servers/fd97c186-c39b-45b8-9ad0-32bbea157623 0.153s
2025-03-26 22:04:12.877 70343 INFO tempest.lib.common.rest_client [req-e957bf8a-04eb-45a1-b560-973b1fa90d75 req-e957bf8a-04eb-45a1-b560-973b1fa90d75 ] Request (ListImageFiltersTestJSON:setUpClass): 200 GET http://10.180.1.21/compute/v2.1/images/70e6eafa-57e2-463d-b762-f15fde716057 0.175s
2025-03-26 22:04:12.936 70393 INFO tempest.lib.common.rest_client [req-fbdea200-9563-4936-83bb-de4f0f65e903 req-fbdea200-9563-4936-83bb-de4f0f65e903 ] Request (ServerActionsV293TestJSON:setUpClass): 200 GET http://10.180.1.21/compute/v2.1/servers/88075c05-5098-4c8a-83e1-1569ab3f7364 0.172s
2025-03-26 22:04:12.989 70345 INFO tempest.lib.common.rest_client [req-7d0442d0-e801-411d-b9d3-880df41b9491 req-7d0442d0-e801-411d-b9d3-880df41b9491 ] Request (ServersTestBootFromVolume:setUpClass): 200 GET http://10.180.1.21/compute/v2.1/servers/0d46a59d-0b8c-4352-bdd5-ef49274ca424 0.222s
2025-03-26 22:04:13.007 70355 INFO tempest.lib.common.rest_client [req-702703c8-317a-473a-8d21-65cf51ae6392 req-702703c8-317a-473a-8d21-65cf51ae6392 ] Request (ListServersNegativeTestJSON:tearDownClass): 404 DELETE http://10.180.1.21/compute/v2.1/servers/70e48fb2-fe66-4eb8-a182-40425d0e2f1b 0.212s
2025-03-26 22:04:13.044 70343 INFO tempest.lib.common.rest_client [req-52a01eed-ad94-460d-85fe-09b474484bd4 req-52a01eed-ad94-460d-85fe-09b474484bd4 ] Request (ListImageFiltersTestJSON:setUpClass): 200 GET http://10.180.1.21/compute/v2.1/images/70e6eafa-57e2-463d-b762-f15fde716057 0.163s
2025-03-26 22:04:13.107 70385 INFO tempest.lib.common.rest_client [req-1e821c4e-1a4c-4dbb-a97e-ca9bd321a4e0 req-1e821c4e-1a4c-4dbb-a97e-ca9bd321a4e0 ] Request (ServersAdminNegativeTestJSON:tearDownClass): 200 GET http://10.180.1.21/compute/v2.1/servers/c185084d-195a-4157-926f-399999de0855 0.208s
2025-03-26 22:04:13.165 70357 INFO tempest.lib.common.rest_client [req-1b2293de-875a-4ad7-b6a0-51163a739f8f req-1b2293de-875a-4ad7-b6a0-51163a739f8f ] Request (FloatingIPsAssociationTestJSON:tearDownClass): 200 GET http://10.180.1.21/compute/v2.1/servers/e6e74ef8-e10f-430f-8d61-71f1a53b9680 0.198s
2025-03-26 22:04:13.173 70357 INFO tempest.common.waiters [-] State transition "ACTIVE/deleting" ==> "DELETED/None" after 2 second wait
2025-03-26 22:04:13.190 70389 INFO tempest.lib.common.rest_client [req-f3ad7ee4-2a4e-44cf-861e-f34999b10ae9 req-f3ad7ee4-2a4e-44cf-861e-f34999b10ae9 ] Request (VolumesAssistedSnapshotsTest:_run_cleanups): 200 GET http://10.180.1.21/volume/v3/volumes/1cc602c0-dab3-4a45-8630-a6c83c9c33bd 0.031s
2025-03-26 22:04:13.230 70339 INFO tempest.lib.common.rest_client [req-c34fd4ff-0ce8-4c28-8f22-9d2a8837cd52 req-c34fd4ff-0ce8-4c28-8f22-9d2a8837cd52 ] Request (ServersWithSpecificFlavorTestJSON:test_verify_created_server_ephemeral_disk): 202 POST http://10.180.1.21/compute/v2.1/servers 0.552s
2025-03-26 22:04:13.274 70355 INFO tempest.lib.common.rest_client [req-72614a4e-e74c-411d-9a03-4e50228ec3b1 req-72614a4e-e74c-411d-9a03-4e50228ec3b1 ] Request (ListServersNegativeTestJSON:tearDownClass): 204 DELETE http://10.180.1.21/compute/v2.1/servers/2cfab35b-f2fb-4782-a2ea-6cb6059261ba 0.267s
2025-03-26 22:04:13.316 70365 INFO tempest.lib.common.rest_client [req-1f29cbf9-4553-4ae9-a3f6-9dfa243f4836 req-1f29cbf9-4553-4ae9-a3f6-9dfa243f4836 ] Request (ServersAdmin275Test:_run_cleanups): 200 GET http://10.180.1.21/compute/v2.1/servers/c42e1228-14f5-42d7-887c-c33644c478c5 0.300s
2025-03-26 22:04:13.327 70365 INFO tempest.common.waiters [-] State transition "REBUILD/rebuild_block_device_mapping" ==> "REBUILD/rebuild_spawning" after 4 second wait
2025-03-26 22:04:13.366 70383 INFO tempest.lib.common.rest_client [req-f6e57484-1d9c-4d81-b46f-39a1148429f7 req-f6e57484-1d9c-4d81-b46f-39a1148429f7 ] Request (TenantUsagesTestJSON:setUpClass): 200 GET http://10.180.1.21/compute/v2.1/servers/d6fa88dd-2220-4998-8294-6a985ffb1eaf 0.313s
2025-03-26 22:04:13.412 70343 INFO tempest.lib.common.rest_client [req-e34c726c-64ad-4dd4-ab5f-8d4326425fa3 req-e34c726c-64ad-4dd4-ab5f-8d4326425fa3 ] Request (ListImageFiltersTestJSON:setUpClass): 200 GET http://10.180.1.21/compute/v2.1/servers/4410dd08-9b92-47af-90ce-103ca049e17a 0.365s
2025-03-26 22:04:13.415 70369 INFO tempest.lib.common.rest_client [req-3a96ec8f-8ed2-4601-9479-768342c01403 req-3a96ec8f-8ed2-4601-9479-768342c01403 ] Request (ServerMetadataNegativeTestJSON:setUpClass): 200 GET http://10.180.1.21/compute/v2.1/servers/c8e47f25-9bbd-431f-bf2f-4f55169fd38e 0.295s
2025-03-26 22:04:13.464 70359 INFO tempest.lib.common.rest_client [req-e5477c03-de02-4a78-bd21-dae9b4c6047d req-e5477c03-de02-4a78-bd21-dae9b4c6047d ] Request (InstanceActionsV221TestJSON:test_get_list_deleted_instance_actions): 200 GET http://10.180.1.21/compute/v2.1/servers/a71a138e-d9a6-4a11-ae20-02fbbd798f32 0.306s
2025-03-26 22:04:13.467 70337 INFO tempest.lib.common.rest_client [req-a3a6e8dc-5229-4331-a780-61142cfc2055 req-a3a6e8dc-5229-4331-a780-61142cfc2055 ] Request (ImagesOneServerTestJSON:setUpClass): 200 GET http://10.180.1.21/compute/v2.1/servers/2fd24361-c79d-49d6-86fb-a064a42d88be 0.235s
2025-03-26 22:04:13.500 70339 INFO tempest.lib.common.rest_client [req-919cff1d-01f0-45af-becc-3ca1a99d3b7f req-919cff1d-01f0-45af-becc-3ca1a99d3b7f ] Request (ServersWithSpecificFlavorTestJSON:test_verify_created_server_ephemeral_disk): 200 GET http://10.180.1.21/compute/v2.1/servers/2482e827-fac7-4d34-b8aa-bc93c44eef8c 0.268s
2025-03-26 22:04:13.544 70355 INFO tempest.lib.common.rest_client [req-49cb881c-4e89-4fc7-a991-32ba0b5685c8 req-49cb881c-4e89-4fc7-a991-32ba0b5685c8 ] Request (ListServersNegativeTestJSON:tearDownClass): 204 DELETE http://10.180.1.21/compute/v2.1/servers/19c96786-d3cc-49be-ac6e-825c62ffa8a6 0.269s
2025-03-26 22:04:13.559 70351 INFO tempest.lib.common.rest_client [req-ce9b9e59-a68f-4b4e-9335-c7a231c41acb req-ce9b9e59-a68f-4b4e-9335-c7a231c41acb ] Request (DeleteServersAdminTestJSON:test_delete_server_while_in_error_state): 200 GET http://10.180.1.21/compute/v2.1/servers/00d4e54d-2bb8-46d1-a850-e8573cc0104c 0.274s
2025-03-26 22:04:13.567 70351 INFO tempest.common.waiters [-] State transition "BUILD/None" ==> "BUILD/networking" after 91 second wait
2025-03-26 22:04:13.596 70381 INFO tempest.lib.common.rest_client [req-785aea95-016e-4ca1-bf84-198b436ab896 req-785aea95-016e-4ca1-bf84-198b436ab896 ] Request (ServerDiskConfigTestJSON:test_rebuild_server_with_manual_disk_config): 200 GET http://10.180.1.21/compute/v2.1/servers/aeff7ce3-80c4-4005-a377-8838e9f14dfa 0.246s
2025-03-26 22:04:13.609 70395 INFO tempest.lib.common.rest_client [req-26120e03-58e1-460b-929d-ce9f8d8054cd req-26120e03-58e1-460b-929d-ce9f8d8054cd ] Request (MultipleCreateTestJSON:test_multiple_create_with_reservation_return): 200 GET http://10.180.1.21/compute/v2.1/servers/ef019654-75be-4394-ad62-f19d9eabdd6e 0.193s
2025-03-26 22:04:13.642 70363 INFO tempest.lib.common.rest_client [req-1b32c068-cc4a-4126-86d2-4be1e835d0b9 req-1b32c068-cc4a-4126-86d2-4be1e835d0b9 ] Request (MigrationsAdminTest:test_resize_server_revert_deleted_flavor): 200 GET http://10.180.1.21/compute/v2.1/servers/edec81c1-e48e-4c35-8a6d-62862975ce93 0.201s
2025-03-26 22:04:13.661 70355 INFO tempest.lib.common.rest_client [req-3f39055e-f505-45d8-994a-b63776fd2d65 req-3f39055e-f505-45d8-994a-b63776fd2d65 ] Request (ListServersNegativeTestJSON:tearDownClass): 404 GET http://10.180.1.21/compute/v2.1/servers/70e48fb2-fe66-4eb8-a182-40425d0e2f1b 0.116s
2025-03-26 22:04:13.665 70353 INFO tempest.lib.common.rest_client [req-8f374a30-12a5-4e22-be23-ca14648035d6 req-8f374a30-12a5-4e22-be23-ca14648035d6 ] Request (ImagesOneServerNegativeTestJSON:_run_cleanups): 200 GET http://10.180.1.21/compute/v2.1/servers/bd2599c1-6004-4e12-bdc8-6a00fa7add1c 0.155s
2025-03-26 22:04:13.721 70349 INFO tempest.lib.common.rest_client [req-7825b1ae-cb3c-4515-8a8f-ce2f8704f1a7 req-7825b1ae-cb3c-4515-8a8f-ce2f8704f1a7 ] Request (ServersAdminTestJSON:test_create_server_with_scheduling_hint): 200 GET http://10.180.1.21/compute/v2.1/servers/86c0c53f-00a6-4700-9188-f2c69578fa72 0.069s
2025-03-26 22:04:13.770 70355 INFO tempest.lib.common.rest_client [req-75c3cc72-b0ea-4a4d-8db5-df908155a5c6 req-75c3cc72-b0ea-4a4d-8db5-df908155a5c6 ] Request (ListServersNegativeTestJSON:tearDownClass): 200 GET http://10.180.1.21/compute/v2.1/servers/2cfab35b-f2fb-4782-a2ea-6cb6059261ba 0.108s
2025-03-26 22:04:13.776 70341 INFO tempest.lib.common.rest_client [req-148a3228-929d-4b04-9d0d-1e9c5e551a8d req-148a3228-929d-4b04-9d0d-1e9c5e551a8d ] Request (ServerAddressesNegativeTestJSON:setUpClass): 200 GET http://10.180.1.21/compute/v2.1/servers/dc5e77b1-e8cb-4ff9-9b83-0d9c49b9fe43 0.109s
2025-03-26 22:04:13.824 70335 INFO tempest.lib.common.rest_client [req-6d4e3a88-7585-40be-91f7-1906693a9122 req-6d4e3a88-7585-40be-91f7-1906693a9122 ] Request (ServerActionsTestOtherA:setUpClass): 200 GET http://10.180.1.21/compute/v2.1/servers/26784492-3b89-4b43-8091-64a4c0499773 0.096s
2025-03-26 22:04:13.839 70379 INFO tempest.lib.common.rest_client [req-10962139-3303-4d64-a057-3e9abbd4d0d9 req-10962139-3303-4d64-a057-3e9abbd4d0d9 ] Request (ListServerFiltersTestJSON:tearDownClass): 200 GET http://10.180.1.21/compute/v2.1/servers/10ffa883-9787-4c2b-9912-11f35f299c35 0.095s
2025-03-26 22:04:13.882 70377 INFO tempest.lib.common.rest_client [req-5c881f7d-40e0-40d2-8bf9-ac70eff07e7e req-5c881f7d-40e0-40d2-8bf9-ac70eff07e7e ] Request (InstanceActionsNegativeTestJSON:setUpClass): 200 GET http://10.180.1.21/compute/v2.1/servers/8ad43e3f-41e1-4064-88d2-a16a6b3f8075 0.095s
2025-03-26 22:04:13.913 70387 INFO tempest.lib.common.rest_client [req-6b9a5540-95ad-42bd-90ac-39e5f6333abc req-6b9a5540-95ad-42bd-90ac-39e5f6333abc ] Request (SecurityGroupsTestJSON:test_server_security_groups): 200 GET http://10.180.1.21/compute/v2.1/servers/fd97c186-c39b-45b8-9ad0-32bbea157623 0.064s
2025-03-26 22:04:14.002 70393 INFO tempest.lib.common.rest_client [req-8e6a542b-0694-430f-a0ce-03445bf46155 req-8e6a542b-0694-430f-a0ce-03445bf46155 ] Request (ServerActionsV293TestJSON:setUpClass): 200 GET http://10.180.1.21/compute/v2.1/servers/88075c05-5098-4c8a-83e1-1569ab3f7364 0.055s
2025-03-26 22:04:14.050 70345 INFO tempest.lib.common.rest_client [req-45e9e28c-4c4a-4fba-8470-a6a6ba664417 req-45e9e28c-4c4a-4fba-8470-a6a6ba664417 ] Request (ServersTestBootFromVolume:setUpClass): 200 GET http://10.180.1.21/compute/v2.1/servers/0d46a59d-0b8c-4352-bdd5-ef49274ca424 0.050s
2025-03-26 22:04:14.184 70385 INFO tempest.lib.common.rest_client [req-05360040-76b8-41b4-987c-ef9cd8af0429 req-05360040-76b8-41b4-987c-ef9cd8af0429 ] Request (ServersAdminNegativeTestJSON:tearDownClass): 200 GET http://10.180.1.21/compute/v2.1/servers/c185084d-195a-4157-926f-399999de0855 0.061s
2025-03-26 22:04:14.231 70389 INFO tempest.lib.common.rest_client [req-7a799eb0-1d5a-43c5-9474-5bea6c223cff req-7a799eb0-1d5a-43c5-9474-5bea6c223cff ] Request (VolumesAssistedSnapshotsTest:_run_cleanups): 200 GET http://10.180.1.21/volume/v3/volumes/1cc602c0-dab3-4a45-8630-a6c83c9c33bd 0.032s
2025-03-26 22:04:14.256 70357 INFO tempest.lib.common.rest_client [req-b26730c8-ee83-442a-98dd-5cf3d0af9086 req-b26730c8-ee83-442a-98dd-5cf3d0af9086 ] Request (FloatingIPsAssociationTestJSON:tearDownClass): 200 GET http://10.180.1.21/compute/v2.1/servers/e6e74ef8-e10f-430f-8d61-71f1a53b9680 0.082s
2025-03-26 22:04:14.261 70373 WARNING tempest.lib.common.ssh [-] Failed to establish authenticated ssh connection to cirros@10.180.180.172 ([Errno None] Unable to connect to port 22 on 10.180.180.172). Number attempts: 5. Retry after 6 seconds.: paramiko.ssh_exception.NoValidConnectionsError: [Errno None] Unable to connect to port 22 on 10.180.180.172
2025-03-26 22:04:14.341 70361 WARNING tempest.lib.common.ssh [-] Failed to establish authenticated ssh connection to cirros@10.180.180.219 ([Errno None] Unable to connect to port 22 on 10.180.180.219). Number attempts: 6. Retry after 7 seconds.: paramiko.ssh_exception.NoValidConnectionsError: [Errno None] Unable to connect to port 22 on 10.180.180.219
2025-03-26 22:04:14.401 70365 INFO tempest.lib.common.rest_client [req-9c117c38-1858-4512-8630-a400d635e8eb req-9c117c38-1858-4512-8630-a400d635e8eb ] Request (ServersAdmin275Test:_run_cleanups): 200 GET http://10.180.1.21/compute/v2.1/servers/c42e1228-14f5-42d7-887c-c33644c478c5 0.073s
2025-03-26 22:04:14.434 70383 INFO tempest.lib.common.rest_client [req-3126b6c1-af9c-45ad-a698-ecea1642ccea req-3126b6c1-af9c-45ad-a698-ecea1642ccea ] Request (TenantUsagesTestJSON:setUpClass): 200 GET http://10.180.1.21/compute/v2.1/servers/d6fa88dd-2220-4998-8294-6a985ffb1eaf 0.060s
2025-03-26 22:04:14.493 70369 INFO tempest.lib.common.rest_client [req-e3ba73be-4223-4e41-b680-8ed51474f82e req-e3ba73be-4223-4e41-b680-8ed51474f82e ] Request (ServerMetadataNegativeTestJSON:setUpClass): 200 GET http://10.180.1.21/compute/v2.1/servers/c8e47f25-9bbd-431f-bf2f-4f55169fd38e 0.067s
2025-03-26 22:04:14.556 70343 INFO tempest.lib.common.rest_client [req-a06c91e0-8936-4320-b634-068f39c94b35 req-a06c91e0-8936-4320-b634-068f39c94b35 ] Request (ListImageFiltersTestJSON:setUpClass): 200 GET http://10.180.1.21/compute/v2.1/servers/4410dd08-9b92-47af-90ce-103ca049e17a 0.136s
2025-03-26 22:04:14.564 70359 INFO tempest.lib.common.rest_client [req-4f887f76-b576-4a70-a3e7-a66eb7c3d9a8 req-4f887f76-b576-4a70-a3e7-a66eb7c3d9a8 ] Request (InstanceActionsV221TestJSON:test_get_list_deleted_instance_actions): 200 GET http://10.180.1.21/compute/v2.1/servers/a71a138e-d9a6-4a11-ae20-02fbbd798f32 0.091s
2025-03-26 22:04:14.568 70343 INFO tempest.common.waiters [-] State transition "ACTIVE/image_uploading" ==> "ACTIVE/None" after 1 second wait
2025-03-26 22:04:14.620 70337 INFO tempest.lib.common.rest_client [req-4f2a0a9d-6e91-4e96-91df-8449a5a79638 req-4f2a0a9d-6e91-4e96-91df-8449a5a79638 ] Request (ImagesOneServerTestJSON:setUpClass): 200 GET http://10.180.1.21/compute/v2.1/servers/2fd24361-c79d-49d6-86fb-a064a42d88be 0.144s
2025-03-26 22:04:14.627 70339 INFO tempest.lib.common.rest_client [req-76c0100c-8f0a-47f2-ae82-86c39cb3843a req-76c0100c-8f0a-47f2-ae82-86c39cb3843a ] Request (ServersWithSpecificFlavorTestJSON:test_verify_created_server_ephemeral_disk): 200 GET http://10.180.1.21/compute/v2.1/servers/2482e827-fac7-4d34-b8aa-bc93c44eef8c 0.119s
2025-03-26 22:04:14.732 70351 INFO tempest.lib.common.rest_client [req-8d9d3bed-c4c2-474b-b28b-012f2c01539f req-8d9d3bed-c4c2-474b-b28b-012f2c01539f ] Request (DeleteServersAdminTestJSON:test_delete_server_while_in_error_state): 200 GET http://10.180.1.21/compute/v2.1/servers/00d4e54d-2bb8-46d1-a850-e8573cc0104c 0.164s
2025-03-26 22:04:14.739 70351 INFO tempest.common.waiters [-] State transition "BUILD/networking" ==> "BUILD/block_device_mapping" after 92 second wait
2025-03-26 22:04:14.785 70381 INFO tempest.lib.common.rest_client [req-fa28fec0-4341-4aa7-bd07-6561b9c97d2e req-fa28fec0-4341-4aa7-bd07-6561b9c97d2e ] Request (ServerDiskConfigTestJSON:test_rebuild_server_with_manual_disk_config): 200 GET http://10.180.1.21/compute/v2.1/servers/aeff7ce3-80c4-4005-a377-8838e9f14dfa 0.182s
2025-03-26 22:04:14.853 70395 INFO tempest.lib.common.rest_client [req-eebdcdf5-f499-4cea-a33d-e3e6333edb6c req-eebdcdf5-f499-4cea-a33d-e3e6333edb6c ] Request (MultipleCreateTestJSON:test_multiple_create_with_reservation_return): 200 GET http://10.180.1.21/compute/v2.1/servers/ef019654-75be-4394-ad62-f19d9eabdd6e 0.237s
2025-03-26 22:04:14.911 70363 INFO tempest.lib.common.rest_client [req-a2d34419-86f2-4905-8382-15208e927525 req-a2d34419-86f2-4905-8382-15208e927525 ] Request (MigrationsAdminTest:test_resize_server_revert_deleted_flavor): 200 GET http://10.180.1.21/compute/v2.1/servers/edec81c1-e48e-4c35-8a6d-62862975ce93 0.258s
2025-03-26 22:04:15.047 70343 INFO tempest.lib.common.rest_client [req-783ae728-08c3-4935-8616-cb8c5654f333 req-783ae728-08c3-4935-8616-cb8c5654f333 ] Request (ListImageFiltersTestJSON:setUpClass): 202 POST http://10.180.1.21/compute/v2.1/servers/70de7695-51b1-4f2d-bfef-80d4fac08c20/action 0.479s
2025-03-26 22:04:15.105 70349 INFO tempest.lib.common.rest_client [req-44e1d5ad-61ae-4897-8a0a-f08328c2d9bd req-44e1d5ad-61ae-4897-8a0a-f08328c2d9bd ] Request (ServersAdminTestJSON:test_create_server_with_scheduling_hint): 200 GET http://10.180.1.21/compute/v2.1/servers/86c0c53f-00a6-4700-9188-f2c69578fa72 0.375s
2025-03-26 22:04:15.195 70355 INFO tempest.lib.common.rest_client [req-d3998a70-67bb-4b96-8a18-911dd84f1006 req-d3998a70-67bb-4b96-8a18-911dd84f1006 ] Request (ListServersNegativeTestJSON:tearDownClass): 200 GET http://10.180.1.21/compute/v2.1/servers/2cfab35b-f2fb-4782-a2ea-6cb6059261ba 0.415s
2025-03-26 22:04:15.216 70353 INFO tempest.lib.common.rest_client [req-a98e4afd-f4d5-4725-8534-07a8085f0c7a req-a98e4afd-f4d5-4725-8534-07a8085f0c7a ] Request (ImagesOneServerNegativeTestJSON:_run_cleanups): 200 GET http://10.180.1.21/compute/v2.1/servers/bd2599c1-6004-4e12-bdc8-6a00fa7add1c 0.541s
2025-03-26 22:04:15.241 70341 INFO tempest.lib.common.rest_client [req-623527ab-fa5f-4580-8dce-78047dbf771d req-623527ab-fa5f-4580-8dce-78047dbf771d ] Request (ServerAddressesNegativeTestJSON:setUpClass): 200 GET http://10.180.1.21/compute/v2.1/servers/dc5e77b1-e8cb-4ff9-9b83-0d9c49b9fe43 0.454s
2025-03-26 22:04:15.252 70389 INFO tempest.lib.common.rest_client [req-6ad7aa36-1295-4fce-af6e-255405741b19 req-6ad7aa36-1295-4fce-af6e-255405741b19 ] Request (VolumesAssistedSnapshotsTest:_run_cleanups): 404 GET http://10.180.1.21/volume/v3/volumes/1cc602c0-dab3-4a45-8630-a6c83c9c33bd 0.013s
2025-03-26 22:04:15.274 70335 INFO tempest.lib.common.rest_client [req-8cc998d2-78b3-4dbe-b8fd-974475640408 req-8cc998d2-78b3-4dbe-b8fd-974475640408 ] Request (ServerActionsTestOtherA:setUpClass): 200 GET http://10.180.1.21/compute/v2.1/servers/26784492-3b89-4b43-8091-64a4c0499773 0.437s
2025-03-26 22:04:15.297 70379 INFO tempest.lib.common.rest_client [req-407fcb35-dcdc-4960-85f8-0fbb9e553e42 req-407fcb35-dcdc-4960-85f8-0fbb9e553e42 ] Request (ListServerFiltersTestJSON:tearDownClass): 200 GET http://10.180.1.21/compute/v2.1/servers/10ffa883-9787-4c2b-9912-11f35f299c35 0.447s
2025-03-26 22:04:15.330 70377 INFO tempest.lib.common.rest_client [req-7af61a07-60bd-4680-adac-94c68e63a575 req-7af61a07-60bd-4680-adac-94c68e63a575 ] Request (InstanceActionsNegativeTestJSON:setUpClass): 200 GET http://10.180.1.21/compute/v2.1/servers/8ad43e3f-41e1-4064-88d2-a16a6b3f8075 0.440s
2025-03-26 22:04:15.341 70387 INFO tempest.lib.common.rest_client [req-86fbc194-a4bf-4a26-9a8e-71a0303cd813 req-86fbc194-a4bf-4a26-9a8e-71a0303cd813 ] Request (SecurityGroupsTestJSON:test_server_security_groups): 200 GET http://10.180.1.21/compute/v2.1/servers/fd97c186-c39b-45b8-9ad0-32bbea157623 0.420s
2025-03-26 22:04:15.371 70343 INFO tempest.lib.common.rest_client [req-8c3b69e9-8090-47e9-beff-850af4ea0a3e req-8c3b69e9-8090-47e9-beff-850af4ea0a3e ] Request (ListImageFiltersTestJSON:setUpClass): 200 GET http://10.180.1.21/compute/v2.1/images/0bd554bd-bf80-4d60-9fc7-b083001a4efb 0.322s
2025-03-26 22:04:15.386 70393 INFO tempest.lib.common.rest_client [req-5890f8fd-ed9f-420c-aaab-889e0eb3df86 req-5890f8fd-ed9f-420c-aaab-889e0eb3df86 ] Request (ServerActionsV293TestJSON:setUpClass): 200 GET http://10.180.1.21/compute/v2.1/servers/88075c05-5098-4c8a-83e1-1569ab3f7364 0.370s
2025-03-26 22:04:15.430 70345 INFO tempest.lib.common.rest_client [req-032d701e-8062-444c-ae23-8ddc2be75541 req-032d701e-8062-444c-ae23-8ddc2be75541 ] Request (ServersTestBootFromVolume:setUpClass): 200 GET http://10.180.1.21/compute/v2.1/servers/0d46a59d-0b8c-4352-bdd5-ef49274ca424 0.371s
2025-03-26 22:04:15.455 70367 WARNING tempest.lib.common.ssh [-] Failed to establish authenticated ssh connection to cirros@10.180.180.188 ([Errno None] Unable to connect to port 22 on 10.180.180.188). Number attempts: 11. Retry after 12 seconds.: paramiko.ssh_exception.NoValidConnectionsError: [Errno None] Unable to connect to port 22 on 10.180.180.188
2025-03-26 22:04:15.469 70385 INFO tempest.lib.common.rest_client [req-55379572-6996-46ad-affe-f24f8465acf6 req-55379572-6996-46ad-affe-f24f8465acf6 ] Request (ServersAdminNegativeTestJSON:tearDownClass): 200 GET http://10.180.1.21/compute/v2.1/servers/c185084d-195a-4157-926f-399999de0855 0.277s
2025-03-26 22:04:15.532 70389 INFO tempest.lib.common.rest_client [req-928f6818-7ad6-4a47-b8ef-faf475963ce3 req-928f6818-7ad6-4a47-b8ef-faf475963ce3 ] Request (VolumesAssistedSnapshotsTest:tearDownClass): 204 DELETE http://10.180.1.21/compute/v2.1/servers/32cde80f-7b4d-40df-ac02-087e12a739c5 0.274s
2025-03-26 22:04:15.589 70357 INFO tempest.lib.common.rest_client [req-873fbd55-06f8-4a61-a95f-5385017f9239 req-873fbd55-06f8-4a61-a95f-5385017f9239 ] Request (FloatingIPsAssociationTestJSON:tearDownClass): 200 GET http://10.180.1.21/compute/v2.1/servers/e6e74ef8-e10f-430f-8d61-71f1a53b9680 0.323s
2025-03-26 22:04:15.620 70365 INFO tempest.lib.common.rest_client [req-214da0c7-15da-4294-8be2-afd87ed955df req-214da0c7-15da-4294-8be2-afd87ed955df ] Request (ServersAdmin275Test:_run_cleanups): 200 GET http://10.180.1.21/compute/v2.1/servers/c42e1228-14f5-42d7-887c-c33644c478c5 0.204s
2025-03-26 22:04:15.665 70383 INFO tempest.lib.common.rest_client [req-f27e42ee-6685-45ea-93d9-4cf511fa46cd req-f27e42ee-6685-45ea-93d9-4cf511fa46cd ] Request (TenantUsagesTestJSON:setUpClass): 200 GET http://10.180.1.21/compute/v2.1/servers/d6fa88dd-2220-4998-8294-6a985ffb1eaf 0.219s
2025-03-26 22:04:15.684 70369 INFO tempest.lib.common.rest_client [req-371c944f-50ad-4df3-b702-6277bbec42f8 req-371c944f-50ad-4df3-b702-6277bbec42f8 ] Request (ServerMetadataNegativeTestJSON:setUpClass): 200 GET http://10.180.1.21/compute/v2.1/servers/c8e47f25-9bbd-431f-bf2f-4f55169fd38e 0.182s
2025-03-26 22:04:15.769 70359 INFO tempest.lib.common.rest_client [req-2976246f-6749-43f8-a876-92e2c2f7a126 req-2976246f-6749-43f8-a876-92e2c2f7a126 ] Request (InstanceActionsV221TestJSON:test_get_list_deleted_instance_actions): 200 GET http://10.180.1.21/compute/v2.1/servers/a71a138e-d9a6-4a11-ae20-02fbbd798f32 0.185s
2025-03-26 22:04:15.837 70337 INFO tempest.lib.common.rest_client [req-1a2f4d0c-7b12-4b12-b97c-1eb8c14c3842 req-1a2f4d0c-7b12-4b12-b97c-1eb8c14c3842 ] Request (ImagesOneServerTestJSON:setUpClass): 200 GET http://10.180.1.21/compute/v2.1/servers/2fd24361-c79d-49d6-86fb-a064a42d88be 0.208s
2025-03-26 22:04:15.909 70339 INFO tempest.lib.common.rest_client [req-70e0ff84-dc24-4a52-916b-44c0fbec590b req-70e0ff84-dc24-4a52-916b-44c0fbec590b ] Request (ServersWithSpecificFlavorTestJSON:test_verify_created_server_ephemeral_disk): 200 GET http://10.180.1.21/compute/v2.1/servers/2482e827-fac7-4d34-b8aa-bc93c44eef8c 0.274s
2025-03-26 22:04:16.003 70389 INFO tempest.lib.common.rest_client [req-692d90da-f0bf-48ad-a2a0-7f2c7f03cb3f req-692d90da-f0bf-48ad-a2a0-7f2c7f03cb3f ] Request (VolumesAssistedSnapshotsTest:tearDownClass): 200 GET http://10.180.1.21/compute/v2.1/servers/32cde80f-7b4d-40df-ac02-087e12a739c5 0.471s
2025-03-26 22:04:16.053 70371 WARNING tempest.lib.common.ssh [-] Failed to establish authenticated ssh connection to cirros@10.180.180.133 ([Errno None] Unable to connect to port 22 on 10.180.180.133). Number attempts: 1. Retry after 2 seconds.: paramiko.ssh_exception.NoValidConnectionsError: [Errno None] Unable to connect to port 22 on 10.180.180.133
2025-03-26 22:04:16.072 70381 INFO tempest.lib.common.rest_client [req-a29b5c9d-b24b-4325-8c69-998957c2aa41 req-a29b5c9d-b24b-4325-8c69-998957c2aa41 ] Request (ServerDiskConfigTestJSON:test_rebuild_server_with_manual_disk_config): 200 GET http://10.180.1.21/compute/v2.1/servers/aeff7ce3-80c4-4005-a377-8838e9f14dfa 0.277s
2025-03-26 22:04:16.080 70351 INFO tempest.lib.common.rest_client [req-555585f2-123b-44e1-8594-de1d554fecb6 req-555585f2-123b-44e1-8594-de1d554fecb6 ] Request (DeleteServersAdminTestJSON:test_delete_server_while_in_error_state): 200 GET http://10.180.1.21/compute/v2.1/servers/00d4e54d-2bb8-46d1-a850-e8573cc0104c 0.339s
2025-03-26 22:04:16.096 70351 INFO tempest.common.waiters [-] State transition "BUILD/block_device_mapping" ==> "BUILD/spawning" after 94 second wait
2025-03-26 22:04:16.128 70395 INFO tempest.lib.common.rest_client [req-6e1ba525-9198-496b-bdc8-a3aa5795b96d req-6e1ba525-9198-496b-bdc8-a3aa5795b96d ] Request (MultipleCreateTestJSON:test_multiple_create_with_reservation_return): 200 GET http://10.180.1.21/compute/v2.1/servers/ef019654-75be-4394-ad62-f19d9eabdd6e 0.264s
2025-03-26 22:04:16.146 70363 INFO tempest.lib.common.rest_client [req-0c131f52-91f6-493b-90c2-346b0cd8aaca req-0c131f52-91f6-493b-90c2-346b0cd8aaca ] Request (MigrationsAdminTest:test_resize_server_revert_deleted_flavor): 200 GET http://10.180.1.21/compute/v2.1/servers/edec81c1-e48e-4c35-8a6d-62862975ce93 0.226s
2025-03-26 22:04:16.207 70349 INFO tempest.lib.common.rest_client [req-59ad9c25-6c6f-487f-8676-659c62dfcda1 req-59ad9c25-6c6f-487f-8676-659c62dfcda1 ] Request (ServersAdminTestJSON:test_create_server_with_scheduling_hint): 200 GET http://10.180.1.21/compute/v2.1/servers/86c0c53f-00a6-4700-9188-f2c69578fa72 0.094s
2025-03-26 22:04:16.266 70355 INFO tempest.lib.common.rest_client [req-8e1da111-b3a0-42e2-9aa9-765370187301 req-8e1da111-b3a0-42e2-9aa9-765370187301 ] Request (ListServersNegativeTestJSON:tearDownClass): 200 GET http://10.180.1.21/compute/v2.1/servers/2cfab35b-f2fb-4782-a2ea-6cb6059261ba 0.062s
2025-03-26 22:04:16.289 70353 INFO tempest.lib.common.rest_client [req-a5e64e81-01f0-464e-b9a4-2fcab95e00bc req-a5e64e81-01f0-464e-b9a4-2fcab95e00bc ] Request (ImagesOneServerNegativeTestJSON:_run_cleanups): 200 GET http://10.180.1.21/compute/v2.1/servers/bd2599c1-6004-4e12-bdc8-6a00fa7add1c 0.064s
2025-03-26 22:04:16.327 70341 INFO tempest.lib.common.rest_client [req-297487c3-04d2-4b6a-ba3d-002afeda6cba req-297487c3-04d2-4b6a-ba3d-002afeda6cba ] Request (ServerAddressesNegativeTestJSON:setUpClass): 200 GET http://10.180.1.21/compute/v2.1/servers/dc5e77b1-e8cb-4ff9-9b83-0d9c49b9fe43 0.077s
2025-03-26 22:04:16.342 70335 INFO tempest.lib.common.rest_client [req-305f48e9-1b05-42ab-8499-417ab459cc3b req-305f48e9-1b05-42ab-8499-417ab459cc3b ] Request (ServerActionsTestOtherA:setUpClass): 200 GET http://10.180.1.21/compute/v2.1/servers/26784492-3b89-4b43-8091-64a4c0499773 0.058s
2025-03-26 22:04:16.381 70379 INFO tempest.lib.common.rest_client [req-d92c6c59-7d99-4f98-9def-c63f23f31b82 req-d92c6c59-7d99-4f98-9def-c63f23f31b82 ] Request (ListServerFiltersTestJSON:tearDownClass): 200 GET http://10.180.1.21/compute/v2.1/servers/10ffa883-9787-4c2b-9912-11f35f299c35 0.076s
2025-03-26 22:04:16.388 70377 INFO tempest.lib.common.rest_client [req-df5b8c6c-6b5c-4f2a-9208-e33e10bd8381 req-df5b8c6c-6b5c-4f2a-9208-e33e10bd8381 ] Request (InstanceActionsNegativeTestJSON:setUpClass): 200 GET http://10.180.1.21/compute/v2.1/servers/8ad43e3f-41e1-4064-88d2-a16a6b3f8075 0.050s
2025-03-26 22:04:16.396 70377 INFO tempest.common.waiters [-] State transition "BUILD/None" ==> "BUILD/networking" after 90 second wait
2025-03-26 22:04:16.421 70343 INFO tempest.lib.common.rest_client [req-fa8dea45-57f5-4fc1-8fe3-c00f7436e136 req-fa8dea45-57f5-4fc1-8fe3-c00f7436e136 ] Request (ListImageFiltersTestJSON:setUpClass): 200 GET http://10.180.1.21/compute/v2.1/images/0bd554bd-bf80-4d60-9fc7-b083001a4efb 0.043s
2025-03-26 22:04:16.427 70387 INFO tempest.lib.common.rest_client [req-6bc63189-55b0-4464-a49d-fc5640277f2c req-6bc63189-55b0-4464-a49d-fc5640277f2c ] Request (SecurityGroupsTestJSON:test_server_security_groups): 200 GET http://10.180.1.21/compute/v2.1/servers/fd97c186-c39b-45b8-9ad0-32bbea157623 0.077s
2025-03-26 22:04:16.474 70393 INFO tempest.lib.common.rest_client [req-c7c590be-cf6c-4a27-9112-28dfd0d5c210 req-c7c590be-cf6c-4a27-9112-28dfd0d5c210 ] Request (ServerActionsV293TestJSON:setUpClass): 200 GET http://10.180.1.21/compute/v2.1/servers/88075c05-5098-4c8a-83e1-1569ab3f7364 0.078s
2025-03-26 22:04:16.487 70345 INFO tempest.lib.common.rest_client [req-3ed18203-bee4-4e29-a1c8-0c114e0fa43b req-3ed18203-bee4-4e29-a1c8-0c114e0fa43b ] Request (ServersTestBootFromVolume:setUpClass): 200 GET http://10.180.1.21/compute/v2.1/servers/0d46a59d-0b8c-4352-bdd5-ef49274ca424 0.050s
2025-03-26 22:04:16.502 70385 INFO tempest.lib.common.rest_client [req-20eb7d86-0043-4559-9426-5df1a134f549 req-20eb7d86-0043-4559-9426-5df1a134f549 ] Request (ServersAdminNegativeTestJSON:tearDownClass): 404 GET http://10.180.1.21/compute/v2.1/servers/c185084d-195a-4157-926f-399999de0855 0.022s
2025-03-26 22:04:16.598 70385 INFO tempest.lib.common.rest_client [req-cf4b96e8-6b03-420f-854b-f1604d30ce1f req-cf4b96e8-6b03-420f-854b-f1604d30ce1f ] Request (ServersAdminNegativeTestJSON:tearDownClass): 204 DELETE http://10.180.1.21/compute/v2.1/servers/5312440a-5551-4acc-b114-67bb23a84399 0.095s
