2025-04-14 12:33:05.013 70468 INFO tempest.lib.common.rest_client [req-87897a6e-1f98-41cb-b3a7-71681bab0b31 req-87897a6e-1f98-41cb-b3a7-71681bab0b31 ] Request (ImagesNegativeTestJSON:test_create_image_from_deleted_server): 200 GET http://10.180.1.21/compute/v2.1/servers/1cde37d8-bb36-4da1-9be8-9d722666a7a0 0.411s
2025-04-14 12:33:05.056 70448 INFO tempest.lib.common.rest_client [req-842682c9-6152-4571-85f5-87ad7b556f6a req-842682c9-6152-4571-85f5-87ad7b556f6a ] Request (MigrationsAdminTest:test_resize_server_revert_deleted_flavor): 200 GET http://10.180.1.21/compute/v2.1/servers/da5e0b7e-b288-455d-a93e-7bbc4a8c58c9 0.436s
2025-04-14 12:33:05.085 70444 INFO tempest.lib.common.rest_client [req-24986e33-ca52-4771-9bc9-c53c5f62fcfd req-24986e33-ca52-4771-9bc9-c53c5f62fcfd ] Request (AttachInterfacesV270Test:tearDownClass): 200 PUT http://10.180.1.21:9696/networking/v2.0/routers/eff9b236-447a-4ea4-8c28-42676b6b652c/remove_router_interface 1.560s
2025-04-14 12:33:05.106 70488 INFO tempest.lib.common.rest_client [req-5f2d1c6e-319b-4e76-aae1-fe9e3edcea28 req-5f2d1c6e-319b-4e76-aae1-fe9e3edcea28 ] Request (AttachVolumeShelveTestJSON:test_attach_volume_shelved_or_offload_server): 200 GET http://10.180.1.21/compute/v2.1/servers/bada8017-1fc1-47c8-ac7e-b596e2fc2917 0.413s
2025-04-14 12:33:05.191 70490 INFO tempest.lib.common.rest_client [req-f9a6ba59-38eb-473e-9c61-11e8fac88a59 req-f9a6ba59-38eb-473e-9c61-11e8fac88a59 ] Request (MultipleCreateTestJSON:test_multiple_create): 200 GET http://10.180.1.21/compute/v2.1/servers/4f479379-020b-4939-9be7-624b7dac426e 0.386s
2025-04-14 12:33:05.243 70462 INFO tempest.lib.common.rest_client [req-7259d8a4-8132-4ae4-ad58-d11412b6a1b5 req-7259d8a4-8132-4ae4-ad58-d11412b6a1b5 ] Request (ServerDiskConfigTestJSON:test_rebuild_server_with_manual_disk_config): 200 GET http://10.180.1.21/compute/v2.1/servers/ee9173ac-18ee-4882-bfe3-ab4cdc707d1a 0.352s
2025-04-14 12:33:05.297 70450 INFO tempest.lib.common.rest_client [req-41b4d233-3684-42ff-8ff0-8b360bbff211 req-41b4d233-3684-42ff-8ff0-8b360bbff211 ] Request (ServersWithSpecificFlavorTestJSON:test_verify_created_server_ephemeral_disk): 200 GET http://10.180.1.21/compute/v2.1/servers/f32d148d-a6be-4323-a5ea-8b10beca2d5b 0.316s
2025-04-14 12:33:05.415 70492 INFO tempest.lib.common.rest_client [req-ddf5a647-7944-447b-815d-b7196c9a07b5 req-ddf5a647-7944-447b-815d-b7196c9a07b5 ] Request (FloatingIPsAssociationTestJSON:tearDownClass): 200 GET http://10.180.1.21/compute/v2.1/servers/546d4f1f-00dc-458c-a0f5-3810925a681d 0.411s
2025-04-14 12:33:05.440 70484 INFO tempest.lib.common.rest_client [req-d13aea12-ad8f-44f0-9bbf-ced67123dd6f req-d13aea12-ad8f-44f0-9bbf-ced67123dd6f ] Request (ListImageFiltersTestJSON:setUpClass): 202 POST http://10.180.1.21/compute/v2.1/servers/394ed08f-2d43-4261-bed1-cd94b14770ba/action 0.749s
2025-04-14 12:33:05.462 70432 INFO tempest.lib.common.rest_client [req-ec2c67be-12a6-479b-83d4-de251342289c req-ec2c67be-12a6-479b-83d4-de251342289c ] Request (FloatingIPsAssociationNegativeTestJSON:setUpClass): 200 GET http://10.180.1.21/compute/v2.1/servers/90d28880-88ca-4540-b9e1-27fa08c0ff9e 0.396s
2025-04-14 12:33:05.496 70486 INFO tempest.lib.common.rest_client [req-2ae221a9-1025-4fe3-862f-536aeacaad2a req-2ae221a9-1025-4fe3-862f-536aeacaad2a ] Request (ServersTestJSON:test_create_server_with_ipv6_addr_only): 200 GET http://10.180.1.21/compute/v2.1/servers/47240db4-50a6-45eb-806a-bc57fafdcadb 0.352s
2025-04-14 12:33:05.509 70438 INFO tempest.lib.common.rest_client [req-8ef789c2-c98b-4c2a-a851-a8431258f44e req-8ef789c2-c98b-4c2a-a851-a8431258f44e ] Request (ServersNegativeTestJSON:setUpClass): 200 GET http://10.180.1.21/compute/v2.1/servers/382ead1c-5ee4-46fe-9172-d56fbe43b7e6 0.286s
2025-04-14 12:33:05.543 70474 INFO tempest.lib.common.rest_client [req-ebbdfb4c-f50b-4d2c-81c3-c979e95dff53 req-ebbdfb4c-f50b-4d2c-81c3-c979e95dff53 ] Request (ServerActionsTestJSON:setUpClass): 200 GET http://10.180.1.21/compute/v2.1/servers/02c505b2-d1ff-4aae-b887-b10678a49427 0.249s
2025-04-14 12:33:05.557 70440 INFO tempest.lib.common.rest_client [req-ac000c87-7ec9-4e64-b0cf-80485d5fa27b req-ac000c87-7ec9-4e64-b0cf-80485d5fa27b ] Request (ServerAddressesTestJSON:setUpClass): 200 GET http://10.180.1.21/compute/v2.1/servers/cf420ae8-a415-49e5-ad08-3d62c6d7e040 0.195s
2025-04-14 12:33:05.588 70484 INFO tempest.lib.common.rest_client [req-2e2a3a1b-0c77-46ff-be6f-2d84c4711021 req-2e2a3a1b-0c77-46ff-be6f-2d84c4711021 ] Request (ListImageFiltersTestJSON:setUpClass): 200 GET http://10.180.1.21/compute/v2.1/images/34e92a17-fc09-4cd4-8024-5fc5ed01930a 0.145s
2025-04-14 12:33:05.594 70466 INFO tempest.lib.common.rest_client [req-387e1ffb-2604-4815-afe4-81ac20e55336 req-387e1ffb-2604-4815-afe4-81ac20e55336 ] Request (ImagesOneServerNegativeTestJSON:_run_cleanups): 200 GET http://10.180.1.21/compute/v2.1/servers/cc8b3887-1051-4d76-be7c-2cf21a3a28a0 0.168s
2025-04-14 12:33:05.636 70444 INFO tempest.lib.common.rest_client [req-14b25d7a-bf69-498f-87ac-97146e250785 req-14b25d7a-bf69-498f-87ac-97146e250785 ] Request (AttachInterfacesV270Test:tearDownClass): 204 DELETE http://10.180.1.21:9696/networking/v2.0/routers/eff9b236-447a-4ea4-8c28-42676b6b652c 0.550s
2025-04-14 12:33:05.641 70458 INFO tempest.lib.common.rest_client [req-27b57ea0-25fb-4f2a-a383-add125ee7aa1 req-27b57ea0-25fb-4f2a-a383-add125ee7aa1 ] Request (DeleteServersTestJSON:test_delete_server_while_in_attached_volume): 200 GET http://10.180.1.21/compute/v2.1/servers/3a8418da-6dbf-48d2-bcfa-1db117ec8631 0.119s
2025-04-14 12:33:05.739 70460 INFO tempest.lib.common.rest_client [req-413f589c-bfc9-4b0a-ab13-165bd4d84242 req-413f589c-bfc9-4b0a-ab13-165bd4d84242 ] Request (ListServerFiltersTestJSON:tearDownClass): 200 GET http://10.180.1.21/compute/v2.1/servers/eb79b06b-68ff-44ef-bff4-28aee201e914 0.087s
2025-04-14 12:33:05.794 70444 INFO tempest.lib.common.rest_client [req-07283c03-4fdb-4e79-a2c5-96c8a66258c2 req-07283c03-4fdb-4e79-a2c5-96c8a66258c2 ] Request (AttachInterfacesV270Test:tearDownClass): 204 DELETE http://10.180.1.21:9696/networking/v2.0/subnets/de25d213-640b-4ee4-839b-bdef9b13ffe7 0.157s
2025-04-14 12:33:05.803 70434 INFO tempest.lib.common.rest_client [req-c6d92fb4-01e2-4511-b844-ca0c8aae48b5 req-c6d92fb4-01e2-4511-b844-ca0c8aae48b5 ] Request (ImagesTestJSON:test_create_image_from_stopped_server): 200 GET http://10.180.1.21/compute/v2.1/servers/ad8051f2-8149-46b3-9c77-3c71dc5ddcd9 0.086s
2025-04-14 12:33:05.821 70478 INFO tempest.lib.common.rest_client [req-3e93954a-3714-48eb-baef-4f0e6843e148 req-3e93954a-3714-48eb-baef-4f0e6843e148 ] Request (ServerRescueTestJSONUnderV235:tearDownClass): 404 GET http://10.180.1.21/compute/v2.1/servers/480263ba-bab0-4026-ac77-0e2f6a425f1e 0.034s
2025-04-14 12:33:05.983 70464 INFO tempest.lib.common.rest_client [req-71dd3661-7510-406a-ab3f-7a475ad68f01 req-71dd3661-7510-406a-ab3f-7a475ad68f01 ] Request (ServerExternalEventsTest:test_create_server_external_events): 200 GET http://10.180.1.21/compute/v2.1/servers/913679b6-777c-402a-862d-7fcd293f9527 0.148s
2025-04-14 12:33:06.003 70476 INFO tempest.lib.common.rest_client [req-bcd90857-e00f-4e59-9976-d93c3908692d req-bcd90857-e00f-4e59-9976-d93c3908692d ] Request (ServersAdminTestJSON:test_inject_network_info): 200 GET http://10.180.1.21/compute/v2.1/servers/ad9ec99f-5338-44db-a225-a31e8ee75682 0.233s
2025-04-14 12:33:06.082 70472 INFO tempest.lib.common.rest_client [req-54741cb8-64ca-4307-a340-dffe305c8b0f req-54741cb8-64ca-4307-a340-dffe305c8b0f ] Request (ServersAdminNegativeTestJSON:tearDownClass): 200 GET http://10.180.1.21/compute/v2.1/servers/9fa8a004-e7b8-412e-bd4d-f8a20675bbe8 0.203s
2025-04-14 12:33:06.139 70442 WARNING tempest.lib.common.ssh [-] Failed to establish authenticated ssh connection to cirros@10.180.180.134 ([Errno None] Unable to connect to port 22 on 10.180.180.134). Number attempts: 13. Retry after 14 seconds.: paramiko.ssh_exception.NoValidConnectionsError: [Errno None] Unable to connect to port 22 on 10.180.180.134
2025-04-14 12:33:06.195 70482 INFO tempest.lib.common.rest_client [req-2864dcf1-47ae-4a6a-b56f-03ffad01fd1a req-2864dcf1-47ae-4a6a-b56f-03ffad01fd1a ] Request (ServerRescueTestJSON:setUpClass): 200 GET http://10.180.1.21/compute/v2.1/servers/d5594fac-44a9-4be9-ac10-42e6f368365f 0.208s
2025-04-14 12:33:06.202 70456 INFO tempest.lib.common.rest_client [req-c34fe586-d101-41d9-8a45-fbb4fc7c7dfa req-c34fe586-d101-41d9-8a45-fbb4fc7c7dfa ] Request (InstanceActionsTestJSON:setUpClass): 200 GET http://10.180.1.21/compute/v2.1/servers/b93c923f-ce74-4d7e-abec-c456db0e83af 0.229s
2025-04-14 12:33:06.290 70468 INFO tempest.lib.common.rest_client [req-09da71a6-6719-41fa-9df2-bf6109496ffa req-09da71a6-6719-41fa-9df2-bf6109496ffa ] Request (ImagesNegativeTestJSON:test_create_image_from_deleted_server): 200 GET http://10.180.1.21/compute/v2.1/servers/1cde37d8-bb36-4da1-9be8-9d722666a7a0 0.270s
2025-04-14 12:33:06.301 70448 INFO tempest.lib.common.rest_client [req-466cba22-c3e0-43b4-97ab-8e0996c1812e req-466cba22-c3e0-43b4-97ab-8e0996c1812e ] Request (MigrationsAdminTest:test_resize_server_revert_deleted_flavor): 200 GET http://10.180.1.21/compute/v2.1/servers/da5e0b7e-b288-455d-a93e-7bbc4a8c58c9 0.237s
2025-04-14 12:33:06.303 70468 INFO tempest.common.waiters [-] State transition "BUILD/None" ==> "BUILD/networking" after 88 second wait
2025-04-14 12:33:06.381 70488 INFO tempest.lib.common.rest_client [req-1672a23c-4af4-4075-94f1-61e9696172ea req-1672a23c-4af4-4075-94f1-61e9696172ea ] Request (AttachVolumeShelveTestJSON:test_attach_volume_shelved_or_offload_server): 200 GET http://10.180.1.21/compute/v2.1/servers/bada8017-1fc1-47c8-ac7e-b596e2fc2917 0.266s
2025-04-14 12:33:06.449 70462 INFO tempest.lib.common.rest_client [req-853e7acf-08b7-4cc4-99de-b8842e800b73 req-853e7acf-08b7-4cc4-99de-b8842e800b73 ] Request (ServerDiskConfigTestJSON:test_rebuild_server_with_manual_disk_config): 200 GET http://10.180.1.21/compute/v2.1/servers/ee9173ac-18ee-4882-bfe3-ab4cdc707d1a 0.190s
2025-04-14 12:33:06.483 70490 INFO tempest.lib.common.rest_client [req-bbe0bf1d-ede2-44e9-913b-6745a6552e72 req-bbe0bf1d-ede2-44e9-913b-6745a6552e72 ] Request (MultipleCreateTestJSON:test_multiple_create): 200 GET http://10.180.1.21/compute/v2.1/servers/4f479379-020b-4939-9be7-624b7dac426e 0.284s
2025-04-14 12:33:06.525 70450 INFO tempest.lib.common.rest_client [req-3eab1ed1-b814-403b-9f3b-83faa463b5c0 req-3eab1ed1-b814-403b-9f3b-83faa463b5c0 ] Request (ServersWithSpecificFlavorTestJSON:test_verify_created_server_ephemeral_disk): 200 GET http://10.180.1.21/compute/v2.1/servers/f32d148d-a6be-4323-a5ea-8b10beca2d5b 0.220s
2025-04-14 12:33:06.573 70444 INFO tempest.lib.common.rest_client [req-5f35e2cb-4e45-45bb-aab5-4ff9776d9738 req-5f35e2cb-4e45-45bb-aab5-4ff9776d9738 ] Request (AttachInterfacesV270Test:tearDownClass): 204 DELETE http://10.180.1.21:9696/networking/v2.0/networks/81b4783f-a5cf-48cc-a0d9-bebe91f60f0a 0.778s
2025-04-14 12:33:06.603 70432 INFO tempest.lib.common.rest_client [req-30bbb09d-4ec9-4906-b353-6bfea479eff1 req-30bbb09d-4ec9-4906-b353-6bfea479eff1 ] Request (FloatingIPsAssociationNegativeTestJSON:setUpClass): 200 GET http://10.180.1.21/compute/v2.1/servers/90d28880-88ca-4540-b9e1-27fa08c0ff9e 0.132s
2025-04-14 12:33:06.697 70486 INFO tempest.lib.common.rest_client [req-b4668b44-7b95-4a93-b78b-079db6cd2c29 req-b4668b44-7b95-4a93-b78b-079db6cd2c29 ] Request (ServersTestJSON:test_create_server_with_ipv6_addr_only): 200 GET http://10.180.1.21/compute/v2.1/servers/47240db4-50a6-45eb-806a-bc57fafdcadb 0.192s
2025-04-14 12:33:06.719 70492 INFO tempest.lib.common.rest_client [req-0a5c1edd-0224-4679-aa6c-6035683f04bd req-0a5c1edd-0224-4679-aa6c-6035683f04bd ] Request (FloatingIPsAssociationTestJSON:tearDownClass): 200 GET http://10.180.1.21/compute/v2.1/servers/546d4f1f-00dc-458c-a0f5-3810925a681d 0.290s
2025-04-14 12:33:06.793 70438 INFO tempest.lib.common.rest_client [req-ad28d295-81d3-47eb-ad23-51db4ac95cd6 req-ad28d295-81d3-47eb-ad23-51db4ac95cd6 ] Request (ServersNegativeTestJSON:setUpClass): 200 GET http://10.180.1.21/compute/v2.1/servers/382ead1c-5ee4-46fe-9172-d56fbe43b7e6 0.276s
2025-04-14 12:33:06.815 70474 INFO tempest.lib.common.rest_client [req-91dca014-df05-40f7-bda9-8c1cb2c66c49 req-91dca014-df05-40f7-bda9-8c1cb2c66c49 ] Request (ServerActionsTestJSON:setUpClass): 200 GET http://10.180.1.21/compute/v2.1/servers/02c505b2-d1ff-4aae-b887-b10678a49427 0.263s
2025-04-14 12:33:06.871 70440 INFO tempest.lib.common.rest_client [req-46c85f59-a903-4293-b628-2980863e11c9 req-46c85f59-a903-4293-b628-2980863e11c9 ] Request (ServerAddressesTestJSON:setUpClass): 200 GET http://10.180.1.21/compute/v2.1/servers/cf420ae8-a415-49e5-ad08-3d62c6d7e040 0.307s
2025-04-14 12:33:06.877 70484 INFO tempest.lib.common.rest_client [req-fed6e72f-15e9-4a00-8b63-269b27879ebf req-fed6e72f-15e9-4a00-8b63-269b27879ebf ] Request (ListImageFiltersTestJSON:setUpClass): 200 GET http://10.180.1.21/compute/v2.1/images/34e92a17-fc09-4cd4-8024-5fc5ed01930a 0.283s
2025-04-14 12:33:06.943 70466 INFO tempest.lib.common.rest_client [req-2daa3aab-aa42-4624-9690-646c46502ed9 req-2daa3aab-aa42-4624-9690-646c46502ed9 ] Request (ImagesOneServerNegativeTestJSON:_run_cleanups): 200 GET http://10.180.1.21/compute/v2.1/servers/cc8b3887-1051-4d76-be7c-2cf21a3a28a0 0.337s
2025-04-14 12:33:06.954 70458 INFO tempest.lib.common.rest_client [req-a2a2afda-fdd6-4bbc-a41b-9c159d814fd3 req-a2a2afda-fdd6-4bbc-a41b-9c159d814fd3 ] Request (DeleteServersTestJSON:test_delete_server_while_in_attached_volume): 200 GET http://10.180.1.21/compute/v2.1/servers/3a8418da-6dbf-48d2-bcfa-1db117ec8631 0.302s
2025-04-14 12:33:06.977 70444 INFO tempest.lib.common.rest_client [req-28032a92-9278-49ac-a381-0094672ece28 req-28032a92-9278-49ac-a381-0094672ece28 ] Request (AttachInterfacesV270Test:tearDownClass): 204 DELETE http://10.180.1.21/identity/v3/users/e080b611428c4fd3b62daf142666d385 0.404s
2025-04-14 12:33:06.977 70444 INFO tempest.lib.common.dynamic_creds [-] Deleting project and security group for project: 17c9551a50834cf1862676e20781c904
2025-04-14 12:33:07.001 70436 INFO paramiko.transport [-] Connected (version 2.0, client dropbear_2020.81)
2025-04-14 12:33:07.047 70444 INFO tempest.lib.common.rest_client [req-99712209-9305-46b7-81eb-de40763e7d5a req-99712209-9305-46b7-81eb-de40763e7d5a ] Request (AttachInterfacesV270Test:tearDownClass): 200 GET http://10.180.1.21:9696/networking/v2.0/security-groups?tenant_id=17c9551a50834cf1862676e20781c904&name=default 0.069s
2025-04-14 12:33:07.062 70436 INFO paramiko.transport [-] Authentication (publickey) successful!
2025-04-14 12:33:07.063 70436 INFO tempest.lib.common.ssh [-] ssh connection to cirros@10.180.180.203 successfully created
2025-04-14 12:33:07.069 70434 INFO tempest.lib.common.rest_client [req-d24686a2-5889-465f-a9c8-5ce8fb941c6c req-d24686a2-5889-465f-a9c8-5ce8fb941c6c ] Request (ImagesTestJSON:test_create_image_from_stopped_server): 200 GET http://10.180.1.21/compute/v2.1/servers/ad8051f2-8149-46b3-9c77-3c71dc5ddcd9 0.246s
2025-04-14 12:33:07.077 70460 INFO tempest.lib.common.rest_client [req-32144b1a-40d7-4aab-9ca5-45673a5ffdc0 req-32144b1a-40d7-4aab-9ca5-45673a5ffdc0 ] Request (ListServerFiltersTestJSON:tearDownClass): 200 GET http://10.180.1.21/compute/v2.1/servers/eb79b06b-68ff-44ef-bff4-28aee201e914 0.328s
2025-04-14 12:33:07.136 70476 INFO tempest.lib.common.rest_client [req-2abcfb32-59be-4c48-a0bc-a3acebbb8397 req-2abcfb32-59be-4c48-a0bc-a3acebbb8397 ] Request (ServersAdminTestJSON:test_inject_network_info): 200 GET http://10.180.1.21/compute/v2.1/servers/ad9ec99f-5338-44db-a225-a31e8ee75682 0.123s
2025-04-14 12:33:07.152 70464 INFO tempest.lib.common.rest_client [req-2ce8c512-46f9-43a0-a6e6-3c9344de8cdb req-2ce8c512-46f9-43a0-a6e6-3c9344de8cdb ] Request (ServerExternalEventsTest:test_create_server_external_events): 200 GET http://10.180.1.21/compute/v2.1/servers/913679b6-777c-402a-862d-7fcd293f9527 0.154s
2025-04-14 12:33:07.217 70472 INFO tempest.lib.common.rest_client [req-109d77a8-a60c-430b-9436-26f8df55d1e3 req-109d77a8-a60c-430b-9436-26f8df55d1e3 ] Request (ServersAdminNegativeTestJSON:tearDownClass): 200 GET http://10.180.1.21/compute/v2.1/servers/9fa8a004-e7b8-412e-bd4d-f8a20675bbe8 0.122s
2025-04-14 12:33:07.288 70482 INFO tempest.lib.common.rest_client [req-f682cb42-67b7-4159-92f7-073ea7fcf9aa req-f682cb42-67b7-4159-92f7-073ea7fcf9aa ] Request (ServerRescueTestJSON:setUpClass): 200 GET http://10.180.1.21/compute/v2.1/servers/d5594fac-44a9-4be9-ac10-42e6f368365f 0.073s
2025-04-14 12:33:07.358 70436 INFO tempest.lib.common.rest_client [req-fac7f22e-7f3e-4eda-ab83-02fc64b4c33d req-fac7f22e-7f3e-4eda-ab83-02fc64b4c33d ] Request (VolumesAdminNegativeTest:test_update_attached_volume_with_nonexistent_volume_in_body): 202 POST http://10.180.1.21/volume/v3/volumes 0.294s
2025-04-14 12:33:07.395 70436 INFO tempest.lib.common.rest_client [req-59724925-e75a-409f-b068-0fbb9cb4a96b req-59724925-e75a-409f-b068-0fbb9cb4a96b ] Request (VolumesAdminNegativeTest:test_update_attached_volume_with_nonexistent_volume_in_body): 200 GET http://10.180.1.21/volume/v3/volumes/a2af49c4-3813-4de6-88b5-89b0aad335e9 0.031s
2025-04-14 12:33:07.402 70456 INFO tempest.lib.common.rest_client [req-38a215a2-21f2-45d1-875c-47f4dceb3797 req-38a215a2-21f2-45d1-875c-47f4dceb3797 ] Request (InstanceActionsTestJSON:setUpClass): 200 GET http://10.180.1.21/compute/v2.1/servers/b93c923f-ce74-4d7e-abec-c456db0e83af 0.192s
2025-04-14 12:33:07.489 70448 INFO tempest.lib.common.rest_client [req-9a345ba8-5923-4803-b73b-df24d40ee5a7 req-9a345ba8-5923-4803-b73b-df24d40ee5a7 ] Request (MigrationsAdminTest:test_resize_server_revert_deleted_flavor): 200 GET http://10.180.1.21/compute/v2.1/servers/da5e0b7e-b288-455d-a93e-7bbc4a8c58c9 0.178s
2025-04-14 12:33:07.498 70444 INFO tempest.lib.common.rest_client [req-aed84e18-1187-41e9-9ae4-25f8feee1c66 req-aed84e18-1187-41e9-9ae4-25f8feee1c66 ] Request (AttachInterfacesV270Test:tearDownClass): 204 DELETE http://10.180.1.21:9696/networking/v2.0/security-groups/c2e787f6-ad99-43e8-9576-55d4f0442ca6 0.451s
2025-04-14 12:33:07.521 70478 INFO tempest.lib.common.rest_client [req-80df65fc-174b-415e-9a50-a28780824377 req-80df65fc-174b-415e-9a50-a28780824377 ] Request (ServerRescueTestJSONUnderV235:tearDownClass): 200 PUT http://10.180.1.21:9696/networking/v2.0/routers/7424160e-e902-410d-8f70-c5f3c2ef4717/remove_router_interface 1.700s
2025-04-14 12:33:07.552 70468 INFO tempest.lib.common.rest_client [req-4e9a6e38-3312-4c0a-8851-3826b24d77b7 req-4e9a6e38-3312-4c0a-8851-3826b24d77b7 ] Request (ImagesNegativeTestJSON:test_create_image_from_deleted_server): 200 GET http://10.180.1.21/compute/v2.1/servers/1cde37d8-bb36-4da1-9be8-9d722666a7a0 0.248s
2025-04-14 12:33:07.562 70468 INFO tempest.common.waiters [-] State transition "BUILD/networking" ==> "BUILD/spawning" after 89 second wait
2025-04-14 12:33:07.587 70488 INFO tempest.lib.common.rest_client [req-287a8765-0ccf-4028-967f-7db6e7888191 req-287a8765-0ccf-4028-967f-7db6e7888191 ] Request (AttachVolumeShelveTestJSON:test_attach_volume_shelved_or_offload_server): 200 GET http://10.180.1.21/compute/v2.1/servers/bada8017-1fc1-47c8-ac7e-b596e2fc2917 0.193s
2025-04-14 12:33:07.647 70462 INFO tempest.lib.common.rest_client [req-10633f8a-2721-4714-899e-293e1bcf3967 req-10633f8a-2721-4714-899e-293e1bcf3967 ] Request (ServerDiskConfigTestJSON:test_rebuild_server_with_manual_disk_config): 200 GET http://10.180.1.21/compute/v2.1/servers/ee9173ac-18ee-4882-bfe3-ab4cdc707d1a 0.187s
2025-04-14 12:33:07.717 70454 WARNING tempest.lib.common.ssh [-] Failed to establish authenticated ssh connection to cirros@10.180.180.217 ([Errno None] Unable to connect to port 22 on 10.180.180.217). Number attempts: 9. Retry after 10 seconds.: paramiko.ssh_exception.NoValidConnectionsError: [Errno None] Unable to connect to port 22 on 10.180.180.217
2025-04-14 12:33:07.761 70444 INFO tempest.lib.common.rest_client [req-e0dc3472-f6ee-4c2e-a34d-93ba8abb84d9 req-e0dc3472-f6ee-4c2e-a34d-93ba8abb84d9 ] Request (AttachInterfacesV270Test:tearDownClass): 204 DELETE http://10.180.1.21/identity/v3/projects/17c9551a50834cf1862676e20781c904 0.263s
2025-04-14 12:33:07.860 70444 INFO tempest.lib.common.rest_client [req-659132a8-f70e-43e4-8f6c-c20356afdcb0 req-659132a8-f70e-43e4-8f6c-c20356afdcb0 ] Request (ServersAaction247Test:setUpClass): 201 POST http://10.180.1.21/identity/v3/auth/tokens 0.097s
2025-04-14 12:33:07.897 70444 INFO tempest.lib.common.rest_client [req-28c91345-fdf1-4c15-a7ad-e3cf1a1566b6 req-28c91345-fdf1-4c15-a7ad-e3cf1a1566b6 ] Request (ServersAaction247Test:setUpClass): 201 POST http://10.180.1.21/identity/v3/auth/tokens 0.035s
2025-04-14 12:33:07.940 70444 INFO tempest.lib.common.rest_client [req-084f4810-950e-4766-9770-dfe9dfeb54b9 req-084f4810-950e-4766-9770-dfe9dfeb54b9 ] Request (ServersAaction247Test:setUpClass): 200 GET http://10.180.1.21/identity/v3/domains?name=Default 0.042s
2025-04-14 12:33:07.948 70450 INFO tempest.lib.common.rest_client [req-8f940da5-f4e6-4ba7-83f2-d2c52fd160e0 req-8f940da5-f4e6-4ba7-83f2-d2c52fd160e0 ] Request (ServersWithSpecificFlavorTestJSON:test_verify_created_server_ephemeral_disk): 200 GET http://10.180.1.21/compute/v2.1/servers/f32d148d-a6be-4323-a5ea-8b10beca2d5b 0.412s
2025-04-14 12:33:08.038 70490 INFO tempest.lib.common.rest_client [req-425c9a82-4970-44cf-bdd2-45b7ab16dbb6 req-425c9a82-4970-44cf-bdd2-45b7ab16dbb6 ] Request (MultipleCreateTestJSON:test_multiple_create): 200 GET http://10.180.1.21/compute/v2.1/servers/4f479379-020b-4939-9be7-624b7dac426e 0.545s
2025-04-14 12:33:08.070 70444 INFO tempest.lib.common.rest_client [req-10bf576a-822a-42e9-9027-145323312131 req-10bf576a-822a-42e9-9027-145323312131 ] Request (ServersAaction247Test:setUpClass): 201 POST http://10.180.1.21/identity/v3/projects 0.129s
2025-04-14 12:33:08.100 70432 INFO tempest.lib.common.rest_client [req-56f523f5-d3dc-406f-8f19-a647216db9bb req-56f523f5-d3dc-406f-8f19-a647216db9bb ] Request (FloatingIPsAssociationNegativeTestJSON:setUpClass): 200 GET http://10.180.1.21/compute/v2.1/servers/90d28880-88ca-4540-b9e1-27fa08c0ff9e 0.484s
2025-04-14 12:33:08.110 70486 INFO tempest.lib.common.rest_client [req-45bfc76c-2836-43ce-bfd8-0a43dcb04ea0 req-45bfc76c-2836-43ce-bfd8-0a43dcb04ea0 ] Request (ServersTestJSON:test_create_server_with_ipv6_addr_only): 200 GET http://10.180.1.21/compute/v2.1/servers/47240db4-50a6-45eb-806a-bc57fafdcadb 0.399s
2025-04-14 12:33:08.123 70430 WARNING tempest.lib.common.ssh [-] Failed to establish authenticated ssh connection to cirros@10.180.180.159 ([Errno None] Unable to connect to port 22 on 10.180.180.159). Number attempts: 12. Retry after 13 seconds.: paramiko.ssh_exception.NoValidConnectionsError: [Errno None] Unable to connect to port 22 on 10.180.180.159
2025-04-14 12:33:08.177 70438 INFO tempest.lib.common.rest_client [req-55a321e8-7ee6-4654-aa96-b886debb7123 req-55a321e8-7ee6-4654-aa96-b886debb7123 ] Request (ServersNegativeTestJSON:setUpClass): 200 GET http://10.180.1.21/compute/v2.1/servers/382ead1c-5ee4-46fe-9172-d56fbe43b7e6 0.373s
2025-04-14 12:33:08.196 70492 INFO tempest.lib.common.rest_client [req-c2d6dd24-11bc-4729-b0a1-c4f166e21d54 req-c2d6dd24-11bc-4729-b0a1-c4f166e21d54 ] Request (FloatingIPsAssociationTestJSON:tearDownClass): 200 GET http://10.180.1.21/compute/v2.1/servers/546d4f1f-00dc-458c-a0f5-3810925a681d 0.466s
2025-04-14 12:33:08.237 70474 INFO tempest.lib.common.rest_client [req-1e9cfb80-4c32-4e62-a052-29a65676ff9a req-1e9cfb80-4c32-4e62-a052-29a65676ff9a ] Request (ServerActionsTestJSON:setUpClass): 200 GET http://10.180.1.21/compute/v2.1/servers/02c505b2-d1ff-4aae-b887-b10678a49427 0.414s
2025-04-14 12:33:08.237 70444 INFO tempest.lib.common.rest_client [req-763b7b95-a801-4ceb-a27a-c66f3fb08a32 req-763b7b95-a801-4ceb-a27a-c66f3fb08a32 ] Request (ServersAaction247Test:setUpClass): 201 POST http://10.180.1.21/identity/v3/users 0.167s
2025-04-14 12:33:08.253 70484 INFO tempest.lib.common.rest_client [req-d54f70fe-5c1b-419a-b0f4-109abb11e305 req-d54f70fe-5c1b-419a-b0f4-109abb11e305 ] Request (ListImageFiltersTestJSON:setUpClass): 200 GET http://10.180.1.21/compute/v2.1/images/34e92a17-fc09-4cd4-8024-5fc5ed01930a 0.370s
2025-04-14 12:33:08.273 70444 INFO tempest.lib.common.rest_client [req-c24f8992-bd7c-4932-af78-3991802ee630 req-c24f8992-bd7c-4932-af78-3991802ee630 ] Request (ServersAaction247Test:setUpClass): 200 GET http://10.180.1.21/identity/v3/roles 0.035s
2025-04-14 12:33:08.294 70440 INFO tempest.lib.common.rest_client [req-f562b252-87b5-4941-b494-aba4606e5b7e req-f562b252-87b5-4941-b494-aba4606e5b7e ] Request (ServerAddressesTestJSON:setUpClass): 200 GET http://10.180.1.21/compute/v2.1/servers/cf420ae8-a415-49e5-ad08-3d62c6d7e040 0.409s
2025-04-14 12:33:08.302 70478 INFO tempest.lib.common.rest_client [req-81a2c37c-3c73-4fb2-910f-383783cf8d96 req-81a2c37c-3c73-4fb2-910f-383783cf8d96 ] Request (ServerRescueTestJSONUnderV235:tearDownClass): 204 DELETE http://10.180.1.21:9696/networking/v2.0/routers/7424160e-e902-410d-8f70-c5f3c2ef4717 0.780s
2025-04-14 12:33:08.311 70466 INFO tempest.lib.common.rest_client [req-a765c3a2-9a34-4264-ae3d-3e9384f448e6 req-a765c3a2-9a34-4264-ae3d-3e9384f448e6 ] Request (ImagesOneServerNegativeTestJSON:_run_cleanups): 200 GET http://10.180.1.21/compute/v2.1/servers/cc8b3887-1051-4d76-be7c-2cf21a3a28a0 0.351s
2025-04-14 12:33:08.315 70444 INFO tempest.lib.common.rest_client [req-70c65a00-033b-4f65-9db9-fbf26c209f9d req-70c65a00-033b-4f65-9db9-fbf26c209f9d ] Request (ServersAaction247Test:setUpClass): 204 PUT http://10.180.1.21/identity/v3/projects/f707368f03994c7d9ed8a869fd115e4b/users/11fb5d240f964ffb87e9a57cb174a09c/roles/d1b67443904c44b38e7ab21dcaacb0e3 0.042s
2025-04-14 12:33:08.315 70444 INFO tempest.lib.common.dynamic_creds [-] Dynamic test user 11fb5d240f964ffb87e9a57cb174a09c is created with scope project and roles: ['member']
2025-04-14 12:33:08.315 70444 INFO tempest.lib.common.dynamic_creds [-] Acquired dynamic creds: credentials: Credentials: {'domain_id': 'default', 'domain_name': 'Default', 'username': 'tempest-ServersAaction247Test-1388785667-project-member', 'project_domain_id': 'default', 'project_domain_name': 'Default', 'project_id': 'f707368f03994c7d9ed8a869fd115e4b', 'project_name': 'tempest-ServersAaction247Test-1388785667', 'tenant_id': 'f707368f03994c7d9ed8a869fd115e4b', 'tenant_name': 'tempest-ServersAaction247Test-1388785667', 'user_domain_id': 'default', 'user_domain_name': 'Default', 'user_id': '11fb5d240f964ffb87e9a57cb174a09c', 'system': None}, Network: None, Subnet: None, Router: None
2025-04-14 12:33:08.316 70444 INFO tempest.lib.common.dynamic_creds [-] Created isolated network resources for: credentials: Credentials: {'domain_id': 'default', 'domain_name': 'Default', 'username': 'tempest-ServersAaction247Test-1388785667-project-member', 'project_domain_id': 'default', 'project_domain_name': 'Default', 'project_id': 'f707368f03994c7d9ed8a869fd115e4b', 'project_name': 'tempest-ServersAaction247Test-1388785667', 'tenant_id': 'f707368f03994c7d9ed8a869fd115e4b', 'tenant_name': 'tempest-ServersAaction247Test-1388785667', 'user_domain_id': 'default', 'user_domain_name': 'Default', 'user_id': '11fb5d240f964ffb87e9a57cb174a09c', 'system': None}, Network: None, Subnet: None, Router: None
2025-04-14 12:33:08.371 70458 INFO tempest.lib.common.rest_client [req-4f6b9fe2-807c-4991-bac2-0cda6f78e17f req-4f6b9fe2-807c-4991-bac2-0cda6f78e17f ] Request (DeleteServersTestJSON:test_delete_server_while_in_attached_volume): 200 GET http://10.180.1.21/compute/v2.1/servers/3a8418da-6dbf-48d2-bcfa-1db117ec8631 0.407s
2025-04-14 12:33:08.378 70434 INFO tempest.lib.common.rest_client [req-dc2c3b75-7515-4a52-9353-b5f9f34bf236 req-dc2c3b75-7515-4a52-9353-b5f9f34bf236 ] Request (ImagesTestJSON:test_create_image_from_stopped_server): 200 GET http://10.180.1.21/compute/v2.1/servers/ad8051f2-8149-46b3-9c77-3c71dc5ddcd9 0.301s
2025-04-14 12:33:08.432 70444 INFO tempest.lib.common.rest_client [req-6a52c3f8-1aca-4890-b137-d3534793d90b req-6a52c3f8-1aca-4890-b137-d3534793d90b ] Request (ServersAaction247Test:setUpClass): 201 POST http://10.180.1.21/identity/v3/auth/tokens 0.108s
2025-04-14 12:33:08.436 70476 INFO tempest.lib.common.rest_client [req-2e2a2874-74f2-4840-a595-9c1630d79d08 req-2e2a2874-74f2-4840-a595-9c1630d79d08 ] Request (ServersAdminTestJSON:test_inject_network_info): 200 GET http://10.180.1.21/compute/v2.1/servers/ad9ec99f-5338-44db-a225-a31e8ee75682 0.284s
2025-04-14 12:33:08.451 70436 INFO tempest.lib.common.rest_client [req-fddf14c9-76c1-4e22-98cb-002cf49c19a6 req-fddf14c9-76c1-4e22-98cb-002cf49c19a6 ] Request (VolumesAdminNegativeTest:test_update_attached_volume_with_nonexistent_volume_in_body): 200 GET http://10.180.1.21/volume/v3/volumes/a2af49c4-3813-4de6-88b5-89b0aad335e9 0.043s
2025-04-14 12:33:08.458 70436 INFO tempest.common.waiters [-] volume a2af49c4-3813-4de6-88b5-89b0aad335e9 reached available after waiting for 1.458799 seconds
2025-04-14 12:33:08.471 70478 INFO tempest.lib.common.rest_client [req-0e8d25b9-1d9b-4261-91d2-a3df050be50f req-0e8d25b9-1d9b-4261-91d2-a3df050be50f ] Request (ServerRescueTestJSONUnderV235:tearDownClass): 204 DELETE http://10.180.1.21:9696/networking/v2.0/subnets/5d0668dd-e0cf-4f84-bccb-3b346fa85659 0.169s
2025-04-14 12:33:08.476 70444 INFO tempest.lib.common.rest_client [req-3889ff8b-67e8-4c07-9913-aa4467105f15 req-3889ff8b-67e8-4c07-9913-aa4467105f15 ] Request (ServersAaction247Test:test_create_backup): 201 POST http://10.180.1.21/identity/v3/auth/tokens 0.039s
2025-04-14 12:33:08.476 70444 INFO tempest.lib.common.fixed_network [-] (ServersAaction247Test:test_create_backup) Found network None available for tenant
2025-04-14 12:33:08.476 70460 INFO tempest.lib.common.rest_client [req-b6ca246a-95ed-4d65-9cfe-b7586a0995b4 req-b6ca246a-95ed-4d65-9cfe-b7586a0995b4 ] Request (ListServerFiltersTestJSON:tearDownClass): 200 GET http://10.180.1.21/compute/v2.1/servers/eb79b06b-68ff-44ef-bff4-28aee201e914 0.390s
2025-04-14 12:33:08.489 70464 INFO tempest.lib.common.rest_client [req-506307aa-c342-4bac-af86-0861b481c844 req-506307aa-c342-4bac-af86-0861b481c844 ] Request (ServerExternalEventsTest:test_create_server_external_events): 200 GET http://10.180.1.21/compute/v2.1/servers/913679b6-777c-402a-862d-7fcd293f9527 0.326s
2025-04-14 12:33:08.540 70482 INFO tempest.lib.common.rest_client [req-1521b744-9742-4686-864c-a6e33589dcda req-1521b744-9742-4686-864c-a6e33589dcda ] Request (ServerRescueTestJSON:setUpClass): 200 GET http://10.180.1.21/compute/v2.1/servers/d5594fac-44a9-4be9-ac10-42e6f368365f 0.239s
2025-04-14 12:33:08.553 70472 INFO tempest.lib.common.rest_client [req-4cb0471a-8712-4808-8924-6f069469e6bf req-4cb0471a-8712-4808-8924-6f069469e6bf ] Request (ServersAdminNegativeTestJSON:tearDownClass): 200 GET http://10.180.1.21/compute/v2.1/servers/9fa8a004-e7b8-412e-bd4d-f8a20675bbe8 0.325s
2025-04-14 12:33:08.647 70456 INFO tempest.lib.common.rest_client [req-9565fb47-dcf4-4d2c-9c9e-321ef9425f20 req-9565fb47-dcf4-4d2c-9c9e-321ef9425f20 ] Request (InstanceActionsTestJSON:setUpClass): 200 GET http://10.180.1.21/compute/v2.1/servers/b93c923f-ce74-4d7e-abec-c456db0e83af 0.235s
2025-04-14 12:33:08.780 70478 INFO tempest.lib.common.rest_client [req-40c07ff5-20d9-4e2a-a98f-d02c29f2d4cd req-40c07ff5-20d9-4e2a-a98f-d02c29f2d4cd ] Request (ServerRescueTestJSONUnderV235:tearDownClass): 204 DELETE http://10.180.1.21:9696/networking/v2.0/networks/f0410276-8b0f-4d29-b505-2e00e7b5df5d 0.309s
2025-04-14 12:33:09.015 70478 INFO tempest.lib.common.rest_client [req-a0e2f478-2138-4f7f-a61f-351d5fb246fe req-a0e2f478-2138-4f7f-a61f-351d5fb246fe ] Request (ServerRescueTestJSONUnderV235:tearDownClass): 204 DELETE http://10.180.1.21/identity/v3/users/db6ef3a692f64041a6354c66ea33f69d 0.234s
2025-04-14 12:33:09.015 70478 INFO tempest.lib.common.dynamic_creds [-] Deleting project and security group for project: 6ef98de74d3741f1bd5882d9f35a1ce4
2025-04-14 12:33:09.034 70444 INFO tempest.lib.common.rest_client [req-defc517d-8db1-4c70-8a25-fb8a1bd87399 req-defc517d-8db1-4c70-8a25-fb8a1bd87399 ] Request (ServersAaction247Test:test_create_backup): 202 POST http://10.180.1.21/compute/v2.1/servers 0.557s
2025-04-14 12:33:09.051 70478 INFO tempest.lib.common.rest_client [req-5da293b7-df6b-46d3-9d64-8066bda17240 req-5da293b7-df6b-46d3-9d64-8066bda17240 ] Request (ServerRescueTestJSONUnderV235:tearDownClass): 200 GET http://10.180.1.21:9696/networking/v2.0/security-groups?tenant_id=6ef98de74d3741f1bd5882d9f35a1ce4&name=default 0.036s
2025-04-14 12:33:09.059 70452 WARNING tempest.lib.common.ssh [-] Failed to establish authenticated ssh connection to cirros@10.180.180.212 ([Errno None] Unable to connect to port 22 on 10.180.180.212). Number attempts: 4. Retry after 5 seconds.: paramiko.ssh_exception.NoValidConnectionsError: [Errno None] Unable to connect to port 22 on 10.180.180.212
2025-04-14 12:33:09.150 70448 INFO tempest.lib.common.rest_client [req-ccc77c53-14aa-4254-aec3-4669709e1e9a req-ccc77c53-14aa-4254-aec3-4669709e1e9a ] Request (MigrationsAdminTest:test_resize_server_revert_deleted_flavor): 200 GET http://10.180.1.21/compute/v2.1/servers/da5e0b7e-b288-455d-a93e-7bbc4a8c58c9 0.645s
2025-04-14 12:33:09.236 70478 INFO tempest.lib.common.rest_client [req-8a0bf9c2-6a09-4de8-84eb-908ffa2e728f req-8a0bf9c2-6a09-4de8-84eb-908ffa2e728f ] Request (ServerRescueTestJSONUnderV235:tearDownClass): 204 DELETE http://10.180.1.21:9696/networking/v2.0/security-groups/67e99e02-09af-42ca-a74f-8f390e03013f 0.184s
2025-04-14 12:33:09.314 70468 INFO tempest.lib.common.rest_client [req-e5943c76-9582-4a3f-b98f-094d2362030e req-e5943c76-9582-4a3f-b98f-094d2362030e ] Request (ImagesNegativeTestJSON:test_create_image_from_deleted_server): 200 GET http://10.180.1.21/compute/v2.1/servers/1cde37d8-bb36-4da1-9be8-9d722666a7a0 0.750s
2025-04-14 12:33:09.418 70488 INFO tempest.lib.common.rest_client [req-5bd6ae08-19e8-47e1-b8fc-3de213dfc18f req-5bd6ae08-19e8-47e1-b8fc-3de213dfc18f ] Request (AttachVolumeShelveTestJSON:test_attach_volume_shelved_or_offload_server): 200 GET http://10.180.1.21/compute/v2.1/servers/bada8017-1fc1-47c8-ac7e-b596e2fc2917 0.818s
2025-04-14 12:33:09.429 70478 INFO tempest.lib.common.rest_client [req-16bde8c1-28c9-4cd9-9914-ab9f4e3ba5b0 req-16bde8c1-28c9-4cd9-9914-ab9f4e3ba5b0 ] Request (ServerRescueTestJSONUnderV235:tearDownClass): 204 DELETE http://10.180.1.21/identity/v3/projects/6ef98de74d3741f1bd5882d9f35a1ce4 0.191s
2025-04-14 12:33:09.541 70462 INFO tempest.lib.common.rest_client [req-03e12ef1-b482-4ec4-8e18-7cc0f4106f06 req-03e12ef1-b482-4ec4-8e18-7cc0f4106f06 ] Request (ServerDiskConfigTestJSON:test_rebuild_server_with_manual_disk_config): 200 GET http://10.180.1.21/compute/v2.1/servers/ee9173ac-18ee-4882-bfe3-ab4cdc707d1a 0.881s
2025-04-14 12:33:09.555 70462 INFO tempest.common.waiters [-] State transition "BUILD/None" ==> "BUILD/block_device_mapping" after 88 second wait
2025-04-14 12:33:09.630 70450 INFO tempest.lib.common.rest_client [req-ae40a2ab-1f08-49e8-bae7-43b5e6f4c5c9 req-ae40a2ab-1f08-49e8-bae7-43b5e6f4c5c9 ] Request (ServersWithSpecificFlavorTestJSON:test_verify_created_server_ephemeral_disk): 200 GET http://10.180.1.21/compute/v2.1/servers/f32d148d-a6be-4323-a5ea-8b10beca2d5b 0.671s
2025-04-14 12:33:09.723 70444 INFO tempest.lib.common.rest_client [req-335368ca-27c3-4d80-bd42-8f8853de7c82 req-335368ca-27c3-4d80-bd42-8f8853de7c82 ] Request (ServersAaction247Test:test_create_backup): 200 GET http://10.180.1.21/compute/v2.1/servers/4171d2e1-d090-4017-89e8-90cd9ceee37a 0.687s
2025-04-14 12:33:09.819 70490 INFO tempest.lib.common.rest_client [req-0f68f3b5-f465-434a-a6c0-673fd3e65616 req-0f68f3b5-f465-434a-a6c0-673fd3e65616 ] Request (MultipleCreateTestJSON:test_multiple_create): 200 GET http://10.180.1.21/compute/v2.1/servers/4f479379-020b-4939-9be7-624b7dac426e 0.771s
2025-04-14 12:33:09.875 70432 INFO tempest.lib.common.rest_client [req-62e19a39-5052-4f3b-a839-90eeddb9f87d req-62e19a39-5052-4f3b-a839-90eeddb9f87d ] Request (FloatingIPsAssociationNegativeTestJSON:setUpClass): 200 GET http://10.180.1.21/compute/v2.1/servers/90d28880-88ca-4540-b9e1-27fa08c0ff9e 0.768s
2025-04-14 12:33:09.927 70486 INFO tempest.lib.common.rest_client [req-f49b82ff-9553-45e0-86b6-6bcc98d5f439 req-f49b82ff-9553-45e0-86b6-6bcc98d5f439 ] Request (ServersTestJSON:test_create_server_with_ipv6_addr_only): 200 GET http://10.180.1.21/compute/v2.1/servers/47240db4-50a6-45eb-806a-bc57fafdcadb 0.808s
2025-04-14 12:33:09.978 70438 INFO tempest.lib.common.rest_client [req-3672ca7c-2567-4528-a1ad-ef352c9fd2ee req-3672ca7c-2567-4528-a1ad-ef352c9fd2ee ] Request (ServersNegativeTestJSON:setUpClass): 200 GET http://10.180.1.21/compute/v2.1/servers/382ead1c-5ee4-46fe-9172-d56fbe43b7e6 0.791s
2025-04-14 12:33:10.043 70492 INFO tempest.lib.common.rest_client [req-2e7014e3-18b3-43d9-96b4-89e4ff91d2d3 req-2e7014e3-18b3-43d9-96b4-89e4ff91d2d3 ] Request (FloatingIPsAssociationTestJSON:tearDownClass): 200 GET http://10.180.1.21/compute/v2.1/servers/546d4f1f-00dc-458c-a0f5-3810925a681d 0.836s
2025-04-14 12:33:10.051 70492 INFO tempest.common.waiters [-] State transition "ACTIVE/deleting" ==> "DELETED/None" after 5 second wait
2025-04-14 12:33:10.093 70474 INFO tempest.lib.common.rest_client [req-294b4916-8a4e-4ee3-ab87-58868c219894 req-294b4916-8a4e-4ee3-ab87-58868c219894 ] Request (ServerActionsTestJSON:setUpClass): 200 GET http://10.180.1.21/compute/v2.1/servers/02c505b2-d1ff-4aae-b887-b10678a49427 0.847s
2025-04-14 12:33:10.125 70484 INFO tempest.lib.common.rest_client [req-84a3ba76-d58d-439b-ac5c-1ed24cc87f5e req-84a3ba76-d58d-439b-ac5c-1ed24cc87f5e ] Request (ListImageFiltersTestJSON:setUpClass): 200 GET http://10.180.1.21/compute/v2.1/images/34e92a17-fc09-4cd4-8024-5fc5ed01930a 0.868s
2025-04-14 12:33:10.171 70440 INFO tempest.lib.common.rest_client [req-845515b6-4868-42a3-9d19-32006528a641 req-845515b6-4868-42a3-9d19-32006528a641 ] Request (ServerAddressesTestJSON:setUpClass): 200 GET http://10.180.1.21/compute/v2.1/servers/cf420ae8-a415-49e5-ad08-3d62c6d7e040 0.866s
2025-04-14 12:33:10.216 70466 INFO tempest.lib.common.rest_client [req-2a99f47f-959b-455d-9b4c-768144fdc0e1 req-2a99f47f-959b-455d-9b4c-768144fdc0e1 ] Request (ImagesOneServerNegativeTestJSON:_run_cleanups): 200 GET http://10.180.1.21/compute/v2.1/servers/cc8b3887-1051-4d76-be7c-2cf21a3a28a0 0.898s
2025-04-14 12:33:10.250 70436 INFO tempest.lib.common.rest_client [req-bef5c2ba-6fa4-4a71-b3b3-21d0612a01fc req-bef5c2ba-6fa4-4a71-b3b3-21d0612a01fc ] Request (VolumesAdminNegativeTest:test_update_attached_volume_with_nonexistent_volume_in_body): 200 POST http://10.180.1.21/compute/v2.1/servers/1f3018be-9b1d-48d1-b601-2738439a3701/os-volume_attachments 1.791s
2025-04-14 12:33:10.263 70458 INFO tempest.lib.common.rest_client [req-8713d4fc-0224-4bf1-b15b-da805d6dbc7c req-8713d4fc-0224-4bf1-b15b-da805d6dbc7c ] Request (DeleteServersTestJSON:test_delete_server_while_in_attached_volume): 200 GET http://10.180.1.21/compute/v2.1/servers/3a8418da-6dbf-48d2-bcfa-1db117ec8631 0.882s
2025-04-14 12:33:10.279 70436 INFO tempest.lib.common.rest_client [req-1d08be36-a3bb-4c20-bbca-f55a87e3b8a1 req-1d08be36-a3bb-4c20-bbca-f55a87e3b8a1 ] Request (VolumesAdminNegativeTest:test_update_attached_volume_with_nonexistent_volume_in_body): 200 GET http://10.180.1.21/volume/v3/volumes/a2af49c4-3813-4de6-88b5-89b0aad335e9 0.028s
2025-04-14 12:33:10.307 70434 INFO tempest.lib.common.rest_client [req-69b379ce-4ec1-4a6e-b6dd-0feffc01fd3b req-69b379ce-4ec1-4a6e-b6dd-0feffc01fd3b ] Request (ImagesTestJSON:test_create_image_from_stopped_server): 200 GET http://10.180.1.21/compute/v2.1/servers/ad8051f2-8149-46b3-9c77-3c71dc5ddcd9 0.914s
2025-04-14 12:33:10.314 70476 INFO tempest.lib.common.rest_client [req-a340b274-7214-4e60-a680-a34e76efce1d req-a340b274-7214-4e60-a680-a34e76efce1d ] Request (ServersAdminTestJSON:test_inject_network_info): 200 GET http://10.180.1.21/compute/v2.1/servers/ad9ec99f-5338-44db-a225-a31e8ee75682 0.870s
2025-04-14 12:33:10.372 70460 INFO tempest.lib.common.rest_client [req-aa5b8f88-9dc9-4d3d-a208-36437353a285 req-aa5b8f88-9dc9-4d3d-a208-36437353a285 ] Request (ListServerFiltersTestJSON:tearDownClass): 200 GET http://10.180.1.21/compute/v2.1/servers/eb79b06b-68ff-44ef-bff4-28aee201e914 0.885s
2025-04-14 12:33:10.375 70464 INFO tempest.lib.common.rest_client [req-2ff86ec8-1b42-4807-873c-e84a2ed8063e req-2ff86ec8-1b42-4807-873c-e84a2ed8063e ] Request (ServerExternalEventsTest:test_create_server_external_events): 200 GET http://10.180.1.21/compute/v2.1/servers/913679b6-777c-402a-862d-7fcd293f9527 0.877s
2025-04-14 12:33:10.420 70482 INFO tempest.lib.common.rest_client [req-a70dd318-d9a1-4164-a85f-68cf8a55c5af req-a70dd318-d9a1-4164-a85f-68cf8a55c5af ] Request (ServerRescueTestJSON:setUpClass): 200 GET http://10.180.1.21/compute/v2.1/servers/d5594fac-44a9-4be9-ac10-42e6f368365f 0.870s
2025-04-14 12:33:10.431 70472 INFO tempest.lib.common.rest_client [req-95405191-e89c-4378-8650-592199d3534d req-95405191-e89c-4378-8650-592199d3534d ] Request (ServersAdminNegativeTestJSON:tearDownClass): 200 GET http://10.180.1.21/compute/v2.1/servers/9fa8a004-e7b8-412e-bd4d-f8a20675bbe8 0.872s
2025-04-14 12:33:10.487 70448 INFO tempest.lib.common.rest_client [req-c90e7ea8-41cc-49ef-a84e-9b2536306f49 req-c90e7ea8-41cc-49ef-a84e-9b2536306f49 ] Request (MigrationsAdminTest:test_resize_server_revert_deleted_flavor): 200 GET http://10.180.1.21/compute/v2.1/servers/da5e0b7e-b288-455d-a93e-7bbc4a8c58c9 0.326s
2025-04-14 12:33:10.563 70456 INFO tempest.lib.common.rest_client [req-7f29879f-dc33-4ece-a013-423575a6bb6e req-7f29879f-dc33-4ece-a013-423575a6bb6e ] Request (InstanceActionsTestJSON:setUpClass): 200 GET http://10.180.1.21/compute/v2.1/servers/b93c923f-ce74-4d7e-abec-c456db0e83af 0.906s
2025-04-14 12:33:10.588 70468 INFO tempest.lib.common.rest_client [req-aedab8f6-d153-4964-b71e-364aad244098 req-aedab8f6-d153-4964-b71e-364aad244098 ] Request (ImagesNegativeTestJSON:test_create_image_from_deleted_server): 200 GET http://10.180.1.21/compute/v2.1/servers/1cde37d8-bb36-4da1-9be8-9d722666a7a0 0.266s
2025-04-14 12:33:10.616 70488 INFO tempest.lib.common.rest_client [req-26900c75-d1dc-4a88-bb09-fc923673512a req-26900c75-d1dc-4a88-bb09-fc923673512a ] Request (AttachVolumeShelveTestJSON:test_attach_volume_shelved_or_offload_server): 200 GET http://10.180.1.21/compute/v2.1/servers/bada8017-1fc1-47c8-ac7e-b596e2fc2917 0.188s
2025-04-14 12:33:10.678 70462 INFO tempest.lib.common.rest_client [req-cb6b25b1-47c1-4bb2-827c-f699c444e0c3 req-cb6b25b1-47c1-4bb2-827c-f699c444e0c3 ] Request (ServerDiskConfigTestJSON:test_rebuild_server_with_manual_disk_config): 200 GET http://10.180.1.21/compute/v2.1/servers/ee9173ac-18ee-4882-bfe3-ab4cdc707d1a 0.121s
2025-04-14 12:33:10.687 70462 INFO tempest.common.waiters [-] State transition "BUILD/block_device_mapping" ==> "BUILD/spawning" after 89 second wait
2025-04-14 12:33:10.694 70450 INFO tempest.lib.common.rest_client [req-b4559c8a-5bc6-43f7-a2ee-a9055f672208 req-b4559c8a-5bc6-43f7-a2ee-a9055f672208 ] Request (ServersWithSpecificFlavorTestJSON:test_verify_created_server_ephemeral_disk): 200 GET http://10.180.1.21/compute/v2.1/servers/f32d148d-a6be-4323-a5ea-8b10beca2d5b 0.053s
2025-04-14 12:33:10.792 70444 INFO tempest.lib.common.rest_client [req-f7ce6bdc-e89d-433c-83f4-b796371b9dff req-f7ce6bdc-e89d-433c-83f4-b796371b9dff ] Request (ServersAaction247Test:test_create_backup): 200 GET http://10.180.1.21/compute/v2.1/servers/4171d2e1-d090-4017-89e8-90cd9ceee37a 0.058s
2025-04-14 12:33:10.969 70432 INFO tempest.lib.common.rest_client [req-3ec10721-828d-4eba-a4dc-bd19468af3c5 req-3ec10721-828d-4eba-a4dc-bd19468af3c5 ] Request (FloatingIPsAssociationNegativeTestJSON:setUpClass): 200 GET http://10.180.1.21/compute/v2.1/servers/90d28880-88ca-4540-b9e1-27fa08c0ff9e 0.085s
2025-04-14 12:33:10.973 70490 INFO tempest.lib.common.rest_client [req-7b5255b9-e40d-4bea-8b83-0ab373bcf13d req-7b5255b9-e40d-4bea-8b83-0ab373bcf13d ] Request (MultipleCreateTestJSON:test_multiple_create): 200 GET http://10.180.1.21/compute/v2.1/servers/4f479379-020b-4939-9be7-624b7dac426e 0.144s
2025-04-14 12:33:10.981 70490 INFO tempest.common.waiters [-] State transition "BUILD/spawning" ==> "ACTIVE/None" after 13 second wait
2025-04-14 12:33:11.038 70486 INFO tempest.lib.common.rest_client [req-7189e3b8-cfa3-4b9b-92d7-ef507b2eebf7 req-7189e3b8-cfa3-4b9b-92d7-ef507b2eebf7 ] Request (ServersTestJSON:test_create_server_with_ipv6_addr_only): 200 GET http://10.180.1.21/compute/v2.1/servers/47240db4-50a6-45eb-806a-bc57fafdcadb 0.103s
2025-04-14 12:33:11.076 70490 INFO tempest.lib.common.rest_client [req-101a8665-182b-4f5b-8d05-42f39e9d0e90 req-101a8665-182b-4f5b-8d05-42f39e9d0e90 ] Request (MultipleCreateTestJSON:_run_cleanups): 204 DELETE http://10.180.1.21/compute/v2.1/servers/4f479379-020b-4939-9be7-624b7dac426e 0.093s
2025-04-14 12:33:11.091 70438 INFO tempest.lib.common.rest_client [req-698fb1f6-2dc9-494d-b5b4-06c7cf8547d6 req-698fb1f6-2dc9-494d-b5b4-06c7cf8547d6 ] Request (ServersNegativeTestJSON:setUpClass): 200 GET http://10.180.1.21/compute/v2.1/servers/382ead1c-5ee4-46fe-9172-d56fbe43b7e6 0.103s
2025-04-14 12:33:11.143 70492 INFO tempest.lib.common.rest_client [req-ea06696e-57af-44ca-990d-5b9526ae0ba1 req-ea06696e-57af-44ca-990d-5b9526ae0ba1 ] Request (FloatingIPsAssociationTestJSON:tearDownClass): 200 GET http://10.180.1.21/compute/v2.1/servers/546d4f1f-00dc-458c-a0f5-3810925a681d 0.090s
2025-04-14 12:33:11.159 70490 INFO tempest.lib.common.rest_client [req-8d712513-1d55-4e0b-b519-24cf0fc47980 req-8d712513-1d55-4e0b-b519-24cf0fc47980 ] Request (MultipleCreateTestJSON:_run_cleanups): 204 DELETE http://10.180.1.21/compute/v2.1/servers/0a80fbe1-a39c-4f02-855e-41e23adbc88d 0.083s
2025-04-14 12:33:11.192 70474 INFO tempest.lib.common.rest_client [req-8816ba56-d271-4b9a-8ec2-0b189ec42ab8 req-8816ba56-d271-4b9a-8ec2-0b189ec42ab8 ] Request (ServerActionsTestJSON:setUpClass): 200 GET http://10.180.1.21/compute/v2.1/servers/02c505b2-d1ff-4aae-b887-b10678a49427 0.092s
2025-04-14 12:33:11.193 70484 INFO tempest.lib.common.rest_client [req-f5128933-0f3a-48ed-905c-5e44f8320e95 req-f5128933-0f3a-48ed-905c-5e44f8320e95 ] Request (ListImageFiltersTestJSON:setUpClass): 200 GET http://10.180.1.21/compute/v2.1/images/34e92a17-fc09-4cd4-8024-5fc5ed01930a 0.064s
2025-04-14 12:33:11.250 70440 INFO tempest.lib.common.rest_client [req-187b1c68-4d22-4a4f-ba45-ebf0463d5a2d req-187b1c68-4d22-4a4f-ba45-ebf0463d5a2d ] Request (ServerAddressesTestJSON:setUpClass): 200 GET http://10.180.1.21/compute/v2.1/servers/cf420ae8-a415-49e5-ad08-3d62c6d7e040 0.070s
2025-04-14 12:33:11.301 70490 INFO tempest.lib.common.rest_client [req-b11ecd9c-3348-40f1-98a4-a828d1e2521b req-b11ecd9c-3348-40f1-98a4-a828d1e2521b ] Request (MultipleCreateTestJSON:_run_cleanups): 200 GET http://10.180.1.21/compute/v2.1/servers/4f479379-020b-4939-9be7-624b7dac426e 0.141s
2025-04-14 12:33:11.303 70466 INFO tempest.lib.common.rest_client [req-f2159bb1-ce10-4eaf-8913-b50de49ecb34 req-f2159bb1-ce10-4eaf-8913-b50de49ecb34 ] Request (ImagesOneServerNegativeTestJSON:_run_cleanups): 200 GET http://10.180.1.21/compute/v2.1/servers/cc8b3887-1051-4d76-be7c-2cf21a3a28a0 0.078s
2025-04-14 12:33:11.314 70436 INFO tempest.lib.common.rest_client [req-e37f1b69-2675-424b-9ef4-a4b33c5e42aa req-e37f1b69-2675-424b-9ef4-a4b33c5e42aa ] Request (VolumesAdminNegativeTest:test_update_attached_volume_with_nonexistent_volume_in_body): 200 GET http://10.180.1.21/volume/v3/volumes/a2af49c4-3813-4de6-88b5-89b0aad335e9 0.028s
2025-04-14 12:33:11.354 70458 INFO tempest.lib.common.rest_client [req-b4caf203-249b-417b-8490-02c9191154b7 req-b4caf203-249b-417b-8490-02c9191154b7 ] Request (DeleteServersTestJSON:test_delete_server_while_in_attached_volume): 200 GET http://10.180.1.21/compute/v2.1/servers/3a8418da-6dbf-48d2-bcfa-1db117ec8631 0.083s
2025-04-14 12:33:11.373 70434 INFO tempest.lib.common.rest_client [req-4a360070-9929-4390-a4ae-bbf671ff26f8 req-4a360070-9929-4390-a4ae-bbf671ff26f8 ] Request (ImagesTestJSON:test_create_image_from_stopped_server): 200 GET http://10.180.1.21/compute/v2.1/servers/ad8051f2-8149-46b3-9c77-3c71dc5ddcd9 0.059s
2025-04-14 12:33:11.404 70476 INFO tempest.lib.common.rest_client [req-814d69d9-4567-4181-aff6-b435bf493816 req-814d69d9-4567-4181-aff6-b435bf493816 ] Request (ServersAdminTestJSON:test_inject_network_info): 200 GET http://10.180.1.21/compute/v2.1/servers/ad9ec99f-5338-44db-a225-a31e8ee75682 0.081s
2025-04-14 12:33:11.449 70460 INFO tempest.lib.common.rest_client [req-6d0ad1af-2edd-4fa0-937c-d88b26e7225a req-6d0ad1af-2edd-4fa0-937c-d88b26e7225a ] Request (ListServerFiltersTestJSON:tearDownClass): 200 GET http://10.180.1.21/compute/v2.1/servers/eb79b06b-68ff-44ef-bff4-28aee201e914 0.067s
2025-04-14 12:33:11.468 70464 INFO tempest.lib.common.rest_client [req-8ecb82f0-8255-45bd-800b-b7d45d2bda9f req-8ecb82f0-8255-45bd-800b-b7d45d2bda9f ] Request (ServerExternalEventsTest:test_create_server_external_events): 200 GET http://10.180.1.21/compute/v2.1/servers/913679b6-777c-402a-862d-7fcd293f9527 0.085s
2025-04-14 12:33:11.503 70482 INFO tempest.lib.common.rest_client [req-71129657-fb02-4d53-845e-8da21ea6211c req-71129657-fb02-4d53-845e-8da21ea6211c ] Request (ServerRescueTestJSON:setUpClass): 200 GET http://10.180.1.21/compute/v2.1/servers/d5594fac-44a9-4be9-ac10-42e6f368365f 0.074s
2025-04-14 12:33:11.529 70472 INFO tempest.lib.common.rest_client [req-e8b2c421-2cbe-4f19-8061-890f77648b9f req-e8b2c421-2cbe-4f19-8061-890f77648b9f ] Request (ServersAdminNegativeTestJSON:tearDownClass): 200 GET http://10.180.1.21/compute/v2.1/servers/9fa8a004-e7b8-412e-bd4d-f8a20675bbe8 0.090s
2025-04-14 12:33:11.562 70448 INFO tempest.lib.common.rest_client [req-d05236df-a2f6-4396-9987-11719392d8c7 req-d05236df-a2f6-4396-9987-11719392d8c7 ] Request (MigrationsAdminTest:test_resize_server_revert_deleted_flavor): 200 GET http://10.180.1.21/compute/v2.1/servers/da5e0b7e-b288-455d-a93e-7bbc4a8c58c9 0.066s
