2025-04-14 12:32:07.575 70456 INFO tempest.lib.common.rest_client [req-fd8b1846-f910-4c8b-9baf-4f53490b2ad4 req-fd8b1846-f910-4c8b-9baf-4f53490b2ad4 ] Request (InstanceActionsTestJSON:setUpClass): 200 GET http://10.180.1.21/compute/v2.1/servers/b93c923f-ce74-4d7e-abec-c456db0e83af 0.052s
2025-04-14 12:32:07.591 70472 INFO tempest.lib.common.rest_client [req-f85cd39d-68b1-43f6-b454-ecbf28bb853d req-f85cd39d-68b1-43f6-b454-ecbf28bb853d ] Request (ServersAdminNegativeTestJSON:_run_cleanups): 202 DELETE http://10.180.1.21/compute/v2.1/flavors/1205910467 0.041s
2025-04-14 12:32:07.615 70472 INFO tempest.lib.common.rest_client [req-937b0564-69dd-4827-855f-3f3f43ac1f00 req-937b0564-69dd-4827-855f-3f3f43ac1f00 ] Request (ServersAdminNegativeTestJSON:_run_cleanups): 200 GET http://10.180.1.21/compute/v2.1/flavors/detail 0.023s
2025-04-14 12:32:07.673 70466 INFO tempest.lib.common.rest_client [req-ae350823-5d93-40cf-9fb5-a1bbe656bdad req-ae350823-5d93-40cf-9fb5-a1bbe656bdad ] Request (ImagesOneServerNegativeTestJSON:_run_cleanups): 200 GET http://10.180.1.21/compute/v2.1/servers/f5689aa5-3e82-4f83-bb2f-96c05181b91f 0.064s
2025-04-14 12:32:07.678 70444 INFO tempest.lib.common.rest_client [req-7c8d3487-3424-4309-9d55-03e176cdc49b req-7c8d3487-3424-4309-9d55-03e176cdc49b ] Request (AttachInterfacesV270Test:test_create_get_list_interfaces): 200 GET http://10.180.1.21/compute/v2.1/servers/f1868a7a-65b3-45b9-ac80-9d9716031a89 0.143s
2025-04-14 12:32:07.697 70472 INFO tempest.lib.common.rest_client [req-5b912acb-d4d4-43d1-bfa4-9b19ab95fc7a req-5b912acb-d4d4-43d1-bfa4-9b19ab95fc7a ] Request (ServersAdminNegativeTestJSON:test_restore_server_invalid_state): 409 POST http://10.180.1.21/compute/v2.1/servers/9fa8a004-e7b8-412e-bd4d-f8a20675bbe8/action 0.076s
2025-04-14 12:32:07.728 70462 INFO tempest.lib.common.rest_client [req-1bfde8df-bc79-41ba-aa94-98448b3505af req-1bfde8df-bc79-41ba-aa94-98448b3505af ] Request (ServerDiskConfigTestJSON:test_rebuild_server_with_manual_disk_config): 200 GET http://10.180.1.21/compute/v2.1/servers/ee9173ac-18ee-4882-bfe3-ab4cdc707d1a 0.063s
2025-04-14 12:32:07.767 70472 INFO tempest.lib.common.rest_client [req-5dce81b6-1243-432a-b11d-ba944be662e9 req-5dce81b6-1243-432a-b11d-ba944be662e9 ] Request (ServersAdminNegativeTestJSON:tearDownClass): 204 DELETE http://10.180.1.21/compute/v2.1/servers/ac73b9a6-0fc9-44d7-85d6-c2fd23e1243f 0.069s
2025-04-14 12:32:07.772 70468 INFO tempest.lib.common.rest_client [req-79c59b92-c7fc-40cc-b343-04396342878f req-79c59b92-c7fc-40cc-b343-04396342878f ] Request (ImagesNegativeTestJSON:test_create_image_from_deleted_server): 200 GET http://10.180.1.21/compute/v2.1/servers/1cde37d8-bb36-4da1-9be8-9d722666a7a0 0.046s
2025-04-14 12:32:07.830 70458 INFO tempest.lib.common.rest_client [req-b05496e7-3f3e-4c52-bfcb-b3a66094d72f req-b05496e7-3f3e-4c52-bfcb-b3a66094d72f ] Request (DeleteServersTestJSON:test_delete_active_server): 200 GET http://10.180.1.21/compute/v2.1/servers/9be9128e-4576-4941-9f9b-d2bca5d25975 0.073s
2025-04-14 12:32:07.878 70474 INFO tempest.lib.common.rest_client [req-5ce5fae3-3a97-47e0-8664-c453289b4ef3 req-5ce5fae3-3a97-47e0-8664-c453289b4ef3 ] Request (ServerActionsTestJSON:setUpClass): 200 GET http://10.180.1.21/compute/v2.1/servers/02c505b2-d1ff-4aae-b887-b10678a49427 0.099s
2025-04-14 12:32:07.887 70472 INFO tempest.lib.common.rest_client [req-7a6cbbaa-75f2-4712-8a32-f00c218283c0 req-7a6cbbaa-75f2-4712-8a32-f00c218283c0 ] Request (ServersAdminNegativeTestJSON:tearDownClass): 200 GET http://10.180.1.21/compute/v2.1/servers/ac73b9a6-0fc9-44d7-85d6-c2fd23e1243f 0.119s
2025-04-14 12:32:07.934 70434 INFO tempest.lib.common.rest_client [req-685d35cd-76ff-4e64-a55b-2bb1baf6c515 req-685d35cd-76ff-4e64-a55b-2bb1baf6c515 ] Request (ImagesTestJSON:test_create_image_from_stopped_server): 200 GET http://10.180.1.21/compute/v2.1/servers/ad8051f2-8149-46b3-9c77-3c71dc5ddcd9 0.116s
2025-04-14 12:32:07.941 70438 INFO tempest.lib.common.rest_client [req-8f1bdd4d-a7d8-43b8-be7b-4dedb886448d req-8f1bdd4d-a7d8-43b8-be7b-4dedb886448d ] Request (ServersNegativeTestJSON:setUpClass): 200 GET http://10.180.1.21/compute/v2.1/servers/b1e49170-1111-41f1-a065-6d099a1c01c8 0.085s
2025-04-14 12:32:07.990 70432 INFO tempest.lib.common.rest_client [req-1f74aaeb-5463-4f33-bdf8-77acd1c17491 req-1f74aaeb-5463-4f33-bdf8-77acd1c17491 ] Request (DeleteServersAdminTestJSON:test_delete_server_while_in_error_state): 200 GET http://10.180.1.21/compute/v2.1/servers/1a5650f6-b273-4e04-9f17-43ccb353516e 0.058s
2025-04-14 12:32:08.115 70440 INFO tempest.lib.common.rest_client [req-236984f2-c8d6-4483-8905-b1b47c40c39d req-236984f2-c8d6-4483-8905-b1b47c40c39d ] Request (ServerAddressesTestJSON:setUpClass): 200 GET http://10.180.1.21/compute/v2.1/servers/cf420ae8-a415-49e5-ad08-3d62c6d7e040 0.074s
2025-04-14 12:32:08.182 70490 INFO tempest.lib.common.rest_client [req-9fa75a52-705f-45f5-ad50-dd99c04a0af0 req-9fa75a52-705f-45f5-ad50-dd99c04a0af0 ] Request (MultipleCreateTestJSON:test_multiple_create): 200 GET http://10.180.1.21/compute/v2.1/servers/0a80fbe1-a39c-4f02-855e-41e23adbc88d 0.106s
2025-04-14 12:32:08.190 70478 INFO tempest.lib.common.rest_client [req-ba0ca7c9-eaec-4776-b0a4-072c89c82621 req-ba0ca7c9-eaec-4776-b0a4-072c89c82621 ] Request (ServerRescueTestJSONUnderV235:setUpClass): 200 GET http://10.180.1.21/compute/v2.1/servers/480263ba-bab0-4026-ac77-0e2f6a425f1e 0.168s
2025-04-14 12:32:08.236 70476 INFO tempest.lib.common.rest_client [req-54d4f99a-23b4-463a-882a-1bc2e2231e79 req-54d4f99a-23b4-463a-882a-1bc2e2231e79 ] Request (ServersAdminTestJSON:test_inject_network_info): 200 GET http://10.180.1.21/compute/v2.1/servers/ad9ec99f-5338-44db-a225-a31e8ee75682 0.140s
2025-04-14 12:32:08.244 70452 INFO tempest.lib.common.rest_client [req-ecef6a93-f9a6-43d2-95b1-2bf2874467a6 req-ecef6a93-f9a6-43d2-95b1-2bf2874467a6 ] Request (ServerActionsTestOtherA:setUpClass): 200 GET http://10.180.1.21/compute/v2.1/servers/135fdd6c-b39a-4da2-a076-7aa092aa0d34 0.114s
2025-04-14 12:32:08.282 70450 WARNING tempest.lib.common.ssh [-] Failed to establish authenticated ssh connection to cirros@10.180.180.218 ([Errno None] Unable to connect to port 22 on 10.180.180.218). Number attempts: 7. Retry after 8 seconds.: paramiko.ssh_exception.NoValidConnectionsError: [Errno None] Unable to connect to port 22 on 10.180.180.218
2025-04-14 12:32:08.297 70482 INFO tempest.lib.common.rest_client [req-59978dd6-9378-4e72-a6e4-9b11871b29f2 req-59978dd6-9378-4e72-a6e4-9b11871b29f2 ] Request (InstanceActionsNegativeTestJSON:tearDownClass): 200 GET http://10.180.1.21/compute/v2.1/servers/c2c8d8bb-6a7d-46e2-a9cc-083f60676626 0.135s
2025-04-14 12:32:08.311 70470 INFO tempest.lib.common.rest_client [req-2b3b3db5-2011-4de4-b4b4-a007a08dc5f1 req-2b3b3db5-2011-4de4-b4b4-a007a08dc5f1 ] Request (ServerPasswordTestJSON:tearDownClass): 200 GET http://10.180.1.21/compute/v2.1/servers/67270ca7-2423-4d43-8dbd-1c0adf2ede54 0.067s
2025-04-14 12:32:08.360 70464 INFO tempest.lib.common.rest_client [req-5c20c33c-d4ce-4ef4-857d-d29f476f9a2c req-5c20c33c-d4ce-4ef4-857d-d29f476f9a2c ] Request (ServerExternalEventsTest:test_create_server_external_events): 200 GET http://10.180.1.21/compute/v2.1/servers/913679b6-777c-402a-862d-7fcd293f9527 0.070s
2025-04-14 12:32:08.413 70486 INFO tempest.lib.common.rest_client [req-af45453f-1e5f-4a32-a9bd-421f65bc8ea5 req-af45453f-1e5f-4a32-a9bd-421f65bc8ea5 ] Request (ServersTestJSON:test_create_server_specify_multibyte_character_name): 200 GET http://10.180.1.21/compute/v2.1/servers/52d28545-4a72-448b-be63-69a252ed1bdc 0.099s
2025-04-14 12:32:08.426 70492 INFO tempest.lib.common.rest_client [req-fef169ad-d7fd-4625-b9ae-8029117fab17 req-fef169ad-d7fd-4625-b9ae-8029117fab17 ] Request (FloatingIPsAssociationTestJSON:test_associate_already_associated_floating_ip): 200 GET http://10.180.1.21/compute/v2.1/servers/7ddd9f8f-4faf-42ae-8c67-f5988da5b732 0.165s
2025-04-14 12:32:08.435 70492 INFO tempest.common.waiters [-] State transition "BUILD/spawning" ==> "ACTIVE/None" after 54 second wait
2025-04-14 12:32:08.470 70488 INFO tempest.lib.common.rest_client [req-853d2402-4be5-4c5c-acd0-28ecd4e04207 req-853d2402-4be5-4c5c-acd0-28ecd4e04207 ] Request (AttachVolumeShelveTestJSON:test_attach_volume_shelved_or_offload_server): 200 GET http://10.180.1.21/compute/v2.1/servers/bada8017-1fc1-47c8-ac7e-b596e2fc2917 0.123s
2025-04-14 12:32:08.482 70460 INFO tempest.lib.common.rest_client [req-b4a573f0-ba69-4afc-bb03-8a021328a6b6 req-b4a573f0-ba69-4afc-bb03-8a021328a6b6 ] Request (ListServerFiltersTestJSON:setUpClass): 200 GET http://10.180.1.21/compute/v2.1/servers/eb79b06b-68ff-44ef-bff4-28aee201e914 0.111s
2025-04-14 12:32:08.576 70480 INFO tempest.lib.common.rest_client [req-a046a159-7919-44b3-b058-605dc2ad8cae req-a046a159-7919-44b3-b058-605dc2ad8cae ] Request (ServersTestFqdnHostnames:tearDownClass): 200 GET http://10.180.1.21/compute/v2.1/servers/b417ccb7-13dd-434a-9623-1290d65c7ad5 0.135s
2025-04-14 12:32:08.742 70448 INFO tempest.lib.common.rest_client [req-ebd4007a-1204-4929-944d-41db40053f11 req-ebd4007a-1204-4929-944d-41db40053f11 ] Request (MigrationsAdminTest:test_list_migrations_in_flavor_resize_situation): 200 GET http://10.180.1.21/compute/v2.1/servers/6a4056d3-e606-4232-a764-b1d6ffdc311e 0.261s
2025-04-14 12:32:08.795 70484 INFO tempest.lib.common.rest_client [req-1eea3e90-caf7-430a-a3a9-cdb5786208a9 req-1eea3e90-caf7-430a-a3a9-cdb5786208a9 ] Request (ListImageFiltersTestJSON:setUpClass): 200 GET http://10.180.1.21/compute/v2.1/servers/394ed08f-2d43-4261-bed1-cd94b14770ba 0.305s
2025-04-14 12:32:08.845 70456 INFO tempest.lib.common.rest_client [req-5a57afec-9157-4990-89ab-2ab24b420773 req-5a57afec-9157-4990-89ab-2ab24b420773 ] Request (InstanceActionsTestJSON:setUpClass): 200 GET http://10.180.1.21/compute/v2.1/servers/b93c923f-ce74-4d7e-abec-c456db0e83af 0.263s
2025-04-14 12:32:08.864 70466 INFO tempest.lib.common.rest_client [req-3e3c60c2-06a3-480e-9a54-24891a3d77c3 req-3e3c60c2-06a3-480e-9a54-24891a3d77c3 ] Request (ImagesOneServerNegativeTestJSON:_run_cleanups): 404 GET http://10.180.1.21/compute/v2.1/servers/f5689aa5-3e82-4f83-bb2f-96c05181b91f 0.184s
2025-04-14 12:32:09.025 70444 INFO tempest.lib.common.rest_client [req-2d5af136-8ca0-40f2-9828-8c66d5442f89 req-2d5af136-8ca0-40f2-9828-8c66d5442f89 ] Request (AttachInterfacesV270Test:test_create_get_list_interfaces): 200 GET http://10.180.1.21/compute/v2.1/servers/f1868a7a-65b3-45b9-ac80-9d9716031a89 0.336s
2025-04-14 12:32:09.086 70462 INFO tempest.lib.common.rest_client [req-6fdad689-fef9-4299-b81b-9a201ae5965d req-6fdad689-fef9-4299-b81b-9a201ae5965d ] Request (ServerDiskConfigTestJSON:test_rebuild_server_with_manual_disk_config): 200 GET http://10.180.1.21/compute/v2.1/servers/ee9173ac-18ee-4882-bfe3-ab4cdc707d1a 0.351s
2025-04-14 12:32:09.142 70468 INFO tempest.lib.common.rest_client [req-34c9d23c-c1e8-4197-830e-bfd6a940df76 req-34c9d23c-c1e8-4197-830e-bfd6a940df76 ] Request (ImagesNegativeTestJSON:test_create_image_from_deleted_server): 200 GET http://10.180.1.21/compute/v2.1/servers/1cde37d8-bb36-4da1-9be8-9d722666a7a0 0.362s
2025-04-14 12:32:09.206 70458 INFO tempest.lib.common.rest_client [req-cf3f76a9-487f-4ce7-8164-3cfceff55b77 req-cf3f76a9-487f-4ce7-8164-3cfceff55b77 ] Request (DeleteServersTestJSON:test_delete_active_server): 200 GET http://10.180.1.21/compute/v2.1/servers/9be9128e-4576-4941-9f9b-d2bca5d25975 0.368s
2025-04-14 12:32:09.248 70466 INFO tempest.lib.common.rest_client [req-4b359813-c3fd-4c36-9d17-4be4da417808 req-4b359813-c3fd-4c36-9d17-4be4da417808 ] Request (ImagesOneServerNegativeTestJSON:_run_cleanups): 200 POST http://10.180.1.21/compute/v2.1/os-keypairs 0.382s
2025-04-14 12:32:09.314 70474 INFO tempest.lib.common.rest_client [req-5ab35a66-388a-4647-be16-771ae079b8eb req-5ab35a66-388a-4647-be16-771ae079b8eb ] Request (ServerActionsTestJSON:setUpClass): 200 GET http://10.180.1.21/compute/v2.1/servers/02c505b2-d1ff-4aae-b887-b10678a49427 0.427s
2025-04-14 12:32:09.358 70466 INFO tempest.lib.common.rest_client [req-7cd85c0f-ac80-4d69-a8d3-20062c3b8c8b req-7cd85c0f-ac80-4d69-a8d3-20062c3b8c8b ] Request (ImagesOneServerNegativeTestJSON:_run_cleanups): 201 POST http://10.180.1.21:9696/networking/v2.0/security-groups 0.109s
2025-04-14 12:32:09.442 70466 INFO tempest.lib.common.rest_client [req-0e46452d-faf6-4d0a-b676-1a834f8e56bb req-0e46452d-faf6-4d0a-b676-1a834f8e56bb ] Request (ImagesOneServerNegativeTestJSON:_run_cleanups): 201 POST http://10.180.1.21:9696/networking/v2.0/security-group-rules 0.083s
2025-04-14 12:32:09.460 70472 INFO tempest.lib.common.rest_client [req-e614015e-4c5c-40e0-95eb-1b527508ca88 req-e614015e-4c5c-40e0-95eb-1b527508ca88 ] Request (ServersAdminNegativeTestJSON:tearDownClass): 200 GET http://10.180.1.21/compute/v2.1/servers/ac73b9a6-0fc9-44d7-85d6-c2fd23e1243f 0.565s
2025-04-14 12:32:09.528 70466 INFO tempest.lib.common.rest_client [req-4b3f5c95-19ca-4a8e-bbc1-3045fd28fbff req-4b3f5c95-19ca-4a8e-bbc1-3045fd28fbff ] Request (ImagesOneServerNegativeTestJSON:_run_cleanups): 201 POST http://10.180.1.21:9696/networking/v2.0/security-group-rules 0.085s
2025-04-14 12:32:09.539 70434 INFO tempest.lib.common.rest_client [req-1466d53d-f1bd-41b5-8005-3e08a3256f84 req-1466d53d-f1bd-41b5-8005-3e08a3256f84 ] Request (ImagesTestJSON:test_create_image_from_stopped_server): 200 GET http://10.180.1.21/compute/v2.1/servers/ad8051f2-8149-46b3-9c77-3c71dc5ddcd9 0.598s
2025-04-14 12:32:09.818 70438 INFO tempest.lib.common.rest_client [req-2732b924-8de9-4984-92a5-33860c3ab63d req-2732b924-8de9-4984-92a5-33860c3ab63d ] Request (ServersNegativeTestJSON:setUpClass): 200 GET http://10.180.1.21/compute/v2.1/servers/b1e49170-1111-41f1-a065-6d099a1c01c8 0.864s
2025-04-14 12:32:09.855 70492 INFO tempest.lib.common.rest_client [req-a6f28b24-e8da-49b3-83ed-ffde5e39acc4 req-a6f28b24-e8da-49b3-83ed-ffde5e39acc4 ] Request (FloatingIPsAssociationTestJSON:test_associate_already_associated_floating_ip): 202 POST http://10.180.1.21/compute/v2.1/servers/546d4f1f-00dc-458c-a0f5-3810925a681d/action 1.420s
2025-04-14 12:32:09.923 70466 INFO tempest.lib.common.rest_client [req-58174580-eb02-4991-966d-5b5190a58b6a req-58174580-eb02-4991-966d-5b5190a58b6a ] Request (ImagesOneServerNegativeTestJSON:_run_cleanups): 201 POST http://10.180.1.21:9696/networking/v2.0/floatingips 0.395s
2025-04-14 12:32:09.943 70432 INFO tempest.lib.common.rest_client [req-e9da2bcc-48dd-4534-8c20-3c665c3a5bb9 req-e9da2bcc-48dd-4534-8c20-3c665c3a5bb9 ] Request (DeleteServersAdminTestJSON:test_delete_server_while_in_error_state): 200 GET http://10.180.1.21/compute/v2.1/servers/1a5650f6-b273-4e04-9f17-43ccb353516e 0.938s
2025-04-14 12:32:09.950 70440 INFO tempest.lib.common.rest_client [req-2aed0280-cb9e-4960-ad13-3ed36529b547 req-2aed0280-cb9e-4960-ad13-3ed36529b547 ] Request (ServerAddressesTestJSON:setUpClass): 200 GET http://10.180.1.21/compute/v2.1/servers/cf420ae8-a415-49e5-ad08-3d62c6d7e040 0.828s
2025-04-14 12:32:10.012 70466 INFO tempest.lib.common.rest_client [req-695293f5-8a0a-40fc-9d37-77f2ed3ea11e req-695293f5-8a0a-40fc-9d37-77f2ed3ea11e ] Request (ImagesOneServerNegativeTestJSON:_run_cleanups): 201 POST http://10.180.1.21/identity/v3/auth/tokens 0.085s
2025-04-14 12:32:10.012 70466 INFO tempest.lib.common.fixed_network [-] (ImagesOneServerNegativeTestJSON:_run_cleanups) Found network {'id': '45d497e4-8989-454c-ab64-30a8e82af140', 'name': 'tempest-ImagesOneServerNegativeTestJSON-93521386-network', 'tenant_id': '7f8b5ab486ae4a439af550f8961186e4', 'admin_state_up': True, 'mtu': 8950, 'status': 'ACTIVE', 'subnets': [], 'shared': False, 'project_id': '7f8b5ab486ae4a439af550f8961186e4', 'port_security_enabled': True, 'router:external': False, 'provider:network_type': 'vlan', 'provider:physical_network': 'default', 'provider:segmentation_id': 761, 'availability_zone_hints': [], 'availability_zones': [], 'ipv4_address_scope': None, 'ipv6_address_scope': None, 'description': '', 'tags': [], 'created_at': '2025-04-14T12:30:38Z', 'updated_at': '2025-04-14T12:30:38Z', 'revision_number': 1} available for tenant
2025-04-14 12:32:10.027 70490 INFO tempest.lib.common.rest_client [req-7605fff2-9a05-4cb0-9968-ca5c2d8385d5 req-7605fff2-9a05-4cb0-9968-ca5c2d8385d5 ] Request (MultipleCreateTestJSON:test_multiple_create): 200 GET http://10.180.1.21/compute/v2.1/servers/0a80fbe1-a39c-4f02-855e-41e23adbc88d 0.833s
2025-04-14 12:32:10.037 70490 INFO tempest.common.waiters [-] State transition "BUILD/scheduling" ==> "BUILD/None" after 33 second wait
2025-04-14 12:32:10.084 70476 INFO tempest.lib.common.rest_client [req-d0e0a7dd-ebe1-49d8-ac50-5c2b09d51f2b req-d0e0a7dd-ebe1-49d8-ac50-5c2b09d51f2b ] Request (ServersAdminTestJSON:test_inject_network_info): 200 GET http://10.180.1.21/compute/v2.1/servers/ad9ec99f-5338-44db-a225-a31e8ee75682 0.836s
2025-04-14 12:32:10.092 70478 INFO tempest.lib.common.rest_client [req-9e9951d3-8a9b-424e-95b5-cadb33045b27 req-9e9951d3-8a9b-424e-95b5-cadb33045b27 ] Request (ServerRescueTestJSONUnderV235:setUpClass): 200 GET http://10.180.1.21/compute/v2.1/servers/480263ba-bab0-4026-ac77-0e2f6a425f1e 0.894s
2025-04-14 12:32:10.139 70452 INFO tempest.lib.common.rest_client [req-1e3a53f5-2d88-42d2-b1b8-762393a8fc94 req-1e3a53f5-2d88-42d2-b1b8-762393a8fc94 ] Request (ServerActionsTestOtherA:setUpClass): 200 GET http://10.180.1.21/compute/v2.1/servers/135fdd6c-b39a-4da2-a076-7aa092aa0d34 0.887s
2025-04-14 12:32:10.148 70482 INFO tempest.lib.common.rest_client [req-6d2fbe05-7dbd-457a-bbc0-339f27d99b6a req-6d2fbe05-7dbd-457a-bbc0-339f27d99b6a ] Request (InstanceActionsNegativeTestJSON:tearDownClass): 200 GET http://10.180.1.21/compute/v2.1/servers/c2c8d8bb-6a7d-46e2-a9cc-083f60676626 0.842s
2025-04-14 12:32:10.192 70470 INFO tempest.lib.common.rest_client [req-f818c5d4-5f6f-402b-901a-72c3bebcde12 req-f818c5d4-5f6f-402b-901a-72c3bebcde12 ] Request (ServerPasswordTestJSON:tearDownClass): 200 GET http://10.180.1.21/compute/v2.1/servers/67270ca7-2423-4d43-8dbd-1c0adf2ede54 0.872s
2025-04-14 12:32:10.203 70464 INFO tempest.lib.common.rest_client [req-339a1e5c-c7cb-432c-9d33-b3f29c327609 req-339a1e5c-c7cb-432c-9d33-b3f29c327609 ] Request (ServerExternalEventsTest:test_create_server_external_events): 200 GET http://10.180.1.21/compute/v2.1/servers/913679b6-777c-402a-862d-7fcd293f9527 0.835s
2025-04-14 12:32:10.246 70486 INFO tempest.lib.common.rest_client [req-dca2e4af-ac22-42b7-a0db-121d2d1fa574 req-dca2e4af-ac22-42b7-a0db-121d2d1fa574 ] Request (ServersTestJSON:test_create_server_specify_multibyte_character_name): 200 GET http://10.180.1.21/compute/v2.1/servers/52d28545-4a72-448b-be63-69a252ed1bdc 0.825s
2025-04-14 12:32:10.253 70488 INFO tempest.lib.common.rest_client [req-d391bb97-38bc-4006-985a-a8c26480f10e req-d391bb97-38bc-4006-985a-a8c26480f10e ] Request (AttachVolumeShelveTestJSON:test_attach_volume_shelved_or_offload_server): 200 GET http://10.180.1.21/compute/v2.1/servers/bada8017-1fc1-47c8-ac7e-b596e2fc2917 0.774s
2025-04-14 12:32:10.266 70454 WARNING tempest.lib.common.ssh [-] Failed to establish authenticated ssh connection to cirros@10.180.180.217 ([Errno None] Unable to connect to port 22 on 10.180.180.217). Number attempts: 3. Retry after 4 seconds.: paramiko.ssh_exception.NoValidConnectionsError: [Errno None] Unable to connect to port 22 on 10.180.180.217
2025-04-14 12:32:10.290 70460 INFO tempest.lib.common.rest_client [req-9edb9fb4-56c0-401f-b968-77f585eaf10e req-9edb9fb4-56c0-401f-b968-77f585eaf10e ] Request (ListServerFiltersTestJSON:setUpClass): 200 GET http://10.180.1.21/compute/v2.1/servers/eb79b06b-68ff-44ef-bff4-28aee201e914 0.799s
2025-04-14 12:32:10.309 70480 INFO tempest.lib.common.rest_client [req-85347bf8-fc11-41d0-aa0c-3da77e3d5b00 req-85347bf8-fc11-41d0-aa0c-3da77e3d5b00 ] Request (ServersTestFqdnHostnames:tearDownClass): 200 GET http://10.180.1.21/compute/v2.1/servers/b417ccb7-13dd-434a-9623-1290d65c7ad5 0.724s
2025-04-14 12:32:10.354 70484 INFO tempest.lib.common.rest_client [req-a6b63f23-4143-4f57-a40b-4b9cf082b32d req-a6b63f23-4143-4f57-a40b-4b9cf082b32d ] Request (ListImageFiltersTestJSON:setUpClass): 200 GET http://10.180.1.21/compute/v2.1/servers/394ed08f-2d43-4261-bed1-cd94b14770ba 0.549s
2025-04-14 12:32:10.406 70456 INFO tempest.lib.common.rest_client [req-5e71d21c-1493-446f-bdb4-24c12984c2a9 req-5e71d21c-1493-446f-bdb4-24c12984c2a9 ] Request (InstanceActionsTestJSON:setUpClass): 200 GET http://10.180.1.21/compute/v2.1/servers/b93c923f-ce74-4d7e-abec-c456db0e83af 0.551s
2025-04-14 12:32:10.459 70448 INFO tempest.lib.common.rest_client [req-aad2feff-169a-4089-bc3c-54073eed8854 req-aad2feff-169a-4089-bc3c-54073eed8854 ] Request (MigrationsAdminTest:test_list_migrations_in_flavor_resize_situation): 200 GET http://10.180.1.21/compute/v2.1/servers/6a4056d3-e606-4232-a764-b1d6ffdc311e 0.705s
2025-04-14 12:32:10.993 70466 INFO tempest.lib.common.rest_client [req-e06c27e6-df5f-4404-9237-5ffbe7298755 req-e06c27e6-df5f-4404-9237-5ffbe7298755 ] Request (ImagesOneServerNegativeTestJSON:_run_cleanups): 202 POST http://10.180.1.21/compute/v2.1/servers 0.980s
2025-04-14 12:32:11.153 70444 INFO tempest.lib.common.rest_client [req-b2a31144-839f-48ce-987f-50d5412444a4 req-b2a31144-839f-48ce-987f-50d5412444a4 ] Request (AttachInterfacesV270Test:test_create_get_list_interfaces): 200 GET http://10.180.1.21/compute/v2.1/servers/f1868a7a-65b3-45b9-ac80-9d9716031a89 1.112s
2025-04-14 12:32:11.200 70462 INFO tempest.lib.common.rest_client [req-e82446f3-5de0-4096-a4c2-eb68968674b8 req-e82446f3-5de0-4096-a4c2-eb68968674b8 ] Request (ServerDiskConfigTestJSON:test_rebuild_server_with_manual_disk_config): 200 GET http://10.180.1.21/compute/v2.1/servers/ee9173ac-18ee-4882-bfe3-ab4cdc707d1a 1.103s
2025-04-14 12:32:11.247 70468 INFO tempest.lib.common.rest_client [req-6b120ca9-fbc4-422f-9327-655647146085 req-6b120ca9-fbc4-422f-9327-655647146085 ] Request (ImagesNegativeTestJSON:test_create_image_from_deleted_server): 200 GET http://10.180.1.21/compute/v2.1/servers/1cde37d8-bb36-4da1-9be8-9d722666a7a0 1.094s
2025-04-14 12:32:11.309 70458 INFO tempest.lib.common.rest_client [req-c75a56cf-32dc-48d5-a22c-b27b745c1819 req-c75a56cf-32dc-48d5-a22c-b27b745c1819 ] Request (DeleteServersTestJSON:test_delete_active_server): 200 GET http://10.180.1.21/compute/v2.1/servers/9be9128e-4576-4941-9f9b-d2bca5d25975 1.093s
2025-04-14 12:32:11.368 70474 INFO tempest.lib.common.rest_client [req-8c2ab3fd-05fd-499c-bec7-62a4a4db4611 req-8c2ab3fd-05fd-499c-bec7-62a4a4db4611 ] Request (ServerActionsTestJSON:setUpClass): 200 GET http://10.180.1.21/compute/v2.1/servers/02c505b2-d1ff-4aae-b887-b10678a49427 1.044s
2025-04-14 12:32:11.428 70472 INFO tempest.lib.common.rest_client [req-fc47b9ed-9fc8-4300-b46e-37dab1211555 req-fc47b9ed-9fc8-4300-b46e-37dab1211555 ] Request (ServersAdminNegativeTestJSON:tearDownClass): 200 GET http://10.180.1.21/compute/v2.1/servers/ac73b9a6-0fc9-44d7-85d6-c2fd23e1243f 0.956s
2025-04-14 12:32:11.435 70472 INFO tempest.common.waiters [-] State transition "SUSPENDED/deleting" ==> "DELETED/None" after 4 second wait
2025-04-14 12:32:11.476 70434 INFO tempest.lib.common.rest_client [req-a4ef1041-28bd-42bc-b6e5-3ea87caeaba7 req-a4ef1041-28bd-42bc-b6e5-3ea87caeaba7 ] Request (ImagesTestJSON:test_create_image_from_stopped_server): 200 GET http://10.180.1.21/compute/v2.1/servers/ad8051f2-8149-46b3-9c77-3c71dc5ddcd9 0.923s
2025-04-14 12:32:11.525 70438 INFO tempest.lib.common.rest_client [req-e704cfcc-dce5-4a0d-9933-27a990df98ee req-e704cfcc-dce5-4a0d-9933-27a990df98ee ] Request (ServersNegativeTestJSON:setUpClass): 200 GET http://10.180.1.21/compute/v2.1/servers/b1e49170-1111-41f1-a065-6d099a1c01c8 0.689s
2025-04-14 12:32:11.546 70432 INFO tempest.lib.common.rest_client [req-a5b82f9b-068b-40e9-a587-add6684b6ecb req-a5b82f9b-068b-40e9-a587-add6684b6ecb ] Request (DeleteServersAdminTestJSON:test_delete_server_while_in_error_state): 404 GET http://10.180.1.21/compute/v2.1/servers/1a5650f6-b273-4e04-9f17-43ccb353516e 0.592s
2025-04-14 12:32:11.607 70440 INFO tempest.lib.common.rest_client [req-3253a00d-25d4-4a1a-adaa-256c40af9fac req-3253a00d-25d4-4a1a-adaa-256c40af9fac ] Request (ServerAddressesTestJSON:setUpClass): 200 GET http://10.180.1.21/compute/v2.1/servers/cf420ae8-a415-49e5-ad08-3d62c6d7e040 0.648s
2025-04-14 12:32:11.659 70466 INFO tempest.lib.common.rest_client [req-95c00009-e66e-4a35-bebc-3c89ff81c3df req-95c00009-e66e-4a35-bebc-3c89ff81c3df ] Request (ImagesOneServerNegativeTestJSON:_run_cleanups): 200 GET http://10.180.1.21/compute/v2.1/servers/cc8b3887-1051-4d76-be7c-2cf21a3a28a0 0.664s
2025-04-14 12:32:11.707 70490 INFO tempest.lib.common.rest_client [req-1e686bdc-a3e1-4131-891e-74f7ff23fd24 req-1e686bdc-a3e1-4131-891e-74f7ff23fd24 ] Request (MultipleCreateTestJSON:test_multiple_create): 200 GET http://10.180.1.21/compute/v2.1/servers/0a80fbe1-a39c-4f02-855e-41e23adbc88d 0.669s
2025-04-14 12:32:11.738 70430 WARNING tempest.lib.common.ssh [-] Failed to establish authenticated ssh connection to cirros@10.180.180.159 ([Errno None] Unable to connect to port 22 on 10.180.180.159). Number attempts: 8. Retry after 9 seconds.: paramiko.ssh_exception.NoValidConnectionsError: [Errno None] Unable to connect to port 22 on 10.180.180.159
2025-04-14 12:32:11.757 70476 INFO tempest.lib.common.rest_client [req-f40af3df-5d19-4b31-bf9b-3b0c934aceb8 req-f40af3df-5d19-4b31-bf9b-3b0c934aceb8 ] Request (ServersAdminTestJSON:test_inject_network_info): 200 GET http://10.180.1.21/compute/v2.1/servers/ad9ec99f-5338-44db-a225-a31e8ee75682 0.664s
2025-04-14 12:32:11.864 70478 INFO tempest.lib.common.rest_client [req-d1119cbf-0029-409e-9495-8230d2e05a56 req-d1119cbf-0029-409e-9495-8230d2e05a56 ] Request (ServerRescueTestJSONUnderV235:setUpClass): 200 GET http://10.180.1.21/compute/v2.1/servers/480263ba-bab0-4026-ac77-0e2f6a425f1e 0.763s
2025-04-14 12:32:11.873 70478 INFO tempest.common.waiters [-] State transition "ACTIVE/rescuing" ==> "RESCUE/None" after 10 second wait
2025-04-14 12:32:11.931 70452 INFO tempest.lib.common.rest_client [req-002e1e84-ed39-4519-97d9-b2f0e01aa354 req-002e1e84-ed39-4519-97d9-b2f0e01aa354 ] Request (ServerActionsTestOtherA:setUpClass): 200 GET http://10.180.1.21/compute/v2.1/servers/135fdd6c-b39a-4da2-a076-7aa092aa0d34 0.785s
2025-04-14 12:32:11.993 70482 INFO tempest.lib.common.rest_client [req-1393ad45-f5cd-458f-9b26-06d2e0731540 req-1393ad45-f5cd-458f-9b26-06d2e0731540 ] Request (InstanceActionsNegativeTestJSON:tearDownClass): 200 GET http://10.180.1.21/compute/v2.1/servers/c2c8d8bb-6a7d-46e2-a9cc-083f60676626 0.837s
2025-04-14 12:32:12.058 70470 INFO tempest.lib.common.rest_client [req-e5a46294-8ea7-4099-8f7e-759d02ee520c req-e5a46294-8ea7-4099-8f7e-759d02ee520c ] Request (ServerPasswordTestJSON:tearDownClass): 200 GET http://10.180.1.21/compute/v2.1/servers/67270ca7-2423-4d43-8dbd-1c0adf2ede54 0.858s
2025-04-14 12:32:12.116 70464 INFO tempest.lib.common.rest_client [req-6ff57470-a2f5-4c39-89e4-4bf7cedcbad7 req-6ff57470-a2f5-4c39-89e4-4bf7cedcbad7 ] Request (ServerExternalEventsTest:test_create_server_external_events): 200 GET http://10.180.1.21/compute/v2.1/servers/913679b6-777c-402a-862d-7fcd293f9527 0.905s
2025-04-14 12:32:12.169 70492 INFO tempest.lib.common.rest_client [req-c1ef4328-a0f6-42c0-b555-73c08fb5a4e3 req-c1ef4328-a0f6-42c0-b555-73c08fb5a4e3 ] Request (FloatingIPsAssociationTestJSON:test_associate_already_associated_floating_ip): 202 POST http://10.180.1.21/compute/v2.1/servers/7ddd9f8f-4faf-42ae-8c67-f5988da5b732/action 2.313s
2025-04-14 12:32:12.169 70486 INFO tempest.lib.common.rest_client [req-bcbd6266-2cf9-415e-b584-849de224aaba req-bcbd6266-2cf9-415e-b584-849de224aaba ] Request (ServersTestJSON:test_create_server_specify_multibyte_character_name): 200 GET http://10.180.1.21/compute/v2.1/servers/52d28545-4a72-448b-be63-69a252ed1bdc 0.913s
2025-04-14 12:32:12.224 70460 INFO tempest.lib.common.rest_client [req-9e181725-29d4-4e0c-a695-6b7f49d1d3d2 req-9e181725-29d4-4e0c-a695-6b7f49d1d3d2 ] Request (ListServerFiltersTestJSON:setUpClass): 200 GET http://10.180.1.21/compute/v2.1/servers/eb79b06b-68ff-44ef-bff4-28aee201e914 0.926s
2025-04-14 12:32:12.233 70488 INFO tempest.lib.common.rest_client [req-52f21d30-4c44-4a02-9359-5febc34d8d24 req-52f21d30-4c44-4a02-9359-5febc34d8d24 ] Request (AttachVolumeShelveTestJSON:test_attach_volume_shelved_or_offload_server): 200 GET http://10.180.1.21/compute/v2.1/servers/bada8017-1fc1-47c8-ac7e-b596e2fc2917 0.971s
2025-04-14 12:32:12.290 70480 INFO tempest.lib.common.rest_client [req-e2a38aeb-0aaf-4815-b6df-a454b77fd3af req-e2a38aeb-0aaf-4815-b6df-a454b77fd3af ] Request (ServersTestFqdnHostnames:tearDownClass): 200 GET http://10.180.1.21/compute/v2.1/servers/b417ccb7-13dd-434a-9623-1290d65c7ad5 0.973s
2025-04-14 12:32:12.293 70484 INFO tempest.lib.common.rest_client [req-82d7576c-0646-4285-b7e3-24793a64a6c5 req-82d7576c-0646-4285-b7e3-24793a64a6c5 ] Request (ListImageFiltersTestJSON:setUpClass): 200 GET http://10.180.1.21/compute/v2.1/servers/394ed08f-2d43-4261-bed1-cd94b14770ba 0.932s
2025-04-14 12:32:12.338 70456 INFO tempest.lib.common.rest_client [req-b4d38206-6e15-4bfa-989b-4b4400928e6a req-b4d38206-6e15-4bfa-989b-4b4400928e6a ] Request (InstanceActionsTestJSON:setUpClass): 200 GET http://10.180.1.21/compute/v2.1/servers/b93c923f-ce74-4d7e-abec-c456db0e83af 0.925s
2025-04-14 12:32:12.355 70432 INFO tempest.lib.common.rest_client [req-c4362863-929b-466d-a321-946f2ec77669 req-c4362863-929b-466d-a321-946f2ec77669 ] Request (DeleteServersAdminTestJSON:tearDownClass): 404 DELETE http://10.180.1.21/compute/v2.1/servers/1a5650f6-b273-4e04-9f17-43ccb353516e 0.806s
2025-04-14 12:32:12.407 70448 INFO tempest.lib.common.rest_client [req-29846d4e-90c5-490d-b6cb-30fa66715c84 req-29846d4e-90c5-490d-b6cb-30fa66715c84 ] Request (MigrationsAdminTest:test_list_migrations_in_flavor_resize_situation): 200 GET http://10.180.1.21/compute/v2.1/servers/6a4056d3-e606-4232-a764-b1d6ffdc311e 0.939s
2025-04-14 12:32:12.496 70478 INFO tempest.lib.common.rest_client [req-7a99463d-2f1f-413d-adb8-1dd60514ac6d req-7a99463d-2f1f-413d-adb8-1dd60514ac6d ] Request (ServerRescueTestJSONUnderV235:test_rescued_vm_add_remove_security_group): 200 POST http://10.180.1.21/compute/v2.1/os-security-groups 0.621s
2025-04-14 12:32:12.557 70444 INFO tempest.lib.common.rest_client [req-836d0dc5-d4c6-4087-9e40-e1ede2a928a9 req-836d0dc5-d4c6-4087-9e40-e1ede2a928a9 ] Request (AttachInterfacesV270Test:test_create_get_list_interfaces): 200 GET http://10.180.1.21/compute/v2.1/servers/f1868a7a-65b3-45b9-ac80-9d9716031a89 0.394s
2025-04-14 12:32:12.605 70462 INFO tempest.lib.common.rest_client [req-04657dda-68a6-429b-96ad-8ae2906186e7 req-04657dda-68a6-429b-96ad-8ae2906186e7 ] Request (ServerDiskConfigTestJSON:test_rebuild_server_with_manual_disk_config): 200 GET http://10.180.1.21/compute/v2.1/servers/ee9173ac-18ee-4882-bfe3-ab4cdc707d1a 0.396s
2025-04-14 12:32:12.654 70468 INFO tempest.lib.common.rest_client [req-14394341-620b-4327-a8d3-e909dd039f7d req-14394341-620b-4327-a8d3-e909dd039f7d ] Request (ImagesNegativeTestJSON:test_create_image_from_deleted_server): 200 GET http://10.180.1.21/compute/v2.1/servers/1cde37d8-bb36-4da1-9be8-9d722666a7a0 0.399s
2025-04-14 12:32:12.669 70492 INFO tempest.lib.common.rest_client [req-8d813ee6-39ae-4867-b377-7a3d10fb4eb6 req-8d813ee6-39ae-4867-b377-7a3d10fb4eb6 ] Request (FloatingIPsAssociationTestJSON:test_associate_already_associated_floating_ip): 409 POST http://10.180.1.21/compute/v2.1/servers/546d4f1f-00dc-458c-a0f5-3810925a681d/action 0.500s
2025-04-14 12:32:12.688 70432 INFO tempest.lib.common.rest_client [req-abde6d38-fa9b-43cb-8dfd-705047cd74c0 req-abde6d38-fa9b-43cb-8dfd-705047cd74c0 ] Request (DeleteServersAdminTestJSON:tearDownClass): 404 GET http://10.180.1.21/compute/v2.1/servers/1a5650f6-b273-4e04-9f17-43ccb353516e 0.332s
2025-04-14 12:32:12.705 70458 INFO tempest.lib.common.rest_client [req-538447ce-c2c4-4b52-a459-692b7085934c req-538447ce-c2c4-4b52-a459-692b7085934c ] Request (DeleteServersTestJSON:test_delete_active_server): 200 GET http://10.180.1.21/compute/v2.1/servers/9be9128e-4576-4941-9f9b-d2bca5d25975 0.385s
2025-04-14 12:32:12.731 70474 INFO tempest.lib.common.rest_client [req-e97f6c08-1849-491d-9f81-c2c425262954 req-e97f6c08-1849-491d-9f81-c2c425262954 ] Request (ServerActionsTestJSON:setUpClass): 200 GET http://10.180.1.21/compute/v2.1/servers/02c505b2-d1ff-4aae-b887-b10678a49427 0.354s
2025-04-14 12:32:12.754 70472 INFO tempest.lib.common.rest_client [req-7e2637ae-3fb3-4398-8abf-2167ceb5d2c7 req-7e2637ae-3fb3-4398-8abf-2167ceb5d2c7 ] Request (ServersAdminNegativeTestJSON:tearDownClass): 200 GET http://10.180.1.21/compute/v2.1/servers/ac73b9a6-0fc9-44d7-85d6-c2fd23e1243f 0.318s
2025-04-14 12:32:12.772 70434 INFO tempest.lib.common.rest_client [req-2035f777-9430-4771-891f-bbadbabad968 req-2035f777-9430-4771-891f-bbadbabad968 ] Request (ImagesTestJSON:test_create_image_from_stopped_server): 200 GET http://10.180.1.21/compute/v2.1/servers/ad8051f2-8149-46b3-9c77-3c71dc5ddcd9 0.285s
2025-04-14 12:32:12.824 70438 INFO tempest.lib.common.rest_client [req-fa2dcfb9-4732-4068-b115-da70db34ed34 req-fa2dcfb9-4732-4068-b115-da70db34ed34 ] Request (ServersNegativeTestJSON:setUpClass): 200 GET http://10.180.1.21/compute/v2.1/servers/b1e49170-1111-41f1-a065-6d099a1c01c8 0.283s
2025-04-14 12:32:12.827 70436 WARNING tempest.lib.common.ssh [-] Failed to establish authenticated ssh connection to cirros@10.180.180.203 ([Errno None] Unable to connect to port 22 on 10.180.180.203). Number attempts: 6. Retry after 7 seconds.: paramiko.ssh_exception.NoValidConnectionsError: [Errno None] Unable to connect to port 22 on 10.180.180.203
2025-04-14 12:32:12.875 70440 INFO tempest.lib.common.rest_client [req-d956b260-f3d4-4b0c-992c-533d34876f7f req-d956b260-f3d4-4b0c-992c-533d34876f7f ] Request (ServerAddressesTestJSON:setUpClass): 200 GET http://10.180.1.21/compute/v2.1/servers/cf420ae8-a415-49e5-ad08-3d62c6d7e040 0.260s
2025-04-14 12:32:12.927 70466 INFO tempest.lib.common.rest_client [req-5e30d96d-b37c-4c8f-a7ca-8750dc7c1476 req-5e30d96d-b37c-4c8f-a7ca-8750dc7c1476 ] Request (ImagesOneServerNegativeTestJSON:_run_cleanups): 200 GET http://10.180.1.21/compute/v2.1/servers/cc8b3887-1051-4d76-be7c-2cf21a3a28a0 0.260s
2025-04-14 12:32:13.369 70478 INFO tempest.lib.common.rest_client [req-5419d8b7-4d58-4447-a4ad-902e3e1d11ad req-5419d8b7-4d58-4447-a4ad-902e3e1d11ad ] Request (ServerRescueTestJSONUnderV235:test_rescued_vm_add_remove_security_group): 202 POST http://10.180.1.21/compute/v2.1/servers/480263ba-bab0-4026-ac77-0e2f6a425f1e/action 0.870s
2025-04-14 12:32:13.393 70432 INFO tempest.lib.common.rest_client [req-66f01851-9f10-4b0f-86bf-a61a9bbd17b6 req-66f01851-9f10-4b0f-86bf-a61a9bbd17b6 ] Request (DeleteServersAdminTestJSON:tearDownClass): 404 DELETE http://10.180.1.21/compute/v2.1/servers/0c04f57f-e221-4b5d-967d-8ab242d94e18 0.705s
2025-04-14 12:32:13.448 70490 INFO tempest.lib.common.rest_client [req-775b0dd3-d96a-4028-b447-3206108bd926 req-775b0dd3-d96a-4028-b447-3206108bd926 ] Request (MultipleCreateTestJSON:test_multiple_create): 200 GET http://10.180.1.21/compute/v2.1/servers/0a80fbe1-a39c-4f02-855e-41e23adbc88d 0.734s
2025-04-14 12:32:13.506 70476 INFO tempest.lib.common.rest_client [req-cc0c4aad-e796-48ad-862a-f1d9646edcb7 req-cc0c4aad-e796-48ad-862a-f1d9646edcb7 ] Request (ServersAdminTestJSON:test_inject_network_info): 200 GET http://10.180.1.21/compute/v2.1/servers/ad9ec99f-5338-44db-a225-a31e8ee75682 0.740s
2025-04-14 12:32:13.568 70452 INFO tempest.lib.common.rest_client [req-f3ddd21a-2396-4d2b-84e7-4ecd42fa64c8 req-f3ddd21a-2396-4d2b-84e7-4ecd42fa64c8 ] Request (ServerActionsTestOtherA:setUpClass): 200 GET http://10.180.1.21/compute/v2.1/servers/135fdd6c-b39a-4da2-a076-7aa092aa0d34 0.628s
2025-04-14 12:32:13.635 70482 INFO tempest.lib.common.rest_client [req-361420be-aa5c-4a27-a59f-7089c1d696f5 req-361420be-aa5c-4a27-a59f-7089c1d696f5 ] Request (InstanceActionsNegativeTestJSON:tearDownClass): 200 GET http://10.180.1.21/compute/v2.1/servers/c2c8d8bb-6a7d-46e2-a9cc-083f60676626 0.634s
2025-04-14 12:32:13.692 70470 INFO tempest.lib.common.rest_client [req-1959b887-6d9a-45d6-9dc7-c2af50602682 req-1959b887-6d9a-45d6-9dc7-c2af50602682 ] Request (ServerPasswordTestJSON:tearDownClass): 200 GET http://10.180.1.21/compute/v2.1/servers/67270ca7-2423-4d43-8dbd-1c0adf2ede54 0.624s
2025-04-14 12:32:13.907 70492 INFO tempest.lib.common.rest_client [req-4f1e201e-2d4d-405f-8c7b-f541c009092d req-4f1e201e-2d4d-405f-8c7b-f541c009092d ] Request (FloatingIPsAssociationTestJSON:_run_cleanups): 202 POST http://10.180.1.21/compute/v2.1/servers/7ddd9f8f-4faf-42ae-8c67-f5988da5b732/action 1.237s
2025-04-14 12:32:13.970 70486 INFO tempest.lib.common.rest_client [req-7d595915-4b37-4f68-8c64-0286d31379b2 req-7d595915-4b37-4f68-8c64-0286d31379b2 ] Request (ServersTestJSON:test_create_server_specify_multibyte_character_name): 200 GET http://10.180.1.21/compute/v2.1/servers/52d28545-4a72-448b-be63-69a252ed1bdc 0.793s
2025-04-14 12:32:13.973 70464 INFO tempest.lib.common.rest_client [req-c1ae915a-0b08-4da9-880e-949cdeb8bfd7 req-c1ae915a-0b08-4da9-880e-949cdeb8bfd7 ] Request (ServerExternalEventsTest:test_create_server_external_events): 200 GET http://10.180.1.21/compute/v2.1/servers/913679b6-777c-402a-862d-7fcd293f9527 0.849s
2025-04-14 12:32:14.020 70460 INFO tempest.lib.common.rest_client [req-62148df9-3c15-4f51-93b0-a508c09ee3a6 req-62148df9-3c15-4f51-93b0-a508c09ee3a6 ] Request (ListServerFiltersTestJSON:setUpClass): 200 GET http://10.180.1.21/compute/v2.1/servers/eb79b06b-68ff-44ef-bff4-28aee201e914 0.788s
2025-04-14 12:32:14.026 70488 INFO tempest.lib.common.rest_client [req-1c4ea076-e9e7-4820-8117-7bf904e5e324 req-1c4ea076-e9e7-4820-8117-7bf904e5e324 ] Request (AttachVolumeShelveTestJSON:test_attach_volume_shelved_or_offload_server): 200 GET http://10.180.1.21/compute/v2.1/servers/bada8017-1fc1-47c8-ac7e-b596e2fc2917 0.784s
2025-04-14 12:32:14.076 70480 INFO tempest.lib.common.rest_client [req-d02e2bf2-df26-443c-bac1-de0cba39581e req-d02e2bf2-df26-443c-bac1-de0cba39581e ] Request (ServersTestFqdnHostnames:tearDownClass): 200 GET http://10.180.1.21/compute/v2.1/servers/b417ccb7-13dd-434a-9623-1290d65c7ad5 0.777s
2025-04-14 12:32:14.091 70484 INFO tempest.lib.common.rest_client [req-79c199c1-aa9c-4f21-8c9e-3b69f90fb0af req-79c199c1-aa9c-4f21-8c9e-3b69f90fb0af ] Request (ListImageFiltersTestJSON:setUpClass): 200 GET http://10.180.1.21/compute/v2.1/servers/394ed08f-2d43-4261-bed1-cd94b14770ba 0.789s
2025-04-14 12:32:14.128 70456 INFO tempest.lib.common.rest_client [req-781aa625-e128-4e47-947b-36c5ce352421 req-781aa625-e128-4e47-947b-36c5ce352421 ] Request (InstanceActionsTestJSON:setUpClass): 200 GET http://10.180.1.21/compute/v2.1/servers/b93c923f-ce74-4d7e-abec-c456db0e83af 0.782s
2025-04-14 12:32:14.153 70432 INFO tempest.lib.common.rest_client [req-ec304c57-f44b-49de-be2d-25f9cfed44ba req-ec304c57-f44b-49de-be2d-25f9cfed44ba ] Request (DeleteServersAdminTestJSON:tearDownClass): 404 GET http://10.180.1.21/compute/v2.1/servers/0c04f57f-e221-4b5d-967d-8ab242d94e18 0.759s
2025-04-14 12:32:14.257 70432 INFO tempest.lib.common.rest_client [req-6e50df2a-146a-4b49-8ffc-ca6cbb2acee2 req-6e50df2a-146a-4b49-8ffc-ca6cbb2acee2 ] Request (DeleteServersAdminTestJSON:tearDownClass): 204 DELETE http://10.180.1.21/identity/v3/users/51a0b540198642cf85bdb67d8e13fc1c 0.104s
2025-04-14 12:32:14.302 70448 INFO tempest.lib.common.rest_client [req-484fa7d8-94a1-438c-a11c-ac33be9957d6 req-484fa7d8-94a1-438c-a11c-ac33be9957d6 ] Request (MigrationsAdminTest:test_list_migrations_in_flavor_resize_situation): 200 GET http://10.180.1.21/compute/v2.1/servers/6a4056d3-e606-4232-a764-b1d6ffdc311e 0.884s
2025-04-14 12:32:14.375 70432 INFO tempest.lib.common.rest_client [req-6f4e432a-6b0a-4fef-a3d2-43034e142239 req-6f4e432a-6b0a-4fef-a3d2-43034e142239 ] Request (DeleteServersAdminTestJSON:tearDownClass): 204 DELETE http://10.180.1.21/identity/v3/users/15f9d480afd64310b843a9f707a63f17 0.117s
2025-04-14 12:32:14.375 70432 INFO tempest.lib.common.dynamic_creds [-] Deleting project and security group for project: b0453d7353ae464596d10409d5656032
2025-04-14 12:32:14.432 70432 INFO tempest.lib.common.rest_client [req-23529854-6c10-4c3d-bcfe-320269e50e62 req-23529854-6c10-4c3d-bcfe-320269e50e62 ] Request (DeleteServersAdminTestJSON:tearDownClass): 201 POST http://10.180.1.21/identity/v3/auth/tokens 0.056s
2025-04-14 12:32:14.562 70432 INFO tempest.lib.common.rest_client [req-d688804b-c20d-441f-8957-0a5e9663938a req-d688804b-c20d-441f-8957-0a5e9663938a ] Request (DeleteServersAdminTestJSON:tearDownClass): 200 GET http://10.180.1.21:9696/networking/v2.0/security-groups?tenant_id=b0453d7353ae464596d10409d5656032&name=default 0.130s
2025-04-14 12:32:14.726 70432 INFO tempest.lib.common.rest_client [req-5c16de18-f930-4923-a032-878119453cf4 req-5c16de18-f930-4923-a032-878119453cf4 ] Request (DeleteServersAdminTestJSON:tearDownClass): 204 DELETE http://10.180.1.21:9696/networking/v2.0/security-groups/f40cf714-db58-4e36-bdcd-3eaafb959bb6 0.163s
2025-04-14 12:32:14.744 70444 INFO tempest.lib.common.rest_client [req-7e57b824-a85c-4432-92f1-a4d8959b8f6e req-7e57b824-a85c-4432-92f1-a4d8959b8f6e ] Request (AttachInterfacesV270Test:test_create_get_list_interfaces): 200 GET http://10.180.1.21/compute/v2.1/servers/f1868a7a-65b3-45b9-ac80-9d9716031a89 1.172s
2025-04-14 12:32:14.756 70444 INFO tempest.common.waiters [-] State transition "BUILD/spawning" ==> "ACTIVE/None" after 59 second wait
2025-04-14 12:32:14.790 70432 INFO tempest.lib.common.rest_client [req-01d5c080-1ca5-4bc7-bd28-427ca8dc1856 req-01d5c080-1ca5-4bc7-bd28-427ca8dc1856 ] Request (DeleteServersAdminTestJSON:tearDownClass): 204 DELETE http://10.180.1.21/identity/v3/projects/b0453d7353ae464596d10409d5656032 0.064s
2025-04-14 12:32:14.790 70432 INFO tempest.lib.common.dynamic_creds [-] Deleting project and security group for project: b81dd4c3408f4ddcb70f4c50a6c0fe6e
2025-04-14 12:32:14.817 70462 INFO tempest.lib.common.rest_client [req-c105491e-9126-494f-a086-d74574769154 req-c105491e-9126-494f-a086-d74574769154 ] Request (ServerDiskConfigTestJSON:test_rebuild_server_with_manual_disk_config): 200 GET http://10.180.1.21/compute/v2.1/servers/ee9173ac-18ee-4882-bfe3-ab4cdc707d1a 1.204s
2025-04-14 12:32:14.870 70468 INFO tempest.lib.common.rest_client [req-cb75169f-3e7c-411d-9a7b-3adbf08f5ec0 req-cb75169f-3e7c-411d-9a7b-3adbf08f5ec0 ] Request (ImagesNegativeTestJSON:test_create_image_from_deleted_server): 200 GET http://10.180.1.21/compute/v2.1/servers/1cde37d8-bb36-4da1-9be8-9d722666a7a0 1.208s
2025-04-14 12:32:14.912 70432 INFO tempest.lib.common.rest_client [req-7fe56b0e-c6fb-4061-acf1-1819ed05b220 req-7fe56b0e-c6fb-4061-acf1-1819ed05b220 ] Request (DeleteServersAdminTestJSON:tearDownClass): 200 GET http://10.180.1.21:9696/networking/v2.0/security-groups?tenant_id=b81dd4c3408f4ddcb70f4c50a6c0fe6e&name=default 0.121s
2025-04-14 12:32:14.942 70458 INFO tempest.lib.common.rest_client [req-b9c71b6e-2d44-4dc1-8380-490744fbd43d req-b9c71b6e-2d44-4dc1-8380-490744fbd43d ] Request (DeleteServersTestJSON:test_delete_active_server): 200 GET http://10.180.1.21/compute/v2.1/servers/9be9128e-4576-4941-9f9b-d2bca5d25975 1.229s
2025-04-14 12:32:14.977 70478 INFO tempest.lib.common.rest_client [req-831365cc-e683-4691-aeed-30b31d5c6938 req-831365cc-e683-4691-aeed-30b31d5c6938 ] Request (ServerRescueTestJSONUnderV235:test_rescued_vm_add_remove_security_group): 202 POST http://10.180.1.21/compute/v2.1/servers/480263ba-bab0-4026-ac77-0e2f6a425f1e/action 1.607s
2025-04-14 12:32:15.002 70474 INFO tempest.lib.common.rest_client [req-f1ae90ac-e425-4555-9e2d-f1495a2d4a9c req-f1ae90ac-e425-4555-9e2d-f1495a2d4a9c ] Request (ServerActionsTestJSON:setUpClass): 200 GET http://10.180.1.21/compute/v2.1/servers/02c505b2-d1ff-4aae-b887-b10678a49427 1.264s
2025-04-14 12:32:15.018 70432 INFO tempest.lib.common.rest_client [req-93aacc92-26ee-45d4-b240-2407dba6fde2 req-93aacc92-26ee-45d4-b240-2407dba6fde2 ] Request (DeleteServersAdminTestJSON:tearDownClass): 204 DELETE http://10.180.1.21:9696/networking/v2.0/security-groups/a2520c33-54ef-41b0-9282-77f6361ce64d 0.105s
2025-04-14 12:32:15.046 70472 INFO tempest.lib.common.rest_client [req-e3de7d2b-eb7b-456c-b159-a28c584b9159 req-e3de7d2b-eb7b-456c-b159-a28c584b9159 ] Request (ServersAdminNegativeTestJSON:tearDownClass): 200 GET http://10.180.1.21/compute/v2.1/servers/ac73b9a6-0fc9-44d7-85d6-c2fd23e1243f 1.284s
2025-04-14 12:32:15.060 70434 INFO tempest.lib.common.rest_client [req-150d8c24-282b-4817-916f-fb4feab7fe78 req-150d8c24-282b-4817-916f-fb4feab7fe78 ] Request (ImagesTestJSON:test_create_image_from_stopped_server): 200 GET http://10.180.1.21/compute/v2.1/servers/ad8051f2-8149-46b3-9c77-3c71dc5ddcd9 1.280s
2025-04-14 12:32:15.100 70438 INFO tempest.lib.common.rest_client [req-499b49ad-df08-4260-83d0-0fa2de7389b9 req-499b49ad-df08-4260-83d0-0fa2de7389b9 ] Request (ServersNegativeTestJSON:setUpClass): 200 GET http://10.180.1.21/compute/v2.1/servers/b1e49170-1111-41f1-a065-6d099a1c01c8 1.268s
2025-04-14 12:32:15.117 70440 INFO tempest.lib.common.rest_client [req-66a87c98-8adf-4f2b-959d-339210829df2 req-66a87c98-8adf-4f2b-959d-339210829df2 ] Request (ServerAddressesTestJSON:setUpClass): 200 GET http://10.180.1.21/compute/v2.1/servers/cf420ae8-a415-49e5-ad08-3d62c6d7e040 1.234s
2025-04-14 12:32:15.122 70432 INFO tempest.lib.common.rest_client [req-bfffd8b3-9a67-4428-a81b-2e0ab93c7bdd req-bfffd8b3-9a67-4428-a81b-2e0ab93c7bdd ] Request (DeleteServersAdminTestJSON:tearDownClass): 204 DELETE http://10.180.1.21/identity/v3/projects/b81dd4c3408f4ddcb70f4c50a6c0fe6e 0.103s
2025-04-14 12:32:15.168 70466 INFO tempest.lib.common.rest_client [req-1245e5e9-5f0d-476d-b5f3-ac1c3f644d3e req-1245e5e9-5f0d-476d-b5f3-ac1c3f644d3e ] Request (ImagesOneServerNegativeTestJSON:_run_cleanups): 200 GET http://10.180.1.21/compute/v2.1/servers/cc8b3887-1051-4d76-be7c-2cf21a3a28a0 1.233s
2025-04-14 12:32:15.175 70432 INFO tempest.lib.common.rest_client [req-754d40cf-4298-4ae4-b935-977f630d9ed4 req-754d40cf-4298-4ae4-b935-977f630d9ed4 ] Request (FloatingIPsAssociationNegativeTestJSON:setUpClass): 201 POST http://10.180.1.21/identity/v3/auth/tokens 0.051s
2025-04-14 12:32:15.184 70492 INFO tempest.lib.common.rest_client [req-04742766-09b5-4022-b0cc-fa50ccf37121 req-04742766-09b5-4022-b0cc-fa50ccf37121 ] Request (FloatingIPsAssociationTestJSON:_run_cleanups): 204 DELETE http://10.180.1.21/compute/v2.1/servers/7ddd9f8f-4faf-42ae-8c67-f5988da5b732 1.276s
2025-04-14 12:32:15.215 70432 INFO tempest.lib.common.rest_client [req-63a8cd95-a5ed-4303-9620-a0a3586d6979 req-63a8cd95-a5ed-4303-9620-a0a3586d6979 ] Request (FloatingIPsAssociationNegativeTestJSON:setUpClass): 201 POST http://10.180.1.21/identity/v3/auth/tokens 0.035s
2025-04-14 12:32:15.229 70490 INFO tempest.lib.common.rest_client [req-13124da7-dd2c-4add-8526-897589968d9c req-13124da7-dd2c-4add-8526-897589968d9c ] Request (MultipleCreateTestJSON:test_multiple_create): 200 GET http://10.180.1.21/compute/v2.1/servers/0a80fbe1-a39c-4f02-855e-41e23adbc88d 0.772s
2025-04-14 12:32:15.242 70476 INFO tempest.lib.common.rest_client [req-f0e92ae8-119f-4c4f-ba6e-ec0100cfaad2 req-f0e92ae8-119f-4c4f-ba6e-ec0100cfaad2 ] Request (ServersAdminTestJSON:test_inject_network_info): 200 GET http://10.180.1.21/compute/v2.1/servers/ad9ec99f-5338-44db-a225-a31e8ee75682 0.729s
2025-04-14 12:32:15.246 70432 INFO tempest.lib.common.rest_client [req-12e88058-359a-4907-821f-21659098c46e req-12e88058-359a-4907-821f-21659098c46e ] Request (FloatingIPsAssociationNegativeTestJSON:setUpClass): 200 GET http://10.180.1.21/identity/v3/domains?name=Default 0.030s
2025-04-14 12:32:15.277 70432 INFO tempest.lib.common.rest_client [req-846c45f4-ad31-4704-8cfb-3e34638ba08d req-846c45f4-ad31-4704-8cfb-3e34638ba08d ] Request (FloatingIPsAssociationNegativeTestJSON:setUpClass): 201 POST http://10.180.1.21/identity/v3/projects 0.030s
2025-04-14 12:32:15.292 70452 INFO tempest.lib.common.rest_client [req-b924cd05-a2f7-415d-9268-572db1b184c8 req-b924cd05-a2f7-415d-9268-572db1b184c8 ] Request (ServerActionsTestOtherA:setUpClass): 200 GET http://10.180.1.21/compute/v2.1/servers/135fdd6c-b39a-4da2-a076-7aa092aa0d34 0.716s
2025-04-14 12:32:15.322 70482 INFO tempest.lib.common.rest_client [req-b0d7946c-aca1-4ae1-9b33-32d9fd9bd56f req-b0d7946c-aca1-4ae1-9b33-32d9fd9bd56f ] Request (InstanceActionsNegativeTestJSON:tearDownClass): 200 GET http://10.180.1.21/compute/v2.1/servers/c2c8d8bb-6a7d-46e2-a9cc-083f60676626 0.678s
2025-04-14 12:32:15.344 70432 INFO tempest.lib.common.rest_client [req-b6a427ad-6df0-4902-a0c2-5254a3a4d68e req-b6a427ad-6df0-4902-a0c2-5254a3a4d68e ] Request (FloatingIPsAssociationNegativeTestJSON:setUpClass): 201 POST http://10.180.1.21/identity/v3/users 0.067s
2025-04-14 12:32:15.345 70470 INFO tempest.lib.common.rest_client [req-837566c5-d3fd-4654-bd0f-93129eb69bba req-837566c5-d3fd-4654-bd0f-93129eb69bba ] Request (ServerPasswordTestJSON:tearDownClass): 200 GET http://10.180.1.21/compute/v2.1/servers/67270ca7-2423-4d43-8dbd-1c0adf2ede54 0.641s
2025-04-14 12:32:15.370 70432 INFO tempest.lib.common.rest_client [req-bc937fb5-722f-4cc6-a71a-163b9a3b2afe req-bc937fb5-722f-4cc6-a71a-163b9a3b2afe ] Request (FloatingIPsAssociationNegativeTestJSON:setUpClass): 200 GET http://10.180.1.21/identity/v3/roles 0.025s
2025-04-14 12:32:15.399 70464 INFO tempest.lib.common.rest_client [req-7c8d1551-9a0e-48e4-9f7f-92b037e80262 req-7c8d1551-9a0e-48e4-9f7f-92b037e80262 ] Request (ServerExternalEventsTest:test_create_server_external_events): 200 GET http://10.180.1.21/compute/v2.1/servers/913679b6-777c-402a-862d-7fcd293f9527 0.417s
2025-04-14 12:32:15.402 70432 INFO tempest.lib.common.rest_client [req-5411069e-39b4-4499-b172-f45895a0a0ae req-5411069e-39b4-4499-b172-f45895a0a0ae ] Request (FloatingIPsAssociationNegativeTestJSON:setUpClass): 204 PUT http://10.180.1.21/identity/v3/projects/39ef54adbcff4a008c98332a7bf3ea77/users/100bc30a9c6442e5b03bf3c5addf8e04/roles/d1b67443904c44b38e7ab21dcaacb0e3 0.031s
