2025-04-14 12:32:57.309 70458 INFO tempest.lib.common.rest_client [req-66f682e0-3d46-418a-9bfd-bfbe526ed445 req-66f682e0-3d46-418a-9bfd-bfbe526ed445 ] Request (DeleteServersTestJSON:test_delete_server_while_in_attached_volume): 200 GET http://10.180.1.21/compute/v2.1/servers/3a8418da-6dbf-48d2-bcfa-1db117ec8631 0.075s
2025-04-14 12:32:57.380 70460 INFO tempest.lib.common.rest_client [req-75ed4337-d792-4e1c-a9c2-1feb2df5edb0 req-75ed4337-d792-4e1c-a9c2-1feb2df5edb0 ] Request (ListServerFiltersTestJSON:tearDownClass): 200 GET http://10.180.1.21/compute/v2.1/servers/eb79b06b-68ff-44ef-bff4-28aee201e914 0.057s
2025-04-14 12:32:57.619 70434 INFO tempest.lib.common.rest_client [req-bd419095-8e25-444a-a516-3a416b966960 req-bd419095-8e25-444a-a516-3a416b966960 ] Request (ImagesTestJSON:test_create_image_from_stopped_server): 200 GET http://10.180.1.21/compute/v2.1/servers/ad8051f2-8149-46b3-9c77-3c71dc5ddcd9 0.057s
2025-04-14 12:32:57.740 70478 INFO tempest.lib.common.rest_client [req-55e3ceef-29a8-4fc3-a890-31b987184b8e req-55e3ceef-29a8-4fc3-a890-31b987184b8e ] Request (ServerRescueTestJSONUnderV235:tearDownClass): 200 GET http://10.180.1.21/compute/v2.1/servers/480263ba-bab0-4026-ac77-0e2f6a425f1e 0.060s
2025-04-14 12:32:57.771 70476 INFO tempest.lib.common.rest_client [req-6e879532-8bc8-48e9-91ec-2bd0944f3319 req-6e879532-8bc8-48e9-91ec-2bd0944f3319 ] Request (ServersAdminTestJSON:test_inject_network_info): 200 GET http://10.180.1.21/compute/v2.1/servers/ad9ec99f-5338-44db-a225-a31e8ee75682 0.048s
2025-04-14 12:32:57.820 70452 WARNING tempest.lib.common.ssh [-] Failed to establish authenticated ssh connection to cirros@10.180.180.212 ([Errno None] Unable to connect to port 22 on 10.180.180.212). Number attempts: 1. Retry after 2 seconds.: paramiko.ssh_exception.NoValidConnectionsError: [Errno None] Unable to connect to port 22 on 10.180.180.212
2025-04-14 12:32:57.826 70464 INFO tempest.lib.common.rest_client [req-1c1cc88f-6c2c-4dd7-87ac-6039f882831b req-1c1cc88f-6c2c-4dd7-87ac-6039f882831b ] Request (ServerExternalEventsTest:test_create_server_external_events): 200 GET http://10.180.1.21/compute/v2.1/servers/913679b6-777c-402a-862d-7fcd293f9527 0.050s
2025-04-14 12:32:57.897 70472 INFO tempest.lib.common.rest_client [req-f67a9d93-d020-40df-81c4-b308735346dc req-f67a9d93-d020-40df-81c4-b308735346dc ] Request (ServersAdminNegativeTestJSON:tearDownClass): 200 GET http://10.180.1.21/compute/v2.1/servers/9fa8a004-e7b8-412e-bd4d-f8a20675bbe8 0.055s
2025-04-14 12:32:57.968 70444 INFO tempest.lib.common.rest_client [req-7c833a42-049e-4299-afdb-e6ac16c2caab req-7c833a42-049e-4299-afdb-e6ac16c2caab ] Request (AttachInterfacesV270Test:tearDownClass): 200 GET http://10.180.1.21/compute/v2.1/servers/f1868a7a-65b3-45b9-ac80-9d9716031a89 0.069s
2025-04-14 12:32:57.975 70482 INFO tempest.lib.common.rest_client [req-72550033-453f-4f7d-8815-cf19e7a8d6bb req-72550033-453f-4f7d-8815-cf19e7a8d6bb ] Request (ServerRescueTestJSON:setUpClass): 200 GET http://10.180.1.21/compute/v2.1/servers/d5594fac-44a9-4be9-ac10-42e6f368365f 0.065s
2025-04-14 12:32:58.016 70456 INFO tempest.lib.common.rest_client [req-596f90d0-96ae-4870-bde9-f6d611eef39a req-596f90d0-96ae-4870-bde9-f6d611eef39a ] Request (InstanceActionsTestJSON:setUpClass): 200 GET http://10.180.1.21/compute/v2.1/servers/b93c923f-ce74-4d7e-abec-c456db0e83af 0.072s
2025-04-14 12:32:58.027 70468 INFO tempest.lib.common.rest_client [req-954d7999-0433-4b56-bf69-3aeedfb8a513 req-954d7999-0433-4b56-bf69-3aeedfb8a513 ] Request (ImagesNegativeTestJSON:test_create_image_from_deleted_server): 200 GET http://10.180.1.21/compute/v2.1/servers/1cde37d8-bb36-4da1-9be8-9d722666a7a0 0.070s
2025-04-14 12:32:58.069 70490 INFO tempest.lib.common.rest_client [req-a952548c-cb3e-4088-bbeb-17921288f09b req-a952548c-cb3e-4088-bbeb-17921288f09b ] Request (MultipleCreateTestJSON:test_multiple_create): 200 GET http://10.180.1.21/compute/v2.1/servers/4f479379-020b-4939-9be7-624b7dac426e 0.067s
2025-04-14 12:32:58.081 70492 INFO tempest.lib.common.rest_client [req-3462d5bb-c65d-436e-85ef-904ce4c7dd57 req-3462d5bb-c65d-436e-85ef-904ce4c7dd57 ] Request (FloatingIPsAssociationTestJSON:tearDownClass): 200 GET http://10.180.1.21/compute/v2.1/servers/7ddd9f8f-4faf-42ae-8c67-f5988da5b732 0.066s
2025-04-14 12:32:58.119 70488 INFO tempest.lib.common.rest_client [req-9102b3ba-a372-4319-8c62-7dc57f46755a req-9102b3ba-a372-4319-8c62-7dc57f46755a ] Request (AttachVolumeShelveTestJSON:test_attach_volume_shelved_or_offload_server): 200 GET http://10.180.1.21/compute/v2.1/servers/bada8017-1fc1-47c8-ac7e-b596e2fc2917 0.062s
2025-04-14 12:32:58.131 70448 INFO tempest.lib.common.rest_client [req-a5d0541b-54eb-4bd5-b400-24c3f7570fd3 req-a5d0541b-54eb-4bd5-b400-24c3f7570fd3 ] Request (MigrationsAdminTest:test_resize_server_revert_deleted_flavor): 200 GET http://10.180.1.21/compute/v2.1/servers/da5e0b7e-b288-455d-a93e-7bbc4a8c58c9 0.057s
2025-04-14 12:32:58.174 70450 INFO tempest.lib.common.rest_client [req-a895da54-bacc-4b39-85e6-8f1f1a88e3a1 req-a895da54-bacc-4b39-85e6-8f1f1a88e3a1 ] Request (ServersWithSpecificFlavorTestJSON:test_verify_created_server_ephemeral_disk): 200 GET http://10.180.1.21/compute/v2.1/servers/f32d148d-a6be-4323-a5ea-8b10beca2d5b 0.066s
2025-04-14 12:32:58.180 70462 INFO tempest.lib.common.rest_client [req-984582d5-ee05-41c3-aa88-8de8c3848995 req-984582d5-ee05-41c3-aa88-8de8c3848995 ] Request (ServerDiskConfigTestJSON:test_rebuild_server_with_manual_disk_config): 200 GET http://10.180.1.21/compute/v2.1/servers/ee9173ac-18ee-4882-bfe3-ab4cdc707d1a 0.054s
2025-04-14 12:32:58.203 70484 INFO tempest.lib.common.rest_client [req-f2cced62-35c5-484b-a7ba-05dcfd97307e req-f2cced62-35c5-484b-a7ba-05dcfd97307e ] Request (ListImageFiltersTestJSON:setUpClass): 200 GET http://10.180.1.21/compute/v2.1/images/b61d648d-7302-4f01-bf91-8407ffd3e9bc 0.068s
2025-04-14 12:32:58.203 70454 WARNING tempest.lib.common.ssh [-] Failed to establish authenticated ssh connection to cirros@10.180.180.217 ([Errno None] Unable to connect to port 22 on 10.180.180.217). Number attempts: 8. Retry after 9 seconds.: paramiko.ssh_exception.NoValidConnectionsError: [Errno None] Unable to connect to port 22 on 10.180.180.217
2025-04-14 12:32:58.231 70432 INFO tempest.lib.common.rest_client [req-b8ad7f21-183c-44ef-b6d1-d3fc769a1fae req-b8ad7f21-183c-44ef-b6d1-d3fc769a1fae ] Request (FloatingIPsAssociationNegativeTestJSON:setUpClass): 200 GET http://10.180.1.21/compute/v2.1/servers/90d28880-88ca-4540-b9e1-27fa08c0ff9e 0.062s
2025-04-14 12:32:58.256 70486 INFO tempest.lib.common.rest_client [req-00317ce1-1deb-4a01-859a-b61cdbf8f6f4 req-00317ce1-1deb-4a01-859a-b61cdbf8f6f4 ] Request (ServersTestJSON:test_create_server_with_ipv6_addr_only): 200 GET http://10.180.1.21/compute/v2.1/servers/47240db4-50a6-45eb-806a-bc57fafdcadb 0.066s
2025-04-14 12:32:58.285 70438 INFO tempest.lib.common.rest_client [req-62b3a0c1-cc05-47ea-8664-924aff84d96a req-62b3a0c1-cc05-47ea-8664-924aff84d96a ] Request (ServersNegativeTestJSON:setUpClass): 200 GET http://10.180.1.21/compute/v2.1/servers/382ead1c-5ee4-46fe-9172-d56fbe43b7e6 0.063s
2025-04-14 12:32:58.312 70474 INFO tempest.lib.common.rest_client [req-524fa7b4-a4d9-41fb-9dd9-11b73eb49103 req-524fa7b4-a4d9-41fb-9dd9-11b73eb49103 ] Request (ServerActionsTestJSON:setUpClass): 200 GET http://10.180.1.21/compute/v2.1/servers/02c505b2-d1ff-4aae-b887-b10678a49427 0.076s
2025-04-14 12:32:58.339 70440 INFO tempest.lib.common.rest_client [req-0ff1fd32-28fc-4e74-8a63-1cc332d8ef56 req-0ff1fd32-28fc-4e74-8a63-1cc332d8ef56 ] Request (ServerAddressesTestJSON:setUpClass): 200 GET http://10.180.1.21/compute/v2.1/servers/cf420ae8-a415-49e5-ad08-3d62c6d7e040 0.070s
2025-04-14 12:32:58.346 70440 INFO tempest.common.waiters [-] State transition "BUILD/scheduling" ==> "BUILD/None" after 53 second wait
2025-04-14 12:32:58.365 70466 INFO tempest.lib.common.rest_client [req-e170b18b-ad0e-4ca1-9909-c8aee00c0d39 req-e170b18b-ad0e-4ca1-9909-c8aee00c0d39 ] Request (ImagesOneServerNegativeTestJSON:_run_cleanups): 200 GET http://10.180.1.21/compute/v2.1/servers/cc8b3887-1051-4d76-be7c-2cf21a3a28a0 0.074s
2025-04-14 12:32:58.387 70458 INFO tempest.lib.common.rest_client [req-c49260cd-3c87-4a45-9aa4-a4b9a367eb15 req-c49260cd-3c87-4a45-9aa4-a4b9a367eb15 ] Request (DeleteServersTestJSON:test_delete_server_while_in_attached_volume): 200 GET http://10.180.1.21/compute/v2.1/servers/3a8418da-6dbf-48d2-bcfa-1db117ec8631 0.069s
2025-04-14 12:32:58.454 70460 INFO tempest.lib.common.rest_client [req-b2f9b5ab-4811-406f-a37f-751d6e288237 req-b2f9b5ab-4811-406f-a37f-751d6e288237 ] Request (ListServerFiltersTestJSON:tearDownClass): 200 GET http://10.180.1.21/compute/v2.1/servers/eb79b06b-68ff-44ef-bff4-28aee201e914 0.065s
2025-04-14 12:32:58.675 70434 INFO tempest.lib.common.rest_client [req-88956b44-36cf-4a06-996a-abca0eb4c9d9 req-88956b44-36cf-4a06-996a-abca0eb4c9d9 ] Request (ImagesTestJSON:test_create_image_from_stopped_server): 200 GET http://10.180.1.21/compute/v2.1/servers/ad8051f2-8149-46b3-9c77-3c71dc5ddcd9 0.048s
2025-04-14 12:32:58.808 70478 INFO tempest.lib.common.rest_client [req-5e02bf8d-3f68-4558-9912-00c1f755a0e9 req-5e02bf8d-3f68-4558-9912-00c1f755a0e9 ] Request (ServerRescueTestJSONUnderV235:tearDownClass): 200 GET http://10.180.1.21/compute/v2.1/servers/480263ba-bab0-4026-ac77-0e2f6a425f1e 0.060s
2025-04-14 12:32:58.834 70476 INFO tempest.lib.common.rest_client [req-3b10003f-f2ae-4a13-a491-ca1ea3fca61a req-3b10003f-f2ae-4a13-a491-ca1ea3fca61a ] Request (ServersAdminTestJSON:test_inject_network_info): 200 GET http://10.180.1.21/compute/v2.1/servers/ad9ec99f-5338-44db-a225-a31e8ee75682 0.054s
2025-04-14 12:32:58.884 70464 INFO tempest.lib.common.rest_client [req-d760b2fe-744c-4b29-8607-0c52357416fb req-d760b2fe-744c-4b29-8607-0c52357416fb ] Request (ServerExternalEventsTest:test_create_server_external_events): 200 GET http://10.180.1.21/compute/v2.1/servers/913679b6-777c-402a-862d-7fcd293f9527 0.051s
2025-04-14 12:32:58.962 70472 INFO tempest.lib.common.rest_client [req-8a217853-967c-487c-b5a4-4dfd141cef4d req-8a217853-967c-487c-b5a4-4dfd141cef4d ] Request (ServersAdminNegativeTestJSON:tearDownClass): 200 GET http://10.180.1.21/compute/v2.1/servers/9fa8a004-e7b8-412e-bd4d-f8a20675bbe8 0.058s
2025-04-14 12:32:59.034 70482 INFO tempest.lib.common.rest_client [req-015589d7-8ff6-412f-bddf-0c0a3bb78966 req-015589d7-8ff6-412f-bddf-0c0a3bb78966 ] Request (ServerRescueTestJSON:setUpClass): 200 GET http://10.180.1.21/compute/v2.1/servers/d5594fac-44a9-4be9-ac10-42e6f368365f 0.052s
2025-04-14 12:32:59.046 70444 INFO tempest.lib.common.rest_client [req-1c6a13cb-7052-4707-b71d-99d7f7ea5e1e req-1c6a13cb-7052-4707-b71d-99d7f7ea5e1e ] Request (AttachInterfacesV270Test:tearDownClass): 200 GET http://10.180.1.21/compute/v2.1/servers/f1868a7a-65b3-45b9-ac80-9d9716031a89 0.067s
2025-04-14 12:32:59.084 70456 INFO tempest.lib.common.rest_client [req-f6d8cc5b-3ecf-4a8a-8ffd-2cf72a306816 req-f6d8cc5b-3ecf-4a8a-8ffd-2cf72a306816 ] Request (InstanceActionsTestJSON:setUpClass): 200 GET http://10.180.1.21/compute/v2.1/servers/b93c923f-ce74-4d7e-abec-c456db0e83af 0.059s
2025-04-14 12:32:59.097 70468 INFO tempest.lib.common.rest_client [req-3e03f69b-312b-46d8-a99a-d6f182d537f7 req-3e03f69b-312b-46d8-a99a-d6f182d537f7 ] Request (ImagesNegativeTestJSON:test_create_image_from_deleted_server): 200 GET http://10.180.1.21/compute/v2.1/servers/1cde37d8-bb36-4da1-9be8-9d722666a7a0 0.062s
2025-04-14 12:32:59.135 70490 INFO tempest.lib.common.rest_client [req-2c41fffb-a733-4c35-9f36-9e59bd1d9c3f req-2c41fffb-a733-4c35-9f36-9e59bd1d9c3f ] Request (MultipleCreateTestJSON:test_multiple_create): 200 GET http://10.180.1.21/compute/v2.1/servers/4f479379-020b-4939-9be7-624b7dac426e 0.057s
2025-04-14 12:32:59.150 70492 INFO tempest.lib.common.rest_client [req-02b4172a-424b-4a83-a6da-3caea8a8226b req-02b4172a-424b-4a83-a6da-3caea8a8226b ] Request (FloatingIPsAssociationTestJSON:tearDownClass): 200 GET http://10.180.1.21/compute/v2.1/servers/7ddd9f8f-4faf-42ae-8c67-f5988da5b732 0.061s
2025-04-14 12:32:59.189 70488 INFO tempest.lib.common.rest_client [req-15fe733a-cf2f-42a8-be60-0b49484d2190 req-15fe733a-cf2f-42a8-be60-0b49484d2190 ] Request (AttachVolumeShelveTestJSON:test_attach_volume_shelved_or_offload_server): 200 GET http://10.180.1.21/compute/v2.1/servers/bada8017-1fc1-47c8-ac7e-b596e2fc2917 0.059s
2025-04-14 12:32:59.196 70448 INFO tempest.lib.common.rest_client [req-6b289a87-36af-4ae9-b2d0-c3bbfc3a129c req-6b289a87-36af-4ae9-b2d0-c3bbfc3a129c ] Request (MigrationsAdminTest:test_resize_server_revert_deleted_flavor): 200 GET http://10.180.1.21/compute/v2.1/servers/da5e0b7e-b288-455d-a93e-7bbc4a8c58c9 0.056s
2025-04-14 12:32:59.238 70450 INFO tempest.lib.common.rest_client [req-05067435-a812-4381-baef-d7036485bf29 req-05067435-a812-4381-baef-d7036485bf29 ] Request (ServersWithSpecificFlavorTestJSON:test_verify_created_server_ephemeral_disk): 200 GET http://10.180.1.21/compute/v2.1/servers/f32d148d-a6be-4323-a5ea-8b10beca2d5b 0.055s
2025-04-14 12:32:59.251 70462 INFO tempest.lib.common.rest_client [req-8d0205f5-6d38-43e6-8caa-b5bbbe401188 req-8d0205f5-6d38-43e6-8caa-b5bbbe401188 ] Request (ServerDiskConfigTestJSON:test_rebuild_server_with_manual_disk_config): 200 GET http://10.180.1.21/compute/v2.1/servers/ee9173ac-18ee-4882-bfe3-ab4cdc707d1a 0.062s
2025-04-14 12:32:59.271 70484 INFO tempest.lib.common.rest_client [req-7afc51d1-8423-455f-bba4-a5c413f5916e req-7afc51d1-8423-455f-bba4-a5c413f5916e ] Request (ListImageFiltersTestJSON:setUpClass): 200 GET http://10.180.1.21/compute/v2.1/images/b61d648d-7302-4f01-bf91-8407ffd3e9bc 0.063s
2025-04-14 12:32:59.303 70432 INFO tempest.lib.common.rest_client [req-cc8c24ac-610e-49ad-be48-b52a6dc13e7d req-cc8c24ac-610e-49ad-be48-b52a6dc13e7d ] Request (FloatingIPsAssociationNegativeTestJSON:setUpClass): 200 GET http://10.180.1.21/compute/v2.1/servers/90d28880-88ca-4540-b9e1-27fa08c0ff9e 0.063s
2025-04-14 12:32:59.321 70486 INFO tempest.lib.common.rest_client [req-bf9ad1d0-48a8-4304-b1b7-f7e7d3f2ba10 req-bf9ad1d0-48a8-4304-b1b7-f7e7d3f2ba10 ] Request (ServersTestJSON:test_create_server_with_ipv6_addr_only): 200 GET http://10.180.1.21/compute/v2.1/servers/47240db4-50a6-45eb-806a-bc57fafdcadb 0.055s
2025-04-14 12:32:59.355 70438 INFO tempest.lib.common.rest_client [req-e81e121f-b3a2-4ed8-a651-899c76606ead req-e81e121f-b3a2-4ed8-a651-899c76606ead ] Request (ServersNegativeTestJSON:setUpClass): 200 GET http://10.180.1.21/compute/v2.1/servers/382ead1c-5ee4-46fe-9172-d56fbe43b7e6 0.062s
2025-04-14 12:32:59.374 70474 INFO tempest.lib.common.rest_client [req-34435d26-3e33-4fcf-86a4-11820ddfd2bc req-34435d26-3e33-4fcf-86a4-11820ddfd2bc ] Request (ServerActionsTestJSON:setUpClass): 200 GET http://10.180.1.21/compute/v2.1/servers/02c505b2-d1ff-4aae-b887-b10678a49427 0.054s
2025-04-14 12:32:59.409 70440 INFO tempest.lib.common.rest_client [req-3b089d92-0b24-4d61-bedf-86ca1106fbfe req-3b089d92-0b24-4d61-bedf-86ca1106fbfe ] Request (ServerAddressesTestJSON:setUpClass): 200 GET http://10.180.1.21/compute/v2.1/servers/cf420ae8-a415-49e5-ad08-3d62c6d7e040 0.062s
2025-04-14 12:32:59.423 70466 INFO tempest.lib.common.rest_client [req-392274e7-1333-4726-a2a7-a72453d07699 req-392274e7-1333-4726-a2a7-a72453d07699 ] Request (ImagesOneServerNegativeTestJSON:_run_cleanups): 200 GET http://10.180.1.21/compute/v2.1/servers/cc8b3887-1051-4d76-be7c-2cf21a3a28a0 0.048s
2025-04-14 12:32:59.461 70458 INFO tempest.lib.common.rest_client [req-59c4ee27-ed60-4f40-a3d5-fc59a5eb762d req-59c4ee27-ed60-4f40-a3d5-fc59a5eb762d ] Request (DeleteServersTestJSON:test_delete_server_while_in_attached_volume): 200 GET http://10.180.1.21/compute/v2.1/servers/3a8418da-6dbf-48d2-bcfa-1db117ec8631 0.065s
2025-04-14 12:32:59.521 70460 INFO tempest.lib.common.rest_client [req-ea697744-ef02-41f5-93e8-c831b79f09d5 req-ea697744-ef02-41f5-93e8-c831b79f09d5 ] Request (ListServerFiltersTestJSON:tearDownClass): 200 GET http://10.180.1.21/compute/v2.1/servers/eb79b06b-68ff-44ef-bff4-28aee201e914 0.058s
2025-04-14 12:32:59.736 70434 INFO tempest.lib.common.rest_client [req-761b0273-1d94-4e2d-a327-ae545966f24d req-761b0273-1d94-4e2d-a327-ae545966f24d ] Request (ImagesTestJSON:test_create_image_from_stopped_server): 200 GET http://10.180.1.21/compute/v2.1/servers/ad8051f2-8149-46b3-9c77-3c71dc5ddcd9 0.052s
2025-04-14 12:32:59.887 70478 INFO tempest.lib.common.rest_client [req-952b9eef-f6f0-4dcc-9b40-d1b396763b92 req-952b9eef-f6f0-4dcc-9b40-d1b396763b92 ] Request (ServerRescueTestJSONUnderV235:tearDownClass): 200 GET http://10.180.1.21/compute/v2.1/servers/480263ba-bab0-4026-ac77-0e2f6a425f1e 0.070s
2025-04-14 12:32:59.904 70476 INFO tempest.lib.common.rest_client [req-63b3e0f8-a9bd-45fd-b308-e9182e6686cb req-63b3e0f8-a9bd-45fd-b308-e9182e6686cb ] Request (ServersAdminTestJSON:test_inject_network_info): 200 GET http://10.180.1.21/compute/v2.1/servers/ad9ec99f-5338-44db-a225-a31e8ee75682 0.062s
2025-04-14 12:32:59.946 70464 INFO tempest.lib.common.rest_client [req-b8975dab-6d49-469c-bbdc-3f94834109c1 req-b8975dab-6d49-469c-bbdc-3f94834109c1 ] Request (ServerExternalEventsTest:test_create_server_external_events): 200 GET http://10.180.1.21/compute/v2.1/servers/913679b6-777c-402a-862d-7fcd293f9527 0.054s
2025-04-14 12:33:00.037 70472 INFO tempest.lib.common.rest_client [req-626ab16f-0e28-402c-91c2-ebb1a3080317 req-626ab16f-0e28-402c-91c2-ebb1a3080317 ] Request (ServersAdminNegativeTestJSON:tearDownClass): 200 GET http://10.180.1.21/compute/v2.1/servers/9fa8a004-e7b8-412e-bd4d-f8a20675bbe8 0.067s
2025-04-14 12:33:00.095 70482 INFO tempest.lib.common.rest_client [req-f5976020-3190-42bf-b2e3-ec8a4a948f16 req-f5976020-3190-42bf-b2e3-ec8a4a948f16 ] Request (ServerRescueTestJSON:setUpClass): 200 GET http://10.180.1.21/compute/v2.1/servers/d5594fac-44a9-4be9-ac10-42e6f368365f 0.052s
2025-04-14 12:33:00.135 70444 INFO tempest.lib.common.rest_client [req-985b8633-b9d0-46f4-b326-dc2c30750ccb req-985b8633-b9d0-46f4-b326-dc2c30750ccb ] Request (AttachInterfacesV270Test:tearDownClass): 200 GET http://10.180.1.21/compute/v2.1/servers/f1868a7a-65b3-45b9-ac80-9d9716031a89 0.073s
2025-04-14 12:33:00.146 70456 INFO tempest.lib.common.rest_client [req-06ad3c13-6043-4b7d-b4c1-f9fa486b5d0c req-06ad3c13-6043-4b7d-b4c1-f9fa486b5d0c ] Request (InstanceActionsTestJSON:setUpClass): 200 GET http://10.180.1.21/compute/v2.1/servers/b93c923f-ce74-4d7e-abec-c456db0e83af 0.053s
2025-04-14 12:33:00.184 70468 INFO tempest.lib.common.rest_client [req-3a746e69-fcd9-40eb-8e1f-2afa0b43db71 req-3a746e69-fcd9-40eb-8e1f-2afa0b43db71 ] Request (ImagesNegativeTestJSON:test_create_image_from_deleted_server): 200 GET http://10.180.1.21/compute/v2.1/servers/1cde37d8-bb36-4da1-9be8-9d722666a7a0 0.079s
2025-04-14 12:33:00.195 70490 INFO tempest.lib.common.rest_client [req-9a670c7b-1f22-47f6-9cd2-1c5c8b37b2b0 req-9a670c7b-1f22-47f6-9cd2-1c5c8b37b2b0 ] Request (MultipleCreateTestJSON:test_multiple_create): 200 GET http://10.180.1.21/compute/v2.1/servers/4f479379-020b-4939-9be7-624b7dac426e 0.052s
2025-04-14 12:33:00.201 70490 INFO tempest.common.waiters [-] State transition "BUILD/None" ==> "BUILD/networking" after 3 second wait
2025-04-14 12:33:00.239 70492 INFO tempest.lib.common.rest_client [req-7ca65497-96c1-4bff-8fbf-13b3beb83435 req-7ca65497-96c1-4bff-8fbf-13b3beb83435 ] Request (FloatingIPsAssociationTestJSON:tearDownClass): 200 GET http://10.180.1.21/compute/v2.1/servers/7ddd9f8f-4faf-42ae-8c67-f5988da5b732 0.081s
2025-04-14 12:33:00.252 70488 INFO tempest.lib.common.rest_client [req-4eac6028-657f-47c7-814b-981dfd428d6a req-4eac6028-657f-47c7-814b-981dfd428d6a ] Request (AttachVolumeShelveTestJSON:test_attach_volume_shelved_or_offload_server): 200 GET http://10.180.1.21/compute/v2.1/servers/bada8017-1fc1-47c8-ac7e-b596e2fc2917 0.054s
2025-04-14 12:33:00.290 70448 INFO tempest.lib.common.rest_client [req-2b689500-e807-47e5-b869-812a72922544 req-2b689500-e807-47e5-b869-812a72922544 ] Request (MigrationsAdminTest:test_resize_server_revert_deleted_flavor): 200 GET http://10.180.1.21/compute/v2.1/servers/da5e0b7e-b288-455d-a93e-7bbc4a8c58c9 0.083s
2025-04-14 12:33:00.303 70450 INFO tempest.lib.common.rest_client [req-61993afb-0a98-473d-a542-067e6de3c220 req-61993afb-0a98-473d-a542-067e6de3c220 ] Request (ServersWithSpecificFlavorTestJSON:test_verify_created_server_ephemeral_disk): 200 GET http://10.180.1.21/compute/v2.1/servers/f32d148d-a6be-4323-a5ea-8b10beca2d5b 0.055s
2025-04-14 12:33:00.338 70462 INFO tempest.lib.common.rest_client [req-f58ce5e6-dfb8-40cf-9858-7ef0f8bbd558 req-f58ce5e6-dfb8-40cf-9858-7ef0f8bbd558 ] Request (ServerDiskConfigTestJSON:test_rebuild_server_with_manual_disk_config): 200 GET http://10.180.1.21/compute/v2.1/servers/ee9173ac-18ee-4882-bfe3-ab4cdc707d1a 0.078s
2025-04-14 12:33:00.339 70484 INFO tempest.lib.common.rest_client [req-50efeb32-3f2e-4036-91ad-d3e46ea76e5f req-50efeb32-3f2e-4036-91ad-d3e46ea76e5f ] Request (ListImageFiltersTestJSON:setUpClass): 200 GET http://10.180.1.21/compute/v2.1/images/b61d648d-7302-4f01-bf91-8407ffd3e9bc 0.063s
2025-04-14 12:33:00.401 70432 INFO tempest.lib.common.rest_client [req-5797b4a6-f7cc-4983-a863-b334e416309a req-5797b4a6-f7cc-4983-a863-b334e416309a ] Request (FloatingIPsAssociationNegativeTestJSON:setUpClass): 200 GET http://10.180.1.21/compute/v2.1/servers/90d28880-88ca-4540-b9e1-27fa08c0ff9e 0.089s
2025-04-14 12:33:00.405 70486 INFO tempest.lib.common.rest_client [req-a2cd2fba-57d2-4d82-8c59-ff4365e357fd req-a2cd2fba-57d2-4d82-8c59-ff4365e357fd ] Request (ServersTestJSON:test_create_server_with_ipv6_addr_only): 200 GET http://10.180.1.21/compute/v2.1/servers/47240db4-50a6-45eb-806a-bc57fafdcadb 0.074s
2025-04-14 12:33:00.462 70438 INFO tempest.lib.common.rest_client [req-0300e993-7059-48f2-bdcd-593030b23b6f req-0300e993-7059-48f2-bdcd-593030b23b6f ] Request (ServersNegativeTestJSON:setUpClass): 200 GET http://10.180.1.21/compute/v2.1/servers/382ead1c-5ee4-46fe-9172-d56fbe43b7e6 0.099s
2025-04-14 12:33:00.467 70474 INFO tempest.lib.common.rest_client [req-45c67a5a-8e86-4db6-8fc9-1fe87b835193 req-45c67a5a-8e86-4db6-8fc9-1fe87b835193 ] Request (ServerActionsTestJSON:setUpClass): 200 GET http://10.180.1.21/compute/v2.1/servers/02c505b2-d1ff-4aae-b887-b10678a49427 0.084s
2025-04-14 12:33:00.533 70440 INFO tempest.lib.common.rest_client [req-0310cc55-bf7e-4067-a1c7-00072419dde9 req-0310cc55-bf7e-4067-a1c7-00072419dde9 ] Request (ServerAddressesTestJSON:setUpClass): 200 GET http://10.180.1.21/compute/v2.1/servers/cf420ae8-a415-49e5-ad08-3d62c6d7e040 0.116s
2025-04-14 12:33:00.535 70466 INFO tempest.lib.common.rest_client [req-9b66f7c2-cff8-4d39-a509-5bc600c37d15 req-9b66f7c2-cff8-4d39-a509-5bc600c37d15 ] Request (ImagesOneServerNegativeTestJSON:_run_cleanups): 200 GET http://10.180.1.21/compute/v2.1/servers/cc8b3887-1051-4d76-be7c-2cf21a3a28a0 0.104s
2025-04-14 12:33:00.586 70458 INFO tempest.lib.common.rest_client [req-94f31146-9545-4e17-afcb-0909a0230362 req-94f31146-9545-4e17-afcb-0909a0230362 ] Request (DeleteServersTestJSON:test_delete_server_while_in_attached_volume): 200 GET http://10.180.1.21/compute/v2.1/servers/3a8418da-6dbf-48d2-bcfa-1db117ec8631 0.117s
2025-04-14 12:33:00.605 70460 INFO tempest.lib.common.rest_client [req-fa29e2e2-7f0a-4b42-aa3e-8b36f443ec4e req-fa29e2e2-7f0a-4b42-aa3e-8b36f443ec4e ] Request (ListServerFiltersTestJSON:tearDownClass): 200 GET http://10.180.1.21/compute/v2.1/servers/eb79b06b-68ff-44ef-bff4-28aee201e914 0.075s
2025-04-14 12:33:00.806 70434 INFO tempest.lib.common.rest_client [req-b76990c1-4066-4903-8d01-5c2232020255 req-b76990c1-4066-4903-8d01-5c2232020255 ] Request (ImagesTestJSON:test_create_image_from_stopped_server): 200 GET http://10.180.1.21/compute/v2.1/servers/ad8051f2-8149-46b3-9c77-3c71dc5ddcd9 0.062s
2025-04-14 12:33:00.890 70452 WARNING tempest.lib.common.ssh [-] Failed to establish authenticated ssh connection to cirros@10.180.180.212 ([Errno None] Unable to connect to port 22 on 10.180.180.212). Number attempts: 2. Retry after 3 seconds.: paramiko.ssh_exception.NoValidConnectionsError: [Errno None] Unable to connect to port 22 on 10.180.180.212
2025-04-14 12:33:00.975 70478 INFO tempest.lib.common.rest_client [req-af11527f-a352-4935-8ccf-ad4bf3500307 req-af11527f-a352-4935-8ccf-ad4bf3500307 ] Request (ServerRescueTestJSONUnderV235:tearDownClass): 200 GET http://10.180.1.21/compute/v2.1/servers/480263ba-bab0-4026-ac77-0e2f6a425f1e 0.080s
2025-04-14 12:33:00.988 70476 INFO tempest.lib.common.rest_client [req-e6d2b40d-cd6d-4b42-ba31-15e2f7850f31 req-e6d2b40d-cd6d-4b42-ba31-15e2f7850f31 ] Request (ServersAdminTestJSON:test_inject_network_info): 200 GET http://10.180.1.21/compute/v2.1/servers/ad9ec99f-5338-44db-a225-a31e8ee75682 0.077s
2025-04-14 12:33:01.032 70464 INFO tempest.lib.common.rest_client [req-8343ab60-8f36-4453-a3e6-83b910943dfe req-8343ab60-8f36-4453-a3e6-83b910943dfe ] Request (ServerExternalEventsTest:test_create_server_external_events): 200 GET http://10.180.1.21/compute/v2.1/servers/913679b6-777c-402a-862d-7fcd293f9527 0.077s
2025-04-14 12:33:01.105 70472 INFO tempest.lib.common.rest_client [req-101651a2-43a1-4cb6-9e3d-0145cfc7ca92 req-101651a2-43a1-4cb6-9e3d-0145cfc7ca92 ] Request (ServersAdminNegativeTestJSON:tearDownClass): 200 GET http://10.180.1.21/compute/v2.1/servers/9fa8a004-e7b8-412e-bd4d-f8a20675bbe8 0.060s
2025-04-14 12:33:01.160 70482 INFO tempest.lib.common.rest_client [req-ce5a7f7b-a375-44b6-8178-63f1aefa9373 req-ce5a7f7b-a375-44b6-8178-63f1aefa9373 ] Request (ServerRescueTestJSON:setUpClass): 200 GET http://10.180.1.21/compute/v2.1/servers/d5594fac-44a9-4be9-ac10-42e6f368365f 0.053s
2025-04-14 12:33:01.221 70456 INFO tempest.lib.common.rest_client [req-11e95949-6704-4c5a-8f6d-c173871dd35e req-11e95949-6704-4c5a-8f6d-c173871dd35e ] Request (InstanceActionsTestJSON:setUpClass): 200 GET http://10.180.1.21/compute/v2.1/servers/b93c923f-ce74-4d7e-abec-c456db0e83af 0.067s
2025-04-14 12:33:01.222 70444 INFO tempest.lib.common.rest_client [req-9b40b39a-5338-466c-8eaf-4ae93121e32c req-9b40b39a-5338-466c-8eaf-4ae93121e32c ] Request (AttachInterfacesV270Test:tearDownClass): 200 GET http://10.180.1.21/compute/v2.1/servers/f1868a7a-65b3-45b9-ac80-9d9716031a89 0.076s
2025-04-14 12:33:01.285 70468 INFO tempest.lib.common.rest_client [req-dafdfee0-0199-42ef-a283-d3cabde82e7f req-dafdfee0-0199-42ef-a283-d3cabde82e7f ] Request (ImagesNegativeTestJSON:test_create_image_from_deleted_server): 200 GET http://10.180.1.21/compute/v2.1/servers/1cde37d8-bb36-4da1-9be8-9d722666a7a0 0.094s
2025-04-14 12:33:01.334 70490 INFO tempest.lib.common.rest_client [req-3716cbc9-510e-49ff-bd19-b686a18e7d48 req-3716cbc9-510e-49ff-bd19-b686a18e7d48 ] Request (MultipleCreateTestJSON:test_multiple_create): 200 GET http://10.180.1.21/compute/v2.1/servers/4f479379-020b-4939-9be7-624b7dac426e 0.131s
2025-04-14 12:33:01.339 70492 INFO tempest.lib.common.rest_client [req-6c0ddaa1-e32b-4bda-994b-1c660b08e48f req-6c0ddaa1-e32b-4bda-994b-1c660b08e48f ] Request (FloatingIPsAssociationTestJSON:tearDownClass): 200 GET http://10.180.1.21/compute/v2.1/servers/7ddd9f8f-4faf-42ae-8c67-f5988da5b732 0.093s
2025-04-14 12:33:01.343 70490 INFO tempest.common.waiters [-] State transition "BUILD/networking" ==> "BUILD/block_device_mapping" after 4 second wait
2025-04-14 12:33:01.403 70448 INFO tempest.lib.common.rest_client [req-3b19c8f3-3c7a-458b-a0ae-e1ddeddc1189 req-3b19c8f3-3c7a-458b-a0ae-e1ddeddc1189 ] Request (MigrationsAdminTest:test_resize_server_revert_deleted_flavor): 200 GET http://10.180.1.21/compute/v2.1/servers/da5e0b7e-b288-455d-a93e-7bbc4a8c58c9 0.103s
2025-04-14 12:33:01.404 70488 INFO tempest.lib.common.rest_client [req-8289910d-86c3-4b97-b948-02133bd288fd req-8289910d-86c3-4b97-b948-02133bd288fd ] Request (AttachVolumeShelveTestJSON:test_attach_volume_shelved_or_offload_server): 200 GET http://10.180.1.21/compute/v2.1/servers/bada8017-1fc1-47c8-ac7e-b596e2fc2917 0.143s
2025-04-14 12:33:01.442 70484 INFO tempest.lib.common.rest_client [req-24fc74dd-63f2-4599-a5e6-5b1308d1de56 req-24fc74dd-63f2-4599-a5e6-5b1308d1de56 ] Request (ListImageFiltersTestJSON:setUpClass): 200 GET http://10.180.1.21/compute/v2.1/images/b61d648d-7302-4f01-bf91-8407ffd3e9bc 0.100s
2025-04-14 12:33:01.461 70450 INFO tempest.lib.common.rest_client [req-eff57638-f73f-4c6f-b535-65bdf1f3dbfa req-eff57638-f73f-4c6f-b535-65bdf1f3dbfa ] Request (ServersWithSpecificFlavorTestJSON:test_verify_created_server_ephemeral_disk): 200 GET http://10.180.1.21/compute/v2.1/servers/f32d148d-a6be-4323-a5ea-8b10beca2d5b 0.150s
2025-04-14 12:33:01.492 70462 INFO tempest.lib.common.rest_client [req-2d0a17f5-3c82-4f78-9194-58dcd6863ad3 req-2d0a17f5-3c82-4f78-9194-58dcd6863ad3 ] Request (ServerDiskConfigTestJSON:test_rebuild_server_with_manual_disk_config): 200 GET http://10.180.1.21/compute/v2.1/servers/ee9173ac-18ee-4882-bfe3-ab4cdc707d1a 0.145s
2025-04-14 12:33:01.510 70432 INFO tempest.lib.common.rest_client [req-b944b229-8d72-4608-8b3c-14eb820b3575 req-b944b229-8d72-4608-8b3c-14eb820b3575 ] Request (FloatingIPsAssociationNegativeTestJSON:setUpClass): 200 GET http://10.180.1.21/compute/v2.1/servers/90d28880-88ca-4540-b9e1-27fa08c0ff9e 0.098s
2025-04-14 12:33:01.542 70486 INFO tempest.lib.common.rest_client [req-ce7e32e1-d4bb-49aa-b0e3-00fac05f0d20 req-ce7e32e1-d4bb-49aa-b0e3-00fac05f0d20 ] Request (ServersTestJSON:test_create_server_with_ipv6_addr_only): 200 GET http://10.180.1.21/compute/v2.1/servers/47240db4-50a6-45eb-806a-bc57fafdcadb 0.126s
2025-04-14 12:33:01.555 70438 INFO tempest.lib.common.rest_client [req-ed4fa245-3a3e-474e-8f08-0267ba51f31f req-ed4fa245-3a3e-474e-8f08-0267ba51f31f ] Request (ServersNegativeTestJSON:setUpClass): 200 GET http://10.180.1.21/compute/v2.1/servers/382ead1c-5ee4-46fe-9172-d56fbe43b7e6 0.086s
2025-04-14 12:33:01.590 70474 INFO tempest.lib.common.rest_client [req-a8b2ccc3-ad79-4d60-92de-c29ab017e18e req-a8b2ccc3-ad79-4d60-92de-c29ab017e18e ] Request (ServerActionsTestJSON:setUpClass): 200 GET http://10.180.1.21/compute/v2.1/servers/02c505b2-d1ff-4aae-b887-b10678a49427 0.115s
2025-04-14 12:33:01.606 70440 INFO tempest.lib.common.rest_client [req-fb295189-bc40-4f6e-9b03-0079478219ff req-fb295189-bc40-4f6e-9b03-0079478219ff ] Request (ServerAddressesTestJSON:setUpClass): 200 GET http://10.180.1.21/compute/v2.1/servers/cf420ae8-a415-49e5-ad08-3d62c6d7e040 0.064s
2025-04-14 12:33:01.637 70466 INFO tempest.lib.common.rest_client [req-bea4ae81-02e8-4a69-9f27-55325b107e4a req-bea4ae81-02e8-4a69-9f27-55325b107e4a ] Request (ImagesOneServerNegativeTestJSON:_run_cleanups): 200 GET http://10.180.1.21/compute/v2.1/servers/cc8b3887-1051-4d76-be7c-2cf21a3a28a0 0.094s
2025-04-14 12:33:01.650 70458 INFO tempest.lib.common.rest_client [req-3e70cf9b-61e2-47de-a838-159f0e3c72c7 req-3e70cf9b-61e2-47de-a838-159f0e3c72c7 ] Request (DeleteServersTestJSON:test_delete_server_while_in_attached_volume): 200 GET http://10.180.1.21/compute/v2.1/servers/3a8418da-6dbf-48d2-bcfa-1db117ec8631 0.057s
2025-04-14 12:33:01.691 70460 INFO tempest.lib.common.rest_client [req-8909dadd-f74e-4cbf-a116-e9dac4528c09 req-8909dadd-f74e-4cbf-a116-e9dac4528c09 ] Request (ListServerFiltersTestJSON:tearDownClass): 200 GET http://10.180.1.21/compute/v2.1/servers/eb79b06b-68ff-44ef-bff4-28aee201e914 0.078s
2025-04-14 12:33:01.863 70434 INFO tempest.lib.common.rest_client [req-908c09ad-51ba-47ea-a082-89c66e55b1c8 req-908c09ad-51ba-47ea-a082-89c66e55b1c8 ] Request (ImagesTestJSON:test_create_image_from_stopped_server): 200 GET http://10.180.1.21/compute/v2.1/servers/ad8051f2-8149-46b3-9c77-3c71dc5ddcd9 0.048s
2025-04-14 12:33:02.067 70478 INFO tempest.lib.common.rest_client [req-f055b5a6-1772-448f-8f47-c313753a12d9 req-f055b5a6-1772-448f-8f47-c313753a12d9 ] Request (ServerRescueTestJSONUnderV235:tearDownClass): 200 GET http://10.180.1.21/compute/v2.1/servers/480263ba-bab0-4026-ac77-0e2f6a425f1e 0.082s
2025-04-14 12:33:02.068 70476 INFO tempest.lib.common.rest_client [req-81fdeb8e-fe9d-4d11-8585-77f159819e38 req-81fdeb8e-fe9d-4d11-8585-77f159819e38 ] Request (ServersAdminTestJSON:test_inject_network_info): 200 GET http://10.180.1.21/compute/v2.1/servers/ad9ec99f-5338-44db-a225-a31e8ee75682 0.070s
2025-04-14 12:33:02.121 70464 INFO tempest.lib.common.rest_client [req-d9dac969-2c92-4182-82fd-2c7e6909ac2f req-d9dac969-2c92-4182-82fd-2c7e6909ac2f ] Request (ServerExternalEventsTest:test_create_server_external_events): 200 GET http://10.180.1.21/compute/v2.1/servers/913679b6-777c-402a-862d-7fcd293f9527 0.081s
2025-04-14 12:33:02.173 70472 INFO tempest.lib.common.rest_client [req-2366e9e6-577e-44d7-87c6-4e6627fb8c33 req-2366e9e6-577e-44d7-87c6-4e6627fb8c33 ] Request (ServersAdminNegativeTestJSON:tearDownClass): 200 GET http://10.180.1.21/compute/v2.1/servers/9fa8a004-e7b8-412e-bd4d-f8a20675bbe8 0.061s
2025-04-14 12:33:02.217 70482 INFO tempest.lib.common.rest_client [req-b410e081-ec88-402c-8a2d-b85dac53182a req-b410e081-ec88-402c-8a2d-b85dac53182a ] Request (ServerRescueTestJSON:setUpClass): 200 GET http://10.180.1.21/compute/v2.1/servers/d5594fac-44a9-4be9-ac10-42e6f368365f 0.049s
2025-04-14 12:33:02.283 70456 INFO tempest.lib.common.rest_client [req-6c5d843a-70b9-4c09-89b9-00cbc79abc23 req-6c5d843a-70b9-4c09-89b9-00cbc79abc23 ] Request (InstanceActionsTestJSON:setUpClass): 200 GET http://10.180.1.21/compute/v2.1/servers/b93c923f-ce74-4d7e-abec-c456db0e83af 0.054s
2025-04-14 12:33:02.298 70444 INFO tempest.lib.common.rest_client [req-a292b0b7-4abe-4f4a-8f1b-0aedc2eb0b4d req-a292b0b7-4abe-4f4a-8f1b-0aedc2eb0b4d ] Request (AttachInterfacesV270Test:tearDownClass): 200 GET http://10.180.1.21/compute/v2.1/servers/f1868a7a-65b3-45b9-ac80-9d9716031a89 0.064s
2025-04-14 12:33:02.342 70468 INFO tempest.lib.common.rest_client [req-c2a135af-f36b-4073-a4f8-c7743d4c1fb0 req-c2a135af-f36b-4073-a4f8-c7743d4c1fb0 ] Request (ImagesNegativeTestJSON:test_create_image_from_deleted_server): 200 GET http://10.180.1.21/compute/v2.1/servers/1cde37d8-bb36-4da1-9be8-9d722666a7a0 0.049s
2025-04-14 12:33:02.411 70492 INFO tempest.lib.common.rest_client [req-134c8422-c007-456a-84db-daa9055b04f2 req-134c8422-c007-456a-84db-daa9055b04f2 ] Request (FloatingIPsAssociationTestJSON:tearDownClass): 200 GET http://10.180.1.21/compute/v2.1/servers/7ddd9f8f-4faf-42ae-8c67-f5988da5b732 0.064s
2025-04-14 12:33:02.465 70448 INFO tempest.lib.common.rest_client [req-96d713a2-7ede-4716-b0fd-46b06bdb5aab req-96d713a2-7ede-4716-b0fd-46b06bdb5aab ] Request (MigrationsAdminTest:test_resize_server_revert_deleted_flavor): 200 GET http://10.180.1.21/compute/v2.1/servers/da5e0b7e-b288-455d-a93e-7bbc4a8c58c9 0.055s
2025-04-14 12:33:02.483 70490 INFO tempest.lib.common.rest_client [req-a80263dc-d0c4-4a75-8a34-50d656334739 req-a80263dc-d0c4-4a75-8a34-50d656334739 ] Request (MultipleCreateTestJSON:test_multiple_create): 200 GET http://10.180.1.21/compute/v2.1/servers/4f479379-020b-4939-9be7-624b7dac426e 0.139s
2025-04-14 12:33:02.490 70490 INFO tempest.common.waiters [-] State transition "BUILD/block_device_mapping" ==> "BUILD/spawning" after 5 second wait
2025-04-14 12:33:02.514 70488 INFO tempest.lib.common.rest_client [req-ef666d0b-957a-434c-b281-c007b1b57910 req-ef666d0b-957a-434c-b281-c007b1b57910 ] Request (AttachVolumeShelveTestJSON:test_attach_volume_shelved_or_offload_server): 200 GET http://10.180.1.21/compute/v2.1/servers/bada8017-1fc1-47c8-ac7e-b596e2fc2917 0.096s
2025-04-14 12:33:02.518 70484 INFO tempest.lib.common.rest_client [req-c33fbdc9-fef5-42a4-b561-758c9bfdbb1e req-c33fbdc9-fef5-42a4-b561-758c9bfdbb1e ] Request (ListImageFiltersTestJSON:setUpClass): 200 GET http://10.180.1.21/compute/v2.1/images/b61d648d-7302-4f01-bf91-8407ffd3e9bc 0.071s
2025-04-14 12:33:02.575 70462 INFO tempest.lib.common.rest_client [req-50d1fa61-3226-4a91-b826-1fb39e377423 req-50d1fa61-3226-4a91-b826-1fb39e377423 ] Request (ServerDiskConfigTestJSON:test_rebuild_server_with_manual_disk_config): 200 GET http://10.180.1.21/compute/v2.1/servers/ee9173ac-18ee-4882-bfe3-ab4cdc707d1a 0.074s
2025-04-14 12:33:02.579 70450 INFO tempest.lib.common.rest_client [req-12d5716f-a057-48b6-8620-c860b091edf2 req-12d5716f-a057-48b6-8620-c860b091edf2 ] Request (ServersWithSpecificFlavorTestJSON:test_verify_created_server_ephemeral_disk): 200 GET http://10.180.1.21/compute/v2.1/servers/f32d148d-a6be-4323-a5ea-8b10beca2d5b 0.108s
2025-04-14 12:33:02.611 70484 INFO tempest.lib.common.rest_client [req-8b7fa2e9-5089-4e91-9766-deb95f7d2d56 req-8b7fa2e9-5089-4e91-9766-deb95f7d2d56 ] Request (ListImageFiltersTestJSON:setUpClass): 200 GET http://10.180.1.21/compute/v2.1/images/b61d648d-7302-4f01-bf91-8407ffd3e9bc 0.089s
2025-04-14 12:33:02.624 70432 INFO tempest.lib.common.rest_client [req-84ea201f-1979-46bc-b10d-2bb76368f2d2 req-84ea201f-1979-46bc-b10d-2bb76368f2d2 ] Request (FloatingIPsAssociationNegativeTestJSON:setUpClass): 200 GET http://10.180.1.21/compute/v2.1/servers/90d28880-88ca-4540-b9e1-27fa08c0ff9e 0.106s
2025-04-14 12:33:02.660 70486 INFO tempest.lib.common.rest_client [req-33f2eb09-309c-401d-a9f2-cf34e5573bb3 req-33f2eb09-309c-401d-a9f2-cf34e5573bb3 ] Request (ServersTestJSON:test_create_server_with_ipv6_addr_only): 200 GET http://10.180.1.21/compute/v2.1/servers/47240db4-50a6-45eb-806a-bc57fafdcadb 0.109s
2025-04-14 12:33:02.669 70438 INFO tempest.lib.common.rest_client [req-8e865102-43b2-4165-ac7a-fdb5de759d6b req-8e865102-43b2-4165-ac7a-fdb5de759d6b ] Request (ServersNegativeTestJSON:setUpClass): 200 GET http://10.180.1.21/compute/v2.1/servers/382ead1c-5ee4-46fe-9172-d56fbe43b7e6 0.104s
2025-04-14 12:33:02.707 70474 INFO tempest.lib.common.rest_client [req-abb7f33d-cc1e-465e-a647-edc80ea18fb9 req-abb7f33d-cc1e-465e-a647-edc80ea18fb9 ] Request (ServerActionsTestJSON:setUpClass): 200 GET http://10.180.1.21/compute/v2.1/servers/02c505b2-d1ff-4aae-b887-b10678a49427 0.108s
2025-04-14 12:33:02.712 70440 INFO tempest.lib.common.rest_client [req-3f6fa513-dbdf-47ce-b009-28c0389de728 req-3f6fa513-dbdf-47ce-b009-28c0389de728 ] Request (ServerAddressesTestJSON:setUpClass): 200 GET http://10.180.1.21/compute/v2.1/servers/cf420ae8-a415-49e5-ad08-3d62c6d7e040 0.098s
2025-04-14 12:33:02.764 70466 INFO tempest.lib.common.rest_client [req-a8fe702c-d3e1-4f62-835b-a2eb09bf4d33 req-a8fe702c-d3e1-4f62-835b-a2eb09bf4d33 ] Request (ImagesOneServerNegativeTestJSON:_run_cleanups): 200 GET http://10.180.1.21/compute/v2.1/servers/cc8b3887-1051-4d76-be7c-2cf21a3a28a0 0.119s
2025-04-14 12:33:02.808 70458 INFO tempest.lib.common.rest_client [req-b4e3afb9-e036-40ac-8333-b1fae60467f1 req-b4e3afb9-e036-40ac-8333-b1fae60467f1 ] Request (DeleteServersTestJSON:test_delete_server_while_in_attached_volume): 200 GET http://10.180.1.21/compute/v2.1/servers/3a8418da-6dbf-48d2-bcfa-1db117ec8631 0.149s
2025-04-14 12:33:02.836 70484 INFO tempest.lib.common.rest_client [req-89cba1b4-4d26-489e-9552-8df9471568d5 req-89cba1b4-4d26-489e-9552-8df9471568d5 ] Request (ListImageFiltersTestJSON:setUpClass): 200 GET http://10.180.1.21/compute/v2.1/servers/52c12a26-d157-420d-ab03-48dfc750a3d5 0.220s
2025-04-14 12:33:02.856 70460 INFO tempest.lib.common.rest_client [req-e2f85b4c-ed6c-4585-b9ca-a8b5efa2aef4 req-e2f85b4c-ed6c-4585-b9ca-a8b5efa2aef4 ] Request (ListServerFiltersTestJSON:tearDownClass): 200 GET http://10.180.1.21/compute/v2.1/servers/eb79b06b-68ff-44ef-bff4-28aee201e914 0.157s
2025-04-14 12:33:02.924 70434 INFO tempest.lib.common.rest_client [req-da1978e6-b03d-41fb-982b-5f9e4876ff74 req-da1978e6-b03d-41fb-982b-5f9e4876ff74 ] Request (ImagesTestJSON:test_create_image_from_stopped_server): 200 GET http://10.180.1.21/compute/v2.1/servers/ad8051f2-8149-46b3-9c77-3c71dc5ddcd9 0.053s
2025-04-14 12:33:03.368 70478 INFO tempest.lib.common.rest_client [req-e1a7243e-9fa4-4d64-b29b-28d7dc7de8b4 req-e1a7243e-9fa4-4d64-b29b-28d7dc7de8b4 ] Request (ServerRescueTestJSONUnderV235:tearDownClass): 200 GET http://10.180.1.21/compute/v2.1/servers/480263ba-bab0-4026-ac77-0e2f6a425f1e 0.292s
2025-04-14 12:33:03.368 70476 INFO tempest.lib.common.rest_client [req-a8bb2a20-9d20-4f97-b351-4e286428fbf3 req-a8bb2a20-9d20-4f97-b351-4e286428fbf3 ] Request (ServersAdminTestJSON:test_inject_network_info): 200 GET http://10.180.1.21/compute/v2.1/servers/ad9ec99f-5338-44db-a225-a31e8ee75682 0.292s
2025-04-14 12:33:03.438 70464 INFO tempest.lib.common.rest_client [req-37f6580b-3b52-4c7e-a8d8-041a6506942c req-37f6580b-3b52-4c7e-a8d8-041a6506942c ] Request (ServerExternalEventsTest:test_create_server_external_events): 200 GET http://10.180.1.21/compute/v2.1/servers/913679b6-777c-402a-862d-7fcd293f9527 0.309s
2025-04-14 12:33:03.445 70472 INFO tempest.lib.common.rest_client [req-3c33cfcf-f8ac-40e9-99b6-ad98e58dba6a req-3c33cfcf-f8ac-40e9-99b6-ad98e58dba6a ] Request (ServersAdminNegativeTestJSON:tearDownClass): 200 GET http://10.180.1.21/compute/v2.1/servers/9fa8a004-e7b8-412e-bd4d-f8a20675bbe8 0.264s
2025-04-14 12:33:03.503 70456 INFO tempest.lib.common.rest_client [req-d1184915-49a1-4e83-8011-705aa32d4a3b req-d1184915-49a1-4e83-8011-705aa32d4a3b ] Request (InstanceActionsTestJSON:setUpClass): 200 GET http://10.180.1.21/compute/v2.1/servers/b93c923f-ce74-4d7e-abec-c456db0e83af 0.212s
2025-04-14 12:33:03.506 70482 INFO tempest.lib.common.rest_client [req-e7449a91-7c86-43ef-83ff-6c5621f4b9a8 req-e7449a91-7c86-43ef-83ff-6c5621f4b9a8 ] Request (ServerRescueTestJSON:setUpClass): 200 GET http://10.180.1.21/compute/v2.1/servers/d5594fac-44a9-4be9-ac10-42e6f368365f 0.282s
2025-04-14 12:33:03.511 70456 INFO tempest.common.waiters [-] State transition "BUILD/None" ==> "BUILD/networking" after 87 second wait
2025-04-14 12:33:03.525 70444 INFO tempest.lib.common.rest_client [req-b440035f-174f-4bcf-813c-834162997015 req-b440035f-174f-4bcf-813c-834162997015 ] Request (AttachInterfacesV270Test:tearDownClass): 404 GET http://10.180.1.21/compute/v2.1/servers/f1868a7a-65b3-45b9-ac80-9d9716031a89 0.215s
2025-04-14 12:33:03.547 70492 INFO tempest.lib.common.rest_client [req-11257e08-b55f-4a15-bfd3-a0958d70c4b0 req-11257e08-b55f-4a15-bfd3-a0958d70c4b0 ] Request (FloatingIPsAssociationTestJSON:tearDownClass): 404 GET http://10.180.1.21/compute/v2.1/servers/7ddd9f8f-4faf-42ae-8c67-f5988da5b732 0.124s
2025-04-14 12:33:03.593 70468 INFO tempest.lib.common.rest_client [req-db299de5-3ac8-4e03-8142-e36f3d926a04 req-db299de5-3ac8-4e03-8142-e36f3d926a04 ] Request (ImagesNegativeTestJSON:test_create_image_from_deleted_server): 200 GET http://10.180.1.21/compute/v2.1/servers/1cde37d8-bb36-4da1-9be8-9d722666a7a0 0.240s
2025-04-14 12:33:03.612 70448 INFO tempest.lib.common.rest_client [req-33a464e2-08f9-4698-abf9-88ec2bf155c0 req-33a464e2-08f9-4698-abf9-88ec2bf155c0 ] Request (MigrationsAdminTest:test_resize_server_revert_deleted_flavor): 200 GET http://10.180.1.21/compute/v2.1/servers/da5e0b7e-b288-455d-a93e-7bbc4a8c58c9 0.136s
2025-04-14 12:33:03.681 70488 INFO tempest.lib.common.rest_client [req-7d1aef1b-45a6-40be-b1db-860f93ad559b req-7d1aef1b-45a6-40be-b1db-860f93ad559b ] Request (AttachVolumeShelveTestJSON:test_attach_volume_shelved_or_offload_server): 200 GET http://10.180.1.21/compute/v2.1/servers/bada8017-1fc1-47c8-ac7e-b596e2fc2917 0.158s
2025-04-14 12:33:03.793 70490 INFO tempest.lib.common.rest_client [req-2599a0b7-431b-4eda-b118-ef8329621200 req-2599a0b7-431b-4eda-b118-ef8329621200 ] Request (MultipleCreateTestJSON:test_multiple_create): 200 GET http://10.180.1.21/compute/v2.1/servers/4f479379-020b-4939-9be7-624b7dac426e 0.302s
2025-04-14 12:33:03.882 70462 INFO tempest.lib.common.rest_client [req-7c5890cb-0175-4d02-9cd3-7ab60ad0f6b0 req-7c5890cb-0175-4d02-9cd3-7ab60ad0f6b0 ] Request (ServerDiskConfigTestJSON:test_rebuild_server_with_manual_disk_config): 200 GET http://10.180.1.21/compute/v2.1/servers/ee9173ac-18ee-4882-bfe3-ab4cdc707d1a 0.298s
2025-04-14 12:33:03.973 70450 INFO tempest.lib.common.rest_client [req-66e9f788-b843-4b8b-b1d5-a3fddc333769 req-66e9f788-b843-4b8b-b1d5-a3fddc333769 ] Request (ServersWithSpecificFlavorTestJSON:test_verify_created_server_ephemeral_disk): 200 GET http://10.180.1.21/compute/v2.1/servers/f32d148d-a6be-4323-a5ea-8b10beca2d5b 0.383s
2025-04-14 12:33:04.052 70432 INFO tempest.lib.common.rest_client [req-e3829eec-bcb7-48b2-b0a3-e949234b0ba9 req-e3829eec-bcb7-48b2-b0a3-e949234b0ba9 ] Request (FloatingIPsAssociationNegativeTestJSON:setUpClass): 200 GET http://10.180.1.21/compute/v2.1/servers/90d28880-88ca-4540-b9e1-27fa08c0ff9e 0.420s
2025-04-14 12:33:04.132 70486 INFO tempest.lib.common.rest_client [req-07361e8b-9170-44fe-a8da-3d919e710f2b req-07361e8b-9170-44fe-a8da-3d919e710f2b ] Request (ServersTestJSON:test_create_server_with_ipv6_addr_only): 200 GET http://10.180.1.21/compute/v2.1/servers/47240db4-50a6-45eb-806a-bc57fafdcadb 0.461s
2025-04-14 12:33:04.210 70438 INFO tempest.lib.common.rest_client [req-f2bb8d1e-e42b-4f7a-ba06-46a116b8d38b req-f2bb8d1e-e42b-4f7a-ba06-46a116b8d38b ] Request (ServersNegativeTestJSON:setUpClass): 200 GET http://10.180.1.21/compute/v2.1/servers/382ead1c-5ee4-46fe-9172-d56fbe43b7e6 0.534s
2025-04-14 12:33:04.283 70474 INFO tempest.lib.common.rest_client [req-f843868a-25b1-45af-8ccd-b7ee39df7aeb req-f843868a-25b1-45af-8ccd-b7ee39df7aeb ] Request (ServerActionsTestJSON:setUpClass): 200 GET http://10.180.1.21/compute/v2.1/servers/02c505b2-d1ff-4aae-b887-b10678a49427 0.568s
2025-04-14 12:33:04.353 70440 INFO tempest.lib.common.rest_client [req-e9e2fcb2-f114-4cc8-81fd-4ecd101969ff req-e9e2fcb2-f114-4cc8-81fd-4ecd101969ff ] Request (ServerAddressesTestJSON:setUpClass): 200 GET http://10.180.1.21/compute/v2.1/servers/cf420ae8-a415-49e5-ad08-3d62c6d7e040 0.633s
2025-04-14 12:33:04.413 70466 INFO tempest.lib.common.rest_client [req-3479c8a5-db25-4a88-beb7-373a42ce3441 req-3479c8a5-db25-4a88-beb7-373a42ce3441 ] Request (ImagesOneServerNegativeTestJSON:_run_cleanups): 200 GET http://10.180.1.21/compute/v2.1/servers/cc8b3887-1051-4d76-be7c-2cf21a3a28a0 0.641s
2025-04-14 12:33:04.505 70458 INFO tempest.lib.common.rest_client [req-83e86fab-bae1-4ae7-923f-3c47b094707d req-83e86fab-bae1-4ae7-923f-3c47b094707d ] Request (DeleteServersTestJSON:test_delete_server_while_in_attached_volume): 200 GET http://10.180.1.21/compute/v2.1/servers/3a8418da-6dbf-48d2-bcfa-1db117ec8631 0.688s
2025-04-14 12:33:04.541 70492 INFO tempest.lib.common.rest_client [req-95d3216f-90d7-4c54-9aac-c5cdab0d0ced req-95d3216f-90d7-4c54-9aac-c5cdab0d0ced ] Request (FloatingIPsAssociationTestJSON:tearDownClass): 202 DELETE http://10.180.1.21/compute/v2.1/os-floating-ips/d855cb76-31e5-43d5-8604-6cf052749542 0.994s
2025-04-14 12:33:04.553 70452 WARNING tempest.lib.common.ssh [-] Failed to establish authenticated ssh connection to cirros@10.180.180.212 ([Errno None] Unable to connect to port 22 on 10.180.180.212). Number attempts: 3. Retry after 4 seconds.: paramiko.ssh_exception.NoValidConnectionsError: [Errno None] Unable to connect to port 22 on 10.180.180.212
2025-04-14 12:33:04.643 70460 INFO tempest.lib.common.rest_client [req-a98e1f21-8a4b-4a47-b89b-08e4cd1bbb22 req-a98e1f21-8a4b-4a47-b89b-08e4cd1bbb22 ] Request (ListServerFiltersTestJSON:tearDownClass): 200 GET http://10.180.1.21/compute/v2.1/servers/eb79b06b-68ff-44ef-bff4-28aee201e914 0.779s
2025-04-14 12:33:04.682 70484 INFO tempest.lib.common.rest_client [req-4a6ec03a-389f-41a0-a410-5e9d23754179 req-4a6ec03a-389f-41a0-a410-5e9d23754179 ] Request (ListImageFiltersTestJSON:setUpClass): 200 GET http://10.180.1.21/compute/v2.1/servers/52c12a26-d157-420d-ab03-48dfc750a3d5 0.838s
2025-04-14 12:33:04.690 70484 INFO tempest.common.waiters [-] State transition "ACTIVE/image_uploading" ==> "ACTIVE/None" after 2 second wait
2025-04-14 12:33:04.701 70434 INFO tempest.lib.common.rest_client [req-f04fef15-fc37-474b-b355-4ea5089802d1 req-f04fef15-fc37-474b-b355-4ea5089802d1 ] Request (ImagesTestJSON:test_create_image_from_stopped_server): 200 GET http://10.180.1.21/compute/v2.1/servers/ad8051f2-8149-46b3-9c77-3c71dc5ddcd9 0.767s
2025-04-14 12:33:04.762 70476 INFO tempest.lib.common.rest_client [req-0a99f6e3-0190-4b47-9d81-cb7201619f47 req-0a99f6e3-0190-4b47-9d81-cb7201619f47 ] Request (ServersAdminTestJSON:test_inject_network_info): 200 GET http://10.180.1.21/compute/v2.1/servers/ad9ec99f-5338-44db-a225-a31e8ee75682 0.385s
2025-04-14 12:33:04.779 70478 INFO tempest.lib.common.rest_client [req-dadf3b74-bd74-42b6-bcf4-c7a13fcfccb5 req-dadf3b74-bd74-42b6-bcf4-c7a13fcfccb5 ] Request (ServerRescueTestJSONUnderV235:tearDownClass): 200 GET http://10.180.1.21/compute/v2.1/servers/480263ba-bab0-4026-ac77-0e2f6a425f1e 0.402s
2025-04-14 12:33:04.817 70464 INFO tempest.lib.common.rest_client [req-07a878dc-aacc-478f-a1be-cde75c2c7d1b req-07a878dc-aacc-478f-a1be-cde75c2c7d1b ] Request (ServerExternalEventsTest:test_create_server_external_events): 200 GET http://10.180.1.21/compute/v2.1/servers/913679b6-777c-402a-862d-7fcd293f9527 0.368s
2025-04-14 12:33:04.871 70472 INFO tempest.lib.common.rest_client [req-39238c8d-b408-46e9-b794-8758663c1200 req-39238c8d-b408-46e9-b794-8758663c1200 ] Request (ServersAdminNegativeTestJSON:tearDownClass): 200 GET http://10.180.1.21/compute/v2.1/servers/9fa8a004-e7b8-412e-bd4d-f8a20675bbe8 0.417s
2025-04-14 12:33:04.930 70482 INFO tempest.lib.common.rest_client [req-fc26f574-dc49-4247-9b79-cc4f3af652d5 req-fc26f574-dc49-4247-9b79-cc4f3af652d5 ] Request (ServerRescueTestJSON:setUpClass): 200 GET http://10.180.1.21/compute/v2.1/servers/d5594fac-44a9-4be9-ac10-42e6f368365f 0.415s
2025-04-14 12:33:04.959 70456 INFO tempest.lib.common.rest_client [req-5b75114c-1b89-4aae-8c66-f6f4e769ccf1 req-5b75114c-1b89-4aae-8c66-f6f4e769ccf1 ] Request (InstanceActionsTestJSON:setUpClass): 200 GET http://10.180.1.21/compute/v2.1/servers/b93c923f-ce74-4d7e-abec-c456db0e83af 0.447s
2025-04-14 12:33:04.972 70456 INFO tempest.common.waiters [-] State transition "BUILD/networking" ==> "BUILD/spawning" after 88 second wait
2025-04-14 12:33:05.003 70492 INFO tempest.lib.common.rest_client [req-e3359fca-89b8-40b3-a2fd-ff09f9513a31 req-e3359fca-89b8-40b3-a2fd-ff09f9513a31 ] Request (FloatingIPsAssociationTestJSON:tearDownClass): 204 DELETE http://10.180.1.21/compute/v2.1/servers/546d4f1f-00dc-458c-a0f5-3810925a681d 0.462s
