2025-04-14 12:32:01.557 70440 INFO tempest.lib.common.rest_client [req-96ba2733-14e8-43f2-82a5-61e2c64a8858 req-96ba2733-14e8-43f2-82a5-61e2c64a8858 ] Request (ServerAddressesTestJSON:setUpClass): 201 POST http://10.180.1.21/identity/v3/users 0.067s
2025-04-14 12:32:01.581 70440 INFO tempest.lib.common.rest_client [req-ec0eb36c-5bdc-444b-8261-147bc8a1be11 req-ec0eb36c-5bdc-444b-8261-147bc8a1be11 ] Request (ServerAddressesTestJSON:setUpClass): 200 GET http://10.180.1.21/identity/v3/roles 0.023s
2025-04-14 12:32:01.610 70440 INFO tempest.lib.common.rest_client [req-f1eae934-70e8-44be-bb52-fa04d8637174 req-f1eae934-70e8-44be-bb52-fa04d8637174 ] Request (ServerAddressesTestJSON:setUpClass): 204 PUT http://10.180.1.21/identity/v3/projects/8c77ad79b61a44059314b773c1972611/users/30ed6a4847e44f33b0082df2a0e5760a/roles/d1b67443904c44b38e7ab21dcaacb0e3 0.028s
2025-04-14 12:32:01.610 70440 INFO tempest.lib.common.dynamic_creds [-] Dynamic test user 30ed6a4847e44f33b0082df2a0e5760a is created with scope project and roles: ['member']
2025-04-14 12:32:01.610 70440 INFO tempest.lib.common.dynamic_creds [-] Acquired dynamic creds: credentials: Credentials: {'domain_id': 'default', 'domain_name': 'Default', 'username': 'tempest-ServerAddressesTestJSON-661192524-project-member', 'project_domain_id': 'default', 'project_domain_name': 'Default', 'project_id': '8c77ad79b61a44059314b773c1972611', 'project_name': 'tempest-ServerAddressesTestJSON-661192524', 'tenant_id': '8c77ad79b61a44059314b773c1972611', 'tenant_name': 'tempest-ServerAddressesTestJSON-661192524', 'user_domain_id': 'default', 'user_domain_name': 'Default', 'user_id': '30ed6a4847e44f33b0082df2a0e5760a', 'system': None}, Network: None, Subnet: None, Router: None
2025-04-14 12:32:01.648 70472 INFO tempest.lib.common.rest_client [req-8f5b9e4f-8d5c-45b8-a8b3-d583778416db req-8f5b9e4f-8d5c-45b8-a8b3-d583778416db ] Request (ServersAdminNegativeTestJSON:test_migrate_server_invalid_state): 200 GET http://10.180.1.21/compute/v2.1/servers/ac73b9a6-0fc9-44d7-85d6-c2fd23e1243f 0.155s
2025-04-14 12:32:01.651 70478 INFO tempest.lib.common.rest_client [req-88d38ad5-b131-415c-9d0a-56de41254c89 req-88d38ad5-b131-415c-9d0a-56de41254c89 ] Request (ServerRescueTestJSONUnderV235:setUpClass): 200 GET http://10.180.1.21/compute/v2.1/servers/480263ba-bab0-4026-ac77-0e2f6a425f1e 0.199s
2025-04-14 12:32:01.675 70440 INFO tempest.lib.common.rest_client [req-fb4b6212-2d4c-4129-828d-f5771fac0a23 req-fb4b6212-2d4c-4129-828d-f5771fac0a23 ] Request (ServerAddressesTestJSON:setUpClass): 201 POST http://10.180.1.21/identity/v3/auth/tokens 0.064s
2025-04-14 12:32:01.707 70438 INFO tempest.lib.common.rest_client [req-22a1e478-b43b-4f66-a3da-7b05e8d3264c req-22a1e478-b43b-4f66-a3da-7b05e8d3264c ] Request (ServersNegativeTestJSON:setUpClass): 200 GET http://10.180.1.21/compute/v2.1/servers/b1e49170-1111-41f1-a065-6d099a1c01c8 0.109s
2025-04-14 12:32:01.714 70432 INFO tempest.lib.common.rest_client [req-e34ab8d8-f910-4eb6-a71e-86f7aed8a5b9 req-e34ab8d8-f910-4eb6-a71e-86f7aed8a5b9 ] Request (DeleteServersAdminTestJSON:test_delete_server_while_in_error_state): 200 GET http://10.180.1.21/compute/v2.1/servers/1a5650f6-b273-4e04-9f17-43ccb353516e 0.175s
2025-04-14 12:32:01.785 70490 INFO tempest.lib.common.rest_client [req-4f536a7f-1985-4dde-99a1-f6b9f0556c68 req-4f536a7f-1985-4dde-99a1-f6b9f0556c68 ] Request (MultipleCreateTestJSON:test_multiple_create): 200 GET http://10.180.1.21/compute/v2.1/servers/0a80fbe1-a39c-4f02-855e-41e23adbc88d 0.127s
2025-04-14 12:32:01.845 70492 INFO tempest.lib.common.rest_client [req-3a55a191-5f23-4ab5-8b65-04c3c1a8c01a req-3a55a191-5f23-4ab5-8b65-04c3c1a8c01a ] Request (FloatingIPsAssociationTestJSON:test_associate_already_associated_floating_ip): 200 GET http://10.180.1.21/compute/v2.1/servers/7ddd9f8f-4faf-42ae-8c67-f5988da5b732 0.187s
2025-04-14 12:32:01.848 70476 INFO tempest.lib.common.rest_client [req-6cc219e3-2bbd-4a69-9ef4-112e0eb84b58 req-6cc219e3-2bbd-4a69-9ef4-112e0eb84b58 ] Request (ServersAdminTestJSON:test_inject_network_info): 200 GET http://10.180.1.21/compute/v2.1/servers/ad9ec99f-5338-44db-a225-a31e8ee75682 0.128s
2025-04-14 12:32:01.921 70452 INFO tempest.lib.common.rest_client [req-d32b2b8b-8965-4515-a977-3033b492e489 req-d32b2b8b-8965-4515-a977-3033b492e489 ] Request (ServerActionsTestOtherA:setUpClass): 200 GET http://10.180.1.21/compute/v2.1/servers/135fdd6c-b39a-4da2-a076-7aa092aa0d34 0.135s
2025-04-14 12:32:01.934 70482 INFO tempest.lib.common.rest_client [req-59da8265-da3a-4ed5-84f9-097c470dd80b req-59da8265-da3a-4ed5-84f9-097c470dd80b ] Request (InstanceActionsNegativeTestJSON:tearDownClass): 200 GET http://10.180.1.21/compute/v2.1/servers/c2c8d8bb-6a7d-46e2-a9cc-083f60676626 0.208s
2025-04-14 12:32:02.030 70470 INFO tempest.lib.common.rest_client [req-554753f2-4388-4e85-8220-35a2875ad30e req-554753f2-4388-4e85-8220-35a2875ad30e ] Request (ServerPasswordTestJSON:tearDownClass): 200 GET http://10.180.1.21/compute/v2.1/servers/67270ca7-2423-4d43-8dbd-1c0adf2ede54 0.169s
2025-04-14 12:32:02.089 70448 INFO tempest.lib.common.rest_client [req-d462c3e6-30b9-42d8-83fd-9ade62b70928 req-d462c3e6-30b9-42d8-83fd-9ade62b70928 ] Request (MigrationsAdminTest:test_list_migrations_in_flavor_resize_situation): 200 GET http://10.180.1.21/compute/v2.1/servers/6a4056d3-e606-4232-a764-b1d6ffdc311e 0.246s
2025-04-14 12:32:02.094 70464 INFO tempest.lib.common.rest_client [req-480bf1af-d857-4cd1-86b7-58f9e80b2914 req-480bf1af-d857-4cd1-86b7-58f9e80b2914 ] Request (ServerExternalEventsTest:test_create_server_external_events): 200 GET http://10.180.1.21/compute/v2.1/servers/913679b6-777c-402a-862d-7fcd293f9527 0.173s
2025-04-14 12:32:02.106 70440 INFO tempest.lib.common.rest_client [req-b1c33f4c-0f54-469b-9bbe-449647b41474 req-b1c33f4c-0f54-469b-9bbe-449647b41474 ] Request (ServerAddressesTestJSON:setUpClass): 201 POST http://10.180.1.21:9696/networking/v2.0/networks 0.431s
2025-04-14 12:32:02.148 70486 INFO tempest.lib.common.rest_client [req-6d1a76a2-92a3-4c47-af58-20504f7b7431 req-6d1a76a2-92a3-4c47-af58-20504f7b7431 ] Request (ServersTestJSON:test_create_server_specify_multibyte_character_name): 200 GET http://10.180.1.21/compute/v2.1/servers/52d28545-4a72-448b-be63-69a252ed1bdc 0.159s
2025-04-14 12:32:02.157 70488 INFO tempest.lib.common.rest_client [req-91555530-6246-47c4-966b-96dec354cb19 req-91555530-6246-47c4-966b-96dec354cb19 ] Request (AttachVolumeShelveTestJSON:test_attach_volume_shelved_or_offload_server): 200 GET http://10.180.1.21/compute/v2.1/servers/bada8017-1fc1-47c8-ac7e-b596e2fc2917 0.235s
2025-04-14 12:32:02.214 70460 INFO tempest.lib.common.rest_client [req-e50d5818-b8f4-4241-b7b8-f941d743c4d3 req-e50d5818-b8f4-4241-b7b8-f941d743c4d3 ] Request (ListServerFiltersTestJSON:setUpClass): 200 GET http://10.180.1.21/compute/v2.1/servers/eb79b06b-68ff-44ef-bff4-28aee201e914 0.135s
2025-04-14 12:32:02.278 70480 INFO tempest.lib.common.rest_client [req-70a27114-e343-467a-9de0-6486a78747f4 req-70a27114-e343-467a-9de0-6486a78747f4 ] Request (ServersTestFqdnHostnames:tearDownClass): 200 GET http://10.180.1.21/compute/v2.1/servers/b417ccb7-13dd-434a-9623-1290d65c7ad5 0.170s
2025-04-14 12:32:02.287 70480 INFO tempest.common.waiters [-] State transition "ACTIVE/deleting" ==> "DELETED/None" after 5 second wait
2025-04-14 12:32:02.319 70444 INFO tempest.lib.common.rest_client [req-9fc3cc77-cdf9-4cd4-8640-4466753346bf req-9fc3cc77-cdf9-4cd4-8640-4466753346bf ] Request (AttachInterfacesV270Test:test_create_get_list_interfaces): 200 GET http://10.180.1.21/compute/v2.1/servers/f1868a7a-65b3-45b9-ac80-9d9716031a89 0.302s
2025-04-14 12:32:02.328 70484 INFO tempest.lib.common.rest_client [req-25a56f61-38d5-4fa2-ba4a-25e49fba0b4c req-25a56f61-38d5-4fa2-ba4a-25e49fba0b4c ] Request (ListImageFiltersTestJSON:setUpClass): 200 GET http://10.180.1.21/compute/v2.1/servers/394ed08f-2d43-4261-bed1-cd94b14770ba 0.161s
2025-04-14 12:32:02.329 70444 INFO tempest.common.waiters [-] State transition "BUILD/networking" ==> "BUILD/spawning" after 47 second wait
2025-04-14 12:32:02.377 70440 INFO tempest.lib.common.rest_client [req-7008b3de-5b80-412a-885b-cb19bc72c725 req-7008b3de-5b80-412a-885b-cb19bc72c725 ] Request (ServerAddressesTestJSON:setUpClass): 201 POST http://10.180.1.21:9696/networking/v2.0/subnets 0.271s
2025-04-14 12:32:02.381 70466 INFO tempest.lib.common.rest_client [req-8c56a36f-905c-4478-b560-e51c68b408d0 req-8c56a36f-905c-4478-b560-e51c68b408d0 ] Request (ImagesOneServerNegativeTestJSON:_run_cleanups): 200 GET http://10.180.1.21/compute/v2.1/servers/f5689aa5-3e82-4f83-bb2f-96c05181b91f 0.089s
2025-04-14 12:32:02.417 70456 INFO tempest.lib.common.rest_client [req-4faada6d-864d-448e-9611-b6873984d832 req-4faada6d-864d-448e-9611-b6873984d832 ] Request (InstanceActionsTestJSON:setUpClass): 200 GET http://10.180.1.21/compute/v2.1/servers/b93c923f-ce74-4d7e-abec-c456db0e83af 0.056s
2025-04-14 12:32:02.434 70462 INFO tempest.lib.common.rest_client [req-99df5296-98f7-49d6-bbe1-0aafd50f0fcf req-99df5296-98f7-49d6-bbe1-0aafd50f0fcf ] Request (ServerDiskConfigTestJSON:test_rebuild_server_with_manual_disk_config): 200 GET http://10.180.1.21/compute/v2.1/servers/ee9173ac-18ee-4882-bfe3-ab4cdc707d1a 0.051s
2025-04-14 12:32:02.525 70458 INFO tempest.lib.common.rest_client [req-2a17b456-8065-4f63-9bdc-4e5ebd48e219 req-2a17b456-8065-4f63-9bdc-4e5ebd48e219 ] Request (DeleteServersTestJSON:test_delete_active_server): 200 GET http://10.180.1.21/compute/v2.1/servers/9be9128e-4576-4941-9f9b-d2bca5d25975 0.086s
2025-04-14 12:32:02.536 70458 INFO tempest.common.waiters [-] State transition "ACTIVE/deleting" ==> "DELETED/None" after 5 second wait
2025-04-14 12:32:02.566 70474 INFO tempest.lib.common.rest_client [req-3b52c94c-49c7-43a6-9b77-cdc596151582 req-3b52c94c-49c7-43a6-9b77-cdc596151582 ] Request (ServerActionsTestJSON:setUpClass): 200 GET http://10.180.1.21/compute/v2.1/servers/02c505b2-d1ff-4aae-b887-b10678a49427 0.078s
2025-04-14 12:32:02.593 70468 INFO tempest.lib.common.rest_client [req-caa18da6-fa3a-40d7-92a1-546a49797b29 req-caa18da6-fa3a-40d7-92a1-546a49797b29 ] Request (ImagesNegativeTestJSON:test_create_image_from_deleted_server): 200 GET http://10.180.1.21/compute/v2.1/servers/1cde37d8-bb36-4da1-9be8-9d722666a7a0 0.089s
2025-04-14 12:32:02.622 70434 INFO tempest.lib.common.rest_client [req-47671896-9f40-4db8-8a80-40101213a290 req-47671896-9f40-4db8-8a80-40101213a290 ] Request (ImagesTestJSON:test_create_image_from_stopped_server): 200 GET http://10.180.1.21/compute/v2.1/servers/ad8051f2-8149-46b3-9c77-3c71dc5ddcd9 0.089s
2025-04-14 12:32:02.842 70472 INFO tempest.lib.common.rest_client [req-7556a83b-83b4-4f5d-baa3-71e10b74c3eb req-7556a83b-83b4-4f5d-baa3-71e10b74c3eb ] Request (ServersAdminNegativeTestJSON:test_migrate_server_invalid_state): 200 GET http://10.180.1.21/compute/v2.1/servers/ac73b9a6-0fc9-44d7-85d6-c2fd23e1243f 0.186s
2025-04-14 12:32:02.852 70478 INFO tempest.lib.common.rest_client [req-f8b4ece7-5db3-43d0-a353-66e548cad966 req-f8b4ece7-5db3-43d0-a353-66e548cad966 ] Request (ServerRescueTestJSONUnderV235:setUpClass): 200 GET http://10.180.1.21/compute/v2.1/servers/480263ba-bab0-4026-ac77-0e2f6a425f1e 0.190s
2025-04-14 12:32:02.859 70472 INFO tempest.common.waiters [-] State transition "BUILD/spawning" ==> "ACTIVE/None" after 48 second wait
2025-04-14 12:32:02.937 70438 INFO tempest.lib.common.rest_client [req-ac83c3e1-d0f1-4954-a362-378c0b562619 req-ac83c3e1-d0f1-4954-a362-378c0b562619 ] Request (ServersNegativeTestJSON:setUpClass): 200 GET http://10.180.1.21/compute/v2.1/servers/b1e49170-1111-41f1-a065-6d099a1c01c8 0.223s
2025-04-14 12:32:02.939 70432 INFO tempest.lib.common.rest_client [req-7c99512d-5787-4473-8451-312605b1da75 req-7c99512d-5787-4473-8451-312605b1da75 ] Request (DeleteServersAdminTestJSON:test_delete_server_while_in_error_state): 200 GET http://10.180.1.21/compute/v2.1/servers/1a5650f6-b273-4e04-9f17-43ccb353516e 0.215s
2025-04-14 12:32:02.944 70438 INFO tempest.common.waiters [-] State transition "BUILD/scheduling" ==> "BUILD/None" after 30 second wait
2025-04-14 12:32:03.026 70490 INFO tempest.lib.common.rest_client [req-273435aa-824f-4627-8b86-d6eb2635c82c req-273435aa-824f-4627-8b86-d6eb2635c82c ] Request (MultipleCreateTestJSON:test_multiple_create): 200 GET http://10.180.1.21/compute/v2.1/servers/0a80fbe1-a39c-4f02-855e-41e23adbc88d 0.233s
2025-04-14 12:32:03.098 70476 INFO tempest.lib.common.rest_client [req-d1388c46-d186-4bc2-b234-7cbfa6da5bb2 req-d1388c46-d186-4bc2-b234-7cbfa6da5bb2 ] Request (ServersAdminTestJSON:test_inject_network_info): 200 GET http://10.180.1.21/compute/v2.1/servers/ad9ec99f-5338-44db-a225-a31e8ee75682 0.241s
2025-04-14 12:32:03.131 70492 INFO tempest.lib.common.rest_client [req-c22b33ca-209a-4f3f-bfbb-eec5965d1cf4 req-c22b33ca-209a-4f3f-bfbb-eec5965d1cf4 ] Request (FloatingIPsAssociationTestJSON:test_associate_already_associated_floating_ip): 200 GET http://10.180.1.21/compute/v2.1/servers/7ddd9f8f-4faf-42ae-8c67-f5988da5b732 0.278s
2025-04-14 12:32:03.202 70452 INFO tempest.lib.common.rest_client [req-5ccdb828-bad9-4b0c-8ece-a336b5e58e5c req-5ccdb828-bad9-4b0c-8ece-a336b5e58e5c ] Request (ServerActionsTestOtherA:setUpClass): 200 GET http://10.180.1.21/compute/v2.1/servers/135fdd6c-b39a-4da2-a076-7aa092aa0d34 0.269s
2025-04-14 12:32:03.207 70472 INFO tempest.lib.common.rest_client [req-89d078a1-20ca-4bf2-af94-31415b40d006 req-89d078a1-20ca-4bf2-af94-31415b40d006 ] Request (ServersAdminNegativeTestJSON:test_migrate_server_invalid_state): 202 POST http://10.180.1.21/compute/v2.1/servers/ac73b9a6-0fc9-44d7-85d6-c2fd23e1243f/action 0.346s
2025-04-14 12:32:03.228 70436 WARNING tempest.lib.common.ssh [-] Failed to establish authenticated ssh connection to cirros@10.180.180.203 ([Errno None] Unable to connect to port 22 on 10.180.180.203). Number attempts: 5. Retry after 6 seconds.: paramiko.ssh_exception.NoValidConnectionsError: [Errno None] Unable to connect to port 22 on 10.180.180.203
2025-04-14 12:32:03.294 70470 INFO tempest.lib.common.rest_client [req-a1a54a21-08d1-4934-9f6b-9e404682ab58 req-a1a54a21-08d1-4934-9f6b-9e404682ab58 ] Request (ServerPasswordTestJSON:tearDownClass): 200 GET http://10.180.1.21/compute/v2.1/servers/67270ca7-2423-4d43-8dbd-1c0adf2ede54 0.254s
2025-04-14 12:32:03.297 70482 INFO tempest.lib.common.rest_client [req-c1420af5-8014-4c53-b2a6-6f75e96e4c49 req-c1420af5-8014-4c53-b2a6-6f75e96e4c49 ] Request (InstanceActionsNegativeTestJSON:tearDownClass): 200 GET http://10.180.1.21/compute/v2.1/servers/c2c8d8bb-6a7d-46e2-a9cc-083f60676626 0.349s
2025-04-14 12:32:03.386 70464 INFO tempest.lib.common.rest_client [req-9806e7a8-d510-459c-82e0-db27d4915711 req-9806e7a8-d510-459c-82e0-db27d4915711 ] Request (ServerExternalEventsTest:test_create_server_external_events): 200 GET http://10.180.1.21/compute/v2.1/servers/913679b6-777c-402a-862d-7fcd293f9527 0.281s
2025-04-14 12:32:03.451 70448 INFO tempest.lib.common.rest_client [req-5ae83203-7421-4f0f-bfad-531298c3637e req-5ae83203-7421-4f0f-bfad-531298c3637e ] Request (MigrationsAdminTest:test_list_migrations_in_flavor_resize_situation): 200 GET http://10.180.1.21/compute/v2.1/servers/6a4056d3-e606-4232-a764-b1d6ffdc311e 0.354s
2025-04-14 12:32:03.456 70486 INFO tempest.lib.common.rest_client [req-cb105d75-6418-4494-9bbc-949fb314bd88 req-cb105d75-6418-4494-9bbc-949fb314bd88 ] Request (ServersTestJSON:test_create_server_specify_multibyte_character_name): 200 GET http://10.180.1.21/compute/v2.1/servers/52d28545-4a72-448b-be63-69a252ed1bdc 0.300s
2025-04-14 12:32:03.506 70488 INFO tempest.lib.common.rest_client [req-184cb6e6-e864-416d-b0a5-18692c3aa1ec req-184cb6e6-e864-416d-b0a5-18692c3aa1ec ] Request (AttachVolumeShelveTestJSON:test_attach_volume_shelved_or_offload_server): 200 GET http://10.180.1.21/compute/v2.1/servers/bada8017-1fc1-47c8-ac7e-b596e2fc2917 0.339s
2025-04-14 12:32:03.567 70460 INFO tempest.lib.common.rest_client [req-f335b520-8cba-4482-b18a-fc8d7ef7ca2f req-f335b520-8cba-4482-b18a-fc8d7ef7ca2f ] Request (ListServerFiltersTestJSON:setUpClass): 200 GET http://10.180.1.21/compute/v2.1/servers/eb79b06b-68ff-44ef-bff4-28aee201e914 0.346s
2025-04-14 12:32:03.630 70440 INFO tempest.lib.common.rest_client [req-92d2a9a3-a293-49a1-bfdd-8b5cfc3da2a0 req-92d2a9a3-a293-49a1-bfdd-8b5cfc3da2a0 ] Request (ServerAddressesTestJSON:setUpClass): 201 POST http://10.180.1.21:9696/networking/v2.0/routers 1.252s
2025-04-14 12:32:03.635 70480 INFO tempest.lib.common.rest_client [req-220b7261-cd1c-46a5-bd78-9c46d91088a4 req-220b7261-cd1c-46a5-bd78-9c46d91088a4 ] Request (ServersTestFqdnHostnames:tearDownClass): 200 GET http://10.180.1.21/compute/v2.1/servers/b417ccb7-13dd-434a-9623-1290d65c7ad5 0.344s
2025-04-14 12:32:03.675 70454 WARNING tempest.lib.common.ssh [-] Failed to establish authenticated ssh connection to cirros@10.180.180.217 ([Errno None] Unable to connect to port 22 on 10.180.180.217). Number attempts: 2. Retry after 3 seconds.: paramiko.ssh_exception.NoValidConnectionsError: [Errno None] Unable to connect to port 22 on 10.180.180.217
2025-04-14 12:32:03.719 70472 INFO tempest.lib.common.rest_client [req-97f6781f-bf91-4f8c-8272-df858dfc0fb0 req-97f6781f-bf91-4f8c-8272-df858dfc0fb0 ] Request (ServersAdminNegativeTestJSON:test_migrate_server_invalid_state): 200 GET http://10.180.1.21/compute/v2.1/servers/ac73b9a6-0fc9-44d7-85d6-c2fd23e1243f 0.511s
2025-04-14 12:32:03.776 70484 INFO tempest.lib.common.rest_client [req-68aad40e-9cfd-4635-9077-2567acb6c54f req-68aad40e-9cfd-4635-9077-2567acb6c54f ] Request (ListImageFiltersTestJSON:setUpClass): 200 GET http://10.180.1.21/compute/v2.1/servers/394ed08f-2d43-4261-bed1-cd94b14770ba 0.440s
2025-04-14 12:32:03.776 70444 INFO tempest.lib.common.rest_client [req-e03539ad-ea60-4c26-9357-19af55bd4894 req-e03539ad-ea60-4c26-9357-19af55bd4894 ] Request (AttachInterfacesV270Test:test_create_get_list_interfaces): 200 GET http://10.180.1.21/compute/v2.1/servers/f1868a7a-65b3-45b9-ac80-9d9716031a89 0.446s
2025-04-14 12:32:04.088 70456 INFO tempest.lib.common.rest_client [req-20247796-5412-4b9f-bed9-46b7560a152c req-20247796-5412-4b9f-bed9-46b7560a152c ] Request (InstanceActionsTestJSON:setUpClass): 200 GET http://10.180.1.21/compute/v2.1/servers/b93c923f-ce74-4d7e-abec-c456db0e83af 0.663s
2025-04-14 12:32:04.093 70466 INFO tempest.lib.common.rest_client [req-dc8b259b-11a7-469d-9c0a-65549fd57b65 req-dc8b259b-11a7-469d-9c0a-65549fd57b65 ] Request (ImagesOneServerNegativeTestJSON:_run_cleanups): 200 GET http://10.180.1.21/compute/v2.1/servers/f5689aa5-3e82-4f83-bb2f-96c05181b91f 0.704s
2025-04-14 12:32:04.174 70462 INFO tempest.lib.common.rest_client [req-4edc83af-1c32-47e3-8841-464ccc1bf0b5 req-4edc83af-1c32-47e3-8841-464ccc1bf0b5 ] Request (ServerDiskConfigTestJSON:test_rebuild_server_with_manual_disk_config): 200 GET http://10.180.1.21/compute/v2.1/servers/ee9173ac-18ee-4882-bfe3-ab4cdc707d1a 0.732s
2025-04-14 12:32:04.175 70458 INFO tempest.lib.common.rest_client [req-8d3e31bc-01f6-49ee-ba03-dbf22be8e0f3 req-8d3e31bc-01f6-49ee-ba03-dbf22be8e0f3 ] Request (DeleteServersTestJSON:test_delete_active_server): 200 GET http://10.180.1.21/compute/v2.1/servers/9be9128e-4576-4941-9f9b-d2bca5d25975 0.637s
2025-04-14 12:32:04.235 70468 INFO tempest.lib.common.rest_client [req-499594a5-8d70-4ecc-8d2b-f71a553da17e req-499594a5-8d70-4ecc-8d2b-f71a553da17e ] Request (ImagesNegativeTestJSON:test_create_image_from_deleted_server): 200 GET http://10.180.1.21/compute/v2.1/servers/1cde37d8-bb36-4da1-9be8-9d722666a7a0 0.635s
2025-04-14 12:32:04.251 70474 INFO tempest.lib.common.rest_client [req-564fe696-0a16-4b76-ac47-da772010ca32 req-564fe696-0a16-4b76-ac47-da772010ca32 ] Request (ServerActionsTestJSON:setUpClass): 200 GET http://10.180.1.21/compute/v2.1/servers/02c505b2-d1ff-4aae-b887-b10678a49427 0.675s
2025-04-14 12:32:04.298 70434 INFO tempest.lib.common.rest_client [req-e232de11-2558-46a9-b54e-83d8a45abee9 req-e232de11-2558-46a9-b54e-83d8a45abee9 ] Request (ImagesTestJSON:test_create_image_from_stopped_server): 200 GET http://10.180.1.21/compute/v2.1/servers/ad8051f2-8149-46b3-9c77-3c71dc5ddcd9 0.666s
2025-04-14 12:32:04.360 70438 INFO tempest.lib.common.rest_client [req-8b43c2ca-ae8d-4c89-ac45-b66e12c04676 req-8b43c2ca-ae8d-4c89-ac45-b66e12c04676 ] Request (ServersNegativeTestJSON:setUpClass): 200 GET http://10.180.1.21/compute/v2.1/servers/b1e49170-1111-41f1-a065-6d099a1c01c8 0.415s
2025-04-14 12:32:04.385 70478 INFO tempest.lib.common.rest_client [req-2d498752-b2dc-4046-9851-6b8d54fa99be req-2d498752-b2dc-4046-9851-6b8d54fa99be ] Request (ServerRescueTestJSONUnderV235:setUpClass): 200 GET http://10.180.1.21/compute/v2.1/servers/480263ba-bab0-4026-ac77-0e2f6a425f1e 0.521s
2025-04-14 12:32:04.419 70432 INFO tempest.lib.common.rest_client [req-a78498ca-ae8f-43c5-80f8-9dde350b861f req-a78498ca-ae8f-43c5-80f8-9dde350b861f ] Request (DeleteServersAdminTestJSON:test_delete_server_while_in_error_state): 200 GET http://10.180.1.21/compute/v2.1/servers/1a5650f6-b273-4e04-9f17-43ccb353516e 0.466s
2025-04-14 12:32:04.434 70490 INFO tempest.lib.common.rest_client [req-ea4ed60b-ed91-49ec-8ee0-8397b615a6d9 req-ea4ed60b-ed91-49ec-8ee0-8397b615a6d9 ] Request (MultipleCreateTestJSON:test_multiple_create): 200 GET http://10.180.1.21/compute/v2.1/servers/0a80fbe1-a39c-4f02-855e-41e23adbc88d 0.398s
2025-04-14 12:32:04.474 70476 INFO tempest.lib.common.rest_client [req-9dd08a08-a3be-41c5-820a-fb3563a7d586 req-9dd08a08-a3be-41c5-820a-fb3563a7d586 ] Request (ServersAdminTestJSON:test_inject_network_info): 200 GET http://10.180.1.21/compute/v2.1/servers/ad9ec99f-5338-44db-a225-a31e8ee75682 0.369s
2025-04-14 12:32:04.477 70440 INFO tempest.lib.common.rest_client [req-da1b3569-5577-4e36-a737-af34f6cfa8bb req-da1b3569-5577-4e36-a737-af34f6cfa8bb ] Request (ServerAddressesTestJSON:setUpClass): 200 PUT http://10.180.1.21:9696/networking/v2.0/routers/bcd061fa-a06a-4eb6-937d-9ee787e493d4/add_router_interface 0.847s
2025-04-14 12:32:04.477 70440 INFO tempest.lib.common.dynamic_creds [-] Created isolated network resources for: credentials: Credentials: {'domain_id': 'default', 'domain_name': 'Default', 'username': 'tempest-ServerAddressesTestJSON-661192524-project-member', 'project_domain_id': 'default', 'project_domain_name': 'Default', 'project_id': '8c77ad79b61a44059314b773c1972611', 'project_name': 'tempest-ServerAddressesTestJSON-661192524', 'tenant_id': '8c77ad79b61a44059314b773c1972611', 'tenant_name': 'tempest-ServerAddressesTestJSON-661192524', 'user_domain_id': 'default', 'user_domain_name': 'Default', 'user_id': '30ed6a4847e44f33b0082df2a0e5760a', 'system': None}, Network: {'id': '7bea3637-93da-4e05-832c-f93708b5f231', 'name': 'tempest-ServerAddressesTestJSON-675100922-network', 'tenant_id': '8c77ad79b61a44059314b773c1972611', 'admin_state_up': True, 'mtu': 8950, 'status': 'ACTIVE', 'subnets': [], 'shared': False, 'project_id': '8c77ad79b61a44059314b773c1972611', 'port_security_enabled': True, 'router:external': False, 'provider:network_type': 'vlan', 'provider:physical_network': 'default', 'provider:segmentation_id': 925, 'availability_zone_hints': [], 'availability_zones': [], 'ipv4_address_scope': None, 'ipv6_address_scope': None, 'description': '', 'tags': [], 'created_at': '2025-04-14T12:32:01Z', 'updated_at': '2025-04-14T12:32:02Z', 'revision_number': 1}, Subnet: {'id': '03b1d4e1-68d8-430c-858e-e8e6cedd7e75', 'name': 'tempest-ServerAddressesTestJSON-675100922-subnet', 'tenant_id': '8c77ad79b61a44059314b773c1972611', 'network_id': '7bea3637-93da-4e05-832c-f93708b5f231', 'ip_version': 4, 'subnetpool_id': None, 'enable_dhcp': True, 'ipv6_ra_mode': None, 'ipv6_address_mode': None, 'gateway_ip': '192.168.128.1', 'cidr': '192.168.128.0/28', 'allocation_pools': [{'start': '192.168.128.2', 'end': '192.168.128.14'}], 'host_routes': [], 'dns_nameservers': [], 'description': '', 'router:external': False, 'service_types': [], 'tags': [], 'created_at': '2025-04-14T12:32:02Z', 'updated_at': '2025-04-14T12:32:02Z', 'revision_number': 0, 'project_id': '8c77ad79b61a44059314b773c1972611'}, Router: {'id': 'bcd061fa-a06a-4eb6-937d-9ee787e493d4', 'name': 'tempest-ServerAddressesTestJSON-675100922-router', 'tenant_id': '8c77ad79b61a44059314b773c1972611', 'admin_state_up': True, 'status': 'ACTIVE', 'external_gateway_info': {'network_id': 'd79851af-b788-4036-a3c3-785400f5efd2', 'external_fixed_ips': [{'subnet_id': '3f56e2ee-b6aa-4705-bc29-c0b9d2039538', 'ip_address': '10.180.180.177'}], 'enable_snat': True}, 'description': '', 'availability_zones': [], 'distributed': False, 'ha': False, 'availability_zone_hints': [], 'routes': [], 'flavor_id': None, 'tags': [], 'created_at': '2025-04-14T12:32:02Z', 'updated_at': '2025-04-14T12:32:03Z', 'revision_number': 2, 'project_id': '8c77ad79b61a44059314b773c1972611'}
2025-04-14 12:32:04.538 70452 INFO tempest.lib.common.rest_client [req-6a35b8b7-593e-48a0-98d8-ba087bfd737b req-6a35b8b7-593e-48a0-98d8-ba087bfd737b ] Request (ServerActionsTestOtherA:setUpClass): 200 GET http://10.180.1.21/compute/v2.1/servers/135fdd6c-b39a-4da2-a076-7aa092aa0d34 0.321s
2025-04-14 12:32:04.551 70452 INFO tempest.common.waiters [-] State transition "BUILD/scheduling" ==> "BUILD/None" after 29 second wait
2025-04-14 12:32:04.559 70492 INFO tempest.lib.common.rest_client [req-4966bf54-b9f7-4c2a-96a1-96445f5b45ca req-4966bf54-b9f7-4c2a-96a1-96445f5b45ca ] Request (FloatingIPsAssociationTestJSON:test_associate_already_associated_floating_ip): 200 GET http://10.180.1.21/compute/v2.1/servers/7ddd9f8f-4faf-42ae-8c67-f5988da5b732 0.419s
2025-04-14 12:32:04.590 70440 INFO tempest.lib.common.rest_client [req-2ecb681e-9268-4b0a-830c-8680ce5be0e8 req-2ecb681e-9268-4b0a-830c-8680ce5be0e8 ] Request (ServerAddressesTestJSON:setUpClass): 201 POST http://10.180.1.21/identity/v3/auth/tokens 0.109s
2025-04-14 12:32:04.605 70482 INFO tempest.lib.common.rest_client [req-b45775ad-043b-4dcc-bc55-2228a4288575 req-b45775ad-043b-4dcc-bc55-2228a4288575 ] Request (InstanceActionsNegativeTestJSON:tearDownClass): 200 GET http://10.180.1.21/compute/v2.1/servers/c2c8d8bb-6a7d-46e2-a9cc-083f60676626 0.299s
2025-04-14 12:32:04.627 70470 INFO tempest.lib.common.rest_client [req-02fa61e2-0ef7-4b33-b0ee-d070a3b0734d req-02fa61e2-0ef7-4b33-b0ee-d070a3b0734d ] Request (ServerPasswordTestJSON:tearDownClass): 200 GET http://10.180.1.21/compute/v2.1/servers/67270ca7-2423-4d43-8dbd-1c0adf2ede54 0.318s
2025-04-14 12:32:04.635 70440 INFO tempest.lib.common.rest_client [req-045572b1-e6ef-4f22-bd81-1aaf2772feb2 req-045572b1-e6ef-4f22-bd81-1aaf2772feb2 ] Request (ServerAddressesTestJSON:setUpClass): 201 POST http://10.180.1.21/identity/v3/auth/tokens 0.041s
2025-04-14 12:32:04.635 70440 INFO tempest.lib.common.fixed_network [-] (ServerAddressesTestJSON:setUpClass) Found network {'id': '7bea3637-93da-4e05-832c-f93708b5f231', 'name': 'tempest-ServerAddressesTestJSON-675100922-network', 'tenant_id': '8c77ad79b61a44059314b773c1972611', 'admin_state_up': True, 'mtu': 8950, 'status': 'ACTIVE', 'subnets': [], 'shared': False, 'project_id': '8c77ad79b61a44059314b773c1972611', 'port_security_enabled': True, 'router:external': False, 'provider:network_type': 'vlan', 'provider:physical_network': 'default', 'provider:segmentation_id': 925, 'availability_zone_hints': [], 'availability_zones': [], 'ipv4_address_scope': None, 'ipv6_address_scope': None, 'description': '', 'tags': [], 'created_at': '2025-04-14T12:32:01Z', 'updated_at': '2025-04-14T12:32:02Z', 'revision_number': 1} available for tenant
2025-04-14 12:32:04.674 70464 INFO tempest.lib.common.rest_client [req-239fc05a-4f03-4c28-b348-4242bf5f14ae req-239fc05a-4f03-4c28-b348-4242bf5f14ae ] Request (ServerExternalEventsTest:test_create_server_external_events): 200 GET http://10.180.1.21/compute/v2.1/servers/913679b6-777c-402a-862d-7fcd293f9527 0.279s
2025-04-14 12:32:04.742 70486 INFO tempest.lib.common.rest_client [req-5c35d8c5-bef8-488d-b285-e372396fb113 req-5c35d8c5-bef8-488d-b285-e372396fb113 ] Request (ServersTestJSON:test_create_server_specify_multibyte_character_name): 200 GET http://10.180.1.21/compute/v2.1/servers/52d28545-4a72-448b-be63-69a252ed1bdc 0.277s
2025-04-14 12:32:04.812 70488 INFO tempest.lib.common.rest_client [req-9349a300-eb1f-49df-ac6e-0f7f972cccb0 req-9349a300-eb1f-49df-ac6e-0f7f972cccb0 ] Request (AttachVolumeShelveTestJSON:test_attach_volume_shelved_or_offload_server): 200 GET http://10.180.1.21/compute/v2.1/servers/bada8017-1fc1-47c8-ac7e-b596e2fc2917 0.296s
2025-04-14 12:32:04.842 70448 INFO tempest.lib.common.rest_client [req-1c4897a4-bd15-429d-9e9d-c9269713de1b req-1c4897a4-bd15-429d-9e9d-c9269713de1b ] Request (MigrationsAdminTest:test_list_migrations_in_flavor_resize_situation): 200 GET http://10.180.1.21/compute/v2.1/servers/6a4056d3-e606-4232-a764-b1d6ffdc311e 0.381s
2025-04-14 12:32:04.868 70460 INFO tempest.lib.common.rest_client [req-a2a6122c-7247-4f19-a010-0abfb4737a70 req-a2a6122c-7247-4f19-a010-0abfb4737a70 ] Request (ListServerFiltersTestJSON:setUpClass): 200 GET http://10.180.1.21/compute/v2.1/servers/eb79b06b-68ff-44ef-bff4-28aee201e914 0.292s
2025-04-14 12:32:04.948 70480 INFO tempest.lib.common.rest_client [req-99b9be6d-89b0-4de6-b943-91693586b1c9 req-99b9be6d-89b0-4de6-b943-91693586b1c9 ] Request (ServersTestFqdnHostnames:tearDownClass): 200 GET http://10.180.1.21/compute/v2.1/servers/b417ccb7-13dd-434a-9623-1290d65c7ad5 0.303s
2025-04-14 12:32:05.132 70472 INFO tempest.lib.common.rest_client [req-1175522c-18c1-4ff3-abfc-c537bf2f43dd req-1175522c-18c1-4ff3-abfc-c537bf2f43dd ] Request (ServersAdminNegativeTestJSON:test_migrate_server_invalid_state): 200 GET http://10.180.1.21/compute/v2.1/servers/ac73b9a6-0fc9-44d7-85d6-c2fd23e1243f 0.405s
2025-04-14 12:32:05.213 70484 INFO tempest.lib.common.rest_client [req-186d376c-dc27-41dc-b400-d2b7980955c0 req-186d376c-dc27-41dc-b400-d2b7980955c0 ] Request (ListImageFiltersTestJSON:setUpClass): 200 GET http://10.180.1.21/compute/v2.1/servers/394ed08f-2d43-4261-bed1-cd94b14770ba 0.425s
2025-04-14 12:32:05.382 70444 INFO tempest.lib.common.rest_client [req-a16a7902-5ed1-4366-84a6-955b3a37d321 req-a16a7902-5ed1-4366-84a6-955b3a37d321 ] Request (AttachInterfacesV270Test:test_create_get_list_interfaces): 200 GET http://10.180.1.21/compute/v2.1/servers/f1868a7a-65b3-45b9-ac80-9d9716031a89 0.591s
2025-04-14 12:32:05.439 70456 INFO tempest.lib.common.rest_client [req-8f3f2518-2e27-4470-99c4-4f3c9c44b168 req-8f3f2518-2e27-4470-99c4-4f3c9c44b168 ] Request (InstanceActionsTestJSON:setUpClass): 200 GET http://10.180.1.21/compute/v2.1/servers/b93c923f-ce74-4d7e-abec-c456db0e83af 0.337s
2025-04-14 12:32:05.452 70440 INFO tempest.lib.common.rest_client [req-560617c2-39f6-479b-ac82-ac91de901adf req-560617c2-39f6-479b-ac82-ac91de901adf ] Request (ServerAddressesTestJSON:setUpClass): 202 POST http://10.180.1.21/compute/v2.1/servers 0.816s
2025-04-14 12:32:05.527 70466 INFO tempest.lib.common.rest_client [req-57947b01-c170-44de-9edb-a8d88c2a2ecc req-57947b01-c170-44de-9edb-a8d88c2a2ecc ] Request (ImagesOneServerNegativeTestJSON:_run_cleanups): 200 GET http://10.180.1.21/compute/v2.1/servers/f5689aa5-3e82-4f83-bb2f-96c05181b91f 0.421s
2025-04-14 12:32:05.529 70462 INFO tempest.lib.common.rest_client [req-94015251-31db-4af2-83c3-0739988f5fcd req-94015251-31db-4af2-83c3-0739988f5fcd ] Request (ServerDiskConfigTestJSON:test_rebuild_server_with_manual_disk_config): 200 GET http://10.180.1.21/compute/v2.1/servers/ee9173ac-18ee-4882-bfe3-ab4cdc707d1a 0.347s
2025-04-14 12:32:05.602 70468 INFO tempest.lib.common.rest_client [req-230eb697-f40b-40d7-a9ec-a17d499a9820 req-230eb697-f40b-40d7-a9ec-a17d499a9820 ] Request (ImagesNegativeTestJSON:test_create_image_from_deleted_server): 200 GET http://10.180.1.21/compute/v2.1/servers/1cde37d8-bb36-4da1-9be8-9d722666a7a0 0.354s
2025-04-14 12:32:05.604 70458 INFO tempest.lib.common.rest_client [req-d872fa25-2dad-41be-a4e4-85442888ff2b req-d872fa25-2dad-41be-a4e4-85442888ff2b ] Request (DeleteServersTestJSON:test_delete_active_server): 200 GET http://10.180.1.21/compute/v2.1/servers/9be9128e-4576-4941-9f9b-d2bca5d25975 0.416s
2025-04-14 12:32:05.659 70474 INFO tempest.lib.common.rest_client [req-2d1e7a32-14db-4e3a-a939-7bae97cacd0a req-2d1e7a32-14db-4e3a-a939-7bae97cacd0a ] Request (ServerActionsTestJSON:setUpClass): 200 GET http://10.180.1.21/compute/v2.1/servers/02c505b2-d1ff-4aae-b887-b10678a49427 0.398s
2025-04-14 12:32:05.663 70434 INFO tempest.lib.common.rest_client [req-864d9329-9b5b-4eea-a828-c9f784a8e88c req-864d9329-9b5b-4eea-a828-c9f784a8e88c ] Request (ImagesTestJSON:test_create_image_from_stopped_server): 200 GET http://10.180.1.21/compute/v2.1/servers/ad8051f2-8149-46b3-9c77-3c71dc5ddcd9 0.356s
2025-04-14 12:32:05.718 70438 INFO tempest.lib.common.rest_client [req-fec183c6-3896-45df-89e6-b7cdd2749321 req-fec183c6-3896-45df-89e6-b7cdd2749321 ] Request (ServersNegativeTestJSON:setUpClass): 200 GET http://10.180.1.21/compute/v2.1/servers/b1e49170-1111-41f1-a065-6d099a1c01c8 0.350s
2025-04-14 12:32:05.766 70478 INFO tempest.lib.common.rest_client [req-9ea3e3fc-9f35-4383-be68-46b42b2fb3a3 req-9ea3e3fc-9f35-4383-be68-46b42b2fb3a3 ] Request (ServerRescueTestJSONUnderV235:setUpClass): 200 GET http://10.180.1.21/compute/v2.1/servers/480263ba-bab0-4026-ac77-0e2f6a425f1e 0.373s
2025-04-14 12:32:05.773 70432 INFO tempest.lib.common.rest_client [req-b34d9775-0db7-4e5a-b30b-1173834d5f47 req-b34d9775-0db7-4e5a-b30b-1173834d5f47 ] Request (DeleteServersAdminTestJSON:test_delete_server_while_in_error_state): 200 GET http://10.180.1.21/compute/v2.1/servers/1a5650f6-b273-4e04-9f17-43ccb353516e 0.344s
2025-04-14 12:32:05.788 70442 WARNING tempest.lib.common.ssh [-] Failed to establish authenticated ssh connection to cirros@10.180.180.134 ([Errno None] Unable to connect to port 22 on 10.180.180.134). Number attempts: 9. Retry after 10 seconds.: paramiko.ssh_exception.NoValidConnectionsError: [Errno None] Unable to connect to port 22 on 10.180.180.134
2025-04-14 12:32:05.812 70440 INFO tempest.lib.common.rest_client [req-e7908065-eb1f-4c99-bf24-c073d4612fa7 req-e7908065-eb1f-4c99-bf24-c073d4612fa7 ] Request (ServerAddressesTestJSON:setUpClass): 200 GET http://10.180.1.21/compute/v2.1/servers/cf420ae8-a415-49e5-ad08-3d62c6d7e040 0.357s
2025-04-14 12:32:05.818 70490 INFO tempest.lib.common.rest_client [req-7718b6bd-926d-4051-87d9-b3e164ddb6a0 req-7718b6bd-926d-4051-87d9-b3e164ddb6a0 ] Request (MultipleCreateTestJSON:test_multiple_create): 200 GET http://10.180.1.21/compute/v2.1/servers/0a80fbe1-a39c-4f02-855e-41e23adbc88d 0.376s
2025-04-14 12:32:05.862 70476 INFO tempest.lib.common.rest_client [req-3ff6655b-62ba-449a-844c-01b9cfa5a119 req-3ff6655b-62ba-449a-844c-01b9cfa5a119 ] Request (ServersAdminTestJSON:test_inject_network_info): 200 GET http://10.180.1.21/compute/v2.1/servers/ad9ec99f-5338-44db-a225-a31e8ee75682 0.381s
2025-04-14 12:32:05.868 70452 INFO tempest.lib.common.rest_client [req-2bdfe1af-4f43-4d4a-b7c2-79bf9682e617 req-2bdfe1af-4f43-4d4a-b7c2-79bf9682e617 ] Request (ServerActionsTestOtherA:setUpClass): 200 GET http://10.180.1.21/compute/v2.1/servers/135fdd6c-b39a-4da2-a076-7aa092aa0d34 0.316s
2025-04-14 12:32:05.934 70482 INFO tempest.lib.common.rest_client [req-fe0e051d-3e98-49ec-a675-fc1a5b24d5c9 req-fe0e051d-3e98-49ec-a675-fc1a5b24d5c9 ] Request (InstanceActionsNegativeTestJSON:tearDownClass): 200 GET http://10.180.1.21/compute/v2.1/servers/c2c8d8bb-6a7d-46e2-a9cc-083f60676626 0.318s
2025-04-14 12:32:05.977 70492 INFO tempest.lib.common.rest_client [req-7cfa0b4d-1679-4a3e-b900-613043f8dba5 req-7cfa0b4d-1679-4a3e-b900-613043f8dba5 ] Request (FloatingIPsAssociationTestJSON:test_associate_already_associated_floating_ip): 200 GET http://10.180.1.21/compute/v2.1/servers/7ddd9f8f-4faf-42ae-8c67-f5988da5b732 0.411s
2025-04-14 12:32:06.002 70470 INFO tempest.lib.common.rest_client [req-1f290f8a-bef2-4d5a-bc0a-08004853c80d req-1f290f8a-bef2-4d5a-bc0a-08004853c80d ] Request (ServerPasswordTestJSON:tearDownClass): 200 GET http://10.180.1.21/compute/v2.1/servers/67270ca7-2423-4d43-8dbd-1c0adf2ede54 0.364s
2025-04-14 12:32:06.037 70464 INFO tempest.lib.common.rest_client [req-9f6c03ee-a0c9-4aef-b748-38813ad9aa2e req-9f6c03ee-a0c9-4aef-b748-38813ad9aa2e ] Request (ServerExternalEventsTest:test_create_server_external_events): 200 GET http://10.180.1.21/compute/v2.1/servers/913679b6-777c-402a-862d-7fcd293f9527 0.351s
2025-04-14 12:32:06.051 70486 INFO tempest.lib.common.rest_client [req-c9bea628-0bac-4c83-82ab-1d0dae0502fc req-c9bea628-0bac-4c83-82ab-1d0dae0502fc ] Request (ServersTestJSON:test_create_server_specify_multibyte_character_name): 200 GET http://10.180.1.21/compute/v2.1/servers/52d28545-4a72-448b-be63-69a252ed1bdc 0.298s
2025-04-14 12:32:06.099 70488 INFO tempest.lib.common.rest_client [req-0ecea79f-170b-477f-9dd0-2fc3ce814b86 req-0ecea79f-170b-477f-9dd0-2fc3ce814b86 ] Request (AttachVolumeShelveTestJSON:test_attach_volume_shelved_or_offload_server): 200 GET http://10.180.1.21/compute/v2.1/servers/bada8017-1fc1-47c8-ac7e-b596e2fc2917 0.277s
2025-04-14 12:32:06.148 70460 INFO tempest.lib.common.rest_client [req-4fe5bc13-e67f-45e9-a383-a89c4d1ca636 req-4fe5bc13-e67f-45e9-a383-a89c4d1ca636 ] Request (ListServerFiltersTestJSON:setUpClass): 200 GET http://10.180.1.21/compute/v2.1/servers/eb79b06b-68ff-44ef-bff4-28aee201e914 0.271s
2025-04-14 12:32:06.162 70448 INFO tempest.lib.common.rest_client [req-0915cd2b-1f04-4fef-a449-9490b9bcc9b3 req-0915cd2b-1f04-4fef-a449-9490b9bcc9b3 ] Request (MigrationsAdminTest:test_list_migrations_in_flavor_resize_situation): 200 GET http://10.180.1.21/compute/v2.1/servers/6a4056d3-e606-4232-a764-b1d6ffdc311e 0.311s
2025-04-14 12:32:06.207 70480 INFO tempest.lib.common.rest_client [req-a6cabf6f-6f15-44ad-86c8-249826c2b78e req-a6cabf6f-6f15-44ad-86c8-249826c2b78e ] Request (ServersTestFqdnHostnames:tearDownClass): 200 GET http://10.180.1.21/compute/v2.1/servers/b417ccb7-13dd-434a-9623-1290d65c7ad5 0.250s
2025-04-14 12:32:06.248 70472 INFO tempest.lib.common.rest_client [req-7096f484-b094-4091-b206-6e9f8f047092 req-7096f484-b094-4091-b206-6e9f8f047092 ] Request (ServersAdminNegativeTestJSON:test_migrate_server_invalid_state): 200 GET http://10.180.1.21/compute/v2.1/servers/ac73b9a6-0fc9-44d7-85d6-c2fd23e1243f 0.107s
2025-04-14 12:32:06.260 70472 INFO tempest.common.waiters [-] State transition "ACTIVE/suspending" ==> "SUSPENDED/None" after 3 second wait
2025-04-14 12:32:06.289 70484 INFO tempest.lib.common.rest_client [req-9a2dd52d-d3db-4b55-9751-d066927c01c0 req-9a2dd52d-d3db-4b55-9751-d066927c01c0 ] Request (ListImageFiltersTestJSON:setUpClass): 200 GET http://10.180.1.21/compute/v2.1/servers/394ed08f-2d43-4261-bed1-cd94b14770ba 0.064s
2025-04-14 12:32:06.323 70472 INFO tempest.lib.common.rest_client [req-2d9447f6-9e2e-4806-ac8a-a294451b1bb1 req-2d9447f6-9e2e-4806-ac8a-a294451b1bb1 ] Request (ServersAdminNegativeTestJSON:test_migrate_server_invalid_state): 409 POST http://10.180.1.21/compute/v2.1/servers/ac73b9a6-0fc9-44d7-85d6-c2fd23e1243f/action 0.063s
2025-04-14 12:32:06.334 70472 INFO tempest.lib.common.rest_client [req-30d66d00-f043-4d56-813f-22c084762e21 req-30d66d00-f043-4d56-813f-22c084762e21 ] Request (ServersAdminNegativeTestJSON:test_reset_state_server_invalid_state): 400 POST http://10.180.1.21/compute/v2.1/servers/9fa8a004-e7b8-412e-bd4d-f8a20675bbe8/action 0.008s
2025-04-14 12:32:06.342 70472 INFO tempest.lib.common.rest_client [req-a0b733af-b53c-40ee-9c9b-bc887e6f64a4 req-a0b733af-b53c-40ee-9c9b-bc887e6f64a4 ] Request (ServersAdminNegativeTestJSON:test_reset_state_server_invalid_type): 400 POST http://10.180.1.21/compute/v2.1/servers/9fa8a004-e7b8-412e-bd4d-f8a20675bbe8/action 0.007s
2025-04-14 12:32:06.351 70472 INFO tempest.lib.common.rest_client [req-46aaedb2-d5ad-4405-9b0f-f606ac55ea1b req-46aaedb2-d5ad-4405-9b0f-f606ac55ea1b ] Request (ServersAdminNegativeTestJSON:test_reset_state_server_nonexistent_server): 404 POST http://10.180.1.21/compute/v2.1/servers/999/action 0.009s
2025-04-14 12:32:06.453 70472 INFO tempest.lib.common.rest_client [req-87ac190f-56a5-403e-9dcf-6e5472351c17 req-87ac190f-56a5-403e-9dcf-6e5472351c17 ] Request (ServersAdminNegativeTestJSON:test_resize_server_using_overlimit_ram): 200 GET http://10.180.1.21/compute/v2.1/os-quota-sets/de4aba7db8c346b291776d810ae4304f 0.099s
2025-04-14 12:32:06.511 70456 INFO tempest.lib.common.rest_client [req-f911a4eb-7d62-487d-baa4-ef6bc7b5f75d req-f911a4eb-7d62-487d-baa4-ef6bc7b5f75d ] Request (InstanceActionsTestJSON:setUpClass): 200 GET http://10.180.1.21/compute/v2.1/servers/b93c923f-ce74-4d7e-abec-c456db0e83af 0.063s
2025-04-14 12:32:06.523 70444 INFO tempest.lib.common.rest_client [req-f6a7521b-9da2-4946-a05a-2712c683b34f req-f6a7521b-9da2-4946-a05a-2712c683b34f ] Request (AttachInterfacesV270Test:test_create_get_list_interfaces): 200 GET http://10.180.1.21/compute/v2.1/servers/f1868a7a-65b3-45b9-ac80-9d9716031a89 0.129s
2025-04-14 12:32:06.536 70472 INFO tempest.lib.common.rest_client [req-3be73408-a817-4859-af98-896f40e27414 req-3be73408-a817-4859-af98-896f40e27414 ] Request (ServersAdminNegativeTestJSON:test_resize_server_using_overlimit_ram): 200 POST http://10.180.1.21/compute/v2.1/flavors 0.080s
2025-04-14 12:32:06.601 70466 INFO tempest.lib.common.rest_client [req-b22aed93-2c87-4622-8020-6645845f4d95 req-b22aed93-2c87-4622-8020-6645845f4d95 ] Request (ImagesOneServerNegativeTestJSON:_run_cleanups): 200 GET http://10.180.1.21/compute/v2.1/servers/f5689aa5-3e82-4f83-bb2f-96c05181b91f 0.064s
2025-04-14 12:32:06.653 70462 INFO tempest.lib.common.rest_client [req-136aa21d-1c3b-4a67-a50f-e9e53a9fe578 req-136aa21d-1c3b-4a67-a50f-e9e53a9fe578 ] Request (ServerDiskConfigTestJSON:test_rebuild_server_with_manual_disk_config): 200 GET http://10.180.1.21/compute/v2.1/servers/ee9173ac-18ee-4882-bfe3-ab4cdc707d1a 0.111s
2025-04-14 12:32:06.682 70472 INFO tempest.lib.common.rest_client [req-85923575-0ebc-4397-abe9-9b5801caa3c9 req-85923575-0ebc-4397-abe9-9b5801caa3c9 ] Request (ServersAdminNegativeTestJSON:test_resize_server_using_overlimit_ram): 403 POST http://10.180.1.21/compute/v2.1/servers/9fa8a004-e7b8-412e-bd4d-f8a20675bbe8/action 0.144s
2025-04-14 12:32:06.715 70468 INFO tempest.lib.common.rest_client [req-001879fb-f106-4a41-9093-0c431cea28cf req-001879fb-f106-4a41-9093-0c431cea28cf ] Request (ImagesNegativeTestJSON:test_create_image_from_deleted_server): 200 GET http://10.180.1.21/compute/v2.1/servers/1cde37d8-bb36-4da1-9be8-9d722666a7a0 0.102s
2025-04-14 12:32:06.748 70458 INFO tempest.lib.common.rest_client [req-f20b4843-36a2-4c8b-8463-feb191d9a938 req-f20b4843-36a2-4c8b-8463-feb191d9a938 ] Request (DeleteServersTestJSON:test_delete_active_server): 200 GET http://10.180.1.21/compute/v2.1/servers/9be9128e-4576-4941-9f9b-d2bca5d25975 0.133s
2025-04-14 12:32:06.770 70474 INFO tempest.lib.common.rest_client [req-d87cced5-f524-4cd6-b1ff-15116ccd1b80 req-d87cced5-f524-4cd6-b1ff-15116ccd1b80 ] Request (ServerActionsTestJSON:setUpClass): 200 GET http://10.180.1.21/compute/v2.1/servers/02c505b2-d1ff-4aae-b887-b10678a49427 0.104s
2025-04-14 12:32:06.788 70472 INFO tempest.lib.common.rest_client [req-99c3882b-aa3f-46c6-b4f5-a6dd3d30b1ed req-99c3882b-aa3f-46c6-b4f5-a6dd3d30b1ed ] Request (ServersAdminNegativeTestJSON:_run_cleanups): 202 DELETE http://10.180.1.21/compute/v2.1/flavors/171667891 0.106s
2025-04-14 12:32:06.807 70434 INFO tempest.lib.common.rest_client [req-2c257573-a39a-4b2e-b14b-f6919b6e895a req-2c257573-a39a-4b2e-b14b-f6919b6e895a ] Request (ImagesTestJSON:test_create_image_from_stopped_server): 200 GET http://10.180.1.21/compute/v2.1/servers/ad8051f2-8149-46b3-9c77-3c71dc5ddcd9 0.132s
2025-04-14 12:32:06.847 70438 INFO tempest.lib.common.rest_client [req-d81e02f0-dd83-41b4-9e85-f297670a73e7 req-d81e02f0-dd83-41b4-9e85-f297670a73e7 ] Request (ServersNegativeTestJSON:setUpClass): 200 GET http://10.180.1.21/compute/v2.1/servers/b1e49170-1111-41f1-a065-6d099a1c01c8 0.121s
2025-04-14 12:32:06.921 70432 INFO tempest.lib.common.rest_client [req-e549e026-7d91-4924-bf9e-4104b2a4d89d req-e549e026-7d91-4924-bf9e-4104b2a4d89d ] Request (DeleteServersAdminTestJSON:test_delete_server_while_in_error_state): 200 GET http://10.180.1.21/compute/v2.1/servers/1a5650f6-b273-4e04-9f17-43ccb353516e 0.140s
2025-04-14 12:32:06.944 70472 INFO tempest.lib.common.rest_client [req-2a97fcb5-c712-4ad9-87ab-98a1182d2050 req-2a97fcb5-c712-4ad9-87ab-98a1182d2050 ] Request (ServersAdminNegativeTestJSON:_run_cleanups): 200 GET http://10.180.1.21/compute/v2.1/flavors/detail 0.156s
2025-04-14 12:32:07.011 70478 INFO tempest.lib.common.rest_client [req-fe2fcfa0-c664-45a3-b3c7-497814e5057a req-fe2fcfa0-c664-45a3-b3c7-497814e5057a ] Request (ServerRescueTestJSONUnderV235:setUpClass): 200 GET http://10.180.1.21/compute/v2.1/servers/480263ba-bab0-4026-ac77-0e2f6a425f1e 0.236s
2025-04-14 12:32:07.033 70440 INFO tempest.lib.common.rest_client [req-589f2499-9bb4-4028-bead-b4b9dd7cfd83 req-589f2499-9bb4-4028-bead-b4b9dd7cfd83 ] Request (ServerAddressesTestJSON:setUpClass): 200 GET http://10.180.1.21/compute/v2.1/servers/cf420ae8-a415-49e5-ad08-3d62c6d7e040 0.212s
2025-04-14 12:32:07.068 70490 INFO tempest.lib.common.rest_client [req-80176596-bf5c-469f-b817-c0d74933c7e9 req-80176596-bf5c-469f-b817-c0d74933c7e9 ] Request (MultipleCreateTestJSON:test_multiple_create): 200 GET http://10.180.1.21/compute/v2.1/servers/0a80fbe1-a39c-4f02-855e-41e23adbc88d 0.241s
2025-04-14 12:32:07.086 70476 INFO tempest.lib.common.rest_client [req-73b4d21b-6367-4e3b-bc8d-5f6dd302176f req-73b4d21b-6367-4e3b-bc8d-5f6dd302176f ] Request (ServersAdminTestJSON:test_inject_network_info): 200 GET http://10.180.1.21/compute/v2.1/servers/ad9ec99f-5338-44db-a225-a31e8ee75682 0.216s
2025-04-14 12:32:07.118 70452 INFO tempest.lib.common.rest_client [req-5ff686fa-38dd-4fd1-88ff-38b5b6a79503 req-5ff686fa-38dd-4fd1-88ff-38b5b6a79503 ] Request (ServerActionsTestOtherA:setUpClass): 200 GET http://10.180.1.21/compute/v2.1/servers/135fdd6c-b39a-4da2-a076-7aa092aa0d34 0.241s
2025-04-14 12:32:07.154 70482 INFO tempest.lib.common.rest_client [req-b297138a-4725-4cbb-a8cb-7f6152802c78 req-b297138a-4725-4cbb-a8cb-7f6152802c78 ] Request (InstanceActionsNegativeTestJSON:tearDownClass): 200 GET http://10.180.1.21/compute/v2.1/servers/c2c8d8bb-6a7d-46e2-a9cc-083f60676626 0.211s
2025-04-14 12:32:07.168 70472 INFO tempest.lib.common.rest_client [req-efdc684e-c9e0-429f-8d70-5f5d6c205f21 req-efdc684e-c9e0-429f-8d70-5f5d6c205f21 ] Request (ServersAdminNegativeTestJSON:test_resize_server_using_overlimit_vcpus): 200 GET http://10.180.1.21/compute/v2.1/os-quota-sets/de4aba7db8c346b291776d810ae4304f 0.216s
2025-04-14 12:32:07.235 70470 INFO tempest.lib.common.rest_client [req-4a02fdd3-12de-48c0-b01e-741d0cd293a3 req-4a02fdd3-12de-48c0-b01e-741d0cd293a3 ] Request (ServerPasswordTestJSON:tearDownClass): 200 GET http://10.180.1.21/compute/v2.1/servers/67270ca7-2423-4d43-8dbd-1c0adf2ede54 0.225s
2025-04-14 12:32:07.253 70492 INFO tempest.lib.common.rest_client [req-12fb6baf-0d39-4b3f-8887-56bf56d3c64b req-12fb6baf-0d39-4b3f-8887-56bf56d3c64b ] Request (FloatingIPsAssociationTestJSON:test_associate_already_associated_floating_ip): 200 GET http://10.180.1.21/compute/v2.1/servers/7ddd9f8f-4faf-42ae-8c67-f5988da5b732 0.267s
2025-04-14 12:32:07.281 70464 INFO tempest.lib.common.rest_client [req-0f84414a-353a-49b9-a01f-8b2a53f9ee4d req-0f84414a-353a-49b9-a01f-8b2a53f9ee4d ] Request (ServerExternalEventsTest:test_create_server_external_events): 200 GET http://10.180.1.21/compute/v2.1/servers/913679b6-777c-402a-862d-7fcd293f9527 0.235s
2025-04-14 12:32:07.303 70486 INFO tempest.lib.common.rest_client [req-4013f6fd-7cf4-4e20-8069-4c36100ab181 req-4013f6fd-7cf4-4e20-8069-4c36100ab181 ] Request (ServersTestJSON:test_create_server_specify_multibyte_character_name): 200 GET http://10.180.1.21/compute/v2.1/servers/52d28545-4a72-448b-be63-69a252ed1bdc 0.240s
2025-04-14 12:32:07.333 70488 INFO tempest.lib.common.rest_client [req-a63af940-c28f-4114-9e90-ecb03e174c3c req-a63af940-c28f-4114-9e90-ecb03e174c3c ] Request (AttachVolumeShelveTestJSON:test_attach_volume_shelved_or_offload_server): 200 GET http://10.180.1.21/compute/v2.1/servers/bada8017-1fc1-47c8-ac7e-b596e2fc2917 0.225s
2025-04-14 12:32:07.360 70472 INFO tempest.lib.common.rest_client [req-314a3968-f796-4eed-af23-26bbc3994373 req-314a3968-f796-4eed-af23-26bbc3994373 ] Request (ServersAdminNegativeTestJSON:test_resize_server_using_overlimit_vcpus): 200 POST http://10.180.1.21/compute/v2.1/flavors 0.190s
2025-04-14 12:32:07.361 70460 INFO tempest.lib.common.rest_client [req-045480c2-2f34-4c62-810f-93d014b93e7f req-045480c2-2f34-4c62-810f-93d014b93e7f ] Request (ListServerFiltersTestJSON:setUpClass): 200 GET http://10.180.1.21/compute/v2.1/servers/eb79b06b-68ff-44ef-bff4-28aee201e914 0.205s
2025-04-14 12:32:07.432 70480 INFO tempest.lib.common.rest_client [req-7d605942-84b8-4303-9b8d-f8a366b4da98 req-7d605942-84b8-4303-9b8d-f8a366b4da98 ] Request (ServersTestFqdnHostnames:tearDownClass): 200 GET http://10.180.1.21/compute/v2.1/servers/b417ccb7-13dd-434a-9623-1290d65c7ad5 0.216s
2025-04-14 12:32:07.472 70448 INFO tempest.lib.common.rest_client [req-e53702d6-00b8-41c6-82d2-6f432f9a9868 req-e53702d6-00b8-41c6-82d2-6f432f9a9868 ] Request (MigrationsAdminTest:test_list_migrations_in_flavor_resize_situation): 200 GET http://10.180.1.21/compute/v2.1/servers/6a4056d3-e606-4232-a764-b1d6ffdc311e 0.301s
2025-04-14 12:32:07.483 70484 INFO tempest.lib.common.rest_client [req-4f602581-3017-480d-baef-d836bd967ce2 req-4f602581-3017-480d-baef-d836bd967ce2 ] Request (ListImageFiltersTestJSON:setUpClass): 200 GET http://10.180.1.21/compute/v2.1/servers/394ed08f-2d43-4261-bed1-cd94b14770ba 0.186s
2025-04-14 12:32:07.549 70472 INFO tempest.lib.common.rest_client [req-01a80778-5d5c-4084-82ad-7b55902d95f8 req-01a80778-5d5c-4084-82ad-7b55902d95f8 ] Request (ServersAdminNegativeTestJSON:test_resize_server_using_overlimit_vcpus): 403 POST http://10.180.1.21/compute/v2.1/servers/9fa8a004-e7b8-412e-bd4d-f8a20675bbe8/action 0.186s
