2025-04-14 12:33:11.725 70456 INFO tempest.lib.common.rest_client [req-08fc778f-6638-4063-9cc3-34496ee19d6d req-08fc778f-6638-4063-9cc3-34496ee19d6d ] Request (InstanceActionsTestJSON:setUpClass): 200 GET http://10.180.1.21/compute/v2.1/servers/b93c923f-ce74-4d7e-abec-c456db0e83af 0.154s
2025-04-14 12:33:11.760 70468 INFO tempest.lib.common.rest_client [req-afaf26d6-d9ff-4090-a69a-a0a128de48f0 req-afaf26d6-d9ff-4090-a69a-a0a128de48f0 ] Request (ImagesNegativeTestJSON:test_create_image_from_deleted_server): 200 GET http://10.180.1.21/compute/v2.1/servers/1cde37d8-bb36-4da1-9be8-9d722666a7a0 0.161s
2025-04-14 12:33:11.927 70488 INFO tempest.lib.common.rest_client [req-4b1783db-2c11-4713-9be8-81c1040d5201 req-4b1783db-2c11-4713-9be8-81c1040d5201 ] Request (AttachVolumeShelveTestJSON:test_attach_volume_shelved_or_offload_server): 200 GET http://10.180.1.21/compute/v2.1/servers/bada8017-1fc1-47c8-ac7e-b596e2fc2917 0.302s
2025-04-14 12:33:11.933 70462 INFO tempest.lib.common.rest_client [req-8919fd7c-4c3d-4ed5-b048-8965bbcf899d req-8919fd7c-4c3d-4ed5-b048-8965bbcf899d ] Request (ServerDiskConfigTestJSON:test_rebuild_server_with_manual_disk_config): 200 GET http://10.180.1.21/compute/v2.1/servers/ee9173ac-18ee-4882-bfe3-ab4cdc707d1a 0.245s
2025-04-14 12:33:11.936 70488 INFO tempest.common.waiters [-] State transition "BUILD/None" ==> "BUILD/networking" after 83 second wait
2025-04-14 12:33:12.002 70450 INFO tempest.lib.common.rest_client [req-e77cd4ef-d595-4143-a3bd-a469e54e8b01 req-e77cd4ef-d595-4143-a3bd-a469e54e8b01 ] Request (ServersWithSpecificFlavorTestJSON:test_verify_created_server_ephemeral_disk): 200 GET http://10.180.1.21/compute/v2.1/servers/f32d148d-a6be-4323-a5ea-8b10beca2d5b 0.299s
2025-04-14 12:33:12.006 70444 INFO tempest.lib.common.rest_client [req-aeb43bb7-5308-4f9d-bc4e-40dcdbd9ae39 req-aeb43bb7-5308-4f9d-bc4e-40dcdbd9ae39 ] Request (ServersAaction247Test:test_create_backup): 200 GET http://10.180.1.21/compute/v2.1/servers/4171d2e1-d090-4017-89e8-90cd9ceee37a 0.195s
2025-04-14 12:33:12.061 70432 INFO tempest.lib.common.rest_client [req-f7b75ab3-e458-45f0-9839-111671d0444b req-f7b75ab3-e458-45f0-9839-111671d0444b ] Request (FloatingIPsAssociationNegativeTestJSON:setUpClass): 200 GET http://10.180.1.21/compute/v2.1/servers/90d28880-88ca-4540-b9e1-27fa08c0ff9e 0.085s
2025-04-14 12:33:12.116 70486 INFO tempest.lib.common.rest_client [req-8bf1315e-09b5-4da7-b667-7d41d41967ce req-8bf1315e-09b5-4da7-b667-7d41d41967ce ] Request (ServersTestJSON:test_create_server_with_ipv6_addr_only): 200 GET http://10.180.1.21/compute/v2.1/servers/47240db4-50a6-45eb-806a-bc57fafdcadb 0.069s
2025-04-14 12:33:12.169 70438 INFO tempest.lib.common.rest_client [req-7f51b58b-327e-49a5-ac11-c8dfc177e613 req-7f51b58b-327e-49a5-ac11-c8dfc177e613 ] Request (ServersNegativeTestJSON:setUpClass): 200 GET http://10.180.1.21/compute/v2.1/servers/382ead1c-5ee4-46fe-9172-d56fbe43b7e6 0.071s
2025-04-14 12:33:12.255 70492 INFO tempest.lib.common.rest_client [req-e2ffeaeb-6d3c-4320-ab1b-34d1ed5323c8 req-e2ffeaeb-6d3c-4320-ab1b-34d1ed5323c8 ] Request (FloatingIPsAssociationTestJSON:tearDownClass): 200 GET http://10.180.1.21/compute/v2.1/servers/546d4f1f-00dc-458c-a0f5-3810925a681d 0.104s
2025-04-14 12:33:12.265 70484 INFO tempest.lib.common.rest_client [req-c4e0f21e-ef39-4554-bae8-cd4b8699858d req-c4e0f21e-ef39-4554-bae8-cd4b8699858d ] Request (ListImageFiltersTestJSON:setUpClass): 200 GET http://10.180.1.21/compute/v2.1/images/34e92a17-fc09-4cd4-8024-5fc5ed01930a 0.065s
2025-04-14 12:33:12.334 70474 INFO tempest.lib.common.rest_client [req-e977d288-c251-4530-b583-bc2c61b6c315 req-e977d288-c251-4530-b583-bc2c61b6c315 ] Request (ServerActionsTestJSON:setUpClass): 200 GET http://10.180.1.21/compute/v2.1/servers/02c505b2-d1ff-4aae-b887-b10678a49427 0.133s
2025-04-14 12:33:12.354 70440 INFO tempest.lib.common.rest_client [req-e8a3648f-e87b-4b24-9f2c-35e592712e94 req-e8a3648f-e87b-4b24-9f2c-35e592712e94 ] Request (ServerAddressesTestJSON:setUpClass): 200 GET http://10.180.1.21/compute/v2.1/servers/cf420ae8-a415-49e5-ad08-3d62c6d7e040 0.090s
2025-04-14 12:33:12.369 70436 INFO tempest.lib.common.rest_client [req-8e3551e5-08ea-48e2-96a5-670351739006 req-8e3551e5-08ea-48e2-96a5-670351739006 ] Request (VolumesAdminNegativeTest:test_update_attached_volume_with_nonexistent_volume_in_body): 200 GET http://10.180.1.21/volume/v3/volumes/a2af49c4-3813-4de6-88b5-89b0aad335e9 0.046s
2025-04-14 12:33:12.456 70466 INFO tempest.lib.common.rest_client [req-410a178b-63d3-4ae3-a63d-911bde23aacf req-410a178b-63d3-4ae3-a63d-911bde23aacf ] Request (ImagesOneServerNegativeTestJSON:_run_cleanups): 200 GET http://10.180.1.21/compute/v2.1/servers/cc8b3887-1051-4d76-be7c-2cf21a3a28a0 0.145s
2025-04-14 12:33:12.464 70466 INFO tempest.common.waiters [-] State transition "BUILD/scheduling" ==> "BUILD/None" after 61 second wait
2025-04-14 12:33:12.519 70458 INFO tempest.lib.common.rest_client [req-ab69fc55-94f7-487c-b67e-c4f42da1e7f2 req-ab69fc55-94f7-487c-b67e-c4f42da1e7f2 ] Request (DeleteServersTestJSON:test_delete_server_while_in_attached_volume): 200 GET http://10.180.1.21/compute/v2.1/servers/3a8418da-6dbf-48d2-bcfa-1db117ec8631 0.157s
2025-04-14 12:33:12.536 70490 INFO tempest.lib.common.rest_client [req-1c2c15f1-1a86-4b3a-940d-15a8f9828c05 req-1c2c15f1-1a86-4b3a-940d-15a8f9828c05 ] Request (MultipleCreateTestJSON:_run_cleanups): 200 GET http://10.180.1.21/compute/v2.1/servers/4f479379-020b-4939-9be7-624b7dac426e 0.228s
2025-04-14 12:33:12.578 70434 INFO tempest.lib.common.rest_client [req-1a063d7a-3460-4033-b975-1fb4d5690cfd req-1a063d7a-3460-4033-b975-1fb4d5690cfd ] Request (ImagesTestJSON:test_create_image_from_stopped_server): 200 GET http://10.180.1.21/compute/v2.1/servers/ad8051f2-8149-46b3-9c77-3c71dc5ddcd9 0.198s
2025-04-14 12:33:12.598 70476 INFO tempest.lib.common.rest_client [req-a327f21b-ed21-48d5-b3cd-0c22c40100b6 req-a327f21b-ed21-48d5-b3cd-0c22c40100b6 ] Request (ServersAdminTestJSON:test_inject_network_info): 200 GET http://10.180.1.21/compute/v2.1/servers/ad9ec99f-5338-44db-a225-a31e8ee75682 0.185s
2025-04-14 12:33:12.634 70460 INFO tempest.lib.common.rest_client [req-f76b8385-bf1b-4b56-a813-f72b8489379f req-f76b8385-bf1b-4b56-a813-f72b8489379f ] Request (ListServerFiltersTestJSON:tearDownClass): 200 GET http://10.180.1.21/compute/v2.1/servers/eb79b06b-68ff-44ef-bff4-28aee201e914 0.173s
2025-04-14 12:33:12.653 70464 INFO tempest.lib.common.rest_client [req-60f6d7cd-7a68-4467-92a2-f763653c3ed8 req-60f6d7cd-7a68-4467-92a2-f763653c3ed8 ] Request (ServerExternalEventsTest:test_create_server_external_events): 200 GET http://10.180.1.21/compute/v2.1/servers/913679b6-777c-402a-862d-7fcd293f9527 0.175s
2025-04-14 12:33:12.684 70482 INFO tempest.lib.common.rest_client [req-1589a072-049b-406c-a573-1815f480aa38 req-1589a072-049b-406c-a573-1815f480aa38 ] Request (ServerRescueTestJSON:setUpClass): 200 GET http://10.180.1.21/compute/v2.1/servers/d5594fac-44a9-4be9-ac10-42e6f368365f 0.174s
2025-04-14 12:33:12.715 70472 INFO tempest.lib.common.rest_client [req-dd89c78d-90ac-45e9-b08c-b2327a9c81b2 req-dd89c78d-90ac-45e9-b08c-b2327a9c81b2 ] Request (ServersAdminNegativeTestJSON:tearDownClass): 200 GET http://10.180.1.21/compute/v2.1/servers/9fa8a004-e7b8-412e-bd4d-f8a20675bbe8 0.177s
2025-04-14 12:33:12.730 70448 INFO tempest.lib.common.rest_client [req-425b2d27-0e0c-42bb-8688-5f970afd763a req-425b2d27-0e0c-42bb-8688-5f970afd763a ] Request (MigrationsAdminTest:test_resize_server_revert_deleted_flavor): 200 GET http://10.180.1.21/compute/v2.1/servers/da5e0b7e-b288-455d-a93e-7bbc4a8c58c9 0.158s
2025-04-14 12:33:12.859 70456 INFO tempest.lib.common.rest_client [req-65a4a77b-c0e6-43ec-97be-3b6ce28c978b req-65a4a77b-c0e6-43ec-97be-3b6ce28c978b ] Request (InstanceActionsTestJSON:setUpClass): 200 GET http://10.180.1.21/compute/v2.1/servers/b93c923f-ce74-4d7e-abec-c456db0e83af 0.126s
2025-04-14 12:33:12.959 70468 INFO tempest.lib.common.rest_client [req-fd78dd5a-8347-416f-8c0d-c23ecc0a337c req-fd78dd5a-8347-416f-8c0d-c23ecc0a337c ] Request (ImagesNegativeTestJSON:test_create_image_from_deleted_server): 200 GET http://10.180.1.21/compute/v2.1/servers/1cde37d8-bb36-4da1-9be8-9d722666a7a0 0.191s
2025-04-14 12:33:13.133 70488 INFO tempest.lib.common.rest_client [req-9126ddab-2a8d-4f76-9966-3aca0a6a391f req-9126ddab-2a8d-4f76-9966-3aca0a6a391f ] Request (AttachVolumeShelveTestJSON:test_attach_volume_shelved_or_offload_server): 200 GET http://10.180.1.21/compute/v2.1/servers/bada8017-1fc1-47c8-ac7e-b596e2fc2917 0.197s
2025-04-14 12:33:13.137 70462 INFO tempest.lib.common.rest_client [req-1161ea6a-02a6-4d6a-b934-49e0532b9cbe req-1161ea6a-02a6-4d6a-b934-49e0532b9cbe ] Request (ServerDiskConfigTestJSON:test_rebuild_server_with_manual_disk_config): 200 GET http://10.180.1.21/compute/v2.1/servers/ee9173ac-18ee-4882-bfe3-ab4cdc707d1a 0.195s
2025-04-14 12:33:13.144 70488 INFO tempest.common.waiters [-] State transition "BUILD/networking" ==> "BUILD/spawning" after 85 second wait
2025-04-14 12:33:13.198 70450 INFO tempest.lib.common.rest_client [req-6b9c24ec-7c87-40b5-a85c-cf4845ee566b req-6b9c24ec-7c87-40b5-a85c-cf4845ee566b ] Request (ServersWithSpecificFlavorTestJSON:test_verify_created_server_ephemeral_disk): 200 GET http://10.180.1.21/compute/v2.1/servers/f32d148d-a6be-4323-a5ea-8b10beca2d5b 0.188s
2025-04-14 12:33:13.230 70444 INFO tempest.lib.common.rest_client [req-2d02a85a-0433-4114-9378-6670ecfc5df3 req-2d02a85a-0433-4114-9378-6670ecfc5df3 ] Request (ServersAaction247Test:test_create_backup): 200 GET http://10.180.1.21/compute/v2.1/servers/4171d2e1-d090-4017-89e8-90cd9ceee37a 0.214s
2025-04-14 12:33:13.266 70432 INFO tempest.lib.common.rest_client [req-2e5cb140-c4b8-4eb7-af03-c27d143b50f3 req-2e5cb140-c4b8-4eb7-af03-c27d143b50f3 ] Request (FloatingIPsAssociationNegativeTestJSON:setUpClass): 200 GET http://10.180.1.21/compute/v2.1/servers/90d28880-88ca-4540-b9e1-27fa08c0ff9e 0.196s
2025-04-14 12:33:13.296 70486 INFO tempest.lib.common.rest_client [req-e417d1a4-a520-4070-b5ea-ab489ed19ac9 req-e417d1a4-a520-4070-b5ea-ab489ed19ac9 ] Request (ServersTestJSON:test_create_server_with_ipv6_addr_only): 200 GET http://10.180.1.21/compute/v2.1/servers/47240db4-50a6-45eb-806a-bc57fafdcadb 0.172s
2025-04-14 12:33:13.334 70438 INFO tempest.lib.common.rest_client [req-a2942825-0fc1-47fe-967b-fc4295533412 req-a2942825-0fc1-47fe-967b-fc4295533412 ] Request (ServersNegativeTestJSON:setUpClass): 200 GET http://10.180.1.21/compute/v2.1/servers/382ead1c-5ee4-46fe-9172-d56fbe43b7e6 0.153s
2025-04-14 12:33:13.364 70492 INFO tempest.lib.common.rest_client [req-bdf4882d-2eb1-4899-80fb-85da71098253 req-bdf4882d-2eb1-4899-80fb-85da71098253 ] Request (FloatingIPsAssociationTestJSON:tearDownClass): 200 GET http://10.180.1.21/compute/v2.1/servers/546d4f1f-00dc-458c-a0f5-3810925a681d 0.091s
2025-04-14 12:33:13.373 70484 INFO tempest.lib.common.rest_client [req-54cfe9f0-16e3-4d70-badd-38a46b09ef23 req-54cfe9f0-16e3-4d70-badd-38a46b09ef23 ] Request (ListImageFiltersTestJSON:setUpClass): 200 GET http://10.180.1.21/compute/v2.1/images/34e92a17-fc09-4cd4-8024-5fc5ed01930a 0.100s
2025-04-14 12:33:13.415 70436 INFO tempest.lib.common.rest_client [req-ea7df0c0-4cda-4463-8eb0-afc0920153aa req-ea7df0c0-4cda-4463-8eb0-afc0920153aa ] Request (VolumesAdminNegativeTest:test_update_attached_volume_with_nonexistent_volume_in_body): 200 GET http://10.180.1.21/volume/v3/volumes/a2af49c4-3813-4de6-88b5-89b0aad335e9 0.034s
2025-04-14 12:33:13.422 70474 INFO tempest.lib.common.rest_client [req-ce5c3595-4a34-4bd3-9d03-7662dda42817 req-ce5c3595-4a34-4bd3-9d03-7662dda42817 ] Request (ServerActionsTestJSON:setUpClass): 200 GET http://10.180.1.21/compute/v2.1/servers/02c505b2-d1ff-4aae-b887-b10678a49427 0.074s
2025-04-14 12:33:13.441 70440 INFO tempest.lib.common.rest_client [req-79e6f045-7fef-46fb-9620-5e468baf7a41 req-79e6f045-7fef-46fb-9620-5e468baf7a41 ] Request (ServerAddressesTestJSON:setUpClass): 200 GET http://10.180.1.21/compute/v2.1/servers/cf420ae8-a415-49e5-ad08-3d62c6d7e040 0.077s
2025-04-14 12:33:13.535 70466 INFO tempest.lib.common.rest_client [req-e05e9d8c-3675-4440-9d0a-ac11cc446a58 req-e05e9d8c-3675-4440-9d0a-ac11cc446a58 ] Request (ImagesOneServerNegativeTestJSON:_run_cleanups): 200 GET http://10.180.1.21/compute/v2.1/servers/cc8b3887-1051-4d76-be7c-2cf21a3a28a0 0.070s
2025-04-14 12:33:13.597 70458 INFO tempest.lib.common.rest_client [req-547688f5-8d5e-459e-9663-82b6730c7d9b req-547688f5-8d5e-459e-9663-82b6730c7d9b ] Request (DeleteServersTestJSON:test_delete_server_while_in_attached_volume): 200 GET http://10.180.1.21/compute/v2.1/servers/3a8418da-6dbf-48d2-bcfa-1db117ec8631 0.067s
2025-04-14 12:33:13.633 70490 INFO tempest.lib.common.rest_client [req-d6615ad9-3f54-4f39-85e2-b928973f4b26 req-d6615ad9-3f54-4f39-85e2-b928973f4b26 ] Request (MultipleCreateTestJSON:_run_cleanups): 200 GET http://10.180.1.21/compute/v2.1/servers/4f479379-020b-4939-9be7-624b7dac426e 0.083s
2025-04-14 12:33:13.656 70434 INFO tempest.lib.common.rest_client [req-edd377bb-8f22-4bde-8e88-a4ec2dde9b59 req-edd377bb-8f22-4bde-8e88-a4ec2dde9b59 ] Request (ImagesTestJSON:test_create_image_from_stopped_server): 200 GET http://10.180.1.21/compute/v2.1/servers/ad8051f2-8149-46b3-9c77-3c71dc5ddcd9 0.070s
2025-04-14 12:33:13.710 70476 INFO tempest.lib.common.rest_client [req-ff1be64c-50aa-40d5-8036-7bd962259ec8 req-ff1be64c-50aa-40d5-8036-7bd962259ec8 ] Request (ServersAdminTestJSON:test_inject_network_info): 200 GET http://10.180.1.21/compute/v2.1/servers/ad9ec99f-5338-44db-a225-a31e8ee75682 0.103s
2025-04-14 12:33:13.755 70460 INFO tempest.lib.common.rest_client [req-a9e5cabc-99c8-4927-8e0c-fec8b1c50d31 req-a9e5cabc-99c8-4927-8e0c-fec8b1c50d31 ] Request (ListServerFiltersTestJSON:tearDownClass): 200 GET http://10.180.1.21/compute/v2.1/servers/eb79b06b-68ff-44ef-bff4-28aee201e914 0.104s
2025-04-14 12:33:13.776 70464 INFO tempest.lib.common.rest_client [req-13acc002-9f4f-44e3-9c3b-b7307dcd21a6 req-13acc002-9f4f-44e3-9c3b-b7307dcd21a6 ] Request (ServerExternalEventsTest:test_create_server_external_events): 200 GET http://10.180.1.21/compute/v2.1/servers/913679b6-777c-402a-862d-7fcd293f9527 0.111s
2025-04-14 12:33:13.817 70482 INFO tempest.lib.common.rest_client [req-4e51ef45-fb84-4d6e-8757-51c8cb1c6f5c req-4e51ef45-fb84-4d6e-8757-51c8cb1c6f5c ] Request (ServerRescueTestJSON:setUpClass): 200 GET http://10.180.1.21/compute/v2.1/servers/d5594fac-44a9-4be9-ac10-42e6f368365f 0.125s
2025-04-14 12:33:13.848 70472 INFO tempest.lib.common.rest_client [req-8520b319-cb51-4f43-a8ae-7c9bb074057f req-8520b319-cb51-4f43-a8ae-7c9bb074057f ] Request (ServersAdminNegativeTestJSON:tearDownClass): 200 GET http://10.180.1.21/compute/v2.1/servers/9fa8a004-e7b8-412e-bd4d-f8a20675bbe8 0.125s
2025-04-14 12:33:13.886 70448 INFO tempest.lib.common.rest_client [req-d7097ee0-72b4-4c29-9706-fe2fa790a504 req-d7097ee0-72b4-4c29-9706-fe2fa790a504 ] Request (MigrationsAdminTest:test_resize_server_revert_deleted_flavor): 200 GET http://10.180.1.21/compute/v2.1/servers/da5e0b7e-b288-455d-a93e-7bbc4a8c58c9 0.146s
2025-04-14 12:33:14.026 70456 INFO tempest.lib.common.rest_client [req-e04c84f9-9011-456f-8ad5-4b337bc61572 req-e04c84f9-9011-456f-8ad5-4b337bc61572 ] Request (InstanceActionsTestJSON:setUpClass): 200 GET http://10.180.1.21/compute/v2.1/servers/b93c923f-ce74-4d7e-abec-c456db0e83af 0.153s
2025-04-14 12:33:14.099 70468 INFO tempest.lib.common.rest_client [req-f8ab4c99-601b-4056-993d-6194bdce2d37 req-f8ab4c99-601b-4056-993d-6194bdce2d37 ] Request (ImagesNegativeTestJSON:test_create_image_from_deleted_server): 200 GET http://10.180.1.21/compute/v2.1/servers/1cde37d8-bb36-4da1-9be8-9d722666a7a0 0.126s
2025-04-14 12:33:14.278 70488 INFO tempest.lib.common.rest_client [req-a900c23d-73e5-4bfd-9d20-b4a5b77629cd req-a900c23d-73e5-4bfd-9d20-b4a5b77629cd ] Request (AttachVolumeShelveTestJSON:test_attach_volume_shelved_or_offload_server): 200 GET http://10.180.1.21/compute/v2.1/servers/bada8017-1fc1-47c8-ac7e-b596e2fc2917 0.133s
2025-04-14 12:33:14.281 70462 INFO tempest.lib.common.rest_client [req-97abb55c-f0fb-462e-9e38-42a74a57b1f5 req-97abb55c-f0fb-462e-9e38-42a74a57b1f5 ] Request (ServerDiskConfigTestJSON:test_rebuild_server_with_manual_disk_config): 200 GET http://10.180.1.21/compute/v2.1/servers/ee9173ac-18ee-4882-bfe3-ab4cdc707d1a 0.136s
2025-04-14 12:33:14.354 70444 INFO tempest.lib.common.rest_client [req-c586abb3-e51a-4ce1-9f0c-e291d37f0c8b req-c586abb3-e51a-4ce1-9f0c-e291d37f0c8b ] Request (ServersAaction247Test:test_create_backup): 200 GET http://10.180.1.21/compute/v2.1/servers/4171d2e1-d090-4017-89e8-90cd9ceee37a 0.113s
2025-04-14 12:33:14.354 70450 INFO tempest.lib.common.rest_client [req-9897a22e-9657-4357-99f8-7fff81078bd4 req-9897a22e-9657-4357-99f8-7fff81078bd4 ] Request (ServersWithSpecificFlavorTestJSON:test_verify_created_server_ephemeral_disk): 200 GET http://10.180.1.21/compute/v2.1/servers/f32d148d-a6be-4323-a5ea-8b10beca2d5b 0.145s
2025-04-14 12:33:14.420 70432 INFO tempest.lib.common.rest_client [req-a576fcf2-0655-47a6-839c-e20defc98d86 req-a576fcf2-0655-47a6-839c-e20defc98d86 ] Request (FloatingIPsAssociationNegativeTestJSON:setUpClass): 200 GET http://10.180.1.21/compute/v2.1/servers/90d28880-88ca-4540-b9e1-27fa08c0ff9e 0.144s
2025-04-14 12:33:14.429 70486 INFO tempest.lib.common.rest_client [req-02b3209c-8b38-4b70-b5f4-e3cba29ef513 req-02b3209c-8b38-4b70-b5f4-e3cba29ef513 ] Request (ServersTestJSON:test_create_server_with_ipv6_addr_only): 200 GET http://10.180.1.21/compute/v2.1/servers/47240db4-50a6-45eb-806a-bc57fafdcadb 0.122s
2025-04-14 12:33:14.456 70436 INFO tempest.lib.common.rest_client [req-cdefc1ae-09d8-4c88-8512-bcfa17f9f856 req-cdefc1ae-09d8-4c88-8512-bcfa17f9f856 ] Request (VolumesAdminNegativeTest:test_update_attached_volume_with_nonexistent_volume_in_body): 200 GET http://10.180.1.21/volume/v3/volumes/a2af49c4-3813-4de6-88b5-89b0aad335e9 0.030s
2025-04-14 12:33:14.476 70438 INFO tempest.lib.common.rest_client [req-6978206d-106e-405c-bc41-5e5ff4cfc21b req-6978206d-106e-405c-bc41-5e5ff4cfc21b ] Request (ServersNegativeTestJSON:setUpClass): 200 GET http://10.180.1.21/compute/v2.1/servers/382ead1c-5ee4-46fe-9172-d56fbe43b7e6 0.128s
2025-04-14 12:33:14.497 70492 INFO tempest.lib.common.rest_client [req-d9c8cebe-67cd-4e3a-b9c9-aed49d23c3ec req-d9c8cebe-67cd-4e3a-b9c9-aed49d23c3ec ] Request (FloatingIPsAssociationTestJSON:tearDownClass): 200 GET http://10.180.1.21/compute/v2.1/servers/546d4f1f-00dc-458c-a0f5-3810925a681d 0.126s
2025-04-14 12:33:14.514 70484 INFO tempest.lib.common.rest_client [req-d2a39862-bd13-4bcd-8fff-29c034b592bf req-d2a39862-bd13-4bcd-8fff-29c034b592bf ] Request (ListImageFiltersTestJSON:setUpClass): 200 GET http://10.180.1.21/compute/v2.1/images/34e92a17-fc09-4cd4-8024-5fc5ed01930a 0.135s
2025-04-14 12:33:14.563 70474 INFO tempest.lib.common.rest_client [req-12623115-1f3e-4118-ab4a-aed65f1ea4e9 req-12623115-1f3e-4118-ab4a-aed65f1ea4e9 ] Request (ServerActionsTestJSON:setUpClass): 200 GET http://10.180.1.21/compute/v2.1/servers/02c505b2-d1ff-4aae-b887-b10678a49427 0.133s
2025-04-14 12:33:14.566 70452 WARNING tempest.lib.common.ssh [-] Failed to establish authenticated ssh connection to cirros@10.180.180.212 ([Errno None] Unable to connect to port 22 on 10.180.180.212). Number attempts: 5. Retry after 6 seconds.: paramiko.ssh_exception.NoValidConnectionsError: [Errno None] Unable to connect to port 22 on 10.180.180.212
2025-04-14 12:33:14.575 70474 INFO tempest.common.waiters [-] State transition "BUILD/None" ==> "BUILD/block_device_mapping" after 85 second wait
2025-04-14 12:33:14.580 70440 INFO tempest.lib.common.rest_client [req-cdd50d17-a6a0-42bd-b028-e6bcf56d9600 req-cdd50d17-a6a0-42bd-b028-e6bcf56d9600 ] Request (ServerAddressesTestJSON:setUpClass): 200 GET http://10.180.1.21/compute/v2.1/servers/cf420ae8-a415-49e5-ad08-3d62c6d7e040 0.127s
2025-04-14 12:33:14.877 70466 INFO tempest.lib.common.rest_client [req-375f4a7e-1850-4f4b-9b33-80112b54b7ef req-375f4a7e-1850-4f4b-9b33-80112b54b7ef ] Request (ImagesOneServerNegativeTestJSON:_run_cleanups): 200 GET http://10.180.1.21/compute/v2.1/servers/cc8b3887-1051-4d76-be7c-2cf21a3a28a0 0.329s
2025-04-14 12:33:14.877 70458 INFO tempest.lib.common.rest_client [req-7c686649-d781-433b-930f-f5092f4c630d req-7c686649-d781-433b-930f-f5092f4c630d ] Request (DeleteServersTestJSON:test_delete_server_while_in_attached_volume): 200 GET http://10.180.1.21/compute/v2.1/servers/3a8418da-6dbf-48d2-bcfa-1db117ec8631 0.270s
2025-04-14 12:33:14.942 70434 INFO tempest.lib.common.rest_client [req-469238f4-dfda-45fb-a4ea-c71fff7c36f6 req-469238f4-dfda-45fb-a4ea-c71fff7c36f6 ] Request (ImagesTestJSON:test_create_image_from_stopped_server): 200 GET http://10.180.1.21/compute/v2.1/servers/ad8051f2-8149-46b3-9c77-3c71dc5ddcd9 0.277s
2025-04-14 12:33:14.966 70490 INFO tempest.lib.common.rest_client [req-bec64f8d-a9e4-4dbb-a16d-86052139f9a9 req-bec64f8d-a9e4-4dbb-a16d-86052139f9a9 ] Request (MultipleCreateTestJSON:_run_cleanups): 200 GET http://10.180.1.21/compute/v2.1/servers/4f479379-020b-4939-9be7-624b7dac426e 0.324s
2025-04-14 12:33:14.973 70490 INFO tempest.common.waiters [-] State transition "ACTIVE/deleting" ==> "DELETED/None" after 3 second wait
2025-04-14 12:33:15.009 70476 INFO tempest.lib.common.rest_client [req-76381a17-f648-434a-83e8-b963006fdafa req-76381a17-f648-434a-83e8-b963006fdafa ] Request (ServersAdminTestJSON:test_inject_network_info): 200 GET http://10.180.1.21/compute/v2.1/servers/ad9ec99f-5338-44db-a225-a31e8ee75682 0.292s
2025-04-14 12:33:15.041 70460 INFO tempest.lib.common.rest_client [req-0fdc4874-eb55-450f-9555-63109ee66e5a req-0fdc4874-eb55-450f-9555-63109ee66e5a ] Request (ListServerFiltersTestJSON:tearDownClass): 200 GET http://10.180.1.21/compute/v2.1/servers/eb79b06b-68ff-44ef-bff4-28aee201e914 0.273s
2025-04-14 12:33:15.063 70464 INFO tempest.lib.common.rest_client [req-5c20f97a-d060-4fce-a767-ccf790c7bcc9 req-5c20f97a-d060-4fce-a767-ccf790c7bcc9 ] Request (ServerExternalEventsTest:test_create_server_external_events): 200 GET http://10.180.1.21/compute/v2.1/servers/913679b6-777c-402a-862d-7fcd293f9527 0.278s
2025-04-14 12:33:15.094 70482 INFO tempest.lib.common.rest_client [req-21cdeb96-9927-4b21-9090-6a63a4ec7c8e req-21cdeb96-9927-4b21-9090-6a63a4ec7c8e ] Request (ServerRescueTestJSON:setUpClass): 200 GET http://10.180.1.21/compute/v2.1/servers/d5594fac-44a9-4be9-ac10-42e6f368365f 0.265s
2025-04-14 12:33:15.135 70472 INFO tempest.lib.common.rest_client [req-51d57237-3a48-4a45-abde-06e1c7c8e37e req-51d57237-3a48-4a45-abde-06e1c7c8e37e ] Request (ServersAdminNegativeTestJSON:tearDownClass): 200 GET http://10.180.1.21/compute/v2.1/servers/9fa8a004-e7b8-412e-bd4d-f8a20675bbe8 0.273s
2025-04-14 12:33:15.157 70448 INFO tempest.lib.common.rest_client [req-86b164ea-9481-4253-ad91-77f5f3c4ab68 req-86b164ea-9481-4253-ad91-77f5f3c4ab68 ] Request (MigrationsAdminTest:test_resize_server_revert_deleted_flavor): 200 GET http://10.180.1.21/compute/v2.1/servers/da5e0b7e-b288-455d-a93e-7bbc4a8c58c9 0.261s
2025-04-14 12:33:15.371 70456 INFO tempest.lib.common.rest_client [req-142828e1-6773-47b0-8028-9f397650503f req-142828e1-6773-47b0-8028-9f397650503f ] Request (InstanceActionsTestJSON:setUpClass): 200 GET http://10.180.1.21/compute/v2.1/servers/b93c923f-ce74-4d7e-abec-c456db0e83af 0.337s
2025-04-14 12:33:15.388 70468 INFO tempest.lib.common.rest_client [req-6b03fd69-5d13-4450-8d19-41674b1c157d req-6b03fd69-5d13-4450-8d19-41674b1c157d ] Request (ImagesNegativeTestJSON:test_create_image_from_deleted_server): 200 GET http://10.180.1.21/compute/v2.1/servers/1cde37d8-bb36-4da1-9be8-9d722666a7a0 0.279s
2025-04-14 12:33:15.504 70436 INFO tempest.lib.common.rest_client [req-5b67b63f-5157-41d3-835a-5c5a85e624a1 req-5b67b63f-5157-41d3-835a-5c5a85e624a1 ] Request (VolumesAdminNegativeTest:test_update_attached_volume_with_nonexistent_volume_in_body): 200 GET http://10.180.1.21/volume/v3/volumes/a2af49c4-3813-4de6-88b5-89b0aad335e9 0.039s
2025-04-14 12:33:15.571 70488 INFO tempest.lib.common.rest_client [req-fad272ec-e1fa-4f20-a02f-7a7ad0a328fa req-fad272ec-e1fa-4f20-a02f-7a7ad0a328fa ] Request (AttachVolumeShelveTestJSON:test_attach_volume_shelved_or_offload_server): 200 GET http://10.180.1.21/compute/v2.1/servers/bada8017-1fc1-47c8-ac7e-b596e2fc2917 0.282s
2025-04-14 12:33:15.642 70450 INFO tempest.lib.common.rest_client [req-b57406e8-824a-489f-ae8c-379bf7a7184a req-b57406e8-824a-489f-ae8c-379bf7a7184a ] Request (ServersWithSpecificFlavorTestJSON:test_verify_created_server_ephemeral_disk): 200 GET http://10.180.1.21/compute/v2.1/servers/f32d148d-a6be-4323-a5ea-8b10beca2d5b 0.280s
2025-04-14 12:33:15.682 70462 INFO tempest.lib.common.rest_client [req-8fe1aaaf-5652-48f6-8fc2-791708c82ab0 req-8fe1aaaf-5652-48f6-8fc2-791708c82ab0 ] Request (ServerDiskConfigTestJSON:test_rebuild_server_with_manual_disk_config): 200 GET http://10.180.1.21/compute/v2.1/servers/ee9173ac-18ee-4882-bfe3-ab4cdc707d1a 0.391s
2025-04-14 12:33:15.704 70444 INFO tempest.lib.common.rest_client [req-b1d739a4-4630-4df6-bf12-2e332567061f req-b1d739a4-4630-4df6-bf12-2e332567061f ] Request (ServersAaction247Test:test_create_backup): 200 GET http://10.180.1.21/compute/v2.1/servers/4171d2e1-d090-4017-89e8-90cd9ceee37a 0.339s
2025-04-14 12:33:15.760 70432 INFO tempest.lib.common.rest_client [req-69fcee47-918a-4c4a-a78b-ef9f8c9bf57e req-69fcee47-918a-4c4a-a78b-ef9f8c9bf57e ] Request (FloatingIPsAssociationNegativeTestJSON:setUpClass): 200 GET http://10.180.1.21/compute/v2.1/servers/90d28880-88ca-4540-b9e1-27fa08c0ff9e 0.332s
2025-04-14 12:33:15.763 70486 INFO tempest.lib.common.rest_client [req-0cf74800-ad1e-4c59-8d45-9f60df2627dc req-0cf74800-ad1e-4c59-8d45-9f60df2627dc ] Request (ServersTestJSON:test_create_server_with_ipv6_addr_only): 200 GET http://10.180.1.21/compute/v2.1/servers/47240db4-50a6-45eb-806a-bc57fafdcadb 0.321s
2025-04-14 12:33:15.819 70438 INFO tempest.lib.common.rest_client [req-caa920c2-c56d-458f-9065-58918fa5e2fc req-caa920c2-c56d-458f-9065-58918fa5e2fc ] Request (ServersNegativeTestJSON:setUpClass): 200 GET http://10.180.1.21/compute/v2.1/servers/382ead1c-5ee4-46fe-9172-d56fbe43b7e6 0.334s
2025-04-14 12:33:15.827 70492 INFO tempest.lib.common.rest_client [req-15294d02-b8ba-442c-a7f7-1a0fed04a4fd req-15294d02-b8ba-442c-a7f7-1a0fed04a4fd ] Request (FloatingIPsAssociationTestJSON:tearDownClass): 200 GET http://10.180.1.21/compute/v2.1/servers/546d4f1f-00dc-458c-a0f5-3810925a681d 0.321s
2025-04-14 12:33:15.850 70484 INFO tempest.lib.common.rest_client [req-efb2738b-e65f-4caf-bcf8-6d9df318f514 req-efb2738b-e65f-4caf-bcf8-6d9df318f514 ] Request (ListImageFiltersTestJSON:setUpClass): 200 GET http://10.180.1.21/compute/v2.1/images/34e92a17-fc09-4cd4-8024-5fc5ed01930a 0.333s
2025-04-14 12:33:15.910 70440 INFO tempest.lib.common.rest_client [req-d3026ad4-c79f-46c7-9e0b-2666d0ad1223 req-d3026ad4-c79f-46c7-9e0b-2666d0ad1223 ] Request (ServerAddressesTestJSON:setUpClass): 200 GET http://10.180.1.21/compute/v2.1/servers/cf420ae8-a415-49e5-ad08-3d62c6d7e040 0.320s
2025-04-14 12:33:15.938 70474 INFO tempest.lib.common.rest_client [req-846128c1-691c-48c3-ba45-a32c242ed7ce req-846128c1-691c-48c3-ba45-a32c242ed7ce ] Request (ServerActionsTestJSON:setUpClass): 200 GET http://10.180.1.21/compute/v2.1/servers/02c505b2-d1ff-4aae-b887-b10678a49427 0.362s
2025-04-14 12:33:15.948 70474 INFO tempest.common.waiters [-] State transition "BUILD/block_device_mapping" ==> "BUILD/spawning" after 86 second wait
2025-04-14 12:33:15.964 70466 INFO tempest.lib.common.rest_client [req-d0564cc2-4554-4149-82d8-67a77a2fb64f req-d0564cc2-4554-4149-82d8-67a77a2fb64f ] Request (ImagesOneServerNegativeTestJSON:_run_cleanups): 200 GET http://10.180.1.21/compute/v2.1/servers/cc8b3887-1051-4d76-be7c-2cf21a3a28a0 0.079s
2025-04-14 12:33:16.000 70458 INFO tempest.lib.common.rest_client [req-b5797f4f-fbb1-4f9e-ae3a-3de69659f8f2 req-b5797f4f-fbb1-4f9e-ae3a-3de69659f8f2 ] Request (DeleteServersTestJSON:test_delete_server_while_in_attached_volume): 200 GET http://10.180.1.21/compute/v2.1/servers/3a8418da-6dbf-48d2-bcfa-1db117ec8631 0.111s
2025-04-14 12:33:16.042 70434 INFO tempest.lib.common.rest_client [req-782aca2d-0184-4c4e-92e9-1ae73cd394dd req-782aca2d-0184-4c4e-92e9-1ae73cd394dd ] Request (ImagesTestJSON:test_create_image_from_stopped_server): 200 GET http://10.180.1.21/compute/v2.1/servers/ad8051f2-8149-46b3-9c77-3c71dc5ddcd9 0.084s
2025-04-14 12:33:16.067 70490 INFO tempest.lib.common.rest_client [req-5ea62ff3-da99-40b7-9df9-a3546c45ca9d req-5ea62ff3-da99-40b7-9df9-a3546c45ca9d ] Request (MultipleCreateTestJSON:_run_cleanups): 200 GET http://10.180.1.21/compute/v2.1/servers/4f479379-020b-4939-9be7-624b7dac426e 0.090s
2025-04-14 12:33:16.099 70476 INFO tempest.lib.common.rest_client [req-e49f9964-52dc-49d4-a943-853bb4b1d964 req-e49f9964-52dc-49d4-a943-853bb4b1d964 ] Request (ServersAdminTestJSON:test_inject_network_info): 200 GET http://10.180.1.21/compute/v2.1/servers/ad9ec99f-5338-44db-a225-a31e8ee75682 0.079s
2025-04-14 12:33:16.132 70460 INFO tempest.lib.common.rest_client [req-40c4bd34-01fa-4544-915d-3bd45d39bedd req-40c4bd34-01fa-4544-915d-3bd45d39bedd ] Request (ListServerFiltersTestJSON:tearDownClass): 200 GET http://10.180.1.21/compute/v2.1/servers/eb79b06b-68ff-44ef-bff4-28aee201e914 0.080s
2025-04-14 12:33:16.152 70464 INFO tempest.lib.common.rest_client [req-8bfadb14-1306-47ae-8801-75587abca828 req-8bfadb14-1306-47ae-8801-75587abca828 ] Request (ServerExternalEventsTest:test_create_server_external_events): 200 GET http://10.180.1.21/compute/v2.1/servers/913679b6-777c-402a-862d-7fcd293f9527 0.078s
2025-04-14 12:33:16.186 70482 INFO tempest.lib.common.rest_client [req-7e9d90b8-11ce-4fd5-a572-7bd51e2a01a6 req-7e9d90b8-11ce-4fd5-a572-7bd51e2a01a6 ] Request (ServerRescueTestJSON:setUpClass): 200 GET http://10.180.1.21/compute/v2.1/servers/d5594fac-44a9-4be9-ac10-42e6f368365f 0.083s
2025-04-14 12:33:16.213 70472 INFO tempest.lib.common.rest_client [req-07b64711-6999-42e4-96e1-5b5521887247 req-07b64711-6999-42e4-96e1-5b5521887247 ] Request (ServersAdminNegativeTestJSON:tearDownClass): 200 GET http://10.180.1.21/compute/v2.1/servers/9fa8a004-e7b8-412e-bd4d-f8a20675bbe8 0.067s
2025-04-14 12:33:16.239 70448 INFO tempest.lib.common.rest_client [req-5859be8e-156e-4485-b542-f9fac6a75e18 req-5859be8e-156e-4485-b542-f9fac6a75e18 ] Request (MigrationsAdminTest:test_resize_server_revert_deleted_flavor): 200 GET http://10.180.1.21/compute/v2.1/servers/da5e0b7e-b288-455d-a93e-7bbc4a8c58c9 0.072s
2025-04-14 12:33:16.529 70468 INFO tempest.lib.common.rest_client [req-00dd32f6-628b-417d-91f3-efd9cbbaba16 req-00dd32f6-628b-417d-91f3-efd9cbbaba16 ] Request (ImagesNegativeTestJSON:test_create_image_from_deleted_server): 200 GET http://10.180.1.21/compute/v2.1/servers/1cde37d8-bb36-4da1-9be8-9d722666a7a0 0.133s
2025-04-14 12:33:16.547 70436 INFO tempest.lib.common.rest_client [req-965fabcf-e45b-4cdc-8281-6bd6d12d5629 req-965fabcf-e45b-4cdc-8281-6bd6d12d5629 ] Request (VolumesAdminNegativeTest:test_update_attached_volume_with_nonexistent_volume_in_body): 200 GET http://10.180.1.21/volume/v3/volumes/a2af49c4-3813-4de6-88b5-89b0aad335e9 0.036s
2025-04-14 12:33:16.562 70456 INFO tempest.lib.common.rest_client [req-6bc36e46-8d91-4291-bb73-b940e38b03d4 req-6bc36e46-8d91-4291-bb73-b940e38b03d4 ] Request (InstanceActionsTestJSON:setUpClass): 200 GET http://10.180.1.21/compute/v2.1/servers/b93c923f-ce74-4d7e-abec-c456db0e83af 0.177s
2025-04-14 12:33:16.569 70456 INFO tempest.common.waiters [-] State transition "BUILD/spawning" ==> "ACTIVE/None" after 100 second wait
2025-04-14 12:33:16.612 70456 INFO tempest.lib.common.rest_client [req-7a6e5987-8619-4b96-beaa-878d82e1e67e req-7a6e5987-8619-4b96-beaa-878d82e1e67e ] Request (InstanceActionsTestJSON:test_get_instance_action): 200 GET http://10.180.1.21/compute/v2.1/servers/b93c923f-ce74-4d7e-abec-c456db0e83af/os-instance-actions/req-395c6c9b-8ba1-408f-b241-42de72cf392f 0.042s
2025-04-14 12:33:16.679 70456 INFO tempest.lib.common.rest_client [req-416b4dde-14ff-44e3-9df6-f70778547f54 req-416b4dde-14ff-44e3-9df6-f70778547f54 ] Request (InstanceActionsTestJSON:test_list_instance_actions): 202 POST http://10.180.1.21/compute/v2.1/servers/b93c923f-ce74-4d7e-abec-c456db0e83af/action 0.063s
2025-04-14 12:33:16.681 70488 INFO tempest.lib.common.rest_client [req-ad181a55-39f6-4d52-b3be-e5b55dc8703b req-ad181a55-39f6-4d52-b3be-e5b55dc8703b ] Request (AttachVolumeShelveTestJSON:test_attach_volume_shelved_or_offload_server): 200 GET http://10.180.1.21/compute/v2.1/servers/bada8017-1fc1-47c8-ac7e-b596e2fc2917 0.099s
2025-04-14 12:33:16.753 70450 INFO tempest.lib.common.rest_client [req-d4389e25-912c-467c-8487-da7172ff078f req-d4389e25-912c-467c-8487-da7172ff078f ] Request (ServersWithSpecificFlavorTestJSON:test_verify_created_server_ephemeral_disk): 200 GET http://10.180.1.21/compute/v2.1/servers/f32d148d-a6be-4323-a5ea-8b10beca2d5b 0.097s
2025-04-14 12:33:16.857 70456 INFO tempest.lib.common.rest_client [req-0e7de561-1f80-451d-8556-d532ecc46305 req-0e7de561-1f80-451d-8556-d532ecc46305 ] Request (InstanceActionsTestJSON:test_list_instance_actions): 200 GET http://10.180.1.21/compute/v2.1/servers/b93c923f-ce74-4d7e-abec-c456db0e83af 0.177s
2025-04-14 12:33:16.935 70444 INFO tempest.lib.common.rest_client [req-ecc0f588-b632-4803-af60-e05656355c2f req-ecc0f588-b632-4803-af60-e05656355c2f ] Request (ServersAaction247Test:test_create_backup): 200 GET http://10.180.1.21/compute/v2.1/servers/4171d2e1-d090-4017-89e8-90cd9ceee37a 0.214s
2025-04-14 12:33:16.944 70462 INFO tempest.lib.common.rest_client [req-1658a9ac-e8ce-4c14-8b1f-f65780182535 req-1658a9ac-e8ce-4c14-8b1f-f65780182535 ] Request (ServerDiskConfigTestJSON:test_rebuild_server_with_manual_disk_config): 200 GET http://10.180.1.21/compute/v2.1/servers/ee9173ac-18ee-4882-bfe3-ab4cdc707d1a 0.254s
2025-04-14 12:33:17.018 70432 INFO tempest.lib.common.rest_client [req-f1965c20-d0f4-41b0-ac29-55002c01caa5 req-f1965c20-d0f4-41b0-ac29-55002c01caa5 ] Request (FloatingIPsAssociationNegativeTestJSON:setUpClass): 200 GET http://10.180.1.21/compute/v2.1/servers/90d28880-88ca-4540-b9e1-27fa08c0ff9e 0.249s
2025-04-14 12:33:17.022 70486 INFO tempest.lib.common.rest_client [req-cf9b2137-de85-4130-bd1e-d3ede3745b7b req-cf9b2137-de85-4130-bd1e-d3ede3745b7b ] Request (ServersTestJSON:test_create_server_with_ipv6_addr_only): 200 GET http://10.180.1.21/compute/v2.1/servers/47240db4-50a6-45eb-806a-bc57fafdcadb 0.249s
2025-04-14 12:33:17.111 70438 INFO tempest.lib.common.rest_client [req-f260cf42-6fdb-473a-8eca-38b0f9db53b9 req-f260cf42-6fdb-473a-8eca-38b0f9db53b9 ] Request (ServersNegativeTestJSON:setUpClass): 200 GET http://10.180.1.21/compute/v2.1/servers/382ead1c-5ee4-46fe-9172-d56fbe43b7e6 0.284s
2025-04-14 12:33:17.133 70492 INFO tempest.lib.common.rest_client [req-b6689135-c0c3-4052-8f71-5dcdf995504f req-b6689135-c0c3-4052-8f71-5dcdf995504f ] Request (FloatingIPsAssociationTestJSON:tearDownClass): 200 GET http://10.180.1.21/compute/v2.1/servers/546d4f1f-00dc-458c-a0f5-3810925a681d 0.295s
2025-04-14 12:33:17.158 70484 INFO tempest.lib.common.rest_client [req-fb2fc706-c803-4b25-8014-dcc8edf48121 req-fb2fc706-c803-4b25-8014-dcc8edf48121 ] Request (ListImageFiltersTestJSON:setUpClass): 200 GET http://10.180.1.21/compute/v2.1/images/34e92a17-fc09-4cd4-8024-5fc5ed01930a 0.303s
2025-04-14 12:33:17.212 70440 INFO tempest.lib.common.rest_client [req-751c69b1-2b7a-40d5-abcc-e2a9cae01e7a req-751c69b1-2b7a-40d5-abcc-e2a9cae01e7a ] Request (ServerAddressesTestJSON:setUpClass): 200 GET http://10.180.1.21/compute/v2.1/servers/cf420ae8-a415-49e5-ad08-3d62c6d7e040 0.294s
2025-04-14 12:33:17.283 70466 INFO tempest.lib.common.rest_client [req-57072b8a-a080-4bc1-ab86-ef38a6382474 req-57072b8a-a080-4bc1-ab86-ef38a6382474 ] Request (ImagesOneServerNegativeTestJSON:_run_cleanups): 200 GET http://10.180.1.21/compute/v2.1/servers/cc8b3887-1051-4d76-be7c-2cf21a3a28a0 0.310s
2025-04-14 12:33:17.315 70474 INFO tempest.lib.common.rest_client [req-5355693c-32da-4bbc-ae9b-440cddce3eef req-5355693c-32da-4bbc-ae9b-440cddce3eef ] Request (ServerActionsTestJSON:setUpClass): 200 GET http://10.180.1.21/compute/v2.1/servers/02c505b2-d1ff-4aae-b887-b10678a49427 0.364s
2025-04-14 12:33:17.341 70458 INFO tempest.lib.common.rest_client [req-60b58cdb-e6b2-43d2-a6a6-e494bcfe1af1 req-60b58cdb-e6b2-43d2-a6a6-e494bcfe1af1 ] Request (DeleteServersTestJSON:test_delete_server_while_in_attached_volume): 200 GET http://10.180.1.21/compute/v2.1/servers/3a8418da-6dbf-48d2-bcfa-1db117ec8631 0.332s
2025-04-14 12:33:17.385 70434 INFO tempest.lib.common.rest_client [req-16e6ff0a-b6de-4dc8-8d0a-d57ba05f1ad6 req-16e6ff0a-b6de-4dc8-8d0a-d57ba05f1ad6 ] Request (ImagesTestJSON:test_create_image_from_stopped_server): 200 GET http://10.180.1.21/compute/v2.1/servers/ad8051f2-8149-46b3-9c77-3c71dc5ddcd9 0.334s
2025-04-14 12:33:17.404 70490 INFO tempest.lib.common.rest_client [req-3fbc477f-6ba1-40e3-a381-7ef7c8ededd0 req-3fbc477f-6ba1-40e3-a381-7ef7c8ededd0 ] Request (MultipleCreateTestJSON:_run_cleanups): 200 GET http://10.180.1.21/compute/v2.1/servers/4f479379-020b-4939-9be7-624b7dac426e 0.326s
2025-04-14 12:33:17.469 70460 INFO tempest.lib.common.rest_client [req-f2c0a8fe-b0d9-487e-a0c6-eb03983d9485 req-f2c0a8fe-b0d9-487e-a0c6-eb03983d9485 ] Request (ListServerFiltersTestJSON:tearDownClass): 200 GET http://10.180.1.21/compute/v2.1/servers/eb79b06b-68ff-44ef-bff4-28aee201e914 0.329s
2025-04-14 12:33:17.516 70464 INFO tempest.lib.common.rest_client [req-4b5ed082-cb50-4315-bbca-e29dd1029455 req-4b5ed082-cb50-4315-bbca-e29dd1029455 ] Request (ServerExternalEventsTest:test_create_server_external_events): 200 GET http://10.180.1.21/compute/v2.1/servers/913679b6-777c-402a-862d-7fcd293f9527 0.356s
2025-04-14 12:33:17.525 70476 INFO tempest.lib.common.rest_client [req-0b71e862-6a40-4cea-9cc0-d7eca817e5cd req-0b71e862-6a40-4cea-9cc0-d7eca817e5cd ] Request (ServersAdminTestJSON:test_inject_network_info): 200 GET http://10.180.1.21/compute/v2.1/servers/ad9ec99f-5338-44db-a225-a31e8ee75682 0.418s
2025-04-14 12:33:17.538 70476 INFO tempest.common.waiters [-] State transition "BUILD/None" ==> "BUILD/networking" after 88 second wait
2025-04-14 12:33:17.582 70482 INFO tempest.lib.common.rest_client [req-68315a1d-a425-462b-bdc1-469a654230f8 req-68315a1d-a425-462b-bdc1-469a654230f8 ] Request (ServerRescueTestJSON:setUpClass): 200 GET http://10.180.1.21/compute/v2.1/servers/d5594fac-44a9-4be9-ac10-42e6f368365f 0.385s
2025-04-14 12:33:17.601 70472 INFO tempest.lib.common.rest_client [req-63aa8d2d-eade-42bc-84d7-ec6ab6198f49 req-63aa8d2d-eade-42bc-84d7-ec6ab6198f49 ] Request (ServersAdminNegativeTestJSON:tearDownClass): 200 GET http://10.180.1.21/compute/v2.1/servers/9fa8a004-e7b8-412e-bd4d-f8a20675bbe8 0.376s
2025-04-14 12:33:17.602 70436 INFO tempest.lib.common.rest_client [req-91e53032-d001-41f5-ac39-cc09c270205a req-91e53032-d001-41f5-ac39-cc09c270205a ] Request (VolumesAdminNegativeTest:test_update_attached_volume_with_nonexistent_volume_in_body): 200 GET http://10.180.1.21/volume/v3/volumes/a2af49c4-3813-4de6-88b5-89b0aad335e9 0.047s
2025-04-14 12:33:17.660 70448 INFO tempest.lib.common.rest_client [req-024523ec-62cc-42f7-b5e4-2d5a2c6b06b0 req-024523ec-62cc-42f7-b5e4-2d5a2c6b06b0 ] Request (MigrationsAdminTest:test_resize_server_revert_deleted_flavor): 200 GET http://10.180.1.21/compute/v2.1/servers/da5e0b7e-b288-455d-a93e-7bbc4a8c58c9 0.412s
2025-04-14 12:33:17.712 70468 INFO tempest.lib.common.rest_client [req-587c2832-11b9-4324-8ce7-e3f740affbac req-587c2832-11b9-4324-8ce7-e3f740affbac ] Request (ImagesNegativeTestJSON:test_create_image_from_deleted_server): 200 GET http://10.180.1.21/compute/v2.1/servers/1cde37d8-bb36-4da1-9be8-9d722666a7a0 0.171s
2025-04-14 12:33:17.724 70468 INFO tempest.common.waiters [-] State transition "BUILD/spawning" ==> "ACTIVE/None" after 99 second wait
2025-04-14 12:33:17.812 70468 INFO tempest.lib.common.rest_client [req-cd083c70-f829-4927-aefc-d89c713ddea4 req-cd083c70-f829-4927-aefc-d89c713ddea4 ] Request (ImagesNegativeTestJSON:test_create_image_from_deleted_server): 204 DELETE http://10.180.1.21/compute/v2.1/servers/1cde37d8-bb36-4da1-9be8-9d722666a7a0 0.088s
2025-04-14 12:33:17.816 70488 INFO tempest.lib.common.rest_client [req-e01f3123-ccf1-43c9-b5c6-70616933c1a2 req-e01f3123-ccf1-43c9-b5c6-70616933c1a2 ] Request (AttachVolumeShelveTestJSON:test_attach_volume_shelved_or_offload_server): 200 GET http://10.180.1.21/compute/v2.1/servers/bada8017-1fc1-47c8-ac7e-b596e2fc2917 0.126s
2025-04-14 12:33:17.893 70450 INFO tempest.lib.common.rest_client [req-8244d09d-7fa2-4cb6-9cdf-000f4cce7ff5 req-8244d09d-7fa2-4cb6-9cdf-000f4cce7ff5 ] Request (ServersWithSpecificFlavorTestJSON:test_verify_created_server_ephemeral_disk): 200 GET http://10.180.1.21/compute/v2.1/servers/f32d148d-a6be-4323-a5ea-8b10beca2d5b 0.132s
2025-04-14 12:33:17.923 70468 INFO tempest.lib.common.rest_client [req-94b3fb06-a461-4c8e-a420-ce954ef9fbbe req-94b3fb06-a461-4c8e-a420-ce954ef9fbbe ] Request (ImagesNegativeTestJSON:test_create_image_from_deleted_server): 200 GET http://10.180.1.21/compute/v2.1/servers/1cde37d8-bb36-4da1-9be8-9d722666a7a0 0.110s
2025-04-14 12:33:17.991 70456 INFO tempest.lib.common.rest_client [req-af5217e9-74ec-46ea-9618-72ac0378a543 req-af5217e9-74ec-46ea-9618-72ac0378a543 ] Request (InstanceActionsTestJSON:test_list_instance_actions): 200 GET http://10.180.1.21/compute/v2.1/servers/b93c923f-ce74-4d7e-abec-c456db0e83af 0.127s
2025-04-14 12:33:18.018 70444 INFO tempest.lib.common.rest_client [req-61234f76-9b62-4ecb-b0ab-f7e64a3d7440 req-61234f76-9b62-4ecb-b0ab-f7e64a3d7440 ] Request (ServersAaction247Test:test_create_backup): 200 GET http://10.180.1.21/compute/v2.1/servers/4171d2e1-d090-4017-89e8-90cd9ceee37a 0.066s
2025-04-14 12:33:18.098 70432 INFO tempest.lib.common.rest_client [req-85a23de8-9a84-4e42-adee-1550ffc52bd2 req-85a23de8-9a84-4e42-adee-1550ffc52bd2 ] Request (FloatingIPsAssociationNegativeTestJSON:setUpClass): 200 GET http://10.180.1.21/compute/v2.1/servers/90d28880-88ca-4540-b9e1-27fa08c0ff9e 0.070s
2025-04-14 12:33:18.101 70462 INFO tempest.lib.common.rest_client [req-3b38f1a0-28fb-46d8-869f-a0154f69ed68 req-3b38f1a0-28fb-46d8-869f-a0154f69ed68 ] Request (ServerDiskConfigTestJSON:test_rebuild_server_with_manual_disk_config): 200 GET http://10.180.1.21/compute/v2.1/servers/ee9173ac-18ee-4882-bfe3-ab4cdc707d1a 0.146s
2025-04-14 12:33:18.104 70432 INFO tempest.common.waiters [-] State transition "BUILD/scheduling" ==> "BUILD/None" after 55 second wait
2025-04-14 12:33:18.152 70486 INFO tempest.lib.common.rest_client [req-d26b9205-e220-47df-8aa5-fd44550e116e req-d26b9205-e220-47df-8aa5-fd44550e116e ] Request (ServersTestJSON:test_create_server_with_ipv6_addr_only): 200 GET http://10.180.1.21/compute/v2.1/servers/47240db4-50a6-45eb-806a-bc57fafdcadb 0.122s
2025-04-14 12:33:18.185 70438 INFO tempest.lib.common.rest_client [req-395fd91a-5591-40ba-a7d5-0ee8ba3f9549 req-395fd91a-5591-40ba-a7d5-0ee8ba3f9549 ] Request (ServersNegativeTestJSON:setUpClass): 200 GET http://10.180.1.21/compute/v2.1/servers/382ead1c-5ee4-46fe-9172-d56fbe43b7e6 0.059s
2025-04-14 12:33:18.216 70492 INFO tempest.lib.common.rest_client [req-6205825d-eb6a-4d2c-9db2-01e34b63fc6b req-6205825d-eb6a-4d2c-9db2-01e34b63fc6b ] Request (FloatingIPsAssociationTestJSON:tearDownClass): 200 GET http://10.180.1.21/compute/v2.1/servers/546d4f1f-00dc-458c-a0f5-3810925a681d 0.071s
2025-04-14 12:33:18.219 70484 INFO tempest.lib.common.rest_client [req-5e401b56-c1df-45a9-ad5d-3b0f8677b67f req-5e401b56-c1df-45a9-ad5d-3b0f8677b67f ] Request (ListImageFiltersTestJSON:setUpClass): 200 GET http://10.180.1.21/compute/v2.1/images/34e92a17-fc09-4cd4-8024-5fc5ed01930a 0.054s
2025-04-14 12:33:18.229 70454 WARNING tempest.lib.common.ssh [-] Failed to establish authenticated ssh connection to cirros@10.180.180.217 ([Errno None] Unable to connect to port 22 on 10.180.180.217). Number attempts: 10. Retry after 11 seconds.: paramiko.ssh_exception.NoValidConnectionsError: [Errno None] Unable to connect to port 22 on 10.180.180.217
2025-04-14 12:33:18.285 70440 INFO tempest.lib.common.rest_client [req-7d6187b6-f9d6-4cbb-a6bc-335828f557b6 req-7d6187b6-f9d6-4cbb-a6bc-335828f557b6 ] Request (ServerAddressesTestJSON:setUpClass): 200 GET http://10.180.1.21/compute/v2.1/servers/cf420ae8-a415-49e5-ad08-3d62c6d7e040 0.062s
2025-04-14 12:33:18.357 70466 INFO tempest.lib.common.rest_client [req-79d0f9cd-5601-4f98-bcd0-62a73b350218 req-79d0f9cd-5601-4f98-bcd0-62a73b350218 ] Request (ImagesOneServerNegativeTestJSON:_run_cleanups): 200 GET http://10.180.1.21/compute/v2.1/servers/cc8b3887-1051-4d76-be7c-2cf21a3a28a0 0.066s
2025-04-14 12:33:18.447 70458 INFO tempest.lib.common.rest_client [req-decece8d-16b5-4a6f-a479-a3c19fdd12da req-decece8d-16b5-4a6f-a479-a3c19fdd12da ] Request (DeleteServersTestJSON:test_delete_server_while_in_attached_volume): 200 GET http://10.180.1.21/compute/v2.1/servers/3a8418da-6dbf-48d2-bcfa-1db117ec8631 0.098s
2025-04-14 12:33:18.532 70434 INFO tempest.lib.common.rest_client [req-e8855cd5-d423-438d-ab3b-6a13606d132a req-e8855cd5-d423-438d-ab3b-6a13606d132a ] Request (ImagesTestJSON:test_create_image_from_stopped_server): 200 GET http://10.180.1.21/compute/v2.1/servers/ad8051f2-8149-46b3-9c77-3c71dc5ddcd9 0.133s
2025-04-14 12:33:18.559 70474 INFO tempest.lib.common.rest_client [req-ee33180e-7130-4432-aff8-03cf3a27fc4e req-ee33180e-7130-4432-aff8-03cf3a27fc4e ] Request (ServerActionsTestJSON:setUpClass): 200 GET http://10.180.1.21/compute/v2.1/servers/02c505b2-d1ff-4aae-b887-b10678a49427 0.229s
2025-04-14 12:33:18.629 70490 INFO tempest.lib.common.rest_client [req-d4262ac7-2d2e-4067-a20d-fa1a9efbd4fe req-d4262ac7-2d2e-4067-a20d-fa1a9efbd4fe ] Request (MultipleCreateTestJSON:_run_cleanups): 200 GET http://10.180.1.21/compute/v2.1/servers/4f479379-020b-4939-9be7-624b7dac426e 0.217s
2025-04-14 12:33:18.649 70460 INFO tempest.lib.common.rest_client [req-47bbc3ff-480c-4a34-9e9c-a05c7fe36aaa req-47bbc3ff-480c-4a34-9e9c-a05c7fe36aaa ] Request (ListServerFiltersTestJSON:tearDownClass): 200 GET http://10.180.1.21/compute/v2.1/servers/eb79b06b-68ff-44ef-bff4-28aee201e914 0.168s
2025-04-14 12:33:18.661 70436 INFO tempest.lib.common.rest_client [req-cc5913ef-9aa8-405c-a9f4-4d1ce39dde80 req-cc5913ef-9aa8-405c-a9f4-4d1ce39dde80 ] Request (VolumesAdminNegativeTest:test_update_attached_volume_with_nonexistent_volume_in_body): 200 GET http://10.180.1.21/volume/v3/volumes/a2af49c4-3813-4de6-88b5-89b0aad335e9 0.042s
2025-04-14 12:33:18.715 70464 INFO tempest.lib.common.rest_client [req-b7774330-feb2-4f93-aaa4-1cd08b7d5031 req-b7774330-feb2-4f93-aaa4-1cd08b7d5031 ] Request (ServerExternalEventsTest:test_create_server_external_events): 200 GET http://10.180.1.21/compute/v2.1/servers/913679b6-777c-402a-862d-7fcd293f9527 0.189s
2025-04-14 12:33:18.783 70482 INFO tempest.lib.common.rest_client [req-3583e9da-12f0-4047-81f7-c9125c7effd0 req-3583e9da-12f0-4047-81f7-c9125c7effd0 ] Request (ServerRescueTestJSON:setUpClass): 200 GET http://10.180.1.21/compute/v2.1/servers/d5594fac-44a9-4be9-ac10-42e6f368365f 0.183s
2025-04-14 12:33:18.803 70476 INFO tempest.lib.common.rest_client [req-3d8a90ab-d3b3-43e2-8c10-39f1e61539dd req-3d8a90ab-d3b3-43e2-8c10-39f1e61539dd ] Request (ServersAdminTestJSON:test_inject_network_info): 200 GET http://10.180.1.21/compute/v2.1/servers/ad9ec99f-5338-44db-a225-a31e8ee75682 0.263s
2025-04-14 12:33:18.811 70476 INFO tempest.common.waiters [-] State transition "BUILD/networking" ==> "BUILD/spawning" after 89 second wait
2025-04-14 12:33:18.851 70472 INFO tempest.lib.common.rest_client [req-754fbc99-8b45-4004-b622-317137976e46 req-754fbc99-8b45-4004-b622-317137976e46 ] Request (ServersAdminNegativeTestJSON:tearDownClass): 200 GET http://10.180.1.21/compute/v2.1/servers/9fa8a004-e7b8-412e-bd4d-f8a20675bbe8 0.240s
2025-04-14 12:33:18.859 70448 INFO tempest.lib.common.rest_client [req-c0ff2b83-23c6-4dec-9e07-e3f5d7584cf1 req-c0ff2b83-23c6-4dec-9e07-e3f5d7584cf1 ] Request (MigrationsAdminTest:test_resize_server_revert_deleted_flavor): 200 GET http://10.180.1.21/compute/v2.1/servers/da5e0b7e-b288-455d-a93e-7bbc4a8c58c9 0.191s
2025-04-14 12:33:18.866 70448 INFO tempest.common.waiters [-] State transition "BUILD/scheduling" ==> "BUILD/None" after 51 second wait
2025-04-14 12:33:18.955 70488 INFO tempest.lib.common.rest_client [req-c02e3e49-bf92-408e-98d3-2ca5527e58af req-c02e3e49-bf92-408e-98d3-2ca5527e58af ] Request (AttachVolumeShelveTestJSON:test_attach_volume_shelved_or_offload_server): 200 GET http://10.180.1.21/compute/v2.1/servers/bada8017-1fc1-47c8-ac7e-b596e2fc2917 0.126s
2025-04-14 12:33:19.001 70450 INFO tempest.lib.common.rest_client [req-00e7ed08-527d-41d3-8058-ad7a08c90680 req-00e7ed08-527d-41d3-8058-ad7a08c90680 ] Request (ServersWithSpecificFlavorTestJSON:test_verify_created_server_ephemeral_disk): 200 GET http://10.180.1.21/compute/v2.1/servers/f32d148d-a6be-4323-a5ea-8b10beca2d5b 0.093s
2025-04-14 12:33:19.130 70468 INFO tempest.lib.common.rest_client [req-8b96998d-4ae9-4cce-8625-50e913434b12 req-8b96998d-4ae9-4cce-8625-50e913434b12 ] Request (ImagesNegativeTestJSON:test_create_image_from_deleted_server): 200 GET http://10.180.1.21/compute/v2.1/servers/1cde37d8-bb36-4da1-9be8-9d722666a7a0 0.199s
2025-04-14 12:33:19.159 70456 INFO tempest.lib.common.rest_client [req-e0a4b0d7-892e-4011-8dfb-ba4166db9ece req-e0a4b0d7-892e-4011-8dfb-ba4166db9ece ] Request (InstanceActionsTestJSON:test_list_instance_actions): 200 GET http://10.180.1.21/compute/v2.1/servers/b93c923f-ce74-4d7e-abec-c456db0e83af 0.160s
2025-04-14 12:33:19.196 70444 INFO tempest.lib.common.rest_client [req-28a92c09-2518-4328-b8e4-2324b34990f5 req-28a92c09-2518-4328-b8e4-2324b34990f5 ] Request (ServersAaction247Test:test_create_backup): 200 GET http://10.180.1.21/compute/v2.1/servers/4171d2e1-d090-4017-89e8-90cd9ceee37a 0.167s
