2025-04-14 12:33:24.284 70462 INFO tempest.lib.common.rest_client [req-07e3ff74-0bc3-4381-a7c3-4ae71259ddc6 req-07e3ff74-0bc3-4381-a7c3-4ae71259ddc6 ] Request (ServerDiskConfigTestJSON:test_rebuild_server_with_manual_disk_config): 200 GET http://10.180.1.21/compute/v2.1/servers/ee9173ac-18ee-4882-bfe3-ab4cdc707d1a 0.155s
2025-04-14 12:33:24.295 70462 INFO tempest.common.waiters [-] State transition "REBUILD/rebuilding" ==> "REBUILD/rebuild_spawning" after 4 second wait
2025-04-14 12:33:24.326 70436 INFO tempest.lib.common.rest_client [req-c7676a7b-efe1-4bde-98e7-1cf7def005d2 req-c7676a7b-efe1-4bde-98e7-1cf7def005d2 ] Request (VolumesAdminNegativeTest:_run_cleanups): 200 GET http://10.180.1.21/compute/v2.1/servers/1f3018be-9b1d-48d1-b601-2738439a3701/os-volume_attachments 0.050s
2025-04-14 12:33:24.358 70440 INFO tempest.lib.common.rest_client [req-d3c303c0-45c8-46d5-a2df-31398e5a48eb req-d3c303c0-45c8-46d5-a2df-31398e5a48eb ] Request (ServerAddressesTestJSON:setUpClass): 200 GET http://10.180.1.21/compute/v2.1/servers/cf420ae8-a415-49e5-ad08-3d62c6d7e040 0.111s
2025-04-14 12:33:24.364 70472 INFO tempest.lib.common.rest_client [req-04b08642-f09d-44ca-afa0-9426d48fe0ae req-04b08642-f09d-44ca-afa0-9426d48fe0ae ] Request (FlavorsV2TestJSON:tearDownClass): 204 DELETE http://10.180.1.21/identity/v3/projects/02124bc6e11b49d3bc46a9fa9ec4d242 0.109s
2025-04-14 12:33:24.376 70436 INFO tempest.lib.common.rest_client [req-bb3ee992-ab8b-4113-8215-c392f49458d4 req-bb3ee992-ab8b-4113-8215-c392f49458d4 ] Request (VolumesAdminNegativeTest:_run_cleanups): 200 GET http://10.180.1.21/volume/v3/volumes/a2af49c4-3813-4de6-88b5-89b0aad335e9 0.048s
2025-04-14 12:33:24.387 70436 INFO tempest.common.waiters [-] volume a2af49c4-3813-4de6-88b5-89b0aad335e9 reached available after waiting for 0.387841 seconds
2025-04-14 12:33:24.423 70492 INFO tempest.lib.common.rest_client [req-2a30c18f-75b2-4119-a16b-9820c56c4d91 req-2a30c18f-75b2-4119-a16b-9820c56c4d91 ] Request (FloatingIPsAssociationTestJSON:tearDownClass): 200 GET http://10.180.1.21/compute/v2.1/servers/546d4f1f-00dc-458c-a0f5-3810925a681d 0.144s
2025-04-14 12:33:24.472 70458 INFO tempest.lib.common.rest_client [req-54422ac6-d525-4e0a-abbf-d42be23a705a req-54422ac6-d525-4e0a-abbf-d42be23a705a ] Request (DeleteServersTestJSON:test_delete_server_while_in_attached_volume): 200 GET http://10.180.1.21/compute/v2.1/servers/3a8418da-6dbf-48d2-bcfa-1db117ec8631 0.136s
2025-04-14 12:33:24.479 70436 INFO tempest.lib.common.rest_client [req-dbf310e6-009a-4f92-8add-605b2c3a8eec req-dbf310e6-009a-4f92-8add-605b2c3a8eec ] Request (VolumesAdminNegativeTest:test_update_attached_volume_with_nonexistent_volume_in_uri): 201 POST http://10.180.1.21/identity/v3/auth/tokens 0.087s
2025-04-14 12:33:24.479 70436 INFO tempest.lib.common.fixed_network [-] (VolumesAdminNegativeTest:test_update_attached_volume_with_nonexistent_volume_in_uri) Found network {'id': '76d97f60-88a9-4d2a-b8fc-677a8c14a334', 'name': 'tempest-VolumesAdminNegativeTest-1507771019-network', 'tenant_id': '8eb3be4eb7ef490f852c6c5c6ac68545', 'admin_state_up': True, 'mtu': 8950, 'status': 'ACTIVE', 'subnets': [], 'shared': False, 'project_id': '8eb3be4eb7ef490f852c6c5c6ac68545', 'port_security_enabled': True, 'router:external': False, 'provider:network_type': 'vlan', 'provider:physical_network': 'default', 'provider:segmentation_id': 783, 'availability_zone_hints': [], 'availability_zones': [], 'ipv4_address_scope': None, 'ipv6_address_scope': None, 'description': '', 'tags': [], 'created_at': '2025-04-14T12:30:31Z', 'updated_at': '2025-04-14T12:30:31Z', 'revision_number': 1} available for tenant
2025-04-14 12:33:24.486 70466 INFO tempest.lib.common.rest_client [req-508fb8bd-a62e-4d64-8ba7-eec142d7c1cd req-508fb8bd-a62e-4d64-8ba7-eec142d7c1cd ] Request (ImagesOneServerNegativeTestJSON:_run_cleanups): 200 GET http://10.180.1.21/compute/v2.1/servers/cc8b3887-1051-4d76-be7c-2cf21a3a28a0 0.145s
2025-04-14 12:33:24.556 70490 INFO tempest.lib.common.rest_client [req-2a84d673-2068-49d1-a68b-1f66df3844ff req-2a84d673-2068-49d1-a68b-1f66df3844ff ] Request (MultipleCreateTestJSON:_run_cleanups): 200 GET http://10.180.1.21/compute/v2.1/servers/4f479379-020b-4939-9be7-624b7dac426e 0.106s
2025-04-14 12:33:24.669 70434 INFO tempest.lib.common.rest_client [req-a18b8305-3645-496b-8354-53a2b0a70285 req-a18b8305-3645-496b-8354-53a2b0a70285 ] Request (ImagesTestJSON:test_create_image_from_stopped_server): 200 GET http://10.180.1.21/compute/v2.1/servers/ad8051f2-8149-46b3-9c77-3c71dc5ddcd9 0.206s
2025-04-14 12:33:24.694 70460 INFO tempest.lib.common.rest_client [req-8e248c1e-2d98-40d8-aa53-c1dbe93c7811 req-8e248c1e-2d98-40d8-aa53-c1dbe93c7811 ] Request (ListServerFiltersTestJSON:tearDownClass): 404 GET http://10.180.1.21/compute/v2.1/servers/eb79b06b-68ff-44ef-bff4-28aee201e914 0.179s
2025-04-14 12:33:24.698 70430 WARNING tempest.lib.common.ssh [-] Failed to establish authenticated ssh connection to cirros@10.180.180.159 ([Errno None] Unable to connect to port 22 on 10.180.180.159). Number attempts: 13. Retry after 14 seconds.: paramiko.ssh_exception.NoValidConnectionsError: [Errno None] Unable to connect to port 22 on 10.180.180.159
2025-04-14 12:33:24.822 70484 INFO tempest.lib.common.rest_client [req-2e2f687c-a993-444e-a090-ccca4f25f20a req-2e2f687c-a993-444e-a090-ccca4f25f20a ] Request (ListImageFiltersTestJSON:setUpClass): 200 GET http://10.180.1.21/compute/v2.1/servers/394ed08f-2d43-4261-bed1-cd94b14770ba 0.232s
2025-04-14 12:33:24.832 70484 INFO tempest.common.waiters [-] State transition "ACTIVE/image_uploading" ==> "ACTIVE/None" after 1 second wait
2025-04-14 12:33:24.921 70474 INFO tempest.lib.common.rest_client [req-977e4d35-4a80-4e31-b35f-05ec7cc00ab7 req-977e4d35-4a80-4e31-b35f-05ec7cc00ab7 ] Request (ServerActionsTestJSON:setUpClass): 200 GET http://10.180.1.21/compute/v2.1/servers/02c505b2-d1ff-4aae-b887-b10678a49427 0.287s
2025-04-14 12:33:24.970 70482 INFO tempest.lib.common.rest_client [req-246ad3d5-9865-488a-90fe-4e3b25c7a8c3 req-246ad3d5-9865-488a-90fe-4e3b25c7a8c3 ] Request (ServerRescueTestJSON:setUpClass): 200 GET http://10.180.1.21/compute/v2.1/servers/d5594fac-44a9-4be9-ac10-42e6f368365f 0.324s
2025-04-14 12:33:24.978 70436 INFO tempest.lib.common.rest_client [req-dfcf2702-230d-422c-b1bb-3364a4830445 req-dfcf2702-230d-422c-b1bb-3364a4830445 ] Request (VolumesAdminNegativeTest:test_update_attached_volume_with_nonexistent_volume_in_uri): 202 POST http://10.180.1.21/compute/v2.1/servers 0.498s
2025-04-14 12:33:25.033 70464 INFO tempest.lib.common.rest_client [req-9ada1dfb-9cfa-4945-9e3d-121b824a109b req-9ada1dfb-9cfa-4945-9e3d-121b824a109b ] Request (ServerExternalEventsTest:test_create_server_external_events): 200 GET http://10.180.1.21/compute/v2.1/servers/913679b6-777c-402a-862d-7fcd293f9527 0.347s
2025-04-14 12:33:25.059 70460 INFO tempest.lib.common.rest_client [req-2561db44-25cf-4423-ace0-85933d01c119 req-2561db44-25cf-4423-ace0-85933d01c119 ] Request (ListServerFiltersTestJSON:tearDownClass): 204 DELETE http://10.180.1.21/compute/v2.1/servers/c1f3d6bd-e998-48d0-befe-6c7e495618ae 0.364s
2025-04-14 12:33:25.077 70448 INFO tempest.lib.common.rest_client [req-3c371771-9849-431d-978e-d9f57768425d req-3c371771-9849-431d-978e-d9f57768425d ] Request (MigrationsAdminTest:test_resize_server_revert_deleted_flavor): 200 GET http://10.180.1.21/compute/v2.1/servers/da5e0b7e-b288-455d-a93e-7bbc4a8c58c9 0.379s
2025-04-14 12:33:25.109 70450 INFO tempest.lib.common.rest_client [req-5555634f-1b58-44c9-85bc-4f6c17119017 req-5555634f-1b58-44c9-85bc-4f6c17119017 ] Request (ServersWithSpecificFlavorTestJSON:test_verify_created_server_ephemeral_disk): 200 GET http://10.180.1.21/compute/v2.1/servers/f32d148d-a6be-4323-a5ea-8b10beca2d5b 0.338s
2025-04-14 12:33:25.199 70476 INFO tempest.lib.common.rest_client [req-457b1e95-45bd-41a7-b3c3-9c5df1fb51c5 req-457b1e95-45bd-41a7-b3c3-9c5df1fb51c5 ] Request (ServersAdminTestJSON:test_inject_network_info): 200 GET http://10.180.1.21/compute/v2.1/servers/ad9ec99f-5338-44db-a225-a31e8ee75682 0.363s
2025-04-14 12:33:25.258 70468 INFO tempest.lib.common.rest_client [req-082f1fd4-a461-4ee4-b9fe-c5c4514cb138 req-082f1fd4-a461-4ee4-b9fe-c5c4514cb138 ] Request (ImagesNegativeTestJSON:test_create_image_from_deleted_server): 200 GET http://10.180.1.21/compute/v2.1/servers/1cde37d8-bb36-4da1-9be8-9d722666a7a0 0.358s
2025-04-14 12:33:25.297 70436 INFO tempest.lib.common.rest_client [req-66797f76-44f2-45c8-8f91-c9e20d2761e0 req-66797f76-44f2-45c8-8f91-c9e20d2761e0 ] Request (VolumesAdminNegativeTest:test_update_attached_volume_with_nonexistent_volume_in_uri): 200 GET http://10.180.1.21/compute/v2.1/servers/761d478c-67ec-4413-aff9-417a231efbf7 0.315s
2025-04-14 12:33:25.346 70432 INFO tempest.lib.common.rest_client [req-3d5ceedb-0a1b-499b-a5e8-11972b64f373 req-3d5ceedb-0a1b-499b-a5e8-11972b64f373 ] Request (FloatingIPsAssociationNegativeTestJSON:setUpClass): 200 GET http://10.180.1.21/compute/v2.1/servers/90d28880-88ca-4540-b9e1-27fa08c0ff9e 0.353s
2025-04-14 12:33:25.402 70444 INFO tempest.lib.common.rest_client [req-e6859803-8893-47ab-9908-d620b521ba2a req-e6859803-8893-47ab-9908-d620b521ba2a ] Request (ServersAaction247Test:test_create_backup): 200 GET http://10.180.1.21/compute/v2.1/servers/4171d2e1-d090-4017-89e8-90cd9ceee37a 0.392s
2025-04-14 12:33:25.451 70486 INFO tempest.lib.common.rest_client [req-298baa3c-b38f-48de-aa90-5e2e5ca12844 req-298baa3c-b38f-48de-aa90-5e2e5ca12844 ] Request (ServersTestJSON:test_create_server_with_ipv6_addr_only): 200 GET http://10.180.1.21/compute/v2.1/servers/47240db4-50a6-45eb-806a-bc57fafdcadb 0.392s
2025-04-14 12:33:25.498 70484 INFO tempest.lib.common.rest_client [req-82bc520d-e25c-47bc-bc10-d65dddc03f65 req-82bc520d-e25c-47bc-bc10-d65dddc03f65 ] Request (ListImageFiltersTestJSON:setUpClass): 202 POST http://10.180.1.21/compute/v2.1/servers/52c12a26-d157-420d-ab03-48dfc750a3d5/action 0.666s
2025-04-14 12:33:25.559 70438 INFO tempest.lib.common.rest_client [req-459de79d-03dc-4aaf-8e99-f1786e89439e req-459de79d-03dc-4aaf-8e99-f1786e89439e ] Request (ServersNegativeTestJSON:setUpClass): 200 GET http://10.180.1.21/compute/v2.1/servers/382ead1c-5ee4-46fe-9172-d56fbe43b7e6 0.488s
2025-04-14 12:33:25.645 70460 INFO tempest.lib.common.rest_client [req-5a08c8a1-fb05-4150-a5ed-8d81c373a9a7 req-5a08c8a1-fb05-4150-a5ed-8d81c373a9a7 ] Request (ListServerFiltersTestJSON:tearDownClass): 200 GET http://10.180.1.21/compute/v2.1/servers/c1f3d6bd-e998-48d0-befe-6c7e495618ae 0.586s
2025-04-14 12:33:25.672 70462 INFO tempest.lib.common.rest_client [req-3b3060a9-1205-492e-be90-b45549163061 req-3b3060a9-1205-492e-be90-b45549163061 ] Request (ServerDiskConfigTestJSON:test_rebuild_server_with_manual_disk_config): 200 GET http://10.180.1.21/compute/v2.1/servers/ee9173ac-18ee-4882-bfe3-ab4cdc707d1a 0.376s
2025-04-14 12:33:25.699 70456 INFO tempest.lib.common.rest_client [req-2d085599-2f02-49af-83d5-d49656eeafa9 req-2d085599-2f02-49af-83d5-d49656eeafa9 ] Request (InstanceActionsTestJSON:tearDownClass): 200 GET http://10.180.1.21/compute/v2.1/servers/b93c923f-ce74-4d7e-abec-c456db0e83af 0.406s
2025-04-14 12:33:25.706 70456 INFO tempest.common.waiters [-] State transition "ACTIVE/deleting" ==> "DELETED/None" after 4 second wait
2025-04-14 12:33:25.720 70440 INFO tempest.lib.common.rest_client [req-a9da4e4a-7d66-4399-a05f-1bf6b7c1de68 req-a9da4e4a-7d66-4399-a05f-1bf6b7c1de68 ] Request (ServerAddressesTestJSON:setUpClass): 200 GET http://10.180.1.21/compute/v2.1/servers/cf420ae8-a415-49e5-ad08-3d62c6d7e040 0.349s
2025-04-14 12:33:25.760 70492 INFO tempest.lib.common.rest_client [req-990d1d28-4800-40de-b15d-9c7c8a027778 req-990d1d28-4800-40de-b15d-9c7c8a027778 ] Request (FloatingIPsAssociationTestJSON:tearDownClass): 200 GET http://10.180.1.21/compute/v2.1/servers/546d4f1f-00dc-458c-a0f5-3810925a681d 0.321s
2025-04-14 12:33:25.773 70458 INFO tempest.lib.common.rest_client [req-da4fc92c-a6ae-4592-9c05-bed02feaede4 req-da4fc92c-a6ae-4592-9c05-bed02feaede4 ] Request (DeleteServersTestJSON:test_delete_server_while_in_attached_volume): 200 GET http://10.180.1.21/compute/v2.1/servers/3a8418da-6dbf-48d2-bcfa-1db117ec8631 0.292s
2025-04-14 12:33:25.809 70484 INFO tempest.lib.common.rest_client [req-f05be4ac-bc9f-494c-99ed-b21d52b2f732 req-f05be4ac-bc9f-494c-99ed-b21d52b2f732 ] Request (ListImageFiltersTestJSON:setUpClass): 200 GET http://10.180.1.21/compute/v2.1/images/a711cf19-6534-4d65-a79e-b987a4a9e4d0 0.310s
2025-04-14 12:33:25.822 70466 INFO tempest.lib.common.rest_client [req-9ccd28e2-935b-472a-a993-562093b18e91 req-9ccd28e2-935b-472a-a993-562093b18e91 ] Request (ImagesOneServerNegativeTestJSON:_run_cleanups): 200 GET http://10.180.1.21/compute/v2.1/servers/cc8b3887-1051-4d76-be7c-2cf21a3a28a0 0.326s
2025-04-14 12:33:25.867 70490 INFO tempest.lib.common.rest_client [req-c5f9fcf8-1fdd-4869-b345-a5c37aafbdb5 req-c5f9fcf8-1fdd-4869-b345-a5c37aafbdb5 ] Request (MultipleCreateTestJSON:_run_cleanups): 200 GET http://10.180.1.21/compute/v2.1/servers/4f479379-020b-4939-9be7-624b7dac426e 0.299s
2025-04-14 12:33:25.910 70434 INFO tempest.lib.common.rest_client [req-4806963f-a8f8-4eba-95ca-923a9d9c734e req-4806963f-a8f8-4eba-95ca-923a9d9c734e ] Request (ImagesTestJSON:test_create_image_from_stopped_server): 200 GET http://10.180.1.21/compute/v2.1/servers/ad8051f2-8149-46b3-9c77-3c71dc5ddcd9 0.231s
2025-04-14 12:33:26.042 70482 INFO tempest.lib.common.rest_client [req-45fa71c7-43a5-4a14-927d-8f51cb2f1a68 req-45fa71c7-43a5-4a14-927d-8f51cb2f1a68 ] Request (ServerRescueTestJSON:setUpClass): 200 GET http://10.180.1.21/compute/v2.1/servers/d5594fac-44a9-4be9-ac10-42e6f368365f 0.063s
2025-04-14 12:33:26.046 70474 INFO tempest.lib.common.rest_client [req-c2bf359e-e339-41f8-b62a-f97683c84c54 req-c2bf359e-e339-41f8-b62a-f97683c84c54 ] Request (ServerActionsTestJSON:setUpClass): 200 GET http://10.180.1.21/compute/v2.1/servers/02c505b2-d1ff-4aae-b887-b10678a49427 0.117s
2025-04-14 12:33:26.092 70464 INFO tempest.lib.common.rest_client [req-fdffcfa1-b7af-4ad3-9c85-eb4520df39b8 req-fdffcfa1-b7af-4ad3-9c85-eb4520df39b8 ] Request (ServerExternalEventsTest:test_create_server_external_events): 200 GET http://10.180.1.21/compute/v2.1/servers/913679b6-777c-402a-862d-7fcd293f9527 0.051s
2025-04-14 12:33:26.135 70448 INFO tempest.lib.common.rest_client [req-3a9895c0-ddb0-41eb-b00b-054215a4e0ce req-3a9895c0-ddb0-41eb-b00b-054215a4e0ce ] Request (MigrationsAdminTest:test_resize_server_revert_deleted_flavor): 200 GET http://10.180.1.21/compute/v2.1/servers/da5e0b7e-b288-455d-a93e-7bbc4a8c58c9 0.050s
2025-04-14 12:33:26.166 70450 INFO tempest.lib.common.rest_client [req-7ece4c03-d653-4735-9943-831bb70191fc req-7ece4c03-d653-4735-9943-831bb70191fc ] Request (ServersWithSpecificFlavorTestJSON:test_verify_created_server_ephemeral_disk): 200 GET http://10.180.1.21/compute/v2.1/servers/f32d148d-a6be-4323-a5ea-8b10beca2d5b 0.050s
2025-04-14 12:33:26.344 70468 INFO tempest.lib.common.rest_client [req-6ec05f8b-524c-448c-b61d-3993bd9b1933 req-6ec05f8b-524c-448c-b61d-3993bd9b1933 ] Request (ImagesNegativeTestJSON:test_create_image_from_deleted_server): 200 GET http://10.180.1.21/compute/v2.1/servers/1cde37d8-bb36-4da1-9be8-9d722666a7a0 0.077s
2025-04-14 12:33:26.354 70476 INFO tempest.lib.common.rest_client [req-347980cc-5674-4498-ac30-b05a7dec58b6 req-347980cc-5674-4498-ac30-b05a7dec58b6 ] Request (ServersAdminTestJSON:test_inject_network_info): 200 GET http://10.180.1.21/compute/v2.1/servers/ad9ec99f-5338-44db-a225-a31e8ee75682 0.147s
2025-04-14 12:33:26.410 70436 INFO tempest.lib.common.rest_client [req-8a687926-b663-4635-9553-b99f4bc42e97 req-8a687926-b663-4635-9553-b99f4bc42e97 ] Request (VolumesAdminNegativeTest:test_update_attached_volume_with_nonexistent_volume_in_uri): 200 GET http://10.180.1.21/compute/v2.1/servers/761d478c-67ec-4413-aff9-417a231efbf7 0.105s
2025-04-14 12:33:26.437 70432 INFO tempest.lib.common.rest_client [req-6f55c02b-71cc-402d-bcf5-8b2a3c20ca47 req-6f55c02b-71cc-402d-bcf5-8b2a3c20ca47 ] Request (FloatingIPsAssociationNegativeTestJSON:setUpClass): 200 GET http://10.180.1.21/compute/v2.1/servers/90d28880-88ca-4540-b9e1-27fa08c0ff9e 0.082s
2025-04-14 12:33:26.470 70444 INFO tempest.lib.common.rest_client [req-a30f7c2c-114c-4d43-a16d-33badd05e5b1 req-a30f7c2c-114c-4d43-a16d-33badd05e5b1 ] Request (ServersAaction247Test:test_create_backup): 200 GET http://10.180.1.21/compute/v2.1/servers/4171d2e1-d090-4017-89e8-90cd9ceee37a 0.059s
2025-04-14 12:33:26.513 70486 INFO tempest.lib.common.rest_client [req-f4a4ee5a-7eb6-4ff7-bf80-2c631cf261b8 req-f4a4ee5a-7eb6-4ff7-bf80-2c631cf261b8 ] Request (ServersTestJSON:test_create_server_with_ipv6_addr_only): 200 GET http://10.180.1.21/compute/v2.1/servers/47240db4-50a6-45eb-806a-bc57fafdcadb 0.054s
2025-04-14 12:33:26.625 70438 INFO tempest.lib.common.rest_client [req-cca5912d-ca76-4de3-89a6-aff3da1cd7f8 req-cca5912d-ca76-4de3-89a6-aff3da1cd7f8 ] Request (ServersNegativeTestJSON:setUpClass): 200 GET http://10.180.1.21/compute/v2.1/servers/382ead1c-5ee4-46fe-9172-d56fbe43b7e6 0.057s
2025-04-14 12:33:26.777 70460 INFO tempest.lib.common.rest_client [req-224db098-5da0-4ee1-9822-822be4578d4b req-224db098-5da0-4ee1-9822-822be4578d4b ] Request (ListServerFiltersTestJSON:tearDownClass): 200 GET http://10.180.1.21/compute/v2.1/servers/c1f3d6bd-e998-48d0-befe-6c7e495618ae 0.123s
2025-04-14 12:33:26.846 70462 INFO tempest.lib.common.rest_client [req-6347ce3b-cc49-4f11-b7e6-ca365c7f535d req-6347ce3b-cc49-4f11-b7e6-ca365c7f535d ] Request (ServerDiskConfigTestJSON:test_rebuild_server_with_manual_disk_config): 200 GET http://10.180.1.21/compute/v2.1/servers/ee9173ac-18ee-4882-bfe3-ab4cdc707d1a 0.164s
2025-04-14 12:33:26.858 70456 INFO tempest.lib.common.rest_client [req-54c81397-ff57-40bd-a906-95c9d490e2da req-54c81397-ff57-40bd-a906-95c9d490e2da ] Request (InstanceActionsTestJSON:tearDownClass): 200 GET http://10.180.1.21/compute/v2.1/servers/b93c923f-ce74-4d7e-abec-c456db0e83af 0.150s
2025-04-14 12:33:26.914 70440 INFO tempest.lib.common.rest_client [req-b674b5e5-a6fe-459a-b8df-e3e123ce9b55 req-b674b5e5-a6fe-459a-b8df-e3e123ce9b55 ] Request (ServerAddressesTestJSON:setUpClass): 200 GET http://10.180.1.21/compute/v2.1/servers/cf420ae8-a415-49e5-ad08-3d62c6d7e040 0.186s
2025-04-14 12:33:26.929 70492 INFO tempest.lib.common.rest_client [req-b4d46834-b434-4af2-9701-49a5302f4070 req-b4d46834-b434-4af2-9701-49a5302f4070 ] Request (FloatingIPsAssociationTestJSON:tearDownClass): 200 GET http://10.180.1.21/compute/v2.1/servers/546d4f1f-00dc-458c-a0f5-3810925a681d 0.162s
2025-04-14 12:33:26.963 70484 INFO tempest.lib.common.rest_client [req-1d081773-73b5-479e-ac62-c8a0857e5f8e req-1d081773-73b5-479e-ac62-c8a0857e5f8e ] Request (ListImageFiltersTestJSON:setUpClass): 200 GET http://10.180.1.21/compute/v2.1/images/a711cf19-6534-4d65-a79e-b987a4a9e4d0 0.150s
2025-04-14 12:33:26.965 70458 INFO tempest.lib.common.rest_client [req-153c1eeb-36a5-4635-bb5c-142ef770066d req-153c1eeb-36a5-4635-bb5c-142ef770066d ] Request (DeleteServersTestJSON:test_delete_server_while_in_attached_volume): 200 GET http://10.180.1.21/compute/v2.1/servers/3a8418da-6dbf-48d2-bcfa-1db117ec8631 0.179s
2025-04-14 12:33:27.018 70466 INFO tempest.lib.common.rest_client [req-57a561e9-b3ea-423c-a6ee-f897e807e349 req-57a561e9-b3ea-423c-a6ee-f897e807e349 ] Request (ImagesOneServerNegativeTestJSON:_run_cleanups): 200 GET http://10.180.1.21/compute/v2.1/servers/cc8b3887-1051-4d76-be7c-2cf21a3a28a0 0.184s
2025-04-14 12:33:27.024 70490 INFO tempest.lib.common.rest_client [req-bc75f702-e6b8-4a95-a9db-ef22906d6c5f req-bc75f702-e6b8-4a95-a9db-ef22906d6c5f ] Request (MultipleCreateTestJSON:_run_cleanups): 200 GET http://10.180.1.21/compute/v2.1/servers/4f479379-020b-4939-9be7-624b7dac426e 0.149s
2025-04-14 12:33:27.107 70482 INFO tempest.lib.common.rest_client [req-c1b78460-02b4-4dd4-9571-c5dfbd41f8c1 req-c1b78460-02b4-4dd4-9571-c5dfbd41f8c1 ] Request (ServerRescueTestJSON:setUpClass): 200 GET http://10.180.1.21/compute/v2.1/servers/d5594fac-44a9-4be9-ac10-42e6f368365f 0.057s
2025-04-14 12:33:27.116 70434 INFO tempest.lib.common.rest_client [req-d4ac5d84-1b10-4a5f-92e9-ce14d483abb6 req-d4ac5d84-1b10-4a5f-92e9-ce14d483abb6 ] Request (ImagesTestJSON:test_create_image_from_stopped_server): 200 GET http://10.180.1.21/compute/v2.1/servers/ad8051f2-8149-46b3-9c77-3c71dc5ddcd9 0.198s
2025-04-14 12:33:27.172 70464 INFO tempest.lib.common.rest_client [req-668e642e-54c7-4efa-8968-49367d78b3fb req-668e642e-54c7-4efa-8968-49367d78b3fb ] Request (ServerExternalEventsTest:test_create_server_external_events): 200 GET http://10.180.1.21/compute/v2.1/servers/913679b6-777c-402a-862d-7fcd293f9527 0.072s
2025-04-14 12:33:27.180 70464 INFO tempest.common.waiters [-] State transition "BUILD/None" ==> "BUILD/networking" after 93 second wait
2025-04-14 12:33:27.235 70448 INFO tempest.lib.common.rest_client [req-460e21c0-be19-47a3-9155-bcabe9ededc1 req-460e21c0-be19-47a3-9155-bcabe9ededc1 ] Request (MigrationsAdminTest:test_resize_server_revert_deleted_flavor): 200 GET http://10.180.1.21/compute/v2.1/servers/da5e0b7e-b288-455d-a93e-7bbc4a8c58c9 0.092s
2025-04-14 12:33:27.269 70474 INFO tempest.lib.common.rest_client [req-308f877b-98df-49a3-8f3d-eddd1955c37a req-308f877b-98df-49a3-8f3d-eddd1955c37a ] Request (ServerActionsTestJSON:setUpClass): 200 GET http://10.180.1.21/compute/v2.1/servers/02c505b2-d1ff-4aae-b887-b10678a49427 0.215s
2025-04-14 12:33:27.277 70474 INFO tempest.common.waiters [-] State transition "BUILD/spawning" ==> "ACTIVE/None" after 98 second wait
2025-04-14 12:33:27.286 70450 INFO tempest.lib.common.rest_client [req-3d567f93-20d4-4fad-bc41-2048cabdfec7 req-3d567f93-20d4-4fad-bc41-2048cabdfec7 ] Request (ServersWithSpecificFlavorTestJSON:test_verify_created_server_ephemeral_disk): 200 GET http://10.180.1.21/compute/v2.1/servers/f32d148d-a6be-4323-a5ea-8b10beca2d5b 0.112s
2025-04-14 12:33:27.379 70474 INFO tempest.lib.common.rest_client [req-2c3cf27e-75de-4d88-b373-25e5292b19c3 req-2c3cf27e-75de-4d88-b373-25e5292b19c3 ] Request (ServerActionsTestJSON:setUpClass): 200 GET http://10.180.1.21/compute/v2.1/servers/02c505b2-d1ff-4aae-b887-b10678a49427/os-interface 0.101s
2025-04-14 12:33:27.466 70468 INFO tempest.lib.common.rest_client [req-6b1ad39c-6d8a-4e5c-941d-be1f7609c9b1 req-6b1ad39c-6d8a-4e5c-941d-be1f7609c9b1 ] Request (ImagesNegativeTestJSON:test_create_image_from_deleted_server): 200 GET http://10.180.1.21/compute/v2.1/servers/1cde37d8-bb36-4da1-9be8-9d722666a7a0 0.113s
2025-04-14 12:33:27.560 70436 INFO tempest.lib.common.rest_client [req-c8009c17-b87e-48b5-82a9-7e93088b5e68 req-c8009c17-b87e-48b5-82a9-7e93088b5e68 ] Request (VolumesAdminNegativeTest:test_update_attached_volume_with_nonexistent_volume_in_uri): 200 GET http://10.180.1.21/compute/v2.1/servers/761d478c-67ec-4413-aff9-417a231efbf7 0.141s
2025-04-14 12:33:27.608 70476 INFO tempest.lib.common.rest_client [req-4c42e414-4414-40ae-bdda-212aa5039224 req-4c42e414-4414-40ae-bdda-212aa5039224 ] Request (ServersAdminTestJSON:test_inject_network_info): 200 GET http://10.180.1.21/compute/v2.1/servers/ad9ec99f-5338-44db-a225-a31e8ee75682 0.242s
2025-04-14 12:33:27.644 70432 INFO tempest.lib.common.rest_client [req-70913a6f-2f60-432e-bcdd-37f4be083f2a req-70913a6f-2f60-432e-bcdd-37f4be083f2a ] Request (FloatingIPsAssociationNegativeTestJSON:setUpClass): 200 GET http://10.180.1.21/compute/v2.1/servers/90d28880-88ca-4540-b9e1-27fa08c0ff9e 0.199s
2025-04-14 12:33:27.686 70444 INFO tempest.lib.common.rest_client [req-a9e80556-8ffe-4cf3-bd7e-dc2396f281fb req-a9e80556-8ffe-4cf3-bd7e-dc2396f281fb ] Request (ServersAaction247Test:test_create_backup): 200 GET http://10.180.1.21/compute/v2.1/servers/4171d2e1-d090-4017-89e8-90cd9ceee37a 0.204s
2025-04-14 12:33:27.708 70488 WARNING tempest.lib.common.ssh [-] Failed to establish authenticated ssh connection to cirros@10.180.180.170 ([Errno None] Unable to connect to port 22 on 10.180.180.170). Number attempts: 1. Retry after 2 seconds.: paramiko.ssh_exception.NoValidConnectionsError: [Errno None] Unable to connect to port 22 on 10.180.180.170
2025-04-14 12:33:27.723 70486 INFO tempest.lib.common.rest_client [req-8a6eba80-8673-4749-97a0-b68671f76179 req-8a6eba80-8673-4749-97a0-b68671f76179 ] Request (ServersTestJSON:test_create_server_with_ipv6_addr_only): 200 GET http://10.180.1.21/compute/v2.1/servers/47240db4-50a6-45eb-806a-bc57fafdcadb 0.202s
2025-04-14 12:33:27.785 70438 INFO tempest.lib.common.rest_client [req-54640674-82e9-45eb-bb51-afd15d464e8e req-54640674-82e9-45eb-bb51-afd15d464e8e ] Request (ServersNegativeTestJSON:setUpClass): 200 GET http://10.180.1.21/compute/v2.1/servers/382ead1c-5ee4-46fe-9172-d56fbe43b7e6 0.152s
2025-04-14 12:33:27.870 70460 INFO tempest.lib.common.rest_client [req-e4f6093f-d278-40eb-a1ea-a87290ee1a6b req-e4f6093f-d278-40eb-a1ea-a87290ee1a6b ] Request (ListServerFiltersTestJSON:tearDownClass): 200 GET http://10.180.1.21/compute/v2.1/servers/c1f3d6bd-e998-48d0-befe-6c7e495618ae 0.077s
2025-04-14 12:33:27.968 70456 INFO tempest.lib.common.rest_client [req-5866e1d0-ec11-4f15-8176-d9488eb12702 req-5866e1d0-ec11-4f15-8176-d9488eb12702 ] Request (InstanceActionsTestJSON:tearDownClass): 200 GET http://10.180.1.21/compute/v2.1/servers/b93c923f-ce74-4d7e-abec-c456db0e83af 0.098s
2025-04-14 12:33:28.070 70440 INFO tempest.lib.common.rest_client [req-758245d9-4558-4911-9fbe-619b93d7b30b req-758245d9-4558-4911-9fbe-619b93d7b30b ] Request (ServerAddressesTestJSON:setUpClass): 200 GET http://10.180.1.21/compute/v2.1/servers/cf420ae8-a415-49e5-ad08-3d62c6d7e040 0.147s
2025-04-14 12:33:28.087 70462 INFO tempest.lib.common.rest_client [req-4aaba498-d1ce-4299-b4af-58fff4e6d17e req-4aaba498-d1ce-4299-b4af-58fff4e6d17e ] Request (ServerDiskConfigTestJSON:test_rebuild_server_with_manual_disk_config): 200 GET http://10.180.1.21/compute/v2.1/servers/ee9173ac-18ee-4882-bfe3-ab4cdc707d1a 0.231s
2025-04-14 12:33:28.128 70484 INFO tempest.lib.common.rest_client [req-ed6f3942-1eec-44d2-a5ec-90c9a0c9594b req-ed6f3942-1eec-44d2-a5ec-90c9a0c9594b ] Request (ListImageFiltersTestJSON:setUpClass): 200 GET http://10.180.1.21/compute/v2.1/images/a711cf19-6534-4d65-a79e-b987a4a9e4d0 0.160s
2025-04-14 12:33:28.160 70492 INFO tempest.lib.common.rest_client [req-7005cce2-0e7f-4ed2-b20e-e99a8f666a41 req-7005cce2-0e7f-4ed2-b20e-e99a8f666a41 ] Request (FloatingIPsAssociationTestJSON:tearDownClass): 200 GET http://10.180.1.21/compute/v2.1/servers/546d4f1f-00dc-458c-a0f5-3810925a681d 0.222s
2025-04-14 12:33:28.191 70458 INFO tempest.lib.common.rest_client [req-05d94cde-558a-4723-a101-7d8489b5119d req-05d94cde-558a-4723-a101-7d8489b5119d ] Request (DeleteServersTestJSON:test_delete_server_while_in_attached_volume): 200 GET http://10.180.1.21/compute/v2.1/servers/3a8418da-6dbf-48d2-bcfa-1db117ec8631 0.218s
2025-04-14 12:33:28.463 70466 INFO tempest.lib.common.rest_client [req-3363d855-0506-457b-9cc4-263e42bcf515 req-3363d855-0506-457b-9cc4-263e42bcf515 ] Request (ImagesOneServerNegativeTestJSON:_run_cleanups): 200 GET http://10.180.1.21/compute/v2.1/servers/cc8b3887-1051-4d76-be7c-2cf21a3a28a0 0.438s
2025-04-14 12:33:28.478 70490 INFO tempest.lib.common.rest_client [req-71c84e12-f3fc-452a-a801-081e02cbe490 req-71c84e12-f3fc-452a-a801-081e02cbe490 ] Request (MultipleCreateTestJSON:_run_cleanups): 200 GET http://10.180.1.21/compute/v2.1/servers/4f479379-020b-4939-9be7-624b7dac426e 0.447s
2025-04-14 12:33:28.540 70482 INFO tempest.lib.common.rest_client [req-7a4467c1-2daa-4c8e-a005-9127911c5d81 req-7a4467c1-2daa-4c8e-a005-9127911c5d81 ] Request (ServerRescueTestJSON:setUpClass): 200 GET http://10.180.1.21/compute/v2.1/servers/d5594fac-44a9-4be9-ac10-42e6f368365f 0.425s
2025-04-14 12:33:28.585 70452 INFO paramiko.transport [-] Connected (version 2.0, client dropbear_2020.81)
2025-04-14 12:33:28.691 70452 INFO paramiko.transport [-] Authentication (publickey) successful!
2025-04-14 12:33:28.692 70452 INFO tempest.lib.common.ssh [-] ssh connection to cirros@10.180.180.212 successfully created
2025-04-14 12:33:28.818 70434 INFO tempest.lib.common.rest_client [req-7b6dc11b-e01f-45f1-989f-86b21e09b6e5 req-7b6dc11b-e01f-45f1-989f-86b21e09b6e5 ] Request (ImagesTestJSON:test_create_image_from_stopped_server): 200 GET http://10.180.1.21/compute/v2.1/servers/ad8051f2-8149-46b3-9c77-3c71dc5ddcd9 0.694s
2025-04-14 12:33:28.908 70464 INFO tempest.lib.common.rest_client [req-6444ebfb-02b8-4201-af72-17544e05c22f req-6444ebfb-02b8-4201-af72-17544e05c22f ] Request (ServerExternalEventsTest:test_create_server_external_events): 200 GET http://10.180.1.21/compute/v2.1/servers/913679b6-777c-402a-862d-7fcd293f9527 0.726s
2025-04-14 12:33:28.917 70464 INFO tempest.common.waiters [-] State transition "BUILD/networking" ==> "BUILD/spawning" after 94 second wait
2025-04-14 12:33:28.922 70448 INFO tempest.lib.common.rest_client [req-4b67f2fd-3739-4370-9857-d8452eebd792 req-4b67f2fd-3739-4370-9857-d8452eebd792 ] Request (MigrationsAdminTest:test_resize_server_revert_deleted_flavor): 200 GET http://10.180.1.21/compute/v2.1/servers/da5e0b7e-b288-455d-a93e-7bbc4a8c58c9 0.678s
2025-04-14 12:33:28.931 70474 INFO tempest.lib.common.rest_client [req-3234d4a5-a5ea-4eda-8c18-bff28d0aa38e req-3234d4a5-a5ea-4eda-8c18-bff28d0aa38e ] Request (ServerActionsTestJSON:setUpClass): 200 PUT http://10.180.1.21:9696/networking/v2.0/floatingips/e49062eb-2ff9-41f6-9cde-122157e902fa 1.550s
2025-04-14 12:33:28.934 70474 INFO tempest.lib.common.ssh [-] Creating ssh connection to '10.180.180.241:22' as 'cirros' with public key authentication
2025-04-14 12:33:28.970 70450 INFO tempest.lib.common.rest_client [req-e02621ee-f278-48c1-b6f0-1df39dda9e42 req-e02621ee-f278-48c1-b6f0-1df39dda9e42 ] Request (ServersWithSpecificFlavorTestJSON:test_verify_created_server_ephemeral_disk): 200 GET http://10.180.1.21/compute/v2.1/servers/f32d148d-a6be-4323-a5ea-8b10beca2d5b 0.670s
2025-04-14 12:33:29.006 70468 INFO tempest.lib.common.rest_client [req-c10d5697-0e7d-44c6-a384-8a5bbb30696b req-c10d5697-0e7d-44c6-a384-8a5bbb30696b ] Request (ImagesNegativeTestJSON:test_create_image_from_deleted_server): 200 GET http://10.180.1.21/compute/v2.1/servers/1cde37d8-bb36-4da1-9be8-9d722666a7a0 0.523s
2025-04-14 12:33:29.055 70436 INFO tempest.lib.common.rest_client [req-e59d5b6d-3f6c-43ff-a0ed-ef91e1008311 req-e59d5b6d-3f6c-43ff-a0ed-ef91e1008311 ] Request (VolumesAdminNegativeTest:test_update_attached_volume_with_nonexistent_volume_in_uri): 200 GET http://10.180.1.21/compute/v2.1/servers/761d478c-67ec-4413-aff9-417a231efbf7 0.474s
2025-04-14 12:33:29.124 70432 INFO tempest.lib.common.rest_client [req-8211c224-bbe9-4d4b-a74d-1c27cfc6716d req-8211c224-bbe9-4d4b-a74d-1c27cfc6716d ] Request (FloatingIPsAssociationNegativeTestJSON:setUpClass): 200 GET http://10.180.1.21/compute/v2.1/servers/90d28880-88ca-4540-b9e1-27fa08c0ff9e 0.466s
2025-04-14 12:33:29.209 70476 INFO tempest.lib.common.rest_client [req-44b539d4-5a39-4e17-9821-31dc715d0725 req-44b539d4-5a39-4e17-9821-31dc715d0725 ] Request (ServersAdminTestJSON:test_inject_network_info): 200 GET http://10.180.1.21/compute/v2.1/servers/ad9ec99f-5338-44db-a225-a31e8ee75682 0.591s
2025-04-14 12:33:29.217 70476 INFO tempest.common.waiters [-] State transition "BUILD/spawning" ==> "ACTIVE/None" after 100 second wait
2025-04-14 12:33:29.269 70444 INFO tempest.lib.common.rest_client [req-259aa2d8-95a1-49b5-b618-fd5205a2b4b3 req-259aa2d8-95a1-49b5-b618-fd5205a2b4b3 ] Request (ServersAaction247Test:test_create_backup): 200 GET http://10.180.1.21/compute/v2.1/servers/4171d2e1-d090-4017-89e8-90cd9ceee37a 0.567s
2025-04-14 12:33:29.320 70486 INFO tempest.lib.common.rest_client [req-5b497bce-c3c9-4a2b-bd76-0f8178ba63d9 req-5b497bce-c3c9-4a2b-bd76-0f8178ba63d9 ] Request (ServersTestJSON:test_create_server_with_ipv6_addr_only): 200 GET http://10.180.1.21/compute/v2.1/servers/47240db4-50a6-45eb-806a-bc57fafdcadb 0.587s
2025-04-14 12:33:29.379 70438 INFO tempest.lib.common.rest_client [req-68bb830d-901a-442a-9632-f7ecd7c31c10 req-68bb830d-901a-442a-9632-f7ecd7c31c10 ] Request (ServersNegativeTestJSON:setUpClass): 200 GET http://10.180.1.21/compute/v2.1/servers/382ead1c-5ee4-46fe-9172-d56fbe43b7e6 0.586s
2025-04-14 12:33:29.457 70460 INFO tempest.lib.common.rest_client [req-d4b25eb3-49d7-4abf-a222-71d3dffb4a5b req-d4b25eb3-49d7-4abf-a222-71d3dffb4a5b ] Request (ListServerFiltersTestJSON:tearDownClass): 200 GET http://10.180.1.21/compute/v2.1/servers/c1f3d6bd-e998-48d0-befe-6c7e495618ae 0.578s
2025-04-14 12:33:29.465 70460 INFO tempest.common.waiters [-] State transition "ACTIVE/deleting" ==> "DELETED/None" after 4 second wait
2025-04-14 12:33:29.526 70452 INFO tempest.lib.common.rest_client [req-9fe718d5-0952-4c42-98ba-d867c70ec737 req-9fe718d5-0952-4c42-98ba-d867c70ec737 ] Request (ServerActionsTestOtherA:setUp): 200 GET http://10.180.1.21/compute/v2.1/servers/135fdd6c-b39a-4da2-a076-7aa092aa0d34 0.833s
2025-04-14 12:33:29.541 70456 INFO tempest.lib.common.rest_client [req-d0cc6216-38b3-4ace-b8f9-eaf1d8df9794 req-d0cc6216-38b3-4ace-b8f9-eaf1d8df9794 ] Request (InstanceActionsTestJSON:tearDownClass): 200 GET http://10.180.1.21/compute/v2.1/servers/b93c923f-ce74-4d7e-abec-c456db0e83af 0.563s
2025-04-14 12:33:29.577 70440 INFO tempest.lib.common.rest_client [req-ab65f4fe-6a08-4e47-9778-4fa212f127a5 req-ab65f4fe-6a08-4e47-9778-4fa212f127a5 ] Request (ServerAddressesTestJSON:setUpClass): 200 GET http://10.180.1.21/compute/v2.1/servers/cf420ae8-a415-49e5-ad08-3d62c6d7e040 0.492s
2025-04-14 12:33:29.600 70452 INFO tempest.lib.common.rest_client [req-3473a960-b053-4128-bc9c-eaa291c72366 req-3473a960-b053-4128-bc9c-eaa291c72366 ] Request (ServerActionsTestOtherA:test_rebuild_server_in_stop_state): 201 POST http://10.180.1.21/identity/v3/auth/tokens 0.064s
2025-04-14 12:33:29.601 70452 INFO tempest.lib.common.fixed_network [-] (ServerActionsTestOtherA:test_rebuild_server_in_stop_state) Found network {'id': '093c442e-5837-42ea-b703-b9edca8e345d', 'name': 'tempest-ServerActionsTestOtherA-383312685-network', 'tenant_id': 'bed8f3f3a2054de48c1c741adc76b191', 'admin_state_up': True, 'mtu': 8950, 'status': 'ACTIVE', 'subnets': [], 'shared': False, 'project_id': 'bed8f3f3a2054de48c1c741adc76b191', 'port_security_enabled': True, 'router:external': False, 'provider:network_type': 'vlan', 'provider:physical_network': 'default', 'provider:segmentation_id': 728, 'availability_zone_hints': [], 'availability_zones': [], 'ipv4_address_scope': None, 'ipv6_address_scope': None, 'description': '', 'tags': [], 'created_at': '2025-04-14T12:31:22Z', 'updated_at': '2025-04-14T12:31:22Z', 'revision_number': 1} available for tenant
2025-04-14 12:33:29.611 70484 INFO tempest.lib.common.rest_client [req-3b7e887f-ee25-4109-b0be-211ff53cd8c6 req-3b7e887f-ee25-4109-b0be-211ff53cd8c6 ] Request (ListImageFiltersTestJSON:setUpClass): 200 GET http://10.180.1.21/compute/v2.1/images/a711cf19-6534-4d65-a79e-b987a4a9e4d0 0.478s
2025-04-14 12:33:29.636 70462 INFO tempest.lib.common.rest_client [req-f193430c-cafd-4107-8c18-33ca6ba21128 req-f193430c-cafd-4107-8c18-33ca6ba21128 ] Request (ServerDiskConfigTestJSON:test_rebuild_server_with_manual_disk_config): 200 GET http://10.180.1.21/compute/v2.1/servers/ee9173ac-18ee-4882-bfe3-ab4cdc707d1a 0.540s
2025-04-14 12:33:29.670 70492 INFO tempest.lib.common.rest_client [req-6de5f88c-06fc-4128-a80d-8e610ba9b3a8 req-6de5f88c-06fc-4128-a80d-8e610ba9b3a8 ] Request (FloatingIPsAssociationTestJSON:tearDownClass): 200 GET http://10.180.1.21/compute/v2.1/servers/546d4f1f-00dc-458c-a0f5-3810925a681d 0.500s
2025-04-14 12:33:29.683 70458 INFO tempest.lib.common.rest_client [req-7b8bd56c-2334-41ab-b8f9-13db98213d4a req-7b8bd56c-2334-41ab-b8f9-13db98213d4a ] Request (DeleteServersTestJSON:test_delete_server_while_in_attached_volume): 200 GET http://10.180.1.21/compute/v2.1/servers/3a8418da-6dbf-48d2-bcfa-1db117ec8631 0.483s
2025-04-14 12:33:29.689 70458 INFO tempest.common.waiters [-] State transition "BUILD/scheduling" ==> "BUILD/None" after 55 second wait
2025-04-14 12:33:29.731 70466 INFO tempest.lib.common.rest_client [req-f86fb85b-8f04-4f1d-903e-4e8f83306f2e req-f86fb85b-8f04-4f1d-903e-4e8f83306f2e ] Request (ImagesOneServerNegativeTestJSON:_run_cleanups): 200 GET http://10.180.1.21/compute/v2.1/servers/cc8b3887-1051-4d76-be7c-2cf21a3a28a0 0.258s
2025-04-14 12:33:29.743 70454 WARNING tempest.lib.common.ssh [-] Failed to establish authenticated ssh connection to cirros@10.180.180.217 ([Errno None] Unable to connect to port 22 on 10.180.180.217). Number attempts: 11. Retry after 12 seconds.: paramiko.ssh_exception.NoValidConnectionsError: [Errno None] Unable to connect to port 22 on 10.180.180.217
2025-04-14 12:33:29.791 70476 INFO tempest.lib.common.rest_client [req-cc3f5651-95a6-4a23-b932-554ba049dcbc req-cc3f5651-95a6-4a23-b932-554ba049dcbc ] Request (ServersAdminTestJSON:test_inject_network_info): 202 POST http://10.180.1.21/compute/v2.1/servers/ad9ec99f-5338-44db-a225-a31e8ee75682/action 0.573s
2025-04-14 12:33:29.792 70490 INFO tempest.lib.common.rest_client [req-8d0c1560-6972-482f-bda6-335265a80af0 req-8d0c1560-6972-482f-bda6-335265a80af0 ] Request (MultipleCreateTestJSON:_run_cleanups): 200 GET http://10.180.1.21/compute/v2.1/servers/4f479379-020b-4939-9be7-624b7dac426e 0.303s
2025-04-14 12:33:29.844 70482 INFO tempest.lib.common.rest_client [req-fbd23d4e-19e0-4ef2-9e5f-26f56c6ea9fc req-fbd23d4e-19e0-4ef2-9e5f-26f56c6ea9fc ] Request (ServerRescueTestJSON:setUpClass): 200 GET http://10.180.1.21/compute/v2.1/servers/d5594fac-44a9-4be9-ac10-42e6f368365f 0.296s
2025-04-14 12:33:29.878 70476 INFO tempest.lib.common.rest_client [req-f7b2b2f7-0b8b-416f-9017-5e9a3fddcdcc req-f7b2b2f7-0b8b-416f-9017-5e9a3fddcdcc ] Request (ServersAdminTestJSON:test_list_servers_by_admin): 200 GET http://10.180.1.21/compute/v2.1/servers/detail 0.086s
2025-04-14 12:33:30.001 70434 INFO tempest.lib.common.rest_client [req-e2a6073e-7ed3-4bf4-971c-a5c962869424 req-e2a6073e-7ed3-4bf4-971c-a5c962869424 ] Request (ImagesTestJSON:test_create_image_from_stopped_server): 200 GET http://10.180.1.21/compute/v2.1/servers/ad8051f2-8149-46b3-9c77-3c71dc5ddcd9 0.173s
2025-04-14 12:33:30.117 70452 INFO tempest.lib.common.rest_client [req-e6ee9b6e-e422-48ca-a8db-57901c3db475 req-e6ee9b6e-e422-48ca-a8db-57901c3db475 ] Request (ServerActionsTestOtherA:test_rebuild_server_in_stop_state): 202 POST http://10.180.1.21/compute/v2.1/servers 0.516s
2025-04-14 12:33:30.235 70464 INFO tempest.lib.common.rest_client [req-afd993c8-8d26-4542-b2d9-f6931ec0e0aa req-afd993c8-8d26-4542-b2d9-f6931ec0e0aa ] Request (ServerExternalEventsTest:test_create_server_external_events): 200 GET http://10.180.1.21/compute/v2.1/servers/913679b6-777c-402a-862d-7fcd293f9527 0.317s
2025-04-14 12:33:30.354 70448 INFO tempest.lib.common.rest_client [req-79e6ef8e-8a2b-4012-8100-a0b808380fa6 req-79e6ef8e-8a2b-4012-8100-a0b808380fa6 ] Request (MigrationsAdminTest:test_resize_server_revert_deleted_flavor): 200 GET http://10.180.1.21/compute/v2.1/servers/da5e0b7e-b288-455d-a93e-7bbc4a8c58c9 0.419s
2025-04-14 12:33:30.390 70476 INFO tempest.lib.common.rest_client [req-b2b96c6a-e1eb-436a-925d-5c4a84e09d7a req-b2b96c6a-e1eb-436a-925d-5c4a84e09d7a ] Request (ServersAdminTestJSON:test_list_servers_by_admin_with_all_tenants): 200 GET http://10.180.1.21/compute/v2.1/servers/detail?all_tenants= 0.504s
2025-04-14 12:33:30.413 70450 INFO tempest.lib.common.rest_client [req-a656a085-7062-416a-9813-45dd06f491b4 req-a656a085-7062-416a-9813-45dd06f491b4 ] Request (ServersWithSpecificFlavorTestJSON:test_verify_created_server_ephemeral_disk): 200 GET http://10.180.1.21/compute/v2.1/servers/f32d148d-a6be-4323-a5ea-8b10beca2d5b 0.431s
2025-04-14 12:33:30.429 70476 WARNING tempest.lib.common.rest_client [-] Deprecated: "tenant_id" property is deprecated for removal, use "project_id" instead
2025-04-14 12:33:30.454 70468 INFO tempest.lib.common.rest_client [req-0de08c21-6e25-4508-a3ea-7dd493e582ab req-0de08c21-6e25-4508-a3ea-7dd493e582ab ] Request (ImagesNegativeTestJSON:test_create_image_from_deleted_server): 200 GET http://10.180.1.21/compute/v2.1/servers/1cde37d8-bb36-4da1-9be8-9d722666a7a0 0.435s
2025-04-14 12:33:30.500 70452 INFO tempest.lib.common.rest_client [req-52a5fe53-8b42-467a-88ff-f58c9748e0ce req-52a5fe53-8b42-467a-88ff-f58c9748e0ce ] Request (ServerActionsTestOtherA:test_rebuild_server_in_stop_state): 200 GET http://10.180.1.21/compute/v2.1/servers/141c5b71-b0a5-43b1-81ba-784e1a1cfacf 0.381s
2025-04-14 12:33:30.569 70432 INFO tempest.lib.common.rest_client [req-8ab2d6c9-11bf-4a69-b032-d7d79236e2b0 req-8ab2d6c9-11bf-4a69-b032-d7d79236e2b0 ] Request (FloatingIPsAssociationNegativeTestJSON:setUpClass): 200 GET http://10.180.1.21/compute/v2.1/servers/90d28880-88ca-4540-b9e1-27fa08c0ff9e 0.436s
2025-04-14 12:33:30.639 70444 INFO tempest.lib.common.rest_client [req-0cba27e0-6bd8-405a-b3ea-aa721f623185 req-0cba27e0-6bd8-405a-b3ea-aa721f623185 ] Request (ServersAaction247Test:test_create_backup): 200 GET http://10.180.1.21/compute/v2.1/servers/4171d2e1-d090-4017-89e8-90cd9ceee37a 0.360s
2025-04-14 12:33:30.707 70486 INFO tempest.lib.common.rest_client [req-c2734c09-0b76-4525-aedc-957d027b5530 req-c2734c09-0b76-4525-aedc-957d027b5530 ] Request (ServersTestJSON:test_create_server_with_ipv6_addr_only): 200 GET http://10.180.1.21/compute/v2.1/servers/47240db4-50a6-45eb-806a-bc57fafdcadb 0.377s
2025-04-14 12:33:30.771 70436 INFO tempest.lib.common.rest_client [req-8e49003d-a211-44a3-8af4-c3d9d3356711 req-8e49003d-a211-44a3-8af4-c3d9d3356711 ] Request (VolumesAdminNegativeTest:test_update_attached_volume_with_nonexistent_volume_in_uri): 200 GET http://10.180.1.21/compute/v2.1/servers/761d478c-67ec-4413-aff9-417a231efbf7 0.704s
2025-04-14 12:33:30.778 70488 WARNING tempest.lib.common.ssh [-] Failed to establish authenticated ssh connection to cirros@10.180.180.170 ([Errno None] Unable to connect to port 22 on 10.180.180.170). Number attempts: 2. Retry after 3 seconds.: paramiko.ssh_exception.NoValidConnectionsError: [Errno None] Unable to connect to port 22 on 10.180.180.170
2025-04-14 12:33:30.781 70438 INFO tempest.lib.common.rest_client [req-78695ec1-8913-4ff4-b84a-bcf7360e7594 req-78695ec1-8913-4ff4-b84a-bcf7360e7594 ] Request (ServersNegativeTestJSON:setUpClass): 200 GET http://10.180.1.21/compute/v2.1/servers/382ead1c-5ee4-46fe-9172-d56fbe43b7e6 0.386s
2025-04-14 12:33:30.787 70438 INFO tempest.common.waiters [-] State transition "BUILD/scheduling" ==> "BUILD/None" after 39 second wait
2025-04-14 12:33:30.802 70476 INFO tempest.lib.common.rest_client [req-c0b2a1fe-5def-4b98-bc60-9760f3c65a2b req-c0b2a1fe-5def-4b98-bc60-9760f3c65a2b ] Request (ServersAdminTestJSON:test_list_servers_by_admin_with_specified_tenant): 200 GET http://10.180.1.21/compute/v2.1/servers/detail?tenant_id=4a73b55ba6c343478ce3516e3053d3d0 0.372s
2025-04-14 12:33:30.861 70460 INFO tempest.lib.common.rest_client [req-b7229c8d-909f-4248-9696-1649ec634908 req-b7229c8d-909f-4248-9696-1649ec634908 ] Request (ListServerFiltersTestJSON:tearDownClass): 200 GET http://10.180.1.21/compute/v2.1/servers/c1f3d6bd-e998-48d0-befe-6c7e495618ae 0.395s
2025-04-14 12:33:30.862 70456 INFO tempest.lib.common.rest_client [req-7f35024b-5891-4047-957b-6044082506e0 req-7f35024b-5891-4047-957b-6044082506e0 ] Request (InstanceActionsTestJSON:tearDownClass): 200 GET http://10.180.1.21/compute/v2.1/servers/b93c923f-ce74-4d7e-abec-c456db0e83af 0.306s
2025-04-14 12:33:30.898 70484 INFO tempest.lib.common.rest_client [req-93fec617-63ee-47b5-b50b-6501ed7b5409 req-93fec617-63ee-47b5-b50b-6501ed7b5409 ] Request (ListImageFiltersTestJSON:setUpClass): 200 GET http://10.180.1.21/compute/v2.1/images/a711cf19-6534-4d65-a79e-b987a4a9e4d0 0.282s
2025-04-14 12:33:30.915 70440 INFO tempest.lib.common.rest_client [req-ed8db65d-adcc-426b-b32e-f69e99ea6b6d req-ed8db65d-adcc-426b-b32e-f69e99ea6b6d ] Request (ServerAddressesTestJSON:setUpClass): 200 GET http://10.180.1.21/compute/v2.1/servers/cf420ae8-a415-49e5-ad08-3d62c6d7e040 0.327s
2025-04-14 12:33:30.984 70492 INFO tempest.lib.common.rest_client [req-79f24e3d-a193-476f-95c9-8b9df810e3a9 req-79f24e3d-a193-476f-95c9-8b9df810e3a9 ] Request (FloatingIPsAssociationTestJSON:tearDownClass): 200 GET http://10.180.1.21/compute/v2.1/servers/546d4f1f-00dc-458c-a0f5-3810925a681d 0.304s
2025-04-14 12:33:31.013 70462 INFO tempest.lib.common.rest_client [req-9ff8ff46-8e6e-4d19-887e-e25103711f9b req-9ff8ff46-8e6e-4d19-887e-e25103711f9b ] Request (ServerDiskConfigTestJSON:test_rebuild_server_with_manual_disk_config): 200 GET http://10.180.1.21/compute/v2.1/servers/ee9173ac-18ee-4882-bfe3-ab4cdc707d1a 0.366s
2025-04-14 12:33:31.046 70458 INFO tempest.lib.common.rest_client [req-cd214a7a-ede1-4eec-8d13-ca5cff68d737 req-cd214a7a-ede1-4eec-8d13-ca5cff68d737 ] Request (DeleteServersTestJSON:test_delete_server_while_in_attached_volume): 200 GET http://10.180.1.21/compute/v2.1/servers/3a8418da-6dbf-48d2-bcfa-1db117ec8631 0.354s
2025-04-14 12:33:31.067 70466 INFO tempest.lib.common.rest_client [req-8e1e7797-1a41-4c4f-ba5d-19ba3267771c req-8e1e7797-1a41-4c4f-ba5d-19ba3267771c ] Request (ImagesOneServerNegativeTestJSON:_run_cleanups): 200 GET http://10.180.1.21/compute/v2.1/servers/cc8b3887-1051-4d76-be7c-2cf21a3a28a0 0.328s
2025-04-14 12:33:31.109 70490 INFO tempest.lib.common.rest_client [req-b8599331-e8b0-4c15-8bd9-c49818f1f0f9 req-b8599331-e8b0-4c15-8bd9-c49818f1f0f9 ] Request (MultipleCreateTestJSON:_run_cleanups): 200 GET http://10.180.1.21/compute/v2.1/servers/4f479379-020b-4939-9be7-624b7dac426e 0.309s
2025-04-14 12:33:31.158 70482 INFO tempest.lib.common.rest_client [req-19f16889-8588-4259-977a-be14e9262e3d req-19f16889-8588-4259-977a-be14e9262e3d ] Request (ServerRescueTestJSON:setUpClass): 200 GET http://10.180.1.21/compute/v2.1/servers/d5594fac-44a9-4be9-ac10-42e6f368365f 0.304s
2025-04-14 12:33:31.232 70476 INFO tempest.lib.common.rest_client [req-5d2def93-9354-4350-a6a4-29d92d386f2f req-5d2def93-9354-4350-a6a4-29d92d386f2f ] Request (ServersAdminTestJSON:test_list_servers_by_admin_with_specified_tenant): 200 GET http://10.180.1.21/compute/v2.1/servers/detail?all_tenants=&tenant_id=4a73b55ba6c343478ce3516e3053d3d0 0.423s
2025-04-14 12:33:31.259 70434 INFO tempest.lib.common.rest_client [req-7a357745-46f7-4c14-b630-0609d586f824 req-7a357745-46f7-4c14-b630-0609d586f824 ] Request (ImagesTestJSON:test_create_image_from_stopped_server): 200 GET http://10.180.1.21/compute/v2.1/servers/ad8051f2-8149-46b3-9c77-3c71dc5ddcd9 0.250s
2025-04-14 12:33:31.272 70476 INFO tempest.lib.common.rest_client [req-d5406d33-8e36-42f4-93c2-49543ceccb3d req-d5406d33-8e36-42f4-93c2-49543ceccb3d ] Request (ServersAdminTestJSON:test_list_servers_by_admin_with_specified_tenant): 200 GET http://10.180.1.21/compute/v2.1/servers/detail?all_tenants=&tenant_id=90b46144c8ea498daf011f2dd05814b1 0.030s
2025-04-14 12:33:31.286 70476 INFO tempest.lib.common.rest_client [req-5fc4babe-3d5e-456f-9f80-f144a1046119 req-5fc4babe-3d5e-456f-9f80-f144a1046119 ] Request (ServersAdminTestJSON:test_list_servers_detailed_filter_by_invalid_status): 200 GET http://10.180.1.21/compute/v2.1/servers/detail?status=invalid_status 0.007s
2025-04-14 12:33:31.344 70464 INFO tempest.lib.common.rest_client [req-3c078c61-be28-4a83-a331-37c219b8bc69 req-3c078c61-be28-4a83-a331-37c219b8bc69 ] Request (ServerExternalEventsTest:test_create_server_external_events): 200 GET http://10.180.1.21/compute/v2.1/servers/913679b6-777c-402a-862d-7fcd293f9527 0.095s
2025-04-14 12:33:31.350 70476 INFO tempest.lib.common.rest_client [req-19ffd776-2b81-431b-8511-33e7940a2d80 req-19ffd776-2b81-431b-8511-33e7940a2d80 ] Request (ServersAdminTestJSON:test_list_servers_filter_by_error_status): 202 POST http://10.180.1.21/compute/v2.1/servers/5f528945-d1a0-4ec1-86f6-5fc1a15a8162/action 0.056s
2025-04-14 12:33:31.400 70476 INFO tempest.lib.common.rest_client [req-fe3c4f29-b417-4367-9516-f618e7154ec4 req-fe3c4f29-b417-4367-9516-f618e7154ec4 ] Request (ServersAdminTestJSON:test_list_servers_filter_by_error_status): 200 GET http://10.180.1.21/compute/v2.1/servers?status=error 0.049s
2025-04-14 12:33:31.417 70448 INFO tempest.lib.common.rest_client [req-28e96416-5dbe-44a7-9549-44ab07a9f820 req-28e96416-5dbe-44a7-9549-44ab07a9f820 ] Request (MigrationsAdminTest:test_resize_server_revert_deleted_flavor): 200 GET http://10.180.1.21/compute/v2.1/servers/da5e0b7e-b288-455d-a93e-7bbc4a8c58c9 0.055s
2025-04-14 12:33:31.460 70476 INFO tempest.lib.common.rest_client [req-a0ab9274-ae46-4f4b-9aea-e9719d7cc67c req-a0ab9274-ae46-4f4b-9aea-e9719d7cc67c ] Request (ServersAdminTestJSON:test_list_servers_filter_by_error_status): 202 POST http://10.180.1.21/compute/v2.1/servers/5f528945-d1a0-4ec1-86f6-5fc1a15a8162/action 0.058s
2025-04-14 12:33:31.480 70450 INFO tempest.lib.common.rest_client [req-b4245fa7-9da1-4f9f-bc71-0ba5347d2d5c req-b4245fa7-9da1-4f9f-bc71-0ba5347d2d5c ] Request (ServersWithSpecificFlavorTestJSON:test_verify_created_server_ephemeral_disk): 200 GET http://10.180.1.21/compute/v2.1/servers/f32d148d-a6be-4323-a5ea-8b10beca2d5b 0.055s
2025-04-14 12:33:31.543 70468 INFO tempest.lib.common.rest_client [req-040600a7-2ba2-48fa-9da5-fb0672de9603 req-040600a7-2ba2-48fa-9da5-fb0672de9603 ] Request (ImagesNegativeTestJSON:test_create_image_from_deleted_server): 200 GET http://10.180.1.21/compute/v2.1/servers/1cde37d8-bb36-4da1-9be8-9d722666a7a0 0.077s
2025-04-14 12:33:31.581 70476 INFO tempest.lib.common.rest_client [req-4acfff7c-9842-4f69-b03f-21036b5079b7 req-4acfff7c-9842-4f69-b03f-21036b5079b7 ] Request (ServersAdminTestJSON:test_list_servers_filter_by_error_status): 200 GET http://10.180.1.21/compute/v2.1/servers/5f528945-d1a0-4ec1-86f6-5fc1a15a8162 0.121s
2025-04-14 12:33:31.611 70452 INFO tempest.lib.common.rest_client [req-f605ae3e-b55e-440e-b9c6-702f9b707d9a req-f605ae3e-b55e-440e-b9c6-702f9b707d9a ] Request (ServerActionsTestOtherA:test_rebuild_server_in_stop_state): 200 GET http://10.180.1.21/compute/v2.1/servers/141c5b71-b0a5-43b1-81ba-784e1a1cfacf 0.103s
