2025-11-20 09:14:48.403 60272 INFO tempest.lib.common.dynamic_creds [-] Acquired dynamic creds: credentials: Credentials: {'domain_id': 'default', 'domain_name': 'Default', 'username': 'tempest-TenantUsagesTestJSON-1594688656-project-admin', 'project_domain_id': 'default', 'project_domain_name': 'Default', 'project_id': '6e3de7f57cc44c70972543e82d1207e1', 'project_name': 'tempest-TenantUsagesTestJSON-1594688656', 'tenant_id': '6e3de7f57cc44c70972543e82d1207e1', 'tenant_name': 'tempest-TenantUsagesTestJSON-1594688656', 'user_domain_id': 'default', 'user_domain_name': 'Default', 'user_id': '436fe1cadfe54c1587d7baa2ab14de0e', 'system': None}, Network: None, Subnet: None, Router: None
2025-11-20 09:14:48.403 60272 INFO tempest.lib.common.dynamic_creds [-] Created isolated network resources for: credentials: Credentials: {'domain_id': 'default', 'domain_name': 'Default', 'username': 'tempest-TenantUsagesTestJSON-1594688656-project-admin', 'project_domain_id': 'default', 'project_domain_name': 'Default', 'project_id': '6e3de7f57cc44c70972543e82d1207e1', 'project_name': 'tempest-TenantUsagesTestJSON-1594688656', 'tenant_id': '6e3de7f57cc44c70972543e82d1207e1', 'tenant_name': 'tempest-TenantUsagesTestJSON-1594688656', 'user_domain_id': 'default', 'user_domain_name': 'Default', 'user_id': '436fe1cadfe54c1587d7baa2ab14de0e', 'system': None}, Network: None, Subnet: None, Router: None
2025-11-20 09:14:48.469 60272 INFO tempest.lib.common.rest_client [req-713de642-9ef3-4ad9-9f5d-4fcd2a475222 req-713de642-9ef3-4ad9-9f5d-4fcd2a475222 ] Request (TenantUsagesTestJSON:setUpClass): 201 POST http://10.180.1.21/identity/v3/auth/tokens 0.063s
2025-11-20 09:14:48.470 60272 WARNING tempest.lib.common.rest_client [-] Deprecated: "tenant_id" property is deprecated for removal, use "project_id" instead
2025-11-20 09:14:48.524 60272 INFO tempest.lib.common.rest_client [req-b1daf9a0-809b-4ff2-8bc9-6a6a79e2a057 req-b1daf9a0-809b-4ff2-8bc9-6a6a79e2a057 ] Request (TenantUsagesTestJSON:setUpClass): 201 POST http://10.180.1.21/identity/v3/auth/tokens 0.051s
2025-11-20 09:14:48.524 60272 INFO tempest.lib.common.fixed_network [-] (TenantUsagesTestJSON:setUpClass) Found network None available for tenant
2025-11-20 09:14:48.727 60310 INFO tempest.lib.common.rest_client [req-c1715e7e-e1ad-4c57-accc-a6db830a8c33 req-c1715e7e-e1ad-4c57-accc-a6db830a8c33 ] Request (InstanceActionsTestJSON:setUpClass): 201 POST http://10.180.1.21:9696/networking/v2.0/networks 0.520s
2025-11-20 09:14:48.801 60306 INFO tempest.lib.common.rest_client [req-0fa85e94-343c-4af3-92e7-ead8081d94f1 req-0fa85e94-343c-4af3-92e7-ead8081d94f1 ] Request (ServersTestMultiNic:test_verify_duplicate_network_nics): 200 GET http://10.180.1.21/compute/v2.1/servers/37916d26-1b5e-4991-83a2-ca5a5b00c2ac 4.655s
2025-11-20 09:14:48.987 60278 INFO tempest.lib.common.rest_client [req-f7f512bb-9f1f-4498-b899-3aef1159de70 req-f7f512bb-9f1f-4498-b899-3aef1159de70 ] Request (SecurityGroupRulesTestJSON:setUpClass): 201 POST http://10.180.1.21:9696/networking/v2.0/networks 0.914s
2025-11-20 09:14:49.123 60258 INFO tempest.lib.common.rest_client [req-caee063d-3f76-4006-afe0-8d2af02785e4 req-caee063d-3f76-4006-afe0-8d2af02785e4 ] Request (SecurityGroupsTestAdminJSON:test_list_security_groups_list_all_tenants_filter): 200 GET http://10.180.1.21/compute/v2.1/os-security-groups?all_tenants=true 6.541s
2025-11-20 09:14:49.151 60280 INFO tempest.lib.common.rest_client [req-8890a7e6-157d-4c7e-97b6-c26025c898df req-8890a7e6-157d-4c7e-97b6-c26025c898df ] Request (FlavorsV255TestJSON:test_crud_flavor): 200 GET http://10.180.1.21/compute/v2.1/flavors 4.396s
2025-11-20 09:14:49.182 60286 INFO tempest.lib.common.rest_client [req-5042a107-cb9e-4dc0-9129-98074a32aba1 req-5042a107-cb9e-4dc0-9129-98074a32aba1 ] Request (HypervisorAdminNegativeTestJSON:test_get_hypervisor_uptime_with_non_admin_user): 403 GET http://10.180.1.21/compute/v2.1/os-hypervisors/1/uptime 4.194s
2025-11-20 09:14:49.205 60264 INFO tempest.lib.common.rest_client [req-a4a9fb80-e72d-467b-8367-8727dbcb865e req-a4a9fb80-e72d-467b-8367-8727dbcb865e ] Request (ServersWithSpecificFlavorTestJSON:test_verify_created_server_ephemeral_disk): 200 POST http://10.180.1.21/compute/v2.1/flavors/1054314334/os-extra_specs 4.190s
2025-11-20 09:14:49.325 60290 INFO tempest.lib.common.rest_client [req-97c2456b-7142-4b41-b3e8-74c726b87e0b req-97c2456b-7142-4b41-b3e8-74c726b87e0b ] Request (KeyPairsNegativeTestJSON:test_create_keypair_invalid_name): 400 POST http://10.180.1.21/compute/v2.1/os-keypairs 4.231s
2025-11-20 09:14:49.344 60300 INFO tempest.lib.common.rest_client [req-fc30993a-955b-413e-9917-e6bf3ce27168 req-fc30993a-955b-413e-9917-e6bf3ce27168 ] Request (AggregatesAdminNegativeTestJSON:_run_cleanups): 200 DELETE http://10.180.1.21/compute/v2.1/os-aggregates/1 4.192s
2025-11-20 09:14:49.409 60310 INFO tempest.lib.common.rest_client [req-e691348e-8bbc-487b-839d-7b5b2e07c85c req-e691348e-8bbc-487b-839d-7b5b2e07c85c ] Request (InstanceActionsTestJSON:setUpClass): 201 POST http://10.180.1.21:9696/networking/v2.0/subnets 0.681s
2025-11-20 09:14:50.081 60268 INFO tempest.lib.common.rest_client [req-5906ac3f-6306-407b-a12c-8f56514bb980 req-5906ac3f-6306-407b-a12c-8f56514bb980 ] Request (DeleteServersAdminTestJSON:test_admin_delete_servers_of_others): 200 GET http://10.180.1.21/compute/v2.1/servers/7a4778b7-5ffc-4641-b968-d0304fd67ee0 4.830s
2025-11-20 09:14:50.101 60308 INFO tempest.lib.common.rest_client [req-898b8674-b103-431d-a903-bc57ddc8607b req-898b8674-b103-431d-a903-bc57ddc8607b ] Request (KeyPairsV210TestJSON:_run_cleanups): 204 DELETE http://10.180.1.21/compute/v2.1/os-keypairs/tempest-keypair-532335384?user_id=db48fca96c994c9da3ffcf6dbd0650b4 4.835s
2025-11-20 09:14:50.127 60297 INFO tempest.lib.common.rest_client [req-a88bd659-d68d-4f4e-8830-1c095c15ddac req-a88bd659-d68d-4f4e-8830-1c095c15ddac ] Request (FlavorsExtraSpecsNegativeTestJSON:test_flavor_non_admin_update_specific_key): 200 POST http://10.180.1.21/compute/v2.1/flavors/1947052371/os-extra_specs 4.830s
2025-11-20 09:14:50.137 60278 INFO tempest.lib.common.rest_client [req-349c5b0e-d373-4cd7-b081-6a1e466a881d req-349c5b0e-d373-4cd7-b081-6a1e466a881d ] Request (SecurityGroupRulesTestJSON:setUpClass): 201 POST http://10.180.1.21:9696/networking/v2.0/subnets 1.148s
2025-11-20 09:14:50.187 60292 INFO tempest.lib.common.rest_client [req-6f634d99-9457-48c6-a6d2-9ded8cd6c6c3 req-6f634d99-9457-48c6-a6d2-9ded8cd6c6c3 ] Request (ServersAdminTestJSON:setUpClass): 202 POST http://10.180.1.21/compute/v2.1/servers 5.468s
2025-11-20 09:14:50.197 60302 INFO tempest.lib.common.rest_client [req-f2eff98e-30e1-4ed2-ac1b-f50da99f3182 req-f2eff98e-30e1-4ed2-ac1b-f50da99f3182 ] Request (HypervisorAdminNegativeUnderV252Test:test_show_servers_with_nonexistent_hypervisor): 404 GET http://10.180.1.21/compute/v2.1/os-hypervisors/de17f4d6-49e2-4f5d-bb9b-97b56855acda/servers 4.488s
2025-11-20 09:14:50.274 60260 INFO tempest.lib.common.rest_client [req-965cca4c-d112-4f3e-99c6-b22c6ce117d4 req-965cca4c-d112-4f3e-99c6-b22c6ce117d4 ] Request (FloatingIPsAssociationTestJSON:setUpClass): 201 POST http://10.180.1.21:9696/networking/v2.0/routers 2.058s
2025-11-20 09:14:50.295 60312 INFO tempest.lib.common.rest_client [req-d6e7862b-12ef-4138-aeb3-38b511172934 req-d6e7862b-12ef-4138-aeb3-38b511172934 ] Request (ServerDiagnosticsV248Test:test_get_server_diagnostics): 200 GET http://10.180.1.21/compute/v2.1/servers/15e44d1f-ae9b-4ff7-841c-90acc81cf38b 4.570s
2025-11-20 09:14:50.322 60298 INFO tempest.lib.common.rest_client [req-6781bfea-2ecb-41b6-a708-1e46da78ef20 req-6781bfea-2ecb-41b6-a708-1e46da78ef20 ] Request (FlavorsExtraSpecsTestJSON:test_flavor_set_get_update_show_unset_keys): 200 POST http://10.180.1.21/compute/v2.1/flavors/2134551552/os-extra_specs 4.590s
2025-11-20 09:14:50.330 60302 INFO tempest.lib.common.rest_client [req-6dbb33ac-ae4e-4f49-accb-38e43c916877 req-6dbb33ac-ae4e-4f49-accb-38e43c916877 ] Request (HypervisorAdminNegativeUnderV252Test:tearDownClass): 204 DELETE http://10.180.1.21/identity/v3/users/af3e737d518548278a279085afaf597b 0.131s
2025-11-20 09:14:50.335 60288 INFO tempest.lib.common.rest_client [req-5f3fa24a-2cb6-4e43-8b0e-6a67a360db80 req-5f3fa24a-2cb6-4e43-8b0e-6a67a360db80 ] Request (HostsAdminNegativeTestJSON:test_show_host_detail_with_nonexistent_hostname): 404 GET http://10.180.1.21/compute/v2.1/os-hosts/nonexistent_hostname 4.593s
2025-11-20 09:14:50.355 60266 INFO tempest.lib.common.rest_client [req-e553b33a-e4c5-4386-827d-af749791895e req-e553b33a-e4c5-4386-827d-af749791895e ] Request (ServerExternalEventsTest:test_create_server_external_events): 200 GET http://10.180.1.21/compute/v2.1/servers/363f5261-d589-4f99-b7dd-ab8f16cefee3 4.697s
2025-11-20 09:14:50.452 60302 INFO tempest.lib.common.rest_client [req-32358588-98a9-47d8-a205-7f9ef9ec95b4 req-32358588-98a9-47d8-a205-7f9ef9ec95b4 ] Request (HypervisorAdminNegativeUnderV252Test:tearDownClass): 204 DELETE http://10.180.1.21/identity/v3/users/1837f49dfedc409891bf0b34d8922b4c 0.121s
2025-11-20 09:14:50.452 60302 INFO tempest.lib.common.dynamic_creds [-] Deleting project and security group for project: 710d10e4ed16485eb4ef0b700c4a0006
2025-11-20 09:14:50.528 60302 INFO tempest.lib.common.rest_client [req-c69bb86d-b576-4a5f-a75e-206c3b11bc56 req-c69bb86d-b576-4a5f-a75e-206c3b11bc56 ] Request (HypervisorAdminNegativeUnderV252Test:tearDownClass): 201 POST http://10.180.1.21/identity/v3/auth/tokens 0.076s
2025-11-20 09:14:50.673 60276 INFO tempest.lib.common.rest_client [req-8dd0541b-cc3c-4524-83af-87adf4c2f0be req-8dd0541b-cc3c-4524-83af-87adf4c2f0be ] Request (QuotasAdminTestJSON:test_delete_quota): 200 GET http://10.180.1.21/compute/v2.1/os-quota-sets/3fbd1691e1884910b173be6845ddb869 4.534s
2025-11-20 09:14:50.791 60284 INFO tempest.lib.common.rest_client [req-99c85061-84e1-4a0d-b4c4-e79422bff3bd req-99c85061-84e1-4a0d-b4c4-e79422bff3bd ] Request (ListImagesTestJSON:test_get_image): 200 GET http://10.180.1.21/compute/v2.1/images/ce78d8ba-df84-4ce9-9b5e-632fda86b4cc 4.289s
2025-11-20 09:14:50.826 60302 INFO tempest.lib.common.rest_client [req-f24ae458-6c1a-4824-b6ba-6a215f285ca6 req-f24ae458-6c1a-4824-b6ba-6a215f285ca6 ] Request (HypervisorAdminNegativeUnderV252Test:tearDownClass): 200 GET http://10.180.1.21:9696/networking/v2.0/security-groups?tenant_id=710d10e4ed16485eb4ef0b700c4a0006&name=default 0.298s
2025-11-20 09:14:51.352 60304 INFO tempest.lib.common.rest_client [req-eacb9761-44e0-4d83-9433-8d4421c66474 req-eacb9761-44e0-4d83-9433-8d4421c66474 ] Request (ImagesTestJSON:test_create_image_from_stopped_server): 200 GET http://10.180.1.21/compute/v2.1/servers/8a0d9829-6759-4593-9230-459a546a5908 4.641s
2025-11-20 09:14:51.411 60302 INFO tempest.lib.common.rest_client [req-732ffa26-8bcf-4c83-b866-ecce2153509d req-732ffa26-8bcf-4c83-b866-ecce2153509d ] Request (HypervisorAdminNegativeUnderV252Test:tearDownClass): 204 DELETE http://10.180.1.21:9696/networking/v2.0/security-groups/b7b2ad22-d01e-4eac-b016-b1245f5507d2 0.584s
2025-11-20 09:14:51.498 60302 INFO tempest.lib.common.rest_client [req-455f3900-eb47-486b-9ff1-f99965404587 req-455f3900-eb47-486b-9ff1-f99965404587 ] Request (HypervisorAdminNegativeUnderV252Test:tearDownClass): 204 DELETE http://10.180.1.21/identity/v3/projects/710d10e4ed16485eb4ef0b700c4a0006 0.086s
2025-11-20 09:14:51.498 60302 INFO tempest.lib.common.dynamic_creds [-] Deleting project and security group for project: 5242331827c44d26a56481a2ff299e21
2025-11-20 09:14:51.531 60283 INFO tempest.lib.common.rest_client [req-f8a499f7-7ae1-4eaf-9aab-36371b84c6c5 req-f8a499f7-7ae1-4eaf-9aab-36371b84c6c5 ] Request (VolumesAssistedSnapshotsTest:test_volume_assisted_snapshot_create_delete): 202 POST http://10.180.1.21/compute/v2.1/servers 5.282s
2025-11-20 09:14:51.531 60262 INFO tempest.lib.common.rest_client [req-86c44778-fb89-4c3f-a61d-3b48126be375 req-86c44778-fb89-4c3f-a61d-3b48126be375 ] Request (FloatingIPsAssociationNegativeTestJSON:setUpClass): 200 GET http://10.180.1.21/compute/v2.1/servers/9214a18f-c22d-4e24-980e-7241a2b993bd 4.181s
2025-11-20 09:14:51.730 60254 INFO tempest.lib.common.rest_client [req-d31d7ba2-0d8e-4c05-bce5-600684a707e1 req-d31d7ba2-0d8e-4c05-bce5-600684a707e1 ] Request (QuotasAdminNegativeTest:_run_cleanups): 200 PUT http://10.180.1.21/compute/v2.1/os-quota-sets/629d77efbf5f424285943f344d1ecbdd 3.805s
2025-11-20 09:14:51.741 60302 INFO tempest.lib.common.rest_client [req-5bb1a4d9-01b4-4173-a933-386ac4566925 req-5bb1a4d9-01b4-4173-a933-386ac4566925 ] Request (HypervisorAdminNegativeUnderV252Test:tearDownClass): 200 GET http://10.180.1.21:9696/networking/v2.0/security-groups?tenant_id=5242331827c44d26a56481a2ff299e21&name=default 0.242s
2025-11-20 09:14:51.747 60252 INFO tempest.lib.common.rest_client [req-346e1578-317a-4e7b-94d9-b65eeb6a291a req-346e1578-317a-4e7b-94d9-b65eeb6a291a ] Request (ImagesMetadataTestJSON:setUp): 200 PUT http://10.180.1.21/compute/v2.1/images/37c0cb8b-4cdf-4843-bed6-fe0d77f2087a/metadata 3.792s
2025-11-20 09:14:52.020 60250 INFO tempest.lib.common.rest_client [req-c74b15db-3962-431c-930f-b0033e01b2aa req-c74b15db-3962-431c-930f-b0033e01b2aa ] Request (ServerDiagnosticsNegativeTest:test_get_server_diagnostics_by_non_admin): 200 GET http://10.180.1.21/compute/v2.1/servers/c4400e80-4457-4a8a-8588-f594e5993cde 3.434s
2025-11-20 09:14:52.091 60302 INFO tempest.lib.common.rest_client [req-e9f9d267-1eeb-429e-a46e-f3ab478ee0f4 req-e9f9d267-1eeb-429e-a46e-f3ab478ee0f4 ] Request (HypervisorAdminNegativeUnderV252Test:tearDownClass): 204 DELETE http://10.180.1.21:9696/networking/v2.0/security-groups/03a44a1a-fc2c-435b-8b67-920c710470aa 0.350s
2025-11-20 09:14:52.127 60294 INFO tempest.lib.common.rest_client [req-c04540b6-7c32-4bab-9db5-ba3b4d7e8dd6 req-c04540b6-7c32-4bab-9db5-ba3b4d7e8dd6 ] Request (ServersAdmin275Test:test_rebuild_update_server_275): 200 GET http://10.180.1.21/compute/v2.1/servers/68c87b51-b90a-47cc-bec1-05f7c389fc14 3.061s
2025-11-20 09:14:52.215 60302 INFO tempest.lib.common.rest_client [req-a418e4f6-3921-4f8e-9031-263c7b9a3c3a req-a418e4f6-3921-4f8e-9031-263c7b9a3c3a ] Request (HypervisorAdminNegativeUnderV252Test:tearDownClass): 204 DELETE http://10.180.1.21/identity/v3/projects/5242331827c44d26a56481a2ff299e21 0.124s
2025-11-20 09:14:52.248 60272 INFO tempest.lib.common.rest_client [req-68696909-aa75-4998-bb13-0c63cf192b9e req-68696909-aa75-4998-bb13-0c63cf192b9e ] Request (TenantUsagesTestJSON:setUpClass): 202 POST http://10.180.1.21/compute/v2.1/servers 3.722s
2025-11-20 09:14:52.262 60280 INFO tempest.lib.common.rest_client [req-b81c50a6-494b-47a0-8347-3f9b4a20f456 req-b81c50a6-494b-47a0-8347-3f9b4a20f456 ] Request (FlavorsV255TestJSON:_run_cleanups): 202 DELETE http://10.180.1.21/compute/v2.1/flavors/1256591360 3.107s
2025-11-20 09:14:52.268 60286 INFO tempest.lib.common.rest_client [req-9ce1ef50-c847-4015-aad8-960c0b476855 req-9ce1ef50-c847-4015-aad8-960c0b476855 ] Request (HypervisorAdminNegativeTestJSON:test_get_nonexistent_hypervisor_uptime): 404 GET http://10.180.1.21/compute/v2.1/os-hypervisors/df5988b9-0106-4507-8140-6d3da7a21e1e/uptime 3.084s
2025-11-20 09:14:52.287 60264 INFO tempest.lib.common.rest_client [req-6026f992-503e-4335-8372-b913a27edf71 req-6026f992-503e-4335-8372-b913a27edf71 ] Request (ServersWithSpecificFlavorTestJSON:test_verify_created_server_ephemeral_disk): 200 POST http://10.180.1.21/compute/v2.1/flavors 3.080s
2025-11-20 09:14:52.300 60310 INFO tempest.lib.common.rest_client [req-c40ea714-5ab9-4996-b70b-242766f70ff4 req-c40ea714-5ab9-4996-b70b-242766f70ff4 ] Request (InstanceActionsTestJSON:setUpClass): 201 POST http://10.180.1.21:9696/networking/v2.0/routers 2.890s
2025-11-20 09:14:52.306 60302 INFO tempest.lib.common.rest_client [req-88155bf0-d881-4f69-90ce-755234697bb4 req-88155bf0-d881-4f69-90ce-755234697bb4 ] Request (ImagesNegativeTestJSON:setUpClass): 201 POST http://10.180.1.21/identity/v3/auth/tokens 0.089s
2025-11-20 09:14:52.320 60290 INFO tempest.lib.common.rest_client [req-2f9b6fbe-cf62-4dca-8ae1-9d20401ba695 req-2f9b6fbe-cf62-4dca-8ae1-9d20401ba695 ] Request (KeyPairsNegativeTestJSON:test_create_keypair_when_public_key_bits_exceeds_maximum): 400 POST http://10.180.1.21/compute/v2.1/os-keypairs 2.993s
2025-11-20 09:14:52.339 60300 INFO tempest.lib.common.rest_client [req-450b5ff5-b671-4220-859b-d8682ac43786 req-450b5ff5-b671-4220-859b-d8682ac43786 ] Request (AggregatesAdminNegativeTestJSON:test_aggregate_add_host_as_user): 200 POST http://10.180.1.21/compute/v2.1/os-aggregates 2.993s
2025-11-20 09:14:52.344 60302 INFO tempest.lib.common.rest_client [req-7f9e693d-b547-475a-a081-42462e06f759 req-7f9e693d-b547-475a-a081-42462e06f759 ] Request (ImagesNegativeTestJSON:setUpClass): 201 POST http://10.180.1.21/identity/v3/auth/tokens 0.035s
2025-11-20 09:14:52.371 60302 INFO tempest.lib.common.rest_client [req-8f6e798e-2d51-4be6-9f7d-c2029799f446 req-8f6e798e-2d51-4be6-9f7d-c2029799f446 ] Request (ImagesNegativeTestJSON:setUpClass): 200 GET http://10.180.1.21/identity/v3/domains?name=Default 0.027s
2025-11-20 09:14:52.410 60302 INFO tempest.lib.common.rest_client [req-769ca299-166d-48e1-8d12-a0b23bcf1c97 req-769ca299-166d-48e1-8d12-a0b23bcf1c97 ] Request (ImagesNegativeTestJSON:setUpClass): 201 POST http://10.180.1.21/identity/v3/projects 0.038s
2025-11-20 09:14:52.476 60302 INFO tempest.lib.common.rest_client [req-6bcf1a1f-788d-4327-ac9c-5c17569e4370 req-6bcf1a1f-788d-4327-ac9c-5c17569e4370 ] Request (ImagesNegativeTestJSON:setUpClass): 201 POST http://10.180.1.21/identity/v3/users 0.066s
2025-11-20 09:14:52.499 60302 INFO tempest.lib.common.rest_client [req-d02cd10a-1089-461b-90fb-ce6a2185f5d1 req-d02cd10a-1089-461b-90fb-ce6a2185f5d1 ] Request (ImagesNegativeTestJSON:setUpClass): 200 GET http://10.180.1.21/identity/v3/roles 0.022s
2025-11-20 09:14:52.533 60278 INFO tempest.lib.common.rest_client [req-e4f1afdd-c46e-49f7-b4d4-2e9e22786a2b req-e4f1afdd-c46e-49f7-b4d4-2e9e22786a2b ] Request (SecurityGroupRulesTestJSON:setUpClass): 201 POST http://10.180.1.21:9696/networking/v2.0/routers 2.395s
2025-11-20 09:14:52.534 60302 INFO tempest.lib.common.rest_client [req-e6c76c94-0af4-478c-a08e-c9596dadc321 req-e6c76c94-0af4-478c-a08e-c9596dadc321 ] Request (ImagesNegativeTestJSON:setUpClass): 204 PUT http://10.180.1.21/identity/v3/projects/2603319cb5ac407b904fddcb2331c4fd/users/824ce854fa234a51b5ef99331836a438/roles/301d7010caf14a2cb8a2948050a3c63e 0.034s
2025-11-20 09:14:52.534 60302 INFO tempest.lib.common.dynamic_creds [-] Dynamic test user 824ce854fa234a51b5ef99331836a438 is created with scope project and roles: ['member']
2025-11-20 09:14:52.534 60302 INFO tempest.lib.common.dynamic_creds [-] Acquired dynamic creds: credentials: Credentials: {'domain_id': 'default', 'domain_name': 'Default', 'username': 'tempest-ImagesNegativeTestJSON-1784347717-project-member', 'project_domain_id': 'default', 'project_domain_name': 'Default', 'project_id': '2603319cb5ac407b904fddcb2331c4fd', 'project_name': 'tempest-ImagesNegativeTestJSON-1784347717', 'tenant_id': '2603319cb5ac407b904fddcb2331c4fd', 'tenant_name': 'tempest-ImagesNegativeTestJSON-1784347717', 'user_domain_id': 'default', 'user_domain_name': 'Default', 'user_id': '824ce854fa234a51b5ef99331836a438', 'system': None}, Network: None, Subnet: None, Router: None
2025-11-20 09:14:52.590 60302 INFO tempest.lib.common.rest_client [req-a08c67da-131d-4014-8529-760dd0215c40 req-a08c67da-131d-4014-8529-760dd0215c40 ] Request (ImagesNegativeTestJSON:setUpClass): 201 POST http://10.180.1.21/identity/v3/auth/tokens 0.056s
2025-11-20 09:14:52.635 60258 INFO tempest.lib.common.rest_client [req-2010d2f7-3d36-4eca-9ab9-cbed0336b70c req-2010d2f7-3d36-4eca-9ab9-cbed0336b70c ] Request (SecurityGroupsTestAdminJSON:test_list_security_groups_list_all_tenants_filter): 200 GET http://10.180.1.21/compute/v2.1/os-security-groups?all_tenants=true 3.504s
2025-11-20 09:14:52.652 60308 INFO tempest.lib.common.rest_client [req-891824b4-f783-49a3-86f1-6478aa6c3f66 req-891824b4-f783-49a3-86f1-6478aa6c3f66 ] Request (KeyPairsV210TestJSON:_run_cleanups): 204 DELETE http://10.180.1.21/compute/v2.1/os-keypairs/tempest-keypair-2039375430?user_id=db48fca96c994c9da3ffcf6dbd0650b4 2.550s
2025-11-20 09:14:52.661 60297 INFO tempest.lib.common.rest_client [req-5a001d9d-91ca-4784-a5c2-ca1cbf2f64be req-5a001d9d-91ca-4784-a5c2-ca1cbf2f64be ] Request (FlavorsExtraSpecsNegativeTestJSON:test_flavor_non_admin_update_specific_key): 403 PUT http://10.180.1.21/compute/v2.1/flavors/1947052371/os-extra_specs/hw:numa_nodes 2.533s
2025-11-20 09:14:52.729 60308 INFO tempest.lib.common.rest_client [req-4a0f2b25-356f-4ca8-9ac6-d2151977a19e req-4a0f2b25-356f-4ca8-9ac6-d2151977a19e ] Request (KeyPairsV210TestJSON:tearDownClass): 204 DELETE http://10.180.1.21/identity/v3/users/db48fca96c994c9da3ffcf6dbd0650b4 0.075s
2025-11-20 09:14:52.783 60306 INFO tempest.lib.common.rest_client [req-3e366fea-8d96-4b72-9b1a-29b7fc81cd88 req-3e366fea-8d96-4b72-9b1a-29b7fc81cd88 ] Request (ServersTestMultiNic:test_verify_duplicate_network_nics): 200 GET http://10.180.1.21/compute/v2.1/servers/37916d26-1b5e-4991-83a2-ca5a5b00c2ac 2.975s
2025-11-20 09:14:52.796 60298 INFO tempest.lib.common.rest_client [req-7b6f0bbd-202d-4410-9417-ec958e847a56 req-7b6f0bbd-202d-4410-9417-ec958e847a56 ] Request (FlavorsExtraSpecsTestJSON:test_flavor_set_get_update_show_unset_keys): 200 GET http://10.180.1.21/compute/v2.1/flavors/2134551552/os-extra_specs 2.473s
2025-11-20 09:14:52.801 60288 INFO tempest.lib.common.rest_client [req-cb3ae472-419e-4068-a361-f13f36d38c8d req-cb3ae472-419e-4068-a361-f13f36d38c8d ] Request (HostsAdminNegativeTestJSON:test_shutdown_host_with_non_admin_user): 403 GET http://10.180.1.21/compute/v2.1/os-hosts/devstack/shutdown 2.465s
2025-11-20 09:14:52.836 60308 INFO tempest.lib.common.rest_client [req-a9fb714a-a328-4926-a6c5-c69de0664ba0 req-a9fb714a-a328-4926-a6c5-c69de0664ba0 ] Request (KeyPairsV210TestJSON:tearDownClass): 204 DELETE http://10.180.1.21/identity/v3/users/52a9551f9efc4353a1cb75bf035e09b1 0.107s
2025-11-20 09:14:52.836 60308 INFO tempest.lib.common.dynamic_creds [-] Deleting project and security group for project: 3c0dc9da123042a8a603d401eedee262
2025-11-20 09:14:52.909 60292 INFO tempest.lib.common.rest_client [req-db779f15-8941-4aec-9ba4-2e8ef3b97de4 req-db779f15-8941-4aec-9ba4-2e8ef3b97de4 ] Request (ServersAdminTestJSON:setUpClass): 200 GET http://10.180.1.21/compute/v2.1/servers/3ab1b905-cd6f-4d2b-a244-f85e56f796d3 2.719s
2025-11-20 09:14:52.909 60308 INFO tempest.lib.common.rest_client [req-8cd09ecd-5342-42fb-a7c0-369af1cd9002 req-8cd09ecd-5342-42fb-a7c0-369af1cd9002 ] Request (KeyPairsV210TestJSON:tearDownClass): 201 POST http://10.180.1.21/identity/v3/auth/tokens 0.072s
2025-11-20 09:14:52.972 60284 INFO tempest.lib.common.rest_client [req-6855d075-5a31-4733-9209-35b828a99c89 req-6855d075-5a31-4733-9209-35b828a99c89 ] Request (ListImagesTestJSON:test_list_images): 200 GET http://10.180.1.21/compute/v2.1/images 2.175s
2025-11-20 09:14:53.006 60276 INFO tempest.lib.common.rest_client [req-8731462b-b923-4fcf-8c90-897fa0b30537 req-8731462b-b923-4fcf-8c90-897fa0b30537 ] Request (QuotasAdminTestJSON:test_delete_quota): 200 PUT http://10.180.1.21/compute/v2.1/os-quota-sets/3fbd1691e1884910b173be6845ddb869 2.331s
2025-11-20 09:14:53.059 60302 INFO tempest.lib.common.rest_client [req-51732263-7283-4f78-b433-ce37d585f68a req-51732263-7283-4f78-b433-ce37d585f68a ] Request (ImagesNegativeTestJSON:setUpClass): 201 POST http://10.180.1.21:9696/networking/v2.0/networks 0.468s
2025-11-20 09:14:53.153 60260 INFO tempest.lib.common.rest_client [req-3a587f4d-f9f2-4b8a-aaf1-3f0ee8878665 req-3a587f4d-f9f2-4b8a-aaf1-3f0ee8878665 ] Request (FloatingIPsAssociationTestJSON:setUpClass): 200 PUT http://10.180.1.21:9696/networking/v2.0/routers/29eb0e5f-c81e-43b8-b424-3dbfe16e4388/add_router_interface 2.878s
2025-11-20 09:14:53.153 60260 INFO tempest.lib.common.dynamic_creds [-] Created isolated network resources for: credentials: Credentials: {'domain_id': 'default', 'domain_name': 'Default', 'username': 'tempest-FloatingIPsAssociationTestJSON-160743284-project-member', 'project_domain_id': 'default', 'project_domain_name': 'Default', 'project_id': '266a868fd97a409c874eb39fc127e6b5', 'project_name': 'tempest-FloatingIPsAssociationTestJSON-160743284', 'tenant_id': '266a868fd97a409c874eb39fc127e6b5', 'tenant_name': 'tempest-FloatingIPsAssociationTestJSON-160743284', 'user_domain_id': 'default', 'user_domain_name': 'Default', 'user_id': 'e584b915b0a74e469a9921929402297a', 'system': None}, Network: {'id': '7318b151-de2e-4eb8-bb24-cd287516ca8d', 'name': 'tempest-FloatingIPsAssociationTestJSON-1451039137-network', 'tenant_id': '266a868fd97a409c874eb39fc127e6b5', 'admin_state_up': True, 'mtu': 8950, 'status': 'ACTIVE', 'subnets': [], 'shared': False, 'project_id': '266a868fd97a409c874eb39fc127e6b5', 'port_security_enabled': True, 'router:external': False, 'provider:network_type': 'vlan', 'provider:physical_network': 'default', 'provider:segmentation_id': 743, 'is_default': False, 'availability_zone_hints': [], 'availability_zones': [], 'ipv4_address_scope': None, 'ipv6_address_scope': None, 'description': '', 'tags': [], 'created_at': '2025-11-20T09:14:47Z', 'updated_at': '2025-11-20T09:14:47Z', 'revision_number': 1}, Subnet: {'id': '44dfd16b-e9c1-4025-9e44-fa26ed9b9cca', 'name': 'tempest-FloatingIPsAssociationTestJSON-1451039137-subnet', 'tenant_id': '266a868fd97a409c874eb39fc127e6b5', 'network_id': '7318b151-de2e-4eb8-bb24-cd287516ca8d', 'ip_version': 4, 'subnetpool_id': None, 'enable_dhcp': True, 'ipv6_ra_mode': None, 'ipv6_address_mode': None, 'gateway_ip': '192.168.128.1', 'cidr': '192.168.128.0/28', 'allocation_pools': [{'start': '192.168.128.2', 'end': '192.168.128.14'}], 'host_routes': [], 'dns_nameservers': [], 'description': '', 'service_types': [], 'tags': [], 'created_at': '2025-11-20T09:14:47Z', 'updated_at': '2025-11-20T09:14:47Z', 'revision_number': 0, 'project_id': '266a868fd97a409c874eb39fc127e6b5'}, Router: {'id': '29eb0e5f-c81e-43b8-b424-3dbfe16e4388', 'name': 'tempest-FloatingIPsAssociationTestJSON-1451039137-router', 'tenant_id': '266a868fd97a409c874eb39fc127e6b5', 'admin_state_up': True, 'status': 'ACTIVE', 'external_gateway_info': {'network_id': '0a9f7aca-07e6-4b09-b99a-0a3d7b346866', 'external_fixed_ips': [{'subnet_id': 'd205b769-da96-4ff0-9513-2e1f89332075', 'ip_address': '10.180.180.221'}], 'enable_snat': True}, 'description': '', 'availability_zones': [], 'distributed': False, 'ha': False, 'availability_zone_hints': [], 'routes': [], 'flavor_id': None, 'tags': [], 'created_at': '2025-11-20T09:14:48Z', 'updated_at': '2025-11-20T09:14:49Z', 'revision_number': 2, 'project_id': '266a868fd97a409c874eb39fc127e6b5'}
2025-11-20 09:14:53.153 60312 INFO tempest.lib.common.rest_client [req-862c9575-5929-49db-9f54-9497a04314b3 req-862c9575-5929-49db-9f54-9497a04314b3 ] Request (ServerDiagnosticsV248Test:test_get_server_diagnostics): 200 GET http://10.180.1.21/compute/v2.1/servers/15e44d1f-ae9b-4ff7-841c-90acc81cf38b 1.846s
2025-11-20 09:14:53.234 60260 INFO tempest.lib.common.rest_client [req-2885582b-2297-41db-8834-d6fd8636c54c req-2885582b-2297-41db-8834-d6fd8636c54c ] Request (FloatingIPsAssociationTestJSON:setUpClass): 201 POST http://10.180.1.21/identity/v3/auth/tokens 0.072s
2025-11-20 09:14:53.237 60308 INFO tempest.lib.common.rest_client [req-e343e634-37d6-401c-9df0-760f9d207316 req-e343e634-37d6-401c-9df0-760f9d207316 ] Request (KeyPairsV210TestJSON:tearDownClass): 200 GET http://10.180.1.21:9696/networking/v2.0/security-groups?tenant_id=3c0dc9da123042a8a603d401eedee262&name=default 0.327s
2025-11-20 09:14:53.280 60260 INFO tempest.lib.common.rest_client [req-150d1d1a-6f85-405c-92ca-0b3a6c305804 req-150d1d1a-6f85-405c-92ca-0b3a6c305804 ] Request (FloatingIPsAssociationTestJSON:setUpClass): 201 POST http://10.180.1.21/identity/v3/auth/tokens 0.040s
2025-11-20 09:14:53.280 60260 INFO tempest.lib.common.fixed_network [-] (FloatingIPsAssociationTestJSON:setUpClass) Found network {'id': '7318b151-de2e-4eb8-bb24-cd287516ca8d', 'name': 'tempest-FloatingIPsAssociationTestJSON-1451039137-network', 'tenant_id': '266a868fd97a409c874eb39fc127e6b5', 'admin_state_up': True, 'mtu': 8950, 'status': 'ACTIVE', 'subnets': [], 'shared': False, 'project_id': '266a868fd97a409c874eb39fc127e6b5', 'port_security_enabled': True, 'router:external': False, 'provider:network_type': 'vlan', 'provider:physical_network': 'default', 'provider:segmentation_id': 743, 'is_default': False, 'availability_zone_hints': [], 'availability_zones': [], 'ipv4_address_scope': None, 'ipv6_address_scope': None, 'description': '', 'tags': [], 'created_at': '2025-11-20T09:14:47Z', 'updated_at': '2025-11-20T09:14:47Z', 'revision_number': 1} available for tenant
2025-11-20 09:14:53.332 60268 INFO tempest.lib.common.rest_client [req-6150a94d-0091-4c05-8285-751366aec840 req-6150a94d-0091-4c05-8285-751366aec840 ] Request (DeleteServersAdminTestJSON:test_admin_delete_servers_of_others): 200 GET http://10.180.1.21/compute/v2.1/servers/7a4778b7-5ffc-4641-b968-d0304fd67ee0 2.243s
2025-11-20 09:14:53.458 60283 INFO tempest.lib.common.rest_client [req-8198a7ba-b3d0-46d4-8770-bc95f14695c6 req-8198a7ba-b3d0-46d4-8770-bc95f14695c6 ] Request (VolumesAssistedSnapshotsTest:test_volume_assisted_snapshot_create_delete): 200 GET http://10.180.1.21/compute/v2.1/servers/036d6de2-f69b-4714-b89e-9c4307253675 1.925s
2025-11-20 09:14:53.467 60266 INFO tempest.lib.common.rest_client [req-43e15701-9235-45e1-a693-ed0092ccce48 req-43e15701-9235-45e1-a693-ed0092ccce48 ] Request (ServerExternalEventsTest:test_create_server_external_events): 200 GET http://10.180.1.21/compute/v2.1/servers/363f5261-d589-4f99-b7dd-ab8f16cefee3 2.103s
2025-11-20 09:14:53.495 60308 INFO tempest.lib.common.rest_client [req-03e1dca7-ee45-469f-86df-c063d959e9dc req-03e1dca7-ee45-469f-86df-c063d959e9dc ] Request (KeyPairsV210TestJSON:tearDownClass): 204 DELETE http://10.180.1.21:9696/networking/v2.0/security-groups/bfd185ef-e98c-4420-b116-88ae275c320d 0.257s
2025-11-20 09:14:53.500 60252 INFO tempest.lib.common.rest_client [req-3f37021b-095e-45c8-a340-aa73839634e5 req-3f37021b-095e-45c8-a340-aa73839634e5 ] Request (ImagesMetadataTestJSON:test_get_image_metadata_item): 200 GET http://10.180.1.21/compute/v2.1/images/37c0cb8b-4cdf-4843-bed6-fe0d77f2087a/metadata/os_distro 1.751s
2025-11-20 09:14:53.593 60272 INFO tempest.lib.common.rest_client [req-1a6e72e2-5e5a-468e-a390-18ec27a5b3e3 req-1a6e72e2-5e5a-468e-a390-18ec27a5b3e3 ] Request (TenantUsagesTestJSON:setUpClass): 200 GET http://10.180.1.21/compute/v2.1/servers/5888cc9f-7341-4f9c-a93c-dd5ec95f7369 1.344s
2025-11-20 09:14:53.594 60308 INFO tempest.lib.common.rest_client [req-fe0f4acb-e1f9-4d8e-8bee-64366cf836c9 req-fe0f4acb-e1f9-4d8e-8bee-64366cf836c9 ] Request (KeyPairsV210TestJSON:tearDownClass): 204 DELETE http://10.180.1.21/identity/v3/projects/3c0dc9da123042a8a603d401eedee262 0.099s
2025-11-20 09:14:53.594 60308 INFO tempest.lib.common.dynamic_creds [-] Deleting project and security group for project: 6ed54c0585bd43bca51ce4bbada27dd3
2025-11-20 09:14:53.615 60280 INFO tempest.lib.common.rest_client [req-b9341460-f1fe-4dd8-a11b-c833547f1d44 req-b9341460-f1fe-4dd8-a11b-c833547f1d44 ] Request (FlavorsV255TestJSON:_run_cleanups): 200 GET http://10.180.1.21/compute/v2.1/flavors/detail 1.353s
2025-11-20 09:14:53.642 60286 INFO tempest.lib.common.rest_client [req-bdb95a3c-b493-41fb-b8ab-f1b867f6e3d1 req-bdb95a3c-b493-41fb-b8ab-f1b867f6e3d1 ] Request (HypervisorAdminNegativeTestJSON:test_show_hypervisor_with_non_admin_user): 200 GET http://10.180.1.21/compute/v2.1/os-hypervisors 1.372s
2025-11-20 09:14:53.652 60264 INFO tempest.lib.common.rest_client [req-98301efb-0228-47cc-9981-55ca09a01aae req-98301efb-0228-47cc-9981-55ca09a01aae ] Request (ServersWithSpecificFlavorTestJSON:test_verify_created_server_ephemeral_disk): 200 GET http://10.180.1.21/compute/v2.1/flavors/42/os-extra_specs 1.362s
2025-11-20 09:14:53.671 60254 INFO tempest.lib.common.rest_client [req-f59ca355-e3ec-4fa7-aa52-96573c888f6b req-f59ca355-e3ec-4fa7-aa52-96573c888f6b ] Request (QuotasAdminNegativeTest:test_create_server_when_memory_quota_is_full): 200 GET http://10.180.1.21/compute/v2.1/os-quota-sets/629d77efbf5f424285943f344d1ecbdd 1.938s
2025-11-20 09:14:53.687 60290 INFO tempest.lib.common.rest_client [req-69768454-fa2d-4bea-bd6e-56ac491d5430 req-69768454-fa2d-4bea-bd6e-56ac491d5430 ] Request (KeyPairsNegativeTestJSON:test_create_keypair_with_duplicate_name): 200 POST http://10.180.1.21/compute/v2.1/os-keypairs 1.364s
2025-11-20 09:14:53.769 60280 INFO tempest.lib.common.rest_client [req-fe52fd74-9341-4e03-bd0b-1a8184654ce1 req-fe52fd74-9341-4e03-bd0b-1a8184654ce1 ] Request (FlavorsV255TestJSON:tearDownClass): 204 DELETE http://10.180.1.21/identity/v3/users/3e77cc57724d47e4bb30feebf54b6ff1 0.145s
2025-11-20 09:14:53.847 60300 INFO tempest.lib.common.rest_client [req-57b5f0c5-aad8-4762-81c0-30887d31c15a req-57b5f0c5-aad8-4762-81c0-30887d31c15a ] Request (AggregatesAdminNegativeTestJSON:test_aggregate_add_host_as_user): 403 POST http://10.180.1.21/compute/v2.1/os-aggregates/2/action 1.506s
2025-11-20 09:14:53.875 60280 INFO tempest.lib.common.rest_client [req-fe793b14-5b71-4ab0-9d4e-4c455127d6fb req-fe793b14-5b71-4ab0-9d4e-4c455127d6fb ] Request (FlavorsV255TestJSON:tearDownClass): 204 DELETE http://10.180.1.21/identity/v3/users/d6f28b621a5748eba2733ffb6301d912 0.105s
2025-11-20 09:14:53.877 60280 INFO tempest.lib.common.dynamic_creds [-] Deleting project and security group for project: dbdf74b649ed43cca51065302d5d0688
2025-11-20 09:14:53.947 60280 INFO tempest.lib.common.rest_client [req-cbae414a-772b-4778-9a78-d100a1b563e5 req-cbae414a-772b-4778-9a78-d100a1b563e5 ] Request (FlavorsV255TestJSON:tearDownClass): 201 POST http://10.180.1.21/identity/v3/auth/tokens 0.069s
2025-11-20 09:14:54.194 60304 INFO tempest.lib.common.rest_client [req-36da3c36-da1f-4db2-8e12-f685f9505898 req-36da3c36-da1f-4db2-8e12-f685f9505898 ] Request (ImagesTestJSON:test_create_image_from_stopped_server): 200 GET http://10.180.1.21/compute/v2.1/servers/8a0d9829-6759-4593-9230-459a546a5908 1.835s
2025-11-20 09:14:54.215 60278 INFO tempest.lib.common.rest_client [req-fed48051-30cb-4b01-b8ab-8b1397fd8711 req-fed48051-30cb-4b01-b8ab-8b1397fd8711 ] Request (SecurityGroupRulesTestJSON:setUpClass): 200 PUT http://10.180.1.21:9696/networking/v2.0/routers/c919eee1-5e5e-47cc-8ced-2890e4ee037f/add_router_interface 1.681s
2025-11-20 09:14:54.216 60278 INFO tempest.lib.common.dynamic_creds [-] Created isolated network resources for: credentials: Credentials: {'domain_id': 'default', 'domain_name': 'Default', 'username': 'tempest-SecurityGroupRulesTestJSON-313484200-project-member', 'project_domain_id': 'default', 'project_domain_name': 'Default', 'project_id': 'e36c1f6be80d4c1da146dca7b97d0c1e', 'project_name': 'tempest-SecurityGroupRulesTestJSON-313484200', 'tenant_id': 'e36c1f6be80d4c1da146dca7b97d0c1e', 'tenant_name': 'tempest-SecurityGroupRulesTestJSON-313484200', 'user_domain_id': 'default', 'user_domain_name': 'Default', 'user_id': '0e4013f32e6d40e992048632e5921668', 'system': None}, Network: {'id': '70be2daa-ad91-45a2-8b60-2e74b39a8b49', 'name': 'tempest-SecurityGroupRulesTestJSON-1724134825-network', 'tenant_id': 'e36c1f6be80d4c1da146dca7b97d0c1e', 'admin_state_up': True, 'mtu': 8950, 'status': 'ACTIVE', 'subnets': [], 'shared': False, 'project_id': 'e36c1f6be80d4c1da146dca7b97d0c1e', 'port_security_enabled': True, 'router:external': False, 'provider:network_type': 'vlan', 'provider:physical_network': 'default', 'provider:segmentation_id': 277, 'is_default': False, 'availability_zone_hints': [], 'availability_zones': [], 'ipv4_address_scope': None, 'ipv6_address_scope': None, 'description': '', 'tags': [], 'created_at': '2025-11-20T09:14:48Z', 'updated_at': '2025-11-20T09:14:48Z', 'revision_number': 1}, Subnet: {'id': '75d43dbd-15fa-4940-b10b-199dee8adc28', 'name': 'tempest-SecurityGroupRulesTestJSON-1724134825-subnet', 'tenant_id': 'e36c1f6be80d4c1da146dca7b97d0c1e', 'network_id': '70be2daa-ad91-45a2-8b60-2e74b39a8b49', 'ip_version': 4, 'subnetpool_id': None, 'enable_dhcp': True, 'ipv6_ra_mode': None, 'ipv6_address_mode': None, 'gateway_ip': '192.168.128.1', 'cidr': '192.168.128.0/28', 'allocation_pools': [{'start': '192.168.128.2', 'end': '192.168.128.14'}], 'host_routes': [], 'dns_nameservers': [], 'description': '', 'service_types': [], 'tags': [], 'created_at': '2025-11-20T09:14:49Z', 'updated_at': '2025-11-20T09:14:49Z', 'revision_number': 0, 'project_id': 'e36c1f6be80d4c1da146dca7b97d0c1e'}, Router: {'id': 'c919eee1-5e5e-47cc-8ced-2890e4ee037f', 'name': 'tempest-SecurityGroupRulesTestJSON-1724134825-router', 'tenant_id': 'e36c1f6be80d4c1da146dca7b97d0c1e', 'admin_state_up': True, 'status': 'ACTIVE', 'external_gateway_info': {'network_id': '0a9f7aca-07e6-4b09-b99a-0a3d7b346866', 'external_fixed_ips': [{'subnet_id': 'd205b769-da96-4ff0-9513-2e1f89332075', 'ip_address': '10.180.180.251'}], 'enable_snat': True}, 'description': '', 'availability_zones': [], 'distributed': False, 'ha': False, 'availability_zone_hints': [], 'routes': [], 'flavor_id': None, 'tags': [], 'created_at': '2025-11-20T09:14:50Z', 'updated_at': '2025-11-20T09:14:51Z', 'revision_number': 2, 'project_id': 'e36c1f6be80d4c1da146dca7b97d0c1e'}
2025-11-20 09:14:54.237 60308 INFO tempest.lib.common.rest_client [req-c7fc992e-e1b3-4652-8b12-1cbd39b34486 req-c7fc992e-e1b3-4652-8b12-1cbd39b34486 ] Request (KeyPairsV210TestJSON:tearDownClass): 200 GET http://10.180.1.21:9696/networking/v2.0/security-groups?tenant_id=6ed54c0585bd43bca51ce4bbada27dd3&name=default 0.642s
2025-11-20 09:14:54.285 60302 INFO tempest.lib.common.rest_client [req-7d757ffa-dba0-432f-ae71-1bc09ca810b7 req-7d757ffa-dba0-432f-ae71-1bc09ca810b7 ] Request (ImagesNegativeTestJSON:setUpClass): 201 POST http://10.180.1.21:9696/networking/v2.0/subnets 1.226s
2025-11-20 09:14:54.304 60278 INFO tempest.lib.common.rest_client [req-4aadbe74-e81c-40d7-ba73-18c2040c37cf req-4aadbe74-e81c-40d7-ba73-18c2040c37cf ] Request (SecurityGroupRulesTestJSON:setUpClass): 201 POST http://10.180.1.21/identity/v3/auth/tokens 0.081s
2025-11-20 09:14:54.464 60308 INFO tempest.lib.common.rest_client [req-e7fefe59-c604-4787-b407-3674293b43fa req-e7fefe59-c604-4787-b407-3674293b43fa ] Request (KeyPairsV210TestJSON:tearDownClass): 204 DELETE http://10.180.1.21:9696/networking/v2.0/security-groups/b634b4b7-9279-4c9d-bd04-9c0c3d355256 0.226s
2025-11-20 09:14:54.507 60262 INFO tempest.lib.common.rest_client [req-c9fdc481-60d3-408d-9a03-b8bfdc6465df req-c9fdc481-60d3-408d-9a03-b8bfdc6465df ] Request (FloatingIPsAssociationNegativeTestJSON:setUpClass): 200 GET http://10.180.1.21/compute/v2.1/servers/9214a18f-c22d-4e24-980e-7241a2b993bd 1.968s
2025-11-20 09:14:54.524 60297 INFO tempest.lib.common.rest_client [req-cc72a553-d3d4-48a9-bb23-359fbcf547ef req-cc72a553-d3d4-48a9-bb23-359fbcf547ef ] Request (FlavorsExtraSpecsNegativeTestJSON:test_flavor_unset_nonexistent_key): 404 DELETE http://10.180.1.21/compute/v2.1/flavors/1947052371/os-extra_specs/hw:cpu_thread_policy 1.862s
2025-11-20 09:14:54.548 60298 INFO tempest.lib.common.rest_client [req-bb22ece1-4702-46cb-abf3-7ebec583b908 req-bb22ece1-4702-46cb-abf3-7ebec583b908 ] Request (FlavorsExtraSpecsTestJSON:test_flavor_set_get_update_show_unset_keys): 200 PUT http://10.180.1.21/compute/v2.1/flavors/2134551552/os-extra_specs/hw:numa_nodes 1.750s
2025-11-20 09:14:54.552 60308 INFO tempest.lib.common.rest_client [req-a0a4858c-c9c6-4dc9-af36-460b15c947e9 req-a0a4858c-c9c6-4dc9-af36-460b15c947e9 ] Request (KeyPairsV210TestJSON:tearDownClass): 204 DELETE http://10.180.1.21/identity/v3/projects/6ed54c0585bd43bca51ce4bbada27dd3 0.088s
2025-11-20 09:14:54.557 60280 INFO tempest.lib.common.rest_client [req-ce6ff13a-3e40-4824-84c8-f7f93c94c6d8 req-ce6ff13a-3e40-4824-84c8-f7f93c94c6d8 ] Request (FlavorsV255TestJSON:tearDownClass): 200 GET http://10.180.1.21:9696/networking/v2.0/security-groups?tenant_id=dbdf74b649ed43cca51065302d5d0688&name=default 0.610s
2025-11-20 09:14:54.560 60288 INFO tempest.lib.common.rest_client [req-6f3a5c5f-f277-45a8-ab7d-3dda47157f15 req-6f3a5c5f-f277-45a8-ab7d-3dda47157f15 ] Request (HostsAdminNegativeTestJSON:test_shutdown_nonexistent_host): 404 GET http://10.180.1.21/compute/v2.1/os-hosts/nonexistent_hostname/shutdown 1.758s
2025-11-20 09:14:54.598 60284 INFO tempest.lib.common.rest_client [req-1445190f-2a4e-4d13-8aa6-460a8a10e69c req-1445190f-2a4e-4d13-8aa6-460a8a10e69c ] Request (ListImagesTestJSON:test_list_images_with_detail): 200 GET http://10.180.1.21/compute/v2.1/images/detail 1.621s
2025-11-20 09:14:54.615 60276 INFO tempest.lib.common.rest_client [req-20d2fcf9-af1f-4496-a3ae-1579a27d9717 req-20d2fcf9-af1f-4496-a3ae-1579a27d9717 ] Request (QuotasAdminTestJSON:test_delete_quota): 202 DELETE http://10.180.1.21/compute/v2.1/os-quota-sets/3fbd1691e1884910b173be6845ddb869 1.607s
2025-11-20 09:14:54.627 60308 INFO tempest.lib.common.rest_client [req-2234168f-e208-42b2-a7f8-250a91e41ce2 req-2234168f-e208-42b2-a7f8-250a91e41ce2 ] Request (ImagesOneServerTestJSON:setUpClass): 201 POST http://10.180.1.21/identity/v3/auth/tokens 0.073s
2025-11-20 09:14:54.659 60308 INFO tempest.lib.common.rest_client [req-e110d638-99d0-4dde-bd60-dabe2a3d67a2 req-e110d638-99d0-4dde-bd60-dabe2a3d67a2 ] Request (ImagesOneServerTestJSON:setUpClass): 201 POST http://10.180.1.21/identity/v3/auth/tokens 0.030s
2025-11-20 09:14:54.680 60308 INFO tempest.lib.common.rest_client [req-080a0bc0-771e-449a-83c7-aebd5d15cc72 req-080a0bc0-771e-449a-83c7-aebd5d15cc72 ] Request (ImagesOneServerTestJSON:setUpClass): 200 GET http://10.180.1.21/identity/v3/domains?name=Default 0.020s
2025-11-20 09:14:54.707 60308 INFO tempest.lib.common.rest_client [req-69bdb5b7-3303-4698-a24e-4a50430aa1d7 req-69bdb5b7-3303-4698-a24e-4a50430aa1d7 ] Request (ImagesOneServerTestJSON:setUpClass): 201 POST http://10.180.1.21/identity/v3/projects 0.026s
2025-11-20 09:14:54.715 60284 INFO tempest.lib.common.rest_client [req-0b025a8c-97ed-40af-9ca7-d9ec71eaae0a req-0b025a8c-97ed-40af-9ca7-d9ec71eaae0a ] Request (ListImagesTestJSON:tearDownClass): 204 DELETE http://10.180.1.21/identity/v3/users/3f22e396de5e45d89163610a57fe00cd 0.110s
2025-11-20 09:14:54.715 60284 INFO tempest.lib.common.dynamic_creds [-] Deleting project and security group for project: 76c35a704c2e469fbb0f76214d124e33
2025-11-20 09:14:54.778 60258 INFO tempest.lib.common.rest_client [req-b755342d-7175-4ea7-8146-e73a76657844 req-b755342d-7175-4ea7-8146-e73a76657844 ] Request (SecurityGroupsTestAdminJSON:_run_cleanups): 202 DELETE http://10.180.1.21/compute/v2.1/os-security-groups/896f7c3e-10ad-4f1f-a21b-b75d226f3e39 2.140s
2025-11-20 09:14:54.790 60284 INFO tempest.lib.common.rest_client [req-cfe8fe6c-d93f-4b1b-b3da-2d0d127f4d5d req-cfe8fe6c-d93f-4b1b-b3da-2d0d127f4d5d ] Request (ListImagesTestJSON:tearDownClass): 201 POST http://10.180.1.21/identity/v3/auth/tokens 0.074s
2025-11-20 09:14:54.801 60308 INFO tempest.lib.common.rest_client [req-63a9d6e8-319c-4dfb-9928-b3078fb889ac req-63a9d6e8-319c-4dfb-9928-b3078fb889ac ] Request (ImagesOneServerTestJSON:setUpClass): 201 POST http://10.180.1.21/identity/v3/users 0.093s
2025-11-20 09:14:54.830 60308 INFO tempest.lib.common.rest_client [req-2f0988b1-2cc9-44d1-a33d-594fb7efe4b1 req-2f0988b1-2cc9-44d1-a33d-594fb7efe4b1 ] Request (ImagesOneServerTestJSON:setUpClass): 200 GET http://10.180.1.21/identity/v3/roles 0.028s
2025-11-20 09:14:54.866 60308 INFO tempest.lib.common.rest_client [req-ae80266e-d71f-4bb5-a64b-f737510c86f1 req-ae80266e-d71f-4bb5-a64b-f737510c86f1 ] Request (ImagesOneServerTestJSON:setUpClass): 204 PUT http://10.180.1.21/identity/v3/projects/7690c2ab4cfb48618ef3cc747bdb646f/users/6d6d12c4533e4013b3baac67f6d7aad8/roles/301d7010caf14a2cb8a2948050a3c63e 0.035s
2025-11-20 09:14:54.866 60308 INFO tempest.lib.common.dynamic_creds [-] Dynamic test user 6d6d12c4533e4013b3baac67f6d7aad8 is created with scope project and roles: ['member']
2025-11-20 09:14:54.866 60308 INFO tempest.lib.common.dynamic_creds [-] Acquired dynamic creds: credentials: Credentials: {'domain_id': 'default', 'domain_name': 'Default', 'username': 'tempest-ImagesOneServerTestJSON-1288149506-project-member', 'project_domain_id': 'default', 'project_domain_name': 'Default', 'project_id': '7690c2ab4cfb48618ef3cc747bdb646f', 'project_name': 'tempest-ImagesOneServerTestJSON-1288149506', 'tenant_id': '7690c2ab4cfb48618ef3cc747bdb646f', 'tenant_name': 'tempest-ImagesOneServerTestJSON-1288149506', 'user_domain_id': 'default', 'user_domain_name': 'Default', 'user_id': '6d6d12c4533e4013b3baac67f6d7aad8', 'system': None}, Network: None, Subnet: None, Router: None
2025-11-20 09:14:54.888 60294 INFO tempest.lib.common.rest_client [req-75d38c42-bbf0-4712-b474-8d09a29b8358 req-75d38c42-bbf0-4712-b474-8d09a29b8358 ] Request (ServersAdmin275Test:test_rebuild_update_server_275): 200 GET http://10.180.1.21/compute/v2.1/servers/68c87b51-b90a-47cc-bec1-05f7c389fc14 1.746s
2025-11-20 09:14:54.892 60250 INFO tempest.lib.common.rest_client [req-7023480c-1c53-4a99-b6b2-0103cf55c3d1 req-7023480c-1c53-4a99-b6b2-0103cf55c3d1 ] Request (ServerDiagnosticsNegativeTest:test_get_server_diagnostics_by_non_admin): 200 GET http://10.180.1.21/compute/v2.1/servers/c4400e80-4457-4a8a-8588-f594e5993cde 1.865s
2025-11-20 09:14:54.931 60308 INFO tempest.lib.common.rest_client [req-ae1c1fa6-3dd7-4a23-b10f-555b0f10dc08 req-ae1c1fa6-3dd7-4a23-b10f-555b0f10dc08 ] Request (ImagesOneServerTestJSON:setUpClass): 201 POST http://10.180.1.21/identity/v3/auth/tokens 0.064s
2025-11-20 09:14:54.999 60280 INFO tempest.lib.common.rest_client [req-01e384b7-e674-4abc-90f0-f3b311797592 req-01e384b7-e674-4abc-90f0-f3b311797592 ] Request (FlavorsV255TestJSON:tearDownClass): 204 DELETE http://10.180.1.21:9696/networking/v2.0/security-groups/9fc5c188-a812-42a6-b600-6b68ab76c005 0.441s
2025-11-20 09:14:55.064 60284 INFO tempest.lib.common.rest_client [req-799dbfe0-42be-458c-b55a-696178659d04 req-799dbfe0-42be-458c-b55a-696178659d04 ] Request (ListImagesTestJSON:tearDownClass): 200 GET http://10.180.1.21:9696/networking/v2.0/security-groups?tenant_id=76c35a704c2e469fbb0f76214d124e33&name=default 0.273s
2025-11-20 09:14:55.066 60252 INFO tempest.lib.common.rest_client [req-c80c90a3-3b1f-42ff-bd6e-c874689f409e req-c80c90a3-3b1f-42ff-bd6e-c874689f409e ] Request (ImagesMetadataTestJSON:setUp): 200 PUT http://10.180.1.21/compute/v2.1/images/37c0cb8b-4cdf-4843-bed6-fe0d77f2087a/metadata 1.564s
2025-11-20 09:14:55.069 60280 INFO tempest.lib.common.rest_client [req-0abb4d37-de25-4ef3-b4ad-69942ab63310 req-0abb4d37-de25-4ef3-b4ad-69942ab63310 ] Request (FlavorsV255TestJSON:tearDownClass): 204 DELETE http://10.180.1.21/identity/v3/projects/dbdf74b649ed43cca51065302d5d0688 0.070s
2025-11-20 09:14:55.069 60280 INFO tempest.lib.common.dynamic_creds [-] Deleting project and security group for project: d359cd0356364055b1134c5b1b575191
2025-11-20 09:14:55.079 60286 INFO tempest.lib.common.rest_client [req-5da0dcee-ac25-4094-b23a-6a6161177605 req-5da0dcee-ac25-4094-b23a-6a6161177605 ] Request (HypervisorAdminNegativeTestJSON:test_show_hypervisor_with_non_admin_user): 403 GET http://10.180.1.21/compute/v2.1/os-hypervisors/1 1.435s
2025-11-20 09:14:55.110 60264 INFO tempest.lib.common.rest_client [req-0191c8cf-2ddc-43ca-98b3-87d47a16e980 req-0191c8cf-2ddc-43ca-98b3-87d47a16e980 ] Request (ServersWithSpecificFlavorTestJSON:test_verify_created_server_ephemeral_disk): 200 POST http://10.180.1.21/compute/v2.1/flavors/1096631335/os-extra_specs 1.457s
2025-11-20 09:14:55.263 60254 INFO tempest.lib.common.rest_client [req-3ce48f54-3b4f-4126-8b5b-f8a70b2a05f7 req-3ce48f54-3b4f-4126-8b5b-f8a70b2a05f7 ] Request (QuotasAdminNegativeTest:test_create_server_when_memory_quota_is_full): 200 PUT http://10.180.1.21/compute/v2.1/os-quota-sets/629d77efbf5f424285943f344d1ecbdd 1.589s
2025-11-20 09:14:55.298 60290 INFO tempest.lib.common.rest_client [req-c2f15586-3ca4-405b-991f-1fbac77ececb req-c2f15586-3ca4-405b-991f-1fbac77ececb ] Request (KeyPairsNegativeTestJSON:test_create_keypair_with_duplicate_name): 409 POST http://10.180.1.21/compute/v2.1/os-keypairs 1.606s
2025-11-20 09:14:55.352 60254 INFO tempest.lib.common.rest_client [req-b5e01a94-5c46-47b6-a863-ddfe921c2faa req-b5e01a94-5c46-47b6-a863-ddfe921c2faa ] Request (QuotasAdminNegativeTest:test_create_server_when_memory_quota_is_full): 201 POST http://10.180.1.21/identity/v3/auth/tokens 0.084s
2025-11-20 09:14:55.352 60254 INFO tempest.lib.common.fixed_network [-] (QuotasAdminNegativeTest:test_create_server_when_memory_quota_is_full) Found network None available for tenant
2025-11-20 09:14:55.415 60280 INFO tempest.lib.common.rest_client [req-259bce55-1ec1-4a20-9fa1-506ea900a223 req-259bce55-1ec1-4a20-9fa1-506ea900a223 ] Request (FlavorsV255TestJSON:tearDownClass): 200 GET http://10.180.1.21:9696/networking/v2.0/security-groups?tenant_id=d359cd0356364055b1134c5b1b575191&name=default 0.345s
2025-11-20 09:14:55.553 60280 INFO tempest.lib.common.rest_client [req-8cf91b0c-ca79-49a5-a867-08c378d08e88 req-8cf91b0c-ca79-49a5-a867-08c378d08e88 ] Request (FlavorsV255TestJSON:tearDownClass): 204 DELETE http://10.180.1.21:9696/networking/v2.0/security-groups/2e39c1bc-cdbe-46b6-9936-8b8d125dc542 0.138s
2025-11-20 09:14:55.686 60280 INFO tempest.lib.common.rest_client [req-0e1e0cbf-ab78-4b94-9045-8d1256c7cd72 req-0e1e0cbf-ab78-4b94-9045-8d1256c7cd72 ] Request (FlavorsV255TestJSON:tearDownClass): 204 DELETE http://10.180.1.21/identity/v3/projects/d359cd0356364055b1134c5b1b575191 0.132s
2025-11-20 09:14:55.716 60302 INFO tempest.lib.common.rest_client [req-2c83a091-fd24-4436-9b7b-b958fa9f4b60 req-2c83a091-fd24-4436-9b7b-b958fa9f4b60 ] Request (ImagesNegativeTestJSON:setUpClass): 201 POST http://10.180.1.21:9696/networking/v2.0/routers 1.430s
