2025-11-20 09:18:00.200 60292 INFO tempest.lib.common.rest_client [req-21f56c1f-37a6-4c50-b5cb-3cb98a10e742 req-21f56c1f-37a6-4c50-b5cb-3cb98a10e742 ] Request (ServersAdminTestJSON:setUpClass): 200 GET http://10.180.1.21/compute/v2.1/servers/3ab1b905-cd6f-4d2b-a244-f85e56f796d3 0.088s
2025-11-20 09:18:00.348 60280 INFO tempest.lib.common.rest_client [req-d75b31ae-07f6-4ef1-9643-c60f283f6180 req-d75b31ae-07f6-4ef1-9643-c60f283f6180 ] Request (AttachInterfacesTestJSON:test_create_list_show_delete_interfaces_by_fixed_ip): 200 GET http://10.180.1.21/compute/v2.1/servers/1eaf8e02-bfb0-4928-9687-cc781a84d16d 0.046s
2025-11-20 09:18:00.431 60304 INFO tempest.lib.common.rest_client [req-a34aa6c3-ade1-4020-948b-bedba0518aab req-a34aa6c3-ade1-4020-948b-bedba0518aab ] Request (ImagesTestJSON:test_create_image_from_suspended_server): 200 GET http://10.180.1.21/compute/v2.1/servers/c841298b-f103-4dc7-8884-efdf2ebc20a6 0.047s
2025-11-20 09:18:00.478 60270 INFO tempest.lib.common.rest_client [req-f082a3b3-e693-4d42-8d9d-a4bfe6bcd54b req-f082a3b3-e693-4d42-8d9d-a4bfe6bcd54b ] Request (SecurityGroupsTestJSON:test_server_security_groups): 200 GET http://10.180.1.21/compute/v2.1/servers/bd91e947-acae-4dbd-b48b-5a6727eb4cbb 0.047s
2025-11-20 09:18:00.688 60272 INFO tempest.lib.common.rest_client [req-3d64e922-94e5-4327-a311-601e1cf041ae req-3d64e922-94e5-4327-a311-601e1cf041ae ] Request (TenantUsagesTestJSON:setUpClass): 200 GET http://10.180.1.21/compute/v2.1/servers/5888cc9f-7341-4f9c-a93c-dd5ec95f7369 0.133s
2025-11-20 09:18:00.697 60306 INFO tempest.lib.common.rest_client [req-eb21b737-3d47-4661-86d5-489a0e33226f req-eb21b737-3d47-4661-86d5-489a0e33226f ] Request (ServersTestMultiNic:test_verify_duplicate_network_nics): 200 GET http://10.180.1.21/compute/v2.1/servers/37916d26-1b5e-4991-83a2-ca5a5b00c2ac 0.138s
2025-11-20 09:18:00.736 60264 INFO tempest.lib.common.rest_client [req-54765f51-ccf3-4037-a8d0-8812b10f8b61 req-54765f51-ccf3-4037-a8d0-8812b10f8b61 ] Request (ServerActionsTestOtherA:setUpClass): 200 GET http://10.180.1.21/compute/v2.1/servers/95358801-c9d8-4582-a712-36a8bf586456 0.132s
2025-11-20 09:18:00.743 60250 INFO tempest.lib.common.rest_client [req-e02bd37c-bac5-421d-bca4-913c4b92fd01 req-e02bd37c-bac5-421d-bca4-913c4b92fd01 ] Request (ServersTestFqdnHostnames:test_create_server_with_fqdn_name): 200 GET http://10.180.1.21/compute/v2.1/servers/fcf47169-eb7a-4644-bf3f-7150c44c247f 0.089s
2025-11-20 09:18:00.852 60268 INFO tempest.lib.common.rest_client [req-57c98258-6758-43ac-abfb-002caa43d7db req-57c98258-6758-43ac-abfb-002caa43d7db ] Request (DeleteServersAdminTestJSON:test_admin_delete_servers_of_others): 200 GET http://10.180.1.21/compute/v2.1/servers/7a4778b7-5ffc-4641-b968-d0304fd67ee0 0.187s
2025-11-20 09:18:00.860 60266 INFO tempest.lib.common.rest_client [req-f4b67577-2de6-4b5f-853a-28fcfd6514ae req-f4b67577-2de6-4b5f-853a-28fcfd6514ae ] Request (ServerExternalEventsTest:test_create_server_external_events): 200 GET http://10.180.1.21/compute/v2.1/servers/363f5261-d589-4f99-b7dd-ab8f16cefee3 0.107s
2025-11-20 09:18:00.939 60266 INFO tempest.lib.common.rest_client [req-d6fa5508-bfde-475d-b929-f7cafd4464d0 req-d6fa5508-bfde-475d-b929-f7cafd4464d0 ] Request (ServerExternalEventsTest:test_create_server_external_events): 204 DELETE http://10.180.1.21/compute/v2.1/servers/363f5261-d589-4f99-b7dd-ab8f16cefee3 0.073s
2025-11-20 09:18:01.221 60302 INFO tempest.lib.common.rest_client [req-424fe5ca-5ecf-4a7a-986d-13a02aa319f6 req-424fe5ca-5ecf-4a7a-986d-13a02aa319f6 ] Request (ServerAddressesTestJSON:setUpClass): 200 GET http://10.180.1.21/compute/v2.1/servers/08e2d758-9005-4822-b157-84710b9c5ed4 0.350s
2025-11-20 09:18:01.232 60283 INFO tempest.lib.common.rest_client [req-733d2a1e-97ab-4152-aae6-e255d04aa54a req-733d2a1e-97ab-4152-aae6-e255d04aa54a ] Request (VolumesAssistedSnapshotsTest:test_volume_assisted_snapshot_create_delete): 200 GET http://10.180.1.21/compute/v2.1/servers/036d6de2-f69b-4714-b89e-9c4307253675 0.456s
2025-11-20 09:18:01.433 60266 INFO tempest.lib.common.rest_client [req-b35aa8d5-93d4-42cd-a087-f218a13cd622 req-b35aa8d5-93d4-42cd-a087-f218a13cd622 ] Request (ServerExternalEventsTest:test_create_server_external_events): 200 GET http://10.180.1.21/compute/v2.1/servers/363f5261-d589-4f99-b7dd-ab8f16cefee3 0.494s
2025-11-20 09:18:01.440 60262 INFO tempest.lib.common.rest_client [req-4d16e0c5-d50d-4477-9780-59741654ca40 req-4d16e0c5-d50d-4477-9780-59741654ca40 ] Request (FloatingIPsAssociationNegativeTestJSON:setUpClass): 200 GET http://10.180.1.21/compute/v2.1/servers/9214a18f-c22d-4e24-980e-7241a2b993bd 0.451s
2025-11-20 09:18:01.498 60258 INFO tempest.lib.common.rest_client [req-d1b78f7c-453d-42bd-a927-9a8761e98f22 req-d1b78f7c-453d-42bd-a927-9a8761e98f22 ] Request (ServersNegativeTestJSON:setUpClass): 200 GET http://10.180.1.21/compute/v2.1/servers/67ff7d52-6e30-4730-9b5a-9ae32f68b953 0.459s
2025-11-20 09:18:01.551 60252 INFO tempest.lib.common.rest_client [req-e1152a9a-b2db-435b-9644-99c01f69fa8e req-e1152a9a-b2db-435b-9644-99c01f69fa8e ] Request (ServersTestJSON:test_create_server_specify_multibyte_character_name): 200 GET http://10.180.1.21/compute/v2.1/servers/bf70d23b-4ab5-476e-814c-264b6a9f2455 0.506s
2025-11-20 09:18:01.604 60278 INFO tempest.lib.common.rest_client [req-e0434c87-8968-45ba-b520-6efaf64cb717 req-e0434c87-8968-45ba-b520-6efaf64cb717 ] Request (ServersNegativeTestMultiTenantJSON:setUpClass): 200 GET http://10.180.1.21/compute/v2.1/servers/076c3dd5-9043-456d-af24-0d2273321085 0.517s
2025-11-20 09:18:01.606 60256 INFO tempest.lib.common.rest_client [req-28cbdeee-58fc-4c5c-a713-f47a2ee62abc req-28cbdeee-58fc-4c5c-a713-f47a2ee62abc ] Request (MultipleCreateTestJSON:test_multiple_create_with_reservation_return): 200 GET http://10.180.1.21/compute/v2.1/servers/54919bf0-b9f3-4bfc-ba1a-c6a52013e351 0.616s
2025-11-20 09:18:01.673 60300 INFO tempest.lib.common.rest_client [req-c4b2b382-b21d-414c-b3ca-40a0db74f8ee req-c4b2b382-b21d-414c-b3ca-40a0db74f8ee ] Request (ServerActionsV293TestJSON:setUpClass): 200 GET http://10.180.1.21/compute/v2.1/servers/be6a4290-dbb3-4e1f-bdd4-0dc106db9435 0.574s
2025-11-20 09:18:01.729 60280 INFO tempest.lib.common.rest_client [req-17ef64a7-d857-463f-8587-d793126935b9 req-17ef64a7-d857-463f-8587-d793126935b9 ] Request (AttachInterfacesTestJSON:test_create_list_show_delete_interfaces_by_fixed_ip): 200 GET http://10.180.1.21/compute/v2.1/servers/1eaf8e02-bfb0-4928-9687-cc781a84d16d 0.375s
2025-11-20 09:18:01.788 60292 INFO tempest.lib.common.rest_client [req-56941c5b-1513-40d2-bcea-64ef6a7b7c08 req-56941c5b-1513-40d2-bcea-64ef6a7b7c08 ] Request (ServersAdminTestJSON:setUpClass): 200 GET http://10.180.1.21/compute/v2.1/servers/3ab1b905-cd6f-4d2b-a244-f85e56f796d3 0.583s
2025-11-20 09:18:01.788 60304 INFO tempest.lib.common.rest_client [req-6d2afc9c-e8cc-4011-9c69-75ef4352dd19 req-6d2afc9c-e8cc-4011-9c69-75ef4352dd19 ] Request (ImagesTestJSON:test_create_image_from_suspended_server): 200 GET http://10.180.1.21/compute/v2.1/servers/c841298b-f103-4dc7-8884-efdf2ebc20a6 0.351s
2025-11-20 09:18:01.856 60270 INFO tempest.lib.common.rest_client [req-494c7288-3710-4ef9-9148-2d54a8b1aae8 req-494c7288-3710-4ef9-9148-2d54a8b1aae8 ] Request (SecurityGroupsTestJSON:test_server_security_groups): 200 GET http://10.180.1.21/compute/v2.1/servers/bd91e947-acae-4dbd-b48b-5a6727eb4cbb 0.372s
2025-11-20 09:18:01.888 60272 INFO tempest.lib.common.rest_client [req-56871c14-cd56-41fd-8375-8d1d25050ad8 req-56871c14-cd56-41fd-8375-8d1d25050ad8 ] Request (TenantUsagesTestJSON:setUpClass): 200 GET http://10.180.1.21/compute/v2.1/servers/5888cc9f-7341-4f9c-a93c-dd5ec95f7369 0.194s
2025-11-20 09:18:01.936 60264 INFO tempest.lib.common.rest_client [req-d8c92932-4ae5-47c3-b2fa-940f68fb1b45 req-d8c92932-4ae5-47c3-b2fa-940f68fb1b45 ] Request (ServerActionsTestOtherA:setUpClass): 200 GET http://10.180.1.21/compute/v2.1/servers/95358801-c9d8-4582-a712-36a8bf586456 0.194s
2025-11-20 09:18:01.958 60306 INFO tempest.lib.common.rest_client [req-14396ea2-aca4-486a-989f-b1f3f6d7f4b0 req-14396ea2-aca4-486a-989f-b1f3f6d7f4b0 ] Request (ServersTestMultiNic:test_verify_duplicate_network_nics): 200 GET http://10.180.1.21/compute/v2.1/servers/37916d26-1b5e-4991-83a2-ca5a5b00c2ac 0.254s
2025-11-20 09:18:01.980 60250 INFO tempest.lib.common.rest_client [req-8522b0f2-4017-46c7-88ad-ac391f146514 req-8522b0f2-4017-46c7-88ad-ac391f146514 ] Request (ServersTestFqdnHostnames:test_create_server_with_fqdn_name): 200 GET http://10.180.1.21/compute/v2.1/servers/fcf47169-eb7a-4644-bf3f-7150c44c247f 0.232s
2025-11-20 09:18:02.042 60268 INFO tempest.lib.common.rest_client [req-644a0489-9a25-4972-b904-9f6c3862a81f req-644a0489-9a25-4972-b904-9f6c3862a81f ] Request (DeleteServersAdminTestJSON:test_admin_delete_servers_of_others): 200 GET http://10.180.1.21/compute/v2.1/servers/7a4778b7-5ffc-4641-b968-d0304fd67ee0 0.184s
2025-11-20 09:18:02.345 60302 INFO tempest.lib.common.rest_client [req-999c5e61-ee8c-4dd4-a01a-68d53d589b86 req-999c5e61-ee8c-4dd4-a01a-68d53d589b86 ] Request (ServerAddressesTestJSON:setUpClass): 200 GET http://10.180.1.21/compute/v2.1/servers/08e2d758-9005-4822-b157-84710b9c5ed4 0.116s
2025-11-20 09:18:02.351 60283 INFO tempest.lib.common.rest_client [req-d3e3bc26-3cbc-4caf-a723-615123d0a7d3 req-d3e3bc26-3cbc-4caf-a723-615123d0a7d3 ] Request (VolumesAssistedSnapshotsTest:test_volume_assisted_snapshot_create_delete): 200 GET http://10.180.1.21/compute/v2.1/servers/036d6de2-f69b-4714-b89e-9c4307253675 0.112s
2025-11-20 09:18:02.562 60266 INFO tempest.lib.common.rest_client [req-f71ea8b6-0fb7-4090-92eb-5f566af46ff6 req-f71ea8b6-0fb7-4090-92eb-5f566af46ff6 ] Request (ServerExternalEventsTest:test_create_server_external_events): 200 GET http://10.180.1.21/compute/v2.1/servers/363f5261-d589-4f99-b7dd-ab8f16cefee3 0.122s
2025-11-20 09:18:02.563 60262 INFO tempest.lib.common.rest_client [req-0f632a65-1584-431c-88e4-c783c2539072 req-0f632a65-1584-431c-88e4-c783c2539072 ] Request (FloatingIPsAssociationNegativeTestJSON:setUpClass): 200 GET http://10.180.1.21/compute/v2.1/servers/9214a18f-c22d-4e24-980e-7241a2b993bd 0.117s
2025-11-20 09:18:02.611 60258 INFO tempest.lib.common.rest_client [req-5b5497fd-bd52-4f54-ae12-90517d1ff83e req-5b5497fd-bd52-4f54-ae12-90517d1ff83e ] Request (ServersNegativeTestJSON:setUpClass): 200 GET http://10.180.1.21/compute/v2.1/servers/67ff7d52-6e30-4730-9b5a-9ae32f68b953 0.107s
2025-11-20 09:18:02.620 60252 INFO tempest.lib.common.rest_client [req-3cc38398-6c61-46ae-a518-172f125b47d0 req-3cc38398-6c61-46ae-a518-172f125b47d0 ] Request (ServersTestJSON:test_create_server_specify_multibyte_character_name): 200 GET http://10.180.1.21/compute/v2.1/servers/bf70d23b-4ab5-476e-814c-264b6a9f2455 0.063s
2025-11-20 09:18:02.664 60278 INFO tempest.lib.common.rest_client [req-50c556b5-ff69-4a4e-895d-472d8457730e req-50c556b5-ff69-4a4e-895d-472d8457730e ] Request (ServersNegativeTestMultiTenantJSON:setUpClass): 200 GET http://10.180.1.21/compute/v2.1/servers/076c3dd5-9043-456d-af24-0d2273321085 0.053s
2025-11-20 09:18:02.709 60256 INFO tempest.lib.common.rest_client [req-da37be46-1905-43b0-92e5-c15f70402fcb req-da37be46-1905-43b0-92e5-c15f70402fcb ] Request (MultipleCreateTestJSON:test_multiple_create_with_reservation_return): 200 GET http://10.180.1.21/compute/v2.1/servers/54919bf0-b9f3-4bfc-ba1a-c6a52013e351 0.097s
2025-11-20 09:18:02.730 60300 INFO tempest.lib.common.rest_client [req-fc6a5b29-9c62-4bb9-bc09-aaaaaac11995 req-fc6a5b29-9c62-4bb9-bc09-aaaaaac11995 ] Request (ServerActionsV293TestJSON:setUpClass): 200 GET http://10.180.1.21/compute/v2.1/servers/be6a4290-dbb3-4e1f-bdd4-0dc106db9435 0.048s
2025-11-20 09:18:02.787 60280 INFO tempest.lib.common.rest_client [req-d3de86e8-181b-4323-8271-d9cf9c2e2489 req-d3de86e8-181b-4323-8271-d9cf9c2e2489 ] Request (AttachInterfacesTestJSON:test_create_list_show_delete_interfaces_by_fixed_ip): 200 GET http://10.180.1.21/compute/v2.1/servers/1eaf8e02-bfb0-4928-9687-cc781a84d16d 0.051s
2025-11-20 09:18:02.847 60304 INFO tempest.lib.common.rest_client [req-67886119-e23c-4020-a750-d18c52c6729d req-67886119-e23c-4020-a750-d18c52c6729d ] Request (ImagesTestJSON:test_create_image_from_suspended_server): 200 GET http://10.180.1.21/compute/v2.1/servers/c841298b-f103-4dc7-8884-efdf2ebc20a6 0.053s
2025-11-20 09:18:02.890 60292 INFO tempest.lib.common.rest_client [req-ce7bb24e-4043-4585-92c6-70c9c546035b req-ce7bb24e-4043-4585-92c6-70c9c546035b ] Request (ServersAdminTestJSON:setUpClass): 200 GET http://10.180.1.21/compute/v2.1/servers/3ab1b905-cd6f-4d2b-a244-f85e56f796d3 0.094s
2025-11-20 09:18:02.909 60270 INFO tempest.lib.common.rest_client [req-fdd883c4-8cbc-4bc5-9b22-4ad069c225a8 req-fdd883c4-8cbc-4bc5-9b22-4ad069c225a8 ] Request (SecurityGroupsTestJSON:test_server_security_groups): 200 GET http://10.180.1.21/compute/v2.1/servers/bd91e947-acae-4dbd-b48b-5a6727eb4cbb 0.046s
2025-11-20 09:18:02.986 60272 INFO tempest.lib.common.rest_client [req-429223e1-c20c-4540-a8d8-4d1574f7f10e req-429223e1-c20c-4540-a8d8-4d1574f7f10e ] Request (TenantUsagesTestJSON:setUpClass): 200 GET http://10.180.1.21/compute/v2.1/servers/5888cc9f-7341-4f9c-a93c-dd5ec95f7369 0.091s
2025-11-20 09:18:02.992 60264 INFO tempest.lib.common.rest_client [req-637ca470-911e-40e6-9ab2-cd22e438ac59 req-637ca470-911e-40e6-9ab2-cd22e438ac59 ] Request (ServerActionsTestOtherA:setUpClass): 200 GET http://10.180.1.21/compute/v2.1/servers/95358801-c9d8-4582-a712-36a8bf586456 0.049s
2025-11-20 09:18:03.049 60250 INFO tempest.lib.common.rest_client [req-3759f98b-2ecd-41f2-be8b-0f9386a561d3 req-3759f98b-2ecd-41f2-be8b-0f9386a561d3 ] Request (ServersTestFqdnHostnames:test_create_server_with_fqdn_name): 200 GET http://10.180.1.21/compute/v2.1/servers/fcf47169-eb7a-4644-bf3f-7150c44c247f 0.062s
2025-11-20 09:18:03.094 60306 INFO tempest.lib.common.rest_client [req-f3acb700-a0f5-40e3-9009-41c811cc9796 req-f3acb700-a0f5-40e3-9009-41c811cc9796 ] Request (ServersTestMultiNic:test_verify_duplicate_network_nics): 200 GET http://10.180.1.21/compute/v2.1/servers/37916d26-1b5e-4991-83a2-ca5a5b00c2ac 0.129s
2025-11-20 09:18:03.141 60268 INFO tempest.lib.common.rest_client [req-53df87c6-8662-42ab-be9a-e493058815ee req-53df87c6-8662-42ab-be9a-e493058815ee ] Request (DeleteServersAdminTestJSON:test_admin_delete_servers_of_others): 200 GET http://10.180.1.21/compute/v2.1/servers/7a4778b7-5ffc-4641-b968-d0304fd67ee0 0.093s
2025-11-20 09:18:03.473 60302 INFO tempest.lib.common.rest_client [req-83f56beb-a913-48a8-ae5c-0ba181a7dd76 req-83f56beb-a913-48a8-ae5c-0ba181a7dd76 ] Request (ServerAddressesTestJSON:setUpClass): 200 GET http://10.180.1.21/compute/v2.1/servers/08e2d758-9005-4822-b157-84710b9c5ed4 0.122s
2025-11-20 09:18:03.474 60283 INFO tempest.lib.common.rest_client [req-df6812b0-f9c8-43b7-a08b-4420b43a1f20 req-df6812b0-f9c8-43b7-a08b-4420b43a1f20 ] Request (VolumesAssistedSnapshotsTest:test_volume_assisted_snapshot_create_delete): 200 GET http://10.180.1.21/compute/v2.1/servers/036d6de2-f69b-4714-b89e-9c4307253675 0.116s
2025-11-20 09:18:03.691 60262 INFO tempest.lib.common.rest_client [req-c28ad714-d645-4de7-93a9-599d8284657a req-c28ad714-d645-4de7-93a9-599d8284657a ] Request (FloatingIPsAssociationNegativeTestJSON:setUpClass): 200 GET http://10.180.1.21/compute/v2.1/servers/9214a18f-c22d-4e24-980e-7241a2b993bd 0.122s
2025-11-20 09:18:03.696 60266 INFO tempest.lib.common.rest_client [req-be5c7e2f-5fca-47c0-9d49-2fd890b78602 req-be5c7e2f-5fca-47c0-9d49-2fd890b78602 ] Request (ServerExternalEventsTest:test_create_server_external_events): 200 GET http://10.180.1.21/compute/v2.1/servers/363f5261-d589-4f99-b7dd-ab8f16cefee3 0.127s
2025-11-20 09:18:03.739 60258 INFO tempest.lib.common.rest_client [req-4d21e83e-117a-45e7-b409-ecf1045e41c7 req-4d21e83e-117a-45e7-b409-ecf1045e41c7 ] Request (ServersNegativeTestJSON:setUpClass): 200 GET http://10.180.1.21/compute/v2.1/servers/67ff7d52-6e30-4730-9b5a-9ae32f68b953 0.120s
2025-11-20 09:18:03.747 60252 INFO tempest.lib.common.rest_client [req-c1dc79cc-35ea-4f33-9f19-03c8086ed4a1 req-c1dc79cc-35ea-4f33-9f19-03c8086ed4a1 ] Request (ServersTestJSON:test_create_server_specify_multibyte_character_name): 200 GET http://10.180.1.21/compute/v2.1/servers/bf70d23b-4ab5-476e-814c-264b6a9f2455 0.121s
2025-11-20 09:18:03.788 60278 INFO tempest.lib.common.rest_client [req-328974bc-56c9-452d-9273-7b82e8549ba9 req-328974bc-56c9-452d-9273-7b82e8549ba9 ] Request (ServersNegativeTestMultiTenantJSON:setUpClass): 200 GET http://10.180.1.21/compute/v2.1/servers/076c3dd5-9043-456d-af24-0d2273321085 0.118s
2025-11-20 09:18:03.838 60300 INFO tempest.lib.common.rest_client [req-cf71881f-a952-4b55-b7ba-b1c46137eaaf req-cf71881f-a952-4b55-b7ba-b1c46137eaaf ] Request (ServerActionsV293TestJSON:setUpClass): 200 GET http://10.180.1.21/compute/v2.1/servers/be6a4290-dbb3-4e1f-bdd4-0dc106db9435 0.100s
2025-11-20 09:18:03.846 60256 INFO tempest.lib.common.rest_client [req-d87735cc-3bae-4dcf-b6ca-e275da67ce03 req-d87735cc-3bae-4dcf-b6ca-e275da67ce03 ] Request (MultipleCreateTestJSON:test_multiple_create_with_reservation_return): 200 GET http://10.180.1.21/compute/v2.1/servers/54919bf0-b9f3-4bfc-ba1a-c6a52013e351 0.130s
2025-11-20 09:18:03.883 60280 INFO tempest.lib.common.rest_client [req-19f4fc0f-80ae-4848-8d3a-90e98af169de req-19f4fc0f-80ae-4848-8d3a-90e98af169de ] Request (AttachInterfacesTestJSON:test_create_list_show_delete_interfaces_by_fixed_ip): 200 GET http://10.180.1.21/compute/v2.1/servers/1eaf8e02-bfb0-4928-9687-cc781a84d16d 0.089s
2025-11-20 09:18:03.898 60304 INFO tempest.lib.common.rest_client [req-d3653d00-f082-4d62-8114-5ac14d7adb6e req-d3653d00-f082-4d62-8114-5ac14d7adb6e ] Request (ImagesTestJSON:test_create_image_from_suspended_server): 200 GET http://10.180.1.21/compute/v2.1/servers/c841298b-f103-4dc7-8884-efdf2ebc20a6 0.044s
2025-11-20 09:18:03.969 60270 INFO tempest.lib.common.rest_client [req-4bf70773-ea7e-456c-86c7-f794218b81d2 req-4bf70773-ea7e-456c-86c7-f794218b81d2 ] Request (SecurityGroupsTestJSON:test_server_security_groups): 200 GET http://10.180.1.21/compute/v2.1/servers/bd91e947-acae-4dbd-b48b-5a6727eb4cbb 0.054s
2025-11-20 09:18:03.990 60292 INFO tempest.lib.common.rest_client [req-26d51884-c3d5-4c17-befc-2a68fc5966f1 req-26d51884-c3d5-4c17-befc-2a68fc5966f1 ] Request (ServersAdminTestJSON:setUpClass): 200 GET http://10.180.1.21/compute/v2.1/servers/3ab1b905-cd6f-4d2b-a244-f85e56f796d3 0.093s
2025-11-20 09:18:04.054 60264 INFO tempest.lib.common.rest_client [req-de99b217-c983-4d16-b612-6b10daac45da req-de99b217-c983-4d16-b612-6b10daac45da ] Request (ServerActionsTestOtherA:setUpClass): 200 GET http://10.180.1.21/compute/v2.1/servers/95358801-c9d8-4582-a712-36a8bf586456 0.056s
2025-11-20 09:18:04.089 60272 INFO tempest.lib.common.rest_client [req-4f5b1e73-eb5c-49ee-ab58-a39279878799 req-4f5b1e73-eb5c-49ee-ab58-a39279878799 ] Request (TenantUsagesTestJSON:setUpClass): 200 GET http://10.180.1.21/compute/v2.1/servers/5888cc9f-7341-4f9c-a93c-dd5ec95f7369 0.097s
2025-11-20 09:18:04.101 60250 INFO tempest.lib.common.rest_client [req-53707d2e-34da-472c-bd13-70cf521577ba req-53707d2e-34da-472c-bd13-70cf521577ba ] Request (ServersTestFqdnHostnames:test_create_server_with_fqdn_name): 200 GET http://10.180.1.21/compute/v2.1/servers/fcf47169-eb7a-4644-bf3f-7150c44c247f 0.045s
2025-11-20 09:18:04.273 60268 INFO tempest.lib.common.rest_client [req-bcfb31a9-377a-4407-a44e-628845e12066 req-bcfb31a9-377a-4407-a44e-628845e12066 ] Request (DeleteServersAdminTestJSON:test_admin_delete_servers_of_others): 200 GET http://10.180.1.21/compute/v2.1/servers/7a4778b7-5ffc-4641-b968-d0304fd67ee0 0.125s
2025-11-20 09:18:04.309 60306 INFO tempest.lib.common.rest_client [req-a6b6c1e8-2763-44b9-a807-f5421c8b4331 req-a6b6c1e8-2763-44b9-a807-f5421c8b4331 ] Request (ServersTestMultiNic:test_verify_duplicate_network_nics): 200 GET http://10.180.1.21/compute/v2.1/servers/37916d26-1b5e-4991-83a2-ca5a5b00c2ac 0.209s
2025-11-20 09:18:04.598 60283 INFO tempest.lib.common.rest_client [req-a9fdf027-1b63-4a9d-934f-0b50220c1152 req-a9fdf027-1b63-4a9d-934f-0b50220c1152 ] Request (VolumesAssistedSnapshotsTest:test_volume_assisted_snapshot_create_delete): 200 GET http://10.180.1.21/compute/v2.1/servers/036d6de2-f69b-4714-b89e-9c4307253675 0.118s
2025-11-20 09:18:04.601 60302 INFO tempest.lib.common.rest_client [req-00b73fec-709e-474d-a88c-9fd11fd59896 req-00b73fec-709e-474d-a88c-9fd11fd59896 ] Request (ServerAddressesTestJSON:setUpClass): 200 GET http://10.180.1.21/compute/v2.1/servers/08e2d758-9005-4822-b157-84710b9c5ed4 0.121s
2025-11-20 09:18:04.789 60266 INFO tempest.lib.common.rest_client [req-8b3c474a-1809-4b60-b69c-c78b4862ee15 req-8b3c474a-1809-4b60-b69c-c78b4862ee15 ] Request (ServerExternalEventsTest:test_create_server_external_events): 200 GET http://10.180.1.21/compute/v2.1/servers/363f5261-d589-4f99-b7dd-ab8f16cefee3 0.087s
2025-11-20 09:18:04.838 60258 INFO tempest.lib.common.rest_client [req-b57181a5-fce7-4329-a5c7-344bf2d3244c req-b57181a5-fce7-4329-a5c7-344bf2d3244c ] Request (ServersNegativeTestJSON:setUpClass): 200 GET http://10.180.1.21/compute/v2.1/servers/67ff7d52-6e30-4730-9b5a-9ae32f68b953 0.093s
2025-11-20 09:18:04.881 60252 INFO tempest.lib.common.rest_client [req-0c901dca-a00e-4619-9e67-8fa7958195c7 req-0c901dca-a00e-4619-9e67-8fa7958195c7 ] Request (ServersTestJSON:test_create_server_specify_multibyte_character_name): 200 GET http://10.180.1.21/compute/v2.1/servers/bf70d23b-4ab5-476e-814c-264b6a9f2455 0.127s
2025-11-20 09:18:04.929 60278 INFO tempest.lib.common.rest_client [req-5053ab3b-18e8-4626-afbe-ef59dcee3ff1 req-5053ab3b-18e8-4626-afbe-ef59dcee3ff1 ] Request (ServersNegativeTestMultiTenantJSON:setUpClass): 200 GET http://10.180.1.21/compute/v2.1/servers/076c3dd5-9043-456d-af24-0d2273321085 0.133s
2025-11-20 09:18:04.978 60300 INFO tempest.lib.common.rest_client [req-ca2af2d8-9ec4-4890-8013-dcda483b1558 req-ca2af2d8-9ec4-4890-8013-dcda483b1558 ] Request (ServerActionsV293TestJSON:setUpClass): 200 GET http://10.180.1.21/compute/v2.1/servers/be6a4290-dbb3-4e1f-bdd4-0dc106db9435 0.132s
2025-11-20 09:18:04.984 60262 INFO tempest.lib.common.rest_client [req-3f0ca6d2-194e-4d2a-89bc-e3e18a4b17ce req-3f0ca6d2-194e-4d2a-89bc-e3e18a4b17ce ] Request (FloatingIPsAssociationNegativeTestJSON:setUpClass): 200 GET http://10.180.1.21/compute/v2.1/servers/9214a18f-c22d-4e24-980e-7241a2b993bd 0.286s
2025-11-20 09:18:05.036 60280 INFO tempest.lib.common.rest_client [req-eda9e8a7-caef-430c-a4f6-888ba6709203 req-eda9e8a7-caef-430c-a4f6-888ba6709203 ] Request (AttachInterfacesTestJSON:test_create_list_show_delete_interfaces_by_fixed_ip): 200 GET http://10.180.1.21/compute/v2.1/servers/1eaf8e02-bfb0-4928-9687-cc781a84d16d 0.146s
2025-11-20 09:18:05.080 60304 INFO tempest.lib.common.rest_client [req-5d2d36a6-5eab-4b6c-b220-bbb39c75e3e2 req-5d2d36a6-5eab-4b6c-b220-bbb39c75e3e2 ] Request (ImagesTestJSON:test_create_image_from_suspended_server): 200 GET http://10.180.1.21/compute/v2.1/servers/c841298b-f103-4dc7-8884-efdf2ebc20a6 0.175s
2025-11-20 09:18:05.083 60256 INFO tempest.lib.common.rest_client [req-d17a3f3d-2f3d-4283-9f8c-952212248d4d req-d17a3f3d-2f3d-4283-9f8c-952212248d4d ] Request (MultipleCreateTestJSON:test_multiple_create_with_reservation_return): 200 GET http://10.180.1.21/compute/v2.1/servers/54919bf0-b9f3-4bfc-ba1a-c6a52013e351 0.230s
2025-11-20 09:18:05.126 60270 INFO tempest.lib.common.rest_client [req-14be2412-ce1f-4562-b1bf-0d4ea0ab143b req-14be2412-ce1f-4562-b1bf-0d4ea0ab143b ] Request (SecurityGroupsTestJSON:test_server_security_groups): 200 GET http://10.180.1.21/compute/v2.1/servers/bd91e947-acae-4dbd-b48b-5a6727eb4cbb 0.150s
2025-11-20 09:18:05.169 60264 INFO tempest.lib.common.rest_client [req-52fc3729-b835-48fd-b3e1-b5c100130951 req-52fc3729-b835-48fd-b3e1-b5c100130951 ] Request (ServerActionsTestOtherA:setUpClass): 200 GET http://10.180.1.21/compute/v2.1/servers/95358801-c9d8-4582-a712-36a8bf586456 0.109s
2025-11-20 09:18:05.182 60292 INFO tempest.lib.common.rest_client [req-e6bd57bb-4369-4b5a-af7a-968e792603a8 req-e6bd57bb-4369-4b5a-af7a-968e792603a8 ] Request (ServersAdminTestJSON:setUpClass): 200 GET http://10.180.1.21/compute/v2.1/servers/3ab1b905-cd6f-4d2b-a244-f85e56f796d3 0.186s
2025-11-20 09:18:05.228 60250 INFO tempest.lib.common.rest_client [req-4d7a2324-3606-4100-bd93-081df1fe6346 req-4d7a2324-3606-4100-bd93-081df1fe6346 ] Request (ServersTestFqdnHostnames:test_create_server_with_fqdn_name): 200 GET http://10.180.1.21/compute/v2.1/servers/fcf47169-eb7a-4644-bf3f-7150c44c247f 0.120s
2025-11-20 09:18:05.260 60272 INFO tempest.lib.common.rest_client [req-1291cc65-a4ab-49db-8b63-7204dd9c7aff req-1291cc65-a4ab-49db-8b63-7204dd9c7aff ] Request (TenantUsagesTestJSON:setUpClass): 200 GET http://10.180.1.21/compute/v2.1/servers/5888cc9f-7341-4f9c-a93c-dd5ec95f7369 0.165s
2025-11-20 09:18:05.392 60268 INFO tempest.lib.common.rest_client [req-69dbc613-eaac-4fcd-b973-ab545d9a5995 req-69dbc613-eaac-4fcd-b973-ab545d9a5995 ] Request (DeleteServersAdminTestJSON:test_admin_delete_servers_of_others): 200 GET http://10.180.1.21/compute/v2.1/servers/7a4778b7-5ffc-4641-b968-d0304fd67ee0 0.112s
2025-11-20 09:18:05.415 60306 INFO tempest.lib.common.rest_client [req-87bb4298-cd8f-4a12-8072-0ce8aa59cf30 req-87bb4298-cd8f-4a12-8072-0ce8aa59cf30 ] Request (ServersTestMultiNic:test_verify_duplicate_network_nics): 200 GET http://10.180.1.21/compute/v2.1/servers/37916d26-1b5e-4991-83a2-ca5a5b00c2ac 0.100s
2025-11-20 09:18:05.728 60283 INFO tempest.lib.common.rest_client [req-18a8f701-af48-4e14-831e-244577c1c505 req-18a8f701-af48-4e14-831e-244577c1c505 ] Request (VolumesAssistedSnapshotsTest:test_volume_assisted_snapshot_create_delete): 200 GET http://10.180.1.21/compute/v2.1/servers/036d6de2-f69b-4714-b89e-9c4307253675 0.124s
2025-11-20 09:18:05.765 60302 INFO tempest.lib.common.rest_client [req-10f4d472-2c72-4b99-bb2a-c8fcfdf110ed req-10f4d472-2c72-4b99-bb2a-c8fcfdf110ed ] Request (ServerAddressesTestJSON:setUpClass): 200 GET http://10.180.1.21/compute/v2.1/servers/08e2d758-9005-4822-b157-84710b9c5ed4 0.157s
2025-11-20 09:18:05.887 60266 INFO tempest.lib.common.rest_client [req-1326da6d-f9c8-44eb-aa82-b7292f01923b req-1326da6d-f9c8-44eb-aa82-b7292f01923b ] Request (ServerExternalEventsTest:test_create_server_external_events): 200 GET http://10.180.1.21/compute/v2.1/servers/363f5261-d589-4f99-b7dd-ab8f16cefee3 0.091s
2025-11-20 09:18:05.894 60258 INFO tempest.lib.common.rest_client [req-2fef2963-0f5e-4cea-8cf4-41b865822899 req-2fef2963-0f5e-4cea-8cf4-41b865822899 ] Request (ServersNegativeTestJSON:setUpClass): 200 GET http://10.180.1.21/compute/v2.1/servers/67ff7d52-6e30-4730-9b5a-9ae32f68b953 0.049s
2025-11-20 09:18:05.935 60252 INFO tempest.lib.common.rest_client [req-1792008f-11df-4b2d-846e-cf21c328d38b req-1792008f-11df-4b2d-846e-cf21c328d38b ] Request (ServersTestJSON:test_create_server_specify_multibyte_character_name): 200 GET http://10.180.1.21/compute/v2.1/servers/bf70d23b-4ab5-476e-814c-264b6a9f2455 0.048s
2025-11-20 09:18:05.983 60278 INFO tempest.lib.common.rest_client [req-286713f3-98cc-47e0-b2df-85988a74cf81 req-286713f3-98cc-47e0-b2df-85988a74cf81 ] Request (ServersNegativeTestMultiTenantJSON:setUpClass): 200 GET http://10.180.1.21/compute/v2.1/servers/076c3dd5-9043-456d-af24-0d2273321085 0.049s
2025-11-20 09:18:06.043 60300 INFO tempest.lib.common.rest_client [req-df927f40-8c84-481f-831a-084526ae6b79 req-df927f40-8c84-481f-831a-084526ae6b79 ] Request (ServerActionsV293TestJSON:setUpClass): 200 GET http://10.180.1.21/compute/v2.1/servers/be6a4290-dbb3-4e1f-bdd4-0dc106db9435 0.057s
2025-11-20 09:18:06.088 60280 INFO tempest.lib.common.rest_client [req-c5f2ffdd-8520-47ca-a650-cd51bf052b2b req-c5f2ffdd-8520-47ca-a650-cd51bf052b2b ] Request (AttachInterfacesTestJSON:test_create_list_show_delete_interfaces_by_fixed_ip): 200 GET http://10.180.1.21/compute/v2.1/servers/1eaf8e02-bfb0-4928-9687-cc781a84d16d 0.045s
2025-11-20 09:18:06.096 60262 INFO tempest.lib.common.rest_client [req-98d68396-fb5a-4637-b8a7-3b1d29e4f886 req-98d68396-fb5a-4637-b8a7-3b1d29e4f886 ] Request (FloatingIPsAssociationNegativeTestJSON:setUpClass): 200 GET http://10.180.1.21/compute/v2.1/servers/9214a18f-c22d-4e24-980e-7241a2b993bd 0.106s
2025-11-20 09:18:06.135 60304 INFO tempest.lib.common.rest_client [req-9bdb6dbc-c5c5-4465-b5cf-19cc7344480d req-9bdb6dbc-c5c5-4465-b5cf-19cc7344480d ] Request (ImagesTestJSON:test_create_image_from_suspended_server): 200 GET http://10.180.1.21/compute/v2.1/servers/c841298b-f103-4dc7-8884-efdf2ebc20a6 0.048s
2025-11-20 09:18:06.180 60270 INFO tempest.lib.common.rest_client [req-801dd73e-1a83-4324-b06c-770a9351e5c3 req-801dd73e-1a83-4324-b06c-770a9351e5c3 ] Request (SecurityGroupsTestJSON:test_server_security_groups): 200 GET http://10.180.1.21/compute/v2.1/servers/bd91e947-acae-4dbd-b48b-5a6727eb4cbb 0.048s
2025-11-20 09:18:06.196 60256 INFO tempest.lib.common.rest_client [req-36196fef-bee2-40b2-bfb6-aacab24735a9 req-36196fef-bee2-40b2-bfb6-aacab24735a9 ] Request (MultipleCreateTestJSON:test_multiple_create_with_reservation_return): 200 GET http://10.180.1.21/compute/v2.1/servers/54919bf0-b9f3-4bfc-ba1a-c6a52013e351 0.108s
2025-11-20 09:18:06.222 60264 INFO tempest.lib.common.rest_client [req-eaac09cc-b096-45e2-bb2d-29151044d77a req-eaac09cc-b096-45e2-bb2d-29151044d77a ] Request (ServerActionsTestOtherA:setUpClass): 200 GET http://10.180.1.21/compute/v2.1/servers/95358801-c9d8-4582-a712-36a8bf586456 0.047s
2025-11-20 09:18:06.285 60250 INFO tempest.lib.common.rest_client [req-de079fe0-c576-41e7-9560-470ee16c2d34 req-de079fe0-c576-41e7-9560-470ee16c2d34 ] Request (ServersTestFqdnHostnames:test_create_server_with_fqdn_name): 200 GET http://10.180.1.21/compute/v2.1/servers/fcf47169-eb7a-4644-bf3f-7150c44c247f 0.050s
2025-11-20 09:18:06.290 60292 INFO tempest.lib.common.rest_client [req-38e8a8a0-cf80-4635-8656-d09fa04ad986 req-38e8a8a0-cf80-4635-8656-d09fa04ad986 ] Request (ServersAdminTestJSON:setUpClass): 200 GET http://10.180.1.21/compute/v2.1/servers/3ab1b905-cd6f-4d2b-a244-f85e56f796d3 0.102s
2025-11-20 09:18:06.365 60272 INFO tempest.lib.common.rest_client [req-aa0eb22d-7815-4906-92e1-4e7d65e672e4 req-aa0eb22d-7815-4906-92e1-4e7d65e672e4 ] Request (TenantUsagesTestJSON:setUpClass): 200 GET http://10.180.1.21/compute/v2.1/servers/5888cc9f-7341-4f9c-a93c-dd5ec95f7369 0.099s
2025-11-20 09:18:06.542 60306 INFO tempest.lib.common.rest_client [req-09cf6cc9-d8cc-4696-a0e7-93bbe1a754fb req-09cf6cc9-d8cc-4696-a0e7-93bbe1a754fb ] Request (ServersTestMultiNic:test_verify_duplicate_network_nics): 200 GET http://10.180.1.21/compute/v2.1/servers/37916d26-1b5e-4991-83a2-ca5a5b00c2ac 0.121s
2025-11-20 09:18:06.565 60268 INFO tempest.lib.common.rest_client [req-a6ea3e30-f47b-4802-9e99-01791ae63e5a req-a6ea3e30-f47b-4802-9e99-01791ae63e5a ] Request (DeleteServersAdminTestJSON:test_admin_delete_servers_of_others): 200 GET http://10.180.1.21/compute/v2.1/servers/7a4778b7-5ffc-4641-b968-d0304fd67ee0 0.167s
2025-11-20 09:18:07.070 60302 INFO tempest.lib.common.rest_client [req-997afde2-d207-431d-8179-3ac5c67faed6 req-997afde2-d207-431d-8179-3ac5c67faed6 ] Request (ServerAddressesTestJSON:setUpClass): 200 GET http://10.180.1.21/compute/v2.1/servers/08e2d758-9005-4822-b157-84710b9c5ed4 0.299s
2025-11-20 09:18:07.086 60283 INFO tempest.lib.common.rest_client [req-12b48bc5-9ac4-4aa2-95bd-0aa3be9e85dc req-12b48bc5-9ac4-4aa2-95bd-0aa3be9e85dc ] Request (VolumesAssistedSnapshotsTest:test_volume_assisted_snapshot_create_delete): 200 GET http://10.180.1.21/compute/v2.1/servers/036d6de2-f69b-4714-b89e-9c4307253675 0.350s
2025-11-20 09:18:07.132 60258 INFO tempest.lib.common.rest_client [req-ddd9e0c0-bb1d-4b87-bd1a-18e1ee3e8e47 req-ddd9e0c0-bb1d-4b87-bd1a-18e1ee3e8e47 ] Request (ServersNegativeTestJSON:setUpClass): 200 GET http://10.180.1.21/compute/v2.1/servers/67ff7d52-6e30-4730-9b5a-9ae32f68b953 0.232s
2025-11-20 09:18:07.172 60266 INFO tempest.lib.common.rest_client [req-37c38132-8b68-4018-8a9b-6e9e0971c543 req-37c38132-8b68-4018-8a9b-6e9e0971c543 ] Request (ServerExternalEventsTest:test_create_server_external_events): 200 GET http://10.180.1.21/compute/v2.1/servers/363f5261-d589-4f99-b7dd-ab8f16cefee3 0.278s
2025-11-20 09:18:07.179 60252 INFO tempest.lib.common.rest_client [req-c197e6a3-4dda-4c77-970f-98b5dbb1afce req-c197e6a3-4dda-4c77-970f-98b5dbb1afce ] Request (ServersTestJSON:test_create_server_specify_multibyte_character_name): 200 GET http://10.180.1.21/compute/v2.1/servers/bf70d23b-4ab5-476e-814c-264b6a9f2455 0.236s
2025-11-20 09:18:07.214 60278 INFO tempest.lib.common.rest_client [req-9bee0393-ec70-4844-926e-dd0cd7ca9a8a req-9bee0393-ec70-4844-926e-dd0cd7ca9a8a ] Request (ServersNegativeTestMultiTenantJSON:setUpClass): 200 GET http://10.180.1.21/compute/v2.1/servers/076c3dd5-9043-456d-af24-0d2273321085 0.225s
2025-11-20 09:18:07.229 60300 INFO tempest.lib.common.rest_client [req-76e79945-91b5-4764-a666-40fa59a76f2b req-76e79945-91b5-4764-a666-40fa59a76f2b ] Request (ServerActionsV293TestJSON:setUpClass): 200 GET http://10.180.1.21/compute/v2.1/servers/be6a4290-dbb3-4e1f-bdd4-0dc106db9435 0.178s
2025-11-20 09:18:07.255 60280 INFO tempest.lib.common.rest_client [req-5fcd1206-864c-4f60-9da6-3b66491daeb7 req-5fcd1206-864c-4f60-9da6-3b66491daeb7 ] Request (AttachInterfacesTestJSON:test_create_list_show_delete_interfaces_by_fixed_ip): 200 GET http://10.180.1.21/compute/v2.1/servers/1eaf8e02-bfb0-4928-9687-cc781a84d16d 0.162s
2025-11-20 09:18:07.310 60304 INFO tempest.lib.common.rest_client [req-fd0efbcc-6509-4337-b6d1-ad34d971d5a4 req-fd0efbcc-6509-4337-b6d1-ad34d971d5a4 ] Request (ImagesTestJSON:test_create_image_from_suspended_server): 200 GET http://10.180.1.21/compute/v2.1/servers/c841298b-f103-4dc7-8884-efdf2ebc20a6 0.168s
2025-11-20 09:18:07.357 60270 INFO tempest.lib.common.rest_client [req-f581a1ff-4a95-4f1e-ad29-055de1ded0c7 req-f581a1ff-4a95-4f1e-ad29-055de1ded0c7 ] Request (SecurityGroupsTestJSON:test_server_security_groups): 200 GET http://10.180.1.21/compute/v2.1/servers/bd91e947-acae-4dbd-b48b-5a6727eb4cbb 0.171s
2025-11-20 09:18:07.374 60262 INFO tempest.lib.common.rest_client [req-57e2db44-dad4-43e3-952e-1995ba9c0ba2 req-57e2db44-dad4-43e3-952e-1995ba9c0ba2 ] Request (FloatingIPsAssociationNegativeTestJSON:setUpClass): 200 GET http://10.180.1.21/compute/v2.1/servers/9214a18f-c22d-4e24-980e-7241a2b993bd 0.272s
2025-11-20 09:18:07.416 60264 INFO tempest.lib.common.rest_client [req-828458a8-27b9-4ffa-8eaf-c51cc36ef5dd req-828458a8-27b9-4ffa-8eaf-c51cc36ef5dd ] Request (ServerActionsTestOtherA:setUpClass): 200 GET http://10.180.1.21/compute/v2.1/servers/95358801-c9d8-4582-a712-36a8bf586456 0.187s
2025-11-20 09:18:07.468 60250 INFO tempest.lib.common.rest_client [req-bf6b9bc2-1dd4-4860-9aa9-d3e7ad35a816 req-bf6b9bc2-1dd4-4860-9aa9-d3e7ad35a816 ] Request (ServersTestFqdnHostnames:test_create_server_with_fqdn_name): 200 GET http://10.180.1.21/compute/v2.1/servers/fcf47169-eb7a-4644-bf3f-7150c44c247f 0.176s
2025-11-20 09:18:07.498 60256 INFO tempest.lib.common.rest_client [req-f2ce6bb2-117b-4764-9a01-f558f525ed2a req-f2ce6bb2-117b-4764-9a01-f558f525ed2a ] Request (MultipleCreateTestJSON:test_multiple_create_with_reservation_return): 200 GET http://10.180.1.21/compute/v2.1/servers/54919bf0-b9f3-4bfc-ba1a-c6a52013e351 0.296s
2025-11-20 09:18:07.613 60272 INFO tempest.lib.common.rest_client [req-92057043-099c-47cd-af28-5e46f028264e req-92057043-099c-47cd-af28-5e46f028264e ] Request (TenantUsagesTestJSON:setUpClass): 200 GET http://10.180.1.21/compute/v2.1/servers/5888cc9f-7341-4f9c-a93c-dd5ec95f7369 0.241s
2025-11-20 09:18:07.625 60292 INFO tempest.lib.common.rest_client [req-a274b26e-93be-4560-a97a-50dfc0afcc0a req-a274b26e-93be-4560-a97a-50dfc0afcc0a ] Request (ServersAdminTestJSON:setUpClass): 200 GET http://10.180.1.21/compute/v2.1/servers/3ab1b905-cd6f-4d2b-a244-f85e56f796d3 0.329s
2025-11-20 09:18:07.676 60262 INFO tempest.lib.common.rest_client [req-d7442ef0-80a3-46a4-b809-0339523a88a1 req-d7442ef0-80a3-46a4-b809-0339523a88a1 ] Request (FloatingIPsAssociationNegativeTestJSON:setUpClass): 204 DELETE http://10.180.1.21/compute/v2.1/servers/9214a18f-c22d-4e24-980e-7241a2b993bd 0.296s
2025-11-20 09:18:07.732 60306 INFO tempest.lib.common.rest_client [req-4239c908-580c-464f-ac41-93925c3d0b0e req-4239c908-580c-464f-ac41-93925c3d0b0e ] Request (ServersTestMultiNic:test_verify_duplicate_network_nics): 200 GET http://10.180.1.21/compute/v2.1/servers/37916d26-1b5e-4991-83a2-ca5a5b00c2ac 0.183s
2025-11-20 09:18:07.762 60268 INFO tempest.lib.common.rest_client [req-efc1cf51-0a99-4925-8817-c08e6cf89ece req-efc1cf51-0a99-4925-8817-c08e6cf89ece ] Request (DeleteServersAdminTestJSON:test_admin_delete_servers_of_others): 200 GET http://10.180.1.21/compute/v2.1/servers/7a4778b7-5ffc-4641-b968-d0304fd67ee0 0.191s
2025-11-20 09:18:07.817 60262 INFO tempest.lib.common.rest_client [req-4d3c34f2-4dbc-4578-b6d8-7c009e82fb21 req-4d3c34f2-4dbc-4578-b6d8-7c009e82fb21 ] Request (FloatingIPsAssociationNegativeTestJSON:setUpClass): 200 GET http://10.180.1.21/compute/v2.1/servers/9214a18f-c22d-4e24-980e-7241a2b993bd 0.140s
2025-11-20 09:18:08.201 60302 INFO tempest.lib.common.rest_client [req-06168b93-ebee-465a-82db-4058e921abc5 req-06168b93-ebee-465a-82db-4058e921abc5 ] Request (ServerAddressesTestJSON:setUpClass): 200 GET http://10.180.1.21/compute/v2.1/servers/08e2d758-9005-4822-b157-84710b9c5ed4 0.125s
2025-11-20 09:18:08.204 60283 INFO tempest.lib.common.rest_client [req-0e1a09da-9ddf-4468-96a3-d9c3483353f6 req-0e1a09da-9ddf-4468-96a3-d9c3483353f6 ] Request (VolumesAssistedSnapshotsTest:test_volume_assisted_snapshot_create_delete): 200 GET http://10.180.1.21/compute/v2.1/servers/036d6de2-f69b-4714-b89e-9c4307253675 0.112s
2025-11-20 09:18:08.254 60258 INFO tempest.lib.common.rest_client [req-9f8302b6-e75c-4a49-8c30-62d0ded44441 req-9f8302b6-e75c-4a49-8c30-62d0ded44441 ] Request (ServersNegativeTestJSON:setUpClass): 200 GET http://10.180.1.21/compute/v2.1/servers/67ff7d52-6e30-4730-9b5a-9ae32f68b953 0.115s
2025-11-20 09:18:08.302 60252 INFO tempest.lib.common.rest_client [req-b39c435f-9c71-4743-a779-3cecc773368e req-b39c435f-9c71-4743-a779-3cecc773368e ] Request (ServersTestJSON:test_create_server_specify_multibyte_character_name): 200 GET http://10.180.1.21/compute/v2.1/servers/bf70d23b-4ab5-476e-814c-264b6a9f2455 0.117s
2025-11-20 09:18:08.305 60266 INFO tempest.lib.common.rest_client [req-1fa58a1a-a11d-4f3d-a852-a030f04f5d25 req-1fa58a1a-a11d-4f3d-a852-a030f04f5d25 ] Request (ServerExternalEventsTest:test_create_server_external_events): 200 GET http://10.180.1.21/compute/v2.1/servers/363f5261-d589-4f99-b7dd-ab8f16cefee3 0.126s
2025-11-20 09:18:08.353 60278 INFO tempest.lib.common.rest_client [req-685132eb-6a5e-4208-af30-84a99797a434 req-685132eb-6a5e-4208-af30-84a99797a434 ] Request (ServersNegativeTestMultiTenantJSON:setUpClass): 200 GET http://10.180.1.21/compute/v2.1/servers/076c3dd5-9043-456d-af24-0d2273321085 0.133s
2025-11-20 09:18:08.364 60300 INFO tempest.lib.common.rest_client [req-2e87d99e-1bec-4d6a-9177-2a0cd7d2a83b req-2e87d99e-1bec-4d6a-9177-2a0cd7d2a83b ] Request (ServerActionsV293TestJSON:setUpClass): 200 GET http://10.180.1.21/compute/v2.1/servers/be6a4290-dbb3-4e1f-bdd4-0dc106db9435 0.126s
2025-11-20 09:18:08.402 60280 INFO tempest.lib.common.rest_client [req-1e20daf6-4018-4f34-b8c6-abeda87c1e3e req-1e20daf6-4018-4f34-b8c6-abeda87c1e3e ] Request (AttachInterfacesTestJSON:test_create_list_show_delete_interfaces_by_fixed_ip): 200 GET http://10.180.1.21/compute/v2.1/servers/1eaf8e02-bfb0-4928-9687-cc781a84d16d 0.141s
2025-11-20 09:18:08.408 60304 INFO tempest.lib.common.rest_client [req-168560d7-6aa6-47c4-97e9-73d74f45cda8 req-168560d7-6aa6-47c4-97e9-73d74f45cda8 ] Request (ImagesTestJSON:test_create_image_from_suspended_server): 200 GET http://10.180.1.21/compute/v2.1/servers/c841298b-f103-4dc7-8884-efdf2ebc20a6 0.092s
2025-11-20 09:18:08.445 60270 INFO tempest.lib.common.rest_client [req-78988e2c-29e5-49ee-ba51-54e3af8d23a5 req-78988e2c-29e5-49ee-ba51-54e3af8d23a5 ] Request (SecurityGroupsTestJSON:test_server_security_groups): 200 GET http://10.180.1.21/compute/v2.1/servers/bd91e947-acae-4dbd-b48b-5a6727eb4cbb 0.082s
2025-11-20 09:18:08.468 60264 INFO tempest.lib.common.rest_client [req-8d05f1aa-f197-4d68-bd92-92584a5c7048 req-8d05f1aa-f197-4d68-bd92-92584a5c7048 ] Request (ServerActionsTestOtherA:setUpClass): 200 GET http://10.180.1.21/compute/v2.1/servers/95358801-c9d8-4582-a712-36a8bf586456 0.044s
2025-11-20 09:18:08.522 60250 INFO tempest.lib.common.rest_client [req-52adcfa0-7146-4779-b952-991f9330daf3 req-52adcfa0-7146-4779-b952-991f9330daf3 ] Request (ServersTestFqdnHostnames:test_create_server_with_fqdn_name): 200 GET http://10.180.1.21/compute/v2.1/servers/fcf47169-eb7a-4644-bf3f-7150c44c247f 0.047s
2025-11-20 09:18:08.590 60256 INFO tempest.lib.common.rest_client [req-029e4d51-fd61-4056-b657-cfd8f6811061 req-029e4d51-fd61-4056-b657-cfd8f6811061 ] Request (MultipleCreateTestJSON:test_multiple_create_with_reservation_return): 200 GET http://10.180.1.21/compute/v2.1/servers/54919bf0-b9f3-4bfc-ba1a-c6a52013e351 0.085s
2025-11-20 09:18:08.741 60272 INFO tempest.lib.common.rest_client [req-85173be3-909c-4a15-aa4d-d7102da1bcbc req-85173be3-909c-4a15-aa4d-d7102da1bcbc ] Request (TenantUsagesTestJSON:setUpClass): 200 GET http://10.180.1.21/compute/v2.1/servers/5888cc9f-7341-4f9c-a93c-dd5ec95f7369 0.122s
2025-11-20 09:18:08.743 60292 INFO tempest.lib.common.rest_client [req-8dd9c9cd-9d41-40ff-8513-34c830c6f83e req-8dd9c9cd-9d41-40ff-8513-34c830c6f83e ] Request (ServersAdminTestJSON:setUpClass): 200 GET http://10.180.1.21/compute/v2.1/servers/3ab1b905-cd6f-4d2b-a244-f85e56f796d3 0.111s
2025-11-20 09:18:08.811 60292 INFO tempest.lib.common.rest_client [req-f3ed154b-4ecd-4d42-9310-d1d2294386f0 req-f3ed154b-4ecd-4d42-9310-d1d2294386f0 ] Request (ServersAdminTestJSON:setUpClass): 204 DELETE http://10.180.1.21/compute/v2.1/servers/3ab1b905-cd6f-4d2b-a244-f85e56f796d3 0.063s
2025-11-20 09:18:08.831 60306 INFO tempest.lib.common.rest_client [req-48e6a062-1f5e-4e94-be2c-bbd2d86a8ad1 req-48e6a062-1f5e-4e94-be2c-bbd2d86a8ad1 ] Request (ServersTestMultiNic:test_verify_duplicate_network_nics): 200 GET http://10.180.1.21/compute/v2.1/servers/37916d26-1b5e-4991-83a2-ca5a5b00c2ac 0.093s
2025-11-20 09:18:08.925 60268 INFO tempest.lib.common.rest_client [req-85a98985-5afd-44ff-9af1-5a28bf7dc88b req-85a98985-5afd-44ff-9af1-5a28bf7dc88b ] Request (DeleteServersAdminTestJSON:test_admin_delete_servers_of_others): 200 GET http://10.180.1.21/compute/v2.1/servers/7a4778b7-5ffc-4641-b968-d0304fd67ee0 0.156s
2025-11-20 09:18:08.933 60292 INFO tempest.lib.common.rest_client [req-d252bdbc-1c51-452c-a757-7e80ccfbd1e7 req-d252bdbc-1c51-452c-a757-7e80ccfbd1e7 ] Request (ServersAdminTestJSON:setUpClass): 200 GET http://10.180.1.21/compute/v2.1/servers/3ab1b905-cd6f-4d2b-a244-f85e56f796d3 0.122s
2025-11-20 09:18:09.005 60262 INFO tempest.lib.common.rest_client [req-99931ba0-9d85-492a-aa1b-a007e821d7b8 req-99931ba0-9d85-492a-aa1b-a007e821d7b8 ] Request (FloatingIPsAssociationNegativeTestJSON:setUpClass): 200 GET http://10.180.1.21/compute/v2.1/servers/9214a18f-c22d-4e24-980e-7241a2b993bd 0.182s
2025-11-20 09:18:09.327 60283 INFO tempest.lib.common.rest_client [req-9e0c85ee-fd00-4e92-9c5a-336d1f4ce739 req-9e0c85ee-fd00-4e92-9c5a-336d1f4ce739 ] Request (VolumesAssistedSnapshotsTest:test_volume_assisted_snapshot_create_delete): 200 GET http://10.180.1.21/compute/v2.1/servers/036d6de2-f69b-4714-b89e-9c4307253675 0.117s
2025-11-20 09:18:09.329 60302 INFO tempest.lib.common.rest_client [req-a0f5e68c-99f5-4962-b0e6-698750b3f293 req-a0f5e68c-99f5-4962-b0e6-698750b3f293 ] Request (ServerAddressesTestJSON:setUpClass): 200 GET http://10.180.1.21/compute/v2.1/servers/08e2d758-9005-4822-b157-84710b9c5ed4 0.121s
2025-11-20 09:18:09.381 60258 INFO tempest.lib.common.rest_client [req-bd4c2fca-96ef-418a-814d-9ce1410dd2d2 req-bd4c2fca-96ef-418a-814d-9ce1410dd2d2 ] Request (ServersNegativeTestJSON:setUpClass): 200 GET http://10.180.1.21/compute/v2.1/servers/67ff7d52-6e30-4730-9b5a-9ae32f68b953 0.120s
2025-11-20 09:18:09.383 60252 INFO tempest.lib.common.rest_client [req-59699bdd-0d6f-4627-b2d3-5717e96e81f1 req-59699bdd-0d6f-4627-b2d3-5717e96e81f1 ] Request (ServersTestJSON:test_create_server_specify_multibyte_character_name): 200 GET http://10.180.1.21/compute/v2.1/servers/bf70d23b-4ab5-476e-814c-264b6a9f2455 0.074s
2025-11-20 09:18:09.446 60283 INFO tempest.lib.common.rest_client [req-46b464b6-d994-4738-a3f3-32f7541088fe req-46b464b6-d994-4738-a3f3-32f7541088fe ] Request (VolumesAssistedSnapshotsTest:test_volume_assisted_snapshot_create_delete): 204 DELETE http://10.180.1.21/compute/v2.1/servers/036d6de2-f69b-4714-b89e-9c4307253675 0.114s
2025-11-20 09:18:09.463 60266 INFO tempest.lib.common.rest_client [req-76ba6fe1-0118-4fce-96cb-c39e9185ceeb req-76ba6fe1-0118-4fce-96cb-c39e9185ceeb ] Request (ServerExternalEventsTest:test_create_server_external_events): 200 GET http://10.180.1.21/compute/v2.1/servers/363f5261-d589-4f99-b7dd-ab8f16cefee3 0.152s
2025-11-20 09:18:09.488 60278 INFO tempest.lib.common.rest_client [req-690d129c-0ae7-4bd6-bbfc-1323a49928d8 req-690d129c-0ae7-4bd6-bbfc-1323a49928d8 ] Request (ServersNegativeTestMultiTenantJSON:setUpClass): 200 GET http://10.180.1.21/compute/v2.1/servers/076c3dd5-9043-456d-af24-0d2273321085 0.127s
2025-11-20 09:18:09.509 60300 INFO tempest.lib.common.rest_client [req-a26169a1-d527-425d-bb89-da475487c8a7 req-a26169a1-d527-425d-bb89-da475487c8a7 ] Request (ServerActionsV293TestJSON:setUpClass): 200 GET http://10.180.1.21/compute/v2.1/servers/be6a4290-dbb3-4e1f-bdd4-0dc106db9435 0.137s
2025-11-20 09:18:09.529 60280 INFO tempest.lib.common.rest_client [req-9af36528-8244-4d74-a324-eb6261ef16e2 req-9af36528-8244-4d74-a324-eb6261ef16e2 ] Request (AttachInterfacesTestJSON:test_create_list_show_delete_interfaces_by_fixed_ip): 200 GET http://10.180.1.21/compute/v2.1/servers/1eaf8e02-bfb0-4928-9687-cc781a84d16d 0.121s
2025-11-20 09:18:09.552 60304 INFO tempest.lib.common.rest_client [req-6078d03f-a869-4504-8261-0d93aab2ae04 req-6078d03f-a869-4504-8261-0d93aab2ae04 ] Request (ImagesTestJSON:test_create_image_from_suspended_server): 200 GET http://10.180.1.21/compute/v2.1/servers/c841298b-f103-4dc7-8884-efdf2ebc20a6 0.138s
2025-11-20 09:18:09.607 60270 INFO tempest.lib.common.rest_client [req-6226e0dc-55b3-4b8a-8f2d-f11e40625a1b req-6226e0dc-55b3-4b8a-8f2d-f11e40625a1b ] Request (SecurityGroupsTestJSON:test_server_security_groups): 200 GET http://10.180.1.21/compute/v2.1/servers/bd91e947-acae-4dbd-b48b-5a6727eb4cbb 0.156s
2025-11-20 09:18:09.621 60283 INFO tempest.lib.common.rest_client [req-902a68d3-436a-432f-a8ed-15aed9923ca2 req-902a68d3-436a-432f-a8ed-15aed9923ca2 ] Request (VolumesAssistedSnapshotsTest:test_volume_assisted_snapshot_create_delete): 200 GET http://10.180.1.21/compute/v2.1/servers/036d6de2-f69b-4714-b89e-9c4307253675 0.174s
2025-11-20 09:18:09.651 60264 INFO tempest.lib.common.rest_client [req-9c3f2f40-d0c6-4ed0-a4e7-fb6bc614d03f req-9c3f2f40-d0c6-4ed0-a4e7-fb6bc614d03f ] Request (ServerActionsTestOtherA:setUpClass): 200 GET http://10.180.1.21/compute/v2.1/servers/95358801-c9d8-4582-a712-36a8bf586456 0.177s
2025-11-20 09:18:09.664 60250 INFO tempest.lib.common.rest_client [req-bc0f10d9-d341-4c91-9007-209f7e684e81 req-bc0f10d9-d341-4c91-9007-209f7e684e81 ] Request (ServersTestFqdnHostnames:test_create_server_with_fqdn_name): 200 GET http://10.180.1.21/compute/v2.1/servers/fcf47169-eb7a-4644-bf3f-7150c44c247f 0.135s
2025-11-20 09:18:09.729 60256 INFO tempest.lib.common.rest_client [req-8bf3abc4-0582-49b2-ba61-3d6c306d318b req-8bf3abc4-0582-49b2-ba61-3d6c306d318b ] Request (MultipleCreateTestJSON:test_multiple_create_with_reservation_return): 200 GET http://10.180.1.21/compute/v2.1/servers/54919bf0-b9f3-4bfc-ba1a-c6a52013e351 0.132s
2025-11-20 09:18:09.835 60272 INFO tempest.lib.common.rest_client [req-17c0bb39-096c-4f62-baa0-48d0b4ac59c1 req-17c0bb39-096c-4f62-baa0-48d0b4ac59c1 ] Request (TenantUsagesTestJSON:setUpClass): 200 GET http://10.180.1.21/compute/v2.1/servers/5888cc9f-7341-4f9c-a93c-dd5ec95f7369 0.087s
2025-11-20 09:18:09.908 60272 INFO tempest.lib.common.rest_client [req-4d962258-7b79-4028-86dc-e7e389009bc0 req-4d962258-7b79-4028-86dc-e7e389009bc0 ] Request (TenantUsagesTestJSON:setUpClass): 204 DELETE http://10.180.1.21/compute/v2.1/servers/5888cc9f-7341-4f9c-a93c-dd5ec95f7369 0.067s
2025-11-20 09:18:10.032 60272 INFO tempest.lib.common.rest_client [req-2d749bd3-ca6c-4b80-8c97-6131c124c23e req-2d749bd3-ca6c-4b80-8c97-6131c124c23e ] Request (TenantUsagesTestJSON:setUpClass): 200 GET http://10.180.1.21/compute/v2.1/servers/5888cc9f-7341-4f9c-a93c-dd5ec95f7369 0.123s
2025-11-20 09:18:10.046 60306 INFO tempest.lib.common.rest_client [req-fa135091-42dc-4283-952e-c820e9429f2b req-fa135091-42dc-4283-952e-c820e9429f2b ] Request (ServersTestMultiNic:test_verify_duplicate_network_nics): 200 GET http://10.180.1.21/compute/v2.1/servers/37916d26-1b5e-4991-83a2-ca5a5b00c2ac 0.209s
2025-11-20 09:18:10.144 60268 INFO tempest.lib.common.rest_client [req-747cada8-5be4-4be5-af2f-4b4b779b5657 req-747cada8-5be4-4be5-af2f-4b4b779b5657 ] Request (DeleteServersAdminTestJSON:test_admin_delete_servers_of_others): 200 GET http://10.180.1.21/compute/v2.1/servers/7a4778b7-5ffc-4641-b968-d0304fd67ee0 0.214s
2025-11-20 09:18:10.153 60292 INFO tempest.lib.common.rest_client [req-a2d3c061-a529-4ae1-9255-ad27df4fdb6d req-a2d3c061-a529-4ae1-9255-ad27df4fdb6d ] Request (ServersAdminTestJSON:setUpClass): 200 GET http://10.180.1.21/compute/v2.1/servers/3ab1b905-cd6f-4d2b-a244-f85e56f796d3 0.213s
2025-11-20 09:18:10.227 60262 INFO tempest.lib.common.rest_client [req-a16dde3b-6f07-459b-b165-53dbd34acb31 req-a16dde3b-6f07-459b-b165-53dbd34acb31 ] Request (FloatingIPsAssociationNegativeTestJSON:setUpClass): 200 GET http://10.180.1.21/compute/v2.1/servers/9214a18f-c22d-4e24-980e-7241a2b993bd 0.215s
