2025-11-20 09:15:38.795 60298 INFO tempest.lib.common.rest_client [req-9d880d0b-9d6f-4370-a894-d5483bede0c4 req-9d880d0b-9d6f-4370-a894-d5483bede0c4 ] Request (ServerRescueNegativeTestJSON:setUpClass): 200 GET http://10.180.1.21/compute/v2.1/servers/20811f59-6dcc-4034-a503-215eb5418062 2.467s
2025-11-20 09:15:38.807 60274 INFO tempest.lib.common.rest_client [req-ba6705a8-2519-4e22-8979-5b2b3aa6535c req-ba6705a8-2519-4e22-8979-5b2b3aa6535c ] Request (KeyPairsV2TestJSON:test_get_keypair_detail): 200 GET http://10.180.1.21/compute/v2.1/os-keypairs/tempest-keypair-1206959998 2.384s
2025-11-20 09:15:38.812 60276 INFO tempest.lib.common.rest_client [req-b4742c59-07af-429e-a697-b4c3d2502815 req-b4742c59-07af-429e-a697-b4c3d2502815 ] Request (ServerShowV257Test:setUpClass): 200 GET http://10.180.1.21/identity/v3/roles 0.021s
2025-11-20 09:15:38.840 60276 INFO tempest.lib.common.rest_client [req-1f85db96-01a4-41a5-90b3-1a7c2b47da41 req-1f85db96-01a4-41a5-90b3-1a7c2b47da41 ] Request (ServerShowV257Test:setUpClass): 204 PUT http://10.180.1.21/identity/v3/projects/036ed83d8ed9456a820d1b6fb324ca0b/users/754e659f9640464ea864862134a3e106/roles/301d7010caf14a2cb8a2948050a3c63e 0.026s
2025-11-20 09:15:38.840 60276 INFO tempest.lib.common.dynamic_creds [-] Dynamic test user 754e659f9640464ea864862134a3e106 is created with scope project and roles: ['member']
2025-11-20 09:15:38.841 60276 INFO tempest.lib.common.dynamic_creds [-] Acquired dynamic creds: credentials: Credentials: {'domain_id': 'default', 'domain_name': 'Default', 'username': 'tempest-ServerShowV257Test-1796706101-project-member', 'project_domain_id': 'default', 'project_domain_name': 'Default', 'project_id': '036ed83d8ed9456a820d1b6fb324ca0b', 'project_name': 'tempest-ServerShowV257Test-1796706101', 'tenant_id': '036ed83d8ed9456a820d1b6fb324ca0b', 'tenant_name': 'tempest-ServerShowV257Test-1796706101', 'user_domain_id': 'default', 'user_domain_name': 'Default', 'user_id': '754e659f9640464ea864862134a3e106', 'system': None}, Network: None, Subnet: None, Router: None
2025-11-20 09:15:38.841 60276 INFO tempest.lib.common.dynamic_creds [-] Created isolated network resources for: credentials: Credentials: {'domain_id': 'default', 'domain_name': 'Default', 'username': 'tempest-ServerShowV257Test-1796706101-project-member', 'project_domain_id': 'default', 'project_domain_name': 'Default', 'project_id': '036ed83d8ed9456a820d1b6fb324ca0b', 'project_name': 'tempest-ServerShowV257Test-1796706101', 'tenant_id': '036ed83d8ed9456a820d1b6fb324ca0b', 'tenant_name': 'tempest-ServerShowV257Test-1796706101', 'user_domain_id': 'default', 'user_domain_name': 'Default', 'user_id': '754e659f9640464ea864862134a3e106', 'system': None}, Network: None, Subnet: None, Router: None
2025-11-20 09:15:38.880 60292 INFO tempest.lib.common.rest_client [req-983b871b-130f-4436-9c84-675dc8da399b req-983b871b-130f-4436-9c84-675dc8da399b ] Request (ServersAdminTestJSON:setUpClass): 200 GET http://10.180.1.21/compute/v2.1/servers/3ab1b905-cd6f-4d2b-a244-f85e56f796d3 2.669s
2025-11-20 09:15:38.901 60270 INFO tempest.lib.common.rest_client [req-de424bec-fb17-4a8a-aff8-8930461ba5ec req-de424bec-fb17-4a8a-aff8-8930461ba5ec ] Request (SecurityGroupsTestJSON:setUpClass): 201 POST http://10.180.1.21:9696/networking/v2.0/networks 0.402s
2025-11-20 09:15:38.920 60276 INFO tempest.lib.common.rest_client [req-50d6b754-c7ad-44c0-b294-c3d4996c37d4 req-50d6b754-c7ad-44c0-b294-c3d4996c37d4 ] Request (ServerShowV257Test:setUpClass): 201 POST http://10.180.1.21/identity/v3/auth/tokens 0.074s
2025-11-20 09:15:38.928 60256 INFO tempest.lib.common.rest_client [req-aee4e85c-de3f-4e88-b395-134d8fc38e16 req-aee4e85c-de3f-4e88-b395-134d8fc38e16 ] Request (MultipleCreateTestJSON:setUpClass): 201 POST http://10.180.1.21:9696/networking/v2.0/subnets 0.306s
2025-11-20 09:15:38.963 60276 INFO tempest.lib.common.rest_client [req-a2d0fc68-cf8d-4247-8ebf-1e1bb7026291 req-a2d0fc68-cf8d-4247-8ebf-1e1bb7026291 ] Request (ServerShowV257Test:test_rebuild_server): 201 POST http://10.180.1.21/identity/v3/auth/tokens 0.037s
2025-11-20 09:15:38.964 60276 INFO tempest.lib.common.fixed_network [-] (ServerShowV257Test:test_rebuild_server) Found network None available for tenant
2025-11-20 09:15:38.989 60297 INFO tempest.lib.common.rest_client [req-d0f9209c-f821-415d-b3cd-124ff749d7d7 req-d0f9209c-f821-415d-b3cd-124ff749d7d7 ] Request (QuotasTestJSON:test_compare_tenant_quotas_with_default_quotas): 200 GET http://10.180.1.21/compute/v2.1/os-quota-sets/48ceee6f29994276b73089d55ca18dd9/defaults 2.270s
2025-11-20 09:15:39.028 60306 INFO tempest.lib.common.rest_client [req-08157ba1-dedf-4b56-9e2e-b51cb996c170 req-08157ba1-dedf-4b56-9e2e-b51cb996c170 ] Request (ServersTestMultiNic:test_verify_duplicate_network_nics): 200 GET http://10.180.1.21/compute/v2.1/servers/37916d26-1b5e-4991-83a2-ca5a5b00c2ac 2.199s
2025-11-20 09:15:39.065 60258 INFO tempest.lib.common.rest_client [req-4968606f-18ff-46cc-a9ec-3d073ec4c270 req-4968606f-18ff-46cc-a9ec-3d073ec4c270 ] Request (VolumesAdminNegativeTest:test_update_attached_volume_with_nonexistent_volume_in_body): 200 GET http://10.180.1.21/compute/v2.1/servers/b663c3c4-acdd-4153-ab0f-1cdbf6f893e6 2.219s
2025-11-20 09:15:39.081 60264 INFO tempest.lib.common.rest_client [req-3d4b359b-8416-40ec-ae30-9b475479fc13 req-3d4b359b-8416-40ec-ae30-9b475479fc13 ] Request (FlavorsAdminTestJSON:test_create_flavor_verify_entry_in_list_details): 200 GET http://10.180.1.21/compute/v2.1/flavors/detail 2.202s
2025-11-20 09:15:39.200 60268 INFO tempest.lib.common.rest_client [req-f46f5553-60ab-4918-9018-7165b4222d54 req-f46f5553-60ab-4918-9018-7165b4222d54 ] Request (DeleteServersAdminTestJSON:test_admin_delete_servers_of_others): 200 GET http://10.180.1.21/compute/v2.1/servers/7a4778b7-5ffc-4641-b968-d0304fd67ee0 2.349s
2025-11-20 09:15:39.241 60266 INFO tempest.lib.common.rest_client [req-25a74457-8175-426b-b2cd-1380b77dd700 req-25a74457-8175-426b-b2cd-1380b77dd700 ] Request (ServerExternalEventsTest:test_create_server_external_events): 200 GET http://10.180.1.21/compute/v2.1/servers/363f5261-d589-4f99-b7dd-ab8f16cefee3 2.233s
2025-11-20 09:15:39.297 60270 INFO tempest.lib.common.rest_client [req-bca1077c-140d-454c-b247-45ae9d6c04f7 req-bca1077c-140d-454c-b247-45ae9d6c04f7 ] Request (SecurityGroupsTestJSON:setUpClass): 201 POST http://10.180.1.21:9696/networking/v2.0/subnets 0.395s
2025-11-20 09:15:39.477 60278 INFO tempest.lib.common.rest_client [req-c7fb56c6-c241-4db2-a176-3a29695b86ff req-c7fb56c6-c241-4db2-a176-3a29695b86ff ] Request (SecurityGroupRulesTestJSON:tearDownClass): 202 DELETE http://10.180.1.21/compute/v2.1/os-security-groups/70085bf4-9fa7-4966-afd2-f8ae17fcc5dd 1.878s
2025-11-20 09:15:39.503 60302 INFO tempest.lib.common.rest_client [req-66f8b7b1-5798-4fb7-8f77-9b79f1430033 req-66f8b7b1-5798-4fb7-8f77-9b79f1430033 ] Request (ListServerFiltersTestJSON:setUpClass): 404 GET http://10.180.1.21/compute/v2.1/servers/7f48e193-6c5e-4f5a-bf72-86dfa8a0c575 1.902s
2025-11-20 09:15:39.503 60302 INFO tempest.test [-] raised in ListServerFiltersTestJSON.setUpClass. Invoking tearDownClass.
2025-11-20 09:15:39.523 60288 INFO tempest.lib.common.rest_client [req-04f4c4b0-44db-4a32-acf8-7d6bb0a9301b req-04f4c4b0-44db-4a32-acf8-7d6bb0a9301b ] Request (AttachVolumeShelveTestJSON:test_attach_volume_shelved_or_offload_server): 404 GET http://10.180.1.21/compute/v2.1/servers/33a5a930-e1cb-48aa-8bcb-c5abc19ceb4c 1.735s
2025-11-20 09:15:39.539 60252 INFO tempest.lib.common.rest_client [req-abdb5b83-b0bb-45b5-a833-f1f08a655700 req-abdb5b83-b0bb-45b5-a833-f1f08a655700 ] Request (ServersV294TestFqdnHostnames:tearDownClass): 204 DELETE http://10.180.1.21/compute/v2.1/os-keypairs/tempest-keypair-636560108 1.705s
2025-11-20 09:15:39.596 60294 INFO tempest.lib.common.rest_client [req-312132a5-b8cf-4d7f-9d11-8f7fba6e875c req-312132a5-b8cf-4d7f-9d11-8f7fba6e875c ] Request (ServersAdmin275Test:test_rebuild_update_server_275): 200 GET http://10.180.1.21/compute/v2.1/servers/68c87b51-b90a-47cc-bec1-05f7c389fc14 1.429s
2025-11-20 09:15:39.664 60290 INFO tempest.lib.common.rest_client [req-0258af2a-4887-43dc-b0cd-3fa96468d36e req-0258af2a-4887-43dc-b0cd-3fa96468d36e ] Request (SecurityGroupRulesNegativeTestJSON:test_create_security_group_rule_with_invalid_port_range): 400 POST http://10.180.1.21/compute/v2.1/os-security-group-rules 1.449s
2025-11-20 09:15:39.669 60260 INFO tempest.lib.common.rest_client [req-7df92888-bcfd-4c5b-9682-9d64ec32996a req-7df92888-bcfd-4c5b-9682-9d64ec32996a ] Request (FloatingIPDetailsTestJSON:tearDownClass): 202 DELETE http://10.180.1.21/compute/v2.1/os-floating-ips/d61f4964-2657-4428-bff3-4af144907dd2 2.536s
2025-11-20 09:15:39.837 60252 INFO tempest.lib.common.rest_client [req-af531106-9afc-47b7-805c-3a35ba90700f req-af531106-9afc-47b7-805c-3a35ba90700f ] Request (ServersV294TestFqdnHostnames:tearDownClass): 204 DELETE http://10.180.1.21:9696/networking/v2.0/security-groups/ef93a9b6-397c-410f-8426-771e9e8abaa6 0.297s
2025-11-20 09:15:39.859 60252 INFO tempest.lib.common.rest_client [req-d65c0221-8a5e-4465-a01f-36819cd3a576 req-d65c0221-8a5e-4465-a01f-36819cd3a576 ] Request (ServersV294TestFqdnHostnames:tearDownClass): 404 GET http://10.180.1.21:9696/networking/v2.0/security-groups/ef93a9b6-397c-410f-8426-771e9e8abaa6 0.021s
2025-11-20 09:15:39.865 60304 INFO tempest.lib.common.rest_client [req-ae55a9a9-e95e-4ab8-9120-dcdb7714731d req-ae55a9a9-e95e-4ab8-9120-dcdb7714731d ] Request (ImagesTestJSON:test_create_image_from_stopped_server): 200 GET http://10.180.1.21/compute/v2.1/servers/8a0d9829-6759-4593-9230-459a546a5908 1.500s
2025-11-20 09:15:39.885 60262 INFO tempest.lib.common.rest_client [req-fe9faac7-c526-4643-b12c-a853e7e8ee3a req-fe9faac7-c526-4643-b12c-a853e7e8ee3a ] Request (FloatingIPsAssociationNegativeTestJSON:setUpClass): 200 GET http://10.180.1.21/compute/v2.1/servers/9214a18f-c22d-4e24-980e-7241a2b993bd 1.495s
2025-11-20 09:15:39.907 60300 INFO tempest.lib.common.rest_client [req-3b480795-5079-41fd-adf3-08855a874a7d req-3b480795-5079-41fd-adf3-08855a874a7d ] Request (AggregatesAdminNegativeTestJSON:_run_cleanups): 200 DELETE http://10.180.1.21/compute/v2.1/os-aggregates/7 1.256s
2025-11-20 09:15:39.947 60308 INFO tempest.lib.common.rest_client [req-c7cd4884-d47b-40ce-ae40-4cecece49fd4 req-c7cd4884-d47b-40ce-ae40-4cecece49fd4 ] Request (VolumesNegativeTest:test_create_volume_with_invalid_size): 400 POST http://10.180.1.21/compute/v2.1/os-volumes 1.420s
2025-11-20 09:15:40.236 60312 INFO tempest.lib.common.rest_client [req-f83464d3-4240-4964-9b32-c2170f4695a5 req-f83464d3-4240-4964-9b32-c2170f4695a5 ] Request (SecurityGroupsNegativeTestJSON:setUpClass): 201 POST http://10.180.1.21:9696/networking/v2.0/routers 1.893s
2025-11-20 09:15:40.264 60298 INFO tempest.lib.common.rest_client [req-d0095cf3-cdc8-491c-a0e4-6646a4f7eb0b req-d0095cf3-cdc8-491c-a0e4-6646a4f7eb0b ] Request (ServerRescueNegativeTestJSON:setUpClass): 204 DELETE http://10.180.1.21/compute/v2.1/servers/20811f59-6dcc-4034-a503-215eb5418062 1.463s
2025-11-20 09:15:40.280 60274 INFO tempest.lib.common.rest_client [req-6091f1c0-3353-42d8-9d87-59305bf5a63a req-6091f1c0-3353-42d8-9d87-59305bf5a63a ] Request (KeyPairsV2TestJSON:_run_cleanups): 202 DELETE http://10.180.1.21/compute/v2.1/os-keypairs/tempest-keypair-1206959998 1.470s
2025-11-20 09:15:40.435 60276 INFO tempest.lib.common.rest_client [req-b2f9313d-0fd0-438d-b92e-8d499dfb7d2a req-b2f9313d-0fd0-438d-b92e-8d499dfb7d2a ] Request (ServerShowV257Test:test_rebuild_server): 202 POST http://10.180.1.21/compute/v2.1/servers 1.471s
2025-11-20 09:15:40.495 60297 INFO tempest.lib.common.rest_client [req-71313d14-71dc-42fe-8788-8cbb7c3c1bbc req-71313d14-71dc-42fe-8788-8cbb7c3c1bbc ] Request (QuotasTestJSON:test_compare_tenant_quotas_with_default_quotas): 200 GET http://10.180.1.21/compute/v2.1/os-quota-sets/48ceee6f29994276b73089d55ca18dd9 1.504s
2025-11-20 09:15:40.613 60252 INFO tempest.lib.common.rest_client [req-f9c12433-4c1f-4a9b-a91a-879584e1ed32 req-f9c12433-4c1f-4a9b-a91a-879584e1ed32 ] Request (ServersV294TestFqdnHostnames:tearDownClass): 204 DELETE http://10.180.1.21:9696/networking/v2.0/floatingips/e7ed7063-756c-470a-aa3b-a40c3be019c4 0.753s
2025-11-20 09:15:40.814 60256 INFO tempest.lib.common.rest_client [req-3c7e48bf-229a-4485-8adf-cf48bc2f01dd req-3c7e48bf-229a-4485-8adf-cf48bc2f01dd ] Request (MultipleCreateTestJSON:setUpClass): 201 POST http://10.180.1.21:9696/networking/v2.0/routers 1.885s
2025-11-20 09:15:40.878 60250 INFO tempest.lib.common.rest_client [req-2e0cafc5-a2f4-4aaa-9a48-3e455ae8d471 req-2e0cafc5-a2f4-4aaa-9a48-3e455ae8d471 ] Request (ServerDiagnosticsNegativeTest:test_get_server_diagnostics_by_non_admin): 200 GET http://10.180.1.21/compute/v2.1/servers/c4400e80-4457-4a8a-8588-f594e5993cde 1.852s
2025-11-20 09:15:40.898 60264 INFO tempest.lib.common.rest_client [req-31fc29da-fd0b-413d-8c96-4fff26cb9754 req-31fc29da-fd0b-413d-8c96-4fff26cb9754 ] Request (FlavorsAdminTestJSON:_run_cleanups): 202 DELETE http://10.180.1.21/compute/v2.1/flavors/1810935788 1.813s
2025-11-20 09:15:41.081 60254 INFO tempest.lib.common.rest_client [req-5cf0fb3c-1d8a-4f0e-8ffc-c9fa5e648130 req-5cf0fb3c-1d8a-4f0e-8ffc-c9fa5e648130 ] Request (FloatingIPsTestJSON:test_delete_floating_ip): 202 DELETE http://10.180.1.21/compute/v2.1/os-floating-ips/db0434bb-1f2f-4615-9a5a-da96550b2bab 2.405s
2025-11-20 09:15:41.128 60270 INFO tempest.lib.common.rest_client [req-9eeeb438-e263-4b59-91af-64924e5bab69 req-9eeeb438-e263-4b59-91af-64924e5bab69 ] Request (SecurityGroupsTestJSON:setUpClass): 201 POST http://10.180.1.21:9696/networking/v2.0/routers 1.831s
2025-11-20 09:15:41.482 60278 INFO tempest.lib.common.rest_client [req-941969a6-a5dc-4b7e-be0d-2863bf2890cf req-941969a6-a5dc-4b7e-be0d-2863bf2890cf ] Request (SecurityGroupRulesTestJSON:tearDownClass): 202 DELETE http://10.180.1.21/compute/v2.1/os-security-groups/2843add3-f103-4261-be5f-aa8e0602d0fa 2.005s
2025-11-20 09:15:41.499 60283 INFO tempest.lib.common.rest_client [req-f28e940d-de01-462f-8c9a-d3b02c3d1e20 req-f28e940d-de01-462f-8c9a-d3b02c3d1e20 ] Request (VolumesAssistedSnapshotsTest:test_volume_assisted_snapshot_create_delete): 200 GET http://10.180.1.21/compute/v2.1/servers/036d6de2-f69b-4714-b89e-9c4307253675 2.021s
2025-11-20 09:15:41.522 60288 INFO tempest.lib.common.rest_client [req-a35afa8f-fb81-449e-addf-27ec3929d2be req-a35afa8f-fb81-449e-addf-27ec3929d2be ] Request (AttachVolumeShelveTestJSON:_run_cleanups): 204 DELETE http://10.180.1.21/compute/v2.1/os-keypairs/tempest-keypair-645389666 1.997s
2025-11-20 09:15:41.634 60272 INFO tempest.lib.common.rest_client [req-8d99efbb-a628-48da-83b5-4dc9cec55826 req-8d99efbb-a628-48da-83b5-4dc9cec55826 ] Request (TenantUsagesTestJSON:setUpClass): 200 GET http://10.180.1.21/compute/v2.1/servers/5888cc9f-7341-4f9c-a93c-dd5ec95f7369 2.083s
2025-11-20 09:15:41.728 60302 INFO tempest.lib.common.rest_client [req-5f6d4f4f-b24a-474d-8325-359f888b82b2 req-5f6d4f4f-b24a-474d-8325-359f888b82b2 ] Request (ListServerFiltersTestJSON:tearDownClass): 204 DELETE http://10.180.1.21/compute/v2.1/servers/cc61c6f7-af2e-4bab-bc40-45630b300593 2.225s
2025-11-20 09:15:41.851 60288 INFO tempest.lib.common.rest_client [req-aea1e1ee-1cea-4717-a6e2-c91f6b8d1b7e req-aea1e1ee-1cea-4717-a6e2-c91f6b8d1b7e ] Request (AttachVolumeShelveTestJSON:_run_cleanups): 204 DELETE http://10.180.1.21:9696/networking/v2.0/security-groups/ed5d9cd2-7ffe-41dd-9d51-a40c7431f2da 0.329s
2025-11-20 09:15:41.895 60288 INFO tempest.lib.common.rest_client [req-e7e224f2-6171-4773-a257-8336731dedab req-e7e224f2-6171-4773-a257-8336731dedab ] Request (AttachVolumeShelveTestJSON:_run_cleanups): 404 GET http://10.180.1.21:9696/networking/v2.0/security-groups/ed5d9cd2-7ffe-41dd-9d51-a40c7431f2da 0.043s
2025-11-20 09:15:42.061 60290 INFO tempest.lib.common.rest_client [req-9181f814-7c07-498a-b86c-6b989e1ec8e4 req-9181f814-7c07-498a-b86c-6b989e1ec8e4 ] Request (SecurityGroupRulesNegativeTestJSON:test_create_security_group_rule_with_invalid_to_port): 200 POST http://10.180.1.21/compute/v2.1/os-security-groups 2.396s
2025-11-20 09:15:42.171 60286 INFO tempest.lib.common.rest_client [req-f60fb531-5c64-4209-8b5a-2a6034aceb61 req-f60fb531-5c64-4209-8b5a-2a6034aceb61 ] Request (ListImageFiltersTestJSON:setUpClass): 200 GET http://10.180.1.21/compute/v2.1/servers/1cf1d6fc-8bae-4797-8d7e-6ae7d62bd16f 2.440s
2025-11-20 09:15:42.481 60292 INFO tempest.lib.common.rest_client [req-5a335f4c-0d8d-4fee-a11a-37e606d71acf req-5a335f4c-0d8d-4fee-a11a-37e606d71acf ] Request (ServersAdminTestJSON:setUpClass): 200 GET http://10.180.1.21/compute/v2.1/servers/3ab1b905-cd6f-4d2b-a244-f85e56f796d3 2.593s
2025-11-20 09:15:42.500 60300 INFO tempest.lib.common.rest_client [req-2af37743-ceec-4c32-aa8b-f443fdad3cbc req-2af37743-ceec-4c32-aa8b-f443fdad3cbc ] Request (AggregatesAdminNegativeTestJSON:test_aggregate_remove_nonexistent_host): 200 POST http://10.180.1.21/compute/v2.1/os-aggregates 2.591s
2025-11-20 09:15:42.505 60308 INFO tempest.lib.common.rest_client [req-98b07308-44a9-4a01-a01a-ec1865b4ce5b req-98b07308-44a9-4a01-a01a-ec1865b4ce5b ] Request (VolumesNegativeTest:test_create_volume_with_size_zero): 400 POST http://10.180.1.21/compute/v2.1/os-volumes 2.557s
2025-11-20 09:15:42.711 60256 INFO tempest.lib.common.rest_client [req-3f5c41a5-82d9-4d2a-b047-685533a775f5 req-3f5c41a5-82d9-4d2a-b047-685533a775f5 ] Request (MultipleCreateTestJSON:setUpClass): 200 PUT http://10.180.1.21:9696/networking/v2.0/routers/4cfee2af-cc9b-45bf-87a5-066f9485314f/add_router_interface 1.896s
2025-11-20 09:15:42.711 60256 INFO tempest.lib.common.dynamic_creds [-] Created isolated network resources for: credentials: Credentials: {'domain_id': 'default', 'domain_name': 'Default', 'username': 'tempest-MultipleCreateTestJSON-328947127-project-member', 'project_domain_id': 'default', 'project_domain_name': 'Default', 'project_id': '6c6cba030fa2464f98c773682138ae9c', 'project_name': 'tempest-MultipleCreateTestJSON-328947127', 'tenant_id': '6c6cba030fa2464f98c773682138ae9c', 'tenant_name': 'tempest-MultipleCreateTestJSON-328947127', 'user_domain_id': 'default', 'user_domain_name': 'Default', 'user_id': 'ff2598db3b974d7685d57094808f2ef8', 'system': None}, Network: {'id': '558ef47b-e753-425f-8df2-741c798b60a9', 'name': 'tempest-MultipleCreateTestJSON-860543556-network', 'tenant_id': '6c6cba030fa2464f98c773682138ae9c', 'admin_state_up': True, 'mtu': 8950, 'status': 'ACTIVE', 'subnets': [], 'shared': False, 'project_id': '6c6cba030fa2464f98c773682138ae9c', 'port_security_enabled': True, 'router:external': False, 'provider:network_type': 'vlan', 'provider:physical_network': 'default', 'provider:segmentation_id': 217, 'is_default': False, 'availability_zone_hints': [], 'availability_zones': [], 'ipv4_address_scope': None, 'ipv6_address_scope': None, 'description': '', 'tags': [], 'created_at': '2025-11-20T09:15:38Z', 'updated_at': '2025-11-20T09:15:38Z', 'revision_number': 1}, Subnet: {'id': '4c7ed9c5-7265-46f4-ba94-807daed4ad5a', 'name': 'tempest-MultipleCreateTestJSON-860543556-subnet', 'tenant_id': '6c6cba030fa2464f98c773682138ae9c', 'network_id': '558ef47b-e753-425f-8df2-741c798b60a9', 'ip_version': 4, 'subnetpool_id': None, 'enable_dhcp': True, 'ipv6_ra_mode': None, 'ipv6_address_mode': None, 'gateway_ip': '192.168.128.1', 'cidr': '192.168.128.0/28', 'allocation_pools': [{'start': '192.168.128.2', 'end': '192.168.128.14'}], 'host_routes': [], 'dns_nameservers': [], 'description': '', 'service_types': [], 'tags': [], 'created_at': '2025-11-20T09:15:38Z', 'updated_at': '2025-11-20T09:15:38Z', 'revision_number': 0, 'project_id': '6c6cba030fa2464f98c773682138ae9c'}, Router: {'id': '4cfee2af-cc9b-45bf-87a5-066f9485314f', 'name': 'tempest-MultipleCreateTestJSON-860543556-router', 'tenant_id': '6c6cba030fa2464f98c773682138ae9c', 'admin_state_up': True, 'status': 'ACTIVE', 'external_gateway_info': {'network_id': '0a9f7aca-07e6-4b09-b99a-0a3d7b346866', 'external_fixed_ips': [{'subnet_id': 'd205b769-da96-4ff0-9513-2e1f89332075', 'ip_address': '10.180.180.176'}], 'enable_snat': True}, 'description': '', 'availability_zones': [], 'distributed': False, 'ha': False, 'availability_zone_hints': [], 'routes': [], 'flavor_id': None, 'tags': [], 'created_at': '2025-11-20T09:15:38Z', 'updated_at': '2025-11-20T09:15:40Z', 'revision_number': 2, 'project_id': '6c6cba030fa2464f98c773682138ae9c'}
2025-11-20 09:15:42.785 60256 INFO tempest.lib.common.rest_client [req-82e50993-9bd7-4e29-b19b-951680993465 req-82e50993-9bd7-4e29-b19b-951680993465 ] Request (MultipleCreateTestJSON:setUpClass): 201 POST http://10.180.1.21/identity/v3/auth/tokens 0.071s
2025-11-20 09:15:42.797 60270 INFO tempest.lib.common.rest_client [req-c3f7977b-97d7-4b0e-ba5e-e5c428096f47 req-c3f7977b-97d7-4b0e-ba5e-e5c428096f47 ] Request (SecurityGroupsTestJSON:setUpClass): 200 PUT http://10.180.1.21:9696/networking/v2.0/routers/adae5880-f967-4405-8b46-7a39081a96bc/add_router_interface 1.668s
2025-11-20 09:15:42.797 60270 INFO tempest.lib.common.dynamic_creds [-] Created isolated network resources for: credentials: Credentials: {'domain_id': 'default', 'domain_name': 'Default', 'username': 'tempest-SecurityGroupsTestJSON-2088684547-project-member', 'project_domain_id': 'default', 'project_domain_name': 'Default', 'project_id': 'd6c52e03a9e243d39ffc8dc15485ba86', 'project_name': 'tempest-SecurityGroupsTestJSON-2088684547', 'tenant_id': 'd6c52e03a9e243d39ffc8dc15485ba86', 'tenant_name': 'tempest-SecurityGroupsTestJSON-2088684547', 'user_domain_id': 'default', 'user_domain_name': 'Default', 'user_id': 'bec422b47efa4ddc804e737c854f3f46', 'system': None}, Network: {'id': 'ad70cdf2-a741-49e5-b9f0-27c90495fe14', 'name': 'tempest-SecurityGroupsTestJSON-1851569523-network', 'tenant_id': 'd6c52e03a9e243d39ffc8dc15485ba86', 'admin_state_up': True, 'mtu': 8950, 'status': 'ACTIVE', 'subnets': [], 'shared': False, 'project_id': 'd6c52e03a9e243d39ffc8dc15485ba86', 'port_security_enabled': True, 'router:external': False, 'provider:network_type': 'vlan', 'provider:physical_network': 'default', 'provider:segmentation_id': 922, 'is_default': False, 'availability_zone_hints': [], 'availability_zones': [], 'ipv4_address_scope': None, 'ipv6_address_scope': None, 'description': '', 'tags': [], 'created_at': '2025-11-20T09:15:38Z', 'updated_at': '2025-11-20T09:15:38Z', 'revision_number': 1}, Subnet: {'id': '133f54a2-32f0-4e91-959a-fa3a1f44105f', 'name': 'tempest-SecurityGroupsTestJSON-1851569523-subnet', 'tenant_id': 'd6c52e03a9e243d39ffc8dc15485ba86', 'network_id': 'ad70cdf2-a741-49e5-b9f0-27c90495fe14', 'ip_version': 4, 'subnetpool_id': None, 'enable_dhcp': True, 'ipv6_ra_mode': None, 'ipv6_address_mode': None, 'gateway_ip': '192.168.128.1', 'cidr': '192.168.128.0/28', 'allocation_pools': [{'start': '192.168.128.2', 'end': '192.168.128.14'}], 'host_routes': [], 'dns_nameservers': [], 'description': '', 'service_types': [], 'tags': [], 'created_at': '2025-11-20T09:15:39Z', 'updated_at': '2025-11-20T09:15:39Z', 'revision_number': 0, 'project_id': 'd6c52e03a9e243d39ffc8dc15485ba86'}, Router: {'id': 'adae5880-f967-4405-8b46-7a39081a96bc', 'name': 'tempest-SecurityGroupsTestJSON-1851569523-router', 'tenant_id': 'd6c52e03a9e243d39ffc8dc15485ba86', 'admin_state_up': True, 'status': 'ACTIVE', 'external_gateway_info': {'network_id': '0a9f7aca-07e6-4b09-b99a-0a3d7b346866', 'external_fixed_ips': [{'subnet_id': 'd205b769-da96-4ff0-9513-2e1f89332075', 'ip_address': '10.180.180.240'}], 'enable_snat': True}, 'description': '', 'availability_zones': [], 'distributed': False, 'ha': False, 'availability_zone_hints': [], 'routes': [], 'flavor_id': None, 'tags': [], 'created_at': '2025-11-20T09:15:39Z', 'updated_at': '2025-11-20T09:15:40Z', 'revision_number': 2, 'project_id': 'd6c52e03a9e243d39ffc8dc15485ba86'}
2025-11-20 09:15:42.828 60256 INFO tempest.lib.common.rest_client [req-e3c51f90-40f2-4a6f-8ee6-9ae9614ad290 req-e3c51f90-40f2-4a6f-8ee6-9ae9614ad290 ] Request (MultipleCreateTestJSON:test_multiple_create): 201 POST http://10.180.1.21/identity/v3/auth/tokens 0.038s
2025-11-20 09:15:42.828 60256 INFO tempest.lib.common.fixed_network [-] (MultipleCreateTestJSON:test_multiple_create) Found network {'id': '558ef47b-e753-425f-8df2-741c798b60a9', 'name': 'tempest-MultipleCreateTestJSON-860543556-network', 'tenant_id': '6c6cba030fa2464f98c773682138ae9c', 'admin_state_up': True, 'mtu': 8950, 'status': 'ACTIVE', 'subnets': [], 'shared': False, 'project_id': '6c6cba030fa2464f98c773682138ae9c', 'port_security_enabled': True, 'router:external': False, 'provider:network_type': 'vlan', 'provider:physical_network': 'default', 'provider:segmentation_id': 217, 'is_default': False, 'availability_zone_hints': [], 'availability_zones': [], 'ipv4_address_scope': None, 'ipv6_address_scope': None, 'description': '', 'tags': [], 'created_at': '2025-11-20T09:15:38Z', 'updated_at': '2025-11-20T09:15:38Z', 'revision_number': 1} available for tenant
2025-11-20 09:15:42.868 60270 INFO tempest.lib.common.rest_client [req-bfeec004-a5b7-41a6-9ef2-5b42110465c3 req-bfeec004-a5b7-41a6-9ef2-5b42110465c3 ] Request (SecurityGroupsTestJSON:setUpClass): 201 POST http://10.180.1.21/identity/v3/auth/tokens 0.067s
2025-11-20 09:15:43.077 60288 INFO tempest.lib.common.rest_client [req-b939c494-075f-44f2-8e5a-0c44fc33473c req-b939c494-075f-44f2-8e5a-0c44fc33473c ] Request (AttachVolumeShelveTestJSON:_run_cleanups): 204 DELETE http://10.180.1.21:9696/networking/v2.0/floatingips/0ec55e5e-419a-4840-8e57-057a4e8cab1b 1.182s
2025-11-20 09:15:43.271 60306 INFO tempest.lib.common.rest_client [req-8ea93ea7-b383-424c-b990-029ebc31cb30 req-8ea93ea7-b383-424c-b990-029ebc31cb30 ] Request (ServersTestMultiNic:test_verify_duplicate_network_nics): 200 GET http://10.180.1.21/compute/v2.1/servers/37916d26-1b5e-4991-83a2-ca5a5b00c2ac 3.234s
2025-11-20 09:15:43.324 60260 INFO tempest.lib.common.rest_client [req-bc554a34-1c24-44c9-825e-a9c6cebbe076 req-bc554a34-1c24-44c9-825e-a9c6cebbe076 ] Request (FloatingIPDetailsTestJSON:tearDownClass): 202 DELETE http://10.180.1.21/compute/v2.1/os-floating-ips/801d8c3d-e09d-42ba-8b20-9ebf36af49af 3.655s
2025-11-20 09:15:43.357 60258 INFO tempest.lib.common.rest_client [req-3e102e33-1c04-4e3d-942f-dd233156b1fc req-3e102e33-1c04-4e3d-942f-dd233156b1fc ] Request (VolumesAdminNegativeTest:test_update_attached_volume_with_nonexistent_volume_in_body): 200 GET http://10.180.1.21/compute/v2.1/servers/b663c3c4-acdd-4153-ab0f-1cdbf6f893e6 3.285s
2025-11-20 09:15:43.447 60252 INFO tempest.lib.common.rest_client [req-59a9794e-ed0f-42eb-9393-03d83e553817 req-59a9794e-ed0f-42eb-9393-03d83e553817 ] Request (ServersV294TestFqdnHostnames:tearDownClass): 200 PUT http://10.180.1.21:9696/networking/v2.0/routers/82731270-99b6-489c-ae05-aec9fcbc0ec1/remove_router_interface 2.834s
2025-11-20 09:15:43.526 60268 INFO tempest.lib.common.rest_client [req-897f15c5-cdf3-4292-ae27-a929edc1421c req-897f15c5-cdf3-4292-ae27-a929edc1421c ] Request (DeleteServersAdminTestJSON:test_admin_delete_servers_of_others): 200 GET http://10.180.1.21/compute/v2.1/servers/7a4778b7-5ffc-4641-b968-d0304fd67ee0 3.319s
2025-11-20 09:15:43.534 60266 INFO tempest.lib.common.rest_client [req-ca65bb6c-1a66-4da3-92b7-41f50d16de53 req-ca65bb6c-1a66-4da3-92b7-41f50d16de53 ] Request (ServerExternalEventsTest:test_create_server_external_events): 200 GET http://10.180.1.21/compute/v2.1/servers/363f5261-d589-4f99-b7dd-ab8f16cefee3 3.282s
2025-11-20 09:15:43.548 60298 INFO tempest.lib.common.rest_client [req-90a297af-f63e-43b1-8511-ceee5c41de16 req-90a297af-f63e-43b1-8511-ceee5c41de16 ] Request (ServerRescueNegativeTestJSON:setUpClass): 404 GET http://10.180.1.21/compute/v2.1/servers/20811f59-6dcc-4034-a503-215eb5418062 3.284s
2025-11-20 09:15:43.548 60298 INFO tempest.test [-] raised in ServerRescueNegativeTestJSON.setUpClass. Invoking tearDownClass.
2025-11-20 09:15:43.570 60274 INFO tempest.lib.common.rest_client [req-85f08aae-c5cd-4dc4-9ba2-7771ad21ad7a req-85f08aae-c5cd-4dc4-9ba2-7771ad21ad7a ] Request (KeyPairsV2TestJSON:test_keypair_create_delete): 200 POST http://10.180.1.21/compute/v2.1/os-keypairs 3.286s
2025-11-20 09:15:43.578 60312 INFO tempest.lib.common.rest_client [req-4d14485b-aa14-4a10-8fa2-7a497a545692 req-4d14485b-aa14-4a10-8fa2-7a497a545692 ] Request (SecurityGroupsNegativeTestJSON:setUpClass): 200 PUT http://10.180.1.21:9696/networking/v2.0/routers/498e400d-4fcf-4569-bf45-7aed91424149/add_router_interface 3.341s
2025-11-20 09:15:43.579 60312 INFO tempest.lib.common.dynamic_creds [-] Created isolated network resources for: credentials: Credentials: {'domain_id': 'default', 'domain_name': 'Default', 'username': 'tempest-SecurityGroupsNegativeTestJSON-209160147-project-member', 'project_domain_id': 'default', 'project_domain_name': 'Default', 'project_id': '6a4c5e16a0cf4268a57d0697ca3cacb8', 'project_name': 'tempest-SecurityGroupsNegativeTestJSON-209160147', 'tenant_id': '6a4c5e16a0cf4268a57d0697ca3cacb8', 'tenant_name': 'tempest-SecurityGroupsNegativeTestJSON-209160147', 'user_domain_id': 'default', 'user_domain_name': 'Default', 'user_id': '39d4aa5f2757424ca7e351b60a5a5f61', 'system': None}, Network: {'id': '1a7e3f73-af58-47ba-a077-a2b1971215c5', 'name': 'tempest-SecurityGroupsNegativeTestJSON-1143051612-network', 'tenant_id': '6a4c5e16a0cf4268a57d0697ca3cacb8', 'admin_state_up': True, 'mtu': 8950, 'status': 'ACTIVE', 'subnets': [], 'shared': False, 'project_id': '6a4c5e16a0cf4268a57d0697ca3cacb8', 'port_security_enabled': True, 'router:external': False, 'provider:network_type': 'vlan', 'provider:physical_network': 'default', 'provider:segmentation_id': 834, 'is_default': False, 'availability_zone_hints': [], 'availability_zones': [], 'ipv4_address_scope': None, 'ipv6_address_scope': None, 'description': '', 'tags': [], 'created_at': '2025-11-20T09:15:38Z', 'updated_at': '2025-11-20T09:15:38Z', 'revision_number': 1}, Subnet: {'id': '086f6d06-33bf-4811-a5ee-68c372c9c9e6', 'name': 'tempest-SecurityGroupsNegativeTestJSON-1143051612-subnet', 'tenant_id': '6a4c5e16a0cf4268a57d0697ca3cacb8', 'network_id': '1a7e3f73-af58-47ba-a077-a2b1971215c5', 'ip_version': 4, 'subnetpool_id': None, 'enable_dhcp': True, 'ipv6_ra_mode': None, 'ipv6_address_mode': None, 'gateway_ip': '192.168.128.1', 'cidr': '192.168.128.0/28', 'allocation_pools': [{'start': '192.168.128.2', 'end': '192.168.128.14'}], 'host_routes': [], 'dns_nameservers': [], 'description': '', 'service_types': [], 'tags': [], 'created_at': '2025-11-20T09:15:38Z', 'updated_at': '2025-11-20T09:15:38Z', 'revision_number': 0, 'project_id': '6a4c5e16a0cf4268a57d0697ca3cacb8'}, Router: {'id': '498e400d-4fcf-4569-bf45-7aed91424149', 'name': 'tempest-SecurityGroupsNegativeTestJSON-1143051612-router', 'tenant_id': '6a4c5e16a0cf4268a57d0697ca3cacb8', 'admin_state_up': True, 'status': 'ACTIVE', 'external_gateway_info': {'network_id': '0a9f7aca-07e6-4b09-b99a-0a3d7b346866', 'external_fixed_ips': [{'subnet_id': 'd205b769-da96-4ff0-9513-2e1f89332075', 'ip_address': '10.180.180.164'}], 'enable_snat': True}, 'description': '', 'availability_zones': [], 'distributed': False, 'ha': False, 'availability_zone_hints': [], 'routes': [], 'flavor_id': None, 'tags': [], 'created_at': '2025-11-20T09:15:38Z', 'updated_at': '2025-11-20T09:15:39Z', 'revision_number': 2, 'project_id': '6a4c5e16a0cf4268a57d0697ca3cacb8'}
2025-11-20 09:15:43.616 60297 INFO tempest.lib.common.rest_client [req-a90efcc0-ea1a-4a24-a3cd-9817a7a84b90 req-a90efcc0-ea1a-4a24-a3cd-9817a7a84b90 ] Request (QuotasTestJSON:test_get_default_quotas): 200 GET http://10.180.1.21/compute/v2.1/os-quota-sets/48ceee6f29994276b73089d55ca18dd9/defaults 3.117s
2025-11-20 09:15:43.632 60276 INFO tempest.lib.common.rest_client [req-872fa0a0-f446-4a88-86c1-2aef86b6e216 req-872fa0a0-f446-4a88-86c1-2aef86b6e216 ] Request (ServerShowV257Test:test_rebuild_server): 200 GET http://10.180.1.21/compute/v2.1/servers/9b48df25-2dc2-423c-9408-f31388e40cd5 3.195s
2025-11-20 09:15:43.666 60312 INFO tempest.lib.common.rest_client [req-b21b60ed-4d16-44e0-9197-0492385370e4 req-b21b60ed-4d16-44e0-9197-0492385370e4 ] Request (SecurityGroupsNegativeTestJSON:setUpClass): 201 POST http://10.180.1.21/identity/v3/auth/tokens 0.083s
2025-11-20 09:15:43.677 60294 INFO tempest.lib.common.rest_client [req-2992afa8-173b-4106-880f-b7a7078ef170 req-2992afa8-173b-4106-880f-b7a7078ef170 ] Request (ServersAdmin275Test:test_rebuild_update_server_275): 200 GET http://10.180.1.21/compute/v2.1/servers/68c87b51-b90a-47cc-bec1-05f7c389fc14 3.070s
2025-11-20 09:15:43.744 60304 INFO tempest.lib.common.rest_client [req-fc1c7309-f404-460f-9aec-22978e4f2c5c req-fc1c7309-f404-460f-9aec-22978e4f2c5c ] Request (ImagesTestJSON:test_create_image_from_stopped_server): 200 GET http://10.180.1.21/compute/v2.1/servers/8a0d9829-6759-4593-9230-459a546a5908 2.871s
2025-11-20 09:15:43.760 60264 INFO tempest.lib.common.rest_client [req-4e1876a4-de74-43a5-9327-eb0b0727599b req-4e1876a4-de74-43a5-9327-eb0b0727599b ] Request (FlavorsAdminTestJSON:_run_cleanups): 200 GET http://10.180.1.21/compute/v2.1/flavors/detail 2.861s
2025-11-20 09:15:43.795 60254 INFO tempest.lib.common.rest_client [req-22e0cdbd-66f3-47e1-8316-b9c2cda82a8b req-22e0cdbd-66f3-47e1-8316-b9c2cda82a8b ] Request (FloatingIPsTestJSON:test_delete_floating_ip): 404 GET http://10.180.1.21/compute/v2.1/os-floating-ips/db0434bb-1f2f-4615-9a5a-da96550b2bab 2.714s
2025-11-20 09:15:43.805 60262 INFO tempest.lib.common.rest_client [req-42fb46d9-b0e7-4a04-9e3d-1fbbd54c09aa req-42fb46d9-b0e7-4a04-9e3d-1fbbd54c09aa ] Request (FloatingIPsAssociationNegativeTestJSON:setUpClass): 200 GET http://10.180.1.21/compute/v2.1/servers/9214a18f-c22d-4e24-980e-7241a2b993bd 2.909s
2025-11-20 09:15:43.831 60302 INFO tempest.lib.common.rest_client [req-96153cd1-c9fe-4047-b332-337f099d5351 req-96153cd1-c9fe-4047-b332-337f099d5351 ] Request (ListServerFiltersTestJSON:tearDownClass): 404 GET http://10.180.1.21/compute/v2.1/servers/cc61c6f7-af2e-4bab-bc40-45630b300593 2.102s
2025-11-20 09:15:43.918 60252 INFO tempest.lib.common.rest_client [req-17538b55-672b-4754-a2ea-9eb062d56116 req-17538b55-672b-4754-a2ea-9eb062d56116 ] Request (ServersV294TestFqdnHostnames:tearDownClass): 204 DELETE http://10.180.1.21:9696/networking/v2.0/routers/82731270-99b6-489c-ae05-aec9fcbc0ec1 0.471s
2025-11-20 09:15:43.950 60278 INFO tempest.lib.common.rest_client [req-800d4d9d-4aa0-464c-b330-29a2baaef73e req-800d4d9d-4aa0-464c-b330-29a2baaef73e ] Request (SecurityGroupRulesTestJSON:tearDownClass): 202 DELETE http://10.180.1.21/compute/v2.1/os-security-groups/db49d72e-1fff-4a92-93f5-fb047c0dd422 2.467s
2025-11-20 09:15:43.968 60250 INFO tempest.lib.common.rest_client [req-878b8767-4190-417e-9ca1-4e6735e5e011 req-878b8767-4190-417e-9ca1-4e6735e5e011 ] Request (ServerDiagnosticsNegativeTest:test_get_server_diagnostics_by_non_admin): 200 GET http://10.180.1.21/compute/v2.1/servers/c4400e80-4457-4a8a-8588-f594e5993cde 2.080s
2025-11-20 09:15:43.988 60290 INFO tempest.lib.common.rest_client [req-8df3cf7e-dfb3-4fe3-a0df-2e1f3d2c7200 req-8df3cf7e-dfb3-4fe3-a0df-2e1f3d2c7200 ] Request (SecurityGroupRulesNegativeTestJSON:test_create_security_group_rule_with_invalid_to_port): 400 POST http://10.180.1.21/compute/v2.1/os-security-group-rules 1.923s
2025-11-20 09:15:44.015 60300 INFO tempest.lib.common.rest_client [req-2a53ba40-f439-4527-9384-fbd47366df8d req-2a53ba40-f439-4527-9384-fbd47366df8d ] Request (AggregatesAdminNegativeTestJSON:test_aggregate_remove_nonexistent_host): 404 POST http://10.180.1.21/compute/v2.1/os-aggregates/8/action 1.514s
2025-11-20 09:15:44.019 60308 INFO tempest.lib.common.rest_client [req-fc378f9b-c7c8-4cf1-b427-eac0dee348dd req-fc378f9b-c7c8-4cf1-b427-eac0dee348dd ] Request (VolumesNegativeTest:test_create_volume_without_passing_size): 400 POST http://10.180.1.21/compute/v2.1/os-volumes 1.513s
2025-11-20 09:15:44.074 60252 INFO tempest.lib.common.rest_client [req-25e1fb7a-9130-4e19-9bcc-b6b1068d6769 req-25e1fb7a-9130-4e19-9bcc-b6b1068d6769 ] Request (ServersV294TestFqdnHostnames:tearDownClass): 204 DELETE http://10.180.1.21:9696/networking/v2.0/subnets/d405bb12-e303-4de9-8673-f15663f42ce4 0.155s
2025-11-20 09:15:44.168 60283 INFO tempest.lib.common.rest_client [req-3e35d887-270e-4fb1-98c3-671674411db8 req-3e35d887-270e-4fb1-98c3-671674411db8 ] Request (VolumesAssistedSnapshotsTest:test_volume_assisted_snapshot_create_delete): 200 GET http://10.180.1.21/compute/v2.1/servers/036d6de2-f69b-4714-b89e-9c4307253675 1.658s
2025-11-20 09:15:44.170 60286 INFO tempest.lib.common.rest_client [req-0deae8bc-0521-468c-9c31-5bb28b59cad0 req-0deae8bc-0521-468c-9c31-5bb28b59cad0 ] Request (ListImageFiltersTestJSON:setUpClass): 204 DELETE http://10.180.1.21/compute/v2.1/servers/1cf1d6fc-8bae-4797-8d7e-6ae7d62bd16f 1.993s
2025-11-20 09:15:44.219 60272 INFO tempest.lib.common.rest_client [req-0731579c-1238-46ba-9c44-cb37c09a6bb6 req-0731579c-1238-46ba-9c44-cb37c09a6bb6 ] Request (TenantUsagesTestJSON:setUpClass): 200 GET http://10.180.1.21/compute/v2.1/servers/5888cc9f-7341-4f9c-a93c-dd5ec95f7369 1.573s
2025-11-20 09:15:44.338 60252 INFO tempest.lib.common.rest_client [req-7a0ba33e-a585-47ab-9453-4a839ad3898c req-7a0ba33e-a585-47ab-9453-4a839ad3898c ] Request (ServersV294TestFqdnHostnames:tearDownClass): 204 DELETE http://10.180.1.21:9696/networking/v2.0/networks/d6c05561-4651-40ea-bfd5-df7aba4a44fe 0.263s
2025-11-20 09:15:44.380 60270 INFO tempest.lib.common.rest_client [req-574511a3-28aa-4fe6-8d0c-8f179bcf38f6 req-574511a3-28aa-4fe6-8d0c-8f179bcf38f6 ] Request (SecurityGroupsTestJSON:test_list_security_groups_by_server): 200 POST http://10.180.1.21/compute/v2.1/os-security-groups 1.511s
2025-11-20 09:15:44.408 60288 INFO tempest.lib.common.rest_client [req-8df173b8-cdae-4c5c-8872-fd8e28fc96ba req-8df173b8-cdae-4c5c-8872-fd8e28fc96ba ] Request (ValidationResourcesFixture:setUp): 201 POST http://10.180.1.21/compute/v2.1/os-keypairs 1.328s
2025-11-20 09:15:44.446 60252 INFO tempest.lib.common.rest_client [req-3b9c4766-d75a-42b7-8d57-d68e44d7a146 req-3b9c4766-d75a-42b7-8d57-d68e44d7a146 ] Request (ServersV294TestFqdnHostnames:tearDownClass): 204 DELETE http://10.180.1.21/identity/v3/users/bed396a125cd442d8833717fe88c6057 0.108s
2025-11-20 09:15:44.447 60252 INFO tempest.lib.common.dynamic_creds [-] Deleting project and security group for project: aa0d92f9f2e7453f82fcdb15a9f9af07
2025-11-20 09:15:44.473 60252 INFO tempest.lib.common.rest_client [req-fa4bbbb0-2fa7-4944-9014-d8a0417062da req-fa4bbbb0-2fa7-4944-9014-d8a0417062da ] Request (ServersV294TestFqdnHostnames:tearDownClass): 200 GET http://10.180.1.21:9696/networking/v2.0/security-groups?tenant_id=aa0d92f9f2e7453f82fcdb15a9f9af07&name=default 0.027s
2025-11-20 09:15:44.535 60252 INFO tempest.lib.common.rest_client [req-87dfb89c-2a25-4fd0-af1f-049731e91110 req-87dfb89c-2a25-4fd0-af1f-049731e91110 ] Request (ServersV294TestFqdnHostnames:tearDownClass): 204 DELETE http://10.180.1.21:9696/networking/v2.0/security-groups/a0ea425d-1414-4819-a925-6daea3018678 0.061s
2025-11-20 09:15:44.640 60252 INFO tempest.lib.common.rest_client [req-43d6df4e-519a-47a0-ba78-4f0d0fee0f9e req-43d6df4e-519a-47a0-ba78-4f0d0fee0f9e ] Request (ServersV294TestFqdnHostnames:tearDownClass): 204 DELETE http://10.180.1.21/identity/v3/projects/aa0d92f9f2e7453f82fcdb15a9f9af07 0.105s
2025-11-20 09:15:44.727 60252 INFO tempest.lib.common.rest_client [req-53e1dab4-3085-4741-84b4-127ff5a7041d req-53e1dab4-3085-4741-84b4-127ff5a7041d ] Request (ServerTagsTestJSON:setUpClass): 201 POST http://10.180.1.21/identity/v3/auth/tokens 0.082s
2025-11-20 09:15:44.765 60252 INFO tempest.lib.common.rest_client [req-559370d4-8541-4225-b5a4-4432549874da req-559370d4-8541-4225-b5a4-4432549874da ] Request (ServerTagsTestJSON:setUpClass): 201 POST http://10.180.1.21/identity/v3/auth/tokens 0.033s
2025-11-20 09:15:44.796 60252 INFO tempest.lib.common.rest_client [req-f7601bb3-8c78-4fac-9bfa-6770cb06d863 req-f7601bb3-8c78-4fac-9bfa-6770cb06d863 ] Request (ServerTagsTestJSON:setUpClass): 200 GET http://10.180.1.21/identity/v3/domains?name=Default 0.031s
2025-11-20 09:15:44.829 60252 INFO tempest.lib.common.rest_client [req-262af604-91c8-4e44-8694-1c77f1406673 req-262af604-91c8-4e44-8694-1c77f1406673 ] Request (ServerTagsTestJSON:setUpClass): 201 POST http://10.180.1.21/identity/v3/projects 0.032s
2025-11-20 09:15:44.845 60288 INFO tempest.lib.common.rest_client [req-6e2433db-70d0-4119-9ae0-0c83fd4e3f41 req-6e2433db-70d0-4119-9ae0-0c83fd4e3f41 ] Request (ValidationResourcesFixture:setUp): 201 POST http://10.180.1.21:9696/networking/v2.0/security-groups 0.435s
2025-11-20 09:15:44.902 60252 INFO tempest.lib.common.rest_client [req-fb51fece-046c-4d74-a23f-cf42ae125dcb req-fb51fece-046c-4d74-a23f-cf42ae125dcb ] Request (ServerTagsTestJSON:setUpClass): 201 POST http://10.180.1.21/identity/v3/users 0.072s
2025-11-20 09:15:44.925 60252 INFO tempest.lib.common.rest_client [req-3be17303-db12-45ba-8bdd-0541e04e27ff req-3be17303-db12-45ba-8bdd-0541e04e27ff ] Request (ServerTagsTestJSON:setUpClass): 200 GET http://10.180.1.21/identity/v3/roles 0.022s
2025-11-20 09:15:44.931 60288 INFO tempest.lib.common.rest_client [req-18467cef-3614-4507-a17b-29319e9298c2 req-18467cef-3614-4507-a17b-29319e9298c2 ] Request (ValidationResourcesFixture:setUp): 201 POST http://10.180.1.21:9696/networking/v2.0/security-group-rules 0.085s
2025-11-20 09:15:44.963 60252 INFO tempest.lib.common.rest_client [req-937f1055-6439-4f2d-a299-f2adebb1cb8c req-937f1055-6439-4f2d-a299-f2adebb1cb8c ] Request (ServerTagsTestJSON:setUpClass): 204 PUT http://10.180.1.21/identity/v3/projects/55cce2594ae5414ca0c4340b08850ad4/users/69d208b0b92849d2a6d47b12b32e842d/roles/301d7010caf14a2cb8a2948050a3c63e 0.038s
2025-11-20 09:15:44.964 60252 INFO tempest.lib.common.dynamic_creds [-] Dynamic test user 69d208b0b92849d2a6d47b12b32e842d is created with scope project and roles: ['member']
2025-11-20 09:15:44.966 60252 INFO tempest.lib.common.dynamic_creds [-] Acquired dynamic creds: credentials: Credentials: {'domain_id': 'default', 'domain_name': 'Default', 'username': 'tempest-ServerTagsTestJSON-1761503152-project-member', 'project_domain_id': 'default', 'project_domain_name': 'Default', 'project_id': '55cce2594ae5414ca0c4340b08850ad4', 'project_name': 'tempest-ServerTagsTestJSON-1761503152', 'tenant_id': '55cce2594ae5414ca0c4340b08850ad4', 'tenant_name': 'tempest-ServerTagsTestJSON-1761503152', 'user_domain_id': 'default', 'user_domain_name': 'Default', 'user_id': '69d208b0b92849d2a6d47b12b32e842d', 'system': None}, Network: None, Subnet: None, Router: None
2025-11-20 09:15:45.034 60288 INFO tempest.lib.common.rest_client [req-561f761b-53ce-49e7-84e7-5d8035c2568a req-561f761b-53ce-49e7-84e7-5d8035c2568a ] Request (ValidationResourcesFixture:setUp): 201 POST http://10.180.1.21:9696/networking/v2.0/security-group-rules 0.103s
2025-11-20 09:15:45.040 60252 INFO tempest.lib.common.rest_client [req-32ea927f-12bf-4577-9da6-8920ecb12c5e req-32ea927f-12bf-4577-9da6-8920ecb12c5e ] Request (ServerTagsTestJSON:setUpClass): 201 POST http://10.180.1.21/identity/v3/auth/tokens 0.073s
2025-11-20 09:15:45.047 60256 INFO tempest.lib.common.rest_client [req-823b1ff9-6c49-44df-a391-d35bcd60e92e req-823b1ff9-6c49-44df-a391-d35bcd60e92e ] Request (MultipleCreateTestJSON:test_multiple_create): 202 POST http://10.180.1.21/compute/v2.1/servers 2.217s
2025-11-20 09:15:45.181 60260 INFO tempest.lib.common.rest_client [req-896e8509-f745-4cd4-9dfa-c319e4c80003 req-896e8509-f745-4cd4-9dfa-c319e4c80003 ] Request (FloatingIPDetailsTestJSON:tearDownClass): 202 DELETE http://10.180.1.21/compute/v2.1/os-floating-ips/b7f1a03b-9c44-4bbd-bb6c-bc96efd74327 1.857s
2025-11-20 09:15:45.420 60252 INFO tempest.lib.common.rest_client [req-9a40e79b-770a-4845-b6af-54fef5380b84 req-9a40e79b-770a-4845-b6af-54fef5380b84 ] Request (ServerTagsTestJSON:setUpClass): 201 POST http://10.180.1.21:9696/networking/v2.0/networks 0.379s
2025-11-20 09:15:45.439 60258 INFO tempest.lib.common.rest_client [req-a60cb2fc-d683-4121-b06f-e3305fde07f2 req-a60cb2fc-d683-4121-b06f-e3305fde07f2 ] Request (VolumesAdminNegativeTest:test_update_attached_volume_with_nonexistent_volume_in_body): 204 DELETE http://10.180.1.21/compute/v2.1/servers/b663c3c4-acdd-4153-ab0f-1cdbf6f893e6 2.073s
2025-11-20 09:15:45.529 60288 INFO tempest.lib.common.rest_client [req-5dc7952b-3048-4ccb-9af7-fb5b445434e3 req-5dc7952b-3048-4ccb-9af7-fb5b445434e3 ] Request (ValidationResourcesFixture:setUp): 201 POST http://10.180.1.21:9696/networking/v2.0/floatingips 0.494s
2025-11-20 09:15:45.595 60288 INFO tempest.lib.common.rest_client [req-7ef198ec-2b0c-4038-b1f5-feb6939ddf99 req-7ef198ec-2b0c-4038-b1f5-feb6939ddf99 ] Request (AttachVolumeShelveTestJSON:test_detach_volume_shelved_or_offload_server): 201 POST http://10.180.1.21/identity/v3/auth/tokens 0.063s
2025-11-20 09:15:45.596 60288 INFO tempest.lib.common.fixed_network [-] (AttachVolumeShelveTestJSON:test_detach_volume_shelved_or_offload_server) Found network {'id': '42980aba-075a-4af3-8154-46d06dcb4de3', 'name': 'tempest-AttachVolumeShelveTestJSON-883442257-network', 'tenant_id': '50ab20b4edba449f89698342c4d02e5a', 'admin_state_up': True, 'mtu': 8950, 'status': 'ACTIVE', 'subnets': [], 'shared': False, 'project_id': '50ab20b4edba449f89698342c4d02e5a', 'port_security_enabled': True, 'router:external': False, 'provider:network_type': 'vlan', 'provider:physical_network': 'default', 'provider:segmentation_id': 645, 'is_default': False, 'availability_zone_hints': [], 'availability_zones': [], 'ipv4_address_scope': None, 'ipv6_address_scope': None, 'description': '', 'tags': [], 'created_at': '2025-11-20T09:15:15Z', 'updated_at': '2025-11-20T09:15:15Z', 'revision_number': 1} available for tenant
2025-11-20 09:15:45.618 60292 INFO tempest.lib.common.rest_client [req-77eb076d-d731-47c8-bf69-8a713caa066d req-77eb076d-d731-47c8-bf69-8a713caa066d ] Request (ServersAdminTestJSON:setUpClass): 200 GET http://10.180.1.21/compute/v2.1/servers/3ab1b905-cd6f-4d2b-a244-f85e56f796d3 2.127s
2025-11-20 09:15:45.619 60298 INFO tempest.lib.common.rest_client [req-9c83c7ae-3ec9-40f9-94f3-bbf747d98c7c req-9c83c7ae-3ec9-40f9-94f3-bbf747d98c7c ] Request (ServerRescueNegativeTestJSON:tearDownClass): 204 DELETE http://10.180.1.21/compute/v2.1/servers/2a9a0355-c485-4613-890b-d052dcedbd28 2.070s
2025-11-20 09:15:45.632 60274 INFO tempest.lib.common.rest_client [req-bdcac3b3-2371-42d7-9418-9bd24086434d req-bdcac3b3-2371-42d7-9418-9bd24086434d ] Request (KeyPairsV2TestJSON:_run_cleanups): 202 DELETE http://10.180.1.21/compute/v2.1/os-keypairs/tempest-keypair-1755060764 2.060s
2025-11-20 09:15:45.643 60252 INFO tempest.lib.common.rest_client [req-78b536a3-7115-409d-890e-14917fd89dce req-78b536a3-7115-409d-890e-14917fd89dce ] Request (ServerTagsTestJSON:setUpClass): 201 POST http://10.180.1.21:9696/networking/v2.0/subnets 0.223s
2025-11-20 09:15:45.738 60297 INFO tempest.lib.common.rest_client [req-32bda171-b2f3-43b5-a529-9fa3b7d76aa5 req-32bda171-b2f3-43b5-a529-9fa3b7d76aa5 ] Request (QuotasTestJSON:test_get_quotas): 200 GET http://10.180.1.21/compute/v2.1/os-quota-sets/48ceee6f29994276b73089d55ca18dd9 2.118s
2025-11-20 09:15:45.744 60312 INFO tempest.lib.common.rest_client [req-1248a675-7af8-481f-8c83-c8bf6eff0fd1 req-1248a675-7af8-481f-8c83-c8bf6eff0fd1 ] Request (SecurityGroupsNegativeTestJSON:test_delete_nonexistent_security_group): 404 DELETE http://10.180.1.21/compute/v2.1/os-security-groups/6e90c4e2-37e6-478e-bca1-7fef89a2b1cd 2.075s
2025-11-20 09:15:45.752 60264 INFO tempest.lib.common.rest_client [req-cfbdda2f-a9e6-4244-af5a-938040ba461a req-cfbdda2f-a9e6-4244-af5a-938040ba461a ] Request (FlavorsAdminTestJSON:test_create_flavor_with_int_id): 200 POST http://10.180.1.21/compute/v2.1/flavors 1.987s
2025-11-20 09:15:45.777 60254 INFO tempest.lib.common.rest_client [req-acbb294e-03bc-41ae-bbba-f81785691f7f req-acbb294e-03bc-41ae-bbba-f81785691f7f ] Request (FloatingIPsTestJSON:_run_cleanups): 404 DELETE http://10.180.1.21/compute/v2.1/os-floating-ips/db0434bb-1f2f-4615-9a5a-da96550b2bab 1.981s
2025-11-20 09:15:45.938 60302 INFO tempest.lib.common.rest_client [req-0ef0957d-d9da-4e1e-a599-edd402d3aa21 req-0ef0957d-d9da-4e1e-a599-edd402d3aa21 ] Request (ListServerFiltersTestJSON:tearDownClass): 204 DELETE http://10.180.1.21/compute/v2.1/servers/8d6a65b2-3437-470d-9bfa-e3fd914c9da4 2.106s
2025-11-20 09:15:45.978 60290 INFO tempest.lib.common.rest_client [req-fea6aa03-6f66-40e2-806c-00ae1c11778d req-fea6aa03-6f66-40e2-806c-00ae1c11778d ] Request (SecurityGroupRulesNegativeTestJSON:test_create_security_group_rule_with_non_existent_id): 404 POST http://10.180.1.21/compute/v2.1/os-security-group-rules 1.989s
2025-11-20 09:15:45.988 60278 INFO tempest.lib.common.rest_client [req-634d8863-cb75-4a1e-bba8-dc26e3b8c817 req-634d8863-cb75-4a1e-bba8-dc26e3b8c817 ] Request (SecurityGroupRulesTestJSON:tearDownClass): 202 DELETE http://10.180.1.21/compute/v2.1/os-security-groups/7e1e0779-72ed-46ed-9864-a54fea0f062f 2.038s
2025-11-20 09:15:45.993 60300 INFO tempest.lib.common.rest_client [req-ce5a1c18-aaf5-4181-b4db-5bed3f0c70e7 req-ce5a1c18-aaf5-4181-b4db-5bed3f0c70e7 ] Request (AggregatesAdminNegativeTestJSON:_run_cleanups): 200 DELETE http://10.180.1.21/compute/v2.1/os-aggregates/8 1.978s
2025-11-20 09:15:46.013 60286 INFO tempest.lib.common.rest_client [req-69e24d12-ce69-451d-b1f6-ebe3906cf68a req-69e24d12-ce69-451d-b1f6-ebe3906cf68a ] Request (ListImageFiltersTestJSON:setUpClass): 404 GET http://10.180.1.21/compute/v2.1/servers/1cf1d6fc-8bae-4797-8d7e-6ae7d62bd16f 1.842s
2025-11-20 09:15:46.013 60286 INFO tempest.test [-] raised in ListImageFiltersTestJSON.setUpClass. Invoking tearDownClass.
2025-11-20 09:15:46.017 60308 INFO tempest.lib.common.rest_client [req-2cc7f157-eb6d-48ff-a642-b9c9a7cd5f39 req-2cc7f157-eb6d-48ff-a642-b9c9a7cd5f39 ] Request (VolumesNegativeTest:test_delete_invalid_volume_id): 404 DELETE http://10.180.1.21/compute/v2.1/os-volumes/tempest-invalid-614287892 1.994s
