2025-11-20 09:15:29.005 60264 INFO tempest.lib.common.dynamic_creds [-] Acquired dynamic creds: credentials: Credentials: {'domain_id': 'default', 'domain_name': 'Default', 'username': 'tempest-FlavorsAdminTestJSON-2096358172-project-member', 'project_domain_id': 'default', 'project_domain_name': 'Default', 'project_id': 'd04d1bb2602b4aa98410696cf72e3476', 'project_name': 'tempest-FlavorsAdminTestJSON-2096358172', 'tenant_id': 'd04d1bb2602b4aa98410696cf72e3476', 'tenant_name': 'tempest-FlavorsAdminTestJSON-2096358172', 'user_domain_id': 'default', 'user_domain_name': 'Default', 'user_id': '942ae1d337b14158be73b218f21934d2', 'system': None}, Network: None, Subnet: None, Router: None
2025-11-20 09:15:29.005 60264 INFO tempest.lib.common.dynamic_creds [-] Created isolated network resources for: credentials: Credentials: {'domain_id': 'default', 'domain_name': 'Default', 'username': 'tempest-FlavorsAdminTestJSON-2096358172-project-member', 'project_domain_id': 'default', 'project_domain_name': 'Default', 'project_id': 'd04d1bb2602b4aa98410696cf72e3476', 'project_name': 'tempest-FlavorsAdminTestJSON-2096358172', 'tenant_id': 'd04d1bb2602b4aa98410696cf72e3476', 'tenant_name': 'tempest-FlavorsAdminTestJSON-2096358172', 'user_domain_id': 'default', 'user_domain_name': 'Default', 'user_id': '942ae1d337b14158be73b218f21934d2', 'system': None}, Network: None, Subnet: None, Router: None
2025-11-20 09:15:29.041 60292 INFO tempest.lib.common.rest_client [req-c1855bf3-26a7-42cb-84bf-3333e6dc9c5a req-c1855bf3-26a7-42cb-84bf-3333e6dc9c5a ] Request (ServersAdminTestJSON:setUpClass): 200 GET http://10.180.1.21/compute/v2.1/servers/3ab1b905-cd6f-4d2b-a244-f85e56f796d3 3.809s
2025-11-20 09:15:29.056 60258 INFO tempest.lib.common.rest_client [req-ba9dfc28-4065-4af2-adce-ca961e6f1334 req-ba9dfc28-4065-4af2-adce-ca961e6f1334 ] Request (VolumesAdminNegativeTest:setUpClass): 200 GET http://10.180.1.21/identity/v3/roles 0.059s
2025-11-20 09:15:29.088 60264 INFO tempest.lib.common.rest_client [req-f6bd0725-2725-4f2b-b6c1-d66ddf4ed204 req-f6bd0725-2725-4f2b-b6c1-d66ddf4ed204 ] Request (FlavorsAdminTestJSON:setUpClass): 201 POST http://10.180.1.21/identity/v3/auth/tokens 0.079s
2025-11-20 09:15:29.122 60258 INFO tempest.lib.common.rest_client [req-982cc1ec-7a27-4c09-8e8f-3e11e33d8bd3 req-982cc1ec-7a27-4c09-8e8f-3e11e33d8bd3 ] Request (VolumesAdminNegativeTest:setUpClass): 204 PUT http://10.180.1.21/identity/v3/projects/05a26af18d9a440ca2f04ce102b9a578/users/db02552df84a429185ced707a3a99d26/roles/be09f7a63d1f4a699baba7842f1f1f2d 0.065s
2025-11-20 09:15:29.138 60254 INFO tempest.lib.common.rest_client [req-5e00fde8-4919-4fcc-a2ba-2343cbbfd1bb req-5e00fde8-4919-4fcc-a2ba-2343cbbfd1bb ] Request (FloatingIPsTestJSON:test_allocate_floating_ip): 200 POST http://10.180.1.21/compute/v2.1/os-floating-ips 4.681s
2025-11-20 09:15:29.186 60264 INFO tempest.lib.common.rest_client [req-71e1a406-6ef3-4b1a-b407-e5deb4e28303 req-71e1a406-6ef3-4b1a-b407-e5deb4e28303 ] Request (FlavorsAdminTestJSON:setUpClass): 201 POST http://10.180.1.21/identity/v3/projects 0.097s
2025-11-20 09:15:29.192 60258 INFO tempest.lib.common.rest_client [req-03a37ee4-efbd-4a5c-8cbc-7e4ecb7f7687 req-03a37ee4-efbd-4a5c-8cbc-7e4ecb7f7687 ] Request (VolumesAdminNegativeTest:setUpClass): 200 GET http://10.180.1.21/identity/v3/roles 0.070s
2025-11-20 09:15:29.208 60272 INFO tempest.lib.common.rest_client [req-f65aa833-060c-4b0e-aae7-aa14e89b3f2a req-f65aa833-060c-4b0e-aae7-aa14e89b3f2a ] Request (TenantUsagesTestJSON:setUpClass): 200 GET http://10.180.1.21/compute/v2.1/servers/5888cc9f-7341-4f9c-a93c-dd5ec95f7369 3.900s
2025-11-20 09:15:29.249 60258 INFO tempest.lib.common.rest_client [req-19436661-3711-4ac9-86ee-85c712a90ce1 req-19436661-3711-4ac9-86ee-85c712a90ce1 ] Request (VolumesAdminNegativeTest:setUpClass): 204 PUT http://10.180.1.21/identity/v3/projects/05a26af18d9a440ca2f04ce102b9a578/users/db02552df84a429185ced707a3a99d26/roles/be09f7a63d1f4a699baba7842f1f1f2d 0.057s
2025-11-20 09:15:29.250 60264 INFO tempest.lib.common.rest_client [req-e101e4ec-760e-4d96-97ad-60b24ecd4a5e req-e101e4ec-760e-4d96-97ad-60b24ecd4a5e ] Request (FlavorsAdminTestJSON:setUpClass): 201 POST http://10.180.1.21/identity/v3/users 0.063s
2025-11-20 09:15:29.249 60258 INFO tempest.lib.common.dynamic_creds [-] Dynamic test user db02552df84a429185ced707a3a99d26 is created with scope project and roles: ['admin']
2025-11-20 09:15:29.251 60258 INFO tempest.lib.common.dynamic_creds [-] Acquired dynamic creds: credentials: Credentials: {'domain_id': 'default', 'domain_name': 'Default', 'username': 'tempest-VolumesAdminNegativeTest-316113086-project-admin', 'project_domain_id': 'default', 'project_domain_name': 'Default', 'project_id': '05a26af18d9a440ca2f04ce102b9a578', 'project_name': 'tempest-VolumesAdminNegativeTest-316113086', 'tenant_id': '05a26af18d9a440ca2f04ce102b9a578', 'tenant_name': 'tempest-VolumesAdminNegativeTest-316113086', 'user_domain_id': 'default', 'user_domain_name': 'Default', 'user_id': 'db02552df84a429185ced707a3a99d26', 'system': None}, Network: None, Subnet: None, Router: None
2025-11-20 09:15:29.292 60276 INFO tempest.lib.common.rest_client [req-f9b82b49-5e71-4157-8984-76212bfc26e1 req-f9b82b49-5e71-4157-8984-76212bfc26e1 ] Request (ServerMetadataTestJSON:setUpClass): 200 GET http://10.180.1.21/compute/v2.1/servers/ca41f71e-eb90-4e0a-ac42-2122e810f7d8 3.813s
2025-11-20 09:15:29.307 60264 INFO tempest.lib.common.rest_client [req-0de4f67d-2bd0-4ece-9f57-6134a9bf4174 req-0de4f67d-2bd0-4ece-9f57-6134a9bf4174 ] Request (FlavorsAdminTestJSON:setUpClass): 200 GET http://10.180.1.21/identity/v3/roles 0.056s
2025-11-20 09:15:29.352 60264 INFO tempest.lib.common.rest_client [req-d549d841-6b41-4180-aad1-062fed03f0be req-d549d841-6b41-4180-aad1-062fed03f0be ] Request (FlavorsAdminTestJSON:setUpClass): 204 PUT http://10.180.1.21/identity/v3/projects/b354f784ccb34a91b717619a5f95659a/users/828c308080584bf187e2d9f648405c40/roles/be09f7a63d1f4a699baba7842f1f1f2d 0.044s
2025-11-20 09:15:29.409 60264 INFO tempest.lib.common.rest_client [req-6920e82a-5dc7-415b-b133-d10a51d257de req-6920e82a-5dc7-415b-b133-d10a51d257de ] Request (FlavorsAdminTestJSON:setUpClass): 200 GET http://10.180.1.21/identity/v3/roles 0.057s
2025-11-20 09:15:29.429 60264 INFO tempest.lib.common.rest_client [req-842ea71a-d9c6-43e3-baa3-569a9df0f48d req-842ea71a-d9c6-43e3-baa3-569a9df0f48d ] Request (FlavorsAdminTestJSON:setUpClass): 204 PUT http://10.180.1.21/identity/v3/projects/b354f784ccb34a91b717619a5f95659a/users/828c308080584bf187e2d9f648405c40/roles/be09f7a63d1f4a699baba7842f1f1f2d 0.019s
2025-11-20 09:15:29.429 60264 INFO tempest.lib.common.dynamic_creds [-] Dynamic test user 828c308080584bf187e2d9f648405c40 is created with scope project and roles: ['admin']
2025-11-20 09:15:29.429 60264 INFO tempest.lib.common.dynamic_creds [-] Acquired dynamic creds: credentials: Credentials: {'domain_id': 'default', 'domain_name': 'Default', 'username': 'tempest-FlavorsAdminTestJSON-460323784-project-admin', 'project_domain_id': 'default', 'project_domain_name': 'Default', 'project_id': 'b354f784ccb34a91b717619a5f95659a', 'project_name': 'tempest-FlavorsAdminTestJSON-460323784', 'tenant_id': 'b354f784ccb34a91b717619a5f95659a', 'tenant_name': 'tempest-FlavorsAdminTestJSON-460323784', 'user_domain_id': 'default', 'user_domain_name': 'Default', 'user_id': '828c308080584bf187e2d9f648405c40', 'system': None}, Network: None, Subnet: None, Router: None
2025-11-20 09:15:29.429 60264 INFO tempest.lib.common.dynamic_creds [-] Created isolated network resources for: credentials: Credentials: {'domain_id': 'default', 'domain_name': 'Default', 'username': 'tempest-FlavorsAdminTestJSON-460323784-project-admin', 'project_domain_id': 'default', 'project_domain_name': 'Default', 'project_id': 'b354f784ccb34a91b717619a5f95659a', 'project_name': 'tempest-FlavorsAdminTestJSON-460323784', 'tenant_id': 'b354f784ccb34a91b717619a5f95659a', 'tenant_name': 'tempest-FlavorsAdminTestJSON-460323784', 'user_domain_id': 'default', 'user_domain_name': 'Default', 'user_id': '828c308080584bf187e2d9f648405c40', 'system': None}, Network: None, Subnet: None, Router: None
2025-11-20 09:15:29.433 60258 INFO tempest.lib.common.rest_client [req-e5b984ef-d152-4194-8983-88ec2fee8ead req-e5b984ef-d152-4194-8983-88ec2fee8ead ] Request (VolumesAdminNegativeTest:setUpClass): 201 POST http://10.180.1.21:9696/networking/v2.0/networks 0.180s
2025-11-20 09:15:29.514 60264 INFO tempest.lib.common.rest_client [req-6ccb11b3-0015-4fb1-925a-bc62b9d4c99a req-6ccb11b3-0015-4fb1-925a-bc62b9d4c99a ] Request (FlavorsAdminTestJSON:setUpClass): 201 POST http://10.180.1.21/identity/v3/auth/tokens 0.082s
2025-11-20 09:15:29.615 60258 INFO tempest.lib.common.rest_client [req-651087c8-b4eb-4e74-b7f9-6af8dadc451d req-651087c8-b4eb-4e74-b7f9-6af8dadc451d ] Request (VolumesAdminNegativeTest:setUpClass): 201 POST http://10.180.1.21:9696/networking/v2.0/subnets 0.182s
2025-11-20 09:15:29.783 60306 INFO tempest.lib.common.rest_client [req-fe751797-d4e7-4c48-a76f-bb705b04a66f req-fe751797-d4e7-4c48-a76f-bb705b04a66f ] Request (ServersTestMultiNic:test_verify_duplicate_network_nics): 200 GET http://10.180.1.21/compute/v2.1/servers/37916d26-1b5e-4991-83a2-ca5a5b00c2ac 4.233s
2025-11-20 09:15:29.844 60298 INFO tempest.lib.common.rest_client [req-fe209de1-a3c4-41ed-a682-97f8ce76a2f9 req-fe209de1-a3c4-41ed-a682-97f8ce76a2f9 ] Request (ServerRescueNegativeTestJSON:setUpClass): 202 POST http://10.180.1.21/compute/v2.1/servers 4.602s
2025-11-20 09:15:29.888 60268 INFO tempest.lib.common.rest_client [req-edb0fe25-93f5-4ae2-a1d7-58511b5587ba req-edb0fe25-93f5-4ae2-a1d7-58511b5587ba ] Request (DeleteServersAdminTestJSON:test_admin_delete_servers_of_others): 200 GET http://10.180.1.21/compute/v2.1/servers/7a4778b7-5ffc-4641-b968-d0304fd67ee0 4.218s
2025-11-20 09:15:29.949 60278 INFO tempest.lib.common.rest_client [req-c0850f6b-4715-4c72-aa4a-9c1bf39a6989 req-c0850f6b-4715-4c72-aa4a-9c1bf39a6989 ] Request (SecurityGroupRulesTestJSON:test_security_group_rules_list): 200 GET http://10.180.1.21/compute/v2.1/os-security-groups/b75a164e-cd14-496f-a6d3-02b05465e6b8 3.918s
2025-11-20 09:15:30.096 60266 INFO tempest.lib.common.rest_client [req-f9d54a8f-1040-4b15-a603-491358fb5982 req-f9d54a8f-1040-4b15-a603-491358fb5982 ] Request (ServerExternalEventsTest:test_create_server_external_events): 200 GET http://10.180.1.21/compute/v2.1/servers/363f5261-d589-4f99-b7dd-ab8f16cefee3 4.003s
2025-11-20 09:15:30.132 60286 INFO tempest.lib.common.rest_client [req-2f075855-afcd-433e-9e9e-ddd6061b89ff req-2f075855-afcd-433e-9e9e-ddd6061b89ff ] Request (ListImageFiltersTestJSON:setUpClass): 200 GET http://10.180.1.21/compute/v2.1/images/f378203f-b686-4b8e-bbc8-30b1a62ace14 3.854s
2025-11-20 09:15:30.194 60270 INFO tempest.lib.common.rest_client [req-057c5d5d-26a4-49db-8352-710a1e67a2ff req-057c5d5d-26a4-49db-8352-710a1e67a2ff ] Request (ServerDiagnosticsTest:test_get_server_diagnostics): 200 GET http://10.180.1.21/compute/v2.1/servers/a6f191c5-287b-4cfa-91a6-4e39150af69f 3.747s
2025-11-20 09:15:30.212 60280 INFO tempest.lib.common.rest_client [req-ad2b85bc-6cae-4833-8bb7-4e28efa3fafb req-ad2b85bc-6cae-4833-8bb7-4e28efa3fafb ] Request (MigrationsAdminTest:test_resize_server_revert_deleted_flavor): 404 GET http://10.180.1.21/compute/v2.1/servers/afe5dac8-5ba5-4845-847b-4357f436c4c7 3.553s
2025-11-20 09:15:30.224 60302 INFO tempest.lib.common.rest_client [req-d816a50b-511c-46c2-a935-95c5cdf934a4 req-d816a50b-511c-46c2-a935-95c5cdf934a4 ] Request (ListServerFiltersTestJSON:setUpClass): 202 POST http://10.180.1.21/compute/v2.1/servers 4.255s
2025-11-20 09:15:30.229 60312 INFO tempest.lib.common.rest_client [req-d1cea67b-1676-4ad6-baf4-6aad7e90a8ec req-d1cea67b-1676-4ad6-baf4-6aad7e90a8ec ] Request (ServerDiagnosticsV248Test:test_get_server_diagnostics): 404 GET http://10.180.1.21/compute/v2.1/servers/15e44d1f-ae9b-4ff7-841c-90acc81cf38b 3.328s
2025-11-20 09:15:30.258 60290 INFO tempest.lib.common.rest_client [req-81159a7a-e04d-4626-8690-3d6a5519b07f req-81159a7a-e04d-4626-8690-3d6a5519b07f ] Request (SecurityGroupRulesNegativeTestJSON:test_create_security_group_rule_with_invalid_from_port): 400 POST http://10.180.1.21/compute/v2.1/os-security-group-rules 2.890s
2025-11-20 09:15:30.342 60312 INFO tempest.lib.common.rest_client [req-829dcd5c-ba85-4aaa-a496-9a8cb1464d0e req-829dcd5c-ba85-4aaa-a496-9a8cb1464d0e ] Request (ServerDiagnosticsV248Test:tearDownClass): 204 DELETE http://10.180.1.21/identity/v3/users/ff3acb692cd64137b803aad2fd0b6822 0.110s
2025-11-20 09:15:30.439 60312 INFO tempest.lib.common.rest_client [req-dead4e84-e318-4812-9e4c-77463f067091 req-dead4e84-e318-4812-9e4c-77463f067091 ] Request (ServerDiagnosticsV248Test:tearDownClass): 204 DELETE http://10.180.1.21/identity/v3/users/e90db988ff2146b8b1941909b9dd41e5 0.097s
2025-11-20 09:15:30.439 60312 INFO tempest.lib.common.dynamic_creds [-] Deleting project and security group for project: be0f2f239d1240cb8b7783d60ad89c16
2025-11-20 09:15:30.496 60312 INFO tempest.lib.common.rest_client [req-670c74dc-53a8-48b1-84ae-64623483bd35 req-670c74dc-53a8-48b1-84ae-64623483bd35 ] Request (ServerDiagnosticsV248Test:tearDownClass): 201 POST http://10.180.1.21/identity/v3/auth/tokens 0.056s
2025-11-20 09:15:30.547 60258 INFO tempest.lib.common.rest_client [req-56473938-5c0a-4f4f-bee6-9ab0fec36bd6 req-56473938-5c0a-4f4f-bee6-9ab0fec36bd6 ] Request (VolumesAdminNegativeTest:setUpClass): 201 POST http://10.180.1.21:9696/networking/v2.0/routers 0.931s
2025-11-20 09:15:30.740 60312 INFO tempest.lib.common.rest_client [req-07bed343-a0b2-4a4c-9aa7-c91bcc3ffcbe req-07bed343-a0b2-4a4c-9aa7-c91bcc3ffcbe ] Request (ServerDiagnosticsV248Test:tearDownClass): 200 GET http://10.180.1.21:9696/networking/v2.0/security-groups?tenant_id=be0f2f239d1240cb8b7783d60ad89c16&name=default 0.244s
2025-11-20 09:15:30.869 60312 INFO tempest.lib.common.rest_client [req-b9ac8d78-3bd0-45ba-878a-6aeb609205cf req-b9ac8d78-3bd0-45ba-878a-6aeb609205cf ] Request (ServerDiagnosticsV248Test:tearDownClass): 204 DELETE http://10.180.1.21:9696/networking/v2.0/security-groups/90d8da3b-d13b-4252-b042-0be4b989f081 0.129s
2025-11-20 09:15:30.892 60288 INFO tempest.lib.common.rest_client [req-48e778ff-9564-4490-a9cf-a6e3cbbc25d4 req-48e778ff-9564-4490-a9cf-a6e3cbbc25d4 ] Request (AttachVolumeShelveTestJSON:test_attach_volume_shelved_or_offload_server): 202 POST http://10.180.1.21/compute/v2.1/servers 3.270s
2025-11-20 09:15:30.899 60300 INFO tempest.lib.common.rest_client [req-e79a88d9-053d-400a-a3c2-f6c95cfe01fd req-e79a88d9-053d-400a-a3c2-f6c95cfe01fd ] Request (AggregatesAdminNegativeTestJSON:test_aggregate_list_as_user): 403 GET http://10.180.1.21/compute/v2.1/os-aggregates 2.857s
2025-11-20 09:15:30.944 60312 INFO tempest.lib.common.rest_client [req-4a3219a3-2b95-4bda-a75c-6ec9c87d37c7 req-4a3219a3-2b95-4bda-a75c-6ec9c87d37c7 ] Request (ServerDiagnosticsV248Test:tearDownClass): 204 DELETE http://10.180.1.21/identity/v3/projects/be0f2f239d1240cb8b7783d60ad89c16 0.075s
2025-11-20 09:15:30.945 60312 INFO tempest.lib.common.dynamic_creds [-] Deleting project and security group for project: b9d958b398104133b85a3f555684d617
2025-11-20 09:15:31.076 60312 INFO tempest.lib.common.rest_client [req-ab612a5a-c0d3-46dd-ae11-bb8cae22e3e6 req-ab612a5a-c0d3-46dd-ae11-bb8cae22e3e6 ] Request (ServerDiagnosticsV248Test:tearDownClass): 200 GET http://10.180.1.21:9696/networking/v2.0/security-groups?tenant_id=b9d958b398104133b85a3f555684d617&name=default 0.130s
2025-11-20 09:15:31.090 60274 INFO tempest.lib.common.rest_client [req-452dfd88-753e-4d99-81e2-a2484b17bf1b req-452dfd88-753e-4d99-81e2-a2484b17bf1b ] Request (QuotasAdminTestV257:test_get_updated_quotas): 200 PUT http://10.180.1.21/compute/v2.1/os-quota-sets/d7aa79840081441098fbe450e6add807?user_id=0284ff4a0e384a718372683cc65ccc1d 2.685s
2025-11-20 09:15:31.123 60260 INFO tempest.lib.common.rest_client [req-dc942fd3-4a90-47a4-9051-c3e238ffaf8d req-dc942fd3-4a90-47a4-9051-c3e238ffaf8d ] Request (FloatingIPDetailsTestJSON:test_get_floating_ip_details): 200 POST http://10.180.1.21/compute/v2.1/os-floating-ips 3.298s
2025-11-20 09:15:31.188 60252 INFO tempest.lib.common.rest_client [req-76c2ed9b-2cc6-43c5-b464-a6c48dfb9278 req-76c2ed9b-2cc6-43c5-b464-a6c48dfb9278 ] Request (ServersV294TestFqdnHostnames:setUpClass): 200 GET http://10.180.1.21/compute/v2.1/servers/7ccbc341-996e-4730-a74d-43c7155af4d4 2.672s
2025-11-20 09:15:31.200 60312 INFO tempest.lib.common.rest_client [req-d25ba12c-c7a3-4142-8b41-0158bb56aa2c req-d25ba12c-c7a3-4142-8b41-0158bb56aa2c ] Request (ServerDiagnosticsV248Test:tearDownClass): 204 DELETE http://10.180.1.21:9696/networking/v2.0/security-groups/cae5be74-5fa2-4914-b8c5-6c843c818738 0.124s
2025-11-20 09:15:31.252 60294 INFO tempest.lib.common.rest_client [req-0737deba-d5ee-4e03-bd04-54dc757cf3f5 req-0737deba-d5ee-4e03-bd04-54dc757cf3f5 ] Request (ServersAdmin275Test:test_rebuild_update_server_275): 200 GET http://10.180.1.21/compute/v2.1/servers/68c87b51-b90a-47cc-bec1-05f7c389fc14 2.497s
2025-11-20 09:15:31.260 60304 INFO tempest.lib.common.rest_client [req-f15fb295-59e7-4d62-9d71-0923c5f64e57 req-f15fb295-59e7-4d62-9d71-0923c5f64e57 ] Request (ImagesTestJSON:test_create_image_from_stopped_server): 200 GET http://10.180.1.21/compute/v2.1/servers/8a0d9829-6759-4593-9230-459a546a5908 2.593s
2025-11-20 09:15:31.313 60312 INFO tempest.lib.common.rest_client [req-2fb1a652-df97-4a55-a5dd-ddcd5e2dc4d5 req-2fb1a652-df97-4a55-a5dd-ddcd5e2dc4d5 ] Request (ServerDiagnosticsV248Test:tearDownClass): 204 DELETE http://10.180.1.21/identity/v3/projects/b9d958b398104133b85a3f555684d617 0.111s
2025-11-20 09:15:31.326 60308 INFO tempest.lib.common.rest_client [req-ca3fd755-40f4-47ee-8650-ac535881f3aa req-ca3fd755-40f4-47ee-8650-ac535881f3aa ] Request (ServerRescueTestJSONUnderV235:setUpClass): 200 GET http://10.180.1.21/compute/v2.1/servers/899e626a-cc74-4991-9dd5-aab0782e7140 2.500s
2025-11-20 09:15:31.398 60312 INFO tempest.lib.common.rest_client [req-6ed6f98d-f8eb-4a1f-ba26-0a0909ee1751 req-6ed6f98d-f8eb-4a1f-ba26-0a0909ee1751 ] Request (FlavorsV2NegativeTest:setUpClass): 201 POST http://10.180.1.21/identity/v3/auth/tokens 0.083s
2025-11-20 09:15:31.422 60262 INFO tempest.lib.common.rest_client [req-f790754d-8871-444c-b5ab-3be1a0e1346e req-f790754d-8871-444c-b5ab-3be1a0e1346e ] Request (FloatingIPsAssociationNegativeTestJSON:setUpClass): 200 GET http://10.180.1.21/compute/v2.1/servers/9214a18f-c22d-4e24-980e-7241a2b993bd 2.386s
2025-11-20 09:15:31.436 60312 INFO tempest.lib.common.rest_client [req-b0857e95-17b1-44b4-a6d5-1d0b8ffd245c req-b0857e95-17b1-44b4-a6d5-1d0b8ffd245c ] Request (FlavorsV2NegativeTest:setUpClass): 201 POST http://10.180.1.21/identity/v3/auth/tokens 0.034s
2025-11-20 09:15:31.457 60312 INFO tempest.lib.common.rest_client [req-44c2eb57-7c15-4c37-b1d6-16c3e900c769 req-44c2eb57-7c15-4c37-b1d6-16c3e900c769 ] Request (FlavorsV2NegativeTest:setUpClass): 200 GET http://10.180.1.21/identity/v3/domains?name=Default 0.020s
2025-11-20 09:15:31.490 60312 INFO tempest.lib.common.rest_client [req-15df3e73-c1a6-47fe-8f93-c8c9964feee0 req-15df3e73-c1a6-47fe-8f93-c8c9964feee0 ] Request (FlavorsV2NegativeTest:setUpClass): 201 POST http://10.180.1.21/identity/v3/projects 0.033s
2025-11-20 09:15:31.547 60312 INFO tempest.lib.common.rest_client [req-d800ed20-6ccc-4b9f-8f79-0bc07a404f89 req-d800ed20-6ccc-4b9f-8f79-0bc07a404f89 ] Request (FlavorsV2NegativeTest:setUpClass): 201 POST http://10.180.1.21/identity/v3/users 0.056s
2025-11-20 09:15:31.556 60264 INFO tempest.lib.common.rest_client [req-52d99082-a9eb-49af-b153-2b1b7e00737a req-52d99082-a9eb-49af-b153-2b1b7e00737a ] Request (FlavorsAdminTestJSON:test_create_flavor_using_string_ram): 200 POST http://10.180.1.21/compute/v2.1/flavors 2.040s
2025-11-20 09:15:31.569 60312 INFO tempest.lib.common.rest_client [req-35ee5881-eba5-4850-b607-854770e371ae req-35ee5881-eba5-4850-b607-854770e371ae ] Request (FlavorsV2NegativeTest:setUpClass): 200 GET http://10.180.1.21/identity/v3/roles 0.022s
2025-11-20 09:15:31.578 60258 INFO tempest.lib.common.rest_client [req-a0672dc9-7107-4127-9c03-53bd46026a34 req-a0672dc9-7107-4127-9c03-53bd46026a34 ] Request (VolumesAdminNegativeTest:setUpClass): 200 PUT http://10.180.1.21:9696/networking/v2.0/routers/7368e408-963d-41a7-9c70-833ffeb69952/add_router_interface 1.030s
2025-11-20 09:15:31.578 60258 INFO tempest.lib.common.dynamic_creds [-] Created isolated network resources for: credentials: Credentials: {'domain_id': 'default', 'domain_name': 'Default', 'username': 'tempest-VolumesAdminNegativeTest-316113086-project-admin', 'project_domain_id': 'default', 'project_domain_name': 'Default', 'project_id': '05a26af18d9a440ca2f04ce102b9a578', 'project_name': 'tempest-VolumesAdminNegativeTest-316113086', 'tenant_id': '05a26af18d9a440ca2f04ce102b9a578', 'tenant_name': 'tempest-VolumesAdminNegativeTest-316113086', 'user_domain_id': 'default', 'user_domain_name': 'Default', 'user_id': 'db02552df84a429185ced707a3a99d26', 'system': None}, Network: {'id': '1e82a8f5-1d6a-4822-ae52-c7b110fc5a6b', 'name': 'tempest-VolumesAdminNegativeTest-1975820153-network', 'tenant_id': '05a26af18d9a440ca2f04ce102b9a578', 'admin_state_up': True, 'mtu': 8950, 'status': 'ACTIVE', 'subnets': [], 'shared': False, 'project_id': '05a26af18d9a440ca2f04ce102b9a578', 'port_security_enabled': True, 'router:external': False, 'provider:network_type': 'vlan', 'provider:physical_network': 'default', 'provider:segmentation_id': 162, 'is_default': False, 'availability_zone_hints': [], 'availability_zones': [], 'ipv4_address_scope': None, 'ipv6_address_scope': None, 'description': '', 'tags': [], 'created_at': '2025-11-20T09:15:29Z', 'updated_at': '2025-11-20T09:15:29Z', 'revision_number': 1}, Subnet: {'id': '261114e3-8435-4bf6-986b-20a352036ab9', 'name': 'tempest-VolumesAdminNegativeTest-1975820153-subnet', 'tenant_id': '05a26af18d9a440ca2f04ce102b9a578', 'network_id': '1e82a8f5-1d6a-4822-ae52-c7b110fc5a6b', 'ip_version': 4, 'subnetpool_id': None, 'enable_dhcp': True, 'ipv6_ra_mode': None, 'ipv6_address_mode': None, 'gateway_ip': '192.168.128.1', 'cidr': '192.168.128.0/28', 'allocation_pools': [{'start': '192.168.128.2', 'end': '192.168.128.14'}], 'host_routes': [], 'dns_nameservers': [], 'description': '', 'service_types': [], 'tags': [], 'created_at': '2025-11-20T09:15:29Z', 'updated_at': '2025-11-20T09:15:29Z', 'revision_number': 0, 'project_id': '05a26af18d9a440ca2f04ce102b9a578'}, Router: {'id': '7368e408-963d-41a7-9c70-833ffeb69952', 'name': 'tempest-VolumesAdminNegativeTest-1975820153-router', 'tenant_id': '05a26af18d9a440ca2f04ce102b9a578', 'admin_state_up': True, 'status': 'ACTIVE', 'external_gateway_info': {'network_id': '0a9f7aca-07e6-4b09-b99a-0a3d7b346866', 'external_fixed_ips': [{'subnet_id': 'd205b769-da96-4ff0-9513-2e1f89332075', 'ip_address': '10.180.180.152'}], 'enable_snat': True}, 'description': '', 'availability_zones': [], 'distributed': False, 'ha': False, 'availability_zone_hints': [], 'routes': [], 'flavor_id': None, 'tags': [], 'created_at': '2025-11-20T09:15:29Z', 'updated_at': '2025-11-20T09:15:30Z', 'revision_number': 2, 'project_id': '05a26af18d9a440ca2f04ce102b9a578'}
2025-11-20 09:15:31.603 60312 INFO tempest.lib.common.rest_client [req-b4766a1a-7bea-4909-846a-1f1043c888d1 req-b4766a1a-7bea-4909-846a-1f1043c888d1 ] Request (FlavorsV2NegativeTest:setUpClass): 204 PUT http://10.180.1.21/identity/v3/projects/dd611c5158074acd804aa62cba3cefbe/users/8570917405654509b47dfed8c5ba157c/roles/301d7010caf14a2cb8a2948050a3c63e 0.033s
2025-11-20 09:15:31.603 60312 INFO tempest.lib.common.dynamic_creds [-] Dynamic test user 8570917405654509b47dfed8c5ba157c is created with scope project and roles: ['member']
2025-11-20 09:15:31.603 60312 INFO tempest.lib.common.dynamic_creds [-] Acquired dynamic creds: credentials: Credentials: {'domain_id': 'default', 'domain_name': 'Default', 'username': 'tempest-FlavorsV2NegativeTest-1319756855-project-member', 'project_domain_id': 'default', 'project_domain_name': 'Default', 'project_id': 'dd611c5158074acd804aa62cba3cefbe', 'project_name': 'tempest-FlavorsV2NegativeTest-1319756855', 'tenant_id': 'dd611c5158074acd804aa62cba3cefbe', 'tenant_name': 'tempest-FlavorsV2NegativeTest-1319756855', 'user_domain_id': 'default', 'user_domain_name': 'Default', 'user_id': '8570917405654509b47dfed8c5ba157c', 'system': None}, Network: None, Subnet: None, Router: None
2025-11-20 09:15:31.604 60312 INFO tempest.lib.common.dynamic_creds [-] Created isolated network resources for: credentials: Credentials: {'domain_id': 'default', 'domain_name': 'Default', 'username': 'tempest-FlavorsV2NegativeTest-1319756855-project-member', 'project_domain_id': 'default', 'project_domain_name': 'Default', 'project_id': 'dd611c5158074acd804aa62cba3cefbe', 'project_name': 'tempest-FlavorsV2NegativeTest-1319756855', 'tenant_id': 'dd611c5158074acd804aa62cba3cefbe', 'tenant_name': 'tempest-FlavorsV2NegativeTest-1319756855', 'user_domain_id': 'default', 'user_domain_name': 'Default', 'user_id': '8570917405654509b47dfed8c5ba157c', 'system': None}, Network: None, Subnet: None, Router: None
2025-11-20 09:15:31.661 60258 INFO tempest.lib.common.rest_client [req-a5a39cb1-50d6-4195-80b4-8ef60726e6d2 req-a5a39cb1-50d6-4195-80b4-8ef60726e6d2 ] Request (VolumesAdminNegativeTest:setUpClass): 201 POST http://10.180.1.21/identity/v3/auth/tokens 0.078s
2025-11-20 09:15:31.695 60312 INFO tempest.lib.common.rest_client [req-5c40c985-f795-4cc1-a70a-4cdc6fd9a4ae req-5c40c985-f795-4cc1-a70a-4cdc6fd9a4ae ] Request (FlavorsV2NegativeTest:setUpClass): 201 POST http://10.180.1.21/identity/v3/auth/tokens 0.087s
2025-11-20 09:15:31.750 60254 INFO tempest.lib.common.rest_client [req-05fba4cd-5799-4392-8ef1-0441ed5a4606 req-05fba4cd-5799-4392-8ef1-0441ed5a4606 ] Request (FloatingIPsTestJSON:test_allocate_floating_ip): 200 GET http://10.180.1.21/compute/v2.1/os-floating-ips/51e2b84b-6c27-47f0-ba96-e0c02ee911d1 2.609s
2025-11-20 09:15:31.817 60298 INFO tempest.lib.common.rest_client [req-70da4349-2216-40e0-bb5b-0bc3d9f9d5fc req-70da4349-2216-40e0-bb5b-0bc3d9f9d5fc ] Request (ServerRescueNegativeTestJSON:setUpClass): 200 GET http://10.180.1.21/compute/v2.1/servers/2a9a0355-c485-4613-890b-d052dcedbd28 1.970s
2025-11-20 09:15:31.819 60250 INFO tempest.lib.common.rest_client [req-260456d2-8d2f-4fc1-b48a-7f6eb60a3c59 req-260456d2-8d2f-4fc1-b48a-7f6eb60a3c59 ] Request (ServerDiagnosticsNegativeTest:test_get_server_diagnostics_by_non_admin): 200 GET http://10.180.1.21/compute/v2.1/servers/c4400e80-4457-4a8a-8588-f594e5993cde 2.057s
2025-11-20 09:15:31.888 60298 INFO tempest.lib.common.rest_client [req-7e5eae30-c281-4651-bace-0e3a038ccf3e req-7e5eae30-c281-4651-bace-0e3a038ccf3e ] Request (ServerRescueNegativeTestJSON:setUpClass): 201 POST http://10.180.1.21/identity/v3/auth/tokens 0.063s
2025-11-20 09:15:31.889 60298 INFO tempest.lib.common.fixed_network [-] (ServerRescueNegativeTestJSON:setUpClass) Found network {'id': 'c2b475d4-8b3e-43b3-a033-60405fe9f867', 'name': 'tempest-ServerRescueNegativeTestJSON-1134030445-network', 'tenant_id': 'a12046e79c7c4089b6308717760c2c3b', 'admin_state_up': True, 'mtu': 8950, 'status': 'ACTIVE', 'subnets': [], 'shared': False, 'project_id': 'a12046e79c7c4089b6308717760c2c3b', 'port_security_enabled': True, 'router:external': False, 'provider:network_type': 'vlan', 'provider:physical_network': 'default', 'provider:segmentation_id': 456, 'is_default': False, 'availability_zone_hints': [], 'availability_zones': [], 'ipv4_address_scope': None, 'ipv6_address_scope': None, 'description': '', 'tags': [], 'created_at': '2025-11-20T09:15:20Z', 'updated_at': '2025-11-20T09:15:20Z', 'revision_number': 1} available for tenant
2025-11-20 09:15:32.072 60278 INFO tempest.lib.common.rest_client [req-25836291-9fa6-4dde-8edc-656c5d18ee5d req-25836291-9fa6-4dde-8edc-656c5d18ee5d ] Request (SecurityGroupRulesTestJSON:_run_cleanups): 202 DELETE http://10.180.1.21/compute/v2.1/os-security-group-rules/43453ec5-efb3-43e5-b466-9e8f1a43fa12 2.120s
2025-11-20 09:15:32.079 60283 INFO tempest.lib.common.rest_client [req-d3d9c6b0-3723-4241-838e-b32d5a7fc717 req-d3d9c6b0-3723-4241-838e-b32d5a7fc717 ] Request (VolumesAssistedSnapshotsTest:test_volume_assisted_snapshot_create_delete): 200 GET http://10.180.1.21/compute/v2.1/servers/036d6de2-f69b-4714-b89e-9c4307253675 2.170s
2025-11-20 09:15:32.118 60286 INFO tempest.lib.common.rest_client [req-6c5e79a7-8681-4358-9790-3dc59bc0785d req-6c5e79a7-8681-4358-9790-3dc59bc0785d ] Request (ListImageFiltersTestJSON:setUpClass): 200 GET http://10.180.1.21/compute/v2.1/images/f378203f-b686-4b8e-bbc8-30b1a62ace14 1.982s
2025-11-20 09:15:32.134 60280 INFO tempest.lib.common.rest_client [req-ab46213c-14c9-4ee9-9434-5a98cbc024c4 req-ab46213c-14c9-4ee9-9434-5a98cbc024c4 ] Request (MigrationsAdminTest:_run_cleanups): 202 DELETE http://10.180.1.21/compute/v2.1/flavors/fac12c1a-b159-48b4-9d6f-6fd0c0219426 1.921s
2025-11-20 09:15:32.186 60286 INFO tempest.lib.common.rest_client [req-ff8806b2-5f67-46b9-8d40-09b448c847f8 req-ff8806b2-5f67-46b9-8d40-09b448c847f8 ] Request (ListImageFiltersTestJSON:setUpClass): 201 POST http://10.180.1.21/identity/v3/auth/tokens 0.059s
2025-11-20 09:15:32.186 60286 INFO tempest.lib.common.fixed_network [-] (ListImageFiltersTestJSON:setUpClass) Found network None available for tenant
2025-11-20 09:15:32.189 60272 INFO tempest.lib.common.rest_client [req-525a66f7-4a1a-47a6-8816-7d3f6459f1ae req-525a66f7-4a1a-47a6-8816-7d3f6459f1ae ] Request (TenantUsagesTestJSON:setUpClass): 200 GET http://10.180.1.21/compute/v2.1/servers/5888cc9f-7341-4f9c-a93c-dd5ec95f7369 1.974s
2025-11-20 09:15:32.232 60292 INFO tempest.lib.common.rest_client [req-2b5f0a98-2481-41a3-9eb4-85180958b5ed req-2b5f0a98-2481-41a3-9eb4-85180958b5ed ] Request (ServersAdminTestJSON:setUpClass): 200 GET http://10.180.1.21/compute/v2.1/servers/3ab1b905-cd6f-4d2b-a244-f85e56f796d3 2.182s
2025-11-20 09:15:32.238 60290 INFO tempest.lib.common.rest_client [req-2d4a086f-39de-4320-b725-2f80fcef32d3 req-2d4a086f-39de-4320-b725-2f80fcef32d3 ] Request (SecurityGroupRulesNegativeTestJSON:test_create_security_group_rule_with_invalid_id): 400 POST http://10.180.1.21/compute/v2.1/os-security-group-rules 1.978s
2025-11-20 09:15:32.244 60302 INFO tempest.lib.common.rest_client [req-0b35e6b3-eeb0-4d4e-bc2a-99f600688d56 req-0b35e6b3-eeb0-4d4e-bc2a-99f600688d56 ] Request (ListServerFiltersTestJSON:setUpClass): 200 GET http://10.180.1.21/compute/v2.1/servers/7f48e193-6c5e-4f5a-bf72-86dfa8a0c575 2.014s
2025-11-20 09:15:32.302 60276 INFO tempest.lib.common.rest_client [req-ea198f3a-8b79-4d62-970d-56d53053ae98 req-ea198f3a-8b79-4d62-970d-56d53053ae98 ] Request (ServerMetadataTestJSON:setUpClass): 200 GET http://10.180.1.21/compute/v2.1/servers/ca41f71e-eb90-4e0a-ac42-2122e810f7d8 2.003s
2025-11-20 09:15:32.362 60288 INFO tempest.lib.common.rest_client [req-de11fc05-9659-47eb-b81d-676273e2a244 req-de11fc05-9659-47eb-b81d-676273e2a244 ] Request (AttachVolumeShelveTestJSON:test_attach_volume_shelved_or_offload_server): 200 GET http://10.180.1.21/compute/v2.1/servers/33a5a930-e1cb-48aa-8bcb-c5abc19ceb4c 1.468s
2025-11-20 09:15:32.364 60306 INFO tempest.lib.common.rest_client [req-2a0d5565-d632-4d46-bce1-cc08e85c72ca req-2a0d5565-d632-4d46-bce1-cc08e85c72ca ] Request (ServersTestMultiNic:test_verify_duplicate_network_nics): 200 GET http://10.180.1.21/compute/v2.1/servers/37916d26-1b5e-4991-83a2-ca5a5b00c2ac 1.574s
2025-11-20 09:15:32.381 60300 INFO tempest.lib.common.rest_client [req-652d03ac-7bf5-4ae2-bcf6-c4d5c9208a10 req-652d03ac-7bf5-4ae2-bcf6-c4d5c9208a10 ] Request (AggregatesAdminNegativeTestJSON:test_aggregate_remove_host_as_user): 200 POST http://10.180.1.21/compute/v2.1/os-aggregates 1.481s
2025-11-20 09:15:32.451 60268 INFO tempest.lib.common.rest_client [req-bc321c5d-7466-4120-aa88-085795a8c47b req-bc321c5d-7466-4120-aa88-085795a8c47b ] Request (DeleteServersAdminTestJSON:test_admin_delete_servers_of_others): 200 GET http://10.180.1.21/compute/v2.1/servers/7a4778b7-5ffc-4641-b968-d0304fd67ee0 1.553s
2025-11-20 09:15:32.483 60274 INFO tempest.lib.common.rest_client [req-2a74013c-fe58-4ca9-b3d4-6c80502eb73b req-2a74013c-fe58-4ca9-b3d4-6c80502eb73b ] Request (QuotasAdminTestV257:test_get_updated_quotas): 200 GET http://10.180.1.21/compute/v2.1/os-quota-sets/d7aa79840081441098fbe450e6add807?user_id=0284ff4a0e384a718372683cc65ccc1d 1.391s
2025-11-20 09:15:32.553 60274 INFO tempest.lib.common.rest_client [req-cecf4838-e6d0-4955-be51-b770b622ba33 req-cecf4838-e6d0-4955-be51-b770b622ba33 ] Request (QuotasAdminTestV257:_run_cleanups): 204 DELETE http://10.180.1.21/identity/v3/users/0284ff4a0e384a718372683cc65ccc1d 0.068s
2025-11-20 09:15:32.587 60266 INFO tempest.lib.common.rest_client [req-f40b8064-dcb6-43af-a4e6-0cf1f0a930e8 req-f40b8064-dcb6-43af-a4e6-0cf1f0a930e8 ] Request (ServerExternalEventsTest:test_create_server_external_events): 200 GET http://10.180.1.21/compute/v2.1/servers/363f5261-d589-4f99-b7dd-ab8f16cefee3 1.481s
2025-11-20 09:15:32.595 60260 INFO tempest.lib.common.rest_client [req-13e996c0-cce2-46dc-94ed-498dce970916 req-13e996c0-cce2-46dc-94ed-498dce970916 ] Request (FloatingIPDetailsTestJSON:test_get_floating_ip_details): 200 GET http://10.180.1.21/compute/v2.1/os-floating-ips/b9e11159-3d91-4ebe-9d12-8ee6b587ab36 1.470s
2025-11-20 09:15:32.642 60274 INFO tempest.lib.common.rest_client [req-afecc5c2-8dd7-47a7-b04f-125fb4e02f85 req-afecc5c2-8dd7-47a7-b04f-125fb4e02f85 ] Request (QuotasAdminTestV257:_run_cleanups): 204 DELETE http://10.180.1.21/identity/v3/projects/d7aa79840081441098fbe450e6add807 0.088s
2025-11-20 09:15:32.645 60270 INFO tempest.lib.common.rest_client [req-d1e1a8ef-c80c-445e-be77-8256ec9dd31e req-d1e1a8ef-c80c-445e-be77-8256ec9dd31e ] Request (ServerDiagnosticsTest:test_get_server_diagnostics): 200 GET http://10.180.1.21/compute/v2.1/servers/a6f191c5-287b-4cfa-91a6-4e39150af69f 1.445s
2025-11-20 09:15:32.659 60264 INFO tempest.lib.common.rest_client [req-7d99f123-5204-4bfe-badd-38e8a2a0dc25 req-7d99f123-5204-4bfe-badd-38e8a2a0dc25 ] Request (FlavorsAdminTestJSON:_run_cleanups): 202 DELETE http://10.180.1.21/compute/v2.1/flavors/551636191 1.100s
2025-11-20 09:15:32.754 60308 INFO tempest.lib.common.rest_client [req-e35450a6-4fd8-4528-8b00-572b957cd6be req-e35450a6-4fd8-4528-8b00-572b957cd6be ] Request (ServerRescueTestJSONUnderV235:setUpClass): 204 DELETE http://10.180.1.21/compute/v2.1/servers/899e626a-cc74-4991-9dd5-aab0782e7140 1.419s
2025-11-20 09:15:32.756 60274 INFO tempest.lib.common.rest_client [req-ed035ea4-1acd-4c7c-8dc0-8bdc85b86c2c req-ed035ea4-1acd-4c7c-8dc0-8bdc85b86c2c ] Request (QuotasAdminTestV257:tearDownClass): 204 DELETE http://10.180.1.21/identity/v3/users/435b4353b71f4626b1c6972f9d73d589 0.113s
2025-11-20 09:15:32.772 60258 INFO tempest.lib.common.rest_client [req-ed4011a5-45d0-40b6-a71d-9f3d96f60576 req-ed4011a5-45d0-40b6-a71d-9f3d96f60576 ] Request (VolumesAdminNegativeTest:test_update_attached_volume_with_nonexistent_volume_in_body): 200 POST http://10.180.1.21/compute/v2.1/os-keypairs 1.106s
2025-11-20 09:15:32.843 60274 INFO tempest.lib.common.rest_client [req-105640b1-a083-4719-9805-d73744181d9c req-105640b1-a083-4719-9805-d73744181d9c ] Request (QuotasAdminTestV257:tearDownClass): 204 DELETE http://10.180.1.21/identity/v3/users/6ef76ffe2ee14c9da7187da7ec70fbe3 0.087s
2025-11-20 09:15:32.844 60274 INFO tempest.lib.common.dynamic_creds [-] Deleting project and security group for project: f96ed79abf8445a69cae848db5a45c45
2025-11-20 09:15:32.850 60312 INFO tempest.lib.common.rest_client [req-26ed9fd6-5976-4284-8645-fed5a2764202 req-26ed9fd6-5976-4284-8645-fed5a2764202 ] Request (FlavorsV2NegativeTest:test_boot_with_low_ram): 200 GET http://10.180.1.21/compute/v2.1/flavors/42 1.154s
2025-11-20 09:15:32.896 60274 INFO tempest.lib.common.rest_client [req-418426e5-1cb2-45b5-b17c-c5aea9cd0b5d req-418426e5-1cb2-45b5-b17c-c5aea9cd0b5d ] Request (QuotasAdminTestV257:tearDownClass): 201 POST http://10.180.1.21/identity/v3/auth/tokens 0.052s
2025-11-20 09:15:32.959 60254 INFO tempest.lib.common.rest_client [req-03157e86-50a5-416a-a984-91ef82871846 req-03157e86-50a5-416a-a984-91ef82871846 ] Request (FloatingIPsTestJSON:test_allocate_floating_ip): 200 GET http://10.180.1.21/compute/v2.1/os-floating-ips 1.207s
2025-11-20 09:15:32.965 60258 INFO tempest.lib.common.rest_client [req-f5ef6f38-3b7f-4975-a0d6-20b8a86543e6 req-f5ef6f38-3b7f-4975-a0d6-20b8a86543e6 ] Request (VolumesAdminNegativeTest:test_update_attached_volume_with_nonexistent_volume_in_body): 201 POST http://10.180.1.21:9696/networking/v2.0/security-groups 0.191s
2025-11-20 09:15:33.050 60274 INFO tempest.lib.common.rest_client [req-389dc6fc-bc16-4510-ba48-746d245e64e6 req-389dc6fc-bc16-4510-ba48-746d245e64e6 ] Request (QuotasAdminTestV257:tearDownClass): 200 GET http://10.180.1.21:9696/networking/v2.0/security-groups?tenant_id=f96ed79abf8445a69cae848db5a45c45&name=default 0.153s
2025-11-20 09:15:33.117 60274 INFO tempest.lib.common.rest_client [req-a6e21496-521d-4b14-b53d-2271c50c3ac3 req-a6e21496-521d-4b14-b53d-2271c50c3ac3 ] Request (QuotasAdminTestV257:tearDownClass): 204 DELETE http://10.180.1.21:9696/networking/v2.0/security-groups/8c0aa3dc-e0c6-420d-938c-7fdc45540895 0.067s
2025-11-20 09:15:33.141 60312 INFO tempest.lib.common.rest_client [req-d3b2beed-0ff4-4d94-9688-7c2cc9bb7784 req-d3b2beed-0ff4-4d94-9688-7c2cc9bb7784 ] Request (FlavorsV2NegativeTest:test_boot_with_low_ram): 201 POST http://10.180.1.21/image/v2/images 0.286s
2025-11-20 09:15:33.154 60258 INFO tempest.lib.common.rest_client [req-0ecdb45e-3697-4243-ba17-fe5c7530fa45 req-0ecdb45e-3697-4243-ba17-fe5c7530fa45 ] Request (VolumesAdminNegativeTest:test_update_attached_volume_with_nonexistent_volume_in_body): 201 POST http://10.180.1.21:9696/networking/v2.0/security-group-rules 0.188s
2025-11-20 09:15:33.184 60274 INFO tempest.lib.common.rest_client [req-9661704e-3206-4854-9dc9-d46eb35ad9db req-9661704e-3206-4854-9dc9-d46eb35ad9db ] Request (QuotasAdminTestV257:tearDownClass): 204 DELETE http://10.180.1.21/identity/v3/projects/f96ed79abf8445a69cae848db5a45c45 0.067s
2025-11-20 09:15:33.184 60274 INFO tempest.lib.common.dynamic_creds [-] Deleting project and security group for project: fc463e30182e45c4aaa5160789adb473
2025-11-20 09:15:33.213 60278 INFO tempest.lib.common.rest_client [req-399e4bcb-7c1a-44a0-918e-76d436d0a736 req-399e4bcb-7c1a-44a0-918e-76d436d0a736 ] Request (SecurityGroupRulesTestJSON:tearDownClass): 202 DELETE http://10.180.1.21/compute/v2.1/os-security-groups/b75a164e-cd14-496f-a6d3-02b05465e6b8 1.139s
2025-11-20 09:15:33.231 60280 INFO tempest.lib.common.rest_client [req-c13093b9-6535-4825-9eae-fd1cb0a81f58 req-c13093b9-6535-4825-9eae-fd1cb0a81f58 ] Request (MigrationsAdminTest:_run_cleanups): 200 GET http://10.180.1.21/compute/v2.1/flavors/detail 1.097s
2025-11-20 09:15:33.263 60258 INFO tempest.lib.common.rest_client [req-a488926f-5296-4a81-a3cc-f602e9fa48ef req-a488926f-5296-4a81-a3cc-f602e9fa48ef ] Request (VolumesAdminNegativeTest:test_update_attached_volume_with_nonexistent_volume_in_body): 201 POST http://10.180.1.21:9696/networking/v2.0/security-group-rules 0.109s
2025-11-20 09:15:33.318 60298 INFO tempest.lib.common.rest_client [req-32e9430f-b1d0-4ab3-b0d0-23a1a8b1555d req-32e9430f-b1d0-4ab3-b0d0-23a1a8b1555d ] Request (ServerRescueNegativeTestJSON:setUpClass): 202 POST http://10.180.1.21/compute/v2.1/servers 1.428s
2025-11-20 09:15:33.338 60274 INFO tempest.lib.common.rest_client [req-2f9bf68b-5380-482e-b328-ab697f3c4af5 req-2f9bf68b-5380-482e-b328-ab697f3c4af5 ] Request (QuotasAdminTestV257:tearDownClass): 200 GET http://10.180.1.21:9696/networking/v2.0/security-groups?tenant_id=fc463e30182e45c4aaa5160789adb473&name=default 0.153s
2025-11-20 09:15:33.356 60280 INFO tempest.lib.common.rest_client [req-e74335de-7999-4c6e-b625-102bdb16246c req-e74335de-7999-4c6e-b625-102bdb16246c ] Request (MigrationsAdminTest:tearDownClass): 204 DELETE http://10.180.1.21/identity/v3/users/c8fd395c379e44e7abd1a5a9201ea0ec 0.116s
2025-11-20 09:15:33.392 60252 INFO tempest.lib.common.rest_client [req-3ee1829c-78a0-4bcf-80ca-51210ced5411 req-3ee1829c-78a0-4bcf-80ca-51210ced5411 ] Request (ServersV294TestFqdnHostnames:setUpClass): 200 GET http://10.180.1.21/compute/v2.1/servers/7ccbc341-996e-4730-a74d-43c7155af4d4 1.194s
2025-11-20 09:15:33.445 60280 INFO tempest.lib.common.rest_client [req-d48a2dc5-ea56-4299-b9b6-c91b62a3d2de req-d48a2dc5-ea56-4299-b9b6-c91b62a3d2de ] Request (MigrationsAdminTest:tearDownClass): 204 DELETE http://10.180.1.21/identity/v3/users/ef72f719cc034e0ea81823b7ff7497a3 0.089s
2025-11-20 09:15:33.446 60280 INFO tempest.lib.common.dynamic_creds [-] Deleting project and security group for project: 4a8581b7da6e4b87888a56ca0ac4812b
2025-11-20 09:15:33.486 60274 INFO tempest.lib.common.rest_client [req-0d8b2da6-d6e1-40fb-add1-823bd6685dd0 req-0d8b2da6-d6e1-40fb-add1-823bd6685dd0 ] Request (QuotasAdminTestV257:tearDownClass): 204 DELETE http://10.180.1.21:9696/networking/v2.0/security-groups/566eccd4-5404-4f64-bd4a-abdb23333150 0.147s
2025-11-20 09:15:33.492 60290 INFO tempest.lib.common.rest_client [req-f579a9ff-cadb-412a-9e1f-b896bee5fcc1 req-f579a9ff-cadb-412a-9e1f-b896bee5fcc1 ] Request (SecurityGroupRulesNegativeTestJSON:test_create_security_group_rule_with_invalid_ip_protocol): 200 POST http://10.180.1.21/compute/v2.1/os-security-groups 1.253s
2025-11-20 09:15:33.497 60286 INFO tempest.lib.common.rest_client [req-a1e39e1f-fc81-4842-b673-da2d88ad1912 req-a1e39e1f-fc81-4842-b673-da2d88ad1912 ] Request (ListImageFiltersTestJSON:setUpClass): 202 POST http://10.180.1.21/compute/v2.1/servers 1.310s
2025-11-20 09:15:33.504 60280 INFO tempest.lib.common.rest_client [req-dc7f1bb7-d44d-4314-9bc9-dcdc1bf328f0 req-dc7f1bb7-d44d-4314-9bc9-dcdc1bf328f0 ] Request (MigrationsAdminTest:tearDownClass): 201 POST http://10.180.1.21/identity/v3/auth/tokens 0.058s
2025-11-20 09:15:33.556 60294 INFO tempest.lib.common.rest_client [req-20b1310a-eaeb-4828-a0bf-e41d9ba626dc req-20b1310a-eaeb-4828-a0bf-e41d9ba626dc ] Request (ServersAdmin275Test:test_rebuild_update_server_275): 200 GET http://10.180.1.21/compute/v2.1/servers/68c87b51-b90a-47cc-bec1-05f7c389fc14 1.295s
2025-11-20 09:15:33.570 60274 INFO tempest.lib.common.rest_client [req-23d5e7f5-a489-437e-acb8-a45d497bc92d req-23d5e7f5-a489-437e-acb8-a45d497bc92d ] Request (QuotasAdminTestV257:tearDownClass): 204 DELETE http://10.180.1.21/identity/v3/projects/fc463e30182e45c4aaa5160789adb473 0.084s
2025-11-20 09:15:33.598 60286 INFO tempest.lib.common.rest_client [req-2d389d8b-fe29-46bb-b867-2a469397b95d req-2d389d8b-fe29-46bb-b867-2a469397b95d ] Request (ListImageFiltersTestJSON:setUpClass): 201 POST http://10.180.1.21/identity/v3/auth/tokens 0.096s
2025-11-20 09:15:33.599 60286 INFO tempest.lib.common.fixed_network [-] (ListImageFiltersTestJSON:setUpClass) Found network None available for tenant
2025-11-20 09:15:33.677 60304 INFO tempest.lib.common.rest_client [req-d6f6f939-90b3-4149-9c8c-366983dc68f7 req-d6f6f939-90b3-4149-9c8c-366983dc68f7 ] Request (ImagesTestJSON:test_create_image_from_stopped_server): 200 GET http://10.180.1.21/compute/v2.1/servers/8a0d9829-6759-4593-9230-459a546a5908 1.408s
2025-11-20 09:15:33.695 60274 INFO tempest.lib.common.rest_client [req-dbcd024a-4d42-4610-9af2-3100a08a9043 req-dbcd024a-4d42-4610-9af2-3100a08a9043 ] Request (KeyPairsV2TestJSON:setUpClass): 201 POST http://10.180.1.21/identity/v3/auth/tokens 0.123s
2025-11-20 09:15:33.726 60274 INFO tempest.lib.common.rest_client [req-0f26c5bc-a320-4eaf-9711-5e888d1fb2b3 req-0f26c5bc-a320-4eaf-9711-5e888d1fb2b3 ] Request (KeyPairsV2TestJSON:setUpClass): 201 POST http://10.180.1.21/identity/v3/auth/tokens 0.027s
2025-11-20 09:15:33.743 60274 INFO tempest.lib.common.rest_client [req-ed0a0ef6-207b-4569-b903-346d2d220855 req-ed0a0ef6-207b-4569-b903-346d2d220855 ] Request (KeyPairsV2TestJSON:setUpClass): 200 GET http://10.180.1.21/identity/v3/domains?name=Default 0.017s
2025-11-20 09:15:33.764 60276 INFO tempest.lib.common.rest_client [req-ef07d0bc-d439-4432-bc12-1a925d19cef1 req-ef07d0bc-d439-4432-bc12-1a925d19cef1 ] Request (ServerMetadataTestJSON:setUpClass): 204 DELETE http://10.180.1.21/compute/v2.1/servers/ca41f71e-eb90-4e0a-ac42-2122e810f7d8 1.456s
2025-11-20 09:15:33.767 60300 INFO tempest.lib.common.rest_client [req-56a3c73d-a1a3-46bc-8292-6c8b60b4d9f9 req-56a3c73d-a1a3-46bc-8292-6c8b60b4d9f9 ] Request (AggregatesAdminNegativeTestJSON:test_aggregate_remove_host_as_user): 200 POST http://10.180.1.21/compute/v2.1/os-aggregates/7/action 1.384s
2025-11-20 09:15:33.772 60274 INFO tempest.lib.common.rest_client [req-b076fa87-ff4d-473d-98f0-589dc11269b2 req-b076fa87-ff4d-473d-98f0-589dc11269b2 ] Request (KeyPairsV2TestJSON:setUpClass): 201 POST http://10.180.1.21/identity/v3/projects 0.028s
2025-11-20 09:15:33.805 60280 INFO tempest.lib.common.rest_client [req-e78ca1d0-d690-4042-87fe-cb4b19009957 req-e78ca1d0-d690-4042-87fe-cb4b19009957 ] Request (MigrationsAdminTest:tearDownClass): 200 GET http://10.180.1.21:9696/networking/v2.0/security-groups?tenant_id=4a8581b7da6e4b87888a56ca0ac4812b&name=default 0.300s
2025-11-20 09:15:33.824 60312 INFO tempest.lib.common.rest_client [req-62fbf333-4c5a-46f0-b818-11f662dbe9aa req-62fbf333-4c5a-46f0-b818-11f662dbe9aa ] Request (FlavorsV2NegativeTest:test_boot_with_low_ram): 204 PUT http://10.180.1.21/image/v2/images/ce4d6a8a-a9a9-42c5-94a3-ac3454189be7/file 0.682s
2025-11-20 09:15:33.827 60274 INFO tempest.lib.common.rest_client [req-c63281da-fbb0-4966-93f3-8d073d14012e req-c63281da-fbb0-4966-93f3-8d073d14012e ] Request (KeyPairsV2TestJSON:setUpClass): 201 POST http://10.180.1.21/identity/v3/users 0.055s
2025-11-20 09:15:33.841 60258 INFO tempest.lib.common.rest_client [req-5ea984c2-cbcc-49c8-9183-6101ba555b46 req-5ea984c2-cbcc-49c8-9183-6101ba555b46 ] Request (VolumesAdminNegativeTest:test_update_attached_volume_with_nonexistent_volume_in_body): 201 POST http://10.180.1.21:9696/networking/v2.0/floatingips 0.577s
2025-11-20 09:15:33.846 60274 INFO tempest.lib.common.rest_client [req-463f626c-de11-449e-8b7f-5b284b61f467 req-463f626c-de11-449e-8b7f-5b284b61f467 ] Request (KeyPairsV2TestJSON:setUpClass): 200 GET http://10.180.1.21/identity/v3/roles 0.018s
2025-11-20 09:15:33.878 60312 INFO tempest.lib.common.rest_client [req-047b9311-5328-4541-b4ad-62759ea7587e req-047b9311-5328-4541-b4ad-62759ea7587e ] Request (FlavorsV2NegativeTest:test_boot_with_low_ram): 201 POST http://10.180.1.21/identity/v3/auth/tokens 0.050s
2025-11-20 09:15:33.878 60312 INFO tempest.lib.common.fixed_network [-] (FlavorsV2NegativeTest:test_boot_with_low_ram) Found network None available for tenant
2025-11-20 09:15:33.896 60258 INFO tempest.lib.common.rest_client [req-389030fd-96b1-48a2-9b26-0f2c6fb97245 req-389030fd-96b1-48a2-9b26-0f2c6fb97245 ] Request (VolumesAdminNegativeTest:test_update_attached_volume_with_nonexistent_volume_in_body): 201 POST http://10.180.1.21/identity/v3/auth/tokens 0.050s
2025-11-20 09:15:33.896 60258 INFO tempest.lib.common.fixed_network [-] (VolumesAdminNegativeTest:test_update_attached_volume_with_nonexistent_volume_in_body) Found network {'id': '93ff2580-2601-4bcb-b9ba-a714507e8d3b', 'name': 'tempest-VolumesAdminNegativeTest-188650498-network', 'tenant_id': 'beed67af969140558338fd997bfeb33c', 'admin_state_up': True, 'mtu': 8950, 'status': 'ACTIVE', 'subnets': [], 'shared': False, 'project_id': 'beed67af969140558338fd997bfeb33c', 'port_security_enabled': True, 'router:external': False, 'provider:network_type': 'vlan', 'provider:physical_network': 'default', 'provider:segmentation_id': 619, 'is_default': False, 'availability_zone_hints': [], 'availability_zones': [], 'ipv4_address_scope': None, 'ipv6_address_scope': None, 'description': '', 'tags': [], 'created_at': '2025-11-20T09:15:25Z', 'updated_at': '2025-11-20T09:15:25Z', 'revision_number': 1} available for tenant
2025-11-20 09:15:33.902 60274 INFO tempest.lib.common.rest_client [req-51f4a728-8d8a-4175-99d7-5fff78a1d4eb req-51f4a728-8d8a-4175-99d7-5fff78a1d4eb ] Request (KeyPairsV2TestJSON:setUpClass): 204 PUT http://10.180.1.21/identity/v3/projects/7338e5d494564ae0b4712e7dea23825b/users/477c3243622e4e96b71bf8cdbf886bcf/roles/301d7010caf14a2cb8a2948050a3c63e 0.056s
2025-11-20 09:15:33.902 60274 INFO tempest.lib.common.dynamic_creds [-] Dynamic test user 477c3243622e4e96b71bf8cdbf886bcf is created with scope project and roles: ['member']
2025-11-20 09:15:33.903 60274 INFO tempest.lib.common.dynamic_creds [-] Acquired dynamic creds: credentials: Credentials: {'domain_id': 'default', 'domain_name': 'Default', 'username': 'tempest-KeyPairsV2TestJSON-699080619-project-member', 'project_domain_id': 'default', 'project_domain_name': 'Default', 'project_id': '7338e5d494564ae0b4712e7dea23825b', 'project_name': 'tempest-KeyPairsV2TestJSON-699080619', 'tenant_id': '7338e5d494564ae0b4712e7dea23825b', 'tenant_name': 'tempest-KeyPairsV2TestJSON-699080619', 'user_domain_id': 'default', 'user_domain_name': 'Default', 'user_id': '477c3243622e4e96b71bf8cdbf886bcf', 'system': None}, Network: None, Subnet: None, Router: None
2025-11-20 09:15:33.903 60274 INFO tempest.lib.common.dynamic_creds [-] Created isolated network resources for: credentials: Credentials: {'domain_id': 'default', 'domain_name': 'Default', 'username': 'tempest-KeyPairsV2TestJSON-699080619-project-member', 'project_domain_id': 'default', 'project_domain_name': 'Default', 'project_id': '7338e5d494564ae0b4712e7dea23825b', 'project_name': 'tempest-KeyPairsV2TestJSON-699080619', 'tenant_id': '7338e5d494564ae0b4712e7dea23825b', 'tenant_name': 'tempest-KeyPairsV2TestJSON-699080619', 'user_domain_id': 'default', 'user_domain_name': 'Default', 'user_id': '477c3243622e4e96b71bf8cdbf886bcf', 'system': None}, Network: None, Subnet: None, Router: None
