2025-11-20 09:15:51.052 60302 INFO tempest.lib.common.rest_client [req-ecf89c73-2513-4a39-bdf8-454a5c57b900 req-ecf89c73-2513-4a39-bdf8-454a5c57b900 ] Request (ServerAddressesTestJSON:setUpClass): 204 PUT http://10.180.1.21/identity/v3/projects/f42f07b8ce5040279223112427eb62c9/users/41a535ff3d8148c29a9bf62afbeff688/roles/301d7010caf14a2cb8a2948050a3c63e 0.138s
2025-11-20 09:15:51.052 60302 INFO tempest.lib.common.dynamic_creds [-] Dynamic test user 41a535ff3d8148c29a9bf62afbeff688 is created with scope project and roles: ['member']
2025-11-20 09:15:51.052 60302 INFO tempest.lib.common.dynamic_creds [-] Acquired dynamic creds: credentials: Credentials: {'domain_id': 'default', 'domain_name': 'Default', 'username': 'tempest-ServerAddressesTestJSON-1201308295-project-member', 'project_domain_id': 'default', 'project_domain_name': 'Default', 'project_id': 'f42f07b8ce5040279223112427eb62c9', 'project_name': 'tempest-ServerAddressesTestJSON-1201308295', 'tenant_id': 'f42f07b8ce5040279223112427eb62c9', 'tenant_name': 'tempest-ServerAddressesTestJSON-1201308295', 'user_domain_id': 'default', 'user_domain_name': 'Default', 'user_id': '41a535ff3d8148c29a9bf62afbeff688', 'system': None}, Network: None, Subnet: None, Router: None
2025-11-20 09:15:51.060 60250 INFO tempest.lib.common.rest_client [req-1e22bd71-a66f-4691-9b77-b7e2a7afb63b req-1e22bd71-a66f-4691-9b77-b7e2a7afb63b ] Request (ServerDiagnosticsNegativeTest:test_get_server_diagnostics_by_non_admin): 200 GET http://10.180.1.21/compute/v2.1/servers/c4400e80-4457-4a8a-8588-f594e5993cde 2.552s
2025-11-20 09:15:51.113 60260 INFO tempest.lib.common.rest_client [req-69e40c23-410e-4db7-963e-a0d8fca01766 req-69e40c23-410e-4db7-963e-a0d8fca01766 ] Request (ServersAaction247Test:test_create_backup): 201 POST http://10.180.1.21/identity/v3/auth/tokens 0.148s
2025-11-20 09:15:51.114 60260 INFO tempest.lib.common.fixed_network [-] (ServersAaction247Test:test_create_backup) Found network None available for tenant
2025-11-20 09:15:51.121 60300 INFO tempest.lib.common.rest_client [req-d98dc7db-6340-4465-bd87-79ef78ca35b6 req-d98dc7db-6340-4465-bd87-79ef78ca35b6 ] Request (FlavorsAccessNegativeTestJSON:test_add_flavor_access_duplicate): 200 POST http://10.180.1.21/compute/v2.1/flavors 2.630s
2025-11-20 09:15:51.172 60254 INFO tempest.lib.common.rest_client [req-bce7630b-7651-4054-b9ac-dec0bcea60e2 req-bce7630b-7651-4054-b9ac-dec0bcea60e2 ] Request (FloatingIPsNegativeTestJSON:setUpClass): 201 POST http://10.180.1.21/identity/v3/auth/tokens 0.172s
2025-11-20 09:15:51.219 60278 INFO tempest.lib.common.rest_client [req-6b229d0c-e1de-4bc6-b1be-4d045cf90de2 req-6b229d0c-e1de-4bc6-b1be-4d045cf90de2 ] Request (SecurityGroupRulesTestJSON:tearDownClass): 204 DELETE http://10.180.1.21/identity/v3/projects/e36c1f6be80d4c1da146dca7b97d0c1e 0.237s
2025-11-20 09:15:51.220 60278 INFO tempest.test [-] raised in ServerStableDeviceRescueTest.setUpClass. Invoking tearDownClass.
2025-11-20 09:15:51.221 60278 INFO tempest.test [-] raised in ServerStableDeviceRescueTestIDE.setUpClass. Invoking tearDownClass.
2025-11-20 09:15:51.227 60302 INFO tempest.lib.common.rest_client [req-fc4fc952-beb1-47ce-b9d5-b26e318f6705 req-fc4fc952-beb1-47ce-b9d5-b26e318f6705 ] Request (ServerAddressesTestJSON:setUpClass): 201 POST http://10.180.1.21/identity/v3/auth/tokens 0.174s
2025-11-20 09:15:51.250 60278 INFO tempest.lib.common.rest_client [req-05399b5a-6440-415c-85d9-aa32238a8241 req-05399b5a-6440-415c-85d9-aa32238a8241 ] Request (ServersNegativeTestMultiTenantJSON:setUpClass): 201 POST http://10.180.1.21/identity/v3/auth/tokens 0.023s
2025-11-20 09:15:51.257 60254 INFO tempest.lib.common.rest_client [req-1169888f-21e7-42bb-abbe-d9058f076fd1 req-1169888f-21e7-42bb-abbe-d9058f076fd1 ] Request (FloatingIPsNegativeTestJSON:setUpClass): 201 POST http://10.180.1.21/identity/v3/auth/tokens 0.082s
2025-11-20 09:15:51.287 60278 INFO tempest.lib.common.rest_client [req-4155c000-dfee-4560-9aff-2d3ed9f246d8 req-4155c000-dfee-4560-9aff-2d3ed9f246d8 ] Request (ServersNegativeTestMultiTenantJSON:setUpClass): 201 POST http://10.180.1.21/identity/v3/auth/tokens 0.034s
2025-11-20 09:15:51.309 60254 INFO tempest.lib.common.rest_client [req-67498f40-2c8f-4dae-9835-14877941f7c4 req-67498f40-2c8f-4dae-9835-14877941f7c4 ] Request (FloatingIPsNegativeTestJSON:setUpClass): 200 GET http://10.180.1.21/identity/v3/domains?name=Default 0.052s
2025-11-20 09:15:51.311 60278 INFO tempest.lib.common.rest_client [req-e8865acb-831b-46cb-a55c-7e1a6518517c req-e8865acb-831b-46cb-a55c-7e1a6518517c ] Request (ServersNegativeTestMultiTenantJSON:setUpClass): 200 GET http://10.180.1.21/identity/v3/domains?name=Default 0.024s
2025-11-20 09:15:51.328 60272 INFO tempest.lib.common.rest_client [req-df403a01-2485-4529-9166-562d4c752255 req-df403a01-2485-4529-9166-562d4c752255 ] Request (TenantUsagesTestJSON:setUpClass): 200 GET http://10.180.1.21/compute/v2.1/servers/5888cc9f-7341-4f9c-a93c-dd5ec95f7369 2.724s
2025-11-20 09:15:51.330 60288 INFO tempest.lib.common.rest_client [req-161bcd47-47ba-4a6f-8074-92fdf8a07b92 req-161bcd47-47ba-4a6f-8074-92fdf8a07b92 ] Request (AttachVolumeShelveTestJSON:test_detach_volume_shelved_or_offload_server): 200 GET http://10.180.1.21/compute/v2.1/servers/0a342770-1daf-41d6-9796-a927458ee8ca 2.705s
2025-11-20 09:15:51.349 60278 INFO tempest.lib.common.rest_client [req-571b004d-442c-480f-96cc-a399dae91d37 req-571b004d-442c-480f-96cc-a399dae91d37 ] Request (ServersNegativeTestMultiTenantJSON:setUpClass): 201 POST http://10.180.1.21/identity/v3/projects 0.037s
2025-11-20 09:15:51.349 60254 INFO tempest.lib.common.rest_client [req-d9dd1cec-e4c4-47eb-a26b-208b6f39fd39 req-d9dd1cec-e4c4-47eb-a26b-208b6f39fd39 ] Request (FloatingIPsNegativeTestJSON:setUpClass): 201 POST http://10.180.1.21/identity/v3/projects 0.039s
2025-11-20 09:15:51.353 60298 INFO tempest.lib.common.rest_client [req-efb0304e-f239-4279-94cb-ac3de0cba298 req-efb0304e-f239-4279-94cb-ac3de0cba298 ] Request (ServerRescueNegativeTestJSON:tearDownClass): 204 DELETE http://10.180.1.21:9696/networking/v2.0/routers/462659c7-c57b-4b92-8519-4dc5771b5c80 1.066s
2025-11-20 09:15:51.359 60276 INFO tempest.lib.common.rest_client [req-9dca147a-8cac-4796-9ce6-fdcb197cbc60 req-9dca147a-8cac-4796-9ce6-fdcb197cbc60 ] Request (ServerShowV257Test:test_rebuild_server): 404 GET http://10.180.1.21/compute/v2.1/servers/9b48df25-2dc2-423c-9408-f31388e40cd5 2.553s
2025-11-20 09:15:51.422 60254 INFO tempest.lib.common.rest_client [req-08f9de15-f54c-48c3-ac74-641207ca0680 req-08f9de15-f54c-48c3-ac74-641207ca0680 ] Request (FloatingIPsNegativeTestJSON:setUpClass): 201 POST http://10.180.1.21/identity/v3/users 0.072s
2025-11-20 09:15:51.443 60278 INFO tempest.lib.common.rest_client [req-584601a2-43ac-4565-9ef6-a4317b62cc1c req-584601a2-43ac-4565-9ef6-a4317b62cc1c ] Request (ServersNegativeTestMultiTenantJSON:setUpClass): 201 POST http://10.180.1.21/identity/v3/users 0.094s
2025-11-20 09:15:51.444 60270 INFO tempest.lib.common.rest_client [req-d6e0d372-2381-4eee-b684-7bea0743e427 req-d6e0d372-2381-4eee-b684-7bea0743e427 ] Request (SecurityGroupsTestJSON:test_list_security_groups_by_server): 200 GET http://10.180.1.21/compute/v2.1/servers/f5ab17f1-ce4d-4437-b2bb-8860db593937 2.359s
2025-11-20 09:15:51.465 60302 INFO tempest.lib.common.rest_client [req-e187d205-92ce-4da0-8f6b-3f8a6afd5615 req-e187d205-92ce-4da0-8f6b-3f8a6afd5615 ] Request (ServerAddressesTestJSON:setUpClass): 201 POST http://10.180.1.21:9696/networking/v2.0/networks 0.238s
2025-11-20 09:15:51.473 60254 INFO tempest.lib.common.rest_client [req-90d906de-34f6-4e42-a4ad-8ba666fdbc4c req-90d906de-34f6-4e42-a4ad-8ba666fdbc4c ] Request (FloatingIPsNegativeTestJSON:setUpClass): 200 GET http://10.180.1.21/identity/v3/roles 0.050s
2025-11-20 09:15:51.499 60276 INFO tempest.lib.common.rest_client [req-fe03ab9c-979d-4cd6-95a5-27ef4cccbc34 req-fe03ab9c-979d-4cd6-95a5-27ef4cccbc34 ] Request (ServerShowV257Test:tearDownClass): 204 DELETE http://10.180.1.21/identity/v3/users/754e659f9640464ea864862134a3e106 0.128s
2025-11-20 09:15:51.500 60276 INFO tempest.lib.common.dynamic_creds [-] Deleting project and security group for project: 036ed83d8ed9456a820d1b6fb324ca0b
2025-11-20 09:15:51.520 60278 INFO tempest.lib.common.rest_client [req-3023f9ee-430e-4d0c-8662-cfbab9f9929b req-3023f9ee-430e-4d0c-8662-cfbab9f9929b ] Request (ServersNegativeTestMultiTenantJSON:setUpClass): 200 GET http://10.180.1.21/identity/v3/roles 0.076s
2025-11-20 09:15:51.546 60276 INFO tempest.lib.common.rest_client [req-c94ea6df-10a4-4cc8-a443-760e18769b03 req-c94ea6df-10a4-4cc8-a443-760e18769b03 ] Request (ServerShowV257Test:tearDownClass): 201 POST http://10.180.1.21/identity/v3/auth/tokens 0.046s
2025-11-20 09:15:51.555 60254 INFO tempest.lib.common.rest_client [req-8e07e043-6727-489b-9800-3af92cca4e50 req-8e07e043-6727-489b-9800-3af92cca4e50 ] Request (FloatingIPsNegativeTestJSON:setUpClass): 204 PUT http://10.180.1.21/identity/v3/projects/7b35b003044a408797ee6583ea75a6b0/users/f7525358e62b4ceeae51113cfc6710b6/roles/301d7010caf14a2cb8a2948050a3c63e 0.082s
2025-11-20 09:15:51.556 60254 INFO tempest.lib.common.dynamic_creds [-] Dynamic test user f7525358e62b4ceeae51113cfc6710b6 is created with scope project and roles: ['member']
2025-11-20 09:15:51.556 60254 INFO tempest.lib.common.dynamic_creds [-] Acquired dynamic creds: credentials: Credentials: {'domain_id': 'default', 'domain_name': 'Default', 'username': 'tempest-FloatingIPsNegativeTestJSON-447503120-project-member', 'project_domain_id': 'default', 'project_domain_name': 'Default', 'project_id': '7b35b003044a408797ee6583ea75a6b0', 'project_name': 'tempest-FloatingIPsNegativeTestJSON-447503120', 'tenant_id': '7b35b003044a408797ee6583ea75a6b0', 'tenant_name': 'tempest-FloatingIPsNegativeTestJSON-447503120', 'user_domain_id': 'default', 'user_domain_name': 'Default', 'user_id': 'f7525358e62b4ceeae51113cfc6710b6', 'system': None}, Network: None, Subnet: None, Router: None
2025-11-20 09:15:51.616 60278 INFO tempest.lib.common.rest_client [req-a0b20ee4-3f6e-472c-ba86-646b759682f3 req-a0b20ee4-3f6e-472c-ba86-646b759682f3 ] Request (ServersNegativeTestMultiTenantJSON:setUpClass): 204 PUT http://10.180.1.21/identity/v3/projects/af470ef5e36145e3bb547ba685209d97/users/1cdb31acf24540e18e093a55808b2a84/roles/301d7010caf14a2cb8a2948050a3c63e 0.095s
2025-11-20 09:15:51.616 60278 INFO tempest.lib.common.dynamic_creds [-] Dynamic test user 1cdb31acf24540e18e093a55808b2a84 is created with scope project and roles: ['member']
2025-11-20 09:15:51.616 60278 INFO tempest.lib.common.dynamic_creds [-] Acquired dynamic creds: credentials: Credentials: {'domain_id': 'default', 'domain_name': 'Default', 'username': 'tempest-ServersNegativeTestMultiTenantJSON-1610443141-project-member', 'project_domain_id': 'default', 'project_domain_name': 'Default', 'project_id': 'af470ef5e36145e3bb547ba685209d97', 'project_name': 'tempest-ServersNegativeTestMultiTenantJSON-1610443141', 'tenant_id': 'af470ef5e36145e3bb547ba685209d97', 'tenant_name': 'tempest-ServersNegativeTestMultiTenantJSON-1610443141', 'user_domain_id': 'default', 'user_domain_name': 'Default', 'user_id': '1cdb31acf24540e18e093a55808b2a84', 'system': None}, Network: None, Subnet: None, Router: None
2025-11-20 09:15:51.646 60298 INFO tempest.lib.common.rest_client [req-b654f99e-5c4e-4bea-a25b-e77253065e4f req-b654f99e-5c4e-4bea-a25b-e77253065e4f ] Request (ServerRescueNegativeTestJSON:tearDownClass): 204 DELETE http://10.180.1.21:9696/networking/v2.0/subnets/5230d3db-258f-4b42-a620-c3dec626af78 0.291s
2025-11-20 09:15:51.659 60283 INFO tempest.lib.common.rest_client [req-aa045f49-efdc-486b-8669-2a235ac35ad2 req-aa045f49-efdc-486b-8669-2a235ac35ad2 ] Request (VolumesAssistedSnapshotsTest:test_volume_assisted_snapshot_create_delete): 200 GET http://10.180.1.21/compute/v2.1/servers/036d6de2-f69b-4714-b89e-9c4307253675 2.952s
2025-11-20 09:15:51.666 60254 INFO tempest.lib.common.rest_client [req-c109aa0b-8dcb-450d-9595-0aa601b712b9 req-c109aa0b-8dcb-450d-9595-0aa601b712b9 ] Request (FloatingIPsNegativeTestJSON:setUpClass): 201 POST http://10.180.1.21/identity/v3/auth/tokens 0.107s
2025-11-20 09:15:51.681 60278 INFO tempest.lib.common.rest_client [req-2a1218ac-3a47-458b-9cd7-1f0fedc386d4 req-2a1218ac-3a47-458b-9cd7-1f0fedc386d4 ] Request (ServersNegativeTestMultiTenantJSON:setUpClass): 201 POST http://10.180.1.21/identity/v3/auth/tokens 0.065s
2025-11-20 09:15:51.685 60292 INFO tempest.lib.common.rest_client [req-980ab704-075c-4bfb-b885-37174fe6bc62 req-980ab704-075c-4bfb-b885-37174fe6bc62 ] Request (ServersAdminTestJSON:setUpClass): 200 GET http://10.180.1.21/compute/v2.1/servers/3ab1b905-cd6f-4d2b-a244-f85e56f796d3 2.320s
2025-11-20 09:15:51.695 60274 INFO tempest.lib.common.rest_client [req-fa05ffe0-199b-4637-b3ff-028d9e7d800d req-fa05ffe0-199b-4637-b3ff-028d9e7d800d ] Request (KeyPairsV2TestJSON:test_keypairs_create_list_delete): 200 POST http://10.180.1.21/compute/v2.1/os-keypairs 2.070s
2025-11-20 09:15:51.711 60264 INFO tempest.lib.common.rest_client [req-a34f0ba4-3c7f-433a-839b-a9be65c7a53d req-a34f0ba4-3c7f-433a-839b-a9be65c7a53d ] Request (FlavorsAdminTestJSON:test_create_flavor_with_none_id): 200 POST http://10.180.1.21/compute/v2.1/flavors 1.649s
2025-11-20 09:15:51.775 60280 INFO tempest.lib.common.rest_client [req-4fd4137f-44a1-4667-bf9e-a8087d0bff59 req-4fd4137f-44a1-4667-bf9e-a8087d0bff59 ] Request (QuotaClassesAdmin257Test:test_update_default_quotas): 200 PUT http://10.180.1.21/compute/v2.1/os-quota-class-sets/default 1.560s
2025-11-20 09:15:51.789 60312 INFO tempest.lib.common.rest_client [req-ed076cab-09ed-4e1d-8a5f-92ed3cdef435 req-ed076cab-09ed-4e1d-8a5f-92ed3cdef435 ] Request (SecurityGroupsNegativeTestJSON:test_delete_the_default_security_group): 400 DELETE http://10.180.1.21/compute/v2.1/os-security-groups/e2c4ab2f-3e95-4c3b-922c-f721127b2d42 1.745s
2025-11-20 09:15:51.797 60302 INFO tempest.lib.common.rest_client [req-50219e0a-d2ef-42a0-9fae-8d77dec1d809 req-50219e0a-d2ef-42a0-9fae-8d77dec1d809 ] Request (ServerAddressesTestJSON:setUpClass): 201 POST http://10.180.1.21:9696/networking/v2.0/subnets 0.331s
2025-11-20 09:15:51.811 60276 INFO tempest.lib.common.rest_client [req-ccbdcc83-af75-455b-b628-51385d057c1e req-ccbdcc83-af75-455b-b628-51385d057c1e ] Request (ServerShowV257Test:tearDownClass): 200 GET http://10.180.1.21:9696/networking/v2.0/security-groups?tenant_id=036ed83d8ed9456a820d1b6fb324ca0b&name=default 0.264s
2025-11-20 09:15:51.855 60258 INFO tempest.lib.common.rest_client [req-52d318e3-b6d5-4c10-ab1d-15f4362719ec req-52d318e3-b6d5-4c10-ab1d-15f4362719ec ] Request (VolumesAdminNegativeTest:test_update_attached_volume_with_nonexistent_volume_in_uri): 200 GET http://10.180.1.21/compute/v2.1/servers/e51c23a2-cba1-4847-bb60-4adae4d3a8d9 1.563s
2025-11-20 09:15:51.895 60256 INFO tempest.lib.common.rest_client [req-8160bcbf-f66e-445e-abe1-194e6d0d5bd2 req-8160bcbf-f66e-445e-abe1-194e6d0d5bd2 ] Request (MultipleCreateTestJSON:test_multiple_create): 200 GET http://10.180.1.21/compute/v2.1/servers/7b4135e7-c0e2-4ab7-8cba-19d2059e40e2 1.527s
2025-11-20 09:15:52.005 60298 INFO tempest.lib.common.rest_client [req-d95780fd-1ad3-40f9-ae8f-dc572a74b50f req-d95780fd-1ad3-40f9-ae8f-dc572a74b50f ] Request (ServerRescueNegativeTestJSON:tearDownClass): 204 DELETE http://10.180.1.21:9696/networking/v2.0/networks/c2b475d4-8b3e-43b3-a033-60405fe9f867 0.358s
2025-11-20 09:15:52.079 60298 INFO tempest.lib.common.rest_client [req-5e016cb2-30d5-4d6b-af31-0f1b4668f01f req-5e016cb2-30d5-4d6b-af31-0f1b4668f01f ] Request (ServerRescueNegativeTestJSON:tearDownClass): 204 DELETE http://10.180.1.21/identity/v3/users/0259dcc5b3f648f6b83f78fc9953dc54 0.073s
2025-11-20 09:15:52.079 60298 INFO tempest.lib.common.dynamic_creds [-] Deleting project and security group for project: a12046e79c7c4089b6308717760c2c3b
2025-11-20 09:15:52.082 60306 INFO tempest.lib.common.rest_client [req-866947d6-6c11-417d-9acf-e5bfd4d8f2fe req-866947d6-6c11-417d-9acf-e5bfd4d8f2fe ] Request (ServersTestMultiNic:test_verify_duplicate_network_nics): 200 GET http://10.180.1.21/compute/v2.1/servers/37916d26-1b5e-4991-83a2-ca5a5b00c2ac 1.473s
2025-11-20 09:15:52.125 60298 INFO tempest.lib.common.rest_client [req-dbfb4619-f5be-458d-8781-8e1906e85af9 req-dbfb4619-f5be-458d-8781-8e1906e85af9 ] Request (ServerRescueNegativeTestJSON:tearDownClass): 200 GET http://10.180.1.21:9696/networking/v2.0/security-groups?tenant_id=a12046e79c7c4089b6308717760c2c3b&name=default 0.045s
2025-11-20 09:15:52.152 60286 INFO tempest.lib.common.rest_client [req-55b900e5-ca42-431f-80bf-6922fdfce573 req-55b900e5-ca42-431f-80bf-6922fdfce573 ] Request (ListImageFiltersTestJSON:tearDownClass): 204 DELETE http://10.180.1.21/compute/v2.1/images/f378203f-b686-4b8e-bbc8-30b1a62ace14 1.444s
2025-11-20 09:15:52.173 60308 INFO tempest.lib.common.rest_client [req-9913b164-fa66-4e16-9f88-52cfb276198f req-9913b164-fa66-4e16-9f88-52cfb276198f ] Request (VolumesNegativeTest:test_volume_delete_nonexistent_volume_id): 404 DELETE http://10.180.1.21/compute/v2.1/os-volumes/fea6d79c-2b91-40b4-a535-ea554a5076bb 1.458s
2025-11-20 09:15:52.220 60298 INFO tempest.lib.common.rest_client [req-ef07a814-1f33-4e92-b87d-dd9db24a87d2 req-ef07a814-1f33-4e92-b87d-dd9db24a87d2 ] Request (ServerRescueNegativeTestJSON:tearDownClass): 204 DELETE http://10.180.1.21:9696/networking/v2.0/security-groups/46047910-e2c3-43a2-b72b-405ec3c91c65 0.094s
2025-11-20 09:15:52.237 60276 INFO tempest.lib.common.rest_client [req-f4bb5751-b4af-4b8e-a6b7-5504afa5751a req-f4bb5751-b4af-4b8e-a6b7-5504afa5751a ] Request (ServerShowV257Test:tearDownClass): 204 DELETE http://10.180.1.21:9696/networking/v2.0/security-groups/e0bad6d0-f66b-49b0-a392-8c4f33af1148 0.426s
2025-11-20 09:15:52.300 60254 INFO tempest.lib.common.rest_client [req-e33fc579-3b12-4e79-aad8-f3fdae785123 req-e33fc579-3b12-4e79-aad8-f3fdae785123 ] Request (FloatingIPsNegativeTestJSON:setUpClass): 201 POST http://10.180.1.21:9696/networking/v2.0/networks 0.634s
2025-11-20 09:15:52.314 60298 INFO tempest.lib.common.rest_client [req-e8829f46-7206-420e-848e-541d978ca40c req-e8829f46-7206-420e-848e-541d978ca40c ] Request (ServerRescueNegativeTestJSON:tearDownClass): 204 DELETE http://10.180.1.21/identity/v3/projects/a12046e79c7c4089b6308717760c2c3b 0.094s
2025-11-20 09:15:52.346 60278 INFO tempest.lib.common.rest_client [req-83a4f502-406f-4822-bb84-a2918406d61f req-83a4f502-406f-4822-bb84-a2918406d61f ] Request (ServersNegativeTestMultiTenantJSON:setUpClass): 201 POST http://10.180.1.21:9696/networking/v2.0/networks 0.665s
2025-11-20 09:15:52.406 60276 INFO tempest.lib.common.rest_client [req-6ea10b5b-a585-4349-b4ae-441ce18daf0e req-6ea10b5b-a585-4349-b4ae-441ce18daf0e ] Request (ServerShowV257Test:tearDownClass): 204 DELETE http://10.180.1.21/identity/v3/projects/036ed83d8ed9456a820d1b6fb324ca0b 0.168s
2025-11-20 09:15:52.437 60290 INFO tempest.lib.common.rest_client [req-4a667384-6669-4d50-bfc0-e1ce12b1cc39 req-4a667384-6669-4d50-bfc0-e1ce12b1cc39 ] Request (SecurityGroupRulesNegativeTestJSON:tearDownClass): 202 DELETE http://10.180.1.21/compute/v2.1/os-security-groups/6c836152-cf9e-4ec1-a114-b08f15d4af22 1.752s
2025-11-20 09:15:52.567 60254 INFO tempest.lib.common.rest_client [req-ff873038-4aa1-4b5f-8442-ebc888661158 req-ff873038-4aa1-4b5f-8442-ebc888661158 ] Request (FloatingIPsNegativeTestJSON:setUpClass): 201 POST http://10.180.1.21:9696/networking/v2.0/subnets 0.267s
2025-11-20 09:15:52.630 60278 INFO tempest.lib.common.rest_client [req-29df47a4-2266-43db-a9a0-c1b7499fdd98 req-29df47a4-2266-43db-a9a0-c1b7499fdd98 ] Request (ServersNegativeTestMultiTenantJSON:setUpClass): 201 POST http://10.180.1.21:9696/networking/v2.0/subnets 0.283s
2025-11-20 09:15:52.648 60260 INFO tempest.lib.common.rest_client [req-72ddf0c8-7ebf-42d2-928b-7f2d0e9a44d2 req-72ddf0c8-7ebf-42d2-928b-7f2d0e9a44d2 ] Request (ServersAaction247Test:test_create_backup): 202 POST http://10.180.1.21/compute/v2.1/servers 1.533s
2025-11-20 09:15:52.736 60300 INFO tempest.lib.common.rest_client [req-781b115f-43b3-4c79-b257-74784284fdb9 req-781b115f-43b3-4c79-b257-74784284fdb9 ] Request (FlavorsAccessNegativeTestJSON:test_add_flavor_access_duplicate): 200 POST http://10.180.1.21/compute/v2.1/flavors/1118507109/action 1.612s
2025-11-20 09:15:53.264 60252 INFO tempest.lib.common.rest_client [req-59138858-f9b9-40b5-b52d-4b24065b7231 req-59138858-f9b9-40b5-b52d-4b24065b7231 ] Request (ServerTagsTestJSON:setUpClass): 202 POST http://10.180.1.21/compute/v2.1/servers 2.464s
2025-11-20 09:15:53.305 60268 INFO tempest.lib.common.rest_client [req-aaf03233-fc97-4fca-a7d1-289b50e9eeb4 req-aaf03233-fc97-4fca-a7d1-289b50e9eeb4 ] Request (DeleteServersAdminTestJSON:test_admin_delete_servers_of_others): 200 GET http://10.180.1.21/compute/v2.1/servers/7a4778b7-5ffc-4641-b968-d0304fd67ee0 1.872s
2025-11-20 09:15:53.339 60274 INFO tempest.lib.common.rest_client [req-7b444105-9d84-4c6e-a2e4-2d7416bb9d45 req-7b444105-9d84-4c6e-a2e4-2d7416bb9d45 ] Request (KeyPairsV2TestJSON:test_keypairs_create_list_delete): 200 POST http://10.180.1.21/compute/v2.1/os-keypairs 1.639s
2025-11-20 09:15:53.354 60264 INFO tempest.lib.common.rest_client [req-58ae224c-5dc7-4358-b684-acae2e2742ec req-58ae224c-5dc7-4358-b684-acae2e2742ec ] Request (FlavorsAdminTestJSON:_run_cleanups): 202 DELETE http://10.180.1.21/compute/v2.1/flavors/bda68cb4-27a8-4b90-b319-53d5c33738b5 1.640s
2025-11-20 09:15:53.368 60278 INFO tempest.lib.common.rest_client [req-f6afdbd8-eb87-4dfe-addf-9cc4ce01586a req-f6afdbd8-eb87-4dfe-addf-9cc4ce01586a ] Request (ServersNegativeTestMultiTenantJSON:setUpClass): 201 POST http://10.180.1.21:9696/networking/v2.0/routers 0.737s
2025-11-20 09:15:53.438 60294 INFO tempest.lib.common.rest_client [req-dcdbf614-2e44-4cf0-be94-92c63876af8d req-dcdbf614-2e44-4cf0-be94-92c63876af8d ] Request (ServersAdmin275Test:test_rebuild_update_server_275): 200 GET http://10.180.1.21/compute/v2.1/servers/68c87b51-b90a-47cc-bec1-05f7c389fc14 1.707s
2025-11-20 09:15:53.447 60280 INFO tempest.lib.common.rest_client [req-f0b5ca2e-a7e8-43bf-bd22-151ee302ed42 req-f0b5ca2e-a7e8-43bf-bd22-151ee302ed42 ] Request (QuotaClassesAdmin257Test:test_update_default_quotas): 200 GET http://10.180.1.21/compute/v2.1/os-quota-class-sets/default 1.670s
2025-11-20 09:15:53.504 60312 INFO tempest.lib.common.rest_client [req-66babb67-60e3-4594-865e-a1d5892fce77 req-66babb67-60e3-4594-865e-a1d5892fce77 ] Request (SecurityGroupsNegativeTestJSON:test_security_group_get_nonexistent_group): 404 GET http://10.180.1.21/compute/v2.1/os-security-groups/adaa49df-531e-4a28-ba19-aa8fc882cd28 1.712s
2025-11-20 09:15:53.539 60266 INFO tempest.lib.common.rest_client [req-b1275d23-23f0-40e9-8a09-8ab8ca449ce4 req-b1275d23-23f0-40e9-8a09-8ab8ca449ce4 ] Request (ServerExternalEventsTest:test_create_server_external_events): 200 GET http://10.180.1.21/compute/v2.1/servers/363f5261-d589-4f99-b7dd-ab8f16cefee3 1.879s
2025-11-20 09:15:53.754 60256 INFO tempest.lib.common.rest_client [req-9946371a-ada2-43cb-86d3-e75de5ec90c2 req-9946371a-ada2-43cb-86d3-e75de5ec90c2 ] Request (MultipleCreateTestJSON:test_multiple_create): 204 DELETE http://10.180.1.21/compute/v2.1/servers/7b4135e7-c0e2-4ab7-8cba-19d2059e40e2 1.851s
2025-11-20 09:15:53.820 60304 INFO tempest.lib.common.rest_client [req-9d39af9c-6f8a-41e9-88cb-6fed8917211b req-9d39af9c-6f8a-41e9-88cb-6fed8917211b ] Request (ImagesTestJSON:test_create_image_from_stopped_server): 200 GET http://10.180.1.21/compute/v2.1/servers/8a0d9829-6759-4593-9230-459a546a5908 1.923s
2025-11-20 09:15:54.077 60250 INFO tempest.lib.common.rest_client [req-e5242b87-0fb8-4a04-900a-fd1bab811f29 req-e5242b87-0fb8-4a04-900a-fd1bab811f29 ] Request (ServerDiagnosticsNegativeTest:test_get_server_diagnostics_by_non_admin): 200 GET http://10.180.1.21/compute/v2.1/servers/c4400e80-4457-4a8a-8588-f594e5993cde 2.010s
2025-11-20 09:15:54.106 60262 INFO tempest.lib.common.rest_client [req-fd9ec97b-8dd1-4587-ae84-c58b81ac0662 req-fd9ec97b-8dd1-4587-ae84-c58b81ac0662 ] Request (FloatingIPsAssociationNegativeTestJSON:setUpClass): 200 GET http://10.180.1.21/compute/v2.1/servers/9214a18f-c22d-4e24-980e-7241a2b993bd 2.182s
2025-11-20 09:15:54.121 60302 INFO tempest.lib.common.rest_client [req-251627d2-343b-41d9-b9fc-313dbfa258a5 req-251627d2-343b-41d9-b9fc-313dbfa258a5 ] Request (ServerAddressesTestJSON:setUpClass): 201 POST http://10.180.1.21:9696/networking/v2.0/routers 2.323s
2025-11-20 09:15:54.128 60308 INFO tempest.lib.common.rest_client [req-8418acfb-69d6-43ff-83ce-855c42889e76 req-8418acfb-69d6-43ff-83ce-855c42889e76 ] Request (VolumesNegativeTest:test_volume_get_nonexistent_volume_id): 404 GET http://10.180.1.21/compute/v2.1/os-volumes/12f152e7-709a-47eb-8b29-5d273f51d423 1.953s
2025-11-20 09:15:54.131 60286 INFO tempest.lib.common.rest_client [req-d9902986-9ea7-4e4c-9947-64e392933c2b req-d9902986-9ea7-4e4c-9947-64e392933c2b ] Request (ListImageFiltersTestJSON:tearDownClass): 204 DELETE http://10.180.1.21/compute/v2.1/images/d686e166-ebec-4729-a830-5574d04099f1 1.979s
2025-11-20 09:15:54.262 60308 INFO tempest.lib.common.rest_client [req-0b1a844d-d669-4c6f-a4d2-d4cdff700346 req-0b1a844d-d669-4c6f-a4d2-d4cdff700346 ] Request (VolumesNegativeTest:tearDownClass): 204 DELETE http://10.180.1.21/identity/v3/users/cd8c0d2ef2c9431e8881b28e25ecc51f 0.126s
2025-11-20 09:15:54.263 60308 INFO tempest.lib.common.dynamic_creds [-] Deleting project and security group for project: c0824922493341689bd91af1bec0a964
2025-11-20 09:15:54.322 60308 INFO tempest.lib.common.rest_client [req-85f64f6d-5d08-4aeb-80c3-6f1baae12c3c req-85f64f6d-5d08-4aeb-80c3-6f1baae12c3c ] Request (VolumesNegativeTest:tearDownClass): 201 POST http://10.180.1.21/identity/v3/auth/tokens 0.059s
2025-11-20 09:15:54.454 60272 INFO tempest.lib.common.rest_client [req-af627a46-fbf7-4f3c-ae83-85a287746d24 req-af627a46-fbf7-4f3c-ae83-85a287746d24 ] Request (TenantUsagesTestJSON:setUpClass): 200 GET http://10.180.1.21/compute/v2.1/servers/5888cc9f-7341-4f9c-a93c-dd5ec95f7369 2.120s
2025-11-20 09:15:54.462 60288 INFO tempest.lib.common.rest_client [req-68dc094b-4043-49e0-a600-58ed2a4276d2 req-68dc094b-4043-49e0-a600-58ed2a4276d2 ] Request (AttachVolumeShelveTestJSON:test_detach_volume_shelved_or_offload_server): 200 GET http://10.180.1.21/compute/v2.1/servers/0a342770-1daf-41d6-9796-a927458ee8ca 2.119s
2025-11-20 09:15:54.505 60278 INFO tempest.lib.common.rest_client [req-24881e61-bedc-4f26-a175-d829fdff1e46 req-24881e61-bedc-4f26-a175-d829fdff1e46 ] Request (ServersNegativeTestMultiTenantJSON:setUpClass): 200 PUT http://10.180.1.21:9696/networking/v2.0/routers/b6a56566-2c63-4cf3-b3d6-c1d3df6d39db/add_router_interface 1.137s
2025-11-20 09:15:54.505 60278 INFO tempest.lib.common.dynamic_creds [-] Created isolated network resources for: credentials: Credentials: {'domain_id': 'default', 'domain_name': 'Default', 'username': 'tempest-ServersNegativeTestMultiTenantJSON-1610443141-project-member', 'project_domain_id': 'default', 'project_domain_name': 'Default', 'project_id': 'af470ef5e36145e3bb547ba685209d97', 'project_name': 'tempest-ServersNegativeTestMultiTenantJSON-1610443141', 'tenant_id': 'af470ef5e36145e3bb547ba685209d97', 'tenant_name': 'tempest-ServersNegativeTestMultiTenantJSON-1610443141', 'user_domain_id': 'default', 'user_domain_name': 'Default', 'user_id': '1cdb31acf24540e18e093a55808b2a84', 'system': None}, Network: {'id': '6624b4bc-d8be-4433-8685-128f1c7ab851', 'name': 'tempest-ServersNegativeTestMultiTenantJSON-221393611-network', 'tenant_id': 'af470ef5e36145e3bb547ba685209d97', 'admin_state_up': True, 'mtu': 8950, 'status': 'ACTIVE', 'subnets': [], 'shared': False, 'project_id': 'af470ef5e36145e3bb547ba685209d97', 'port_security_enabled': True, 'router:external': False, 'provider:network_type': 'vlan', 'provider:physical_network': 'default', 'provider:segmentation_id': 40, 'is_default': False, 'availability_zone_hints': [], 'availability_zones': [], 'ipv4_address_scope': None, 'ipv6_address_scope': None, 'description': '', 'tags': [], 'created_at': '2025-11-20T09:15:52Z', 'updated_at': '2025-11-20T09:15:52Z', 'revision_number': 1}, Subnet: {'id': 'ceec83ac-d34d-4eeb-aba6-b647e4c8d056', 'name': 'tempest-ServersNegativeTestMultiTenantJSON-221393611-subnet', 'tenant_id': 'af470ef5e36145e3bb547ba685209d97', 'network_id': '6624b4bc-d8be-4433-8685-128f1c7ab851', 'ip_version': 4, 'subnetpool_id': None, 'enable_dhcp': True, 'ipv6_ra_mode': None, 'ipv6_address_mode': None, 'gateway_ip': '192.168.128.1', 'cidr': '192.168.128.0/28', 'allocation_pools': [{'start': '192.168.128.2', 'end': '192.168.128.14'}], 'host_routes': [], 'dns_nameservers': [], 'description': '', 'service_types': [], 'tags': [], 'created_at': '2025-11-20T09:15:52Z', 'updated_at': '2025-11-20T09:15:52Z', 'revision_number': 0, 'project_id': 'af470ef5e36145e3bb547ba685209d97'}, Router: {'id': 'b6a56566-2c63-4cf3-b3d6-c1d3df6d39db', 'name': 'tempest-ServersNegativeTestMultiTenantJSON-221393611-router', 'tenant_id': 'af470ef5e36145e3bb547ba685209d97', 'admin_state_up': True, 'status': 'ACTIVE', 'external_gateway_info': {'network_id': '0a9f7aca-07e6-4b09-b99a-0a3d7b346866', 'external_fixed_ips': [{'subnet_id': 'd205b769-da96-4ff0-9513-2e1f89332075', 'ip_address': '10.180.180.251'}], 'enable_snat': True}, 'description': '', 'availability_zones': [], 'distributed': False, 'ha': False, 'availability_zone_hints': [], 'routes': [], 'flavor_id': None, 'tags': [], 'created_at': '2025-11-20T09:15:52Z', 'updated_at': '2025-11-20T09:15:53Z', 'revision_number': 2, 'project_id': 'af470ef5e36145e3bb547ba685209d97'}
2025-11-20 09:15:54.527 60308 INFO tempest.lib.common.rest_client [req-d03d724d-f589-4b43-9c63-d20f687d840c req-d03d724d-f589-4b43-9c63-d20f687d840c ] Request (VolumesNegativeTest:tearDownClass): 200 GET http://10.180.1.21:9696/networking/v2.0/security-groups?tenant_id=c0824922493341689bd91af1bec0a964&name=default 0.204s
2025-11-20 09:15:54.567 60270 INFO tempest.lib.common.rest_client [req-a3f6b8ac-078b-4a41-9e7d-aab774a741b8 req-a3f6b8ac-078b-4a41-9e7d-aab774a741b8 ] Request (SecurityGroupsTestJSON:test_list_security_groups_by_server): 200 GET http://10.180.1.21/compute/v2.1/servers/f5ab17f1-ce4d-4437-b2bb-8860db593937 2.116s
2025-11-20 09:15:54.594 60278 INFO tempest.lib.common.rest_client [req-bd9e3512-b59b-4d72-896f-4b5c6de6e875 req-bd9e3512-b59b-4d72-896f-4b5c6de6e875 ] Request (ServersNegativeTestMultiTenantJSON:setUpClass): 201 POST http://10.180.1.21/identity/v3/auth/tokens 0.084s
2025-11-20 09:15:54.603 60308 INFO tempest.lib.common.rest_client [req-9e96597c-0bd2-4bef-a021-6e5d8a101d1d req-9e96597c-0bd2-4bef-a021-6e5d8a101d1d ] Request (VolumesNegativeTest:tearDownClass): 204 DELETE http://10.180.1.21:9696/networking/v2.0/security-groups/8751e8ca-0e44-410d-b412-137f0a2d0cdd 0.075s
2025-11-20 09:15:54.634 60278 INFO tempest.lib.common.rest_client [req-af137cbc-a85f-457e-a5cd-e8c663fad82f req-af137cbc-a85f-457e-a5cd-e8c663fad82f ] Request (ServersNegativeTestMultiTenantJSON:setUpClass): 201 POST http://10.180.1.21/identity/v3/projects 0.039s
2025-11-20 09:15:54.667 60260 INFO tempest.lib.common.rest_client [req-006f3041-d66f-4ca0-b7e2-037d78498651 req-006f3041-d66f-4ca0-b7e2-037d78498651 ] Request (ServersAaction247Test:test_create_backup): 200 GET http://10.180.1.21/compute/v2.1/servers/6cb9dbfc-3cfe-4769-9deb-506c3a540b2d 2.017s
2025-11-20 09:15:54.669 60308 INFO tempest.lib.common.rest_client [req-50e17dc8-a32e-4244-97f7-3bcf6925fc4b req-50e17dc8-a32e-4244-97f7-3bcf6925fc4b ] Request (VolumesNegativeTest:tearDownClass): 204 DELETE http://10.180.1.21/identity/v3/projects/c0824922493341689bd91af1bec0a964 0.065s
2025-11-20 09:15:54.745 60278 INFO tempest.lib.common.rest_client [req-c3581e32-3b36-4bad-9ec8-9474572c5aac req-c3581e32-3b36-4bad-9ec8-9474572c5aac ] Request (ServersNegativeTestMultiTenantJSON:setUpClass): 201 POST http://10.180.1.21/identity/v3/users 0.109s
2025-11-20 09:15:54.767 60278 INFO tempest.lib.common.rest_client [req-5609ea86-959e-48a0-ad19-8deea1a8ce61 req-5609ea86-959e-48a0-ad19-8deea1a8ce61 ] Request (ServersNegativeTestMultiTenantJSON:setUpClass): 200 GET http://10.180.1.21/identity/v3/roles 0.022s
2025-11-20 09:15:54.810 60278 INFO tempest.lib.common.rest_client [req-f030eace-d31b-48c4-8e22-13c5a6ea74a7 req-f030eace-d31b-48c4-8e22-13c5a6ea74a7 ] Request (ServersNegativeTestMultiTenantJSON:setUpClass): 204 PUT http://10.180.1.21/identity/v3/projects/c9100b9d6ba14b13aade806bc426e448/users/7e23d69ae4004fb6bd9643ad2dd7fce7/roles/301d7010caf14a2cb8a2948050a3c63e 0.043s
2025-11-20 09:15:54.810 60278 INFO tempest.lib.common.dynamic_creds [-] Dynamic test user 7e23d69ae4004fb6bd9643ad2dd7fce7 is created with scope project and roles: ['member']
2025-11-20 09:15:54.810 60278 INFO tempest.lib.common.dynamic_creds [-] Acquired dynamic creds: credentials: Credentials: {'domain_id': 'default', 'domain_name': 'Default', 'username': 'tempest-ServersNegativeTestMultiTenantJSON-1213199836-project-member', 'project_domain_id': 'default', 'project_domain_name': 'Default', 'project_id': 'c9100b9d6ba14b13aade806bc426e448', 'project_name': 'tempest-ServersNegativeTestMultiTenantJSON-1213199836', 'tenant_id': 'c9100b9d6ba14b13aade806bc426e448', 'tenant_name': 'tempest-ServersNegativeTestMultiTenantJSON-1213199836', 'user_domain_id': 'default', 'user_domain_name': 'Default', 'user_id': '7e23d69ae4004fb6bd9643ad2dd7fce7', 'system': None}, Network: None, Subnet: None, Router: None
2025-11-20 09:15:54.856 60290 INFO tempest.lib.common.rest_client [req-ead6776c-391a-4508-b29b-075da0e17a16 req-ead6776c-391a-4508-b29b-075da0e17a16 ] Request (SecurityGroupRulesNegativeTestJSON:tearDownClass): 202 DELETE http://10.180.1.21/compute/v2.1/os-security-groups/ceb3d183-e638-4538-83e7-97bb637f07f4 2.418s
2025-11-20 09:15:54.877 60283 INFO tempest.lib.common.rest_client [req-87c19dcf-dc42-43ae-a770-822c5a78a4ae req-87c19dcf-dc42-43ae-a770-822c5a78a4ae ] Request (VolumesAssistedSnapshotsTest:test_volume_assisted_snapshot_create_delete): 200 GET http://10.180.1.21/compute/v2.1/servers/036d6de2-f69b-4714-b89e-9c4307253675 2.208s
2025-11-20 09:15:54.999 60278 INFO tempest.lib.common.rest_client [req-c4a7ace5-d3bd-4010-a3cc-05b33efea179 req-c4a7ace5-d3bd-4010-a3cc-05b33efea179 ] Request (ServersNegativeTestMultiTenantJSON:setUpClass): 201 POST http://10.180.1.21:9696/networking/v2.0/networks 0.188s
2025-11-20 09:15:55.009 60300 INFO tempest.lib.common.rest_client [req-f8a6b542-dcc3-4669-80b2-037e6b79d03c req-f8a6b542-dcc3-4669-80b2-037e6b79d03c ] Request (FlavorsAccessNegativeTestJSON:test_add_flavor_access_duplicate): 409 POST http://10.180.1.21/compute/v2.1/flavors/1118507109/action 2.272s
2025-11-20 09:15:55.057 60292 INFO tempest.lib.common.rest_client [req-aff8d7f5-f361-48f7-b82a-9e6a0227d623 req-aff8d7f5-f361-48f7-b82a-9e6a0227d623 ] Request (ServersAdminTestJSON:setUpClass): 200 GET http://10.180.1.21/compute/v2.1/servers/3ab1b905-cd6f-4d2b-a244-f85e56f796d3 2.363s
2025-11-20 09:15:55.084 60258 INFO tempest.lib.common.rest_client [req-6f91a079-d425-4e6b-a9de-1058beaed223 req-6f91a079-d425-4e6b-a9de-1058beaed223 ] Request (VolumesAdminNegativeTest:test_update_attached_volume_with_nonexistent_volume_in_uri): 200 GET http://10.180.1.21/compute/v2.1/servers/e51c23a2-cba1-4847-bb60-4adae4d3a8d9 2.221s
2025-11-20 09:15:55.092 60254 INFO tempest.lib.common.rest_client [req-b84bbb68-db48-4ee0-9f0b-2a9bfa1767be req-b84bbb68-db48-4ee0-9f0b-2a9bfa1767be ] Request (FloatingIPsNegativeTestJSON:setUpClass): 201 POST http://10.180.1.21:9696/networking/v2.0/routers 2.524s
2025-11-20 09:15:55.168 60252 INFO tempest.lib.common.rest_client [req-a75b8925-d32a-4f03-b81d-ea8f57ab00fd req-a75b8925-d32a-4f03-b81d-ea8f57ab00fd ] Request (ServerTagsTestJSON:setUpClass): 200 GET http://10.180.1.21/compute/v2.1/servers/4e8163e4-0872-44f1-bb13-fab896e4dc4d 1.903s
2025-11-20 09:15:55.201 60274 INFO tempest.lib.common.rest_client [req-9ef4ce4c-ef38-4685-a2cf-0d99a1ec54db req-9ef4ce4c-ef38-4685-a2cf-0d99a1ec54db ] Request (KeyPairsV2TestJSON:test_keypairs_create_list_delete): 200 POST http://10.180.1.21/compute/v2.1/os-keypairs 1.859s
2025-11-20 09:15:55.218 60264 INFO tempest.lib.common.rest_client [req-641c76ac-077a-4988-b0a6-4dd9d7201aa2 req-641c76ac-077a-4988-b0a6-4dd9d7201aa2 ] Request (FlavorsAdminTestJSON:_run_cleanups): 200 GET http://10.180.1.21/compute/v2.1/flavors/detail 1.863s
2025-11-20 09:15:55.248 60280 INFO tempest.lib.common.rest_client [req-0504a70d-9077-4d8d-a845-586aa4d8b0f8 req-0504a70d-9077-4d8d-a845-586aa4d8b0f8 ] Request (QuotaClassesAdmin257Test:_run_cleanups): 200 PUT http://10.180.1.21/compute/v2.1/os-quota-class-sets/default 1.799s
2025-11-20 09:15:55.283 60312 INFO tempest.lib.common.rest_client [req-9017de28-5e5c-4fef-ab5f-4db52e8a4de7 req-9017de28-5e5c-4fef-ab5f-4db52e8a4de7 ] Request (SecurityGroupsNegativeTestJSON:test_update_non_existent_security_group): 404 PUT http://10.180.1.21/compute/v2.1/os-security-groups/84b76c2b-54c3-4f51-8842-22b20c05a282 1.778s
2025-11-20 09:15:55.307 60278 INFO tempest.lib.common.rest_client [req-a1b626b3-ca2a-4b7d-912f-78a9db5b2323 req-a1b626b3-ca2a-4b7d-912f-78a9db5b2323 ] Request (ServersNegativeTestMultiTenantJSON:setUpClass): 201 POST http://10.180.1.21:9696/networking/v2.0/subnets 0.307s
2025-11-20 09:15:55.380 60280 INFO tempest.lib.common.rest_client [req-e5b0857d-c021-4258-86d7-1ced0ee7e45e req-e5b0857d-c021-4258-86d7-1ced0ee7e45e ] Request (QuotaClassesAdmin257Test:tearDownClass): 204 DELETE http://10.180.1.21/identity/v3/users/ed33b0d173214de7ba9331f9c32117fe 0.127s
2025-11-20 09:15:55.470 60306 INFO tempest.lib.common.rest_client [req-9cb0a1e7-bd78-41d2-a240-d60532b2fac5 req-9cb0a1e7-bd78-41d2-a240-d60532b2fac5 ] Request (ServersTestMultiNic:test_verify_duplicate_network_nics): 200 GET http://10.180.1.21/compute/v2.1/servers/37916d26-1b5e-4991-83a2-ca5a5b00c2ac 2.380s
2025-11-20 09:15:55.534 60280 INFO tempest.lib.common.rest_client [req-9a623acd-47cc-45c8-8d76-cfd6bbbe401f req-9a623acd-47cc-45c8-8d76-cfd6bbbe401f ] Request (QuotaClassesAdmin257Test:tearDownClass): 204 DELETE http://10.180.1.21/identity/v3/users/44d23cdcff094317acc5db7acdcb3ded 0.153s
2025-11-20 09:15:55.534 60280 INFO tempest.lib.common.dynamic_creds [-] Deleting project and security group for project: ee0e20ab5a1a43c88c01b7514d261e92
2025-11-20 09:15:55.537 60256 INFO tempest.lib.common.rest_client [req-3ff2a819-1184-4c74-be05-8b16e3f10b12 req-3ff2a819-1184-4c74-be05-8b16e3f10b12 ] Request (MultipleCreateTestJSON:test_multiple_create): 204 DELETE http://10.180.1.21/compute/v2.1/servers/ade2fbd8-3ded-4c99-a189-fc885c980959 1.782s
2025-11-20 09:15:55.537 60286 INFO tempest.lib.common.rest_client [req-bcc53642-ffee-4bba-bb0e-d8ea1f35c95e req-bcc53642-ffee-4bba-bb0e-d8ea1f35c95e ] Request (ListImageFiltersTestJSON:tearDownClass): 204 DELETE http://10.180.1.21/compute/v2.1/images/f515e8c0-7ae6-43f4-b8c1-de55d9c69ca9 1.406s
2025-11-20 09:15:55.616 60280 INFO tempest.lib.common.rest_client [req-3bdbc429-6a05-4ef2-b9c5-d09fcd598755 req-3bdbc429-6a05-4ef2-b9c5-d09fcd598755 ] Request (QuotaClassesAdmin257Test:tearDownClass): 201 POST http://10.180.1.21/identity/v3/auth/tokens 0.081s
2025-11-20 09:15:55.640 60286 INFO tempest.lib.common.rest_client [req-e1123407-104d-4b42-8578-7681f8194f9f req-e1123407-104d-4b42-8578-7681f8194f9f ] Request (ListImageFiltersTestJSON:tearDownClass): 204 DELETE http://10.180.1.21/identity/v3/users/d010c9a52ab6455f9e13542f69c1aee4 0.101s
2025-11-20 09:15:55.640 60286 INFO tempest.lib.common.dynamic_creds [-] Deleting project and security group for project: a0078e234cec4192b9a8d7f726917da9
2025-11-20 09:15:55.664 60294 INFO tempest.lib.common.rest_client [req-0a0e919e-8d04-4754-98e7-6e1b4a1913f2 req-0a0e919e-8d04-4754-98e7-6e1b4a1913f2 ] Request (ServersAdmin275Test:test_rebuild_update_server_275): 200 GET http://10.180.1.21/compute/v2.1/servers/68c87b51-b90a-47cc-bec1-05f7c389fc14 1.218s
2025-11-20 09:15:55.696 60286 INFO tempest.lib.common.rest_client [req-7bce91b2-70f1-4640-a46f-fb3a1402ab12 req-7bce91b2-70f1-4640-a46f-fb3a1402ab12 ] Request (ListImageFiltersTestJSON:tearDownClass): 201 POST http://10.180.1.21/identity/v3/auth/tokens 0.056s
2025-11-20 09:15:55.786 60268 INFO tempest.lib.common.rest_client [req-de826ea5-cb6a-4556-a7cd-3988adf3382b req-de826ea5-cb6a-4556-a7cd-3988adf3382b ] Request (DeleteServersAdminTestJSON:test_admin_delete_servers_of_others): 200 GET http://10.180.1.21/compute/v2.1/servers/7a4778b7-5ffc-4641-b968-d0304fd67ee0 1.475s
2025-11-20 09:15:55.874 60288 INFO tempest.lib.common.rest_client [req-d5e3a98f-d29d-4432-afe5-03d80ab23340 req-d5e3a98f-d29d-4432-afe5-03d80ab23340 ] Request (AttachVolumeShelveTestJSON:test_detach_volume_shelved_or_offload_server): 204 DELETE http://10.180.1.21/compute/v2.1/servers/0a342770-1daf-41d6-9796-a927458ee8ca 1.405s
2025-11-20 09:15:56.001 60280 INFO tempest.lib.common.rest_client [req-1b8beb94-af33-4f78-9235-98fa3021a99c req-1b8beb94-af33-4f78-9235-98fa3021a99c ] Request (QuotaClassesAdmin257Test:tearDownClass): 200 GET http://10.180.1.21:9696/networking/v2.0/security-groups?tenant_id=ee0e20ab5a1a43c88c01b7514d261e92&name=default 0.385s
2025-11-20 09:15:56.069 60286 INFO tempest.lib.common.rest_client [req-7e38d0dd-af73-4262-b017-8282febddcf0 req-7e38d0dd-af73-4262-b017-8282febddcf0 ] Request (ListImageFiltersTestJSON:tearDownClass): 200 GET http://10.180.1.21:9696/networking/v2.0/security-groups?tenant_id=a0078e234cec4192b9a8d7f726917da9&name=default 0.372s
2025-11-20 09:15:56.217 60266 INFO tempest.lib.common.rest_client [req-c95d9e40-f9ee-4645-bd70-fc958fa08857 req-c95d9e40-f9ee-4645-bd70-fc958fa08857 ] Request (ServerExternalEventsTest:test_create_server_external_events): 200 GET http://10.180.1.21/compute/v2.1/servers/363f5261-d589-4f99-b7dd-ab8f16cefee3 1.671s
2025-11-20 09:15:56.232 60270 INFO tempest.lib.common.rest_client [req-15fd1a68-d5f4-4613-8245-97341e15a2c1 req-15fd1a68-d5f4-4613-8245-97341e15a2c1 ] Request (SecurityGroupsTestJSON:test_list_security_groups_by_server): 204 DELETE http://10.180.1.21/compute/v2.1/servers/f5ab17f1-ce4d-4437-b2bb-8860db593937 1.657s
2025-11-20 09:15:56.464 60304 INFO tempest.lib.common.rest_client [req-fa36bc47-785c-4ddf-9d00-52304ba88d45 req-fa36bc47-785c-4ddf-9d00-52304ba88d45 ] Request (ImagesTestJSON:test_create_image_from_stopped_server): 200 GET http://10.180.1.21/compute/v2.1/servers/8a0d9829-6759-4593-9230-459a546a5908 1.631s
2025-11-20 09:15:56.491 60280 INFO tempest.lib.common.rest_client [req-9ae766f6-2e0f-4401-91be-563af88c18c9 req-9ae766f6-2e0f-4401-91be-563af88c18c9 ] Request (QuotaClassesAdmin257Test:tearDownClass): 204 DELETE http://10.180.1.21:9696/networking/v2.0/security-groups/7482bcfc-c108-46df-8944-b5bd156ab48f 0.489s
2025-11-20 09:15:56.553 60280 INFO tempest.lib.common.rest_client [req-bfc81227-a7a0-4ef7-b950-d01cf8ed45c8 req-bfc81227-a7a0-4ef7-b950-d01cf8ed45c8 ] Request (QuotaClassesAdmin257Test:tearDownClass): 204 DELETE http://10.180.1.21/identity/v3/projects/ee0e20ab5a1a43c88c01b7514d261e92 0.062s
2025-11-20 09:15:56.554 60280 INFO tempest.lib.common.dynamic_creds [-] Deleting project and security group for project: 20cc186373c444c094620a8fcdfe6623
2025-11-20 09:15:56.564 60286 INFO tempest.lib.common.rest_client [req-8aeaa0da-e0f1-48e6-8cde-346e8794518d req-8aeaa0da-e0f1-48e6-8cde-346e8794518d ] Request (ListImageFiltersTestJSON:tearDownClass): 204 DELETE http://10.180.1.21:9696/networking/v2.0/security-groups/f07b83ab-7f73-4547-aa80-c2344e79b4f3 0.494s
2025-11-20 09:15:56.587 60290 INFO tempest.lib.common.rest_client [req-1609c1b7-5fb4-4b35-8d9c-40c563a6222f req-1609c1b7-5fb4-4b35-8d9c-40c563a6222f ] Request (SecurityGroupRulesNegativeTestJSON:tearDownClass): 202 DELETE http://10.180.1.21/compute/v2.1/os-security-groups/b3594ac4-e57d-4a06-8e04-06b31c1af5ab 1.730s
2025-11-20 09:15:56.641 60300 INFO tempest.lib.common.rest_client [req-6003cb63-4636-42a4-9b2f-85b4b6753b2e req-6003cb63-4636-42a4-9b2f-85b4b6753b2e ] Request (FlavorsAccessNegativeTestJSON:_run_cleanups): 200 POST http://10.180.1.21/compute/v2.1/flavors/1118507109/action 1.632s
2025-11-20 09:15:56.660 60286 INFO tempest.lib.common.rest_client [req-d2c6b047-2565-4b7c-a1fc-91a081aa2eca req-d2c6b047-2565-4b7c-a1fc-91a081aa2eca ] Request (ListImageFiltersTestJSON:tearDownClass): 204 DELETE http://10.180.1.21/identity/v3/projects/a0078e234cec4192b9a8d7f726917da9 0.095s
2025-11-20 09:15:56.740 60286 INFO tempest.lib.common.rest_client [req-e9bb3c90-2d29-4c22-9eca-7a4f6bf8e19b req-e9bb3c90-2d29-4c22-9eca-7a4f6bf8e19b ] Request (VolumesGetTestJSON:setUpClass): 201 POST http://10.180.1.21/identity/v3/auth/tokens 0.073s
2025-11-20 09:15:56.772 60286 INFO tempest.lib.common.rest_client [req-61641bf1-7bb6-453e-8cb8-b1be9caf96dc req-61641bf1-7bb6-453e-8cb8-b1be9caf96dc ] Request (VolumesGetTestJSON:setUpClass): 201 POST http://10.180.1.21/identity/v3/auth/tokens 0.029s
2025-11-20 09:15:56.796 60286 INFO tempest.lib.common.rest_client [req-76899e51-6d16-4b8c-af48-ddf7aca5db96 req-76899e51-6d16-4b8c-af48-ddf7aca5db96 ] Request (VolumesGetTestJSON:setUpClass): 200 GET http://10.180.1.21/identity/v3/domains?name=Default 0.023s
2025-11-20 09:15:56.842 60250 INFO tempest.lib.common.rest_client [req-adcecd40-bea3-42b0-9f37-179913c9a7e8 req-adcecd40-bea3-42b0-9f37-179913c9a7e8 ] Request (ServerDiagnosticsNegativeTest:test_get_server_diagnostics_by_non_admin): 200 GET http://10.180.1.21/compute/v2.1/servers/c4400e80-4457-4a8a-8588-f594e5993cde 1.756s
2025-11-20 09:15:56.848 60280 INFO tempest.lib.common.rest_client [req-a20779a9-b7f3-4393-92b3-de6f4fce5548 req-a20779a9-b7f3-4393-92b3-de6f4fce5548 ] Request (QuotaClassesAdmin257Test:tearDownClass): 200 GET http://10.180.1.21:9696/networking/v2.0/security-groups?tenant_id=20cc186373c444c094620a8fcdfe6623&name=default 0.294s
2025-11-20 09:15:56.854 60286 INFO tempest.lib.common.rest_client [req-9455e805-0412-4115-b17e-a38b54e8fef0 req-9455e805-0412-4115-b17e-a38b54e8fef0 ] Request (VolumesGetTestJSON:setUpClass): 201 POST http://10.180.1.21/identity/v3/projects 0.057s
2025-11-20 09:15:56.907 60258 INFO tempest.lib.common.rest_client [req-e00d7800-6760-4134-8c9b-4f512de81163 req-e00d7800-6760-4134-8c9b-4f512de81163 ] Request (VolumesAdminNegativeTest:test_update_attached_volume_with_nonexistent_volume_in_uri): 204 DELETE http://10.180.1.21/compute/v2.1/servers/e51c23a2-cba1-4847-bb60-4adae4d3a8d9 1.815s
2025-11-20 09:15:56.927 60274 INFO tempest.lib.common.rest_client [req-f7e9f8c0-417b-495c-8e9d-92a94ed6a736 req-f7e9f8c0-417b-495c-8e9d-92a94ed6a736 ] Request (KeyPairsV2TestJSON:test_keypairs_create_list_delete): 200 GET http://10.180.1.21/compute/v2.1/os-keypairs 1.723s
2025-11-20 09:15:56.937 60286 INFO tempest.lib.common.rest_client [req-84cc91ff-c405-467f-9c93-ca889b2e019d req-84cc91ff-c405-467f-9c93-ca889b2e019d ] Request (VolumesGetTestJSON:setUpClass): 201 POST http://10.180.1.21/identity/v3/users 0.083s
2025-11-20 09:15:56.950 60264 INFO tempest.lib.common.rest_client [req-8fa73e37-d7b3-4a16-ad3a-a338f6394302 req-8fa73e37-d7b3-4a16-ad3a-a338f6394302 ] Request (FlavorsAdminTestJSON:test_create_flavor_with_uuid_id): 200 POST http://10.180.1.21/compute/v2.1/flavors 1.725s
2025-11-20 09:15:56.964 60286 INFO tempest.lib.common.rest_client [req-c99914df-041f-4347-854e-f5206f9d146c req-c99914df-041f-4347-854e-f5206f9d146c ] Request (VolumesGetTestJSON:setUpClass): 200 GET http://10.180.1.21/identity/v3/roles 0.027s
2025-11-20 09:15:57.001 60286 INFO tempest.lib.common.rest_client [req-64d7e1ce-736a-4fa5-809f-a3d6b44d4582 req-64d7e1ce-736a-4fa5-809f-a3d6b44d4582 ] Request (VolumesGetTestJSON:setUpClass): 204 PUT http://10.180.1.21/identity/v3/projects/c7f83dc082464c8292f73d28ad1c0ad2/users/5acfbe69f2b74b45ac817392ba929101/roles/301d7010caf14a2cb8a2948050a3c63e 0.036s
2025-11-20 09:15:57.001 60286 INFO tempest.lib.common.dynamic_creds [-] Dynamic test user 5acfbe69f2b74b45ac817392ba929101 is created with scope project and roles: ['member']
2025-11-20 09:15:57.002 60286 INFO tempest.lib.common.dynamic_creds [-] Acquired dynamic creds: credentials: Credentials: {'domain_id': 'default', 'domain_name': 'Default', 'username': 'tempest-VolumesGetTestJSON-910677907-project-member', 'project_domain_id': 'default', 'project_domain_name': 'Default', 'project_id': 'c7f83dc082464c8292f73d28ad1c0ad2', 'project_name': 'tempest-VolumesGetTestJSON-910677907', 'tenant_id': 'c7f83dc082464c8292f73d28ad1c0ad2', 'tenant_name': 'tempest-VolumesGetTestJSON-910677907', 'user_domain_id': 'default', 'user_domain_name': 'Default', 'user_id': '5acfbe69f2b74b45ac817392ba929101', 'system': None}, Network: None, Subnet: None, Router: None
2025-11-20 09:15:57.002 60286 INFO tempest.lib.common.dynamic_creds [-] Created isolated network resources for: credentials: Credentials: {'domain_id': 'default', 'domain_name': 'Default', 'username': 'tempest-VolumesGetTestJSON-910677907-project-member', 'project_domain_id': 'default', 'project_domain_name': 'Default', 'project_id': 'c7f83dc082464c8292f73d28ad1c0ad2', 'project_name': 'tempest-VolumesGetTestJSON-910677907', 'tenant_id': 'c7f83dc082464c8292f73d28ad1c0ad2', 'tenant_name': 'tempest-VolumesGetTestJSON-910677907', 'user_domain_id': 'default', 'user_domain_name': 'Default', 'user_id': '5acfbe69f2b74b45ac817392ba929101', 'system': None}, Network: None, Subnet: None, Router: None
2025-11-20 09:15:57.061 60272 INFO tempest.lib.common.rest_client [req-6f195b1c-cd03-4169-a782-be399b27a245 req-6f195b1c-cd03-4169-a782-be399b27a245 ] Request (TenantUsagesTestJSON:setUpClass): 200 GET http://10.180.1.21/compute/v2.1/servers/5888cc9f-7341-4f9c-a93c-dd5ec95f7369 1.600s
2025-11-20 09:15:57.062 60302 INFO tempest.lib.common.rest_client [req-e4c47a25-bd2f-4e80-afba-6d3fdc4d72df req-e4c47a25-bd2f-4e80-afba-6d3fdc4d72df ] Request (ServerAddressesTestJSON:setUpClass): 200 PUT http://10.180.1.21:9696/networking/v2.0/routers/fdec35e4-b2c0-4fed-99b6-e27bd3522214/add_router_interface 2.941s
