2025-11-20 09:14:40.146 60283 INFO tempest.lib.common.dynamic_creds [-] Created isolated network resources for: credentials: Credentials: {'domain_id': 'default', 'domain_name': 'Default', 'username': 'tempest-VolumesAssistedSnapshotsTest-1322985380-project', 'project_domain_id': 'default', 'project_domain_name': 'Default', 'project_id': 'a37c4ee05881495ab1d358a6c236c26f', 'project_name': 'tempest-VolumesAssistedSnapshotsTest-1322985380', 'tenant_id': 'a37c4ee05881495ab1d358a6c236c26f', 'tenant_name': 'tempest-VolumesAssistedSnapshotsTest-1322985380', 'user_domain_id': 'default', 'user_domain_name': 'Default', 'user_id': 'fcf8f09bcad34284aa8bdaf9c72a3254', 'system': None}, Network: {'id': 'dbd1ec20-745b-4260-bda5-8a0dc7586092', 'name': 'tempest-VolumesAssistedSnapshotsTest-1587143855-network', 'tenant_id': 'a37c4ee05881495ab1d358a6c236c26f', 'admin_state_up': True, 'mtu': 8950, 'status': 'ACTIVE', 'subnets': [], 'shared': False, 'project_id': 'a37c4ee05881495ab1d358a6c236c26f', 'port_security_enabled': True, 'router:external': False, 'provider:network_type': 'vlan', 'provider:physical_network': 'default', 'provider:segmentation_id': 798, 'is_default': False, 'availability_zone_hints': [], 'availability_zones': [], 'ipv4_address_scope': None, 'ipv6_address_scope': None, 'description': '', 'tags': [], 'created_at': '2025-11-20T09:14:36Z', 'updated_at': '2025-11-20T09:14:36Z', 'revision_number': 1}, Subnet: {'id': '221949fd-d5aa-4f16-9e46-76a88866def2', 'name': 'tempest-VolumesAssistedSnapshotsTest-1587143855-subnet', 'tenant_id': 'a37c4ee05881495ab1d358a6c236c26f', 'network_id': 'dbd1ec20-745b-4260-bda5-8a0dc7586092', 'ip_version': 4, 'subnetpool_id': None, 'enable_dhcp': True, 'ipv6_ra_mode': None, 'ipv6_address_mode': None, 'gateway_ip': '192.168.128.1', 'cidr': '192.168.128.0/28', 'allocation_pools': [{'start': '192.168.128.2', 'end': '192.168.128.14'}], 'host_routes': [], 'dns_nameservers': [], 'description': '', 'service_types': [], 'tags': [], 'created_at': '2025-11-20T09:14:36Z', 'updated_at': '2025-11-20T09:14:36Z', 'revision_number': 0, 'project_id': 'a37c4ee05881495ab1d358a6c236c26f'}, Router: {'id': 'd6fbbe0a-e266-4e31-9e4b-685963a88200', 'name': 'tempest-VolumesAssistedSnapshotsTest-1587143855-router', 'tenant_id': 'a37c4ee05881495ab1d358a6c236c26f', 'admin_state_up': True, 'status': 'ACTIVE', 'external_gateway_info': {'network_id': '0a9f7aca-07e6-4b09-b99a-0a3d7b346866', 'external_fixed_ips': [{'subnet_id': 'd205b769-da96-4ff0-9513-2e1f89332075', 'ip_address': '10.180.180.222'}], 'enable_snat': True}, 'description': '', 'availability_zones': [], 'distributed': False, 'ha': False, 'availability_zone_hints': [], 'routes': [], 'flavor_id': None, 'tags': [], 'created_at': '2025-11-20T09:14:37Z', 'updated_at': '2025-11-20T09:14:37Z', 'revision_number': 2, 'project_id': 'a37c4ee05881495ab1d358a6c236c26f'}
2025-11-20 09:14:40.170 60270 INFO tempest.lib.common.rest_client [req-41056e1b-3839-4355-b8bf-18b71a73145f req-41056e1b-3839-4355-b8bf-18b71a73145f ] Request (QuotasAdminTestV236:setUpClass): 201 POST http://10.180.1.21/identity/v3/auth/tokens 0.027s
2025-11-20 09:14:40.177 60262 INFO tempest.lib.common.rest_client [req-69318451-e504-4fcb-acfd-21a3dfe50d0f req-69318451-e504-4fcb-acfd-21a3dfe50d0f ] Request (FloatingIPsAssociationNegativeTestJSON:setUpClass): 201 POST http://10.180.1.21/identity/v3/projects 0.034s
2025-11-20 09:14:40.200 60272 INFO tempest.lib.common.rest_client [req-c1f006e6-b3ff-440a-a282-069e6713242e req-c1f006e6-b3ff-440a-a282-069e6713242e ] Request (FlavorMetadataValidation:test_flavor_update_with_custom_namespace): 200 POST http://10.180.1.21/compute/v2.1/flavors/198534376/os-extra_specs 3.267s
2025-11-20 09:14:40.241 60270 INFO tempest.lib.common.rest_client [req-3ad184ae-58ff-4216-9d16-997487df1a6b req-3ad184ae-58ff-4216-9d16-997487df1a6b ] Request (QuotasAdminTestV236:setUpClass): 200 GET http://10.180.1.21/identity/v3/domains?name=Default 0.069s
2025-11-20 09:14:40.257 60283 INFO tempest.lib.common.rest_client [req-2aa6feea-7c1f-4459-a3d5-e84ac44ff7ef req-2aa6feea-7c1f-4459-a3d5-e84ac44ff7ef ] Request (VolumesAssistedSnapshotsTest:setUpClass): 201 POST http://10.180.1.21/identity/v3/auth/tokens 0.109s
2025-11-20 09:14:40.272 60262 INFO tempest.lib.common.rest_client [req-847756c5-aee9-439c-9c38-466bc04c41da req-847756c5-aee9-439c-9c38-466bc04c41da ] Request (FloatingIPsAssociationNegativeTestJSON:setUpClass): 201 POST http://10.180.1.21/identity/v3/users 0.095s
2025-11-20 09:14:40.283 60270 INFO tempest.lib.common.rest_client [req-eeb000bd-67be-4c20-aee7-0055ec363213 req-eeb000bd-67be-4c20-aee7-0055ec363213 ] Request (QuotasAdminTestV236:setUpClass): 201 POST http://10.180.1.21/identity/v3/projects 0.040s
2025-11-20 09:14:40.338 60262 INFO tempest.lib.common.rest_client [req-6f7fc7c8-90ca-462b-bcce-56265f38125b req-6f7fc7c8-90ca-462b-bcce-56265f38125b ] Request (FloatingIPsAssociationNegativeTestJSON:setUpClass): 200 GET http://10.180.1.21/identity/v3/roles 0.066s
2025-11-20 09:14:40.361 60270 INFO tempest.lib.common.rest_client [req-ffa54992-a271-429d-abf8-ad02a3de7cab req-ffa54992-a271-429d-abf8-ad02a3de7cab ] Request (QuotasAdminTestV236:setUpClass): 201 POST http://10.180.1.21/identity/v3/users 0.077s
2025-11-20 09:14:40.387 60262 INFO tempest.lib.common.rest_client [req-fe82670c-0a5a-49ce-b890-c30b57265975 req-fe82670c-0a5a-49ce-b890-c30b57265975 ] Request (FloatingIPsAssociationNegativeTestJSON:setUpClass): 204 PUT http://10.180.1.21/identity/v3/projects/dc17a2829e0b4b7298ae746628595053/users/f525273b7a5e4b9d836ee998eefc8ee2/roles/301d7010caf14a2cb8a2948050a3c63e 0.048s
2025-11-20 09:14:40.387 60262 INFO tempest.lib.common.dynamic_creds [-] Dynamic test user f525273b7a5e4b9d836ee998eefc8ee2 is created with scope project and roles: ['member']
2025-11-20 09:14:40.387 60262 INFO tempest.lib.common.dynamic_creds [-] Acquired dynamic creds: credentials: Credentials: {'domain_id': 'default', 'domain_name': 'Default', 'username': 'tempest-FloatingIPsAssociationNegativeTestJSON-1831931658-project-member', 'project_domain_id': 'default', 'project_domain_name': 'Default', 'project_id': 'dc17a2829e0b4b7298ae746628595053', 'project_name': 'tempest-FloatingIPsAssociationNegativeTestJSON-1831931658', 'tenant_id': 'dc17a2829e0b4b7298ae746628595053', 'tenant_name': 'tempest-FloatingIPsAssociationNegativeTestJSON-1831931658', 'user_domain_id': 'default', 'user_domain_name': 'Default', 'user_id': 'f525273b7a5e4b9d836ee998eefc8ee2', 'system': None}, Network: None, Subnet: None, Router: None
2025-11-20 09:14:40.438 60270 INFO tempest.lib.common.rest_client [req-185182d7-2ead-49bc-b11c-ae03578556dc req-185182d7-2ead-49bc-b11c-ae03578556dc ] Request (QuotasAdminTestV236:setUpClass): 200 GET http://10.180.1.21/identity/v3/roles 0.076s
2025-11-20 09:14:40.463 60262 INFO tempest.lib.common.rest_client [req-36d4a8f5-1328-47cd-a33d-79bf7ad7825b req-36d4a8f5-1328-47cd-a33d-79bf7ad7825b ] Request (FloatingIPsAssociationNegativeTestJSON:setUpClass): 201 POST http://10.180.1.21/identity/v3/auth/tokens 0.075s
2025-11-20 09:14:40.482 60270 INFO tempest.lib.common.rest_client [req-de3960d7-dda4-42b7-b399-459299585430 req-de3960d7-dda4-42b7-b399-459299585430 ] Request (QuotasAdminTestV236:setUpClass): 204 PUT http://10.180.1.21/identity/v3/projects/e39b394b92634b4ba1ea499d8ded792b/users/879e027d0d7247f4a851c38f16c0236b/roles/301d7010caf14a2cb8a2948050a3c63e 0.044s
2025-11-20 09:14:40.483 60270 INFO tempest.lib.common.dynamic_creds [-] Dynamic test user 879e027d0d7247f4a851c38f16c0236b is created with scope project and roles: ['member']
2025-11-20 09:14:40.483 60270 INFO tempest.lib.common.dynamic_creds [-] Acquired dynamic creds: credentials: Credentials: {'domain_id': 'default', 'domain_name': 'Default', 'username': 'tempest-QuotasAdminTestV236-1815556231-project-member', 'project_domain_id': 'default', 'project_domain_name': 'Default', 'project_id': 'e39b394b92634b4ba1ea499d8ded792b', 'project_name': 'tempest-QuotasAdminTestV236-1815556231', 'tenant_id': 'e39b394b92634b4ba1ea499d8ded792b', 'tenant_name': 'tempest-QuotasAdminTestV236-1815556231', 'user_domain_id': 'default', 'user_domain_name': 'Default', 'user_id': '879e027d0d7247f4a851c38f16c0236b', 'system': None}, Network: None, Subnet: None, Router: None
2025-11-20 09:14:40.483 60270 INFO tempest.lib.common.dynamic_creds [-] Created isolated network resources for: credentials: Credentials: {'domain_id': 'default', 'domain_name': 'Default', 'username': 'tempest-QuotasAdminTestV236-1815556231-project-member', 'project_domain_id': 'default', 'project_domain_name': 'Default', 'project_id': 'e39b394b92634b4ba1ea499d8ded792b', 'project_name': 'tempest-QuotasAdminTestV236-1815556231', 'tenant_id': 'e39b394b92634b4ba1ea499d8ded792b', 'tenant_name': 'tempest-QuotasAdminTestV236-1815556231', 'user_domain_id': 'default', 'user_domain_name': 'Default', 'user_id': '879e027d0d7247f4a851c38f16c0236b', 'system': None}, Network: None, Subnet: None, Router: None
2025-11-20 09:14:40.612 60270 INFO tempest.lib.common.rest_client [req-43f6985c-3e08-4291-964c-b782ca7ff573 req-43f6985c-3e08-4291-964c-b782ca7ff573 ] Request (QuotasAdminTestV236:setUpClass): 201 POST http://10.180.1.21/identity/v3/auth/tokens 0.124s
2025-11-20 09:14:40.663 60270 INFO tempest.lib.common.rest_client [req-9a816ce0-6891-4814-af46-928c692af729 req-9a816ce0-6891-4814-af46-928c692af729 ] Request (QuotasAdminTestV236:setUpClass): 201 POST http://10.180.1.21/identity/v3/projects 0.050s
2025-11-20 09:14:40.712 60283 INFO tempest.lib.common.rest_client [req-db09e919-735e-456b-b742-69524828223a req-db09e919-735e-456b-b742-69524828223a ] Request (VolumesAssistedSnapshotsTest:test_volume_assisted_snapshot_create_delete): 202 POST http://10.180.1.21/volume/v3/3d06a7e7230f4303b945cc4098a7d054/volumes 0.453s
2025-11-20 09:14:40.745 60270 INFO tempest.lib.common.rest_client [req-be5e7b6f-0fbc-4a6b-b773-a2c58cad0efd req-be5e7b6f-0fbc-4a6b-b773-a2c58cad0efd ] Request (QuotasAdminTestV236:setUpClass): 201 POST http://10.180.1.21/identity/v3/users 0.082s
2025-11-20 09:14:40.771 60270 INFO tempest.lib.common.rest_client [req-5209929f-37a9-4090-8ab8-a279e1980e10 req-5209929f-37a9-4090-8ab8-a279e1980e10 ] Request (QuotasAdminTestV236:setUpClass): 200 GET http://10.180.1.21/identity/v3/roles 0.026s
2025-11-20 09:14:40.787 60283 INFO tempest.lib.common.rest_client [req-a9aae633-2948-4f2a-8ef9-f106f808c1e1 req-a9aae633-2948-4f2a-8ef9-f106f808c1e1 ] Request (VolumesAssistedSnapshotsTest:test_volume_assisted_snapshot_create_delete): 200 GET http://10.180.1.21/volume/v3/3d06a7e7230f4303b945cc4098a7d054/volumes/7447352d-7673-4305-8282-9e454adc9f3e 0.067s
2025-11-20 09:14:40.818 60300 INFO tempest.lib.common.rest_client [req-1074a73e-ae96-4baf-aa30-0e7bb12241ec req-1074a73e-ae96-4baf-aa30-0e7bb12241ec ] Request (AggregatesAdminNegativeTestJSON:test_aggregate_add_existent_host): 200 POST http://10.180.1.21/compute/v2.1/os-aggregates/1/action 3.838s
2025-11-20 09:14:40.842 60270 INFO tempest.lib.common.rest_client [req-b67da29c-fbe6-4820-b16b-b8339fdec0b8 req-b67da29c-fbe6-4820-b16b-b8339fdec0b8 ] Request (QuotasAdminTestV236:setUpClass): 204 PUT http://10.180.1.21/identity/v3/projects/44e64958346a43759c2a4981a5f5cc7c/users/15ccd03e5a61405ba59a3bd57d766d4b/roles/be09f7a63d1f4a699baba7842f1f1f2d 0.070s
2025-11-20 09:14:40.848 60278 INFO tempest.lib.common.rest_client [req-f35b3033-ee7a-4dc2-8022-0e42848c6042 req-f35b3033-ee7a-4dc2-8022-0e42848c6042 ] Request (HypervisorAdminTestJSON:test_get_hypervisor_show_details): 200 GET http://10.180.1.21/compute/v2.1/os-hypervisors 3.744s
2025-11-20 09:14:40.853 60262 INFO tempest.lib.common.rest_client [req-2173e0b4-bd0d-4cd1-9627-ad10e7393d54 req-2173e0b4-bd0d-4cd1-9627-ad10e7393d54 ] Request (FloatingIPsAssociationNegativeTestJSON:setUpClass): 201 POST http://10.180.1.21:9696/networking/v2.0/networks 0.390s
2025-11-20 09:14:40.903 60270 INFO tempest.lib.common.rest_client [req-c45db3ff-28ff-4cb5-b6e8-3922115c8c92 req-c45db3ff-28ff-4cb5-b6e8-3922115c8c92 ] Request (QuotasAdminTestV236:setUpClass): 200 GET http://10.180.1.21/identity/v3/roles 0.061s
2025-11-20 09:14:40.949 60270 INFO tempest.lib.common.rest_client [req-1b9a2143-2aca-463e-9358-6e21928072e5 req-1b9a2143-2aca-463e-9358-6e21928072e5 ] Request (QuotasAdminTestV236:setUpClass): 204 PUT http://10.180.1.21/identity/v3/projects/44e64958346a43759c2a4981a5f5cc7c/users/15ccd03e5a61405ba59a3bd57d766d4b/roles/be09f7a63d1f4a699baba7842f1f1f2d 0.045s
2025-11-20 09:14:40.949 60270 INFO tempest.lib.common.dynamic_creds [-] Dynamic test user 15ccd03e5a61405ba59a3bd57d766d4b is created with scope project and roles: ['admin']
2025-11-20 09:14:40.949 60270 INFO tempest.lib.common.dynamic_creds [-] Acquired dynamic creds: credentials: Credentials: {'domain_id': 'default', 'domain_name': 'Default', 'username': 'tempest-QuotasAdminTestV236-1824468403-project-admin', 'project_domain_id': 'default', 'project_domain_name': 'Default', 'project_id': '44e64958346a43759c2a4981a5f5cc7c', 'project_name': 'tempest-QuotasAdminTestV236-1824468403', 'tenant_id': '44e64958346a43759c2a4981a5f5cc7c', 'tenant_name': 'tempest-QuotasAdminTestV236-1824468403', 'user_domain_id': 'default', 'user_domain_name': 'Default', 'user_id': '15ccd03e5a61405ba59a3bd57d766d4b', 'system': None}, Network: None, Subnet: None, Router: None
2025-11-20 09:14:40.949 60270 INFO tempest.lib.common.dynamic_creds [-] Created isolated network resources for: credentials: Credentials: {'domain_id': 'default', 'domain_name': 'Default', 'username': 'tempest-QuotasAdminTestV236-1824468403-project-admin', 'project_domain_id': 'default', 'project_domain_name': 'Default', 'project_id': '44e64958346a43759c2a4981a5f5cc7c', 'project_name': 'tempest-QuotasAdminTestV236-1824468403', 'tenant_id': '44e64958346a43759c2a4981a5f5cc7c', 'tenant_name': 'tempest-QuotasAdminTestV236-1824468403', 'user_domain_id': 'default', 'user_domain_name': 'Default', 'user_id': '15ccd03e5a61405ba59a3bd57d766d4b', 'system': None}, Network: None, Subnet: None, Router: None
2025-11-20 09:14:41.057 60270 INFO tempest.lib.common.rest_client [req-8a358457-17ad-4fc3-a08e-0ffbba8671be req-8a358457-17ad-4fc3-a08e-0ffbba8671be ] Request (QuotasAdminTestV236:setUpClass): 201 POST http://10.180.1.21/identity/v3/auth/tokens 0.104s
2025-11-20 09:14:41.058 60270 WARNING tempest.lib.common.rest_client [-] Deprecated: "tenant_id" property is deprecated for removal, use "project_id" instead
2025-11-20 09:14:41.071 60306 INFO tempest.lib.common.rest_client [req-e59749df-cdb7-431a-98b4-6be65789904d req-e59749df-cdb7-431a-98b4-6be65789904d ] Request (ServersTestMultiNic:test_verify_duplicate_network_nics): 202 POST http://10.180.1.21/compute/v2.1/servers 5.092s
2025-11-20 09:14:41.094 60310 INFO tempest.lib.common.rest_client [req-f4f01e51-f3d7-469a-bdaf-1dff2d5dd5bc req-f4f01e51-f3d7-469a-bdaf-1dff2d5dd5bc ] Request (QuotaClassesAdminTestJSON:test_update_default_quotas): 200 PUT http://10.180.1.21/compute/v2.1/os-quota-class-sets/default 3.982s
2025-11-20 09:14:41.111 60308 INFO tempest.lib.common.rest_client [req-7c630aea-e2a2-4978-a5ef-48c64296a109 req-7c630aea-e2a2-4978-a5ef-48c64296a109 ] Request (KeyPairsV210TestJSON:test_admin_manage_keypairs_for_other_users): 201 POST http://10.180.1.21/compute/v2.1/os-keypairs 3.988s
2025-11-20 09:14:41.154 60262 INFO tempest.lib.common.rest_client [req-39364241-3758-477e-95a5-87bd8f5dbe81 req-39364241-3758-477e-95a5-87bd8f5dbe81 ] Request (FloatingIPsAssociationNegativeTestJSON:setUpClass): 201 POST http://10.180.1.21:9696/networking/v2.0/subnets 0.301s
2025-11-20 09:14:41.217 60294 INFO tempest.lib.common.rest_client [req-eceb5f1b-68a2-4bc6-aaab-94c66485a792 req-eceb5f1b-68a2-4bc6-aaab-94c66485a792 ] Request (ServersAdmin275Test:test_rebuild_update_server_275): 200 PUT http://10.180.1.21/compute/v2.1/servers/68c87b51-b90a-47cc-bec1-05f7c389fc14 3.808s
2025-11-20 09:14:41.327 60268 INFO tempest.lib.common.rest_client [req-cbc1969a-bd44-40dc-a3cf-dea6718e1592 req-cbc1969a-bd44-40dc-a3cf-dea6718e1592 ] Request (DeleteServersAdminTestJSON:test_admin_delete_servers_of_others): 200 GET http://10.180.1.21/compute/v2.1/servers/7a4778b7-5ffc-4641-b968-d0304fd67ee0 3.736s
2025-11-20 09:14:41.362 60260 INFO tempest.lib.common.rest_client [req-be645530-048c-47a2-a3f6-a13e2cd7efa6 req-be645530-048c-47a2-a3f6-a13e2cd7efa6 ] Request (HypervisorAdminV253TestBase:test_list_show_detail_hypervisors): 200 GET http://10.180.1.21/compute/v2.1/os-hypervisors/detail?with_servers=True 3.541s
2025-11-20 09:14:41.382 60284 INFO tempest.lib.common.rest_client [req-bd7febda-a08e-4e0c-a12a-503c168786e9 req-bd7febda-a08e-4e0c-a12a-503c168786e9 ] Request (ServicesAdminTestJSON:test_get_service_by_service_binary_name): 200 GET http://10.180.1.21/compute/v2.1/os-services?binary=nova-compute 3.413s
2025-11-20 09:14:41.388 60297 INFO tempest.lib.common.rest_client [req-315c1740-ce1e-48e2-afd2-6e19f499e33b req-315c1740-ce1e-48e2-afd2-6e19f499e33b ] Request (FlavorsExtraSpecsNegativeTestJSON:test_flavor_non_admin_set_keys): 403 POST http://10.180.1.21/compute/v2.1/flavors/1947052371/os-extra_specs 3.327s
2025-11-20 09:14:41.425 60254 INFO tempest.lib.common.rest_client [req-b091916b-183a-4f15-8e9b-3f1ea589afb1 req-b091916b-183a-4f15-8e9b-3f1ea589afb1 ] Request (QuotasAdminNegativeTest:test_create_server_when_instances_quota_is_full): 200 GET http://10.180.1.21/compute/v2.1/os-quota-sets/629d77efbf5f424285943f344d1ecbdd 3.496s
2025-11-20 09:14:41.443 60302 INFO tempest.lib.common.rest_client [req-7cb0bf14-e1d5-43f0-95b1-1b54ddaf4c47 req-7cb0bf14-e1d5-43f0-95b1-1b54ddaf4c47 ] Request (HypervisorAdminNegativeUnderV252Test:test_search_nonexistent_hypervisor): 404 GET http://10.180.1.21/compute/v2.1/os-hypervisors/nonexistent_hypervisor_name/search 3.289s
2025-11-20 09:14:41.472 60292 INFO tempest.lib.common.rest_client [req-c27e2f60-c080-44a5-9a27-767dae897b09 req-c27e2f60-c080-44a5-9a27-767dae897b09 ] Request (ServersAdminTestJSON:setUpClass): 200 PUT http://10.180.1.21:9696/networking/v2.0/routers/05e2203f-ebf6-4ce0-ab5b-f99104cc1b3b/add_router_interface 3.074s
2025-11-20 09:14:41.472 60292 INFO tempest.lib.common.dynamic_creds [-] Created isolated network resources for: credentials: Credentials: {'domain_id': 'default', 'domain_name': 'Default', 'username': 'tempest-ServersAdminTestJSON-33511091-project-admin', 'project_domain_id': 'default', 'project_domain_name': 'Default', 'project_id': 'f81e6206afc6489bb2ecfedd0d935e4d', 'project_name': 'tempest-ServersAdminTestJSON-33511091', 'tenant_id': 'f81e6206afc6489bb2ecfedd0d935e4d', 'tenant_name': 'tempest-ServersAdminTestJSON-33511091', 'user_domain_id': 'default', 'user_domain_name': 'Default', 'user_id': '090d3bcec6874199ad496919cd1816f9', 'system': None}, Network: {'id': '7e1db809-a0c7-4eff-a2be-12ae4ac90945', 'name': 'tempest-ServersAdminTestJSON-962520548-network', 'tenant_id': 'f81e6206afc6489bb2ecfedd0d935e4d', 'admin_state_up': True, 'mtu': 8950, 'status': 'ACTIVE', 'subnets': [], 'shared': False, 'project_id': 'f81e6206afc6489bb2ecfedd0d935e4d', 'port_security_enabled': True, 'router:external': False, 'provider:network_type': 'vlan', 'provider:physical_network': 'default', 'provider:segmentation_id': 195, 'is_default': False, 'availability_zone_hints': [], 'availability_zones': [], 'ipv4_address_scope': None, 'ipv6_address_scope': None, 'description': '', 'tags': [], 'created_at': '2025-11-20T09:14:36Z', 'updated_at': '2025-11-20T09:14:36Z', 'revision_number': 1}, Subnet: {'id': '39c6fab3-cd60-4c87-a680-a6733431a3e8', 'name': 'tempest-ServersAdminTestJSON-962520548-subnet', 'tenant_id': 'f81e6206afc6489bb2ecfedd0d935e4d', 'network_id': '7e1db809-a0c7-4eff-a2be-12ae4ac90945', 'ip_version': 4, 'subnetpool_id': None, 'enable_dhcp': True, 'ipv6_ra_mode': None, 'ipv6_address_mode': None, 'gateway_ip': '192.168.128.1', 'cidr': '192.168.128.0/28', 'allocation_pools': [{'start': '192.168.128.2', 'end': '192.168.128.14'}], 'host_routes': [], 'dns_nameservers': [], 'description': '', 'service_types': [], 'tags': [], 'created_at': '2025-11-20T09:14:36Z', 'updated_at': '2025-11-20T09:14:36Z', 'revision_number': 0, 'project_id': 'f81e6206afc6489bb2ecfedd0d935e4d'}, Router: {'id': '05e2203f-ebf6-4ce0-ab5b-f99104cc1b3b', 'name': 'tempest-ServersAdminTestJSON-962520548-router', 'tenant_id': 'f81e6206afc6489bb2ecfedd0d935e4d', 'admin_state_up': True, 'status': 'ACTIVE', 'external_gateway_info': {'network_id': '0a9f7aca-07e6-4b09-b99a-0a3d7b346866', 'external_fixed_ips': [{'subnet_id': 'd205b769-da96-4ff0-9513-2e1f89332075', 'ip_address': '10.180.180.213'}], 'enable_snat': True}, 'description': '', 'availability_zones': [], 'distributed': False, 'ha': False, 'availability_zone_hints': [], 'routes': [], 'flavor_id': None, 'tags': [], 'created_at': '2025-11-20T09:14:36Z', 'updated_at': '2025-11-20T09:14:37Z', 'revision_number': 2, 'project_id': 'f81e6206afc6489bb2ecfedd0d935e4d'}
2025-11-20 09:14:41.475 60312 INFO tempest.lib.common.rest_client [req-6c7d6220-4d15-44a2-a086-b1ba5de69c81 req-6c7d6220-4d15-44a2-a086-b1ba5de69c81 ] Request (ServerDiagnosticsV248Test:test_get_server_diagnostics): 200 GET http://10.180.1.21/compute/v2.1/servers/15e44d1f-ae9b-4ff7-841c-90acc81cf38b 3.400s
2025-11-20 09:14:41.551 60292 INFO tempest.lib.common.rest_client [req-2a172c7b-b0c6-477b-8e3a-6c19c4f6f318 req-2a172c7b-b0c6-477b-8e3a-6c19c4f6f318 ] Request (ServersAdminTestJSON:setUpClass): 201 POST http://10.180.1.21/identity/v3/auth/tokens 0.072s
2025-11-20 09:14:41.579 60298 INFO tempest.lib.common.rest_client [req-a373d3e3-0b84-40bd-9727-12a9ee4f024c req-a373d3e3-0b84-40bd-9727-12a9ee4f024c ] Request (FlavorsExtraSpecsTestJSON:test_flavor_non_admin_get_all_keys): 200 GET http://10.180.1.21/compute/v2.1/flavors/2134551552/os-extra_specs 3.337s
2025-11-20 09:14:41.584 60288 INFO tempest.lib.common.rest_client [req-7cae778b-4343-4b19-b9cf-4e3b93649d53 req-7cae778b-4343-4b19-b9cf-4e3b93649d53 ] Request (HostsAdminNegativeTestJSON:test_reboot_host_with_non_admin_user): 403 GET http://10.180.1.21/compute/v2.1/os-hosts/devstack/reboot 3.158s
2025-11-20 09:14:41.619 60292 INFO tempest.lib.common.rest_client [req-3815da3d-9548-498b-b8c1-bedabba01c50 req-3815da3d-9548-498b-b8c1-bedabba01c50 ] Request (ServersAdminTestJSON:setUpClass): 201 POST http://10.180.1.21/identity/v3/auth/tokens 0.063s
2025-11-20 09:14:41.620 60292 INFO tempest.lib.common.fixed_network [-] (ServersAdminTestJSON:setUpClass) Found network {'id': '271e6595-cea8-4029-8fab-8f17d8eac2ed', 'name': 'tempest-ServersAdminTestJSON-118947530-network', 'tenant_id': '730d218125d1484687ab1b68a1e73d2e', 'admin_state_up': True, 'mtu': 8950, 'status': 'ACTIVE', 'subnets': [], 'shared': False, 'project_id': '730d218125d1484687ab1b68a1e73d2e', 'port_security_enabled': True, 'router:external': False, 'provider:network_type': 'vlan', 'provider:physical_network': 'default', 'provider:segmentation_id': 46, 'is_default': False, 'availability_zone_hints': [], 'availability_zones': [], 'ipv4_address_scope': None, 'ipv6_address_scope': None, 'description': '', 'tags': [], 'created_at': '2025-11-20T09:14:28Z', 'updated_at': '2025-11-20T09:14:28Z', 'revision_number': 1} available for tenant
2025-11-20 09:14:41.685 60252 INFO tempest.lib.common.rest_client [req-9fcdd875-0153-4c04-ab0c-f5b6e47cd1b3 req-9fcdd875-0153-4c04-ab0c-f5b6e47cd1b3 ] Request (ImagesMetadataTestJSON:setUp): 200 PUT http://10.180.1.21/compute/v2.1/images/37c0cb8b-4cdf-4843-bed6-fe0d77f2087a/metadata 3.442s
2025-11-20 09:14:41.839 60283 INFO tempest.lib.common.rest_client [req-ae2873f3-abfe-403c-81cc-4cc970696457 req-ae2873f3-abfe-403c-81cc-4cc970696457 ] Request (VolumesAssistedSnapshotsTest:test_volume_assisted_snapshot_create_delete): 200 GET http://10.180.1.21/volume/v3/3d06a7e7230f4303b945cc4098a7d054/volumes/7447352d-7673-4305-8282-9e454adc9f3e 0.043s
2025-11-20 09:14:41.846 60283 INFO tempest.common.waiters [-] volume 7447352d-7673-4305-8282-9e454adc9f3e reached available after waiting for 1.846803 seconds
2025-11-20 09:14:41.999 60262 INFO tempest.lib.common.rest_client [req-e473242e-791a-4b79-aabd-5a24badc79d7 req-e473242e-791a-4b79-aabd-5a24badc79d7 ] Request (FloatingIPsAssociationNegativeTestJSON:setUpClass): 201 POST http://10.180.1.21:9696/networking/v2.0/routers 0.844s
2025-11-20 09:14:42.125 60304 INFO tempest.lib.common.rest_client [req-664220f4-e0f9-4fb9-a671-4986a17f9d4f req-664220f4-e0f9-4fb9-a671-4986a17f9d4f ] Request (ImagesTestJSON:test_create_image_from_stopped_server): 200 GET http://10.180.1.21/compute/v2.1/servers/8a0d9829-6759-4593-9230-459a546a5908 3.520s
2025-11-20 09:14:42.373 60266 INFO tempest.lib.common.rest_client [req-fac122e9-f2b2-46f3-ac71-9190de3e53b3 req-fac122e9-f2b2-46f3-ac71-9190de3e53b3 ] Request (ServerExternalEventsTest:test_create_server_external_events): 202 POST http://10.180.1.21/compute/v2.1/servers 3.802s
2025-11-20 09:14:42.476 60250 INFO tempest.lib.common.rest_client [req-4b78dc60-96a4-4f8c-915b-529023d87cb2 req-4b78dc60-96a4-4f8c-915b-529023d87cb2 ] Request (ServerDiagnosticsNegativeTest:test_get_server_diagnostics_by_non_admin): 200 GET http://10.180.1.21/compute/v2.1/servers/c4400e80-4457-4a8a-8588-f594e5993cde 3.529s
2025-11-20 09:14:42.579 60258 INFO tempest.lib.common.rest_client [req-c4097800-86c6-4955-8fcb-ef41823df0c7 req-c4097800-86c6-4955-8fcb-ef41823df0c7 ] Request (SecurityGroupsTestAdminJSON:test_list_security_groups_list_all_tenants_filter): 200 POST http://10.180.1.21/compute/v2.1/os-security-groups 3.045s
2025-11-20 09:14:42.617 60280 INFO tempest.lib.common.rest_client [req-db20ed1f-cd8a-40a7-b68b-c2072cde396f req-db20ed1f-cd8a-40a7-b68b-c2072cde396f ] Request (FlavorsV255TestJSON:test_crud_flavor): 200 PUT http://10.180.1.21/compute/v2.1/flavors/1256591360 2.736s
2025-11-20 09:14:42.640 60274 INFO tempest.lib.common.rest_client [req-473aa495-838e-4a33-9a08-cb35875b3f70 req-473aa495-838e-4a33-9a08-cb35875b3f70 ] Request (HypervisorAdminUnderV252Test:test_search_hypervisor): 200 GET http://10.180.1.21/compute/v2.1/os-hypervisors 2.705s
2025-11-20 09:14:42.700 60290 INFO tempest.lib.common.rest_client [req-5075cc60-62d9-42ee-a7eb-f81f861099bd req-5075cc60-62d9-42ee-a7eb-f81f861099bd ] Request (NetworksTest:test_list_all_networks): 200 GET http://10.180.1.21/compute/v2.1/os-networks 2.956s
2025-11-20 09:14:42.705 60286 INFO tempest.lib.common.rest_client [req-d89058ad-f127-4656-a270-bf35001c2100 req-d89058ad-f127-4656-a270-bf35001c2100 ] Request (HypervisorAdminNegativeTestJSON:test_get_hypervisor_stats_with_non_admin_user): 403 GET http://10.180.1.21/compute/v2.1/os-hypervisors/statistics 2.621s
2025-11-20 09:14:42.727 60272 INFO tempest.lib.common.rest_client [req-5e076e5a-84c9-49f3-b24c-de379157f63c req-5e076e5a-84c9-49f3-b24c-de379157f63c ] Request (FlavorMetadataValidation:_run_cleanups): 202 DELETE http://10.180.1.21/compute/v2.1/flavors/198534376 2.526s
2025-11-20 09:14:42.755 60264 INFO tempest.lib.common.rest_client [req-8eccf242-7fdd-416f-af95-f6aab117fc46 req-8eccf242-7fdd-416f-af95-f6aab117fc46 ] Request (ServersWithSpecificFlavorTestJSON:test_verify_created_server_ephemeral_disk): 200 POST http://10.180.1.21/compute/v2.1/flavors 2.672s
2025-11-20 09:14:42.806 60300 INFO tempest.lib.common.rest_client [req-fc2c2e42-4392-43e5-badf-1bb2a83d1153 req-fc2c2e42-4392-43e5-badf-1bb2a83d1153 ] Request (AggregatesAdminNegativeTestJSON:test_aggregate_add_existent_host): 409 POST http://10.180.1.21/compute/v2.1/os-aggregates/1/action 1.984s
2025-11-20 09:14:42.810 60278 INFO tempest.lib.common.rest_client [req-aca0eaa6-bd3c-4784-967b-210fc79e68d0 req-aca0eaa6-bd3c-4784-967b-210fc79e68d0 ] Request (HypervisorAdminTestJSON:test_get_hypervisor_show_details): 200 GET http://10.180.1.21/compute/v2.1/os-hypervisors/1 1.960s
2025-11-20 09:14:42.835 60310 INFO tempest.lib.common.rest_client [req-0927d0d9-631d-47a2-9861-4d0ef3e4260c req-0927d0d9-631d-47a2-9861-4d0ef3e4260c ] Request (QuotaClassesAdminTestJSON:test_update_default_quotas): 200 GET http://10.180.1.21/compute/v2.1/os-quota-class-sets/default 1.739s
2025-11-20 09:14:42.851 60308 INFO tempest.lib.common.rest_client [req-16feb2e1-c576-4370-b9d4-f0d265ab762c req-16feb2e1-c576-4370-b9d4-f0d265ab762c ] Request (KeyPairsV210TestJSON:test_admin_manage_keypairs_for_other_users): 200 GET http://10.180.1.21/compute/v2.1/os-keypairs?user_id=db48fca96c994c9da3ffcf6dbd0650b4 1.738s
2025-11-20 09:14:42.865 60290 INFO tempest.lib.common.rest_client [req-0c9a04ab-dce7-4f83-8335-635c8dd8b5f8 req-0c9a04ab-dce7-4f83-8335-635c8dd8b5f8 ] Request (NetworksTest:tearDownClass): 204 DELETE http://10.180.1.21/identity/v3/users/603b2eaf9bb94d38945024a69e3cd272 0.163s
2025-11-20 09:14:42.983 60294 INFO tempest.lib.common.rest_client [req-c21ee30e-1fd3-450f-9e6e-04185d39b078 req-c21ee30e-1fd3-450f-9e6e-04185d39b078 ] Request (ServersAdmin275Test:test_rebuild_update_server_275): 200 GET http://10.180.1.21/compute/v2.1/servers/68c87b51-b90a-47cc-bec1-05f7c389fc14 1.756s
2025-11-20 09:14:42.996 60290 INFO tempest.lib.common.rest_client [req-c8019eb4-1da9-475b-8554-85a9b04c3716 req-c8019eb4-1da9-475b-8554-85a9b04c3716 ] Request (NetworksTest:tearDownClass): 204 DELETE http://10.180.1.21/identity/v3/users/0584b6a9abca4c0fa0b81f737aa6c661 0.130s
2025-11-20 09:14:42.996 60290 INFO tempest.lib.common.dynamic_creds [-] Deleting project and security group for project: 8a799533ef0c43e3955762bc53ffeb12
2025-11-20 09:14:43.035 60262 INFO tempest.lib.common.rest_client [req-b2d11c43-a917-48a2-8dfe-37976985fe40 req-b2d11c43-a917-48a2-8dfe-37976985fe40 ] Request (FloatingIPsAssociationNegativeTestJSON:setUpClass): 200 PUT http://10.180.1.21:9696/networking/v2.0/routers/b86d38e4-9c19-4c10-b69a-fe31432f6bda/add_router_interface 1.036s
2025-11-20 09:14:43.036 60262 INFO tempest.lib.common.dynamic_creds [-] Created isolated network resources for: credentials: Credentials: {'domain_id': 'default', 'domain_name': 'Default', 'username': 'tempest-FloatingIPsAssociationNegativeTestJSON-1831931658-project-member', 'project_domain_id': 'default', 'project_domain_name': 'Default', 'project_id': 'dc17a2829e0b4b7298ae746628595053', 'project_name': 'tempest-FloatingIPsAssociationNegativeTestJSON-1831931658', 'tenant_id': 'dc17a2829e0b4b7298ae746628595053', 'tenant_name': 'tempest-FloatingIPsAssociationNegativeTestJSON-1831931658', 'user_domain_id': 'default', 'user_domain_name': 'Default', 'user_id': 'f525273b7a5e4b9d836ee998eefc8ee2', 'system': None}, Network: {'id': '4867f11b-b7b6-404d-a2a0-faa235d1d483', 'name': 'tempest-FloatingIPsAssociationNegativeTestJSON-335371632-network', 'tenant_id': 'dc17a2829e0b4b7298ae746628595053', 'admin_state_up': True, 'mtu': 8950, 'status': 'ACTIVE', 'subnets': [], 'shared': False, 'project_id': 'dc17a2829e0b4b7298ae746628595053', 'port_security_enabled': True, 'router:external': False, 'provider:network_type': 'vlan', 'provider:physical_network': 'default', 'provider:segmentation_id': 224, 'is_default': False, 'availability_zone_hints': [], 'availability_zones': [], 'ipv4_address_scope': None, 'ipv6_address_scope': None, 'description': '', 'tags': [], 'created_at': '2025-11-20T09:14:40Z', 'updated_at': '2025-11-20T09:14:40Z', 'revision_number': 1}, Subnet: {'id': '451d9952-3e53-4c48-b4af-57b04334277c', 'name': 'tempest-FloatingIPsAssociationNegativeTestJSON-335371632-subnet', 'tenant_id': 'dc17a2829e0b4b7298ae746628595053', 'network_id': '4867f11b-b7b6-404d-a2a0-faa235d1d483', 'ip_version': 4, 'subnetpool_id': None, 'enable_dhcp': True, 'ipv6_ra_mode': None, 'ipv6_address_mode': None, 'gateway_ip': '192.168.128.1', 'cidr': '192.168.128.0/28', 'allocation_pools': [{'start': '192.168.128.2', 'end': '192.168.128.14'}], 'host_routes': [], 'dns_nameservers': [], 'description': '', 'service_types': [], 'tags': [], 'created_at': '2025-11-20T09:14:40Z', 'updated_at': '2025-11-20T09:14:40Z', 'revision_number': 0, 'project_id': 'dc17a2829e0b4b7298ae746628595053'}, Router: {'id': 'b86d38e4-9c19-4c10-b69a-fe31432f6bda', 'name': 'tempest-FloatingIPsAssociationNegativeTestJSON-335371632-router', 'tenant_id': 'dc17a2829e0b4b7298ae746628595053', 'admin_state_up': True, 'status': 'ACTIVE', 'external_gateway_info': {'network_id': '0a9f7aca-07e6-4b09-b99a-0a3d7b346866', 'external_fixed_ips': [{'subnet_id': 'd205b769-da96-4ff0-9513-2e1f89332075', 'ip_address': '10.180.180.254'}], 'enable_snat': True}, 'description': '', 'availability_zones': [], 'distributed': False, 'ha': False, 'availability_zone_hints': [], 'routes': [], 'flavor_id': None, 'tags': [], 'created_at': '2025-11-20T09:14:41Z', 'updated_at': '2025-11-20T09:14:41Z', 'revision_number': 2, 'project_id': 'dc17a2829e0b4b7298ae746628595053'}
2025-11-20 09:14:43.038 60260 INFO tempest.lib.common.rest_client [req-46c374e8-2dc2-4e71-a2de-b60e62506627 req-46c374e8-2dc2-4e71-a2de-b60e62506627 ] Request (HypervisorAdminV253TestBase:test_list_show_detail_hypervisors): 200 GET http://10.180.1.21/compute/v2.1/os-hypervisors?with_servers=True 1.669s
2025-11-20 09:14:43.064 60284 INFO tempest.lib.common.rest_client [req-cf981765-d627-4813-b232-beb34e8a5c5b req-cf981765-d627-4813-b232-beb34e8a5c5b ] Request (ServicesAdminTestJSON:test_list_services): 200 GET http://10.180.1.21/compute/v2.1/os-services 1.679s
2025-11-20 09:14:43.087 60290 INFO tempest.lib.common.rest_client [req-98f2e859-23e9-4584-a10a-485b2ba21798 req-98f2e859-23e9-4584-a10a-485b2ba21798 ] Request (NetworksTest:tearDownClass): 201 POST http://10.180.1.21/identity/v3/auth/tokens 0.090s
2025-11-20 09:14:43.111 60297 INFO tempest.lib.common.rest_client [req-f9a5cd57-2642-46ac-aeb6-12d3fa999fec req-f9a5cd57-2642-46ac-aeb6-12d3fa999fec ] Request (FlavorsExtraSpecsNegativeTestJSON:test_flavor_non_admin_unset_keys): 200 POST http://10.180.1.21/compute/v2.1/flavors/1947052371/os-extra_specs 1.721s
2025-11-20 09:14:43.138 60306 INFO tempest.lib.common.rest_client [req-6a09d0ae-6a06-42aa-be24-60c9df843331 req-6a09d0ae-6a06-42aa-be24-60c9df843331 ] Request (ServersTestMultiNic:test_verify_duplicate_network_nics): 200 GET http://10.180.1.21/compute/v2.1/servers/37916d26-1b5e-4991-83a2-ca5a5b00c2ac 2.062s
2025-11-20 09:14:43.164 60302 INFO tempest.lib.common.rest_client [req-186cd471-1165-4d03-a06b-1fdcbe6f7c3d req-186cd471-1165-4d03-a06b-1fdcbe6f7c3d ] Request (HypervisorAdminNegativeUnderV252Test:test_show_servers_with_non_admin_user): 200 GET http://10.180.1.21/compute/v2.1/os-hypervisors 1.720s
2025-11-20 09:14:43.175 60262 INFO tempest.lib.common.rest_client [req-b5ed6ad3-ac45-41e4-bd68-6edadd1c0aa9 req-b5ed6ad3-ac45-41e4-bd68-6edadd1c0aa9 ] Request (FloatingIPsAssociationNegativeTestJSON:setUpClass): 201 POST http://10.180.1.21/identity/v3/auth/tokens 0.132s
2025-11-20 09:14:43.185 60298 INFO tempest.lib.common.rest_client [req-0082f00a-d871-485a-b6cd-bd5921079372 req-0082f00a-d871-485a-b6cd-bd5921079372 ] Request (FlavorsExtraSpecsTestJSON:test_flavor_non_admin_get_specific_key): 200 POST http://10.180.1.21/compute/v2.1/flavors/2134551552/os-extra_specs 1.601s
2025-11-20 09:14:43.190 60284 INFO tempest.lib.common.rest_client [req-de53f069-0faf-449d-8f87-09d4a560837c req-de53f069-0faf-449d-8f87-09d4a560837c ] Request (ServicesAdminTestJSON:tearDownClass): 204 DELETE http://10.180.1.21/identity/v3/users/f1ab439df0134a878bd3b7854ca6b774 0.121s
2025-11-20 09:14:43.193 60288 INFO tempest.lib.common.rest_client [req-67723a40-46a0-46c3-a314-78a35d94288d req-67723a40-46a0-46c3-a314-78a35d94288d ] Request (HostsAdminNegativeTestJSON:test_reboot_nonexistent_host): 404 GET http://10.180.1.21/compute/v2.1/os-hosts/nonexistent_hostname/reboot 1.608s
2025-11-20 09:14:43.248 60262 INFO tempest.lib.common.rest_client [req-489b3f06-3dfd-49ea-9efd-3df6bbb0b7cd req-489b3f06-3dfd-49ea-9efd-3df6bbb0b7cd ] Request (FloatingIPsAssociationNegativeTestJSON:setUpClass): 201 POST http://10.180.1.21/identity/v3/auth/tokens 0.065s
2025-11-20 09:14:43.248 60262 INFO tempest.lib.common.fixed_network [-] (FloatingIPsAssociationNegativeTestJSON:setUpClass) Found network {'id': '4867f11b-b7b6-404d-a2a0-faa235d1d483', 'name': 'tempest-FloatingIPsAssociationNegativeTestJSON-335371632-network', 'tenant_id': 'dc17a2829e0b4b7298ae746628595053', 'admin_state_up': True, 'mtu': 8950, 'status': 'ACTIVE', 'subnets': [], 'shared': False, 'project_id': 'dc17a2829e0b4b7298ae746628595053', 'port_security_enabled': True, 'router:external': False, 'provider:network_type': 'vlan', 'provider:physical_network': 'default', 'provider:segmentation_id': 224, 'is_default': False, 'availability_zone_hints': [], 'availability_zones': [], 'ipv4_address_scope': None, 'ipv6_address_scope': None, 'description': '', 'tags': [], 'created_at': '2025-11-20T09:14:40Z', 'updated_at': '2025-11-20T09:14:40Z', 'revision_number': 1} available for tenant
2025-11-20 09:14:43.338 60284 INFO tempest.lib.common.rest_client [req-e0336a4d-af5f-460e-8c8e-3cd7b66acf43 req-e0336a4d-af5f-460e-8c8e-3cd7b66acf43 ] Request (ServicesAdminTestJSON:tearDownClass): 204 DELETE http://10.180.1.21/identity/v3/users/22be72bd1e494fd3856a567640b293b0 0.147s
2025-11-20 09:14:43.338 60284 INFO tempest.lib.common.dynamic_creds [-] Deleting project and security group for project: 9e5c54882b3340609c5fe13aa26c49b7
2025-11-20 09:14:43.474 60254 INFO tempest.lib.common.rest_client [req-5cf937c3-ac9d-46de-8e6d-e1bb69e2c038 req-5cf937c3-ac9d-46de-8e6d-e1bb69e2c038 ] Request (QuotasAdminNegativeTest:test_create_server_when_instances_quota_is_full): 200 PUT http://10.180.1.21/compute/v2.1/os-quota-sets/629d77efbf5f424285943f344d1ecbdd 2.047s
2025-11-20 09:14:43.477 60284 INFO tempest.lib.common.rest_client [req-66aeabb7-7154-4df1-873f-4ed405d1c4b0 req-66aeabb7-7154-4df1-873f-4ed405d1c4b0 ] Request (ServicesAdminTestJSON:tearDownClass): 201 POST http://10.180.1.21/identity/v3/auth/tokens 0.138s
2025-11-20 09:14:43.521 60290 INFO tempest.lib.common.rest_client [req-24b838b1-5367-4088-ae99-a154d3a71af8 req-24b838b1-5367-4088-ae99-a154d3a71af8 ] Request (NetworksTest:tearDownClass): 200 GET http://10.180.1.21:9696/networking/v2.0/security-groups?tenant_id=8a799533ef0c43e3955762bc53ffeb12&name=default 0.434s
2025-11-20 09:14:43.551 60254 INFO tempest.lib.common.rest_client [req-c7002619-8005-4373-b939-1d7d3a45f268 req-c7002619-8005-4373-b939-1d7d3a45f268 ] Request (QuotasAdminNegativeTest:test_create_server_when_instances_quota_is_full): 201 POST http://10.180.1.21/identity/v3/auth/tokens 0.071s
2025-11-20 09:14:43.551 60254 INFO tempest.lib.common.fixed_network [-] (QuotasAdminNegativeTest:test_create_server_when_instances_quota_is_full) Found network None available for tenant
2025-11-20 09:14:43.646 60252 INFO tempest.lib.common.rest_client [req-ebb35a13-6504-46ef-b2cc-43a90017d7f1 req-ebb35a13-6504-46ef-b2cc-43a90017d7f1 ] Request (ImagesMetadataTestJSON:test_delete_image_metadata_item): 204 DELETE http://10.180.1.21/compute/v2.1/images/37c0cb8b-4cdf-4843-bed6-fe0d77f2087a/metadata/os_version 1.961s
2025-11-20 09:14:43.692 60290 INFO tempest.lib.common.rest_client [req-f20df576-7c00-49dc-b2f9-8a4e4ccae5f1 req-f20df576-7c00-49dc-b2f9-8a4e4ccae5f1 ] Request (NetworksTest:tearDownClass): 204 DELETE http://10.180.1.21:9696/networking/v2.0/security-groups/ef052088-252c-41a7-8f03-ea48075f3ed9 0.171s
2025-11-20 09:14:43.751 60284 INFO tempest.lib.common.rest_client [req-2238fa25-9209-4e49-be24-91b461d1ad3e req-2238fa25-9209-4e49-be24-91b461d1ad3e ] Request (ServicesAdminTestJSON:tearDownClass): 200 GET http://10.180.1.21:9696/networking/v2.0/security-groups?tenant_id=9e5c54882b3340609c5fe13aa26c49b7&name=default 0.274s
2025-11-20 09:14:43.760 60283 INFO tempest.lib.common.rest_client [req-755b78ef-fbc3-417d-ad4c-3ac0a4d9ca10 req-755b78ef-fbc3-417d-ad4c-3ac0a4d9ca10 ] Request (VolumesAssistedSnapshotsTest:test_volume_assisted_snapshot_create_delete): 200 POST http://10.180.1.21/compute/v2.1/os-keypairs 1.911s
2025-11-20 09:14:43.761 60290 INFO tempest.lib.common.rest_client [req-a8764ea7-f168-4c6a-b37c-0d05fd301373 req-a8764ea7-f168-4c6a-b37c-0d05fd301373 ] Request (NetworksTest:tearDownClass): 204 DELETE http://10.180.1.21/identity/v3/projects/8a799533ef0c43e3955762bc53ffeb12 0.068s
2025-11-20 09:14:43.761 60290 INFO tempest.lib.common.dynamic_creds [-] Deleting project and security group for project: 879c785e21504002999786055c02baab
2025-11-20 09:14:44.160 60290 INFO tempest.lib.common.rest_client [req-fa132f60-5fda-4287-beda-aeda99f81247 req-fa132f60-5fda-4287-beda-aeda99f81247 ] Request (NetworksTest:tearDownClass): 200 GET http://10.180.1.21:9696/networking/v2.0/security-groups?tenant_id=879c785e21504002999786055c02baab&name=default 0.399s
2025-11-20 09:14:44.175 60283 INFO tempest.lib.common.rest_client [req-b9334d49-d6e8-4104-8400-79abaee4c4fd req-b9334d49-d6e8-4104-8400-79abaee4c4fd ] Request (VolumesAssistedSnapshotsTest:test_volume_assisted_snapshot_create_delete): 201 POST http://10.180.1.21:9696/networking/v2.0/security-groups 0.413s
2025-11-20 09:14:44.188 60284 INFO tempest.lib.common.rest_client [req-87b9509e-018d-4b2f-954c-7f43a6cca4f3 req-87b9509e-018d-4b2f-954c-7f43a6cca4f3 ] Request (ServicesAdminTestJSON:tearDownClass): 204 DELETE http://10.180.1.21:9696/networking/v2.0/security-groups/057ff966-a4ba-4809-8071-e6c306645580 0.436s
2025-11-20 09:14:44.236 60268 INFO tempest.lib.common.rest_client [req-ff81604f-4608-4d08-8c67-372a11d78805 req-ff81604f-4608-4d08-8c67-372a11d78805 ] Request (DeleteServersAdminTestJSON:test_admin_delete_servers_of_others): 200 GET http://10.180.1.21/compute/v2.1/servers/7a4778b7-5ffc-4641-b968-d0304fd67ee0 1.900s
2025-11-20 09:14:44.323 60290 INFO tempest.lib.common.rest_client [req-9b92a593-035d-4670-8f91-904214f40341 req-9b92a593-035d-4670-8f91-904214f40341 ] Request (NetworksTest:tearDownClass): 204 DELETE http://10.180.1.21:9696/networking/v2.0/security-groups/1f154e9d-200f-4081-9cc0-83eae6ea82a2 0.162s
2025-11-20 09:14:44.351 60284 INFO tempest.lib.common.rest_client [req-91da4c44-3e62-48a9-9c47-5a7d4d784b7e req-91da4c44-3e62-48a9-9c47-5a7d4d784b7e ] Request (ServicesAdminTestJSON:tearDownClass): 204 DELETE http://10.180.1.21/identity/v3/projects/9e5c54882b3340609c5fe13aa26c49b7 0.160s
2025-11-20 09:14:44.351 60284 INFO tempest.lib.common.dynamic_creds [-] Deleting project and security group for project: e38f9cf6c64348aca544c403ee8c1ae5
2025-11-20 09:14:44.457 60290 INFO tempest.lib.common.rest_client [req-9beaad37-4143-47ed-89a5-1a3de6179777 req-9beaad37-4143-47ed-89a5-1a3de6179777 ] Request (NetworksTest:tearDownClass): 204 DELETE http://10.180.1.21/identity/v3/projects/879c785e21504002999786055c02baab 0.133s
2025-11-20 09:14:44.522 60290 INFO tempest.lib.common.rest_client [req-4c5e98e9-a0c8-45e5-8edf-09b05758787f req-4c5e98e9-a0c8-45e5-8edf-09b05758787f ] Request (KeyPairsNegativeTestJSON:setUpClass): 201 POST http://10.180.1.21/identity/v3/auth/tokens 0.063s
2025-11-20 09:14:44.558 60290 INFO tempest.lib.common.rest_client [req-b46e845b-d742-4acb-828b-a23e676cd6d8 req-b46e845b-d742-4acb-828b-a23e676cd6d8 ] Request (KeyPairsNegativeTestJSON:setUpClass): 201 POST http://10.180.1.21/identity/v3/auth/tokens 0.033s
2025-11-20 09:14:44.587 60290 INFO tempest.lib.common.rest_client [req-7a430e86-a41f-452d-a852-693a86c7a045 req-7a430e86-a41f-452d-a852-693a86c7a045 ] Request (KeyPairsNegativeTestJSON:setUpClass): 200 GET http://10.180.1.21/identity/v3/domains?name=Default 0.029s
2025-11-20 09:14:44.617 60292 INFO tempest.lib.common.rest_client [req-3989da87-6fee-44a7-bc2b-45950fa18c6f req-3989da87-6fee-44a7-bc2b-45950fa18c6f ] Request (ServersAdminTestJSON:setUpClass): 202 POST http://10.180.1.21/compute/v2.1/servers 2.996s
2025-11-20 09:14:44.633 60290 INFO tempest.lib.common.rest_client [req-4a5ba933-0974-4857-b901-16abe7e0cf9c req-4a5ba933-0974-4857-b901-16abe7e0cf9c ] Request (KeyPairsNegativeTestJSON:setUpClass): 201 POST http://10.180.1.21/identity/v3/projects 0.045s
2025-11-20 09:14:44.646 60266 INFO tempest.lib.common.rest_client [req-535516a0-6413-4bf6-9974-3f0c37fdd324 req-535516a0-6413-4bf6-9974-3f0c37fdd324 ] Request (ServerExternalEventsTest:test_create_server_external_events): 200 GET http://10.180.1.21/compute/v2.1/servers/363f5261-d589-4f99-b7dd-ab8f16cefee3 2.270s
2025-11-20 09:14:44.654 60283 INFO tempest.lib.common.rest_client [req-9cef12ca-b845-4fc8-9baa-bfac9312c89e req-9cef12ca-b845-4fc8-9baa-bfac9312c89e ] Request (VolumesAssistedSnapshotsTest:test_volume_assisted_snapshot_create_delete): 201 POST http://10.180.1.21:9696/networking/v2.0/security-group-rules 0.478s
2025-11-20 09:14:44.712 60312 INFO tempest.lib.common.rest_client [req-4ddb26fd-deeb-4deb-8968-5406b8fcb0db req-4ddb26fd-deeb-4deb-8968-5406b8fcb0db ] Request (ServerDiagnosticsV248Test:test_get_server_diagnostics): 200 GET http://10.180.1.21/compute/v2.1/servers/15e44d1f-ae9b-4ff7-841c-90acc81cf38b 2.229s
2025-11-20 09:14:44.718 60292 INFO tempest.lib.common.rest_client [req-fef84cd6-1403-48f8-bd5f-ae63a51cc1ba req-fef84cd6-1403-48f8-bd5f-ae63a51cc1ba ] Request (ServersAdminTestJSON:setUpClass): 201 POST http://10.180.1.21/identity/v3/auth/tokens 0.096s
2025-11-20 09:14:44.719 60292 INFO tempest.lib.common.fixed_network [-] (ServersAdminTestJSON:setUpClass) Found network {'id': '271e6595-cea8-4029-8fab-8f17d8eac2ed', 'name': 'tempest-ServersAdminTestJSON-118947530-network', 'tenant_id': '730d218125d1484687ab1b68a1e73d2e', 'admin_state_up': True, 'mtu': 8950, 'status': 'ACTIVE', 'subnets': [], 'shared': False, 'project_id': '730d218125d1484687ab1b68a1e73d2e', 'port_security_enabled': True, 'router:external': False, 'provider:network_type': 'vlan', 'provider:physical_network': 'default', 'provider:segmentation_id': 46, 'is_default': False, 'availability_zone_hints': [], 'availability_zones': [], 'ipv4_address_scope': None, 'ipv6_address_scope': None, 'description': '', 'tags': [], 'created_at': '2025-11-20T09:14:28Z', 'updated_at': '2025-11-20T09:14:28Z', 'revision_number': 1} available for tenant
2025-11-20 09:14:44.742 60290 INFO tempest.lib.common.rest_client [req-12b96767-ee7d-4838-a6f9-8876aff114d8 req-12b96767-ee7d-4838-a6f9-8876aff114d8 ] Request (KeyPairsNegativeTestJSON:setUpClass): 201 POST http://10.180.1.21/identity/v3/users 0.109s
2025-11-20 09:14:44.748 60280 INFO tempest.lib.common.rest_client [req-243f4404-1e72-4cea-bb15-71e26d05a1de req-243f4404-1e72-4cea-bb15-71e26d05a1de ] Request (FlavorsV255TestJSON:test_crud_flavor): 200 GET http://10.180.1.21/compute/v2.1/flavors/detail 2.128s
2025-11-20 09:14:44.770 60274 INFO tempest.lib.common.rest_client [req-fd6b32e8-5969-429f-9adc-590991d65199 req-fd6b32e8-5969-429f-9adc-590991d65199 ] Request (HypervisorAdminUnderV252Test:test_search_hypervisor): 200 GET http://10.180.1.21/compute/v2.1/os-hypervisors/domain-c8.fc996f14-c53b-4953-92e3-bdfa48f5cc28/search 2.127s
2025-11-20 09:14:44.782 60290 INFO tempest.lib.common.rest_client [req-7d77db88-a316-4fa2-9ff3-2a1b30f1009f req-7d77db88-a316-4fa2-9ff3-2a1b30f1009f ] Request (KeyPairsNegativeTestJSON:setUpClass): 200 GET http://10.180.1.21/identity/v3/roles 0.039s
2025-11-20 09:14:44.810 60283 INFO tempest.lib.common.rest_client [req-15c3858c-6bb1-4fd4-b814-be777ccbd14b req-15c3858c-6bb1-4fd4-b814-be777ccbd14b ] Request (VolumesAssistedSnapshotsTest:test_volume_assisted_snapshot_create_delete): 201 POST http://10.180.1.21:9696/networking/v2.0/security-group-rules 0.155s
2025-11-20 09:14:44.839 60284 INFO tempest.lib.common.rest_client [req-b5f68a72-8521-47c6-ae03-9076c9da18cc req-b5f68a72-8521-47c6-ae03-9076c9da18cc ] Request (ServicesAdminTestJSON:tearDownClass): 200 GET http://10.180.1.21:9696/networking/v2.0/security-groups?tenant_id=e38f9cf6c64348aca544c403ee8c1ae5&name=default 0.488s
2025-11-20 09:14:44.868 60274 INFO tempest.lib.common.rest_client [req-a9b28f89-4921-4243-a0e3-f47e3850460c req-a9b28f89-4921-4243-a0e3-f47e3850460c ] Request (HypervisorAdminUnderV252Test:tearDownClass): 204 DELETE http://10.180.1.21/identity/v3/users/e305d06e0fe946c586964d87961febc3 0.096s
2025-11-20 09:14:44.947 60290 INFO tempest.lib.common.rest_client [req-2945a171-9a0e-4e5d-8239-d393b249fe51 req-2945a171-9a0e-4e5d-8239-d393b249fe51 ] Request (KeyPairsNegativeTestJSON:setUpClass): 204 PUT http://10.180.1.21/identity/v3/projects/2ec9416eed154919bf22357897b1749a/users/f5896c4c63444e2587586864e559152e/roles/301d7010caf14a2cb8a2948050a3c63e 0.164s
2025-11-20 09:14:44.947 60290 INFO tempest.lib.common.dynamic_creds [-] Dynamic test user f5896c4c63444e2587586864e559152e is created with scope project and roles: ['member']
2025-11-20 09:14:44.947 60290 INFO tempest.lib.common.dynamic_creds [-] Acquired dynamic creds: credentials: Credentials: {'domain_id': 'default', 'domain_name': 'Default', 'username': 'tempest-KeyPairsNegativeTestJSON-1933703526-project-member', 'project_domain_id': 'default', 'project_domain_name': 'Default', 'project_id': '2ec9416eed154919bf22357897b1749a', 'project_name': 'tempest-KeyPairsNegativeTestJSON-1933703526', 'tenant_id': '2ec9416eed154919bf22357897b1749a', 'tenant_name': 'tempest-KeyPairsNegativeTestJSON-1933703526', 'user_domain_id': 'default', 'user_domain_name': 'Default', 'user_id': 'f5896c4c63444e2587586864e559152e', 'system': None}, Network: None, Subnet: None, Router: None
2025-11-20 09:14:44.947 60290 INFO tempest.lib.common.dynamic_creds [-] Created isolated network resources for: credentials: Credentials: {'domain_id': 'default', 'domain_name': 'Default', 'username': 'tempest-KeyPairsNegativeTestJSON-1933703526-project-member', 'project_domain_id': 'default', 'project_domain_name': 'Default', 'project_id': '2ec9416eed154919bf22357897b1749a', 'project_name': 'tempest-KeyPairsNegativeTestJSON-1933703526', 'tenant_id': '2ec9416eed154919bf22357897b1749a', 'tenant_name': 'tempest-KeyPairsNegativeTestJSON-1933703526', 'user_domain_id': 'default', 'user_domain_name': 'Default', 'user_id': 'f5896c4c63444e2587586864e559152e', 'system': None}, Network: None, Subnet: None, Router: None
