2025-03-25 21:09:18.098 69041 INFO tempest.lib.common.rest_client [req-b0ffc53d-a6d4-459a-b60f-af7638267c84 req-b0ffc53d-a6d4-459a-b60f-af7638267c84 ] Request (ServersWithSpecificFlavorTestJSON:test_verify_created_server_ephemeral_disk): 200 GET http://10.180.1.21/compute/v2.1/servers/919ec8d0-942c-4b8b-a790-1c5633165e96 0.739s
2025-03-25 21:09:18.181 69045 INFO tempest.lib.common.rest_client [req-5a745e36-0f02-42f1-87c9-2a5a75bece29 req-5a745e36-0f02-42f1-87c9-2a5a75bece29 ] Request (VolumesAssistedSnapshotsTest:test_volume_assisted_snapshot_create_delete): 200 GET http://10.180.1.21/volume/v3/volumes/fe968aec-6b9c-41f8-b782-8fb2345c4ff1 0.029s
2025-03-25 21:09:18.206 69069 INFO tempest.lib.common.rest_client [req-086a0d43-51ba-4ee1-b563-67a65548b887 req-086a0d43-51ba-4ee1-b563-67a65548b887 ] Request (AttachInterfacesTestJSON:test_create_list_show_delete_interfaces_by_fixed_ip): 200 GET http://10.180.1.21/compute/v2.1/servers/0692f6a0-4f8b-49ca-92a7-0a35f109ad01/os-interface 0.604s
2025-03-25 21:09:18.273 69053 INFO tempest.lib.common.rest_client [req-15f4f012-00dc-40f5-b97b-55f9f4895511 req-15f4f012-00dc-40f5-b97b-55f9f4895511 ] Request (HypervisorAdminNegativeUnderV252Test:tearDownClass): 200 GET http://10.180.1.21:9696/networking/v2.0/security-groups?tenant_id=2bd5d6bc7fb64c4d99d5e4302938bfc8&name=default 0.249s
2025-03-25 21:09:18.275 69063 INFO tempest.lib.common.rest_client [req-c608a6d4-bfce-4cd2-8f28-82acf7871389 req-c608a6d4-bfce-4cd2-8f28-82acf7871389 ] Request (TenantUsagesTestJSON:setUpClass): 200 GET http://10.180.1.21/compute/v2.1/servers/4a169d58-62e0-44bb-95cd-63b72a497325 0.581s
2025-03-25 21:09:18.311 69079 INFO tempest.lib.common.rest_client [req-88993e6c-d691-4e4f-876f-1a9bf1e72100 req-88993e6c-d691-4e4f-876f-1a9bf1e72100 ] Request (ListImageFiltersTestJSON:test_list_images_with_detail_filter_by_type): 200 GET http://10.180.1.21/compute/v2.1/images/9a2c0c58-6ad2-47d7-b945-42e05ddb6254 0.532s
2025-03-25 21:09:18.350 69081 INFO tempest.lib.common.rest_client [req-dc46955c-f815-444a-b11c-e0724f8bc613 req-dc46955c-f815-444a-b11c-e0724f8bc613 ] Request (SecurityGroupsTestJSON:test_security_groups_create_list_delete): 200 POST http://10.180.1.21/compute/v2.1/os-security-groups 0.755s
2025-03-25 21:09:18.397 69053 INFO tempest.lib.common.rest_client [req-aaaa0fb2-b450-4e51-be7f-447da76da2d9 req-aaaa0fb2-b450-4e51-be7f-447da76da2d9 ] Request (HypervisorAdminNegativeUnderV252Test:tearDownClass): 204 DELETE http://10.180.1.21:9696/networking/v2.0/security-groups/38b56ca2-4fc3-4142-923f-e17ba3f23afc 0.124s
2025-03-25 21:09:18.458 69067 INFO tempest.lib.common.rest_client [req-ce8edd4e-d576-4026-943c-afa3b4716a21 req-ce8edd4e-d576-4026-943c-afa3b4716a21 ] Request (MultipleCreateTestJSON:test_multiple_create_with_reservation_return): 200 GET http://10.180.1.21/compute/v2.1/servers/0e8ace00-38a5-4446-b311-41de21d00f19 0.293s
2025-03-25 21:09:18.464 69053 INFO tempest.lib.common.rest_client [req-f500c57e-15a4-4da2-990e-fe03f3bd603c req-f500c57e-15a4-4da2-990e-fe03f3bd603c ] Request (HypervisorAdminNegativeUnderV252Test:tearDownClass): 204 DELETE http://10.180.1.21/identity/v3/projects/2bd5d6bc7fb64c4d99d5e4302938bfc8 0.066s
2025-03-25 21:09:18.464 69053 INFO tempest.lib.common.dynamic_creds [-] Deleting project and security group for project: 466db388b7d64818860929374e267eac
2025-03-25 21:09:18.482 69089 INFO tempest.lib.common.rest_client [req-4feca308-42c9-4ce4-b685-9b340b686b6f req-4feca308-42c9-4ce4-b685-9b340b686b6f ] Request (VolumesAdminNegativeTest:_run_cleanups): 202 DELETE http://10.180.1.21/compute/v2.1/servers/bb3852a4-3b97-41f1-a7ca-44cd849f9dc6/os-volume_attachments/325707a4-eac8-4f6e-ab98-be2e45bfa7e4 0.385s
2025-03-25 21:09:18.528 69043 INFO tempest.lib.common.rest_client [req-46f533fa-7b73-49b3-9d05-adb2844f43f8 req-46f533fa-7b73-49b3-9d05-adb2844f43f8 ] Request (MigrationsAdminTest:test_resize_server_revert_deleted_flavor): 200 GET http://10.180.1.21/compute/v2.1/servers/e48899a0-80fc-4db5-a7e9-a6fe813cd107 0.296s
2025-03-25 21:09:18.564 69053 INFO tempest.lib.common.rest_client [req-786755f4-f15d-4201-900c-3f576cd852b9 req-786755f4-f15d-4201-900c-3f576cd852b9 ] Request (HypervisorAdminNegativeUnderV252Test:tearDownClass): 200 GET http://10.180.1.21:9696/networking/v2.0/security-groups?tenant_id=466db388b7d64818860929374e267eac&name=default 0.100s
2025-03-25 21:09:18.565 69060 INFO tempest.lib.common.rest_client [req-77d2f109-dbd8-4215-910f-697296353d7e req-77d2f109-dbd8-4215-910f-697296353d7e ] Request (ServersListShow298Test:tearDownClass): 200 GET http://10.180.1.21/compute/v2.1/servers/e163e2ef-3849-470c-b11e-1a95f209817a 0.314s
2025-03-25 21:09:18.583 69033 INFO tempest.lib.common.rest_client [req-323921c7-4da3-49c3-9d22-68ac8dbd6093 req-323921c7-4da3-49c3-9d22-68ac8dbd6093 ] Request (ListServersNegativeTestJSON:setUpClass): 200 GET http://10.180.1.21/compute/v2.1/servers/8dd5ba09-7551-4739-a6c9-e605c8a37a5d 0.305s
2025-03-25 21:09:18.625 69079 INFO tempest.lib.common.rest_client [req-7046076b-8f5d-432a-814a-78610e918bd7 req-7046076b-8f5d-432a-814a-78610e918bd7 ] Request (ListImageFiltersTestJSON:test_list_images_with_detail_limit_results): 200 GET http://10.180.1.21/compute/v2.1/images/detail?limit=1 0.308s
2025-03-25 21:09:18.639 69061 INFO tempest.lib.common.rest_client [req-7ddf8c12-c873-4478-9480-4c2e11959e97 req-7ddf8c12-c873-4478-9480-4c2e11959e97 ] Request (ServersAdminNegativeTestJSON:tearDownClass): 200 GET http://10.180.1.21/compute/v2.1/servers/cdcd0e87-ef3e-4586-93c1-6115e7dddf61 0.331s
2025-03-25 21:09:18.640 69053 INFO tempest.lib.common.rest_client [req-8ee294ec-3007-4aa5-be45-9957fbb1905a req-8ee294ec-3007-4aa5-be45-9957fbb1905a ] Request (HypervisorAdminNegativeUnderV252Test:tearDownClass): 204 DELETE http://10.180.1.21:9696/networking/v2.0/security-groups/1cf8edd7-38af-4f8c-a9f7-2d23e3796601 0.075s
2025-03-25 21:09:18.693 69071 INFO tempest.lib.common.rest_client [req-5b2325e0-56e8-41e9-b721-7372801eaefa req-5b2325e0-56e8-41e9-b721-7372801eaefa ] Request (FloatingIPsAssociationTestJSON:test_associate_already_associated_floating_ip): 200 GET http://10.180.1.21/compute/v2.1/servers/841f12a1-0df9-4800-89e3-372c0c8cb8ad 0.344s
2025-03-25 21:09:18.763 69053 INFO tempest.lib.common.rest_client [req-9091c8c2-c99c-4916-acb7-e44cf573cb73 req-9091c8c2-c99c-4916-acb7-e44cf573cb73 ] Request (HypervisorAdminNegativeUnderV252Test:tearDownClass): 204 DELETE http://10.180.1.21/identity/v3/projects/466db388b7d64818860929374e267eac 0.123s
2025-03-25 21:09:18.796 69081 INFO tempest.lib.common.rest_client [req-2d295910-7db9-447e-98fb-fde9b55dc258 req-2d295910-7db9-447e-98fb-fde9b55dc258 ] Request (SecurityGroupsTestJSON:test_security_groups_create_list_delete): 200 GET http://10.180.1.21/compute/v2.1/os-security-groups 0.444s
2025-03-25 21:09:18.836 69053 INFO tempest.lib.common.rest_client [req-f6f36045-9d78-406d-92d8-e7b667cd4b78 req-f6f36045-9d78-406d-92d8-e7b667cd4b78 ] Request (ServerRescueTestJSONUnderV235:setUpClass): 201 POST http://10.180.1.21/identity/v3/auth/tokens 0.071s
2025-03-25 21:09:18.870 69053 INFO tempest.lib.common.rest_client [req-0100da26-7a7b-45ad-bb8b-61d2b990c70b req-0100da26-7a7b-45ad-bb8b-61d2b990c70b ] Request (ServerRescueTestJSONUnderV235:setUpClass): 201 POST http://10.180.1.21/identity/v3/auth/tokens 0.032s
2025-03-25 21:09:18.871 69055 INFO tempest.lib.common.rest_client [req-703abfd4-ca80-442d-9d2d-30d19908ab5d req-703abfd4-ca80-442d-9d2d-30d19908ab5d ] Request (ImagesOneServerTestJSON:tearDownClass): 200 GET http://10.180.1.21/compute/v2.1/servers/8169ebb6-ca7d-4645-bdf2-8b0e0ebb43cb 0.467s
2025-03-25 21:09:18.907 69083 INFO tempest.lib.common.rest_client [req-628c8202-898e-4f04-992f-111c50f297e0 req-628c8202-898e-4f04-992f-111c50f297e0 ] Request (ServerDiskConfigTestJSON:test_rebuild_server_with_manual_disk_config): 200 GET http://10.180.1.21/compute/v2.1/servers/f95e47e6-5f00-48d2-a13e-bb3ddb7e0a89 0.530s
2025-03-25 21:09:18.911 69053 INFO tempest.lib.common.rest_client [req-b187b35a-3d1e-4a40-9590-70d6f19484de req-b187b35a-3d1e-4a40-9590-70d6f19484de ] Request (ServerRescueTestJSONUnderV235:setUpClass): 200 GET http://10.180.1.21/identity/v3/domains?name=Default 0.040s
2025-03-25 21:09:18.942 69089 INFO tempest.lib.common.rest_client [req-d856c5b5-3940-4536-b55a-cf8ee27acffe req-d856c5b5-3940-4536-b55a-cf8ee27acffe ] Request (VolumesAdminNegativeTest:_run_cleanups): 200 GET http://10.180.1.21/compute/v2.1/servers/bb3852a4-3b97-41f1-a7ca-44cd849f9dc6/os-volume_attachments 0.459s
2025-03-25 21:09:18.945 69053 INFO tempest.lib.common.rest_client [req-f3d8b3c7-9fec-41d7-aa82-898807ffa64b req-f3d8b3c7-9fec-41d7-aa82-898807ffa64b ] Request (ServerRescueTestJSONUnderV235:setUpClass): 201 POST http://10.180.1.21/identity/v3/projects 0.033s
2025-03-25 21:09:19.000 69091 INFO tempest.lib.common.rest_client [req-526924d1-1244-4c38-8d6b-a28b595a08f5 req-526924d1-1244-4c38-8d6b-a28b595a08f5 ] Request (ServersTestJSON:test_create_server_with_ipv6_addr_only): 200 GET http://10.180.1.21/compute/v2.1/servers/21e6d789-fd35-41ae-bbd6-0b246b8788e9 0.520s
2025-03-25 21:09:19.027 69053 INFO tempest.lib.common.rest_client [req-67ed5aa8-193a-49ca-884a-f2c2bf9a83d7 req-67ed5aa8-193a-49ca-884a-f2c2bf9a83d7 ] Request (ServerRescueTestJSONUnderV235:setUpClass): 201 POST http://10.180.1.21/identity/v3/users 0.082s
2025-03-25 21:09:19.057 69053 INFO tempest.lib.common.rest_client [req-bb8e0993-0272-4ae7-a6c6-b06466db8996 req-bb8e0993-0272-4ae7-a6c6-b06466db8996 ] Request (ServerRescueTestJSONUnderV235:setUpClass): 200 GET http://10.180.1.21/identity/v3/roles 0.029s
2025-03-25 21:09:19.069 69039 INFO tempest.lib.common.rest_client [req-e91e136e-a32a-465f-9013-4af8f727a85a req-e91e136e-a32a-465f-9013-4af8f727a85a ] Request (ImagesOneServerNegativeTestJSON:_run_cleanups): 200 GET http://10.180.1.21/compute/v2.1/servers/37b19313-0d33-485a-9071-e28612305bd8 0.389s
2025-03-25 21:09:19.080 69079 INFO tempest.lib.common.rest_client [req-65ca660b-8d23-4dab-b782-3841008f1aea req-65ca660b-8d23-4dab-b782-3841008f1aea ] Request (ListImageFiltersTestJSON:tearDownClass): 204 DELETE http://10.180.1.21/compute/v2.1/images/9eb1d4f2-57cf-4f08-8567-ef268180c23c 0.448s
2025-03-25 21:09:19.115 69053 INFO tempest.lib.common.rest_client [req-3e41dfb9-d7fc-42ff-b504-e27f42709a0f req-3e41dfb9-d7fc-42ff-b504-e27f42709a0f ] Request (ServerRescueTestJSONUnderV235:setUpClass): 204 PUT http://10.180.1.21/identity/v3/projects/2ccda1ceb7994db998546453a304a88c/users/f6bfac08423e42fea4a73b5fffe2a02b/roles/2fb94ffa8f7e4effb9e2aff2b5353968 0.058s
2025-03-25 21:09:19.116 69053 INFO tempest.lib.common.dynamic_creds [-] Dynamic test user f6bfac08423e42fea4a73b5fffe2a02b is created with scope project and roles: ['member']
2025-03-25 21:09:19.116 69053 INFO tempest.lib.common.dynamic_creds [-] Acquired dynamic creds: credentials: Credentials: {'domain_id': 'default', 'domain_name': 'Default', 'username': 'tempest-ServerRescueTestJSONUnderV235-686993144-project-member', 'project_domain_id': 'default', 'project_domain_name': 'Default', 'project_id': '2ccda1ceb7994db998546453a304a88c', 'project_name': 'tempest-ServerRescueTestJSONUnderV235-686993144', 'tenant_id': '2ccda1ceb7994db998546453a304a88c', 'tenant_name': 'tempest-ServerRescueTestJSONUnderV235-686993144', 'user_domain_id': 'default', 'user_domain_name': 'Default', 'user_id': 'f6bfac08423e42fea4a73b5fffe2a02b', 'system': None}, Network: None, Subnet: None, Router: None
2025-03-25 21:09:19.201 69053 INFO tempest.lib.common.rest_client [req-0b0eaa8f-3546-4bfc-bbaa-2742e67fa352 req-0b0eaa8f-3546-4bfc-bbaa-2742e67fa352 ] Request (ServerRescueTestJSONUnderV235:setUpClass): 201 POST http://10.180.1.21/identity/v3/auth/tokens 0.085s
2025-03-25 21:09:19.238 69045 INFO tempest.lib.common.rest_client [req-caaf0d3e-9a33-420f-836a-1dbbc83868dd req-caaf0d3e-9a33-420f-836a-1dbbc83868dd ] Request (VolumesAssistedSnapshotsTest:test_volume_assisted_snapshot_create_delete): 200 GET http://10.180.1.21/volume/v3/volumes/fe968aec-6b9c-41f8-b782-8fb2345c4ff1 0.045s
2025-03-25 21:09:19.275 69095 INFO tempest.lib.common.rest_client [req-7feb288c-5901-418b-87d9-de6cb096c0ad req-7feb288c-5901-418b-87d9-de6cb096c0ad ] Request (ServerRescueNegativeTestJSON:test_rescued_vm_attach_volume): 200 GET http://10.180.1.21/compute/v2.1/servers/6088f665-c9ce-4f89-afa0-15b0a4246e73 0.557s
2025-03-25 21:09:19.304 69081 INFO tempest.lib.common.rest_client [req-cb7d57e9-274f-4342-9e2f-f1a3bcfc1635 req-cb7d57e9-274f-4342-9e2f-f1a3bcfc1635 ] Request (SecurityGroupsTestJSON:test_security_groups_create_list_delete): 202 DELETE http://10.180.1.21/compute/v2.1/os-security-groups/51c45c4c-79b7-401c-9edc-03218b9de942 0.504s
2025-03-25 21:09:19.426 69035 INFO tempest.lib.common.rest_client [req-8e7bbd34-608b-46f0-97f8-4cad5ae23f12 req-8e7bbd34-608b-46f0-97f8-4cad5ae23f12 ] Request (AttachInterfacesUnderV243Test:test_add_remove_fixed_ip): 200 GET http://10.180.1.21/compute/v2.1/servers/aeb37306-003d-487f-897e-b1e952a63b2b 0.522s
2025-03-25 21:09:19.492 69053 INFO tempest.lib.common.rest_client [req-749bfff9-d425-48c5-b0b9-61fc97fa7966 req-749bfff9-d425-48c5-b0b9-61fc97fa7966 ] Request (ServerRescueTestJSONUnderV235:setUpClass): 201 POST http://10.180.1.21:9696/networking/v2.0/networks 0.290s
2025-03-25 21:09:19.547 69079 INFO tempest.lib.common.rest_client [req-683e256e-648e-4346-9384-2ae67a778c15 req-683e256e-648e-4346-9384-2ae67a778c15 ] Request (ListImageFiltersTestJSON:tearDownClass): 204 DELETE http://10.180.1.21/compute/v2.1/images/f50a6c0d-64c2-412c-a728-18659cd67cde 0.466s
2025-03-25 21:09:19.684 69053 INFO tempest.lib.common.rest_client [req-b01a7cd5-527e-42d0-a370-cb4fd4085e01 req-b01a7cd5-527e-42d0-a370-cb4fd4085e01 ] Request (ServerRescueTestJSONUnderV235:setUpClass): 201 POST http://10.180.1.21:9696/networking/v2.0/subnets 0.191s
2025-03-25 21:09:19.725 69041 INFO tempest.lib.common.rest_client [req-a42782dd-a637-4099-8851-42d32a2d4fe4 req-a42782dd-a637-4099-8851-42d32a2d4fe4 ] Request (ServersWithSpecificFlavorTestJSON:test_verify_created_server_ephemeral_disk): 200 GET http://10.180.1.21/compute/v2.1/servers/919ec8d0-942c-4b8b-a790-1c5633165e96 0.616s
2025-03-25 21:09:19.747 69093 INFO tempest.lib.common.rest_client [req-6392db24-e829-428f-b883-614e36b9d0e0 req-6392db24-e829-428f-b883-614e36b9d0e0 ] Request (FloatingIPsAssociationNegativeTestJSON:setUpClass): 200 GET http://10.180.1.21/compute/v2.1/servers/878df394-3d07-4c11-9e0a-3d1658ec914b 0.704s
2025-03-25 21:09:19.856 69069 INFO tempest.lib.common.rest_client [req-c6160132-6b5d-4223-abaf-7619e28022e5 req-c6160132-6b5d-4223-abaf-7619e28022e5 ] Request (AttachInterfacesTestJSON:test_create_list_show_delete_interfaces_by_fixed_ip): 200 GET http://10.180.1.21/compute/v2.1/servers/0692f6a0-4f8b-49ca-92a7-0a35f109ad01/os-interface 0.647s
2025-03-25 21:09:19.902 69081 INFO tempest.lib.common.rest_client [req-5a5be1f9-2d28-400b-a461-9536e87e595a req-5a5be1f9-2d28-400b-a461-9536e87e595a ] Request (SecurityGroupsTestJSON:test_security_groups_create_list_delete): 404 GET http://10.180.1.21/compute/v2.1/os-security-groups/51c45c4c-79b7-401c-9edc-03218b9de942 0.598s
2025-03-25 21:09:19.966 69067 INFO tempest.lib.common.rest_client [req-0e03ee46-8dd7-4bfb-ac2e-a067579fdd36 req-0e03ee46-8dd7-4bfb-ac2e-a067579fdd36 ] Request (MultipleCreateTestJSON:test_multiple_create_with_reservation_return): 200 GET http://10.180.1.21/compute/v2.1/servers/0e8ace00-38a5-4446-b311-41de21d00f19 0.494s
2025-03-25 21:09:20.030 69063 INFO tempest.lib.common.rest_client [req-fe83ac41-0bfe-4c75-97e3-fad8f5d0e0fd req-fe83ac41-0bfe-4c75-97e3-fad8f5d0e0fd ] Request (TenantUsagesTestJSON:setUpClass): 200 GET http://10.180.1.21/compute/v2.1/servers/4a169d58-62e0-44bb-95cd-63b72a497325 0.742s
2025-03-25 21:09:20.037 69043 INFO tempest.lib.common.rest_client [req-c3b89cf4-ad20-4e39-9904-997cce31babb req-c3b89cf4-ad20-4e39-9904-997cce31babb ] Request (MigrationsAdminTest:test_resize_server_revert_deleted_flavor): 200 GET http://10.180.1.21/compute/v2.1/servers/e48899a0-80fc-4db5-a7e9-a6fe813cd107 0.502s
2025-03-25 21:09:20.039 69063 INFO tempest.common.waiters [-] State transition "BUILD/None" ==> "BUILD/block_device_mapping" after 58 second wait
2025-03-25 21:09:20.145 69060 INFO tempest.lib.common.rest_client [req-aafe7d26-f46f-4f63-b225-e4d0002005c3 req-aafe7d26-f46f-4f63-b225-e4d0002005c3 ] Request (ServersListShow298Test:tearDownClass): 200 GET http://10.180.1.21/compute/v2.1/servers/e163e2ef-3849-470c-b11e-1a95f209817a 0.568s
2025-03-25 21:09:20.163 69079 INFO tempest.lib.common.rest_client [req-8c1641e6-c46b-494a-bedc-0a8fda0d4a69 req-8c1641e6-c46b-494a-bedc-0a8fda0d4a69 ] Request (ListImageFiltersTestJSON:tearDownClass): 204 DELETE http://10.180.1.21/compute/v2.1/images/6c46b099-e54b-4f08-ad24-01e30d34e03f 0.616s
2025-03-25 21:09:20.235 69033 INFO tempest.lib.common.rest_client [req-1b6b9e12-afa0-4938-928a-5d21b4d77f80 req-1b6b9e12-afa0-4938-928a-5d21b4d77f80 ] Request (ListServersNegativeTestJSON:setUpClass): 200 GET http://10.180.1.21/compute/v2.1/servers/8dd5ba09-7551-4739-a6c9-e605c8a37a5d 0.641s
2025-03-25 21:09:20.254 69061 INFO tempest.lib.common.rest_client [req-8c6f60fc-7bcd-4cd2-8920-29445fe30fe6 req-8c6f60fc-7bcd-4cd2-8920-29445fe30fe6 ] Request (ServersAdminNegativeTestJSON:tearDownClass): 200 GET http://10.180.1.21/compute/v2.1/servers/cdcd0e87-ef3e-4586-93c1-6115e7dddf61 0.606s
2025-03-25 21:09:20.287 69045 INFO tempest.lib.common.rest_client [req-1576944b-03e2-4f85-92f8-d0fce84047c8 req-1576944b-03e2-4f85-92f8-d0fce84047c8 ] Request (VolumesAssistedSnapshotsTest:test_volume_assisted_snapshot_create_delete): 200 GET http://10.180.1.21/volume/v3/volumes/fe968aec-6b9c-41f8-b782-8fb2345c4ff1 0.039s
2025-03-25 21:09:20.297 69045 INFO tempest.common.waiters [-] Attachment 1dca5616-24f9-41e1-96b2-4e472aa6ed7a created for volume fe968aec-6b9c-41f8-b782-8fb2345c4ff1 to server 2a61c3d1-0d4f-41f7-90b5-f8d4a24cf414 after waiting for 8.297320 seconds
2025-03-25 21:09:20.303 69071 INFO tempest.lib.common.rest_client [req-43e6f8f2-160b-46e0-ba6c-39906e0a2e91 req-43e6f8f2-160b-46e0-ba6c-39906e0a2e91 ] Request (FloatingIPsAssociationTestJSON:test_associate_already_associated_floating_ip): 200 GET http://10.180.1.21/compute/v2.1/servers/841f12a1-0df9-4800-89e3-372c0c8cb8ad 0.601s
2025-03-25 21:09:20.325 69055 INFO tempest.lib.common.rest_client [req-ed7538c6-af22-4e27-b7e6-3f0a08de1220 req-ed7538c6-af22-4e27-b7e6-3f0a08de1220 ] Request (ImagesOneServerTestJSON:tearDownClass): 200 GET http://10.180.1.21/compute/v2.1/servers/8169ebb6-ca7d-4645-bdf2-8b0e0ebb43cb 0.443s
2025-03-25 21:09:20.325 69045 INFO tempest.lib.common.rest_client [req-f2500368-3b45-4422-bbe8-474b0d1fe56a req-f2500368-3b45-4422-bbe8-474b0d1fe56a ] Request (VolumesAssistedSnapshotsTest:test_volume_assisted_snapshot_create_delete): 200 GET http://10.180.1.21/volume/v3/volumes/fe968aec-6b9c-41f8-b782-8fb2345c4ff1 0.028s
2025-03-25 21:09:20.332 69045 INFO tempest.common.waiters [-] volume fe968aec-6b9c-41f8-b782-8fb2345c4ff1 reached in-use after waiting for 0.332476 seconds
2025-03-25 21:09:20.417 69057 WARNING tempest.lib.common.ssh [-] Failed to establish authenticated ssh connection to cirros@10.180.180.245 ([Errno None] Unable to connect to port 22 on 10.180.180.245). Number attempts: 1. Retry after 2 seconds.: paramiko.ssh_exception.NoValidConnectionsError: [Errno None] Unable to connect to port 22 on 10.180.180.245
2025-03-25 21:09:20.462 69053 INFO tempest.lib.common.rest_client [req-87eda644-8a94-48ff-8b1e-86a8ee9860e7 req-87eda644-8a94-48ff-8b1e-86a8ee9860e7 ] Request (ServerRescueTestJSONUnderV235:setUpClass): 201 POST http://10.180.1.21:9696/networking/v2.0/routers 0.778s
2025-03-25 21:09:20.482 69083 INFO tempest.lib.common.rest_client [req-1825cea7-8b7a-4d40-8ca6-c3ae705a0c07 req-1825cea7-8b7a-4d40-8ca6-c3ae705a0c07 ] Request (ServerDiskConfigTestJSON:test_rebuild_server_with_manual_disk_config): 200 GET http://10.180.1.21/compute/v2.1/servers/f95e47e6-5f00-48d2-a13e-bb3ddb7e0a89 0.566s
2025-03-25 21:09:20.497 69081 INFO tempest.lib.common.rest_client [req-1905ff33-ef0d-4429-8dbb-045b11f01593 req-1905ff33-ef0d-4429-8dbb-045b11f01593 ] Request (SecurityGroupsTestJSON:test_security_groups_create_list_delete): 202 DELETE http://10.180.1.21/compute/v2.1/os-security-groups/0147f863-7a5b-40d2-9176-5ee172de6d24 0.594s
2025-03-25 21:09:20.515 69089 INFO tempest.lib.common.rest_client [req-2a8e4bcc-8ec7-4ff5-8310-6d0692c6abc9 req-2a8e4bcc-8ec7-4ff5-8310-6d0692c6abc9 ] Request (VolumesAdminNegativeTest:_run_cleanups): 200 GET http://10.180.1.21/compute/v2.1/servers/bb3852a4-3b97-41f1-a7ca-44cd849f9dc6/os-volume_attachments 0.570s
2025-03-25 21:09:20.574 69039 INFO tempest.lib.common.rest_client [req-2e6e4cc7-2cf9-4e3a-b238-2fbfa183767f req-2e6e4cc7-2cf9-4e3a-b238-2fbfa183767f ] Request (ImagesOneServerNegativeTestJSON:_run_cleanups): 200 GET http://10.180.1.21/compute/v2.1/servers/37b19313-0d33-485a-9071-e28612305bd8 0.495s
2025-03-25 21:09:20.661 69091 INFO tempest.lib.common.rest_client [req-d319e9a7-e48c-4452-92e8-90f972ce5800 req-d319e9a7-e48c-4452-92e8-90f972ce5800 ] Request (ServersTestJSON:test_create_server_with_ipv6_addr_only): 200 GET http://10.180.1.21/compute/v2.1/servers/21e6d789-fd35-41ae-bbd6-0b246b8788e9 0.651s
2025-03-25 21:09:20.682 69079 INFO tempest.lib.common.rest_client [req-6f247bdb-4419-4614-8da3-0a77b42775b0 req-6f247bdb-4419-4614-8da3-0a77b42775b0 ] Request (ListImageFiltersTestJSON:tearDownClass): 204 DELETE http://10.180.1.21/compute/v2.1/servers/65b3df6f-d0ec-4840-9aed-130e21f332e8 0.519s
2025-03-25 21:09:20.808 69095 INFO tempest.lib.common.rest_client [req-b1102581-df28-47de-9210-9231022a4d8a req-b1102581-df28-47de-9210-9231022a4d8a ] Request (ServerRescueNegativeTestJSON:test_rescued_vm_attach_volume): 200 GET http://10.180.1.21/compute/v2.1/servers/6088f665-c9ce-4f89-afa0-15b0a4246e73 0.523s
2025-03-25 21:09:20.930 69045 INFO tempest.lib.common.rest_client [req-9e12dd78-7d9e-4954-b3ad-01b8760a8d5b req-9e12dd78-7d9e-4954-b3ad-01b8760a8d5b ] Request (VolumesAssistedSnapshotsTest:test_volume_assisted_snapshot_create_delete): 200 POST http://10.180.1.21/compute/v2.1/os-assisted-volume-snapshots 0.598s
2025-03-25 21:09:20.963 69081 INFO tempest.lib.common.rest_client [req-158a4d86-9597-4396-97e9-79c5a5d549ef req-158a4d86-9597-4396-97e9-79c5a5d549ef ] Request (SecurityGroupsTestJSON:test_security_groups_create_list_delete): 404 GET http://10.180.1.21/compute/v2.1/os-security-groups/0147f863-7a5b-40d2-9176-5ee172de6d24 0.466s
2025-03-25 21:09:20.970 69035 INFO tempest.lib.common.rest_client [req-3c64106f-2eac-4470-8e5f-2aeef7aec20e req-3c64106f-2eac-4470-8e5f-2aeef7aec20e ] Request (AttachInterfacesUnderV243Test:test_add_remove_fixed_ip): 200 GET http://10.180.1.21/compute/v2.1/servers/aeb37306-003d-487f-897e-b1e952a63b2b 0.533s
2025-03-25 21:09:21.040 69041 INFO tempest.lib.common.rest_client [req-82f3eb1b-7fc5-40e6-bd66-8b5be5b43543 req-82f3eb1b-7fc5-40e6-bd66-8b5be5b43543 ] Request (ServersWithSpecificFlavorTestJSON:test_verify_created_server_ephemeral_disk): 200 GET http://10.180.1.21/compute/v2.1/servers/919ec8d0-942c-4b8b-a790-1c5633165e96 0.305s
2025-03-25 21:09:21.074 69079 INFO tempest.lib.common.rest_client [req-90c53715-0cc3-4a3e-bcf0-ba1b3b39532b req-90c53715-0cc3-4a3e-bcf0-ba1b3b39532b ] Request (ListImageFiltersTestJSON:tearDownClass): 200 GET http://10.180.1.21/compute/v2.1/servers/65b3df6f-d0ec-4840-9aed-130e21f332e8 0.392s
2025-03-25 21:09:21.165 69069 INFO tempest.lib.common.rest_client [req-d1c5e4d2-9e92-4933-add2-26590ada3a00 req-d1c5e4d2-9e92-4933-add2-26590ada3a00 ] Request (AttachInterfacesTestJSON:test_create_list_show_delete_interfaces_by_fixed_ip): 200 GET http://10.180.1.21/compute/v2.1/servers/0692f6a0-4f8b-49ca-92a7-0a35f109ad01/os-interface 0.305s
2025-03-25 21:09:21.173 69093 INFO tempest.lib.common.rest_client [req-2cadd14a-faf5-4211-8d24-e81a98df1640 req-2cadd14a-faf5-4211-8d24-e81a98df1640 ] Request (FloatingIPsAssociationNegativeTestJSON:setUpClass): 200 GET http://10.180.1.21/compute/v2.1/servers/878df394-3d07-4c11-9e0a-3d1658ec914b 0.418s
2025-03-25 21:09:21.199 69045 INFO tempest.lib.common.rest_client [req-82e0b7f8-9d4a-4b3a-8111-63b350a51c9a req-82e0b7f8-9d4a-4b3a-8111-63b350a51c9a ] Request (VolumesAssistedSnapshotsTest:test_volume_assisted_snapshot_create_delete): 204 DELETE http://10.180.1.21/compute/v2.1/os-assisted-volume-snapshots/None?delete_info=%7B%22volume_id%22%3A+%22fe968aec-6b9c-41f8-b782-8fb2345c4ff1%22%7D 0.268s
2025-03-25 21:09:21.247 69045 INFO tempest.lib.common.rest_client [req-51447342-63d6-4554-aa3f-1c15016a54d4 req-51447342-63d6-4554-aa3f-1c15016a54d4 ] Request (VolumesAssistedSnapshotsTest:_run_cleanups): 200 GET http://10.180.1.21/volume/v3/volumes/fe968aec-6b9c-41f8-b782-8fb2345c4ff1 0.048s
2025-03-25 21:09:21.265 69067 INFO tempest.lib.common.rest_client [req-02688762-8489-46a4-be34-91a6a240abaa req-02688762-8489-46a4-be34-91a6a240abaa ] Request (MultipleCreateTestJSON:test_multiple_create_with_reservation_return): 200 GET http://10.180.1.21/compute/v2.1/servers/0e8ace00-38a5-4446-b311-41de21d00f19 0.291s
2025-03-25 21:09:21.297 69053 INFO tempest.lib.common.rest_client [req-5859e86f-2118-46a1-9c79-09168d7480d7 req-5859e86f-2118-46a1-9c79-09168d7480d7 ] Request (ServerRescueTestJSONUnderV235:setUpClass): 200 PUT http://10.180.1.21:9696/networking/v2.0/routers/ea9311eb-0cda-4faf-aa70-22614d0fb45b/add_router_interface 0.834s
2025-03-25 21:09:21.297 69053 INFO tempest.lib.common.dynamic_creds [-] Created isolated network resources for: credentials: Credentials: {'domain_id': 'default', 'domain_name': 'Default', 'username': 'tempest-ServerRescueTestJSONUnderV235-686993144-project-member', 'project_domain_id': 'default', 'project_domain_name': 'Default', 'project_id': '2ccda1ceb7994db998546453a304a88c', 'project_name': 'tempest-ServerRescueTestJSONUnderV235-686993144', 'tenant_id': '2ccda1ceb7994db998546453a304a88c', 'tenant_name': 'tempest-ServerRescueTestJSONUnderV235-686993144', 'user_domain_id': 'default', 'user_domain_name': 'Default', 'user_id': 'f6bfac08423e42fea4a73b5fffe2a02b', 'system': None}, Network: {'id': '66a7e91e-0374-4594-a011-2738051d6c52', 'name': 'tempest-ServerRescueTestJSONUnderV235-308218131-network', 'tenant_id': '2ccda1ceb7994db998546453a304a88c', 'admin_state_up': True, 'mtu': 8950, 'status': 'ACTIVE', 'subnets': [], 'shared': False, 'project_id': '2ccda1ceb7994db998546453a304a88c', 'port_security_enabled': True, 'router:external': False, 'provider:network_type': 'vlan', 'provider:physical_network': 'default', 'provider:segmentation_id': 295, 'availability_zone_hints': [], 'availability_zones': [], 'ipv4_address_scope': None, 'ipv6_address_scope': None, 'description': '', 'tags': [], 'created_at': '2025-03-25T21:09:19Z', 'updated_at': '2025-03-25T21:09:19Z', 'revision_number': 1}, Subnet: {'id': 'f0da8cbd-68e9-4649-94e9-0918f3657848', 'name': 'tempest-ServerRescueTestJSONUnderV235-308218131-subnet', 'tenant_id': '2ccda1ceb7994db998546453a304a88c', 'network_id': '66a7e91e-0374-4594-a011-2738051d6c52', 'ip_version': 4, 'subnetpool_id': None, 'enable_dhcp': False, 'ipv6_ra_mode': None, 'ipv6_address_mode': None, 'gateway_ip': '192.168.128.1', 'cidr': '192.168.128.0/28', 'allocation_pools': [{'start': '192.168.128.2', 'end': '192.168.128.14'}], 'host_routes': [], 'dns_nameservers': [], 'description': '', 'router:external': False, 'service_types': [], 'tags': [], 'created_at': '2025-03-25T21:09:19Z', 'updated_at': '2025-03-25T21:09:19Z', 'revision_number': 0, 'project_id': '2ccda1ceb7994db998546453a304a88c'}, Router: {'id': 'ea9311eb-0cda-4faf-aa70-22614d0fb45b', 'name': 'tempest-ServerRescueTestJSONUnderV235-308218131-router', 'tenant_id': '2ccda1ceb7994db998546453a304a88c', 'admin_state_up': True, 'status': 'ACTIVE', 'external_gateway_info': {'network_id': '0a6d5309-7de6-4355-a96f-6c10411ba08a', 'external_fixed_ips': [{'subnet_id': '099d40e6-c3f7-4489-a21f-c1e63e4e0cd0', 'ip_address': '10.180.180.143'}], 'enable_snat': True}, 'description': '', 'availability_zones': [], 'distributed': False, 'ha': False, 'availability_zone_hints': [], 'routes': [], 'flavor_id': None, 'tags': [], 'created_at': '2025-03-25T21:09:19Z', 'updated_at': '2025-03-25T21:09:20Z', 'revision_number': 2, 'project_id': '2ccda1ceb7994db998546453a304a88c'}
2025-03-25 21:09:21.312 69047 WARNING tempest.lib.common.ssh [-] Failed to establish authenticated ssh connection to cirros@10.180.180.180 ([Errno None] Unable to connect to port 22 on 10.180.180.180). Number attempts: 4. Retry after 5 seconds.: paramiko.ssh_exception.NoValidConnectionsError: [Errno None] Unable to connect to port 22 on 10.180.180.180
2025-03-25 21:09:21.329 69081 INFO tempest.lib.common.rest_client [req-65c32f44-a1b4-4f34-bfb6-3e0b8850b7f4 req-65c32f44-a1b4-4f34-bfb6-3e0b8850b7f4 ] Request (SecurityGroupsTestJSON:test_security_groups_create_list_delete): 202 DELETE http://10.180.1.21/compute/v2.1/os-security-groups/d3d49ab9-019d-440f-a924-0e91e68bf272 0.365s
2025-03-25 21:09:21.373 69063 INFO tempest.lib.common.rest_client [req-a228dff2-4536-4ca0-85fa-ee710e123d7d req-a228dff2-4536-4ca0-85fa-ee710e123d7d ] Request (TenantUsagesTestJSON:setUpClass): 200 GET http://10.180.1.21/compute/v2.1/servers/4a169d58-62e0-44bb-95cd-63b72a497325 0.331s
2025-03-25 21:09:21.381 69063 INFO tempest.common.waiters [-] State transition "BUILD/block_device_mapping" ==> "BUILD/spawning" after 59 second wait
2025-03-25 21:09:21.394 69043 INFO tempest.lib.common.rest_client [req-24ad4d95-2925-4bd8-86db-cdf5af6c60c5 req-24ad4d95-2925-4bd8-86db-cdf5af6c60c5 ] Request (MigrationsAdminTest:test_resize_server_revert_deleted_flavor): 200 GET http://10.180.1.21/compute/v2.1/servers/e48899a0-80fc-4db5-a7e9-a6fe813cd107 0.340s
2025-03-25 21:09:21.395 69053 INFO tempest.lib.common.rest_client [req-c0bbd988-4530-4776-b797-a89755a85984 req-c0bbd988-4530-4776-b797-a89755a85984 ] Request (ServerRescueTestJSONUnderV235:setUpClass): 201 POST http://10.180.1.21/identity/v3/auth/tokens 0.094s
2025-03-25 21:09:21.428 69053 INFO tempest.lib.common.rest_client [req-b0ef9a9e-f363-427b-86f5-f011462cfa4d req-b0ef9a9e-f363-427b-86f5-f011462cfa4d ] Request (ServerRescueTestJSONUnderV235:setUpClass): 201 POST http://10.180.1.21/identity/v3/auth/tokens 0.029s
2025-03-25 21:09:21.429 69053 INFO tempest.lib.common.fixed_network [-] (ServerRescueTestJSONUnderV235:setUpClass) Found network {'id': '66a7e91e-0374-4594-a011-2738051d6c52', 'name': 'tempest-ServerRescueTestJSONUnderV235-308218131-network', 'tenant_id': '2ccda1ceb7994db998546453a304a88c', 'admin_state_up': True, 'mtu': 8950, 'status': 'ACTIVE', 'subnets': [], 'shared': False, 'project_id': '2ccda1ceb7994db998546453a304a88c', 'port_security_enabled': True, 'router:external': False, 'provider:network_type': 'vlan', 'provider:physical_network': 'default', 'provider:segmentation_id': 295, 'availability_zone_hints': [], 'availability_zones': [], 'ipv4_address_scope': None, 'ipv6_address_scope': None, 'description': '', 'tags': [], 'created_at': '2025-03-25T21:09:19Z', 'updated_at': '2025-03-25T21:09:19Z', 'revision_number': 1} available for tenant
2025-03-25 21:09:21.453 69033 INFO tempest.lib.common.rest_client [req-429bbddb-b2c2-4edf-a513-ea07c5c3fb79 req-429bbddb-b2c2-4edf-a513-ea07c5c3fb79 ] Request (ListServersNegativeTestJSON:setUpClass): 200 GET http://10.180.1.21/compute/v2.1/servers/8dd5ba09-7551-4739-a6c9-e605c8a37a5d 0.209s
2025-03-25 21:09:21.454 69060 INFO tempest.lib.common.rest_client [req-34725f7e-af4b-4419-b4a7-f94ae66b40e2 req-34725f7e-af4b-4419-b4a7-f94ae66b40e2 ] Request (ServersListShow298Test:tearDownClass): 200 GET http://10.180.1.21/compute/v2.1/servers/e163e2ef-3849-470c-b11e-1a95f209817a 0.285s
2025-03-25 21:09:21.514 69061 INFO tempest.lib.common.rest_client [req-9ac992e2-454b-4bc7-9408-8ff1e032b8fe req-9ac992e2-454b-4bc7-9408-8ff1e032b8fe ] Request (ServersAdminNegativeTestJSON:tearDownClass): 200 GET http://10.180.1.21/compute/v2.1/servers/cdcd0e87-ef3e-4586-93c1-6115e7dddf61 0.253s
2025-03-25 21:09:21.574 69071 INFO tempest.lib.common.rest_client [req-3bd46832-8c1e-4a73-a79a-1e3807e2c34b req-3bd46832-8c1e-4a73-a79a-1e3807e2c34b ] Request (FloatingIPsAssociationTestJSON:test_associate_already_associated_floating_ip): 200 GET http://10.180.1.21/compute/v2.1/servers/841f12a1-0df9-4800-89e3-372c0c8cb8ad 0.258s
2025-03-25 21:09:21.597 69081 INFO tempest.lib.common.rest_client [req-5524e6a4-a13b-46dc-b73b-cf93ea225133 req-5524e6a4-a13b-46dc-b73b-cf93ea225133 ] Request (SecurityGroupsTestJSON:test_security_groups_create_list_delete): 404 GET http://10.180.1.21/compute/v2.1/os-security-groups/d3d49ab9-019d-440f-a924-0e91e68bf272 0.267s
2025-03-25 21:09:21.620 69045 INFO tempest.lib.common.rest_client [req-0ccf64d7-d26f-4205-a647-b3eb64c41afc req-0ccf64d7-d26f-4205-a647-b3eb64c41afc ] Request (VolumesAssistedSnapshotsTest:_run_cleanups): 202 DELETE http://10.180.1.21/compute/v2.1/servers/2a61c3d1-0d4f-41f7-90b5-f8d4a24cf414/os-volume_attachments/fe968aec-6b9c-41f8-b782-8fb2345c4ff1 0.360s
2025-03-25 21:09:21.663 69055 INFO tempest.lib.common.rest_client [req-da4c882a-de75-42f3-b192-39026568c1e9 req-da4c882a-de75-42f3-b192-39026568c1e9 ] Request (ImagesOneServerTestJSON:tearDownClass): 200 GET http://10.180.1.21/compute/v2.1/servers/8169ebb6-ca7d-4645-bdf2-8b0e0ebb43cb 0.328s
2025-03-25 21:09:21.825 69083 INFO tempest.lib.common.rest_client [req-20f68552-65ae-46cd-89cc-71efd7416ff8 req-20f68552-65ae-46cd-89cc-71efd7416ff8 ] Request (ServerDiskConfigTestJSON:test_rebuild_server_with_manual_disk_config): 200 GET http://10.180.1.21/compute/v2.1/servers/f95e47e6-5f00-48d2-a13e-bb3ddb7e0a89 0.335s
2025-03-25 21:09:21.868 69089 INFO tempest.lib.common.rest_client [req-9ba54f01-581f-4779-993a-f659d8567124 req-9ba54f01-581f-4779-993a-f659d8567124 ] Request (VolumesAdminNegativeTest:_run_cleanups): 200 GET http://10.180.1.21/compute/v2.1/servers/bb3852a4-3b97-41f1-a7ca-44cd849f9dc6/os-volume_attachments 0.349s
2025-03-25 21:09:21.932 69039 INFO tempest.lib.common.rest_client [req-1fc328ef-a0aa-420f-a5aa-b5608a7f8c01 req-1fc328ef-a0aa-420f-a5aa-b5608a7f8c01 ] Request (ImagesOneServerNegativeTestJSON:_run_cleanups): 200 GET http://10.180.1.21/compute/v2.1/servers/37b19313-0d33-485a-9071-e28612305bd8 0.347s
2025-03-25 21:09:22.068 69081 INFO tempest.lib.common.rest_client [req-5fa9789c-2a56-450b-8898-31a430b90311 req-5fa9789c-2a56-450b-8898-31a430b90311 ] Request (SecurityGroupsTestJSON:test_security_groups_create_list_delete): 200 GET http://10.180.1.21/compute/v2.1/os-security-groups 0.471s
2025-03-25 21:09:22.106 69045 INFO tempest.lib.common.rest_client [req-e4250470-b4da-4b99-8903-ed752b68c83a req-e4250470-b4da-4b99-8903-ed752b68c83a ] Request (VolumesAssistedSnapshotsTest:_run_cleanups): 200 GET http://10.180.1.21/compute/v2.1/servers/2a61c3d1-0d4f-41f7-90b5-f8d4a24cf414/os-volume_attachments 0.485s
2025-03-25 21:09:22.126 69053 INFO tempest.lib.common.rest_client [req-fb398679-5d06-46f1-a713-7e5c763f66e4 req-fb398679-5d06-46f1-a713-7e5c763f66e4 ] Request (ServerRescueTestJSONUnderV235:setUpClass): 202 POST http://10.180.1.21/compute/v2.1/servers 0.696s
2025-03-25 21:09:22.214 69091 INFO tempest.lib.common.rest_client [req-731b1fd8-f56a-48cb-be3c-07a912255adc req-731b1fd8-f56a-48cb-be3c-07a912255adc ] Request (ServersTestJSON:test_create_server_with_ipv6_addr_only): 200 GET http://10.180.1.21/compute/v2.1/servers/21e6d789-fd35-41ae-bbd6-0b246b8788e9 0.539s
2025-03-25 21:09:22.275 69095 INFO tempest.lib.common.rest_client [req-63380d82-b1f8-4b7f-8b88-a58c22d15385 req-63380d82-b1f8-4b7f-8b88-a58c22d15385 ] Request (ServerRescueNegativeTestJSON:test_rescued_vm_attach_volume): 200 GET http://10.180.1.21/compute/v2.1/servers/6088f665-c9ce-4f89-afa0-15b0a4246e73 0.452s
2025-03-25 21:09:22.337 69041 INFO tempest.lib.common.rest_client [req-d4c0f212-2537-409f-80a2-da30568e404e req-d4c0f212-2537-409f-80a2-da30568e404e ] Request (ServersWithSpecificFlavorTestJSON:test_verify_created_server_ephemeral_disk): 200 GET http://10.180.1.21/compute/v2.1/servers/919ec8d0-942c-4b8b-a790-1c5633165e96 0.286s
2025-03-25 21:09:22.350 69035 INFO tempest.lib.common.rest_client [req-deeae4cb-ddb4-408b-8da6-1573a176aec7 req-deeae4cb-ddb4-408b-8da6-1573a176aec7 ] Request (AttachInterfacesUnderV243Test:test_add_remove_fixed_ip): 200 GET http://10.180.1.21/compute/v2.1/servers/aeb37306-003d-487f-897e-b1e952a63b2b 0.369s
2025-03-25 21:09:22.357 69035 INFO tempest.common.waiters [-] State transition "BUILD/spawning" ==> "ACTIVE/None" after 83 second wait
2025-03-25 21:09:22.470 69079 INFO tempest.lib.common.rest_client [req-26009b6a-f8c5-408c-8913-0ea2b116a165 req-26009b6a-f8c5-408c-8913-0ea2b116a165 ] Request (ListImageFiltersTestJSON:tearDownClass): 200 GET http://10.180.1.21/compute/v2.1/servers/65b3df6f-d0ec-4840-9aed-130e21f332e8 0.387s
2025-03-25 21:09:22.486 69081 INFO tempest.lib.common.rest_client [req-b0422ee2-0844-4bf3-b5a6-dacf8cdea8eb req-b0422ee2-0844-4bf3-b5a6-dacf8cdea8eb ] Request (SecurityGroupsTestJSON:test_server_security_groups): 200 POST http://10.180.1.21/compute/v2.1/os-security-groups 0.413s
2025-03-25 21:09:22.515 69053 INFO tempest.lib.common.rest_client [req-116e1ecb-3f67-47d3-a048-d2220d6a49aa req-116e1ecb-3f67-47d3-a048-d2220d6a49aa ] Request (ServerRescueTestJSONUnderV235:setUpClass): 200 GET http://10.180.1.21/compute/v2.1/servers/0b644c02-4920-4243-abda-1c556be22278 0.387s
2025-03-25 21:09:22.612 69069 INFO tempest.lib.common.rest_client [req-a0a63177-ebe7-4f49-adf9-9c9bf9e8f497 req-a0a63177-ebe7-4f49-adf9-9c9bf9e8f497 ] Request (AttachInterfacesTestJSON:test_create_list_show_delete_interfaces_by_fixed_ip): 200 GET http://10.180.1.21/compute/v2.1/servers/0692f6a0-4f8b-49ca-92a7-0a35f109ad01/os-interface 0.442s
2025-03-25 21:09:22.643 69093 INFO tempest.lib.common.rest_client [req-219168a6-fc79-48cd-a3bc-997be7799233 req-219168a6-fc79-48cd-a3bc-997be7799233 ] Request (FloatingIPsAssociationNegativeTestJSON:setUpClass): 200 GET http://10.180.1.21/compute/v2.1/servers/878df394-3d07-4c11-9e0a-3d1658ec914b 0.459s
2025-03-25 21:09:22.686 69067 INFO tempest.lib.common.rest_client [req-430c153c-d837-42d4-a4b1-05b1aaf5beea req-430c153c-d837-42d4-a4b1-05b1aaf5beea ] Request (MultipleCreateTestJSON:test_multiple_create_with_reservation_return): 200 GET http://10.180.1.21/compute/v2.1/servers/0e8ace00-38a5-4446-b311-41de21d00f19 0.413s
2025-03-25 21:09:22.825 69035 INFO tempest.lib.common.rest_client [req-5f297874-8ef5-4ef5-88fd-93e642d544ff req-5f297874-8ef5-4ef5-88fd-93e642d544ff ] Request (AttachInterfacesUnderV243Test:test_add_remove_fixed_ip): 200 GET http://10.180.1.21/compute/v2.1/servers/aeb37306-003d-487f-897e-b1e952a63b2b/os-interface 0.467s
2025-03-25 21:09:22.902 69043 INFO tempest.lib.common.rest_client [req-9903dbfc-dbae-40eb-8a0d-e83c14ee2de8 req-9903dbfc-dbae-40eb-8a0d-e83c14ee2de8 ] Request (MigrationsAdminTest:test_resize_server_revert_deleted_flavor): 200 GET http://10.180.1.21/compute/v2.1/servers/e48899a0-80fc-4db5-a7e9-a6fe813cd107 0.495s
2025-03-25 21:09:22.913 69063 INFO tempest.lib.common.rest_client [req-69039560-9c14-44c0-8e27-d681732230ae req-69039560-9c14-44c0-8e27-d681732230ae ] Request (TenantUsagesTestJSON:setUpClass): 200 GET http://10.180.1.21/compute/v2.1/servers/4a169d58-62e0-44bb-95cd-63b72a497325 0.531s
2025-03-25 21:09:22.967 69033 INFO tempest.lib.common.rest_client [req-10a766eb-8411-43da-89be-bf3a68880c9e req-10a766eb-8411-43da-89be-bf3a68880c9e ] Request (ListServersNegativeTestJSON:setUpClass): 200 GET http://10.180.1.21/compute/v2.1/servers/8dd5ba09-7551-4739-a6c9-e605c8a37a5d 0.503s
2025-03-25 21:09:23.005 69060 INFO tempest.lib.common.rest_client [req-c15115d1-2233-4764-a008-2a6831ee4677 req-c15115d1-2233-4764-a008-2a6831ee4677 ] Request (ServersListShow298Test:tearDownClass): 200 GET http://10.180.1.21/compute/v2.1/servers/e163e2ef-3849-470c-b11e-1a95f209817a 0.540s
2025-03-25 21:09:23.078 69061 INFO tempest.lib.common.rest_client [req-3e54c197-aff3-4454-ac47-d2644894973a req-3e54c197-aff3-4454-ac47-d2644894973a ] Request (ServersAdminNegativeTestJSON:tearDownClass): 200 GET http://10.180.1.21/compute/v2.1/servers/cdcd0e87-ef3e-4586-93c1-6115e7dddf61 0.550s
2025-03-25 21:09:23.143 69071 INFO tempest.lib.common.rest_client [req-f156e2d7-0377-41db-b636-a573a8646442 req-f156e2d7-0377-41db-b636-a573a8646442 ] Request (FloatingIPsAssociationTestJSON:test_associate_already_associated_floating_ip): 200 GET http://10.180.1.21/compute/v2.1/servers/841f12a1-0df9-4800-89e3-372c0c8cb8ad 0.557s
2025-03-25 21:09:23.171 69081 INFO tempest.lib.common.rest_client [req-ec90f86c-bd73-49ee-b932-65c00d6b296f req-ec90f86c-bd73-49ee-b932-65c00d6b296f ] Request (SecurityGroupsTestJSON:test_server_security_groups): 200 POST http://10.180.1.21/compute/v2.1/os-security-groups 0.682s
2025-03-25 21:09:23.218 69055 INFO tempest.lib.common.rest_client [req-cf32ba34-8adb-464e-a95b-240f835ca5ea req-cf32ba34-8adb-464e-a95b-240f835ca5ea ] Request (ImagesOneServerTestJSON:tearDownClass): 200 GET http://10.180.1.21/compute/v2.1/servers/8169ebb6-ca7d-4645-bdf2-8b0e0ebb43cb 0.546s
2025-03-25 21:09:23.253 69089 INFO tempest.lib.common.rest_client [req-08b23df7-2d5d-4c97-b8e6-cbcdd787503d req-08b23df7-2d5d-4c97-b8e6-cbcdd787503d ] Request (VolumesAdminNegativeTest:_run_cleanups): 200 GET http://10.180.1.21/compute/v2.1/servers/bb3852a4-3b97-41f1-a7ca-44cd849f9dc6/os-volume_attachments 0.383s
2025-03-25 21:09:23.264 69075 WARNING tempest.lib.common.ssh [-] Failed to establish authenticated ssh connection to cirros@10.180.180.158 ([Errno None] Unable to connect to port 22 on 10.180.180.158). Number attempts: 5. Retry after 6 seconds.: paramiko.ssh_exception.NoValidConnectionsError: [Errno None] Unable to connect to port 22 on 10.180.180.158
2025-03-25 21:09:23.281 69081 INFO tempest.lib.common.rest_client [req-85586f2c-51fa-43b1-a3ef-9d9bb2e99ed3 req-85586f2c-51fa-43b1-a3ef-9d9bb2e99ed3 ] Request (SecurityGroupsTestJSON:test_server_security_groups): 201 POST http://10.180.1.21/identity/v3/auth/tokens 0.101s
2025-03-25 21:09:23.282 69081 INFO tempest.lib.common.fixed_network [-] (SecurityGroupsTestJSON:test_server_security_groups) Found network {'id': '791edd60-0021-4283-9e68-75df1bac3f73', 'name': 'tempest-SecurityGroupsTestJSON-1833139530-network', 'tenant_id': '52c96196ae744ab7b7b4c93ac17d43cb', 'admin_state_up': True, 'mtu': 8950, 'status': 'ACTIVE', 'subnets': [], 'shared': False, 'project_id': '52c96196ae744ab7b7b4c93ac17d43cb', 'port_security_enabled': True, 'router:external': False, 'provider:network_type': 'vlan', 'provider:physical_network': 'default', 'provider:segmentation_id': 185, 'availability_zone_hints': [], 'availability_zones': [], 'ipv4_address_scope': None, 'ipv6_address_scope': None, 'description': '', 'tags': [], 'created_at': '2025-03-25T21:07:39Z', 'updated_at': '2025-03-25T21:07:39Z', 'revision_number': 1} available for tenant
2025-03-25 21:09:23.303 69089 INFO tempest.lib.common.rest_client [req-53231429-c1f5-4a84-8a90-99ca5293baad req-53231429-c1f5-4a84-8a90-99ca5293baad ] Request (VolumesAdminNegativeTest:_run_cleanups): 200 GET http://10.180.1.21/volume/v3/volumes/325707a4-eac8-4f6e-ab98-be2e45bfa7e4 0.048s
2025-03-25 21:09:23.314 69089 INFO tempest.common.waiters [-] volume 325707a4-eac8-4f6e-ab98-be2e45bfa7e4 reached available after waiting for 0.314150 seconds
2025-03-25 21:09:23.340 69039 INFO tempest.lib.common.rest_client [req-4f691791-ca69-45e6-ab20-42d91363101d req-4f691791-ca69-45e6-ab20-42d91363101d ] Request (ImagesOneServerNegativeTestJSON:_run_cleanups): 200 GET http://10.180.1.21/compute/v2.1/servers/37b19313-0d33-485a-9071-e28612305bd8 0.401s
2025-03-25 21:09:23.346 69083 INFO tempest.lib.common.rest_client [req-a9d0002a-bbd3-404a-9ed6-54a91ef6327c req-a9d0002a-bbd3-404a-9ed6-54a91ef6327c ] Request (ServerDiskConfigTestJSON:test_rebuild_server_with_manual_disk_config): 200 GET http://10.180.1.21/compute/v2.1/servers/f95e47e6-5f00-48d2-a13e-bb3ddb7e0a89 0.511s
2025-03-25 21:09:23.348 69039 INFO tempest.common.waiters [-] State transition "BUILD/scheduling" ==> "BUILD/None" after 44 second wait
2025-03-25 21:09:23.386 69045 INFO tempest.lib.common.rest_client [req-41d71bf3-376e-4e40-bcd6-b839032d63fd req-41d71bf3-376e-4e40-bcd6-b839032d63fd ] Request (VolumesAssistedSnapshotsTest:_run_cleanups): 200 GET http://10.180.1.21/compute/v2.1/servers/2a61c3d1-0d4f-41f7-90b5-f8d4a24cf414/os-volume_attachments 0.278s
2025-03-25 21:09:23.396 69089 INFO tempest.lib.common.rest_client [req-3c6a9c3f-7349-4e76-8dfc-69f644266b87 req-3c6a9c3f-7349-4e76-8dfc-69f644266b87 ] Request (VolumesAdminNegativeTest:test_update_attached_volume_with_nonexistent_volume_in_uri): 201 POST http://10.180.1.21/identity/v3/auth/tokens 0.076s
2025-03-25 21:09:23.396 69089 INFO tempest.lib.common.fixed_network [-] (VolumesAdminNegativeTest:test_update_attached_volume_with_nonexistent_volume_in_uri) Found network {'id': '41a25aa1-95db-4305-bf6c-4afc4ecd7cec', 'name': 'tempest-VolumesAdminNegativeTest-1403440902-network', 'tenant_id': '6e780c3763d0453992d9677c29e60a23', 'admin_state_up': True, 'mtu': 8950, 'status': 'ACTIVE', 'subnets': [], 'shared': False, 'project_id': '6e780c3763d0453992d9677c29e60a23', 'port_security_enabled': True, 'router:external': False, 'provider:network_type': 'vlan', 'provider:physical_network': 'default', 'provider:segmentation_id': 131, 'availability_zone_hints': [], 'availability_zones': [], 'ipv4_address_scope': None, 'ipv6_address_scope': None, 'description': '', 'tags': [], 'created_at': '2025-03-25T21:06:39Z', 'updated_at': '2025-03-25T21:06:39Z', 'revision_number': 1} available for tenant
2025-03-25 21:09:23.521 69091 INFO tempest.lib.common.rest_client [req-21d05581-9dc3-46d9-af9a-1ee69cd7786b req-21d05581-9dc3-46d9-af9a-1ee69cd7786b ] Request (ServersTestJSON:test_create_server_with_ipv6_addr_only): 200 GET http://10.180.1.21/compute/v2.1/servers/21e6d789-fd35-41ae-bbd6-0b246b8788e9 0.298s
2025-03-25 21:09:23.570 69035 INFO tempest.lib.common.rest_client [req-2920f377-503f-4fa3-8c88-0b1e8194b656 req-2920f377-503f-4fa3-8c88-0b1e8194b656 ] Request (AttachInterfacesUnderV243Test:test_add_remove_fixed_ip): 200 PUT http://10.180.1.21:9696/networking/v2.0/floatingips/45850c7b-21da-4aea-8cc4-68819da615d4 0.742s
2025-03-25 21:09:23.763 69095 INFO tempest.lib.common.rest_client [req-7d81b5ee-8337-412d-ad5a-442cc0e3a50a req-7d81b5ee-8337-412d-ad5a-442cc0e3a50a ] Request (ServerRescueNegativeTestJSON:test_rescued_vm_attach_volume): 200 GET http://10.180.1.21/compute/v2.1/servers/6088f665-c9ce-4f89-afa0-15b0a4246e73 0.474s
2025-03-25 21:09:23.834 69041 INFO tempest.lib.common.rest_client [req-f03d3674-3528-4a48-bca6-35aae5eeb13c req-f03d3674-3528-4a48-bca6-35aae5eeb13c ] Request (ServersWithSpecificFlavorTestJSON:test_verify_created_server_ephemeral_disk): 200 GET http://10.180.1.21/compute/v2.1/servers/919ec8d0-942c-4b8b-a790-1c5633165e96 0.489s
2025-03-25 21:09:23.969 69081 INFO tempest.lib.common.rest_client [req-762baf3d-2beb-42fe-930d-8c2170b22b3b req-762baf3d-2beb-42fe-930d-8c2170b22b3b ] Request (SecurityGroupsTestJSON:test_server_security_groups): 202 POST http://10.180.1.21/compute/v2.1/servers 0.687s
2025-03-25 21:09:24.035 69079 INFO tempest.lib.common.rest_client [req-750fef15-05ce-4fcd-b4f4-227ab0e80ac9 req-750fef15-05ce-4fcd-b4f4-227ab0e80ac9 ] Request (ListImageFiltersTestJSON:tearDownClass): 200 GET http://10.180.1.21/compute/v2.1/servers/65b3df6f-d0ec-4840-9aed-130e21f332e8 0.557s
2025-03-25 21:09:24.096 69053 INFO tempest.lib.common.rest_client [req-33a59743-2767-4388-a907-92087e8a3bfa req-33a59743-2767-4388-a907-92087e8a3bfa ] Request (ServerRescueTestJSONUnderV235:setUpClass): 200 GET http://10.180.1.21/compute/v2.1/servers/0b644c02-4920-4243-abda-1c556be22278 0.574s
2025-03-25 21:09:24.217 69089 INFO tempest.lib.common.rest_client [req-aab2f080-4c93-48b2-ae4a-598769299d01 req-aab2f080-4c93-48b2-ae4a-598769299d01 ] Request (VolumesAdminNegativeTest:test_update_attached_volume_with_nonexistent_volume_in_uri): 202 POST http://10.180.1.21/compute/v2.1/servers 0.820s
2025-03-25 21:09:24.221 69035 INFO tempest.lib.common.rest_client [req-1a82c07e-7c3d-4ff5-bab6-24efe0280195 req-1a82c07e-7c3d-4ff5-bab6-24efe0280195 ] Request (AttachInterfacesUnderV243Test:test_add_remove_fixed_ip): 200 GET http://10.180.1.21/compute/v2.1/servers/aeb37306-003d-487f-897e-b1e952a63b2b 0.650s
2025-03-25 21:09:24.231 69035 INFO tempest.lib.common.ssh [-] Creating ssh connection to '10.180.180.179:22' as 'cirros' with public key authentication
2025-03-25 21:09:24.306 69069 INFO tempest.lib.common.rest_client [req-76a710de-23cb-4f1a-96df-613fd095c29e req-76a710de-23cb-4f1a-96df-613fd095c29e ] Request (AttachInterfacesTestJSON:test_create_list_show_delete_interfaces_by_fixed_ip): 200 GET http://10.180.1.21/compute/v2.1/servers/0692f6a0-4f8b-49ca-92a7-0a35f109ad01/os-interface 0.690s
2025-03-25 21:09:24.328 69069 INFO tempest.lib.common.rest_client [req-54d3fe7d-e2ce-4a10-9d2a-1d8a63435ca3 req-54d3fe7d-e2ce-4a10-9d2a-1d8a63435ca3 ] Request (AttachInterfacesTestJSON:_run_cleanups): 404 DELETE http://10.180.1.21:9696/networking/v2.0/ports/08af764f-fe2d-4e2d-b39b-dd4a50d5bc16 0.018s
2025-03-25 21:09:24.368 69067 INFO tempest.lib.common.rest_client [req-218a1ae5-238b-4118-a52f-b6e5f52f9e08 req-218a1ae5-238b-4118-a52f-b6e5f52f9e08 ] Request (MultipleCreateTestJSON:test_multiple_create_with_reservation_return): 200 GET http://10.180.1.21/compute/v2.1/servers/0e8ace00-38a5-4446-b311-41de21d00f19 0.673s
2025-03-25 21:09:24.382 69093 INFO tempest.lib.common.rest_client [req-77ac1bb4-9487-451f-b38e-c745ba35cb4c req-77ac1bb4-9487-451f-b38e-c745ba35cb4c ] Request (FloatingIPsAssociationNegativeTestJSON:setUpClass): 200 GET http://10.180.1.21/compute/v2.1/servers/878df394-3d07-4c11-9e0a-3d1658ec914b 0.726s
