2025-03-25 21:07:00.270 69071 INFO tempest.lib.common.rest_client [req-a0529c8f-8923-4406-8206-0894495c4cc4 req-a0529c8f-8923-4406-8206-0894495c4cc4 ] Request (ServerDiagnosticsTest:test_get_server_diagnostics): 200 GET http://10.180.1.21/compute/v2.1/servers/24b8c78d-848a-4558-8b27-0c64205df61c 0.882s
2025-03-25 21:07:00.279 69033 INFO tempest.lib.common.rest_client [req-b4b192cf-f0df-4831-8468-7c0cc949766a req-b4b192cf-f0df-4831-8468-7c0cc949766a ] Request (QuotasAdminTestV257:test_get_updated_quotas): 200 GET http://10.180.1.21/compute/v2.1/os-quota-sets/b6df8ca496914c96845cbf632853e102?user_id=a1710b6350884a77a3f47315a89525e3 0.977s
2025-03-25 21:07:00.304 69067 INFO tempest.lib.common.rest_client [req-1029bd0b-c267-487e-b85d-66d4c167c274 req-1029bd0b-c267-487e-b85d-66d4c167c274 ] Request (ServicesAdminNegativeV253TestJSON:tearDownClass): 204 DELETE http://10.180.1.21/identity/v3/users/c76167c1295f431aaab8cdfe793b6f41 0.202s
2025-03-25 21:07:00.309 69060 INFO tempest.lib.common.rest_client [req-b391efd5-6bfb-46d1-a60c-ecda283f7343 req-b391efd5-6bfb-46d1-a60c-ecda283f7343 ] Request (KeyPairsNegativeTestJSON:test_keypair_create_with_invalid_pub_key): 400 POST http://10.180.1.21/compute/v2.1/os-keypairs 0.836s
2025-03-25 21:07:00.318 69049 INFO tempest.lib.common.rest_client [req-46db50cb-5f31-45ca-a764-89f90271a060 req-46db50cb-5f31-45ca-a764-89f90271a060 ] Request (InstanceUsageAuditLogTestJSON:setUpClass): 201 POST http://10.180.1.21/identity/v3/auth/tokens 0.186s
2025-03-25 21:07:00.340 69037 INFO tempest.lib.common.rest_client [req-d70aacbc-395d-4d9b-bdc2-177b13819ee7 req-d70aacbc-395d-4d9b-bdc2-177b13819ee7 ] Request (FlavorsAdminTestJSON:_run_cleanups): 200 GET http://10.180.1.21/compute/v2.1/flavors/detail 0.851s
2025-03-25 21:07:00.358 69035 INFO tempest.lib.common.rest_client [req-21e9126b-f544-40cd-ad4a-1997878af0fa req-21e9126b-f544-40cd-ad4a-1997878af0fa ] Request (HostsAdminNegativeTestJSON:test_reboot_nonexistent_host): 404 GET http://10.180.1.21/compute/v2.1/os-hosts/nonexistent_hostname/reboot 0.862s
2025-03-25 21:07:00.385 69075 INFO tempest.lib.common.rest_client [req-84223cde-e3b2-40ae-a593-1058170469ed req-84223cde-e3b2-40ae-a593-1058170469ed ] Request (QuotasAdminTestJSON:setUpClass): 201 POST http://10.180.1.21/identity/v3/auth/tokens 0.224s
2025-03-25 21:07:00.399 69079 INFO tempest.lib.common.rest_client [req-f5df051a-3190-47a6-9394-7591a8876bc5 req-f5df051a-3190-47a6-9394-7591a8876bc5 ] Request (ListImageFiltersTestJSON:setUpClass): 200 GET http://10.180.1.21/compute/v2.1/images/cf36be7a-9c1f-4f99-8a17-f07f2e5c3dd1 0.758s
2025-03-25 21:07:00.403 69081 INFO tempest.lib.common.rest_client [req-9ce7c142-5878-4e1f-8881-cedf6337ec22 req-9ce7c142-5878-4e1f-8881-cedf6337ec22 ] Request (QuotasAdminNegativeTest:setUpClass): 200 GET http://10.180.1.21/identity/v3/roles 0.178s
2025-03-25 21:07:00.416 69055 INFO tempest.lib.common.rest_client [req-3ac02bc3-948a-4bc9-a733-9b70938b89fb req-3ac02bc3-948a-4bc9-a733-9b70938b89fb ] Request (ImagesMetadataTestJSON:setUp): 200 PUT http://10.180.1.21/compute/v2.1/images/e800265b-c637-43fb-b628-d9a7875614e9/metadata 0.948s
2025-03-25 21:07:00.421 69065 INFO tempest.lib.common.rest_client [req-c3f555f1-b8f0-48b2-90d5-afae19a63fd7 req-c3f555f1-b8f0-48b2-90d5-afae19a63fd7 ] Request (FlavorsAccessTestJSON:_run_cleanups): 202 DELETE http://10.180.1.21/compute/v2.1/flavors/1695843688 0.674s
2025-03-25 21:07:00.439 69047 INFO tempest.lib.common.rest_client [req-d3ef9014-4c42-4200-adc6-97e799568463 req-d3ef9014-4c42-4200-adc6-97e799568463 ] Request (ServicesAdminNegativeTestJSON:test_get_service_by_invalid_service_and_valid_host): 200 GET http://10.180.1.21/compute/v2.1/os-services 0.657s
2025-03-25 21:07:00.447 69073 INFO tempest.lib.common.rest_client [req-f94c7c26-33cd-4a24-b032-380a3cd946e1 req-f94c7c26-33cd-4a24-b032-380a3cd946e1 ] Request (FlavorsV261TestJSON:tearDownClass): 204 DELETE http://10.180.1.21/identity/v3/projects/9cffc9e6592847d1aa09ee3a14f30cd8 0.199s
2025-03-25 21:07:00.469 69091 INFO tempest.lib.common.rest_client [req-2fdf651f-3e4d-44fd-80ac-295516f6294a req-2fdf651f-3e4d-44fd-80ac-295516f6294a ] Request (HostsAdminTestJSON:test_show_host_detail): 200 GET http://10.180.1.21/compute/v2.1/os-hosts/cpu-1 0.663s
2025-03-25 21:07:00.484 69039 INFO tempest.lib.common.rest_client [req-0690809f-7312-4204-957c-6a9d0d562333 req-0690809f-7312-4204-957c-6a9d0d562333 ] Request (ImagesOneServerNegativeTestJSON:setUpClass): 200 GET http://10.180.1.21/compute/v2.1/servers/8994668a-555f-49e2-b428-94a8120859c9 0.680s
2025-03-25 21:07:00.501 69057 INFO tempest.lib.common.rest_client [req-9d759456-a1c9-4b5b-a48f-ffe8f44ae1c8 req-9d759456-a1c9-4b5b-a48f-ffe8f44ae1c8 ] Request (AggregatesAdminNegativeTestJSON:test_aggregate_add_non_exist_host): 200 POST http://10.180.1.21/compute/v2.1/os-aggregates 0.669s
2025-03-25 21:07:00.518 69083 INFO tempest.lib.common.rest_client [req-ad136eb0-f054-48a9-a6e9-b547f1d95e0f req-ad136eb0-f054-48a9-a6e9-b547f1d95e0f ] Request (ServerDiskConfigTestJSON:setUpClass): 200 PUT http://10.180.1.21:9696/networking/v2.0/routers/1bbe9549-5eb1-4390-8083-b09c5d707300/add_router_interface 2.559s
2025-03-25 21:07:00.518 69083 INFO tempest.lib.common.dynamic_creds [-] Created isolated network resources for: credentials: Credentials: {'domain_id': 'default', 'domain_name': 'Default', 'username': 'tempest-ServerDiskConfigTestJSON-168564955-project-member', 'project_domain_id': 'default', 'project_domain_name': 'Default', 'project_id': 'ebfbf1f29b1441369435d285b645407e', 'project_name': 'tempest-ServerDiskConfigTestJSON-168564955', 'tenant_id': 'ebfbf1f29b1441369435d285b645407e', 'tenant_name': 'tempest-ServerDiskConfigTestJSON-168564955', 'user_domain_id': 'default', 'user_domain_name': 'Default', 'user_id': '2ce47ac40ad747e3b303e0ee7e14e7f9', 'system': None}, Network: {'id': '46062fbc-1dc2-4d03-b43c-b51cd3555b47', 'name': 'tempest-ServerDiskConfigTestJSON-564051921-network', 'tenant_id': 'ebfbf1f29b1441369435d285b645407e', 'admin_state_up': True, 'mtu': 8950, 'status': 'ACTIVE', 'subnets': [], 'shared': False, 'project_id': 'ebfbf1f29b1441369435d285b645407e', 'port_security_enabled': True, 'router:external': False, 'provider:network_type': 'vlan', 'provider:physical_network': 'default', 'provider:segmentation_id': 476, 'availability_zone_hints': [], 'availability_zones': [], 'ipv4_address_scope': None, 'ipv6_address_scope': None, 'description': '', 'tags': [], 'created_at': '2025-03-25T21:06:56Z', 'updated_at': '2025-03-25T21:06:56Z', 'revision_number': 1}, Subnet: {'id': '5b78ff6b-941b-4d48-a6eb-d5de00d1231a', 'name': 'tempest-ServerDiskConfigTestJSON-564051921-subnet', 'tenant_id': 'ebfbf1f29b1441369435d285b645407e', 'network_id': '46062fbc-1dc2-4d03-b43c-b51cd3555b47', 'ip_version': 4, 'subnetpool_id': None, 'enable_dhcp': True, 'ipv6_ra_mode': None, 'ipv6_address_mode': None, 'gateway_ip': '192.168.128.1', 'cidr': '192.168.128.0/28', 'allocation_pools': [{'start': '192.168.128.2', 'end': '192.168.128.14'}], 'host_routes': [], 'dns_nameservers': [], 'description': '', 'router:external': False, 'service_types': [], 'tags': [], 'created_at': '2025-03-25T21:06:56Z', 'updated_at': '2025-03-25T21:06:56Z', 'revision_number': 0, 'project_id': 'ebfbf1f29b1441369435d285b645407e'}, Router: {'id': '1bbe9549-5eb1-4390-8083-b09c5d707300', 'name': 'tempest-ServerDiskConfigTestJSON-564051921-router', 'tenant_id': 'ebfbf1f29b1441369435d285b645407e', 'admin_state_up': True, 'status': 'ACTIVE', 'external_gateway_info': {'network_id': '0a6d5309-7de6-4355-a96f-6c10411ba08a', 'external_fixed_ips': [{'subnet_id': '099d40e6-c3f7-4489-a21f-c1e63e4e0cd0', 'ip_address': '10.180.180.153'}], 'enable_snat': True}, 'description': '', 'availability_zones': [], 'distributed': False, 'ha': False, 'availability_zone_hints': [], 'routes': [], 'flavor_id': None, 'tags': [], 'created_at': '2025-03-25T21:06:57Z', 'updated_at': '2025-03-25T21:06:57Z', 'revision_number': 2, 'project_id': 'ebfbf1f29b1441369435d285b645407e'}
2025-03-25 21:07:00.521 69051 INFO tempest.lib.common.rest_client [req-35eaca96-9139-4a57-b04a-4b5121941936 req-35eaca96-9139-4a57-b04a-4b5121941936 ] Request (FlavorsAccessNegativeTestJSON:_run_cleanups): 200 GET http://10.180.1.21/compute/v2.1/flavors/detail 0.672s
2025-03-25 21:07:00.524 69077 INFO tempest.lib.common.rest_client [req-937a4068-afc1-4488-8154-577707d3a261 req-937a4068-afc1-4488-8154-577707d3a261 ] Request (ImagesDeleteNegativeTestJSON:test_delete_non_existent_image): 404 DELETE http://10.180.1.21/compute/v2.1/images/cd0918df-1cea-4981-a2d3-e2f577aa64ae 0.654s
2025-03-25 21:07:00.543 69033 INFO tempest.lib.common.rest_client [req-65393e72-afca-423c-a3b5-0021e1d4c9dc req-65393e72-afca-423c-a3b5-0021e1d4c9dc ] Request (QuotasAdminTestV257:_run_cleanups): 204 DELETE http://10.180.1.21/identity/v3/users/a1710b6350884a77a3f47315a89525e3 0.263s
2025-03-25 21:07:00.566 69041 INFO tempest.lib.common.rest_client [req-4614a426-14cc-4fe1-9f19-d400cf505b15 req-4614a426-14cc-4fe1-9f19-d400cf505b15 ] Request (ValidationResourcesFixture:setUp): 200 POST http://10.180.1.21/compute/v2.1/os-keypairs 0.659s
2025-03-25 21:07:00.572 69067 INFO tempest.lib.common.rest_client [req-9a6b68c5-4c2d-4f96-b800-dcbb65289a85 req-9a6b68c5-4c2d-4f96-b800-dcbb65289a85 ] Request (ServicesAdminNegativeV253TestJSON:tearDownClass): 204 DELETE http://10.180.1.21/identity/v3/users/9272891f5d7e46b4914884ecf268073c 0.268s
2025-03-25 21:07:00.572 69067 INFO tempest.lib.common.dynamic_creds [-] Deleting project and security group for project: 523d8e05e40f40fd9aa80840e3e08587
2025-03-25 21:07:00.617 69085 INFO tempest.lib.common.rest_client [req-4af0096c-b0e3-4bd3-9850-b991bd8e9587 req-4af0096c-b0e3-4bd3-9850-b991bd8e9587 ] Request (FloatingIPDetailsTestJSON:setUpClass): 200 PUT http://10.180.1.21:9696/networking/v2.0/routers/ff85b73a-913d-4893-92a4-39ea81fd9367/add_router_interface 2.525s
2025-03-25 21:07:00.617 69085 INFO tempest.lib.common.dynamic_creds [-] Created isolated network resources for: credentials: Credentials: {'domain_id': 'default', 'domain_name': 'Default', 'username': 'tempest-FloatingIPDetailsTestJSON-2020041762-project-member', 'project_domain_id': 'default', 'project_domain_name': 'Default', 'project_id': '1e13a81363dc4cc9896d9a44215125e1', 'project_name': 'tempest-FloatingIPDetailsTestJSON-2020041762', 'tenant_id': '1e13a81363dc4cc9896d9a44215125e1', 'tenant_name': 'tempest-FloatingIPDetailsTestJSON-2020041762', 'user_domain_id': 'default', 'user_domain_name': 'Default', 'user_id': '9ab0578eb7284ee9b884aca8f72be09f', 'system': None}, Network: {'id': '790bece7-ca4b-4e4c-a500-690538e29434', 'name': 'tempest-FloatingIPDetailsTestJSON-355342532-network', 'tenant_id': '1e13a81363dc4cc9896d9a44215125e1', 'admin_state_up': True, 'mtu': 8950, 'status': 'ACTIVE', 'subnets': [], 'shared': False, 'project_id': '1e13a81363dc4cc9896d9a44215125e1', 'port_security_enabled': True, 'router:external': False, 'provider:network_type': 'vlan', 'provider:physical_network': 'default', 'provider:segmentation_id': 24, 'availability_zone_hints': [], 'availability_zones': [], 'ipv4_address_scope': None, 'ipv6_address_scope': None, 'description': '', 'tags': [], 'created_at': '2025-03-25T21:06:56Z', 'updated_at': '2025-03-25T21:06:56Z', 'revision_number': 1}, Subnet: {'id': 'b0021ab2-084a-4668-98a2-89fb3c1e7f4a', 'name': 'tempest-FloatingIPDetailsTestJSON-355342532-subnet', 'tenant_id': '1e13a81363dc4cc9896d9a44215125e1', 'network_id': '790bece7-ca4b-4e4c-a500-690538e29434', 'ip_version': 4, 'subnetpool_id': None, 'enable_dhcp': True, 'ipv6_ra_mode': None, 'ipv6_address_mode': None, 'gateway_ip': '192.168.128.1', 'cidr': '192.168.128.0/28', 'allocation_pools': [{'start': '192.168.128.2', 'end': '192.168.128.14'}], 'host_routes': [], 'dns_nameservers': [], 'description': '', 'router:external': False, 'service_types': [], 'tags': [], 'created_at': '2025-03-25T21:06:57Z', 'updated_at': '2025-03-25T21:06:57Z', 'revision_number': 0, 'project_id': '1e13a81363dc4cc9896d9a44215125e1'}, Router: {'id': 'ff85b73a-913d-4893-92a4-39ea81fd9367', 'name': 'tempest-FloatingIPDetailsTestJSON-355342532-router', 'tenant_id': '1e13a81363dc4cc9896d9a44215125e1', 'admin_state_up': True, 'status': 'ACTIVE', 'external_gateway_info': {'network_id': '0a6d5309-7de6-4355-a96f-6c10411ba08a', 'external_fixed_ips': [{'subnet_id': '099d40e6-c3f7-4489-a21f-c1e63e4e0cd0', 'ip_address': '10.180.180.237'}], 'enable_snat': True}, 'description': '', 'availability_zones': [], 'distributed': False, 'ha': False, 'availability_zone_hints': [], 'routes': [], 'flavor_id': None, 'tags': [], 'created_at': '2025-03-25T21:06:57Z', 'updated_at': '2025-03-25T21:06:57Z', 'revision_number': 2, 'project_id': '1e13a81363dc4cc9896d9a44215125e1'}
2025-03-25 21:07:00.622 69093 INFO tempest.lib.common.rest_client [req-7d596163-46e8-4716-b2c7-34e3ccd925d2 req-7d596163-46e8-4716-b2c7-34e3ccd925d2 ] Request (ServerExternalEventsTest:test_create_server_external_events): 200 GET http://10.180.1.21/compute/v2.1/servers/39e9c2c7-0018-4634-ba82-8d608dbffdab 0.715s
2025-03-25 21:07:00.642 69045 INFO tempest.lib.common.rest_client [req-4eca897c-68a9-4df0-9211-b824226a82a5 req-4eca897c-68a9-4df0-9211-b824226a82a5 ] Request (VolumesAssistedSnapshotsTest:test_volume_assisted_snapshot_create_delete): 200 GET http://10.180.1.21/compute/v2.1/servers/2a61c3d1-0d4f-41f7-90b5-f8d4a24cf414 0.698s
2025-03-25 21:07:00.649 69075 INFO tempest.lib.common.rest_client [req-e07ab206-ab44-4c4d-884a-79f497a74cbc req-e07ab206-ab44-4c4d-884a-79f497a74cbc ] Request (QuotasAdminTestJSON:setUpClass): 201 POST http://10.180.1.21/identity/v3/auth/tokens 0.262s
2025-03-25 21:07:00.666 69049 INFO tempest.lib.common.rest_client [req-788140b9-4db4-4526-97f6-a4b24108902f req-788140b9-4db4-4526-97f6-a4b24108902f ] Request (InstanceUsageAuditLogTestJSON:setUpClass): 201 POST http://10.180.1.21/identity/v3/projects 0.348s
2025-03-25 21:07:00.685 69081 INFO tempest.lib.common.rest_client [req-d2e8cead-59e5-420e-8b10-600e38dccaad req-d2e8cead-59e5-420e-8b10-600e38dccaad ] Request (QuotasAdminNegativeTest:setUpClass): 204 PUT http://10.180.1.21/identity/v3/projects/4ae10ecf0fab492d9757bb7ba34f76fb/users/9b304e8fc3ce4ee4ad8d4a7897e2b7d7/roles/2fb94ffa8f7e4effb9e2aff2b5353968 0.281s
2025-03-25 21:07:00.685 69081 INFO tempest.lib.common.dynamic_creds [-] Dynamic test user 9b304e8fc3ce4ee4ad8d4a7897e2b7d7 is created with scope project and roles: ['member']
2025-03-25 21:07:00.685 69081 INFO tempest.lib.common.dynamic_creds [-] Acquired dynamic creds: credentials: Credentials: {'domain_id': 'default', 'domain_name': 'Default', 'username': 'tempest-QuotasAdminNegativeTest-1877450743-project-member', 'project_domain_id': 'default', 'project_domain_name': 'Default', 'project_id': '4ae10ecf0fab492d9757bb7ba34f76fb', 'project_name': 'tempest-QuotasAdminNegativeTest-1877450743', 'tenant_id': '4ae10ecf0fab492d9757bb7ba34f76fb', 'tenant_name': 'tempest-QuotasAdminNegativeTest-1877450743', 'user_domain_id': 'default', 'user_domain_name': 'Default', 'user_id': '9b304e8fc3ce4ee4ad8d4a7897e2b7d7', 'system': None}, Network: None, Subnet: None, Router: None
2025-03-25 21:07:00.685 69081 INFO tempest.lib.common.dynamic_creds [-] Created isolated network resources for: credentials: Credentials: {'domain_id': 'default', 'domain_name': 'Default', 'username': 'tempest-QuotasAdminNegativeTest-1877450743-project-member', 'project_domain_id': 'default', 'project_domain_name': 'Default', 'project_id': '4ae10ecf0fab492d9757bb7ba34f76fb', 'project_name': 'tempest-QuotasAdminNegativeTest-1877450743', 'tenant_id': '4ae10ecf0fab492d9757bb7ba34f76fb', 'tenant_name': 'tempest-QuotasAdminNegativeTest-1877450743', 'user_domain_id': 'default', 'user_domain_name': 'Default', 'user_id': '9b304e8fc3ce4ee4ad8d4a7897e2b7d7', 'system': None}, Network: None, Subnet: None, Router: None
2025-03-25 21:07:00.719 69089 INFO tempest.lib.common.rest_client [req-53bdc472-993e-434c-847a-740079087bab req-53bdc472-993e-434c-847a-740079087bab ] Request (VolumesAdminNegativeTest:test_update_attached_volume_with_nonexistent_volume_in_body): 200 GET http://10.180.1.21/compute/v2.1/servers/bb3852a4-3b97-41f1-a7ca-44cd849f9dc6 0.648s
2025-03-25 21:07:00.720 69095 INFO tempest.lib.common.rest_client [req-7c72ab29-5294-4d6f-b953-abde33c86cbb req-7c72ab29-5294-4d6f-b953-abde33c86cbb ] Request (ServersAaction247Test:test_create_backup): 200 GET http://10.180.1.21/compute/v2.1/servers/9bb349ff-0887-4b35-a025-218e051ff3f3 0.710s
2025-03-25 21:07:00.734 69060 INFO tempest.lib.common.rest_client [req-469b1633-8013-43b7-85a5-285090a4b021 req-469b1633-8013-43b7-85a5-285090a4b021 ] Request (KeyPairsNegativeTestJSON:test_keypair_delete_nonexistent_key): 404 DELETE http://10.180.1.21/compute/v2.1/os-keypairs/tempest-keypair-non-existent-1919485997 0.422s
2025-03-25 21:07:00.738 69073 INFO tempest.lib.common.rest_client [req-e6b702b1-6af6-4062-970a-7793db0f7d24 req-e6b702b1-6af6-4062-970a-7793db0f7d24 ] Request (HypervisorAdminTestJSON:setUpClass): 201 POST http://10.180.1.21/identity/v3/auth/tokens 0.290s
2025-03-25 21:07:00.787 69091 INFO tempest.lib.common.rest_client [req-202cedce-c022-4279-ba51-468be4c5c74d req-202cedce-c022-4279-ba51-468be4c5c74d ] Request (HostsAdminTestJSON:tearDownClass): 204 DELETE http://10.180.1.21/identity/v3/users/a2361f5eb8cb4dc9b2d24da6f7550a00 0.315s
2025-03-25 21:07:00.795 69041 INFO tempest.lib.common.rest_client [req-ced090ca-f039-494d-8c2a-08455532709e req-ced090ca-f039-494d-8c2a-08455532709e ] Request (ValidationResourcesFixture:setUp): 201 POST http://10.180.1.21:9696/networking/v2.0/security-groups 0.226s
2025-03-25 21:07:00.814 69037 INFO tempest.lib.common.rest_client [req-48417fb1-e373-4358-8936-adfeab4e7c71 req-48417fb1-e373-4358-8936-adfeab4e7c71 ] Request (FlavorsAdminTestJSON:test_create_flavor_with_uuid_id): 200 POST http://10.180.1.21/compute/v2.1/flavors 0.464s
2025-03-25 21:07:00.822 69035 INFO tempest.lib.common.rest_client [req-72d459b5-021f-4e6c-a989-d1d0d99921cf req-72d459b5-021f-4e6c-a989-d1d0d99921cf ] Request (HostsAdminNegativeTestJSON:test_show_host_detail_with_non_admin_user): 403 GET http://10.180.1.21/compute/v2.1/os-hosts/devstack 0.462s
2025-03-25 21:07:00.825 69083 INFO tempest.lib.common.rest_client [req-8fe8568d-eb36-40bd-8cb0-27d201932435 req-8fe8568d-eb36-40bd-8cb0-27d201932435 ] Request (ServerDiskConfigTestJSON:setUpClass): 201 POST http://10.180.1.21/identity/v3/auth/tokens 0.302s
2025-03-25 21:07:00.863 69079 INFO tempest.lib.common.rest_client [req-d0c373ca-fb26-4ce8-a9c2-03c88490c334 req-d0c373ca-fb26-4ce8-a9c2-03c88490c334 ] Request (ListImageFiltersTestJSON:setUpClass): 200 GET http://10.180.1.21/compute/v2.1/images/cf36be7a-9c1f-4f99-8a17-f07f2e5c3dd1 0.459s
2025-03-25 21:07:00.889 69053 INFO tempest.lib.common.rest_client [req-2eca7a28-faf5-4a4d-8932-c37d265fb54f req-2eca7a28-faf5-4a4d-8932-c37d265fb54f ] Request (DeleteServersAdminTestJSON:test_admin_delete_servers_of_others): 200 GET http://10.180.1.21/compute/v2.1/servers/9f10397c-97a5-4d60-8443-cdae3bd2f1e9 0.563s
2025-03-25 21:07:00.905 69055 INFO tempest.lib.common.rest_client [req-41e8a929-6df5-40cb-b4c9-fd6373a0f254 req-41e8a929-6df5-40cb-b4c9-fd6373a0f254 ] Request (ImagesMetadataTestJSON:test_list_image_metadata): 200 GET http://10.180.1.21/compute/v2.1/images/e800265b-c637-43fb-b628-d9a7875614e9/metadata 0.487s
2025-03-25 21:07:00.914 69077 INFO tempest.lib.common.rest_client [req-fa8737b7-a826-4468-bb3c-5cef19ac671a req-fa8737b7-a826-4468-bb3c-5cef19ac671a ] Request (ImagesDeleteNegativeTestJSON:tearDownClass): 204 DELETE http://10.180.1.21/identity/v3/users/3853b560700343328c0a72430c84d538 0.388s
2025-03-25 21:07:00.916 69077 INFO tempest.lib.common.dynamic_creds [-] Deleting project and security group for project: 86e224ab0e4b41f6ba80ead577b879f6
2025-03-25 21:07:00.926 69065 INFO tempest.lib.common.rest_client [req-4aa63b3f-8055-43e6-96cd-7f6b179db335 req-4aa63b3f-8055-43e6-96cd-7f6b179db335 ] Request (FlavorsAccessTestJSON:_run_cleanups): 200 GET http://10.180.1.21/compute/v2.1/flavors/detail 0.504s
2025-03-25 21:07:00.934 69047 INFO tempest.lib.common.rest_client [req-bc73f0d1-43dd-4259-bda3-4fdf4bf0e596 req-bc73f0d1-43dd-4259-bda3-4fdf4bf0e596 ] Request (ServicesAdminNegativeTestJSON:test_get_service_by_invalid_service_and_valid_host): 200 GET http://10.180.1.21/compute/v2.1/os-services?host=devstack&binary=xxx 0.493s
2025-03-25 21:07:00.936 69033 INFO tempest.lib.common.rest_client [req-bb46ff90-90ed-4d3d-9572-8e632f682468 req-bb46ff90-90ed-4d3d-9572-8e632f682468 ] Request (QuotasAdminTestV257:_run_cleanups): 204 DELETE http://10.180.1.21/identity/v3/projects/b6df8ca496914c96845cbf632853e102 0.392s
2025-03-25 21:07:00.953 69041 INFO tempest.lib.common.rest_client [req-12a20826-e302-4674-a125-2c265514a02f req-12a20826-e302-4674-a125-2c265514a02f ] Request (ValidationResourcesFixture:setUp): 201 POST http://10.180.1.21:9696/networking/v2.0/security-group-rules 0.158s
2025-03-25 21:07:00.963 69057 INFO tempest.lib.common.rest_client [req-6d606717-a293-4169-8bde-c4c6b87d9727 req-6d606717-a293-4169-8bde-c4c6b87d9727 ] Request (AggregatesAdminNegativeTestJSON:test_aggregate_add_non_exist_host): 404 POST http://10.180.1.21/compute/v2.1/os-aggregates/3/action 0.460s
2025-03-25 21:07:00.979 69067 INFO tempest.lib.common.rest_client [req-55b1a00b-6b71-4565-8e0e-3f7e2a2dba12 req-55b1a00b-6b71-4565-8e0e-3f7e2a2dba12 ] Request (ServicesAdminNegativeV253TestJSON:tearDownClass): 201 POST http://10.180.1.21/identity/v3/auth/tokens 0.406s
2025-03-25 21:07:00.985 69051 INFO tempest.lib.common.rest_client [req-d1706c10-9c4e-401b-93d9-e05f0e86d794 req-d1706c10-9c4e-401b-93d9-e05f0e86d794 ] Request (FlavorsAccessNegativeTestJSON:test_flavor_non_admin_add): 200 POST http://10.180.1.21/compute/v2.1/flavors 0.456s
2025-03-25 21:07:00.998 69075 INFO tempest.lib.common.rest_client [req-654d6f05-a2f3-4b04-9b51-e3d683e0b0aa req-654d6f05-a2f3-4b04-9b51-e3d683e0b0aa ] Request (QuotasAdminTestJSON:setUpClass): 200 GET http://10.180.1.21/identity/v3/domains?name=Default 0.349s
2025-03-25 21:07:01.009 69085 INFO tempest.lib.common.rest_client [req-fd1db7e9-2275-44d0-a2df-5ab4fa8cfce5 req-fd1db7e9-2275-44d0-a2df-5ab4fa8cfce5 ] Request (FloatingIPDetailsTestJSON:setUpClass): 201 POST http://10.180.1.21/identity/v3/auth/tokens 0.385s
2025-03-25 21:07:01.026 69063 INFO tempest.lib.common.rest_client [req-9768ad83-4809-400b-ad2d-3570caf605ed req-9768ad83-4809-400b-ad2d-3570caf605ed ] Request (ServersAdmin275Test:test_rebuild_update_server_275): 200 GET http://10.180.1.21/compute/v2.1/servers/4d13db9b-fdb3-49ad-9e0f-0cb11740cc29 0.583s
2025-03-25 21:07:01.040 69063 INFO tempest.common.waiters [-] State transition "BUILD/block_device_mapping" ==> "BUILD/spawning" after 10 second wait
2025-03-25 21:07:01.042 69049 INFO tempest.lib.common.rest_client [req-a877863a-9d40-4e50-a3e9-d7183a40da0f req-a877863a-9d40-4e50-a3e9-d7183a40da0f ] Request (InstanceUsageAuditLogTestJSON:setUpClass): 201 POST http://10.180.1.21/identity/v3/users 0.375s
2025-03-25 21:07:01.062 69061 INFO tempest.lib.common.rest_client [req-f1031c63-ca1a-44ae-8061-624416c10040 req-f1031c63-ca1a-44ae-8061-624416c10040 ] Request (ServersAdminNegativeTestJSON:setUpClass): 200 GET http://10.180.1.21/compute/v2.1/servers/cdcd0e87-ef3e-4586-93c1-6115e7dddf61 0.475s
2025-03-25 21:07:01.073 69081 INFO tempest.lib.common.rest_client [req-bfc3cf71-c33e-4696-943a-e2481ebe5013 req-bfc3cf71-c33e-4696-943a-e2481ebe5013 ] Request (QuotasAdminNegativeTest:setUpClass): 201 POST http://10.180.1.21/identity/v3/auth/tokens 0.383s
2025-03-25 21:07:01.083 69037 INFO tempest.lib.common.rest_client [req-687b59b9-824e-4192-83e2-42abc0bef835 req-687b59b9-824e-4192-83e2-42abc0bef835 ] Request (FlavorsAdminTestJSON:_run_cleanups): 202 DELETE http://10.180.1.21/compute/v2.1/flavors/909e86d1-780f-449d-89ec-5aff78757f9f 0.267s
2025-03-25 21:07:01.092 69035 INFO tempest.lib.common.rest_client [req-18d50280-dbc9-4a56-8fce-63e5f9a8e65b req-18d50280-dbc9-4a56-8fce-63e5f9a8e65b ] Request (HostsAdminNegativeTestJSON:test_show_host_detail_with_nonexistent_hostname): 404 GET http://10.180.1.21/compute/v2.1/os-hosts/nonexistent_hostname 0.269s
2025-03-25 21:07:01.105 69060 INFO tempest.lib.common.rest_client [req-b5db7d8b-f724-49a7-b389-d6d92e593c08 req-b5db7d8b-f724-49a7-b389-d6d92e593c08 ] Request (KeyPairsNegativeTestJSON:tearDownClass): 204 DELETE http://10.180.1.21/identity/v3/users/4aa0872ec4964e4585772e1dce60a7d9 0.369s
2025-03-25 21:07:01.107 69060 INFO tempest.lib.common.dynamic_creds [-] Deleting project and security group for project: 9d1f228f9d9441e99066e02e8d82c3a3
2025-03-25 21:07:01.110 69041 INFO tempest.lib.common.rest_client [req-5d43577e-38fd-4a9f-991c-623d56add878 req-5d43577e-38fd-4a9f-991c-623d56add878 ] Request (ValidationResourcesFixture:setUp): 201 POST http://10.180.1.21:9696/networking/v2.0/security-group-rules 0.156s
2025-03-25 21:07:01.130 69073 INFO tempest.lib.common.rest_client [req-63e75c6e-9082-42f2-ad6c-bae57ab8abdf req-63e75c6e-9082-42f2-ad6c-bae57ab8abdf ] Request (HypervisorAdminTestJSON:setUpClass): 201 POST http://10.180.1.21/identity/v3/auth/tokens 0.389s
2025-03-25 21:07:01.142 69043 INFO tempest.lib.common.rest_client [req-dde9f7bf-3fa0-4949-b9bf-f7af5ad079cc req-dde9f7bf-3fa0-4949-b9bf-f7af5ad079cc ] Request (MigrationsAdminTest:test_list_migrations_in_flavor_resize_situation): 200 GET http://10.180.1.21/compute/v2.1/servers/8ac350b2-38f7-4401-8192-88247603ffaf 0.409s
2025-03-25 21:07:01.173 69047 INFO tempest.lib.common.rest_client [req-60c13913-3187-43fc-bb16-19292826335c req-60c13913-3187-43fc-bb16-19292826335c ] Request (ServicesAdminNegativeTestJSON:test_get_service_with_valid_service_and_invalid_host): 200 GET http://10.180.1.21/compute/v2.1/os-services 0.233s
2025-03-25 21:07:01.182 69083 INFO tempest.lib.common.rest_client [req-ec33288d-11b3-4811-93f8-d62f422a8c65 req-ec33288d-11b3-4811-93f8-d62f422a8c65 ] Request (ServerDiskConfigTestJSON:test_rebuild_server_with_auto_disk_config): 201 POST http://10.180.1.21/identity/v3/auth/tokens 0.352s
2025-03-25 21:07:01.182 69083 INFO tempest.lib.common.fixed_network [-] (ServerDiskConfigTestJSON:test_rebuild_server_with_auto_disk_config) Found network {'id': '46062fbc-1dc2-4d03-b43c-b51cd3555b47', 'name': 'tempest-ServerDiskConfigTestJSON-564051921-network', 'tenant_id': 'ebfbf1f29b1441369435d285b645407e', 'admin_state_up': True, 'mtu': 8950, 'status': 'ACTIVE', 'subnets': [], 'shared': False, 'project_id': 'ebfbf1f29b1441369435d285b645407e', 'port_security_enabled': True, 'router:external': False, 'provider:network_type': 'vlan', 'provider:physical_network': 'default', 'provider:segmentation_id': 476, 'availability_zone_hints': [], 'availability_zones': [], 'ipv4_address_scope': None, 'ipv6_address_scope': None, 'description': '', 'tags': [], 'created_at': '2025-03-25T21:06:56Z', 'updated_at': '2025-03-25T21:06:56Z', 'revision_number': 1} available for tenant
2025-03-25 21:07:01.204 69091 INFO tempest.lib.common.rest_client [req-7482e58f-b09c-4649-a611-6426359264bf req-7482e58f-b09c-4649-a611-6426359264bf ] Request (HostsAdminTestJSON:tearDownClass): 204 DELETE http://10.180.1.21/identity/v3/users/4b6c24a4abd24797a05753c885841386 0.417s
2025-03-25 21:07:01.204 69091 INFO tempest.lib.common.dynamic_creds [-] Deleting project and security group for project: 136424e33ec544feb2aba8d09d94a18a
2025-03-25 21:07:01.247 69055 INFO tempest.lib.common.rest_client [req-9aafb38a-a5e0-425d-8c50-74a33a7744dc req-9aafb38a-a5e0-425d-8c50-74a33a7744dc ] Request (ImagesMetadataTestJSON:setUp): 200 PUT http://10.180.1.21/compute/v2.1/images/e800265b-c637-43fb-b628-d9a7875614e9/metadata 0.340s
2025-03-25 21:07:01.262 69077 INFO tempest.lib.common.rest_client [req-d40314b7-6847-495b-8652-4dfa6250812e req-d40314b7-6847-495b-8652-4dfa6250812e ] Request (ImagesDeleteNegativeTestJSON:tearDownClass): 201 POST http://10.180.1.21/identity/v3/auth/tokens 0.346s
2025-03-25 21:07:01.267 69057 INFO tempest.lib.common.rest_client [req-67481f11-0310-40bb-88be-7953b7983cbd req-67481f11-0310-40bb-88be-7953b7983cbd ] Request (AggregatesAdminNegativeTestJSON:_run_cleanups): 200 DELETE http://10.180.1.21/compute/v2.1/os-aggregates/3 0.304s
2025-03-25 21:07:01.326 69033 INFO tempest.lib.common.rest_client [req-be41ab7c-8f5c-40cb-b7e2-05132c554981 req-be41ab7c-8f5c-40cb-b7e2-05132c554981 ] Request (QuotasAdminTestV257:tearDownClass): 204 DELETE http://10.180.1.21/identity/v3/users/aed4f265bd864b37a3bf25896787f656 0.383s
2025-03-25 21:07:01.336 69065 INFO tempest.lib.common.rest_client [req-a7530dd7-d440-48ae-9a08-7801c7350bd9 req-a7530dd7-d440-48ae-9a08-7801c7350bd9 ] Request (FlavorsAccessTestJSON:tearDownClass): 204 DELETE http://10.180.1.21/identity/v3/users/8558666cb8ac4fb9a0bb9d27bc37c618 0.400s
2025-03-25 21:07:01.407 69075 INFO tempest.lib.common.rest_client [req-7f4c6080-4c06-46fb-a9ad-9774009d4626 req-7f4c6080-4c06-46fb-a9ad-9774009d4626 ] Request (QuotasAdminTestJSON:setUpClass): 201 POST http://10.180.1.21/identity/v3/projects 0.408s
2025-03-25 21:07:01.469 69049 INFO tempest.lib.common.rest_client [req-3377751a-2646-48e3-a42f-6fb599447e00 req-3377751a-2646-48e3-a42f-6fb599447e00 ] Request (InstanceUsageAuditLogTestJSON:setUpClass): 200 GET http://10.180.1.21/identity/v3/roles 0.426s
2025-03-25 21:07:01.494 69060 INFO tempest.lib.common.rest_client [req-07044d89-07e8-40f7-88df-cc1f5f29d8e4 req-07044d89-07e8-40f7-88df-cc1f5f29d8e4 ] Request (KeyPairsNegativeTestJSON:tearDownClass): 201 POST http://10.180.1.21/identity/v3/auth/tokens 0.387s
2025-03-25 21:07:01.501 69081 INFO tempest.lib.common.rest_client [req-0f9842d6-e2af-4b01-b453-f55f9cbdf82b req-0f9842d6-e2af-4b01-b453-f55f9cbdf82b ] Request (QuotasAdminNegativeTest:setUpClass): 201 POST http://10.180.1.21/identity/v3/projects 0.428s
2025-03-25 21:07:01.580 69073 INFO tempest.lib.common.rest_client [req-debdea7d-c819-4b93-b1e7-3f27213013f7 req-debdea7d-c819-4b93-b1e7-3f27213013f7 ] Request (HypervisorAdminTestJSON:setUpClass): 200 GET http://10.180.1.21/identity/v3/domains?name=Default 0.449s
2025-03-25 21:07:01.615 69091 INFO tempest.lib.common.rest_client [req-2cdba1c4-c7fa-4c13-b2c5-743f8347068d req-2cdba1c4-c7fa-4c13-b2c5-743f8347068d ] Request (HostsAdminTestJSON:tearDownClass): 201 POST http://10.180.1.21/identity/v3/auth/tokens 0.411s
2025-03-25 21:07:01.661 69087 INFO tempest.lib.common.rest_client [req-dbd4a064-d311-456c-b2e7-372718e0e3bb req-dbd4a064-d311-456c-b2e7-372718e0e3bb ] Request (QuotaClassesAdmin257Test:test_update_default_quotas): 200 GET http://10.180.1.21/compute/v2.1/os-quota-class-sets/default 0.706s
2025-03-25 21:07:01.720 69051 INFO tempest.lib.common.rest_client [req-851e59c0-a8c1-48dd-9f6b-427be305cc56 req-851e59c0-a8c1-48dd-9f6b-427be305cc56 ] Request (FlavorsAccessNegativeTestJSON:test_flavor_non_admin_add): 403 POST http://10.180.1.21/compute/v2.1/flavors/1859399703/action 0.732s
2025-03-25 21:07:01.729 69067 INFO tempest.lib.common.rest_client [req-c046be30-7f17-4c7c-a3ae-588a5f69e53e req-c046be30-7f17-4c7c-a3ae-588a5f69e53e ] Request (ServicesAdminNegativeV253TestJSON:tearDownClass): 200 GET http://10.180.1.21:9696/networking/v2.0/security-groups?tenant_id=523d8e05e40f40fd9aa80840e3e08587&name=default 0.749s
2025-03-25 21:07:01.805 69069 INFO tempest.lib.common.rest_client [req-14883cf6-e01e-4555-99f9-2f8ef0922518 req-14883cf6-e01e-4555-99f9-2f8ef0922518 ] Request (AttachInterfacesTestJSON:test_create_list_show_delete_interfaces_by_fixed_ip): 200 GET http://10.180.1.21/compute/v2.1/servers/0692f6a0-4f8b-49ca-92a7-0a35f109ad01 0.779s
2025-03-25 21:07:01.837 69037 INFO tempest.lib.common.rest_client [req-32365fe8-ad7b-4ff7-8f82-2ba4e1645db7 req-32365fe8-ad7b-4ff7-8f82-2ba4e1645db7 ] Request (FlavorsAdminTestJSON:_run_cleanups): 200 GET http://10.180.1.21/compute/v2.1/flavors/detail 0.752s
2025-03-25 21:07:01.847 69035 INFO tempest.lib.common.rest_client [req-ee6bb5f0-77eb-4e4b-921a-ed2017f0d5b4 req-ee6bb5f0-77eb-4e4b-921a-ed2017f0d5b4 ] Request (HostsAdminNegativeTestJSON:test_shutdown_host_with_non_admin_user): 403 GET http://10.180.1.21/compute/v2.1/os-hosts/devstack/shutdown 0.753s
2025-03-25 21:07:01.864 69033 INFO tempest.lib.common.rest_client [req-0ebe9473-3a9b-4568-8a0a-860dd0609077 req-0ebe9473-3a9b-4568-8a0a-860dd0609077 ] Request (QuotasAdminTestV257:tearDownClass): 204 DELETE http://10.180.1.21/identity/v3/users/6e03b73dceee4de896115964d58142a6 0.537s
2025-03-25 21:07:01.864 69033 INFO tempest.lib.common.dynamic_creds [-] Deleting project and security group for project: 5d7142366f82476381d0456c4dc54bda
2025-03-25 21:07:01.879 69047 INFO tempest.lib.common.rest_client [req-4945b252-57b0-4219-8f5d-e8da8a93740e req-4945b252-57b0-4219-8f5d-e8da8a93740e ] Request (ServicesAdminNegativeTestJSON:test_get_service_with_valid_service_and_invalid_host): 200 GET http://10.180.1.21/compute/v2.1/os-services?host=xxx&binary=nova-scheduler 0.701s
2025-03-25 21:07:01.891 69067 INFO tempest.lib.common.rest_client [req-02bac293-3cfd-43a9-93fe-36fdbd55dff8 req-02bac293-3cfd-43a9-93fe-36fdbd55dff8 ] Request (ServicesAdminNegativeV253TestJSON:tearDownClass): 204 DELETE http://10.180.1.21:9696/networking/v2.0/security-groups/336b122f-d5bc-4b36-aef4-c3ff34ebf73b 0.162s
2025-03-25 21:07:01.936 69065 INFO tempest.lib.common.rest_client [req-fb5bc49e-3da3-4b0b-8718-4dfb1fdac9a8 req-fb5bc49e-3da3-4b0b-8718-4dfb1fdac9a8 ] Request (FlavorsAccessTestJSON:tearDownClass): 204 DELETE http://10.180.1.21/identity/v3/users/284c871c371b4e50b81dab36a0144272 0.599s
2025-03-25 21:07:01.936 69065 INFO tempest.lib.common.dynamic_creds [-] Deleting project and security group for project: 615b240c757143ecbbacaa11926f3167
2025-03-25 21:07:02.002 69075 INFO tempest.lib.common.rest_client [req-5dac223d-d4c8-4ca5-849b-71441e3f7496 req-5dac223d-d4c8-4ca5-849b-71441e3f7496 ] Request (QuotasAdminTestJSON:setUpClass): 201 POST http://10.180.1.21/identity/v3/users 0.593s
2025-03-25 21:07:02.004 69049 INFO tempest.lib.common.rest_client [req-c0afad00-1dae-45f2-8713-f1109f33fcc2 req-c0afad00-1dae-45f2-8713-f1109f33fcc2 ] Request (InstanceUsageAuditLogTestJSON:setUpClass): 204 PUT http://10.180.1.21/identity/v3/projects/7988f36fbb8041c3aaa2d57097d6c389/users/f5cfa799b060473197e745a484fc9f33/roles/0fb75afb86c245fea8e8189da4c5f807 0.535s
2025-03-25 21:07:02.084 69077 INFO tempest.lib.common.rest_client [req-1f03b54b-8541-40de-b43a-f8a82faf7616 req-1f03b54b-8541-40de-b43a-f8a82faf7616 ] Request (ImagesDeleteNegativeTestJSON:tearDownClass): 200 GET http://10.180.1.21:9696/networking/v2.0/security-groups?tenant_id=86e224ab0e4b41f6ba80ead577b879f6&name=default 0.821s
2025-03-25 21:07:02.105 69081 INFO tempest.lib.common.rest_client [req-a001913f-daf4-4f95-9013-58cbc139db58 req-a001913f-daf4-4f95-9013-58cbc139db58 ] Request (QuotasAdminNegativeTest:setUpClass): 201 POST http://10.180.1.21/identity/v3/users 0.603s
2025-03-25 21:07:02.146 69041 INFO tempest.lib.common.rest_client [req-064a3725-048a-427e-ade2-feade1736879 req-064a3725-048a-427e-ade2-feade1736879 ] Request (ValidationResourcesFixture:setUp): 201 POST http://10.180.1.21:9696/networking/v2.0/floatingips 1.035s
2025-03-25 21:07:02.147 69073 INFO tempest.lib.common.rest_client [req-a21808d8-7d09-4762-ac6d-50e6745d0553 req-a21808d8-7d09-4762-ac6d-50e6745d0553 ] Request (HypervisorAdminTestJSON:setUpClass): 201 POST http://10.180.1.21/identity/v3/projects 0.567s
2025-03-25 21:07:02.261 69077 INFO tempest.lib.common.rest_client [req-061e6abd-2101-41bc-b8e0-975ff2bad49e req-061e6abd-2101-41bc-b8e0-975ff2bad49e ] Request (ImagesDeleteNegativeTestJSON:tearDownClass): 204 DELETE http://10.180.1.21:9696/networking/v2.0/security-groups/69b543c5-76b9-4da8-a42e-e63d0120a28c 0.177s
2025-03-25 21:07:02.318 69033 INFO tempest.lib.common.rest_client [req-8b267049-91ba-42dd-9ed9-77aac9ecc55e req-8b267049-91ba-42dd-9ed9-77aac9ecc55e ] Request (QuotasAdminTestV257:tearDownClass): 201 POST http://10.180.1.21/identity/v3/auth/tokens 0.454s
2025-03-25 21:07:02.346 69065 INFO tempest.lib.common.rest_client [req-9b2b81b6-0d3a-4867-ab73-d84f871429d2 req-9b2b81b6-0d3a-4867-ab73-d84f871429d2 ] Request (FlavorsAccessTestJSON:tearDownClass): 201 POST http://10.180.1.21/identity/v3/auth/tokens 0.410s
2025-03-25 21:07:02.370 69091 INFO tempest.lib.common.rest_client [req-01a3cd25-ba11-42c6-9b84-73292971ca4d req-01a3cd25-ba11-42c6-9b84-73292971ca4d ] Request (HostsAdminTestJSON:tearDownClass): 200 GET http://10.180.1.21:9696/networking/v2.0/security-groups?tenant_id=136424e33ec544feb2aba8d09d94a18a&name=default 0.754s
2025-03-25 21:07:02.378 69067 INFO tempest.lib.common.rest_client [req-d7b4245f-4b13-4fa6-95bf-3abe62ac122c req-d7b4245f-4b13-4fa6-95bf-3abe62ac122c ] Request (ServicesAdminNegativeV253TestJSON:tearDownClass): 204 DELETE http://10.180.1.21/identity/v3/projects/523d8e05e40f40fd9aa80840e3e08587 0.486s
2025-03-25 21:07:02.378 69067 INFO tempest.lib.common.dynamic_creds [-] Deleting project and security group for project: df960836a1614ec291c9b71d2e7bea87
2025-03-25 21:07:02.424 69075 INFO tempest.lib.common.rest_client [req-ec743066-8bb5-454d-a9f5-141c1ce325f2 req-ec743066-8bb5-454d-a9f5-141c1ce325f2 ] Request (QuotasAdminTestJSON:setUpClass): 200 GET http://10.180.1.21/identity/v3/roles 0.421s
2025-03-25 21:07:02.432 69049 INFO tempest.lib.common.rest_client [req-f3dd1b61-cff0-4922-9e80-13075a1b3f52 req-f3dd1b61-cff0-4922-9e80-13075a1b3f52 ] Request (InstanceUsageAuditLogTestJSON:setUpClass): 200 GET http://10.180.1.21/identity/v3/roles 0.428s
2025-03-25 21:07:02.458 69060 INFO tempest.lib.common.rest_client [req-3d52fde9-a5d3-4376-9808-dbfe2a687cfc req-3d52fde9-a5d3-4376-9808-dbfe2a687cfc ] Request (KeyPairsNegativeTestJSON:tearDownClass): 200 GET http://10.180.1.21:9696/networking/v2.0/security-groups?tenant_id=9d1f228f9d9441e99066e02e8d82c3a3&name=default 0.963s
2025-03-25 21:07:02.458 69081 INFO tempest.lib.common.rest_client [req-132018f6-5805-4ddf-887e-6fa836188a05 req-132018f6-5805-4ddf-887e-6fa836188a05 ] Request (QuotasAdminNegativeTest:setUpClass): 200 GET http://10.180.1.21/identity/v3/roles 0.353s
2025-03-25 21:07:02.471 69073 INFO tempest.lib.common.rest_client [req-bc8d0ea6-316d-4efa-8125-a827659fa916 req-bc8d0ea6-316d-4efa-8125-a827659fa916 ] Request (HypervisorAdminTestJSON:setUpClass): 201 POST http://10.180.1.21/identity/v3/users 0.323s
2025-03-25 21:07:02.515 69041 INFO tempest.lib.common.rest_client [req-147b1856-57fb-4206-b51f-2c85ccf49185 req-147b1856-57fb-4206-b51f-2c85ccf49185 ] Request (ServersWithSpecificFlavorTestJSON:test_verify_created_server_ephemeral_disk): 201 POST http://10.180.1.21/identity/v3/auth/tokens 0.364s
2025-03-25 21:07:02.515 69041 INFO tempest.lib.common.fixed_network [-] (ServersWithSpecificFlavorTestJSON:test_verify_created_server_ephemeral_disk) Found network {'id': '4068eb68-b0a3-4870-9d45-dba105e20885', 'name': 'tempest-ServersWithSpecificFlavorTestJSON-1537168632-network', 'tenant_id': 'f55d1cc234144834ab951d7ca438b7f7', 'admin_state_up': True, 'mtu': 8950, 'status': 'ACTIVE', 'subnets': [], 'shared': False, 'project_id': 'f55d1cc234144834ab951d7ca438b7f7', 'port_security_enabled': True, 'router:external': False, 'provider:network_type': 'vlan', 'provider:physical_network': 'default', 'provider:segmentation_id': 966, 'availability_zone_hints': [], 'availability_zones': [], 'ipv4_address_scope': None, 'ipv6_address_scope': None, 'description': '', 'tags': [], 'created_at': '2025-03-25T21:06:41Z', 'updated_at': '2025-03-25T21:06:41Z', 'revision_number': 1} available for tenant
2025-03-25 21:07:02.517 69067 INFO tempest.lib.common.rest_client [req-8cb23b4c-7504-4dfb-848e-0e531f225e63 req-8cb23b4c-7504-4dfb-848e-0e531f225e63 ] Request (ServicesAdminNegativeV253TestJSON:tearDownClass): 200 GET http://10.180.1.21:9696/networking/v2.0/security-groups?tenant_id=df960836a1614ec291c9b71d2e7bea87&name=default 0.138s
2025-03-25 21:07:02.573 69091 INFO tempest.lib.common.rest_client [req-85078ba3-9e8b-4d13-9af8-aee8328882d5 req-85078ba3-9e8b-4d13-9af8-aee8328882d5 ] Request (HostsAdminTestJSON:tearDownClass): 204 DELETE http://10.180.1.21:9696/networking/v2.0/security-groups/fd4dd214-a1c7-41e8-adb0-915f9c88e1d7 0.202s
2025-03-25 21:07:02.605 69077 INFO tempest.lib.common.rest_client [req-fd5c1e41-0518-4c1b-850d-84ad883b83d1 req-fd5c1e41-0518-4c1b-850d-84ad883b83d1 ] Request (ImagesDeleteNegativeTestJSON:tearDownClass): 204 DELETE http://10.180.1.21/identity/v3/projects/86e224ab0e4b41f6ba80ead577b879f6 0.343s
2025-03-25 21:07:02.657 69060 INFO tempest.lib.common.rest_client [req-a2188c59-1bdc-495a-abbf-bd15f577bd17 req-a2188c59-1bdc-495a-abbf-bd15f577bd17 ] Request (KeyPairsNegativeTestJSON:tearDownClass): 204 DELETE http://10.180.1.21:9696/networking/v2.0/security-groups/aba94f41-c097-4647-b689-1517206985f1 0.199s
2025-03-25 21:07:02.673 69079 INFO tempest.lib.common.rest_client [req-c7c005ab-6162-42eb-a2f8-90a27cb57dc7 req-c7c005ab-6162-42eb-a2f8-90a27cb57dc7 ] Request (ListImageFiltersTestJSON:setUpClass): 201 POST http://10.180.1.21/image/v2/images 1.806s
2025-03-25 21:07:02.775 69067 INFO tempest.lib.common.rest_client [req-89c7fb16-515a-4a66-99c0-4497e8459e25 req-89c7fb16-515a-4a66-99c0-4497e8459e25 ] Request (ServicesAdminNegativeV253TestJSON:tearDownClass): 204 DELETE http://10.180.1.21:9696/networking/v2.0/security-groups/1d5318ac-a8b2-461e-9e50-41343d7ce800 0.258s
2025-03-25 21:07:02.782 69049 INFO tempest.lib.common.rest_client [req-0e641df9-7eca-4da8-b3ff-67096ba1a4fe req-0e641df9-7eca-4da8-b3ff-67096ba1a4fe ] Request (InstanceUsageAuditLogTestJSON:setUpClass): 204 PUT http://10.180.1.21/identity/v3/projects/7988f36fbb8041c3aaa2d57097d6c389/users/f5cfa799b060473197e745a484fc9f33/roles/0fb75afb86c245fea8e8189da4c5f807 0.349s
2025-03-25 21:07:02.783 69049 INFO tempest.lib.common.dynamic_creds [-] Dynamic test user f5cfa799b060473197e745a484fc9f33 is created with scope project and roles: ['admin']
2025-03-25 21:07:02.783 69049 INFO tempest.lib.common.dynamic_creds [-] Acquired dynamic creds: credentials: Credentials: {'domain_id': 'default', 'domain_name': 'Default', 'username': 'tempest-InstanceUsageAuditLogTestJSON-254017888-project-admin', 'project_domain_id': 'default', 'project_domain_name': 'Default', 'project_id': '7988f36fbb8041c3aaa2d57097d6c389', 'project_name': 'tempest-InstanceUsageAuditLogTestJSON-254017888', 'tenant_id': '7988f36fbb8041c3aaa2d57097d6c389', 'tenant_name': 'tempest-InstanceUsageAuditLogTestJSON-254017888', 'user_domain_id': 'default', 'user_domain_name': 'Default', 'user_id': 'f5cfa799b060473197e745a484fc9f33', 'system': None}, Network: None, Subnet: None, Router: None
2025-03-25 21:07:02.783 69049 INFO tempest.lib.common.dynamic_creds [-] Created isolated network resources for: credentials: Credentials: {'domain_id': 'default', 'domain_name': 'Default', 'username': 'tempest-InstanceUsageAuditLogTestJSON-254017888-project-admin', 'project_domain_id': 'default', 'project_domain_name': 'Default', 'project_id': '7988f36fbb8041c3aaa2d57097d6c389', 'project_name': 'tempest-InstanceUsageAuditLogTestJSON-254017888', 'tenant_id': '7988f36fbb8041c3aaa2d57097d6c389', 'tenant_name': 'tempest-InstanceUsageAuditLogTestJSON-254017888', 'user_domain_id': 'default', 'user_domain_name': 'Default', 'user_id': 'f5cfa799b060473197e745a484fc9f33', 'system': None}, Network: None, Subnet: None, Router: None
2025-03-25 21:07:02.785 69075 INFO tempest.lib.common.rest_client [req-31a5e575-9cd3-4ed5-82f8-a987b95d3773 req-31a5e575-9cd3-4ed5-82f8-a987b95d3773 ] Request (QuotasAdminTestJSON:setUpClass): 204 PUT http://10.180.1.21/identity/v3/projects/1417cd8fa44948adac43bd0afecca767/users/a43d77e3e8f94b8db3a880ebb87302c3/roles/2fb94ffa8f7e4effb9e2aff2b5353968 0.360s
2025-03-25 21:07:02.785 69075 INFO tempest.lib.common.dynamic_creds [-] Dynamic test user a43d77e3e8f94b8db3a880ebb87302c3 is created with scope project and roles: ['member']
2025-03-25 21:07:02.785 69075 INFO tempest.lib.common.dynamic_creds [-] Acquired dynamic creds: credentials: Credentials: {'domain_id': 'default', 'domain_name': 'Default', 'username': 'tempest-QuotasAdminTestJSON-1649595723-project-member', 'project_domain_id': 'default', 'project_domain_name': 'Default', 'project_id': '1417cd8fa44948adac43bd0afecca767', 'project_name': 'tempest-QuotasAdminTestJSON-1649595723', 'tenant_id': '1417cd8fa44948adac43bd0afecca767', 'tenant_name': 'tempest-QuotasAdminTestJSON-1649595723', 'user_domain_id': 'default', 'user_domain_name': 'Default', 'user_id': 'a43d77e3e8f94b8db3a880ebb87302c3', 'system': None}, Network: None, Subnet: None, Router: None
2025-03-25 21:07:02.785 69075 INFO tempest.lib.common.dynamic_creds [-] Created isolated network resources for: credentials: Credentials: {'domain_id': 'default', 'domain_name': 'Default', 'username': 'tempest-QuotasAdminTestJSON-1649595723-project-member', 'project_domain_id': 'default', 'project_domain_name': 'Default', 'project_id': '1417cd8fa44948adac43bd0afecca767', 'project_name': 'tempest-QuotasAdminTestJSON-1649595723', 'tenant_id': '1417cd8fa44948adac43bd0afecca767', 'tenant_name': 'tempest-QuotasAdminTestJSON-1649595723', 'user_domain_id': 'default', 'user_domain_name': 'Default', 'user_id': 'a43d77e3e8f94b8db3a880ebb87302c3', 'system': None}, Network: None, Subnet: None, Router: None
2025-03-25 21:07:02.850 69073 INFO tempest.lib.common.rest_client [req-65cb5522-3b7f-4068-bebb-079e6c716709 req-65cb5522-3b7f-4068-bebb-079e6c716709 ] Request (HypervisorAdminTestJSON:setUpClass): 200 GET http://10.180.1.21/identity/v3/roles 0.378s
2025-03-25 21:07:02.857 69081 INFO tempest.lib.common.rest_client [req-c5c41acb-ae41-4ebf-b7a0-78bf8e176204 req-c5c41acb-ae41-4ebf-b7a0-78bf8e176204 ] Request (QuotasAdminNegativeTest:setUpClass): 204 PUT http://10.180.1.21/identity/v3/projects/389bab25fda24928abc078b9551b4b48/users/1976afd1607a4ef197ce873da32fa110/roles/0fb75afb86c245fea8e8189da4c5f807 0.398s
2025-03-25 21:07:02.893 69033 INFO tempest.lib.common.rest_client [req-05dc426c-9c90-4877-a08f-ca29f35c7e54 req-05dc426c-9c90-4877-a08f-ca29f35c7e54 ] Request (QuotasAdminTestV257:tearDownClass): 200 GET http://10.180.1.21:9696/networking/v2.0/security-groups?tenant_id=5d7142366f82476381d0456c4dc54bda&name=default 0.574s
2025-03-25 21:07:02.916 69077 INFO tempest.lib.common.rest_client [req-7a6b707f-fec5-4969-9d85-2d9c9a8789e7 req-7a6b707f-fec5-4969-9d85-2d9c9a8789e7 ] Request (ServersTestManualDisk:setUpClass): 201 POST http://10.180.1.21/identity/v3/auth/tokens 0.310s
2025-03-25 21:07:02.936 69083 INFO tempest.lib.common.rest_client [req-55525977-df98-49ed-be8f-f3081b907335 req-55525977-df98-49ed-be8f-f3081b907335 ] Request (ServerDiskConfigTestJSON:test_rebuild_server_with_auto_disk_config): 202 POST http://10.180.1.21/compute/v2.1/servers 1.753s
2025-03-25 21:07:02.947 69065 INFO tempest.lib.common.rest_client [req-bdee9ee3-1e71-4588-b95c-3823bebf714d req-bdee9ee3-1e71-4588-b95c-3823bebf714d ] Request (FlavorsAccessTestJSON:tearDownClass): 200 GET http://10.180.1.21:9696/networking/v2.0/security-groups?tenant_id=615b240c757143ecbbacaa11926f3167&name=default 0.600s
2025-03-25 21:07:02.957 69091 INFO tempest.lib.common.rest_client [req-812ba119-beed-4dce-a8ec-c83a8adc0eb4 req-812ba119-beed-4dce-a8ec-c83a8adc0eb4 ] Request (HostsAdminTestJSON:tearDownClass): 204 DELETE http://10.180.1.21/identity/v3/projects/136424e33ec544feb2aba8d09d94a18a 0.383s
2025-03-25 21:07:02.957 69091 INFO tempest.lib.common.dynamic_creds [-] Deleting project and security group for project: af9dce09af7742c586b661dae1bbdde6
2025-03-25 21:07:03.027 69060 INFO tempest.lib.common.rest_client [req-3c1da1f1-cb7a-41a2-b4b0-29ccb8a457dc req-3c1da1f1-cb7a-41a2-b4b0-29ccb8a457dc ] Request (KeyPairsNegativeTestJSON:tearDownClass): 204 DELETE http://10.180.1.21/identity/v3/projects/9d1f228f9d9441e99066e02e8d82c3a3 0.369s
2025-03-25 21:07:03.050 69067 INFO tempest.lib.common.rest_client [req-55ff18c3-7995-43c3-9fa5-5de849828b42 req-55ff18c3-7995-43c3-9fa5-5de849828b42 ] Request (ServicesAdminNegativeV253TestJSON:tearDownClass): 204 DELETE http://10.180.1.21/identity/v3/projects/df960836a1614ec291c9b71d2e7bea87 0.274s
2025-03-25 21:07:03.052 69067 INFO tempest.test [-] raised in TestMultiAttachVolumeSwap.setUpClass. Invoking tearDownClass.
2025-03-25 21:07:03.085 69033 INFO tempest.lib.common.rest_client [req-d12abcca-571a-446d-9121-ccd5fb6fd82c req-d12abcca-571a-446d-9121-ccd5fb6fd82c ] Request (QuotasAdminTestV257:tearDownClass): 204 DELETE http://10.180.1.21:9696/networking/v2.0/security-groups/a1c7a0c0-5f6b-43e7-84c3-d72d9ab94379 0.191s
2025-03-25 21:07:03.115 69049 INFO tempest.lib.common.rest_client [req-13521468-7e2d-4181-afb0-06909faba933 req-13521468-7e2d-4181-afb0-06909faba933 ] Request (InstanceUsageAuditLogTestJSON:setUpClass): 201 POST http://10.180.1.21/identity/v3/auth/tokens 0.329s
2025-03-25 21:07:03.117 69065 INFO tempest.lib.common.rest_client [req-33361010-592f-4cf3-b4fb-c8ecdaf3d5b2 req-33361010-592f-4cf3-b4fb-c8ecdaf3d5b2 ] Request (FlavorsAccessTestJSON:tearDownClass): 204 DELETE http://10.180.1.21:9696/networking/v2.0/security-groups/4797c378-51d6-4909-a84c-5d7944ad3240 0.169s
2025-03-25 21:07:03.128 69075 INFO tempest.lib.common.rest_client [req-a45af1d1-7c52-498f-bcda-1e27ab395663 req-a45af1d1-7c52-498f-bcda-1e27ab395663 ] Request (QuotasAdminTestJSON:setUpClass): 201 POST http://10.180.1.21/identity/v3/auth/tokens 0.337s
2025-03-25 21:07:03.132 69091 INFO tempest.lib.common.rest_client [req-8241e602-9e07-4bcf-b1e8-a12ab4bb0140 req-8241e602-9e07-4bcf-b1e8-a12ab4bb0140 ] Request (HostsAdminTestJSON:tearDownClass): 200 GET http://10.180.1.21:9696/networking/v2.0/security-groups?tenant_id=af9dce09af7742c586b661dae1bbdde6&name=default 0.175s
