2025-03-25 21:09:43.785 69069 INFO tempest.lib.common.rest_client [req-230e55e3-89ec-4f8d-8ac7-6669e3d7726b req-230e55e3-89ec-4f8d-8ac7-6669e3d7726b ] Request (AttachInterfacesTestJSON:_run_cleanups): 200 GET http://10.180.1.21/compute/v2.1/servers/0692f6a0-4f8b-49ca-92a7-0a35f109ad01 0.143s
2025-03-25 21:09:43.853 69079 INFO tempest.lib.common.rest_client [req-cde788bc-4505-416e-9bfd-21a7a78d1220 req-cde788bc-4505-416e-9bfd-21a7a78d1220 ] Request (ListImageFiltersTestJSON:tearDownClass): 200 GET http://10.180.1.21/compute/v2.1/servers/65b3df6f-d0ec-4840-9aed-130e21f332e8 0.094s
2025-03-25 21:09:43.854 69053 INFO tempest.lib.common.rest_client [req-b960f19b-4d70-4711-92e8-a1482ab90f1f req-b960f19b-4d70-4711-92e8-a1482ab90f1f ] Request (ServerRescueTestJSONUnderV235:setUpClass): 200 GET http://10.180.1.21/compute/v2.1/servers/0b644c02-4920-4243-abda-1c556be22278 0.148s
2025-03-25 21:09:43.915 69060 INFO tempest.lib.common.rest_client [req-1de73e9f-c057-4ed7-a78f-8e8ecf38c02d req-1de73e9f-c057-4ed7-a78f-8e8ecf38c02d ] Request (ServerShowV257Test:test_rebuild_server): 200 GET http://10.180.1.21/compute/v2.1/servers/0c8f5b41-a691-4fe2-b9f8-34713e7ce26d 0.079s
2025-03-25 21:09:44.063 69067 INFO tempest.lib.common.rest_client [req-4b00fa76-062e-4b35-828e-67ed35339c85 req-4b00fa76-062e-4b35-828e-67ed35339c85 ] Request (MultipleCreateTestJSON:test_multiple_create_with_reservation_return): 200 GET http://10.180.1.21/compute/v2.1/servers/0e8ace00-38a5-4446-b311-41de21d00f19 0.139s
2025-03-25 21:09:44.070 69067 INFO tempest.common.waiters [-] State transition "BUILD/None" ==> "BUILD/networking" after 72 second wait
2025-03-25 21:09:44.093 69081 INFO tempest.lib.common.rest_client [req-861da986-b6ff-4c2e-8fb1-d77e303f14ab req-861da986-b6ff-4c2e-8fb1-d77e303f14ab ] Request (SecurityGroupsTestJSON:test_server_security_groups): 200 GET http://10.180.1.21/compute/v2.1/servers/74c7af94-e65b-404f-93fb-6f1431099055 0.058s
2025-03-25 21:09:44.164 69095 INFO tempest.lib.common.rest_client [req-a80541de-c103-4785-94f0-9f068d71f7f8 req-a80541de-c103-4785-94f0-9f068d71f7f8 ] Request (ServerRescueNegativeTestJSON:test_rescued_vm_detach_volume): 200 GET http://10.180.1.21/compute/v2.1/servers/406bfd13-1d1e-433e-bdb3-cfea94f0324b 0.064s
2025-03-25 21:09:44.242 69091 INFO tempest.lib.common.rest_client [req-d1c43025-8dbc-4c9e-9568-c97adc4e81bc req-d1c43025-8dbc-4c9e-9568-c97adc4e81bc ] Request (ServersTestJSON:_run_cleanups): 200 GET http://10.180.1.21/compute/v2.1/servers/21e6d789-fd35-41ae-bbd6-0b246b8788e9 0.061s
2025-03-25 21:09:44.412 69071 INFO tempest.lib.common.rest_client [req-0d9aedda-a923-4f10-86e6-24faddd45a55 req-0d9aedda-a923-4f10-86e6-24faddd45a55 ] Request (FloatingIPsAssociationTestJSON:test_associate_already_associated_floating_ip): 200 GET http://10.180.1.21/compute/v2.1/servers/841f12a1-0df9-4800-89e3-372c0c8cb8ad 0.057s
2025-03-25 21:09:44.421 69033 INFO tempest.lib.common.rest_client [req-3a22900f-c9e5-452c-af90-b8789d90466a req-3a22900f-c9e5-452c-af90-b8789d90466a ] Request (ListServersNegativeTestJSON:setUpClass): 200 GET http://10.180.1.21/compute/v2.1/servers/8dd5ba09-7551-4739-a6c9-e605c8a37a5d 0.110s
2025-03-25 21:09:44.465 69089 INFO tempest.lib.common.rest_client [req-8a198617-217c-42cf-b82c-ab9dca35036d req-8a198617-217c-42cf-b82c-ab9dca35036d ] Request (VolumesAdminNegativeTest:test_update_attached_volume_with_nonexistent_volume_in_uri): 200 GET http://10.180.1.21/compute/v2.1/servers/31448dbd-178f-4c7c-b451-4ec7a502b109 0.085s
2025-03-25 21:09:44.473 69089 INFO tempest.common.waiters [-] State transition "BUILD/scheduling" ==> "BUILD/None" after 20 second wait
2025-03-25 21:09:44.478 69093 INFO tempest.lib.common.rest_client [req-12d75e3f-a7a5-4a84-b8a7-c0b3b1518072 req-12d75e3f-a7a5-4a84-b8a7-c0b3b1518072 ] Request (FloatingIPsAssociationNegativeTestJSON:tearDownClass): 200 GET http://10.180.1.21/compute/v2.1/servers/878df394-3d07-4c11-9e0a-3d1658ec914b 0.060s
2025-03-25 21:09:44.515 69039 INFO tempest.lib.common.rest_client [req-775dda82-b19b-4a00-9373-0a6dc1382e76 req-775dda82-b19b-4a00-9373-0a6dc1382e76 ] Request (ImagesOneServerNegativeTestJSON:_run_cleanups): 200 GET http://10.180.1.21/compute/v2.1/servers/37b19313-0d33-485a-9071-e28612305bd8 0.087s
2025-03-25 21:09:44.537 69063 INFO tempest.lib.common.rest_client [req-0a551098-59dc-4831-9394-9ac1c9d72146 req-0a551098-59dc-4831-9394-9ac1c9d72146 ] Request (TenantUsagesTestJSON:tearDownClass): 200 GET http://10.180.1.21/compute/v2.1/servers/4a169d58-62e0-44bb-95cd-63b72a497325 0.055s
2025-03-25 21:09:44.564 69083 INFO tempest.lib.common.rest_client [req-5c8b547d-06e0-4d0c-84f2-e601302c05f3 req-5c8b547d-06e0-4d0c-84f2-e601302c05f3 ] Request (ServerDiskConfigTestJSON:test_resize_server_from_auto_to_manual): 200 GET http://10.180.1.21/compute/v2.1/servers/80768865-4ff5-4e11-a551-b4a06e456f78 0.080s
2025-03-25 21:09:44.833 69061 INFO tempest.lib.common.rest_client [req-fabe98f7-52a9-42a6-b012-c27e555a6044 req-fabe98f7-52a9-42a6-b012-c27e555a6044 ] Request (ServersTestMultiNic:test_verify_duplicate_network_nics): 200 GET http://10.180.1.21/compute/v2.1/servers/371f1f54-404f-4a97-a4a7-eb194fae3caa 0.310s
2025-03-25 21:09:44.839 69041 INFO tempest.lib.common.rest_client [req-68442752-ff59-4b40-9aed-8f329f5af787 req-68442752-ff59-4b40-9aed-8f329f5af787 ] Request (ServersWithSpecificFlavorTestJSON:test_verify_created_server_ephemeral_disk): 200 GET http://10.180.1.21/compute/v2.1/servers/919ec8d0-942c-4b8b-a790-1c5633165e96 0.305s
2025-03-25 21:09:44.911 69055 INFO tempest.lib.common.rest_client [req-8939885e-fa0b-4025-a4ef-7edc37b44a75 req-8939885e-fa0b-4025-a4ef-7edc37b44a75 ] Request (ServerActionsTestOtherB:setUpClass): 200 GET http://10.180.1.21/compute/v2.1/servers/4c640250-2f92-4d9e-a6e3-a25a3e3c8e1d 0.345s
2025-03-25 21:09:44.964 69075 INFO tempest.lib.common.rest_client [req-ca67c5ef-17a1-410a-9aa4-6dfa0273d065 req-ca67c5ef-17a1-410a-9aa4-6dfa0273d065 ] Request (AttachVolumeShelveTestJSON:test_attach_volume_shelved_or_offload_server): 200 GET http://10.180.1.21/compute/v2.1/servers/a790f1dd-d115-466c-ba50-2f3ae76bd02a 0.253s
2025-03-25 21:09:45.029 69043 INFO tempest.lib.common.rest_client [req-df71ee3d-3f70-4ebf-a7dc-208627b7f5c3 req-df71ee3d-3f70-4ebf-a7dc-208627b7f5c3 ] Request (MigrationsAdminTest:test_resize_server_revert_deleted_flavor): 200 GET http://10.180.1.21/compute/v2.1/servers/e48899a0-80fc-4db5-a7e9-a6fe813cd107 0.317s
2025-03-25 21:09:45.038 69045 INFO tempest.lib.common.rest_client [req-c1d6df5c-71df-4e37-a1a7-c44bcf96cdd3 req-c1d6df5c-71df-4e37-a1a7-c44bcf96cdd3 ] Request (VolumesAssistedSnapshotsTest:tearDownClass): 200 GET http://10.180.1.21/compute/v2.1/servers/2a61c3d1-0d4f-41f7-90b5-f8d4a24cf414 0.249s
2025-03-25 21:09:45.094 69069 INFO tempest.lib.common.rest_client [req-1b5fe417-dad6-4a13-9549-360ee5c09455 req-1b5fe417-dad6-4a13-9549-360ee5c09455 ] Request (AttachInterfacesTestJSON:_run_cleanups): 200 GET http://10.180.1.21/compute/v2.1/servers/0692f6a0-4f8b-49ca-92a7-0a35f109ad01 0.298s
2025-03-25 21:09:45.098 69079 INFO tempest.lib.common.rest_client [req-1868547b-fd69-44e1-bc8f-8516a0b5c42d req-1868547b-fd69-44e1-bc8f-8516a0b5c42d ] Request (ListImageFiltersTestJSON:tearDownClass): 200 GET http://10.180.1.21/compute/v2.1/servers/65b3df6f-d0ec-4840-9aed-130e21f332e8 0.236s
2025-03-25 21:09:45.146 69053 INFO tempest.lib.common.rest_client [req-e88d4cc5-bcd0-4542-a5cd-83fb71ce0fde req-e88d4cc5-bcd0-4542-a5cd-83fb71ce0fde ] Request (ServerRescueTestJSONUnderV235:setUpClass): 200 GET http://10.180.1.21/compute/v2.1/servers/0b644c02-4920-4243-abda-1c556be22278 0.283s
2025-03-25 21:09:45.163 69060 INFO tempest.lib.common.rest_client [req-cfa23a98-2586-4866-b505-2d9b7507b2bc req-cfa23a98-2586-4866-b505-2d9b7507b2bc ] Request (ServerShowV257Test:test_rebuild_server): 200 GET http://10.180.1.21/compute/v2.1/servers/0c8f5b41-a691-4fe2-b9f8-34713e7ce26d 0.238s
2025-03-25 21:09:45.221 69081 INFO tempest.lib.common.rest_client [req-f716f154-0aff-432f-a3d1-555316b9e94d req-f716f154-0aff-432f-a3d1-555316b9e94d ] Request (SecurityGroupsTestJSON:test_server_security_groups): 200 GET http://10.180.1.21/compute/v2.1/servers/74c7af94-e65b-404f-93fb-6f1431099055 0.118s
2025-03-25 21:09:45.265 69067 INFO tempest.lib.common.rest_client [req-0695bc68-cd5d-421d-930e-30cff0b8f811 req-0695bc68-cd5d-421d-930e-30cff0b8f811 ] Request (MultipleCreateTestJSON:test_multiple_create_with_reservation_return): 200 GET http://10.180.1.21/compute/v2.1/servers/0e8ace00-38a5-4446-b311-41de21d00f19 0.193s
2025-03-25 21:09:45.272 69067 INFO tempest.common.waiters [-] State transition "BUILD/networking" ==> "BUILD/spawning" after 73 second wait
2025-03-25 21:09:45.275 69095 INFO tempest.lib.common.rest_client [req-0dd07133-cd7e-4bc3-9960-02192ac43cd2 req-0dd07133-cd7e-4bc3-9960-02192ac43cd2 ] Request (ServerRescueNegativeTestJSON:test_rescued_vm_detach_volume): 200 GET http://10.180.1.21/compute/v2.1/servers/406bfd13-1d1e-433e-bdb3-cfea94f0324b 0.102s
2025-03-25 21:09:45.330 69091 INFO tempest.lib.common.rest_client [req-375f5c8f-fd96-4707-8d26-0b29e2cc78a2 req-375f5c8f-fd96-4707-8d26-0b29e2cc78a2 ] Request (ServersTestJSON:_run_cleanups): 200 GET http://10.180.1.21/compute/v2.1/servers/21e6d789-fd35-41ae-bbd6-0b246b8788e9 0.080s
2025-03-25 21:09:45.500 69071 INFO tempest.lib.common.rest_client [req-b827646b-ea01-4c40-a265-fbee2babc3d7 req-b827646b-ea01-4c40-a265-fbee2babc3d7 ] Request (FloatingIPsAssociationTestJSON:test_associate_already_associated_floating_ip): 200 GET http://10.180.1.21/compute/v2.1/servers/841f12a1-0df9-4800-89e3-372c0c8cb8ad 0.079s
2025-03-25 21:09:45.522 69033 INFO tempest.lib.common.rest_client [req-d677bf56-9484-4e21-ad4b-8d40d2a205c2 req-d677bf56-9484-4e21-ad4b-8d40d2a205c2 ] Request (ListServersNegativeTestJSON:setUpClass): 200 GET http://10.180.1.21/compute/v2.1/servers/8dd5ba09-7551-4739-a6c9-e605c8a37a5d 0.092s
2025-03-25 21:09:45.546 69089 INFO tempest.lib.common.rest_client [req-2d13cd5c-16ed-40f9-9f4d-4fb48f1ac2a6 req-2d13cd5c-16ed-40f9-9f4d-4fb48f1ac2a6 ] Request (VolumesAdminNegativeTest:test_update_attached_volume_with_nonexistent_volume_in_uri): 200 GET http://10.180.1.21/compute/v2.1/servers/31448dbd-178f-4c7c-b451-4ec7a502b109 0.071s
2025-03-25 21:09:45.581 69093 INFO tempest.lib.common.rest_client [req-302b4ce9-744b-4ad8-8cbc-fe33682d4e07 req-302b4ce9-744b-4ad8-8cbc-fe33682d4e07 ] Request (FloatingIPsAssociationNegativeTestJSON:tearDownClass): 200 GET http://10.180.1.21/compute/v2.1/servers/878df394-3d07-4c11-9e0a-3d1658ec914b 0.096s
2025-03-25 21:09:45.595 69039 INFO tempest.lib.common.rest_client [req-9f31cadd-690f-4faf-9ec2-1dbe5cb8666d req-9f31cadd-690f-4faf-9ec2-1dbe5cb8666d ] Request (ImagesOneServerNegativeTestJSON:_run_cleanups): 200 GET http://10.180.1.21/compute/v2.1/servers/37b19313-0d33-485a-9071-e28612305bd8 0.071s
2025-03-25 21:09:45.632 69035 WARNING tempest.lib.common.ssh [-] Failed to establish authenticated ssh connection to cirros@10.180.180.179 ([Errno None] Unable to connect to port 22 on 10.180.180.179). Number attempts: 4. Retry after 5 seconds.: paramiko.ssh_exception.NoValidConnectionsError: [Errno None] Unable to connect to port 22 on 10.180.180.179
2025-03-25 21:09:45.643 69063 INFO tempest.lib.common.rest_client [req-7e99fe18-4c8e-4be3-808b-81411c1662e8 req-7e99fe18-4c8e-4be3-808b-81411c1662e8 ] Request (TenantUsagesTestJSON:tearDownClass): 200 GET http://10.180.1.21/compute/v2.1/servers/4a169d58-62e0-44bb-95cd-63b72a497325 0.098s
2025-03-25 21:09:45.644 69083 INFO tempest.lib.common.rest_client [req-b60a1271-917d-4e55-aced-c707e487a823 req-b60a1271-917d-4e55-aced-c707e487a823 ] Request (ServerDiskConfigTestJSON:test_resize_server_from_auto_to_manual): 200 GET http://10.180.1.21/compute/v2.1/servers/80768865-4ff5-4e11-a551-b4a06e456f78 0.070s
2025-03-25 21:09:45.912 69041 INFO tempest.lib.common.rest_client [req-7ce1e0a2-65d0-4abe-94e2-4f20aa9defcd req-7ce1e0a2-65d0-4abe-94e2-4f20aa9defcd ] Request (ServersWithSpecificFlavorTestJSON:test_verify_created_server_ephemeral_disk): 200 GET http://10.180.1.21/compute/v2.1/servers/919ec8d0-942c-4b8b-a790-1c5633165e96 0.065s
2025-03-25 21:09:45.918 69061 INFO tempest.lib.common.rest_client [req-b62f0fbb-7a5d-4ecd-b53b-e4174194df4d req-b62f0fbb-7a5d-4ecd-b53b-e4174194df4d ] Request (ServersTestMultiNic:test_verify_duplicate_network_nics): 200 GET http://10.180.1.21/compute/v2.1/servers/371f1f54-404f-4a97-a4a7-eb194fae3caa 0.076s
2025-03-25 21:09:45.973 69055 INFO tempest.lib.common.rest_client [req-5904a802-d4dc-4102-b99d-9d20af9d7a2e req-5904a802-d4dc-4102-b99d-9d20af9d7a2e ] Request (ServerActionsTestOtherB:setUpClass): 200 GET http://10.180.1.21/compute/v2.1/servers/4c640250-2f92-4d9e-a6e3-a25a3e3c8e1d 0.054s
2025-03-25 21:09:46.124 69075 INFO tempest.lib.common.rest_client [req-5c001f58-2e2d-41ee-a24e-5520f7ed15c4 req-5c001f58-2e2d-41ee-a24e-5520f7ed15c4 ] Request (AttachVolumeShelveTestJSON:test_attach_volume_shelved_or_offload_server): 200 GET http://10.180.1.21/compute/v2.1/servers/a790f1dd-d115-466c-ba50-2f3ae76bd02a 0.143s
2025-03-25 21:09:46.142 69043 INFO tempest.lib.common.rest_client [req-e0596749-0b4e-4f05-aec5-8e497c8b97b6 req-e0596749-0b4e-4f05-aec5-8e497c8b97b6 ] Request (MigrationsAdminTest:test_resize_server_revert_deleted_flavor): 200 GET http://10.180.1.21/compute/v2.1/servers/e48899a0-80fc-4db5-a7e9-a6fe813cd107 0.105s
2025-03-25 21:09:46.180 69045 INFO tempest.lib.common.rest_client [req-cc922083-7355-4ee1-9c54-1ce8fc418e09 req-cc922083-7355-4ee1-9c54-1ce8fc418e09 ] Request (VolumesAssistedSnapshotsTest:tearDownClass): 200 GET http://10.180.1.21/compute/v2.1/servers/2a61c3d1-0d4f-41f7-90b5-f8d4a24cf414 0.132s
2025-03-25 21:09:46.194 69069 INFO tempest.lib.common.rest_client [req-148fb5e3-1a97-4d77-8645-5f86ccf1649d req-148fb5e3-1a97-4d77-8645-5f86ccf1649d ] Request (AttachInterfacesTestJSON:_run_cleanups): 200 GET http://10.180.1.21/compute/v2.1/servers/0692f6a0-4f8b-49ca-92a7-0a35f109ad01 0.092s
2025-03-25 21:09:46.239 69079 INFO tempest.lib.common.rest_client [req-c2cf0848-531c-45cf-9270-9cec00480754 req-c2cf0848-531c-45cf-9270-9cec00480754 ] Request (ListImageFiltersTestJSON:tearDownClass): 200 GET http://10.180.1.21/compute/v2.1/servers/65b3df6f-d0ec-4840-9aed-130e21f332e8 0.132s
2025-03-25 21:09:46.244 69053 INFO tempest.lib.common.rest_client [req-a03a30d3-f34c-412b-8e42-e0d79b248cd3 req-a03a30d3-f34c-412b-8e42-e0d79b248cd3 ] Request (ServerRescueTestJSONUnderV235:setUpClass): 200 GET http://10.180.1.21/compute/v2.1/servers/0b644c02-4920-4243-abda-1c556be22278 0.086s
2025-03-25 21:09:46.295 69060 INFO tempest.lib.common.rest_client [req-162258b1-83e1-4133-ad3d-213dbcfdb97c req-162258b1-83e1-4133-ad3d-213dbcfdb97c ] Request (ServerShowV257Test:test_rebuild_server): 200 GET http://10.180.1.21/compute/v2.1/servers/0c8f5b41-a691-4fe2-b9f8-34713e7ce26d 0.121s
2025-03-25 21:09:46.305 69081 INFO tempest.lib.common.rest_client [req-96cdac6e-2563-486e-aaaa-bf0d1b0c14fd req-96cdac6e-2563-486e-aaaa-bf0d1b0c14fd ] Request (SecurityGroupsTestJSON:test_server_security_groups): 200 GET http://10.180.1.21/compute/v2.1/servers/74c7af94-e65b-404f-93fb-6f1431099055 0.075s
2025-03-25 21:09:46.350 69095 INFO tempest.lib.common.rest_client [req-e71f911e-205f-474e-ac1f-eebd9c1dceef req-e71f911e-205f-474e-ac1f-eebd9c1dceef ] Request (ServerRescueNegativeTestJSON:test_rescued_vm_detach_volume): 200 GET http://10.180.1.21/compute/v2.1/servers/406bfd13-1d1e-433e-bdb3-cfea94f0324b 0.067s
2025-03-25 21:09:46.397 69067 INFO tempest.lib.common.rest_client [req-43c33e69-28a8-4e6d-a008-dfa6689fbb2e req-43c33e69-28a8-4e6d-a008-dfa6689fbb2e ] Request (MultipleCreateTestJSON:test_multiple_create_with_reservation_return): 200 GET http://10.180.1.21/compute/v2.1/servers/0e8ace00-38a5-4446-b311-41de21d00f19 0.123s
2025-03-25 21:09:46.411 69091 INFO tempest.lib.common.rest_client [req-4281d6c7-3c70-4eb5-81f6-46346c927591 req-4281d6c7-3c70-4eb5-81f6-46346c927591 ] Request (ServersTestJSON:_run_cleanups): 200 GET http://10.180.1.21/compute/v2.1/servers/21e6d789-fd35-41ae-bbd6-0b246b8788e9 0.073s
2025-03-25 21:09:46.568 69071 INFO tempest.lib.common.rest_client [req-eb43932e-8415-496b-8ed3-a82b16dd81a0 req-eb43932e-8415-496b-8ed3-a82b16dd81a0 ] Request (FloatingIPsAssociationTestJSON:test_associate_already_associated_floating_ip): 200 GET http://10.180.1.21/compute/v2.1/servers/841f12a1-0df9-4800-89e3-372c0c8cb8ad 0.059s
2025-03-25 21:09:46.632 69089 INFO tempest.lib.common.rest_client [req-d6f66bc6-affc-4f95-8850-3b40b2bcfaa9 req-d6f66bc6-affc-4f95-8850-3b40b2bcfaa9 ] Request (VolumesAdminNegativeTest:test_update_attached_volume_with_nonexistent_volume_in_uri): 200 GET http://10.180.1.21/compute/v2.1/servers/31448dbd-178f-4c7c-b451-4ec7a502b109 0.079s
2025-03-25 21:09:46.652 69033 INFO tempest.lib.common.rest_client [req-a47a265c-9e19-4ca6-8347-d3a1cc55cbf3 req-a47a265c-9e19-4ca6-8347-d3a1cc55cbf3 ] Request (ListServersNegativeTestJSON:setUpClass): 200 GET http://10.180.1.21/compute/v2.1/servers/8dd5ba09-7551-4739-a6c9-e605c8a37a5d 0.123s
2025-03-25 21:09:46.723 69093 INFO tempest.lib.common.rest_client [req-39d86582-0a63-4fd5-bda2-84a120977b93 req-39d86582-0a63-4fd5-bda2-84a120977b93 ] Request (FloatingIPsAssociationNegativeTestJSON:tearDownClass): 200 GET http://10.180.1.21/compute/v2.1/servers/878df394-3d07-4c11-9e0a-3d1658ec914b 0.133s
2025-03-25 21:09:46.735 69039 INFO tempest.lib.common.rest_client [req-d986dbf6-8609-4caf-806c-0525fc6ed892 req-d986dbf6-8609-4caf-806c-0525fc6ed892 ] Request (ImagesOneServerNegativeTestJSON:_run_cleanups): 200 GET http://10.180.1.21/compute/v2.1/servers/37b19313-0d33-485a-9071-e28612305bd8 0.132s
2025-03-25 21:09:46.800 69083 INFO tempest.lib.common.rest_client [req-9017b8e7-138c-4ff4-8c90-5f584bef38d7 req-9017b8e7-138c-4ff4-8c90-5f584bef38d7 ] Request (ServerDiskConfigTestJSON:test_resize_server_from_auto_to_manual): 200 GET http://10.180.1.21/compute/v2.1/servers/80768865-4ff5-4e11-a551-b4a06e456f78 0.148s
2025-03-25 21:09:46.808 69063 INFO tempest.lib.common.rest_client [req-b5f69eed-5bed-4abd-bcd1-6a3f75ace552 req-b5f69eed-5bed-4abd-bcd1-6a3f75ace552 ] Request (TenantUsagesTestJSON:tearDownClass): 200 GET http://10.180.1.21/compute/v2.1/servers/4a169d58-62e0-44bb-95cd-63b72a497325 0.157s
2025-03-25 21:09:46.987 69041 INFO tempest.lib.common.rest_client [req-a5904199-ce8e-4f66-9bad-ecddddf46cbd req-a5904199-ce8e-4f66-9bad-ecddddf46cbd ] Request (ServersWithSpecificFlavorTestJSON:test_verify_created_server_ephemeral_disk): 200 GET http://10.180.1.21/compute/v2.1/servers/919ec8d0-942c-4b8b-a790-1c5633165e96 0.066s
2025-03-25 21:09:46.999 69061 INFO tempest.lib.common.rest_client [req-a4f8bfc2-1c1e-4e2f-b489-5b5990b9e823 req-a4f8bfc2-1c1e-4e2f-b489-5b5990b9e823 ] Request (ServersTestMultiNic:test_verify_duplicate_network_nics): 200 GET http://10.180.1.21/compute/v2.1/servers/371f1f54-404f-4a97-a4a7-eb194fae3caa 0.073s
2025-03-25 21:09:47.042 69055 INFO tempest.lib.common.rest_client [req-fccf8e45-86d4-4d1e-b1b5-765eb34a14d9 req-fccf8e45-86d4-4d1e-b1b5-765eb34a14d9 ] Request (ServerActionsTestOtherB:setUpClass): 200 GET http://10.180.1.21/compute/v2.1/servers/4c640250-2f92-4d9e-a6e3-a25a3e3c8e1d 0.061s
2025-03-25 21:09:47.267 69075 INFO tempest.lib.common.rest_client [req-3f5bfd1a-0839-4c59-a68e-822526fb2160 req-3f5bfd1a-0839-4c59-a68e-822526fb2160 ] Request (AttachVolumeShelveTestJSON:test_attach_volume_shelved_or_offload_server): 200 GET http://10.180.1.21/compute/v2.1/servers/a790f1dd-d115-466c-ba50-2f3ae76bd02a 0.132s
2025-03-25 21:09:47.299 69043 INFO tempest.lib.common.rest_client [req-c89e1f1b-b6e7-4ab1-b8cd-782d0e6d1de0 req-c89e1f1b-b6e7-4ab1-b8cd-782d0e6d1de0 ] Request (MigrationsAdminTest:test_resize_server_revert_deleted_flavor): 200 GET http://10.180.1.21/compute/v2.1/servers/e48899a0-80fc-4db5-a7e9-a6fe813cd107 0.150s
2025-03-25 21:09:47.333 69045 INFO tempest.lib.common.rest_client [req-e3a4b5f2-4982-47e2-bc8f-e5871ed5db53 req-e3a4b5f2-4982-47e2-bc8f-e5871ed5db53 ] Request (VolumesAssistedSnapshotsTest:tearDownClass): 200 GET http://10.180.1.21/compute/v2.1/servers/2a61c3d1-0d4f-41f7-90b5-f8d4a24cf414 0.145s
2025-03-25 21:09:47.362 69069 INFO tempest.lib.common.rest_client [req-43d2a487-7470-4908-b5ba-ca845e7e75bc req-43d2a487-7470-4908-b5ba-ca845e7e75bc ] Request (AttachInterfacesTestJSON:_run_cleanups): 200 GET http://10.180.1.21/compute/v2.1/servers/0692f6a0-4f8b-49ca-92a7-0a35f109ad01 0.160s
2025-03-25 21:09:47.391 69079 INFO tempest.lib.common.rest_client [req-006ba44f-49a5-41d4-ace6-1448bb31b496 req-006ba44f-49a5-41d4-ace6-1448bb31b496 ] Request (ListImageFiltersTestJSON:tearDownClass): 200 GET http://10.180.1.21/compute/v2.1/servers/65b3df6f-d0ec-4840-9aed-130e21f332e8 0.144s
2025-03-25 21:09:47.410 69053 INFO tempest.lib.common.rest_client [req-2e379b92-5d5f-4eca-9b56-c100adeb9ce6 req-2e379b92-5d5f-4eca-9b56-c100adeb9ce6 ] Request (ServerRescueTestJSONUnderV235:setUpClass): 200 GET http://10.180.1.21/compute/v2.1/servers/0b644c02-4920-4243-abda-1c556be22278 0.158s
2025-03-25 21:09:47.467 69081 INFO tempest.lib.common.rest_client [req-5432d7b1-5961-487b-a1fe-31d97fea9c67 req-5432d7b1-5961-487b-a1fe-31d97fea9c67 ] Request (SecurityGroupsTestJSON:test_server_security_groups): 200 GET http://10.180.1.21/compute/v2.1/servers/74c7af94-e65b-404f-93fb-6f1431099055 0.154s
2025-03-25 21:09:47.469 69060 INFO tempest.lib.common.rest_client [req-125a6d82-5318-4cfc-befe-a2c7ad5bf1ae req-125a6d82-5318-4cfc-befe-a2c7ad5bf1ae ] Request (ServerShowV257Test:test_rebuild_server): 200 GET http://10.180.1.21/compute/v2.1/servers/0c8f5b41-a691-4fe2-b9f8-34713e7ce26d 0.164s
2025-03-25 21:09:47.521 69095 INFO tempest.lib.common.rest_client [req-9585442f-5cf6-4b77-b0e4-6cd8b6fc6d51 req-9585442f-5cf6-4b77-b0e4-6cd8b6fc6d51 ] Request (ServerRescueNegativeTestJSON:test_rescued_vm_detach_volume): 200 GET http://10.180.1.21/compute/v2.1/servers/406bfd13-1d1e-433e-bdb3-cfea94f0324b 0.162s
2025-03-25 21:09:47.568 69067 INFO tempest.lib.common.rest_client [req-b371bea3-29af-4dbf-a242-f3255ccbb762 req-b371bea3-29af-4dbf-a242-f3255ccbb762 ] Request (MultipleCreateTestJSON:test_multiple_create_with_reservation_return): 200 GET http://10.180.1.21/compute/v2.1/servers/0e8ace00-38a5-4446-b311-41de21d00f19 0.162s
2025-03-25 21:09:47.581 69091 INFO tempest.lib.common.rest_client [req-e4166887-4848-4914-a875-b3a6ad95f060 req-e4166887-4848-4914-a875-b3a6ad95f060 ] Request (ServersTestJSON:_run_cleanups): 200 GET http://10.180.1.21/compute/v2.1/servers/21e6d789-fd35-41ae-bbd6-0b246b8788e9 0.160s
2025-03-25 21:09:47.627 69071 INFO tempest.lib.common.rest_client [req-41c09c7f-0a1d-441f-90ca-2c6367369424 req-41c09c7f-0a1d-441f-90ca-2c6367369424 ] Request (FloatingIPsAssociationTestJSON:test_associate_already_associated_floating_ip): 200 GET http://10.180.1.21/compute/v2.1/servers/841f12a1-0df9-4800-89e3-372c0c8cb8ad 0.050s
2025-03-25 21:09:47.698 69089 INFO tempest.lib.common.rest_client [req-70de16d3-547e-46a2-a80b-5bbec5cc3289 req-70de16d3-547e-46a2-a80b-5bbec5cc3289 ] Request (VolumesAdminNegativeTest:test_update_attached_volume_with_nonexistent_volume_in_uri): 200 GET http://10.180.1.21/compute/v2.1/servers/31448dbd-178f-4c7c-b451-4ec7a502b109 0.056s
2025-03-25 21:09:47.802 69033 INFO tempest.lib.common.rest_client [req-3378b2cb-fbe7-4186-926f-ef13750dfc5d req-3378b2cb-fbe7-4186-926f-ef13750dfc5d ] Request (ListServersNegativeTestJSON:setUpClass): 200 GET http://10.180.1.21/compute/v2.1/servers/8dd5ba09-7551-4739-a6c9-e605c8a37a5d 0.141s
2025-03-25 21:09:47.813 69093 INFO tempest.lib.common.rest_client [req-3d97bdb5-33de-48b8-84cb-464839f4117a req-3d97bdb5-33de-48b8-84cb-464839f4117a ] Request (FloatingIPsAssociationNegativeTestJSON:tearDownClass): 200 GET http://10.180.1.21/compute/v2.1/servers/878df394-3d07-4c11-9e0a-3d1658ec914b 0.078s
2025-03-25 21:09:47.860 69039 INFO tempest.lib.common.rest_client [req-3f6e0752-4943-4942-ba91-281d3322cb1d req-3f6e0752-4943-4942-ba91-281d3322cb1d ] Request (ImagesOneServerNegativeTestJSON:_run_cleanups): 200 GET http://10.180.1.21/compute/v2.1/servers/37b19313-0d33-485a-9071-e28612305bd8 0.114s
2025-03-25 21:09:47.870 69083 INFO tempest.lib.common.rest_client [req-aae41493-8d58-4d79-8242-fea0bbc640c6 req-aae41493-8d58-4d79-8242-fea0bbc640c6 ] Request (ServerDiskConfigTestJSON:test_resize_server_from_auto_to_manual): 200 GET http://10.180.1.21/compute/v2.1/servers/80768865-4ff5-4e11-a551-b4a06e456f78 0.057s
2025-03-25 21:09:47.915 69063 INFO tempest.lib.common.rest_client [req-4f63a3c7-0e65-4539-8eb7-f2c373362cd2 req-4f63a3c7-0e65-4539-8eb7-f2c373362cd2 ] Request (TenantUsagesTestJSON:tearDownClass): 200 GET http://10.180.1.21/compute/v2.1/servers/4a169d58-62e0-44bb-95cd-63b72a497325 0.098s
2025-03-25 21:09:48.070 69061 INFO tempest.lib.common.rest_client [req-4263b174-8cf6-4ce8-9061-e5ab216e819f req-4263b174-8cf6-4ce8-9061-e5ab216e819f ] Request (ServersTestMultiNic:test_verify_duplicate_network_nics): 200 GET http://10.180.1.21/compute/v2.1/servers/371f1f54-404f-4a97-a4a7-eb194fae3caa 0.062s
2025-03-25 21:09:48.079 69041 INFO tempest.lib.common.rest_client [req-dca03216-8952-48ad-a3e8-75288020eb78 req-dca03216-8952-48ad-a3e8-75288020eb78 ] Request (ServersWithSpecificFlavorTestJSON:test_verify_created_server_ephemeral_disk): 200 GET http://10.180.1.21/compute/v2.1/servers/919ec8d0-942c-4b8b-a790-1c5633165e96 0.082s
2025-03-25 21:09:48.128 69055 INFO tempest.lib.common.rest_client [req-23e49673-cc26-45e2-a693-3f4a12eec6c0 req-23e49673-cc26-45e2-a693-3f4a12eec6c0 ] Request (ServerActionsTestOtherB:setUpClass): 200 GET http://10.180.1.21/compute/v2.1/servers/4c640250-2f92-4d9e-a6e3-a25a3e3c8e1d 0.078s
2025-03-25 21:09:48.409 69075 INFO tempest.lib.common.rest_client [req-9ec4f05d-7c7e-4dc4-ad80-5fbee1ad3072 req-9ec4f05d-7c7e-4dc4-ad80-5fbee1ad3072 ] Request (AttachVolumeShelveTestJSON:test_attach_volume_shelved_or_offload_server): 200 GET http://10.180.1.21/compute/v2.1/servers/a790f1dd-d115-466c-ba50-2f3ae76bd02a 0.131s
2025-03-25 21:09:48.429 69043 INFO tempest.lib.common.rest_client [req-359713cb-3051-4f31-8993-928af2fec7b4 req-359713cb-3051-4f31-8993-928af2fec7b4 ] Request (MigrationsAdminTest:test_resize_server_revert_deleted_flavor): 200 GET http://10.180.1.21/compute/v2.1/servers/e48899a0-80fc-4db5-a7e9-a6fe813cd107 0.121s
2025-03-25 21:09:48.474 69045 INFO tempest.lib.common.rest_client [req-2e46f86c-a9f6-4b2b-9492-542d823ba17f req-2e46f86c-a9f6-4b2b-9492-542d823ba17f ] Request (VolumesAssistedSnapshotsTest:tearDownClass): 200 GET http://10.180.1.21/compute/v2.1/servers/2a61c3d1-0d4f-41f7-90b5-f8d4a24cf414 0.133s
2025-03-25 21:09:48.489 69069 INFO tempest.lib.common.rest_client [req-2efc6de4-5a55-4f01-b667-ee921c8a99b3 req-2efc6de4-5a55-4f01-b667-ee921c8a99b3 ] Request (AttachInterfacesTestJSON:_run_cleanups): 200 GET http://10.180.1.21/compute/v2.1/servers/0692f6a0-4f8b-49ca-92a7-0a35f109ad01 0.119s
2025-03-25 21:09:48.545 69077 INFO paramiko.transport [-] Connected (version 2.0, client dropbear_2020.81)
2025-03-25 21:09:48.550 69079 INFO tempest.lib.common.rest_client [req-cc88c89c-12fa-4f34-81b9-89a48bb35d3a req-cc88c89c-12fa-4f34-81b9-89a48bb35d3a ] Request (ListImageFiltersTestJSON:tearDownClass): 200 GET http://10.180.1.21/compute/v2.1/servers/65b3df6f-d0ec-4840-9aed-130e21f332e8 0.151s
2025-03-25 21:09:48.551 69053 INFO tempest.lib.common.rest_client [req-4c95090c-06f4-45ec-9897-9eb21496003f req-4c95090c-06f4-45ec-9897-9eb21496003f ] Request (ServerRescueTestJSONUnderV235:setUpClass): 200 GET http://10.180.1.21/compute/v2.1/servers/0b644c02-4920-4243-abda-1c556be22278 0.133s
2025-03-25 21:09:48.617 69081 INFO tempest.lib.common.rest_client [req-8ea8b8c4-1548-4fcc-b760-50f26d33b31b req-8ea8b8c4-1548-4fcc-b760-50f26d33b31b ] Request (SecurityGroupsTestJSON:test_server_security_groups): 200 GET http://10.180.1.21/compute/v2.1/servers/74c7af94-e65b-404f-93fb-6f1431099055 0.142s
2025-03-25 21:09:48.620 69060 INFO tempest.lib.common.rest_client [req-5003bd64-5e4a-4e17-9437-a0be444a0828 req-5003bd64-5e4a-4e17-9437-a0be444a0828 ] Request (ServerShowV257Test:test_rebuild_server): 200 GET http://10.180.1.21/compute/v2.1/servers/0c8f5b41-a691-4fe2-b9f8-34713e7ce26d 0.141s
2025-03-25 21:09:48.654 69077 INFO paramiko.transport [-] Authentication (publickey) successful!
2025-03-25 21:09:48.656 69077 INFO tempest.lib.common.ssh [-] ssh connection to cirros@10.180.180.181 successfully created
2025-03-25 21:09:48.701 69095 INFO tempest.lib.common.rest_client [req-9cf7de20-1d59-4ba5-b3af-3ccad2b36cff req-9cf7de20-1d59-4ba5-b3af-3ccad2b36cff ] Request (ServerRescueNegativeTestJSON:test_rescued_vm_detach_volume): 200 GET http://10.180.1.21/compute/v2.1/servers/406bfd13-1d1e-433e-bdb3-cfea94f0324b 0.173s
2025-03-25 21:09:48.744 69067 INFO tempest.lib.common.rest_client [req-caf6c7f8-0254-49a0-b3bf-6121b5bd987f req-caf6c7f8-0254-49a0-b3bf-6121b5bd987f ] Request (MultipleCreateTestJSON:test_multiple_create_with_reservation_return): 200 GET http://10.180.1.21/compute/v2.1/servers/0e8ace00-38a5-4446-b311-41de21d00f19 0.168s
2025-03-25 21:09:48.768 69057 WARNING tempest.lib.common.ssh [-] Failed to establish authenticated ssh connection to cirros@10.180.180.245 ([Errno None] Unable to connect to port 22 on 10.180.180.245). Number attempts: 5. Retry after 6 seconds.: paramiko.ssh_exception.NoValidConnectionsError: [Errno None] Unable to connect to port 22 on 10.180.180.245
2025-03-25 21:09:48.777 69091 INFO tempest.lib.common.rest_client [req-606d07be-6ced-4498-8976-56685093afea req-606d07be-6ced-4498-8976-56685093afea ] Request (ServersTestJSON:_run_cleanups): 200 GET http://10.180.1.21/compute/v2.1/servers/21e6d789-fd35-41ae-bbd6-0b246b8788e9 0.188s
2025-03-25 21:09:48.800 69071 INFO tempest.lib.common.rest_client [req-000e4f39-21bf-4895-afdc-04f2b86fc477 req-000e4f39-21bf-4895-afdc-04f2b86fc477 ] Request (FloatingIPsAssociationTestJSON:test_associate_already_associated_floating_ip): 200 GET http://10.180.1.21/compute/v2.1/servers/841f12a1-0df9-4800-89e3-372c0c8cb8ad 0.165s
2025-03-25 21:09:48.848 69089 INFO tempest.lib.common.rest_client [req-5567be51-0c15-43fb-a8c9-d5de38bf0b11 req-5567be51-0c15-43fb-a8c9-d5de38bf0b11 ] Request (VolumesAdminNegativeTest:test_update_attached_volume_with_nonexistent_volume_in_uri): 200 GET http://10.180.1.21/compute/v2.1/servers/31448dbd-178f-4c7c-b451-4ec7a502b109 0.143s
2025-03-25 21:09:48.863 69077 INFO tempest.lib.common.rest_client [req-d71bc76a-f287-41e1-80d6-cde2b2a89992 req-d71bc76a-f287-41e1-80d6-cde2b2a89992 ] Request (ServersTestManualDisk:test_list_servers): 200 GET http://10.180.1.21/compute/v2.1/servers 0.197s
2025-03-25 21:09:48.928 69093 INFO tempest.lib.common.rest_client [req-f23c446f-6355-4638-b3ef-ef5df3db2188 req-f23c446f-6355-4638-b3ef-ef5df3db2188 ] Request (FloatingIPsAssociationNegativeTestJSON:tearDownClass): 200 GET http://10.180.1.21/compute/v2.1/servers/878df394-3d07-4c11-9e0a-3d1658ec914b 0.106s
2025-03-25 21:09:48.963 69033 INFO tempest.lib.common.rest_client [req-fed68cf9-8fd7-4d05-b777-14cdc1ee58eb req-fed68cf9-8fd7-4d05-b777-14cdc1ee58eb ] Request (ListServersNegativeTestJSON:setUpClass): 200 GET http://10.180.1.21/compute/v2.1/servers/8dd5ba09-7551-4739-a6c9-e605c8a37a5d 0.153s
2025-03-25 21:09:49.162 69039 INFO tempest.lib.common.rest_client [req-93330305-ae1c-439c-b535-fd9635f3a1dd req-93330305-ae1c-439c-b535-fd9635f3a1dd ] Request (ImagesOneServerNegativeTestJSON:_run_cleanups): 200 GET http://10.180.1.21/compute/v2.1/servers/37b19313-0d33-485a-9071-e28612305bd8 0.294s
2025-03-25 21:09:49.169 69039 INFO tempest.common.waiters [-] State transition "BUILD/None" ==> "BUILD/networking" after 70 second wait
2025-03-25 21:09:49.193 69077 INFO tempest.lib.common.rest_client [req-269c5175-3ecd-496a-af6e-c59d3eec6cae req-269c5175-3ecd-496a-af6e-c59d3eec6cae ] Request (ServersTestManualDisk:test_list_servers_with_detail): 200 GET http://10.180.1.21/compute/v2.1/servers/detail 0.327s
2025-03-25 21:09:49.216 69083 INFO tempest.lib.common.rest_client [req-ad38d700-5791-4aa5-8691-6cfb8c3600fa req-ad38d700-5791-4aa5-8691-6cfb8c3600fa ] Request (ServerDiskConfigTestJSON:test_resize_server_from_auto_to_manual): 200 GET http://10.180.1.21/compute/v2.1/servers/80768865-4ff5-4e11-a551-b4a06e456f78 0.338s
2025-03-25 21:09:49.226 69083 INFO tempest.common.waiters [-] State transition "BUILD/scheduling" ==> "BUILD/None" after 23 second wait
2025-03-25 21:09:49.255 69063 INFO tempest.lib.common.rest_client [req-4815c535-c8c4-46ce-999d-4a3a4104c74e req-4815c535-c8c4-46ce-999d-4a3a4104c74e ] Request (TenantUsagesTestJSON:tearDownClass): 200 GET http://10.180.1.21/compute/v2.1/servers/4a169d58-62e0-44bb-95cd-63b72a497325 0.332s
2025-03-25 21:09:49.270 69061 INFO tempest.lib.common.rest_client [req-08fc06e4-a1d9-4bb8-8e3d-83eac7f4f6c7 req-08fc06e4-a1d9-4bb8-8e3d-83eac7f4f6c7 ] Request (ServersTestMultiNic:test_verify_duplicate_network_nics): 200 GET http://10.180.1.21/compute/v2.1/servers/371f1f54-404f-4a97-a4a7-eb194fae3caa 0.192s
2025-03-25 21:09:49.322 69041 INFO tempest.lib.common.rest_client [req-8c4fc22f-cd76-48f5-b16e-17b29984940d req-8c4fc22f-cd76-48f5-b16e-17b29984940d ] Request (ServersWithSpecificFlavorTestJSON:test_verify_created_server_ephemeral_disk): 200 GET http://10.180.1.21/compute/v2.1/servers/919ec8d0-942c-4b8b-a790-1c5633165e96 0.232s
2025-03-25 21:09:49.333 69055 INFO tempest.lib.common.rest_client [req-82f33470-f03e-4839-8538-9369d87db2ec req-82f33470-f03e-4839-8538-9369d87db2ec ] Request (ServerActionsTestOtherB:setUpClass): 200 GET http://10.180.1.21/compute/v2.1/servers/4c640250-2f92-4d9e-a6e3-a25a3e3c8e1d 0.197s
2025-03-25 21:09:49.335 69077 INFO tempest.lib.common.rest_client [req-1f8d1324-8245-4fca-be0c-dc14068e807a req-1f8d1324-8245-4fca-be0c-dc14068e807a ] Request (ServersTestManualDisk:test_verify_created_server_vcpus): 200 GET http://10.180.1.21/compute/v2.1/flavors/42 0.132s
2025-03-25 21:09:49.338 69077 INFO tempest.lib.common.ssh [-] Creating ssh connection to '10.180.180.181:22' as 'cirros' with public key authentication
2025-03-25 21:09:49.342 69077 INFO paramiko.transport [-] Connected (version 2.0, client dropbear_2020.81)
2025-03-25 21:09:49.446 69077 INFO paramiko.transport [-] Authentication (publickey) successful!
2025-03-25 21:09:49.446 69077 INFO tempest.lib.common.ssh [-] ssh connection to cirros@10.180.180.181 successfully created
2025-03-25 21:09:49.533 69043 INFO tempest.lib.common.rest_client [req-9dc4a3c4-2bc3-461a-9363-ffa4e3df9dde req-9dc4a3c4-2bc3-461a-9363-ffa4e3df9dde ] Request (MigrationsAdminTest:test_resize_server_revert_deleted_flavor): 200 GET http://10.180.1.21/compute/v2.1/servers/e48899a0-80fc-4db5-a7e9-a6fe813cd107 0.094s
2025-03-25 21:09:49.608 69077 INFO tempest.lib.common.rest_client [req-e2cff77a-200d-4914-9063-b552888cb883 req-e2cff77a-200d-4914-9063-b552888cb883 ] Request (ServersTestManualDisk:tearDownClass): 204 DELETE http://10.180.1.21/compute/v2.1/servers/34d2f800-593e-47d6-9d23-65b2335a24d5 0.153s
2025-03-25 21:09:49.674 69045 INFO tempest.lib.common.rest_client [req-64ee1889-320c-496e-a60f-b9a21d51aa9c req-64ee1889-320c-496e-a60f-b9a21d51aa9c ] Request (VolumesAssistedSnapshotsTest:tearDownClass): 200 GET http://10.180.1.21/compute/v2.1/servers/2a61c3d1-0d4f-41f7-90b5-f8d4a24cf414 0.191s
2025-03-25 21:09:49.744 69069 INFO tempest.lib.common.rest_client [req-9e846660-5ab1-4bf7-9d2b-3916c0529f69 req-9e846660-5ab1-4bf7-9d2b-3916c0529f69 ] Request (AttachInterfacesTestJSON:_run_cleanups): 200 GET http://10.180.1.21/compute/v2.1/servers/0692f6a0-4f8b-49ca-92a7-0a35f109ad01 0.242s
2025-03-25 21:09:49.798 69053 INFO tempest.lib.common.rest_client [req-d38a87b4-9e37-440f-a275-d92db93e0bad req-d38a87b4-9e37-440f-a275-d92db93e0bad ] Request (ServerRescueTestJSONUnderV235:setUpClass): 200 GET http://10.180.1.21/compute/v2.1/servers/0b644c02-4920-4243-abda-1c556be22278 0.239s
2025-03-25 21:09:49.829 69075 INFO tempest.lib.common.rest_client [req-66cc4fc2-1124-4ed8-af96-0f4e10d780e2 req-66cc4fc2-1124-4ed8-af96-0f4e10d780e2 ] Request (AttachVolumeShelveTestJSON:test_attach_volume_shelved_or_offload_server): 200 GET http://10.180.1.21/compute/v2.1/servers/a790f1dd-d115-466c-ba50-2f3ae76bd02a 0.407s
2025-03-25 21:09:49.858 69079 INFO tempest.lib.common.rest_client [req-c1314fbd-a355-4dee-9386-0eff88424829 req-c1314fbd-a355-4dee-9386-0eff88424829 ] Request (ListImageFiltersTestJSON:tearDownClass): 200 GET http://10.180.1.21/compute/v2.1/servers/65b3df6f-d0ec-4840-9aed-130e21f332e8 0.299s
2025-03-25 21:09:49.920 69081 INFO tempest.lib.common.rest_client [req-7582c17c-5dec-4047-b4a7-83b598c50515 req-7582c17c-5dec-4047-b4a7-83b598c50515 ] Request (SecurityGroupsTestJSON:test_server_security_groups): 200 GET http://10.180.1.21/compute/v2.1/servers/74c7af94-e65b-404f-93fb-6f1431099055 0.295s
2025-03-25 21:09:49.935 69077 INFO tempest.lib.common.rest_client [req-c3ad843c-1509-4f6b-b254-fddaa65768f2 req-c3ad843c-1509-4f6b-b254-fddaa65768f2 ] Request (ServersTestManualDisk:tearDownClass): 200 GET http://10.180.1.21/compute/v2.1/servers/34d2f800-593e-47d6-9d23-65b2335a24d5 0.326s
2025-03-25 21:09:49.982 69060 INFO tempest.lib.common.rest_client [req-84efe546-420a-41e7-97c9-c7861fbf596d req-84efe546-420a-41e7-97c9-c7861fbf596d ] Request (ServerShowV257Test:test_rebuild_server): 200 GET http://10.180.1.21/compute/v2.1/servers/0c8f5b41-a691-4fe2-b9f8-34713e7ce26d 0.350s
2025-03-25 21:09:49.988 69095 INFO tempest.lib.common.rest_client [req-7c8c0684-42c7-486c-aa19-ae1b12b15c51 req-7c8c0684-42c7-486c-aa19-ae1b12b15c51 ] Request (ServerRescueNegativeTestJSON:test_rescued_vm_detach_volume): 200 GET http://10.180.1.21/compute/v2.1/servers/406bfd13-1d1e-433e-bdb3-cfea94f0324b 0.278s
2025-03-25 21:09:50.048 69047 WARNING tempest.lib.common.ssh [-] Failed to establish authenticated ssh connection to cirros@10.180.180.180 ([Errno None] Unable to connect to port 22 on 10.180.180.180). Number attempts: 7. Retry after 8 seconds.: paramiko.ssh_exception.NoValidConnectionsError: [Errno None] Unable to connect to port 22 on 10.180.180.180
2025-03-25 21:09:50.060 69091 INFO tempest.lib.common.rest_client [req-7a6499da-ea17-43a9-96cd-8a0d55c53c43 req-7a6499da-ea17-43a9-96cd-8a0d55c53c43 ] Request (ServersTestJSON:_run_cleanups): 200 GET http://10.180.1.21/compute/v2.1/servers/21e6d789-fd35-41ae-bbd6-0b246b8788e9 0.275s
2025-03-25 21:09:50.120 69071 INFO tempest.lib.common.rest_client [req-0ec09ceb-544f-41dd-813c-ab3eddc503d9 req-0ec09ceb-544f-41dd-813c-ab3eddc503d9 ] Request (FloatingIPsAssociationTestJSON:test_associate_already_associated_floating_ip): 200 GET http://10.180.1.21/compute/v2.1/servers/841f12a1-0df9-4800-89e3-372c0c8cb8ad 0.312s
2025-03-25 21:09:50.143 69067 INFO tempest.lib.common.rest_client [req-e44af41d-9948-480d-aa53-df999ee00434 req-e44af41d-9948-480d-aa53-df999ee00434 ] Request (MultipleCreateTestJSON:test_multiple_create_with_reservation_return): 200 GET http://10.180.1.21/compute/v2.1/servers/0e8ace00-38a5-4446-b311-41de21d00f19 0.386s
2025-03-25 21:09:50.175 69089 INFO tempest.lib.common.rest_client [req-623139ab-ac99-4509-922b-32441199bf4b req-623139ab-ac99-4509-922b-32441199bf4b ] Request (VolumesAdminNegativeTest:test_update_attached_volume_with_nonexistent_volume_in_uri): 200 GET http://10.180.1.21/compute/v2.1/servers/31448dbd-178f-4c7c-b451-4ec7a502b109 0.319s
2025-03-25 21:09:50.208 69093 INFO tempest.lib.common.rest_client [req-f3fb89b0-0a42-49df-ae7c-2b7b7357428c req-f3fb89b0-0a42-49df-ae7c-2b7b7357428c ] Request (FloatingIPsAssociationNegativeTestJSON:tearDownClass): 200 GET http://10.180.1.21/compute/v2.1/servers/878df394-3d07-4c11-9e0a-3d1658ec914b 0.270s
2025-03-25 21:09:50.297 69033 INFO tempest.lib.common.rest_client [req-8b6edb98-2282-4910-8255-40cd7f2e92d1 req-8b6edb98-2282-4910-8255-40cd7f2e92d1 ] Request (ListServersNegativeTestJSON:setUpClass): 200 GET http://10.180.1.21/compute/v2.1/servers/8dd5ba09-7551-4739-a6c9-e605c8a37a5d 0.326s
2025-03-25 21:09:50.305 69033 INFO tempest.common.waiters [-] State transition "BUILD/spawning" ==> "ACTIVE/None" after 80 second wait
2025-03-25 21:09:50.327 69039 INFO tempest.lib.common.rest_client [req-8c55dc95-0c91-4f7f-907b-680ab0d32a43 req-8c55dc95-0c91-4f7f-907b-680ab0d32a43 ] Request (ImagesOneServerNegativeTestJSON:_run_cleanups): 200 GET http://10.180.1.21/compute/v2.1/servers/37b19313-0d33-485a-9071-e28612305bd8 0.157s
2025-03-25 21:09:50.338 69039 INFO tempest.common.waiters [-] State transition "BUILD/networking" ==> "BUILD/spawning" after 71 second wait
2025-03-25 21:09:50.352 69083 INFO tempest.lib.common.rest_client [req-7a735074-6e71-4897-8e61-584c929ef35e req-7a735074-6e71-4897-8e61-584c929ef35e ] Request (ServerDiskConfigTestJSON:test_resize_server_from_auto_to_manual): 200 GET http://10.180.1.21/compute/v2.1/servers/80768865-4ff5-4e11-a551-b4a06e456f78 0.125s
2025-03-25 21:09:50.390 69063 INFO tempest.lib.common.rest_client [req-9a2e4f24-1430-4fe8-ae59-a9e188e69edf req-9a2e4f24-1430-4fe8-ae59-a9e188e69edf ] Request (TenantUsagesTestJSON:tearDownClass): 200 GET http://10.180.1.21/compute/v2.1/servers/4a169d58-62e0-44bb-95cd-63b72a497325 0.125s
2025-03-25 21:09:50.402 69061 INFO tempest.lib.common.rest_client [req-26b42642-727e-4521-981a-8925b27d57bb req-26b42642-727e-4521-981a-8925b27d57bb ] Request (ServersTestMultiNic:test_verify_duplicate_network_nics): 200 GET http://10.180.1.21/compute/v2.1/servers/371f1f54-404f-4a97-a4a7-eb194fae3caa 0.122s
2025-03-25 21:09:50.458 69041 INFO tempest.lib.common.rest_client [req-128dbda1-5d55-4351-985e-49c27fb468a0 req-128dbda1-5d55-4351-985e-49c27fb468a0 ] Request (ServersWithSpecificFlavorTestJSON:test_verify_created_server_ephemeral_disk): 200 GET http://10.180.1.21/compute/v2.1/servers/919ec8d0-942c-4b8b-a790-1c5633165e96 0.124s
2025-03-25 21:09:50.494 69033 INFO tempest.lib.common.rest_client [req-4b859a90-bd3d-497c-85c3-92f14d04c114 req-4b859a90-bd3d-497c-85c3-92f14d04c114 ] Request (ListServersNegativeTestJSON:setUpClass): 200 GET http://10.180.1.21/compute/v2.1/servers/a190e376-55d2-47c7-9526-06084f40797f 0.189s
2025-03-25 21:09:50.506 69055 INFO tempest.lib.common.rest_client [req-6e396469-798c-4d30-abb8-0ee79ffb5ae1 req-6e396469-798c-4d30-abb8-0ee79ffb5ae1 ] Request (ServerActionsTestOtherB:setUpClass): 200 GET http://10.180.1.21/compute/v2.1/servers/4c640250-2f92-4d9e-a6e3-a25a3e3c8e1d 0.165s
2025-03-25 21:09:50.619 69033 INFO tempest.lib.common.rest_client [req-16dba054-95ce-47b8-bb0d-b555865f089a req-16dba054-95ce-47b8-bb0d-b555865f089a ] Request (ListServersNegativeTestJSON:setUpClass): 200 GET http://10.180.1.21/compute/v2.1/servers/e549d5c1-c75a-4c6a-b847-0dad5a733026 0.116s
2025-03-25 21:09:50.665 69043 INFO tempest.lib.common.rest_client [req-a4172cee-f8c4-4b68-a64d-47ea9f8acdf3 req-a4172cee-f8c4-4b68-a64d-47ea9f8acdf3 ] Request (MigrationsAdminTest:test_resize_server_revert_deleted_flavor): 200 GET http://10.180.1.21/compute/v2.1/servers/e48899a0-80fc-4db5-a7e9-a6fe813cd107 0.123s
2025-03-25 21:09:50.731 69033 INFO tempest.lib.common.rest_client [req-33d925d5-f621-432d-88dc-78efb9c1027a req-33d925d5-f621-432d-88dc-78efb9c1027a ] Request (ListServersNegativeTestJSON:setUpClass): 204 DELETE http://10.180.1.21/compute/v2.1/servers/e549d5c1-c75a-4c6a-b847-0dad5a733026 0.102s
2025-03-25 21:09:50.781 69045 INFO tempest.lib.common.rest_client [req-2aeab7b0-7d72-48c6-8a60-0e4d0b353f01 req-2aeab7b0-7d72-48c6-8a60-0e4d0b353f01 ] Request (VolumesAssistedSnapshotsTest:tearDownClass): 200 GET http://10.180.1.21/compute/v2.1/servers/2a61c3d1-0d4f-41f7-90b5-f8d4a24cf414 0.097s
2025-03-25 21:09:50.855 69069 INFO tempest.lib.common.rest_client [req-0fe95ae4-bb60-4f00-9eda-dcfb76fa20f4 req-0fe95ae4-bb60-4f00-9eda-dcfb76fa20f4 ] Request (AttachInterfacesTestJSON:_run_cleanups): 200 GET http://10.180.1.21/compute/v2.1/servers/0692f6a0-4f8b-49ca-92a7-0a35f109ad01 0.099s
2025-03-25 21:09:50.860 69033 INFO tempest.lib.common.rest_client [req-801c9a2a-e9e4-40ff-9f20-15277651894d req-801c9a2a-e9e4-40ff-9f20-15277651894d ] Request (ListServersNegativeTestJSON:setUpClass): 200 GET http://10.180.1.21/compute/v2.1/servers/e549d5c1-c75a-4c6a-b847-0dad5a733026 0.129s
2025-03-25 21:09:50.920 69053 INFO tempest.lib.common.rest_client [req-9e8481d7-ef13-496d-ac5b-5f60593f5c18 req-9e8481d7-ef13-496d-ac5b-5f60593f5c18 ] Request (ServerRescueTestJSONUnderV235:setUpClass): 200 GET http://10.180.1.21/compute/v2.1/servers/0b644c02-4920-4243-abda-1c556be22278 0.108s
2025-03-25 21:09:50.979 69075 INFO tempest.lib.common.rest_client [req-975eeb89-7f3e-411a-9900-58baf98f6953 req-975eeb89-7f3e-411a-9900-58baf98f6953 ] Request (AttachVolumeShelveTestJSON:test_attach_volume_shelved_or_offload_server): 200 GET http://10.180.1.21/compute/v2.1/servers/a790f1dd-d115-466c-ba50-2f3ae76bd02a 0.140s
2025-03-25 21:09:50.983 69079 INFO tempest.lib.common.rest_client [req-f4fc9e75-df47-48ff-ae7c-420a9ee7acd9 req-f4fc9e75-df47-48ff-ae7c-420a9ee7acd9 ] Request (ListImageFiltersTestJSON:tearDownClass): 200 GET http://10.180.1.21/compute/v2.1/servers/65b3df6f-d0ec-4840-9aed-130e21f332e8 0.116s
2025-03-25 21:09:51.034 69081 INFO tempest.lib.common.rest_client [req-e79a440a-59df-4989-89f9-fe5a159da633 req-e79a440a-59df-4989-89f9-fe5a159da633 ] Request (SecurityGroupsTestJSON:test_server_security_groups): 200 GET http://10.180.1.21/compute/v2.1/servers/74c7af94-e65b-404f-93fb-6f1431099055 0.107s
2025-03-25 21:09:51.088 69077 INFO tempest.lib.common.rest_client [req-356af4a2-4836-4edb-b60d-78f383fd67c4 req-356af4a2-4836-4edb-b60d-78f383fd67c4 ] Request (ServersTestManualDisk:tearDownClass): 200 GET http://10.180.1.21/compute/v2.1/servers/34d2f800-593e-47d6-9d23-65b2335a24d5 0.145s
2025-03-25 21:09:51.091 69060 INFO tempest.lib.common.rest_client [req-7cba7620-95c7-4a99-ae44-0faab854460a req-7cba7620-95c7-4a99-ae44-0faab854460a ] Request (ServerShowV257Test:test_rebuild_server): 200 GET http://10.180.1.21/compute/v2.1/servers/0c8f5b41-a691-4fe2-b9f8-34713e7ce26d 0.099s
2025-03-25 21:09:51.141 69095 INFO tempest.lib.common.rest_client [req-e0a57985-952a-4539-bb54-9c89a64477fb req-e0a57985-952a-4539-bb54-9c89a64477fb ] Request (ServerRescueNegativeTestJSON:test_rescued_vm_detach_volume): 200 GET http://10.180.1.21/compute/v2.1/servers/406bfd13-1d1e-433e-bdb3-cfea94f0324b 0.145s
2025-03-25 21:09:51.147 69091 INFO tempest.lib.common.rest_client [req-8e0758d8-27ed-4e4d-86a7-6bcdc616fce9 req-8e0758d8-27ed-4e4d-86a7-6bcdc616fce9 ] Request (ServersTestJSON:_run_cleanups): 200 GET http://10.180.1.21/compute/v2.1/servers/21e6d789-fd35-41ae-bbd6-0b246b8788e9 0.078s
2025-03-25 21:09:51.191 69071 INFO tempest.lib.common.rest_client [req-b866894a-1f57-4cae-8883-20dadad49895 req-b866894a-1f57-4cae-8883-20dadad49895 ] Request (FloatingIPsAssociationTestJSON:test_associate_already_associated_floating_ip): 200 GET http://10.180.1.21/compute/v2.1/servers/841f12a1-0df9-4800-89e3-372c0c8cb8ad 0.060s
2025-03-25 21:09:51.244 69089 INFO tempest.lib.common.rest_client [req-723c5f3e-eef7-47f1-915b-0a4cf5b7b5e1 req-723c5f3e-eef7-47f1-915b-0a4cf5b7b5e1 ] Request (VolumesAdminNegativeTest:test_update_attached_volume_with_nonexistent_volume_in_uri): 200 GET http://10.180.1.21/compute/v2.1/servers/31448dbd-178f-4c7c-b451-4ec7a502b109 0.055s
2025-03-25 21:09:51.257 69067 INFO tempest.lib.common.rest_client [req-e9431b4c-662b-4d2b-8d2a-74f79f069352 req-e9431b4c-662b-4d2b-8d2a-74f79f069352 ] Request (MultipleCreateTestJSON:test_multiple_create_with_reservation_return): 200 GET http://10.180.1.21/compute/v2.1/servers/0e8ace00-38a5-4446-b311-41de21d00f19 0.106s
2025-03-25 21:09:51.306 69093 INFO tempest.lib.common.rest_client [req-e821012b-c9c1-42d4-ac02-5101f389b72f req-e821012b-c9c1-42d4-ac02-5101f389b72f ] Request (FloatingIPsAssociationNegativeTestJSON:tearDownClass): 200 GET http://10.180.1.21/compute/v2.1/servers/878df394-3d07-4c11-9e0a-3d1658ec914b 0.089s
2025-03-25 21:09:51.427 69083 INFO tempest.lib.common.rest_client [req-4a760540-e54d-4871-ad69-599f7b32db63 req-4a760540-e54d-4871-ad69-599f7b32db63 ] Request (ServerDiskConfigTestJSON:test_resize_server_from_auto_to_manual): 200 GET http://10.180.1.21/compute/v2.1/servers/80768865-4ff5-4e11-a551-b4a06e456f78 0.067s
2025-03-25 21:09:51.448 69039 INFO tempest.lib.common.rest_client [req-d2b4841c-20cc-4b98-930c-4e55f9f71344 req-d2b4841c-20cc-4b98-930c-4e55f9f71344 ] Request (ImagesOneServerNegativeTestJSON:_run_cleanups): 200 GET http://10.180.1.21/compute/v2.1/servers/37b19313-0d33-485a-9071-e28612305bd8 0.109s
2025-03-25 21:09:51.482 69063 INFO tempest.lib.common.rest_client [req-19fb2b0e-0865-4c31-83bc-150225e65aeb req-19fb2b0e-0865-4c31-83bc-150225e65aeb ] Request (TenantUsagesTestJSON:tearDownClass): 200 GET http://10.180.1.21/compute/v2.1/servers/4a169d58-62e0-44bb-95cd-63b72a497325 0.082s
2025-03-25 21:09:51.508 69061 INFO tempest.lib.common.rest_client [req-af104b93-0a0d-4c55-aa66-a26255776304 req-af104b93-0a0d-4c55-aa66-a26255776304 ] Request (ServersTestMultiNic:test_verify_duplicate_network_nics): 200 GET http://10.180.1.21/compute/v2.1/servers/371f1f54-404f-4a97-a4a7-eb194fae3caa 0.099s
2025-03-25 21:09:51.536 69041 INFO tempest.lib.common.rest_client [req-f6ba765d-2931-4e49-bbdb-0b4d0759e98c req-f6ba765d-2931-4e49-bbdb-0b4d0759e98c ] Request (ServersWithSpecificFlavorTestJSON:test_verify_created_server_ephemeral_disk): 200 GET http://10.180.1.21/compute/v2.1/servers/919ec8d0-942c-4b8b-a790-1c5633165e96 0.069s
2025-03-25 21:09:51.569 69055 INFO tempest.lib.common.rest_client [req-6f32d55c-3e81-45af-b6ba-300a5783b01a req-6f32d55c-3e81-45af-b6ba-300a5783b01a ] Request (ServerActionsTestOtherB:setUpClass): 200 GET http://10.180.1.21/compute/v2.1/servers/4c640250-2f92-4d9e-a6e3-a25a3e3c8e1d 0.055s
2025-03-25 21:09:51.799 69043 INFO tempest.lib.common.rest_client [req-605cc844-10fd-42d1-8ad4-b76deaacdefa req-605cc844-10fd-42d1-8ad4-b76deaacdefa ] Request (MigrationsAdminTest:test_resize_server_revert_deleted_flavor): 200 GET http://10.180.1.21/compute/v2.1/servers/e48899a0-80fc-4db5-a7e9-a6fe813cd107 0.122s
