2025-03-25 21:06:50.445 69045 INFO tempest.lib.common.dynamic_creds [-] Created isolated network resources for: credentials: Credentials: {'domain_id': 'default', 'domain_name': 'Default', 'username': 'tempest-VolumesAssistedSnapshotsTest-1774715193-project-admin', 'project_domain_id': 'default', 'project_domain_name': 'Default', 'project_id': 'f1f08c57a9314a4ba2c550cd66f1ca1f', 'project_name': 'tempest-VolumesAssistedSnapshotsTest-1774715193', 'tenant_id': 'f1f08c57a9314a4ba2c550cd66f1ca1f', 'tenant_name': 'tempest-VolumesAssistedSnapshotsTest-1774715193', 'user_domain_id': 'default', 'user_domain_name': 'Default', 'user_id': '0056581a7cef4079831e9f55af88386f', 'system': None}, Network: {'id': 'f88f3246-3685-4d8f-8b90-7f596b9d9408', 'name': 'tempest-VolumesAssistedSnapshotsTest-46117868-network', 'tenant_id': 'f1f08c57a9314a4ba2c550cd66f1ca1f', 'admin_state_up': True, 'mtu': 8950, 'status': 'ACTIVE', 'subnets': [], 'shared': False, 'project_id': 'f1f08c57a9314a4ba2c550cd66f1ca1f', 'port_security_enabled': True, 'router:external': False, 'provider:network_type': 'vlan', 'provider:physical_network': 'default', 'provider:segmentation_id': 137, 'availability_zone_hints': [], 'availability_zones': [], 'ipv4_address_scope': None, 'ipv6_address_scope': None, 'description': '', 'tags': [], 'created_at': '2025-03-25T21:06:46Z', 'updated_at': '2025-03-25T21:06:46Z', 'revision_number': 1}, Subnet: {'id': '526d7eba-fcc6-4b64-a095-f16abeb06a30', 'name': 'tempest-VolumesAssistedSnapshotsTest-46117868-subnet', 'tenant_id': 'f1f08c57a9314a4ba2c550cd66f1ca1f', 'network_id': 'f88f3246-3685-4d8f-8b90-7f596b9d9408', 'ip_version': 4, 'subnetpool_id': None, 'enable_dhcp': True, 'ipv6_ra_mode': None, 'ipv6_address_mode': None, 'gateway_ip': '192.168.128.1', 'cidr': '192.168.128.0/28', 'allocation_pools': [{'start': '192.168.128.2', 'end': '192.168.128.14'}], 'host_routes': [], 'dns_nameservers': [], 'description': '', 'router:external': False, 'service_types': [], 'tags': [], 'created_at': '2025-03-25T21:06:46Z', 'updated_at': '2025-03-25T21:06:46Z', 'revision_number': 0, 'project_id': 'f1f08c57a9314a4ba2c550cd66f1ca1f'}, Router: {'id': '16e1f5e3-18ee-4aa3-bebb-b40afd7f7a24', 'name': 'tempest-VolumesAssistedSnapshotsTest-46117868-router', 'tenant_id': 'f1f08c57a9314a4ba2c550cd66f1ca1f', 'admin_state_up': True, 'status': 'ACTIVE', 'external_gateway_info': {'network_id': '0a6d5309-7de6-4355-a96f-6c10411ba08a', 'external_fixed_ips': [{'subnet_id': '099d40e6-c3f7-4489-a21f-c1e63e4e0cd0', 'ip_address': '10.180.180.233'}], 'enable_snat': True}, 'description': '', 'availability_zones': [], 'distributed': False, 'ha': False, 'availability_zone_hints': [], 'routes': [], 'flavor_id': None, 'tags': [], 'created_at': '2025-03-25T21:06:46Z', 'updated_at': '2025-03-25T21:06:47Z', 'revision_number': 2, 'project_id': 'f1f08c57a9314a4ba2c550cd66f1ca1f'}
2025-03-25 21:06:50.489 69061 INFO tempest.lib.common.rest_client [req-75050131-c36c-4ec1-8603-0c9a75a9fd1c req-75050131-c36c-4ec1-8603-0c9a75a9fd1c ] Request (ServersAdminNegativeTestJSON:setUpClass): 201 POST http://10.180.1.21/identity/v3/projects 0.096s
2025-03-25 21:06:50.495 69060 INFO tempest.lib.common.rest_client [req-84c24169-21a8-436c-8790-ca306c2b4521 req-84c24169-21a8-436c-8790-ca306c2b4521 ] Request (KeyPairsNegativeTestJSON:test_create_keypair_invalid_name): 400 POST http://10.180.1.21/compute/v2.1/os-keypairs 1.450s
2025-03-25 21:06:50.561 69045 INFO tempest.lib.common.rest_client [req-2241f323-c2bf-45f2-913a-10a74a206aa9 req-2241f323-c2bf-45f2-913a-10a74a206aa9 ] Request (VolumesAssistedSnapshotsTest:setUpClass): 201 POST http://10.180.1.21/identity/v3/auth/tokens 0.111s
2025-03-25 21:06:50.583 69039 INFO tempest.lib.common.rest_client [req-d644c4ca-a51a-4bcf-9dee-3c8ec110437d req-d644c4ca-a51a-4bcf-9dee-3c8ec110437d ] Request (ImagesOneServerNegativeTestJSON:setUpClass): 201 POST http://10.180.1.21:9696/networking/v2.0/routers 1.863s
2025-03-25 21:06:50.593 69081 INFO tempest.lib.common.rest_client [req-5a5252d9-ffaf-40f0-bdb7-9ecacbd673f0 req-5a5252d9-ffaf-40f0-bdb7-9ecacbd673f0 ] Request (AZAdminV2TestJSON:tearDownClass): 200 GET http://10.180.1.21:9696/networking/v2.0/security-groups?tenant_id=2d00cb260b7b4ab59088b9c0a0bb0ff0&name=default 0.604s
2025-03-25 21:06:50.621 69061 INFO tempest.lib.common.rest_client [req-7cd5870b-ecec-4d97-aee4-8cb1a3a3297b req-7cd5870b-ecec-4d97-aee4-8cb1a3a3297b ] Request (ServersAdminNegativeTestJSON:setUpClass): 201 POST http://10.180.1.21/identity/v3/users 0.131s
2025-03-25 21:06:50.654 69045 INFO tempest.lib.common.rest_client [req-cfc062e1-1f3a-4369-b2ce-e1c081a8ce57 req-cfc062e1-1f3a-4369-b2ce-e1c081a8ce57 ] Request (VolumesAssistedSnapshotsTest:setUpClass): 201 POST http://10.180.1.21/identity/v3/projects 0.091s
2025-03-25 21:06:50.701 69061 INFO tempest.lib.common.rest_client [req-ae82d45c-0177-4b28-801c-2bab69c6ccd6 req-ae82d45c-0177-4b28-801c-2bab69c6ccd6 ] Request (ServersAdminNegativeTestJSON:setUpClass): 200 GET http://10.180.1.21/identity/v3/roles 0.079s
2025-03-25 21:06:50.756 69081 INFO tempest.lib.common.rest_client [req-91682f22-21be-4541-873f-7bd73681f746 req-91682f22-21be-4541-873f-7bd73681f746 ] Request (AZAdminV2TestJSON:tearDownClass): 204 DELETE http://10.180.1.21:9696/networking/v2.0/security-groups/e1ac258b-c770-428d-af3f-126403405700 0.163s
2025-03-25 21:06:50.772 69051 INFO tempest.lib.common.rest_client [req-7a706f45-fb43-41f6-8ca1-0d67e7034807 req-7a706f45-fb43-41f6-8ca1-0d67e7034807 ] Request (FlavorsAccessNegativeTestJSON:test_add_flavor_access_duplicate): 200 POST http://10.180.1.21/compute/v2.1/flavors/2100683242/action 1.613s
2025-03-25 21:06:50.774 69045 INFO tempest.lib.common.rest_client [req-6a4f712f-cb93-4247-8903-9ed19711b4e2 req-6a4f712f-cb93-4247-8903-9ed19711b4e2 ] Request (VolumesAssistedSnapshotsTest:setUpClass): 201 POST http://10.180.1.21/identity/v3/users 0.120s
2025-03-25 21:06:50.808 69041 INFO tempest.lib.common.rest_client [req-f5d0d12e-9e25-476e-8f5a-31299fb4f275 req-f5d0d12e-9e25-476e-8f5a-31299fb4f275 ] Request (ServersWithSpecificFlavorTestJSON:setUpClass): 200 PUT http://10.180.1.21:9696/networking/v2.0/routers/2cd5ab8c-6cf6-466b-9a47-6cdd443c228a/add_router_interface 1.302s
2025-03-25 21:06:50.809 69041 INFO tempest.lib.common.dynamic_creds [-] Created isolated network resources for: credentials: Credentials: {'domain_id': 'default', 'domain_name': 'Default', 'username': 'tempest-ServersWithSpecificFlavorTestJSON-993198032-project-admin', 'project_domain_id': 'default', 'project_domain_name': 'Default', 'project_id': '48eb8e4aeb37473199d067c280bacde9', 'project_name': 'tempest-ServersWithSpecificFlavorTestJSON-993198032', 'tenant_id': '48eb8e4aeb37473199d067c280bacde9', 'tenant_name': 'tempest-ServersWithSpecificFlavorTestJSON-993198032', 'user_domain_id': 'default', 'user_domain_name': 'Default', 'user_id': 'f00ac222cff94cc786e6a5cc7265e9cd', 'system': None}, Network: {'id': '68e0ce7c-d0f6-4d0e-812a-2e6d80c42b15', 'name': 'tempest-ServersWithSpecificFlavorTestJSON-2065914308-network', 'tenant_id': '48eb8e4aeb37473199d067c280bacde9', 'admin_state_up': True, 'mtu': 8950, 'status': 'ACTIVE', 'subnets': [], 'shared': False, 'project_id': '48eb8e4aeb37473199d067c280bacde9', 'port_security_enabled': True, 'router:external': False, 'provider:network_type': 'vlan', 'provider:physical_network': 'default', 'provider:segmentation_id': 668, 'availability_zone_hints': [], 'availability_zones': [], 'ipv4_address_scope': None, 'ipv6_address_scope': None, 'description': '', 'tags': [], 'created_at': '2025-03-25T21:06:47Z', 'updated_at': '2025-03-25T21:06:47Z', 'revision_number': 1}, Subnet: {'id': 'fd71bcb7-1515-44da-9672-26bcaddcc6c5', 'name': 'tempest-ServersWithSpecificFlavorTestJSON-2065914308-subnet', 'tenant_id': '48eb8e4aeb37473199d067c280bacde9', 'network_id': '68e0ce7c-d0f6-4d0e-812a-2e6d80c42b15', 'ip_version': 4, 'subnetpool_id': None, 'enable_dhcp': True, 'ipv6_ra_mode': None, 'ipv6_address_mode': None, 'gateway_ip': '192.168.128.1', 'cidr': '192.168.128.0/28', 'allocation_pools': [{'start': '192.168.128.2', 'end': '192.168.128.14'}], 'host_routes': [], 'dns_nameservers': [], 'description': '', 'router:external': False, 'service_types': [], 'tags': [], 'created_at': '2025-03-25T21:06:47Z', 'updated_at': '2025-03-25T21:06:47Z', 'revision_number': 0, 'project_id': '48eb8e4aeb37473199d067c280bacde9'}, Router: {'id': '2cd5ab8c-6cf6-466b-9a47-6cdd443c228a', 'name': 'tempest-ServersWithSpecificFlavorTestJSON-2065914308-router', 'tenant_id': '48eb8e4aeb37473199d067c280bacde9', 'admin_state_up': True, 'status': 'ACTIVE', 'external_gateway_info': {'network_id': '0a6d5309-7de6-4355-a96f-6c10411ba08a', 'external_fixed_ips': [{'subnet_id': '099d40e6-c3f7-4489-a21f-c1e63e4e0cd0', 'ip_address': '10.180.180.236'}], 'enable_snat': True}, 'description': '', 'availability_zones': [], 'distributed': False, 'ha': False, 'availability_zone_hints': [], 'routes': [], 'flavor_id': None, 'tags': [], 'created_at': '2025-03-25T21:06:47Z', 'updated_at': '2025-03-25T21:06:48Z', 'revision_number': 2, 'project_id': '48eb8e4aeb37473199d067c280bacde9'}
2025-03-25 21:06:50.809 69061 INFO tempest.lib.common.rest_client [req-f6932c89-b9a0-4a65-a105-4d9ceaf2753a req-f6932c89-b9a0-4a65-a105-4d9ceaf2753a ] Request (ServersAdminNegativeTestJSON:setUpClass): 204 PUT http://10.180.1.21/identity/v3/projects/cb23f92771b84479a2798603b1d4ba05/users/28b388c90b274900adc693670fd3c555/roles/0fb75afb86c245fea8e8189da4c5f807 0.107s
2025-03-25 21:06:50.881 69071 INFO tempest.lib.common.rest_client [req-e7ae19c8-9288-4d9f-a91d-cf26e243e657 req-e7ae19c8-9288-4d9f-a91d-cf26e243e657 ] Request (ServerDiagnosticsTest:test_get_server_diagnostics): 200 GET http://10.180.1.21/compute/v2.1/servers/24b8c78d-848a-4558-8b27-0c64205df61c 1.710s
2025-03-25 21:06:50.907 69085 INFO tempest.lib.common.rest_client [req-b32f318b-090a-4444-834b-154a616ae900 req-b32f318b-090a-4444-834b-154a616ae900 ] Request (HypervisorAdminUnderV252Test:test_search_hypervisor): 200 GET http://10.180.1.21/compute/v2.1/os-hypervisors 1.681s
2025-03-25 21:06:50.950 69049 INFO tempest.lib.common.rest_client [req-7239ae3c-3c4b-4a58-9861-c282a82f5658 req-7239ae3c-3c4b-4a58-9861-c282a82f5658 ] Request (FlavorsV255TestJSON:test_crud_flavor): 200 PUT http://10.180.1.21/compute/v2.1/flavors/442632120 1.481s
2025-03-25 21:06:50.966 69081 INFO tempest.lib.common.rest_client [req-04fbab2f-2bcb-4d88-a413-30b22b869534 req-04fbab2f-2bcb-4d88-a413-30b22b869534 ] Request (AZAdminV2TestJSON:tearDownClass): 204 DELETE http://10.180.1.21/identity/v3/projects/2d00cb260b7b4ab59088b9c0a0bb0ff0 0.210s
2025-03-25 21:06:50.967 69081 INFO tempest.lib.common.dynamic_creds [-] Deleting project and security group for project: 3c3899424e58499db1c9d254592a10f5
2025-03-25 21:06:50.988 69055 INFO tempest.lib.common.rest_client [req-536aee68-ef92-4f57-afcf-836e15d5d181 req-536aee68-ef92-4f57-afcf-836e15d5d181 ] Request (ImagesMetadataTestJSON:setUpClass): 204 PUT http://10.180.1.21/image/v2/images/e800265b-c637-43fb-b628-d9a7875614e9/file 1.287s
2025-03-25 21:06:51.019 69045 INFO tempest.lib.common.rest_client [req-9ebff71a-1a61-4282-adc3-5a4272ad2dbb req-9ebff71a-1a61-4282-adc3-5a4272ad2dbb ] Request (VolumesAssistedSnapshotsTest:setUpClass): 200 GET http://10.180.1.21/identity/v3/roles 0.244s
2025-03-25 21:06:51.087 69061 INFO tempest.lib.common.rest_client [req-155b29fb-d605-4e5f-bedb-5ed5a4488f8d req-155b29fb-d605-4e5f-bedb-5ed5a4488f8d ] Request (ServersAdminNegativeTestJSON:setUpClass): 200 GET http://10.180.1.21/identity/v3/roles 0.277s
2025-03-25 21:06:51.152 69081 INFO tempest.lib.common.rest_client [req-3cc843e6-eba3-428e-bbab-de996d5e19bc req-3cc843e6-eba3-428e-bbab-de996d5e19bc ] Request (AZAdminV2TestJSON:tearDownClass): 200 GET http://10.180.1.21:9696/networking/v2.0/security-groups?tenant_id=3c3899424e58499db1c9d254592a10f5&name=default 0.185s
2025-03-25 21:06:51.154 69041 INFO tempest.lib.common.rest_client [req-1a324623-840d-414e-8ccc-16462b7061e9 req-1a324623-840d-414e-8ccc-16462b7061e9 ] Request (ServersWithSpecificFlavorTestJSON:setUpClass): 201 POST http://10.180.1.21/identity/v3/auth/tokens 0.343s
2025-03-25 21:06:51.185 69045 INFO tempest.lib.common.rest_client [req-82a2c339-8866-4af5-a5b0-6e974076511e req-82a2c339-8866-4af5-a5b0-6e974076511e ] Request (VolumesAssistedSnapshotsTest:setUpClass): 204 PUT http://10.180.1.21/identity/v3/projects/c9bc6d49ed104cd7ba6ef1b3e4544fc1/users/bb62ae909908480f9c416c3f81d2fcd6/roles/21e56e64648c46ffb98db90d42e8c4a2 0.165s
2025-03-25 21:06:51.232 69061 INFO tempest.lib.common.rest_client [req-d7d49d47-8f95-44c2-8b38-800f048f9c30 req-d7d49d47-8f95-44c2-8b38-800f048f9c30 ] Request (ServersAdminNegativeTestJSON:setUpClass): 204 PUT http://10.180.1.21/identity/v3/projects/cb23f92771b84479a2798603b1d4ba05/users/28b388c90b274900adc693670fd3c555/roles/0fb75afb86c245fea8e8189da4c5f807 0.145s
2025-03-25 21:06:51.233 69061 INFO tempest.lib.common.dynamic_creds [-] Dynamic test user 28b388c90b274900adc693670fd3c555 is created with scope project and roles: ['admin']
2025-03-25 21:06:51.233 69061 INFO tempest.lib.common.dynamic_creds [-] Acquired dynamic creds: credentials: Credentials: {'domain_id': 'default', 'domain_name': 'Default', 'username': 'tempest-ServersAdminNegativeTestJSON-603743850-project-admin', 'project_domain_id': 'default', 'project_domain_name': 'Default', 'project_id': 'cb23f92771b84479a2798603b1d4ba05', 'project_name': 'tempest-ServersAdminNegativeTestJSON-603743850', 'tenant_id': 'cb23f92771b84479a2798603b1d4ba05', 'tenant_name': 'tempest-ServersAdminNegativeTestJSON-603743850', 'user_domain_id': 'default', 'user_domain_name': 'Default', 'user_id': '28b388c90b274900adc693670fd3c555', 'system': None}, Network: None, Subnet: None, Router: None
2025-03-25 21:06:51.233 69061 INFO tempest.lib.common.dynamic_creds [-] Created isolated network resources for: credentials: Credentials: {'domain_id': 'default', 'domain_name': 'Default', 'username': 'tempest-ServersAdminNegativeTestJSON-603743850-project-admin', 'project_domain_id': 'default', 'project_domain_name': 'Default', 'project_id': 'cb23f92771b84479a2798603b1d4ba05', 'project_name': 'tempest-ServersAdminNegativeTestJSON-603743850', 'tenant_id': 'cb23f92771b84479a2798603b1d4ba05', 'tenant_name': 'tempest-ServersAdminNegativeTestJSON-603743850', 'user_domain_id': 'default', 'user_domain_name': 'Default', 'user_id': '28b388c90b274900adc693670fd3c555', 'system': None}, Network: None, Subnet: None, Router: None
2025-03-25 21:06:51.236 69045 INFO tempest.lib.common.rest_client [req-5f2dc60d-7ea0-422c-b2b8-c7f4b600a704 req-5f2dc60d-7ea0-422c-b2b8-c7f4b600a704 ] Request (VolumesAssistedSnapshotsTest:setUpClass): 200 GET http://10.180.1.21/identity/v3/roles 0.050s
2025-03-25 21:06:51.320 69061 INFO tempest.lib.common.rest_client [req-d8e88bf9-39f4-4ffc-a80b-99c1458f2e01 req-d8e88bf9-39f4-4ffc-a80b-99c1458f2e01 ] Request (ServersAdminNegativeTestJSON:setUpClass): 201 POST http://10.180.1.21/identity/v3/auth/tokens 0.084s
2025-03-25 21:06:51.320 69061 WARNING tempest.lib.common.rest_client [-] Deprecated: "tenant_id" property is deprecated for removal, use "project_id" instead
2025-03-25 21:06:51.385 69045 INFO tempest.lib.common.rest_client [req-91524955-7a9b-4118-86c4-d27d92a2f1a9 req-91524955-7a9b-4118-86c4-d27d92a2f1a9 ] Request (VolumesAssistedSnapshotsTest:setUpClass): 204 PUT http://10.180.1.21/identity/v3/projects/c9bc6d49ed104cd7ba6ef1b3e4544fc1/users/bb62ae909908480f9c416c3f81d2fcd6/roles/0fb75afb86c245fea8e8189da4c5f807 0.148s
2025-03-25 21:06:51.385 69045 INFO tempest.lib.common.dynamic_creds [-] Dynamic test user bb62ae909908480f9c416c3f81d2fcd6 is created with scope project and roles: ['service', 'admin']
2025-03-25 21:06:51.386 69045 INFO tempest.lib.common.dynamic_creds [-] Acquired dynamic creds: credentials: Credentials: {'domain_id': 'default', 'domain_name': 'Default', 'username': 'tempest-VolumesAssistedSnapshotsTest-329817131-project', 'project_domain_id': 'default', 'project_domain_name': 'Default', 'project_id': 'c9bc6d49ed104cd7ba6ef1b3e4544fc1', 'project_name': 'tempest-VolumesAssistedSnapshotsTest-329817131', 'tenant_id': 'c9bc6d49ed104cd7ba6ef1b3e4544fc1', 'tenant_name': 'tempest-VolumesAssistedSnapshotsTest-329817131', 'user_domain_id': 'default', 'user_domain_name': 'Default', 'user_id': 'bb62ae909908480f9c416c3f81d2fcd6', 'system': None}, Network: None, Subnet: None, Router: None
2025-03-25 21:06:51.435 69061 INFO tempest.lib.common.rest_client [req-47adba11-4e2c-4660-8dd0-700e12e1003c req-47adba11-4e2c-4660-8dd0-700e12e1003c ] Request (ServersAdminNegativeTestJSON:setUpClass): 201 POST http://10.180.1.21/identity/v3/auth/tokens 0.104s
2025-03-25 21:06:51.436 69061 INFO tempest.lib.common.fixed_network [-] (ServersAdminNegativeTestJSON:setUpClass) Found network None available for tenant
2025-03-25 21:06:51.449 69081 INFO tempest.lib.common.rest_client [req-e2379cdd-fa09-4d5b-a59a-24183f75985a req-e2379cdd-fa09-4d5b-a59a-24183f75985a ] Request (AZAdminV2TestJSON:tearDownClass): 204 DELETE http://10.180.1.21:9696/networking/v2.0/security-groups/bc736528-aca3-40ff-b58d-0ad687230d06 0.296s
2025-03-25 21:06:51.466 69057 INFO tempest.lib.common.rest_client [req-22c81e69-fb8c-4800-b370-18028c66400d req-22c81e69-fb8c-4800-b370-18028c66400d ] Request (AggregatesAdminNegativeTestJSON:test_aggregate_add_existent_host): 200 POST http://10.180.1.21/compute/v2.1/os-aggregates/1/action 1.920s
2025-03-25 21:06:51.489 69067 INFO tempest.lib.common.rest_client [req-75757cff-4e5d-4553-b551-ac6a059634cb req-75757cff-4e5d-4553-b551-ac6a059634cb ] Request (ServicesAdminNegativeV253TestJSON:test_enable_service_with_invalid_service_id): 404 PUT http://10.180.1.21/compute/v2.1/os-services/d571be3e-b205-4735-9b33-2869330f5edb 1.927s
2025-03-25 21:06:51.529 69069 INFO tempest.lib.common.rest_client [req-b957027f-2394-4abc-8e3e-ed4fcc7671b9 req-b957027f-2394-4abc-8e3e-ed4fcc7671b9 ] Request (AttachInterfacesTestJSON:test_create_list_show_delete_interfaces_by_fixed_ip): 202 POST http://10.180.1.21/compute/v2.1/servers 2.835s
2025-03-25 21:06:51.578 69081 INFO tempest.lib.common.rest_client [req-8db1befc-6174-494c-979b-6e88afd0a311 req-8db1befc-6174-494c-979b-6e88afd0a311 ] Request (AZAdminV2TestJSON:tearDownClass): 204 DELETE http://10.180.1.21/identity/v3/projects/3c3899424e58499db1c9d254592a10f5 0.128s
2025-03-25 21:06:51.611 69093 INFO tempest.lib.common.rest_client [req-c1d020d9-1c3c-4eb8-a85f-55fbe0bb368d req-c1d020d9-1c3c-4eb8-a85f-55fbe0bb368d ] Request (ServerExternalEventsTest:test_create_server_external_events): 200 GET http://10.180.1.21/compute/v2.1/servers/39e9c2c7-0018-4634-ba82-8d608dbffdab 1.897s
2025-03-25 21:06:51.624 69095 INFO tempest.lib.common.rest_client [req-4fd636f9-a143-4a48-a27a-e87099425737 req-4fd636f9-a143-4a48-a27a-e87099425737 ] Request (ServersAaction247Test:test_create_backup): 200 GET http://10.180.1.21/compute/v2.1/servers/9bb349ff-0887-4b35-a025-218e051ff3f3 1.928s
2025-03-25 21:06:51.628 69077 INFO tempest.lib.common.rest_client [req-ed40bac6-8c0c-4cc2-9b25-8689d4892ef4 req-ed40bac6-8c0c-4cc2-9b25-8689d4892ef4 ] Request (InstanceUsageAuditLogNegativeTestJSON:test_instance_usage_audit_logs_with_nonadmin_user): 403 GET http://10.180.1.21/compute/v2.1/os-instance_usage_audit_log/2025-03-25%2021%3A06%3A49 1.866s
2025-03-25 21:06:51.637 69095 INFO tempest.common.waiters [-] State transition "BUILD/None" ==> "BUILD/networking" after 3 second wait
2025-03-25 21:06:51.643 69075 INFO tempest.lib.common.rest_client [req-9fdd0c60-583e-4471-b842-d134bc65be6d req-9fdd0c60-583e-4471-b842-d134bc65be6d ] Request (KeyPairsV210TestJSON:test_admin_manage_keypairs_for_other_users): 200 GET http://10.180.1.21/compute/v2.1/os-keypairs/tempest-keypair-147755330?user_id=27073d9fb75e47d0a7b3a0299044d5a7 1.819s
2025-03-25 21:06:51.653 69081 INFO tempest.lib.common.rest_client [req-5334b1ce-2047-4878-aefa-89a5518f3693 req-5334b1ce-2047-4878-aefa-89a5518f3693 ] Request (HypervisorAdminV228Test:setUpClass): 201 POST http://10.180.1.21/identity/v3/auth/tokens 0.074s
2025-03-25 21:06:51.654 69045 INFO tempest.lib.common.rest_client [req-d64d0b44-3aa3-440d-b00e-30981044f8ec req-d64d0b44-3aa3-440d-b00e-30981044f8ec ] Request (VolumesAssistedSnapshotsTest:setUpClass): 201 POST http://10.180.1.21:9696/networking/v2.0/networks 0.268s
2025-03-25 21:06:51.671 69079 INFO tempest.lib.common.rest_client [req-6c4a64cf-aab9-4456-8b69-d0e25f4f67dd req-6c4a64cf-aab9-4456-8b69-d0e25f4f67dd ] Request (ServicesAdminTestJSON:test_get_service_by_service_binary_name): 200 GET http://10.180.1.21/compute/v2.1/os-services?binary=nova-compute 1.810s
2025-03-25 21:06:51.691 69091 INFO tempest.lib.common.rest_client [req-3a30203c-397f-419e-90a9-2a8f693e22c3 req-3a30203c-397f-419e-90a9-2a8f693e22c3 ] Request (HostsAdminTestJSON:test_list_hosts_with_nonexistent_zone): 200 GET http://10.180.1.21/compute/v2.1/os-hosts?zone=xxx 1.806s
2025-03-25 21:06:51.791 69053 INFO tempest.lib.common.rest_client [req-ed55dece-aefd-4f5a-a0ed-6d07fccf5667 req-ed55dece-aefd-4f5a-a0ed-6d07fccf5667 ] Request (DeleteServersAdminTestJSON:test_admin_delete_servers_of_others): 200 GET http://10.180.1.21/compute/v2.1/servers/9f10397c-97a5-4d60-8443-cdae3bd2f1e9 1.798s
2025-03-25 21:06:51.798 69077 INFO tempest.lib.common.rest_client [req-83373e5d-4d25-49a5-83b4-ff469bc12df3 req-83373e5d-4d25-49a5-83b4-ff469bc12df3 ] Request (InstanceUsageAuditLogNegativeTestJSON:tearDownClass): 204 DELETE http://10.180.1.21/identity/v3/users/54c90838656949218894e5865b2f48c2 0.167s
2025-03-25 21:06:51.851 69081 INFO tempest.lib.common.rest_client [req-6bc222f3-5ad5-46e3-a1b0-330c251c0dfb req-6bc222f3-5ad5-46e3-a1b0-330c251c0dfb ] Request (HypervisorAdminV228Test:setUpClass): 201 POST http://10.180.1.21/identity/v3/auth/tokens 0.195s
2025-03-25 21:06:51.876 69047 INFO tempest.lib.common.rest_client [req-2a19fa7e-c83f-47fc-8290-bb3e89352e2f req-2a19fa7e-c83f-47fc-8290-bb3e89352e2f ] Request (QuotasAdminTestV236:test_get_updated_quotas): 200 PUT http://10.180.1.21/compute/v2.1/os-quota-sets/d8fd9bea7a1b4c4ea8c9192294387e91?user_id=1e8ab94d121f476a8a17c9f76017c947 2.117s
2025-03-25 21:06:51.881 69081 INFO tempest.lib.common.rest_client [req-f19a0271-9e58-4364-9e19-264e10531d12 req-f19a0271-9e58-4364-9e19-264e10531d12 ] Request (HypervisorAdminV228Test:setUpClass): 200 GET http://10.180.1.21/identity/v3/domains?name=Default 0.029s
2025-03-25 21:06:51.882 69063 INFO tempest.lib.common.rest_client [req-91ed9c17-ba3a-485f-aa77-d4e925ae258b req-91ed9c17-ba3a-485f-aa77-d4e925ae258b ] Request (ServersAdmin275Test:test_rebuild_update_server_275): 200 GET http://10.180.1.21/compute/v2.1/servers/4d13db9b-fdb3-49ad-9e0f-0cb11740cc29 1.858s
2025-03-25 21:06:51.906 69045 INFO tempest.lib.common.rest_client [req-4d6235f3-3d75-4819-a83d-d24fa0415ac6 req-4d6235f3-3d75-4819-a83d-d24fa0415ac6 ] Request (VolumesAssistedSnapshotsTest:setUpClass): 201 POST http://10.180.1.21:9696/networking/v2.0/subnets 0.251s
2025-03-25 21:06:51.929 69077 INFO tempest.lib.common.rest_client [req-98396800-af68-4c49-9d10-2d13d3c1d693 req-98396800-af68-4c49-9d10-2d13d3c1d693 ] Request (InstanceUsageAuditLogNegativeTestJSON:tearDownClass): 204 DELETE http://10.180.1.21/identity/v3/users/817b232fb2e14c6896ba71d67d96c003 0.131s
2025-03-25 21:06:51.929 69077 INFO tempest.lib.common.dynamic_creds [-] Deleting project and security group for project: 4154cc8b008449e0862759f82bbeacfb
2025-03-25 21:06:51.999 69039 INFO tempest.lib.common.rest_client [req-1d97bbf2-56c2-4fa9-8313-d85e5f2bda50 req-1d97bbf2-56c2-4fa9-8313-d85e5f2bda50 ] Request (ImagesOneServerNegativeTestJSON:setUpClass): 200 PUT http://10.180.1.21:9696/networking/v2.0/routers/7da80d8a-c5ee-4521-837c-ef811a413875/add_router_interface 1.415s
2025-03-25 21:06:51.999 69039 INFO tempest.lib.common.dynamic_creds [-] Created isolated network resources for: credentials: Credentials: {'domain_id': 'default', 'domain_name': 'Default', 'username': 'tempest-ImagesOneServerNegativeTestJSON-854357862-project-member', 'project_domain_id': 'default', 'project_domain_name': 'Default', 'project_id': 'a19354131b8647ff98f23bc7c9e886b6', 'project_name': 'tempest-ImagesOneServerNegativeTestJSON-854357862', 'tenant_id': 'a19354131b8647ff98f23bc7c9e886b6', 'tenant_name': 'tempest-ImagesOneServerNegativeTestJSON-854357862', 'user_domain_id': 'default', 'user_domain_name': 'Default', 'user_id': 'a9e4484df03341d99c8c2460f457725c', 'system': None}, Network: {'id': '907dbaac-b8fc-49b0-ae93-645c56b59dd5', 'name': 'tempest-ImagesOneServerNegativeTestJSON-1551682599-network', 'tenant_id': 'a19354131b8647ff98f23bc7c9e886b6', 'admin_state_up': True, 'mtu': 8950, 'status': 'ACTIVE', 'subnets': [], 'shared': False, 'project_id': 'a19354131b8647ff98f23bc7c9e886b6', 'port_security_enabled': True, 'router:external': False, 'provider:network_type': 'vlan', 'provider:physical_network': 'default', 'provider:segmentation_id': 624, 'availability_zone_hints': [], 'availability_zones': [], 'ipv4_address_scope': None, 'ipv6_address_scope': None, 'description': '', 'tags': [], 'created_at': '2025-03-25T21:06:47Z', 'updated_at': '2025-03-25T21:06:47Z', 'revision_number': 1}, Subnet: {'id': '8c7fd95f-92d0-46b0-9309-af7bca22440d', 'name': 'tempest-ImagesOneServerNegativeTestJSON-1551682599-subnet', 'tenant_id': 'a19354131b8647ff98f23bc7c9e886b6', 'network_id': '907dbaac-b8fc-49b0-ae93-645c56b59dd5', 'ip_version': 4, 'subnetpool_id': None, 'enable_dhcp': True, 'ipv6_ra_mode': None, 'ipv6_address_mode': None, 'gateway_ip': '192.168.128.1', 'cidr': '192.168.128.0/28', 'allocation_pools': [{'start': '192.168.128.2', 'end': '192.168.128.14'}], 'host_routes': [], 'dns_nameservers': [], 'description': '', 'router:external': False, 'service_types': [], 'tags': [], 'created_at': '2025-03-25T21:06:48Z', 'updated_at': '2025-03-25T21:06:48Z', 'revision_number': 0, 'project_id': 'a19354131b8647ff98f23bc7c9e886b6'}, Router: {'id': '7da80d8a-c5ee-4521-837c-ef811a413875', 'name': 'tempest-ImagesOneServerNegativeTestJSON-1551682599-router', 'tenant_id': 'a19354131b8647ff98f23bc7c9e886b6', 'admin_state_up': True, 'status': 'ACTIVE', 'external_gateway_info': {'network_id': '0a6d5309-7de6-4355-a96f-6c10411ba08a', 'external_fixed_ips': [{'subnet_id': '099d40e6-c3f7-4489-a21f-c1e63e4e0cd0', 'ip_address': '10.180.180.174'}], 'enable_snat': True}, 'description': '', 'availability_zones': [], 'distributed': False, 'ha': False, 'availability_zone_hints': [], 'routes': [], 'flavor_id': None, 'tags': [], 'created_at': '2025-03-25T21:06:48Z', 'updated_at': '2025-03-25T21:06:49Z', 'revision_number': 2, 'project_id': 'a19354131b8647ff98f23bc7c9e886b6'}
2025-03-25 21:06:51.999 69081 INFO tempest.lib.common.rest_client [req-fa4c449a-db5f-40fe-9919-d6cbcb062047 req-fa4c449a-db5f-40fe-9919-d6cbcb062047 ] Request (HypervisorAdminV228Test:setUpClass): 201 POST http://10.180.1.21/identity/v3/projects 0.118s
2025-03-25 21:06:52.043 69065 INFO tempest.lib.common.rest_client [req-1817cc9f-4219-427d-bf8c-5e0c59a52ef2 req-1817cc9f-4219-427d-bf8c-5e0c59a52ef2 ] Request (FlavorsAccessTestJSON:test_flavor_access_add_remove): 200 GET http://10.180.1.21/compute/v2.1/flavors/detail 1.913s
2025-03-25 21:06:52.082 69073 INFO tempest.lib.common.rest_client [req-2451bc9c-80a5-4280-af42-38448a13bca3 req-2451bc9c-80a5-4280-af42-38448a13bca3 ] Request (FlavorsV261TestJSON:test_crud_flavor): 200 PUT http://10.180.1.21/compute/v2.1/flavors/593984849 1.829s
2025-03-25 21:06:52.086 69077 INFO tempest.lib.common.rest_client [req-52ac7dd6-30f1-4504-9ba6-9b284b78613b req-52ac7dd6-30f1-4504-9ba6-9b284b78613b ] Request (InstanceUsageAuditLogNegativeTestJSON:tearDownClass): 201 POST http://10.180.1.21/identity/v3/auth/tokens 0.156s
2025-03-25 21:06:52.108 69083 INFO tempest.lib.common.rest_client [req-ec0266dd-d7e9-4115-949c-75d06a47ecca req-ec0266dd-d7e9-4115-949c-75d06a47ecca ] Request (TenantUsagesNegativeTestJSON:test_list_usage_all_tenants_with_non_admin_user): 403 GET http://10.180.1.21/compute/v2.1/os-simple-tenant-usage?start=2025-03-24T21%3A06%3A46.167601&end=2025-03-26T21%3A06%3A46.167601&detailed=1 1.970s
2025-03-25 21:06:52.108 69035 INFO tempest.lib.common.rest_client [req-af4d6c18-e9f1-4b4b-bd12-13ac34dd9b8c req-af4d6c18-e9f1-4b4b-bd12-13ac34dd9b8c ] Request (FlavorMetadataValidation:_run_cleanups): 200 GET http://10.180.1.21/compute/v2.1/flavors/detail 1.823s
2025-03-25 21:06:52.129 69037 INFO tempest.lib.common.rest_client [req-2e179b49-295c-4f7a-8382-a0269720bae3 req-2e179b49-295c-4f7a-8382-a0269720bae3 ] Request (FlavorsAdminTestJSON:_run_cleanups): 202 DELETE http://10.180.1.21/compute/v2.1/flavors/2098424838 1.807s
2025-03-25 21:06:52.133 69081 INFO tempest.lib.common.rest_client [req-fee7dc84-a3f2-4966-b5a2-79d3d43db0e4 req-fee7dc84-a3f2-4966-b5a2-79d3d43db0e4 ] Request (HypervisorAdminV228Test:setUpClass): 201 POST http://10.180.1.21/identity/v3/users 0.133s
2025-03-25 21:06:52.186 69043 INFO tempest.lib.common.rest_client [req-eeac3f81-cc11-42be-885e-d8e372aa1328 req-eeac3f81-cc11-42be-885e-d8e372aa1328 ] Request (MigrationsAdminTest:test_list_migrations_in_flavor_resize_situation): 200 GET http://10.180.1.21/compute/v2.1/servers/8ac350b2-38f7-4401-8192-88247603ffaf 1.880s
2025-03-25 21:06:52.206 69039 INFO tempest.lib.common.rest_client [req-c82c1b40-270d-4781-9a78-543ab9856efa req-c82c1b40-270d-4781-9a78-543ab9856efa ] Request (ImagesOneServerNegativeTestJSON:setUpClass): 201 POST http://10.180.1.21/identity/v3/auth/tokens 0.198s
2025-03-25 21:06:52.231 69060 INFO tempest.lib.common.rest_client [req-22eaa2e8-58d6-4991-888a-9520e5e2842a req-22eaa2e8-58d6-4991-888a-9520e5e2842a ] Request (KeyPairsNegativeTestJSON:test_create_keypair_when_public_key_bits_exceeds_maximum): 400 POST http://10.180.1.21/compute/v2.1/os-keypairs 1.734s
2025-03-25 21:06:52.278 69035 INFO tempest.lib.common.rest_client [req-bf0a447e-01d6-4fc8-95bb-7082102d9ce6 req-bf0a447e-01d6-4fc8-95bb-7082102d9ce6 ] Request (FlavorMetadataValidation:tearDownClass): 204 DELETE http://10.180.1.21/identity/v3/users/acf7d84ad6c5429996de1f5cc2c47063 0.155s
2025-03-25 21:06:52.280 69083 INFO tempest.lib.common.rest_client [req-3d3d318a-f2fa-47c4-aa64-c7cc2c3eb870 req-3d3d318a-f2fa-47c4-aa64-c7cc2c3eb870 ] Request (TenantUsagesNegativeTestJSON:tearDownClass): 204 DELETE http://10.180.1.21/identity/v3/users/55752ae535fb4eb3801486f684563456 0.170s
2025-03-25 21:06:52.320 69077 INFO tempest.lib.common.rest_client [req-f3b065e0-840d-474c-b061-b2fc98bd5772 req-f3b065e0-840d-474c-b061-b2fc98bd5772 ] Request (InstanceUsageAuditLogNegativeTestJSON:tearDownClass): 200 GET http://10.180.1.21:9696/networking/v2.0/security-groups?tenant_id=4154cc8b008449e0862759f82bbeacfb&name=default 0.231s
2025-03-25 21:06:52.348 69081 INFO tempest.lib.common.rest_client [req-0b72bac9-8e4d-47cb-a204-7cf8e9213e38 req-0b72bac9-8e4d-47cb-a204-7cf8e9213e38 ] Request (HypervisorAdminV228Test:setUpClass): 200 GET http://10.180.1.21/identity/v3/roles 0.214s
2025-03-25 21:06:52.405 69077 INFO tempest.lib.common.rest_client [req-97810095-bc98-4933-8f07-0f6500a3c7d3 req-97810095-bc98-4933-8f07-0f6500a3c7d3 ] Request (InstanceUsageAuditLogNegativeTestJSON:tearDownClass): 204 DELETE http://10.180.1.21:9696/networking/v2.0/security-groups/6451adca-73da-42c5-8957-0245b2402819 0.085s
2025-03-25 21:06:52.429 69039 INFO tempest.lib.common.rest_client [req-44c902fe-2593-4ed2-be09-b23a4ee3c80f req-44c902fe-2593-4ed2-be09-b23a4ee3c80f ] Request (ImagesOneServerNegativeTestJSON:setUpClass): 201 POST http://10.180.1.21/identity/v3/auth/tokens 0.215s
2025-03-25 21:06:52.432 69039 INFO tempest.lib.common.fixed_network [-] (ImagesOneServerNegativeTestJSON:setUpClass) Found network {'id': '907dbaac-b8fc-49b0-ae93-645c56b59dd5', 'name': 'tempest-ImagesOneServerNegativeTestJSON-1551682599-network', 'tenant_id': 'a19354131b8647ff98f23bc7c9e886b6', 'admin_state_up': True, 'mtu': 8950, 'status': 'ACTIVE', 'subnets': [], 'shared': False, 'project_id': 'a19354131b8647ff98f23bc7c9e886b6', 'port_security_enabled': True, 'router:external': False, 'provider:network_type': 'vlan', 'provider:physical_network': 'default', 'provider:segmentation_id': 624, 'availability_zone_hints': [], 'availability_zones': [], 'ipv4_address_scope': None, 'ipv6_address_scope': None, 'description': '', 'tags': [], 'created_at': '2025-03-25T21:06:47Z', 'updated_at': '2025-03-25T21:06:47Z', 'revision_number': 1} available for tenant
2025-03-25 21:06:52.436 69089 INFO tempest.lib.common.rest_client [req-68d97cff-a615-4672-bb7a-4a86c2c27002 req-68d97cff-a615-4672-bb7a-4a86c2c27002 ] Request (VolumesAdminNegativeTest:test_update_attached_volume_with_nonexistent_volume_in_body): 200 POST http://10.180.1.21/compute/v2.1/os-keypairs 2.031s
2025-03-25 21:06:52.455 69085 INFO tempest.lib.common.rest_client [req-524d2569-8181-4882-9414-ed07bc00009f req-524d2569-8181-4882-9414-ed07bc00009f ] Request (HypervisorAdminUnderV252Test:test_search_hypervisor): 200 GET http://10.180.1.21/compute/v2.1/os-hypervisors/domain-c8.fc996f14-c53b-4953-92e3-bdfa48f5cc28/search 1.545s
2025-03-25 21:06:52.480 69049 INFO tempest.lib.common.rest_client [req-ff4a6b17-6d06-485c-9c6c-ae0b519d6609 req-ff4a6b17-6d06-485c-9c6c-ae0b519d6609 ] Request (FlavorsV255TestJSON:test_crud_flavor): 200 GET http://10.180.1.21/compute/v2.1/flavors/detail 1.524s
2025-03-25 21:06:52.498 69035 INFO tempest.lib.common.rest_client [req-214d76cd-471c-450d-be02-753cd56b7d79 req-214d76cd-471c-450d-be02-753cd56b7d79 ] Request (FlavorMetadataValidation:tearDownClass): 204 DELETE http://10.180.1.21/identity/v3/users/4a9ded960b114b908d55225921d1d8a0 0.219s
2025-03-25 21:06:52.498 69035 INFO tempest.lib.common.dynamic_creds [-] Deleting project and security group for project: 37df941d98e746e597294bc3d3ef968b
2025-03-25 21:06:52.524 69055 INFO tempest.lib.common.rest_client [req-08fbc9d6-7a79-4cc8-9cc4-24d469654d8d req-08fbc9d6-7a79-4cc8-9cc4-24d469654d8d ] Request (ImagesMetadataTestJSON:setUpClass): 200 GET http://10.180.1.21/compute/v2.1/images/e800265b-c637-43fb-b628-d9a7875614e9 1.535s
2025-03-25 21:06:52.557 69089 INFO tempest.lib.common.rest_client [req-a7fe6a27-8ae5-4917-91a0-89ee55eb2f82 req-a7fe6a27-8ae5-4917-91a0-89ee55eb2f82 ] Request (VolumesAdminNegativeTest:test_update_attached_volume_with_nonexistent_volume_in_body): 201 POST http://10.180.1.21:9696/networking/v2.0/security-groups 0.119s
2025-03-25 21:06:52.583 69083 INFO tempest.lib.common.rest_client [req-95596b0f-f3b0-4382-9e5a-79d2699ca6dd req-95596b0f-f3b0-4382-9e5a-79d2699ca6dd ] Request (TenantUsagesNegativeTestJSON:tearDownClass): 204 DELETE http://10.180.1.21/identity/v3/users/ff23aaa103d5498da1e479e8374bc44e 0.302s
2025-03-25 21:06:52.585 69083 INFO tempest.lib.common.dynamic_creds [-] Deleting project and security group for project: 60bf13fb8f1a4525be4e3e0e1a3baf69
2025-03-25 21:06:52.641 69081 INFO tempest.lib.common.rest_client [req-e52b2783-e5a1-4a39-aaee-8e906b79eb91 req-e52b2783-e5a1-4a39-aaee-8e906b79eb91 ] Request (HypervisorAdminV228Test:setUpClass): 204 PUT http://10.180.1.21/identity/v3/projects/0ff08316d4c44aa2aa3323d666d3e324/users/a51e6aeec1c54ddfa4ca4315c6efafc5/roles/2fb94ffa8f7e4effb9e2aff2b5353968 0.293s
2025-03-25 21:06:52.642 69081 INFO tempest.lib.common.dynamic_creds [-] Dynamic test user a51e6aeec1c54ddfa4ca4315c6efafc5 is created with scope project and roles: ['member']
2025-03-25 21:06:52.642 69081 INFO tempest.lib.common.dynamic_creds [-] Acquired dynamic creds: credentials: Credentials: {'domain_id': 'default', 'domain_name': 'Default', 'username': 'tempest-HypervisorAdminV228Test-997635699-project-member', 'project_domain_id': 'default', 'project_domain_name': 'Default', 'project_id': '0ff08316d4c44aa2aa3323d666d3e324', 'project_name': 'tempest-HypervisorAdminV228Test-997635699', 'tenant_id': '0ff08316d4c44aa2aa3323d666d3e324', 'tenant_name': 'tempest-HypervisorAdminV228Test-997635699', 'user_domain_id': 'default', 'user_domain_name': 'Default', 'user_id': 'a51e6aeec1c54ddfa4ca4315c6efafc5', 'system': None}, Network: None, Subnet: None, Router: None
2025-03-25 21:06:52.642 69081 INFO tempest.lib.common.dynamic_creds [-] Created isolated network resources for: credentials: Credentials: {'domain_id': 'default', 'domain_name': 'Default', 'username': 'tempest-HypervisorAdminV228Test-997635699-project-member', 'project_domain_id': 'default', 'project_domain_name': 'Default', 'project_id': '0ff08316d4c44aa2aa3323d666d3e324', 'project_name': 'tempest-HypervisorAdminV228Test-997635699', 'tenant_id': '0ff08316d4c44aa2aa3323d666d3e324', 'tenant_name': 'tempest-HypervisorAdminV228Test-997635699', 'user_domain_id': 'default', 'user_domain_name': 'Default', 'user_id': 'a51e6aeec1c54ddfa4ca4315c6efafc5', 'system': None}, Network: None, Subnet: None, Router: None
2025-03-25 21:06:52.691 69089 INFO tempest.lib.common.rest_client [req-9bbd0a55-2476-4884-98b1-4413e76e13b9 req-9bbd0a55-2476-4884-98b1-4413e76e13b9 ] Request (VolumesAdminNegativeTest:test_update_attached_volume_with_nonexistent_volume_in_body): 201 POST http://10.180.1.21:9696/networking/v2.0/security-group-rules 0.134s
2025-03-25 21:06:52.692 69045 INFO tempest.lib.common.rest_client [req-8f08ba24-24d3-4675-9ea0-6f26716ea6a3 req-8f08ba24-24d3-4675-9ea0-6f26716ea6a3 ] Request (VolumesAssistedSnapshotsTest:setUpClass): 201 POST http://10.180.1.21:9696/networking/v2.0/routers 0.785s
2025-03-25 21:06:52.724 69051 INFO tempest.lib.common.rest_client [req-02fe9124-bc2e-47c3-b963-e18b896d37f2 req-02fe9124-bc2e-47c3-b963-e18b896d37f2 ] Request (FlavorsAccessNegativeTestJSON:test_add_flavor_access_duplicate): 409 POST http://10.180.1.21/compute/v2.1/flavors/2100683242/action 1.951s
2025-03-25 21:06:52.769 69085 INFO tempest.lib.common.rest_client [req-8052cb43-4959-4741-9d9b-d240b84c5240 req-8052cb43-4959-4741-9d9b-d240b84c5240 ] Request (HypervisorAdminUnderV252Test:tearDownClass): 204 DELETE http://10.180.1.21/identity/v3/users/033a9a4264b64c47ac413624806aa20e 0.310s
2025-03-25 21:06:52.769 69077 INFO tempest.lib.common.rest_client [req-a6eb5888-6aa9-4632-86ff-9e433f962520 req-a6eb5888-6aa9-4632-86ff-9e433f962520 ] Request (InstanceUsageAuditLogNegativeTestJSON:tearDownClass): 204 DELETE http://10.180.1.21/identity/v3/projects/4154cc8b008449e0862759f82bbeacfb 0.362s
2025-03-25 21:06:52.769 69077 INFO tempest.lib.common.dynamic_creds [-] Deleting project and security group for project: 7a952013cc0740e38ffd1316b90c36fe
2025-03-25 21:06:52.851 69035 INFO tempest.lib.common.rest_client [req-b6a37aef-6475-40e3-b1d8-8b19c1c13e2c req-b6a37aef-6475-40e3-b1d8-8b19c1c13e2c ] Request (FlavorMetadataValidation:tearDownClass): 201 POST http://10.180.1.21/identity/v3/auth/tokens 0.352s
2025-03-25 21:06:52.873 69041 INFO tempest.lib.common.rest_client [req-f47231d5-9ba7-4bfd-bf7b-8fd7c261534d req-f47231d5-9ba7-4bfd-bf7b-8fd7c261534d ] Request (ServersWithSpecificFlavorTestJSON:test_verify_created_server_ephemeral_disk): 200 GET http://10.180.1.21/compute/v2.1/flavors/42 1.716s
2025-03-25 21:06:52.882 69083 INFO tempest.lib.common.rest_client [req-2a2adf82-f663-4836-a69d-1bc9e986dead req-2a2adf82-f663-4836-a69d-1bc9e986dead ] Request (TenantUsagesNegativeTestJSON:tearDownClass): 201 POST http://10.180.1.21/identity/v3/auth/tokens 0.297s
2025-03-25 21:06:52.888 69089 INFO tempest.lib.common.rest_client [req-85a94e4f-fc95-4df6-b025-228238c8f7a5 req-85a94e4f-fc95-4df6-b025-228238c8f7a5 ] Request (VolumesAdminNegativeTest:test_update_attached_volume_with_nonexistent_volume_in_body): 201 POST http://10.180.1.21:9696/networking/v2.0/security-group-rules 0.196s
2025-03-25 21:06:52.926 69057 INFO tempest.lib.common.rest_client [req-87973f76-612c-475b-82c1-fade50520ace req-87973f76-612c-475b-82c1-fade50520ace ] Request (AggregatesAdminNegativeTestJSON:test_aggregate_add_existent_host): 409 POST http://10.180.1.21/compute/v2.1/os-aggregates/1/action 1.458s
2025-03-25 21:06:52.947 69081 INFO tempest.lib.common.rest_client [req-ae649f20-6cc7-4533-8ccb-a6505ef3c863 req-ae649f20-6cc7-4533-8ccb-a6505ef3c863 ] Request (HypervisorAdminV228Test:setUpClass): 201 POST http://10.180.1.21/identity/v3/auth/tokens 0.299s
2025-03-25 21:06:52.948 69067 INFO tempest.lib.common.rest_client [req-0ccbfa23-6feb-4db9-beff-fdb289660fd7 req-0ccbfa23-6feb-4db9-beff-fdb289660fd7 ] Request (ServicesAdminNegativeV253TestJSON:test_get_service_by_invalid_params): 200 GET http://10.180.1.21/compute/v2.1/os-services 1.457s
2025-03-25 21:06:52.974 69077 INFO tempest.lib.common.rest_client [req-ef35e9aa-c047-4f0b-94e2-127ead8d5096 req-ef35e9aa-c047-4f0b-94e2-127ead8d5096 ] Request (InstanceUsageAuditLogNegativeTestJSON:tearDownClass): 200 GET http://10.180.1.21:9696/networking/v2.0/security-groups?tenant_id=7a952013cc0740e38ffd1316b90c36fe&name=default 0.204s
2025-03-25 21:06:53.004 69069 INFO tempest.lib.common.rest_client [req-56a1c320-7890-49a6-9338-3ead871c98f9 req-56a1c320-7890-49a6-9338-3ead871c98f9 ] Request (AttachInterfacesTestJSON:test_create_list_show_delete_interfaces_by_fixed_ip): 200 GET http://10.180.1.21/compute/v2.1/servers/0692f6a0-4f8b-49ca-92a7-0a35f109ad01 1.472s
2025-03-25 21:06:53.029 69085 INFO tempest.lib.common.rest_client [req-0ac4a52f-bf32-4e3c-ba77-1196c7d0c48f req-0ac4a52f-bf32-4e3c-ba77-1196c7d0c48f ] Request (HypervisorAdminUnderV252Test:tearDownClass): 204 DELETE http://10.180.1.21/identity/v3/users/91847958ddaf42e1abdfb0830cf1c918 0.260s
2025-03-25 21:06:53.029 69085 INFO tempest.lib.common.dynamic_creds [-] Deleting project and security group for project: 903cf79569af4095b9bb59820574957b
2025-03-25 21:06:53.052 69075 INFO tempest.lib.common.rest_client [req-cdd58b0c-5255-48cc-9ea3-41ed6a521f44 req-cdd58b0c-5255-48cc-9ea3-41ed6a521f44 ] Request (KeyPairsV210TestJSON:test_admin_manage_keypairs_for_other_users): 201 POST http://10.180.1.21/compute/v2.1/os-keypairs 1.407s
2025-03-25 21:06:53.074 69079 INFO tempest.lib.common.rest_client [req-476f255c-d1ca-407f-8233-fd2685c155ca req-476f255c-d1ca-407f-8233-fd2685c155ca ] Request (ServicesAdminTestJSON:test_list_services): 200 GET http://10.180.1.21/compute/v2.1/os-services 1.401s
2025-03-25 21:06:53.138 69077 INFO tempest.lib.common.rest_client [req-fa8e5a23-0453-4029-b655-ebc771e5c7e0 req-fa8e5a23-0453-4029-b655-ebc771e5c7e0 ] Request (InstanceUsageAuditLogNegativeTestJSON:tearDownClass): 204 DELETE http://10.180.1.21:9696/networking/v2.0/security-groups/b587df33-6464-4a44-9978-ab6dc204729b 0.164s
2025-03-25 21:06:53.153 69081 INFO tempest.lib.common.rest_client [req-f7019aae-c6d4-474d-84f9-78e2ed411ffa req-f7019aae-c6d4-474d-84f9-78e2ed411ffa ] Request (HypervisorAdminV228Test:setUpClass): 201 POST http://10.180.1.21/identity/v3/projects 0.205s
2025-03-25 21:06:53.193 69085 INFO tempest.lib.common.rest_client [req-7c6a155c-40e3-4fe1-92e1-43532abee18a req-7c6a155c-40e3-4fe1-92e1-43532abee18a ] Request (HypervisorAdminUnderV252Test:tearDownClass): 201 POST http://10.180.1.21/identity/v3/auth/tokens 0.163s
2025-03-25 21:06:53.255 69079 INFO tempest.lib.common.rest_client [req-67c66be1-3eb7-4584-b37e-943ea97c88cd req-67c66be1-3eb7-4584-b37e-943ea97c88cd ] Request (ServicesAdminTestJSON:tearDownClass): 204 DELETE http://10.180.1.21/identity/v3/users/c974475621624b368810f6b75b56f4e7 0.175s
2025-03-25 21:06:53.330 69035 INFO tempest.lib.common.rest_client [req-861b22fc-3b5b-466f-a301-8c630c22cd89 req-861b22fc-3b5b-466f-a301-8c630c22cd89 ] Request (FlavorMetadataValidation:tearDownClass): 200 GET http://10.180.1.21:9696/networking/v2.0/security-groups?tenant_id=37df941d98e746e597294bc3d3ef968b&name=default 0.479s
2025-03-25 21:06:53.332 69081 INFO tempest.lib.common.rest_client [req-9d6b5f61-c900-4d10-b10d-3b613d1684d8 req-9d6b5f61-c900-4d10-b10d-3b613d1684d8 ] Request (HypervisorAdminV228Test:setUpClass): 201 POST http://10.180.1.21/identity/v3/users 0.178s
2025-03-25 21:06:53.361 69077 INFO tempest.lib.common.rest_client [req-0fb0504a-03d9-4982-abc0-ea41d2e224c2 req-0fb0504a-03d9-4982-abc0-ea41d2e224c2 ] Request (InstanceUsageAuditLogNegativeTestJSON:tearDownClass): 204 DELETE http://10.180.1.21/identity/v3/projects/7a952013cc0740e38ffd1316b90c36fe 0.223s
2025-03-25 21:06:53.377 69089 INFO tempest.lib.common.rest_client [req-b6499c7b-62d5-49f1-8ffa-7c18e1bf4c5a req-b6499c7b-62d5-49f1-8ffa-7c18e1bf4c5a ] Request (VolumesAdminNegativeTest:test_update_attached_volume_with_nonexistent_volume_in_body): 201 POST http://10.180.1.21:9696/networking/v2.0/floatingips 0.488s
2025-03-25 21:06:53.403 69083 INFO tempest.lib.common.rest_client [req-412a5425-f36d-4415-b27e-311bc410f3cf req-412a5425-f36d-4415-b27e-311bc410f3cf ] Request (TenantUsagesNegativeTestJSON:tearDownClass): 200 GET http://10.180.1.21:9696/networking/v2.0/security-groups?tenant_id=60bf13fb8f1a4525be4e3e0e1a3baf69&name=default 0.519s
2025-03-25 21:06:53.427 69035 INFO tempest.lib.common.rest_client [req-f519433c-3e76-4a2d-a7c0-4cca83b1feed req-f519433c-3e76-4a2d-a7c0-4cca83b1feed ] Request (FlavorMetadataValidation:tearDownClass): 204 DELETE http://10.180.1.21:9696/networking/v2.0/security-groups/8ab6b7cc-ab8a-4fc7-96f6-3992357fc309 0.096s
2025-03-25 21:06:53.435 69061 INFO tempest.lib.common.rest_client [req-583748d7-4d29-4886-9108-c60b3b3b5206 req-583748d7-4d29-4886-9108-c60b3b3b5206 ] Request (ServersAdminNegativeTestJSON:setUpClass): 202 POST http://10.180.1.21/compute/v2.1/servers 1.998s
2025-03-25 21:06:53.497 69079 INFO tempest.lib.common.rest_client [req-24df2868-2698-4d97-9fbb-883cc24a1bfc req-24df2868-2698-4d97-9fbb-883cc24a1bfc ] Request (ServicesAdminTestJSON:tearDownClass): 204 DELETE http://10.180.1.21/identity/v3/users/3cdf1f56c2aa4bb8bc70028c3f6cc8ad 0.241s
2025-03-25 21:06:53.497 69079 INFO tempest.lib.common.dynamic_creds [-] Deleting project and security group for project: 7bac4ef8c642401fa57c16c53eb67d75
2025-03-25 21:06:53.500 69047 INFO tempest.lib.common.rest_client [req-b7f2547d-492b-4ad2-a7e6-6ca123b11e46 req-b7f2547d-492b-4ad2-a7e6-6ca123b11e46 ] Request (QuotasAdminTestV236:test_get_updated_quotas): 200 GET http://10.180.1.21/compute/v2.1/os-quota-sets/d8fd9bea7a1b4c4ea8c9192294387e91?user_id=1e8ab94d121f476a8a17c9f76017c947 1.622s
2025-03-25 21:06:53.519 69071 INFO tempest.lib.common.rest_client [req-72269c5f-c403-43a5-81fc-fd1185ce4b0b req-72269c5f-c403-43a5-81fc-fd1185ce4b0b ] Request (ServerDiagnosticsTest:test_get_server_diagnostics): 200 GET http://10.180.1.21/compute/v2.1/servers/24b8c78d-848a-4558-8b27-0c64205df61c 1.627s
2025-03-25 21:06:53.552 69083 INFO tempest.lib.common.rest_client [req-c12e6cd0-8fce-4eaf-af56-acbc13f4b12c req-c12e6cd0-8fce-4eaf-af56-acbc13f4b12c ] Request (TenantUsagesNegativeTestJSON:tearDownClass): 204 DELETE http://10.180.1.21:9696/networking/v2.0/security-groups/780c3222-5821-48b2-8862-f58551bfad11 0.148s
2025-03-25 21:06:53.557 69081 INFO tempest.lib.common.rest_client [req-c3e43791-6d5c-4253-b925-f3575cd37de9 req-c3e43791-6d5c-4253-b925-f3575cd37de9 ] Request (HypervisorAdminV228Test:setUpClass): 200 GET http://10.180.1.21/identity/v3/roles 0.225s
2025-03-25 21:06:53.560 69073 INFO tempest.lib.common.rest_client [req-a5aaa6bc-116f-4079-ad48-ef0d4203f599 req-a5aaa6bc-116f-4079-ad48-ef0d4203f599 ] Request (FlavorsV261TestJSON:test_crud_flavor): 200 GET http://10.180.1.21/compute/v2.1/flavors/detail 1.474s
2025-03-25 21:06:53.584 69037 INFO tempest.lib.common.rest_client [req-f7e08cc7-45d5-459c-a2ed-3cf8c1273caf req-f7e08cc7-45d5-459c-a2ed-3cf8c1273caf ] Request (FlavorsAdminTestJSON:_run_cleanups): 200 GET http://10.180.1.21/compute/v2.1/flavors/detail 1.454s
2025-03-25 21:06:53.589 69077 INFO tempest.lib.common.rest_client [req-7ca54464-0486-43f7-8bef-958d52ec5c92 req-7ca54464-0486-43f7-8bef-958d52ec5c92 ] Request (ImagesDeleteNegativeTestJSON:setUpClass): 201 POST http://10.180.1.21/identity/v3/auth/tokens 0.223s
2025-03-25 21:06:53.626 69060 INFO tempest.lib.common.rest_client [req-016dd278-4049-491c-ba9a-ff2db3766501 req-016dd278-4049-491c-ba9a-ff2db3766501 ] Request (KeyPairsNegativeTestJSON:test_create_keypair_with_duplicate_name): 200 POST http://10.180.1.21/compute/v2.1/os-keypairs 1.390s
2025-03-25 21:06:53.642 69089 INFO tempest.lib.common.rest_client [req-85e46eb1-a5de-4f9a-9f8b-55d75f69a09d req-85e46eb1-a5de-4f9a-9f8b-55d75f69a09d ] Request (VolumesAdminNegativeTest:test_update_attached_volume_with_nonexistent_volume_in_body): 201 POST http://10.180.1.21/identity/v3/auth/tokens 0.262s
2025-03-25 21:06:53.644 69089 INFO tempest.lib.common.fixed_network [-] (VolumesAdminNegativeTest:test_update_attached_volume_with_nonexistent_volume_in_body) Found network {'id': '41a25aa1-95db-4305-bf6c-4afc4ecd7cec', 'name': 'tempest-VolumesAdminNegativeTest-1403440902-network', 'tenant_id': '6e780c3763d0453992d9677c29e60a23', 'admin_state_up': True, 'mtu': 8950, 'status': 'ACTIVE', 'subnets': [], 'shared': False, 'project_id': '6e780c3763d0453992d9677c29e60a23', 'port_security_enabled': True, 'router:external': False, 'provider:network_type': 'vlan', 'provider:physical_network': 'default', 'provider:segmentation_id': 131, 'availability_zone_hints': [], 'availability_zones': [], 'ipv4_address_scope': None, 'ipv6_address_scope': None, 'description': '', 'tags': [], 'created_at': '2025-03-25T21:06:39Z', 'updated_at': '2025-03-25T21:06:39Z', 'revision_number': 1} available for tenant
2025-03-25 21:06:53.672 69079 INFO tempest.lib.common.rest_client [req-73c3b44d-23e1-4e13-9156-b82be4fe4508 req-73c3b44d-23e1-4e13-9156-b82be4fe4508 ] Request (ServicesAdminTestJSON:tearDownClass): 201 POST http://10.180.1.21/identity/v3/auth/tokens 0.174s
2025-03-25 21:06:53.678 69085 INFO tempest.lib.common.rest_client [req-94b7c7fd-9be0-4272-a64d-1c660f96c2d8 req-94b7c7fd-9be0-4272-a64d-1c660f96c2d8 ] Request (HypervisorAdminUnderV252Test:tearDownClass): 200 GET http://10.180.1.21:9696/networking/v2.0/security-groups?tenant_id=903cf79569af4095b9bb59820574957b&name=default 0.485s
