2025-03-25 21:09:11.871 69089 INFO tempest.lib.common.rest_client [req-6e9ac141-0397-407d-ae61-1561a1046903 req-6e9ac141-0397-407d-ae61-1561a1046903 ] Request (VolumesAdminNegativeTest:test_update_attached_volume_with_nonexistent_volume_in_body): 200 GET http://10.180.1.21/volume/v3/volumes/325707a4-eac8-4f6e-ab98-be2e45bfa7e4 0.041s
2025-03-25 21:09:11.932 69053 INFO tempest.lib.common.rest_client [req-f337c5e2-3bb4-42db-85b4-a2f7af0e5998 req-f337c5e2-3bb4-42db-85b4-a2f7af0e5998 ] Request (DeleteServersAdminTestJSON:tearDownClass): 204 DELETE http://10.180.1.21/identity/v3/projects/0767085475254aefa4be3d8cba69b100 0.123s
2025-03-25 21:09:11.970 69081 INFO tempest.lib.common.rest_client [req-0adcfdd3-f75d-43f7-a293-a40c65c4d0e6 req-0adcfdd3-f75d-43f7-a293-a40c65c4d0e6 ] Request (SecurityGroupsTestJSON:test_list_security_groups_by_server): 200 GET http://10.180.1.21/compute/v2.1/servers/145e4d6f-c6f9-4f5e-8265-0f5a58d91b8e/os-security-groups 1.350s
2025-03-25 21:09:11.985 69087 INFO tempest.lib.common.rest_client [req-9aeca525-b1de-40fd-a8a7-f3740ae8d8c9 req-9aeca525-b1de-40fd-a8a7-f3740ae8d8c9 ] Request (InstanceActionsTestJSON:tearDownClass): 204 DELETE http://10.180.1.21:9696/networking/v2.0/routers/8c433605-ab67-4ebc-a8a7-33550bf67c89 0.513s
2025-03-25 21:09:12.008 69053 INFO tempest.lib.common.rest_client [req-fc6078f9-c295-4071-b884-198905663f65 req-fc6078f9-c295-4071-b884-198905663f65 ] Request (HypervisorAdminNegativeUnderV252Test:setUpClass): 201 POST http://10.180.1.21/identity/v3/auth/tokens 0.074s
2025-03-25 21:09:12.040 69039 INFO tempest.lib.common.rest_client [req-94e2d5d3-e19b-4a9e-a00b-6a88371f0809 req-94e2d5d3-e19b-4a9e-a00b-6a88371f0809 ] Request (ImagesOneServerNegativeTestJSON:_run_cleanups): 200 GET http://10.180.1.21/compute/v2.1/servers/37b19313-0d33-485a-9071-e28612305bd8 1.233s
2025-03-25 21:09:12.055 69053 INFO tempest.lib.common.rest_client [req-d6be432d-b9d1-4c26-a0aa-2c8ad5e1bfd0 req-d6be432d-b9d1-4c26-a0aa-2c8ad5e1bfd0 ] Request (HypervisorAdminNegativeUnderV252Test:setUpClass): 201 POST http://10.180.1.21/identity/v3/auth/tokens 0.044s
2025-03-25 21:09:12.081 69053 INFO tempest.lib.common.rest_client [req-90d55b72-b4e4-43c1-85cf-9ae047fd5488 req-90d55b72-b4e4-43c1-85cf-9ae047fd5488 ] Request (HypervisorAdminNegativeUnderV252Test:setUpClass): 200 GET http://10.180.1.21/identity/v3/domains?name=Default 0.026s
2025-03-25 21:09:12.128 69053 INFO tempest.lib.common.rest_client [req-f66b4a96-84bc-4e24-af8a-fe95bce67053 req-f66b4a96-84bc-4e24-af8a-fe95bce67053 ] Request (HypervisorAdminNegativeUnderV252Test:setUpClass): 201 POST http://10.180.1.21/identity/v3/projects 0.046s
2025-03-25 21:09:12.186 69087 INFO tempest.lib.common.rest_client [req-a687121f-0e54-45c2-8b7e-9ea2b53f1666 req-a687121f-0e54-45c2-8b7e-9ea2b53f1666 ] Request (InstanceActionsTestJSON:tearDownClass): 204 DELETE http://10.180.1.21:9696/networking/v2.0/subnets/255b5454-cd4e-44dc-a248-30f137bb936c 0.200s
2025-03-25 21:09:12.201 69053 INFO tempest.lib.common.rest_client [req-30439791-ecf0-4c90-9a99-933d25bbc79d req-30439791-ecf0-4c90-9a99-933d25bbc79d ] Request (HypervisorAdminNegativeUnderV252Test:setUpClass): 201 POST http://10.180.1.21/identity/v3/users 0.073s
2025-03-25 21:09:12.235 69083 INFO tempest.lib.common.rest_client [req-7dbe2b1b-9765-476c-89eb-17d011ebbe9b req-7dbe2b1b-9765-476c-89eb-17d011ebbe9b ] Request (ServerDiskConfigTestJSON:test_rebuild_server_with_manual_disk_config): 202 POST http://10.180.1.21/compute/v2.1/servers/f95e47e6-5f00-48d2-a13e-bb3ddb7e0a89/action 1.406s
2025-03-25 21:09:12.236 69053 INFO tempest.lib.common.rest_client [req-8bf0e51b-9915-4923-bfce-846fc6ebea7e req-8bf0e51b-9915-4923-bfce-846fc6ebea7e ] Request (HypervisorAdminNegativeUnderV252Test:setUpClass): 200 GET http://10.180.1.21/identity/v3/roles 0.034s
2025-03-25 21:09:12.285 69053 INFO tempest.lib.common.rest_client [req-4278bf13-028b-4c9a-b9d6-e8290ab0bcab req-4278bf13-028b-4c9a-b9d6-e8290ab0bcab ] Request (HypervisorAdminNegativeUnderV252Test:setUpClass): 204 PUT http://10.180.1.21/identity/v3/projects/2bd5d6bc7fb64c4d99d5e4302938bfc8/users/93635936970149a78b81d4795339970e/roles/2fb94ffa8f7e4effb9e2aff2b5353968 0.048s
2025-03-25 21:09:12.285 69053 INFO tempest.lib.common.dynamic_creds [-] Dynamic test user 93635936970149a78b81d4795339970e is created with scope project and roles: ['member']
2025-03-25 21:09:12.285 69053 INFO tempest.lib.common.dynamic_creds [-] Acquired dynamic creds: credentials: Credentials: {'domain_id': 'default', 'domain_name': 'Default', 'username': 'tempest-HypervisorAdminNegativeUnderV252Test-188281557-project-member', 'project_domain_id': 'default', 'project_domain_name': 'Default', 'project_id': '2bd5d6bc7fb64c4d99d5e4302938bfc8', 'project_name': 'tempest-HypervisorAdminNegativeUnderV252Test-188281557', 'tenant_id': '2bd5d6bc7fb64c4d99d5e4302938bfc8', 'tenant_name': 'tempest-HypervisorAdminNegativeUnderV252Test-188281557', 'user_domain_id': 'default', 'user_domain_name': 'Default', 'user_id': '93635936970149a78b81d4795339970e', 'system': None}, Network: None, Subnet: None, Router: None
2025-03-25 21:09:12.285 69053 INFO tempest.lib.common.dynamic_creds [-] Created isolated network resources for: credentials: Credentials: {'domain_id': 'default', 'domain_name': 'Default', 'username': 'tempest-HypervisorAdminNegativeUnderV252Test-188281557-project-member', 'project_domain_id': 'default', 'project_domain_name': 'Default', 'project_id': '2bd5d6bc7fb64c4d99d5e4302938bfc8', 'project_name': 'tempest-HypervisorAdminNegativeUnderV252Test-188281557', 'tenant_id': '2bd5d6bc7fb64c4d99d5e4302938bfc8', 'tenant_name': 'tempest-HypervisorAdminNegativeUnderV252Test-188281557', 'user_domain_id': 'default', 'user_domain_name': 'Default', 'user_id': '93635936970149a78b81d4795339970e', 'system': None}, Network: None, Subnet: None, Router: None
2025-03-25 21:09:12.329 69069 INFO tempest.lib.common.rest_client [req-d3f0f5b4-adde-428f-9c54-cfdf11f25605 req-d3f0f5b4-adde-428f-9c54-cfdf11f25605 ] Request (AttachInterfacesTestJSON:test_create_list_show_delete_interfaces_by_fixed_ip): 200 GET http://10.180.1.21/compute/v2.1/servers/0692f6a0-4f8b-49ca-92a7-0a35f109ad01/os-interface/08af764f-fe2d-4e2d-b39b-dd4a50d5bc16 1.410s
2025-03-25 21:09:12.378 69053 INFO tempest.lib.common.rest_client [req-e4f91247-22ab-4000-bd62-f1648910f0f0 req-e4f91247-22ab-4000-bd62-f1648910f0f0 ] Request (HypervisorAdminNegativeUnderV252Test:setUpClass): 201 POST http://10.180.1.21/identity/v3/auth/tokens 0.089s
2025-03-25 21:09:12.442 69087 INFO tempest.lib.common.rest_client [req-f87807f6-de13-4fe8-bac7-7639464fa00b req-f87807f6-de13-4fe8-bac7-7639464fa00b ] Request (InstanceActionsTestJSON:tearDownClass): 204 DELETE http://10.180.1.21:9696/networking/v2.0/networks/30d46fa7-68fb-47b4-9ee8-41d803f9ff0e 0.256s
2025-03-25 21:09:12.459 69053 INFO tempest.lib.common.rest_client [req-b0bf05d8-26ae-4398-b8cc-ea3ae6b23535 req-b0bf05d8-26ae-4398-b8cc-ea3ae6b23535 ] Request (HypervisorAdminNegativeUnderV252Test:setUpClass): 201 POST http://10.180.1.21/identity/v3/projects 0.081s
2025-03-25 21:09:12.523 69053 INFO tempest.lib.common.rest_client [req-deea8e55-6d8c-43f8-840f-ddbe02c87e6c req-deea8e55-6d8c-43f8-840f-ddbe02c87e6c ] Request (HypervisorAdminNegativeUnderV252Test:setUpClass): 201 POST http://10.180.1.21/identity/v3/users 0.063s
2025-03-25 21:09:12.544 69057 INFO tempest.lib.common.rest_client [req-afa42b5c-fb62-489d-b283-2785069c845f req-afa42b5c-fb62-489d-b283-2785069c845f ] Request (ServersTestJSON:setUpClass): 200 GET http://10.180.1.21/compute/v2.1/servers/10965d52-339e-4d70-9ce5-39c4712ca34b 1.598s
2025-03-25 21:09:12.553 69057 INFO tempest.common.waiters [-] State transition "BUILD/spawning" ==> "ACTIVE/None" after 80 second wait
2025-03-25 21:09:12.560 69087 INFO tempest.lib.common.rest_client [req-116e1dce-8c90-440f-83bd-7825b41ac033 req-116e1dce-8c90-440f-83bd-7825b41ac033 ] Request (InstanceActionsTestJSON:tearDownClass): 204 DELETE http://10.180.1.21/identity/v3/users/91836f7bceed40c5ba5280f6e5936baf 0.118s
2025-03-25 21:09:12.560 69087 INFO tempest.lib.common.dynamic_creds [-] Deleting project and security group for project: 5951ad6c26eb4b10b9fd19e6fb0599b1
2025-03-25 21:09:12.582 69053 INFO tempest.lib.common.rest_client [req-30c88bfd-cc24-45f6-817b-d364b057264b req-30c88bfd-cc24-45f6-817b-d364b057264b ] Request (HypervisorAdminNegativeUnderV252Test:setUpClass): 200 GET http://10.180.1.21/identity/v3/roles 0.059s
2025-03-25 21:09:12.596 69087 INFO tempest.lib.common.rest_client [req-1c262689-bf81-4d28-b0c0-708486f4911f req-1c262689-bf81-4d28-b0c0-708486f4911f ] Request (InstanceActionsTestJSON:tearDownClass): 200 GET http://10.180.1.21:9696/networking/v2.0/security-groups?tenant_id=5951ad6c26eb4b10b9fd19e6fb0599b1&name=default 0.035s
2025-03-25 21:09:12.603 69079 INFO tempest.lib.common.rest_client [req-9f2626fd-b4c2-4194-88df-b081add9bfd0 req-9f2626fd-b4c2-4194-88df-b081add9bfd0 ] Request (ListImageFiltersTestJSON:test_list_images_limit_results): 200 GET http://10.180.1.21/compute/v2.1/images?limit=1 1.636s
2025-03-25 21:09:12.668 69053 INFO tempest.lib.common.rest_client [req-a879e92b-188b-4ea4-ac2f-80fa8c9d57d4 req-a879e92b-188b-4ea4-ac2f-80fa8c9d57d4 ] Request (HypervisorAdminNegativeUnderV252Test:setUpClass): 204 PUT http://10.180.1.21/identity/v3/projects/466db388b7d64818860929374e267eac/users/27f1b495a1e54102a9ddb55ee091ef3e/roles/0fb75afb86c245fea8e8189da4c5f807 0.085s
2025-03-25 21:09:12.704 69087 INFO tempest.lib.common.rest_client [req-8f3c476b-3c0d-4418-9508-c92b22c70ca0 req-8f3c476b-3c0d-4418-9508-c92b22c70ca0 ] Request (InstanceActionsTestJSON:tearDownClass): 204 DELETE http://10.180.1.21:9696/networking/v2.0/security-groups/bd9c6317-e4b9-4500-86f9-597dea8f2c36 0.107s
2025-03-25 21:09:12.734 69095 INFO tempest.lib.common.rest_client [req-62e2994a-8c2a-46c5-979d-465f4f08f9f2 req-62e2994a-8c2a-46c5-979d-465f4f08f9f2 ] Request (ServerRescueNegativeTestJSON:setUpClass): 200 GET http://10.180.1.21/compute/v2.1/servers/6088f665-c9ce-4f89-afa0-15b0a4246e73 1.383s
2025-03-25 21:09:12.751 69053 INFO tempest.lib.common.rest_client [req-b4e875c0-840d-4419-8c77-0b03e5d5466a req-b4e875c0-840d-4419-8c77-0b03e5d5466a ] Request (HypervisorAdminNegativeUnderV252Test:setUpClass): 200 GET http://10.180.1.21/identity/v3/roles 0.082s
2025-03-25 21:09:12.771 69053 INFO tempest.lib.common.rest_client [req-9e6afeac-e37c-4685-b0c7-42a1b4309329 req-9e6afeac-e37c-4685-b0c7-42a1b4309329 ] Request (HypervisorAdminNegativeUnderV252Test:setUpClass): 204 PUT http://10.180.1.21/identity/v3/projects/466db388b7d64818860929374e267eac/users/27f1b495a1e54102a9ddb55ee091ef3e/roles/0fb75afb86c245fea8e8189da4c5f807 0.019s
2025-03-25 21:09:12.771 69053 INFO tempest.lib.common.dynamic_creds [-] Dynamic test user 27f1b495a1e54102a9ddb55ee091ef3e is created with scope project and roles: ['admin']
2025-03-25 21:09:12.771 69053 INFO tempest.lib.common.dynamic_creds [-] Acquired dynamic creds: credentials: Credentials: {'domain_id': 'default', 'domain_name': 'Default', 'username': 'tempest-HypervisorAdminNegativeUnderV252Test-1070800396-project-admin', 'project_domain_id': 'default', 'project_domain_name': 'Default', 'project_id': '466db388b7d64818860929374e267eac', 'project_name': 'tempest-HypervisorAdminNegativeUnderV252Test-1070800396', 'tenant_id': '466db388b7d64818860929374e267eac', 'tenant_name': 'tempest-HypervisorAdminNegativeUnderV252Test-1070800396', 'user_domain_id': 'default', 'user_domain_name': 'Default', 'user_id': '27f1b495a1e54102a9ddb55ee091ef3e', 'system': None}, Network: None, Subnet: None, Router: None
2025-03-25 21:09:12.771 69053 INFO tempest.lib.common.dynamic_creds [-] Created isolated network resources for: credentials: Credentials: {'domain_id': 'default', 'domain_name': 'Default', 'username': 'tempest-HypervisorAdminNegativeUnderV252Test-1070800396-project-admin', 'project_domain_id': 'default', 'project_domain_name': 'Default', 'project_id': '466db388b7d64818860929374e267eac', 'project_name': 'tempest-HypervisorAdminNegativeUnderV252Test-1070800396', 'tenant_id': '466db388b7d64818860929374e267eac', 'tenant_name': 'tempest-HypervisorAdminNegativeUnderV252Test-1070800396', 'user_domain_id': 'default', 'user_domain_name': 'Default', 'user_id': '27f1b495a1e54102a9ddb55ee091ef3e', 'system': None}, Network: None, Subnet: None, Router: None
2025-03-25 21:09:12.788 69073 INFO tempest.lib.common.rest_client [req-550ca64a-453f-4a62-96c5-48a8a4415329 req-550ca64a-453f-4a62-96c5-48a8a4415329 ] Request (ServerMetadataTestJSON:tearDownClass): 200 PUT http://10.180.1.21:9696/networking/v2.0/routers/d5cb4eb5-aa2c-4281-89e4-57849018b2be/remove_router_interface 1.363s
2025-03-25 21:09:12.826 69087 INFO tempest.lib.common.rest_client [req-686e2dca-292a-4d00-8602-97eb7aaa6467 req-686e2dca-292a-4d00-8602-97eb7aaa6467 ] Request (InstanceActionsTestJSON:tearDownClass): 204 DELETE http://10.180.1.21/identity/v3/projects/5951ad6c26eb4b10b9fd19e6fb0599b1 0.121s
2025-03-25 21:09:12.826 69045 INFO tempest.lib.common.rest_client [req-00b7a8ba-05aa-4805-a497-e302f097be08 req-00b7a8ba-05aa-4805-a497-e302f097be08 ] Request (VolumesAssistedSnapshotsTest:test_volume_assisted_snapshot_create_delete): 200 POST http://10.180.1.21/compute/v2.1/servers/2a61c3d1-0d4f-41f7-90b5-f8d4a24cf414/os-volume_attachments 4.714s
2025-03-25 21:09:12.827 69087 INFO tempest.test [-] raised in AttachVolumeMultiAttachTest.setUpClass. Invoking tearDownClass.
2025-03-25 21:09:12.844 69093 INFO tempest.lib.common.rest_client [req-e3c0e477-7bdd-44af-9d0c-521d74982822 req-e3c0e477-7bdd-44af-9d0c-521d74982822 ] Request (FloatingIPsAssociationNegativeTestJSON:setUpClass): 200 GET http://10.180.1.21/compute/v2.1/servers/878df394-3d07-4c11-9e0a-3d1658ec914b 1.158s
2025-03-25 21:09:12.867 69053 INFO tempest.lib.common.rest_client [req-4a255fbd-5379-4a0f-a297-80351d384f98 req-4a255fbd-5379-4a0f-a297-80351d384f98 ] Request (HypervisorAdminNegativeUnderV252Test:setUpClass): 201 POST http://10.180.1.21/identity/v3/auth/tokens 0.092s
2025-03-25 21:09:12.869 69045 INFO tempest.lib.common.rest_client [req-799a7ce4-4197-4f5c-be9a-69ea0dc23b20 req-799a7ce4-4197-4f5c-be9a-69ea0dc23b20 ] Request (VolumesAssistedSnapshotsTest:test_volume_assisted_snapshot_create_delete): 200 GET http://10.180.1.21/volume/v3/volumes/fe968aec-6b9c-41f8-b782-8fb2345c4ff1 0.042s
2025-03-25 21:09:12.915 69089 INFO tempest.lib.common.rest_client [req-0c950d16-9351-46a1-81f2-91f2ac63b47d req-0c950d16-9351-46a1-81f2-91f2ac63b47d ] Request (VolumesAdminNegativeTest:test_update_attached_volume_with_nonexistent_volume_in_body): 200 GET http://10.180.1.21/volume/v3/volumes/325707a4-eac8-4f6e-ab98-be2e45bfa7e4 0.034s
2025-03-25 21:09:12.937 69063 INFO tempest.lib.common.rest_client [req-da5055e7-d0ca-465d-9cb8-b27a41bf93d2 req-da5055e7-d0ca-465d-9cb8-b27a41bf93d2 ] Request (TenantUsagesTestJSON:setUpClass): 200 GET http://10.180.1.21/compute/v2.1/servers/4a169d58-62e0-44bb-95cd-63b72a497325 1.032s
2025-03-25 21:09:12.982 69041 INFO paramiko.transport [-] Connected (version 2.0, client dropbear_2020.81)
2025-03-25 21:09:13.000 69067 INFO tempest.lib.common.rest_client [req-6c246b46-b1a5-44ed-85a3-10f84cb5b3cd req-6c246b46-b1a5-44ed-85a3-10f84cb5b3cd ] Request (MultipleCreateTestJSON:test_multiple_create_with_reservation_return): 200 GET http://10.180.1.21/compute/v2.1/servers/0e8ace00-38a5-4446-b311-41de21d00f19 0.979s
2025-03-25 21:09:13.041 69041 INFO paramiko.transport [-] Authentication (publickey) successful!
2025-03-25 21:09:13.041 69041 INFO tempest.lib.common.ssh [-] ssh connection to cirros@10.180.180.170 successfully created
2025-03-25 21:09:13.130 69081 INFO tempest.lib.common.rest_client [req-70737cf9-8e28-44e8-9ce0-90a91f6f6aa2 req-70737cf9-8e28-44e8-9ce0-90a91f6f6aa2 ] Request (SecurityGroupsTestJSON:test_security_group_create_get_delete): 200 POST http://10.180.1.21/compute/v2.1/os-security-groups 1.149s
2025-03-25 21:09:13.151 69071 INFO tempest.lib.common.rest_client [req-1603abef-aad5-46a1-b0b0-7bb105685d0d req-1603abef-aad5-46a1-b0b0-7bb105685d0d ] Request (FloatingIPsAssociationTestJSON:setUpClass): 200 GET http://10.180.1.21/compute/v2.1/servers/4e24fc7e-e2a8-433b-803e-253c5cfaba14 1.040s
2025-03-25 21:09:13.158 69071 INFO tempest.common.waiters [-] State transition "BUILD/spawning" ==> "ACTIVE/None" after 77 second wait
2025-03-25 21:09:13.201 69060 INFO tempest.lib.common.rest_client [req-5777f404-79d2-4162-b0a6-7b7968d516db req-5777f404-79d2-4162-b0a6-7b7968d516db ] Request (ServersListShow298Test:tearDownClass): 200 GET http://10.180.1.21/compute/v2.1/servers/e163e2ef-3849-470c-b11e-1a95f209817a 1.070s
2025-03-25 21:09:13.211 69043 INFO tempest.lib.common.rest_client [req-2b74a517-fed9-4b04-8775-b4c704c02c57 req-2b74a517-fed9-4b04-8775-b4c704c02c57 ] Request (MigrationsAdminTest:test_resize_server_revert_deleted_flavor): 200 GET http://10.180.1.21/compute/v2.1/servers/e48899a0-80fc-4db5-a7e9-a6fe813cd107 1.035s
2025-03-25 21:09:13.247 69075 WARNING tempest.lib.common.ssh [-] Failed to establish authenticated ssh connection to cirros@10.180.180.158 ([Errno None] Unable to connect to port 22 on 10.180.180.158). Number attempts: 3. Retry after 4 seconds.: paramiko.ssh_exception.NoValidConnectionsError: [Errno None] Unable to connect to port 22 on 10.180.180.158
2025-03-25 21:09:13.297 69069 INFO tempest.lib.common.rest_client [req-035522df-d12c-4429-86ba-86fd917d5313 req-035522df-d12c-4429-86ba-86fd917d5313 ] Request (AttachInterfacesTestJSON:test_create_list_show_delete_interfaces_by_fixed_ip): 200 GET http://10.180.1.21/compute/v2.1/servers/0692f6a0-4f8b-49ca-92a7-0a35f109ad01/os-interface 0.966s
2025-03-25 21:09:13.386 69033 INFO tempest.lib.common.rest_client [req-3e8f4637-18fa-4cf1-a407-8a2dfbe0e708 req-3e8f4637-18fa-4cf1-a407-8a2dfbe0e708 ] Request (ListServersNegativeTestJSON:setUpClass): 200 GET http://10.180.1.21/compute/v2.1/servers/8dd5ba09-7551-4739-a6c9-e605c8a37a5d 0.977s
2025-03-25 21:09:13.424 69073 INFO tempest.lib.common.rest_client [req-1d5704e5-1080-46af-a8bb-7f5f155f4ce7 req-1d5704e5-1080-46af-a8bb-7f5f155f4ce7 ] Request (ServerMetadataTestJSON:tearDownClass): 204 DELETE http://10.180.1.21:9696/networking/v2.0/routers/d5cb4eb5-aa2c-4281-89e4-57849018b2be 0.636s
2025-03-25 21:09:13.428 69083 INFO tempest.lib.common.rest_client [req-c282c7d7-fbab-4194-a885-c9887d5f377a req-c282c7d7-fbab-4194-a885-c9887d5f377a ] Request (ServerDiskConfigTestJSON:test_rebuild_server_with_manual_disk_config): 200 GET http://10.180.1.21/compute/v2.1/servers/f95e47e6-5f00-48d2-a13e-bb3ddb7e0a89 1.183s
2025-03-25 21:09:13.458 69061 INFO tempest.lib.common.rest_client [req-8ea87477-f91c-4039-922d-80e95bbc3e39 req-8ea87477-f91c-4039-922d-80e95bbc3e39 ] Request (ServersAdminNegativeTestJSON:tearDownClass): 200 GET http://10.180.1.21/compute/v2.1/servers/cdcd0e87-ef3e-4586-93c1-6115e7dddf61 0.928s
2025-03-25 21:09:13.508 69057 INFO tempest.lib.common.rest_client [req-d316ac59-770c-4b57-8592-a338753233c2 req-d316ac59-770c-4b57-8592-a338753233c2 ] Request (ServersTestJSON:setUpClass): 200 GET http://10.180.1.21/compute/v2.1/servers/10965d52-339e-4d70-9ce5-39c4712ca34b/os-interface 0.954s
2025-03-25 21:09:13.525 69079 INFO tempest.lib.common.rest_client [req-9be27f61-55f9-4f00-a586-645e113a6683 req-9be27f61-55f9-4f00-a586-645e113a6683 ] Request (ListImageFiltersTestJSON:test_list_images_with_detail_filter_by_changes_since): 200 GET http://10.180.1.21/compute/v2.1/images/detail?changes-since=2025-03-25T21%3A06%3A57Z 0.916s
2025-03-25 21:09:13.538 69095 INFO tempest.lib.common.rest_client [req-dc5bb8ab-c176-4a9e-9c06-7dae3d10bacd req-dc5bb8ab-c176-4a9e-9c06-7dae3d10bacd ] Request (ServerRescueNegativeTestJSON:test_rescue_non_existent_server): 404 POST http://10.180.1.21/compute/v2.1/servers/b6ec4d12-44eb-4f09-a91b-c1b05e6b671b/action 0.792s
2025-03-25 21:09:13.618 69091 INFO tempest.lib.common.rest_client [req-3ec8f087-f482-4564-bc12-01794d239b2c req-3ec8f087-f482-4564-bc12-01794d239b2c ] Request (ServersTestJSON:test_create_server_with_ipv6_addr_only): 200 GET http://10.180.1.21/compute/v2.1/servers/21e6d789-fd35-41ae-bbd6-0b246b8788e9 0.863s
2025-03-25 21:09:13.628 69091 INFO tempest.common.waiters [-] State transition "BUILD/None" ==> "BUILD/networking" after 72 second wait
2025-03-25 21:09:13.649 69073 INFO tempest.lib.common.rest_client [req-2c6cef8b-a0d7-47b4-acaa-caff21769cf5 req-2c6cef8b-a0d7-47b4-acaa-caff21769cf5 ] Request (ServerMetadataTestJSON:tearDownClass): 204 DELETE http://10.180.1.21:9696/networking/v2.0/subnets/1f112b01-f95d-4d97-9182-3f18399c5b2f 0.224s
2025-03-25 21:09:13.696 69047 WARNING tempest.lib.common.ssh [-] Failed to establish authenticated ssh connection to cirros@10.180.180.180 ([Errno None] Unable to connect to port 22 on 10.180.180.180). Number attempts: 3. Retry after 4 seconds.: paramiko.ssh_exception.NoValidConnectionsError: [Errno None] Unable to connect to port 22 on 10.180.180.180
2025-03-25 21:09:13.718 69055 INFO tempest.lib.common.rest_client [req-7db86dd3-0a66-464b-9580-6107d3dd2d72 req-7db86dd3-0a66-464b-9580-6107d3dd2d72 ] Request (ImagesOneServerTestJSON:tearDownClass): 200 GET http://10.180.1.21/compute/v2.1/servers/8169ebb6-ca7d-4645-bdf2-8b0e0ebb43cb 0.868s
2025-03-25 21:09:13.749 69035 INFO tempest.lib.common.rest_client [req-92469463-7b2c-4c37-848d-535073c6ff6d req-92469463-7b2c-4c37-848d-535073c6ff6d ] Request (AttachInterfacesUnderV243Test:test_add_remove_fixed_ip): 200 GET http://10.180.1.21/compute/v2.1/servers/aeb37306-003d-487f-897e-b1e952a63b2b 1.097s
2025-03-25 21:09:13.835 69053 INFO tempest.lib.common.rest_client [req-f271623a-246f-4485-a31a-fc9a4e316f6c req-f271623a-246f-4485-a31a-fc9a4e316f6c ] Request (HypervisorAdminNegativeUnderV252Test:test_search_hypervisor_with_non_admin_user): 200 GET http://10.180.1.21/compute/v2.1/os-hypervisors 0.967s
2025-03-25 21:09:13.854 69039 INFO tempest.lib.common.rest_client [req-d023846c-24d9-4e17-8f29-4882c6343471 req-d023846c-24d9-4e17-8f29-4882c6343471 ] Request (ImagesOneServerNegativeTestJSON:_run_cleanups): 200 GET http://10.180.1.21/compute/v2.1/servers/37b19313-0d33-485a-9071-e28612305bd8 0.803s
2025-03-25 21:09:13.932 69041 INFO tempest.lib.common.rest_client [req-fc10da73-dcc4-4ce8-8a08-343610c218ea req-fc10da73-dcc4-4ce8-8a08-343610c218ea ] Request (ServersWithSpecificFlavorTestJSON:test_verify_created_server_ephemeral_disk): 204 DELETE http://10.180.1.21/compute/v2.1/servers/0f17ce4f-6e4b-4d1e-8886-8c45bf1feda3 0.880s
2025-03-25 21:09:13.944 69081 INFO tempest.lib.common.rest_client [req-99470498-df15-43ad-aeea-176f803005fc req-99470498-df15-43ad-aeea-176f803005fc ] Request (SecurityGroupsTestJSON:test_security_group_create_get_delete): 200 GET http://10.180.1.21/compute/v2.1/os-security-groups/3e4fa93c-66be-49b1-8fec-1972e1e172ad 0.811s
2025-03-25 21:09:13.993 69077 WARNING tempest.lib.common.ssh [-] Failed to establish authenticated ssh connection to cirros@10.180.180.181 ([Errno None] Unable to connect to port 22 on 10.180.180.181). Number attempts: 9. Retry after 10 seconds.: paramiko.ssh_exception.NoValidConnectionsError: [Errno None] Unable to connect to port 22 on 10.180.180.181
2025-03-25 21:09:13.997 69041 INFO tempest.lib.common.rest_client [req-4bdaddf7-e3e7-4af5-b44b-01d1f9054db2 req-4bdaddf7-e3e7-4af5-b44b-01d1f9054db2 ] Request (ServersWithSpecificFlavorTestJSON:test_verify_created_server_ephemeral_disk): 201 POST http://10.180.1.21/identity/v3/auth/tokens 0.061s
2025-03-25 21:09:13.998 69041 INFO tempest.lib.common.fixed_network [-] (ServersWithSpecificFlavorTestJSON:test_verify_created_server_ephemeral_disk) Found network {'id': '4068eb68-b0a3-4870-9d45-dba105e20885', 'name': 'tempest-ServersWithSpecificFlavorTestJSON-1537168632-network', 'tenant_id': 'f55d1cc234144834ab951d7ca438b7f7', 'admin_state_up': True, 'mtu': 8950, 'status': 'ACTIVE', 'subnets': [], 'shared': False, 'project_id': 'f55d1cc234144834ab951d7ca438b7f7', 'port_security_enabled': True, 'router:external': False, 'provider:network_type': 'vlan', 'provider:physical_network': 'default', 'provider:segmentation_id': 966, 'availability_zone_hints': [], 'availability_zones': [], 'ipv4_address_scope': None, 'ipv6_address_scope': None, 'description': '', 'tags': [], 'created_at': '2025-03-25T21:06:41Z', 'updated_at': '2025-03-25T21:06:41Z', 'revision_number': 1} available for tenant
2025-03-25 21:09:14.085 69069 INFO tempest.lib.common.rest_client [req-e93da523-424f-45b4-92cf-d508b7dfa28d req-e93da523-424f-45b4-92cf-d508b7dfa28d ] Request (AttachInterfacesTestJSON:test_create_list_show_delete_interfaces_by_fixed_ip): 200 GET http://10.180.1.21/compute/v2.1/servers/0692f6a0-4f8b-49ca-92a7-0a35f109ad01/os-interface/3df3db0d-d6f3-44b3-919e-7c06fcc67210 0.786s
2025-03-25 21:09:14.159 69079 INFO tempest.lib.common.rest_client [req-1a6dcc8d-c34e-462f-859c-3f0416909642 req-1a6dcc8d-c34e-462f-859c-3f0416909642 ] Request (ListImageFiltersTestJSON:test_list_images_with_detail_filter_by_name): 200 GET http://10.180.1.21/compute/v2.1/images/detail?name=tempest-ListImageFiltersTestJSON-image-577607137 0.625s
2025-03-25 21:09:14.252 69053 INFO tempest.lib.common.rest_client [req-b988d0a2-fb58-4356-9c2a-d9761d5a26df req-b988d0a2-fb58-4356-9c2a-d9761d5a26df ] Request (HypervisorAdminNegativeUnderV252Test:test_search_hypervisor_with_non_admin_user): 403 GET http://10.180.1.21/compute/v2.1/os-hypervisors/domain-c8.fc996f14-c53b-4953-92e3-bdfa48f5cc28/search 0.415s
2025-03-25 21:09:14.335 69093 INFO tempest.lib.common.rest_client [req-ea5436e0-8ba6-40d1-bff1-ae987d37adca req-ea5436e0-8ba6-40d1-bff1-ae987d37adca ] Request (FloatingIPsAssociationNegativeTestJSON:setUpClass): 200 GET http://10.180.1.21/compute/v2.1/servers/878df394-3d07-4c11-9e0a-3d1658ec914b 0.465s
2025-03-25 21:09:14.488 69073 INFO tempest.lib.common.rest_client [req-f934b529-2dfc-407a-92bc-b31b10d7362f req-f934b529-2dfc-407a-92bc-b31b10d7362f ] Request (ServerMetadataTestJSON:tearDownClass): 204 DELETE http://10.180.1.21:9696/networking/v2.0/networks/0f65dff5-e43b-430e-83b7-27b5dc0d28dd 0.839s
2025-03-25 21:09:14.599 69073 INFO tempest.lib.common.rest_client [req-95c69a56-4c5d-4f14-8bdf-224ad5470838 req-95c69a56-4c5d-4f14-8bdf-224ad5470838 ] Request (ServerMetadataTestJSON:tearDownClass): 204 DELETE http://10.180.1.21/identity/v3/users/956a258b2afa4d91bc6b1d65213db7d9 0.110s
2025-03-25 21:09:14.599 69073 INFO tempest.lib.common.dynamic_creds [-] Deleting project and security group for project: 5bec6b7ca14c4777b5609f4aae29cdee
2025-03-25 21:09:14.618 69081 INFO tempest.lib.common.rest_client [req-076fbc3a-1072-431d-b60c-813d2f3002b8 req-076fbc3a-1072-431d-b60c-813d2f3002b8 ] Request (SecurityGroupsTestJSON:test_security_group_create_get_delete): 202 DELETE http://10.180.1.21/compute/v2.1/os-security-groups/3e4fa93c-66be-49b1-8fec-1972e1e172ad 0.671s
2025-03-25 21:09:14.629 69073 INFO tempest.lib.common.rest_client [req-01fd64d1-99ab-42ed-85c5-96c447cfcc3d req-01fd64d1-99ab-42ed-85c5-96c447cfcc3d ] Request (ServerMetadataTestJSON:tearDownClass): 200 GET http://10.180.1.21:9696/networking/v2.0/security-groups?tenant_id=5bec6b7ca14c4777b5609f4aae29cdee&name=default 0.030s
2025-03-25 21:09:14.714 69063 INFO tempest.lib.common.rest_client [req-90053d51-eb4d-4e72-b2f2-2f0e26734f2f req-90053d51-eb4d-4e72-b2f2-2f0e26734f2f ] Request (TenantUsagesTestJSON:setUpClass): 200 GET http://10.180.1.21/compute/v2.1/servers/4a169d58-62e0-44bb-95cd-63b72a497325 0.765s
2025-03-25 21:09:15.019 69095 INFO tempest.lib.common.rest_client [req-b5d7917d-766a-47e7-ba91-c1be0d028e85 req-b5d7917d-766a-47e7-ba91-c1be0d028e85 ] Request (ServerRescueNegativeTestJSON:test_rescued_vm_attach_volume): 202 POST http://10.180.1.21/volume/v3/volumes 1.479s
2025-03-25 21:09:15.050 69045 INFO tempest.lib.common.rest_client [req-34beeda2-590f-4d33-8497-f402af9af9e2 req-34beeda2-590f-4d33-8497-f402af9af9e2 ] Request (VolumesAssistedSnapshotsTest:test_volume_assisted_snapshot_create_delete): 200 GET http://10.180.1.21/volume/v3/volumes/fe968aec-6b9c-41f8-b782-8fb2345c4ff1 1.163s
2025-03-25 21:09:15.091 69089 INFO tempest.lib.common.rest_client [req-f545f82f-0641-499d-8381-997cd8bbe7f2 req-f545f82f-0641-499d-8381-997cd8bbe7f2 ] Request (VolumesAdminNegativeTest:test_update_attached_volume_with_nonexistent_volume_in_body): 200 GET http://10.180.1.21/volume/v3/volumes/325707a4-eac8-4f6e-ab98-be2e45bfa7e4 1.169s
2025-03-25 21:09:15.122 69095 INFO tempest.lib.common.rest_client [req-0b6227bc-3918-4069-905c-13f5662bc9d1 req-0b6227bc-3918-4069-905c-13f5662bc9d1 ] Request (ServerRescueNegativeTestJSON:test_rescued_vm_attach_volume): 200 GET http://10.180.1.21/volume/v3/volumes/d31cc68e-929b-43dd-ba3d-71705395550c 0.092s
2025-03-25 21:09:15.183 69073 INFO tempest.lib.common.rest_client [req-f9ee1812-4c6c-436d-a603-9c775993d39a req-f9ee1812-4c6c-436d-a603-9c775993d39a ] Request (ServerMetadataTestJSON:tearDownClass): 204 DELETE http://10.180.1.21:9696/networking/v2.0/security-groups/d5773362-7262-4d85-9557-3cedafe809ee 0.553s
2025-03-25 21:09:15.209 69057 INFO tempest.lib.common.rest_client [req-f1286375-ec17-4cf0-985e-f9654d30949b req-f1286375-ec17-4cf0-985e-f9654d30949b ] Request (ServersTestJSON:setUpClass): 200 PUT http://10.180.1.21:9696/networking/v2.0/floatingips/fe189cfb-4a9b-4ac9-be4b-43b23c194823 1.693s
2025-03-25 21:09:15.338 69073 INFO tempest.lib.common.rest_client [req-35cd5460-0843-4ea5-9947-d70dc5d5b26a req-35cd5460-0843-4ea5-9947-d70dc5d5b26a ] Request (ServerMetadataTestJSON:tearDownClass): 204 DELETE http://10.180.1.21/identity/v3/projects/5bec6b7ca14c4777b5609f4aae29cdee 0.155s
2025-03-25 21:09:15.615 69071 INFO tempest.lib.common.rest_client [req-4d8370a5-391c-4e2c-89c5-ff8197dcabbd req-4d8370a5-391c-4e2c-89c5-ff8197dcabbd ] Request (FloatingIPsAssociationTestJSON:setUpClass): 200 POST http://10.180.1.21/compute/v2.1/os-floating-ips 2.456s
2025-03-25 21:09:15.626 69041 INFO tempest.lib.common.rest_client [req-e6eb466c-bbd9-423a-a540-93f108553a0e req-e6eb466c-bbd9-423a-a540-93f108553a0e ] Request (ServersWithSpecificFlavorTestJSON:test_verify_created_server_ephemeral_disk): 202 POST http://10.180.1.21/compute/v2.1/servers 1.627s
2025-03-25 21:09:15.695 69071 INFO tempest.lib.common.rest_client [req-6bb3331c-908b-44c1-986c-038b7345c700 req-6bb3331c-908b-44c1-986c-038b7345c700 ] Request (FloatingIPsAssociationTestJSON:test_associate_already_associated_floating_ip): 201 POST http://10.180.1.21/identity/v3/auth/tokens 0.074s
2025-03-25 21:09:15.695 69071 INFO tempest.lib.common.fixed_network [-] (FloatingIPsAssociationTestJSON:test_associate_already_associated_floating_ip) Found network {'id': '41a97839-9fb9-4ad3-9bfb-74c89da83aa2', 'name': 'tempest-FloatingIPsAssociationTestJSON-1393952375-network', 'tenant_id': '889c5812e39d4183946f3f50e63af0e5', 'admin_state_up': True, 'mtu': 8950, 'status': 'ACTIVE', 'subnets': [], 'shared': False, 'project_id': '889c5812e39d4183946f3f50e63af0e5', 'port_security_enabled': True, 'router:external': False, 'provider:network_type': 'vlan', 'provider:physical_network': 'default', 'provider:segmentation_id': 478, 'availability_zone_hints': [], 'availability_zones': [], 'ipv4_address_scope': None, 'ipv6_address_scope': None, 'description': '', 'tags': [], 'created_at': '2025-03-25T21:07:48Z', 'updated_at': '2025-03-25T21:07:48Z', 'revision_number': 1} available for tenant
2025-03-25 21:09:15.698 69067 INFO tempest.lib.common.rest_client [req-1c230b68-273b-42b3-a65f-69341bfbe2f8 req-1c230b68-273b-42b3-a65f-69341bfbe2f8 ] Request (MultipleCreateTestJSON:test_multiple_create_with_reservation_return): 200 GET http://10.180.1.21/compute/v2.1/servers/0e8ace00-38a5-4446-b311-41de21d00f19 1.689s
2025-03-25 21:09:15.702 69069 INFO tempest.lib.common.rest_client [req-3fae52b1-300f-4ffd-8192-e41e568aa371 req-3fae52b1-300f-4ffd-8192-e41e568aa371 ] Request (AttachInterfacesTestJSON:test_create_list_show_delete_interfaces_by_fixed_ip): 202 DELETE http://10.180.1.21/compute/v2.1/servers/0692f6a0-4f8b-49ca-92a7-0a35f109ad01/os-interface/08af764f-fe2d-4e2d-b39b-dd4a50d5bc16 1.614s
2025-03-25 21:09:15.706 69067 INFO tempest.common.waiters [-] State transition "BUILD/scheduling" ==> "BUILD/None" after 43 second wait
2025-03-25 21:09:15.763 69079 INFO tempest.lib.common.rest_client [req-bbd03cac-047f-4ffb-91da-b6d7d050422b req-bbd03cac-047f-4ffb-91da-b6d7d050422b ] Request (ListImageFiltersTestJSON:test_list_images_with_detail_filter_by_server_ref): 200 GET http://10.180.1.21/compute/v2.1/images/detail?server=http%3A%2F%2F10.180.1.21%2Fcompute%2Fv2.1%2Fservers%2F65b3df6f-d0ec-4840-9aed-130e21f332e8 1.599s
2025-03-25 21:09:15.787 69060 INFO tempest.lib.common.rest_client [req-4b9bd496-f3f1-4fcb-baab-86f9fb407be9 req-4b9bd496-f3f1-4fcb-baab-86f9fb407be9 ] Request (ServersListShow298Test:tearDownClass): 200 GET http://10.180.1.21/compute/v2.1/servers/e163e2ef-3849-470c-b11e-1a95f209817a 1.570s
2025-03-25 21:09:15.802 69053 INFO tempest.lib.common.rest_client [req-042d3f10-a82e-4f75-99c2-6220b40db519 req-042d3f10-a82e-4f75-99c2-6220b40db519 ] Request (HypervisorAdminNegativeUnderV252Test:test_search_nonexistent_hypervisor): 404 GET http://10.180.1.21/compute/v2.1/os-hypervisors/nonexistent_hypervisor_name/search 1.546s
2025-03-25 21:09:15.818 69043 INFO tempest.lib.common.rest_client [req-00f7b061-c17c-4223-a6ac-37c5bd364818 req-00f7b061-c17c-4223-a6ac-37c5bd364818 ] Request (MigrationsAdminTest:test_resize_server_revert_deleted_flavor): 200 GET http://10.180.1.21/compute/v2.1/servers/e48899a0-80fc-4db5-a7e9-a6fe813cd107 1.599s
2025-03-25 21:09:15.854 69033 INFO tempest.lib.common.rest_client [req-2da5bdf7-de38-4bdf-8cda-6e5222b86f66 req-2da5bdf7-de38-4bdf-8cda-6e5222b86f66 ] Request (ListServersNegativeTestJSON:setUpClass): 200 GET http://10.180.1.21/compute/v2.1/servers/8dd5ba09-7551-4739-a6c9-e605c8a37a5d 1.458s
2025-03-25 21:09:15.915 69061 INFO tempest.lib.common.rest_client [req-ef6a5ccc-8c02-47b9-a523-a18469361f6a req-ef6a5ccc-8c02-47b9-a523-a18469361f6a ] Request (ServersAdminNegativeTestJSON:tearDownClass): 200 GET http://10.180.1.21/compute/v2.1/servers/cdcd0e87-ef3e-4586-93c1-6115e7dddf61 1.448s
2025-03-25 21:09:15.927 69083 INFO tempest.lib.common.rest_client [req-857ab7d7-87c8-44e0-8dcb-6aa44c53f1f4 req-857ab7d7-87c8-44e0-8dcb-6aa44c53f1f4 ] Request (ServerDiskConfigTestJSON:test_rebuild_server_with_manual_disk_config): 200 GET http://10.180.1.21/compute/v2.1/servers/f95e47e6-5f00-48d2-a13e-bb3ddb7e0a89 1.487s
2025-03-25 21:09:15.935 69083 INFO tempest.common.waiters [-] State transition "REBUILD/rebuilding" ==> "REBUILD/rebuild_spawning" after 2 second wait
2025-03-25 21:09:15.936 69081 INFO tempest.lib.common.rest_client [req-7657e715-05b9-4abb-a33c-11fa89ad9ac8 req-7657e715-05b9-4abb-a33c-11fa89ad9ac8 ] Request (SecurityGroupsTestJSON:test_security_group_create_get_delete): 404 GET http://10.180.1.21/compute/v2.1/os-security-groups/3e4fa93c-66be-49b1-8fec-1972e1e172ad 1.318s
2025-03-25 21:09:15.993 69055 INFO tempest.lib.common.rest_client [req-82d4ed19-91ba-45b6-a64b-bd0d39714e42 req-82d4ed19-91ba-45b6-a64b-bd0d39714e42 ] Request (ImagesOneServerTestJSON:tearDownClass): 200 GET http://10.180.1.21/compute/v2.1/servers/8169ebb6-ca7d-4645-bdf2-8b0e0ebb43cb 1.267s
2025-03-25 21:09:16.034 69091 INFO tempest.lib.common.rest_client [req-0dbabfd0-ad6c-4778-a0db-9ec7d3710004 req-0dbabfd0-ad6c-4778-a0db-9ec7d3710004 ] Request (ServersTestJSON:test_create_server_with_ipv6_addr_only): 200 GET http://10.180.1.21/compute/v2.1/servers/21e6d789-fd35-41ae-bbd6-0b246b8788e9 1.403s
2025-03-25 21:09:16.044 69091 INFO tempest.common.waiters [-] State transition "BUILD/networking" ==> "BUILD/spawning" after 75 second wait
2025-03-25 21:09:16.093 69039 INFO tempest.lib.common.rest_client [req-ed0a2af4-f3e6-4fae-83f6-7c2bf61d093e req-ed0a2af4-f3e6-4fae-83f6-7c2bf61d093e ] Request (ImagesOneServerNegativeTestJSON:_run_cleanups): 200 GET http://10.180.1.21/compute/v2.1/servers/37b19313-0d33-485a-9071-e28612305bd8 1.229s
2025-03-25 21:09:16.106 69045 INFO tempest.lib.common.rest_client [req-ba2c1f31-6d64-41ff-946f-c2c8bb5e22a9 req-ba2c1f31-6d64-41ff-946f-c2c8bb5e22a9 ] Request (VolumesAssistedSnapshotsTest:test_volume_assisted_snapshot_create_delete): 200 GET http://10.180.1.21/volume/v3/volumes/fe968aec-6b9c-41f8-b782-8fb2345c4ff1 0.043s
2025-03-25 21:09:16.136 69089 INFO tempest.lib.common.rest_client [req-3e60567f-1f03-4404-8d12-6ddd06b0a55d req-3e60567f-1f03-4404-8d12-6ddd06b0a55d ] Request (VolumesAdminNegativeTest:test_update_attached_volume_with_nonexistent_volume_in_body): 200 GET http://10.180.1.21/volume/v3/volumes/325707a4-eac8-4f6e-ab98-be2e45bfa7e4 0.031s
2025-03-25 21:09:16.157 69095 INFO tempest.lib.common.rest_client [req-7928a17a-cb10-45a9-b180-a595e1436816 req-7928a17a-cb10-45a9-b180-a595e1436816 ] Request (ServerRescueNegativeTestJSON:test_rescued_vm_attach_volume): 200 GET http://10.180.1.21/volume/v3/volumes/d31cc68e-929b-43dd-ba3d-71705395550c 0.026s
2025-03-25 21:09:16.165 69095 INFO tempest.common.waiters [-] volume d31cc68e-929b-43dd-ba3d-71705395550c reached available after waiting for 1.165877 seconds
2025-03-25 21:09:16.194 69035 INFO tempest.lib.common.rest_client [req-90d94c90-b276-48d4-a0c7-025dda95378a req-90d94c90-b276-48d4-a0c7-025dda95378a ] Request (AttachInterfacesUnderV243Test:test_add_remove_fixed_ip): 200 GET http://10.180.1.21/compute/v2.1/servers/aeb37306-003d-487f-897e-b1e952a63b2b 1.437s
2025-03-25 21:09:16.283 69093 INFO tempest.lib.common.rest_client [req-ded79b3e-b2ea-4bda-9b9a-c2775527be17 req-ded79b3e-b2ea-4bda-9b9a-c2775527be17 ] Request (FloatingIPsAssociationNegativeTestJSON:setUpClass): 200 GET http://10.180.1.21/compute/v2.1/servers/878df394-3d07-4c11-9e0a-3d1658ec914b 0.939s
2025-03-25 21:09:16.292 69093 INFO tempest.common.waiters [-] State transition "BUILD/None" ==> "BUILD/networking" after 71 second wait
2025-03-25 21:09:16.296 69057 INFO tempest.lib.common.rest_client [req-c200c0ac-07b6-427e-8d60-144aa6755de1 req-c200c0ac-07b6-427e-8d60-144aa6755de1 ] Request (ServersTestJSON:setUpClass): 200 GET http://10.180.1.21/compute/v2.1/servers/10965d52-339e-4d70-9ce5-39c4712ca34b 1.086s
2025-03-25 21:09:16.307 69057 INFO tempest.lib.common.ssh [-] Creating ssh connection to '10.180.180.245:22' as 'cirros' with public key authentication
2025-03-25 21:09:16.348 69041 INFO tempest.lib.common.rest_client [req-6e2b6734-c460-406f-a4d3-2db1e0c7f082 req-6e2b6734-c460-406f-a4d3-2db1e0c7f082 ] Request (ServersWithSpecificFlavorTestJSON:test_verify_created_server_ephemeral_disk): 200 GET http://10.180.1.21/compute/v2.1/servers/919ec8d0-942c-4b8b-a790-1c5633165e96 0.720s
2025-03-25 21:09:16.599 69069 INFO tempest.lib.common.rest_client [req-379b275e-8b49-46ca-9ef1-829f8cdb59b7 req-379b275e-8b49-46ca-9ef1-829f8cdb59b7 ] Request (AttachInterfacesTestJSON:test_create_list_show_delete_interfaces_by_fixed_ip): 200 GET http://10.180.1.21/compute/v2.1/servers/0692f6a0-4f8b-49ca-92a7-0a35f109ad01/os-interface 0.896s
2025-03-25 21:09:16.682 69063 INFO tempest.lib.common.rest_client [req-2da7e878-f40a-41e0-8715-1dc0235db814 req-2da7e878-f40a-41e0-8715-1dc0235db814 ] Request (TenantUsagesTestJSON:setUpClass): 200 GET http://10.180.1.21/compute/v2.1/servers/4a169d58-62e0-44bb-95cd-63b72a497325 0.960s
2025-03-25 21:09:16.740 69079 INFO tempest.lib.common.rest_client [req-bbf53bcd-6f00-4647-a45e-8b9a0a6ca597 req-bbf53bcd-6f00-4647-a45e-8b9a0a6ca597 ] Request (ListImageFiltersTestJSON:test_list_images_with_detail_filter_by_server_ref): 200 GET http://10.180.1.21/compute/v2.1/images/detail?server=http%3A%2F%2F10.180.1.21%2Fcompute%2Fservers%2F65b3df6f-d0ec-4840-9aed-130e21f332e8 0.972s
2025-03-25 21:09:16.768 69053 INFO tempest.lib.common.rest_client [req-72a756ea-1b30-4cf8-a158-59b8e097f5d2 req-72a756ea-1b30-4cf8-a158-59b8e097f5d2 ] Request (HypervisorAdminNegativeUnderV252Test:test_show_servers_with_non_admin_user): 200 GET http://10.180.1.21/compute/v2.1/os-hypervisors 0.965s
2025-03-25 21:09:16.948 69071 INFO tempest.lib.common.rest_client [req-f775d558-4d32-42b8-a654-5ab752c740c4 req-f775d558-4d32-42b8-a654-5ab752c740c4 ] Request (FloatingIPsAssociationTestJSON:test_associate_already_associated_floating_ip): 202 POST http://10.180.1.21/compute/v2.1/servers 1.252s
2025-03-25 21:09:17.068 69081 INFO tempest.lib.common.rest_client [req-4660d188-ff75-4b97-ab66-2ae31322dbb9 req-4660d188-ff75-4b97-ab66-2ae31322dbb9 ] Request (SecurityGroupsTestJSON:test_security_groups_create_list_delete): 200 POST http://10.180.1.21/compute/v2.1/os-security-groups 1.130s
2025-03-25 21:09:17.092 69095 INFO tempest.lib.common.rest_client [req-cf9fe889-0622-4244-bfdd-3c529a0f644a req-cf9fe889-0622-4244-bfdd-3c529a0f644a ] Request (ServerRescueNegativeTestJSON:test_rescued_vm_attach_volume): 200 POST http://10.180.1.21/compute/v2.1/servers/6088f665-c9ce-4f89-afa0-15b0a4246e73/action 0.926s
2025-03-25 21:09:17.144 69045 INFO tempest.lib.common.rest_client [req-9ef6b208-f613-4792-b687-bb137bc6763b req-9ef6b208-f613-4792-b687-bb137bc6763b ] Request (VolumesAssistedSnapshotsTest:test_volume_assisted_snapshot_create_delete): 200 GET http://10.180.1.21/volume/v3/volumes/fe968aec-6b9c-41f8-b782-8fb2345c4ff1 0.029s
2025-03-25 21:09:17.154 69067 INFO tempest.lib.common.rest_client [req-4372ec3b-cad3-45de-a7f0-612b354b6221 req-4372ec3b-cad3-45de-a7f0-612b354b6221 ] Request (MultipleCreateTestJSON:test_multiple_create_with_reservation_return): 200 GET http://10.180.1.21/compute/v2.1/servers/0e8ace00-38a5-4446-b311-41de21d00f19 0.442s
2025-03-25 21:09:17.161 69053 INFO tempest.lib.common.rest_client [req-e9d1b9b9-496c-4c18-a63c-ba16302d92f9 req-e9d1b9b9-496c-4c18-a63c-ba16302d92f9 ] Request (HypervisorAdminNegativeUnderV252Test:test_show_servers_with_non_admin_user): 403 GET http://10.180.1.21/compute/v2.1/os-hypervisors/1/servers 0.391s
2025-03-25 21:09:17.162 69079 INFO tempest.lib.common.rest_client [req-fe4da35f-4d01-4902-915c-8b8636c19d10 req-fe4da35f-4d01-4902-915c-8b8636c19d10 ] Request (ListImageFiltersTestJSON:test_list_images_with_detail_filter_by_status): 200 GET http://10.180.1.21/compute/v2.1/images/detail?status=ACTIVE 0.417s
2025-03-25 21:09:17.177 69089 INFO tempest.lib.common.rest_client [req-e733e4bc-b5e8-4d03-a9cb-c4f747bfeeac req-e733e4bc-b5e8-4d03-a9cb-c4f747bfeeac ] Request (VolumesAdminNegativeTest:test_update_attached_volume_with_nonexistent_volume_in_body): 200 GET http://10.180.1.21/volume/v3/volumes/325707a4-eac8-4f6e-ab98-be2e45bfa7e4 0.034s
2025-03-25 21:09:17.189 69089 INFO tempest.common.waiters [-] Attachment 91fa39c6-07ab-4d46-a2db-9eddf1502892 created for volume 325707a4-eac8-4f6e-ab98-be2e45bfa7e4 to server bb3852a4-3b97-41f1-a7ca-44cd849f9dc6 after waiting for 8.189669 seconds
2025-03-25 21:09:17.222 69089 INFO tempest.lib.common.rest_client [req-f3ea659e-74af-4374-b23f-a1b8eb5595ea req-f3ea659e-74af-4374-b23f-a1b8eb5595ea ] Request (VolumesAdminNegativeTest:test_update_attached_volume_with_nonexistent_volume_in_body): 200 GET http://10.180.1.21/volume/v3/volumes/325707a4-eac8-4f6e-ab98-be2e45bfa7e4 0.032s
2025-03-25 21:09:17.224 69043 INFO tempest.lib.common.rest_client [req-6f9fa820-c543-4692-9d55-8bf2a50794b8 req-6f9fa820-c543-4692-9d55-8bf2a50794b8 ] Request (MigrationsAdminTest:test_resize_server_revert_deleted_flavor): 200 GET http://10.180.1.21/compute/v2.1/servers/e48899a0-80fc-4db5-a7e9-a6fe813cd107 0.398s
2025-03-25 21:09:17.228 69089 INFO tempest.common.waiters [-] volume 325707a4-eac8-4f6e-ab98-be2e45bfa7e4 reached in-use after waiting for 0.228430 seconds
2025-03-25 21:09:17.240 69060 INFO tempest.lib.common.rest_client [req-b1729a52-a5e9-4d1f-beee-83cba157f7bf req-b1729a52-a5e9-4d1f-beee-83cba157f7bf ] Request (ServersListShow298Test:tearDownClass): 200 GET http://10.180.1.21/compute/v2.1/servers/e163e2ef-3849-470c-b11e-1a95f209817a 0.437s
2025-03-25 21:09:17.270 69033 INFO tempest.lib.common.rest_client [req-3e6217ca-27bc-42c1-ae82-7fc2f2353311 req-3e6217ca-27bc-42c1-ae82-7fc2f2353311 ] Request (ListServersNegativeTestJSON:setUpClass): 200 GET http://10.180.1.21/compute/v2.1/servers/8dd5ba09-7551-4739-a6c9-e605c8a37a5d 0.408s
2025-03-25 21:09:17.299 69061 INFO tempest.lib.common.rest_client [req-340257fb-f50b-4722-8d75-99de9eef932e req-340257fb-f50b-4722-8d75-99de9eef932e ] Request (ServersAdminNegativeTestJSON:tearDownClass): 200 GET http://10.180.1.21/compute/v2.1/servers/cdcd0e87-ef3e-4586-93c1-6115e7dddf61 0.376s
2025-03-25 21:09:17.339 69071 INFO tempest.lib.common.rest_client [req-acf88496-d262-478b-aa95-253161bc1b96 req-acf88496-d262-478b-aa95-253161bc1b96 ] Request (FloatingIPsAssociationTestJSON:test_associate_already_associated_floating_ip): 200 GET http://10.180.1.21/compute/v2.1/servers/841f12a1-0df9-4800-89e3-372c0c8cb8ad 0.389s
2025-03-25 21:09:17.366 69083 INFO tempest.lib.common.rest_client [req-230aefcf-25ef-40f7-9aee-0b684fd07360 req-230aefcf-25ef-40f7-9aee-0b684fd07360 ] Request (ServerDiskConfigTestJSON:test_rebuild_server_with_manual_disk_config): 200 GET http://10.180.1.21/compute/v2.1/servers/f95e47e6-5f00-48d2-a13e-bb3ddb7e0a89 0.430s
2025-03-25 21:09:17.392 69055 INFO tempest.lib.common.rest_client [req-a47c9ba8-b056-44d8-b129-68fca58cad15 req-a47c9ba8-b056-44d8-b129-68fca58cad15 ] Request (ImagesOneServerTestJSON:tearDownClass): 200 GET http://10.180.1.21/compute/v2.1/servers/8169ebb6-ca7d-4645-bdf2-8b0e0ebb43cb 0.391s
2025-03-25 21:09:17.473 69091 INFO tempest.lib.common.rest_client [req-395661c4-ff58-42a5-a2fd-608b95bfba55 req-395661c4-ff58-42a5-a2fd-608b95bfba55 ] Request (ServersTestJSON:test_create_server_with_ipv6_addr_only): 200 GET http://10.180.1.21/compute/v2.1/servers/21e6d789-fd35-41ae-bbd6-0b246b8788e9 0.427s
2025-03-25 21:09:17.586 69081 INFO tempest.lib.common.rest_client [req-6fc495c7-029c-4771-bbf0-8ed37ca55bcd req-6fc495c7-029c-4771-bbf0-8ed37ca55bcd ] Request (SecurityGroupsTestJSON:test_security_groups_create_list_delete): 200 POST http://10.180.1.21/compute/v2.1/os-security-groups 0.515s
2025-03-25 21:09:17.669 69039 INFO tempest.lib.common.rest_client [req-070e3fb8-f4d8-4b3f-b781-3736aab4ca62 req-070e3fb8-f4d8-4b3f-b781-3736aab4ca62 ] Request (ImagesOneServerNegativeTestJSON:_run_cleanups): 200 GET http://10.180.1.21/compute/v2.1/servers/37b19313-0d33-485a-9071-e28612305bd8 0.568s
2025-03-25 21:09:17.684 69053 INFO tempest.lib.common.rest_client [req-417d2d3c-68eb-45ea-8646-7a1f17261b35 req-417d2d3c-68eb-45ea-8646-7a1f17261b35 ] Request (HypervisorAdminNegativeUnderV252Test:test_show_servers_with_nonexistent_hypervisor): 404 GET http://10.180.1.21/compute/v2.1/os-hypervisors/bf4e2986-073a-4fff-9009-b7c1aa9a693c/servers 0.522s
2025-03-25 21:09:17.706 69095 INFO tempest.lib.common.rest_client [req-bceb178e-0735-4965-8138-7411fcc63fe5 req-bceb178e-0735-4965-8138-7411fcc63fe5 ] Request (ServerRescueNegativeTestJSON:test_rescued_vm_attach_volume): 200 GET http://10.180.1.21/compute/v2.1/servers/6088f665-c9ce-4f89-afa0-15b0a4246e73 0.613s
2025-03-25 21:09:17.756 69075 WARNING tempest.lib.common.ssh [-] Failed to establish authenticated ssh connection to cirros@10.180.180.158 ([Errno None] Unable to connect to port 22 on 10.180.180.158). Number attempts: 4. Retry after 5 seconds.: paramiko.ssh_exception.NoValidConnectionsError: [Errno None] Unable to connect to port 22 on 10.180.180.158
2025-03-25 21:09:17.772 69079 INFO tempest.lib.common.rest_client [req-72835ac9-32ad-4780-9280-802baf69d49b req-72835ac9-32ad-4780-9280-802baf69d49b ] Request (ListImageFiltersTestJSON:test_list_images_with_detail_filter_by_type): 200 GET http://10.180.1.21/compute/v2.1/images/detail?type=snapshot 0.604s
2025-03-25 21:09:17.862 69053 INFO tempest.lib.common.rest_client [req-d73cd0f9-12db-4a2b-a397-11aa1d11b59e req-d73cd0f9-12db-4a2b-a397-11aa1d11b59e ] Request (HypervisorAdminNegativeUnderV252Test:tearDownClass): 204 DELETE http://10.180.1.21/identity/v3/users/93635936970149a78b81d4795339970e 0.173s
2025-03-25 21:09:17.893 69035 INFO tempest.lib.common.rest_client [req-a6901143-eb89-4438-9c1b-c70ae0ac84e6 req-a6901143-eb89-4438-9c1b-c70ae0ac84e6 ] Request (AttachInterfacesUnderV243Test:test_add_remove_fixed_ip): 200 GET http://10.180.1.21/compute/v2.1/servers/aeb37306-003d-487f-897e-b1e952a63b2b 0.685s
2025-03-25 21:09:17.968 69053 INFO tempest.lib.common.rest_client [req-8eeac9f4-fe32-42d1-97d6-34a0310c33ec req-8eeac9f4-fe32-42d1-97d6-34a0310c33ec ] Request (HypervisorAdminNegativeUnderV252Test:tearDownClass): 204 DELETE http://10.180.1.21/identity/v3/users/27f1b495a1e54102a9ddb55ee091ef3e 0.106s
2025-03-25 21:09:17.968 69053 INFO tempest.lib.common.dynamic_creds [-] Deleting project and security group for project: 2bd5d6bc7fb64c4d99d5e4302938bfc8
2025-03-25 21:09:18.023 69053 INFO tempest.lib.common.rest_client [req-c66dbb18-6b41-4165-a7af-73fbb464087a req-c66dbb18-6b41-4165-a7af-73fbb464087a ] Request (HypervisorAdminNegativeUnderV252Test:tearDownClass): 201 POST http://10.180.1.21/identity/v3/auth/tokens 0.054s
2025-03-25 21:09:18.030 69093 INFO tempest.lib.common.rest_client [req-39bb5f46-bac4-4be2-910b-4b1a9bc20814 req-39bb5f46-bac4-4be2-910b-4b1a9bc20814 ] Request (FloatingIPsAssociationNegativeTestJSON:setUpClass): 200 GET http://10.180.1.21/compute/v2.1/servers/878df394-3d07-4c11-9e0a-3d1658ec914b 0.737s
2025-03-25 21:09:18.042 69093 INFO tempest.common.waiters [-] State transition "BUILD/networking" ==> "BUILD/spawning" after 73 second wait
2025-03-25 21:09:18.058 69089 INFO tempest.lib.common.rest_client [req-a395c7b6-28ee-43b2-8609-6c2895defb1c req-a395c7b6-28ee-43b2-8609-6c2895defb1c ] Request (VolumesAdminNegativeTest:test_update_attached_volume_with_nonexistent_volume_in_body): 400 PUT http://10.180.1.21/compute/v2.1/servers/bb3852a4-3b97-41f1-a7ca-44cd849f9dc6/os-volume_attachments/325707a4-eac8-4f6e-ab98-be2e45bfa7e4 0.829s
2025-03-25 21:09:18.089 69089 INFO tempest.lib.common.rest_client [req-e73f496e-5d5e-4bb9-ba1d-41913a500f64 req-e73f496e-5d5e-4bb9-ba1d-41913a500f64 ] Request (VolumesAdminNegativeTest:_run_cleanups): 200 GET http://10.180.1.21/volume/v3/volumes/325707a4-eac8-4f6e-ab98-be2e45bfa7e4 0.030s
