2025-03-26 22:59:56.988 70403 INFO tempest.lib.common.rest_client [req-f8390c1a-1656-4a5a-81f9-b1b55a71380f req-f8390c1a-1656-4a5a-81f9-b1b55a71380f ] Request (VolumesAssistedSnapshotsTest:test_volume_assisted_snapshot_create_delete): 200 PUT http://10.180.1.21:9696/networking/v2.0/floatingips/cf47c524-86de-4341-a43f-98a1ad04f499 1.846s
2025-03-26 22:59:56.989 70403 INFO tempest.lib.common.ssh [-] Creating ssh connection to '10.180.180.157:22' as 'cirros' with public key authentication
2025-03-26 22:59:57.029 70371 INFO tempest.lib.common.rest_client [req-0ddb2ca2-ad5c-4f1f-a7aa-4cdac69d3eac req-0ddb2ca2-ad5c-4f1f-a7aa-4cdac69d3eac ] Request (MigrationsAdminTest:test_list_migrations_in_flavor_resize_situation): 200 GET http://10.180.1.21/compute/v2.1/servers/fc07fedf-7946-4d49-af1e-f45d8c5e5feb 2.475s
2025-03-26 22:59:57.097 70367 INFO tempest.lib.common.rest_client [req-9edcdf3b-7c85-4f8d-a9a4-8120d94d2678 req-9edcdf3b-7c85-4f8d-a9a4-8120d94d2678 ] Request (ServerActionsV293TestJSON:setUpClass): 200 GET http://10.180.1.21/volume/v3/volumes/a6782dbb-d6b4-45ad-87db-ee1393df76aa 0.046s
2025-03-26 22:59:57.120 70381 INFO tempest.lib.common.rest_client [req-506713f1-00fa-4660-97ba-8d877f706995 req-506713f1-00fa-4660-97ba-8d877f706995 ] Request (FloatingIPsNegativeTestJSON:setUpClass): 200 GET http://10.180.1.21/compute/v2.1/os-floating-ips 2.542s
2025-03-26 22:59:57.151 70413 INFO tempest.lib.common.rest_client [req-80dcd7c2-0a5c-4c8f-9f69-949646fc127f req-80dcd7c2-0a5c-4c8f-9f69-949646fc127f ] Request (ListImageFiltersTestJSON:setUpClass): 200 GET http://10.180.1.21/compute/v2.1/servers/22c18565-439b-4d35-afc1-3715e553b83b 2.532s
2025-03-26 22:59:57.172 70411 INFO tempest.lib.common.rest_client [req-a8a776ac-16cf-466c-b621-2810520f0abb req-a8a776ac-16cf-466c-b621-2810520f0abb ] Request (ServerActionsTestOtherB:setUpClass): 201 POST http://10.180.1.21:9696/networking/v2.0/subnets 0.804s
2025-03-26 22:59:57.177 70401 INFO tempest.lib.common.rest_client [req-da0d3996-ba08-44b9-adf2-12c7307a8aad req-da0d3996-ba08-44b9-adf2-12c7307a8aad ] Request (AggregatesAdminNegativeTestJSON:test_aggregate_get_details_as_user): 200 POST http://10.180.1.21/compute/v2.1/os-aggregates 2.474s
2025-03-26 22:59:57.214 70419 INFO tempest.lib.common.rest_client [req-722fe9c0-86c0-4679-9b01-50e7b5cebacd req-722fe9c0-86c0-4679-9b01-50e7b5cebacd ] Request (FlavorsAccessNegativeTestJSON:_run_cleanups): 202 DELETE http://10.180.1.21/compute/v2.1/flavors/2097811797 2.288s
2025-03-26 22:59:57.306 70415 INFO tempest.lib.common.rest_client [req-8d672a26-b8b2-45c9-9eb2-251580fc21aa req-8d672a26-b8b2-45c9-9eb2-251580fc21aa ] Request (VolumesAdminNegativeTest:test_update_attached_volume_with_nonexistent_volume_in_body): 200 POST http://10.180.1.21/compute/v2.1/os-keypairs 2.515s
2025-03-26 22:59:57.444 70409 INFO tempest.lib.common.rest_client [req-0fa58bc3-5859-4866-9e54-4947d6238044 req-0fa58bc3-5859-4866-9e54-4947d6238044 ] Request (ImagesOneServerNegativeTestJSON:setUp): 200 GET http://10.180.1.21/compute/v2.1/servers/0a2ce7c7-8747-4c46-916b-331e8781a46e 2.309s
2025-03-26 22:59:57.518 70389 INFO tempest.lib.common.rest_client [req-5e429e21-cf53-4c16-8bcc-7b354897cc17 req-5e429e21-cf53-4c16-8bcc-7b354897cc17 ] Request (ServersAdminTestJSON:setUpClass): 200 GET http://10.180.1.21/compute/v2.1/servers/dd08a339-98ca-4c08-a8e8-2b877a8a1823 1.822s
2025-03-26 22:59:57.658 70415 INFO tempest.lib.common.rest_client [req-7bad6198-629f-4125-8f03-a12d343c7543 req-7bad6198-629f-4125-8f03-a12d343c7543 ] Request (VolumesAdminNegativeTest:test_update_attached_volume_with_nonexistent_volume_in_body): 201 POST http://10.180.1.21:9696/networking/v2.0/security-groups 0.350s
2025-03-26 22:59:57.732 70365 INFO tempest.lib.common.rest_client [req-9cf4ac41-337e-438c-955d-700488b9bca7 req-9cf4ac41-337e-438c-955d-700488b9bca7 ] Request (SecurityGroupRulesTestJSON:test_security_group_rules_list): 200 POST http://10.180.1.21/compute/v2.1/os-security-group-rules 2.119s
2025-03-26 22:59:57.749 70397 INFO tempest.lib.common.rest_client [req-4f648f2b-a0e9-44d9-8940-201ace45fcc5 req-4f648f2b-a0e9-44d9-8940-201ace45fcc5 ] Request (AttachInterfacesTestJSON:test_create_list_show_delete_interfaces_by_fixed_ip): 200 GET http://10.180.1.21/compute/v2.1/servers/6f71f548-e204-4279-ac08-19e3a2aba26d 1.956s
2025-03-26 22:59:57.796 70399 INFO tempest.lib.common.rest_client [req-d0c15982-48e1-4203-8185-c517306f06b3 req-d0c15982-48e1-4203-8185-c517306f06b3 ] Request (ImagesOneServerTestJSON:test_create_delete_image): 200 GET http://10.180.1.21/compute/v2.1/images/cbf88330-0d36-4dfc-b2a0-c7e11264e613 1.793s
2025-03-26 22:59:57.828 70407 INFO tempest.lib.common.rest_client [req-deb004ff-fde2-449b-ae25-0181042aaedb req-deb004ff-fde2-449b-ae25-0181042aaedb ] Request (ServerExternalEventsTest:tearDownClass): 200 GET http://10.180.1.21/compute/v2.1/servers/93508e4f-7497-4ff0-90d6-f8176c4a79be 1.904s
2025-03-26 22:59:57.839 70385 INFO tempest.lib.common.rest_client [req-6853b3fa-f678-45b7-a4cd-ea7fa499f497 req-6853b3fa-f678-45b7-a4cd-ea7fa499f497 ] Request (KeyPairsV2TestJSON:test_get_keypair_detail): 200 GET http://10.180.1.21/compute/v2.1/os-keypairs/tempest-keypair-106433252 1.348s
2025-03-26 22:59:57.840 70407 INFO tempest.common.waiters [-] State transition "ACTIVE/deleting" ==> "DELETED/None" after 3 second wait
2025-03-26 22:59:57.862 70377 INFO tempest.lib.common.rest_client [req-71fa3008-4aec-4ec3-aba9-19d18bcc6be7 req-71fa3008-4aec-4ec3-aba9-19d18bcc6be7 ] Request (FlavorsAdminTestJSON:_run_cleanups): 202 DELETE http://10.180.1.21/compute/v2.1/flavors/884701690 1.251s
2025-03-26 22:59:57.886 70415 INFO tempest.lib.common.rest_client [req-d507f232-61bc-4b06-b8ab-e7e74f93900c req-d507f232-61bc-4b06-b8ab-e7e74f93900c ] Request (VolumesAdminNegativeTest:test_update_attached_volume_with_nonexistent_volume_in_body): 201 POST http://10.180.1.21:9696/networking/v2.0/security-group-rules 0.227s
2025-03-26 22:59:57.893 70359 INFO tempest.lib.common.rest_client [req-de68442f-3f13-4f9b-9d55-b81e91f38e74 req-de68442f-3f13-4f9b-9d55-b81e91f38e74 ] Request (ServersTestBootFromVolume:setUpClass): 200 GET http://10.180.1.21/volume/v3/volumes/21b00041-6dd0-48a4-b9ba-01cbd8f25764 0.035s
2025-03-26 22:59:57.906 70391 INFO tempest.lib.common.rest_client [req-316f4ef2-4ec1-4f0e-a1a4-25d90ad8a654 req-316f4ef2-4ec1-4f0e-a1a4-25d90ad8a654 ] Request (FloatingIPsAssociationNegativeTestJSON:setUpClass): 200 PUT http://10.180.1.21:9696/networking/v2.0/routers/da815135-ec5e-4b64-af6f-d8c36b0c080c/add_router_interface 2.271s
2025-03-26 22:59:57.906 70391 INFO tempest.lib.common.dynamic_creds [-] Created isolated network resources for: credentials: Credentials: {'domain_id': 'default', 'domain_name': 'Default', 'username': 'tempest-FloatingIPsAssociationNegativeTestJSON-2143237205-project-member', 'project_domain_id': 'default', 'project_domain_name': 'Default', 'project_id': 'fd39fed614d946789c290effda3be5c3', 'project_name': 'tempest-FloatingIPsAssociationNegativeTestJSON-2143237205', 'tenant_id': 'fd39fed614d946789c290effda3be5c3', 'tenant_name': 'tempest-FloatingIPsAssociationNegativeTestJSON-2143237205', 'user_domain_id': 'default', 'user_domain_name': 'Default', 'user_id': '1e052f9e7dbf462484c657decfffba04', 'system': None}, Network: {'id': '0d67a016-e274-46b6-9fd8-ee7b5bb1760a', 'name': 'tempest-FloatingIPsAssociationNegativeTestJSON-1303317384-network', 'tenant_id': 'fd39fed614d946789c290effda3be5c3', 'admin_state_up': True, 'mtu': 8950, 'status': 'ACTIVE', 'subnets': [], 'shared': False, 'project_id': 'fd39fed614d946789c290effda3be5c3', 'port_security_enabled': True, 'router:external': False, 'provider:network_type': 'vlan', 'provider:physical_network': 'default', 'provider:segmentation_id': 534, 'availability_zone_hints': [], 'availability_zones': [], 'ipv4_address_scope': None, 'ipv6_address_scope': None, 'description': '', 'tags': [], 'created_at': '2025-03-26T22:59:52Z', 'updated_at': '2025-03-26T22:59:52Z', 'revision_number': 1}, Subnet: {'id': 'c21b50df-7cb8-4070-81c5-f0bfc6b9c487', 'name': 'tempest-FloatingIPsAssociationNegativeTestJSON-1303317384-subnet', 'tenant_id': 'fd39fed614d946789c290effda3be5c3', 'network_id': '0d67a016-e274-46b6-9fd8-ee7b5bb1760a', 'ip_version': 4, 'subnetpool_id': None, 'enable_dhcp': True, 'ipv6_ra_mode': None, 'ipv6_address_mode': None, 'gateway_ip': '192.168.128.1', 'cidr': '192.168.128.0/28', 'allocation_pools': [{'start': '192.168.128.2', 'end': '192.168.128.14'}], 'host_routes': [], 'dns_nameservers': [], 'description': '', 'router:external': False, 'service_types': [], 'tags': [], 'created_at': '2025-03-26T22:59:53Z', 'updated_at': '2025-03-26T22:59:53Z', 'revision_number': 0, 'project_id': 'fd39fed614d946789c290effda3be5c3'}, Router: {'id': 'da815135-ec5e-4b64-af6f-d8c36b0c080c', 'name': 'tempest-FloatingIPsAssociationNegativeTestJSON-1303317384-router', 'tenant_id': 'fd39fed614d946789c290effda3be5c3', 'admin_state_up': True, 'status': 'ACTIVE', 'external_gateway_info': {'network_id': '2b01fef5-696c-4aa8-a98e-1b8b7e876f05', 'external_fixed_ips': [{'subnet_id': 'a7ff4e01-f5d5-4212-9d97-79df71357c34', 'ip_address': '10.180.180.232'}], 'enable_snat': True}, 'description': '', 'availability_zones': [], 'distributed': False, 'ha': False, 'availability_zone_hints': [], 'routes': [], 'flavor_id': None, 'tags': [], 'created_at': '2025-03-26T22:59:53Z', 'updated_at': '2025-03-26T22:59:54Z', 'revision_number': 2, 'project_id': 'fd39fed614d946789c290effda3be5c3'}
2025-03-26 22:59:57.967 70363 INFO tempest.lib.common.rest_client [req-5f32c894-500b-4a41-a0dd-b9ffc8b4399a req-5f32c894-500b-4a41-a0dd-b9ffc8b4399a ] Request (SecurityGroupsTestJSON:test_list_security_groups_by_server): 200 GET http://10.180.1.21/compute/v2.1/servers/e5ca8966-78b2-4f04-9df1-ced842e7db02 1.680s
2025-03-26 22:59:58.012 70373 INFO tempest.lib.common.rest_client [req-d27b4bdb-71ed-4aae-90fd-900ae65b8863 req-d27b4bdb-71ed-4aae-90fd-900ae65b8863 ] Request (VolumesSnapshotsTestJSON:test_volume_snapshot_create_get_list_delete): 200 POST http://10.180.1.21/compute/v2.1/os-snapshots 1.273s
2025-03-26 22:59:58.028 70391 INFO tempest.lib.common.rest_client [req-4e7da1cb-832f-4840-b54d-c184d69b8fdb req-4e7da1cb-832f-4840-b54d-c184d69b8fdb ] Request (FloatingIPsAssociationNegativeTestJSON:setUpClass): 201 POST http://10.180.1.21/identity/v3/auth/tokens 0.120s
2025-03-26 22:59:58.075 70391 INFO tempest.lib.common.rest_client [req-1bbaced7-ec14-4b70-a835-f7058a7fa353 req-1bbaced7-ec14-4b70-a835-f7058a7fa353 ] Request (FloatingIPsAssociationNegativeTestJSON:setUpClass): 201 POST http://10.180.1.21/identity/v3/auth/tokens 0.039s
2025-03-26 22:59:58.076 70391 INFO tempest.lib.common.fixed_network [-] (FloatingIPsAssociationNegativeTestJSON:setUpClass) Found network {'id': '0d67a016-e274-46b6-9fd8-ee7b5bb1760a', 'name': 'tempest-FloatingIPsAssociationNegativeTestJSON-1303317384-network', 'tenant_id': 'fd39fed614d946789c290effda3be5c3', 'admin_state_up': True, 'mtu': 8950, 'status': 'ACTIVE', 'subnets': [], 'shared': False, 'project_id': 'fd39fed614d946789c290effda3be5c3', 'port_security_enabled': True, 'router:external': False, 'provider:network_type': 'vlan', 'provider:physical_network': 'default', 'provider:segmentation_id': 534, 'availability_zone_hints': [], 'availability_zones': [], 'ipv4_address_scope': None, 'ipv6_address_scope': None, 'description': '', 'tags': [], 'created_at': '2025-03-26T22:59:52Z', 'updated_at': '2025-03-26T22:59:52Z', 'revision_number': 1} available for tenant
2025-03-26 22:59:58.126 70415 INFO tempest.lib.common.rest_client [req-2311e4f9-ba2a-4b6a-a98a-0b8e9a3376c8 req-2311e4f9-ba2a-4b6a-a98a-0b8e9a3376c8 ] Request (VolumesAdminNegativeTest:test_update_attached_volume_with_nonexistent_volume_in_body): 201 POST http://10.180.1.21:9696/networking/v2.0/security-group-rules 0.239s
2025-03-26 22:59:58.135 70367 INFO tempest.lib.common.rest_client [req-e75000a5-1007-4135-9573-dac7307ae8d3 req-e75000a5-1007-4135-9573-dac7307ae8d3 ] Request (ServerActionsV293TestJSON:setUpClass): 200 GET http://10.180.1.21/volume/v3/volumes/a6782dbb-d6b4-45ad-87db-ee1393df76aa 0.027s
2025-03-26 22:59:58.154 70375 INFO tempest.lib.common.rest_client [req-0cc2d648-e484-42c1-88e6-9b335eb970f0 req-0cc2d648-e484-42c1-88e6-9b335eb970f0 ] Request (ServersWithSpecificFlavorTestJSON:test_verify_created_server_ephemeral_disk): 200 GET http://10.180.1.21/compute/v2.1/servers/bcd51f86-c628-48d1-b7e2-d1eec7331b3f 1.405s
2025-03-26 22:59:58.166 70375 INFO tempest.common.waiters [-] State transition "BUILD/spawning" ==> "ACTIVE/None" after 27 second wait
2025-03-26 22:59:58.199 70383 INFO tempest.lib.common.rest_client [req-dbc52d7e-061e-4a43-952c-02ed74401afe req-dbc52d7e-061e-4a43-952c-02ed74401afe ] Request (TenantUsagesTestJSON:setUpClass): 200 GET http://10.180.1.21/compute/v2.1/servers/a113b9f6-91f4-4f6c-9701-2ca01a176fec 1.356s
2025-03-26 22:59:58.211 70383 INFO tempest.common.waiters [-] State transition "BUILD/networking" ==> "BUILD/spawning" after 11 second wait
2025-03-26 22:59:58.235 70393 INFO tempest.lib.common.rest_client [req-b80132df-b4aa-435e-bd05-01be0a1dc581 req-b80132df-b4aa-435e-bd05-01be0a1dc581 ] Request (AttachInterfacesUnderV243Test:test_add_remove_fixed_ip): 200 GET http://10.180.1.21/compute/v2.1/servers/a2ae34d8-0dc2-49a1-9fc7-832751900784 1.309s
2025-03-26 22:59:58.269 70387 INFO tempest.lib.common.rest_client [req-bcbbd552-d6d4-4ae8-97ad-4ce1a2ff3f22 req-bcbbd552-d6d4-4ae8-97ad-4ce1a2ff3f22 ] Request (ServersTestManualDisk:setUpClass): 200 GET http://10.180.1.21/compute/v2.1/servers/6fd69c2b-b3f0-48af-9082-b38be4eeab36 1.307s
2025-03-26 22:59:58.336 70357 INFO tempest.lib.common.rest_client [req-e5cea8f9-a0bc-444a-a63d-bfe92dc572b1 req-e5cea8f9-a0bc-444a-a63d-bfe92dc572b1 ] Request (ServersTestJSON:setUpClass): 200 GET http://10.180.1.21/compute/v2.1/servers/fd7605e6-ee46-4c0f-9528-bb8b62856c5e 1.304s
2025-03-26 22:59:58.338 70361 INFO tempest.lib.common.rest_client [req-d9513053-e529-4e29-a392-684f38c786a0 req-d9513053-e529-4e29-a392-684f38c786a0 ] Request (DeleteServersAdminTestJSON:test_delete_server_while_in_error_state): 200 GET http://10.180.1.21/compute/v2.1/servers/6dc9029a-8dc1-4213-86f1-b9bb4e408555 1.230s
2025-03-26 22:59:58.346 70401 INFO tempest.lib.common.rest_client [req-69cc4260-5eb1-494b-8afe-2ed18266a29f req-69cc4260-5eb1-494b-8afe-2ed18266a29f ] Request (AggregatesAdminNegativeTestJSON:test_aggregate_get_details_as_user): 403 GET http://10.180.1.21/compute/v2.1/os-aggregates/6 1.162s
2025-03-26 22:59:58.373 70419 INFO tempest.lib.common.rest_client [req-ffacdc52-b573-40d0-bbff-d593832c2fec req-ffacdc52-b573-40d0-bbff-d593832c2fec ] Request (FlavorsAccessNegativeTestJSON:_run_cleanups): 200 GET http://10.180.1.21/compute/v2.1/flavors/detail 1.158s
2025-03-26 22:59:58.373 70381 INFO tempest.lib.common.rest_client [req-5359a0aa-565b-4785-ae9e-3b9a70b6231a req-5359a0aa-565b-4785-ae9e-3b9a70b6231a ] Request (FloatingIPsNegativeTestJSON:test_allocate_floating_ip_from_nonexistent_pool): 404 POST http://10.180.1.21/compute/v2.1/os-floating-ips 1.250s
2025-03-26 22:59:58.381 70409 INFO tempest.lib.common.rest_client [req-0e98d84c-c503-4f10-9f19-8fd986fbc2e4 req-0e98d84c-c503-4f10-9f19-8fd986fbc2e4 ] Request (ImagesOneServerNegativeTestJSON:test_create_image_specify_metadata_over_limits): 400 POST http://10.180.1.21/compute/v2.1/servers/0a2ce7c7-8747-4c46-916b-331e8781a46e/action 0.928s
2025-03-26 22:59:58.452 70369 INFO tempest.lib.common.rest_client [req-2a42b06d-e6ca-4a17-b6a9-4bd5b881ddfb req-2a42b06d-e6ca-4a17-b6a9-4bd5b881ddfb ] Request (ServerPasswordTestJSON:setUpClass): 200 GET http://10.180.1.21/compute/v2.1/servers/1d8df04d-8aaa-4617-8802-eb0f4f040c97 0.845s
2025-03-26 22:59:58.470 70419 INFO tempest.lib.common.rest_client [req-2a888330-c7fe-4148-b8fe-ed351e6f9cf4 req-2a888330-c7fe-4148-b8fe-ed351e6f9cf4 ] Request (FlavorsAccessNegativeTestJSON:tearDownClass): 204 DELETE http://10.180.1.21/identity/v3/users/7ebdf7c4d3fb4e5c92093e434085cc9b 0.086s
2025-03-26 22:59:58.473 70379 INFO tempest.lib.common.rest_client [req-ddda667f-447d-469f-95e4-f360b0f9b13d req-ddda667f-447d-469f-95e4-f360b0f9b13d ] Request (ServerDiagnosticsV248Test:tearDownClass): 200 GET http://10.180.1.21/compute/v2.1/servers/b2b73b38-5fe8-4266-91b3-a6dca68e61ee 1.223s
2025-03-26 22:59:58.497 70395 INFO tempest.lib.common.rest_client [req-d36eec26-6b21-4ff4-bca0-ab86de79a7ed req-d36eec26-6b21-4ff4-bca0-ab86de79a7ed ] Request (ImagesTestJSON:test_create_image_from_stopped_server): 200 GET http://10.180.1.21/compute/v2.1/images/3d57b66c-a317-45ae-9158-b4e5a635db91 0.835s
2025-03-26 22:59:58.521 70385 INFO tempest.lib.common.rest_client [req-c8a77d10-ecd9-4ab2-acca-5102181ce385 req-c8a77d10-ecd9-4ab2-acca-5102181ce385 ] Request (KeyPairsV2TestJSON:_run_cleanups): 202 DELETE http://10.180.1.21/compute/v2.1/os-keypairs/tempest-keypair-106433252 0.679s
2025-03-26 22:59:58.544 70365 INFO tempest.lib.common.rest_client [req-fe71d961-0a8a-479f-b3e9-8ba416eaaaa3 req-fe71d961-0a8a-479f-b3e9-8ba416eaaaa3 ] Request (SecurityGroupRulesTestJSON:test_security_group_rules_list): 200 GET http://10.180.1.21/compute/v2.1/os-security-groups/c5f45b56-9f38-4122-810f-5dbdc36fe792 0.809s
2025-03-26 22:59:58.546 70377 INFO tempest.lib.common.rest_client [req-9f00fa7f-4059-4d7a-a103-2aa5f88d642b req-9f00fa7f-4059-4d7a-a103-2aa5f88d642b ] Request (FlavorsAdminTestJSON:_run_cleanups): 200 GET http://10.180.1.21/compute/v2.1/flavors/detail 0.684s
2025-03-26 22:59:58.580 70373 INFO tempest.lib.common.rest_client [req-ca984ad4-e5a1-4dc7-b3f6-10d2030ed696 req-ca984ad4-e5a1-4dc7-b3f6-10d2030ed696 ] Request (VolumesSnapshotsTestJSON:test_volume_snapshot_create_get_list_delete): 200 GET http://10.180.1.21/compute/v2.1/os-snapshots/8ce471c4-f714-429e-ad6d-bd507ab7b775 0.566s
2025-03-26 22:59:58.585 70419 INFO tempest.lib.common.rest_client [req-47bae179-78cd-4a66-8830-48f6eb0db597 req-47bae179-78cd-4a66-8830-48f6eb0db597 ] Request (FlavorsAccessNegativeTestJSON:tearDownClass): 204 DELETE http://10.180.1.21/identity/v3/users/25ac12114f7a452faade5d16f19dedea 0.115s
2025-03-26 22:59:58.612 70411 INFO tempest.lib.common.rest_client [req-b1a89014-4e1d-4bf0-bbd7-25300bf53826 req-b1a89014-4e1d-4bf0-bbd7-25300bf53826 ] Request (ServerActionsTestOtherB:setUpClass): 201 POST http://10.180.1.21:9696/networking/v2.0/routers 1.439s
2025-03-26 22:59:58.700 70419 INFO tempest.lib.common.rest_client [req-01096203-228a-4aed-996d-fa120477552a req-01096203-228a-4aed-996d-fa120477552a ] Request (FlavorsAccessNegativeTestJSON:tearDownClass): 204 DELETE http://10.180.1.21/identity/v3/users/ef049c35856e427f86e3b5b913389260 0.114s
2025-03-26 22:59:58.701 70419 INFO tempest.lib.common.dynamic_creds [-] Deleting project and security group for project: 3da5ce8d0c66485fa15e8d8947538888
2025-03-26 22:59:58.744 70415 INFO tempest.lib.common.rest_client [req-99f81b1e-a164-4bed-abeb-c5061a4438d0 req-99f81b1e-a164-4bed-abeb-c5061a4438d0 ] Request (VolumesAdminNegativeTest:test_update_attached_volume_with_nonexistent_volume_in_body): 201 POST http://10.180.1.21:9696/networking/v2.0/floatingips 0.617s
2025-03-26 22:59:58.763 70419 INFO tempest.lib.common.rest_client [req-772c472b-02d7-4aef-a0b3-5d46896756a8 req-772c472b-02d7-4aef-a0b3-5d46896756a8 ] Request (FlavorsAccessNegativeTestJSON:tearDownClass): 201 POST http://10.180.1.21/identity/v3/auth/tokens 0.062s
2025-03-26 22:59:58.824 70415 INFO tempest.lib.common.rest_client [req-b5447964-5bbd-4fa4-8b2f-a1cd7c6c4b35 req-b5447964-5bbd-4fa4-8b2f-a1cd7c6c4b35 ] Request (VolumesAdminNegativeTest:test_update_attached_volume_with_nonexistent_volume_in_body): 201 POST http://10.180.1.21/identity/v3/auth/tokens 0.073s
2025-03-26 22:59:58.825 70415 INFO tempest.lib.common.fixed_network [-] (VolumesAdminNegativeTest:test_update_attached_volume_with_nonexistent_volume_in_body) Found network {'id': '4f22b772-4ec8-48f8-bb11-543e5aeed9f9', 'name': 'tempest-VolumesAdminNegativeTest-1716628533-network', 'tenant_id': 'aa23d873c777417b83cda7511f458fa4', 'admin_state_up': True, 'mtu': 8950, 'status': 'ACTIVE', 'subnets': [], 'shared': False, 'project_id': 'aa23d873c777417b83cda7511f458fa4', 'port_security_enabled': True, 'router:external': False, 'provider:network_type': 'vlan', 'provider:physical_network': 'default', 'provider:segmentation_id': 658, 'availability_zone_hints': [], 'availability_zones': [], 'ipv4_address_scope': None, 'ipv6_address_scope': None, 'description': '', 'tags': [], 'created_at': '2025-03-26T22:59:37Z', 'updated_at': '2025-03-26T22:59:37Z', 'revision_number': 1} available for tenant
2025-03-26 22:59:58.935 70359 INFO tempest.lib.common.rest_client [req-4714f7fd-7e5f-4d06-976a-13bb38b547c9 req-4714f7fd-7e5f-4d06-976a-13bb38b547c9 ] Request (ServersTestBootFromVolume:setUpClass): 200 GET http://10.180.1.21/volume/v3/volumes/21b00041-6dd0-48a4-b9ba-01cbd8f25764 0.029s
2025-03-26 22:59:59.020 70371 INFO tempest.lib.common.rest_client [req-b6deb78f-4cd0-4cce-a38a-2c7dfa6457fc req-b6deb78f-4cd0-4cce-a38a-2c7dfa6457fc ] Request (MigrationsAdminTest:test_list_migrations_in_flavor_resize_situation): 200 GET http://10.180.1.21/compute/v2.1/servers/fc07fedf-7946-4d49-af1e-f45d8c5e5feb 0.979s
2025-03-26 22:59:59.090 70419 INFO tempest.lib.common.rest_client [req-245635fe-69d1-42a6-ac20-92108a680b59 req-245635fe-69d1-42a6-ac20-92108a680b59 ] Request (FlavorsAccessNegativeTestJSON:tearDownClass): 200 GET http://10.180.1.21:9696/networking/v2.0/security-groups?tenant_id=3da5ce8d0c66485fa15e8d8947538888&name=default 0.326s
2025-03-26 22:59:59.170 70367 INFO tempest.lib.common.rest_client [req-5acb8b6b-65ea-42b2-9d7c-0836fb978668 req-5acb8b6b-65ea-42b2-9d7c-0836fb978668 ] Request (ServerActionsV293TestJSON:setUpClass): 200 GET http://10.180.1.21/volume/v3/volumes/a6782dbb-d6b4-45ad-87db-ee1393df76aa 0.027s
2025-03-26 22:59:59.229 70375 INFO tempest.lib.common.rest_client [req-c5ac7209-39c1-49e2-979a-bf052b322b68 req-c5ac7209-39c1-49e2-979a-bf052b322b68 ] Request (ServersWithSpecificFlavorTestJSON:test_verify_created_server_ephemeral_disk): 200 GET http://10.180.1.21/compute/v2.1/servers/bcd51f86-c628-48d1-b7e2-d1eec7331b3f/os-interface 1.062s
2025-03-26 22:59:59.311 70419 INFO tempest.lib.common.rest_client [req-c3d70233-1738-466b-99bb-ede373dc7c30 req-c3d70233-1738-466b-99bb-ede373dc7c30 ] Request (FlavorsAccessNegativeTestJSON:tearDownClass): 204 DELETE http://10.180.1.21:9696/networking/v2.0/security-groups/c2ff73aa-bbbf-4b23-a5df-bc0b8f317cd3 0.221s
2025-03-26 22:59:59.326 70413 INFO tempest.lib.common.rest_client [req-c5827449-4a80-4db3-8c14-5021d579a2d9 req-c5827449-4a80-4db3-8c14-5021d579a2d9 ] Request (ListImageFiltersTestJSON:setUpClass): 200 GET http://10.180.1.21/compute/v2.1/servers/22c18565-439b-4d35-afc1-3715e553b83b 1.154s
2025-03-26 22:59:59.372 70401 INFO tempest.lib.common.rest_client [req-516c4345-a7da-4668-8c10-cb50bfb1077a req-516c4345-a7da-4668-8c10-cb50bfb1077a ] Request (AggregatesAdminNegativeTestJSON:_run_cleanups): 200 DELETE http://10.180.1.21/compute/v2.1/os-aggregates/6 1.025s
2025-03-26 22:59:59.421 70391 INFO tempest.lib.common.rest_client [req-dfcd933b-6b17-4594-bee0-d0af620ed9cb req-dfcd933b-6b17-4594-bee0-d0af620ed9cb ] Request (FloatingIPsAssociationNegativeTestJSON:setUpClass): 202 POST http://10.180.1.21/compute/v2.1/servers 1.344s
2025-03-26 22:59:59.422 70381 INFO tempest.lib.common.rest_client [req-092cdc60-a8bb-4934-86ff-51a0e8f20d89 req-092cdc60-a8bb-4934-86ff-51a0e8f20d89 ] Request (FloatingIPsNegativeTestJSON:test_delete_nonexistent_floating_ip): 404 DELETE http://10.180.1.21/compute/v2.1/os-floating-ips/cd6ef293-131f-4285-971f-7678c4429b7b 1.047s
2025-03-26 22:59:59.440 70419 INFO tempest.lib.common.rest_client [req-cca372c7-0381-407e-8997-d4a28022bf9d req-cca372c7-0381-407e-8997-d4a28022bf9d ] Request (FlavorsAccessNegativeTestJSON:tearDownClass): 204 DELETE http://10.180.1.21/identity/v3/projects/3da5ce8d0c66485fa15e8d8947538888 0.128s
2025-03-26 22:59:59.440 70419 INFO tempest.lib.common.dynamic_creds [-] Deleting project and security group for project: 2f7b174eebbd45e59371f094b6dbb0c2
2025-03-26 22:59:59.474 70385 INFO tempest.lib.common.rest_client [req-1ce12da0-8722-45f1-8fd3-8d1158ce9238 req-1ce12da0-8722-45f1-8fd3-8d1158ce9238 ] Request (KeyPairsV2TestJSON:test_keypair_create_delete): 200 POST http://10.180.1.21/compute/v2.1/os-keypairs 0.951s
2025-03-26 22:59:59.553 70389 INFO tempest.lib.common.rest_client [req-72085c14-3222-4704-a23b-3eac8f213839 req-72085c14-3222-4704-a23b-3eac8f213839 ] Request (ServersAdminTestJSON:setUpClass): 200 GET http://10.180.1.21/compute/v2.1/servers/dd08a339-98ca-4c08-a8e8-2b877a8a1823 1.019s
2025-03-26 22:59:59.860 70365 INFO tempest.lib.common.rest_client [req-e577d755-6286-4963-b421-da1f98cc4a4f req-e577d755-6286-4963-b421-da1f98cc4a4f ] Request (SecurityGroupRulesTestJSON:_run_cleanups): 202 DELETE http://10.180.1.21/compute/v2.1/os-security-group-rules/0d71426d-fc70-4bff-96a3-951016573666 1.309s
2025-03-26 22:59:59.885 70377 INFO tempest.lib.common.rest_client [req-eb287b61-ce0e-4af1-b7fe-fcf0735d0945 req-eb287b61-ce0e-4af1-b7fe-fcf0735d0945 ] Request (FlavorsAdminTestJSON:test_is_public_string_variations): 200 POST http://10.180.1.21/compute/v2.1/flavors 1.327s
2025-03-26 22:59:59.896 70409 INFO tempest.lib.common.rest_client [req-6f2ea841-a6f6-4f04-8db4-06f7d3fdbb4f req-6f2ea841-a6f6-4f04-8db4-06f7d3fdbb4f ] Request (ImagesOneServerNegativeTestJSON:tearDown): 200 GET http://10.180.1.21/compute/v2.1/servers/0a2ce7c7-8747-4c46-916b-331e8781a46e 1.514s
2025-03-26 22:59:59.922 70373 INFO tempest.lib.common.rest_client [req-74c754fc-bb77-4f69-ae76-2f781611cdf9 req-74c754fc-bb77-4f69-ae76-2f781611cdf9 ] Request (VolumesSnapshotsTestJSON:test_volume_snapshot_create_get_list_delete): 200 GET http://10.180.1.21/compute/v2.1/os-snapshots 1.340s
2025-03-26 22:59:59.963 70399 INFO tempest.lib.common.rest_client [req-c75e36f1-18dc-4f73-94c2-e026511cf96c req-c75e36f1-18dc-4f73-94c2-e026511cf96c ] Request (ImagesOneServerTestJSON:test_create_delete_image): 200 GET http://10.180.1.21/compute/v2.1/images/cbf88330-0d36-4dfc-b2a0-c7e11264e613 1.159s
2025-03-26 22:59:59.973 70359 INFO tempest.lib.common.rest_client [req-a3faad3f-13ac-40f8-9cef-1de55f3cad64 req-a3faad3f-13ac-40f8-9cef-1de55f3cad64 ] Request (ServersTestBootFromVolume:setUpClass): 200 GET http://10.180.1.21/volume/v3/volumes/21b00041-6dd0-48a4-b9ba-01cbd8f25764 0.030s
2025-03-26 23:00:00.046 70419 INFO tempest.lib.common.rest_client [req-46f9c706-99a0-4584-bf61-35943bf8239b req-46f9c706-99a0-4584-bf61-35943bf8239b ] Request (FlavorsAccessNegativeTestJSON:tearDownClass): 200 GET http://10.180.1.21:9696/networking/v2.0/security-groups?tenant_id=2f7b174eebbd45e59371f094b6dbb0c2&name=default 0.605s
2025-03-26 23:00:00.121 70397 INFO tempest.lib.common.rest_client [req-cf679516-24f5-4a33-84c6-dbb4a75f0f50 req-cf679516-24f5-4a33-84c6-dbb4a75f0f50 ] Request (AttachInterfacesTestJSON:test_create_list_show_delete_interfaces_by_fixed_ip): 200 GET http://10.180.1.21/compute/v2.1/servers/6f71f548-e204-4279-ac08-19e3a2aba26d 1.359s
2025-03-26 23:00:00.212 70367 INFO tempest.lib.common.rest_client [req-f658413c-f82e-4ea4-bdf1-9e25077a873e req-f658413c-f82e-4ea4-bdf1-9e25077a873e ] Request (ServerActionsV293TestJSON:setUpClass): 200 GET http://10.180.1.21/volume/v3/volumes/a6782dbb-d6b4-45ad-87db-ee1393df76aa 0.034s
2025-03-26 23:00:00.234 70407 INFO tempest.lib.common.rest_client [req-91521f57-62cf-438e-9a84-aeb5ffde36cd req-91521f57-62cf-438e-9a84-aeb5ffde36cd ] Request (ServerExternalEventsTest:tearDownClass): 200 GET http://10.180.1.21/compute/v2.1/servers/93508e4f-7497-4ff0-90d6-f8176c4a79be 1.392s
2025-03-26 23:00:00.345 70419 INFO tempest.lib.common.rest_client [req-e27511e1-eb0e-44ef-9995-10e1cd5d29fc req-e27511e1-eb0e-44ef-9995-10e1cd5d29fc ] Request (FlavorsAccessNegativeTestJSON:tearDownClass): 204 DELETE http://10.180.1.21:9696/networking/v2.0/security-groups/99808c00-3356-4ec4-bf9a-8f0d51177b49 0.298s
2025-03-26 23:00:00.484 70419 INFO tempest.lib.common.rest_client [req-5be6ee36-b665-44be-bc4c-7a5d2ee8cc5f req-5be6ee36-b665-44be-bc4c-7a5d2ee8cc5f ] Request (FlavorsAccessNegativeTestJSON:tearDownClass): 204 DELETE http://10.180.1.21/identity/v3/projects/2f7b174eebbd45e59371f094b6dbb0c2 0.139s
2025-03-26 23:00:00.484 70419 INFO tempest.lib.common.dynamic_creds [-] Deleting project and security group for project: fdf8a09e1ada4bfb958cca97936a84a1
2025-03-26 23:00:00.504 70363 INFO tempest.lib.common.rest_client [req-8bd07ffe-b529-4227-8880-09660d5a79c6 req-8bd07ffe-b529-4227-8880-09660d5a79c6 ] Request (SecurityGroupsTestJSON:test_list_security_groups_by_server): 200 GET http://10.180.1.21/compute/v2.1/servers/e5ca8966-78b2-4f04-9df1-ced842e7db02 1.526s
2025-03-26 23:00:00.672 70375 INFO tempest.lib.common.rest_client [req-a2498947-2bfc-45d1-bdf9-c8f0ed5754f5 req-a2498947-2bfc-45d1-bdf9-c8f0ed5754f5 ] Request (ServersWithSpecificFlavorTestJSON:test_verify_created_server_ephemeral_disk): 200 PUT http://10.180.1.21:9696/networking/v2.0/floatingips/cde314f8-2337-4e44-8fa2-8e80a47247b8 1.439s
2025-03-26 23:00:00.815 70415 INFO tempest.lib.common.rest_client [req-21416045-dbbb-46de-9294-dbd29d0be51d req-21416045-dbbb-46de-9294-dbd29d0be51d ] Request (VolumesAdminNegativeTest:test_update_attached_volume_with_nonexistent_volume_in_body): 202 POST http://10.180.1.21/compute/v2.1/servers 1.989s
2025-03-26 23:00:00.876 70419 INFO tempest.lib.common.rest_client [req-e456b4cb-5509-4892-8dd0-8a5ff931e863 req-e456b4cb-5509-4892-8dd0-8a5ff931e863 ] Request (FlavorsAccessNegativeTestJSON:tearDownClass): 200 GET http://10.180.1.21:9696/networking/v2.0/security-groups?tenant_id=fdf8a09e1ada4bfb958cca97936a84a1&name=default 0.391s
2025-03-26 23:00:00.905 70393 INFO tempest.lib.common.rest_client [req-188e63ec-182a-4ca1-9bbe-7f15bb6c819c req-188e63ec-182a-4ca1-9bbe-7f15bb6c819c ] Request (AttachInterfacesUnderV243Test:test_add_remove_fixed_ip): 200 GET http://10.180.1.21/compute/v2.1/servers/a2ae34d8-0dc2-49a1-9fc7-832751900784 1.660s
2025-03-26 23:00:00.912 70411 INFO tempest.lib.common.rest_client [req-08a5d247-590d-49ac-8815-b0393dc147c7 req-08a5d247-590d-49ac-8815-b0393dc147c7 ] Request (ServerActionsTestOtherB:setUpClass): 200 PUT http://10.180.1.21:9696/networking/v2.0/routers/9072e41b-15de-4f21-9900-40132dea6634/add_router_interface 2.299s
2025-03-26 23:00:00.912 70411 INFO tempest.lib.common.dynamic_creds [-] Created isolated network resources for: credentials: Credentials: {'domain_id': 'default', 'domain_name': 'Default', 'username': 'tempest-ServerActionsTestOtherB-1422410259-project-member', 'project_domain_id': 'default', 'project_domain_name': 'Default', 'project_id': 'ea4864b3041b41b2abc94ffa505e8145', 'project_name': 'tempest-ServerActionsTestOtherB-1422410259', 'tenant_id': 'ea4864b3041b41b2abc94ffa505e8145', 'tenant_name': 'tempest-ServerActionsTestOtherB-1422410259', 'user_domain_id': 'default', 'user_domain_name': 'Default', 'user_id': '9285626cf04b4011b1e49c36e6c9bfd2', 'system': None}, Network: {'id': 'de65d5da-efb0-4130-8d5b-41c74f333b50', 'name': 'tempest-ServerActionsTestOtherB-1783349170-network', 'tenant_id': 'ea4864b3041b41b2abc94ffa505e8145', 'admin_state_up': True, 'mtu': 8950, 'status': 'ACTIVE', 'subnets': [], 'shared': False, 'project_id': 'ea4864b3041b41b2abc94ffa505e8145', 'port_security_enabled': True, 'router:external': False, 'provider:network_type': 'vlan', 'provider:physical_network': 'default', 'provider:segmentation_id': 747, 'availability_zone_hints': [], 'availability_zones': [], 'ipv4_address_scope': None, 'ipv6_address_scope': None, 'description': '', 'tags': [], 'created_at': '2025-03-26T22:59:55Z', 'updated_at': '2025-03-26T22:59:56Z', 'revision_number': 1}, Subnet: {'id': 'acaeabe7-d232-48c5-ae6d-ab3c01e78bf4', 'name': 'tempest-ServerActionsTestOtherB-1783349170-subnet', 'tenant_id': 'ea4864b3041b41b2abc94ffa505e8145', 'network_id': 'de65d5da-efb0-4130-8d5b-41c74f333b50', 'ip_version': 4, 'subnetpool_id': None, 'enable_dhcp': True, 'ipv6_ra_mode': None, 'ipv6_address_mode': None, 'gateway_ip': '192.168.128.1', 'cidr': '192.168.128.0/28', 'allocation_pools': [{'start': '192.168.128.2', 'end': '192.168.128.14'}], 'host_routes': [], 'dns_nameservers': [], 'description': '', 'router:external': False, 'service_types': [], 'tags': [], 'created_at': '2025-03-26T22:59:56Z', 'updated_at': '2025-03-26T22:59:56Z', 'revision_number': 0, 'project_id': 'ea4864b3041b41b2abc94ffa505e8145'}, Router: {'id': '9072e41b-15de-4f21-9900-40132dea6634', 'name': 'tempest-ServerActionsTestOtherB-1783349170-router', 'tenant_id': 'ea4864b3041b41b2abc94ffa505e8145', 'admin_state_up': True, 'status': 'ACTIVE', 'external_gateway_info': {'network_id': '2b01fef5-696c-4aa8-a98e-1b8b7e876f05', 'external_fixed_ips': [{'subnet_id': 'a7ff4e01-f5d5-4212-9d97-79df71357c34', 'ip_address': '10.180.180.167'}], 'enable_snat': True}, 'description': '', 'availability_zones': [], 'distributed': False, 'ha': False, 'availability_zone_hints': [], 'routes': [], 'flavor_id': None, 'tags': [], 'created_at': '2025-03-26T22:59:57Z', 'updated_at': '2025-03-26T22:59:58Z', 'revision_number': 2, 'project_id': 'ea4864b3041b41b2abc94ffa505e8145'}
2025-03-26 23:00:01.008 70387 INFO tempest.lib.common.rest_client [req-627e2139-58e0-4bbd-a935-93808212fe95 req-627e2139-58e0-4bbd-a935-93808212fe95 ] Request (ServersTestManualDisk:setUpClass): 200 GET http://10.180.1.21/compute/v2.1/servers/6fd69c2b-b3f0-48af-9082-b38be4eeab36 1.729s
2025-03-26 23:00:01.035 70359 INFO tempest.lib.common.rest_client [req-ff8dd4ef-0250-49e0-9a3e-c65c896ed283 req-ff8dd4ef-0250-49e0-9a3e-c65c896ed283 ] Request (ServersTestBootFromVolume:setUpClass): 200 GET http://10.180.1.21/volume/v3/volumes/21b00041-6dd0-48a4-b9ba-01cbd8f25764 0.053s
2025-03-26 23:00:01.081 70383 INFO tempest.lib.common.rest_client [req-dd9a5d71-0b4d-4629-8642-9c7334eaaee3 req-dd9a5d71-0b4d-4629-8642-9c7334eaaee3 ] Request (TenantUsagesTestJSON:setUpClass): 200 GET http://10.180.1.21/compute/v2.1/servers/a113b9f6-91f4-4f6c-9701-2ca01a176fec 1.869s
2025-03-26 23:00:01.089 70403 WARNING tempest.lib.common.ssh [-] Failed to establish authenticated ssh connection to cirros@10.180.180.157 ([Errno None] Unable to connect to port 22 on 10.180.180.157). Number attempts: 1. Retry after 2 seconds.: paramiko.ssh_exception.NoValidConnectionsError: [Errno None] Unable to connect to port 22 on 10.180.180.157
2025-03-26 23:00:01.099 70419 INFO tempest.lib.common.rest_client [req-2d6588ed-1ff4-4db2-81c5-2d1dbc1d747a req-2d6588ed-1ff4-4db2-81c5-2d1dbc1d747a ] Request (FlavorsAccessNegativeTestJSON:tearDownClass): 204 DELETE http://10.180.1.21:9696/networking/v2.0/security-groups/eb7d0cbd-9106-451b-89d4-2f351b9ad103 0.222s
2025-03-26 23:00:01.146 70411 INFO tempest.lib.common.rest_client [req-d1c591c5-7b82-49e2-aa95-29ddce49acf3 req-d1c591c5-7b82-49e2-aa95-29ddce49acf3 ] Request (ServerActionsTestOtherB:setUpClass): 201 POST http://10.180.1.21/identity/v3/auth/tokens 0.228s
2025-03-26 23:00:01.181 70357 INFO tempest.lib.common.rest_client [req-3e8c1101-5731-43da-9709-8046fd5930c2 req-3e8c1101-5731-43da-9709-8046fd5930c2 ] Request (ServersTestJSON:setUpClass): 200 GET http://10.180.1.21/compute/v2.1/servers/fd7605e6-ee46-4c0f-9528-bb8b62856c5e 1.837s
2025-03-26 23:00:01.189 70361 INFO tempest.lib.common.rest_client [req-f6c692f8-151d-4876-b0a7-52208a72a37b req-f6c692f8-151d-4876-b0a7-52208a72a37b ] Request (DeleteServersAdminTestJSON:test_delete_server_while_in_error_state): 200 GET http://10.180.1.21/compute/v2.1/servers/6dc9029a-8dc1-4213-86f1-b9bb4e408555 1.841s
2025-03-26 23:00:01.201 70401 INFO tempest.lib.common.rest_client [req-5a4c6881-32ca-49e0-b12c-83dcbb17eb76 req-5a4c6881-32ca-49e0-b12c-83dcbb17eb76 ] Request (AggregatesAdminNegativeTestJSON:test_aggregate_get_details_with_invalid_id): 404 GET http://10.180.1.21/compute/v2.1/os-aggregates/-1 1.827s
2025-03-26 23:00:01.252 70367 INFO tempest.lib.common.rest_client [req-695a7685-1f66-4fb5-a9e5-33667e7b3087 req-695a7685-1f66-4fb5-a9e5-33667e7b3087 ] Request (ServerActionsV293TestJSON:setUpClass): 200 GET http://10.180.1.21/volume/v3/volumes/a6782dbb-d6b4-45ad-87db-ee1393df76aa 0.030s
2025-03-26 23:00:01.312 70369 INFO tempest.lib.common.rest_client [req-9ebab575-9179-40a3-96cc-651e6ece70b7 req-9ebab575-9179-40a3-96cc-651e6ece70b7 ] Request (ServerPasswordTestJSON:setUpClass): 200 GET http://10.180.1.21/compute/v2.1/servers/1d8df04d-8aaa-4617-8802-eb0f4f040c97 1.846s
2025-03-26 23:00:01.324 70369 INFO tempest.common.waiters [-] State transition "BUILD/scheduling" ==> "BUILD/None" after 5 second wait
2025-03-26 23:00:01.338 70385 INFO tempest.lib.common.rest_client [req-2347b140-a30d-4d02-8f9e-c43a148b05ea req-2347b140-a30d-4d02-8f9e-c43a148b05ea ] Request (KeyPairsV2TestJSON:_run_cleanups): 202 DELETE http://10.180.1.21/compute/v2.1/os-keypairs/tempest-keypair-315885584 1.862s
2025-03-26 23:00:01.383 70391 INFO tempest.lib.common.rest_client [req-5cab4ea9-56e5-40d7-95f5-8c0634696c72 req-5cab4ea9-56e5-40d7-95f5-8c0634696c72 ] Request (FloatingIPsAssociationNegativeTestJSON:setUpClass): 200 GET http://10.180.1.21/compute/v2.1/servers/4624efde-c3d5-44f2-9901-dd465ddeea2f 1.960s
2025-03-26 23:00:01.384 70419 INFO tempest.lib.common.rest_client [req-5c1b737a-cee4-472b-badc-051b5a39d466 req-5c1b737a-cee4-472b-badc-051b5a39d466 ] Request (FlavorsAccessNegativeTestJSON:tearDownClass): 204 DELETE http://10.180.1.21/identity/v3/projects/fdf8a09e1ada4bfb958cca97936a84a1 0.285s
2025-03-26 23:00:01.487 70379 INFO tempest.lib.common.rest_client [req-1ed559e1-4b76-404f-90ec-a382f776a63d req-1ed559e1-4b76-404f-90ec-a382f776a63d ] Request (ServerDiagnosticsV248Test:tearDownClass): 200 GET http://10.180.1.21/compute/v2.1/servers/b2b73b38-5fe8-4266-91b3-a6dca68e61ee 2.002s
2025-03-26 23:00:01.508 70419 INFO tempest.lib.common.rest_client [req-b1e89d2d-7df5-4f5a-81cd-d1963a8de7d0 req-b1e89d2d-7df5-4f5a-81cd-d1963a8de7d0 ] Request (ServersAdminNegativeTestJSON:setUpClass): 201 POST http://10.180.1.21/identity/v3/auth/tokens 0.122s
2025-03-26 23:00:01.551 70419 INFO tempest.lib.common.rest_client [req-6b199b41-569e-42cf-a569-25cdc7af42f4 req-6b199b41-569e-42cf-a569-25cdc7af42f4 ] Request (ServersAdminNegativeTestJSON:setUpClass): 201 POST http://10.180.1.21/identity/v3/auth/tokens 0.040s
2025-03-26 23:00:01.612 70419 INFO tempest.lib.common.rest_client [req-56258d77-c57a-4a07-89a8-07882a665c8f req-56258d77-c57a-4a07-89a8-07882a665c8f ] Request (ServersAdminNegativeTestJSON:setUpClass): 200 GET http://10.180.1.21/identity/v3/domains?name=Default 0.060s
2025-03-26 23:00:01.653 70419 INFO tempest.lib.common.rest_client [req-8866cbf4-f3a8-4347-8be4-290094bd2d50 req-8866cbf4-f3a8-4347-8be4-290094bd2d50 ] Request (ServersAdminNegativeTestJSON:setUpClass): 201 POST http://10.180.1.21/identity/v3/projects 0.041s
2025-03-26 23:00:01.695 70365 INFO tempest.lib.common.rest_client [req-727dc0d5-b746-46f7-be6c-900e6e68ff51 req-727dc0d5-b746-46f7-be6c-900e6e68ff51 ] Request (SecurityGroupRulesTestJSON:tearDownClass): 202 DELETE http://10.180.1.21/compute/v2.1/os-security-groups/c5f45b56-9f38-4122-810f-5dbdc36fe792 1.830s
2025-03-26 23:00:01.719 70377 INFO tempest.lib.common.rest_client [req-6d9cfb1c-4375-4275-ba4d-c5b1ce484d33 req-6d9cfb1c-4375-4275-ba4d-c5b1ce484d33 ] Request (FlavorsAdminTestJSON:test_is_public_string_variations): 200 POST http://10.180.1.21/compute/v2.1/flavors 1.830s
2025-03-26 23:00:01.729 70419 INFO tempest.lib.common.rest_client [req-a7182001-22ae-4310-a3e9-7d984df1e175 req-a7182001-22ae-4310-a3e9-7d984df1e175 ] Request (ServersAdminNegativeTestJSON:setUpClass): 201 POST http://10.180.1.21/identity/v3/users 0.075s
2025-03-26 23:00:01.751 70419 INFO tempest.lib.common.rest_client [req-73567215-29e8-4277-9a5e-d676c3505716 req-73567215-29e8-4277-9a5e-d676c3505716 ] Request (ServersAdminNegativeTestJSON:setUpClass): 200 GET http://10.180.1.21/identity/v3/roles 0.021s
2025-03-26 23:00:01.780 70419 INFO tempest.lib.common.rest_client [req-544d8355-c867-4b35-aceb-092e78c31a5b req-544d8355-c867-4b35-aceb-092e78c31a5b ] Request (ServersAdminNegativeTestJSON:setUpClass): 204 PUT http://10.180.1.21/identity/v3/projects/e80a547ced9b40899babed25d4da5479/users/b8356015b1e543e0b6a115ffb94a7857/roles/0efb90318cef4cd69ddf9be13b28e892 0.029s
2025-03-26 23:00:01.781 70419 INFO tempest.lib.common.dynamic_creds [-] Dynamic test user b8356015b1e543e0b6a115ffb94a7857 is created with scope project and roles: ['member']
2025-03-26 23:00:01.781 70419 INFO tempest.lib.common.dynamic_creds [-] Acquired dynamic creds: credentials: Credentials: {'domain_id': 'default', 'domain_name': 'Default', 'username': 'tempest-ServersAdminNegativeTestJSON-1366739474-project-member', 'project_domain_id': 'default', 'project_domain_name': 'Default', 'project_id': 'e80a547ced9b40899babed25d4da5479', 'project_name': 'tempest-ServersAdminNegativeTestJSON-1366739474', 'tenant_id': 'e80a547ced9b40899babed25d4da5479', 'tenant_name': 'tempest-ServersAdminNegativeTestJSON-1366739474', 'user_domain_id': 'default', 'user_domain_name': 'Default', 'user_id': 'b8356015b1e543e0b6a115ffb94a7857', 'system': None}, Network: None, Subnet: None, Router: None
2025-03-26 23:00:01.781 70419 INFO tempest.lib.common.dynamic_creds [-] Created isolated network resources for: credentials: Credentials: {'domain_id': 'default', 'domain_name': 'Default', 'username': 'tempest-ServersAdminNegativeTestJSON-1366739474-project-member', 'project_domain_id': 'default', 'project_domain_name': 'Default', 'project_id': 'e80a547ced9b40899babed25d4da5479', 'project_name': 'tempest-ServersAdminNegativeTestJSON-1366739474', 'tenant_id': 'e80a547ced9b40899babed25d4da5479', 'tenant_name': 'tempest-ServersAdminNegativeTestJSON-1366739474', 'user_domain_id': 'default', 'user_domain_name': 'Default', 'user_id': 'b8356015b1e543e0b6a115ffb94a7857', 'system': None}, Network: None, Subnet: None, Router: None
2025-03-26 23:00:01.844 70381 INFO tempest.lib.common.rest_client [req-1f87ce71-5956-4b89-8211-be022c96c6f6 req-1f87ce71-5956-4b89-8211-be022c96c6f6 ] Request (FloatingIPsNegativeTestJSON:tearDownClass): 200 PUT http://10.180.1.21:9696/networking/v2.0/routers/83024351-a0f7-4d05-8af9-ee35c52702c5/remove_router_interface 2.420s
2025-03-26 23:00:01.866 70419 INFO tempest.lib.common.rest_client [req-cc5cf2b8-80ae-49a0-833d-8a448830315d req-cc5cf2b8-80ae-49a0-833d-8a448830315d ] Request (ServersAdminNegativeTestJSON:setUpClass): 201 POST http://10.180.1.21/identity/v3/auth/tokens 0.081s
2025-03-26 23:00:01.917 70405 WARNING tempest.lib.common.ssh [-] Failed to establish authenticated ssh connection to cirros@10.180.180.197 ([Errno None] Unable to connect to port 22 on 10.180.180.197). Number attempts: 1. Retry after 2 seconds.: paramiko.ssh_exception.NoValidConnectionsError: [Errno None] Unable to connect to port 22 on 10.180.180.197
2025-03-26 23:00:01.925 70419 INFO tempest.lib.common.rest_client [req-21baf358-6806-4ea0-989d-a901218b640a req-21baf358-6806-4ea0-989d-a901218b640a ] Request (ServersAdminNegativeTestJSON:setUpClass): 201 POST http://10.180.1.21/identity/v3/projects 0.059s
2025-03-26 23:00:01.954 70409 INFO tempest.lib.common.rest_client [req-21a40fbb-5b60-4e04-acdc-d228a538e918 req-21a40fbb-5b60-4e04-acdc-d228a538e918 ] Request (ImagesOneServerNegativeTestJSON:setUp): 200 GET http://10.180.1.21/compute/v2.1/servers/0a2ce7c7-8747-4c46-916b-331e8781a46e 2.047s
2025-03-26 23:00:01.999 70373 INFO tempest.lib.common.rest_client [req-46cc6c62-2934-4748-a491-76aae2a125ce req-46cc6c62-2934-4748-a491-76aae2a125ce ] Request (VolumesSnapshotsTestJSON:_run_cleanups): 200 GET http://10.180.1.21/compute/v2.1/os-snapshots/8ce471c4-f714-429e-ad6d-bd507ab7b775 2.074s
2025-03-26 23:00:02.001 70373 INFO tempest.common.waiters [-] snapshot 8ce471c4-f714-429e-ad6d-bd507ab7b775 reached available after waiting for 0.001785 seconds
2025-03-26 23:00:02.004 70419 INFO tempest.lib.common.rest_client [req-bc7f7c00-46d2-4554-9d7c-21367dec8b77 req-bc7f7c00-46d2-4554-9d7c-21367dec8b77 ] Request (ServersAdminNegativeTestJSON:setUpClass): 201 POST http://10.180.1.21/identity/v3/users 0.078s
2025-03-26 23:00:02.029 70419 INFO tempest.lib.common.rest_client [req-8f8c590e-ba65-41a5-bc77-e7f6a0352f24 req-8f8c590e-ba65-41a5-bc77-e7f6a0352f24 ] Request (ServersAdminNegativeTestJSON:setUpClass): 200 GET http://10.180.1.21/identity/v3/roles 0.024s
2025-03-26 23:00:02.068 70419 INFO tempest.lib.common.rest_client [req-0279427e-c6f8-4d09-8113-4550f933a056 req-0279427e-c6f8-4d09-8113-4550f933a056 ] Request (ServersAdminNegativeTestJSON:setUpClass): 204 PUT http://10.180.1.21/identity/v3/projects/bb1aeb25e93c46dd8bd21c9e36bbe592/users/a70b045b95b948baa7c6fff817064ce6/roles/fbbd6488075040d091bf7ae65313aedc 0.038s
2025-03-26 23:00:02.089 70359 INFO tempest.lib.common.rest_client [req-21be9a44-d90d-4c14-bd79-a848a8f8680b req-21be9a44-d90d-4c14-bd79-a848a8f8680b ] Request (ServersTestBootFromVolume:setUpClass): 200 GET http://10.180.1.21/volume/v3/volumes/21b00041-6dd0-48a4-b9ba-01cbd8f25764 0.039s
2025-03-26 23:00:02.132 70371 INFO tempest.lib.common.rest_client [req-3abb5ffa-4584-4834-9618-d060e24e5a13 req-3abb5ffa-4584-4834-9618-d060e24e5a13 ] Request (MigrationsAdminTest:test_list_migrations_in_flavor_resize_situation): 200 GET http://10.180.1.21/compute/v2.1/servers/fc07fedf-7946-4d49-af1e-f45d8c5e5feb 2.102s
2025-03-26 23:00:02.151 70419 INFO tempest.lib.common.rest_client [req-94665449-14ad-4e57-81cb-1d38b11e85c6 req-94665449-14ad-4e57-81cb-1d38b11e85c6 ] Request (ServersAdminNegativeTestJSON:setUpClass): 200 GET http://10.180.1.21/identity/v3/roles 0.083s
2025-03-26 23:00:02.176 70419 INFO tempest.lib.common.rest_client [req-65408cfa-0e1a-404a-a4be-c576a6ee258b req-65408cfa-0e1a-404a-a4be-c576a6ee258b ] Request (ServersAdminNegativeTestJSON:setUpClass): 204 PUT http://10.180.1.21/identity/v3/projects/bb1aeb25e93c46dd8bd21c9e36bbe592/users/a70b045b95b948baa7c6fff817064ce6/roles/fbbd6488075040d091bf7ae65313aedc 0.024s
2025-03-26 23:00:02.177 70419 INFO tempest.lib.common.dynamic_creds [-] Dynamic test user a70b045b95b948baa7c6fff817064ce6 is created with scope project and roles: ['admin']
2025-03-26 23:00:02.177 70419 INFO tempest.lib.common.dynamic_creds [-] Acquired dynamic creds: credentials: Credentials: {'domain_id': 'default', 'domain_name': 'Default', 'username': 'tempest-ServersAdminNegativeTestJSON-1652435938-project-admin', 'project_domain_id': 'default', 'project_domain_name': 'Default', 'project_id': 'bb1aeb25e93c46dd8bd21c9e36bbe592', 'project_name': 'tempest-ServersAdminNegativeTestJSON-1652435938', 'tenant_id': 'bb1aeb25e93c46dd8bd21c9e36bbe592', 'tenant_name': 'tempest-ServersAdminNegativeTestJSON-1652435938', 'user_domain_id': 'default', 'user_domain_name': 'Default', 'user_id': 'a70b045b95b948baa7c6fff817064ce6', 'system': None}, Network: None, Subnet: None, Router: None
2025-03-26 23:00:02.177 70419 INFO tempest.lib.common.dynamic_creds [-] Created isolated network resources for: credentials: Credentials: {'domain_id': 'default', 'domain_name': 'Default', 'username': 'tempest-ServersAdminNegativeTestJSON-1652435938-project-admin', 'project_domain_id': 'default', 'project_domain_name': 'Default', 'project_id': 'bb1aeb25e93c46dd8bd21c9e36bbe592', 'project_name': 'tempest-ServersAdminNegativeTestJSON-1652435938', 'tenant_id': 'bb1aeb25e93c46dd8bd21c9e36bbe592', 'tenant_name': 'tempest-ServersAdminNegativeTestJSON-1652435938', 'user_domain_id': 'default', 'user_domain_name': 'Default', 'user_id': 'a70b045b95b948baa7c6fff817064ce6', 'system': None}, Network: None, Subnet: None, Router: None
2025-03-26 23:00:02.192 70413 INFO tempest.lib.common.rest_client [req-5087702d-d969-4dae-a0f7-cb2f25fe546f req-5087702d-d969-4dae-a0f7-cb2f25fe546f ] Request (ListImageFiltersTestJSON:setUpClass): 200 GET http://10.180.1.21/compute/v2.1/servers/22c18565-439b-4d35-afc1-3715e553b83b 1.852s
2025-03-26 23:00:02.263 70389 INFO tempest.lib.common.rest_client [req-e36e55bb-9a32-47d0-a790-baddddbc6fe7 req-e36e55bb-9a32-47d0-a790-baddddbc6fe7 ] Request (ServersAdminTestJSON:setUpClass): 200 GET http://10.180.1.21/compute/v2.1/servers/dd08a339-98ca-4c08-a8e8-2b877a8a1823 1.693s
2025-03-26 23:00:02.274 70419 INFO tempest.lib.common.rest_client [req-c01e4497-1176-41b1-a05f-4b9df1a3758c req-c01e4497-1176-41b1-a05f-4b9df1a3758c ] Request (ServersAdminNegativeTestJSON:setUpClass): 201 POST http://10.180.1.21/identity/v3/auth/tokens 0.086s
2025-03-26 23:00:02.290 70367 INFO tempest.lib.common.rest_client [req-48c67f2c-625a-4157-996c-14f97dcd87c7 req-48c67f2c-625a-4157-996c-14f97dcd87c7 ] Request (ServerActionsV293TestJSON:setUpClass): 200 GET http://10.180.1.21/volume/v3/volumes/a6782dbb-d6b4-45ad-87db-ee1393df76aa 0.025s
2025-03-26 23:00:02.315 70381 INFO tempest.lib.common.rest_client [req-903f154b-eef5-48f0-bb10-b2c273e0cdca req-903f154b-eef5-48f0-bb10-b2c273e0cdca ] Request (FloatingIPsNegativeTestJSON:tearDownClass): 204 DELETE http://10.180.1.21:9696/networking/v2.0/routers/83024351-a0f7-4d05-8af9-ee35c52702c5 0.469s
2025-03-26 23:00:02.378 70419 INFO tempest.lib.common.rest_client [req-1f5ed0d2-c366-43f0-affa-b557eb1367a6 req-1f5ed0d2-c366-43f0-affa-b557eb1367a6 ] Request (ServersAdminNegativeTestJSON:setUpClass): 201 POST http://10.180.1.21/identity/v3/auth/tokens 0.099s
2025-03-26 23:00:02.379 70419 INFO tempest.lib.common.fixed_network [-] (ServersAdminNegativeTestJSON:setUpClass) Found network None available for tenant
2025-03-26 23:00:02.479 70381 INFO tempest.lib.common.rest_client [req-b2f32688-b41b-48f8-b316-b7b6a738d2a8 req-b2f32688-b41b-48f8-b316-b7b6a738d2a8 ] Request (FloatingIPsNegativeTestJSON:tearDownClass): 204 DELETE http://10.180.1.21:9696/networking/v2.0/subnets/c906b31f-e09b-4e8b-b49f-2ede60f29701 0.163s
