2025-03-26 23:01:18.314 70395 INFO tempest.lib.common.rest_client [req-35be2b60-4828-4069-915c-5e1bb285e57d req-35be2b60-4828-4069-915c-5e1bb285e57d ] Request (ImagesTestJSON:test_create_image_from_suspended_server): 200 GET http://10.180.1.21/compute/v2.1/servers/0ff4257a-e0f9-4a04-9f77-cc0de5b3a28c 0.171s
2025-03-26 23:01:18.376 70407 INFO tempest.lib.common.rest_client [req-4a9e6197-7293-40ec-acda-7ede1d567e1f req-4a9e6197-7293-40ec-acda-7ede1d567e1f ] Request (FloatingIPsAssociationTestJSON:setUpClass): 200 GET http://10.180.1.21/compute/v2.1/servers/bb2063d7-4a0b-4137-b8a7-89f0f87a9059 0.134s
2025-03-26 23:01:18.377 70363 INFO tempest.lib.common.rest_client [req-a9b801fa-fda7-4ade-960f-7a99b0b97206 req-a9b801fa-fda7-4ade-960f-7a99b0b97206 ] Request (SecurityGroupsTestJSON:test_server_security_groups): 200 GET http://10.180.1.21/compute/v2.1/servers/885fd5ab-ea7d-47fd-aec0-80e8a10f3a57 0.151s
2025-03-26 23:01:18.424 70399 INFO tempest.lib.common.rest_client [req-22eaec09-6c2c-4473-ba8a-850472cedd75 req-22eaec09-6c2c-4473-ba8a-850472cedd75 ] Request (SecurityGroupsNegativeTestJSON:setUpClass): 201 POST http://10.180.1.21:9696/networking/v2.0/routers 0.713s
2025-03-26 23:01:18.429 70413 INFO tempest.lib.common.rest_client [req-3b2aae1b-ab60-42d2-819c-f45b770c6872 req-3b2aae1b-ab60-42d2-819c-f45b770c6872 ] Request (ListImageFiltersTestJSON:setUpClass): 200 GET http://10.180.1.21/compute/v2.1/images/152dcf23-b169-4c12-a866-74e4f783189c 0.142s
2025-03-26 23:01:18.492 70379 INFO tempest.lib.common.rest_client [req-c61c9871-fb8a-4e9a-85c5-12d41369c494 req-c61c9871-fb8a-4e9a-85c5-12d41369c494 ] Request (AttachVolumeTestJSON:test_attach_detach_volume): 200 GET http://10.180.1.21/compute/v2.1/servers/993bcc08-4bd2-4498-afae-0c2918feb74b 0.194s
2025-03-26 23:01:18.501 70371 INFO tempest.lib.common.rest_client [req-81e24b9b-a3d8-47d8-8706-d9f461494762 req-81e24b9b-a3d8-47d8-8706-d9f461494762 ] Request (MigrationsAdminTest:test_resize_server_revert_deleted_flavor): 200 GET http://10.180.1.21/compute/v2.1/servers/09ca6c76-6845-4fab-82e0-48f1412e20f4 0.128s
2025-03-26 23:01:18.526 70359 INFO tempest.lib.common.rest_client [req-7d53771d-b1ec-44aa-92ef-25c1cfe6d753 req-7d53771d-b1ec-44aa-92ef-25c1cfe6d753 ] Request (ServersTestBootFromVolume:setUpClass): 200 PUT http://10.180.1.21:9696/networking/v2.0/floatingips/7ad62109-f553-4d17-bb7b-da2004872650 0.798s
2025-03-26 23:01:18.577 70385 INFO tempest.lib.common.rest_client [req-aa2647df-4ff1-4e6d-9a95-87a8134272a4 req-aa2647df-4ff1-4e6d-9a95-87a8134272a4 ] Request (ServerRescueNegativeTestJSON:setUpClass): 200 GET http://10.180.1.21/compute/v2.1/servers/1705d5b8-a465-47e5-b07e-752ffe455797 0.119s
2025-03-26 23:01:18.613 70389 INFO tempest.lib.common.rest_client [req-02935667-df1e-4b4d-8386-82a597e33e63 req-02935667-df1e-4b4d-8386-82a597e33e63 ] Request (ServersAdminTestJSON:test_create_server_with_scheduling_hint): 200 GET http://10.180.1.21/compute/v2.1/servers/5de8cf2e-1d7d-42cf-8a5a-71a6fe212cec 0.143s
2025-03-26 23:01:18.622 70389 INFO tempest.common.waiters [-] State transition "BUILD/block_device_mapping" ==> "BUILD/spawning" after 52 second wait
2025-03-26 23:01:18.682 70361 INFO tempest.lib.common.rest_client [req-5629fe47-da0b-40d9-ab21-0cbc3c01ae4e req-5629fe47-da0b-40d9-ab21-0cbc3c01ae4e ] Request (ListServersNegativeTestJSON:setUpClass): 200 GET http://10.180.1.21/compute/v2.1/servers/ffb9d28c-aae7-4795-b75b-f9ad70cacd56 0.148s
2025-03-26 23:01:18.763 70401 INFO tempest.lib.common.rest_client [req-444841bd-3443-4cef-8612-84077350ef0d req-444841bd-3443-4cef-8612-84077350ef0d ] Request (ServerRescueTestJSONUnderV235:setUpClass): 200 GET http://10.180.1.21/compute/v2.1/servers/8a4a241c-df83-4200-83f1-88fcbc969667 0.171s
2025-03-26 23:01:18.767 70411 WARNING tempest.lib.common.ssh [-] Failed to establish authenticated ssh connection to cirros@10.180.180.204 ([Errno None] Unable to connect to port 22 on 10.180.180.204). Number attempts: 3. Retry after 4 seconds.: paramiko.ssh_exception.NoValidConnectionsError: [Errno None] Unable to connect to port 22 on 10.180.180.204
2025-03-26 23:01:18.783 70359 INFO tempest.lib.common.rest_client [req-353319aa-d1f9-4cb8-a0af-bf0965879ce1 req-353319aa-d1f9-4cb8-a0af-bf0965879ce1 ] Request (ServersTestBootFromVolume:setUpClass): 200 GET http://10.180.1.21/compute/v2.1/servers/4fe85bba-8aed-4e32-a4da-c4b0cd517fbe 0.257s
2025-03-26 23:01:18.798 70359 INFO tempest.lib.common.ssh [-] Creating ssh connection to '10.180.180.234:22' as 'cirros' with public key authentication
2025-03-26 23:01:18.836 70409 INFO tempest.lib.common.rest_client [req-7dc636c5-18b6-4e07-9cee-27d2fc53f77f req-7dc636c5-18b6-4e07-9cee-27d2fc53f77f ] Request (ImagesOneServerNegativeTestJSON:_run_cleanups): 200 GET http://10.180.1.21/compute/v2.1/servers/f4f9869f-3c24-4436-9cfe-cba77d169322 0.196s
2025-03-26 23:01:18.871 70369 INFO tempest.lib.common.rest_client [req-f142bce5-632c-4fe6-953d-b295bdb20ccb req-f142bce5-632c-4fe6-953d-b295bdb20ccb ] Request (ServersListShow296Test:test_list_show_update_rebuild_server_296): 200 GET http://10.180.1.21/compute/v2.1/servers/31af2cfa-b105-4f96-838d-b509ff19d07a 0.198s
2025-03-26 23:01:18.908 70419 INFO tempest.lib.common.rest_client [req-a59c2c51-b7f9-41db-9470-8495f57294b7 req-a59c2c51-b7f9-41db-9470-8495f57294b7 ] Request (ServersAdminNegativeTestJSON:test_migrate_server_invalid_state): 200 GET http://10.180.1.21/compute/v2.1/servers/472b3b50-e4d5-409d-99d9-2bc2fb525b38 0.219s
2025-03-26 23:01:18.953 70365 INFO tempest.lib.common.rest_client [req-ba5d530c-c941-4021-b25f-b42dd3a30c0f req-ba5d530c-c941-4021-b25f-b42dd3a30c0f ] Request (DeleteServersTestJSON:test_delete_active_server): 200 GET http://10.180.1.21/compute/v2.1/servers/5ae567d4-9a0a-4d07-bc2d-193f09911fc9 0.196s
2025-03-26 23:01:19.002 70391 INFO tempest.lib.common.rest_client [req-be55e8cb-af47-44e9-9945-6c3fa9052f55 req-be55e8cb-af47-44e9-9945-6c3fa9052f55 ] Request (FloatingIPsAssociationNegativeTestJSON:tearDownClass): 200 GET http://10.180.1.21/compute/v2.1/servers/4624efde-c3d5-44f2-9901-dd465ddeea2f 0.182s
2025-03-26 23:01:19.151 70367 WARNING tempest.lib.common.ssh [-] Failed to establish authenticated ssh connection to cirros@10.180.180.244 ([Errno None] Unable to connect to port 22 on 10.180.180.244). Number attempts: 4. Retry after 5 seconds.: paramiko.ssh_exception.NoValidConnectionsError: [Errno None] Unable to connect to port 22 on 10.180.180.244
2025-03-26 23:01:19.354 70381 INFO tempest.lib.common.rest_client [req-331f30ea-3789-4552-9042-bcb184a3c0ee req-331f30ea-3789-4552-9042-bcb184a3c0ee ] Request (ListServerFiltersTestJSON:setUpClass): 200 GET http://10.180.1.21/compute/v2.1/servers/39839d4d-ef9d-4b28-a3b1-cb53d5833fbf 0.115s
2025-03-26 23:01:19.389 70377 INFO tempest.lib.common.rest_client [req-f9b882c5-4f89-46fc-8ec6-6349691cfee7 req-f9b882c5-4f89-46fc-8ec6-6349691cfee7 ] Request (ServersAdmin275Test:test_rebuild_update_server_275): 200 GET http://10.180.1.21/compute/v2.1/servers/fe42db3f-bac2-4f90-9b1b-e0e778632325 0.086s
2025-03-26 23:01:19.402 70377 INFO tempest.common.waiters [-] State transition "BUILD/scheduling" ==> "BUILD/None" after 42 second wait
2025-03-26 23:01:19.408 70415 WARNING tempest.lib.common.ssh [-] Failed to establish authenticated ssh connection to cirros@10.180.180.177 ([Errno None] Unable to connect to port 22 on 10.180.180.177). Number attempts: 5. Retry after 6 seconds.: paramiko.ssh_exception.NoValidConnectionsError: [Errno None] Unable to connect to port 22 on 10.180.180.177
2025-03-26 23:01:19.462 70363 INFO tempest.lib.common.rest_client [req-5ebb903a-8402-43f3-9141-fc20530c4cdd req-5ebb903a-8402-43f3-9141-fc20530c4cdd ] Request (SecurityGroupsTestJSON:test_server_security_groups): 200 GET http://10.180.1.21/compute/v2.1/servers/885fd5ab-ea7d-47fd-aec0-80e8a10f3a57 0.073s
2025-03-26 23:01:19.533 70407 INFO tempest.lib.common.rest_client [req-37a6cb4a-a038-4808-88e9-4048ec9ef33b req-37a6cb4a-a038-4808-88e9-4048ec9ef33b ] Request (FloatingIPsAssociationTestJSON:setUpClass): 200 GET http://10.180.1.21/compute/v2.1/servers/bb2063d7-4a0b-4137-b8a7-89f0f87a9059 0.140s
2025-03-26 23:01:19.571 70395 INFO tempest.lib.common.rest_client [req-3cae6348-268a-4909-8004-9799c2db89c3 req-3cae6348-268a-4909-8004-9799c2db89c3 ] Request (ImagesTestJSON:test_create_image_from_suspended_server): 200 GET http://10.180.1.21/compute/v2.1/servers/0ff4257a-e0f9-4a04-9f77-cc0de5b3a28c 0.243s
2025-03-26 23:01:19.578 70413 INFO tempest.lib.common.rest_client [req-1d304c4d-49a7-4a43-8465-a03bf6a295e8 req-1d304c4d-49a7-4a43-8465-a03bf6a295e8 ] Request (ListImageFiltersTestJSON:setUpClass): 200 GET http://10.180.1.21/compute/v2.1/images/152dcf23-b169-4c12-a866-74e4f783189c 0.143s
2025-03-26 23:01:19.597 70399 INFO tempest.lib.common.rest_client [req-067649d0-ffb2-4c00-aa3c-978ea06012e8 req-067649d0-ffb2-4c00-aa3c-978ea06012e8 ] Request (SecurityGroupsNegativeTestJSON:setUpClass): 200 PUT http://10.180.1.21:9696/networking/v2.0/routers/7ad4419c-8fc8-4a42-852b-ac37f8280e08/add_router_interface 1.173s
2025-03-26 23:01:19.598 70399 INFO tempest.lib.common.dynamic_creds [-] Created isolated network resources for: credentials: Credentials: {'domain_id': 'default', 'domain_name': 'Default', 'username': 'tempest-SecurityGroupsNegativeTestJSON-734615121-project-member', 'project_domain_id': 'default', 'project_domain_name': 'Default', 'project_id': '39bee44206ff434ea36dbf9b11ec4840', 'project_name': 'tempest-SecurityGroupsNegativeTestJSON-734615121', 'tenant_id': '39bee44206ff434ea36dbf9b11ec4840', 'tenant_name': 'tempest-SecurityGroupsNegativeTestJSON-734615121', 'user_domain_id': 'default', 'user_domain_name': 'Default', 'user_id': 'f348531036464fbda223753c54aaa894', 'system': None}, Network: {'id': 'e1448f2d-1af5-47d9-a794-6a98b846c990', 'name': 'tempest-SecurityGroupsNegativeTestJSON-1930270603-network', 'tenant_id': '39bee44206ff434ea36dbf9b11ec4840', 'admin_state_up': True, 'mtu': 8950, 'status': 'ACTIVE', 'subnets': [], 'shared': False, 'project_id': '39bee44206ff434ea36dbf9b11ec4840', 'port_security_enabled': True, 'router:external': False, 'provider:network_type': 'vlan', 'provider:physical_network': 'default', 'provider:segmentation_id': 999, 'availability_zone_hints': [], 'availability_zones': [], 'ipv4_address_scope': None, 'ipv6_address_scope': None, 'description': '', 'tags': [], 'created_at': '2025-03-26T23:01:17Z', 'updated_at': '2025-03-26T23:01:17Z', 'revision_number': 1}, Subnet: {'id': '28e553cc-65fa-4ca4-a837-8be1245cccb9', 'name': 'tempest-SecurityGroupsNegativeTestJSON-1930270603-subnet', 'tenant_id': '39bee44206ff434ea36dbf9b11ec4840', 'network_id': 'e1448f2d-1af5-47d9-a794-6a98b846c990', 'ip_version': 4, 'subnetpool_id': None, 'enable_dhcp': True, 'ipv6_ra_mode': None, 'ipv6_address_mode': None, 'gateway_ip': '192.168.128.1', 'cidr': '192.168.128.0/28', 'allocation_pools': [{'start': '192.168.128.2', 'end': '192.168.128.14'}], 'host_routes': [], 'dns_nameservers': [], 'description': '', 'router:external': False, 'service_types': [], 'tags': [], 'created_at': '2025-03-26T23:01:17Z', 'updated_at': '2025-03-26T23:01:17Z', 'revision_number': 0, 'project_id': '39bee44206ff434ea36dbf9b11ec4840'}, Router: {'id': '7ad4419c-8fc8-4a42-852b-ac37f8280e08', 'name': 'tempest-SecurityGroupsNegativeTestJSON-1930270603-router', 'tenant_id': '39bee44206ff434ea36dbf9b11ec4840', 'admin_state_up': True, 'status': 'ACTIVE', 'external_gateway_info': {'network_id': '2b01fef5-696c-4aa8-a98e-1b8b7e876f05', 'external_fixed_ips': [{'subnet_id': 'a7ff4e01-f5d5-4212-9d97-79df71357c34', 'ip_address': '10.180.180.221'}], 'enable_snat': True}, 'description': '', 'availability_zones': [], 'distributed': False, 'ha': False, 'availability_zone_hints': [], 'routes': [], 'flavor_id': None, 'tags': [], 'created_at': '2025-03-26T23:01:17Z', 'updated_at': '2025-03-26T23:01:18Z', 'revision_number': 2, 'project_id': '39bee44206ff434ea36dbf9b11ec4840'}
2025-03-26 23:01:19.658 70371 INFO tempest.lib.common.rest_client [req-842c83da-86c3-4e0b-bd69-2f5dbf7eb06c req-842c83da-86c3-4e0b-bd69-2f5dbf7eb06c ] Request (MigrationsAdminTest:test_resize_server_revert_deleted_flavor): 200 GET http://10.180.1.21/compute/v2.1/servers/09ca6c76-6845-4fab-82e0-48f1412e20f4 0.144s
2025-03-26 23:01:19.665 70379 INFO tempest.lib.common.rest_client [req-0d2d8e42-07cd-43c9-917e-fe1cd446be63 req-0d2d8e42-07cd-43c9-917e-fe1cd446be63 ] Request (AttachVolumeTestJSON:test_attach_detach_volume): 200 GET http://10.180.1.21/compute/v2.1/servers/993bcc08-4bd2-4498-afae-0c2918feb74b 0.156s
2025-03-26 23:01:19.725 70385 INFO tempest.lib.common.rest_client [req-51b1d456-70c9-4c89-8e3c-d0f4f26ca3e4 req-51b1d456-70c9-4c89-8e3c-d0f4f26ca3e4 ] Request (ServerRescueNegativeTestJSON:setUpClass): 200 GET http://10.180.1.21/compute/v2.1/servers/1705d5b8-a465-47e5-b07e-752ffe455797 0.134s
2025-03-26 23:01:19.727 70399 INFO tempest.lib.common.rest_client [req-90d4a167-809d-47e0-bb23-3505be1a72a7 req-90d4a167-809d-47e0-bb23-3505be1a72a7 ] Request (SecurityGroupsNegativeTestJSON:setUpClass): 201 POST http://10.180.1.21/identity/v3/auth/tokens 0.126s
2025-03-26 23:01:19.789 70361 INFO tempest.lib.common.rest_client [req-70954393-c218-4e39-8de0-5d35841ab7de req-70954393-c218-4e39-8de0-5d35841ab7de ] Request (ListServersNegativeTestJSON:setUpClass): 200 GET http://10.180.1.21/compute/v2.1/servers/ffb9d28c-aae7-4795-b75b-f9ad70cacd56 0.097s
2025-03-26 23:01:19.796 70389 INFO tempest.lib.common.rest_client [req-c238ef9a-0421-4236-be30-ce736be2bac6 req-c238ef9a-0421-4236-be30-ce736be2bac6 ] Request (ServersAdminTestJSON:test_create_server_with_scheduling_hint): 200 GET http://10.180.1.21/compute/v2.1/servers/5de8cf2e-1d7d-42cf-8a5a-71a6fe212cec 0.173s
2025-03-26 23:01:19.849 70401 INFO tempest.lib.common.rest_client [req-dc2c2e41-b01e-4a91-9dd3-d0afb5e77c53 req-dc2c2e41-b01e-4a91-9dd3-d0afb5e77c53 ] Request (ServerRescueTestJSONUnderV235:setUpClass): 200 GET http://10.180.1.21/compute/v2.1/servers/8a4a241c-df83-4200-83f1-88fcbc969667 0.072s
2025-03-26 23:01:19.882 70399 INFO tempest.lib.common.rest_client [req-7250025c-b220-484b-9035-3e80d3022c35 req-7250025c-b220-484b-9035-3e80d3022c35 ] Request (SecurityGroupsNegativeTestJSON:test_delete_nonexistent_security_group): 404 DELETE http://10.180.1.21/compute/v2.1/os-security-groups/469ff770-fffb-4c0e-acd0-9bc74fc55d29 0.152s
2025-03-26 23:01:19.900 70399 INFO tempest.lib.common.rest_client [req-48fc016d-003a-42b2-ab44-b6bfb120a21b req-48fc016d-003a-42b2-ab44-b6bfb120a21b ] Request (SecurityGroupsNegativeTestJSON:test_delete_security_group_without_passing_id): 404 DELETE http://10.180.1.21/compute/v2.1/os-security-groups/ 0.013s
2025-03-26 23:01:19.927 70409 INFO tempest.lib.common.rest_client [req-aabe6dd3-8ecf-4181-af99-91d62f0d41fc req-aabe6dd3-8ecf-4181-af99-91d62f0d41fc ] Request (ImagesOneServerNegativeTestJSON:_run_cleanups): 200 GET http://10.180.1.21/compute/v2.1/servers/f4f9869f-3c24-4436-9cfe-cba77d169322 0.080s
2025-03-26 23:01:19.988 70369 INFO tempest.lib.common.rest_client [req-39748560-102c-4a57-868b-c96d03b944e6 req-39748560-102c-4a57-868b-c96d03b944e6 ] Request (ServersListShow296Test:test_list_show_update_rebuild_server_296): 200 GET http://10.180.1.21/compute/v2.1/servers/31af2cfa-b105-4f96-838d-b509ff19d07a 0.105s
2025-03-26 23:01:20.031 70399 INFO tempest.lib.common.rest_client [req-9cb05d1a-a0a6-4a78-959e-025c85a0d252 req-9cb05d1a-a0a6-4a78-959e-025c85a0d252 ] Request (SecurityGroupsNegativeTestJSON:test_delete_the_default_security_group): 200 GET http://10.180.1.21/compute/v2.1/os-security-groups 0.127s
2025-03-26 23:01:20.062 70419 INFO tempest.lib.common.rest_client [req-fe66159e-b243-484a-a298-b3dba2ce7d53 req-fe66159e-b243-484a-a298-b3dba2ce7d53 ] Request (ServersAdminNegativeTestJSON:test_migrate_server_invalid_state): 200 GET http://10.180.1.21/compute/v2.1/servers/472b3b50-e4d5-409d-99d9-2bc2fb525b38 0.126s
2025-03-26 23:01:20.145 70391 INFO tempest.lib.common.rest_client [req-2d978c0b-f953-4283-8d80-244c84a0f647 req-2d978c0b-f953-4283-8d80-244c84a0f647 ] Request (FloatingIPsAssociationNegativeTestJSON:tearDownClass): 200 GET http://10.180.1.21/compute/v2.1/servers/4624efde-c3d5-44f2-9901-dd465ddeea2f 0.132s
2025-03-26 23:01:20.230 70365 INFO tempest.lib.common.rest_client [req-e3b1bcc2-0121-4da3-b1ab-1de363da7918 req-e3b1bcc2-0121-4da3-b1ab-1de363da7918 ] Request (DeleteServersTestJSON:test_delete_active_server): 200 GET http://10.180.1.21/compute/v2.1/servers/5ae567d4-9a0a-4d07-bc2d-193f09911fc9 0.266s
2025-03-26 23:01:20.237 70365 INFO tempest.common.waiters [-] State transition "BUILD/None" ==> "BUILD/block_device_mapping" after 53 second wait
2025-03-26 23:01:20.274 70399 INFO tempest.lib.common.rest_client [req-20552ec2-f7b1-4d17-8bef-03386d9a1c05 req-20552ec2-f7b1-4d17-8bef-03386d9a1c05 ] Request (SecurityGroupsNegativeTestJSON:test_delete_the_default_security_group): 400 DELETE http://10.180.1.21/compute/v2.1/os-security-groups/93e0a67c-8e7c-48d7-9e5d-7c9889057df4 0.236s
2025-03-26 23:01:20.493 70399 INFO tempest.lib.common.rest_client [req-ffd90748-0c35-461a-8591-860eed5877ac req-ffd90748-0c35-461a-8591-860eed5877ac ] Request (SecurityGroupsNegativeTestJSON:test_security_group_get_nonexistent_group): 404 GET http://10.180.1.21/compute/v2.1/os-security-groups/9d928d00-9f39-4449-aa15-5ce13003ccc9 0.214s
2025-03-26 23:01:20.524 70381 INFO tempest.lib.common.rest_client [req-96cc1126-a37c-4114-bc85-789cc139d499 req-96cc1126-a37c-4114-bc85-789cc139d499 ] Request (ListServerFiltersTestJSON:setUpClass): 200 GET http://10.180.1.21/compute/v2.1/servers/39839d4d-ef9d-4b28-a3b1-cb53d5833fbf 0.161s
2025-03-26 23:01:20.568 70377 INFO tempest.lib.common.rest_client [req-50508857-27dc-48cd-86a2-49557664dee1 req-50508857-27dc-48cd-86a2-49557664dee1 ] Request (ServersAdmin275Test:test_rebuild_update_server_275): 200 GET http://10.180.1.21/compute/v2.1/servers/fe42db3f-bac2-4f90-9b1b-e0e778632325 0.165s
2025-03-26 23:01:20.586 70363 INFO tempest.lib.common.rest_client [req-5f07f7c0-4964-4dc0-96df-96dbfeac3a80 req-5f07f7c0-4964-4dc0-96df-96dbfeac3a80 ] Request (SecurityGroupsTestJSON:test_server_security_groups): 200 GET http://10.180.1.21/compute/v2.1/servers/885fd5ab-ea7d-47fd-aec0-80e8a10f3a57 0.108s
2025-03-26 23:01:20.588 70399 INFO tempest.lib.common.rest_client [req-3f439abb-d7da-4402-853a-3d395511221d req-3f439abb-d7da-4402-853a-3d395511221d ] Request (SecurityGroupsNegativeTestJSON:test_update_non_existent_security_group): 404 PUT http://10.180.1.21/compute/v2.1/os-security-groups/60884f20-590e-40d2-a45d-ea5d3cc824c1 0.090s
2025-03-26 23:01:20.642 70407 INFO tempest.lib.common.rest_client [req-25df4064-7c05-46f9-938d-8f9eb29e0d06 req-25df4064-7c05-46f9-938d-8f9eb29e0d06 ] Request (FloatingIPsAssociationTestJSON:setUpClass): 200 GET http://10.180.1.21/compute/v2.1/servers/bb2063d7-4a0b-4137-b8a7-89f0f87a9059 0.097s
2025-03-26 23:01:20.676 70413 INFO tempest.lib.common.rest_client [req-4088e7be-bc2f-47b1-b946-e02806207a9f req-4088e7be-bc2f-47b1-b946-e02806207a9f ] Request (ListImageFiltersTestJSON:setUpClass): 200 GET http://10.180.1.21/compute/v2.1/images/152dcf23-b169-4c12-a866-74e4f783189c 0.088s
2025-03-26 23:01:20.738 70395 INFO tempest.lib.common.rest_client [req-ce747486-a7fe-4d6c-b3ee-e4f496c738c3 req-ce747486-a7fe-4d6c-b3ee-e4f496c738c3 ] Request (ImagesTestJSON:test_create_image_from_suspended_server): 200 GET http://10.180.1.21/compute/v2.1/servers/0ff4257a-e0f9-4a04-9f77-cc0de5b3a28c 0.153s
2025-03-26 23:01:20.749 70371 INFO tempest.lib.common.rest_client [req-6e0cb68e-3056-4224-baa8-918c4b7d57e9 req-6e0cb68e-3056-4224-baa8-918c4b7d57e9 ] Request (MigrationsAdminTest:test_resize_server_revert_deleted_flavor): 200 GET http://10.180.1.21/compute/v2.1/servers/09ca6c76-6845-4fab-82e0-48f1412e20f4 0.077s
2025-03-26 23:01:20.778 70413 INFO tempest.lib.common.rest_client [req-b4de4ad3-d3e0-4017-a6de-e53b924e51ad req-b4de4ad3-d3e0-4017-a6de-e53b924e51ad ] Request (ListImageFiltersTestJSON:setUpClass): 200 GET http://10.180.1.21/compute/v2.1/images/152dcf23-b169-4c12-a866-74e4f783189c 0.098s
2025-03-26 23:01:20.787 70379 INFO tempest.lib.common.rest_client [req-97adbd1c-0c7d-412f-92d7-ca06dad0eeb6 req-97adbd1c-0c7d-412f-92d7-ca06dad0eeb6 ] Request (AttachVolumeTestJSON:test_attach_detach_volume): 200 GET http://10.180.1.21/compute/v2.1/servers/993bcc08-4bd2-4498-afae-0c2918feb74b 0.109s
2025-03-26 23:01:20.825 70385 INFO tempest.lib.common.rest_client [req-c9422130-b5dd-4b39-9a06-77bfd97cf568 req-c9422130-b5dd-4b39-9a06-77bfd97cf568 ] Request (ServerRescueNegativeTestJSON:setUpClass): 200 GET http://10.180.1.21/compute/v2.1/servers/1705d5b8-a465-47e5-b07e-752ffe455797 0.088s
2025-03-26 23:01:20.873 70361 INFO tempest.lib.common.rest_client [req-c1424e29-26b0-495c-a729-1f7ed231fe33 req-c1424e29-26b0-495c-a729-1f7ed231fe33 ] Request (ListServersNegativeTestJSON:setUpClass): 200 GET http://10.180.1.21/compute/v2.1/servers/ffb9d28c-aae7-4795-b75b-f9ad70cacd56 0.075s
2025-03-26 23:01:20.944 70357 WARNING tempest.lib.common.ssh [-] Failed to establish authenticated ssh connection to cirros@10.180.180.210 ([Errno None] Unable to connect to port 22 on 10.180.180.210). Number attempts: 8. Retry after 9 seconds.: paramiko.ssh_exception.NoValidConnectionsError: [Errno None] Unable to connect to port 22 on 10.180.180.210
2025-03-26 23:01:20.948 70413 INFO tempest.lib.common.rest_client [req-f4e104b0-62c0-4c51-a975-baa052a03601 req-f4e104b0-62c0-4c51-a975-baa052a03601 ] Request (ListImageFiltersTestJSON:setUpClass): 200 GET http://10.180.1.21/compute/v2.1/servers/22c18565-439b-4d35-afc1-3715e553b83b 0.166s
2025-03-26 23:01:20.985 70389 INFO tempest.lib.common.rest_client [req-14c7c1ed-4197-4561-88b2-876976791572 req-14c7c1ed-4197-4561-88b2-876976791572 ] Request (ServersAdminTestJSON:test_create_server_with_scheduling_hint): 200 GET http://10.180.1.21/compute/v2.1/servers/5de8cf2e-1d7d-42cf-8a5a-71a6fe212cec 0.175s
2025-03-26 23:01:21.001 70401 INFO tempest.lib.common.rest_client [req-18eb132c-cacc-47a7-bcb2-38dbf562c4b7 req-18eb132c-cacc-47a7-bcb2-38dbf562c4b7 ] Request (ServerRescueTestJSONUnderV235:setUpClass): 200 GET http://10.180.1.21/compute/v2.1/servers/8a4a241c-df83-4200-83f1-88fcbc969667 0.137s
2025-03-26 23:01:21.036 70409 INFO tempest.lib.common.rest_client [req-87a42f7e-abb9-4f5a-9b06-54122ded6411 req-87a42f7e-abb9-4f5a-9b06-54122ded6411 ] Request (ImagesOneServerNegativeTestJSON:_run_cleanups): 200 GET http://10.180.1.21/compute/v2.1/servers/f4f9869f-3c24-4436-9cfe-cba77d169322 0.095s
2025-03-26 23:01:21.078 70369 INFO tempest.lib.common.rest_client [req-fadf5eb3-18c0-4743-afaf-e7511cbc62b6 req-fadf5eb3-18c0-4743-afaf-e7511cbc62b6 ] Request (ServersListShow296Test:test_list_show_update_rebuild_server_296): 200 GET http://10.180.1.21/compute/v2.1/servers/31af2cfa-b105-4f96-838d-b509ff19d07a 0.073s
2025-03-26 23:01:21.138 70419 INFO tempest.lib.common.rest_client [req-0872dd6e-27ab-43e6-8615-645c63545dbd req-0872dd6e-27ab-43e6-8615-645c63545dbd ] Request (ServersAdminNegativeTestJSON:test_migrate_server_invalid_state): 200 GET http://10.180.1.21/compute/v2.1/servers/472b3b50-e4d5-409d-99d9-2bc2fb525b38 0.064s
2025-03-26 23:01:21.221 70391 INFO tempest.lib.common.rest_client [req-221ac011-2691-47ac-bc8f-e7cb4b13eee1 req-221ac011-2691-47ac-bc8f-e7cb4b13eee1 ] Request (FloatingIPsAssociationNegativeTestJSON:tearDownClass): 200 GET http://10.180.1.21/compute/v2.1/servers/4624efde-c3d5-44f2-9901-dd465ddeea2f 0.064s
2025-03-26 23:01:21.259 70403 WARNING tempest.lib.common.ssh [-] Failed to establish authenticated ssh connection to cirros@10.180.180.157 ([Errno None] Unable to connect to port 22 on 10.180.180.157). Number attempts: 10. Retry after 11 seconds.: paramiko.ssh_exception.NoValidConnectionsError: [Errno None] Unable to connect to port 22 on 10.180.180.157
2025-03-26 23:01:21.332 70365 INFO tempest.lib.common.rest_client [req-fbd295e2-776b-4ecc-bb99-3678f0fd3a10 req-fbd295e2-776b-4ecc-bb99-3678f0fd3a10 ] Request (DeleteServersTestJSON:test_delete_active_server): 200 GET http://10.180.1.21/compute/v2.1/servers/5ae567d4-9a0a-4d07-bc2d-193f09911fc9 0.093s
2025-03-26 23:01:21.340 70365 INFO tempest.common.waiters [-] State transition "BUILD/block_device_mapping" ==> "BUILD/spawning" after 54 second wait
2025-03-26 23:01:21.369 70399 INFO tempest.lib.common.rest_client [req-d5189762-5b7e-464b-bff7-4aaf60ad27ff req-d5189762-5b7e-464b-bff7-4aaf60ad27ff ] Request (SecurityGroupsNegativeTestJSON:tearDownClass): 200 PUT http://10.180.1.21:9696/networking/v2.0/routers/7ad4419c-8fc8-4a42-852b-ac37f8280e08/remove_router_interface 0.769s
2025-03-26 23:01:21.651 70377 INFO tempest.lib.common.rest_client [req-12d60589-2c6a-4efb-a0a8-00d78f43338d req-12d60589-2c6a-4efb-a0a8-00d78f43338d ] Request (ServersAdmin275Test:test_rebuild_update_server_275): 200 GET http://10.180.1.21/compute/v2.1/servers/fe42db3f-bac2-4f90-9b1b-e0e778632325 0.073s
2025-03-26 23:01:21.707 70363 INFO tempest.lib.common.rest_client [req-f9c4ef5a-9ed4-4567-831d-599a82761a34 req-f9c4ef5a-9ed4-4567-831d-599a82761a34 ] Request (SecurityGroupsTestJSON:test_server_security_groups): 200 GET http://10.180.1.21/compute/v2.1/servers/885fd5ab-ea7d-47fd-aec0-80e8a10f3a57 0.112s
2025-03-26 23:01:21.756 70407 INFO tempest.lib.common.rest_client [req-b2d9c3b8-86cf-40d5-bd2d-7ea54eb993e4 req-b2d9c3b8-86cf-40d5-bd2d-7ea54eb993e4 ] Request (FloatingIPsAssociationTestJSON:setUpClass): 200 GET http://10.180.1.21/compute/v2.1/servers/bb2063d7-4a0b-4137-b8a7-89f0f87a9059 0.105s
2025-03-26 23:01:21.764 70381 INFO tempest.lib.common.rest_client [req-4a8a0585-d062-45b1-921e-7fbb39704f8d req-4a8a0585-d062-45b1-921e-7fbb39704f8d ] Request (ListServerFiltersTestJSON:setUpClass): 200 GET http://10.180.1.21/compute/v2.1/servers/39839d4d-ef9d-4b28-a3b1-cb53d5833fbf 0.232s
2025-03-26 23:01:21.771 70381 INFO tempest.common.waiters [-] State transition "BUILD/spawning" ==> "ACTIVE/None" after 66 second wait
2025-03-26 23:01:21.822 70371 INFO tempest.lib.common.rest_client [req-9fc19396-f8f0-4053-8b21-47671624e529 req-9fc19396-f8f0-4053-8b21-47671624e529 ] Request (MigrationsAdminTest:test_resize_server_revert_deleted_flavor): 200 GET http://10.180.1.21/compute/v2.1/servers/09ca6c76-6845-4fab-82e0-48f1412e20f4 0.062s
2025-03-26 23:01:21.861 70395 INFO tempest.lib.common.rest_client [req-7cafc0c2-55e5-40fd-9029-2e62ca307e01 req-7cafc0c2-55e5-40fd-9029-2e62ca307e01 ] Request (ImagesTestJSON:test_create_image_from_suspended_server): 200 GET http://10.180.1.21/compute/v2.1/servers/0ff4257a-e0f9-4a04-9f77-cc0de5b3a28c 0.114s
2025-03-26 23:01:21.876 70395 INFO tempest.common.waiters [-] State transition "BUILD/spawning" ==> "ACTIVE/None" after 63 second wait
2025-03-26 23:01:21.911 70379 INFO tempest.lib.common.rest_client [req-679bd883-b299-4057-918c-fdfd960f5c8b req-679bd883-b299-4057-918c-fdfd960f5c8b ] Request (AttachVolumeTestJSON:test_attach_detach_volume): 200 GET http://10.180.1.21/compute/v2.1/servers/993bcc08-4bd2-4498-afae-0c2918feb74b 0.117s
2025-03-26 23:01:21.926 70379 INFO tempest.common.waiters [-] State transition "BUILD/scheduling" ==> "BUILD/None" after 42 second wait
2025-03-26 23:01:21.944 70399 INFO tempest.lib.common.rest_client [req-e27a7e73-5fe9-4baa-8ee4-8b891c72388a req-e27a7e73-5fe9-4baa-8ee4-8b891c72388a ] Request (SecurityGroupsNegativeTestJSON:tearDownClass): 204 DELETE http://10.180.1.21:9696/networking/v2.0/routers/7ad4419c-8fc8-4a42-852b-ac37f8280e08 0.575s
2025-03-26 23:01:21.980 70385 INFO tempest.lib.common.rest_client [req-f46a232c-84cc-4a14-b277-981a0c5fdf4d req-f46a232c-84cc-4a14-b277-981a0c5fdf4d ] Request (ServerRescueNegativeTestJSON:setUpClass): 200 GET http://10.180.1.21/compute/v2.1/servers/1705d5b8-a465-47e5-b07e-752ffe455797 0.147s
2025-03-26 23:01:21.993 70381 INFO tempest.lib.common.rest_client [req-fab82416-cde3-414c-9f00-f074cfa459f3 req-fab82416-cde3-414c-9f00-f074cfa459f3 ] Request (ListServerFiltersTestJSON:setUpClass): 200 GET http://10.180.1.21/compute/v2.1/servers/609cb4f6-9aaa-488f-ab60-f6b2ae08f460 0.221s
2025-03-26 23:01:22.046 70361 INFO tempest.lib.common.rest_client [req-a03e87bd-b280-4caa-8f9f-b9e757a1d579 req-a03e87bd-b280-4caa-8f9f-b9e757a1d579 ] Request (ListServersNegativeTestJSON:setUpClass): 200 GET http://10.180.1.21/compute/v2.1/servers/ffb9d28c-aae7-4795-b75b-f9ad70cacd56 0.162s
2025-03-26 23:01:22.082 70395 INFO tempest.lib.common.rest_client [req-e29c358e-2849-459a-8b60-7641483edc34 req-e29c358e-2849-459a-8b60-7641483edc34 ] Request (ImagesTestJSON:test_create_image_from_suspended_server): 202 POST http://10.180.1.21/compute/v2.1/servers/0ff4257a-e0f9-4a04-9f77-cc0de5b3a28c/action 0.205s
2025-03-26 23:01:22.092 70399 INFO tempest.lib.common.rest_client [req-a346c7e7-8009-481d-9005-e2b889a94a67 req-a346c7e7-8009-481d-9005-e2b889a94a67 ] Request (SecurityGroupsNegativeTestJSON:tearDownClass): 204 DELETE http://10.180.1.21:9696/networking/v2.0/subnets/28e553cc-65fa-4ca4-a837-8be1245cccb9 0.147s
2025-03-26 23:01:22.152 70413 INFO tempest.lib.common.rest_client [req-7eae5062-211c-4672-ad9b-4d1ad19d3d31 req-7eae5062-211c-4672-ad9b-4d1ad19d3d31 ] Request (ListImageFiltersTestJSON:setUpClass): 200 GET http://10.180.1.21/compute/v2.1/servers/22c18565-439b-4d35-afc1-3715e553b83b 0.193s
2025-03-26 23:01:22.158 70413 INFO tempest.common.waiters [-] State transition "ACTIVE/image_uploading" ==> "ACTIVE/None" after 2 second wait
2025-03-26 23:01:22.249 70381 INFO tempest.lib.common.rest_client [req-7654a434-4c96-4b00-bc79-e71c336f9e03 req-7654a434-4c96-4b00-bc79-e71c336f9e03 ] Request (ListServerFiltersTestJSON:setUpClass): 200 GET http://10.180.1.21/compute/v2.1/servers/71a9b149-e639-404a-9ee6-8e11846b47e7 0.246s
2025-03-26 23:01:22.258 70389 INFO tempest.lib.common.rest_client [req-f0018400-1e6a-4fe0-98e3-716143eaa820 req-f0018400-1e6a-4fe0-98e3-716143eaa820 ] Request (ServersAdminTestJSON:test_create_server_with_scheduling_hint): 200 GET http://10.180.1.21/compute/v2.1/servers/5de8cf2e-1d7d-42cf-8a5a-71a6fe212cec 0.262s
2025-03-26 23:01:22.300 70401 INFO tempest.lib.common.rest_client [req-e9fbf906-b428-4e16-aa13-a77d9310ef01 req-e9fbf906-b428-4e16-aa13-a77d9310ef01 ] Request (ServerRescueTestJSONUnderV235:setUpClass): 200 GET http://10.180.1.21/compute/v2.1/servers/8a4a241c-df83-4200-83f1-88fcbc969667 0.289s
2025-03-26 23:01:22.317 70409 INFO tempest.lib.common.rest_client [req-723c6a58-d6cd-46a1-a78d-0e561cd18b28 req-723c6a58-d6cd-46a1-a78d-0e561cd18b28 ] Request (ImagesOneServerNegativeTestJSON:_run_cleanups): 200 GET http://10.180.1.21/compute/v2.1/servers/f4f9869f-3c24-4436-9cfe-cba77d169322 0.268s
2025-03-26 23:01:22.389 70369 INFO tempest.lib.common.rest_client [req-f73d51c6-836c-4423-8e76-eff258951b10 req-f73d51c6-836c-4423-8e76-eff258951b10 ] Request (ServersListShow296Test:test_list_show_update_rebuild_server_296): 200 GET http://10.180.1.21/compute/v2.1/servers/31af2cfa-b105-4f96-838d-b509ff19d07a 0.301s
2025-03-26 23:01:22.392 70395 INFO tempest.lib.common.rest_client [req-4f6b174b-bc73-4d3d-80e5-3391cf0a0234 req-4f6b174b-bc73-4d3d-80e5-3391cf0a0234 ] Request (ImagesTestJSON:test_create_image_from_suspended_server): 200 GET http://10.180.1.21/compute/v2.1/servers/0ff4257a-e0f9-4a04-9f77-cc0de5b3a28c 0.309s
2025-03-26 23:01:22.403 70399 INFO tempest.lib.common.rest_client [req-2899bbb0-ee93-4bcb-b43b-e7da61591895 req-2899bbb0-ee93-4bcb-b43b-e7da61591895 ] Request (SecurityGroupsNegativeTestJSON:tearDownClass): 204 DELETE http://10.180.1.21:9696/networking/v2.0/networks/e1448f2d-1af5-47d9-a794-6a98b846c990 0.311s
2025-03-26 23:01:22.450 70419 INFO tempest.lib.common.rest_client [req-fb5005e2-d11a-48b1-b127-6569a910fbcf req-fb5005e2-d11a-48b1-b127-6569a910fbcf ] Request (ServersAdminNegativeTestJSON:test_migrate_server_invalid_state): 200 GET http://10.180.1.21/compute/v2.1/servers/472b3b50-e4d5-409d-99d9-2bc2fb525b38 0.301s
2025-03-26 23:01:22.471 70391 INFO tempest.lib.common.rest_client [req-4e107de0-13f0-4f01-b1ae-fc7c40ba3599 req-4e107de0-13f0-4f01-b1ae-fc7c40ba3599 ] Request (FloatingIPsAssociationNegativeTestJSON:tearDownClass): 404 GET http://10.180.1.21/compute/v2.1/servers/4624efde-c3d5-44f2-9901-dd465ddeea2f 0.242s
2025-03-26 23:01:22.496 70399 INFO tempest.lib.common.rest_client [req-506e04b0-fe2d-4f7e-a15a-d9a746d41d58 req-506e04b0-fe2d-4f7e-a15a-d9a746d41d58 ] Request (SecurityGroupsNegativeTestJSON:tearDownClass): 204 DELETE http://10.180.1.21/identity/v3/users/f348531036464fbda223753c54aaa894 0.092s
2025-03-26 23:01:22.496 70399 INFO tempest.lib.common.dynamic_creds [-] Deleting project and security group for project: 39bee44206ff434ea36dbf9b11ec4840
2025-03-26 23:01:22.529 70399 INFO tempest.lib.common.rest_client [req-fa4023b9-2940-49a3-8676-ae12a51029ff req-fa4023b9-2940-49a3-8676-ae12a51029ff ] Request (SecurityGroupsNegativeTestJSON:tearDownClass): 200 GET http://10.180.1.21:9696/networking/v2.0/security-groups?tenant_id=39bee44206ff434ea36dbf9b11ec4840&name=default 0.033s
2025-03-26 23:01:22.607 70387 WARNING tempest.lib.common.ssh [-] Failed to establish authenticated ssh connection to cirros@10.180.180.172 ([Errno None] Unable to connect to port 22 on 10.180.180.172). Number attempts: 6. Retry after 7 seconds.: paramiko.ssh_exception.NoValidConnectionsError: [Errno None] Unable to connect to port 22 on 10.180.180.172
2025-03-26 23:01:22.628 70399 INFO tempest.lib.common.rest_client [req-b706a486-89ec-4fa4-84c4-7cc5e55ae13f req-b706a486-89ec-4fa4-84c4-7cc5e55ae13f ] Request (SecurityGroupsNegativeTestJSON:tearDownClass): 204 DELETE http://10.180.1.21:9696/networking/v2.0/security-groups/93e0a67c-8e7c-48d7-9e5d-7c9889057df4 0.098s
2025-03-26 23:01:22.737 70381 INFO tempest.lib.common.rest_client [req-5ae95c0b-68f5-4ac9-882e-a3395ca17286 req-5ae95c0b-68f5-4ac9-882e-a3395ca17286 ] Request (ListServerFiltersTestJSON:test_list_servers_detailed_filter_by_flavor): 200 GET http://10.180.1.21/compute/v2.1/servers/detail?flavor=84 0.480s
2025-03-26 23:01:22.754 70399 INFO tempest.lib.common.rest_client [req-e1120d4c-8f87-4bc1-af15-431c070275d8 req-e1120d4c-8f87-4bc1-af15-431c070275d8 ] Request (SecurityGroupsNegativeTestJSON:tearDownClass): 204 DELETE http://10.180.1.21/identity/v3/projects/39bee44206ff434ea36dbf9b11ec4840 0.126s
2025-03-26 23:01:22.898 70365 INFO tempest.lib.common.rest_client [req-f4e3e902-f879-449b-bb36-33c239cdc58a req-f4e3e902-f879-449b-bb36-33c239cdc58a ] Request (DeleteServersTestJSON:test_delete_active_server): 200 GET http://10.180.1.21/compute/v2.1/servers/5ae567d4-9a0a-4d07-bc2d-193f09911fc9 0.558s
2025-03-26 23:01:22.929 70359 WARNING tempest.lib.common.ssh [-] Failed to establish authenticated ssh connection to cirros@10.180.180.234 ([Errno None] Unable to connect to port 22 on 10.180.180.234). Number attempts: 1. Retry after 2 seconds.: paramiko.ssh_exception.NoValidConnectionsError: [Errno None] Unable to connect to port 22 on 10.180.180.234
2025-03-26 23:01:22.962 70413 INFO tempest.lib.common.rest_client [req-674e86ed-6090-47a0-8451-1240d1d71b21 req-674e86ed-6090-47a0-8451-1240d1d71b21 ] Request (ListImageFiltersTestJSON:setUpClass): 202 POST http://10.180.1.21/compute/v2.1/servers/cbdfeca6-c411-4343-bf66-f6e2a02de922/action 0.803s
2025-03-26 23:01:22.981 70377 INFO tempest.lib.common.rest_client [req-5ad4696a-0c12-4ad4-80cd-3ef35f7c434c req-5ad4696a-0c12-4ad4-80cd-3ef35f7c434c ] Request (ServersAdmin275Test:test_rebuild_update_server_275): 200 GET http://10.180.1.21/compute/v2.1/servers/fe42db3f-bac2-4f90-9b1b-e0e778632325 0.316s
2025-03-26 23:01:23.052 70363 INFO tempest.lib.common.rest_client [req-5f7876db-d379-40f3-99fc-541e1411eec4 req-5f7876db-d379-40f3-99fc-541e1411eec4 ] Request (SecurityGroupsTestJSON:test_server_security_groups): 200 GET http://10.180.1.21/compute/v2.1/servers/885fd5ab-ea7d-47fd-aec0-80e8a10f3a57 0.335s
2025-03-26 23:01:23.112 70407 INFO tempest.lib.common.rest_client [req-ed3a8692-082b-469f-a36f-955be5aa1250 req-ed3a8692-082b-469f-a36f-955be5aa1250 ] Request (FloatingIPsAssociationTestJSON:setUpClass): 200 GET http://10.180.1.21/compute/v2.1/servers/bb2063d7-4a0b-4137-b8a7-89f0f87a9059 0.342s
2025-03-26 23:01:23.195 70371 INFO tempest.lib.common.rest_client [req-fa2392c5-1d82-4a1a-880f-929ef9d69c1a req-fa2392c5-1d82-4a1a-880f-929ef9d69c1a ] Request (MigrationsAdminTest:test_resize_server_revert_deleted_flavor): 200 GET http://10.180.1.21/compute/v2.1/servers/09ca6c76-6845-4fab-82e0-48f1412e20f4 0.360s
2025-03-26 23:01:23.206 70381 INFO tempest.lib.common.rest_client [req-2ba6086d-475a-4783-8111-394fab6f10a2 req-2ba6086d-475a-4783-8111-394fab6f10a2 ] Request (ListServerFiltersTestJSON:test_list_servers_detailed_filter_by_server_name): 200 GET http://10.180.1.21/compute/v2.1/servers/detail?name=tempest-ListServerFiltersTestJSON-instance-1964443474 0.459s
2025-03-26 23:01:23.243 70413 INFO tempest.lib.common.rest_client [req-b46a8b28-696a-4541-b6d9-642abc6d2311 req-b46a8b28-696a-4541-b6d9-642abc6d2311 ] Request (ListImageFiltersTestJSON:setUpClass): 200 GET http://10.180.1.21/compute/v2.1/images/23042592-bdb0-421b-9715-2d3eb619f534 0.280s
2025-03-26 23:01:23.258 70379 INFO tempest.lib.common.rest_client [req-58cf0127-84a5-4c34-b01f-8adbe89a6254 req-58cf0127-84a5-4c34-b01f-8adbe89a6254 ] Request (AttachVolumeTestJSON:test_attach_detach_volume): 200 GET http://10.180.1.21/compute/v2.1/servers/993bcc08-4bd2-4498-afae-0c2918feb74b 0.331s
2025-03-26 23:01:23.292 70385 INFO tempest.lib.common.rest_client [req-e11905b5-7b9f-457c-9918-d0ee21205c73 req-e11905b5-7b9f-457c-9918-d0ee21205c73 ] Request (ServerRescueNegativeTestJSON:setUpClass): 200 GET http://10.180.1.21/compute/v2.1/servers/1705d5b8-a465-47e5-b07e-752ffe455797 0.303s
2025-03-26 23:01:23.316 70361 INFO tempest.lib.common.rest_client [req-63b2b5bc-0a79-4ae5-a6b8-78f4d3a8ef50 req-63b2b5bc-0a79-4ae5-a6b8-78f4d3a8ef50 ] Request (ListServersNegativeTestJSON:setUpClass): 200 GET http://10.180.1.21/compute/v2.1/servers/ffb9d28c-aae7-4795-b75b-f9ad70cacd56 0.262s
2025-03-26 23:01:23.435 70391 INFO tempest.lib.common.rest_client [req-da4b4626-6fc9-4c4d-9942-15becd8a7077 req-da4b4626-6fc9-4c4d-9942-15becd8a7077 ] Request (FloatingIPsAssociationNegativeTestJSON:tearDownClass): 200 PUT http://10.180.1.21:9696/networking/v2.0/routers/da815135-ec5e-4b64-af6f-d8c36b0c080c/remove_router_interface 0.963s
2025-03-26 23:01:23.455 70389 INFO tempest.lib.common.rest_client [req-ba1cf3d5-a22a-43e5-94d4-d426376515ac req-ba1cf3d5-a22a-43e5-94d4-d426376515ac ] Request (ServersAdminTestJSON:test_create_server_with_scheduling_hint): 200 GET http://10.180.1.21/compute/v2.1/servers/5de8cf2e-1d7d-42cf-8a5a-71a6fe212cec 0.188s
2025-03-26 23:01:23.531 70401 INFO tempest.lib.common.rest_client [req-2665376f-e5bc-449a-b80a-e11b88bad270 req-2665376f-e5bc-449a-b80a-e11b88bad270 ] Request (ServerRescueTestJSONUnderV235:setUpClass): 200 GET http://10.180.1.21/compute/v2.1/servers/8a4a241c-df83-4200-83f1-88fcbc969667 0.223s
2025-03-26 23:01:23.590 70409 INFO tempest.lib.common.rest_client [req-37e88699-7b08-48eb-9f18-3a2861434d35 req-37e88699-7b08-48eb-9f18-3a2861434d35 ] Request (ImagesOneServerNegativeTestJSON:_run_cleanups): 200 GET http://10.180.1.21/compute/v2.1/servers/f4f9869f-3c24-4436-9cfe-cba77d169322 0.264s
2025-03-26 23:01:23.714 70395 INFO tempest.lib.common.rest_client [req-47510147-826d-4c66-ab11-2c121b5ca014 req-47510147-826d-4c66-ab11-2c121b5ca014 ] Request (ImagesTestJSON:test_create_image_from_suspended_server): 200 GET http://10.180.1.21/compute/v2.1/servers/0ff4257a-e0f9-4a04-9f77-cc0de5b3a28c 0.314s
2025-03-26 23:01:23.739 70381 INFO tempest.lib.common.rest_client [req-ce25f761-902b-47c6-8176-ac4fd585e00f req-ce25f761-902b-47c6-8176-ac4fd585e00f ] Request (ListServerFiltersTestJSON:test_list_servers_detailed_filter_by_server_status): 200 GET http://10.180.1.21/compute/v2.1/servers/detail?status=active 0.522s
2025-03-26 23:01:23.783 70369 INFO tempest.lib.common.rest_client [req-6cb93bfd-5f62-4ee4-a616-8de84632cc63 req-6cb93bfd-5f62-4ee4-a616-8de84632cc63 ] Request (ServersListShow296Test:test_list_show_update_rebuild_server_296): 200 GET http://10.180.1.21/compute/v2.1/servers/31af2cfa-b105-4f96-838d-b509ff19d07a 0.380s
2025-03-26 23:01:23.790 70419 INFO tempest.lib.common.rest_client [req-94c9b043-e477-4dca-b99d-56b7be0a296e req-94c9b043-e477-4dca-b99d-56b7be0a296e ] Request (ServersAdminNegativeTestJSON:test_migrate_server_invalid_state): 200 GET http://10.180.1.21/compute/v2.1/servers/472b3b50-e4d5-409d-99d9-2bc2fb525b38 0.332s
2025-03-26 23:01:23.898 70391 INFO tempest.lib.common.rest_client [req-8c8d8701-1de4-4dd5-9809-66119b9b7ace req-8c8d8701-1de4-4dd5-9809-66119b9b7ace ] Request (FloatingIPsAssociationNegativeTestJSON:tearDownClass): 204 DELETE http://10.180.1.21:9696/networking/v2.0/routers/da815135-ec5e-4b64-af6f-d8c36b0c080c 0.463s
2025-03-26 23:01:24.009 70391 INFO tempest.lib.common.rest_client [req-f36b297b-7b9c-4919-811d-ded26e2eb532 req-f36b297b-7b9c-4919-811d-ded26e2eb532 ] Request (FloatingIPsAssociationNegativeTestJSON:tearDownClass): 204 DELETE http://10.180.1.21:9696/networking/v2.0/subnets/c21b50df-7cb8-4070-81c5-f0bfc6b9c487 0.110s
2025-03-26 23:01:24.080 70365 INFO tempest.lib.common.rest_client [req-42b353f1-1e46-4737-9604-a91f44823fd4 req-42b353f1-1e46-4737-9604-a91f44823fd4 ] Request (DeleteServersTestJSON:test_delete_active_server): 200 GET http://10.180.1.21/compute/v2.1/servers/5ae567d4-9a0a-4d07-bc2d-193f09911fc9 0.158s
2025-03-26 23:01:24.158 70377 INFO tempest.lib.common.rest_client [req-18443d14-5801-451f-a939-13009135d5e5 req-18443d14-5801-451f-a939-13009135d5e5 ] Request (ServersAdmin275Test:test_rebuild_update_server_275): 200 GET http://10.180.1.21/compute/v2.1/servers/fe42db3f-bac2-4f90-9b1b-e0e778632325 0.162s
2025-03-26 23:01:24.181 70381 INFO tempest.lib.common.rest_client [req-07cb71a8-15ea-493e-8fac-970002ada023 req-07cb71a8-15ea-493e-8fac-970002ada023 ] Request (ListServerFiltersTestJSON:test_list_servers_detailed_limit_results): 200 GET http://10.180.1.21/compute/v2.1/servers/detail?limit=1 0.430s
2025-03-26 23:01:24.225 70363 INFO tempest.lib.common.rest_client [req-3d8d6bfb-59fa-4140-aa45-5f37d2f7cb18 req-3d8d6bfb-59fa-4140-aa45-5f37d2f7cb18 ] Request (SecurityGroupsTestJSON:test_server_security_groups): 200 GET http://10.180.1.21/compute/v2.1/servers/885fd5ab-ea7d-47fd-aec0-80e8a10f3a57 0.163s
2025-03-26 23:01:24.246 70407 INFO tempest.lib.common.rest_client [req-853cefa5-0875-4cc7-a133-aca6a8704fec req-853cefa5-0875-4cc7-a133-aca6a8704fec ] Request (FloatingIPsAssociationTestJSON:setUpClass): 200 GET http://10.180.1.21/compute/v2.1/servers/bb2063d7-4a0b-4137-b8a7-89f0f87a9059 0.117s
2025-03-26 23:01:24.253 70397 WARNING tempest.lib.common.ssh [-] Failed to establish authenticated ssh connection to cirros@10.180.180.237 ([Errno None] Unable to connect to port 22 on 10.180.180.237). Number attempts: 9. Retry after 10 seconds.: paramiko.ssh_exception.NoValidConnectionsError: [Errno None] Unable to connect to port 22 on 10.180.180.237
2025-03-26 23:01:24.305 70371 INFO tempest.lib.common.rest_client [req-997c7e9f-d82d-4b24-963a-3230c5900073 req-997c7e9f-d82d-4b24-963a-3230c5900073 ] Request (MigrationsAdminTest:test_resize_server_revert_deleted_flavor): 200 GET http://10.180.1.21/compute/v2.1/servers/09ca6c76-6845-4fab-82e0-48f1412e20f4 0.102s
2025-03-26 23:01:24.305 70391 INFO tempest.lib.common.rest_client [req-234b7238-9fc0-4072-9dbe-f096c8c9d361 req-234b7238-9fc0-4072-9dbe-f096c8c9d361 ] Request (FloatingIPsAssociationNegativeTestJSON:tearDownClass): 204 DELETE http://10.180.1.21:9696/networking/v2.0/networks/0d67a016-e274-46b6-9fd8-ee7b5bb1760a 0.296s
2025-03-26 23:01:24.312 70371 INFO tempest.common.waiters [-] State transition "BUILD/scheduling" ==> "BUILD/None" after 33 second wait
2025-03-26 23:01:24.331 70381 INFO tempest.lib.common.rest_client [req-a94f406f-d40e-462f-a1a9-743933ded579 req-a94f406f-d40e-462f-a1a9-743933ded579 ] Request (ListServerFiltersTestJSON:test_list_servers_filter_by_active_status): 200 GET http://10.180.1.21/compute/v2.1/servers?status=active 0.142s
2025-03-26 23:01:24.345 70413 INFO tempest.lib.common.rest_client [req-406d19cc-375d-48af-8221-d3420701198f req-406d19cc-375d-48af-8221-d3420701198f ] Request (ListImageFiltersTestJSON:setUpClass): 200 GET http://10.180.1.21/compute/v2.1/images/23042592-bdb0-421b-9715-2d3eb619f534 0.096s
2025-03-26 23:01:24.393 70379 INFO tempest.lib.common.rest_client [req-11f2e04d-da90-4b18-83c7-59eec34dae5c req-11f2e04d-da90-4b18-83c7-59eec34dae5c ] Request (AttachVolumeTestJSON:test_attach_detach_volume): 200 GET http://10.180.1.21/compute/v2.1/servers/993bcc08-4bd2-4498-afae-0c2918feb74b 0.125s
2025-03-26 23:01:24.407 70385 INFO tempest.lib.common.rest_client [req-0506fdbd-73e5-44ed-9d53-ebe2321fe976 req-0506fdbd-73e5-44ed-9d53-ebe2321fe976 ] Request (ServerRescueNegativeTestJSON:setUpClass): 200 GET http://10.180.1.21/compute/v2.1/servers/1705d5b8-a465-47e5-b07e-752ffe455797 0.106s
2025-03-26 23:01:24.447 70391 INFO tempest.lib.common.rest_client [req-ae64f816-2e68-4dfc-896b-b56a38039e21 req-ae64f816-2e68-4dfc-896b-b56a38039e21 ] Request (FloatingIPsAssociationNegativeTestJSON:tearDownClass): 204 DELETE http://10.180.1.21/identity/v3/users/1e052f9e7dbf462484c657decfffba04 0.141s
2025-03-26 23:01:24.447 70391 INFO tempest.lib.common.dynamic_creds [-] Deleting project and security group for project: fd39fed614d946789c290effda3be5c3
2025-03-26 23:01:24.470 70361 INFO tempest.lib.common.rest_client [req-1e8d338c-3d50-4f9b-8751-c809000d3d3d req-1e8d338c-3d50-4f9b-8751-c809000d3d3d ] Request (ListServersNegativeTestJSON:setUpClass): 200 GET http://10.180.1.21/compute/v2.1/servers/ffb9d28c-aae7-4795-b75b-f9ad70cacd56 0.146s
2025-03-26 23:01:24.478 70391 INFO tempest.lib.common.rest_client [req-8a26a43d-9ef4-4dab-89bc-7a581896e935 req-8a26a43d-9ef4-4dab-89bc-7a581896e935 ] Request (FloatingIPsAssociationNegativeTestJSON:tearDownClass): 200 GET http://10.180.1.21:9696/networking/v2.0/security-groups?tenant_id=fd39fed614d946789c290effda3be5c3&name=default 0.030s
2025-03-26 23:01:24.485 70381 INFO tempest.lib.common.rest_client [req-ec6812cc-84df-4dbc-8927-c5a1f0560cdc req-ec6812cc-84df-4dbc-8927-c5a1f0560cdc ] Request (ListServerFiltersTestJSON:test_list_servers_filter_by_exceed_limit): 200 GET http://10.180.1.21/compute/v2.1/servers?limit=100000 0.146s
2025-03-26 23:01:24.546 70381 INFO tempest.lib.common.rest_client [req-fdff4eba-2b81-455e-848a-2bc8204acefa req-fdff4eba-2b81-455e-848a-2bc8204acefa ] Request (ListServerFiltersTestJSON:test_list_servers_filter_by_exceed_limit): 200 GET http://10.180.1.21/compute/v2.1/servers 0.059s
2025-03-26 23:01:24.559 70391 INFO tempest.lib.common.rest_client [req-603d9628-7b17-4e6d-ba57-17961e445946 req-603d9628-7b17-4e6d-ba57-17961e445946 ] Request (FloatingIPsAssociationNegativeTestJSON:tearDownClass): 204 DELETE http://10.180.1.21:9696/networking/v2.0/security-groups/c736b7eb-561d-4484-bbf9-0a7b159e994f 0.080s
2025-03-26 23:01:24.598 70401 INFO tempest.lib.common.rest_client [req-fc8ed62b-cea9-4d06-bc0a-79774943984c req-fc8ed62b-cea9-4d06-bc0a-79774943984c ] Request (ServerRescueTestJSONUnderV235:setUpClass): 200 GET http://10.180.1.21/compute/v2.1/servers/8a4a241c-df83-4200-83f1-88fcbc969667 0.050s
2025-03-26 23:01:24.644 70389 INFO tempest.lib.common.rest_client [req-90e97161-6060-4dce-8227-0bfc5e5a7fe9 req-90e97161-6060-4dce-8227-0bfc5e5a7fe9 ] Request (ServersAdminTestJSON:test_create_server_with_scheduling_hint): 200 GET http://10.180.1.21/compute/v2.1/servers/5de8cf2e-1d7d-42cf-8a5a-71a6fe212cec 0.167s
2025-03-26 23:01:24.661 70367 WARNING tempest.lib.common.ssh [-] Failed to establish authenticated ssh connection to cirros@10.180.180.244 ([Errno None] Unable to connect to port 22 on 10.180.180.244). Number attempts: 5. Retry after 6 seconds.: paramiko.ssh_exception.NoValidConnectionsError: [Errno None] Unable to connect to port 22 on 10.180.180.244
2025-03-26 23:01:24.667 70391 INFO tempest.lib.common.rest_client [req-ea4e2e2b-b1ed-43cd-a35e-0d2dd054c4b4 req-ea4e2e2b-b1ed-43cd-a35e-0d2dd054c4b4 ] Request (FloatingIPsAssociationNegativeTestJSON:tearDownClass): 204 DELETE http://10.180.1.21/identity/v3/projects/fd39fed614d946789c290effda3be5c3 0.108s
2025-03-26 23:01:24.694 70381 INFO tempest.lib.common.rest_client [req-2529ff47-d342-4f4e-b2cd-2a492f716cfe req-2529ff47-d342-4f4e-b2cd-2a492f716cfe ] Request (ListServerFiltersTestJSON:test_list_servers_filter_by_flavor): 200 GET http://10.180.1.21/compute/v2.1/servers?flavor=84 0.144s
2025-03-26 23:01:24.715 70409 INFO tempest.lib.common.rest_client [req-2ed7cb1e-2604-4b30-94f3-8b465c5fb2c3 req-2ed7cb1e-2604-4b30-94f3-8b465c5fb2c3 ] Request (ImagesOneServerNegativeTestJSON:_run_cleanups): 200 GET http://10.180.1.21/compute/v2.1/servers/f4f9869f-3c24-4436-9cfe-cba77d169322 0.111s
2025-03-26 23:01:24.735 70381 INFO tempest.lib.common.rest_client [req-c54559f1-fccf-422e-87b9-ccc29410fe5d req-c54559f1-fccf-422e-87b9-ccc29410fe5d ] Request (ListServerFiltersTestJSON:test_list_servers_filter_by_limit): 200 GET http://10.180.1.21/compute/v2.1/servers?limit=1 0.036s
2025-03-26 23:01:24.747 70391 INFO tempest.lib.common.rest_client [req-5f8563b0-d74a-4696-8916-0394e18ca762 req-5f8563b0-d74a-4696-8916-0394e18ca762 ] Request (FloatingIPDetailsTestJSON:setUpClass): 201 POST http://10.180.1.21/identity/v3/auth/tokens 0.078s
2025-03-26 23:01:24.785 70391 INFO tempest.lib.common.rest_client [req-5c899322-e611-4c20-8983-a5da9ca00797 req-5c899322-e611-4c20-8983-a5da9ca00797 ] Request (FloatingIPDetailsTestJSON:setUpClass): 201 POST http://10.180.1.21/identity/v3/auth/tokens 0.035s
2025-03-26 23:01:24.809 70391 INFO tempest.lib.common.rest_client [req-20097e0d-e328-4031-a879-e7daaa3ea136 req-20097e0d-e328-4031-a879-e7daaa3ea136 ] Request (FloatingIPDetailsTestJSON:setUpClass): 200 GET http://10.180.1.21/identity/v3/domains?name=Default 0.024s
