2025-03-26 22:59:30.279 70367 INFO tempest.lib.common.rest_client [req-7d2fa3e1-6996-4700-bb49-51e7cf9c3108 req-7d2fa3e1-6996-4700-bb49-51e7cf9c3108 ] Request (ServerActionsV293TestJSON:setUpClass): 200 GET http://10.180.1.21/identity/v3/domains?name=Default 0.031s
2025-03-26 22:59:30.313 70367 INFO tempest.lib.common.rest_client [req-38b36092-763a-4357-a5d5-8b486f6d46b0 req-38b36092-763a-4357-a5d5-8b486f6d46b0 ] Request (ServerActionsV293TestJSON:setUpClass): 201 POST http://10.180.1.21/identity/v3/projects 0.033s
2025-03-26 22:59:30.338 70373 INFO tempest.lib.common.rest_client [req-f408838f-42a4-403d-a34c-3115bdb9ff6f req-f408838f-42a4-403d-a34c-3115bdb9ff6f ] Request (FlavorsExtraSpecsNegativeTestJSON:tearDownClass): 200 GET http://10.180.1.21:9696/networking/v2.0/security-groups?tenant_id=677c4fec1fc447f4bb58ddcb46b2985f&name=default 0.667s
2025-03-26 22:59:30.392 70395 INFO tempest.lib.common.rest_client [req-95e8dc2f-e3d2-4c89-b0ac-d2256c8f0d6f req-95e8dc2f-e3d2-4c89-b0ac-d2256c8f0d6f ] Request (ImagesTestJSON:test_create_image_from_stopped_server): 200 GET http://10.180.1.21/compute/v2.1/servers/bcb9a98c-8ec6-4960-966b-9741fee06d34 2.194s
2025-03-26 22:59:30.428 70367 INFO tempest.lib.common.rest_client [req-2a915d1e-32ed-4d74-9ffa-73a8b3ff5185 req-2a915d1e-32ed-4d74-9ffa-73a8b3ff5185 ] Request (ServerActionsV293TestJSON:setUpClass): 201 POST http://10.180.1.21/identity/v3/users 0.114s
2025-03-26 22:59:30.462 70367 INFO tempest.lib.common.rest_client [req-442ae6c9-516e-4738-bacd-e3ac61be073f req-442ae6c9-516e-4738-bacd-e3ac61be073f ] Request (ServerActionsV293TestJSON:setUpClass): 200 GET http://10.180.1.21/identity/v3/roles 0.033s
2025-03-26 22:59:30.464 70393 INFO tempest.lib.common.rest_client [req-9252bc9f-589c-458e-8547-4b94761c48f1 req-9252bc9f-589c-458e-8547-4b94761c48f1 ] Request (QuotaClassesAdminTestJSON:_run_cleanups): 200 PUT http://10.180.1.21/compute/v2.1/os-quota-class-sets/default 2.229s
2025-03-26 22:59:30.497 70367 INFO tempest.lib.common.rest_client [req-5d310117-6f2e-4701-be84-86a7610105e3 req-5d310117-6f2e-4701-be84-86a7610105e3 ] Request (ServerActionsV293TestJSON:setUpClass): 204 PUT http://10.180.1.21/identity/v3/projects/275ef37ea2794e80b110e8b9abb4204b/users/f804944b6c18413b8286605e4646ec32/roles/0efb90318cef4cd69ddf9be13b28e892 0.035s
2025-03-26 22:59:30.498 70367 INFO tempest.lib.common.dynamic_creds [-] Dynamic test user f804944b6c18413b8286605e4646ec32 is created with scope project and roles: ['member']
2025-03-26 22:59:30.498 70367 INFO tempest.lib.common.dynamic_creds [-] Acquired dynamic creds: credentials: Credentials: {'domain_id': 'default', 'domain_name': 'Default', 'username': 'tempest-ServerActionsV293TestJSON-1319363271-project-member', 'project_domain_id': 'default', 'project_domain_name': 'Default', 'project_id': '275ef37ea2794e80b110e8b9abb4204b', 'project_name': 'tempest-ServerActionsV293TestJSON-1319363271', 'tenant_id': '275ef37ea2794e80b110e8b9abb4204b', 'tenant_name': 'tempest-ServerActionsV293TestJSON-1319363271', 'user_domain_id': 'default', 'user_domain_name': 'Default', 'user_id': 'f804944b6c18413b8286605e4646ec32', 'system': None}, Network: None, Subnet: None, Router: None
2025-03-26 22:59:30.558 70373 INFO tempest.lib.common.rest_client [req-1a5784f9-bc9e-4f60-ab13-9f7aaf553e11 req-1a5784f9-bc9e-4f60-ab13-9f7aaf553e11 ] Request (FlavorsExtraSpecsNegativeTestJSON:tearDownClass): 204 DELETE http://10.180.1.21:9696/networking/v2.0/security-groups/a99f96ff-f551-457e-8257-b1d0b9d340cc 0.220s
2025-03-26 22:59:30.611 70393 INFO tempest.lib.common.rest_client [req-79e4c6bd-03bc-4aab-9cb8-6e265f04e04e req-79e4c6bd-03bc-4aab-9cb8-6e265f04e04e ] Request (QuotaClassesAdminTestJSON:tearDownClass): 204 DELETE http://10.180.1.21/identity/v3/users/99b2882c2b744c32997638584d96f51f 0.143s
2025-03-26 22:59:30.624 70419 INFO tempest.lib.common.rest_client [req-f95fa4b8-a990-4f59-97f3-74cd88f5312a req-f95fa4b8-a990-4f59-97f3-74cd88f5312a ] Request (FlavorsAccessNegativeTestJSON:test_flavor_non_admin_add): 403 POST http://10.180.1.21/compute/v2.1/flavors/1414663561/action 2.274s
2025-03-26 22:59:30.678 70367 INFO tempest.lib.common.rest_client [req-d56351e6-af04-4a52-b8ba-fbaddffb7e16 req-d56351e6-af04-4a52-b8ba-fbaddffb7e16 ] Request (ServerActionsV293TestJSON:setUpClass): 201 POST http://10.180.1.21/identity/v3/auth/tokens 0.179s
2025-03-26 22:59:30.694 70383 INFO tempest.lib.common.rest_client [req-4c0b74d8-c1e5-47ed-8008-f87da0817687 req-4c0b74d8-c1e5-47ed-8008-f87da0817687 ] Request (QuotasAdminTestV236:test_get_updated_quotas): 200 GET http://10.180.1.21/identity/v3/domains?name=Default 0.206s
2025-03-26 22:59:30.711 70365 INFO tempest.lib.common.rest_client [req-bd01e667-8a8f-4ca9-a1a2-14ca7e50df2c req-bd01e667-8a8f-4ca9-a1a2-14ca7e50df2c ] Request (SecurityGroupRulesTestJSON:test_security_group_rules_create_with_optional_group_id): 200 POST http://10.180.1.21/compute/v2.1/os-security-groups 2.499s
2025-03-26 22:59:30.751 70373 INFO tempest.lib.common.rest_client [req-ff757f51-4523-436e-a785-541c8488b03d req-ff757f51-4523-436e-a785-541c8488b03d ] Request (FlavorsExtraSpecsNegativeTestJSON:tearDownClass): 204 DELETE http://10.180.1.21/identity/v3/projects/677c4fec1fc447f4bb58ddcb46b2985f 0.192s
2025-03-26 22:59:30.751 70373 INFO tempest.lib.common.dynamic_creds [-] Deleting project and security group for project: 4ef41ed9e7604456bbfd2d50010186ab
2025-03-26 22:59:30.761 70393 INFO tempest.lib.common.rest_client [req-19e159aa-b84b-4d5d-971f-cf33298bebe3 req-19e159aa-b84b-4d5d-971f-cf33298bebe3 ] Request (QuotaClassesAdminTestJSON:tearDownClass): 204 DELETE http://10.180.1.21/identity/v3/users/a791d5d473d449479278abc9462605b5 0.150s
2025-03-26 22:59:30.762 70393 INFO tempest.lib.common.dynamic_creds [-] Deleting project and security group for project: dc5538dffefc4045a3c56d627823893d
2025-03-26 22:59:30.822 70361 INFO tempest.lib.common.rest_client [req-5d7b8bb8-37e5-43ed-8b8f-491e25d8c816 req-5d7b8bb8-37e5-43ed-8b8f-491e25d8c816 ] Request (DeleteServersAdminTestJSON:test_admin_delete_servers_of_others): 200 GET http://10.180.1.21/compute/v2.1/servers/bc534caf-e753-41cf-bc21-7347d26bf4ce 2.458s
2025-03-26 22:59:30.866 70383 INFO tempest.lib.common.rest_client [req-7e4558d6-86c0-4c30-9567-b843687d5698 req-7e4558d6-86c0-4c30-9567-b843687d5698 ] Request (QuotasAdminTestV236:test_get_updated_quotas): 201 POST http://10.180.1.21/identity/v3/projects 0.171s
2025-03-26 22:59:30.875 70381 INFO tempest.lib.common.rest_client [req-861df48e-2d83-402b-8275-adaa9ae8413b req-861df48e-2d83-402b-8275-adaa9ae8413b ] Request (ServerDiagnosticsNegativeTest:test_get_server_diagnostics_by_non_admin): 403 GET http://10.180.1.21/compute/v2.1/servers/ce22226b-87b3-48ee-909f-af3da8a63a41/diagnostics 2.268s
2025-03-26 22:59:30.902 70357 INFO tempest.lib.common.rest_client [req-8630e43a-637f-48b2-9700-570bd2171d7e req-8630e43a-637f-48b2-9700-570bd2171d7e ] Request (ServersTestJSON:setUpClass): 201 POST http://10.180.1.21:9696/networking/v2.0/subnets 0.929s
2025-03-26 22:59:30.909 70393 INFO tempest.lib.common.rest_client [req-2029b362-8c8c-4f83-bdc9-92c9acf920e6 req-2029b362-8c8c-4f83-bdc9-92c9acf920e6 ] Request (QuotaClassesAdminTestJSON:tearDownClass): 201 POST http://10.180.1.21/identity/v3/auth/tokens 0.145s
2025-03-26 22:59:30.929 70383 INFO tempest.lib.common.rest_client [req-689d74a8-1f27-450e-bd2a-108fcbba7c21 req-689d74a8-1f27-450e-bd2a-108fcbba7c21 ] Request (QuotasAdminTestV236:test_get_updated_quotas): 200 GET http://10.180.1.21/identity/v3/domains?name=Default 0.062s
2025-03-26 22:59:30.939 70391 INFO tempest.lib.common.rest_client [req-4c7abb72-9978-45dc-ad07-647e4e2fde03 req-4c7abb72-9978-45dc-ad07-647e4e2fde03 ] Request (ServerDiagnosticsTest:test_get_server_diagnostics): 200 GET http://10.180.1.21/compute/v2.1/servers/677f9ba1-fafd-4309-82f9-f9d6b537db6c 2.509s
2025-03-26 22:59:30.961 70411 INFO tempest.lib.common.rest_client [req-409f19c1-2583-4e86-804d-623663e3e6b5 req-409f19c1-2583-4e86-804d-623663e3e6b5 ] Request (SecurityGroupRulesNegativeTestJSON:test_create_security_group_rule_with_invalid_to_port): 400 POST http://10.180.1.21/compute/v2.1/os-security-group-rules 2.287s
2025-03-26 22:59:31.130 70373 INFO tempest.lib.common.rest_client [req-6f16d3c6-5c6e-4232-b318-64a7653cdcd2 req-6f16d3c6-5c6e-4232-b318-64a7653cdcd2 ] Request (FlavorsExtraSpecsNegativeTestJSON:tearDownClass): 200 GET http://10.180.1.21:9696/networking/v2.0/security-groups?tenant_id=4ef41ed9e7604456bbfd2d50010186ab&name=default 0.379s
2025-03-26 22:59:31.196 70399 INFO tempest.lib.common.rest_client [req-847b8b4d-11ec-4b00-824b-0177e0609f32 req-847b8b4d-11ec-4b00-824b-0177e0609f32 ] Request (ImagesOneServerTestJSON:setUpClass): 200 GET http://10.180.1.21/compute/v2.1/servers/07f71beb-8383-460f-a2b3-3ca63b9fe69a 2.431s
2025-03-26 22:59:31.206 70399 INFO tempest.common.waiters [-] State transition "BUILD/None" ==> "BUILD/spawning" after 11 second wait
2025-03-26 22:59:31.215 70387 INFO tempest.lib.common.rest_client [req-4b64f299-21b3-436a-bc6c-a64b7fb3966c req-4b64f299-21b3-436a-bc6c-a64b7fb3966c ] Request (ImagesMetadataNegativeTestJSON:test_set_nonexistent_image_metadata): 404 PUT http://10.180.1.21/compute/v2.1/images/f432fb4b-e4f7-4366-86a8-3ba649fff907/metadata 2.404s
2025-03-26 22:59:31.242 70407 INFO tempest.lib.common.rest_client [req-d81f3907-673d-4912-a07d-c63e11606dcb req-d81f3907-673d-4912-a07d-c63e11606dcb ] Request (ServerExternalEventsTest:test_create_server_external_events): 200 GET http://10.180.1.21/compute/v2.1/servers/93508e4f-7497-4ff0-90d6-f8176c4a79be 2.474s
2025-03-26 22:59:31.346 70409 INFO tempest.lib.common.rest_client [req-c694bf7a-c6e7-42b2-9d70-fadab319ab9b req-c694bf7a-c6e7-42b2-9d70-fadab319ab9b ] Request (ImagesOneServerNegativeTestJSON:setUpClass): 200 GET http://10.180.1.21/compute/v2.1/servers/0a2ce7c7-8747-4c46-916b-331e8781a46e 2.011s
2025-03-26 22:59:31.452 70385 INFO tempest.lib.common.rest_client [req-d95ab074-070c-48ee-9e83-c3a579cfa88e req-d95ab074-070c-48ee-9e83-c3a579cfa88e ] Request (FlavorsExtraSpecsTestJSON:tearDownClass): 202 DELETE http://10.180.1.21/compute/v2.1/flavors/306070906 2.057s
2025-03-26 22:59:31.487 70393 INFO tempest.lib.common.rest_client [req-a03e8898-ea99-4c7a-a21d-109adcf4d21d req-a03e8898-ea99-4c7a-a21d-109adcf4d21d ] Request (QuotaClassesAdminTestJSON:tearDownClass): 200 GET http://10.180.1.21:9696/networking/v2.0/security-groups?tenant_id=dc5538dffefc4045a3c56d627823893d&name=default 0.578s
2025-03-26 22:59:31.492 70377 INFO tempest.lib.common.rest_client [req-c50b0c70-6f56-46ac-9bbf-dafe3b1e2310 req-c50b0c70-6f56-46ac-9bbf-dafe3b1e2310 ] Request (FlavorsAdminTestJSON:_run_cleanups): 200 GET http://10.180.1.21/compute/v2.1/flavors/detail 2.053s
2025-03-26 22:59:31.570 70371 INFO tempest.lib.common.rest_client [req-5a31480e-173a-4cf8-b20a-6faeb2736bb2 req-5a31480e-173a-4cf8-b20a-6faeb2736bb2 ] Request (MigrationsAdminTest:test_list_migrations_in_flavor_resize_situation): 200 GET http://10.180.1.21/compute/v2.1/servers/fc07fedf-7946-4d49-af1e-f45d8c5e5feb 2.507s
2025-03-26 22:59:31.571 70405 INFO tempest.lib.common.rest_client [req-a28dc420-5498-4bef-b2d0-72d1badb05c0 req-a28dc420-5498-4bef-b2d0-72d1badb05c0 ] Request (ServersTestFqdnHostnames:test_create_server_with_fqdn_name): 200 GET http://10.180.1.21/compute/v2.1/servers/452a1a3d-c03a-4d5a-b2f5-98e95bcc01f7 2.123s
2025-03-26 22:59:31.580 70371 INFO tempest.common.waiters [-] State transition "BUILD/block_device_mapping" ==> "BUILD/spawning" after 17 second wait
2025-03-26 22:59:31.603 70359 INFO tempest.lib.common.rest_client [req-7a3400d4-cd8a-4710-af01-7db2b978e3cf req-7a3400d4-cd8a-4710-af01-7db2b978e3cf ] Request (HostsAdminTestJSON:test_show_host_detail): 200 GET http://10.180.1.21/compute/v2.1/os-hosts 2.138s
2025-03-26 22:59:31.614 70373 INFO tempest.lib.common.rest_client [req-f81caaa9-092b-46fb-991a-8cf99ef25a5e req-f81caaa9-092b-46fb-991a-8cf99ef25a5e ] Request (FlavorsExtraSpecsNegativeTestJSON:tearDownClass): 204 DELETE http://10.180.1.21:9696/networking/v2.0/security-groups/458ea1b9-0917-4f32-ae17-adc0080fd341 0.483s
2025-03-26 22:59:31.659 70367 INFO tempest.lib.common.rest_client [req-5c2c8446-7805-4469-8e79-483a13962481 req-5c2c8446-7805-4469-8e79-483a13962481 ] Request (ServerActionsV293TestJSON:setUpClass): 201 POST http://10.180.1.21:9696/networking/v2.0/networks 0.981s
2025-03-26 22:59:31.746 70373 INFO tempest.lib.common.rest_client [req-12b31819-9534-4259-9316-761c7913e876 req-12b31819-9534-4259-9316-761c7913e876 ] Request (FlavorsExtraSpecsNegativeTestJSON:tearDownClass): 204 DELETE http://10.180.1.21/identity/v3/projects/4ef41ed9e7604456bbfd2d50010186ab 0.131s
2025-03-26 22:59:31.779 70403 INFO tempest.lib.common.rest_client [req-ef64a78a-106f-4862-81d3-209bc723c18f req-ef64a78a-106f-4862-81d3-209bc723c18f ] Request (VolumesAssistedSnapshotsTest:test_volume_assisted_snapshot_create_delete): 200 GET http://10.180.1.21/compute/v2.1/servers/6c7f4b2e-2535-4535-b17a-d487ef4ef792 1.986s
2025-03-26 22:59:31.809 70415 INFO tempest.lib.common.rest_client [req-25ab30fc-9650-4e33-b21b-83b7ca9b60e1 req-25ab30fc-9650-4e33-b21b-83b7ca9b60e1 ] Request (QuotasAdminNegativeTest:_run_cleanups): 200 PUT http://10.180.1.21/compute/v2.1/os-quota-sets/efd703d46be54e0e8d2d8aff5bac5787 2.058s
2025-03-26 22:59:31.815 70401 INFO tempest.lib.common.rest_client [req-2492bf7c-5b33-474c-a174-39520db8cdd3 req-2492bf7c-5b33-474c-a174-39520db8cdd3 ] Request (AggregatesAdminNegativeTestJSON:test_aggregate_create_aggregate_name_length_exceeds_255): 400 POST http://10.180.1.21/compute/v2.1/os-aggregates 1.990s
2025-03-26 22:59:31.817 70393 INFO tempest.lib.common.rest_client [req-4b6c6b08-d09e-43d0-b3d6-02504135c385 req-4b6c6b08-d09e-43d0-b3d6-02504135c385 ] Request (QuotaClassesAdminTestJSON:tearDownClass): 204 DELETE http://10.180.1.21:9696/networking/v2.0/security-groups/10339874-964b-4a6a-b1b5-c369bc880430 0.330s
2025-03-26 22:59:31.825 70413 INFO tempest.lib.common.rest_client [req-2df4c71c-f9ce-4bf9-863a-f64cdc6fd253 req-2df4c71c-f9ce-4bf9-863a-f64cdc6fd253 ] Request (ListImageFiltersTestJSON:setUpClass): 200 GET http://10.180.1.21/compute/v2.1/images/ac1974fb-0c65-4a17-ae56-65019ef88fab 2.031s
2025-03-26 22:59:31.838 70369 INFO tempest.lib.common.rest_client [req-6e5d9f69-a850-4fcb-8b88-371b36bfdb45 req-6e5d9f69-a850-4fcb-8b88-371b36bfdb45 ] Request (FlavorsV2TestJSON:test_list_flavors_using_marker): 200 GET http://10.180.1.21/compute/v2.1/flavors/42 1.986s
2025-03-26 22:59:31.855 70373 INFO tempest.lib.common.rest_client [req-3b99614b-fe09-4445-934b-d41cf742ffc9 req-3b99614b-fe09-4445-934b-d41cf742ffc9 ] Request (HypervisorAdminV253TestBase:setUpClass): 201 POST http://10.180.1.21/identity/v3/auth/tokens 0.108s
2025-03-26 22:59:31.857 70419 INFO tempest.lib.common.rest_client [req-5eeb7e75-4a12-43d2-9de5-256289097065 req-5eeb7e75-4a12-43d2-9de5-256289097065 ] Request (FlavorsAccessNegativeTestJSON:_run_cleanups): 202 DELETE http://10.180.1.21/compute/v2.1/flavors/1414663561 1.232s
2025-03-26 22:59:31.894 70373 INFO tempest.lib.common.rest_client [req-8932cde0-a036-42de-908c-f09de4437af0 req-8932cde0-a036-42de-908c-f09de4437af0 ] Request (HypervisorAdminV253TestBase:setUpClass): 201 POST http://10.180.1.21/identity/v3/auth/tokens 0.029s
2025-03-26 22:59:31.905 70375 INFO tempest.lib.common.rest_client [req-c84bfcf0-5ced-4e05-9f51-a691755e912a req-c84bfcf0-5ced-4e05-9f51-a691755e912a ] Request (ServersWithSpecificFlavorTestJSON:test_verify_created_server_ephemeral_disk): 200 GET http://10.180.1.21/compute/v2.1/servers/bcd51f86-c628-48d1-b7e2-d1eec7331b3f 1.767s
2025-03-26 22:59:31.938 70393 INFO tempest.lib.common.rest_client [req-9e6c2263-b48b-4fef-9fbd-3128fb7781d7 req-9e6c2263-b48b-4fef-9fbd-3128fb7781d7 ] Request (QuotaClassesAdminTestJSON:tearDownClass): 204 DELETE http://10.180.1.21/identity/v3/projects/dc5538dffefc4045a3c56d627823893d 0.121s
2025-03-26 22:59:31.939 70393 INFO tempest.lib.common.dynamic_creds [-] Deleting project and security group for project: c18f26715557453196eda0b4d40b115a
2025-03-26 22:59:32.001 70373 INFO tempest.lib.common.rest_client [req-6b56d5f0-5e3a-45d4-9760-834dd3703d5f req-6b56d5f0-5e3a-45d4-9760-834dd3703d5f ] Request (HypervisorAdminV253TestBase:setUpClass): 200 GET http://10.180.1.21/identity/v3/domains?name=Default 0.106s
2025-03-26 22:59:32.028 70381 INFO tempest.lib.common.rest_client [req-ea4e1678-16a5-4406-8bdf-a0f5deadd264 req-ea4e1678-16a5-4406-8bdf-a0f5deadd264 ] Request (ServerDiagnosticsNegativeTest:tearDownClass): 204 DELETE http://10.180.1.21/compute/v2.1/servers/ce22226b-87b3-48ee-909f-af3da8a63a41 1.145s
2025-03-26 22:59:32.030 70363 INFO tempest.lib.common.rest_client [req-2a226033-8021-4a9c-be2a-7442d618e708 req-2a226033-8021-4a9c-be2a-7442d618e708 ] Request (SecurityGroupsTestJSON:setUpClass): 201 POST http://10.180.1.21:9696/networking/v2.0/routers 2.081s
2025-03-26 22:59:32.039 70373 INFO tempest.lib.common.rest_client [req-12da81b4-06e7-4da9-bd72-316c554f0f8e req-12da81b4-06e7-4da9-bd72-316c554f0f8e ] Request (HypervisorAdminV253TestBase:setUpClass): 201 POST http://10.180.1.21/identity/v3/projects 0.038s
2025-03-26 22:59:32.113 70367 INFO tempest.lib.common.rest_client [req-38e565f0-2d1c-4873-a16b-0989baf9d459 req-38e565f0-2d1c-4873-a16b-0989baf9d459 ] Request (ServerActionsV293TestJSON:setUpClass): 201 POST http://10.180.1.21:9696/networking/v2.0/subnets 0.452s
2025-03-26 22:59:32.170 70373 INFO tempest.lib.common.rest_client [req-6cab5112-437e-4067-925a-12948ad0f160 req-6cab5112-437e-4067-925a-12948ad0f160 ] Request (HypervisorAdminV253TestBase:setUpClass): 201 POST http://10.180.1.21/identity/v3/users 0.130s
2025-03-26 22:59:32.199 70373 INFO tempest.lib.common.rest_client [req-3f102e04-28ba-4e64-9a43-c488f6a8dfb7 req-3f102e04-28ba-4e64-9a43-c488f6a8dfb7 ] Request (HypervisorAdminV253TestBase:setUpClass): 200 GET http://10.180.1.21/identity/v3/roles 0.028s
2025-03-26 22:59:32.227 70373 INFO tempest.lib.common.rest_client [req-c3db4116-2d45-4c92-b983-99e462d21349 req-c3db4116-2d45-4c92-b983-99e462d21349 ] Request (HypervisorAdminV253TestBase:setUpClass): 204 PUT http://10.180.1.21/identity/v3/projects/148fc516e46f4416847aea97cfab14e0/users/2e40f033d239444b806ed246935c9f5b/roles/0efb90318cef4cd69ddf9be13b28e892 0.028s
2025-03-26 22:59:32.228 70373 INFO tempest.lib.common.dynamic_creds [-] Dynamic test user 2e40f033d239444b806ed246935c9f5b is created with scope project and roles: ['member']
2025-03-26 22:59:32.228 70373 INFO tempest.lib.common.dynamic_creds [-] Acquired dynamic creds: credentials: Credentials: {'domain_id': 'default', 'domain_name': 'Default', 'username': 'tempest-HypervisorAdminV253TestBase-279972841-project-member', 'project_domain_id': 'default', 'project_domain_name': 'Default', 'project_id': '148fc516e46f4416847aea97cfab14e0', 'project_name': 'tempest-HypervisorAdminV253TestBase-279972841', 'tenant_id': '148fc516e46f4416847aea97cfab14e0', 'tenant_name': 'tempest-HypervisorAdminV253TestBase-279972841', 'user_domain_id': 'default', 'user_domain_name': 'Default', 'user_id': '2e40f033d239444b806ed246935c9f5b', 'system': None}, Network: None, Subnet: None, Router: None
2025-03-26 22:59:32.228 70373 INFO tempest.lib.common.dynamic_creds [-] Created isolated network resources for: credentials: Credentials: {'domain_id': 'default', 'domain_name': 'Default', 'username': 'tempest-HypervisorAdminV253TestBase-279972841-project-member', 'project_domain_id': 'default', 'project_domain_name': 'Default', 'project_id': '148fc516e46f4416847aea97cfab14e0', 'project_name': 'tempest-HypervisorAdminV253TestBase-279972841', 'tenant_id': '148fc516e46f4416847aea97cfab14e0', 'tenant_name': 'tempest-HypervisorAdminV253TestBase-279972841', 'user_domain_id': 'default', 'user_domain_name': 'Default', 'user_id': '2e40f033d239444b806ed246935c9f5b', 'system': None}, Network: None, Subnet: None, Router: None
2025-03-26 22:59:32.276 70393 INFO tempest.lib.common.rest_client [req-286565dd-c713-44db-a12e-1d79d9341e19 req-286565dd-c713-44db-a12e-1d79d9341e19 ] Request (QuotaClassesAdminTestJSON:tearDownClass): 200 GET http://10.180.1.21:9696/networking/v2.0/security-groups?tenant_id=c18f26715557453196eda0b4d40b115a&name=default 0.336s
2025-03-26 22:59:32.337 70373 INFO tempest.lib.common.rest_client [req-7b2a1398-5493-4034-8c9e-89357ba8958f req-7b2a1398-5493-4034-8c9e-89357ba8958f ] Request (HypervisorAdminV253TestBase:setUpClass): 201 POST http://10.180.1.21/identity/v3/auth/tokens 0.104s
2025-03-26 22:59:32.406 70383 INFO tempest.lib.common.rest_client [req-371bd1db-5877-4b1b-83f5-a27204737da4 req-371bd1db-5877-4b1b-83f5-a27204737da4 ] Request (QuotasAdminTestV236:test_get_updated_quotas): 200 PUT http://10.180.1.21/compute/v2.1/os-quota-sets/a4f52484e57e44bd9936f5096ba01015 1.477s
2025-03-26 22:59:32.434 70413 INFO tempest.lib.common.rest_client [req-94d5b8f7-5946-46e2-81a0-e4458dffbcaa req-94d5b8f7-5946-46e2-81a0-e4458dffbcaa ] Request (ListImageFiltersTestJSON:setUpClass): 201 POST http://10.180.1.21/image/v2/images 0.599s
2025-03-26 22:59:32.440 70373 INFO tempest.lib.common.rest_client [req-2eed2254-058a-4477-9ff9-1522c554036f req-2eed2254-058a-4477-9ff9-1522c554036f ] Request (HypervisorAdminV253TestBase:setUpClass): 201 POST http://10.180.1.21/identity/v3/projects 0.101s
2025-03-26 22:59:32.473 70411 INFO tempest.lib.common.rest_client [req-f3602ff9-9ed7-424a-80bb-022a9ecc5e88 req-f3602ff9-9ed7-424a-80bb-022a9ecc5e88 ] Request (SecurityGroupRulesNegativeTestJSON:test_create_security_group_rule_with_non_existent_id): 404 POST http://10.180.1.21/compute/v2.1/os-security-group-rules 1.506s
2025-03-26 22:59:32.494 70387 INFO tempest.lib.common.rest_client [req-474361e4-4500-4f36-acbc-a42b59fd2286 req-474361e4-4500-4f36-acbc-a42b59fd2286 ] Request (ImagesMetadataNegativeTestJSON:test_set_nonexistent_image_metadata_item): 404 PUT http://10.180.1.21/compute/v2.1/images/678b507b-d5e0-4ac7-93b7-ae94483c4dbe/metadata/os_distro 1.277s
2025-03-26 22:59:32.538 70373 INFO tempest.lib.common.rest_client [req-ec53e328-9c99-4a72-bf1e-043851e5fd2a req-ec53e328-9c99-4a72-bf1e-043851e5fd2a ] Request (HypervisorAdminV253TestBase:setUpClass): 201 POST http://10.180.1.21/identity/v3/users 0.097s
2025-03-26 22:59:32.541 70365 INFO tempest.lib.common.rest_client [req-c4801bc3-e0fc-4345-9214-e075cc2eb59f req-c4801bc3-e0fc-4345-9214-e075cc2eb59f ] Request (SecurityGroupRulesTestJSON:test_security_group_rules_create_with_optional_group_id): 200 POST http://10.180.1.21/compute/v2.1/os-security-groups 1.825s
2025-03-26 22:59:32.570 70373 INFO tempest.lib.common.rest_client [req-0a68de79-beae-455e-a5b4-26bc584aad37 req-0a68de79-beae-455e-a5b4-26bc584aad37 ] Request (HypervisorAdminV253TestBase:setUpClass): 200 GET http://10.180.1.21/identity/v3/roles 0.032s
2025-03-26 22:59:32.574 70385 INFO tempest.lib.common.rest_client [req-f02d0760-a4f0-445b-b2fe-97faa95630bd req-f02d0760-a4f0-445b-b2fe-97faa95630bd ] Request (FlavorsExtraSpecsTestJSON:tearDownClass): 200 GET http://10.180.1.21/compute/v2.1/flavors/detail 1.122s
2025-03-26 22:59:32.597 70389 INFO tempest.lib.common.rest_client [req-7ddbf0f0-1408-429e-b677-2fa23fe8870a req-7ddbf0f0-1408-429e-b677-2fa23fe8870a ] Request (ServersAdminTestJSON:setUpClass): 200 PUT http://10.180.1.21:9696/networking/v2.0/routers/13e39ec9-e8b6-4701-bf56-946b68ee37a0/add_router_interface 4.466s
2025-03-26 22:59:32.597 70389 INFO tempest.lib.common.dynamic_creds [-] Created isolated network resources for: credentials: Credentials: {'domain_id': 'default', 'domain_name': 'Default', 'username': 'tempest-ServersAdminTestJSON-339487726-project-member', 'project_domain_id': 'default', 'project_domain_name': 'Default', 'project_id': '3f2aae429f95441d94ec1b3018b4a3ab', 'project_name': 'tempest-ServersAdminTestJSON-339487726', 'tenant_id': '3f2aae429f95441d94ec1b3018b4a3ab', 'tenant_name': 'tempest-ServersAdminTestJSON-339487726', 'user_domain_id': 'default', 'user_domain_name': 'Default', 'user_id': 'ce3bf81809e8499cb01c49573aa912dd', 'system': None}, Network: {'id': 'eefad460-93c8-43bf-9ad7-05c814516d13', 'name': 'tempest-ServersAdminTestJSON-1410377199-network', 'tenant_id': '3f2aae429f95441d94ec1b3018b4a3ab', 'admin_state_up': True, 'mtu': 8950, 'status': 'ACTIVE', 'subnets': [], 'shared': False, 'project_id': '3f2aae429f95441d94ec1b3018b4a3ab', 'port_security_enabled': True, 'router:external': False, 'provider:network_type': 'vlan', 'provider:physical_network': 'default', 'provider:segmentation_id': 275, 'availability_zone_hints': [], 'availability_zones': [], 'ipv4_address_scope': None, 'ipv6_address_scope': None, 'description': '', 'tags': [], 'created_at': '2025-03-26T22:59:25Z', 'updated_at': '2025-03-26T22:59:25Z', 'revision_number': 1}, Subnet: {'id': 'e0835bc3-31fd-464f-93d6-cb3b4d494e5f', 'name': 'tempest-ServersAdminTestJSON-1410377199-subnet', 'tenant_id': '3f2aae429f95441d94ec1b3018b4a3ab', 'network_id': 'eefad460-93c8-43bf-9ad7-05c814516d13', 'ip_version': 4, 'subnetpool_id': None, 'enable_dhcp': True, 'ipv6_ra_mode': None, 'ipv6_address_mode': None, 'gateway_ip': '192.168.128.1', 'cidr': '192.168.128.0/28', 'allocation_pools': [{'start': '192.168.128.2', 'end': '192.168.128.14'}], 'host_routes': [], 'dns_nameservers': [], 'description': '', 'router:external': False, 'service_types': [], 'tags': [], 'created_at': '2025-03-26T22:59:26Z', 'updated_at': '2025-03-26T22:59:26Z', 'revision_number': 0, 'project_id': '3f2aae429f95441d94ec1b3018b4a3ab'}, Router: {'id': '13e39ec9-e8b6-4701-bf56-946b68ee37a0', 'name': 'tempest-ServersAdminTestJSON-1410377199-router', 'tenant_id': '3f2aae429f95441d94ec1b3018b4a3ab', 'admin_state_up': True, 'status': 'ACTIVE', 'external_gateway_info': {'network_id': '2b01fef5-696c-4aa8-a98e-1b8b7e876f05', 'external_fixed_ips': [{'subnet_id': 'a7ff4e01-f5d5-4212-9d97-79df71357c34', 'ip_address': '10.180.180.141'}], 'enable_snat': True}, 'description': '', 'availability_zones': [], 'distributed': False, 'ha': False, 'availability_zone_hints': [], 'routes': [], 'flavor_id': None, 'tags': [], 'created_at': '2025-03-26T22:59:26Z', 'updated_at': '2025-03-26T22:59:27Z', 'revision_number': 2, 'project_id': '3f2aae429f95441d94ec1b3018b4a3ab'}
2025-03-26 22:59:32.597 70377 INFO tempest.lib.common.rest_client [req-b415e5bd-4ec5-47a0-b73b-e7591826528f req-b415e5bd-4ec5-47a0-b73b-e7591826528f ] Request (FlavorsAdminTestJSON:test_create_flavor_with_uuid_id): 200 POST http://10.180.1.21/compute/v2.1/flavors 1.098s
2025-03-26 22:59:32.609 70373 INFO tempest.lib.common.rest_client [req-cf302167-c809-4239-b520-c33401850f0a req-cf302167-c809-4239-b520-c33401850f0a ] Request (HypervisorAdminV253TestBase:setUpClass): 204 PUT http://10.180.1.21/identity/v3/projects/6819a2808ce24b508029d8ce20bf3194/users/cacf68b1f16446ada0c9f6ae27ebe7f8/roles/fbbd6488075040d091bf7ae65313aedc 0.038s
2025-03-26 22:59:32.650 70359 INFO tempest.lib.common.rest_client [req-c4184f45-8ac6-4a05-985e-083766b8fdd3 req-c4184f45-8ac6-4a05-985e-083766b8fdd3 ] Request (HostsAdminTestJSON:test_show_host_detail): 200 GET http://10.180.1.21/compute/v2.1/os-hosts/cpu-1 1.044s
2025-03-26 22:59:32.657 70415 INFO tempest.lib.common.rest_client [req-62b9df42-7698-4a52-b0b2-1d1ccb2fc84c req-62b9df42-7698-4a52-b0b2-1d1ccb2fc84c ] Request (QuotasAdminNegativeTest:test_update_quota_normal_user): 403 PUT http://10.180.1.21/compute/v2.1/os-quota-sets/efd703d46be54e0e8d2d8aff5bac5787 0.844s
2025-03-26 22:59:32.662 70401 INFO tempest.lib.common.rest_client [req-bb8861b1-8073-4180-9017-9a97125fbe2a req-bb8861b1-8073-4180-9017-9a97125fbe2a ] Request (AggregatesAdminNegativeTestJSON:test_aggregate_create_aggregate_name_length_less_than_1): 400 POST http://10.180.1.21/compute/v2.1/os-aggregates 0.845s
2025-03-26 22:59:32.690 70389 INFO tempest.lib.common.rest_client [req-bd777efc-6868-461c-8736-40f57c575383 req-bd777efc-6868-461c-8736-40f57c575383 ] Request (ServersAdminTestJSON:setUpClass): 201 POST http://10.180.1.21/identity/v3/auth/tokens 0.084s
2025-03-26 22:59:32.716 70385 INFO tempest.lib.common.rest_client [req-cbde5f01-d4f3-4af5-a82c-efd757e6d962 req-cbde5f01-d4f3-4af5-a82c-efd757e6d962 ] Request (FlavorsExtraSpecsTestJSON:tearDownClass): 204 DELETE http://10.180.1.21/identity/v3/users/976b3e8c08d9417fb86846ca5b33bbad 0.135s
2025-03-26 22:59:32.754 70373 INFO tempest.lib.common.rest_client [req-9e137bdd-42e2-44b8-b1c0-d3d3f55e6126 req-9e137bdd-42e2-44b8-b1c0-d3d3f55e6126 ] Request (HypervisorAdminV253TestBase:setUpClass): 200 GET http://10.180.1.21/identity/v3/roles 0.144s
2025-03-26 22:59:32.807 70393 INFO tempest.lib.common.rest_client [req-e1054b73-c6ab-4916-80ab-c9c7d24105f8 req-e1054b73-c6ab-4916-80ab-c9c7d24105f8 ] Request (QuotaClassesAdminTestJSON:tearDownClass): 204 DELETE http://10.180.1.21:9696/networking/v2.0/security-groups/801240f5-a07b-4c6e-b93a-ea37c2967e6c 0.530s
2025-03-26 22:59:32.824 70359 INFO tempest.lib.common.rest_client [req-80fccc4f-7b4c-4bf3-bf07-9acee0e60f12 req-80fccc4f-7b4c-4bf3-bf07-9acee0e60f12 ] Request (HostsAdminTestJSON:tearDownClass): 204 DELETE http://10.180.1.21/identity/v3/users/727eeacb43cc4cdb8c5c2db8aa7f0ec5 0.171s
2025-03-26 22:59:32.843 70415 INFO tempest.lib.common.rest_client [req-ab3d65d7-ce88-438e-a7f6-5a5e1ac68d9b req-ab3d65d7-ce88-438e-a7f6-5a5e1ac68d9b ] Request (QuotasAdminNegativeTest:tearDownClass): 204 DELETE http://10.180.1.21/identity/v3/users/ba7c6215b9d64cee92ddb5be3ebaa244 0.185s
2025-03-26 22:59:32.928 70395 INFO tempest.lib.common.rest_client [req-ce388514-263b-4903-8b31-ec66d374ad87 req-ce388514-263b-4903-8b31-ec66d374ad87 ] Request (ImagesTestJSON:test_create_image_from_stopped_server): 200 GET http://10.180.1.21/compute/v2.1/servers/bcb9a98c-8ec6-4960-966b-9741fee06d34 1.523s
2025-03-26 22:59:32.932 70389 INFO tempest.lib.common.rest_client [req-dfd7c30d-0ad2-4b9b-b4e1-92726369d630 req-dfd7c30d-0ad2-4b9b-b4e1-92726369d630 ] Request (ServersAdminTestJSON:setUpClass): 201 POST http://10.180.1.21/identity/v3/projects 0.240s
2025-03-26 22:59:32.948 70385 INFO tempest.lib.common.rest_client [req-f66a4d9d-3968-4222-a85c-0596c4e33ef9 req-f66a4d9d-3968-4222-a85c-0596c4e33ef9 ] Request (FlavorsExtraSpecsTestJSON:tearDownClass): 204 DELETE http://10.180.1.21/identity/v3/users/d8d129a18547436c8cae4c9dcf8f68c6 0.231s
2025-03-26 22:59:32.949 70385 INFO tempest.lib.common.dynamic_creds [-] Deleting project and security group for project: 9ea94f11a75d4ea587c2fbebc9585547
2025-03-26 22:59:32.974 70369 INFO tempest.lib.common.rest_client [req-534e85d2-511d-4bfe-ab92-2e0782404a9b req-534e85d2-511d-4bfe-ab92-2e0782404a9b ] Request (FlavorsV2TestJSON:test_list_flavors_using_marker): 200 GET http://10.180.1.21/compute/v2.1/flavors?marker=42 1.133s
2025-03-26 22:59:32.974 70397 INFO tempest.lib.common.rest_client [req-b2d4fff3-f98f-427f-8490-3013ec486f0f req-b2d4fff3-f98f-427f-8490-3013ec486f0f ] Request (AttachInterfacesTestJSON:setUpClass): 200 PUT http://10.180.1.21:9696/networking/v2.0/routers/df9e21c1-5293-45fd-b843-4272f7e6c72c/add_router_interface 4.333s
2025-03-26 22:59:32.974 70397 INFO tempest.lib.common.dynamic_creds [-] Created isolated network resources for: credentials: Credentials: {'domain_id': 'default', 'domain_name': 'Default', 'username': 'tempest-AttachInterfacesTestJSON-416818483-project-member', 'project_domain_id': 'default', 'project_domain_name': 'Default', 'project_id': 'da15d1d3e083436d9c7265db9d62fd89', 'project_name': 'tempest-AttachInterfacesTestJSON-416818483', 'tenant_id': 'da15d1d3e083436d9c7265db9d62fd89', 'tenant_name': 'tempest-AttachInterfacesTestJSON-416818483', 'user_domain_id': 'default', 'user_domain_name': 'Default', 'user_id': 'fb478d61804f49dfb268373f3d1b9257', 'system': None}, Network: {'id': 'f0619be7-a5c2-484b-8bb6-a359425d7407', 'name': 'tempest-AttachInterfacesTestJSON-2037481274-network', 'tenant_id': 'da15d1d3e083436d9c7265db9d62fd89', 'admin_state_up': True, 'mtu': 8950, 'status': 'ACTIVE', 'subnets': [], 'shared': False, 'project_id': 'da15d1d3e083436d9c7265db9d62fd89', 'port_security_enabled': True, 'router:external': False, 'provider:network_type': 'vlan', 'provider:physical_network': 'default', 'provider:segmentation_id': 420, 'availability_zone_hints': [], 'availability_zones': [], 'ipv4_address_scope': None, 'ipv6_address_scope': None, 'description': '', 'tags': [], 'created_at': '2025-03-26T22:59:25Z', 'updated_at': '2025-03-26T22:59:25Z', 'revision_number': 1}, Subnet: {'id': '82a4a05e-1412-4b27-9bff-358e4e2f764d', 'name': 'tempest-AttachInterfacesTestJSON-2037481274-subnet', 'tenant_id': 'da15d1d3e083436d9c7265db9d62fd89', 'network_id': 'f0619be7-a5c2-484b-8bb6-a359425d7407', 'ip_version': 4, 'subnetpool_id': None, 'enable_dhcp': True, 'ipv6_ra_mode': None, 'ipv6_address_mode': None, 'gateway_ip': '192.168.128.1', 'cidr': '192.168.128.0/28', 'allocation_pools': [{'start': '192.168.128.2', 'end': '192.168.128.14'}], 'host_routes': [], 'dns_nameservers': [], 'description': '', 'router:external': False, 'service_types': [], 'tags': [], 'created_at': '2025-03-26T22:59:26Z', 'updated_at': '2025-03-26T22:59:26Z', 'revision_number': 0, 'project_id': 'da15d1d3e083436d9c7265db9d62fd89'}, Router: {'id': 'df9e21c1-5293-45fd-b843-4272f7e6c72c', 'name': 'tempest-AttachInterfacesTestJSON-2037481274-router', 'tenant_id': 'da15d1d3e083436d9c7265db9d62fd89', 'admin_state_up': True, 'status': 'ACTIVE', 'external_gateway_info': {'network_id': '2b01fef5-696c-4aa8-a98e-1b8b7e876f05', 'external_fixed_ips': [{'subnet_id': 'a7ff4e01-f5d5-4212-9d97-79df71357c34', 'ip_address': '10.180.180.231'}], 'enable_snat': True}, 'description': '', 'availability_zones': [], 'distributed': False, 'ha': False, 'availability_zone_hints': [], 'routes': [], 'flavor_id': None, 'tags': [], 'created_at': '2025-03-26T22:59:26Z', 'updated_at': '2025-03-26T22:59:27Z', 'revision_number': 2, 'project_id': 'da15d1d3e083436d9c7265db9d62fd89'}
2025-03-26 22:59:32.992 70373 INFO tempest.lib.common.rest_client [req-b397ef5b-be03-46e5-9489-610f884541de req-b397ef5b-be03-46e5-9489-610f884541de ] Request (HypervisorAdminV253TestBase:setUpClass): 204 PUT http://10.180.1.21/identity/v3/projects/6819a2808ce24b508029d8ce20bf3194/users/cacf68b1f16446ada0c9f6ae27ebe7f8/roles/fbbd6488075040d091bf7ae65313aedc 0.237s
2025-03-26 22:59:32.992 70373 INFO tempest.lib.common.dynamic_creds [-] Dynamic test user cacf68b1f16446ada0c9f6ae27ebe7f8 is created with scope project and roles: ['admin']
2025-03-26 22:59:32.992 70373 INFO tempest.lib.common.dynamic_creds [-] Acquired dynamic creds: credentials: Credentials: {'domain_id': 'default', 'domain_name': 'Default', 'username': 'tempest-HypervisorAdminV253TestBase-340327105-project-admin', 'project_domain_id': 'default', 'project_domain_name': 'Default', 'project_id': '6819a2808ce24b508029d8ce20bf3194', 'project_name': 'tempest-HypervisorAdminV253TestBase-340327105', 'tenant_id': '6819a2808ce24b508029d8ce20bf3194', 'tenant_name': 'tempest-HypervisorAdminV253TestBase-340327105', 'user_domain_id': 'default', 'user_domain_name': 'Default', 'user_id': 'cacf68b1f16446ada0c9f6ae27ebe7f8', 'system': None}, Network: None, Subnet: None, Router: None
2025-03-26 22:59:32.992 70373 INFO tempest.lib.common.dynamic_creds [-] Created isolated network resources for: credentials: Credentials: {'domain_id': 'default', 'domain_name': 'Default', 'username': 'tempest-HypervisorAdminV253TestBase-340327105-project-admin', 'project_domain_id': 'default', 'project_domain_name': 'Default', 'project_id': '6819a2808ce24b508029d8ce20bf3194', 'project_name': 'tempest-HypervisorAdminV253TestBase-340327105', 'tenant_id': '6819a2808ce24b508029d8ce20bf3194', 'tenant_name': 'tempest-HypervisorAdminV253TestBase-340327105', 'user_domain_id': 'default', 'user_domain_name': 'Default', 'user_id': 'cacf68b1f16446ada0c9f6ae27ebe7f8', 'system': None}, Network: None, Subnet: None, Router: None
2025-03-26 22:59:33.008 70419 INFO tempest.lib.common.rest_client [req-9e223ae8-3a4c-4741-9050-962485c2427d req-9e223ae8-3a4c-4741-9050-962485c2427d ] Request (FlavorsAccessNegativeTestJSON:_run_cleanups): 200 GET http://10.180.1.21/compute/v2.1/flavors/detail 1.151s
2025-03-26 22:59:33.028 70393 INFO tempest.lib.common.rest_client [req-4da40dbd-c4ed-4084-89b3-5c6c611f5f90 req-4da40dbd-c4ed-4084-89b3-5c6c611f5f90 ] Request (QuotaClassesAdminTestJSON:tearDownClass): 204 DELETE http://10.180.1.21/identity/v3/projects/c18f26715557453196eda0b4d40b115a 0.220s
2025-03-26 22:59:33.033 70361 INFO tempest.lib.common.rest_client [req-1ba0ccd3-7686-4e13-9ba8-2711fba7595a req-1ba0ccd3-7686-4e13-9ba8-2711fba7595a ] Request (DeleteServersAdminTestJSON:test_admin_delete_servers_of_others): 200 GET http://10.180.1.21/compute/v2.1/servers/bc534caf-e753-41cf-bc21-7347d26bf4ce 1.202s
2025-03-26 22:59:33.128 70415 INFO tempest.lib.common.rest_client [req-d6c2572e-27ba-420f-9026-9a247826196d req-d6c2572e-27ba-420f-9026-9a247826196d ] Request (QuotasAdminNegativeTest:tearDownClass): 204 DELETE http://10.180.1.21/identity/v3/users/3d116f2761934f2a82ef329a2087178a 0.284s
2025-03-26 22:59:33.129 70415 INFO tempest.lib.common.dynamic_creds [-] Deleting project and security group for project: c46d963700ad49c4b029f8080f842b5f
2025-03-26 22:59:33.131 70359 INFO tempest.lib.common.rest_client [req-acef84bc-6a93-4a63-8ffc-61ef48b42991 req-acef84bc-6a93-4a63-8ffc-61ef48b42991 ] Request (HostsAdminTestJSON:tearDownClass): 204 DELETE http://10.180.1.21/identity/v3/users/ffde11ce3ac44df2b7b015d1413644fb 0.306s
2025-03-26 22:59:33.132 70359 INFO tempest.lib.common.dynamic_creds [-] Deleting project and security group for project: 987a7577d3ce440db185fe68da4753dd
2025-03-26 22:59:33.194 70385 INFO tempest.lib.common.rest_client [req-db60b0ce-eb15-4ba6-9168-031d3b25c364 req-db60b0ce-eb15-4ba6-9168-031d3b25c364 ] Request (FlavorsExtraSpecsTestJSON:tearDownClass): 201 POST http://10.180.1.21/identity/v3/auth/tokens 0.245s
2025-03-26 22:59:33.231 70381 INFO tempest.lib.common.rest_client [req-1f88228a-a688-431a-85c9-ac4389590058 req-1f88228a-a688-431a-85c9-ac4389590058 ] Request (ServerDiagnosticsNegativeTest:tearDownClass): 200 GET http://10.180.1.21/compute/v2.1/servers/ce22226b-87b3-48ee-909f-af3da8a63a41 1.202s
2025-03-26 22:59:33.270 70391 INFO tempest.lib.common.rest_client [req-73dc9411-fbbe-49de-95e3-dfa5a49667fd req-73dc9411-fbbe-49de-95e3-dfa5a49667fd ] Request (ServerDiagnosticsTest:test_get_server_diagnostics): 200 GET http://10.180.1.21/compute/v2.1/servers/677f9ba1-fafd-4309-82f9-f9d6b537db6c 1.318s
2025-03-26 22:59:33.273 70389 INFO tempest.lib.common.rest_client [req-018ccb5e-a401-4ac5-9172-bc71dcef196d req-018ccb5e-a401-4ac5-9172-bc71dcef196d ] Request (ServersAdminTestJSON:setUpClass): 201 POST http://10.180.1.21/identity/v3/users 0.340s
2025-03-26 22:59:33.283 70391 INFO tempest.common.waiters [-] State transition "BUILD/spawning" ==> "ACTIVE/None" after 20 second wait
2025-03-26 22:59:33.302 70397 INFO tempest.lib.common.rest_client [req-530a9c8a-bc48-4af5-a4f7-41585b3335d7 req-530a9c8a-bc48-4af5-a4f7-41585b3335d7 ] Request (AttachInterfacesTestJSON:setUpClass): 201 POST http://10.180.1.21/identity/v3/auth/tokens 0.323s
2025-03-26 22:59:33.348 70393 INFO tempest.lib.common.rest_client [req-e55e0c20-75c9-4b4a-bfbd-0a317fbbf4bf req-e55e0c20-75c9-4b4a-bfbd-0a317fbbf4bf ] Request (AttachInterfacesUnderV243Test:setUpClass): 201 POST http://10.180.1.21/identity/v3/auth/tokens 0.316s
2025-03-26 22:59:33.354 70373 INFO tempest.lib.common.rest_client [req-b832012a-f0de-40a0-bc29-ea08605225d9 req-b832012a-f0de-40a0-bc29-ea08605225d9 ] Request (HypervisorAdminV253TestBase:setUpClass): 201 POST http://10.180.1.21/identity/v3/auth/tokens 0.359s
2025-03-26 22:59:33.381 70415 INFO tempest.lib.common.rest_client [req-a4aec070-91d8-4e19-8e0f-c54628d853f6 req-a4aec070-91d8-4e19-8e0f-c54628d853f6 ] Request (QuotasAdminNegativeTest:tearDownClass): 201 POST http://10.180.1.21/identity/v3/auth/tokens 0.252s
2025-03-26 22:59:33.381 70359 INFO tempest.lib.common.rest_client [req-a8403b98-b13d-4d99-8a96-127656bfd680 req-a8403b98-b13d-4d99-8a96-127656bfd680 ] Request (HostsAdminTestJSON:tearDownClass): 201 POST http://10.180.1.21/identity/v3/auth/tokens 0.249s
2025-03-26 22:59:33.419 70389 INFO tempest.lib.common.rest_client [req-dfd22d6e-3dce-4da2-814b-325e17e37e3a req-dfd22d6e-3dce-4da2-814b-325e17e37e3a ] Request (ServersAdminTestJSON:setUpClass): 200 GET http://10.180.1.21/identity/v3/roles 0.145s
2025-03-26 22:59:33.448 70393 INFO tempest.lib.common.rest_client [req-916c646f-6b69-46ca-8a67-3c3a5a094312 req-916c646f-6b69-46ca-8a67-3c3a5a094312 ] Request (AttachInterfacesUnderV243Test:setUpClass): 201 POST http://10.180.1.21/identity/v3/auth/tokens 0.098s
2025-03-26 22:59:33.473 70389 INFO tempest.lib.common.rest_client [req-9b335add-bb12-460d-aa25-80a528c1b313 req-9b335add-bb12-460d-aa25-80a528c1b313 ] Request (ServersAdminTestJSON:setUpClass): 204 PUT http://10.180.1.21/identity/v3/projects/8b6a53028ad649eb89337cf09f0bef99/users/9ee11982f70c439fb3ce654ef56469ac/roles/fbbd6488075040d091bf7ae65313aedc 0.054s
2025-03-26 22:59:33.486 70357 INFO tempest.lib.common.rest_client [req-f1ab717b-377d-42fc-ac2d-090d7addcdf9 req-f1ab717b-377d-42fc-ac2d-090d7addcdf9 ] Request (ServersTestJSON:setUpClass): 201 POST http://10.180.1.21:9696/networking/v2.0/routers 2.583s
2025-03-26 22:59:33.504 70399 INFO tempest.lib.common.rest_client [req-f7ca3b7c-7583-4aef-b57b-b240867f3be6 req-f7ca3b7c-7583-4aef-b57b-b240867f3be6 ] Request (ImagesOneServerTestJSON:setUpClass): 200 GET http://10.180.1.21/compute/v2.1/servers/07f71beb-8383-460f-a2b3-3ca63b9fe69a 1.297s
2025-03-26 22:59:33.546 70393 INFO tempest.lib.common.rest_client [req-7cd07109-5d9e-4f98-85d4-b0cebf880053 req-7cd07109-5d9e-4f98-85d4-b0cebf880053 ] Request (AttachInterfacesUnderV243Test:setUpClass): 200 GET http://10.180.1.21/identity/v3/domains?name=Default 0.096s
2025-03-26 22:59:33.563 70389 INFO tempest.lib.common.rest_client [req-9c874fa4-f7dd-4bb1-bd7b-bceccdf72404 req-9c874fa4-f7dd-4bb1-bd7b-bceccdf72404 ] Request (ServersAdminTestJSON:setUpClass): 200 GET http://10.180.1.21/identity/v3/roles 0.089s
2025-03-26 22:59:33.579 70407 INFO tempest.lib.common.rest_client [req-2fdc036f-b448-45bb-b0f2-c7ec3930bdd1 req-2fdc036f-b448-45bb-b0f2-c7ec3930bdd1 ] Request (ServerExternalEventsTest:test_create_server_external_events): 200 GET http://10.180.1.21/compute/v2.1/servers/93508e4f-7497-4ff0-90d6-f8176c4a79be 1.322s
2025-03-26 22:59:33.586 70389 INFO tempest.lib.common.rest_client [req-de5f8219-bfb1-46f0-8a00-10b9629cd417 req-de5f8219-bfb1-46f0-8a00-10b9629cd417 ] Request (ServersAdminTestJSON:setUpClass): 204 PUT http://10.180.1.21/identity/v3/projects/8b6a53028ad649eb89337cf09f0bef99/users/9ee11982f70c439fb3ce654ef56469ac/roles/fbbd6488075040d091bf7ae65313aedc 0.022s
2025-03-26 22:59:33.586 70389 INFO tempest.lib.common.dynamic_creds [-] Dynamic test user 9ee11982f70c439fb3ce654ef56469ac is created with scope project and roles: ['admin']
2025-03-26 22:59:33.586 70389 INFO tempest.lib.common.dynamic_creds [-] Acquired dynamic creds: credentials: Credentials: {'domain_id': 'default', 'domain_name': 'Default', 'username': 'tempest-ServersAdminTestJSON-522866470-project-admin', 'project_domain_id': 'default', 'project_domain_name': 'Default', 'project_id': '8b6a53028ad649eb89337cf09f0bef99', 'project_name': 'tempest-ServersAdminTestJSON-522866470', 'tenant_id': '8b6a53028ad649eb89337cf09f0bef99', 'tenant_name': 'tempest-ServersAdminTestJSON-522866470', 'user_domain_id': 'default', 'user_domain_name': 'Default', 'user_id': '9ee11982f70c439fb3ce654ef56469ac', 'system': None}, Network: None, Subnet: None, Router: None
2025-03-26 22:59:33.589 70393 INFO tempest.lib.common.rest_client [req-681c207b-8ba3-4f90-b7c3-bb05fe13e7ba req-681c207b-8ba3-4f90-b7c3-bb05fe13e7ba ] Request (AttachInterfacesUnderV243Test:setUpClass): 201 POST http://10.180.1.21/identity/v3/projects 0.042s
2025-03-26 22:59:33.645 70393 INFO tempest.lib.common.rest_client [req-a5fd52df-a6f3-4643-8ed6-f55567eda1d9 req-a5fd52df-a6f3-4643-8ed6-f55567eda1d9 ] Request (AttachInterfacesUnderV243Test:setUpClass): 201 POST http://10.180.1.21/identity/v3/users 0.055s
2025-03-26 22:59:33.733 70393 INFO tempest.lib.common.rest_client [req-a1e214a4-854f-4639-b68c-c7d0de0e29a3 req-a1e214a4-854f-4639-b68c-c7d0de0e29a3 ] Request (AttachInterfacesUnderV243Test:setUpClass): 200 GET http://10.180.1.21/identity/v3/roles 0.087s
2025-03-26 22:59:33.790 70393 INFO tempest.lib.common.rest_client [req-ec177f8a-da65-4552-8ee2-84d17c919eb4 req-ec177f8a-da65-4552-8ee2-84d17c919eb4 ] Request (AttachInterfacesUnderV243Test:setUpClass): 204 PUT http://10.180.1.21/identity/v3/projects/9e66636e8249471eaeb81deb9f0a371d/users/901305ca7b2b4ef3a6e5eb4cda8ace85/roles/0efb90318cef4cd69ddf9be13b28e892 0.056s
2025-03-26 22:59:33.790 70393 INFO tempest.lib.common.dynamic_creds [-] Dynamic test user 901305ca7b2b4ef3a6e5eb4cda8ace85 is created with scope project and roles: ['member']
2025-03-26 22:59:33.790 70393 INFO tempest.lib.common.dynamic_creds [-] Acquired dynamic creds: credentials: Credentials: {'domain_id': 'default', 'domain_name': 'Default', 'username': 'tempest-AttachInterfacesUnderV243Test-1888198568-project-member', 'project_domain_id': 'default', 'project_domain_name': 'Default', 'project_id': '9e66636e8249471eaeb81deb9f0a371d', 'project_name': 'tempest-AttachInterfacesUnderV243Test-1888198568', 'tenant_id': '9e66636e8249471eaeb81deb9f0a371d', 'tenant_name': 'tempest-AttachInterfacesUnderV243Test-1888198568', 'user_domain_id': 'default', 'user_domain_name': 'Default', 'user_id': '901305ca7b2b4ef3a6e5eb4cda8ace85', 'system': None}, Network: None, Subnet: None, Router: None
2025-03-26 22:59:33.802 70383 INFO tempest.lib.common.rest_client [req-43188848-4aa5-4ebe-88ef-ee279b849fe3 req-43188848-4aa5-4ebe-88ef-ee279b849fe3 ] Request (QuotasAdminTestV236:test_get_updated_quotas): 200 GET http://10.180.1.21/compute/v2.1/os-quota-sets/a4f52484e57e44bd9936f5096ba01015/detail 1.393s
2025-03-26 22:59:33.851 70393 INFO tempest.lib.common.rest_client [req-aa539125-6a76-406e-a9b9-6e908a36c250 req-aa539125-6a76-406e-a9b9-6e908a36c250 ] Request (AttachInterfacesUnderV243Test:setUpClass): 201 POST http://10.180.1.21/identity/v3/auth/tokens 0.061s
2025-03-26 22:59:33.870 70383 INFO tempest.lib.common.rest_client [req-b2898526-f0ab-4647-b367-a965a870383f req-b2898526-f0ab-4647-b367-a965a870383f ] Request (QuotasAdminTestV236:test_get_updated_quotas): 200 GET http://10.180.1.21/identity/v3/domains?name=Default 0.062s
2025-03-26 22:59:33.888 70411 INFO tempest.lib.common.rest_client [req-630c57df-c27f-4adb-bc44-8cb2327eacce req-630c57df-c27f-4adb-bc44-8cb2327eacce ] Request (SecurityGroupRulesNegativeTestJSON:test_delete_security_group_rule_with_non_existent_id): 404 DELETE http://10.180.1.21/compute/v2.1/os-security-group-rules/db3e66aa-f4c5-4b2c-a84a-efc4262fd27d 1.413s
2025-03-26 22:59:33.900 70383 INFO tempest.lib.common.rest_client [req-b991c9f7-8b9f-4b72-ab33-668a05d834f1 req-b991c9f7-8b9f-4b72-ab33-668a05d834f1 ] Request (QuotasAdminTestV236:test_get_updated_quotas): 201 POST http://10.180.1.21/identity/v3/users 0.030s
2025-03-26 22:59:33.908 70387 INFO tempest.lib.common.rest_client [req-c04bff19-5a67-4d0d-9dff-0d4eec3e927a req-c04bff19-5a67-4d0d-9dff-0d4eec3e927a ] Request (ImagesMetadataNegativeTestJSON:test_update_nonexistent_image_metadata): 404 POST http://10.180.1.21/compute/v2.1/images/4b59de25-e2fb-440c-b8b1-cf819c32a708/metadata 1.413s
2025-03-26 22:59:33.927 70383 INFO tempest.lib.common.rest_client [req-997c7380-5cff-4755-87c3-327eb3c92c79 req-997c7380-5cff-4755-87c3-327eb3c92c79 ] Request (QuotasAdminTestV236:test_get_updated_quotas): 200 GET http://10.180.1.21/identity/v3/domains?name=Default 0.026s
2025-03-26 22:59:34.050 70387 INFO tempest.lib.common.rest_client [req-7e9b5359-c63f-4847-9f00-ad464a761984 req-7e9b5359-c63f-4847-9f00-ad464a761984 ] Request (ImagesMetadataNegativeTestJSON:tearDownClass): 204 DELETE http://10.180.1.21/identity/v3/users/d31235328349498a87ade7b6788c243b 0.140s
2025-03-26 22:59:34.050 70387 INFO tempest.lib.common.dynamic_creds [-] Deleting project and security group for project: a56d0bcbc575408492ca3d6ccec63f0c
2025-03-26 22:59:34.108 70387 INFO tempest.lib.common.rest_client [req-b6c64773-67b1-4c51-8873-cce44c1861b6 req-b6c64773-67b1-4c51-8873-cce44c1861b6 ] Request (ImagesMetadataNegativeTestJSON:tearDownClass): 201 POST http://10.180.1.21/identity/v3/auth/tokens 0.058s
2025-03-26 22:59:34.191 70413 INFO tempest.lib.common.rest_client [req-afd3551a-73ab-46b2-9cb9-8b0f69cbed28 req-afd3551a-73ab-46b2-9cb9-8b0f69cbed28 ] Request (ListImageFiltersTestJSON:setUpClass): 204 PUT http://10.180.1.21/image/v2/images/0a6b507a-fd39-4e98-a300-3ba32fbdc415/file 0.756s
2025-03-26 22:59:34.240 70359 INFO tempest.lib.common.rest_client [req-207d7bc4-b338-4009-8b92-6afac6fb9e81 req-207d7bc4-b338-4009-8b92-6afac6fb9e81 ] Request (HostsAdminTestJSON:tearDownClass): 200 GET http://10.180.1.21:9696/networking/v2.0/security-groups?tenant_id=987a7577d3ce440db185fe68da4753dd&name=default 0.859s
2025-03-26 22:59:34.260 70385 INFO tempest.lib.common.rest_client [req-8d2eee09-07a8-40a3-8b89-dc6eb332e33d req-8d2eee09-07a8-40a3-8b89-dc6eb332e33d ] Request (FlavorsExtraSpecsTestJSON:tearDownClass): 200 GET http://10.180.1.21:9696/networking/v2.0/security-groups?tenant_id=9ea94f11a75d4ea587c2fbebc9585547&name=default 1.066s
2025-03-26 22:59:34.268 70415 INFO tempest.lib.common.rest_client [req-0e0e0d75-13b0-4549-8586-9e64f0ee789b req-0e0e0d75-13b0-4549-8586-9e64f0ee789b ] Request (QuotasAdminNegativeTest:tearDownClass): 200 GET http://10.180.1.21:9696/networking/v2.0/security-groups?tenant_id=c46d963700ad49c4b029f8080f842b5f&name=default 0.887s
2025-03-26 22:59:34.316 70409 INFO tempest.lib.common.rest_client [req-5cdbff90-b286-4b97-a9eb-b475c9a030e0 req-5cdbff90-b286-4b97-a9eb-b475c9a030e0 ] Request (ImagesOneServerNegativeTestJSON:setUpClass): 200 GET http://10.180.1.21/compute/v2.1/servers/0a2ce7c7-8747-4c46-916b-331e8781a46e 1.955s
