2025-03-26 23:00:34.096 70377 INFO tempest.lib.common.rest_client [req-9e4d0fc6-f41d-457d-b6bf-8520ecf73016 req-9e4d0fc6-f41d-457d-b6bf-8520ecf73016 ] Request (FlavorsAccessTestJSON:test_flavor_access_list_with_private_flavor): 200 POST http://10.180.1.21/compute/v2.1/flavors 0.157s
2025-03-26 23:00:34.096 70375 WARNING tempest.lib.common.ssh [-] Failed to establish authenticated ssh connection to cirros@10.180.180.176 ([Errno None] Unable to connect to port 22 on 10.180.180.176). Number attempts: 5. Retry after 6 seconds.: paramiko.ssh_exception.NoValidConnectionsError: [Errno None] Unable to connect to port 22 on 10.180.180.176
2025-03-26 23:00:34.130 70385 INFO tempest.lib.common.rest_client [req-544fd8a4-8e2d-41f5-b635-f45f7994d369 req-544fd8a4-8e2d-41f5-b635-f45f7994d369 ] Request (ServerRescueNegativeTestJSON:setUpClass): 200 GET http://10.180.1.21/compute/v2.1/servers/1705d5b8-a465-47e5-b07e-752ffe455797 0.327s
2025-03-26 23:00:34.140 70379 INFO tempest.lib.common.rest_client [req-1a0e5766-fe94-4067-8f05-05a9ebf637fb req-1a0e5766-fe94-4067-8f05-05a9ebf637fb ] Request (AttachVolumeTestJSON:setUpClass): 201 POST http://10.180.1.21:9696/networking/v2.0/networks 0.581s
2025-03-26 23:00:34.181 70407 INFO tempest.lib.common.rest_client [req-b91198b8-cda4-424a-b7e0-9bb6e987e8b6 req-b91198b8-cda4-424a-b7e0-9bb6e987e8b6 ] Request (FloatingIPsAssociationTestJSON:setUpClass): 200 GET http://10.180.1.21/compute/v2.1/servers/bb2063d7-4a0b-4137-b8a7-89f0f87a9059 0.156s
2025-03-26 23:00:34.227 70387 INFO tempest.lib.common.rest_client [req-a0272ed6-1e6e-48f2-be55-6eea7c3b9535 req-a0272ed6-1e6e-48f2-be55-6eea7c3b9535 ] Request (ServersTestManualDisk:setUpClass): 200 GET http://10.180.1.21/compute/v2.1/servers/6fd69c2b-b3f0-48af-9082-b38be4eeab36 0.268s
2025-03-26 23:00:34.246 70389 INFO tempest.lib.common.rest_client [req-919312cc-973e-4679-90ce-b8c357f59acf req-919312cc-973e-4679-90ce-b8c357f59acf ] Request (ServersAdminTestJSON:test_create_server_with_scheduling_hint): 200 GET http://10.180.1.21/compute/v2.1/servers/5de8cf2e-1d7d-42cf-8a5a-71a6fe212cec 0.151s
2025-03-26 23:00:34.252 70377 INFO tempest.lib.common.rest_client [req-bd0febd0-74a8-4646-8943-63fb64f1ce2c req-bd0febd0-74a8-4646-8943-63fb64f1ce2c ] Request (FlavorsAccessTestJSON:test_flavor_access_list_with_private_flavor): 200 GET http://10.180.1.21/compute/v2.1/flavors/482129922/os-flavor-access 0.153s
2025-03-26 23:00:34.325 70383 INFO tempest.lib.common.rest_client [req-6d500cb1-6277-4e46-ad04-96f61f9af703 req-6d500cb1-6277-4e46-ad04-96f61f9af703 ] Request (TenantUsagesTestJSON:tearDownClass): 200 GET http://10.180.1.21/compute/v2.1/servers/a113b9f6-91f4-4f6c-9701-2ca01a176fec 0.155s
2025-03-26 23:00:34.335 70409 INFO tempest.lib.common.rest_client [req-6ce6f2e1-e857-470a-a954-959b604aa379 req-6ce6f2e1-e857-470a-a954-959b604aa379 ] Request (ImagesOneServerNegativeTestJSON:_run_cleanups): 200 GET http://10.180.1.21/compute/v2.1/servers/0a2ce7c7-8747-4c46-916b-331e8781a46e 0.080s
2025-03-26 23:00:34.347 70377 INFO tempest.lib.common.rest_client [req-d0ea1f46-9d63-440f-bf99-b5b9edd89e08 req-d0ea1f46-9d63-440f-bf99-b5b9edd89e08 ] Request (FlavorsAccessTestJSON:_run_cleanups): 202 DELETE http://10.180.1.21/compute/v2.1/flavors/482129922 0.091s
2025-03-26 23:00:34.368 70379 INFO tempest.lib.common.rest_client [req-9707c7fe-82c9-432b-9181-d0d27800b8e1 req-9707c7fe-82c9-432b-9181-d0d27800b8e1 ] Request (AttachVolumeTestJSON:setUpClass): 201 POST http://10.180.1.21:9696/networking/v2.0/subnets 0.228s
2025-03-26 23:00:34.405 70377 INFO tempest.lib.common.rest_client [req-0c1f09e5-b52d-4152-8e17-074ac0d59b3e req-0c1f09e5-b52d-4152-8e17-074ac0d59b3e ] Request (FlavorsAccessTestJSON:_run_cleanups): 200 GET http://10.180.1.21/compute/v2.1/flavors/detail 0.058s
2025-03-26 23:00:34.415 70397 WARNING tempest.lib.common.ssh [-] Failed to establish authenticated ssh connection to cirros@10.180.180.237 ([Errno None] Unable to connect to port 22 on 10.180.180.237). Number attempts: 4. Retry after 5 seconds.: paramiko.ssh_exception.NoValidConnectionsError: [Errno None] Unable to connect to port 22 on 10.180.180.237
2025-03-26 23:00:34.504 70377 INFO tempest.lib.common.rest_client [req-80808ef9-f56f-405c-ad50-93da1fd73000 req-80808ef9-f56f-405c-ad50-93da1fd73000 ] Request (FlavorsAccessTestJSON:tearDownClass): 204 DELETE http://10.180.1.21/identity/v3/users/0be2e839be4c4cb3bb8d15f6f083d978 0.093s
2025-03-26 23:00:34.521 70369 INFO tempest.lib.common.rest_client [req-2c512eb5-1d1e-454b-968e-b47239d1d19a req-2c512eb5-1d1e-454b-968e-b47239d1d19a ] Request (ServerPasswordTestJSON:setUpClass): 200 GET http://10.180.1.21/compute/v2.1/servers/1d8df04d-8aaa-4617-8802-eb0f4f040c97 0.175s
2025-03-26 23:00:34.598 70367 INFO tempest.lib.common.rest_client [req-c96a88ad-7ae1-4a21-b538-0b1f8983d9b1 req-c96a88ad-7ae1-4a21-b538-0b1f8983d9b1 ] Request (ServerActionsV293TestJSON:setUpClass): 200 GET http://10.180.1.21/compute/v2.1/servers/7f58ce23-f507-46f8-8e83-bcd0c5e6e548 0.173s
2025-03-26 23:00:34.632 70377 INFO tempest.lib.common.rest_client [req-ee837007-fe6e-4c3e-b7c3-da451cbd1343 req-ee837007-fe6e-4c3e-b7c3-da451cbd1343 ] Request (FlavorsAccessTestJSON:tearDownClass): 204 DELETE http://10.180.1.21/identity/v3/users/e90bac295b0c442d8d1a0760cd086565 0.127s
2025-03-26 23:00:34.632 70377 INFO tempest.lib.common.dynamic_creds [-] Deleting project and security group for project: 19221e5c9f8f4b1093909f0c7884f7e6
2025-03-26 23:00:34.639 70399 INFO tempest.lib.common.rest_client [req-0da9808b-710c-4e1c-966d-369215d6607d req-0da9808b-710c-4e1c-966d-369215d6607d ] Request (ImagesOneServerTestJSON:test_create_image_specify_multibyte_character_image_name): 200 GET http://10.180.1.21/compute/v2.1/images/eafc280d-0229-4cf9-b1b4-1d0a3d708025 0.185s
2025-03-26 23:00:34.692 70377 INFO tempest.lib.common.rest_client [req-14d23e16-f15c-4d81-943b-e545ba4c2af9 req-14d23e16-f15c-4d81-943b-e545ba4c2af9 ] Request (FlavorsAccessTestJSON:tearDownClass): 201 POST http://10.180.1.21/identity/v3/auth/tokens 0.060s
2025-03-26 23:00:34.706 70359 INFO tempest.lib.common.rest_client [req-5a83713b-0f66-4636-a886-04018af89803 req-5a83713b-0f66-4636-a886-04018af89803 ] Request (ServersTestBootFromVolume:setUpClass): 200 GET http://10.180.1.21/compute/v2.1/servers/4fe85bba-8aed-4e32-a4da-c4b0cd517fbe 0.249s
2025-03-26 23:00:34.751 70391 INFO tempest.lib.common.rest_client [req-832846e6-40f7-42fd-ae25-0961f4afde77 req-832846e6-40f7-42fd-ae25-0961f4afde77 ] Request (FloatingIPsAssociationNegativeTestJSON:setUpClass): 200 GET http://10.180.1.21/compute/v2.1/servers/4624efde-c3d5-44f2-9901-dd465ddeea2f 0.371s
2025-03-26 23:00:34.758 70391 INFO tempest.common.waiters [-] State transition "BUILD/block_device_mapping" ==> "BUILD/spawning" after 33 second wait
2025-03-26 23:00:34.793 70401 INFO tempest.lib.common.rest_client [req-0b8e3cdf-2f86-4a79-9e50-3835cb19b10d req-0b8e3cdf-2f86-4a79-9e50-3835cb19b10d ] Request (ServerRescueTestJSONUnderV235:setUpClass): 200 GET http://10.180.1.21/compute/v2.1/servers/8a4a241c-df83-4200-83f1-88fcbc969667 0.288s
2025-03-26 23:00:34.815 70415 INFO tempest.lib.common.rest_client [req-5cd1a8c7-980d-4978-8e75-1936655bed2e req-5cd1a8c7-980d-4978-8e75-1936655bed2e ] Request (VolumesAdminNegativeTest:test_update_attached_volume_with_nonexistent_volume_in_body): 200 GET http://10.180.1.21/compute/v2.1/servers/9b6a5a9a-2055-452c-9da9-e1bcce4e193c 0.245s
2025-03-26 23:00:34.854 70381 INFO tempest.lib.common.rest_client [req-d0e9367f-c71b-4bdc-abc7-fe926df31734 req-d0e9367f-c71b-4bdc-abc7-fe926df31734 ] Request (ListServerFiltersTestJSON:setUpClass): 200 GET http://10.180.1.21/compute/v2.1/servers/39839d4d-ef9d-4b28-a3b1-cb53d5833fbf 0.217s
2025-03-26 23:00:34.909 70411 INFO tempest.lib.common.rest_client [req-b3133cd9-5b2f-487b-b01e-c9f429a22582 req-b3133cd9-5b2f-487b-b01e-c9f429a22582 ] Request (ServerActionsTestOtherB:setUpClass): 200 GET http://10.180.1.21/compute/v2.1/servers/004005be-9af0-421e-9352-9bec6c956564 0.104s
2025-03-26 23:00:34.914 70413 INFO tempest.lib.common.rest_client [req-2afc47f7-a978-435d-958e-2bc343fbf204 req-2afc47f7-a978-435d-958e-2bc343fbf204 ] Request (ListImageFiltersTestJSON:setUpClass): 200 GET http://10.180.1.21/compute/v2.1/servers/22c18565-439b-4d35-afc1-3715e553b83b 0.182s
2025-03-26 23:00:34.942 70377 INFO tempest.lib.common.rest_client [req-597896a9-2bda-489f-b283-a67990838bd2 req-597896a9-2bda-489f-b283-a67990838bd2 ] Request (FlavorsAccessTestJSON:tearDownClass): 200 GET http://10.180.1.21:9696/networking/v2.0/security-groups?tenant_id=19221e5c9f8f4b1093909f0c7884f7e6&name=default 0.249s
2025-03-26 23:00:34.985 70365 INFO tempest.lib.common.rest_client [req-f8d6e44e-d74f-468e-90a3-75a858d4371b req-f8d6e44e-d74f-468e-90a3-75a858d4371b ] Request (DeleteServersTestJSON:test_delete_active_server): 200 GET http://10.180.1.21/compute/v2.1/servers/5ae567d4-9a0a-4d07-bc2d-193f09911fc9 0.067s
2025-03-26 23:00:34.995 70361 INFO tempest.lib.common.rest_client [req-e352838e-8595-4447-b0e5-c057ae5e7724 req-e352838e-8595-4447-b0e5-c057ae5e7724 ] Request (DeleteServersAdminTestJSON:test_delete_server_while_in_error_state): 200 GET http://10.180.1.21/compute/v2.1/servers/6dc9029a-8dc1-4213-86f1-b9bb4e408555 0.081s
2025-03-26 23:00:35.036 70395 INFO tempest.lib.common.rest_client [req-850238a7-e09e-432f-9ea1-5f76a96d0039 req-850238a7-e09e-432f-9ea1-5f76a96d0039 ] Request (ImagesTestJSON:test_create_image_from_suspended_server): 200 GET http://10.180.1.21/compute/v2.1/servers/0ff4257a-e0f9-4a04-9f77-cc0de5b3a28c 0.061s
2025-03-26 23:00:35.038 70377 INFO tempest.lib.common.rest_client [req-693bf2e3-9874-4ea4-a236-bf57ef3c97e0 req-693bf2e3-9874-4ea4-a236-bf57ef3c97e0 ] Request (FlavorsAccessTestJSON:tearDownClass): 204 DELETE http://10.180.1.21:9696/networking/v2.0/security-groups/60afdabb-39ce-446d-977b-9b78b370265b 0.096s
2025-03-26 23:00:35.087 70419 INFO tempest.lib.common.rest_client [req-96962ea0-2f95-414d-a917-160523af3559 req-96962ea0-2f95-414d-a917-160523af3559 ] Request (ServersAdminNegativeTestJSON:setUpClass): 200 GET http://10.180.1.21/compute/v2.1/servers/540472c7-d925-490e-a3eb-66f3b2de608c 0.063s
2025-03-26 23:00:35.119 70377 INFO tempest.lib.common.rest_client [req-e7345433-fcf1-4838-82ac-8c6d876246ce req-e7345433-fcf1-4838-82ac-8c6d876246ce ] Request (FlavorsAccessTestJSON:tearDownClass): 204 DELETE http://10.180.1.21/identity/v3/projects/19221e5c9f8f4b1093909f0c7884f7e6 0.081s
2025-03-26 23:00:35.119 70377 INFO tempest.lib.common.dynamic_creds [-] Deleting project and security group for project: 8c5d1d2188ed4e9d8914b05ebc2b5ad7
2025-03-26 23:00:35.152 70363 INFO tempest.lib.common.rest_client [req-53c9563f-6ebb-4c7e-83b7-7011bfe3b800 req-53c9563f-6ebb-4c7e-83b7-7011bfe3b800 ] Request (SecurityGroupsTestJSON:test_server_security_groups): 200 GET http://10.180.1.21/compute/v2.1/servers/885fd5ab-ea7d-47fd-aec0-80e8a10f3a57 0.069s
2025-03-26 23:00:35.191 70371 INFO tempest.lib.common.rest_client [req-820e3b51-4a52-401b-8cba-4c819c30043e req-820e3b51-4a52-401b-8cba-4c819c30043e ] Request (MigrationsAdminTest:test_list_migrations_in_flavor_resize_situation): 200 GET http://10.180.1.21/compute/v2.1/servers/fc07fedf-7946-4d49-af1e-f45d8c5e5feb 0.123s
2025-03-26 23:00:35.220 70385 INFO tempest.lib.common.rest_client [req-087b5de2-1b64-4113-bb39-7be661d0e968 req-087b5de2-1b64-4113-bb39-7be661d0e968 ] Request (ServerRescueNegativeTestJSON:setUpClass): 200 GET http://10.180.1.21/compute/v2.1/servers/1705d5b8-a465-47e5-b07e-752ffe455797 0.081s
2025-03-26 23:00:35.255 70407 INFO tempest.lib.common.rest_client [req-7e7a2f22-11d8-4512-8b40-99d27ffa66a7 req-7e7a2f22-11d8-4512-8b40-99d27ffa66a7 ] Request (FloatingIPsAssociationTestJSON:setUpClass): 200 GET http://10.180.1.21/compute/v2.1/servers/bb2063d7-4a0b-4137-b8a7-89f0f87a9059 0.066s
2025-03-26 23:00:35.260 70377 INFO tempest.lib.common.rest_client [req-04003192-d55f-477d-a865-eb4b55ee1dc1 req-04003192-d55f-477d-a865-eb4b55ee1dc1 ] Request (FlavorsAccessTestJSON:tearDownClass): 200 GET http://10.180.1.21:9696/networking/v2.0/security-groups?tenant_id=8c5d1d2188ed4e9d8914b05ebc2b5ad7&name=default 0.140s
2025-03-26 23:00:35.312 70389 INFO tempest.lib.common.rest_client [req-d547cc58-0987-4116-9227-33901317f037 req-d547cc58-0987-4116-9227-33901317f037 ] Request (ServersAdminTestJSON:test_create_server_with_scheduling_hint): 200 GET http://10.180.1.21/compute/v2.1/servers/5de8cf2e-1d7d-42cf-8a5a-71a6fe212cec 0.057s
2025-03-26 23:00:35.350 70377 INFO tempest.lib.common.rest_client [req-8f230683-e8f7-4752-b0e8-2e76079b8ed7 req-8f230683-e8f7-4752-b0e8-2e76079b8ed7 ] Request (FlavorsAccessTestJSON:tearDownClass): 204 DELETE http://10.180.1.21:9696/networking/v2.0/security-groups/248f6d18-6e01-4361-b418-ea94801ef8e7 0.090s
2025-03-26 23:00:35.407 70383 INFO tempest.lib.common.rest_client [req-9044000a-4269-4ca8-9c93-d391153adf27 req-9044000a-4269-4ca8-9c93-d391153adf27 ] Request (TenantUsagesTestJSON:tearDownClass): 200 GET http://10.180.1.21/compute/v2.1/servers/a113b9f6-91f4-4f6c-9701-2ca01a176fec 0.070s
2025-03-26 23:00:35.415 70387 INFO tempest.lib.common.rest_client [req-52b4bfe7-8ad6-4120-b05c-d5d03ff1b9b6 req-52b4bfe7-8ad6-4120-b05c-d5d03ff1b9b6 ] Request (ServersTestManualDisk:setUpClass): 200 GET http://10.180.1.21/compute/v2.1/servers/6fd69c2b-b3f0-48af-9082-b38be4eeab36 0.179s
2025-03-26 23:00:35.463 70377 INFO tempest.lib.common.rest_client [req-53c7a103-84d9-4ef4-ae92-18591cca19e4 req-53c7a103-84d9-4ef4-ae92-18591cca19e4 ] Request (FlavorsAccessTestJSON:tearDownClass): 204 DELETE http://10.180.1.21/identity/v3/projects/8c5d1d2188ed4e9d8914b05ebc2b5ad7 0.113s
2025-03-26 23:00:35.512 70409 INFO tempest.lib.common.rest_client [req-9cad5fad-986d-4e8c-9cfe-08090e7738fb req-9cad5fad-986d-4e8c-9cfe-08090e7738fb ] Request (ImagesOneServerNegativeTestJSON:_run_cleanups): 200 GET http://10.180.1.21/compute/v2.1/servers/0a2ce7c7-8747-4c46-916b-331e8781a46e 0.161s
2025-03-26 23:00:35.543 70377 INFO tempest.lib.common.rest_client [req-7045e37d-5ada-4f74-b7e9-060ab6809a38 req-7045e37d-5ada-4f74-b7e9-060ab6809a38 ] Request (ServersAdmin275Test:setUpClass): 201 POST http://10.180.1.21/identity/v3/auth/tokens 0.078s
2025-03-26 23:00:35.579 70377 INFO tempest.lib.common.rest_client [req-d5472137-2897-4147-a3e5-0a96cf232f38 req-d5472137-2897-4147-a3e5-0a96cf232f38 ] Request (ServersAdmin275Test:setUpClass): 201 POST http://10.180.1.21/identity/v3/auth/tokens 0.033s
2025-03-26 23:00:35.587 70379 INFO tempest.lib.common.rest_client [req-ae189664-b485-47ef-afc4-92612f5a0461 req-ae189664-b485-47ef-afc4-92612f5a0461 ] Request (AttachVolumeTestJSON:setUpClass): 201 POST http://10.180.1.21:9696/networking/v2.0/routers 1.218s
2025-03-26 23:00:35.609 70377 INFO tempest.lib.common.rest_client [req-4e181236-d663-452e-ac2c-362cc3db02e7 req-4e181236-d663-452e-ac2c-362cc3db02e7 ] Request (ServersAdmin275Test:setUpClass): 200 GET http://10.180.1.21/identity/v3/domains?name=Default 0.029s
2025-03-26 23:00:35.668 70369 INFO tempest.lib.common.rest_client [req-7dd6f508-f501-415a-8733-f28a681765c9 req-7dd6f508-f501-415a-8733-f28a681765c9 ] Request (ServerPasswordTestJSON:setUpClass): 200 GET http://10.180.1.21/compute/v2.1/servers/1d8df04d-8aaa-4617-8802-eb0f4f040c97 0.138s
2025-03-26 23:00:35.669 70377 INFO tempest.lib.common.rest_client [req-f221bfce-ade3-4207-aa9e-f11a05e132a6 req-f221bfce-ade3-4207-aa9e-f11a05e132a6 ] Request (ServersAdmin275Test:setUpClass): 201 POST http://10.180.1.21/identity/v3/projects 0.060s
2025-03-26 23:00:35.717 70399 INFO tempest.lib.common.rest_client [req-2f01453e-9e71-4d96-ac3b-321bfa2ac241 req-2f01453e-9e71-4d96-ac3b-321bfa2ac241 ] Request (ImagesOneServerTestJSON:test_create_image_specify_multibyte_character_image_name): 200 GET http://10.180.1.21/compute/v2.1/images/eafc280d-0229-4cf9-b1b4-1d0a3d708025 0.074s
2025-03-26 23:00:35.733 70367 INFO tempest.lib.common.rest_client [req-f3ec8462-db01-41ca-a6dd-70b899943ecc req-f3ec8462-db01-41ca-a6dd-70b899943ecc ] Request (ServerActionsV293TestJSON:setUpClass): 200 GET http://10.180.1.21/compute/v2.1/servers/7f58ce23-f507-46f8-8e83-bcd0c5e6e548 0.123s
2025-03-26 23:00:35.757 70377 INFO tempest.lib.common.rest_client [req-19e37fb9-2a38-4728-bc26-1644db9300b6 req-19e37fb9-2a38-4728-bc26-1644db9300b6 ] Request (ServersAdmin275Test:setUpClass): 201 POST http://10.180.1.21/identity/v3/users 0.087s
2025-03-26 23:00:35.779 70399 INFO tempest.lib.common.rest_client [req-7f376716-8322-4c36-8fc4-307ff65d0548 req-7f376716-8322-4c36-8fc4-307ff65d0548 ] Request (ImagesOneServerTestJSON:test_create_image_specify_multibyte_character_image_name): 200 GET http://10.180.1.21/compute/v2.1/images/eafc280d-0229-4cf9-b1b4-1d0a3d708025 0.058s
2025-03-26 23:00:35.787 70377 INFO tempest.lib.common.rest_client [req-c3aad2c7-4caf-423f-9466-22d5e31a0e92 req-c3aad2c7-4caf-423f-9466-22d5e31a0e92 ] Request (ServersAdmin275Test:setUpClass): 200 GET http://10.180.1.21/identity/v3/roles 0.030s
2025-03-26 23:00:35.788 70359 INFO tempest.lib.common.rest_client [req-0458af3a-ebb5-4b8a-8f33-7ae57548b83d req-0458af3a-ebb5-4b8a-8f33-7ae57548b83d ] Request (ServersTestBootFromVolume:setUpClass): 200 GET http://10.180.1.21/compute/v2.1/servers/4fe85bba-8aed-4e32-a4da-c4b0cd517fbe 0.069s
2025-03-26 23:00:35.832 70377 INFO tempest.lib.common.rest_client [req-f2079744-37d6-4fe4-acdd-262ab64108b4 req-f2079744-37d6-4fe4-acdd-262ab64108b4 ] Request (ServersAdmin275Test:setUpClass): 204 PUT http://10.180.1.21/identity/v3/projects/8ae0b93dd95445ff936c8e9716ca6cc0/users/70421e6aa3ef4ff78b34343aa8203f37/roles/0efb90318cef4cd69ddf9be13b28e892 0.044s
2025-03-26 23:00:35.832 70377 INFO tempest.lib.common.dynamic_creds [-] Dynamic test user 70421e6aa3ef4ff78b34343aa8203f37 is created with scope project and roles: ['member']
2025-03-26 23:00:35.832 70377 INFO tempest.lib.common.dynamic_creds [-] Acquired dynamic creds: credentials: Credentials: {'domain_id': 'default', 'domain_name': 'Default', 'username': 'tempest-ServersAdmin275Test-1914475501-project-member', 'project_domain_id': 'default', 'project_domain_name': 'Default', 'project_id': '8ae0b93dd95445ff936c8e9716ca6cc0', 'project_name': 'tempest-ServersAdmin275Test-1914475501', 'tenant_id': '8ae0b93dd95445ff936c8e9716ca6cc0', 'tenant_name': 'tempest-ServersAdmin275Test-1914475501', 'user_domain_id': 'default', 'user_domain_name': 'Default', 'user_id': '70421e6aa3ef4ff78b34343aa8203f37', 'system': None}, Network: None, Subnet: None, Router: None
2025-03-26 23:00:35.832 70377 INFO tempest.lib.common.dynamic_creds [-] Created isolated network resources for: credentials: Credentials: {'domain_id': 'default', 'domain_name': 'Default', 'username': 'tempest-ServersAdmin275Test-1914475501-project-member', 'project_domain_id': 'default', 'project_domain_name': 'Default', 'project_id': '8ae0b93dd95445ff936c8e9716ca6cc0', 'project_name': 'tempest-ServersAdmin275Test-1914475501', 'tenant_id': '8ae0b93dd95445ff936c8e9716ca6cc0', 'tenant_name': 'tempest-ServersAdmin275Test-1914475501', 'user_domain_id': 'default', 'user_domain_name': 'Default', 'user_id': '70421e6aa3ef4ff78b34343aa8203f37', 'system': None}, Network: None, Subnet: None, Router: None
2025-03-26 23:00:35.906 70377 INFO tempest.lib.common.rest_client [req-5bbb67ff-4d14-4382-b377-336d3d06b24c req-5bbb67ff-4d14-4382-b377-336d3d06b24c ] Request (ServersAdmin275Test:setUpClass): 201 POST http://10.180.1.21/identity/v3/auth/tokens 0.070s
2025-03-26 23:00:35.952 70391 INFO tempest.lib.common.rest_client [req-76345709-0290-4799-8763-95be20567ce8 req-76345709-0290-4799-8763-95be20567ce8 ] Request (FloatingIPsAssociationNegativeTestJSON:setUpClass): 200 GET http://10.180.1.21/compute/v2.1/servers/4624efde-c3d5-44f2-9901-dd465ddeea2f 0.192s
2025-03-26 23:00:35.992 70399 INFO tempest.lib.common.rest_client [req-a8d316c6-97de-49ce-9234-0ba8cc21209e req-a8d316c6-97de-49ce-9234-0ba8cc21209e ] Request (ImagesOneServerTestJSON:test_create_image_specify_multibyte_character_image_name): 200 GET http://10.180.1.21/compute/v2.1/servers/07f71beb-8383-460f-a2b3-3ca63b9fe69a 0.209s
2025-03-26 23:00:36.007 70377 INFO tempest.lib.common.rest_client [req-7be4a4d8-a912-4ff3-85ec-0a78b3c6b990 req-7be4a4d8-a912-4ff3-85ec-0a78b3c6b990 ] Request (ServersAdmin275Test:setUpClass): 201 POST http://10.180.1.21/identity/v3/projects 0.100s
2025-03-26 23:00:36.051 70401 INFO tempest.lib.common.rest_client [req-03f0e7b4-0762-4146-8672-3ed74a23344b req-03f0e7b4-0762-4146-8672-3ed74a23344b ] Request (ServerRescueTestJSONUnderV235:setUpClass): 200 GET http://10.180.1.21/compute/v2.1/servers/8a4a241c-df83-4200-83f1-88fcbc969667 0.248s
2025-03-26 23:00:36.103 70377 INFO tempest.lib.common.rest_client [req-2f8f60e2-e1f0-42ab-bef0-876554156e62 req-2f8f60e2-e1f0-42ab-bef0-876554156e62 ] Request (ServersAdmin275Test:setUpClass): 201 POST http://10.180.1.21/identity/v3/users 0.092s
2025-03-26 23:00:36.138 70381 INFO tempest.lib.common.rest_client [req-0feada84-b2d4-4ef1-8805-adb9235e47a8 req-0feada84-b2d4-4ef1-8805-adb9235e47a8 ] Request (ListServerFiltersTestJSON:setUpClass): 200 GET http://10.180.1.21/compute/v2.1/servers/39839d4d-ef9d-4b28-a3b1-cb53d5833fbf 0.275s
2025-03-26 23:00:36.146 70377 INFO tempest.lib.common.rest_client [req-82fe9499-3b8b-4208-94a8-9fbe34cd8706 req-82fe9499-3b8b-4208-94a8-9fbe34cd8706 ] Request (ServersAdmin275Test:setUpClass): 200 GET http://10.180.1.21/identity/v3/roles 0.042s
2025-03-26 23:00:36.196 70377 INFO tempest.lib.common.rest_client [req-a4392a8b-c126-476d-af68-d89cd72935df req-a4392a8b-c126-476d-af68-d89cd72935df ] Request (ServersAdmin275Test:setUpClass): 204 PUT http://10.180.1.21/identity/v3/projects/5af9b98d84b54ff6853c29eef79e1827/users/1b41eeb2c6a044f59d05834f996cc03a/roles/fbbd6488075040d091bf7ae65313aedc 0.049s
2025-03-26 23:00:36.224 70415 INFO tempest.lib.common.rest_client [req-2a92b9a7-0285-444d-b4cb-7f0f061b12a0 req-2a92b9a7-0285-444d-b4cb-7f0f061b12a0 ] Request (VolumesAdminNegativeTest:test_update_attached_volume_with_nonexistent_volume_in_body): 200 GET http://10.180.1.21/compute/v2.1/servers/9b6a5a9a-2055-452c-9da9-e1bcce4e193c 0.401s
2025-03-26 23:00:36.224 70411 INFO tempest.lib.common.rest_client [req-1152a943-c042-41f2-b01c-4296438ba8c8 req-1152a943-c042-41f2-b01c-4296438ba8c8 ] Request (ServerActionsTestOtherB:setUpClass): 200 GET http://10.180.1.21/compute/v2.1/servers/004005be-9af0-421e-9352-9bec6c956564 0.303s
2025-03-26 23:00:36.238 70415 INFO tempest.common.waiters [-] State transition "BUILD/None" ==> "BUILD/block_device_mapping" after 34 second wait
2025-03-26 23:00:36.259 70377 INFO tempest.lib.common.rest_client [req-4b715482-09e5-458f-82e4-8138ac9b4513 req-4b715482-09e5-458f-82e4-8138ac9b4513 ] Request (ServersAdmin275Test:setUpClass): 200 GET http://10.180.1.21/identity/v3/roles 0.062s
2025-03-26 23:00:36.281 70377 INFO tempest.lib.common.rest_client [req-43fc034e-e8e7-4c93-b106-53ccf0043e4c req-43fc034e-e8e7-4c93-b106-53ccf0043e4c ] Request (ServersAdmin275Test:setUpClass): 204 PUT http://10.180.1.21/identity/v3/projects/5af9b98d84b54ff6853c29eef79e1827/users/1b41eeb2c6a044f59d05834f996cc03a/roles/fbbd6488075040d091bf7ae65313aedc 0.021s
2025-03-26 23:00:36.281 70377 INFO tempest.lib.common.dynamic_creds [-] Dynamic test user 1b41eeb2c6a044f59d05834f996cc03a is created with scope project and roles: ['admin']
2025-03-26 23:00:36.281 70377 INFO tempest.lib.common.dynamic_creds [-] Acquired dynamic creds: credentials: Credentials: {'domain_id': 'default', 'domain_name': 'Default', 'username': 'tempest-ServersAdmin275Test-413856719-project-admin', 'project_domain_id': 'default', 'project_domain_name': 'Default', 'project_id': '5af9b98d84b54ff6853c29eef79e1827', 'project_name': 'tempest-ServersAdmin275Test-413856719', 'tenant_id': '5af9b98d84b54ff6853c29eef79e1827', 'tenant_name': 'tempest-ServersAdmin275Test-413856719', 'user_domain_id': 'default', 'user_domain_name': 'Default', 'user_id': '1b41eeb2c6a044f59d05834f996cc03a', 'system': None}, Network: None, Subnet: None, Router: None
2025-03-26 23:00:36.282 70377 INFO tempest.lib.common.dynamic_creds [-] Created isolated network resources for: credentials: Credentials: {'domain_id': 'default', 'domain_name': 'Default', 'username': 'tempest-ServersAdmin275Test-413856719-project-admin', 'project_domain_id': 'default', 'project_domain_name': 'Default', 'project_id': '5af9b98d84b54ff6853c29eef79e1827', 'project_name': 'tempest-ServersAdmin275Test-413856719', 'tenant_id': '5af9b98d84b54ff6853c29eef79e1827', 'tenant_name': 'tempest-ServersAdmin275Test-413856719', 'user_domain_id': 'default', 'user_domain_name': 'Default', 'user_id': '1b41eeb2c6a044f59d05834f996cc03a', 'system': None}, Network: None, Subnet: None, Router: None
2025-03-26 23:00:36.295 70365 INFO tempest.lib.common.rest_client [req-1b3b450d-a713-4d03-9559-d109df4ea4d6 req-1b3b450d-a713-4d03-9559-d109df4ea4d6 ] Request (DeleteServersTestJSON:test_delete_active_server): 200 GET http://10.180.1.21/compute/v2.1/servers/5ae567d4-9a0a-4d07-bc2d-193f09911fc9 0.298s
2025-03-26 23:00:36.372 70361 INFO tempest.lib.common.rest_client [req-fc911b3a-5ec4-442d-9233-aaea8c538be9 req-fc911b3a-5ec4-442d-9233-aaea8c538be9 ] Request (DeleteServersAdminTestJSON:test_delete_server_while_in_error_state): 200 GET http://10.180.1.21/compute/v2.1/servers/6dc9029a-8dc1-4213-86f1-b9bb4e408555 0.367s
2025-03-26 23:00:36.378 70413 INFO tempest.lib.common.rest_client [req-c88c9b13-b1e3-4b3f-814a-3d6ec01273c8 req-c88c9b13-b1e3-4b3f-814a-3d6ec01273c8 ] Request (ListImageFiltersTestJSON:setUpClass): 200 GET http://10.180.1.21/compute/v2.1/servers/22c18565-439b-4d35-afc1-3715e553b83b 0.455s
2025-03-26 23:00:36.384 70361 INFO tempest.common.waiters [-] State transition "ERROR/deleting" ==> "DELETED/None" after 4 second wait
2025-03-26 23:00:36.390 70377 INFO tempest.lib.common.rest_client [req-1dc471fa-79fb-42f1-b11c-6e124f3d1c25 req-1dc471fa-79fb-42f1-b11c-6e124f3d1c25 ] Request (ServersAdmin275Test:setUpClass): 201 POST http://10.180.1.21/identity/v3/auth/tokens 0.104s
2025-03-26 23:00:36.451 70419 INFO tempest.lib.common.rest_client [req-8b91d9f9-f449-4417-ae00-234b09e02651 req-8b91d9f9-f449-4417-ae00-234b09e02651 ] Request (ServersAdminNegativeTestJSON:setUpClass): 200 GET http://10.180.1.21/compute/v2.1/servers/540472c7-d925-490e-a3eb-66f3b2de608c 0.356s
2025-03-26 23:00:36.453 70395 INFO tempest.lib.common.rest_client [req-f346e61a-6351-4ced-80f4-5536371f4c8b req-f346e61a-6351-4ced-80f4-5536371f4c8b ] Request (ImagesTestJSON:test_create_image_from_suspended_server): 200 GET http://10.180.1.21/compute/v2.1/servers/0ff4257a-e0f9-4a04-9f77-cc0de5b3a28c 0.408s
2025-03-26 23:00:36.477 70377 INFO tempest.lib.common.rest_client [req-4024a925-b1c3-4b66-97a8-713d54fad1c6 req-4024a925-b1c3-4b66-97a8-713d54fad1c6 ] Request (ServersAdmin275Test:test_rebuild_update_server_275): 201 POST http://10.180.1.21/identity/v3/auth/tokens 0.080s
2025-03-26 23:00:36.478 70377 INFO tempest.lib.common.fixed_network [-] (ServersAdmin275Test:test_rebuild_update_server_275) Found network None available for tenant
2025-03-26 23:00:36.508 70363 INFO tempest.lib.common.rest_client [req-4ed79109-cf6e-406b-92a8-f132609e62cc req-4ed79109-cf6e-406b-92a8-f132609e62cc ] Request (SecurityGroupsTestJSON:test_server_security_groups): 200 GET http://10.180.1.21/compute/v2.1/servers/885fd5ab-ea7d-47fd-aec0-80e8a10f3a57 0.343s
2025-03-26 23:00:36.560 70385 INFO tempest.lib.common.rest_client [req-fe50349e-5223-4e42-a945-d1e7bc16dc5f req-fe50349e-5223-4e42-a945-d1e7bc16dc5f ] Request (ServerRescueNegativeTestJSON:setUpClass): 200 GET http://10.180.1.21/compute/v2.1/servers/1705d5b8-a465-47e5-b07e-752ffe455797 0.332s
2025-03-26 23:00:36.580 70371 INFO tempest.lib.common.rest_client [req-895cd4e8-9013-4f81-9b35-72cf3c63b6e4 req-895cd4e8-9013-4f81-9b35-72cf3c63b6e4 ] Request (MigrationsAdminTest:test_list_migrations_in_flavor_resize_situation): 200 GET http://10.180.1.21/compute/v2.1/servers/fc07fedf-7946-4d49-af1e-f45d8c5e5feb 0.372s
2025-03-26 23:00:36.612 70407 INFO tempest.lib.common.rest_client [req-ceb0eb96-e331-48b7-b57f-7ac719fdc881 req-ceb0eb96-e331-48b7-b57f-7ac719fdc881 ] Request (FloatingIPsAssociationTestJSON:setUpClass): 200 GET http://10.180.1.21/compute/v2.1/servers/bb2063d7-4a0b-4137-b8a7-89f0f87a9059 0.348s
2025-03-26 23:00:36.647 70389 INFO tempest.lib.common.rest_client [req-29019c79-ffe9-478c-ada2-78f65c0f8443 req-29019c79-ffe9-478c-ada2-78f65c0f8443 ] Request (ServersAdminTestJSON:test_create_server_with_scheduling_hint): 200 GET http://10.180.1.21/compute/v2.1/servers/5de8cf2e-1d7d-42cf-8a5a-71a6fe212cec 0.321s
2025-03-26 23:00:36.692 70383 INFO tempest.lib.common.rest_client [req-d7a92b45-a853-4af4-aed0-6f6b2fa1babf req-d7a92b45-a853-4af4-aed0-6f6b2fa1babf ] Request (TenantUsagesTestJSON:tearDownClass): 200 GET http://10.180.1.21/compute/v2.1/servers/a113b9f6-91f4-4f6c-9701-2ca01a176fec 0.273s
2025-03-26 23:00:36.874 70387 INFO tempest.lib.common.rest_client [req-23dea634-c1d0-4d3b-9b44-59d9ed7a7dd2 req-23dea634-c1d0-4d3b-9b44-59d9ed7a7dd2 ] Request (ServersTestManualDisk:setUpClass): 200 GET http://10.180.1.21/compute/v2.1/servers/6fd69c2b-b3f0-48af-9082-b38be4eeab36 0.446s
2025-03-26 23:00:36.911 70377 INFO tempest.lib.common.rest_client [req-1ee3bb91-fd3f-451d-8d9a-7796a7177a06 req-1ee3bb91-fd3f-451d-8d9a-7796a7177a06 ] Request (ServersAdmin275Test:test_rebuild_update_server_275): 202 POST http://10.180.1.21/compute/v2.1/servers 0.432s
2025-03-26 23:00:36.954 70409 INFO tempest.lib.common.rest_client [req-a5c2e5c0-df64-4c95-a307-158751505313 req-a5c2e5c0-df64-4c95-a307-158751505313 ] Request (ImagesOneServerNegativeTestJSON:_run_cleanups): 200 GET http://10.180.1.21/compute/v2.1/servers/0a2ce7c7-8747-4c46-916b-331e8781a46e 0.434s
2025-03-26 23:00:37.033 70367 INFO tempest.lib.common.rest_client [req-c4a619cc-8ba9-45be-b5cc-9b01012524d1 req-c4a619cc-8ba9-45be-b5cc-9b01012524d1 ] Request (ServerActionsV293TestJSON:setUpClass): 200 GET http://10.180.1.21/compute/v2.1/servers/7f58ce23-f507-46f8-8e83-bcd0c5e6e548 0.281s
2025-03-26 23:00:37.055 70369 INFO tempest.lib.common.rest_client [req-2cd4087b-88df-434b-bd6f-1fcaaa42e127 req-2cd4087b-88df-434b-bd6f-1fcaaa42e127 ] Request (ServerPasswordTestJSON:setUpClass): 200 GET http://10.180.1.21/compute/v2.1/servers/1d8df04d-8aaa-4617-8802-eb0f4f040c97 0.378s
2025-03-26 23:00:37.062 70369 INFO tempest.common.waiters [-] State transition "BUILD/spawning" ==> "ACTIVE/None" after 41 second wait
2025-03-26 23:00:37.074 70379 INFO tempest.lib.common.rest_client [req-c038348b-63d6-4028-b82a-a71684ed6bee req-c038348b-63d6-4028-b82a-a71684ed6bee ] Request (AttachVolumeTestJSON:setUpClass): 200 PUT http://10.180.1.21:9696/networking/v2.0/routers/8a6c95cb-9549-445d-baf2-46651ba32dec/add_router_interface 1.486s
2025-03-26 23:00:37.074 70379 INFO tempest.lib.common.dynamic_creds [-] Created isolated network resources for: credentials: Credentials: {'domain_id': 'default', 'domain_name': 'Default', 'username': 'tempest-AttachVolumeTestJSON-1639655114-project-member', 'project_domain_id': 'default', 'project_domain_name': 'Default', 'project_id': '2e3b1c6388144138bc3e123d130b6076', 'project_name': 'tempest-AttachVolumeTestJSON-1639655114', 'tenant_id': '2e3b1c6388144138bc3e123d130b6076', 'tenant_name': 'tempest-AttachVolumeTestJSON-1639655114', 'user_domain_id': 'default', 'user_domain_name': 'Default', 'user_id': '0b178fb12bc448f3b7301ed55e981d01', 'system': None}, Network: {'id': 'c5b2e3a6-12ce-4085-8110-0512a39a9e60', 'name': 'tempest-AttachVolumeTestJSON-1183492104-network', 'tenant_id': '2e3b1c6388144138bc3e123d130b6076', 'admin_state_up': True, 'mtu': 8950, 'status': 'ACTIVE', 'subnets': [], 'shared': False, 'project_id': '2e3b1c6388144138bc3e123d130b6076', 'port_security_enabled': True, 'router:external': False, 'provider:network_type': 'vlan', 'provider:physical_network': 'default', 'provider:segmentation_id': 671, 'availability_zone_hints': [], 'availability_zones': [], 'ipv4_address_scope': None, 'ipv6_address_scope': None, 'description': '', 'tags': [], 'created_at': '2025-03-26T23:00:34Z', 'updated_at': '2025-03-26T23:00:34Z', 'revision_number': 1}, Subnet: {'id': 'fab930b9-650f-43af-aa93-e1ee1aca7360', 'name': 'tempest-AttachVolumeTestJSON-1183492104-subnet', 'tenant_id': '2e3b1c6388144138bc3e123d130b6076', 'network_id': 'c5b2e3a6-12ce-4085-8110-0512a39a9e60', 'ip_version': 4, 'subnetpool_id': None, 'enable_dhcp': True, 'ipv6_ra_mode': None, 'ipv6_address_mode': None, 'gateway_ip': '192.168.128.1', 'cidr': '192.168.128.0/28', 'allocation_pools': [{'start': '192.168.128.2', 'end': '192.168.128.14'}], 'host_routes': [], 'dns_nameservers': [], 'description': '', 'router:external': False, 'service_types': [], 'tags': [], 'created_at': '2025-03-26T23:00:34Z', 'updated_at': '2025-03-26T23:00:34Z', 'revision_number': 0, 'project_id': '2e3b1c6388144138bc3e123d130b6076'}, Router: {'id': '8a6c95cb-9549-445d-baf2-46651ba32dec', 'name': 'tempest-AttachVolumeTestJSON-1183492104-router', 'tenant_id': '2e3b1c6388144138bc3e123d130b6076', 'admin_state_up': True, 'status': 'ACTIVE', 'external_gateway_info': {'network_id': '2b01fef5-696c-4aa8-a98e-1b8b7e876f05', 'external_fixed_ips': [{'subnet_id': 'a7ff4e01-f5d5-4212-9d97-79df71357c34', 'ip_address': '10.180.180.191'}], 'enable_snat': True}, 'description': '', 'availability_zones': [], 'distributed': False, 'ha': False, 'availability_zone_hints': [], 'routes': [], 'flavor_id': None, 'tags': [], 'created_at': '2025-03-26T23:00:34Z', 'updated_at': '2025-03-26T23:00:35Z', 'revision_number': 2, 'project_id': '2e3b1c6388144138bc3e123d130b6076'}
2025-03-26 23:00:37.100 70359 INFO tempest.lib.common.rest_client [req-d8eb91b0-86f1-427d-98d5-9601ae3b2980 req-d8eb91b0-86f1-427d-98d5-9601ae3b2980 ] Request (ServersTestBootFromVolume:setUpClass): 200 GET http://10.180.1.21/compute/v2.1/servers/4fe85bba-8aed-4e32-a4da-c4b0cd517fbe 0.301s
2025-03-26 23:00:37.118 70377 INFO tempest.lib.common.rest_client [req-0f65f3a9-daa1-4c06-b33d-4060b6e8c213 req-0f65f3a9-daa1-4c06-b33d-4060b6e8c213 ] Request (ServersAdmin275Test:test_rebuild_update_server_275): 200 PUT http://10.180.1.21/compute/v2.1/servers/fe42db3f-bac2-4f90-9b1b-e0e778632325 0.206s
2025-03-26 23:00:37.172 70379 INFO tempest.lib.common.rest_client [req-39cb1e47-b0cf-49b8-b7c0-553d3ab8f016 req-39cb1e47-b0cf-49b8-b7c0-553d3ab8f016 ] Request (AttachVolumeTestJSON:setUpClass): 201 POST http://10.180.1.21/identity/v3/auth/tokens 0.093s
2025-03-26 23:00:37.225 70399 INFO tempest.lib.common.rest_client [req-12c3635e-0a05-4989-ba43-0ee39553b123 req-12c3635e-0a05-4989-ba43-0ee39553b123 ] Request (ImagesOneServerTestJSON:test_create_image_specify_multibyte_character_image_name): 200 GET http://10.180.1.21/compute/v2.1/servers/07f71beb-8383-460f-a2b3-3ca63b9fe69a 0.223s
2025-03-26 23:00:37.230 70391 INFO tempest.lib.common.rest_client [req-1a95ae1a-f93d-4188-a24b-a8af52d1a15a req-1a95ae1a-f93d-4188-a24b-a8af52d1a15a ] Request (FloatingIPsAssociationNegativeTestJSON:setUpClass): 200 GET http://10.180.1.21/compute/v2.1/servers/4624efde-c3d5-44f2-9901-dd465ddeea2f 0.264s
2025-03-26 23:00:37.233 70399 INFO tempest.common.waiters [-] State transition "ACTIVE/image_uploading" ==> "ACTIVE/None" after 1 second wait
2025-03-26 23:00:37.281 70401 INFO tempest.lib.common.rest_client [req-e91c5afe-55a5-4a46-8005-0669025754f9 req-e91c5afe-55a5-4a46-8005-0669025754f9 ] Request (ServerRescueTestJSONUnderV235:setUpClass): 200 GET http://10.180.1.21/compute/v2.1/servers/8a4a241c-df83-4200-83f1-88fcbc969667 0.219s
2025-03-26 23:00:37.283 70369 INFO tempest.lib.common.rest_client [req-c4ea42ee-e6de-4660-87d9-6b98f05957f7 req-c4ea42ee-e6de-4660-87d9-6b98f05957f7 ] Request (ServerPasswordTestJSON:test_delete_server_password): 204 DELETE http://10.180.1.21/compute/v2.1/servers/1d8df04d-8aaa-4617-8802-eb0f4f040c97/os-server-password 0.219s
2025-03-26 23:00:37.322 70377 INFO tempest.lib.common.rest_client [req-d4d8399b-8faf-41ef-b251-31c81ec93059 req-d4d8399b-8faf-41ef-b251-31c81ec93059 ] Request (ServersAdmin275Test:test_rebuild_update_server_275): 200 GET http://10.180.1.21/compute/v2.1/servers/fe42db3f-bac2-4f90-9b1b-e0e778632325 0.188s
2025-03-26 23:00:37.337 70381 INFO tempest.lib.common.rest_client [req-3a7d3dde-7598-4fea-bde1-c723a668c3c9 req-3a7d3dde-7598-4fea-bde1-c723a668c3c9 ] Request (ListServerFiltersTestJSON:setUpClass): 200 GET http://10.180.1.21/compute/v2.1/servers/39839d4d-ef9d-4b28-a3b1-cb53d5833fbf 0.184s
2025-03-26 23:00:37.359 70405 WARNING tempest.lib.common.ssh [-] Failed to establish authenticated ssh connection to cirros@10.180.180.197 ([Errno None] Unable to connect to port 22 on 10.180.180.197). Number attempts: 6. Retry after 7 seconds.: paramiko.ssh_exception.NoValidConnectionsError: [Errno None] Unable to connect to port 22 on 10.180.180.197
2025-03-26 23:00:37.390 70379 INFO tempest.lib.common.rest_client [req-c19872af-8c18-4a78-9abb-8c1fa1bcce64 req-c19872af-8c18-4a78-9abb-8c1fa1bcce64 ] Request (ValidationResourcesFixture:setUp): 200 POST http://10.180.1.21/compute/v2.1/os-keypairs 0.214s
2025-03-26 23:00:37.440 70399 INFO tempest.lib.common.rest_client [req-31210234-07c7-4d6e-87a5-09df1374f528 req-31210234-07c7-4d6e-87a5-09df1374f528 ] Request (ImagesOneServerTestJSON:tearDownClass): 204 DELETE http://10.180.1.21/compute/v2.1/images/eafc280d-0229-4cf9-b1b4-1d0a3d708025 0.205s
2025-03-26 23:00:37.464 70411 INFO tempest.lib.common.rest_client [req-95601273-eb5e-4958-bfd1-826693f74064 req-95601273-eb5e-4958-bfd1-826693f74064 ] Request (ServerActionsTestOtherB:setUpClass): 200 GET http://10.180.1.21/compute/v2.1/servers/004005be-9af0-421e-9352-9bec6c956564 0.225s
2025-03-26 23:00:37.492 70369 INFO tempest.lib.common.rest_client [req-35f5f7c9-77de-4f75-813c-860da2e85085 req-35f5f7c9-77de-4f75-813c-860da2e85085 ] Request (ServerPasswordTestJSON:test_get_server_password): 200 GET http://10.180.1.21/compute/v2.1/servers/1d8df04d-8aaa-4617-8802-eb0f4f040c97/os-server-password 0.207s
2025-03-26 23:00:37.533 70379 INFO tempest.lib.common.rest_client [req-322c0dc3-8a80-4b81-9f95-395a13d2239b req-322c0dc3-8a80-4b81-9f95-395a13d2239b ] Request (ValidationResourcesFixture:setUp): 201 POST http://10.180.1.21:9696/networking/v2.0/security-groups 0.141s
2025-03-26 23:00:37.550 70365 INFO tempest.lib.common.rest_client [req-18defd37-2ff5-41c0-a1b8-3f15f2ae0384 req-18defd37-2ff5-41c0-a1b8-3f15f2ae0384 ] Request (DeleteServersTestJSON:test_delete_active_server): 200 GET http://10.180.1.21/compute/v2.1/servers/5ae567d4-9a0a-4d07-bc2d-193f09911fc9 0.243s
2025-03-26 23:00:37.620 70361 INFO tempest.lib.common.rest_client [req-b11ce946-1b3f-4a73-b8cb-e5ea16f25985 req-b11ce946-1b3f-4a73-b8cb-e5ea16f25985 ] Request (DeleteServersAdminTestJSON:test_delete_server_while_in_error_state): 200 GET http://10.180.1.21/compute/v2.1/servers/6dc9029a-8dc1-4213-86f1-b9bb4e408555 0.235s
2025-03-26 23:00:37.632 70415 INFO tempest.lib.common.rest_client [req-79162244-c17a-4738-a08c-06879f51c7c5 req-79162244-c17a-4738-a08c-06879f51c7c5 ] Request (VolumesAdminNegativeTest:test_update_attached_volume_with_nonexistent_volume_in_body): 200 GET http://10.180.1.21/compute/v2.1/servers/9b6a5a9a-2055-452c-9da9-e1bcce4e193c 0.391s
2025-03-26 23:00:37.644 70415 INFO tempest.common.waiters [-] State transition "BUILD/block_device_mapping" ==> "BUILD/spawning" after 35 second wait
2025-03-26 23:00:37.656 70399 INFO tempest.lib.common.rest_client [req-f1838d9d-2400-418f-881c-eb85cc6a18a3 req-f1838d9d-2400-418f-881c-eb85cc6a18a3 ] Request (ImagesOneServerTestJSON:tearDownClass): 404 DELETE http://10.180.1.21/compute/v2.1/images/cbf88330-0d36-4dfc-b2a0-c7e11264e613 0.215s
2025-03-26 23:00:37.660 70379 INFO tempest.lib.common.rest_client [req-cd6fc4b6-b306-4cc3-9081-fbd1a3d818b2 req-cd6fc4b6-b306-4cc3-9081-fbd1a3d818b2 ] Request (ValidationResourcesFixture:setUp): 201 POST http://10.180.1.21:9696/networking/v2.0/security-group-rules 0.126s
2025-03-26 23:00:37.746 70419 INFO tempest.lib.common.rest_client [req-c26aa803-a60a-4726-914a-0fb54e46392d req-c26aa803-a60a-4726-914a-0fb54e46392d ] Request (ServersAdminNegativeTestJSON:setUpClass): 200 GET http://10.180.1.21/compute/v2.1/servers/540472c7-d925-490e-a3eb-66f3b2de608c 0.283s
2025-03-26 23:00:37.755 70413 INFO tempest.lib.common.rest_client [req-9c6f6f86-93bd-4294-b7a5-fc905ea9d03d req-9c6f6f86-93bd-4294-b7a5-fc905ea9d03d ] Request (ListImageFiltersTestJSON:setUpClass): 200 GET http://10.180.1.21/compute/v2.1/servers/22c18565-439b-4d35-afc1-3715e553b83b 0.366s
2025-03-26 23:00:37.759 70379 INFO tempest.lib.common.rest_client [req-f06f8150-db0e-42cb-8f6a-ad400f119485 req-f06f8150-db0e-42cb-8f6a-ad400f119485 ] Request (ValidationResourcesFixture:setUp): 201 POST http://10.180.1.21:9696/networking/v2.0/security-group-rules 0.099s
2025-03-26 23:00:37.803 70395 INFO tempest.lib.common.rest_client [req-ff548e57-0b1b-4410-accc-887fcf4e6ee3 req-ff548e57-0b1b-4410-accc-887fcf4e6ee3 ] Request (ImagesTestJSON:test_create_image_from_suspended_server): 200 GET http://10.180.1.21/compute/v2.1/servers/0ff4257a-e0f9-4a04-9f77-cc0de5b3a28c 0.337s
2025-03-26 23:00:37.832 70369 INFO tempest.lib.common.rest_client [req-bc5a7aa7-cef4-484e-92fb-c249a21462e1 req-bc5a7aa7-cef4-484e-92fb-c249a21462e1 ] Request (ServerPasswordTestJSON:tearDownClass): 204 DELETE http://10.180.1.21/compute/v2.1/servers/1d8df04d-8aaa-4617-8802-eb0f4f040c97 0.337s
2025-03-26 23:00:37.868 70363 INFO tempest.lib.common.rest_client [req-6f155921-9974-47a3-b7ff-0cf7f6dfc650 req-6f155921-9974-47a3-b7ff-0cf7f6dfc650 ] Request (SecurityGroupsTestJSON:test_server_security_groups): 200 GET http://10.180.1.21/compute/v2.1/servers/885fd5ab-ea7d-47fd-aec0-80e8a10f3a57 0.351s
2025-03-26 23:00:37.900 70385 INFO tempest.lib.common.rest_client [req-e571dd4a-4df7-4a91-aa5a-49f0f2b16323 req-e571dd4a-4df7-4a91-aa5a-49f0f2b16323 ] Request (ServerRescueNegativeTestJSON:setUpClass): 200 GET http://10.180.1.21/compute/v2.1/servers/1705d5b8-a465-47e5-b07e-752ffe455797 0.326s
2025-03-26 23:00:37.953 70407 INFO tempest.lib.common.rest_client [req-19e159d6-da5e-4049-a1ef-c065b796cf6b req-19e159d6-da5e-4049-a1ef-c065b796cf6b ] Request (FloatingIPsAssociationTestJSON:setUpClass): 200 GET http://10.180.1.21/compute/v2.1/servers/bb2063d7-4a0b-4137-b8a7-89f0f87a9059 0.330s
2025-03-26 23:00:38.029 70399 INFO tempest.lib.common.rest_client [req-1e6c3df5-3b95-4604-a71d-93ae9e3a99e3 req-1e6c3df5-3b95-4604-a71d-93ae9e3a99e3 ] Request (ImagesOneServerTestJSON:tearDownClass): 204 DELETE http://10.180.1.21/compute/v2.1/servers/07f71beb-8383-460f-a2b3-3ca63b9fe69a 0.373s
2025-03-26 23:00:38.071 70371 INFO tempest.lib.common.rest_client [req-4f7c4772-5b1c-4aa4-a34f-9f617348708e req-4f7c4772-5b1c-4aa4-a34f-9f617348708e ] Request (MigrationsAdminTest:test_list_migrations_in_flavor_resize_situation): 200 GET http://10.180.1.21/compute/v2.1/servers/fc07fedf-7946-4d49-af1e-f45d8c5e5feb 0.479s
2025-03-26 23:00:38.080 70389 INFO tempest.lib.common.rest_client [req-6b0e7b3f-62b6-400c-9bc5-c6db7af4ad4b req-6b0e7b3f-62b6-400c-9bc5-c6db7af4ad4b ] Request (ServersAdminTestJSON:test_create_server_with_scheduling_hint): 200 GET http://10.180.1.21/compute/v2.1/servers/5de8cf2e-1d7d-42cf-8a5a-71a6fe212cec 0.422s
2025-03-26 23:00:38.142 70383 INFO tempest.lib.common.rest_client [req-be41a173-6206-4582-980d-6e0a8335c9a5 req-be41a173-6206-4582-980d-6e0a8335c9a5 ] Request (TenantUsagesTestJSON:tearDownClass): 200 GET http://10.180.1.21/compute/v2.1/servers/a113b9f6-91f4-4f6c-9701-2ca01a176fec 0.440s
2025-03-26 23:00:38.178 70369 INFO tempest.lib.common.rest_client [req-bb7f9a23-f6b6-4e55-93b2-6c4ec20b109d req-bb7f9a23-f6b6-4e55-93b2-6c4ec20b109d ] Request (ServerPasswordTestJSON:tearDownClass): 200 GET http://10.180.1.21/compute/v2.1/servers/1d8df04d-8aaa-4617-8802-eb0f4f040c97 0.346s
2025-03-26 23:00:38.243 70409 INFO tempest.lib.common.rest_client [req-9bedcf50-89b0-4255-b195-fbd4e359e471 req-9bedcf50-89b0-4255-b195-fbd4e359e471 ] Request (ImagesOneServerNegativeTestJSON:_run_cleanups): 200 GET http://10.180.1.21/compute/v2.1/servers/0a2ce7c7-8747-4c46-916b-331e8781a46e 0.279s
2025-03-26 23:00:38.277 70387 INFO tempest.lib.common.rest_client [req-6a122c48-e2eb-49ac-b0b6-088106a32edc req-6a122c48-e2eb-49ac-b0b6-088106a32edc ] Request (ServersTestManualDisk:setUpClass): 200 GET http://10.180.1.21/compute/v2.1/servers/6fd69c2b-b3f0-48af-9082-b38be4eeab36 0.389s
2025-03-26 23:00:38.301 70379 INFO tempest.lib.common.rest_client [req-0640788f-9a5b-41cf-b9ff-342a48cc50d8 req-0640788f-9a5b-41cf-b9ff-342a48cc50d8 ] Request (ValidationResourcesFixture:setUp): 201 POST http://10.180.1.21:9696/networking/v2.0/floatingips 0.542s
2025-03-26 23:00:38.340 70367 INFO tempest.lib.common.rest_client [req-9449b89e-5206-4f2a-b29d-dd33d65eac7f req-9449b89e-5206-4f2a-b29d-dd33d65eac7f ] Request (ServerActionsV293TestJSON:setUpClass): 200 GET http://10.180.1.21/compute/v2.1/servers/7f58ce23-f507-46f8-8e83-bcd0c5e6e548 0.292s
2025-03-26 23:00:38.345 70379 INFO tempest.lib.common.rest_client [req-92c673ab-6c8f-46b7-853f-c179b0b3cc04 req-92c673ab-6c8f-46b7-853f-c179b0b3cc04 ] Request (AttachVolumeTestJSON:test_attach_detach_volume): 201 POST http://10.180.1.21/identity/v3/auth/tokens 0.041s
2025-03-26 23:00:38.346 70379 INFO tempest.lib.common.fixed_network [-] (AttachVolumeTestJSON:test_attach_detach_volume) Found network {'id': 'c5b2e3a6-12ce-4085-8110-0512a39a9e60', 'name': 'tempest-AttachVolumeTestJSON-1183492104-network', 'tenant_id': '2e3b1c6388144138bc3e123d130b6076', 'admin_state_up': True, 'mtu': 8950, 'status': 'ACTIVE', 'subnets': [], 'shared': False, 'project_id': '2e3b1c6388144138bc3e123d130b6076', 'port_security_enabled': True, 'router:external': False, 'provider:network_type': 'vlan', 'provider:physical_network': 'default', 'provider:segmentation_id': 671, 'availability_zone_hints': [], 'availability_zones': [], 'ipv4_address_scope': None, 'ipv6_address_scope': None, 'description': '', 'tags': [], 'created_at': '2025-03-26T23:00:34Z', 'updated_at': '2025-03-26T23:00:34Z', 'revision_number': 1} available for tenant
2025-03-26 23:00:38.349 70399 INFO tempest.lib.common.rest_client [req-bbbfa047-4738-4b2f-8c25-c5fbffe5730f req-bbbfa047-4738-4b2f-8c25-c5fbffe5730f ] Request (ImagesOneServerTestJSON:tearDownClass): 200 GET http://10.180.1.21/compute/v2.1/servers/07f71beb-8383-460f-a2b3-3ca63b9fe69a 0.320s
2025-03-26 23:00:38.417 70359 INFO tempest.lib.common.rest_client [req-c4c6388d-17b3-4651-bf59-5806635781f3 req-c4c6388d-17b3-4651-bf59-5806635781f3 ] Request (ServersTestBootFromVolume:setUpClass): 200 GET http://10.180.1.21/compute/v2.1/servers/4fe85bba-8aed-4e32-a4da-c4b0cd517fbe 0.309s
2025-03-26 23:00:38.424 70359 INFO tempest.common.waiters [-] State transition "BUILD/scheduling" ==> "BUILD/None" after 23 second wait
2025-03-26 23:00:38.460 70391 INFO tempest.lib.common.rest_client [req-14ef6748-0289-42ad-9f49-84e9c6a21b5e req-14ef6748-0289-42ad-9f49-84e9c6a21b5e ] Request (FloatingIPsAssociationNegativeTestJSON:setUpClass): 200 GET http://10.180.1.21/compute/v2.1/servers/4624efde-c3d5-44f2-9901-dd465ddeea2f 0.221s
2025-03-26 23:00:38.474 70401 INFO tempest.lib.common.rest_client [req-aa982883-d53c-45f0-a05a-7df98be0cd16 req-aa982883-d53c-45f0-a05a-7df98be0cd16 ] Request (ServerRescueTestJSONUnderV235:setUpClass): 200 GET http://10.180.1.21/compute/v2.1/servers/8a4a241c-df83-4200-83f1-88fcbc969667 0.185s
2025-03-26 23:00:38.523 70377 INFO tempest.lib.common.rest_client [req-c7dfbe85-ff9d-441a-ab02-26b21b97d25a req-c7dfbe85-ff9d-441a-ab02-26b21b97d25a ] Request (ServersAdmin275Test:test_rebuild_update_server_275): 200 GET http://10.180.1.21/compute/v2.1/servers/fe42db3f-bac2-4f90-9b1b-e0e778632325 0.190s
2025-03-26 23:00:38.529 70381 INFO tempest.lib.common.rest_client [req-a8f29d9a-980b-410f-8d87-d2dd430cbc81 req-a8f29d9a-980b-410f-8d87-d2dd430cbc81 ] Request (ListServerFiltersTestJSON:setUpClass): 200 GET http://10.180.1.21/compute/v2.1/servers/39839d4d-ef9d-4b28-a3b1-cb53d5833fbf 0.183s
2025-03-26 23:00:38.581 70411 INFO tempest.lib.common.rest_client [req-dcb0c838-0715-439a-9021-f552308a98d1 req-dcb0c838-0715-439a-9021-f552308a98d1 ] Request (ServerActionsTestOtherB:setUpClass): 200 GET http://10.180.1.21/compute/v2.1/servers/004005be-9af0-421e-9352-9bec6c956564 0.109s
2025-03-26 23:00:38.632 70365 INFO tempest.lib.common.rest_client [req-1b460339-cdc8-45b1-94bb-25f12d800e5a req-1b460339-cdc8-45b1-94bb-25f12d800e5a ] Request (DeleteServersTestJSON:test_delete_active_server): 200 GET http://10.180.1.21/compute/v2.1/servers/5ae567d4-9a0a-4d07-bc2d-193f09911fc9 0.069s
2025-03-26 23:00:38.698 70361 INFO tempest.lib.common.rest_client [req-db781142-63b2-4299-8c03-1c509f2fbde0 req-db781142-63b2-4299-8c03-1c509f2fbde0 ] Request (DeleteServersAdminTestJSON:test_delete_server_while_in_error_state): 200 GET http://10.180.1.21/compute/v2.1/servers/6dc9029a-8dc1-4213-86f1-b9bb4e408555 0.068s
2025-03-26 23:00:38.833 70415 INFO tempest.lib.common.rest_client [req-857785f3-5daf-47f9-b119-6e2b158ff7b3 req-857785f3-5daf-47f9-b119-6e2b158ff7b3 ] Request (VolumesAdminNegativeTest:test_update_attached_volume_with_nonexistent_volume_in_body): 200 GET http://10.180.1.21/compute/v2.1/servers/9b6a5a9a-2055-452c-9da9-e1bcce4e193c 0.187s
2025-03-26 23:00:38.902 70419 INFO tempest.lib.common.rest_client [req-0ae75ada-27d3-40f7-96a5-5010b039f0c9 req-0ae75ada-27d3-40f7-96a5-5010b039f0c9 ] Request (ServersAdminNegativeTestJSON:setUpClass): 200 GET http://10.180.1.21/compute/v2.1/servers/540472c7-d925-490e-a3eb-66f3b2de608c 0.144s
2025-03-26 23:00:38.911 70419 INFO tempest.common.waiters [-] State transition "BUILD/None" ==> "BUILD/networking" after 26 second wait
2025-03-26 23:00:38.988 70379 INFO tempest.lib.common.rest_client [req-c4ded2f2-f5b7-43b9-bda1-f7db13a9722c req-c4ded2f2-f5b7-43b9-bda1-f7db13a9722c ] Request (AttachVolumeTestJSON:test_attach_detach_volume): 202 POST http://10.180.1.21/compute/v2.1/servers 0.640s
