2025-03-26 22:59:10.168 70383 INFO tempest.lib.common.dynamic_creds [-] Created isolated network resources for: credentials: Credentials: {'domain_id': 'default', 'domain_name': 'Default', 'username': 'tempest-HypervisorAdminNegativeTestJSON-1052301795-project-member', 'project_domain_id': 'default', 'project_domain_name': 'Default', 'project_id': 'd81b21e45c4f420fb2e72f1cdd20d25d', 'project_name': 'tempest-HypervisorAdminNegativeTestJSON-1052301795', 'tenant_id': 'd81b21e45c4f420fb2e72f1cdd20d25d', 'tenant_name': 'tempest-HypervisorAdminNegativeTestJSON-1052301795', 'user_domain_id': 'default', 'user_domain_name': 'Default', 'user_id': '9b2c3b6120974f388093c309ffe769c0', 'system': None}, Network: None, Subnet: None, Router: None
2025-03-26 22:59:10.228 70403 INFO tempest.lib.common.rest_client [req-173d923a-f362-442c-b2ce-f1c459f51f1c req-173d923a-f362-442c-b2ce-f1c459f51f1c ] Request (VolumesAssistedSnapshotsTest:setUpClass): 201 POST http://10.180.1.21:9696/networking/v2.0/networks 0.279s
2025-03-26 22:59:10.235 70383 INFO tempest.lib.common.rest_client [req-8e3e1be1-1141-40a4-9db3-cf9d386d0529 req-8e3e1be1-1141-40a4-9db3-cf9d386d0529 ] Request (HypervisorAdminNegativeTestJSON:setUpClass): 201 POST http://10.180.1.21/identity/v3/auth/tokens 0.063s
2025-03-26 22:59:10.286 70363 INFO tempest.lib.common.rest_client [req-52d003c2-a9d9-47dd-9530-24304d884a3c req-52d003c2-a9d9-47dd-9530-24304d884a3c ] Request (ServicesAdminNegativeV253TestJSON:test_disable_log_reason_with_invalid_service_id): 404 PUT http://10.180.1.21/compute/v2.1/os-services/a3ff0dd4-09e2-47c1-b549-aadd647640f0 2.921s
2025-03-26 22:59:10.315 70375 INFO tempest.lib.common.rest_client [req-a674a93e-34e1-4d29-8f36-8a7d854752a2 req-a674a93e-34e1-4d29-8f36-8a7d854752a2 ] Request (ServersWithSpecificFlavorTestJSON:setUpClass): 201 POST http://10.180.1.21:9696/networking/v2.0/networks 0.454s
2025-03-26 22:59:10.320 70357 INFO tempest.lib.common.rest_client [req-da1c7ae3-d3e6-4428-ba6d-7ee32645d2a7 req-da1c7ae3-d3e6-4428-ba6d-7ee32645d2a7 ] Request (SecurityGroupsTestAdminJSON:test_list_security_groups_list_all_tenants_filter): 200 POST http://10.180.1.21/compute/v2.1/os-security-groups 4.021s
2025-03-26 22:59:10.333 70383 INFO tempest.lib.common.rest_client [req-5f6cbffe-598c-4bf4-a394-99846b92315f req-5f6cbffe-598c-4bf4-a394-99846b92315f ] Request (HypervisorAdminNegativeTestJSON:setUpClass): 201 POST http://10.180.1.21/identity/v3/projects 0.097s
2025-03-26 22:59:10.354 70399 INFO tempest.lib.common.rest_client [req-f9b4d9ed-70f8-49fb-9a7b-b60317ccd057 req-f9b4d9ed-70f8-49fb-9a7b-b60317ccd057 ] Request (QuotasSecurityGroupAdminNegativeTest:tearDownClass): 204 DELETE http://10.180.1.21:9696/networking/v2.0/security-groups/5b022213-3974-4593-b9e4-7014f71c7574 0.192s
2025-03-26 22:59:10.382 70385 INFO tempest.lib.common.rest_client [req-b2acb53d-ee30-417a-a635-6823ca019ae7 req-b2acb53d-ee30-417a-a635-6823ca019ae7 ] Request (FlavorsExtraSpecsTestJSON:setUpClass): 200 POST http://10.180.1.21/compute/v2.1/flavors 2.449s
2025-03-26 22:59:10.413 70383 INFO tempest.lib.common.rest_client [req-c5e63355-bc39-41e2-a59e-f11d938ada40 req-c5e63355-bc39-41e2-a59e-f11d938ada40 ] Request (HypervisorAdminNegativeTestJSON:setUpClass): 201 POST http://10.180.1.21/identity/v3/users 0.079s
2025-03-26 22:59:10.437 70373 INFO tempest.lib.common.rest_client [req-37ca678d-eecb-4428-8b6c-9795037cbc2d req-37ca678d-eecb-4428-8b6c-9795037cbc2d ] Request (FlavorsExtraSpecsNegativeTestJSON:setUpClass): 200 POST http://10.180.1.21/compute/v2.1/flavors 2.442s
2025-03-26 22:59:10.453 70375 INFO tempest.lib.common.rest_client [req-fddfaf70-b124-4357-a5de-c6fff0a578b6 req-fddfaf70-b124-4357-a5de-c6fff0a578b6 ] Request (ServersWithSpecificFlavorTestJSON:setUpClass): 201 POST http://10.180.1.21:9696/networking/v2.0/subnets 0.137s
2025-03-26 22:59:10.458 70403 INFO tempest.lib.common.rest_client [req-af5ddc66-c624-42b0-a09b-0b2461b01f4f req-af5ddc66-c624-42b0-a09b-0b2461b01f4f ] Request (VolumesAssistedSnapshotsTest:setUpClass): 201 POST http://10.180.1.21:9696/networking/v2.0/subnets 0.230s
2025-03-26 22:59:10.494 70399 INFO tempest.lib.common.rest_client [req-201b5938-4394-4b44-875f-697844f85471 req-201b5938-4394-4b44-875f-697844f85471 ] Request (QuotasSecurityGroupAdminNegativeTest:tearDownClass): 204 DELETE http://10.180.1.21/identity/v3/projects/8d2dbb730d174d1791f35a227b85361d 0.139s
2025-03-26 22:59:10.494 70399 INFO tempest.lib.common.dynamic_creds [-] Deleting project and security group for project: adc07f58b1a54058a00bce77862b0edd
2025-03-26 22:59:10.495 70371 INFO tempest.lib.common.rest_client [req-cf2ef94a-1422-4bbe-994f-583e7f249571 req-cf2ef94a-1422-4bbe-994f-583e7f249571 ] Request (MigrationsAdminTest:test_list_migrations): 200 GET http://10.180.1.21/compute/v2.1/os-migrations 2.273s
2025-03-26 22:59:10.517 70383 INFO tempest.lib.common.rest_client [req-4f0ba396-8a21-4634-bfd6-a54e00bf4c25 req-4f0ba396-8a21-4634-bfd6-a54e00bf4c25 ] Request (HypervisorAdminNegativeTestJSON:setUpClass): 200 GET http://10.180.1.21/identity/v3/roles 0.103s
2025-03-26 22:59:10.613 70377 INFO tempest.lib.common.rest_client [req-068142ed-6318-43bc-a83c-b33645e2c654 req-068142ed-6318-43bc-a83c-b33645e2c654 ] Request (FlavorsAdminTestJSON:test_create_flavor_using_string_ram): 200 POST http://10.180.1.21/compute/v2.1/flavors 2.332s
2025-03-26 22:59:10.618 70387 INFO tempest.lib.common.rest_client [req-853c2ddd-e6a5-4ac7-afca-dc6e075a6857 req-853c2ddd-e6a5-4ac7-afca-dc6e075a6857 ] Request (ServicesAdminNegativeTestJSON:test_get_service_by_invalid_params): 200 GET http://10.180.1.21/compute/v2.1/os-services 2.360s
2025-03-26 22:59:10.622 70383 INFO tempest.lib.common.rest_client [req-17c167d0-e8a8-42ee-bb5b-172672bae24f req-17c167d0-e8a8-42ee-bb5b-172672bae24f ] Request (HypervisorAdminNegativeTestJSON:setUpClass): 204 PUT http://10.180.1.21/identity/v3/projects/5fa1fb35cdf64269be84c3c2fb4e7791/users/29ec7b006c0f4abfbe463407043232de/roles/fbbd6488075040d091bf7ae65313aedc 0.105s
2025-03-26 22:59:10.633 70371 INFO tempest.lib.common.rest_client [req-54effb1c-720b-4262-a02d-9cc9e32dc94b req-54effb1c-720b-4262-a02d-9cc9e32dc94b ] Request (MigrationsAdminTest:test_list_migrations_in_flavor_resize_situation): 201 POST http://10.180.1.21/identity/v3/auth/tokens 0.131s
2025-03-26 22:59:10.634 70371 INFO tempest.lib.common.fixed_network [-] (MigrationsAdminTest:test_list_migrations_in_flavor_resize_situation) Found network None available for tenant
2025-03-26 22:59:10.660 70399 INFO tempest.lib.common.rest_client [req-e959479a-8231-4c87-b8b1-d4ec05ed20c9 req-e959479a-8231-4c87-b8b1-d4ec05ed20c9 ] Request (QuotasSecurityGroupAdminNegativeTest:tearDownClass): 200 GET http://10.180.1.21:9696/networking/v2.0/security-groups?tenant_id=adc07f58b1a54058a00bce77862b0edd&name=default 0.165s
2025-03-26 22:59:10.713 70405 INFO tempest.lib.common.rest_client [req-bf547243-cdef-4a6b-bae0-5d3880e73d75 req-bf547243-cdef-4a6b-bae0-5d3880e73d75 ] Request (TenantUsagesNegativeTestJSON:test_get_usage_tenant_with_empty_tenant_id): 404 GET http://10.180.1.21/compute/v2.1/os-simple-tenant-usage/?start=2025-03-25T22%3A59%3A08.405697&end=2025-03-27T22%3A59%3A08.405697 2.307s
2025-03-26 22:59:10.719 70405 WARNING tempest.lib.common.rest_client [-] Deprecated: "tenant_id" property is deprecated for removal, use "project_id" instead
2025-03-26 22:59:10.737 70415 INFO tempest.lib.common.rest_client [req-89824730-e5ee-4e04-805f-c9d2f0299aab req-89824730-e5ee-4e04-805f-c9d2f0299aab ] Request (QuotasAdminNegativeTest:test_create_server_when_cpu_quota_is_full): 200 GET http://10.180.1.21/compute/v2.1/os-quota-sets/efd703d46be54e0e8d2d8aff5bac5787 2.394s
2025-03-26 22:59:10.747 70383 INFO tempest.lib.common.rest_client [req-520f60b9-3322-443f-a205-ccddabdbcdb4 req-520f60b9-3322-443f-a205-ccddabdbcdb4 ] Request (HypervisorAdminNegativeTestJSON:setUpClass): 200 GET http://10.180.1.21/identity/v3/roles 0.124s
2025-03-26 22:59:10.790 70389 INFO tempest.lib.common.rest_client [req-ffffd697-28f7-44dd-ab0f-d949216a401a req-ffffd697-28f7-44dd-ab0f-d949216a401a ] Request (FlavorsV261TestJSON:test_crud_flavor): 200 POST http://10.180.1.21/compute/v2.1/flavors 2.378s
2025-03-26 22:59:10.793 70383 INFO tempest.lib.common.rest_client [req-f896d785-5334-4fe1-b475-49f508321d13 req-f896d785-5334-4fe1-b475-49f508321d13 ] Request (HypervisorAdminNegativeTestJSON:setUpClass): 204 PUT http://10.180.1.21/identity/v3/projects/5fa1fb35cdf64269be84c3c2fb4e7791/users/29ec7b006c0f4abfbe463407043232de/roles/fbbd6488075040d091bf7ae65313aedc 0.045s
2025-03-26 22:59:10.793 70383 INFO tempest.lib.common.dynamic_creds [-] Dynamic test user 29ec7b006c0f4abfbe463407043232de is created with scope project and roles: ['admin']
2025-03-26 22:59:10.793 70383 INFO tempest.lib.common.dynamic_creds [-] Acquired dynamic creds: credentials: Credentials: {'domain_id': 'default', 'domain_name': 'Default', 'username': 'tempest-HypervisorAdminNegativeTestJSON-1684452904-project-admin', 'project_domain_id': 'default', 'project_domain_name': 'Default', 'project_id': '5fa1fb35cdf64269be84c3c2fb4e7791', 'project_name': 'tempest-HypervisorAdminNegativeTestJSON-1684452904', 'tenant_id': '5fa1fb35cdf64269be84c3c2fb4e7791', 'tenant_name': 'tempest-HypervisorAdminNegativeTestJSON-1684452904', 'user_domain_id': 'default', 'user_domain_name': 'Default', 'user_id': '29ec7b006c0f4abfbe463407043232de', 'system': None}, Network: None, Subnet: None, Router: None
2025-03-26 22:59:10.793 70383 INFO tempest.lib.common.dynamic_creds [-] Created isolated network resources for: credentials: Credentials: {'domain_id': 'default', 'domain_name': 'Default', 'username': 'tempest-HypervisorAdminNegativeTestJSON-1684452904-project-admin', 'project_domain_id': 'default', 'project_domain_name': 'Default', 'project_id': '5fa1fb35cdf64269be84c3c2fb4e7791', 'project_name': 'tempest-HypervisorAdminNegativeTestJSON-1684452904', 'tenant_id': '5fa1fb35cdf64269be84c3c2fb4e7791', 'tenant_name': 'tempest-HypervisorAdminNegativeTestJSON-1684452904', 'user_domain_id': 'default', 'user_domain_name': 'Default', 'user_id': '29ec7b006c0f4abfbe463407043232de', 'system': None}, Network: None, Subnet: None, Router: None
2025-03-26 22:59:10.802 70399 INFO tempest.lib.common.rest_client [req-9983fd64-b4b6-475f-8b4f-2daad8bc4928 req-9983fd64-b4b6-475f-8b4f-2daad8bc4928 ] Request (QuotasSecurityGroupAdminNegativeTest:tearDownClass): 204 DELETE http://10.180.1.21:9696/networking/v2.0/security-groups/5b4c39e5-74ac-4ced-91d9-54f9bb19bf94 0.142s
2025-03-26 22:59:10.879 70383 INFO tempest.lib.common.rest_client [req-eb78d0a4-96e9-4fe9-8a69-93a03b4eb868 req-eb78d0a4-96e9-4fe9-8a69-93a03b4eb868 ] Request (HypervisorAdminNegativeTestJSON:setUpClass): 201 POST http://10.180.1.21/identity/v3/auth/tokens 0.081s
2025-03-26 22:59:10.914 70401 INFO tempest.lib.common.rest_client [req-de780634-d5e0-4c82-ad5c-76b5b790ff9b req-de780634-d5e0-4c82-ad5c-76b5b790ff9b ] Request (AggregatesAdminNegativeTestJSON:setUpClass): 200 GET http://10.180.1.21/compute/v2.1/os-services?binary=nova-compute 2.431s
2025-03-26 22:59:10.982 70379 INFO tempest.lib.common.rest_client [req-7ca2cbcc-0a79-4e2a-9da5-b0bcc0de843f req-7ca2cbcc-0a79-4e2a-9da5-b0bcc0de843f ] Request (ServerDiagnosticsV248Test:test_get_server_diagnostics): 202 POST http://10.180.1.21/compute/v2.1/servers 2.525s
2025-03-26 22:59:10.989 70399 INFO tempest.lib.common.rest_client [req-36912c20-50bb-4f33-a16a-64e0c286f649 req-36912c20-50bb-4f33-a16a-64e0c286f649 ] Request (QuotasSecurityGroupAdminNegativeTest:tearDownClass): 204 DELETE http://10.180.1.21/identity/v3/projects/adc07f58b1a54058a00bce77862b0edd 0.187s
2025-03-26 22:59:11.016 70409 INFO tempest.lib.common.rest_client [req-59a12ab3-fb01-426c-aa53-ea9e54fb25c3 req-59a12ab3-fb01-426c-aa53-ea9e54fb25c3 ] Request (HypervisorAdminV228Test:test_get_list_hypervisor_details): 200 GET http://10.180.1.21/compute/v2.1/os-hypervisors 2.409s
2025-03-26 22:59:11.048 70399 INFO tempest.lib.common.rest_client [req-dfe0ebce-3831-4253-a536-d7901fb357c0 req-dfe0ebce-3831-4253-a536-d7901fb357c0 ] Request (ImagesOneServerTestJSON:setUpClass): 201 POST http://10.180.1.21/identity/v3/auth/tokens 0.057s
2025-03-26 22:59:11.078 70399 INFO tempest.lib.common.rest_client [req-addc5fb9-b689-4729-b23f-0fa4c05754f7 req-addc5fb9-b689-4729-b23f-0fa4c05754f7 ] Request (ImagesOneServerTestJSON:setUpClass): 201 POST http://10.180.1.21/identity/v3/auth/tokens 0.027s
2025-03-26 22:59:11.107 70399 INFO tempest.lib.common.rest_client [req-49ae5ef7-2902-4ae3-b7d5-192e7fb8f370 req-49ae5ef7-2902-4ae3-b7d5-192e7fb8f370 ] Request (ImagesOneServerTestJSON:setUpClass): 200 GET http://10.180.1.21/identity/v3/domains?name=Default 0.028s
2025-03-26 22:59:11.134 70399 INFO tempest.lib.common.rest_client [req-de2b1411-780a-45ed-8f08-835759015db4 req-de2b1411-780a-45ed-8f08-835759015db4 ] Request (ImagesOneServerTestJSON:setUpClass): 201 POST http://10.180.1.21/identity/v3/projects 0.026s
2025-03-26 22:59:11.161 70375 INFO tempest.lib.common.rest_client [req-7ad15a45-9a96-4b56-9536-bacca6c00a12 req-7ad15a45-9a96-4b56-9536-bacca6c00a12 ] Request (ServersWithSpecificFlavorTestJSON:setUpClass): 201 POST http://10.180.1.21:9696/networking/v2.0/routers 0.708s
2025-03-26 22:59:11.192 70399 INFO tempest.lib.common.rest_client [req-347b5102-33e8-4645-8e55-8a3e250063a0 req-347b5102-33e8-4645-8e55-8a3e250063a0 ] Request (ImagesOneServerTestJSON:setUpClass): 201 POST http://10.180.1.21/identity/v3/users 0.058s
2025-03-26 22:59:11.212 70403 INFO tempest.lib.common.rest_client [req-5c47dcc1-fe7a-4618-a91f-122c3b5ec1c0 req-5c47dcc1-fe7a-4618-a91f-122c3b5ec1c0 ] Request (VolumesAssistedSnapshotsTest:setUpClass): 201 POST http://10.180.1.21:9696/networking/v2.0/routers 0.753s
2025-03-26 22:59:11.222 70399 INFO tempest.lib.common.rest_client [req-2d08e6f4-fa95-4ef7-b304-14ea39da6fd5 req-2d08e6f4-fa95-4ef7-b304-14ea39da6fd5 ] Request (ImagesOneServerTestJSON:setUpClass): 200 GET http://10.180.1.21/identity/v3/roles 0.030s
2025-03-26 22:59:11.261 70399 INFO tempest.lib.common.rest_client [req-c8b17432-f360-440d-aafb-74e8a96e9869 req-c8b17432-f360-440d-aafb-74e8a96e9869 ] Request (ImagesOneServerTestJSON:setUpClass): 204 PUT http://10.180.1.21/identity/v3/projects/a0b14ddc398c4a80a09b67a4acfc5729/users/643922ab4d7c475cb275a9eca7e56fff/roles/0efb90318cef4cd69ddf9be13b28e892 0.038s
2025-03-26 22:59:11.261 70399 INFO tempest.lib.common.dynamic_creds [-] Dynamic test user 643922ab4d7c475cb275a9eca7e56fff is created with scope project and roles: ['member']
2025-03-26 22:59:11.262 70399 INFO tempest.lib.common.dynamic_creds [-] Acquired dynamic creds: credentials: Credentials: {'domain_id': 'default', 'domain_name': 'Default', 'username': 'tempest-ImagesOneServerTestJSON-1218256030-project-member', 'project_domain_id': 'default', 'project_domain_name': 'Default', 'project_id': 'a0b14ddc398c4a80a09b67a4acfc5729', 'project_name': 'tempest-ImagesOneServerTestJSON-1218256030', 'tenant_id': 'a0b14ddc398c4a80a09b67a4acfc5729', 'tenant_name': 'tempest-ImagesOneServerTestJSON-1218256030', 'user_domain_id': 'default', 'user_domain_name': 'Default', 'user_id': '643922ab4d7c475cb275a9eca7e56fff', 'system': None}, Network: None, Subnet: None, Router: None
2025-03-26 22:59:11.280 70381 INFO tempest.lib.common.rest_client [req-b3d03ec9-141c-426a-9d85-f5c8c05c5a1c req-b3d03ec9-141c-426a-9d85-f5c8c05c5a1c ] Request (ServerDiagnosticsNegativeTest:test_get_server_diagnostics_by_non_admin): 200 GET http://10.180.1.21/compute/v2.1/servers/ce22226b-87b3-48ee-909f-af3da8a63a41 2.648s
2025-03-26 22:59:11.334 70399 INFO tempest.lib.common.rest_client [req-6ef0514f-acbd-4014-a7fc-45d106a69e41 req-6ef0514f-acbd-4014-a7fc-45d106a69e41 ] Request (ImagesOneServerTestJSON:setUpClass): 201 POST http://10.180.1.21/identity/v3/auth/tokens 0.072s
2025-03-26 22:59:11.365 70391 INFO tempest.lib.common.rest_client [req-2573c7c9-8adb-4584-af00-08de80a28e58 req-2573c7c9-8adb-4584-af00-08de80a28e58 ] Request (ServerDiagnosticsTest:test_get_server_diagnostics): 202 POST http://10.180.1.21/compute/v2.1/servers 2.699s
2025-03-26 22:59:11.417 70413 INFO tempest.lib.common.rest_client [req-1d269d7d-d5af-4d95-9726-ad7a07032821 req-1d269d7d-d5af-4d95-9726-ad7a07032821 ] Request (AZAdminV2TestJSON:test_get_availability_zone_list): 200 GET http://10.180.1.21/compute/v2.1/os-availability-zone 2.735s
2025-03-26 22:59:11.706 70361 INFO tempest.lib.common.rest_client [req-c5307a78-2337-4e56-8e90-402915cbb166 req-c5307a78-2337-4e56-8e90-402915cbb166 ] Request (DeleteServersAdminTestJSON:test_admin_delete_servers_of_others): 202 POST http://10.180.1.21/compute/v2.1/servers 2.917s
2025-03-26 22:59:11.828 70399 INFO tempest.lib.common.rest_client [req-3af01f80-06a8-4336-9cb5-fe4bdf625a3c req-3af01f80-06a8-4336-9cb5-fe4bdf625a3c ] Request (ImagesOneServerTestJSON:setUpClass): 201 POST http://10.180.1.21:9696/networking/v2.0/networks 0.493s
2025-03-26 22:59:11.949 70411 INFO tempest.lib.common.rest_client [req-3db36f12-84e4-4b36-a7bb-95050ff28e90 req-3db36f12-84e4-4b36-a7bb-95050ff28e90 ] Request (SecurityGroupRulesNegativeTestJSON:test_create_security_group_rule_duplicate): 200 POST http://10.180.1.21/compute/v2.1/os-security-group-rules 3.097s
2025-03-26 22:59:11.986 70359 INFO tempest.lib.common.rest_client [req-14fdaa8d-c5be-4580-91c4-987c562ce215 req-14fdaa8d-c5be-4580-91c4-987c562ce215 ] Request (FlavorsV255TestJSON:test_crud_flavor): 200 PUT http://10.180.1.21/compute/v2.1/flavors/2017152182 2.991s
2025-03-26 22:59:12.051 70417 INFO tempest.lib.common.rest_client [req-1776025c-7a95-442f-816a-9cf40a7f63cb req-1776025c-7a95-442f-816a-9cf40a7f63cb ] Request (HypervisorAdminUnderV252Test:test_get_hypervisor_show_servers): 200 GET http://10.180.1.21/compute/v2.1/os-hypervisors/domain-c8.fc996f14-c53b-4953-92e3-bdfa48f5cc28/servers 2.766s
2025-03-26 22:59:12.144 70399 INFO tempest.lib.common.rest_client [req-64f96f0a-8381-4b91-99f6-e74090a013fe req-64f96f0a-8381-4b91-99f6-e74090a013fe ] Request (ImagesOneServerTestJSON:setUpClass): 201 POST http://10.180.1.21:9696/networking/v2.0/subnets 0.315s
2025-03-26 22:59:12.216 70395 INFO tempest.lib.common.rest_client [req-22dd8df4-714a-4de0-a1ac-b4cadee63df1 req-22dd8df4-714a-4de0-a1ac-b4cadee63df1 ] Request (ImagesTestJSON:test_create_image_from_stopped_server): 202 POST http://10.180.1.21/compute/v2.1/servers 3.401s
2025-03-26 22:59:12.253 70397 INFO tempest.lib.common.rest_client [req-04fa0d6c-0e40-4073-815f-205724e0b12a req-04fa0d6c-0e40-4073-815f-205724e0b12a ] Request (ImagesDeleteNegativeTestJSON:test_delete_image_non_hex_string_id): 404 DELETE http://10.180.1.21/compute/v2.1/images/48036cdc-d652-48ef-b3cc-4332c9d7144j 2.669s
2025-03-26 22:59:12.283 70369 INFO tempest.lib.common.rest_client [req-cff72829-fadd-4a12-8e55-4143b2bc55ce req-cff72829-fadd-4a12-8e55-4143b2bc55ce ] Request (FlavorsV2TestJSON:test_list_flavors_detailed_filter_by_min_disk): 200 GET http://10.180.1.21/compute/v2.1/flavors/42 2.673s
2025-03-26 22:59:12.342 70419 INFO tempest.lib.common.rest_client [req-35ac1b20-9693-41b8-88a4-0c14e3d03363 req-35ac1b20-9693-41b8-88a4-0c14e3d03363 ] Request (FlavorsAccessNegativeTestJSON:test_add_flavor_access_duplicate): 200 POST http://10.180.1.21/compute/v2.1/flavors 3.028s
2025-03-26 22:59:12.426 70375 INFO tempest.lib.common.rest_client [req-91cc4df2-8ded-42bd-86a7-b0fa3f1a366c req-91cc4df2-8ded-42bd-86a7-b0fa3f1a366c ] Request (ServersWithSpecificFlavorTestJSON:setUpClass): 200 PUT http://10.180.1.21:9696/networking/v2.0/routers/b2aedc90-4f1d-47cd-9783-541c65a4297b/add_router_interface 1.264s
2025-03-26 22:59:12.426 70375 INFO tempest.lib.common.dynamic_creds [-] Created isolated network resources for: credentials: Credentials: {'domain_id': 'default', 'domain_name': 'Default', 'username': 'tempest-ServersWithSpecificFlavorTestJSON-1809252037-project-admin', 'project_domain_id': 'default', 'project_domain_name': 'Default', 'project_id': '7afecc1226e94ea8a483df288cf46cbd', 'project_name': 'tempest-ServersWithSpecificFlavorTestJSON-1809252037', 'tenant_id': '7afecc1226e94ea8a483df288cf46cbd', 'tenant_name': 'tempest-ServersWithSpecificFlavorTestJSON-1809252037', 'user_domain_id': 'default', 'user_domain_name': 'Default', 'user_id': '7ca0847d91c849a5bffaa50a1f063ea2', 'system': None}, Network: {'id': '27a39863-300d-4719-9a0e-7f29f23e9745', 'name': 'tempest-ServersWithSpecificFlavorTestJSON-2030517019-network', 'tenant_id': '7afecc1226e94ea8a483df288cf46cbd', 'admin_state_up': True, 'mtu': 8950, 'status': 'ACTIVE', 'subnets': [], 'shared': False, 'project_id': '7afecc1226e94ea8a483df288cf46cbd', 'port_security_enabled': True, 'router:external': False, 'provider:network_type': 'vlan', 'provider:physical_network': 'default', 'provider:segmentation_id': 589, 'availability_zone_hints': [], 'availability_zones': [], 'ipv4_address_scope': None, 'ipv6_address_scope': None, 'description': '', 'tags': [], 'created_at': '2025-03-26T22:59:10Z', 'updated_at': '2025-03-26T22:59:10Z', 'revision_number': 1}, Subnet: {'id': '85754eb2-bf4b-47d7-80d9-6ae9905a8f91', 'name': 'tempest-ServersWithSpecificFlavorTestJSON-2030517019-subnet', 'tenant_id': '7afecc1226e94ea8a483df288cf46cbd', 'network_id': '27a39863-300d-4719-9a0e-7f29f23e9745', 'ip_version': 4, 'subnetpool_id': None, 'enable_dhcp': True, 'ipv6_ra_mode': None, 'ipv6_address_mode': None, 'gateway_ip': '192.168.128.1', 'cidr': '192.168.128.0/28', 'allocation_pools': [{'start': '192.168.128.2', 'end': '192.168.128.14'}], 'host_routes': [], 'dns_nameservers': [], 'description': '', 'router:external': False, 'service_types': [], 'tags': [], 'created_at': '2025-03-26T22:59:10Z', 'updated_at': '2025-03-26T22:59:10Z', 'revision_number': 0, 'project_id': '7afecc1226e94ea8a483df288cf46cbd'}, Router: {'id': 'b2aedc90-4f1d-47cd-9783-541c65a4297b', 'name': 'tempest-ServersWithSpecificFlavorTestJSON-2030517019-router', 'tenant_id': '7afecc1226e94ea8a483df288cf46cbd', 'admin_state_up': True, 'status': 'ACTIVE', 'external_gateway_info': {'network_id': '2b01fef5-696c-4aa8-a98e-1b8b7e876f05', 'external_fixed_ips': [{'subnet_id': 'a7ff4e01-f5d5-4212-9d97-79df71357c34', 'ip_address': '10.180.180.207'}], 'enable_snat': True}, 'description': '', 'availability_zones': [], 'distributed': False, 'ha': False, 'availability_zone_hints': [], 'routes': [], 'flavor_id': None, 'tags': [], 'created_at': '2025-03-26T22:59:10Z', 'updated_at': '2025-03-26T22:59:10Z', 'revision_number': 2, 'project_id': '7afecc1226e94ea8a483df288cf46cbd'}
2025-03-26 22:59:12.501 70365 INFO tempest.lib.common.rest_client [req-71867381-e615-42d5-bfef-ad23fb2cb23d req-71867381-e615-42d5-bfef-ad23fb2cb23d ] Request (QuotasAdminTestV257:test_get_updated_quotas): 200 PUT http://10.180.1.21/compute/v2.1/os-quota-sets/8cf9666f1c1746339d3ddecafe605166?user_id=b23bf98752aa4a5b8aada4d6eda32d08 2.501s
2025-03-26 22:59:12.538 70375 INFO tempest.lib.common.rest_client [req-201d38ef-8851-41c3-9d10-805b1abcba66 req-201d38ef-8851-41c3-9d10-805b1abcba66 ] Request (ServersWithSpecificFlavorTestJSON:setUpClass): 201 POST http://10.180.1.21/identity/v3/auth/tokens 0.109s
2025-03-26 22:59:12.595 70367 INFO tempest.lib.common.rest_client [req-9f3b1dc7-9963-423a-a58c-47bc19a84186 req-9f3b1dc7-9963-423a-a58c-47bc19a84186 ] Request (FloatingIPsTestJSON:test_allocate_floating_ip): 200 GET http://10.180.1.21/compute/v2.1/os-floating-ips/d7d496d1-a5c3-4fd0-ada9-7167851de6b9 2.483s
2025-03-26 22:59:12.613 70363 INFO tempest.lib.common.rest_client [req-7a821eda-a65c-4f59-b806-e4a208570069 req-7a821eda-a65c-4f59-b806-e4a208570069 ] Request (ServicesAdminNegativeV253TestJSON:test_disable_service_with_invalid_service_id): 404 PUT http://10.180.1.21/compute/v2.1/os-services/a3ff0dd4-09e2-47c1-b549-aadd647640f0 2.322s
2025-03-26 22:59:12.713 70403 INFO tempest.lib.common.rest_client [req-b1363248-1810-4b34-bda4-ee2ff7044c61 req-b1363248-1810-4b34-bda4-ee2ff7044c61 ] Request (VolumesAssistedSnapshotsTest:setUpClass): 200 PUT http://10.180.1.21:9696/networking/v2.0/routers/9c503ce8-ec32-4e3b-bb6b-fde25e944c98/add_router_interface 1.501s
2025-03-26 22:59:12.714 70403 INFO tempest.lib.common.dynamic_creds [-] Created isolated network resources for: credentials: Credentials: {'domain_id': 'default', 'domain_name': 'Default', 'username': 'tempest-VolumesAssistedSnapshotsTest-1610383081-project-admin', 'project_domain_id': 'default', 'project_domain_name': 'Default', 'project_id': '7b8243753c5e4d44b688d3dc30dc7aa7', 'project_name': 'tempest-VolumesAssistedSnapshotsTest-1610383081', 'tenant_id': '7b8243753c5e4d44b688d3dc30dc7aa7', 'tenant_name': 'tempest-VolumesAssistedSnapshotsTest-1610383081', 'user_domain_id': 'default', 'user_domain_name': 'Default', 'user_id': '5aa422035b4c4d3b8d11a98799f723b1', 'system': None}, Network: {'id': 'b8234808-4e61-42c7-ad9b-a6e59c306793', 'name': 'tempest-VolumesAssistedSnapshotsTest-1805026431-network', 'tenant_id': '7b8243753c5e4d44b688d3dc30dc7aa7', 'admin_state_up': True, 'mtu': 8950, 'status': 'ACTIVE', 'subnets': [], 'shared': False, 'project_id': '7b8243753c5e4d44b688d3dc30dc7aa7', 'port_security_enabled': True, 'router:external': False, 'provider:network_type': 'vlan', 'provider:physical_network': 'default', 'provider:segmentation_id': 590, 'availability_zone_hints': [], 'availability_zones': [], 'ipv4_address_scope': None, 'ipv6_address_scope': None, 'description': '', 'tags': [], 'created_at': '2025-03-26T22:59:10Z', 'updated_at': '2025-03-26T22:59:10Z', 'revision_number': 1}, Subnet: {'id': '6110adce-aa67-4a98-bcef-5c4a78d321c9', 'name': 'tempest-VolumesAssistedSnapshotsTest-1805026431-subnet', 'tenant_id': '7b8243753c5e4d44b688d3dc30dc7aa7', 'network_id': 'b8234808-4e61-42c7-ad9b-a6e59c306793', 'ip_version': 4, 'subnetpool_id': None, 'enable_dhcp': True, 'ipv6_ra_mode': None, 'ipv6_address_mode': None, 'gateway_ip': '192.168.128.1', 'cidr': '192.168.128.0/28', 'allocation_pools': [{'start': '192.168.128.2', 'end': '192.168.128.14'}], 'host_routes': [], 'dns_nameservers': [], 'description': '', 'router:external': False, 'service_types': [], 'tags': [], 'created_at': '2025-03-26T22:59:10Z', 'updated_at': '2025-03-26T22:59:10Z', 'revision_number': 0, 'project_id': '7b8243753c5e4d44b688d3dc30dc7aa7'}, Router: {'id': '9c503ce8-ec32-4e3b-bb6b-fde25e944c98', 'name': 'tempest-VolumesAssistedSnapshotsTest-1805026431-router', 'tenant_id': '7b8243753c5e4d44b688d3dc30dc7aa7', 'admin_state_up': True, 'status': 'ACTIVE', 'external_gateway_info': {'network_id': '2b01fef5-696c-4aa8-a98e-1b8b7e876f05', 'external_fixed_ips': [{'subnet_id': 'a7ff4e01-f5d5-4212-9d97-79df71357c34', 'ip_address': '10.180.180.133'}], 'enable_snat': True}, 'description': '', 'availability_zones': [], 'distributed': False, 'ha': False, 'availability_zone_hints': [], 'routes': [], 'flavor_id': None, 'tags': [], 'created_at': '2025-03-26T22:59:10Z', 'updated_at': '2025-03-26T22:59:10Z', 'revision_number': 2, 'project_id': '7b8243753c5e4d44b688d3dc30dc7aa7'}
2025-03-26 22:59:12.817 70403 INFO tempest.lib.common.rest_client [req-549ead72-8f9f-40e2-9194-8d819a20dde1 req-549ead72-8f9f-40e2-9194-8d819a20dde1 ] Request (VolumesAssistedSnapshotsTest:setUpClass): 201 POST http://10.180.1.21/identity/v3/auth/tokens 0.100s
2025-03-26 22:59:12.831 70407 INFO tempest.lib.common.rest_client [req-79b17682-93ff-49fe-8547-600364eff02d req-79b17682-93ff-49fe-8547-600364eff02d ] Request (ServerExternalEventsTest:test_create_server_external_events): 202 POST http://10.180.1.21/compute/v2.1/servers 2.711s
2025-03-26 22:59:12.856 70357 INFO tempest.lib.common.rest_client [req-a6a6c7a5-0cbb-4876-a9a3-72d89502c2c9 req-a6a6c7a5-0cbb-4876-a9a3-72d89502c2c9 ] Request (SecurityGroupsTestAdminJSON:test_list_security_groups_list_all_tenants_filter): 200 POST http://10.180.1.21/compute/v2.1/os-security-groups 2.531s
2025-03-26 22:59:12.860 70385 INFO tempest.lib.common.rest_client [req-72238895-af56-475a-91ae-3eb804dd2e19 req-72238895-af56-475a-91ae-3eb804dd2e19 ] Request (FlavorsExtraSpecsTestJSON:test_flavor_non_admin_get_all_keys): 200 POST http://10.180.1.21/compute/v2.1/flavors/306070906/os-extra_specs 2.474s
2025-03-26 22:59:12.880 70377 INFO tempest.lib.common.rest_client [req-3bb8dc64-059f-4ed8-a9eb-3d54c81099c5 req-3bb8dc64-059f-4ed8-a9eb-3d54c81099c5 ] Request (FlavorsAdminTestJSON:_run_cleanups): 202 DELETE http://10.180.1.21/compute/v2.1/flavors/1906148957 2.264s
2025-03-26 22:59:12.893 70403 INFO tempest.lib.common.rest_client [req-09bdc7e9-ddbb-47c1-a478-5cd46fd0ba87 req-09bdc7e9-ddbb-47c1-a478-5cd46fd0ba87 ] Request (VolumesAssistedSnapshotsTest:setUpClass): 201 POST http://10.180.1.21/identity/v3/projects 0.075s
2025-03-26 22:59:12.902 70387 INFO tempest.lib.common.rest_client [req-351b0905-d700-46b8-aa10-bbf0058caf5d req-351b0905-d700-46b8-aa10-bbf0058caf5d ] Request (ServicesAdminNegativeTestJSON:test_get_service_by_invalid_params): 200 GET http://10.180.1.21/compute/v2.1/os-services?xxx=nova-compute 2.278s
2025-03-26 22:59:12.950 70373 INFO tempest.lib.common.rest_client [req-2c2efe5c-0e78-4549-abfc-6002db94e8a8 req-2c2efe5c-0e78-4549-abfc-6002db94e8a8 ] Request (FlavorsExtraSpecsNegativeTestJSON:test_flavor_get_nonexistent_key): 404 GET http://10.180.1.21/compute/v2.1/flavors/1453530139/os-extra_specs/hw:cpu_thread_policy 2.511s
2025-03-26 22:59:12.964 70405 INFO tempest.lib.common.rest_client [req-d74a0f33-924e-482b-8e8d-b3a831a9deff req-d74a0f33-924e-482b-8e8d-b3a831a9deff ] Request (TenantUsagesNegativeTestJSON:test_get_usage_tenant_with_invalid_date): 400 GET http://10.180.1.21/compute/v2.1/os-simple-tenant-usage/6fd988a3c55e4b8bbf4e3a724c3944f9?start=2025-03-27T22%3A59%3A08.405697&end=2025-03-25T22%3A59%3A08.405697 2.245s
2025-03-26 22:59:12.974 70403 INFO tempest.lib.common.rest_client [req-c55464a2-870c-4191-8ca5-3334e8d1d58a req-c55464a2-870c-4191-8ca5-3334e8d1d58a ] Request (VolumesAssistedSnapshotsTest:setUpClass): 201 POST http://10.180.1.21/identity/v3/users 0.081s
2025-03-26 22:59:13.000 70403 INFO tempest.lib.common.rest_client [req-af7419e0-12e9-43cf-8045-ba382074135b req-af7419e0-12e9-43cf-8045-ba382074135b ] Request (VolumesAssistedSnapshotsTest:setUpClass): 200 GET http://10.180.1.21/identity/v3/roles 0.025s
2025-03-26 22:59:13.062 70403 INFO tempest.lib.common.rest_client [req-b8dba983-88a6-450a-8063-507d56798601 req-b8dba983-88a6-450a-8063-507d56798601 ] Request (VolumesAssistedSnapshotsTest:setUpClass): 204 PUT http://10.180.1.21/identity/v3/projects/3e5e2c040c93462d9e3c07a8b4c5f06e/users/c5d1f734c63b4ed486506246c876f0f9/roles/fbbd6488075040d091bf7ae65313aedc 0.062s
2025-03-26 22:59:13.115 70403 INFO tempest.lib.common.rest_client [req-6d6629dc-50b5-4cb7-a92e-69eea7e76b9f req-6d6629dc-50b5-4cb7-a92e-69eea7e76b9f ] Request (VolumesAssistedSnapshotsTest:setUpClass): 200 GET http://10.180.1.21/identity/v3/roles 0.052s
2025-03-26 22:59:13.135 70403 INFO tempest.lib.common.rest_client [req-07577993-3b96-4e8e-9e79-724f5de68250 req-07577993-3b96-4e8e-9e79-724f5de68250 ] Request (VolumesAssistedSnapshotsTest:setUpClass): 204 PUT http://10.180.1.21/identity/v3/projects/3e5e2c040c93462d9e3c07a8b4c5f06e/users/c5d1f734c63b4ed486506246c876f0f9/roles/9003974ab42e4b6187f3fe492358fbb7 0.019s
2025-03-26 22:59:13.136 70403 INFO tempest.lib.common.dynamic_creds [-] Dynamic test user c5d1f734c63b4ed486506246c876f0f9 is created with scope project and roles: ['admin', 'service']
2025-03-26 22:59:13.136 70403 INFO tempest.lib.common.dynamic_creds [-] Acquired dynamic creds: credentials: Credentials: {'domain_id': 'default', 'domain_name': 'Default', 'username': 'tempest-VolumesAssistedSnapshotsTest-1982070420-project', 'project_domain_id': 'default', 'project_domain_name': 'Default', 'project_id': '3e5e2c040c93462d9e3c07a8b4c5f06e', 'project_name': 'tempest-VolumesAssistedSnapshotsTest-1982070420', 'tenant_id': '3e5e2c040c93462d9e3c07a8b4c5f06e', 'tenant_name': 'tempest-VolumesAssistedSnapshotsTest-1982070420', 'user_domain_id': 'default', 'user_domain_name': 'Default', 'user_id': 'c5d1f734c63b4ed486506246c876f0f9', 'system': None}, Network: None, Subnet: None, Router: None
2025-03-26 22:59:13.155 70415 INFO tempest.lib.common.rest_client [req-34cf2c66-b187-467c-815b-c3d9f6583607 req-34cf2c66-b187-467c-815b-c3d9f6583607 ] Request (QuotasAdminNegativeTest:test_create_server_when_cpu_quota_is_full): 200 PUT http://10.180.1.21/compute/v2.1/os-quota-sets/efd703d46be54e0e8d2d8aff5bac5787 2.415s
2025-03-26 22:59:13.235 70415 INFO tempest.lib.common.rest_client [req-59a00a6d-af2b-4837-ab50-676ec9a8bcbb req-59a00a6d-af2b-4837-ab50-676ec9a8bcbb ] Request (QuotasAdminNegativeTest:test_create_server_when_cpu_quota_is_full): 201 POST http://10.180.1.21/identity/v3/auth/tokens 0.074s
2025-03-26 22:59:13.236 70415 INFO tempest.lib.common.fixed_network [-] (QuotasAdminNegativeTest:test_create_server_when_cpu_quota_is_full) Found network None available for tenant
2025-03-26 22:59:13.275 70371 INFO tempest.lib.common.rest_client [req-f734d6ce-913b-4aa6-aa1f-3b202eb46b33 req-f734d6ce-913b-4aa6-aa1f-3b202eb46b33 ] Request (MigrationsAdminTest:test_list_migrations_in_flavor_resize_situation): 202 POST http://10.180.1.21/compute/v2.1/servers 2.640s
2025-03-26 22:59:13.321 70389 INFO tempest.lib.common.rest_client [req-0adbf4dc-db4e-44fd-bdc7-087e9fd3af36 req-0adbf4dc-db4e-44fd-bdc7-087e9fd3af36 ] Request (FlavorsV261TestJSON:test_crud_flavor): 200 GET http://10.180.1.21/compute/v2.1/flavors/439335598 2.526s
2025-03-26 22:59:13.342 70383 INFO tempest.lib.common.rest_client [req-ff7f33ed-d29c-4ddd-8dcc-ed4f8d04f454 req-ff7f33ed-d29c-4ddd-8dcc-ed4f8d04f454 ] Request (HypervisorAdminNegativeTestJSON:test_get_hypervisor_list_details_with_non_admin_user): 403 GET http://10.180.1.21/compute/v2.1/os-hypervisors/detail 2.460s
2025-03-26 22:59:13.355 70401 INFO tempest.lib.common.rest_client [req-5ba63c72-50bf-4299-8368-cd15b6b02baf req-5ba63c72-50bf-4299-8368-cd15b6b02baf ] Request (AggregatesAdminNegativeTestJSON:test_aggregate_add_existent_host): 200 POST http://10.180.1.21/compute/v2.1/os-aggregates 2.437s
2025-03-26 22:59:13.382 70409 INFO tempest.lib.common.rest_client [req-01abc2ec-b7d3-4b3f-bfc2-130aa499d866 req-01abc2ec-b7d3-4b3f-bfc2-130aa499d866 ] Request (HypervisorAdminV228Test:test_get_list_hypervisor_details): 200 GET http://10.180.1.21/compute/v2.1/os-hypervisors/1 2.364s
2025-03-26 22:59:13.438 70399 INFO tempest.lib.common.rest_client [req-a7d4b668-0d4e-40c8-bfb2-26c383a9569c req-a7d4b668-0d4e-40c8-bfb2-26c383a9569c ] Request (ImagesOneServerTestJSON:setUpClass): 201 POST http://10.180.1.21:9696/networking/v2.0/routers 1.294s
2025-03-26 22:59:13.462 70403 INFO tempest.lib.common.rest_client [req-d0673669-9fe8-484a-b364-94a565ccf78b req-d0673669-9fe8-484a-b364-94a565ccf78b ] Request (VolumesAssistedSnapshotsTest:setUpClass): 201 POST http://10.180.1.21:9696/networking/v2.0/networks 0.326s
2025-03-26 22:59:13.478 70379 INFO tempest.lib.common.rest_client [req-b6b76002-3941-4316-8aed-00b68ed7c5cb req-b6b76002-3941-4316-8aed-00b68ed7c5cb ] Request (ServerDiagnosticsV248Test:test_get_server_diagnostics): 200 GET http://10.180.1.21/compute/v2.1/servers/b2b73b38-5fe8-4266-91b3-a6dca68e61ee 2.493s
2025-03-26 22:59:13.501 70413 INFO tempest.lib.common.rest_client [req-5f68d373-25ee-49a7-910e-17d0ec93a654 req-5f68d373-25ee-49a7-910e-17d0ec93a654 ] Request (AZAdminV2TestJSON:test_get_availability_zone_list_detail): 200 GET http://10.180.1.21/compute/v2.1/os-availability-zone/detail 2.070s
2025-03-26 22:59:13.534 70409 INFO tempest.lib.common.rest_client [req-97540abd-240b-4247-aec7-c193d1bce02a req-97540abd-240b-4247-aec7-c193d1bce02a ] Request (HypervisorAdminV228Test:tearDownClass): 204 DELETE http://10.180.1.21/identity/v3/users/46bec00ced0146c183c3cafe6859910c 0.137s
2025-03-26 22:59:13.546 70391 INFO tempest.lib.common.rest_client [req-50339ee0-9a6f-4d05-bf37-4f24b968f1dc req-50339ee0-9a6f-4d05-bf37-4f24b968f1dc ] Request (ServerDiagnosticsTest:test_get_server_diagnostics): 200 GET http://10.180.1.21/compute/v2.1/servers/677f9ba1-fafd-4309-82f9-f9d6b537db6c 2.179s
2025-03-26 22:59:13.568 70361 INFO tempest.lib.common.rest_client [req-f7cd5907-49ab-4820-b2d8-995f7b539fb9 req-f7cd5907-49ab-4820-b2d8-995f7b539fb9 ] Request (DeleteServersAdminTestJSON:test_admin_delete_servers_of_others): 200 GET http://10.180.1.21/compute/v2.1/servers/bc534caf-e753-41cf-bc21-7347d26bf4ce 1.859s
2025-03-26 22:59:13.590 70411 INFO tempest.lib.common.rest_client [req-f3f71b2e-1ab7-4095-a745-2d78c8601d83 req-f3f71b2e-1ab7-4095-a745-2d78c8601d83 ] Request (SecurityGroupRulesNegativeTestJSON:test_create_security_group_rule_duplicate): 400 POST http://10.180.1.21/compute/v2.1/os-security-group-rules 1.638s
2025-03-26 22:59:13.597 70359 INFO tempest.lib.common.rest_client [req-895ac617-fe9f-4665-a03d-2ba0ab30d873 req-895ac617-fe9f-4665-a03d-2ba0ab30d873 ] Request (FlavorsV255TestJSON:test_crud_flavor): 200 GET http://10.180.1.21/compute/v2.1/flavors/detail 1.607s
2025-03-26 22:59:13.636 70417 INFO tempest.lib.common.rest_client [req-dc57d74e-43ef-4980-a676-1a93507636ca req-dc57d74e-43ef-4980-a676-1a93507636ca ] Request (HypervisorAdminUnderV252Test:test_search_hypervisor): 200 GET http://10.180.1.21/compute/v2.1/os-hypervisors 1.575s
2025-03-26 22:59:13.642 70409 INFO tempest.lib.common.rest_client [req-cecd35e9-ff70-404b-9002-70424fc41253 req-cecd35e9-ff70-404b-9002-70424fc41253 ] Request (HypervisorAdminV228Test:tearDownClass): 204 DELETE http://10.180.1.21/identity/v3/users/ca6dd4b1a1aa42229b07974380c4723c 0.107s
2025-03-26 22:59:13.642 70409 INFO tempest.lib.common.dynamic_creds [-] Deleting project and security group for project: 8bcdf77cb06f4bf1a525f9239fe8369a
2025-03-26 22:59:13.650 70413 INFO tempest.lib.common.rest_client [req-7ecaac7f-0ff2-4d3c-b170-782c6a0fea6d req-7ecaac7f-0ff2-4d3c-b170-782c6a0fea6d ] Request (AZAdminV2TestJSON:tearDownClass): 204 DELETE http://10.180.1.21/identity/v3/users/4055ff34e2ae4a5bbf80f29321ea339b 0.144s
2025-03-26 22:59:13.652 70397 INFO tempest.lib.common.rest_client [req-e34dc142-ff8a-4caa-b6e6-bd3c6b09093d req-e34dc142-ff8a-4caa-b6e6-bd3c6b09093d ] Request (ImagesDeleteNegativeTestJSON:test_delete_image_with_id_over_character_limit): 404 DELETE http://10.180.1.21/compute/v2.1/images/06ae0378-179c-4a4e-83c5-4273820959201 1.396s
2025-03-26 22:59:13.665 70395 INFO tempest.lib.common.rest_client [req-2097f75e-072e-43fb-8aef-1466e66628e9 req-2097f75e-072e-43fb-8aef-1466e66628e9 ] Request (ImagesTestJSON:test_create_image_from_stopped_server): 200 GET http://10.180.1.21/compute/v2.1/servers/bcb9a98c-8ec6-4960-966b-9741fee06d34 1.447s
2025-03-26 22:59:13.682 70369 INFO tempest.lib.common.rest_client [req-84f96979-6e61-49b4-acdd-6b9df92c290a req-84f96979-6e61-49b4-acdd-6b9df92c290a ] Request (FlavorsV2TestJSON:test_list_flavors_detailed_filter_by_min_disk): 200 GET http://10.180.1.21/compute/v2.1/flavors/detail?minDisk=2 1.394s
2025-03-26 22:59:13.699 70403 INFO tempest.lib.common.rest_client [req-97bdfd0d-07c5-4e57-b683-58a7f68c7e82 req-97bdfd0d-07c5-4e57-b683-58a7f68c7e82 ] Request (VolumesAssistedSnapshotsTest:setUpClass): 201 POST http://10.180.1.21:9696/networking/v2.0/subnets 0.237s
2025-03-26 22:59:13.708 70409 INFO tempest.lib.common.rest_client [req-eb8df00c-70f2-42d5-8915-d8760262c9ce req-eb8df00c-70f2-42d5-8915-d8760262c9ce ] Request (HypervisorAdminV228Test:tearDownClass): 201 POST http://10.180.1.21/identity/v3/auth/tokens 0.066s
2025-03-26 22:59:13.747 70381 INFO tempest.lib.common.rest_client [req-d1a96368-4079-4239-b5df-6428f0468120 req-d1a96368-4079-4239-b5df-6428f0468120 ] Request (ServerDiagnosticsNegativeTest:test_get_server_diagnostics_by_non_admin): 200 GET http://10.180.1.21/compute/v2.1/servers/ce22226b-87b3-48ee-909f-af3da8a63a41 1.455s
2025-03-26 22:59:13.755 70381 INFO tempest.common.waiters [-] State transition "BUILD/None" ==> "BUILD/networking" after 2 second wait
2025-03-26 22:59:13.808 70413 INFO tempest.lib.common.rest_client [req-c3742b62-649e-4430-8ab7-fc168522bc1f req-c3742b62-649e-4430-8ab7-fc168522bc1f ] Request (AZAdminV2TestJSON:tearDownClass): 204 DELETE http://10.180.1.21/identity/v3/users/9931005872684bae84a1e3d53d2a2945 0.158s
2025-03-26 22:59:13.809 70413 INFO tempest.lib.common.dynamic_creds [-] Deleting project and security group for project: 9ed624909dd34b1dae024cdac55b321e
2025-03-26 22:59:13.879 70419 INFO tempest.lib.common.rest_client [req-57d09e6e-59bc-4635-b7d5-c213c88c2a16 req-57d09e6e-59bc-4635-b7d5-c213c88c2a16 ] Request (FlavorsAccessNegativeTestJSON:test_add_flavor_access_duplicate): 200 POST http://10.180.1.21/compute/v2.1/flavors/98527632/action 1.533s
2025-03-26 22:59:13.941 70413 INFO tempest.lib.common.rest_client [req-803e4e11-be81-49e5-a137-d2c65ffad144 req-803e4e11-be81-49e5-a137-d2c65ffad144 ] Request (AZAdminV2TestJSON:tearDownClass): 201 POST http://10.180.1.21/identity/v3/auth/tokens 0.131s
2025-03-26 22:59:14.026 70365 INFO tempest.lib.common.rest_client [req-0618cddb-edfa-4690-b0f9-54dde2016121 req-0618cddb-edfa-4690-b0f9-54dde2016121 ] Request (QuotasAdminTestV257:test_get_updated_quotas): 200 GET http://10.180.1.21/compute/v2.1/os-quota-sets/8cf9666f1c1746339d3ddecafe605166?user_id=b23bf98752aa4a5b8aada4d6eda32d08 1.523s
2025-03-26 22:59:14.027 70375 INFO tempest.lib.common.rest_client [req-01a4c3cc-007f-405b-9adb-1ca81ac3ad70 req-01a4c3cc-007f-405b-9adb-1ca81ac3ad70 ] Request (ServersWithSpecificFlavorTestJSON:test_verify_created_server_ephemeral_disk): 200 GET http://10.180.1.21/compute/v2.1/flavors/42 1.488s
2025-03-26 22:59:14.044 70363 INFO tempest.lib.common.rest_client [req-99667cc9-a771-4992-ad0b-a309659b83de req-99667cc9-a771-4992-ad0b-a309659b83de ] Request (ServicesAdminNegativeV253TestJSON:test_enable_service_with_invalid_service_id): 404 PUT http://10.180.1.21/compute/v2.1/os-services/a3ff0dd4-09e2-47c1-b549-aadd647640f0 1.429s
2025-03-26 22:59:14.100 70365 INFO tempest.lib.common.rest_client [req-5ea92d86-a77e-4776-baba-4c92f09c9295 req-5ea92d86-a77e-4776-baba-4c92f09c9295 ] Request (QuotasAdminTestV257:_run_cleanups): 204 DELETE http://10.180.1.21/identity/v3/users/b23bf98752aa4a5b8aada4d6eda32d08 0.071s
2025-03-26 22:59:14.149 70407 INFO tempest.lib.common.rest_client [req-62cf7eb0-615b-4b18-9c2d-0049f1a4aece req-62cf7eb0-615b-4b18-9c2d-0049f1a4aece ] Request (ServerExternalEventsTest:test_create_server_external_events): 200 GET http://10.180.1.21/compute/v2.1/servers/93508e4f-7497-4ff0-90d6-f8176c4a79be 1.317s
2025-03-26 22:59:14.190 70409 INFO tempest.lib.common.rest_client [req-c9fefda3-cc69-4b2f-9d05-87b9884f495b req-c9fefda3-cc69-4b2f-9d05-87b9884f495b ] Request (HypervisorAdminV228Test:tearDownClass): 200 GET http://10.180.1.21:9696/networking/v2.0/security-groups?tenant_id=8bcdf77cb06f4bf1a525f9239fe8369a&name=default 0.481s
2025-03-26 22:59:14.205 70367 INFO tempest.lib.common.rest_client [req-c89be883-9ef9-4015-b753-27d558983b9d req-c89be883-9ef9-4015-b753-27d558983b9d ] Request (FloatingIPsTestJSON:test_allocate_floating_ip): 200 GET http://10.180.1.21/compute/v2.1/os-floating-ips 1.607s
2025-03-26 22:59:14.206 70365 INFO tempest.lib.common.rest_client [req-6ee73fb3-d917-4e9b-aa54-a671cff7d20a req-6ee73fb3-d917-4e9b-aa54-a671cff7d20a ] Request (QuotasAdminTestV257:_run_cleanups): 204 DELETE http://10.180.1.21/identity/v3/projects/8cf9666f1c1746339d3ddecafe605166 0.105s
2025-03-26 22:59:14.337 70385 INFO tempest.lib.common.rest_client [req-cd6f26cf-6f90-4e73-a15d-a591666e77a3 req-cd6f26cf-6f90-4e73-a15d-a591666e77a3 ] Request (FlavorsExtraSpecsTestJSON:test_flavor_non_admin_get_all_keys): 200 GET http://10.180.1.21/compute/v2.1/flavors/306070906/os-extra_specs 1.475s
2025-03-26 22:59:14.367 70377 INFO tempest.lib.common.rest_client [req-3cda2a87-3b5b-4704-85ff-e1ec74e15885 req-3cda2a87-3b5b-4704-85ff-e1ec74e15885 ] Request (FlavorsAdminTestJSON:_run_cleanups): 200 GET http://10.180.1.21/compute/v2.1/flavors/detail 1.486s
2025-03-26 22:59:14.385 70387 INFO tempest.lib.common.rest_client [req-c4ee88a7-3630-44c7-855e-02243338f5f3 req-c4ee88a7-3630-44c7-855e-02243338f5f3 ] Request (ServicesAdminNegativeTestJSON:test_get_service_by_invalid_service_and_valid_host): 200 GET http://10.180.1.21/compute/v2.1/os-services 1.475s
2025-03-26 22:59:14.391 70373 INFO tempest.lib.common.rest_client [req-f93bbccb-f958-4633-b061-d2c6480215ed req-f93bbccb-f958-4633-b061-d2c6480215ed ] Request (FlavorsExtraSpecsNegativeTestJSON:test_flavor_non_admin_set_keys): 403 POST http://10.180.1.21/compute/v2.1/flavors/1453530139/os-extra_specs 1.434s
2025-03-26 22:59:14.400 70413 INFO tempest.lib.common.rest_client [req-b75ed32e-d203-4507-9b28-b8611b6d0193 req-b75ed32e-d203-4507-9b28-b8611b6d0193 ] Request (AZAdminV2TestJSON:tearDownClass): 200 GET http://10.180.1.21:9696/networking/v2.0/security-groups?tenant_id=9ed624909dd34b1dae024cdac55b321e&name=default 0.458s
2025-03-26 22:59:14.428 70365 INFO tempest.lib.common.rest_client [req-a90bad03-d601-4481-9316-e8504adf75ee req-a90bad03-d601-4481-9316-e8504adf75ee ] Request (QuotasAdminTestV257:tearDownClass): 204 DELETE http://10.180.1.21/identity/v3/users/ef92a7685cd04bcba45a85fbe5defdae 0.215s
2025-03-26 22:59:14.464 70409 INFO tempest.lib.common.rest_client [req-c9eef06c-cf2c-4c8c-a987-decca321ebb2 req-c9eef06c-cf2c-4c8c-a987-decca321ebb2 ] Request (HypervisorAdminV228Test:tearDownClass): 204 DELETE http://10.180.1.21:9696/networking/v2.0/security-groups/f3016de6-166a-42fe-9d70-e28227ff8966 0.273s
2025-03-26 22:59:14.514 70405 INFO tempest.lib.common.rest_client [req-e7510d3b-1698-46b7-badf-c9c278a600b9 req-e7510d3b-1698-46b7-badf-c9c278a600b9 ] Request (TenantUsagesNegativeTestJSON:test_list_usage_all_tenants_with_non_admin_user): 403 GET http://10.180.1.21/compute/v2.1/os-simple-tenant-usage?start=2025-03-25T22%3A59%3A08.405697&end=2025-03-27T22%3A59%3A08.405697&detailed=1 1.548s
2025-03-26 22:59:14.539 70365 INFO tempest.lib.common.rest_client [req-ed3b0f84-e0f0-48ec-a569-703a7a144853 req-ed3b0f84-e0f0-48ec-a569-703a7a144853 ] Request (QuotasAdminTestV257:tearDownClass): 204 DELETE http://10.180.1.21/identity/v3/users/e3e790f913e544fcbf682d7c15969766 0.110s
2025-03-26 22:59:14.539 70365 INFO tempest.lib.common.dynamic_creds [-] Deleting project and security group for project: 0a6f8879e87a4cfb876e05924c8d419e
2025-03-26 22:59:14.565 70413 INFO tempest.lib.common.rest_client [req-953f8c46-f1ee-4b78-9233-f72a15c1045d req-953f8c46-f1ee-4b78-9233-f72a15c1045d ] Request (AZAdminV2TestJSON:tearDownClass): 204 DELETE http://10.180.1.21:9696/networking/v2.0/security-groups/c4f5340b-fbe2-4001-a402-d3b7016a612c 0.165s
2025-03-26 22:59:14.637 70409 INFO tempest.lib.common.rest_client [req-ad9f0d52-e27a-4fc9-8ee9-fc59e5fbff1b req-ad9f0d52-e27a-4fc9-8ee9-fc59e5fbff1b ] Request (HypervisorAdminV228Test:tearDownClass): 204 DELETE http://10.180.1.21/identity/v3/projects/8bcdf77cb06f4bf1a525f9239fe8369a 0.172s
2025-03-26 22:59:14.637 70409 INFO tempest.lib.common.dynamic_creds [-] Deleting project and security group for project: 5482d447292549bd91c9464d57110cbb
2025-03-26 22:59:14.710 70365 INFO tempest.lib.common.rest_client [req-2fdbd205-88e7-401a-8cdd-ad23ac0c30d1 req-2fdbd205-88e7-401a-8cdd-ad23ac0c30d1 ] Request (QuotasAdminTestV257:tearDownClass): 201 POST http://10.180.1.21/identity/v3/auth/tokens 0.170s
2025-03-26 22:59:14.717 70405 INFO tempest.lib.common.rest_client [req-d96f8151-8a93-4bd9-a2f8-4989dd91b347 req-d96f8151-8a93-4bd9-a2f8-4989dd91b347 ] Request (TenantUsagesNegativeTestJSON:tearDownClass): 204 DELETE http://10.180.1.21/identity/v3/users/e1c7c99618254a849c9e40183f04c3f5 0.201s
2025-03-26 22:59:14.762 70403 INFO tempest.lib.common.rest_client [req-af9d3e80-50de-45b6-bf0a-df11c68a5bec req-af9d3e80-50de-45b6-bf0a-df11c68a5bec ] Request (VolumesAssistedSnapshotsTest:setUpClass): 201 POST http://10.180.1.21:9696/networking/v2.0/routers 1.063s
2025-03-26 22:59:14.798 70413 INFO tempest.lib.common.rest_client [req-7168c1a0-5425-477b-a071-4794b57f0ec6 req-7168c1a0-5425-477b-a071-4794b57f0ec6 ] Request (AZAdminV2TestJSON:tearDownClass): 204 DELETE http://10.180.1.21/identity/v3/projects/9ed624909dd34b1dae024cdac55b321e 0.232s
2025-03-26 22:59:14.798 70413 INFO tempest.lib.common.dynamic_creds [-] Deleting project and security group for project: df922de7599343d294c71aa077152885
2025-03-26 22:59:14.812 70405 INFO tempest.lib.common.rest_client [req-07413f29-10e4-44f4-83d9-f4586496102d req-07413f29-10e4-44f4-83d9-f4586496102d ] Request (TenantUsagesNegativeTestJSON:tearDownClass): 204 DELETE http://10.180.1.21/identity/v3/users/a3585d71163a4ae1ad74a0db9b739da5 0.094s
2025-03-26 22:59:14.812 70405 INFO tempest.lib.common.dynamic_creds [-] Deleting project and security group for project: cc2c09ba87c14aecb266988403e56218
2025-03-26 22:59:14.822 70357 INFO tempest.lib.common.rest_client [req-eb27e4ca-14ef-4b92-a5a9-4ab024600cbc req-eb27e4ca-14ef-4b92-a5a9-4ab024600cbc ] Request (SecurityGroupsTestAdminJSON:test_list_security_groups_list_all_tenants_filter): 200 POST http://10.180.1.21/compute/v2.1/os-security-groups 1.962s
2025-03-26 22:59:14.865 70409 INFO tempest.lib.common.rest_client [req-7a9481d4-bbcb-4c38-aff7-0e76987107ee req-7a9481d4-bbcb-4c38-aff7-0e76987107ee ] Request (HypervisorAdminV228Test:tearDownClass): 200 GET http://10.180.1.21:9696/networking/v2.0/security-groups?tenant_id=5482d447292549bd91c9464d57110cbb&name=default 0.228s
2025-03-26 22:59:14.873 70405 INFO tempest.lib.common.rest_client [req-d846edd2-1f57-40d8-a5ca-5ed0bbf385dc req-d846edd2-1f57-40d8-a5ca-5ed0bbf385dc ] Request (TenantUsagesNegativeTestJSON:tearDownClass): 201 POST http://10.180.1.21/identity/v3/auth/tokens 0.060s
2025-03-26 22:59:14.920 70415 INFO tempest.lib.common.rest_client [req-48742b42-80d0-4f05-8296-743aa8bdbf77 req-48742b42-80d0-4f05-8296-743aa8bdbf77 ] Request (QuotasAdminNegativeTest:test_create_server_when_cpu_quota_is_full): 403 POST http://10.180.1.21/compute/v2.1/servers 1.683s
