2025-03-26 23:01:04.801 70361 INFO tempest.lib.common.rest_client [req-b95532a1-23e0-4fc2-b202-3345a8330dae req-b95532a1-23e0-4fc2-b202-3345a8330dae ] Request (KeyPairsV22TestJSON:test_keypairsv22_create_list_show): 200 GET http://10.180.1.21/compute/v2.1/os-keypairs 0.010s
2025-03-26 23:01:04.811 70365 INFO tempest.lib.common.rest_client [req-27cd009b-b4dd-4f01-854d-89b7555ceb68 req-27cd009b-b4dd-4f01-854d-89b7555ceb68 ] Request (DeleteServersTestJSON:test_delete_active_server): 200 GET http://10.180.1.21/compute/v2.1/servers/5ae567d4-9a0a-4d07-bc2d-193f09911fc9 0.084s
2025-03-26 23:01:04.827 70361 INFO tempest.lib.common.rest_client [req-74041103-8103-4074-8792-68a58b5ae5a9 req-74041103-8103-4074-8792-68a58b5ae5a9 ] Request (KeyPairsV22TestJSON:_run_cleanups): 204 DELETE http://10.180.1.21/compute/v2.1/os-keypairs/tempest-keypair-1306471263 0.025s
2025-03-26 23:01:04.857 70395 INFO tempest.lib.common.rest_client [req-2b66faaf-f701-4fce-b094-dafd29cfcbb0 req-2b66faaf-f701-4fce-b094-dafd29cfcbb0 ] Request (ImagesTestJSON:test_create_image_from_suspended_server): 200 GET http://10.180.1.21/compute/v2.1/servers/0ff4257a-e0f9-4a04-9f77-cc0de5b3a28c 0.053s
2025-03-26 23:01:04.943 70367 WARNING tempest.lib.common.ssh [-] Failed to establish authenticated ssh connection to cirros@10.180.180.244 ([Errno None] Unable to connect to port 22 on 10.180.180.244). Number attempts: 2. Retry after 3 seconds.: paramiko.ssh_exception.NoValidConnectionsError: [Errno None] Unable to connect to port 22 on 10.180.180.244
2025-03-26 23:01:04.976 70377 INFO tempest.lib.common.rest_client [req-1143757f-eb03-44c3-903f-fcf78a9a77c3 req-1143757f-eb03-44c3-903f-fcf78a9a77c3 ] Request (ServersAdmin275Test:test_rebuild_update_server_275): 200 GET http://10.180.1.21/compute/v2.1/servers/fe42db3f-bac2-4f90-9b1b-e0e778632325 0.065s
2025-03-26 23:01:05.023 70411 INFO tempest.lib.common.rest_client [req-b642fdfd-e776-4c06-91f5-51ceca269a2b req-b642fdfd-e776-4c06-91f5-51ceca269a2b ] Request (ServerActionsTestOtherB:setUpClass): 200 PUT http://10.180.1.21:9696/networking/v2.0/floatingips/f8c58e23-4fea-446a-86d6-e5b247c3f0d9 0.519s
2025-03-26 23:01:05.025 70411 INFO tempest.lib.common.ssh [-] Creating ssh connection to '10.180.180.204:22' as 'cirros' with public key authentication
2025-03-26 23:01:05.027 70363 INFO tempest.lib.common.rest_client [req-9303b733-67b7-4e47-b883-7708f6f9dd02 req-9303b733-67b7-4e47-b883-7708f6f9dd02 ] Request (SecurityGroupsTestJSON:test_server_security_groups): 200 GET http://10.180.1.21/compute/v2.1/servers/885fd5ab-ea7d-47fd-aec0-80e8a10f3a57 0.070s
2025-03-26 23:01:05.036 70363 INFO tempest.common.waiters [-] State transition "BUILD/scheduling" ==> "BUILD/None" after 34 second wait
2025-03-26 23:01:05.076 70407 INFO tempest.lib.common.rest_client [req-012edd53-a4ab-41b0-a98e-1034cdd5e9f7 req-012edd53-a4ab-41b0-a98e-1034cdd5e9f7 ] Request (FloatingIPsAssociationTestJSON:setUpClass): 200 GET http://10.180.1.21/compute/v2.1/servers/bb2063d7-4a0b-4137-b8a7-89f0f87a9059 0.078s
2025-03-26 23:01:05.105 70361 INFO tempest.lib.common.rest_client [req-24d3b18d-ec7d-4844-a59a-3788a50d2c3d req-24d3b18d-ec7d-4844-a59a-3788a50d2c3d ] Request (KeyPairsV22TestJSON:test_keypairsv22_create_list_show_with_type): 201 POST http://10.180.1.21/compute/v2.1/os-keypairs 0.276s
2025-03-26 23:01:05.118 70361 INFO tempest.lib.common.rest_client [req-e8121dcd-e85d-4df5-9173-ebc9924cbe76 req-e8121dcd-e85d-4df5-9173-ebc9924cbe76 ] Request (KeyPairsV22TestJSON:test_keypairsv22_create_list_show_with_type): 200 GET http://10.180.1.21/compute/v2.1/os-keypairs/tempest-keypair-1015773783 0.011s
2025-03-26 23:01:05.131 70361 INFO tempest.lib.common.rest_client [req-29c83628-13ce-4b19-a323-10a59f9c1184 req-29c83628-13ce-4b19-a323-10a59f9c1184 ] Request (KeyPairsV22TestJSON:test_keypairsv22_create_list_show_with_type): 200 GET http://10.180.1.21/compute/v2.1/os-keypairs 0.010s
2025-03-26 23:01:05.144 70379 INFO tempest.lib.common.rest_client [req-f63415dc-afae-451c-bd58-a2f2e3f3fb37 req-f63415dc-afae-451c-bd58-a2f2e3f3fb37 ] Request (AttachVolumeTestJSON:test_attach_detach_volume): 200 GET http://10.180.1.21/compute/v2.1/servers/993bcc08-4bd2-4498-afae-0c2918feb74b 0.086s
2025-03-26 23:01:05.149 70361 INFO tempest.lib.common.rest_client [req-62c72837-c4cd-4a5b-920d-25663f1a90f0 req-62c72837-c4cd-4a5b-920d-25663f1a90f0 ] Request (KeyPairsV22TestJSON:_run_cleanups): 204 DELETE http://10.180.1.21/compute/v2.1/os-keypairs/tempest-keypair-1015773783 0.017s
2025-03-26 23:01:05.248 70361 INFO tempest.lib.common.rest_client [req-1ac0fc0f-186b-4e59-adc8-e60dc540c374 req-1ac0fc0f-186b-4e59-adc8-e60dc540c374 ] Request (KeyPairsV22TestJSON:tearDownClass): 204 DELETE http://10.180.1.21/identity/v3/users/e2dd2f13eba4493c99a24b4c9c5f859f 0.097s
2025-03-26 23:01:05.248 70361 INFO tempest.lib.common.dynamic_creds [-] Deleting project and security group for project: 6c57c0a609ca44c387cc0a4ba9dccf13
2025-03-26 23:01:05.275 70389 INFO tempest.lib.common.rest_client [req-31a89820-001c-4062-a801-f85f175cbce7 req-31a89820-001c-4062-a801-f85f175cbce7 ] Request (ServersAdminTestJSON:test_create_server_with_scheduling_hint): 200 GET http://10.180.1.21/compute/v2.1/servers/5de8cf2e-1d7d-42cf-8a5a-71a6fe212cec 0.055s
2025-03-26 23:01:05.315 70361 INFO tempest.lib.common.rest_client [req-322787e4-9711-4d8c-86f3-b4537eb50f0c req-322787e4-9711-4d8c-86f3-b4537eb50f0c ] Request (KeyPairsV22TestJSON:tearDownClass): 201 POST http://10.180.1.21/identity/v3/auth/tokens 0.066s
2025-03-26 23:01:05.361 70385 INFO tempest.lib.common.rest_client [req-14d45ec6-9ff8-4681-946e-43ce296e3702 req-14d45ec6-9ff8-4681-946e-43ce296e3702 ] Request (ServerRescueNegativeTestJSON:setUpClass): 200 GET http://10.180.1.21/compute/v2.1/servers/1705d5b8-a465-47e5-b07e-752ffe455797 0.063s
2025-03-26 23:01:05.416 70371 INFO tempest.lib.common.rest_client [req-2851acb5-e197-4238-853e-ee308666eb58 req-2851acb5-e197-4238-853e-ee308666eb58 ] Request (MigrationsAdminTest:test_resize_server_revert_deleted_flavor): 200 GET http://10.180.1.21/compute/v2.1/servers/09ca6c76-6845-4fab-82e0-48f1412e20f4 0.061s
2025-03-26 23:01:05.443 70413 INFO tempest.lib.common.rest_client [req-7c088b15-91c2-4d3a-8d7d-1e676a79f096 req-7c088b15-91c2-4d3a-8d7d-1e676a79f096 ] Request (ListImageFiltersTestJSON:setUpClass): 200 GET http://10.180.1.21/compute/v2.1/images/152dcf23-b169-4c12-a866-74e4f783189c 0.039s
2025-03-26 23:01:05.527 70369 INFO tempest.lib.common.rest_client [req-c74805ee-0097-4f19-9225-cd7430334ef6 req-c74805ee-0097-4f19-9225-cd7430334ef6 ] Request (ServerPasswordTestJSON:tearDownClass): 200 GET http://10.180.1.21/compute/v2.1/servers/1d8df04d-8aaa-4617-8802-eb0f4f040c97 0.075s
2025-03-26 23:01:05.529 70361 INFO tempest.lib.common.rest_client [req-764332a4-8be1-4aae-9903-b2849a958581 req-764332a4-8be1-4aae-9903-b2849a958581 ] Request (KeyPairsV22TestJSON:tearDownClass): 200 GET http://10.180.1.21:9696/networking/v2.0/security-groups?tenant_id=6c57c0a609ca44c387cc0a4ba9dccf13&name=default 0.213s
2025-03-26 23:01:05.602 70399 INFO tempest.lib.common.rest_client [req-9973b673-3c4b-4184-bd76-c00fb9e1f81b req-9973b673-3c4b-4184-bd76-c00fb9e1f81b ] Request (ImagesOneServerTestJSON:tearDownClass): 200 GET http://10.180.1.21/compute/v2.1/servers/07f71beb-8383-460f-a2b3-3ca63b9fe69a 0.071s
2025-03-26 23:01:05.625 70361 INFO tempest.lib.common.rest_client [req-56712400-5977-4d49-abb0-b60726b52f90 req-56712400-5977-4d49-abb0-b60726b52f90 ] Request (KeyPairsV22TestJSON:tearDownClass): 204 DELETE http://10.180.1.21:9696/networking/v2.0/security-groups/4527e9c4-6b2a-4e07-ac93-3dd96941c0c1 0.096s
2025-03-26 23:01:05.643 70401 INFO tempest.lib.common.rest_client [req-876d0581-18ee-4510-bbf7-1ba908990488 req-876d0581-18ee-4510-bbf7-1ba908990488 ] Request (ServerRescueTestJSONUnderV235:setUpClass): 200 GET http://10.180.1.21/compute/v2.1/servers/8a4a241c-df83-4200-83f1-88fcbc969667 0.064s
2025-03-26 23:01:05.662 70409 INFO tempest.lib.common.rest_client [req-224bba20-4370-406c-a28f-1c1ba12ed4a7 req-224bba20-4370-406c-a28f-1c1ba12ed4a7 ] Request (ImagesOneServerNegativeTestJSON:_run_cleanups): 200 GET http://10.180.1.21/compute/v2.1/servers/f4f9869f-3c24-4436-9cfe-cba77d169322 0.069s
2025-03-26 23:01:05.704 70419 INFO tempest.lib.common.rest_client [req-d18758f8-e466-4ec0-9250-e9b336beb350 req-d18758f8-e466-4ec0-9250-e9b336beb350 ] Request (ServersAdminNegativeTestJSON:test_migrate_server_invalid_state): 200 GET http://10.180.1.21/compute/v2.1/servers/472b3b50-e4d5-409d-99d9-2bc2fb525b38 0.054s
2025-03-26 23:01:05.716 70361 INFO tempest.lib.common.rest_client [req-d9ed0939-f68d-4e10-bef0-bbcaba3ab957 req-d9ed0939-f68d-4e10-bef0-bbcaba3ab957 ] Request (KeyPairsV22TestJSON:tearDownClass): 204 DELETE http://10.180.1.21/identity/v3/projects/6c57c0a609ca44c387cc0a4ba9dccf13 0.091s
2025-03-26 23:01:05.768 70391 INFO tempest.lib.common.rest_client [req-2e5fde7a-408f-4ea8-b259-4f2f05ac2894 req-2e5fde7a-408f-4ea8-b259-4f2f05ac2894 ] Request (FloatingIPsAssociationNegativeTestJSON:tearDownClass): 200 GET http://10.180.1.21/compute/v2.1/servers/4624efde-c3d5-44f2-9901-dd465ddeea2f 0.063s
2025-03-26 23:01:05.791 70361 INFO tempest.lib.common.rest_client [req-a4a24646-5644-4258-b653-dda024500818 req-a4a24646-5644-4258-b653-dda024500818 ] Request (ListServersNegativeTestJSON:setUpClass): 201 POST http://10.180.1.21/identity/v3/auth/tokens 0.073s
2025-03-26 23:01:05.821 70381 INFO tempest.lib.common.rest_client [req-442bfc6d-dea7-41c9-9a68-6dce90b2d8b5 req-442bfc6d-dea7-41c9-9a68-6dce90b2d8b5 ] Request (ListServerFiltersTestJSON:setUpClass): 200 GET http://10.180.1.21/compute/v2.1/servers/39839d4d-ef9d-4b28-a3b1-cb53d5833fbf 0.053s
2025-03-26 23:01:05.821 70361 INFO tempest.lib.common.rest_client [req-58d5276d-0330-4c25-8c96-374425dddf4f req-58d5276d-0330-4c25-8c96-374425dddf4f ] Request (ListServersNegativeTestJSON:setUpClass): 201 POST http://10.180.1.21/identity/v3/auth/tokens 0.028s
2025-03-26 23:01:05.841 70375 WARNING tempest.lib.common.ssh [-] Failed to establish authenticated ssh connection to cirros@10.180.180.176 ([Errno None] Unable to connect to port 22 on 10.180.180.176). Number attempts: 8. Retry after 9 seconds.: paramiko.ssh_exception.NoValidConnectionsError: [Errno None] Unable to connect to port 22 on 10.180.180.176
2025-03-26 23:01:05.850 70361 INFO tempest.lib.common.rest_client [req-9b8db408-26f6-48a3-8521-4fb91f334424 req-9b8db408-26f6-48a3-8521-4fb91f334424 ] Request (ListServersNegativeTestJSON:setUpClass): 200 GET http://10.180.1.21/identity/v3/domains?name=Default 0.028s
2025-03-26 23:01:05.877 70359 INFO tempest.lib.common.rest_client [req-b9875c11-6166-4b76-9229-c10ad2a866b2 req-b9875c11-6166-4b76-9229-c10ad2a866b2 ] Request (ServersTestBootFromVolume:setUpClass): 200 GET http://10.180.1.21/compute/v2.1/servers/4fe85bba-8aed-4e32-a4da-c4b0cd517fbe 0.127s
2025-03-26 23:01:05.885 70361 INFO tempest.lib.common.rest_client [req-48ffa59b-2759-4967-ac04-673ce00e67f3 req-48ffa59b-2759-4967-ac04-673ce00e67f3 ] Request (ListServersNegativeTestJSON:setUpClass): 201 POST http://10.180.1.21/identity/v3/projects 0.035s
2025-03-26 23:01:05.896 70365 INFO tempest.lib.common.rest_client [req-8127d8cf-b49e-4581-97a3-fe767a4ea184 req-8127d8cf-b49e-4581-97a3-fe767a4ea184 ] Request (DeleteServersTestJSON:test_delete_active_server): 200 GET http://10.180.1.21/compute/v2.1/servers/5ae567d4-9a0a-4d07-bc2d-193f09911fc9 0.074s
2025-03-26 23:01:05.938 70395 INFO tempest.lib.common.rest_client [req-b6883a9f-2a72-4955-ba00-78ebee8dff5a req-b6883a9f-2a72-4955-ba00-78ebee8dff5a ] Request (ImagesTestJSON:test_create_image_from_suspended_server): 200 GET http://10.180.1.21/compute/v2.1/servers/0ff4257a-e0f9-4a04-9f77-cc0de5b3a28c 0.073s
2025-03-26 23:01:05.952 70361 INFO tempest.lib.common.rest_client [req-f84d0983-674b-4148-9036-2f3856d8c1df req-f84d0983-674b-4148-9036-2f3856d8c1df ] Request (ListServersNegativeTestJSON:setUpClass): 201 POST http://10.180.1.21/identity/v3/users 0.066s
2025-03-26 23:01:05.968 70393 WARNING tempest.lib.common.ssh [-] Failed to establish authenticated ssh connection to cirros@10.180.180.129 ([Errno None] Unable to connect to port 22 on 10.180.180.129). Number attempts: 6. Retry after 7 seconds.: paramiko.ssh_exception.NoValidConnectionsError: [Errno None] Unable to connect to port 22 on 10.180.180.129
2025-03-26 23:01:05.977 70361 INFO tempest.lib.common.rest_client [req-22709160-7041-416b-a9d1-6b9b4d30238c req-22709160-7041-416b-a9d1-6b9b4d30238c ] Request (ListServersNegativeTestJSON:setUpClass): 200 GET http://10.180.1.21/identity/v3/roles 0.025s
2025-03-26 23:01:06.003 70361 INFO tempest.lib.common.rest_client [req-091bb026-d03a-42c2-ae45-6ea842bb94a0 req-091bb026-d03a-42c2-ae45-6ea842bb94a0 ] Request (ListServersNegativeTestJSON:setUpClass): 204 PUT http://10.180.1.21/identity/v3/projects/58e8d739a7174eab9b0c1e6ba861f3a7/users/28b01ca87fa940fda6dc4af7fc8e2064/roles/0efb90318cef4cd69ddf9be13b28e892 0.025s
2025-03-26 23:01:06.004 70361 INFO tempest.lib.common.dynamic_creds [-] Dynamic test user 28b01ca87fa940fda6dc4af7fc8e2064 is created with scope project and roles: ['member']
2025-03-26 23:01:06.004 70361 INFO tempest.lib.common.dynamic_creds [-] Acquired dynamic creds: credentials: Credentials: {'domain_id': 'default', 'domain_name': 'Default', 'username': 'tempest-ListServersNegativeTestJSON-274116529-project-member', 'project_domain_id': 'default', 'project_domain_name': 'Default', 'project_id': '58e8d739a7174eab9b0c1e6ba861f3a7', 'project_name': 'tempest-ListServersNegativeTestJSON-274116529', 'tenant_id': '58e8d739a7174eab9b0c1e6ba861f3a7', 'tenant_name': 'tempest-ListServersNegativeTestJSON-274116529', 'user_domain_id': 'default', 'user_domain_name': 'Default', 'user_id': '28b01ca87fa940fda6dc4af7fc8e2064', 'system': None}, Network: None, Subnet: None, Router: None
2025-03-26 23:01:06.060 70377 INFO tempest.lib.common.rest_client [req-8b4c6431-cae2-4635-aa88-4d7de5d06257 req-8b4c6431-cae2-4635-aa88-4d7de5d06257 ] Request (ServersAdmin275Test:test_rebuild_update_server_275): 200 GET http://10.180.1.21/compute/v2.1/servers/fe42db3f-bac2-4f90-9b1b-e0e778632325 0.065s
2025-03-26 23:01:06.071 70361 INFO tempest.lib.common.rest_client [req-4953da65-5ae0-4a98-bf65-a219acb2a4b9 req-4953da65-5ae0-4a98-bf65-a219acb2a4b9 ] Request (ListServersNegativeTestJSON:setUpClass): 201 POST http://10.180.1.21/identity/v3/auth/tokens 0.067s
2025-03-26 23:01:06.102 70363 INFO tempest.lib.common.rest_client [req-8ba12eb1-2371-4b01-a671-6dddb9cb8b55 req-8ba12eb1-2371-4b01-a671-6dddb9cb8b55 ] Request (SecurityGroupsTestJSON:test_server_security_groups): 200 GET http://10.180.1.21/compute/v2.1/servers/885fd5ab-ea7d-47fd-aec0-80e8a10f3a57 0.065s
2025-03-26 23:01:06.150 70407 INFO tempest.lib.common.rest_client [req-e8c58476-ecea-43be-a2b3-22a999f03073 req-e8c58476-ecea-43be-a2b3-22a999f03073 ] Request (FloatingIPsAssociationTestJSON:setUpClass): 200 GET http://10.180.1.21/compute/v2.1/servers/bb2063d7-4a0b-4137-b8a7-89f0f87a9059 0.060s
2025-03-26 23:01:06.158 70407 INFO tempest.common.waiters [-] State transition "BUILD/scheduling" ==> "BUILD/None" after 35 second wait
2025-03-26 23:01:06.221 70379 INFO tempest.lib.common.rest_client [req-bb2110f6-e431-42a0-b50e-7149f65fe2e8 req-bb2110f6-e431-42a0-b50e-7149f65fe2e8 ] Request (AttachVolumeTestJSON:test_attach_detach_volume): 200 GET http://10.180.1.21/compute/v2.1/servers/993bcc08-4bd2-4498-afae-0c2918feb74b 0.068s
2025-03-26 23:01:06.340 70361 INFO tempest.lib.common.rest_client [req-4844d881-6ab7-49a8-a526-171d4d8d22b1 req-4844d881-6ab7-49a8-a526-171d4d8d22b1 ] Request (ListServersNegativeTestJSON:setUpClass): 201 POST http://10.180.1.21:9696/networking/v2.0/networks 0.268s
2025-03-26 23:01:06.352 70389 INFO tempest.lib.common.rest_client [req-b3f2fbd7-d6d6-42e9-926a-7c2522edb086 req-b3f2fbd7-d6d6-42e9-926a-7c2522edb086 ] Request (ServersAdminTestJSON:test_create_server_with_scheduling_hint): 200 GET http://10.180.1.21/compute/v2.1/servers/5de8cf2e-1d7d-42cf-8a5a-71a6fe212cec 0.069s
2025-03-26 23:01:06.459 70385 INFO tempest.lib.common.rest_client [req-e79ce3b7-13eb-4951-9ea8-0aab3ea600ec req-e79ce3b7-13eb-4951-9ea8-0aab3ea600ec ] Request (ServerRescueNegativeTestJSON:setUpClass): 200 GET http://10.180.1.21/compute/v2.1/servers/1705d5b8-a465-47e5-b07e-752ffe455797 0.089s
2025-03-26 23:01:06.489 70371 INFO tempest.lib.common.rest_client [req-c60aa5e8-9180-4c28-ae47-9dd0decd024b req-c60aa5e8-9180-4c28-ae47-9dd0decd024b ] Request (MigrationsAdminTest:test_resize_server_revert_deleted_flavor): 200 GET http://10.180.1.21/compute/v2.1/servers/09ca6c76-6845-4fab-82e0-48f1412e20f4 0.064s
2025-03-26 23:01:06.506 70413 INFO tempest.lib.common.rest_client [req-083d3e87-5129-49cf-8d15-0365235fe698 req-083d3e87-5129-49cf-8d15-0365235fe698 ] Request (ListImageFiltersTestJSON:setUpClass): 200 GET http://10.180.1.21/compute/v2.1/images/152dcf23-b169-4c12-a866-74e4f783189c 0.059s
2025-03-26 23:01:06.520 70361 INFO tempest.lib.common.rest_client [req-b7a292f1-305c-4b05-b214-059e6ad7e277 req-b7a292f1-305c-4b05-b214-059e6ad7e277 ] Request (ListServersNegativeTestJSON:setUpClass): 201 POST http://10.180.1.21:9696/networking/v2.0/subnets 0.180s
2025-03-26 23:01:06.563 70369 INFO tempest.lib.common.rest_client [req-0f1ff222-46cb-4069-8c6c-54bf2550a928 req-0f1ff222-46cb-4069-8c6c-54bf2550a928 ] Request (ServerPasswordTestJSON:tearDownClass): 404 GET http://10.180.1.21/compute/v2.1/servers/1d8df04d-8aaa-4617-8802-eb0f4f040c97 0.027s
2025-03-26 23:01:06.689 70399 INFO tempest.lib.common.rest_client [req-e1fe524d-7de5-45ff-9a09-d78c39614e00 req-e1fe524d-7de5-45ff-9a09-d78c39614e00 ] Request (ImagesOneServerTestJSON:tearDownClass): 200 GET http://10.180.1.21/compute/v2.1/servers/07f71beb-8383-460f-a2b3-3ca63b9fe69a 0.075s
2025-03-26 23:01:06.741 70401 INFO tempest.lib.common.rest_client [req-6d99192b-d96b-4289-9671-b7a908a61a99 req-6d99192b-d96b-4289-9671-b7a908a61a99 ] Request (ServerRescueTestJSONUnderV235:setUpClass): 200 GET http://10.180.1.21/compute/v2.1/servers/8a4a241c-df83-4200-83f1-88fcbc969667 0.080s
2025-03-26 23:01:06.747 70409 INFO tempest.lib.common.rest_client [req-9e0217bf-22fd-470a-9e0f-89cff2279a1b req-9e0217bf-22fd-470a-9e0f-89cff2279a1b ] Request (ImagesOneServerNegativeTestJSON:_run_cleanups): 200 GET http://10.180.1.21/compute/v2.1/servers/f4f9869f-3c24-4436-9cfe-cba77d169322 0.077s
2025-03-26 23:01:06.794 70419 INFO tempest.lib.common.rest_client [req-4196e1c2-7d21-4373-94e4-fbb781d78d29 req-4196e1c2-7d21-4373-94e4-fbb781d78d29 ] Request (ServersAdminNegativeTestJSON:test_migrate_server_invalid_state): 200 GET http://10.180.1.21/compute/v2.1/servers/472b3b50-e4d5-409d-99d9-2bc2fb525b38 0.083s
2025-03-26 23:01:06.847 70391 INFO tempest.lib.common.rest_client [req-1467dcf8-ff18-4667-a875-fc1076f5b3ba req-1467dcf8-ff18-4667-a875-fc1076f5b3ba ] Request (FloatingIPsAssociationNegativeTestJSON:tearDownClass): 200 GET http://10.180.1.21/compute/v2.1/servers/4624efde-c3d5-44f2-9901-dd465ddeea2f 0.068s
2025-03-26 23:01:06.906 70381 INFO tempest.lib.common.rest_client [req-d0665ef6-3465-4c8a-be42-12957185a760 req-d0665ef6-3465-4c8a-be42-12957185a760 ] Request (ListServerFiltersTestJSON:setUpClass): 200 GET http://10.180.1.21/compute/v2.1/servers/39839d4d-ef9d-4b28-a3b1-cb53d5833fbf 0.071s
2025-03-26 23:01:06.963 70365 INFO tempest.lib.common.rest_client [req-20f14f01-5282-4aec-a261-ae35cd6be87d req-20f14f01-5282-4aec-a261-ae35cd6be87d ] Request (DeleteServersTestJSON:test_delete_active_server): 200 GET http://10.180.1.21/compute/v2.1/servers/5ae567d4-9a0a-4d07-bc2d-193f09911fc9 0.055s
2025-03-26 23:01:07.035 70395 INFO tempest.lib.common.rest_client [req-c9c5faee-ccec-48db-9e30-a3259fefdc98 req-c9c5faee-ccec-48db-9e30-a3259fefdc98 ] Request (ImagesTestJSON:test_create_image_from_suspended_server): 200 GET http://10.180.1.21/compute/v2.1/servers/0ff4257a-e0f9-4a04-9f77-cc0de5b3a28c 0.088s
2025-03-26 23:01:07.056 70359 INFO tempest.lib.common.rest_client [req-0560a0e9-e4b3-44ce-a22a-74baf2b79121 req-0560a0e9-e4b3-44ce-a22a-74baf2b79121 ] Request (ServersTestBootFromVolume:setUpClass): 200 GET http://10.180.1.21/compute/v2.1/servers/4fe85bba-8aed-4e32-a4da-c4b0cd517fbe 0.167s
2025-03-26 23:01:07.064 70359 INFO tempest.common.waiters [-] State transition "BUILD/block_device_mapping" ==> "BUILD/spawning" after 52 second wait
2025-03-26 23:01:07.134 70377 INFO tempest.lib.common.rest_client [req-821f82a4-a920-4e66-b327-8e3b626f7476 req-821f82a4-a920-4e66-b327-8e3b626f7476 ] Request (ServersAdmin275Test:test_rebuild_update_server_275): 200 GET http://10.180.1.21/compute/v2.1/servers/fe42db3f-bac2-4f90-9b1b-e0e778632325 0.063s
2025-03-26 23:01:07.171 70363 INFO tempest.lib.common.rest_client [req-b5f7bb25-539d-4719-b086-fe7485487b2c req-b5f7bb25-539d-4719-b086-fe7485487b2c ] Request (SecurityGroupsTestJSON:test_server_security_groups): 200 GET http://10.180.1.21/compute/v2.1/servers/885fd5ab-ea7d-47fd-aec0-80e8a10f3a57 0.060s
2025-03-26 23:01:07.222 70407 INFO tempest.lib.common.rest_client [req-2ec9ef2f-4f5e-4f34-9939-03eb02652bf6 req-2ec9ef2f-4f5e-4f34-9939-03eb02652bf6 ] Request (FloatingIPsAssociationTestJSON:setUpClass): 200 GET http://10.180.1.21/compute/v2.1/servers/bb2063d7-4a0b-4137-b8a7-89f0f87a9059 0.062s
2025-03-26 23:01:07.247 70361 INFO tempest.lib.common.rest_client [req-11909ca3-8f69-4e32-a919-6e013818c446 req-11909ca3-8f69-4e32-a919-6e013818c446 ] Request (ListServersNegativeTestJSON:setUpClass): 201 POST http://10.180.1.21:9696/networking/v2.0/routers 0.726s
2025-03-26 23:01:07.298 70379 INFO tempest.lib.common.rest_client [req-25e337f6-9ba9-43ab-a7f1-27320513e1b6 req-25e337f6-9ba9-43ab-a7f1-27320513e1b6 ] Request (AttachVolumeTestJSON:test_attach_detach_volume): 200 GET http://10.180.1.21/compute/v2.1/servers/993bcc08-4bd2-4498-afae-0c2918feb74b 0.069s
2025-03-26 23:01:07.431 70389 INFO tempest.lib.common.rest_client [req-b77cd438-f46f-4925-adae-83eaaac00bd5 req-b77cd438-f46f-4925-adae-83eaaac00bd5 ] Request (ServersAdminTestJSON:test_create_server_with_scheduling_hint): 200 GET http://10.180.1.21/compute/v2.1/servers/5de8cf2e-1d7d-42cf-8a5a-71a6fe212cec 0.070s
2025-03-26 23:01:07.553 70371 INFO tempest.lib.common.rest_client [req-e78b9a73-807b-4b80-88f0-0afcd016ad09 req-e78b9a73-807b-4b80-88f0-0afcd016ad09 ] Request (MigrationsAdminTest:test_resize_server_revert_deleted_flavor): 200 GET http://10.180.1.21/compute/v2.1/servers/09ca6c76-6845-4fab-82e0-48f1412e20f4 0.055s
2025-03-26 23:01:07.593 70413 INFO tempest.lib.common.rest_client [req-7c0ef106-eedd-4c18-8078-cab40c6d8ddb req-7c0ef106-eedd-4c18-8078-cab40c6d8ddb ] Request (ListImageFiltersTestJSON:setUpClass): 200 GET http://10.180.1.21/compute/v2.1/images/152dcf23-b169-4c12-a866-74e4f783189c 0.081s
2025-03-26 23:01:07.611 70385 INFO tempest.lib.common.rest_client [req-c4ce4d62-2795-4fb6-99a9-9558c79f742d req-c4ce4d62-2795-4fb6-99a9-9558c79f742d ] Request (ServerRescueNegativeTestJSON:setUpClass): 200 GET http://10.180.1.21/compute/v2.1/servers/1705d5b8-a465-47e5-b07e-752ffe455797 0.139s
2025-03-26 23:01:07.639 70369 INFO tempest.lib.common.rest_client [req-cc0e3b91-1d92-4005-9db1-7bd3976b840c req-cc0e3b91-1d92-4005-9db1-7bd3976b840c ] Request (ServerPasswordTestJSON:tearDownClass): 200 PUT http://10.180.1.21:9696/networking/v2.0/routers/af88fc38-0c4f-4bad-960f-d2f333326b2f/remove_router_interface 1.076s
2025-03-26 23:01:07.780 70399 INFO tempest.lib.common.rest_client [req-9b18d98f-8673-4f78-80e8-dfa13d45b9fa req-9b18d98f-8673-4f78-80e8-dfa13d45b9fa ] Request (ImagesOneServerTestJSON:tearDownClass): 200 GET http://10.180.1.21/compute/v2.1/servers/07f71beb-8383-460f-a2b3-3ca63b9fe69a 0.081s
2025-03-26 23:01:07.832 70401 INFO tempest.lib.common.rest_client [req-a7bad09c-c4e8-4fc1-b0a4-c9ea49a7c55e req-a7bad09c-c4e8-4fc1-b0a4-c9ea49a7c55e ] Request (ServerRescueTestJSONUnderV235:setUpClass): 200 GET http://10.180.1.21/compute/v2.1/servers/8a4a241c-df83-4200-83f1-88fcbc969667 0.083s
2025-03-26 23:01:07.843 70409 INFO tempest.lib.common.rest_client [req-3b9bdd3d-6cd7-4233-9d09-3e27dba7fa7f req-3b9bdd3d-6cd7-4233-9d09-3e27dba7fa7f ] Request (ImagesOneServerNegativeTestJSON:_run_cleanups): 200 GET http://10.180.1.21/compute/v2.1/servers/f4f9869f-3c24-4436-9cfe-cba77d169322 0.084s
2025-03-26 23:01:07.902 70419 INFO tempest.lib.common.rest_client [req-35008f48-5900-4100-8975-979044b4105c req-35008f48-5900-4100-8975-979044b4105c ] Request (ServersAdminNegativeTestJSON:test_migrate_server_invalid_state): 200 GET http://10.180.1.21/compute/v2.1/servers/472b3b50-e4d5-409d-99d9-2bc2fb525b38 0.094s
2025-03-26 23:01:07.947 70391 INFO tempest.lib.common.rest_client [req-c20a58ce-e13b-471d-8483-ea9d0d066cbb req-c20a58ce-e13b-471d-8483-ea9d0d066cbb ] Request (FloatingIPsAssociationNegativeTestJSON:tearDownClass): 200 GET http://10.180.1.21/compute/v2.1/servers/4624efde-c3d5-44f2-9901-dd465ddeea2f 0.090s
2025-03-26 23:01:07.985 70381 INFO tempest.lib.common.rest_client [req-c03b2049-e55e-4bcd-8b32-f2326bbe308d req-c03b2049-e55e-4bcd-8b32-f2326bbe308d ] Request (ListServerFiltersTestJSON:setUpClass): 200 GET http://10.180.1.21/compute/v2.1/servers/39839d4d-ef9d-4b28-a3b1-cb53d5833fbf 0.071s
2025-03-26 23:01:08.037 70365 INFO tempest.lib.common.rest_client [req-ccb099b5-fafc-45c2-b640-14f6953b34b4 req-ccb099b5-fafc-45c2-b640-14f6953b34b4 ] Request (DeleteServersTestJSON:test_delete_active_server): 200 GET http://10.180.1.21/compute/v2.1/servers/5ae567d4-9a0a-4d07-bc2d-193f09911fc9 0.064s
2025-03-26 23:01:08.048 70369 INFO tempest.lib.common.rest_client [req-2200a75d-a1d4-4925-8aea-d0b86db0ad99 req-2200a75d-a1d4-4925-8aea-d0b86db0ad99 ] Request (ServerPasswordTestJSON:tearDownClass): 204 DELETE http://10.180.1.21:9696/networking/v2.0/routers/af88fc38-0c4f-4bad-960f-d2f333326b2f 0.408s
2025-03-26 23:01:08.066 70361 INFO tempest.lib.common.rest_client [req-d3e47966-651a-4e1a-99a8-0c47a46e171c req-d3e47966-651a-4e1a-99a8-0c47a46e171c ] Request (ListServersNegativeTestJSON:setUpClass): 200 PUT http://10.180.1.21:9696/networking/v2.0/routers/37985a55-0c4a-4d15-a2ab-8b2cfc8ddc7e/add_router_interface 0.818s
2025-03-26 23:01:08.066 70361 INFO tempest.lib.common.dynamic_creds [-] Created isolated network resources for: credentials: Credentials: {'domain_id': 'default', 'domain_name': 'Default', 'username': 'tempest-ListServersNegativeTestJSON-274116529-project-member', 'project_domain_id': 'default', 'project_domain_name': 'Default', 'project_id': '58e8d739a7174eab9b0c1e6ba861f3a7', 'project_name': 'tempest-ListServersNegativeTestJSON-274116529', 'tenant_id': '58e8d739a7174eab9b0c1e6ba861f3a7', 'tenant_name': 'tempest-ListServersNegativeTestJSON-274116529', 'user_domain_id': 'default', 'user_domain_name': 'Default', 'user_id': '28b01ca87fa940fda6dc4af7fc8e2064', 'system': None}, Network: {'id': 'a06e81c4-d3fa-4531-a650-73b12fdefa82', 'name': 'tempest-ListServersNegativeTestJSON-900918252-network', 'tenant_id': '58e8d739a7174eab9b0c1e6ba861f3a7', 'admin_state_up': True, 'mtu': 8950, 'status': 'ACTIVE', 'subnets': [], 'shared': False, 'project_id': '58e8d739a7174eab9b0c1e6ba861f3a7', 'port_security_enabled': True, 'router:external': False, 'provider:network_type': 'vlan', 'provider:physical_network': 'default', 'provider:segmentation_id': 905, 'availability_zone_hints': [], 'availability_zones': [], 'ipv4_address_scope': None, 'ipv6_address_scope': None, 'description': '', 'tags': [], 'created_at': '2025-03-26T23:01:06Z', 'updated_at': '2025-03-26T23:01:06Z', 'revision_number': 1}, Subnet: {'id': 'f272f6f2-1797-4253-9102-9d3279a6803d', 'name': 'tempest-ListServersNegativeTestJSON-900918252-subnet', 'tenant_id': '58e8d739a7174eab9b0c1e6ba861f3a7', 'network_id': 'a06e81c4-d3fa-4531-a650-73b12fdefa82', 'ip_version': 4, 'subnetpool_id': None, 'enable_dhcp': True, 'ipv6_ra_mode': None, 'ipv6_address_mode': None, 'gateway_ip': '192.168.128.1', 'cidr': '192.168.128.0/28', 'allocation_pools': [{'start': '192.168.128.2', 'end': '192.168.128.14'}], 'host_routes': [], 'dns_nameservers': [], 'description': '', 'router:external': False, 'service_types': [], 'tags': [], 'created_at': '2025-03-26T23:01:06Z', 'updated_at': '2025-03-26T23:01:06Z', 'revision_number': 0, 'project_id': '58e8d739a7174eab9b0c1e6ba861f3a7'}, Router: {'id': '37985a55-0c4a-4d15-a2ab-8b2cfc8ddc7e', 'name': 'tempest-ListServersNegativeTestJSON-900918252-router', 'tenant_id': '58e8d739a7174eab9b0c1e6ba861f3a7', 'admin_state_up': True, 'status': 'ACTIVE', 'external_gateway_info': {'network_id': '2b01fef5-696c-4aa8-a98e-1b8b7e876f05', 'external_fixed_ips': [{'subnet_id': 'a7ff4e01-f5d5-4212-9d97-79df71357c34', 'ip_address': '10.180.180.186'}], 'enable_snat': True}, 'description': '', 'availability_zones': [], 'distributed': False, 'ha': False, 'availability_zone_hints': [], 'routes': [], 'flavor_id': None, 'tags': [], 'created_at': '2025-03-26T23:01:06Z', 'updated_at': '2025-03-26T23:01:06Z', 'revision_number': 2, 'project_id': '58e8d739a7174eab9b0c1e6ba861f3a7'}
2025-03-26 23:01:08.096 70395 INFO tempest.lib.common.rest_client [req-ad47d7d0-cabd-45fe-bda0-f8364951a6b8 req-ad47d7d0-cabd-45fe-bda0-f8364951a6b8 ] Request (ImagesTestJSON:test_create_image_from_suspended_server): 200 GET http://10.180.1.21/compute/v2.1/servers/0ff4257a-e0f9-4a04-9f77-cc0de5b3a28c 0.051s
2025-03-26 23:01:08.138 70361 INFO tempest.lib.common.rest_client [req-a8c83aac-095e-4591-aea3-e3564ea59652 req-a8c83aac-095e-4591-aea3-e3564ea59652 ] Request (ListServersNegativeTestJSON:setUpClass): 201 POST http://10.180.1.21/identity/v3/auth/tokens 0.069s
2025-03-26 23:01:08.157 70359 INFO tempest.lib.common.rest_client [req-03c107d2-0f55-4c16-9a27-d6934b9e2394 req-03c107d2-0f55-4c16-9a27-d6934b9e2394 ] Request (ServersTestBootFromVolume:setUpClass): 200 GET http://10.180.1.21/compute/v2.1/servers/4fe85bba-8aed-4e32-a4da-c4b0cd517fbe 0.091s
2025-03-26 23:01:08.164 70369 INFO tempest.lib.common.rest_client [req-08464213-b300-4e04-ae0f-df481a133688 req-08464213-b300-4e04-ae0f-df481a133688 ] Request (ServerPasswordTestJSON:tearDownClass): 204 DELETE http://10.180.1.21:9696/networking/v2.0/subnets/deafb219-c2b7-4a24-8ef5-802ac6e9dba9 0.115s
2025-03-26 23:01:08.177 70361 INFO tempest.lib.common.rest_client [req-9e2802c4-dcb0-43fb-8668-1c10c841a1c3 req-9e2802c4-dcb0-43fb-8668-1c10c841a1c3 ] Request (ListServersNegativeTestJSON:setUpClass): 201 POST http://10.180.1.21/identity/v3/auth/tokens 0.034s
2025-03-26 23:01:08.177 70361 INFO tempest.lib.common.fixed_network [-] (ListServersNegativeTestJSON:setUpClass) Found network {'id': 'a06e81c4-d3fa-4531-a650-73b12fdefa82', 'name': 'tempest-ListServersNegativeTestJSON-900918252-network', 'tenant_id': '58e8d739a7174eab9b0c1e6ba861f3a7', 'admin_state_up': True, 'mtu': 8950, 'status': 'ACTIVE', 'subnets': [], 'shared': False, 'project_id': '58e8d739a7174eab9b0c1e6ba861f3a7', 'port_security_enabled': True, 'router:external': False, 'provider:network_type': 'vlan', 'provider:physical_network': 'default', 'provider:segmentation_id': 905, 'availability_zone_hints': [], 'availability_zones': [], 'ipv4_address_scope': None, 'ipv6_address_scope': None, 'description': '', 'tags': [], 'created_at': '2025-03-26T23:01:06Z', 'updated_at': '2025-03-26T23:01:06Z', 'revision_number': 1} available for tenant
2025-03-26 23:01:08.232 70377 INFO tempest.lib.common.rest_client [req-163b616e-cfc3-425d-a97a-604443099565 req-163b616e-cfc3-425d-a97a-604443099565 ] Request (ServersAdmin275Test:test_rebuild_update_server_275): 200 GET http://10.180.1.21/compute/v2.1/servers/fe42db3f-bac2-4f90-9b1b-e0e778632325 0.087s
2025-03-26 23:01:08.305 70363 INFO tempest.lib.common.rest_client [req-693fe6ca-6f6d-41db-876d-be4007f0d2b7 req-693fe6ca-6f6d-41db-876d-be4007f0d2b7 ] Request (SecurityGroupsTestJSON:test_server_security_groups): 200 GET http://10.180.1.21/compute/v2.1/servers/885fd5ab-ea7d-47fd-aec0-80e8a10f3a57 0.121s
2025-03-26 23:01:08.383 70407 INFO tempest.lib.common.rest_client [req-b567b506-f88b-4158-b012-43dc48bfcf2f req-b567b506-f88b-4158-b012-43dc48bfcf2f ] Request (FloatingIPsAssociationTestJSON:setUpClass): 200 GET http://10.180.1.21/compute/v2.1/servers/bb2063d7-4a0b-4137-b8a7-89f0f87a9059 0.151s
2025-03-26 23:01:08.476 70379 INFO tempest.lib.common.rest_client [req-131d59b8-7f40-4018-aaa0-de5c206472bd req-131d59b8-7f40-4018-aaa0-de5c206472bd ] Request (AttachVolumeTestJSON:test_attach_detach_volume): 200 GET http://10.180.1.21/compute/v2.1/servers/993bcc08-4bd2-4498-afae-0c2918feb74b 0.171s
2025-03-26 23:01:08.548 70389 INFO tempest.lib.common.rest_client [req-22e42f3c-82d9-4a96-b26c-66cc73039777 req-22e42f3c-82d9-4a96-b26c-66cc73039777 ] Request (ServersAdminTestJSON:test_create_server_with_scheduling_hint): 200 GET http://10.180.1.21/compute/v2.1/servers/5de8cf2e-1d7d-42cf-8a5a-71a6fe212cec 0.108s
2025-03-26 23:01:08.621 70369 INFO tempest.lib.common.rest_client [req-78a2f220-d783-49d1-a1d3-ea3c9ff0dc1d req-78a2f220-d783-49d1-a1d3-ea3c9ff0dc1d ] Request (ServerPasswordTestJSON:tearDownClass): 204 DELETE http://10.180.1.21:9696/networking/v2.0/networks/61500afd-9ec5-483b-a92a-cfbf8f646ad9 0.456s
2025-03-26 23:01:08.640 70371 INFO tempest.lib.common.rest_client [req-ea7a7239-6ccc-4a1e-83fc-47d6b1836be0 req-ea7a7239-6ccc-4a1e-83fc-47d6b1836be0 ] Request (MigrationsAdminTest:test_resize_server_revert_deleted_flavor): 200 GET http://10.180.1.21/compute/v2.1/servers/09ca6c76-6845-4fab-82e0-48f1412e20f4 0.071s
2025-03-26 23:01:08.675 70413 INFO tempest.lib.common.rest_client [req-b1d0b515-457d-43db-9e59-037487ab8dbd req-b1d0b515-457d-43db-9e59-037487ab8dbd ] Request (ListImageFiltersTestJSON:setUpClass): 200 GET http://10.180.1.21/compute/v2.1/images/152dcf23-b169-4c12-a866-74e4f783189c 0.077s
2025-03-26 23:01:08.715 70361 INFO tempest.lib.common.rest_client [req-b2e6668b-3ec4-4fd3-bbdc-e865f4f0edcb req-b2e6668b-3ec4-4fd3-bbdc-e865f4f0edcb ] Request (ListServersNegativeTestJSON:setUpClass): 202 POST http://10.180.1.21/compute/v2.1/servers 0.537s
2025-03-26 23:01:08.721 70369 INFO tempest.lib.common.rest_client [req-a8a6e2ac-3f24-4c30-8fd8-09dd159ce92f req-a8a6e2ac-3f24-4c30-8fd8-09dd159ce92f ] Request (ServerPasswordTestJSON:tearDownClass): 204 DELETE http://10.180.1.21/identity/v3/users/2aad5abcfb9249bca6558c814c6a528a 0.099s
2025-03-26 23:01:08.721 70369 INFO tempest.lib.common.dynamic_creds [-] Deleting project and security group for project: 3ff3f9bd60ee4c389c1dba43d628a271
2025-03-26 23:01:08.734 70385 INFO tempest.lib.common.rest_client [req-9d91a5ad-5ba5-4b81-a639-73a45eedec5b req-9d91a5ad-5ba5-4b81-a639-73a45eedec5b ] Request (ServerRescueNegativeTestJSON:setUpClass): 200 GET http://10.180.1.21/compute/v2.1/servers/1705d5b8-a465-47e5-b07e-752ffe455797 0.115s
2025-03-26 23:01:08.770 70369 INFO tempest.lib.common.rest_client [req-f7887ec6-9773-4770-a3ed-cb8b98932bd1 req-f7887ec6-9773-4770-a3ed-cb8b98932bd1 ] Request (ServerPasswordTestJSON:tearDownClass): 200 GET http://10.180.1.21:9696/networking/v2.0/security-groups?tenant_id=3ff3f9bd60ee4c389c1dba43d628a271&name=default 0.048s
2025-03-26 23:01:08.801 70361 INFO tempest.lib.common.rest_client [req-9b281ec7-225a-4d02-b12d-ce6054b0d65a req-9b281ec7-225a-4d02-b12d-ce6054b0d65a ] Request (ListServersNegativeTestJSON:setUpClass): 200 GET http://10.180.1.21/compute/v2.1/servers 0.082s
2025-03-26 23:01:08.850 70361 INFO tempest.lib.common.rest_client [req-290052f9-6325-4801-b5a8-58aed99d9a0e req-290052f9-6325-4801-b5a8-58aed99d9a0e ] Request (ListServersNegativeTestJSON:setUpClass): 200 GET http://10.180.1.21/compute/v2.1/servers/ffb9d28c-aae7-4795-b75b-f9ad70cacd56 0.045s
2025-03-26 23:01:08.885 70399 INFO tempest.lib.common.rest_client [req-252d6d42-54d1-4f60-8625-6da1bb87139a req-252d6d42-54d1-4f60-8625-6da1bb87139a ] Request (ImagesOneServerTestJSON:tearDownClass): 200 GET http://10.180.1.21/compute/v2.1/servers/07f71beb-8383-460f-a2b3-3ca63b9fe69a 0.090s
2025-03-26 23:01:08.889 70369 INFO tempest.lib.common.rest_client [req-28d41e39-1847-409b-8b6d-f1b07a6eb0ba req-28d41e39-1847-409b-8b6d-f1b07a6eb0ba ] Request (ServerPasswordTestJSON:tearDownClass): 204 DELETE http://10.180.1.21:9696/networking/v2.0/security-groups/f815644b-1a7f-4bd1-9d52-1af947aa6b9b 0.119s
2025-03-26 23:01:08.931 70401 INFO tempest.lib.common.rest_client [req-ea289e53-a709-431f-b759-40bb37d77113 req-ea289e53-a709-431f-b759-40bb37d77113 ] Request (ServerRescueTestJSONUnderV235:setUpClass): 200 GET http://10.180.1.21/compute/v2.1/servers/8a4a241c-df83-4200-83f1-88fcbc969667 0.088s
2025-03-26 23:01:08.939 70401 INFO tempest.common.waiters [-] State transition "BUILD/scheduling" ==> "BUILD/None" after 35 second wait
2025-03-26 23:01:08.987 70409 INFO tempest.lib.common.rest_client [req-ab5cded7-20cb-46c4-8874-2ce1d622246b req-ab5cded7-20cb-46c4-8874-2ce1d622246b ] Request (ImagesOneServerNegativeTestJSON:_run_cleanups): 200 GET http://10.180.1.21/compute/v2.1/servers/f4f9869f-3c24-4436-9cfe-cba77d169322 0.132s
2025-03-26 23:01:09.014 70419 INFO tempest.lib.common.rest_client [req-c84f066b-4aac-449e-b59e-298228ed5bf0 req-c84f066b-4aac-449e-b59e-298228ed5bf0 ] Request (ServersAdminNegativeTestJSON:test_migrate_server_invalid_state): 200 GET http://10.180.1.21/compute/v2.1/servers/472b3b50-e4d5-409d-99d9-2bc2fb525b38 0.102s
2025-03-26 23:01:09.022 70369 INFO tempest.lib.common.rest_client [req-dc2b461d-5cfb-4a0d-8e4b-cf784edd9623 req-dc2b461d-5cfb-4a0d-8e4b-cf784edd9623 ] Request (ServerPasswordTestJSON:tearDownClass): 204 DELETE http://10.180.1.21/identity/v3/projects/3ff3f9bd60ee4c389c1dba43d628a271 0.132s
2025-03-26 23:01:09.080 70391 INFO tempest.lib.common.rest_client [req-9029ae13-b7f7-40fc-85af-f111b2562f9c req-9029ae13-b7f7-40fc-85af-f111b2562f9c ] Request (FloatingIPsAssociationNegativeTestJSON:tearDownClass): 200 GET http://10.180.1.21/compute/v2.1/servers/4624efde-c3d5-44f2-9901-dd465ddeea2f 0.124s
2025-03-26 23:01:09.102 70369 INFO tempest.lib.common.rest_client [req-28bd5fda-6aed-468d-88ea-dd70140a23c2 req-28bd5fda-6aed-468d-88ea-dd70140a23c2 ] Request (ServersListShow296Test:setUpClass): 201 POST http://10.180.1.21/identity/v3/auth/tokens 0.079s
2025-03-26 23:01:09.106 70411 WARNING tempest.lib.common.ssh [-] Failed to establish authenticated ssh connection to cirros@10.180.180.204 ([Errno None] Unable to connect to port 22 on 10.180.180.204). Number attempts: 1. Retry after 2 seconds.: paramiko.ssh_exception.NoValidConnectionsError: [Errno None] Unable to connect to port 22 on 10.180.180.204
2025-03-26 23:01:09.134 70365 INFO tempest.lib.common.rest_client [req-022da9b1-1c6c-4fc4-bfec-0a493eb34c93 req-022da9b1-1c6c-4fc4-bfec-0a493eb34c93 ] Request (DeleteServersTestJSON:test_delete_active_server): 200 GET http://10.180.1.21/compute/v2.1/servers/5ae567d4-9a0a-4d07-bc2d-193f09911fc9 0.088s
2025-03-26 23:01:09.139 70369 INFO tempest.lib.common.rest_client [req-93e92581-1602-4d02-8443-a05ea0cd6c90 req-93e92581-1602-4d02-8443-a05ea0cd6c90 ] Request (ServersListShow296Test:setUpClass): 201 POST http://10.180.1.21/identity/v3/auth/tokens 0.034s
2025-03-26 23:01:09.173 70369 INFO tempest.lib.common.rest_client [req-be609406-5b7b-4717-a58d-b8b0c8faf069 req-be609406-5b7b-4717-a58d-b8b0c8faf069 ] Request (ServersListShow296Test:setUpClass): 200 GET http://10.180.1.21/identity/v3/domains?name=Default 0.030s
2025-03-26 23:01:09.192 70395 INFO tempest.lib.common.rest_client [req-1f1fcbb9-ef94-46ca-bd5e-11d44ba82ddd req-1f1fcbb9-ef94-46ca-bd5e-11d44ba82ddd ] Request (ImagesTestJSON:test_create_image_from_suspended_server): 200 GET http://10.180.1.21/compute/v2.1/servers/0ff4257a-e0f9-4a04-9f77-cc0de5b3a28c 0.088s
2025-03-26 23:01:09.199 70381 INFO tempest.lib.common.rest_client [req-89744137-0860-4487-9bff-c1a44a564091 req-89744137-0860-4487-9bff-c1a44a564091 ] Request (ListServerFiltersTestJSON:setUpClass): 200 GET http://10.180.1.21/compute/v2.1/servers/39839d4d-ef9d-4b28-a3b1-cb53d5833fbf 0.206s
2025-03-26 23:01:09.212 70381 INFO tempest.common.waiters [-] State transition "BUILD/None" ==> "BUILD/networking" after 54 second wait
2025-03-26 23:01:09.241 70369 INFO tempest.lib.common.rest_client [req-549b1035-7a0a-475f-bcbf-8d353e5d2690 req-549b1035-7a0a-475f-bcbf-8d353e5d2690 ] Request (ServersListShow296Test:setUpClass): 201 POST http://10.180.1.21/identity/v3/projects 0.067s
2025-03-26 23:01:09.358 70369 INFO tempest.lib.common.rest_client [req-1617a29e-2609-42dc-b285-3192986594fd req-1617a29e-2609-42dc-b285-3192986594fd ] Request (ServersListShow296Test:setUpClass): 201 POST http://10.180.1.21/identity/v3/users 0.117s
2025-03-26 23:01:09.361 70357 WARNING tempest.lib.common.ssh [-] Failed to establish authenticated ssh connection to cirros@10.180.180.210 ([Errno None] Unable to connect to port 22 on 10.180.180.210). Number attempts: 7. Retry after 8 seconds.: paramiko.ssh_exception.NoValidConnectionsError: [Errno None] Unable to connect to port 22 on 10.180.180.210
2025-03-26 23:01:09.389 70369 INFO tempest.lib.common.rest_client [req-10c47e2c-e889-42d1-bb00-0fe2afa69809 req-10c47e2c-e889-42d1-bb00-0fe2afa69809 ] Request (ServersListShow296Test:setUpClass): 200 GET http://10.180.1.21/identity/v3/roles 0.030s
2025-03-26 23:01:09.391 70377 INFO tempest.lib.common.rest_client [req-82cd6f41-3e48-4c75-8c53-c317815f565f req-82cd6f41-3e48-4c75-8c53-c317815f565f ] Request (ServersAdmin275Test:test_rebuild_update_server_275): 200 GET http://10.180.1.21/compute/v2.1/servers/fe42db3f-bac2-4f90-9b1b-e0e778632325 0.145s
2025-03-26 23:01:09.441 70359 INFO tempest.lib.common.rest_client [req-f3f1c014-81bc-4cfd-9ac3-1eee97ac5e2c req-f3f1c014-81bc-4cfd-9ac3-1eee97ac5e2c ] Request (ServersTestBootFromVolume:setUpClass): 200 GET http://10.180.1.21/compute/v2.1/servers/4fe85bba-8aed-4e32-a4da-c4b0cd517fbe 0.275s
2025-03-26 23:01:09.441 70369 INFO tempest.lib.common.rest_client [req-316cfed5-dc2f-47ae-ae31-31b4a2f44944 req-316cfed5-dc2f-47ae-ae31-31b4a2f44944 ] Request (ServersListShow296Test:setUpClass): 204 PUT http://10.180.1.21/identity/v3/projects/cca434030bfa4d108a4f8b962b52d9f9/users/88dcc1c6d3f7408087150f042164e76b/roles/0efb90318cef4cd69ddf9be13b28e892 0.052s
2025-03-26 23:01:09.442 70369 INFO tempest.lib.common.dynamic_creds [-] Dynamic test user 88dcc1c6d3f7408087150f042164e76b is created with scope project and roles: ['member']
2025-03-26 23:01:09.442 70369 INFO tempest.lib.common.dynamic_creds [-] Acquired dynamic creds: credentials: Credentials: {'domain_id': 'default', 'domain_name': 'Default', 'username': 'tempest-ServersListShow296Test-1689139284-project-member', 'project_domain_id': 'default', 'project_domain_name': 'Default', 'project_id': 'cca434030bfa4d108a4f8b962b52d9f9', 'project_name': 'tempest-ServersListShow296Test-1689139284', 'tenant_id': 'cca434030bfa4d108a4f8b962b52d9f9', 'tenant_name': 'tempest-ServersListShow296Test-1689139284', 'user_domain_id': 'default', 'user_domain_name': 'Default', 'user_id': '88dcc1c6d3f7408087150f042164e76b', 'system': None}, Network: None, Subnet: None, Router: None
2025-03-26 23:01:09.443 70369 INFO tempest.lib.common.dynamic_creds [-] Created isolated network resources for: credentials: Credentials: {'domain_id': 'default', 'domain_name': 'Default', 'username': 'tempest-ServersListShow296Test-1689139284-project-member', 'project_domain_id': 'default', 'project_domain_name': 'Default', 'project_id': 'cca434030bfa4d108a4f8b962b52d9f9', 'project_name': 'tempest-ServersListShow296Test-1689139284', 'tenant_id': 'cca434030bfa4d108a4f8b962b52d9f9', 'tenant_name': 'tempest-ServersListShow296Test-1689139284', 'user_domain_id': 'default', 'user_domain_name': 'Default', 'user_id': '88dcc1c6d3f7408087150f042164e76b', 'system': None}, Network: None, Subnet: None, Router: None
2025-03-26 23:01:09.481 70363 INFO tempest.lib.common.rest_client [req-e37efb3a-8046-4294-8775-2cacaa25e33c req-e37efb3a-8046-4294-8775-2cacaa25e33c ] Request (SecurityGroupsTestJSON:test_server_security_groups): 200 GET http://10.180.1.21/compute/v2.1/servers/885fd5ab-ea7d-47fd-aec0-80e8a10f3a57 0.161s
2025-03-26 23:01:09.539 70407 INFO tempest.lib.common.rest_client [req-8e96dc1d-73f6-4614-a6e0-c22a3f3d15a7 req-8e96dc1d-73f6-4614-a6e0-c22a3f3d15a7 ] Request (FloatingIPsAssociationTestJSON:setUpClass): 200 GET http://10.180.1.21/compute/v2.1/servers/bb2063d7-4a0b-4137-b8a7-89f0f87a9059 0.143s
2025-03-26 23:01:09.563 70369 INFO tempest.lib.common.rest_client [req-3d147fa1-297c-45e9-bf38-2e8cbcaccf12 req-3d147fa1-297c-45e9-bf38-2e8cbcaccf12 ] Request (ServersListShow296Test:setUpClass): 201 POST http://10.180.1.21/identity/v3/auth/tokens 0.113s
2025-03-26 23:01:09.593 70379 INFO tempest.lib.common.rest_client [req-a66d4e8d-7418-49ef-b12c-eeee0dd0c69c req-a66d4e8d-7418-49ef-b12c-eeee0dd0c69c ] Request (AttachVolumeTestJSON:test_attach_detach_volume): 200 GET http://10.180.1.21/compute/v2.1/servers/993bcc08-4bd2-4498-afae-0c2918feb74b 0.108s
2025-03-26 23:01:09.622 70369 INFO tempest.lib.common.rest_client [req-4b15d9d7-f2c1-4194-8a8a-fced98ef8587 req-4b15d9d7-f2c1-4194-8a8a-fced98ef8587 ] Request (ServersListShow296Test:test_list_show_update_rebuild_server_296): 201 POST http://10.180.1.21/identity/v3/auth/tokens 0.053s
2025-03-26 23:01:09.623 70369 INFO tempest.lib.common.fixed_network [-] (ServersListShow296Test:test_list_show_update_rebuild_server_296) Found network None available for tenant
2025-03-26 23:01:09.663 70389 INFO tempest.lib.common.rest_client [req-0e60854f-5987-4598-af31-cec39fca1818 req-0e60854f-5987-4598-af31-cec39fca1818 ] Request (ServersAdminTestJSON:test_create_server_with_scheduling_hint): 200 GET http://10.180.1.21/compute/v2.1/servers/5de8cf2e-1d7d-42cf-8a5a-71a6fe212cec 0.107s
2025-03-26 23:01:09.742 70371 INFO tempest.lib.common.rest_client [req-7039de85-c144-4f63-ac66-602a20c8113d req-7039de85-c144-4f63-ac66-602a20c8113d ] Request (MigrationsAdminTest:test_resize_server_revert_deleted_flavor): 200 GET http://10.180.1.21/compute/v2.1/servers/09ca6c76-6845-4fab-82e0-48f1412e20f4 0.088s
2025-03-26 23:01:09.788 70413 INFO tempest.lib.common.rest_client [req-533ca49d-fec6-4994-9827-d2106f3c6907 req-533ca49d-fec6-4994-9827-d2106f3c6907 ] Request (ListImageFiltersTestJSON:setUpClass): 200 GET http://10.180.1.21/compute/v2.1/images/152dcf23-b169-4c12-a866-74e4f783189c 0.107s
2025-03-26 23:01:09.842 70385 INFO tempest.lib.common.rest_client [req-5c33a511-5928-4b14-94d7-14908af5f6e7 req-5c33a511-5928-4b14-94d7-14908af5f6e7 ] Request (ServerRescueNegativeTestJSON:setUpClass): 200 GET http://10.180.1.21/compute/v2.1/servers/1705d5b8-a465-47e5-b07e-752ffe455797 0.100s
2025-03-26 23:01:09.863 70369 INFO tempest.lib.common.rest_client [req-d6a82e72-331c-4c2f-9aa3-25f99033227b req-d6a82e72-331c-4c2f-9aa3-25f99033227b ] Request (ServersListShow296Test:test_list_show_update_rebuild_server_296): 202 POST http://10.180.1.21/compute/v2.1/servers 0.240s
2025-03-26 23:01:09.925 70369 INFO tempest.lib.common.rest_client [req-ac82bf4e-a831-4b80-b67a-c706f3182ae2 req-ac82bf4e-a831-4b80-b67a-c706f3182ae2 ] Request (ServersListShow296Test:test_list_show_update_rebuild_server_296): 200 GET http://10.180.1.21/compute/v2.1/servers/31af2cfa-b105-4f96-838d-b509ff19d07a 0.059s
2025-03-26 23:01:09.944 70361 INFO tempest.lib.common.rest_client [req-8b4621a6-7b58-4dc7-8699-746625680968 req-8b4621a6-7b58-4dc7-8699-746625680968 ] Request (ListServersNegativeTestJSON:setUpClass): 200 GET http://10.180.1.21/compute/v2.1/servers/ffb9d28c-aae7-4795-b75b-f9ad70cacd56 0.082s
2025-03-26 23:01:10.013 70399 INFO tempest.lib.common.rest_client [req-ba062cdb-9afa-4fb2-84c7-01d0bd8eb25a req-ba062cdb-9afa-4fb2-84c7-01d0bd8eb25a ] Request (ImagesOneServerTestJSON:tearDownClass): 200 GET http://10.180.1.21/compute/v2.1/servers/07f71beb-8383-460f-a2b3-3ca63b9fe69a 0.117s
2025-03-26 23:01:10.013 70401 INFO tempest.lib.common.rest_client [req-11ecb871-43ee-48ea-9200-da986af360b5 req-11ecb871-43ee-48ea-9200-da986af360b5 ] Request (ServerRescueTestJSONUnderV235:setUpClass): 200 GET http://10.180.1.21/compute/v2.1/servers/8a4a241c-df83-4200-83f1-88fcbc969667 0.072s
2025-03-26 23:01:10.080 70409 INFO tempest.lib.common.rest_client [req-b83ac941-ca29-4c94-b549-7e01b4bb3093 req-b83ac941-ca29-4c94-b549-7e01b4bb3093 ] Request (ImagesOneServerNegativeTestJSON:_run_cleanups): 200 GET http://10.180.1.21/compute/v2.1/servers/f4f9869f-3c24-4436-9cfe-cba77d169322 0.081s
2025-03-26 23:01:10.104 70419 INFO tempest.lib.common.rest_client [req-07710204-04f0-4be5-aff1-28123839e608 req-07710204-04f0-4be5-aff1-28123839e608 ] Request (ServersAdminNegativeTestJSON:test_migrate_server_invalid_state): 200 GET http://10.180.1.21/compute/v2.1/servers/472b3b50-e4d5-409d-99d9-2bc2fb525b38 0.079s
2025-03-26 23:01:10.168 70391 INFO tempest.lib.common.rest_client [req-f80de3a1-e422-4aba-bf78-2f666ddc951c req-f80de3a1-e422-4aba-bf78-2f666ddc951c ] Request (FloatingIPsAssociationNegativeTestJSON:tearDownClass): 200 GET http://10.180.1.21/compute/v2.1/servers/4624efde-c3d5-44f2-9901-dd465ddeea2f 0.073s
2025-03-26 23:01:10.223 70365 INFO tempest.lib.common.rest_client [req-e0512a50-9ad2-41f8-ba51-3f0ef7b1531f req-e0512a50-9ad2-41f8-ba51-3f0ef7b1531f ] Request (DeleteServersTestJSON:test_delete_active_server): 200 GET http://10.180.1.21/compute/v2.1/servers/5ae567d4-9a0a-4d07-bc2d-193f09911fc9 0.077s
2025-03-26 23:01:10.278 70395 INFO tempest.lib.common.rest_client [req-68ed7013-198e-4f0c-9fa9-46605e18e559 req-68ed7013-198e-4f0c-9fa9-46605e18e559 ] Request (ImagesTestJSON:test_create_image_from_suspended_server): 200 GET http://10.180.1.21/compute/v2.1/servers/0ff4257a-e0f9-4a04-9f77-cc0de5b3a28c 0.076s
2025-03-26 23:01:10.372 70381 INFO tempest.lib.common.rest_client [req-93d1acb5-f058-4be4-a511-49d6dd879d55 req-93d1acb5-f058-4be4-a511-49d6dd879d55 ] Request (ListServerFiltersTestJSON:setUpClass): 200 GET http://10.180.1.21/compute/v2.1/servers/39839d4d-ef9d-4b28-a3b1-cb53d5833fbf 0.158s
2025-03-26 23:01:10.382 70381 INFO tempest.common.waiters [-] State transition "BUILD/networking" ==> "BUILD/spawning" after 55 second wait
