2025-03-27 04:33:22.998 68227 INFO tempest.lib.common.rest_client [req-e2c0010f-174a-488c-a728-e06d97179f65 req-e2c0010f-174a-488c-a728-e06d97179f65 ] Request (QuotasSecurityGroupAdminNegativeTest:setUpClass): 201 POST http://10.180.1.21/identity/v3/projects 0.840s
2025-03-27 04:33:23.069 68195 INFO tempest.lib.common.rest_client [req-c7ce1891-804f-4c43-b4c3-9aea9f181d1b req-c7ce1891-804f-4c43-b4c3-9aea9f181d1b ] Request (ImagesMetadataTestJSON:setUpClass): 201 POST http://10.180.1.21/identity/v3/auth/tokens 0.880s
2025-03-27 04:33:23.131 68197 INFO tempest.lib.common.rest_client [req-ac195b63-f565-4e1f-bd63-b68caab687e4 req-ac195b63-f565-4e1f-bd63-b68caab687e4 ] Request (InstanceUsageAuditLogTestJSON:setUpClass): 201 POST http://10.180.1.21/identity/v3/projects 0.892s
2025-03-27 04:33:23.207 68215 INFO tempest.lib.common.rest_client [req-138ef0ad-e74d-4c2b-b080-41e0ddfc22d8 req-138ef0ad-e74d-4c2b-b080-41e0ddfc22d8 ] Request (QuotaClassesAdminTestJSON:setUpClass): 201 POST http://10.180.1.21/identity/v3/auth/tokens 0.910s
2025-03-27 04:33:23.259 68265 INFO tempest.lib.common.rest_client [req-23f9bc91-18ec-47bf-947a-95318cb4a4be req-23f9bc91-18ec-47bf-947a-95318cb4a4be ] Request (HypervisorAdminV253TestBase:setUpClass): 201 POST http://10.180.1.21/identity/v3/users 0.889s
2025-03-27 04:33:23.315 68205 INFO tempest.lib.common.rest_client [req-85de43b9-1394-4824-bd7b-e2047f99ba5c req-85de43b9-1394-4824-bd7b-e2047f99ba5c ] Request (SecurityGroupsTestAdminJSON:tearDownClass): 200 GET http://10.180.1.21:9696/networking/v2.0/security-groups?tenant_id=e590faca083d4bfe81dbe6bec4e31fb4&name=default 0.974s
2025-03-27 04:33:23.343 68246 INFO tempest.lib.common.rest_client [req-829547dc-f430-442f-aebb-2109cc186e3f req-829547dc-f430-442f-aebb-2109cc186e3f ] Request (QuotasAdminNegativeTest:setUpClass): 201 POST http://10.180.1.21/identity/v3/auth/tokens 0.918s
2025-03-27 04:33:23.372 68207 INFO tempest.lib.common.rest_client [req-834de037-6640-4911-8566-57b0e7a67944 req-834de037-6640-4911-8566-57b0e7a67944 ] Request (HypervisorAdminTestJSON:tearDownClass): 204 DELETE http://10.180.1.21/identity/v3/users/53165f9f8ffe4b39a757a919e31d53e2 0.923s
2025-03-27 04:33:23.387 68203 INFO tempest.lib.common.rest_client [req-cf651620-7a5c-4674-8cde-6c6ac5cb0e99 req-cf651620-7a5c-4674-8cde-6c6ac5cb0e99 ] Request (FlavorsAccessTestJSON:setUpClass): 200 GET http://10.180.1.21/identity/v3/roles 0.925s
2025-03-27 04:33:23.415 68253 INFO tempest.lib.common.rest_client [req-c6554728-fb7d-444d-b121-99782f47bc90 req-c6554728-fb7d-444d-b121-99782f47bc90 ] Request (FloatingIPsAssociationNegativeTestJSON:setUpClass): 201 POST http://10.180.1.21:9696/networking/v2.0/networks 1.233s
2025-03-27 04:33:23.420 68239 INFO tempest.lib.common.rest_client [req-99649f42-e0eb-41f8-93ef-26fd6f41097d req-99649f42-e0eb-41f8-93ef-26fd6f41097d ] Request (FloatingIPDetailsNegativeTestJSON:setUpClass): 201 POST http://10.180.1.21:9696/networking/v2.0/routers 1.100s
2025-03-27 04:33:23.440 68237 INFO tempest.lib.common.rest_client [req-a5be285c-452f-4ebb-8c50-bec894095c6c req-a5be285c-452f-4ebb-8c50-bec894095c6c ] Request (HypervisorAdminNegativeTestJSON:setUpClass): 201 POST http://10.180.1.21/identity/v3/auth/tokens 0.968s
2025-03-27 04:33:23.457 68201 INFO tempest.lib.common.rest_client [req-fef302f7-1335-40a8-ae1b-c23e13e32ccd req-fef302f7-1335-40a8-ae1b-c23e13e32ccd ] Request (QuotasAdminTestV236:setUpClass): 201 POST http://10.180.1.21/identity/v3/auth/tokens 0.971s
2025-03-27 04:33:23.502 68205 INFO tempest.lib.common.rest_client [req-5b58160f-809b-48a9-8a1d-3fd298f0db05 req-5b58160f-809b-48a9-8a1d-3fd298f0db05 ] Request (SecurityGroupsTestAdminJSON:tearDownClass): 204 DELETE http://10.180.1.21:9696/networking/v2.0/security-groups/bddcb356-1455-47dd-b327-3acee8079bba 0.186s
2025-03-27 04:33:23.514 68263 INFO tempest.lib.common.rest_client [req-68b89cd1-4b4f-4134-9276-ebc219704b82 req-68b89cd1-4b4f-4134-9276-ebc219704b82 ] Request (ListImageFiltersTestJSON:setUpClass): 201 POST http://10.180.1.21/identity/v3/auth/tokens 0.978s
2025-03-27 04:33:23.529 68213 INFO tempest.lib.common.rest_client [req-345ecbf0-e1e6-475b-9dc5-bad65bc2dd8b req-345ecbf0-e1e6-475b-9dc5-bad65bc2dd8b ] Request (VolumesAssistedSnapshotsTest:setUpClass): 201 POST http://10.180.1.21/identity/v3/auth/tokens 0.985s
2025-03-27 04:33:23.560 68226 INFO tempest.lib.common.rest_client [req-d58b4037-b12c-44e3-ab88-aa78ab1e658d req-d58b4037-b12c-44e3-ab88-aa78ab1e658d ] Request (AZAdminNegativeTestJSON:setUpClass): 204 PUT http://10.180.1.21/identity/v3/projects/1e15a8c6321f43f0ae21078ff537f9da/users/cb54ba03b46543cea51fc886916f785b/roles/7aeba1aa1dcf4da6ae4194ad7631808a 0.960s
2025-03-27 04:33:23.577 68219 INFO tempest.lib.common.rest_client [req-02e9a34e-7da8-4351-a781-41a8d337cc0d req-02e9a34e-7da8-4351-a781-41a8d337cc0d ] Request (AZAdminV2TestJSON:setUpClass): 201 POST http://10.180.1.21/identity/v3/auth/tokens 0.979s
2025-03-27 04:33:23.614 68193 INFO tempest.lib.common.rest_client [req-ae10a123-2513-4922-8794-28f1c871ca18 req-ae10a123-2513-4922-8794-28f1c871ca18 ] Request (DeleteServersAdminTestJSON:test_admin_delete_servers_of_others): 202 POST http://10.180.1.21/compute/v2.1/servers 1.387s
2025-03-27 04:33:23.631 68261 INFO tempest.lib.common.rest_client [req-1d5b68a3-f970-450c-b4ba-df070ccce5ce req-1d5b68a3-f970-450c-b4ba-df070ccce5ce ] Request (SecurityGroupRulesNegativeTestJSON:setUpClass): 201 POST http://10.180.1.21/identity/v3/auth/tokens 0.982s
2025-03-27 04:33:23.654 68229 INFO tempest.lib.common.rest_client [req-7b641613-1d7a-4ac5-81ae-104f7517b81f req-7b641613-1d7a-4ac5-81ae-104f7517b81f ] Request (QuotasAdminTestV257:setUpClass): 201 POST http://10.180.1.21/identity/v3/auth/tokens 0.991s
2025-03-27 04:33:23.660 68233 INFO tempest.lib.common.rest_client [req-989abadc-5cfc-4217-84be-c3896ca74cd5 req-989abadc-5cfc-4217-84be-c3896ca74cd5 ] Request (ServerActionsV293TestJSON:setUpClass): 201 POST http://10.180.1.21:9696/networking/v2.0/networks 1.295s
2025-03-27 04:33:23.706 68235 INFO tempest.lib.common.rest_client [req-0c22b816-d628-49cf-9e97-7931046d24e9 req-0c22b816-d628-49cf-9e97-7931046d24e9 ] Request (VolumesAdminNegativeTest:setUpClass): 201 POST http://10.180.1.21:9696/networking/v2.0/networks 1.291s
2025-03-27 04:33:23.713 68193 INFO tempest.lib.common.rest_client [req-eaf661bc-ffed-4dfa-af47-2d4fda7aad7a req-eaf661bc-ffed-4dfa-af47-2d4fda7aad7a ] Request (DeleteServersAdminTestJSON:test_admin_delete_servers_of_others): 200 GET http://10.180.1.21/compute/v2.1/servers/0085fe38-e5ec-44f9-b51b-c54a9f05b60f 0.097s
2025-03-27 04:33:23.715 68199 INFO tempest.lib.common.rest_client [req-a30f4c30-b9ce-435d-8120-fa647851e31e req-a30f4c30-b9ce-435d-8120-fa647851e31e ] Request (FlavorsExtraSpecsTestJSON:setUpClass): 201 POST http://10.180.1.21/identity/v3/auth/tokens 0.994s
2025-03-27 04:33:23.747 68231 INFO tempest.lib.common.rest_client [req-2fdf9379-74a3-4bec-acf4-b8132e63792d req-2fdf9379-74a3-4bec-acf4-b8132e63792d ] Request (KeyPairsV22TestJSON:setUpClass): 201 POST http://10.180.1.21/identity/v3/auth/tokens 1.017s
2025-03-27 04:33:23.784 68259 INFO tempest.lib.common.rest_client [req-351c473c-714a-424e-a2d7-e810f2626db8 req-351c473c-714a-424e-a2d7-e810f2626db8 ] Request (HostsAdminTestJSON:setUpClass): 201 POST http://10.180.1.21/identity/v3/auth/tokens 1.004s
2025-03-27 04:33:23.874 68221 INFO tempest.lib.common.rest_client [req-d448e8a6-1def-453a-b2c3-260743e39d64 req-d448e8a6-1def-453a-b2c3-260743e39d64 ] Request (FlavorsV261TestJSON:setUpClass): 204 PUT http://10.180.1.21/identity/v3/projects/f3a16b85796649c7afa49b7a72a4a2e5/users/e03790a6fe7b4bb493f9bee6412b7cc5/roles/7aeba1aa1dcf4da6ae4194ad7631808a 1.007s
2025-03-27 04:33:23.949 68209 INFO tempest.lib.common.rest_client [req-4402cd9e-72d4-4657-92a8-a2261644730f req-4402cd9e-72d4-4657-92a8-a2261644730f ] Request (AggregatesAdminNegativeTestJSON:setUpClass): 201 POST http://10.180.1.21/identity/v3/projects 1.073s
2025-03-27 04:33:23.975 68255 INFO tempest.lib.common.rest_client [req-c1789178-d01e-46f0-b9a4-047033881e7a req-c1789178-d01e-46f0-b9a4-047033881e7a ] Request (HostsAdminNegativeTestJSON:setUpClass): 201 POST http://10.180.1.21/identity/v3/auth/tokens 1.159s
2025-03-27 04:33:23.987 68253 INFO tempest.lib.common.rest_client [req-24fee25f-8669-4651-8bb8-4a5c85c76aa5 req-24fee25f-8669-4651-8bb8-4a5c85c76aa5 ] Request (FloatingIPsAssociationNegativeTestJSON:setUpClass): 201 POST http://10.180.1.21:9696/networking/v2.0/subnets 0.571s
2025-03-27 04:33:24.011 68211 INFO tempest.lib.common.rest_client [req-be2c9ff1-6a47-4229-9f7d-0a8e1923dbf6 req-be2c9ff1-6a47-4229-9f7d-0a8e1923dbf6 ] Request (KeyPairsV210TestJSON:setUpClass): 201 POST http://10.180.1.21/identity/v3/users 1.115s
2025-03-27 04:33:24.034 68257 INFO tempest.lib.common.rest_client [req-e49029ee-f37b-4453-b94c-7bf33b81072e req-e49029ee-f37b-4453-b94c-7bf33b81072e ] Request (FlavorsAdminTestJSON:setUpClass): 201 POST http://10.180.1.21/identity/v3/projects 1.100s
2025-03-27 04:33:24.043 68223 INFO tempest.lib.common.rest_client [req-335a4992-79b1-4ae6-9955-182a67272814 req-335a4992-79b1-4ae6-9955-182a67272814 ] Request (FlavorsV255TestJSON:setUpClass): 201 POST http://10.180.1.21/identity/v3/projects 1.088s
2025-03-27 04:33:24.108 68235 INFO tempest.lib.common.rest_client [req-741936b8-8b2d-41c9-8b9f-4ec3b0e5a5d6 req-741936b8-8b2d-41c9-8b9f-4ec3b0e5a5d6 ] Request (VolumesAdminNegativeTest:setUpClass): 201 POST http://10.180.1.21:9696/networking/v2.0/subnets 0.400s
2025-03-27 04:33:24.118 68233 INFO tempest.lib.common.rest_client [req-2d3e6887-9839-4d5f-ae86-c62fb64edf2a req-2d3e6887-9839-4d5f-ae86-c62fb64edf2a ] Request (ServerActionsV293TestJSON:setUpClass): 201 POST http://10.180.1.21:9696/networking/v2.0/subnets 0.458s
2025-03-27 04:33:24.121 68227 INFO tempest.lib.common.rest_client [req-32f10bb6-be0b-46ad-9e75-96c273465303 req-32f10bb6-be0b-46ad-9e75-96c273465303 ] Request (QuotasSecurityGroupAdminNegativeTest:setUpClass): 201 POST http://10.180.1.21/identity/v3/users 1.121s
2025-03-27 04:33:24.143 68197 INFO tempest.lib.common.rest_client [req-14bdb3c5-d3d2-4daf-948c-33d9b884b7bc req-14bdb3c5-d3d2-4daf-948c-33d9b884b7bc ] Request (InstanceUsageAuditLogTestJSON:setUpClass): 201 POST http://10.180.1.21/identity/v3/users 1.012s
2025-03-27 04:33:24.158 68215 INFO tempest.lib.common.rest_client [req-4c69c098-67a2-4084-a9e4-8e8fba37eb05 req-4c69c098-67a2-4084-a9e4-8e8fba37eb05 ] Request (QuotaClassesAdminTestJSON:setUpClass): 201 POST http://10.180.1.21/identity/v3/projects 0.951s
2025-03-27 04:33:24.163 68265 INFO tempest.lib.common.rest_client [req-69900f85-9d1c-4d15-a122-f2bd8771afcb req-69900f85-9d1c-4d15-a122-f2bd8771afcb ] Request (HypervisorAdminV253TestBase:setUpClass): 200 GET http://10.180.1.21/identity/v3/roles 0.904s
2025-03-27 04:33:24.216 68246 INFO tempest.lib.common.rest_client [req-df98542f-9743-437a-aa55-8ba1ce6ee879 req-df98542f-9743-437a-aa55-8ba1ce6ee879 ] Request (QuotasAdminNegativeTest:setUpClass): 201 POST http://10.180.1.21/identity/v3/projects 0.873s
2025-03-27 04:33:24.227 68217 INFO tempest.lib.common.rest_client [req-70ac5caa-7caf-4a53-9f22-498eb0b0fc96 req-70ac5caa-7caf-4a53-9f22-498eb0b0fc96 ] Request (FloatingIPDetailsTestJSON:setUpClass): 201 POST http://10.180.1.21:9696/networking/v2.0/networks 1.400s
2025-03-27 04:33:24.263 68207 INFO tempest.lib.common.rest_client [req-3b5cf38f-21f6-48b4-9312-6682c8eee524 req-3b5cf38f-21f6-48b4-9312-6682c8eee524 ] Request (HypervisorAdminTestJSON:tearDownClass): 204 DELETE http://10.180.1.21/identity/v3/users/73cf9bf996a24b1290d1e17459d84665 0.891s
2025-03-27 04:33:24.264 68207 INFO tempest.lib.common.dynamic_creds [-] Deleting project and security group for project: f4ccd5fcc74445ed98e477d2f8fc4815
2025-03-27 04:33:24.302 68203 INFO tempest.lib.common.rest_client [req-3250815a-cbc1-46ef-bbb6-5b7482b3eacc req-3250815a-cbc1-46ef-bbb6-5b7482b3eacc ] Request (FlavorsAccessTestJSON:setUpClass): 204 PUT http://10.180.1.21/identity/v3/projects/0b97a9b2c6b24ff29e5ca72fa93965ab/users/4164f81f8dc7423c98e604a67ac4e4d8/roles/7aeba1aa1dcf4da6ae4194ad7631808a 0.915s
2025-03-27 04:33:24.349 68237 INFO tempest.lib.common.rest_client [req-d5fb853c-e904-4e1d-bdc8-fc349b3bb793 req-d5fb853c-e904-4e1d-bdc8-fc349b3bb793 ] Request (HypervisorAdminNegativeTestJSON:setUpClass): 201 POST http://10.180.1.21/identity/v3/projects 0.908s
2025-03-27 04:33:24.360 68201 INFO tempest.lib.common.rest_client [req-feb63b3f-d749-48b3-ade8-a70d818c52d8 req-feb63b3f-d749-48b3-ade8-a70d818c52d8 ] Request (QuotasAdminTestV236:setUpClass): 201 POST http://10.180.1.21/identity/v3/projects 0.903s
2025-03-27 04:33:24.472 68205 INFO tempest.lib.common.rest_client [req-7d44f206-8373-4cd3-8866-3cd5fb0bce1c req-7d44f206-8373-4cd3-8866-3cd5fb0bce1c ] Request (SecurityGroupsTestAdminJSON:tearDownClass): 204 DELETE http://10.180.1.21/identity/v3/projects/e590faca083d4bfe81dbe6bec4e31fb4 0.969s
2025-03-27 04:33:24.472 68205 INFO tempest.lib.common.dynamic_creds [-] Deleting project and security group for project: aea294caae974a37921d18dc44716834
2025-03-27 04:33:24.522 68226 INFO tempest.lib.common.rest_client [req-5520cefc-18fe-4efa-972b-5cf1c789776f req-5520cefc-18fe-4efa-972b-5cf1c789776f ] Request (AZAdminNegativeTestJSON:setUpClass): 200 GET http://10.180.1.21/identity/v3/roles 0.961s
2025-03-27 04:33:24.551 68219 INFO tempest.lib.common.rest_client [req-5d64f1fc-c220-4802-8f47-083164210e4b req-5d64f1fc-c220-4802-8f47-083164210e4b ] Request (AZAdminV2TestJSON:setUpClass): 201 POST http://10.180.1.21/identity/v3/projects 0.974s
2025-03-27 04:33:24.610 68229 INFO tempest.lib.common.rest_client [req-2b615250-139d-4007-8337-eeeb6a7276f3 req-2b615250-139d-4007-8337-eeeb6a7276f3 ] Request (QuotasAdminTestV257:setUpClass): 201 POST http://10.180.1.21/identity/v3/projects 0.956s
2025-03-27 04:33:24.625 68205 INFO tempest.lib.common.rest_client [req-ab77a829-4ffd-4473-b594-5640931a78e1 req-ab77a829-4ffd-4473-b594-5640931a78e1 ] Request (SecurityGroupsTestAdminJSON:tearDownClass): 200 GET http://10.180.1.21:9696/networking/v2.0/security-groups?tenant_id=aea294caae974a37921d18dc44716834&name=default 0.152s
2025-03-27 04:33:24.688 68199 INFO tempest.lib.common.rest_client [req-028d51b2-15c5-4437-a741-b70709294600 req-028d51b2-15c5-4437-a741-b70709294600 ] Request (FlavorsExtraSpecsTestJSON:setUpClass): 201 POST http://10.180.1.21/identity/v3/projects 0.972s
2025-03-27 04:33:24.745 68221 INFO tempest.lib.common.rest_client [req-6ddd9ce9-b1c8-437b-9b0f-10cffd14fd97 req-6ddd9ce9-b1c8-437b-9b0f-10cffd14fd97 ] Request (FlavorsV261TestJSON:setUpClass): 200 GET http://10.180.1.21/identity/v3/roles 0.871s
2025-03-27 04:33:24.751 68259 INFO tempest.lib.common.rest_client [req-192221a7-aa07-4946-929d-6b4647e69604 req-192221a7-aa07-4946-929d-6b4647e69604 ] Request (HostsAdminTestJSON:setUpClass): 201 POST http://10.180.1.21/identity/v3/projects 0.967s
2025-03-27 04:33:24.799 68231 INFO tempest.lib.common.rest_client [req-9657f03e-c6cc-47e9-a521-e997007bb851 req-9657f03e-c6cc-47e9-a521-e997007bb851 ] Request (KeyPairsV22TestJSON:test_get_keypair_detail): 201 POST http://10.180.1.21/compute/v2.1/os-keypairs 1.051s
2025-03-27 04:33:24.817 68231 INFO tempest.lib.common.rest_client [req-fafc9d29-242a-4429-8bc0-0059bc70ad00 req-fafc9d29-242a-4429-8bc0-0059bc70ad00 ] Request (KeyPairsV22TestJSON:test_get_keypair_detail): 200 GET http://10.180.1.21/compute/v2.1/os-keypairs/tempest-keypair-809226369 0.016s
2025-03-27 04:33:24.820 68209 INFO tempest.lib.common.rest_client [req-ea48ba00-8a94-4514-bd35-396ce0063631 req-ea48ba00-8a94-4514-bd35-396ce0063631 ] Request (AggregatesAdminNegativeTestJSON:setUpClass): 201 POST http://10.180.1.21/identity/v3/users 0.871s
2025-03-27 04:33:24.828 68255 INFO tempest.lib.common.rest_client [req-1e2182c3-40ba-4d53-b58f-2d8d6b4f3d13 req-1e2182c3-40ba-4d53-b58f-2d8d6b4f3d13 ] Request (HostsAdminNegativeTestJSON:setUpClass): 201 POST http://10.180.1.21/identity/v3/projects 0.853s
2025-03-27 04:33:24.852 68231 INFO tempest.lib.common.rest_client [req-d3cd4641-9c0c-4ef2-8c5a-d180147bf67a req-d3cd4641-9c0c-4ef2-8c5a-d180147bf67a ] Request (KeyPairsV22TestJSON:_run_cleanups): 204 DELETE http://10.180.1.21/compute/v2.1/os-keypairs/tempest-keypair-809226369 0.033s
2025-03-27 04:33:24.917 68257 INFO tempest.lib.common.rest_client [req-89bcb160-65e2-4a25-9c24-ea73f8e7e035 req-89bcb160-65e2-4a25-9c24-ea73f8e7e035 ] Request (FlavorsAdminTestJSON:setUpClass): 201 POST http://10.180.1.21/identity/v3/users 0.882s
2025-03-27 04:33:24.917 68211 INFO tempest.lib.common.rest_client [req-7c716537-e71a-4645-aa05-eb4de84d7e26 req-7c716537-e71a-4645-aa05-eb4de84d7e26 ] Request (KeyPairsV210TestJSON:setUpClass): 200 GET http://10.180.1.21/identity/v3/roles 0.905s
2025-03-27 04:33:24.924 68193 INFO tempest.lib.common.rest_client [req-1e197825-92dd-44bf-9bb1-811fc0f087bd req-1e197825-92dd-44bf-9bb1-811fc0f087bd ] Request (DeleteServersAdminTestJSON:test_admin_delete_servers_of_others): 200 GET http://10.180.1.21/compute/v2.1/servers/0085fe38-e5ec-44f9-b51b-c54a9f05b60f 0.198s
2025-03-27 04:33:24.945 68227 INFO tempest.lib.common.rest_client [req-173c6e19-5dec-4b95-81ab-0a6d24ca0979 req-173c6e19-5dec-4b95-81ab-0a6d24ca0979 ] Request (QuotasSecurityGroupAdminNegativeTest:setUpClass): 200 GET http://10.180.1.21/identity/v3/roles 0.824s
2025-03-27 04:33:24.964 68197 INFO tempest.lib.common.rest_client [req-4ae44563-04d0-4cc6-8df2-34d7039d7cd0 req-4ae44563-04d0-4cc6-8df2-34d7039d7cd0 ] Request (InstanceUsageAuditLogTestJSON:setUpClass): 200 GET http://10.180.1.21/identity/v3/roles 0.819s
2025-03-27 04:33:24.967 68223 INFO tempest.lib.common.rest_client [req-8f9f8a94-55ce-4ad5-b09c-f8a2a5c422f5 req-8f9f8a94-55ce-4ad5-b09c-f8a2a5c422f5 ] Request (FlavorsV255TestJSON:setUpClass): 201 POST http://10.180.1.21/identity/v3/users 0.923s
2025-03-27 04:33:24.974 68231 INFO tempest.lib.common.rest_client [req-a3dde505-8592-43ed-a2e4-efb43845b79e req-a3dde505-8592-43ed-a2e4-efb43845b79e ] Request (KeyPairsV22TestJSON:test_keypair_create_delete): 201 POST http://10.180.1.21/compute/v2.1/os-keypairs 0.054s
2025-03-27 04:33:25.011 68215 INFO tempest.lib.common.rest_client [req-e3910cc5-93e7-4824-a903-511d0e23f61b req-e3910cc5-93e7-4824-a903-511d0e23f61b ] Request (QuotaClassesAdminTestJSON:setUpClass): 201 POST http://10.180.1.21/identity/v3/users 0.851s
2025-03-27 04:33:25.025 68231 INFO tempest.lib.common.rest_client [req-13c1f9c0-2379-4fcf-9172-29dae0c1b0ef req-13c1f9c0-2379-4fcf-9172-29dae0c1b0ef ] Request (KeyPairsV22TestJSON:_run_cleanups): 204 DELETE http://10.180.1.21/compute/v2.1/os-keypairs/tempest-keypair-336763115 0.049s
2025-03-27 04:33:25.046 68265 INFO tempest.lib.common.rest_client [req-06907475-0e5a-4d77-85af-0599b74f0dd4 req-06907475-0e5a-4d77-85af-0599b74f0dd4 ] Request (HypervisorAdminV253TestBase:setUpClass): 204 PUT http://10.180.1.21/identity/v3/projects/22b2016048494f1f8b66f51a46d71636/users/a890560a8616405588123640c355a71a/roles/7aeba1aa1dcf4da6ae4194ad7631808a 0.882s
2025-03-27 04:33:25.068 68231 INFO tempest.lib.common.rest_client [req-16b9e892-9255-42ed-8eda-333ce43ef02a req-16b9e892-9255-42ed-8eda-333ce43ef02a ] Request (KeyPairsV22TestJSON:test_keypair_create_with_pub_key): 201 POST http://10.180.1.21/compute/v2.1/os-keypairs 0.041s
2025-03-27 04:33:25.091 68231 INFO tempest.lib.common.rest_client [req-0d9400cd-39e9-4e1a-ab2d-8a4cc34f4232 req-0d9400cd-39e9-4e1a-ab2d-8a4cc34f4232 ] Request (KeyPairsV22TestJSON:_run_cleanups): 204 DELETE http://10.180.1.21/compute/v2.1/os-keypairs/tempest-keypair-1476664196 0.021s
2025-03-27 04:33:25.109 68207 INFO tempest.lib.common.rest_client [req-c2c94d31-2fb0-41a3-9b7b-74c50d482a85 req-c2c94d31-2fb0-41a3-9b7b-74c50d482a85 ] Request (HypervisorAdminTestJSON:tearDownClass): 201 POST http://10.180.1.21/identity/v3/auth/tokens 0.845s
2025-03-27 04:33:25.117 68246 INFO tempest.lib.common.rest_client [req-8f9f0c64-b53d-4300-99df-5b7d59241e55 req-8f9f0c64-b53d-4300-99df-5b7d59241e55 ] Request (QuotasAdminNegativeTest:setUpClass): 201 POST http://10.180.1.21/identity/v3/users 0.900s
2025-03-27 04:33:25.128 68203 INFO tempest.lib.common.rest_client [req-bb11ad3c-507a-41ae-9858-bcaccc66f8ed req-bb11ad3c-507a-41ae-9858-bcaccc66f8ed ] Request (FlavorsAccessTestJSON:setUpClass): 200 GET http://10.180.1.21/identity/v3/roles 0.824s
2025-03-27 04:33:25.134 68231 INFO tempest.lib.common.rest_client [req-11379c21-f140-44df-abbc-c05126522cea req-11379c21-f140-44df-abbc-c05126522cea ] Request (KeyPairsV22TestJSON:test_keypairs_create_list_delete): 201 POST http://10.180.1.21/compute/v2.1/os-keypairs 0.041s
2025-03-27 04:33:25.152 68237 INFO tempest.lib.common.rest_client [req-951ec8d1-c674-4ff0-9396-fdf924875185 req-951ec8d1-c674-4ff0-9396-fdf924875185 ] Request (HypervisorAdminNegativeTestJSON:setUpClass): 201 POST http://10.180.1.21/identity/v3/users 0.802s
2025-03-27 04:33:25.155 68201 INFO tempest.lib.common.rest_client [req-349f658a-d36c-4cf2-9858-f85af3b31f41 req-349f658a-d36c-4cf2-9858-f85af3b31f41 ] Request (QuotasAdminTestV236:setUpClass): 201 POST http://10.180.1.21/identity/v3/users 0.794s
2025-03-27 04:33:25.167 68226 INFO tempest.lib.common.rest_client [req-1d7bb67d-bd6f-44c6-8ea2-cd1a47c0b49a req-1d7bb67d-bd6f-44c6-8ea2-cd1a47c0b49a ] Request (AZAdminNegativeTestJSON:setUpClass): 204 PUT http://10.180.1.21/identity/v3/projects/1e15a8c6321f43f0ae21078ff537f9da/users/cb54ba03b46543cea51fc886916f785b/roles/7aeba1aa1dcf4da6ae4194ad7631808a 0.645s
2025-03-27 04:33:25.168 68226 INFO tempest.lib.common.dynamic_creds [-] Dynamic test user cb54ba03b46543cea51fc886916f785b is created with scope project and roles: ['admin']
2025-03-27 04:33:25.168 68226 INFO tempest.lib.common.dynamic_creds [-] Acquired dynamic creds: credentials: Credentials: {'domain_id': 'default', 'domain_name': 'Default', 'username': 'tempest-AZAdminNegativeTestJSON-1805229776-project-admin', 'project_domain_id': 'default', 'project_domain_name': 'Default', 'project_id': '1e15a8c6321f43f0ae21078ff537f9da', 'project_name': 'tempest-AZAdminNegativeTestJSON-1805229776', 'tenant_id': '1e15a8c6321f43f0ae21078ff537f9da', 'tenant_name': 'tempest-AZAdminNegativeTestJSON-1805229776', 'user_domain_id': 'default', 'user_domain_name': 'Default', 'user_id': 'cb54ba03b46543cea51fc886916f785b', 'system': None}, Network: None, Subnet: None, Router: None
2025-03-27 04:33:25.169 68226 INFO tempest.lib.common.dynamic_creds [-] Created isolated network resources for: credentials: Credentials: {'domain_id': 'default', 'domain_name': 'Default', 'username': 'tempest-AZAdminNegativeTestJSON-1805229776-project-admin', 'project_domain_id': 'default', 'project_domain_name': 'Default', 'project_id': '1e15a8c6321f43f0ae21078ff537f9da', 'project_name': 'tempest-AZAdminNegativeTestJSON-1805229776', 'tenant_id': '1e15a8c6321f43f0ae21078ff537f9da', 'tenant_name': 'tempest-AZAdminNegativeTestJSON-1805229776', 'user_domain_id': 'default', 'user_domain_name': 'Default', 'user_id': 'cb54ba03b46543cea51fc886916f785b', 'system': None}, Network: None, Subnet: None, Router: None
2025-03-27 04:33:25.183 68231 INFO tempest.lib.common.rest_client [req-ff1aaa2e-126e-463d-9c24-58983d053a01 req-ff1aaa2e-126e-463d-9c24-58983d053a01 ] Request (KeyPairsV22TestJSON:test_keypairs_create_list_delete): 201 POST http://10.180.1.21/compute/v2.1/os-keypairs 0.047s
2025-03-27 04:33:25.229 68231 INFO tempest.lib.common.rest_client [req-734794f0-aa03-44f8-a1c5-80c09a3d8228 req-734794f0-aa03-44f8-a1c5-80c09a3d8228 ] Request (KeyPairsV22TestJSON:test_keypairs_create_list_delete): 201 POST http://10.180.1.21/compute/v2.1/os-keypairs 0.043s
2025-03-27 04:33:25.234 68219 INFO tempest.lib.common.rest_client [req-79cb8a7e-c373-4c8e-89d1-64cfb77735f8 req-79cb8a7e-c373-4c8e-89d1-64cfb77735f8 ] Request (AZAdminV2TestJSON:setUpClass): 201 POST http://10.180.1.21/identity/v3/users 0.683s
2025-03-27 04:33:25.246 68231 INFO tempest.lib.common.rest_client [req-8bac9dd6-395f-45d6-bc04-643557cc977a req-8bac9dd6-395f-45d6-bc04-643557cc977a ] Request (KeyPairsV22TestJSON:test_keypairs_create_list_delete): 200 GET http://10.180.1.21/compute/v2.1/os-keypairs 0.015s
2025-03-27 04:33:25.263 68229 INFO tempest.lib.common.rest_client [req-eb063ab6-bb96-4742-b3aa-8fb1e0a35d65 req-eb063ab6-bb96-4742-b3aa-8fb1e0a35d65 ] Request (QuotasAdminTestV257:setUpClass): 201 POST http://10.180.1.21/identity/v3/users 0.652s
2025-03-27 04:33:25.268 68231 INFO tempest.lib.common.rest_client [req-77869a3b-df76-43b9-9962-72ddda13f50f req-77869a3b-df76-43b9-9962-72ddda13f50f ] Request (KeyPairsV22TestJSON:_run_cleanups): 204 DELETE http://10.180.1.21/compute/v2.1/os-keypairs/tempest-KeyPairsV22TestJSON-keypair-1822491751 0.019s
2025-03-27 04:33:25.282 68221 INFO tempest.lib.common.rest_client [req-47989b33-c3cf-45f3-a872-e20bdf862735 req-47989b33-c3cf-45f3-a872-e20bdf862735 ] Request (FlavorsV261TestJSON:setUpClass): 204 PUT http://10.180.1.21/identity/v3/projects/f3a16b85796649c7afa49b7a72a4a2e5/users/e03790a6fe7b4bb493f9bee6412b7cc5/roles/7aeba1aa1dcf4da6ae4194ad7631808a 0.536s
2025-03-27 04:33:25.282 68221 INFO tempest.lib.common.dynamic_creds [-] Dynamic test user e03790a6fe7b4bb493f9bee6412b7cc5 is created with scope project and roles: ['admin']
2025-03-27 04:33:25.284 68221 INFO tempest.lib.common.dynamic_creds [-] Acquired dynamic creds: credentials: Credentials: {'domain_id': 'default', 'domain_name': 'Default', 'username': 'tempest-FlavorsV261TestJSON-1290741277-project-admin', 'project_domain_id': 'default', 'project_domain_name': 'Default', 'project_id': 'f3a16b85796649c7afa49b7a72a4a2e5', 'project_name': 'tempest-FlavorsV261TestJSON-1290741277', 'tenant_id': 'f3a16b85796649c7afa49b7a72a4a2e5', 'tenant_name': 'tempest-FlavorsV261TestJSON-1290741277', 'user_domain_id': 'default', 'user_domain_name': 'Default', 'user_id': 'e03790a6fe7b4bb493f9bee6412b7cc5', 'system': None}, Network: None, Subnet: None, Router: None
2025-03-27 04:33:25.284 68221 INFO tempest.lib.common.dynamic_creds [-] Created isolated network resources for: credentials: Credentials: {'domain_id': 'default', 'domain_name': 'Default', 'username': 'tempest-FlavorsV261TestJSON-1290741277-project-admin', 'project_domain_id': 'default', 'project_domain_name': 'Default', 'project_id': 'f3a16b85796649c7afa49b7a72a4a2e5', 'project_name': 'tempest-FlavorsV261TestJSON-1290741277', 'tenant_id': 'f3a16b85796649c7afa49b7a72a4a2e5', 'tenant_name': 'tempest-FlavorsV261TestJSON-1290741277', 'user_domain_id': 'default', 'user_domain_name': 'Default', 'user_id': 'e03790a6fe7b4bb493f9bee6412b7cc5', 'system': None}, Network: None, Subnet: None, Router: None
2025-03-27 04:33:25.287 68231 INFO tempest.lib.common.rest_client [req-3a344121-2d7e-4be2-89a7-da143b25cbb3 req-3a344121-2d7e-4be2-89a7-da143b25cbb3 ] Request (KeyPairsV22TestJSON:_run_cleanups): 204 DELETE http://10.180.1.21/compute/v2.1/os-keypairs/tempest-KeyPairsV22TestJSON-keypair-1096738944 0.019s
2025-03-27 04:33:25.298 68199 INFO tempest.lib.common.rest_client [req-795f14c5-8ad9-47cc-a71d-2c431c3db05d req-795f14c5-8ad9-47cc-a71d-2c431c3db05d ] Request (FlavorsExtraSpecsTestJSON:setUpClass): 201 POST http://10.180.1.21/identity/v3/users 0.609s
2025-03-27 04:33:25.311 68231 INFO tempest.lib.common.rest_client [req-04e563c8-3515-49bd-a21a-02cf6bcbeacd req-04e563c8-3515-49bd-a21a-02cf6bcbeacd ] Request (KeyPairsV22TestJSON:_run_cleanups): 204 DELETE http://10.180.1.21/compute/v2.1/os-keypairs/tempest-KeyPairsV22TestJSON-keypair-2089478388 0.022s
2025-03-27 04:33:25.320 68205 INFO tempest.lib.common.rest_client [req-902c4d0b-4b77-4e6b-95f8-07524cca1828 req-902c4d0b-4b77-4e6b-95f8-07524cca1828 ] Request (SecurityGroupsTestAdminJSON:tearDownClass): 204 DELETE http://10.180.1.21:9696/networking/v2.0/security-groups/d9f2df1d-3e4f-4116-a2c2-710f98d2eaa2 0.694s
2025-03-27 04:33:25.355 68259 INFO tempest.lib.common.rest_client [req-f8ffd57b-ea28-44be-9212-4406dc0535c8 req-f8ffd57b-ea28-44be-9212-4406dc0535c8 ] Request (HostsAdminTestJSON:setUpClass): 201 POST http://10.180.1.21/identity/v3/users 0.603s
2025-03-27 04:33:25.362 68231 INFO tempest.lib.common.rest_client [req-d281bdbc-4b52-46ca-abe5-bb107396bfe4 req-d281bdbc-4b52-46ca-abe5-bb107396bfe4 ] Request (KeyPairsV22TestJSON:test_keypairsv22_create_list_show): 201 POST http://10.180.1.21/compute/v2.1/os-keypairs 0.050s
2025-03-27 04:33:25.375 68209 INFO tempest.lib.common.rest_client [req-356d6eb8-5bcc-49cd-9722-fa3c9b550697 req-356d6eb8-5bcc-49cd-9722-fa3c9b550697 ] Request (AggregatesAdminNegativeTestJSON:setUpClass): 200 GET http://10.180.1.21/identity/v3/roles 0.554s
2025-03-27 04:33:25.379 68231 INFO tempest.lib.common.rest_client [req-8086cfcb-9db9-4f6f-b666-c7d16f84ea2b req-8086cfcb-9db9-4f6f-b666-c7d16f84ea2b ] Request (KeyPairsV22TestJSON:test_keypairsv22_create_list_show): 200 GET http://10.180.1.21/compute/v2.1/os-keypairs/tempest-keypair-801356592 0.015s
2025-03-27 04:33:25.383 68255 INFO tempest.lib.common.rest_client [req-9272d40c-9abe-42f5-a6e4-8a2b14d3a74e req-9272d40c-9abe-42f5-a6e4-8a2b14d3a74e ] Request (HostsAdminNegativeTestJSON:setUpClass): 201 POST http://10.180.1.21/identity/v3/users 0.553s
2025-03-27 04:33:25.393 68257 INFO tempest.lib.common.rest_client [req-b8e4044e-79fe-4e17-a8f5-fc951479c790 req-b8e4044e-79fe-4e17-a8f5-fc951479c790 ] Request (FlavorsAdminTestJSON:setUpClass): 200 GET http://10.180.1.21/identity/v3/roles 0.476s
2025-03-27 04:33:25.398 68231 INFO tempest.lib.common.rest_client [req-5cdecf3d-a592-4570-a1a7-5fa4b9f764ad req-5cdecf3d-a592-4570-a1a7-5fa4b9f764ad ] Request (KeyPairsV22TestJSON:test_keypairsv22_create_list_show): 200 GET http://10.180.1.21/compute/v2.1/os-keypairs 0.014s
2025-03-27 04:33:25.410 68211 INFO tempest.lib.common.rest_client [req-c39ca5c7-7da7-445b-91d2-360ceb06b288 req-c39ca5c7-7da7-445b-91d2-360ceb06b288 ] Request (KeyPairsV210TestJSON:setUpClass): 204 PUT http://10.180.1.21/identity/v3/projects/d4bb414b693648fd8a25aab5c9c9d118/users/c565a1284c3e4f518eeff07b581aa508/roles/7aeba1aa1dcf4da6ae4194ad7631808a 0.492s
2025-03-27 04:33:25.426 68231 INFO tempest.lib.common.rest_client [req-c331f7ae-85d3-4e16-9fb4-d0bf00375925 req-c331f7ae-85d3-4e16-9fb4-d0bf00375925 ] Request (KeyPairsV22TestJSON:_run_cleanups): 204 DELETE http://10.180.1.21/compute/v2.1/os-keypairs/tempest-keypair-801356592 0.026s
2025-03-27 04:33:25.429 68227 INFO tempest.lib.common.rest_client [req-4601fe54-5f04-4e38-9cb9-9b04fe68d278 req-4601fe54-5f04-4e38-9cb9-9b04fe68d278 ] Request (QuotasSecurityGroupAdminNegativeTest:setUpClass): 204 PUT http://10.180.1.21/identity/v3/projects/c2cc495944a14c3da5050ff4de6fa5ad/users/2955e45accdd4cafba54d7ba141623f9/roles/7aeba1aa1dcf4da6ae4194ad7631808a 0.484s
2025-03-27 04:33:25.509 68217 INFO tempest.lib.common.rest_client [req-c3c23126-f062-4493-9c83-b835bb281574 req-c3c23126-f062-4493-9c83-b835bb281574 ] Request (FloatingIPDetailsTestJSON:setUpClass): 201 POST http://10.180.1.21:9696/networking/v2.0/subnets 1.282s
2025-03-27 04:33:25.513 68213 INFO tempest.lib.common.rest_client [req-73f96486-f680-494c-882f-46b5ff475635 req-73f96486-f680-494c-882f-46b5ff475635 ] Request (VolumesAssistedSnapshotsTest:setUpClass): 201 POST http://10.180.1.21:9696/networking/v2.0/networks 1.983s
2025-03-27 04:33:25.517 68223 INFO tempest.lib.common.rest_client [req-71cb633d-0fcc-480e-9856-9202a6717b13 req-71cb633d-0fcc-480e-9856-9202a6717b13 ] Request (FlavorsV255TestJSON:setUpClass): 200 GET http://10.180.1.21/identity/v3/roles 0.550s
2025-03-27 04:33:25.534 68215 INFO tempest.lib.common.rest_client [req-be768bdc-80f1-4fce-8e79-56d3a61498bb req-be768bdc-80f1-4fce-8e79-56d3a61498bb ] Request (QuotaClassesAdminTestJSON:setUpClass): 200 GET http://10.180.1.21/identity/v3/roles 0.522s
2025-03-27 04:33:25.548 68265 INFO tempest.lib.common.rest_client [req-3f21b156-30f4-48f8-ad2a-534ff6e1fb97 req-3f21b156-30f4-48f8-ad2a-534ff6e1fb97 ] Request (HypervisorAdminV253TestBase:setUpClass): 200 GET http://10.180.1.21/identity/v3/roles 0.502s
2025-03-27 04:33:25.577 68197 INFO tempest.lib.common.rest_client [req-5887f4e8-392b-4136-9612-3a29bad2fce5 req-5887f4e8-392b-4136-9612-3a29bad2fce5 ] Request (InstanceUsageAuditLogTestJSON:setUpClass): 204 PUT http://10.180.1.21/identity/v3/projects/0403b887b60645efbf2394b70c7a6f1d/users/9b66ff5457fd48dea16c3b60bd6fba2f/roles/7aeba1aa1dcf4da6ae4194ad7631808a 0.612s
2025-03-27 04:33:25.648 68246 INFO tempest.lib.common.rest_client [req-85029fb1-0a6b-4664-9844-73c11ff09032 req-85029fb1-0a6b-4664-9844-73c11ff09032 ] Request (QuotasAdminNegativeTest:setUpClass): 200 GET http://10.180.1.21/identity/v3/roles 0.530s
2025-03-27 04:33:25.665 68203 INFO tempest.lib.common.rest_client [req-2b679291-acdd-4082-a0be-1bb8b2cf2152 req-2b679291-acdd-4082-a0be-1bb8b2cf2152 ] Request (FlavorsAccessTestJSON:setUpClass): 204 PUT http://10.180.1.21/identity/v3/projects/0b97a9b2c6b24ff29e5ca72fa93965ab/users/4164f81f8dc7423c98e604a67ac4e4d8/roles/7aeba1aa1dcf4da6ae4194ad7631808a 0.536s
2025-03-27 04:33:25.665 68203 INFO tempest.lib.common.dynamic_creds [-] Dynamic test user 4164f81f8dc7423c98e604a67ac4e4d8 is created with scope project and roles: ['admin']
2025-03-27 04:33:25.666 68203 INFO tempest.lib.common.dynamic_creds [-] Acquired dynamic creds: credentials: Credentials: {'domain_id': 'default', 'domain_name': 'Default', 'username': 'tempest-FlavorsAccessTestJSON-1930400025-project-admin', 'project_domain_id': 'default', 'project_domain_name': 'Default', 'project_id': '0b97a9b2c6b24ff29e5ca72fa93965ab', 'project_name': 'tempest-FlavorsAccessTestJSON-1930400025', 'tenant_id': '0b97a9b2c6b24ff29e5ca72fa93965ab', 'tenant_name': 'tempest-FlavorsAccessTestJSON-1930400025', 'user_domain_id': 'default', 'user_domain_name': 'Default', 'user_id': '4164f81f8dc7423c98e604a67ac4e4d8', 'system': None}, Network: None, Subnet: None, Router: None
2025-03-27 04:33:25.666 68203 INFO tempest.lib.common.dynamic_creds [-] Created isolated network resources for: credentials: Credentials: {'domain_id': 'default', 'domain_name': 'Default', 'username': 'tempest-FlavorsAccessTestJSON-1930400025-project-admin', 'project_domain_id': 'default', 'project_domain_name': 'Default', 'project_id': '0b97a9b2c6b24ff29e5ca72fa93965ab', 'project_name': 'tempest-FlavorsAccessTestJSON-1930400025', 'tenant_id': '0b97a9b2c6b24ff29e5ca72fa93965ab', 'tenant_name': 'tempest-FlavorsAccessTestJSON-1930400025', 'user_domain_id': 'default', 'user_domain_name': 'Default', 'user_id': '4164f81f8dc7423c98e604a67ac4e4d8', 'system': None}, Network: None, Subnet: None, Router: None
2025-03-27 04:33:25.712 68237 INFO tempest.lib.common.rest_client [req-d36e8f5c-dd14-4a5f-93e0-2d3141e8d5ad req-d36e8f5c-dd14-4a5f-93e0-2d3141e8d5ad ] Request (HypervisorAdminNegativeTestJSON:setUpClass): 200 GET http://10.180.1.21/identity/v3/roles 0.560s
2025-03-27 04:33:25.712 68201 INFO tempest.lib.common.rest_client [req-b9742798-e5e5-4653-bd47-9a3fabc0c403 req-b9742798-e5e5-4653-bd47-9a3fabc0c403 ] Request (QuotasAdminTestV236:setUpClass): 200 GET http://10.180.1.21/identity/v3/roles 0.557s
2025-03-27 04:33:25.722 68219 INFO tempest.lib.common.rest_client [req-4d03e96e-cae7-4a98-b276-be8cbfa39d6b req-4d03e96e-cae7-4a98-b276-be8cbfa39d6b ] Request (AZAdminV2TestJSON:setUpClass): 200 GET http://10.180.1.21/identity/v3/roles 0.487s
2025-03-27 04:33:25.737 68229 INFO tempest.lib.common.rest_client [req-eba65012-eb95-49d3-a70b-3b74603cc816 req-eba65012-eb95-49d3-a70b-3b74603cc816 ] Request (QuotasAdminTestV257:setUpClass): 200 GET http://10.180.1.21/identity/v3/roles 0.473s
2025-03-27 04:33:25.753 68261 INFO tempest.lib.common.rest_client [req-4d366581-1d42-4ebc-95d8-991e4b0e79f8 req-4d366581-1d42-4ebc-95d8-991e4b0e79f8 ] Request (SecurityGroupRulesNegativeTestJSON:setUpClass): 201 POST http://10.180.1.21:9696/networking/v2.0/networks 2.122s
2025-03-27 04:33:25.777 68226 INFO tempest.lib.common.rest_client [req-d44056ca-8569-440e-85f4-a439a2761e99 req-d44056ca-8569-440e-85f4-a439a2761e99 ] Request (AZAdminNegativeTestJSON:setUpClass): 201 POST http://10.180.1.21/identity/v3/auth/tokens 0.538s
2025-03-27 04:33:25.789 68199 INFO tempest.lib.common.rest_client [req-950fbd88-69a0-4ed3-ae02-fd6412a2832d req-950fbd88-69a0-4ed3-ae02-fd6412a2832d ] Request (FlavorsExtraSpecsTestJSON:setUpClass): 200 GET http://10.180.1.21/identity/v3/roles 0.490s
2025-03-27 04:33:25.876 68205 INFO tempest.lib.common.rest_client [req-3f4e7554-33b0-47c0-b172-ce055f2dcd5f req-3f4e7554-33b0-47c0-b172-ce055f2dcd5f ] Request (SecurityGroupsTestAdminJSON:tearDownClass): 204 DELETE http://10.180.1.21/identity/v3/projects/aea294caae974a37921d18dc44716834 0.556s
2025-03-27 04:33:25.878 68205 INFO tempest.test [-] raised in SpiceDirectConsoleTestJSON.setUpClass. Invoking tearDownClass.
2025-03-27 04:33:25.878 68221 INFO tempest.lib.common.rest_client [req-06767f9a-7e5b-4015-a43d-83cfcf57166d req-06767f9a-7e5b-4015-a43d-83cfcf57166d ] Request (FlavorsV261TestJSON:setUpClass): 201 POST http://10.180.1.21/identity/v3/auth/tokens 0.542s
2025-03-27 04:33:25.933 68259 INFO tempest.lib.common.rest_client [req-f99ec4cd-463a-4345-ac2d-06674694ea31 req-f99ec4cd-463a-4345-ac2d-06674694ea31 ] Request (HostsAdminTestJSON:setUpClass): 200 GET http://10.180.1.21/identity/v3/roles 0.577s
2025-03-27 04:33:25.942 68209 INFO tempest.lib.common.rest_client [req-925b7074-e158-496f-a2ed-23495ff697a8 req-925b7074-e158-496f-a2ed-23495ff697a8 ] Request (AggregatesAdminNegativeTestJSON:setUpClass): 204 PUT http://10.180.1.21/identity/v3/projects/e52a15236a3340479590574e11295c97/users/e5afa94bf5564450a85712122d5a6c10/roles/7aeba1aa1dcf4da6ae4194ad7631808a 0.565s
2025-03-27 04:33:25.974 68239 INFO tempest.lib.common.rest_client [req-e8844a3b-eb2e-4ad3-981c-8b7c285815a1 req-e8844a3b-eb2e-4ad3-981c-8b7c285815a1 ] Request (FloatingIPDetailsNegativeTestJSON:setUpClass): 200 PUT http://10.180.1.21:9696/networking/v2.0/routers/26eb61c2-2409-4601-8c55-8295938341e5/add_router_interface 2.553s
2025-03-27 04:33:25.974 68239 INFO tempest.lib.common.dynamic_creds [-] Created isolated network resources for: credentials: Credentials: {'domain_id': 'default', 'domain_name': 'Default', 'username': 'tempest-FloatingIPDetailsNegativeTestJSON-1916636691-project-member', 'project_domain_id': 'default', 'project_domain_name': 'Default', 'project_id': '6ed65fd719d7488caa5bb53f5daa20e0', 'project_name': 'tempest-FloatingIPDetailsNegativeTestJSON-1916636691', 'tenant_id': '6ed65fd719d7488caa5bb53f5daa20e0', 'tenant_name': 'tempest-FloatingIPDetailsNegativeTestJSON-1916636691', 'user_domain_id': 'default', 'user_domain_name': 'Default', 'user_id': '07820c0ed972401c8944520038a0d7c6', 'system': None}, Network: {'id': 'd7a4375a-414b-42bd-9746-1815a928c8da', 'name': 'tempest-FloatingIPDetailsNegativeTestJSON-1424941239-network', 'tenant_id': '6ed65fd719d7488caa5bb53f5daa20e0', 'admin_state_up': True, 'mtu': 8950, 'status': 'ACTIVE', 'subnets': [], 'shared': False, 'project_id': '6ed65fd719d7488caa5bb53f5daa20e0', 'port_security_enabled': True, 'router:external': False, 'provider:network_type': 'vlan', 'provider:physical_network': 'default', 'provider:segmentation_id': 368, 'is_default': False, 'availability_zone_hints': [], 'availability_zones': [], 'ipv4_address_scope': None, 'ipv6_address_scope': None, 'description': '', 'tags': [], 'created_at': '2025-03-27T04:33:22Z', 'updated_at': '2025-03-27T04:33:22Z', 'revision_number': 1}, Subnet: {'id': 'c221894f-2389-4374-8ff4-1681e1b1248a', 'name': 'tempest-FloatingIPDetailsNegativeTestJSON-1424941239-subnet', 'tenant_id': '6ed65fd719d7488caa5bb53f5daa20e0', 'network_id': 'd7a4375a-414b-42bd-9746-1815a928c8da', 'ip_version': 4, 'subnetpool_id': None, 'enable_dhcp': True, 'ipv6_ra_mode': None, 'ipv6_address_mode': None, 'gateway_ip': '192.168.128.1', 'cidr': '192.168.128.0/28', 'allocation_pools': [{'start': '192.168.128.2', 'end': '192.168.128.14'}], 'host_routes': [], 'dns_nameservers': [], 'description': '', 'service_types': [], 'tags': [], 'created_at': '2025-03-27T04:33:22Z', 'updated_at': '2025-03-27T04:33:22Z', 'revision_number': 0, 'project_id': '6ed65fd719d7488caa5bb53f5daa20e0'}, Router: {'id': '26eb61c2-2409-4601-8c55-8295938341e5', 'name': 'tempest-FloatingIPDetailsNegativeTestJSON-1424941239-router', 'tenant_id': '6ed65fd719d7488caa5bb53f5daa20e0', 'admin_state_up': True, 'status': 'ACTIVE', 'external_gateway_info': {'network_id': 'f35f84c8-371d-45da-90d3-684395f77540', 'external_fixed_ips': [{'subnet_id': 'a178018d-5038-4df0-a71e-8c0d305ae2bf', 'ip_address': '10.180.180.153'}], 'enable_snat': True}, 'description': '', 'availability_zones': [], 'distributed': False, 'ha': False, 'availability_zone_hints': [], 'routes': [], 'flavor_id': None, 'tags': [], 'created_at': '2025-03-27T04:33:22Z', 'updated_at': '2025-03-27T04:33:22Z', 'revision_number': 2, 'project_id': '6ed65fd719d7488caa5bb53f5daa20e0'}
2025-03-27 04:33:26.001 68255 INFO tempest.lib.common.rest_client [req-644cc92b-61ab-405b-9adf-5ae6743d9e24 req-644cc92b-61ab-405b-9adf-5ae6743d9e24 ] Request (HostsAdminNegativeTestJSON:setUpClass): 200 GET http://10.180.1.21/identity/v3/roles 0.618s
2025-03-27 04:33:26.004 68257 INFO tempest.lib.common.rest_client [req-0c0a10b5-1e20-44f7-9770-051852294fdd req-0c0a10b5-1e20-44f7-9770-051852294fdd ] Request (FlavorsAdminTestJSON:setUpClass): 204 PUT http://10.180.1.21/identity/v3/projects/9ee2a54a9ed944f88a57588ac9b3ed94/users/571012d146fe4f62ab47aeb912576b64/roles/7aeba1aa1dcf4da6ae4194ad7631808a 0.610s
2025-03-27 04:33:26.007 68231 INFO tempest.lib.common.rest_client [req-55f6dd80-2ba4-4531-806b-65ee4c2b713e req-55f6dd80-2ba4-4531-806b-65ee4c2b713e ] Request (KeyPairsV22TestJSON:test_keypairsv22_create_list_show_with_type): 201 POST http://10.180.1.21/compute/v2.1/os-keypairs 0.579s
2025-03-27 04:33:26.051 68227 INFO tempest.lib.common.rest_client [req-df2f0e26-4ba1-4f47-9d3d-80af64ac6578 req-df2f0e26-4ba1-4f47-9d3d-80af64ac6578 ] Request (QuotasSecurityGroupAdminNegativeTest:setUpClass): 200 GET http://10.180.1.21/identity/v3/roles 0.621s
2025-03-27 04:33:26.070 68211 INFO tempest.lib.common.rest_client [req-97a30c2a-c4fd-489a-8485-133acea04916 req-97a30c2a-c4fd-489a-8485-133acea04916 ] Request (KeyPairsV210TestJSON:setUpClass): 200 GET http://10.180.1.21/identity/v3/roles 0.659s
2025-03-27 04:33:26.087 68223 INFO tempest.lib.common.rest_client [req-16ae7f3d-b5ba-46ff-b11a-533546911ff7 req-16ae7f3d-b5ba-46ff-b11a-533546911ff7 ] Request (FlavorsV255TestJSON:setUpClass): 204 PUT http://10.180.1.21/identity/v3/projects/f9c58e9a140e4eb9a5d7b3d5a0b24b01/users/c1f54c1feccc448c9ac137043dbf23a5/roles/7aeba1aa1dcf4da6ae4194ad7631808a 0.569s
2025-03-27 04:33:26.102 68215 INFO tempest.lib.common.rest_client [req-0ca7b221-dd10-4f0f-85ce-c7eb22e0df17 req-0ca7b221-dd10-4f0f-85ce-c7eb22e0df17 ] Request (QuotaClassesAdminTestJSON:setUpClass): 204 PUT http://10.180.1.21/identity/v3/projects/6dcf611dba824ac5af95bebc3906866e/users/761beeeb02b2466abb1e90a8c4e0118d/roles/7aeba1aa1dcf4da6ae4194ad7631808a 0.568s
2025-03-27 04:33:26.123 68207 INFO tempest.lib.common.rest_client [req-f0444b3f-173a-48ce-ad2d-940968659909 req-f0444b3f-173a-48ce-ad2d-940968659909 ] Request (HypervisorAdminTestJSON:tearDownClass): 200 GET http://10.180.1.21:9696/networking/v2.0/security-groups?tenant_id=f4ccd5fcc74445ed98e477d2f8fc4815&name=default 1.013s
2025-03-27 04:33:26.154 68197 INFO tempest.lib.common.rest_client [req-e3aa360c-8eea-4ec3-aae8-5c607968446e req-e3aa360c-8eea-4ec3-aae8-5c607968446e ] Request (InstanceUsageAuditLogTestJSON:setUpClass): 200 GET http://10.180.1.21/identity/v3/roles 0.577s
2025-03-27 04:33:26.176 68253 INFO tempest.lib.common.rest_client [req-dcc52b8c-8b90-4178-b737-10d2031bbab2 req-dcc52b8c-8b90-4178-b737-10d2031bbab2 ] Request (FloatingIPsAssociationNegativeTestJSON:setUpClass): 201 POST http://10.180.1.21:9696/networking/v2.0/routers 2.189s
2025-03-27 04:33:26.186 68265 INFO tempest.lib.common.rest_client [req-8bce517b-cfdb-43a9-9ef5-46ee9c1dbddf req-8bce517b-cfdb-43a9-9ef5-46ee9c1dbddf ] Request (HypervisorAdminV253TestBase:setUpClass): 204 PUT http://10.180.1.21/identity/v3/projects/22b2016048494f1f8b66f51a46d71636/users/a890560a8616405588123640c355a71a/roles/7aeba1aa1dcf4da6ae4194ad7631808a 0.637s
2025-03-27 04:33:26.186 68265 INFO tempest.lib.common.dynamic_creds [-] Dynamic test user a890560a8616405588123640c355a71a is created with scope project and roles: ['admin']
2025-03-27 04:33:26.186 68265 INFO tempest.lib.common.dynamic_creds [-] Acquired dynamic creds: credentials: Credentials: {'domain_id': 'default', 'domain_name': 'Default', 'username': 'tempest-HypervisorAdminV253TestBase-259407205-project-admin', 'project_domain_id': 'default', 'project_domain_name': 'Default', 'project_id': '22b2016048494f1f8b66f51a46d71636', 'project_name': 'tempest-HypervisorAdminV253TestBase-259407205', 'tenant_id': '22b2016048494f1f8b66f51a46d71636', 'tenant_name': 'tempest-HypervisorAdminV253TestBase-259407205', 'user_domain_id': 'default', 'user_domain_name': 'Default', 'user_id': 'a890560a8616405588123640c355a71a', 'system': None}, Network: None, Subnet: None, Router: None
2025-03-27 04:33:26.186 68265 INFO tempest.lib.common.dynamic_creds [-] Created isolated network resources for: credentials: Credentials: {'domain_id': 'default', 'domain_name': 'Default', 'username': 'tempest-HypervisorAdminV253TestBase-259407205-project-admin', 'project_domain_id': 'default', 'project_domain_name': 'Default', 'project_id': '22b2016048494f1f8b66f51a46d71636', 'project_name': 'tempest-HypervisorAdminV253TestBase-259407205', 'tenant_id': '22b2016048494f1f8b66f51a46d71636', 'tenant_name': 'tempest-HypervisorAdminV253TestBase-259407205', 'user_domain_id': 'default', 'user_domain_name': 'Default', 'user_id': 'a890560a8616405588123640c355a71a', 'system': None}, Network: None, Subnet: None, Router: None
2025-03-27 04:33:26.276 68246 INFO tempest.lib.common.rest_client [req-7394e203-5484-4b8e-8fd4-6856b2d02232 req-7394e203-5484-4b8e-8fd4-6856b2d02232 ] Request (QuotasAdminNegativeTest:setUpClass): 204 PUT http://10.180.1.21/identity/v3/projects/1df2b51423664d7c8280732ceff67233/users/c9966f5d5ea54dc2a2906bd7370d3286/roles/7aeba1aa1dcf4da6ae4194ad7631808a 0.628s
2025-03-27 04:33:26.296 68213 INFO tempest.lib.common.rest_client [req-8865b436-2b9d-4ef5-bc9b-155c8829ef5c req-8865b436-2b9d-4ef5-bc9b-155c8829ef5c ] Request (VolumesAssistedSnapshotsTest:setUpClass): 201 POST http://10.180.1.21:9696/networking/v2.0/subnets 0.783s
2025-03-27 04:33:26.357 68201 INFO tempest.lib.common.rest_client [req-cded1c9d-e9fe-44ab-9ebc-86b1f4e03133 req-cded1c9d-e9fe-44ab-9ebc-86b1f4e03133 ] Request (QuotasAdminTestV236:setUpClass): 204 PUT http://10.180.1.21/identity/v3/projects/eb6fcb3864de471fbfbb9819353fab9e/users/da6be74ae8254568946dc910dbb0fa8c/roles/7aeba1aa1dcf4da6ae4194ad7631808a 0.641s
2025-03-27 04:33:26.419 68261 INFO tempest.lib.common.rest_client [req-751fa3eb-052b-4357-b42e-2fa67227615d req-751fa3eb-052b-4357-b42e-2fa67227615d ] Request (SecurityGroupRulesNegativeTestJSON:setUpClass): 201 POST http://10.180.1.21:9696/networking/v2.0/subnets 0.665s
2025-03-27 04:33:26.445 68219 INFO tempest.lib.common.rest_client [req-7d3581da-32d8-4bf5-bdfc-7bf80a9793a7 req-7d3581da-32d8-4bf5-bdfc-7bf80a9793a7 ] Request (AZAdminV2TestJSON:setUpClass): 204 PUT http://10.180.1.21/identity/v3/projects/83263f8bd5d94fcbaeef08ed94df840e/users/76a4d9653ec841999bfcce1d1c15505a/roles/7aeba1aa1dcf4da6ae4194ad7631808a 0.722s
2025-03-27 04:33:26.450 68237 INFO tempest.lib.common.rest_client [req-02394780-860a-4011-8322-660469332d57 req-02394780-860a-4011-8322-660469332d57 ] Request (HypervisorAdminNegativeTestJSON:setUpClass): 204 PUT http://10.180.1.21/identity/v3/projects/3159aa2b8c12443090bb3a71ace82176/users/fd2f9049f55f4fd68cab500abf769bfa/roles/7aeba1aa1dcf4da6ae4194ad7631808a 0.737s
2025-03-27 04:33:26.505 68207 INFO tempest.lib.common.rest_client [req-aa182a7b-4a6b-49f6-8f5d-78e282eeff5d req-aa182a7b-4a6b-49f6-8f5d-78e282eeff5d ] Request (HypervisorAdminTestJSON:tearDownClass): 204 DELETE http://10.180.1.21:9696/networking/v2.0/security-groups/a1ea2b9a-f8ee-4854-bc82-6d3d54c2ec60 0.382s
2025-03-27 04:33:26.508 68229 INFO tempest.lib.common.rest_client [req-dcf7cc95-0fb7-4af2-a29f-0299cf053c25 req-dcf7cc95-0fb7-4af2-a29f-0299cf053c25 ] Request (QuotasAdminTestV257:setUpClass): 204 PUT http://10.180.1.21/identity/v3/projects/4634e27b93c24e71aec2adaf16de3c5a/users/abd12cc84f404ed7806f0360cab810a9/roles/7aeba1aa1dcf4da6ae4194ad7631808a 0.770s
2025-03-27 04:33:26.531 68203 INFO tempest.lib.common.rest_client [req-b10fbf46-221b-4384-bc6f-a7c753163ca7 req-b10fbf46-221b-4384-bc6f-a7c753163ca7 ] Request (FlavorsAccessTestJSON:setUpClass): 201 POST http://10.180.1.21/identity/v3/auth/tokens 0.797s
2025-03-27 04:33:26.532 68203 WARNING tempest.lib.common.rest_client [-] Deprecated: "tenant_id" property is deprecated for removal, use "project_id" instead
2025-03-27 04:33:26.570 68199 INFO tempest.lib.common.rest_client [req-9707bd73-d67a-4b21-81af-8671e4e2d755 req-9707bd73-d67a-4b21-81af-8671e4e2d755 ] Request (FlavorsExtraSpecsTestJSON:setUpClass): 204 PUT http://10.180.1.21/identity/v3/projects/518867bb7e1845cba383eef343d491e8/users/47ffe98e5a1e41c18bd3d165b0fb36b5/roles/7aeba1aa1dcf4da6ae4194ad7631808a 0.781s
2025-03-27 04:33:26.692 68226 INFO tempest.lib.common.rest_client [req-c4a7f91d-b52a-496e-a9aa-08c604ac7f4e req-c4a7f91d-b52a-496e-a9aa-08c604ac7f4e ] Request (AZAdminNegativeTestJSON:test_get_availability_zone_list_detail_with_non_admin_user): 403 GET http://10.180.1.21/compute/v2.1/os-availability-zone/detail 0.909s
2025-03-27 04:33:26.706 68205 INFO tempest.lib.common.rest_client [req-c6dfd4bf-aed4-4542-9e74-cea9733459c9 req-c6dfd4bf-aed4-4542-9e74-cea9733459c9 ] Request (ImagesOneServerNegativeTestJSON:setUpClass): 201 POST http://10.180.1.21/identity/v3/auth/tokens 0.824s
2025-03-27 04:33:26.725 68209 INFO tempest.lib.common.rest_client [req-404a6059-fa1e-491f-9679-9cef62517390 req-404a6059-fa1e-491f-9679-9cef62517390 ] Request (AggregatesAdminNegativeTestJSON:setUpClass): 200 GET http://10.180.1.21/identity/v3/roles 0.783s
