2025-03-27 05:18:08.487 67762 INFO tempest.lib.common.rest_client [req-fe061eef-123b-4275-9d3f-c66883e9dbd7 req-fe061eef-123b-4275-9d3f-c66883e9dbd7 ] Request (AbsoluteLimitsTestJSON:setUpClass): 200 GET http://10.180.1.21/identity/v3/domains?name=Default 0.042s
2025-03-27 05:18:08.506 67742 INFO tempest.lib.common.rest_client [req-726b4e9d-5272-494a-b3e8-0c67fdef1edf req-726b4e9d-5272-494a-b3e8-0c67fdef1edf ] Request (FloatingIPsNegativeTestJSON:setUpClass): 200 GET http://10.180.1.21/identity/v3/domains?name=Default 0.042s
2025-03-27 05:18:08.517 67728 INFO tempest.lib.common.rest_client [req-197cb9c7-1d4d-498e-8396-3e56917af331 req-197cb9c7-1d4d-498e-8396-3e56917af331 ] Request (QuotasAdminTestV236:test_get_updated_quotas): 200 PUT http://10.180.1.21/compute/v2.1/os-quota-sets/63f08cf89248498e87f43c0b685e55af?user_id=1cbf7dfe800847b096eca6fcc277efb4 3.496s
2025-03-27 05:18:08.528 67708 INFO tempest.lib.common.rest_client [req-3c1a4ed7-a6a7-4480-ae6d-8e5919fe0ced req-3c1a4ed7-a6a7-4480-ae6d-8e5919fe0ced ] Request (HostsAdminNegativeTestJSON:test_shutdown_nonexistent_host): 404 GET http://10.180.1.21/compute/v2.1/os-hosts/nonexistent_hostname/shutdown 3.484s
2025-03-27 05:18:08.534 67744 INFO tempest.lib.common.rest_client [req-9810ef20-6722-4c15-b571-db082eaf85ba req-9810ef20-6722-4c15-b571-db082eaf85ba ] Request (InstanceUsageAuditLogNegativeTestJSON:setUpClass): 201 POST http://10.180.1.21/identity/v3/projects 0.065s
2025-03-27 05:18:08.535 67764 INFO tempest.lib.common.rest_client [req-f6b68ceb-2fc7-42b3-a5b5-24501fe3daba req-f6b68ceb-2fc7-42b3-a5b5-24501fe3daba ] Request (HypervisorAdminNegativeTestJSON:test_show_hypervisor_with_non_admin_user): 403 GET http://10.180.1.21/compute/v2.1/os-hypervisors/1 3.371s
2025-03-27 05:18:08.608 67762 INFO tempest.lib.common.rest_client [req-10027bc9-85e8-4ada-a791-aea3312472c2 req-10027bc9-85e8-4ada-a791-aea3312472c2 ] Request (AbsoluteLimitsTestJSON:setUpClass): 201 POST http://10.180.1.21/identity/v3/projects 0.119s
2025-03-27 05:18:08.691 67714 INFO tempest.lib.common.rest_client [req-174e1e7e-0bbf-45e5-b044-20fc2ce05bd5 req-174e1e7e-0bbf-45e5-b044-20fc2ce05bd5 ] Request (QuotasAdminNegativeTest:test_create_server_when_instances_quota_is_full): 200 PUT http://10.180.1.21/compute/v2.1/os-quota-sets/1514bf932fd34ff69e82b4e91637f25a 3.653s
2025-03-27 05:18:08.722 67742 INFO tempest.lib.common.rest_client [req-72e36240-112b-441e-b389-96692290fb63 req-72e36240-112b-441e-b389-96692290fb63 ] Request (FloatingIPsNegativeTestJSON:setUpClass): 201 POST http://10.180.1.21/identity/v3/projects 0.216s
2025-03-27 05:18:08.791 67744 INFO tempest.lib.common.rest_client [req-645749a9-9156-466e-a464-3891e967aec3 req-645749a9-9156-466e-a464-3891e967aec3 ] Request (InstanceUsageAuditLogNegativeTestJSON:setUpClass): 201 POST http://10.180.1.21/identity/v3/users 0.256s
2025-03-27 05:18:08.810 67767 INFO tempest.lib.common.rest_client [req-d1bdd397-7981-4c6f-8a6e-f4bf6ce4c84e req-d1bdd397-7981-4c6f-8a6e-f4bf6ce4c84e ] Request (VolumesAssistedSnapshotsTest:setUpClass): 200 PUT http://10.180.1.21:9696/networking/v2.0/routers/29ac16a1-1a40-4cbb-8214-b157d095b6c9/add_router_interface 3.039s
2025-03-27 05:18:08.810 67767 INFO tempest.lib.common.dynamic_creds [-] Created isolated network resources for: credentials: Credentials: {'domain_id': 'default', 'domain_name': 'Default', 'username': 'tempest-VolumesAssistedSnapshotsTest-18434815-project', 'project_domain_id': 'default', 'project_domain_name': 'Default', 'project_id': 'c7ee8c5d16ae4da79643745d4d81fd10', 'project_name': 'tempest-VolumesAssistedSnapshotsTest-18434815', 'tenant_id': 'c7ee8c5d16ae4da79643745d4d81fd10', 'tenant_name': 'tempest-VolumesAssistedSnapshotsTest-18434815', 'user_domain_id': 'default', 'user_domain_name': 'Default', 'user_id': 'a79130e455eb43ec854b19860886c2c9', 'system': None}, Network: {'id': 'a8a51bd6-9d66-4210-bdac-ba2d9d9475db', 'name': 'tempest-VolumesAssistedSnapshotsTest-17804662-network', 'tenant_id': 'c7ee8c5d16ae4da79643745d4d81fd10', 'admin_state_up': True, 'mtu': 8950, 'status': 'ACTIVE', 'subnets': [], 'shared': False, 'project_id': 'c7ee8c5d16ae4da79643745d4d81fd10', 'port_security_enabled': True, 'router:external': False, 'provider:network_type': 'vlan', 'provider:physical_network': 'default', 'provider:segmentation_id': 572, 'is_default': False, 'availability_zone_hints': [], 'availability_zones': [], 'ipv4_address_scope': None, 'ipv6_address_scope': None, 'description': '', 'tags': [], 'created_at': '2025-03-27T05:17:59Z', 'updated_at': '2025-03-27T05:17:59Z', 'revision_number': 1}, Subnet: {'id': 'd9c50e88-9779-4612-9272-49584e6f5dec', 'name': 'tempest-VolumesAssistedSnapshotsTest-17804662-subnet', 'tenant_id': 'c7ee8c5d16ae4da79643745d4d81fd10', 'network_id': 'a8a51bd6-9d66-4210-bdac-ba2d9d9475db', 'ip_version': 4, 'subnetpool_id': None, 'enable_dhcp': True, 'ipv6_ra_mode': None, 'ipv6_address_mode': None, 'gateway_ip': '192.168.128.1', 'cidr': '192.168.128.0/28', 'allocation_pools': [{'start': '192.168.128.2', 'end': '192.168.128.14'}], 'host_routes': [], 'dns_nameservers': [], 'description': '', 'service_types': [], 'tags': [], 'created_at': '2025-03-27T05:18:00Z', 'updated_at': '2025-03-27T05:18:00Z', 'revision_number': 0, 'project_id': 'c7ee8c5d16ae4da79643745d4d81fd10'}, Router: {'id': '29ac16a1-1a40-4cbb-8214-b157d095b6c9', 'name': 'tempest-VolumesAssistedSnapshotsTest-17804662-router', 'tenant_id': 'c7ee8c5d16ae4da79643745d4d81fd10', 'admin_state_up': True, 'status': 'ACTIVE', 'external_gateway_info': {'network_id': '25d371eb-3777-4784-ae63-167eef38f463', 'external_fixed_ips': [{'subnet_id': '242ea5bc-89f0-49ba-b7f9-543832776c14', 'ip_address': '10.180.180.228'}], 'enable_snat': True}, 'description': '', 'availability_zones': [], 'distributed': False, 'ha': False, 'availability_zone_hints': [], 'routes': [], 'flavor_id': None, 'tags': [], 'created_at': '2025-03-27T05:18:01Z', 'updated_at': '2025-03-27T05:18:04Z', 'revision_number': 2, 'project_id': 'c7ee8c5d16ae4da79643745d4d81fd10'}
2025-03-27 05:18:08.812 67752 INFO tempest.lib.common.rest_client [req-bf7889c9-5d21-48a9-89c5-cbf9042e3b78 req-bf7889c9-5d21-48a9-89c5-cbf9042e3b78 ] Request (AggregatesAdminNegativeTestJSON:test_aggregate_add_host_as_user): 403 POST http://10.180.1.21/compute/v2.1/os-aggregates/2/action 3.609s
2025-03-27 05:18:08.832 67762 INFO tempest.lib.common.rest_client [req-28cf65dd-cbad-4010-b782-928c05c293d3 req-28cf65dd-cbad-4010-b782-928c05c293d3 ] Request (AbsoluteLimitsTestJSON:setUpClass): 201 POST http://10.180.1.21/identity/v3/users 0.223s
2025-03-27 05:18:08.837 67732 INFO tempest.lib.common.rest_client [req-4ee19bcf-ef13-41c6-a7af-ea19e73ce0bf req-4ee19bcf-ef13-41c6-a7af-ea19e73ce0bf ] Request (FlavorsAccessTestJSON:test_flavor_access_list_with_private_flavor): 200 POST http://10.180.1.21/compute/v2.1/flavors 3.608s
2025-03-27 05:18:08.852 67714 INFO tempest.lib.common.rest_client [req-5c2e99be-3581-4354-8af0-20392055b6ee req-5c2e99be-3581-4354-8af0-20392055b6ee ] Request (QuotasAdminNegativeTest:test_create_server_when_instances_quota_is_full): 201 POST http://10.180.1.21/identity/v3/auth/tokens 0.150s
2025-03-27 05:18:08.852 67714 INFO tempest.lib.common.fixed_network [-] (QuotasAdminNegativeTest:test_create_server_when_instances_quota_is_full) Found network None available for tenant
2025-03-27 05:18:08.874 67718 INFO tempest.lib.common.rest_client [req-93786dcd-da9a-4585-8278-3a1e6d402445 req-93786dcd-da9a-4585-8278-3a1e6d402445 ] Request (HostsAdminTestJSON:test_list_hosts_with_zone): 200 GET http://10.180.1.21/compute/v2.1/os-hosts?zone=internal 3.631s
2025-03-27 05:18:08.882 67744 INFO tempest.lib.common.rest_client [req-9366d392-8ac1-4bae-8669-b9483e5ede12 req-9366d392-8ac1-4bae-8669-b9483e5ede12 ] Request (InstanceUsageAuditLogNegativeTestJSON:setUpClass): 200 GET http://10.180.1.21/identity/v3/roles 0.090s
2025-03-27 05:18:08.891 67712 INFO tempest.lib.common.rest_client [req-86adc10f-4fd6-48b3-be30-78bd54bb78e5 req-86adc10f-4fd6-48b3-be30-78bd54bb78e5 ] Request (ServersWithSpecificFlavorTestJSON:test_verify_created_server_ephemeral_disk): 200 GET http://10.180.1.21/compute/v2.1/flavors/42/os-extra_specs 3.417s
2025-03-27 05:18:08.894 67742 INFO tempest.lib.common.rest_client [req-0454857d-9704-46cb-ae85-2f259d4b6f4d req-0454857d-9704-46cb-ae85-2f259d4b6f4d ] Request (FloatingIPsNegativeTestJSON:setUpClass): 201 POST http://10.180.1.21/identity/v3/users 0.170s
2025-03-27 05:18:08.914 67762 INFO tempest.lib.common.rest_client [req-925eb5c3-c6a1-41a4-9ca7-b94cdbf77804 req-925eb5c3-c6a1-41a4-9ca7-b94cdbf77804 ] Request (AbsoluteLimitsTestJSON:setUpClass): 200 GET http://10.180.1.21/identity/v3/roles 0.081s
2025-03-27 05:18:08.938 67744 INFO tempest.lib.common.rest_client [req-a998e28a-ffe7-4244-b90a-936ec806e65b req-a998e28a-ffe7-4244-b90a-936ec806e65b ] Request (InstanceUsageAuditLogNegativeTestJSON:setUpClass): 204 PUT http://10.180.1.21/identity/v3/projects/6ca7dff246ac4c0fb4e32f365ec306d9/users/79fe232f9189479db957cd336f5e4036/roles/059e92b582ef4cda9d9ed822ff85571c 0.053s
2025-03-27 05:18:08.939 67744 INFO tempest.lib.common.dynamic_creds [-] Dynamic test user 79fe232f9189479db957cd336f5e4036 is created with scope project and roles: ['member']
2025-03-27 05:18:08.940 67744 INFO tempest.lib.common.dynamic_creds [-] Acquired dynamic creds: credentials: Credentials: {'domain_id': 'default', 'domain_name': 'Default', 'username': 'tempest-InstanceUsageAuditLogNegativeTestJSON-604341767-project-member', 'project_domain_id': 'default', 'project_domain_name': 'Default', 'project_id': '6ca7dff246ac4c0fb4e32f365ec306d9', 'project_name': 'tempest-InstanceUsageAuditLogNegativeTestJSON-604341767', 'tenant_id': '6ca7dff246ac4c0fb4e32f365ec306d9', 'tenant_name': 'tempest-InstanceUsageAuditLogNegativeTestJSON-604341767', 'user_domain_id': 'default', 'user_domain_name': 'Default', 'user_id': '79fe232f9189479db957cd336f5e4036', 'system': None}, Network: None, Subnet: None, Router: None
2025-03-27 05:18:08.940 67744 INFO tempest.lib.common.dynamic_creds [-] Created isolated network resources for: credentials: Credentials: {'domain_id': 'default', 'domain_name': 'Default', 'username': 'tempest-InstanceUsageAuditLogNegativeTestJSON-604341767-project-member', 'project_domain_id': 'default', 'project_domain_name': 'Default', 'project_id': '6ca7dff246ac4c0fb4e32f365ec306d9', 'project_name': 'tempest-InstanceUsageAuditLogNegativeTestJSON-604341767', 'tenant_id': '6ca7dff246ac4c0fb4e32f365ec306d9', 'tenant_name': 'tempest-InstanceUsageAuditLogNegativeTestJSON-604341767', 'user_domain_id': 'default', 'user_domain_name': 'Default', 'user_id': '79fe232f9189479db957cd336f5e4036', 'system': None}, Network: None, Subnet: None, Router: None
2025-03-27 05:18:08.969 67758 INFO tempest.lib.common.rest_client [req-92887bf1-9ed1-44e7-819e-011f6a3157a9 req-92887bf1-9ed1-44e7-819e-011f6a3157a9 ] Request (FloatingIPDetailsTestJSON:setUpClass): 200 PUT http://10.180.1.21:9696/networking/v2.0/routers/d390954e-6fe6-4e71-aa27-756e3dd68eee/add_router_interface 4.380s
2025-03-27 05:18:08.969 67758 INFO tempest.lib.common.dynamic_creds [-] Created isolated network resources for: credentials: Credentials: {'domain_id': 'default', 'domain_name': 'Default', 'username': 'tempest-FloatingIPDetailsTestJSON-498568059-project-member', 'project_domain_id': 'default', 'project_domain_name': 'Default', 'project_id': '4bb4c6d4960c4aad99584c55da7dd50c', 'project_name': 'tempest-FloatingIPDetailsTestJSON-498568059', 'tenant_id': '4bb4c6d4960c4aad99584c55da7dd50c', 'tenant_name': 'tempest-FloatingIPDetailsTestJSON-498568059', 'user_domain_id': 'default', 'user_domain_name': 'Default', 'user_id': '10a9fde846cb48e98640c0a58b9dd7bd', 'system': None}, Network: {'id': 'd1eebc41-a52f-4169-b2c2-d9498f00ab42', 'name': 'tempest-FloatingIPDetailsTestJSON-1372797723-network', 'tenant_id': '4bb4c6d4960c4aad99584c55da7dd50c', 'admin_state_up': True, 'mtu': 8950, 'status': 'ACTIVE', 'subnets': [], 'shared': False, 'project_id': '4bb4c6d4960c4aad99584c55da7dd50c', 'port_security_enabled': True, 'router:external': False, 'provider:network_type': 'vlan', 'provider:physical_network': 'default', 'provider:segmentation_id': 963, 'is_default': False, 'availability_zone_hints': [], 'availability_zones': [], 'ipv4_address_scope': None, 'ipv6_address_scope': None, 'description': '', 'tags': [], 'created_at': '2025-03-27T05:17:58Z', 'updated_at': '2025-03-27T05:17:58Z', 'revision_number': 1}, Subnet: {'id': '7135ccf9-eafa-4f02-8322-1e0d50c7fe18', 'name': 'tempest-FloatingIPDetailsTestJSON-1372797723-subnet', 'tenant_id': '4bb4c6d4960c4aad99584c55da7dd50c', 'network_id': 'd1eebc41-a52f-4169-b2c2-d9498f00ab42', 'ip_version': 4, 'subnetpool_id': None, 'enable_dhcp': True, 'ipv6_ra_mode': None, 'ipv6_address_mode': None, 'gateway_ip': '192.168.128.1', 'cidr': '192.168.128.0/28', 'allocation_pools': [{'start': '192.168.128.2', 'end': '192.168.128.14'}], 'host_routes': [], 'dns_nameservers': [], 'description': '', 'service_types': [], 'tags': [], 'created_at': '2025-03-27T05:17:59Z', 'updated_at': '2025-03-27T05:17:59Z', 'revision_number': 0, 'project_id': '4bb4c6d4960c4aad99584c55da7dd50c'}, Router: {'id': 'd390954e-6fe6-4e71-aa27-756e3dd68eee', 'name': 'tempest-FloatingIPDetailsTestJSON-1372797723-router', 'tenant_id': '4bb4c6d4960c4aad99584c55da7dd50c', 'admin_state_up': True, 'status': 'ACTIVE', 'external_gateway_info': {'network_id': '25d371eb-3777-4784-ae63-167eef38f463', 'external_fixed_ips': [{'subnet_id': '242ea5bc-89f0-49ba-b7f9-543832776c14', 'ip_address': '10.180.180.160'}], 'enable_snat': True}, 'description': '', 'availability_zones': [], 'distributed': False, 'ha': False, 'availability_zone_hints': [], 'routes': [], 'flavor_id': None, 'tags': [], 'created_at': '2025-03-27T05:18:00Z', 'updated_at': '2025-03-27T05:18:02Z', 'revision_number': 2, 'project_id': '4bb4c6d4960c4aad99584c55da7dd50c'}
2025-03-27 05:18:08.981 67767 INFO tempest.lib.common.rest_client [req-1fb146a8-ee69-420a-a82f-f1babc0c090b req-1fb146a8-ee69-420a-a82f-f1babc0c090b ] Request (VolumesAssistedSnapshotsTest:setUpClass): 201 POST http://10.180.1.21/identity/v3/auth/tokens 0.168s
2025-03-27 05:18:08.988 67726 INFO tempest.lib.common.rest_client [req-133fde40-faa5-430c-a78e-00c8dd3f946c req-133fde40-faa5-430c-a78e-00c8dd3f946c ] Request (MigrationsAdminTest:test_list_migrations_in_flavor_resize_situation): 200 GET http://10.180.1.21/compute/v2.1/servers/8556fc83-206e-4e50-bd54-4185132497a7 3.768s
2025-03-27 05:18:09.012 67742 INFO tempest.lib.common.rest_client [req-97044acf-58d4-40f4-86bb-abdcc5a71dad req-97044acf-58d4-40f4-86bb-abdcc5a71dad ] Request (FloatingIPsNegativeTestJSON:setUpClass): 200 GET http://10.180.1.21/identity/v3/roles 0.117s
2025-03-27 05:18:09.058 67762 INFO tempest.lib.common.rest_client [req-3171ecef-5294-4a82-8d6b-e7e55c13a71c req-3171ecef-5294-4a82-8d6b-e7e55c13a71c ] Request (AbsoluteLimitsTestJSON:setUpClass): 204 PUT http://10.180.1.21/identity/v3/projects/263d16b020ab40b3ba15abd812c59407/users/9d57c966f47b45fc8ecaed7d4d60d4b5/roles/059e92b582ef4cda9d9ed822ff85571c 0.142s
2025-03-27 05:18:09.058 67762 INFO tempest.lib.common.dynamic_creds [-] Dynamic test user 9d57c966f47b45fc8ecaed7d4d60d4b5 is created with scope project and roles: ['member']
2025-03-27 05:18:09.060 67762 INFO tempest.lib.common.dynamic_creds [-] Acquired dynamic creds: credentials: Credentials: {'domain_id': 'default', 'domain_name': 'Default', 'username': 'tempest-AbsoluteLimitsTestJSON-400986297-project-member', 'project_domain_id': 'default', 'project_domain_name': 'Default', 'project_id': '263d16b020ab40b3ba15abd812c59407', 'project_name': 'tempest-AbsoluteLimitsTestJSON-400986297', 'tenant_id': '263d16b020ab40b3ba15abd812c59407', 'tenant_name': 'tempest-AbsoluteLimitsTestJSON-400986297', 'user_domain_id': 'default', 'user_domain_name': 'Default', 'user_id': '9d57c966f47b45fc8ecaed7d4d60d4b5', 'system': None}, Network: None, Subnet: None, Router: None
2025-03-27 05:18:09.060 67762 INFO tempest.lib.common.dynamic_creds [-] Created isolated network resources for: credentials: Credentials: {'domain_id': 'default', 'domain_name': 'Default', 'username': 'tempest-AbsoluteLimitsTestJSON-400986297-project-member', 'project_domain_id': 'default', 'project_domain_name': 'Default', 'project_id': '263d16b020ab40b3ba15abd812c59407', 'project_name': 'tempest-AbsoluteLimitsTestJSON-400986297', 'tenant_id': '263d16b020ab40b3ba15abd812c59407', 'tenant_name': 'tempest-AbsoluteLimitsTestJSON-400986297', 'user_domain_id': 'default', 'user_domain_name': 'Default', 'user_id': '9d57c966f47b45fc8ecaed7d4d60d4b5', 'system': None}, Network: None, Subnet: None, Router: None
2025-03-27 05:18:09.083 67744 INFO tempest.lib.common.rest_client [req-506a833e-8e38-4e15-9fa0-08bed012503a req-506a833e-8e38-4e15-9fa0-08bed012503a ] Request (InstanceUsageAuditLogNegativeTestJSON:setUpClass): 201 POST http://10.180.1.21/identity/v3/auth/tokens 0.132s
2025-03-27 05:18:09.132 67758 INFO tempest.lib.common.rest_client [req-9d99077b-a5a1-4227-8855-fc0ec28d3c89 req-9d99077b-a5a1-4227-8855-fc0ec28d3c89 ] Request (FloatingIPDetailsTestJSON:setUpClass): 201 POST http://10.180.1.21/identity/v3/auth/tokens 0.157s
2025-03-27 05:18:09.272 67742 INFO tempest.lib.common.rest_client [req-eac62876-e1c7-4cdd-8a97-c0f55b0fe104 req-eac62876-e1c7-4cdd-8a97-c0f55b0fe104 ] Request (FloatingIPsNegativeTestJSON:setUpClass): 204 PUT http://10.180.1.21/identity/v3/projects/7454aa5338ef4850b08c38ac7ea7f0a2/users/e29b0cb62574469bb5f1f530aa26e1c9/roles/059e92b582ef4cda9d9ed822ff85571c 0.259s
2025-03-27 05:18:09.272 67742 INFO tempest.lib.common.dynamic_creds [-] Dynamic test user e29b0cb62574469bb5f1f530aa26e1c9 is created with scope project and roles: ['member']
2025-03-27 05:18:09.272 67742 INFO tempest.lib.common.dynamic_creds [-] Acquired dynamic creds: credentials: Credentials: {'domain_id': 'default', 'domain_name': 'Default', 'username': 'tempest-FloatingIPsNegativeTestJSON-1044953334-project-member', 'project_domain_id': 'default', 'project_domain_name': 'Default', 'project_id': '7454aa5338ef4850b08c38ac7ea7f0a2', 'project_name': 'tempest-FloatingIPsNegativeTestJSON-1044953334', 'tenant_id': '7454aa5338ef4850b08c38ac7ea7f0a2', 'tenant_name': 'tempest-FloatingIPsNegativeTestJSON-1044953334', 'user_domain_id': 'default', 'user_domain_name': 'Default', 'user_id': 'e29b0cb62574469bb5f1f530aa26e1c9', 'system': None}, Network: None, Subnet: None, Router: None
2025-03-27 05:18:09.308 67762 INFO tempest.lib.common.rest_client [req-31228712-7111-4751-843c-72a2648a2fc5 req-31228712-7111-4751-843c-72a2648a2fc5 ] Request (AbsoluteLimitsTestJSON:setUpClass): 201 POST http://10.180.1.21/identity/v3/auth/tokens 0.243s
2025-03-27 05:18:09.329 67744 INFO tempest.lib.common.rest_client [req-1f6fa7fa-1623-4175-bcf4-20bd1d2a938f req-1f6fa7fa-1623-4175-bcf4-20bd1d2a938f ] Request (InstanceUsageAuditLogNegativeTestJSON:setUpClass): 201 POST http://10.180.1.21/identity/v3/projects 0.245s
2025-03-27 05:18:09.368 67750 INFO tempest.lib.common.rest_client [req-40892d3c-7133-4a59-ab70-3825b2685c00 req-40892d3c-7133-4a59-ab70-3825b2685c00 ] Request (ServersTestJSON:setUpClass): 200 GET http://10.180.1.21/compute/v2.1/servers/91fdd93f-a6ef-44ad-b842-6d9b3173e626 3.592s
2025-03-27 05:18:09.370 67742 INFO tempest.lib.common.rest_client [req-07058992-b275-4a38-ab48-646fec182309 req-07058992-b275-4a38-ab48-646fec182309 ] Request (FloatingIPsNegativeTestJSON:setUpClass): 201 POST http://10.180.1.21/identity/v3/auth/tokens 0.097s
2025-03-27 05:18:09.396 67744 INFO tempest.lib.common.rest_client [req-104e9aef-f0c4-45a5-bc61-c7bc5e95cb83 req-104e9aef-f0c4-45a5-bc61-c7bc5e95cb83 ] Request (InstanceUsageAuditLogNegativeTestJSON:setUpClass): 201 POST http://10.180.1.21/identity/v3/users 0.067s
2025-03-27 05:18:09.411 67744 INFO tempest.lib.common.rest_client [req-103a49fa-7e16-4d9c-a70b-6289bc0550bd req-103a49fa-7e16-4d9c-a70b-6289bc0550bd ] Request (InstanceUsageAuditLogNegativeTestJSON:setUpClass): 200 GET http://10.180.1.21/identity/v3/roles 0.015s
2025-03-27 05:18:09.442 67744 INFO tempest.lib.common.rest_client [req-575bb265-2983-4d68-8bc7-4b5985546707 req-575bb265-2983-4d68-8bc7-4b5985546707 ] Request (InstanceUsageAuditLogNegativeTestJSON:setUpClass): 204 PUT http://10.180.1.21/identity/v3/projects/6cfaa3e09d7a4e748239dbc1e8c2ce4d/users/6e998e4562294bbca8b4c964ec3edbcf/roles/9d4bb00c71fa45e0a7bcd292d7dede98 0.030s
2025-03-27 05:18:09.490 67744 INFO tempest.lib.common.rest_client [req-16ce8931-c7d9-4bfd-aca1-bbb3a7c8dbc3 req-16ce8931-c7d9-4bfd-aca1-bbb3a7c8dbc3 ] Request (InstanceUsageAuditLogNegativeTestJSON:setUpClass): 200 GET http://10.180.1.21/identity/v3/roles 0.048s
2025-03-27 05:18:09.494 67767 INFO tempest.lib.common.rest_client [req-6effb945-fb4f-455f-9ab0-831a1759cfba req-6effb945-fb4f-455f-9ab0-831a1759cfba ] Request (VolumesAssistedSnapshotsTest:test_volume_assisted_snapshot_create_delete): 202 POST http://10.180.1.21/volume/v3/1e39bcedd32642b38f71110f7cbf357f/volumes 0.511s
2025-03-27 05:18:09.508 67744 INFO tempest.lib.common.rest_client [req-7a743597-ba52-4076-8bd3-736239781d8a req-7a743597-ba52-4076-8bd3-736239781d8a ] Request (InstanceUsageAuditLogNegativeTestJSON:setUpClass): 204 PUT http://10.180.1.21/identity/v3/projects/6cfaa3e09d7a4e748239dbc1e8c2ce4d/users/6e998e4562294bbca8b4c964ec3edbcf/roles/9d4bb00c71fa45e0a7bcd292d7dede98 0.017s
2025-03-27 05:18:09.508 67744 INFO tempest.lib.common.dynamic_creds [-] Dynamic test user 6e998e4562294bbca8b4c964ec3edbcf is created with scope project and roles: ['admin']
2025-03-27 05:18:09.508 67744 INFO tempest.lib.common.dynamic_creds [-] Acquired dynamic creds: credentials: Credentials: {'domain_id': 'default', 'domain_name': 'Default', 'username': 'tempest-InstanceUsageAuditLogNegativeTestJSON-1174459316-project-admin', 'project_domain_id': 'default', 'project_domain_name': 'Default', 'project_id': '6cfaa3e09d7a4e748239dbc1e8c2ce4d', 'project_name': 'tempest-InstanceUsageAuditLogNegativeTestJSON-1174459316', 'tenant_id': '6cfaa3e09d7a4e748239dbc1e8c2ce4d', 'tenant_name': 'tempest-InstanceUsageAuditLogNegativeTestJSON-1174459316', 'user_domain_id': 'default', 'user_domain_name': 'Default', 'user_id': '6e998e4562294bbca8b4c964ec3edbcf', 'system': None}, Network: None, Subnet: None, Router: None
2025-03-27 05:18:09.509 67744 INFO tempest.lib.common.dynamic_creds [-] Created isolated network resources for: credentials: Credentials: {'domain_id': 'default', 'domain_name': 'Default', 'username': 'tempest-InstanceUsageAuditLogNegativeTestJSON-1174459316-project-admin', 'project_domain_id': 'default', 'project_domain_name': 'Default', 'project_id': '6cfaa3e09d7a4e748239dbc1e8c2ce4d', 'project_name': 'tempest-InstanceUsageAuditLogNegativeTestJSON-1174459316', 'tenant_id': '6cfaa3e09d7a4e748239dbc1e8c2ce4d', 'tenant_name': 'tempest-InstanceUsageAuditLogNegativeTestJSON-1174459316', 'user_domain_id': 'default', 'user_domain_name': 'Default', 'user_id': '6e998e4562294bbca8b4c964ec3edbcf', 'system': None}, Network: None, Subnet: None, Router: None
2025-03-27 05:18:09.553 67767 INFO tempest.lib.common.rest_client [req-34b5c83b-7400-45cc-8b82-6abfcba56908 req-34b5c83b-7400-45cc-8b82-6abfcba56908 ] Request (VolumesAssistedSnapshotsTest:test_volume_assisted_snapshot_create_delete): 200 GET http://10.180.1.21/volume/v3/1e39bcedd32642b38f71110f7cbf357f/volumes/3c652133-f507-4594-8f58-9c2eb5027779 0.051s
2025-03-27 05:18:09.587 67744 INFO tempest.lib.common.rest_client [req-d895ad0c-7097-40af-a575-b5ff79845a66 req-d895ad0c-7097-40af-a575-b5ff79845a66 ] Request (InstanceUsageAuditLogNegativeTestJSON:setUpClass): 201 POST http://10.180.1.21/identity/v3/auth/tokens 0.076s
2025-03-27 05:18:09.694 67748 INFO tempest.lib.common.rest_client [req-a89d1d76-fe9a-4b93-a8d1-2903981955e6 req-a89d1d76-fe9a-4b93-a8d1-2903981955e6 ] Request (SecurityGroupsTestAdminJSON:test_list_security_groups_list_all_tenants_filter): 200 POST http://10.180.1.21/compute/v2.1/os-security-groups 2.948s
2025-03-27 05:18:09.748 67760 INFO tempest.lib.common.rest_client [req-f1a6c174-2cae-4fb5-b1d5-b1cd80a4f5f3 req-f1a6c174-2cae-4fb5-b1d5-b1cd80a4f5f3 ] Request (ServerDiagnosticsNegativeTest:test_get_server_diagnostics_by_non_admin): 200 GET http://10.180.1.21/compute/v2.1/servers/5689b9d0-a0e8-4461-a0e8-1c9cc32190cb 2.866s
2025-03-27 05:18:10.026 67734 INFO tempest.lib.common.rest_client [req-323302e4-a195-493a-b2ae-0199ff0fe352 req-323302e4-a195-493a-b2ae-0199ff0fe352 ] Request (DeleteServersAdminTestJSON:test_admin_delete_servers_of_others): 200 GET http://10.180.1.21/compute/v2.1/servers/dc7be619-c2a8-4d65-8534-0dc8c8bf2f80 2.792s
2025-03-27 05:18:10.035 67742 INFO tempest.lib.common.rest_client [req-1b747c21-e5f3-474d-b252-ff10dc3e902b req-1b747c21-e5f3-474d-b252-ff10dc3e902b ] Request (FloatingIPsNegativeTestJSON:setUpClass): 201 POST http://10.180.1.21:9696/networking/v2.0/networks 0.665s
2025-03-27 05:18:10.121 67722 INFO tempest.lib.common.rest_client [req-c7355957-75a3-42ee-819a-15e0552ce25b req-c7355957-75a3-42ee-819a-15e0552ce25b ] Request (ServersAdmin275Test:test_rebuild_update_server_275): 200 GET http://10.180.1.21/compute/v2.1/servers/eae4bf0e-4a44-4929-92f7-e4f4b6966187 2.549s
2025-03-27 05:18:10.258 67742 INFO tempest.lib.common.rest_client [req-a980df6c-7094-4419-abcc-64c1db539f90 req-a980df6c-7094-4419-abcc-64c1db539f90 ] Request (FloatingIPsNegativeTestJSON:setUpClass): 201 POST http://10.180.1.21:9696/networking/v2.0/subnets 0.222s
2025-03-27 05:18:10.447 67720 INFO tempest.lib.common.rest_client [req-bf4e7b22-bcec-4e30-a7aa-da4e24fae890 req-bf4e7b22-bcec-4e30-a7aa-da4e24fae890 ] Request (SecurityGroupRulesNegativeTestJSON:test_create_security_group_rule_duplicate): 200 POST http://10.180.1.21/compute/v2.1/os-security-groups 2.744s
2025-03-27 05:18:10.473 67730 INFO tempest.lib.common.rest_client [req-0fbc3f0f-3337-46d6-8833-4bbf82623a29 req-0fbc3f0f-3337-46d6-8833-4bbf82623a29 ] Request (ServicesAdminNegativeV253TestJSON:test_enable_service_with_invalid_service_id): 404 PUT http://10.180.1.21/compute/v2.1/os-services/823200c1-b032-4a31-9ef7-3951d6f5647f 2.570s
2025-03-27 05:18:10.500 67724 INFO tempest.lib.common.rest_client [req-21892bf4-fd40-4c79-96dc-e77e96f34e19 req-21892bf4-fd40-4c79-96dc-e77e96f34e19 ] Request (FlavorsExtraSpecsTestJSON:test_flavor_set_get_update_show_unset_keys): 200 PUT http://10.180.1.21/compute/v2.1/flavors/1312155486/os-extra_specs/hw:numa_nodes 2.586s
2025-03-27 05:18:10.509 67736 INFO tempest.lib.common.rest_client [req-8196ade7-df1f-4530-9e4c-a68681080ef4 req-8196ade7-df1f-4530-9e4c-a68681080ef4 ] Request (FloatingIPsTestJSON:test_delete_floating_ip): 202 DELETE http://10.180.1.21/compute/v2.1/os-floating-ips/337fa05f-00f1-4f0a-9efa-09c9a9963bde 3.475s
2025-03-27 05:18:10.513 67740 INFO tempest.lib.common.rest_client [req-aa0c8034-3df8-43ac-a780-6e3a75bffbd6 req-aa0c8034-3df8-43ac-a780-6e3a75bffbd6 ] Request (FlavorsAccessNegativeTestJSON:test_flavor_access_list_with_public_flavor): 404 GET http://10.180.1.21/compute/v2.1/flavors/1366656035/os-flavor-access 2.581s
2025-03-27 05:18:10.530 67738 INFO tempest.lib.common.rest_client [req-fc94b05f-5912-42c9-8612-c40aad2b05a3 req-fc94b05f-5912-42c9-8612-c40aad2b05a3 ] Request (FlavorsAdminTestJSON:_run_cleanups): 202 DELETE http://10.180.1.21/compute/v2.1/flavors/6707034 2.427s
2025-03-27 05:18:10.583 67768 INFO tempest.lib.common.rest_client [req-39a6616b-566b-4b3e-86a3-4645623bc7c6 req-39a6616b-566b-4b3e-86a3-4645623bc7c6 ] Request (ServersV294TestFqdnHostnames:setUpClass): 200 GET http://10.180.1.21/compute/v2.1/servers/de7549c2-328b-4ab2-b590-c32f8a7d3261 2.503s
2025-03-27 05:18:10.603 67767 INFO tempest.lib.common.rest_client [req-18664ff2-1f6d-4df1-a513-ea6decd1f349 req-18664ff2-1f6d-4df1-a513-ea6decd1f349 ] Request (VolumesAssistedSnapshotsTest:test_volume_assisted_snapshot_create_delete): 200 GET http://10.180.1.21/volume/v3/1e39bcedd32642b38f71110f7cbf357f/volumes/3c652133-f507-4594-8f58-9c2eb5027779 0.039s
2025-03-27 05:18:10.615 67767 INFO tempest.common.waiters [-] volume 3c652133-f507-4594-8f58-9c2eb5027779 reached available after waiting for 1.615889 seconds
2025-03-27 05:18:10.691 67728 INFO tempest.lib.common.rest_client [req-74649112-9af5-4a99-bc9a-02adcdbcfb7a req-74649112-9af5-4a99-bc9a-02adcdbcfb7a ] Request (QuotasAdminTestV236:test_get_updated_quotas): 200 GET http://10.180.1.21/compute/v2.1/os-quota-sets/63f08cf89248498e87f43c0b685e55af?user_id=1cbf7dfe800847b096eca6fcc277efb4 2.170s
2025-03-27 05:18:10.700 67708 INFO tempest.lib.common.rest_client [req-19e21654-83bd-448d-9729-08f0837c5d0b req-19e21654-83bd-448d-9729-08f0837c5d0b ] Request (HostsAdminNegativeTestJSON:test_startup_host_with_non_admin_user): 403 GET http://10.180.1.21/compute/v2.1/os-hosts/devstack/startup 2.170s
2025-03-27 05:18:10.706 67764 INFO tempest.lib.common.rest_client [req-f1a3ada3-980a-4696-af02-9560a0fa8442 req-f1a3ada3-980a-4696-af02-9560a0fa8442 ] Request (HypervisorAdminNegativeTestJSON:test_show_nonexistent_hypervisor): 404 GET http://10.180.1.21/compute/v2.1/os-hypervisors/70e3ea94-d2bd-44d8-bbd6-e2f8bb95fbd5 2.170s
2025-03-27 05:18:10.720 67746 INFO tempest.lib.common.rest_client [req-a82dae99-fef1-425a-8ac2-73f9bef816a5 req-a82dae99-fef1-425a-8ac2-73f9bef816a5 ] Request (SecurityGroupsTestJSON:test_list_security_groups_by_server): 200 POST http://10.180.1.21/compute/v2.1/os-security-groups 2.485s
2025-03-27 05:18:10.760 67752 INFO tempest.lib.common.rest_client [req-958cf61f-c7ed-4424-9c98-b75199f6c2dc req-958cf61f-c7ed-4424-9c98-b75199f6c2dc ] Request (AggregatesAdminNegativeTestJSON:_run_cleanups): 200 DELETE http://10.180.1.21/compute/v2.1/os-aggregates/2 1.947s
2025-03-27 05:18:10.779 67732 INFO tempest.lib.common.rest_client [req-e64a124d-5cb0-4b47-8a6a-751146337e4f req-e64a124d-5cb0-4b47-8a6a-751146337e4f ] Request (FlavorsAccessTestJSON:test_flavor_access_list_with_private_flavor): 200 GET http://10.180.1.21/compute/v2.1/flavors/1504783049/os-flavor-access 1.938s
2025-03-27 05:18:10.822 67728 INFO tempest.lib.common.rest_client [req-4516fd86-bd4b-4887-bb2c-56ead0797de2 req-4516fd86-bd4b-4887-bb2c-56ead0797de2 ] Request (QuotasAdminTestV236:_run_cleanups): 204 DELETE http://10.180.1.21/identity/v3/users/1cbf7dfe800847b096eca6fcc277efb4 0.129s
2025-03-27 05:18:10.879 67710 INFO tempest.lib.common.rest_client [req-810ba476-5eee-4211-bd63-213be94b0d71 req-810ba476-5eee-4211-bd63-213be94b0d71 ] Request (ServerTagsTestJSON:setUpClass): 200 GET http://10.180.1.21/compute/v2.1/servers/f9097bb5-5320-49e6-9c9a-6397a176a5a3 2.280s
2025-03-27 05:18:10.883 67764 INFO tempest.lib.common.rest_client [req-eab4d95a-51d9-4b2f-9c36-9706429b3c0a req-eab4d95a-51d9-4b2f-9c36-9706429b3c0a ] Request (HypervisorAdminNegativeTestJSON:tearDownClass): 204 DELETE http://10.180.1.21/identity/v3/users/b385e3baa67340dba7f40f6b59ddb29f 0.175s
2025-03-27 05:18:10.905 67718 INFO tempest.lib.common.rest_client [req-0fc969f8-7bba-466c-9a2f-99b1b8ca4258 req-0fc969f8-7bba-466c-9a2f-99b1b8ca4258 ] Request (HostsAdminTestJSON:test_show_host_detail): 200 GET http://10.180.1.21/compute/v2.1/os-hosts 2.028s
2025-03-27 05:18:10.932 67712 INFO tempest.lib.common.rest_client [req-6f74e343-b6a9-4d28-8926-0da614f041e4 req-6f74e343-b6a9-4d28-8926-0da614f041e4 ] Request (ServersWithSpecificFlavorTestJSON:test_verify_created_server_ephemeral_disk): 200 POST http://10.180.1.21/compute/v2.1/flavors/1545597833/os-extra_specs 2.038s
2025-03-27 05:18:10.971 67728 INFO tempest.lib.common.rest_client [req-e877fd17-46f0-4aa9-95e3-8e46ece9be17 req-e877fd17-46f0-4aa9-95e3-8e46ece9be17 ] Request (QuotasAdminTestV236:_run_cleanups): 204 DELETE http://10.180.1.21/identity/v3/projects/63f08cf89248498e87f43c0b685e55af 0.148s
2025-03-27 05:18:10.988 67764 INFO tempest.lib.common.rest_client [req-b2704162-a53f-42a3-ba90-7b8195ed9d77 req-b2704162-a53f-42a3-ba90-7b8195ed9d77 ] Request (HypervisorAdminNegativeTestJSON:tearDownClass): 204 DELETE http://10.180.1.21/identity/v3/users/75c62971a3824f059de4846afab1be0c 0.104s
2025-03-27 05:18:10.988 67764 INFO tempest.lib.common.dynamic_creds [-] Deleting project and security group for project: 2081b6b8a0e54cd383f802b4d359c1d2
2025-03-27 05:18:10.997 67756 INFO tempest.lib.common.rest_client [req-bf98df1e-d97b-4e59-b72b-184b2a773064 req-bf98df1e-d97b-4e59-b72b-184b2a773064 ] Request (ServerDiagnosticsV248Test:test_get_server_diagnostics): 200 GET http://10.180.1.21/compute/v2.1/servers/0786e0b6-8cc3-4577-b1b0-d01a8361666e 2.101s
2025-03-27 05:18:11.004 67714 INFO tempest.lib.common.rest_client [req-73b3271f-f11b-4159-97bb-043fa1f8f714 req-73b3271f-f11b-4159-97bb-043fa1f8f714 ] Request (QuotasAdminNegativeTest:test_create_server_when_instances_quota_is_full): 403 POST http://10.180.1.21/compute/v2.1/servers 2.151s
2025-03-27 05:18:11.053 67764 INFO tempest.lib.common.rest_client [req-17e374dc-563c-4298-9859-dc25bfacd727 req-17e374dc-563c-4298-9859-dc25bfacd727 ] Request (HypervisorAdminNegativeTestJSON:tearDownClass): 201 POST http://10.180.1.21/identity/v3/auth/tokens 0.064s
2025-03-27 05:18:11.052 67754 INFO tempest.lib.common.rest_client [req-a803c5f1-a22e-41f0-8c94-1a5fa645a95b req-a803c5f1-a22e-41f0-8c94-1a5fa645a95b ] Request (InstanceActionsNegativeTestJSON:setUpClass): 200 GET http://10.180.1.21/compute/v2.1/servers/0ac8dd6c-41e3-4749-9129-02688c3385cc 1.985s
2025-03-27 05:18:11.116 67728 INFO tempest.lib.common.rest_client [req-a7f61c9c-0fc2-4705-8ee7-198a930949c5 req-a7f61c9c-0fc2-4705-8ee7-198a930949c5 ] Request (QuotasAdminTestV236:tearDownClass): 204 DELETE http://10.180.1.21/identity/v3/users/eb3416b2366947ffae1eb1c6bae8d997 0.138s
2025-03-27 05:18:11.242 67762 INFO tempest.lib.common.rest_client [req-816f639d-d245-4c85-a147-bffc4a7e185a req-816f639d-d245-4c85-a147-bffc4a7e185a ] Request (AbsoluteLimitsTestJSON:test_absLimits_get): 200 GET http://10.180.1.21/compute/v2.1/limits 1.933s
2025-03-27 05:18:11.271 67706 INFO tempest.lib.common.rest_client [req-1dd22528-ca80-4273-b323-ddb3ce74a637 req-1dd22528-ca80-4273-b323-ddb3ce74a637 ] Request (QuotasAdminTestJSON:test_delete_quota): 200 GET http://10.180.1.21/identity/v3/domains?name=Default 0.207s
2025-03-27 05:18:11.328 67742 INFO tempest.lib.common.rest_client [req-86342582-e9fc-4812-97a2-e875dd6b12fd req-86342582-e9fc-4812-97a2-e875dd6b12fd ] Request (FloatingIPsNegativeTestJSON:setUpClass): 201 POST http://10.180.1.21:9696/networking/v2.0/routers 1.070s
2025-03-27 05:18:11.371 67762 INFO tempest.lib.common.rest_client [req-11cea1d9-20e9-4a8e-a724-4fda9e73bfb6 req-11cea1d9-20e9-4a8e-a724-4fda9e73bfb6 ] Request (AbsoluteLimitsTestJSON:tearDownClass): 204 DELETE http://10.180.1.21/identity/v3/users/9d57c966f47b45fc8ecaed7d4d60d4b5 0.121s
2025-03-27 05:18:11.372 67762 INFO tempest.lib.common.dynamic_creds [-] Deleting project and security group for project: 263d16b020ab40b3ba15abd812c59407
2025-03-27 05:18:11.384 67728 INFO tempest.lib.common.rest_client [req-4cf30822-c919-4097-b1c9-b955601c9ac1 req-4cf30822-c919-4097-b1c9-b955601c9ac1 ] Request (QuotasAdminTestV236:tearDownClass): 204 DELETE http://10.180.1.21/identity/v3/users/9730cf4e13ba473f9d26271e8f67f1e2 0.268s
2025-03-27 05:18:11.385 67728 INFO tempest.lib.common.dynamic_creds [-] Deleting project and security group for project: cfcd6fb430394f79a9be4c4ab2704e7b
2025-03-27 05:18:11.443 67762 INFO tempest.lib.common.rest_client [req-01d117cd-f90f-449e-a9d4-d6259a9b01b1 req-01d117cd-f90f-449e-a9d4-d6259a9b01b1 ] Request (AbsoluteLimitsTestJSON:tearDownClass): 201 POST http://10.180.1.21/identity/v3/auth/tokens 0.071s
2025-03-27 05:18:11.465 67706 INFO tempest.lib.common.rest_client [req-92cf7d5d-9970-4b23-8f5e-db6172872d78 req-92cf7d5d-9970-4b23-8f5e-db6172872d78 ] Request (QuotasAdminTestJSON:test_delete_quota): 201 POST http://10.180.1.21/identity/v3/projects 0.193s
2025-03-27 05:18:11.466 67728 INFO tempest.lib.common.rest_client [req-9fbd032e-c85d-4b69-b62a-7bb4fb78b8dc req-9fbd032e-c85d-4b69-b62a-7bb4fb78b8dc ] Request (QuotasAdminTestV236:tearDownClass): 201 POST http://10.180.1.21/identity/v3/auth/tokens 0.081s
2025-03-27 05:18:11.523 67706 INFO tempest.lib.common.rest_client [req-97ceb1fa-cc3f-4443-8360-ea7ad60f33b2 req-97ceb1fa-cc3f-4443-8360-ea7ad60f33b2 ] Request (QuotasAdminTestJSON:test_delete_quota): 200 GET http://10.180.1.21/identity/v3/domains?name=Default 0.057s
2025-03-27 05:18:11.651 67764 INFO tempest.lib.common.rest_client [req-b9f31085-2ca8-4bb4-9325-9955c9bdd0d9 req-b9f31085-2ca8-4bb4-9325-9955c9bdd0d9 ] Request (HypervisorAdminNegativeTestJSON:tearDownClass): 200 GET http://10.180.1.21:9696/networking/v2.0/security-groups?tenant_id=2081b6b8a0e54cd383f802b4d359c1d2&name=default 0.598s
2025-03-27 05:18:11.704 67716 INFO tempest.lib.common.rest_client [req-bdd0f734-878a-4cb0-b55b-8969a49ff417 req-bdd0f734-878a-4cb0-b55b-8969a49ff417 ] Request (ListServerFiltersTestJSON:setUpClass): 200 GET http://10.180.1.21/compute/v2.1/servers/bb35e63a-3fb6-4a2a-8037-3fcc16def092 2.319s
2025-03-27 05:18:11.770 67728 INFO tempest.lib.common.rest_client [req-1bdb0f21-fb76-44c9-abf5-0169fe577d59 req-1bdb0f21-fb76-44c9-abf5-0169fe577d59 ] Request (QuotasAdminTestV236:tearDownClass): 200 GET http://10.180.1.21:9696/networking/v2.0/security-groups?tenant_id=cfcd6fb430394f79a9be4c4ab2704e7b&name=default 0.303s
2025-03-27 05:18:11.789 67762 INFO tempest.lib.common.rest_client [req-45deb90e-1de6-4009-9bd1-ca998ed43347 req-45deb90e-1de6-4009-9bd1-ca998ed43347 ] Request (AbsoluteLimitsTestJSON:tearDownClass): 200 GET http://10.180.1.21:9696/networking/v2.0/security-groups?tenant_id=263d16b020ab40b3ba15abd812c59407&name=default 0.346s
2025-03-27 05:18:11.861 67744 INFO tempest.lib.common.rest_client [req-3d80ab52-73af-493b-bc46-c929e077bf11 req-3d80ab52-73af-493b-bc46-c929e077bf11 ] Request (InstanceUsageAuditLogNegativeTestJSON:test_get_instance_usage_audit_logs_with_invalid_time): 400 GET http://10.180.1.21/compute/v2.1/os-instance_usage_audit_log/invalid_time 2.271s
2025-03-27 05:18:11.896 67764 INFO tempest.lib.common.rest_client [req-eead7030-a676-4b96-b0eb-ced05a3a554a req-eead7030-a676-4b96-b0eb-ced05a3a554a ] Request (HypervisorAdminNegativeTestJSON:tearDownClass): 204 DELETE http://10.180.1.21:9696/networking/v2.0/security-groups/39aab42c-b6a2-4270-ab33-881fbebf6d97 0.244s
2025-03-27 05:18:11.945 67728 INFO tempest.lib.common.rest_client [req-9fd7f662-72be-45df-96bc-5f93ddc38a12 req-9fd7f662-72be-45df-96bc-5f93ddc38a12 ] Request (QuotasAdminTestV236:tearDownClass): 204 DELETE http://10.180.1.21:9696/networking/v2.0/security-groups/fd2ff02e-8243-49e2-94b8-e7c24c487108 0.175s
2025-03-27 05:18:11.979 67764 INFO tempest.lib.common.rest_client [req-192953fe-18e4-4e4e-bb2a-dd4306811ad0 req-192953fe-18e4-4e4e-bb2a-dd4306811ad0 ] Request (HypervisorAdminNegativeTestJSON:tearDownClass): 204 DELETE http://10.180.1.21/identity/v3/projects/2081b6b8a0e54cd383f802b4d359c1d2 0.083s
2025-03-27 05:18:11.979 67764 INFO tempest.lib.common.dynamic_creds [-] Deleting project and security group for project: 174bc3a9ad7c4278a457543ea5790ee6
2025-03-27 05:18:11.988 67762 INFO tempest.lib.common.rest_client [req-da735376-4eab-4dd2-997b-02693e8f2b83 req-da735376-4eab-4dd2-997b-02693e8f2b83 ] Request (AbsoluteLimitsTestJSON:tearDownClass): 204 DELETE http://10.180.1.21:9696/networking/v2.0/security-groups/f29c35ab-4a44-44e9-bce8-04e04cc11803 0.198s
2025-03-27 05:18:12.088 67762 INFO tempest.lib.common.rest_client [req-074042a9-a1ae-44c1-b889-cd031b35cfdb req-074042a9-a1ae-44c1-b889-cd031b35cfdb ] Request (AbsoluteLimitsTestJSON:tearDownClass): 204 DELETE http://10.180.1.21/identity/v3/projects/263d16b020ab40b3ba15abd812c59407 0.100s
2025-03-27 05:18:12.097 67728 INFO tempest.lib.common.rest_client [req-16d512fa-2ba7-4268-b89b-ac3ca0875957 req-16d512fa-2ba7-4268-b89b-ac3ca0875957 ] Request (QuotasAdminTestV236:tearDownClass): 204 DELETE http://10.180.1.21/identity/v3/projects/cfcd6fb430394f79a9be4c4ab2704e7b 0.151s
2025-03-27 05:18:12.097 67728 INFO tempest.lib.common.dynamic_creds [-] Deleting project and security group for project: 7fa8eb1855384da091aba7e41122746d
2025-03-27 05:18:12.157 67762 INFO tempest.lib.common.rest_client [req-cd0ea5bd-851e-45de-bfef-c43405ea1545 req-cd0ea5bd-851e-45de-bfef-c43405ea1545 ] Request (SecurityGroupsNegativeTestJSON:setUpClass): 201 POST http://10.180.1.21/identity/v3/auth/tokens 0.067s
2025-03-27 05:18:12.191 67762 INFO tempest.lib.common.rest_client [req-3617a086-62c9-471c-a9a1-aa54a4634ebb req-3617a086-62c9-471c-a9a1-aa54a4634ebb ] Request (SecurityGroupsNegativeTestJSON:setUpClass): 201 POST http://10.180.1.21/identity/v3/auth/tokens 0.032s
2025-03-27 05:18:12.222 67762 INFO tempest.lib.common.rest_client [req-e2be5bb7-0a50-4388-aff0-367309279596 req-e2be5bb7-0a50-4388-aff0-367309279596 ] Request (SecurityGroupsNegativeTestJSON:setUpClass): 200 GET http://10.180.1.21/identity/v3/domains?name=Default 0.030s
2025-03-27 05:18:12.257 67728 INFO tempest.lib.common.rest_client [req-948a71e3-d7ad-46ea-ab9e-512b81d68cf5 req-948a71e3-d7ad-46ea-ab9e-512b81d68cf5 ] Request (QuotasAdminTestV236:tearDownClass): 200 GET http://10.180.1.21:9696/networking/v2.0/security-groups?tenant_id=7fa8eb1855384da091aba7e41122746d&name=default 0.159s
2025-03-27 05:18:12.264 67762 INFO tempest.lib.common.rest_client [req-d0d33096-3fd9-49ec-8388-137c21a8c22e req-d0d33096-3fd9-49ec-8388-137c21a8c22e ] Request (SecurityGroupsNegativeTestJSON:setUpClass): 201 POST http://10.180.1.21/identity/v3/projects 0.042s
2025-03-27 05:18:12.274 67748 INFO tempest.lib.common.rest_client [req-c621dd2c-0780-4826-88e9-b6d1d0a9aac5 req-c621dd2c-0780-4826-88e9-b6d1d0a9aac5 ] Request (SecurityGroupsTestAdminJSON:test_list_security_groups_list_all_tenants_filter): 200 POST http://10.180.1.21/compute/v2.1/os-security-groups 2.577s
2025-03-27 05:18:12.330 67762 INFO tempest.lib.common.rest_client [req-33d91f1c-5e6e-4b05-b318-74d81ad52538 req-33d91f1c-5e6e-4b05-b318-74d81ad52538 ] Request (SecurityGroupsNegativeTestJSON:setUpClass): 201 POST http://10.180.1.21/identity/v3/users 0.065s
2025-03-27 05:18:12.336 67764 INFO tempest.lib.common.rest_client [req-d654ed88-f54b-44ee-9d08-c7116731109a req-d654ed88-f54b-44ee-9d08-c7116731109a ] Request (HypervisorAdminNegativeTestJSON:tearDownClass): 200 GET http://10.180.1.21:9696/networking/v2.0/security-groups?tenant_id=174bc3a9ad7c4278a457543ea5790ee6&name=default 0.357s
2025-03-27 05:18:12.353 67762 INFO tempest.lib.common.rest_client [req-4865f40f-3b4e-4caf-b981-3939d3800d1c req-4865f40f-3b4e-4caf-b981-3939d3800d1c ] Request (SecurityGroupsNegativeTestJSON:setUpClass): 200 GET http://10.180.1.21/identity/v3/roles 0.022s
2025-03-27 05:18:12.381 67762 INFO tempest.lib.common.rest_client [req-5ae0263f-205c-473c-8477-f75685f5c5a0 req-5ae0263f-205c-473c-8477-f75685f5c5a0 ] Request (SecurityGroupsNegativeTestJSON:setUpClass): 204 PUT http://10.180.1.21/identity/v3/projects/27203a3211a7419ea0804e3d276ead10/users/608e2ce0bc06466ca624e694a0d60cb1/roles/059e92b582ef4cda9d9ed822ff85571c 0.028s
2025-03-27 05:18:12.382 67762 INFO tempest.lib.common.dynamic_creds [-] Dynamic test user 608e2ce0bc06466ca624e694a0d60cb1 is created with scope project and roles: ['member']
2025-03-27 05:18:12.382 67762 INFO tempest.lib.common.dynamic_creds [-] Acquired dynamic creds: credentials: Credentials: {'domain_id': 'default', 'domain_name': 'Default', 'username': 'tempest-SecurityGroupsNegativeTestJSON-2133022325-project-member', 'project_domain_id': 'default', 'project_domain_name': 'Default', 'project_id': '27203a3211a7419ea0804e3d276ead10', 'project_name': 'tempest-SecurityGroupsNegativeTestJSON-2133022325', 'tenant_id': '27203a3211a7419ea0804e3d276ead10', 'tenant_name': 'tempest-SecurityGroupsNegativeTestJSON-2133022325', 'user_domain_id': 'default', 'user_domain_name': 'Default', 'user_id': '608e2ce0bc06466ca624e694a0d60cb1', 'system': None}, Network: None, Subnet: None, Router: None
2025-03-27 05:18:12.460 67762 INFO tempest.lib.common.rest_client [req-23ef9f8a-c09f-49bd-b5ce-7c7482acd22f req-23ef9f8a-c09f-49bd-b5ce-7c7482acd22f ] Request (SecurityGroupsNegativeTestJSON:setUpClass): 201 POST http://10.180.1.21/identity/v3/auth/tokens 0.077s
2025-03-27 05:18:12.567 67728 INFO tempest.lib.common.rest_client [req-683cabf1-9745-4bdc-91f2-cfd60275e1cd req-683cabf1-9745-4bdc-91f2-cfd60275e1cd ] Request (QuotasAdminTestV236:tearDownClass): 204 DELETE http://10.180.1.21:9696/networking/v2.0/security-groups/f42632c9-c6ab-4e97-852b-6630bd19a897 0.309s
2025-03-27 05:18:12.593 67726 INFO tempest.lib.common.rest_client [req-523697c6-3e93-428c-bfe4-d8bf6ba82ff7 req-523697c6-3e93-428c-bfe4-d8bf6ba82ff7 ] Request (MigrationsAdminTest:test_list_migrations_in_flavor_resize_situation): 200 GET http://10.180.1.21/compute/v2.1/servers/8556fc83-206e-4e50-bd54-4185132497a7 2.592s
2025-03-27 05:18:12.616 67764 INFO tempest.lib.common.rest_client [req-08755ca3-a287-4963-a654-2364ee619826 req-08755ca3-a287-4963-a654-2364ee619826 ] Request (HypervisorAdminNegativeTestJSON:tearDownClass): 204 DELETE http://10.180.1.21:9696/networking/v2.0/security-groups/5a886a71-4f68-4f59-87b2-ad5680944a21 0.279s
2025-03-27 05:18:12.727 67728 INFO tempest.lib.common.rest_client [req-3469cc12-eaeb-4a00-8dc5-40344d67de45 req-3469cc12-eaeb-4a00-8dc5-40344d67de45 ] Request (QuotasAdminTestV236:tearDownClass): 204 DELETE http://10.180.1.21/identity/v3/projects/7fa8eb1855384da091aba7e41122746d 0.158s
2025-03-27 05:18:12.733 67764 INFO tempest.lib.common.rest_client [req-bd0ee29b-c607-4214-baa4-babf0d165633 req-bd0ee29b-c607-4214-baa4-babf0d165633 ] Request (HypervisorAdminNegativeTestJSON:tearDownClass): 204 DELETE http://10.180.1.21/identity/v3/projects/174bc3a9ad7c4278a457543ea5790ee6 0.115s
2025-03-27 05:18:12.780 67750 INFO tempest.lib.common.rest_client [req-2d4683c2-2e13-41b3-8fb0-bc1a55a268a1 req-2d4683c2-2e13-41b3-8fb0-bc1a55a268a1 ] Request (ServersTestJSON:setUpClass): 200 GET http://10.180.1.21/compute/v2.1/servers/91fdd93f-a6ef-44ad-b842-6d9b3173e626 2.402s
2025-03-27 05:18:12.808 67758 INFO tempest.lib.common.rest_client [req-1bdb687a-8ea5-429b-9186-ccc318f0b165 req-1bdb687a-8ea5-429b-9186-ccc318f0b165 ] Request (FloatingIPDetailsTestJSON:setUpClass): 200 POST http://10.180.1.21/compute/v2.1/os-floating-ips 3.675s
2025-03-27 05:18:12.808 67728 INFO tempest.lib.common.rest_client [req-15a987bb-0e73-4e69-81b7-10cb323fbda0 req-15a987bb-0e73-4e69-81b7-10cb323fbda0 ] Request (ServicesAdminTestJSON:setUpClass): 201 POST http://10.180.1.21/identity/v3/auth/tokens 0.080s
2025-03-27 05:18:12.811 67764 INFO tempest.lib.common.rest_client [req-9ff1e6f7-f538-4b8c-9374-2362e038e258 req-9ff1e6f7-f538-4b8c-9374-2362e038e258 ] Request (QuotasSecurityGroupAdminNegativeTest:setUpClass): 201 POST http://10.180.1.21/identity/v3/auth/tokens 0.077s
2025-03-27 05:18:12.841 67730 INFO tempest.lib.common.rest_client [req-3006f0a8-1f10-4890-9817-bc036538ff76 req-3006f0a8-1f10-4890-9817-bc036538ff76 ] Request (ServicesAdminNegativeV253TestJSON:test_get_service_by_invalid_params): 200 GET http://10.180.1.21/compute/v2.1/os-services 2.367s
2025-03-27 05:18:12.844 67728 INFO tempest.lib.common.rest_client [req-416281ba-4034-456c-8b7b-46c27825e2a5 req-416281ba-4034-456c-8b7b-46c27825e2a5 ] Request (ServicesAdminTestJSON:setUpClass): 201 POST http://10.180.1.21/identity/v3/auth/tokens 0.033s
2025-03-27 05:18:12.854 67764 INFO tempest.lib.common.rest_client [req-f95c9568-7a5c-43b3-b6f5-6a4944308f7c req-f95c9568-7a5c-43b3-b6f5-6a4944308f7c ] Request (QuotasSecurityGroupAdminNegativeTest:setUpClass): 201 POST http://10.180.1.21/identity/v3/auth/tokens 0.036s
2025-03-27 05:18:12.858 67724 INFO tempest.lib.common.rest_client [req-65dac5a1-3c36-4aa9-a5eb-69fd1bf37b7b req-65dac5a1-3c36-4aa9-a5eb-69fd1bf37b7b ] Request (FlavorsExtraSpecsTestJSON:test_flavor_set_get_update_show_unset_keys): 200 GET http://10.180.1.21/compute/v2.1/flavors/1312155486/os-extra_specs 2.357s
2025-03-27 05:18:12.866 67728 INFO tempest.lib.common.rest_client [req-a2361e2d-0356-468c-8f5e-dbb8e371b7ec req-a2361e2d-0356-468c-8f5e-dbb8e371b7ec ] Request (ServicesAdminTestJSON:setUpClass): 200 GET http://10.180.1.21/identity/v3/domains?name=Default 0.020s
2025-03-27 05:18:12.880 67764 INFO tempest.lib.common.rest_client [req-2caa43ed-662d-496d-b1db-f283cc3d1beb req-2caa43ed-662d-496d-b1db-f283cc3d1beb ] Request (QuotasSecurityGroupAdminNegativeTest:setUpClass): 200 GET http://10.180.1.21/identity/v3/domains?name=Default 0.026s
2025-03-27 05:18:12.897 67736 INFO tempest.lib.common.rest_client [req-c388ecef-9f5a-4ab8-975f-5cfe10db37d1 req-c388ecef-9f5a-4ab8-975f-5cfe10db37d1 ] Request (FloatingIPsTestJSON:test_delete_floating_ip): 404 GET http://10.180.1.21/compute/v2.1/os-floating-ips/337fa05f-00f1-4f0a-9efa-09c9a9963bde 2.387s
2025-03-27 05:18:12.900 67728 INFO tempest.lib.common.rest_client [req-07a92c8b-d275-4e3c-8f4f-c792778cfa3d req-07a92c8b-d275-4e3c-8f4f-c792778cfa3d ] Request (ServicesAdminTestJSON:setUpClass): 201 POST http://10.180.1.21/identity/v3/projects 0.034s
2025-03-27 05:18:12.918 67740 INFO tempest.lib.common.rest_client [req-43353cd5-bd27-461c-8dc0-8274e053bb76 req-43353cd5-bd27-461c-8dc0-8274e053bb76 ] Request (FlavorsAccessNegativeTestJSON:_run_cleanups): 202 DELETE http://10.180.1.21/compute/v2.1/flavors/1366656035 2.404s
2025-03-27 05:18:12.918 67764 INFO tempest.lib.common.rest_client [req-ead78f7b-6f36-4f75-ab81-07507cb9f03e req-ead78f7b-6f36-4f75-ab81-07507cb9f03e ] Request (QuotasSecurityGroupAdminNegativeTest:setUpClass): 201 POST http://10.180.1.21/identity/v3/projects 0.037s
2025-03-27 05:18:12.935 67738 INFO tempest.lib.common.rest_client [req-8265f6fd-99ed-48a3-9f72-137290e153f8 req-8265f6fd-99ed-48a3-9f72-137290e153f8 ] Request (FlavorsAdminTestJSON:_run_cleanups): 200 GET http://10.180.1.21/compute/v2.1/flavors/detail 2.404s
