2025-03-27 05:18:12.937 67742 INFO tempest.lib.common.rest_client [req-31da7ba8-d309-4c8c-ab48-bcdf12888fa7 req-31da7ba8-d309-4c8c-ab48-bcdf12888fa7 ] Request (FloatingIPsNegativeTestJSON:setUpClass): 200 PUT http://10.180.1.21:9696/networking/v2.0/routers/464e6714-731f-444b-a388-71ab5bab7163/add_router_interface 1.608s
2025-03-27 05:18:12.937 67742 INFO tempest.lib.common.dynamic_creds [-] Created isolated network resources for: credentials: Credentials: {'domain_id': 'default', 'domain_name': 'Default', 'username': 'tempest-FloatingIPsNegativeTestJSON-1044953334-project-member', 'project_domain_id': 'default', 'project_domain_name': 'Default', 'project_id': '7454aa5338ef4850b08c38ac7ea7f0a2', 'project_name': 'tempest-FloatingIPsNegativeTestJSON-1044953334', 'tenant_id': '7454aa5338ef4850b08c38ac7ea7f0a2', 'tenant_name': 'tempest-FloatingIPsNegativeTestJSON-1044953334', 'user_domain_id': 'default', 'user_domain_name': 'Default', 'user_id': 'e29b0cb62574469bb5f1f530aa26e1c9', 'system': None}, Network: {'id': 'dcabc3c6-2b02-4013-a1b6-96b044874e8c', 'name': 'tempest-FloatingIPsNegativeTestJSON-1697636433-network', 'tenant_id': '7454aa5338ef4850b08c38ac7ea7f0a2', 'admin_state_up': True, 'mtu': 8950, 'status': 'ACTIVE', 'subnets': [], 'shared': False, 'project_id': '7454aa5338ef4850b08c38ac7ea7f0a2', 'port_security_enabled': True, 'router:external': False, 'provider:network_type': 'vlan', 'provider:physical_network': 'default', 'provider:segmentation_id': 348, 'is_default': False, 'availability_zone_hints': [], 'availability_zones': [], 'ipv4_address_scope': None, 'ipv6_address_scope': None, 'description': '', 'tags': [], 'created_at': '2025-03-27T05:18:09Z', 'updated_at': '2025-03-27T05:18:09Z', 'revision_number': 1}, Subnet: {'id': '2edbb659-7aec-47e5-8f43-699efd6f94fb', 'name': 'tempest-FloatingIPsNegativeTestJSON-1697636433-subnet', 'tenant_id': '7454aa5338ef4850b08c38ac7ea7f0a2', 'network_id': 'dcabc3c6-2b02-4013-a1b6-96b044874e8c', 'ip_version': 4, 'subnetpool_id': None, 'enable_dhcp': True, 'ipv6_ra_mode': None, 'ipv6_address_mode': None, 'gateway_ip': '192.168.128.1', 'cidr': '192.168.128.0/28', 'allocation_pools': [{'start': '192.168.128.2', 'end': '192.168.128.14'}], 'host_routes': [], 'dns_nameservers': [], 'description': '', 'service_types': [], 'tags': [], 'created_at': '2025-03-27T05:18:10Z', 'updated_at': '2025-03-27T05:18:10Z', 'revision_number': 0, 'project_id': '7454aa5338ef4850b08c38ac7ea7f0a2'}, Router: {'id': '464e6714-731f-444b-a388-71ab5bab7163', 'name': 'tempest-FloatingIPsNegativeTestJSON-1697636433-router', 'tenant_id': '7454aa5338ef4850b08c38ac7ea7f0a2', 'admin_state_up': True, 'status': 'ACTIVE', 'external_gateway_info': {'network_id': '25d371eb-3777-4784-ae63-167eef38f463', 'external_fixed_ips': [{'subnet_id': '242ea5bc-89f0-49ba-b7f9-543832776c14', 'ip_address': '10.180.180.233'}], 'enable_snat': True}, 'description': '', 'availability_zones': [], 'distributed': False, 'ha': False, 'availability_zone_hints': [], 'routes': [], 'flavor_id': None, 'tags': [], 'created_at': '2025-03-27T05:18:10Z', 'updated_at': '2025-03-27T05:18:10Z', 'revision_number': 2, 'project_id': '7454aa5338ef4850b08c38ac7ea7f0a2'}
2025-03-27 05:18:12.968 67720 INFO tempest.lib.common.rest_client [req-e637e552-badc-42d3-abe8-cc86ec8315b5 req-e637e552-badc-42d3-abe8-cc86ec8315b5 ] Request (SecurityGroupRulesNegativeTestJSON:test_create_security_group_rule_duplicate): 200 POST http://10.180.1.21/compute/v2.1/os-security-group-rules 2.517s
2025-03-27 05:18:12.978 67762 INFO tempest.lib.common.rest_client [req-e01d1fe4-0103-4761-898c-91198ca1f077 req-e01d1fe4-0103-4761-898c-91198ca1f077 ] Request (SecurityGroupsNegativeTestJSON:setUpClass): 201 POST http://10.180.1.21:9696/networking/v2.0/networks 0.518s
2025-03-27 05:18:12.979 67708 INFO tempest.lib.common.rest_client [req-dbde2ee4-4923-425f-b6fb-ae5420339a58 req-dbde2ee4-4923-425f-b6fb-ae5420339a58 ] Request (HostsAdminNegativeTestJSON:test_startup_nonexistent_host): 404 GET http://10.180.1.21/compute/v2.1/os-hosts/nonexistent_hostname/startup 2.278s
2025-03-27 05:18:13.017 67728 INFO tempest.lib.common.rest_client [req-6c1326c8-1c5d-46fa-af22-8b9fc1ded688 req-6c1326c8-1c5d-46fa-af22-8b9fc1ded688 ] Request (ServicesAdminTestJSON:setUpClass): 201 POST http://10.180.1.21/identity/v3/users 0.116s
2025-03-27 05:18:13.018 67764 INFO tempest.lib.common.rest_client [req-755106f5-62c5-4e4d-af8e-a1a1bfef04ab req-755106f5-62c5-4e4d-af8e-a1a1bfef04ab ] Request (QuotasSecurityGroupAdminNegativeTest:setUpClass): 201 POST http://10.180.1.21/identity/v3/users 0.099s
2025-03-27 05:18:13.090 67742 INFO tempest.lib.common.rest_client [req-4c8a03de-a77b-47df-89e8-d1752d2605b8 req-4c8a03de-a77b-47df-89e8-d1752d2605b8 ] Request (FloatingIPsNegativeTestJSON:setUpClass): 201 POST http://10.180.1.21/identity/v3/auth/tokens 0.146s
2025-03-27 05:18:13.106 67764 INFO tempest.lib.common.rest_client [req-a79ed9f0-28a8-4490-9934-5ebadec94989 req-a79ed9f0-28a8-4490-9934-5ebadec94989 ] Request (QuotasSecurityGroupAdminNegativeTest:setUpClass): 200 GET http://10.180.1.21/identity/v3/roles 0.087s
2025-03-27 05:18:13.120 67728 INFO tempest.lib.common.rest_client [req-3b360350-9607-4425-8a04-9a36452fa28d req-3b360350-9607-4425-8a04-9a36452fa28d ] Request (ServicesAdminTestJSON:setUpClass): 200 GET http://10.180.1.21/identity/v3/roles 0.102s
2025-03-27 05:18:13.145 67764 INFO tempest.lib.common.rest_client [req-d3e664ea-2b3e-4e1c-86c1-40cf1be0f2ff req-d3e664ea-2b3e-4e1c-86c1-40cf1be0f2ff ] Request (QuotasSecurityGroupAdminNegativeTest:setUpClass): 204 PUT http://10.180.1.21/identity/v3/projects/787f62f4271e4d918c565aa5a6dc1741/users/7893efc04cf7421b95f61c2aa224b61c/roles/059e92b582ef4cda9d9ed822ff85571c 0.038s
2025-03-27 05:18:13.146 67764 INFO tempest.lib.common.dynamic_creds [-] Dynamic test user 7893efc04cf7421b95f61c2aa224b61c is created with scope project and roles: ['member']
2025-03-27 05:18:13.146 67764 INFO tempest.lib.common.dynamic_creds [-] Acquired dynamic creds: credentials: Credentials: {'domain_id': 'default', 'domain_name': 'Default', 'username': 'tempest-QuotasSecurityGroupAdminNegativeTest-1079202602-project-member', 'project_domain_id': 'default', 'project_domain_name': 'Default', 'project_id': '787f62f4271e4d918c565aa5a6dc1741', 'project_name': 'tempest-QuotasSecurityGroupAdminNegativeTest-1079202602', 'tenant_id': '787f62f4271e4d918c565aa5a6dc1741', 'tenant_name': 'tempest-QuotasSecurityGroupAdminNegativeTest-1079202602', 'user_domain_id': 'default', 'user_domain_name': 'Default', 'user_id': '7893efc04cf7421b95f61c2aa224b61c', 'system': None}, Network: None, Subnet: None, Router: None
2025-03-27 05:18:13.146 67764 INFO tempest.lib.common.dynamic_creds [-] Created isolated network resources for: credentials: Credentials: {'domain_id': 'default', 'domain_name': 'Default', 'username': 'tempest-QuotasSecurityGroupAdminNegativeTest-1079202602-project-member', 'project_domain_id': 'default', 'project_domain_name': 'Default', 'project_id': '787f62f4271e4d918c565aa5a6dc1741', 'project_name': 'tempest-QuotasSecurityGroupAdminNegativeTest-1079202602', 'tenant_id': '787f62f4271e4d918c565aa5a6dc1741', 'tenant_name': 'tempest-QuotasSecurityGroupAdminNegativeTest-1079202602', 'user_domain_id': 'default', 'user_domain_name': 'Default', 'user_id': '7893efc04cf7421b95f61c2aa224b61c', 'system': None}, Network: None, Subnet: None, Router: None
2025-03-27 05:18:13.179 67746 INFO tempest.lib.common.rest_client [req-680c1d86-272b-4907-acbc-0868a7e7bdbf req-680c1d86-272b-4907-acbc-0868a7e7bdbf ] Request (SecurityGroupsTestJSON:test_list_security_groups_by_server): 200 POST http://10.180.1.21/compute/v2.1/os-security-groups 2.455s
2025-03-27 05:18:13.205 67767 INFO tempest.lib.common.rest_client [req-b909657a-f82b-4229-8c55-d99743f27130 req-b909657a-f82b-4229-8c55-d99743f27130 ] Request (VolumesAssistedSnapshotsTest:test_volume_assisted_snapshot_create_delete): 200 POST http://10.180.1.21/compute/v2.1/os-keypairs 2.588s
2025-03-27 05:18:13.214 67728 INFO tempest.lib.common.rest_client [req-c34232e2-88a4-41ac-b044-cbb915c6da7e req-c34232e2-88a4-41ac-b044-cbb915c6da7e ] Request (ServicesAdminTestJSON:setUpClass): 204 PUT http://10.180.1.21/identity/v3/projects/454d91287b494ad1a23b75bae1ca1c56/users/528bb21fba1e46969e93998812f7eaef/roles/059e92b582ef4cda9d9ed822ff85571c 0.094s
2025-03-27 05:18:13.214 67728 INFO tempest.lib.common.dynamic_creds [-] Dynamic test user 528bb21fba1e46969e93998812f7eaef is created with scope project and roles: ['member']
2025-03-27 05:18:13.214 67728 INFO tempest.lib.common.dynamic_creds [-] Acquired dynamic creds: credentials: Credentials: {'domain_id': 'default', 'domain_name': 'Default', 'username': 'tempest-ServicesAdminTestJSON-1187163063-project-member', 'project_domain_id': 'default', 'project_domain_name': 'Default', 'project_id': '454d91287b494ad1a23b75bae1ca1c56', 'project_name': 'tempest-ServicesAdminTestJSON-1187163063', 'tenant_id': '454d91287b494ad1a23b75bae1ca1c56', 'tenant_name': 'tempest-ServicesAdminTestJSON-1187163063', 'user_domain_id': 'default', 'user_domain_name': 'Default', 'user_id': '528bb21fba1e46969e93998812f7eaef', 'system': None}, Network: None, Subnet: None, Router: None
2025-03-27 05:18:13.215 67728 INFO tempest.lib.common.dynamic_creds [-] Created isolated network resources for: credentials: Credentials: {'domain_id': 'default', 'domain_name': 'Default', 'username': 'tempest-ServicesAdminTestJSON-1187163063-project-member', 'project_domain_id': 'default', 'project_domain_name': 'Default', 'project_id': '454d91287b494ad1a23b75bae1ca1c56', 'project_name': 'tempest-ServicesAdminTestJSON-1187163063', 'tenant_id': '454d91287b494ad1a23b75bae1ca1c56', 'tenant_name': 'tempest-ServicesAdminTestJSON-1187163063', 'user_domain_id': 'default', 'user_domain_name': 'Default', 'user_id': '528bb21fba1e46969e93998812f7eaef', 'system': None}, Network: None, Subnet: None, Router: None
2025-03-27 05:18:13.226 67764 INFO tempest.lib.common.rest_client [req-b3686463-1f15-4ae6-9737-62dbfa8c93a7 req-b3686463-1f15-4ae6-9737-62dbfa8c93a7 ] Request (QuotasSecurityGroupAdminNegativeTest:setUpClass): 201 POST http://10.180.1.21/identity/v3/auth/tokens 0.075s
2025-03-27 05:18:13.232 67752 INFO tempest.lib.common.rest_client [req-061b816a-270a-4f6a-ae10-00165c3d985b req-061b816a-270a-4f6a-ae10-00165c3d985b ] Request (AggregatesAdminNegativeTestJSON:test_aggregate_add_non_exist_host): 200 POST http://10.180.1.21/compute/v2.1/os-aggregates 2.471s
2025-03-27 05:18:13.247 67732 INFO tempest.lib.common.rest_client [req-ac15e1f9-1123-4d9c-9b43-312672a9d712 req-ac15e1f9-1123-4d9c-9b43-312672a9d712 ] Request (FlavorsAccessTestJSON:_run_cleanups): 202 DELETE http://10.180.1.21/compute/v2.1/flavors/1504783049 2.467s
2025-03-27 05:18:13.275 67746 INFO tempest.lib.common.rest_client [req-41671f59-e739-4ab8-bfbb-8cafb96009f6 req-41671f59-e739-4ab8-bfbb-8cafb96009f6 ] Request (SecurityGroupsTestJSON:test_list_security_groups_by_server): 201 POST http://10.180.1.21/identity/v3/auth/tokens 0.089s
2025-03-27 05:18:13.276 67746 INFO tempest.lib.common.fixed_network [-] (SecurityGroupsTestJSON:test_list_security_groups_by_server) Found network {'id': '27c8a410-acbb-42d3-9748-2d418538fbb7', 'name': 'tempest-SecurityGroupsTestJSON-1762708178-network', 'tenant_id': '5f0913481268401bbef75bc0a08aa16a', 'admin_state_up': True, 'mtu': 8950, 'status': 'ACTIVE', 'subnets': [], 'shared': False, 'project_id': '5f0913481268401bbef75bc0a08aa16a', 'port_security_enabled': True, 'router:external': False, 'provider:network_type': 'vlan', 'provider:physical_network': 'default', 'provider:segmentation_id': 825, 'is_default': False, 'availability_zone_hints': [], 'availability_zones': [], 'ipv4_address_scope': None, 'ipv6_address_scope': None, 'description': '', 'tags': [], 'created_at': '2025-03-27T05:17:57Z', 'updated_at': '2025-03-27T05:17:57Z', 'revision_number': 1} available for tenant
2025-03-27 05:18:13.294 67718 INFO tempest.lib.common.rest_client [req-5ac73182-324f-4fa6-ad12-a5a159de3ea5 req-5ac73182-324f-4fa6-ad12-a5a159de3ea5 ] Request (HostsAdminTestJSON:test_show_host_detail): 200 GET http://10.180.1.21/compute/v2.1/os-hosts/cpu-1 2.387s
2025-03-27 05:18:13.295 67728 INFO tempest.lib.common.rest_client [req-a311b1b2-ed01-438c-97a3-77c72c594cc7 req-a311b1b2-ed01-438c-97a3-77c72c594cc7 ] Request (ServicesAdminTestJSON:setUpClass): 201 POST http://10.180.1.21/identity/v3/auth/tokens 0.076s
2025-03-27 05:18:13.313 67712 INFO tempest.lib.common.rest_client [req-7078c186-6496-4a6f-a6b3-cb9ffc541078 req-7078c186-6496-4a6f-a6b3-cb9ffc541078 ] Request (ServersWithSpecificFlavorTestJSON:test_verify_created_server_ephemeral_disk): 200 POST http://10.180.1.21/compute/v2.1/flavors 2.380s
2025-03-27 05:18:13.341 67764 INFO tempest.lib.common.rest_client [req-f14e782b-3bf4-447f-9a74-ab1d79a0aec8 req-f14e782b-3bf4-447f-9a74-ab1d79a0aec8 ] Request (QuotasSecurityGroupAdminNegativeTest:setUpClass): 201 POST http://10.180.1.21/identity/v3/projects 0.114s
2025-03-27 05:18:13.358 67760 INFO tempest.lib.common.rest_client [req-b9f93eeb-5cd9-4025-b8f1-66af21e0c85a req-b9f93eeb-5cd9-4025-b8f1-66af21e0c85a ] Request (ServerDiagnosticsNegativeTest:test_get_server_diagnostics_by_non_admin): 200 GET http://10.180.1.21/compute/v2.1/servers/5689b9d0-a0e8-4461-a0e8-1c9cc32190cb 2.597s
2025-03-27 05:18:13.360 67728 INFO tempest.lib.common.rest_client [req-be520e26-9aea-49f6-a3bf-ccb2aa6f8166 req-be520e26-9aea-49f6-a3bf-ccb2aa6f8166 ] Request (ServicesAdminTestJSON:setUpClass): 201 POST http://10.180.1.21/identity/v3/projects 0.065s
2025-03-27 05:18:13.368 67762 INFO tempest.lib.common.rest_client [req-fc151921-4bb7-482b-a536-8748490071a5 req-fc151921-4bb7-482b-a536-8748490071a5 ] Request (SecurityGroupsNegativeTestJSON:setUpClass): 201 POST http://10.180.1.21:9696/networking/v2.0/subnets 0.388s
2025-03-27 05:18:13.394 67767 INFO tempest.lib.common.rest_client [req-972b51cd-9b5d-4f77-913b-072f8bb539a8 req-972b51cd-9b5d-4f77-913b-072f8bb539a8 ] Request (VolumesAssistedSnapshotsTest:test_volume_assisted_snapshot_create_delete): 201 POST http://10.180.1.21:9696/networking/v2.0/security-groups 0.187s
2025-03-27 05:18:13.433 67764 INFO tempest.lib.common.rest_client [req-59899cf7-14a2-4340-82cf-76248e8db969 req-59899cf7-14a2-4340-82cf-76248e8db969 ] Request (QuotasSecurityGroupAdminNegativeTest:setUpClass): 201 POST http://10.180.1.21/identity/v3/users 0.092s
2025-03-27 05:18:13.455 67728 INFO tempest.lib.common.rest_client [req-1ca89658-5ea8-4fb2-8d62-921187eb0f86 req-1ca89658-5ea8-4fb2-8d62-921187eb0f86 ] Request (ServicesAdminTestJSON:setUpClass): 201 POST http://10.180.1.21/identity/v3/users 0.094s
2025-03-27 05:18:13.484 67734 INFO tempest.lib.common.rest_client [req-c76a0b3d-0ccb-405a-b452-2bd04206f5a1 req-c76a0b3d-0ccb-405a-b452-2bd04206f5a1 ] Request (DeleteServersAdminTestJSON:test_admin_delete_servers_of_others): 200 GET http://10.180.1.21/compute/v2.1/servers/dc7be619-c2a8-4d65-8534-0dc8c8bf2f80 2.448s
2025-03-27 05:18:13.485 67718 INFO tempest.lib.common.rest_client [req-90b1caa4-8d1f-4933-94b5-26fe66090e34 req-90b1caa4-8d1f-4933-94b5-26fe66090e34 ] Request (HostsAdminTestJSON:tearDownClass): 204 DELETE http://10.180.1.21/identity/v3/users/1461c9ddcbfc4518aef7238ab2351fd3 0.186s
2025-03-27 05:18:13.539 67764 INFO tempest.lib.common.rest_client [req-6df9d463-cbeb-4bd7-a7f3-0ba796e092c5 req-6df9d463-cbeb-4bd7-a7f3-0ba796e092c5 ] Request (QuotasSecurityGroupAdminNegativeTest:setUpClass): 200 GET http://10.180.1.21/identity/v3/roles 0.105s
2025-03-27 05:18:13.552 67722 INFO tempest.lib.common.rest_client [req-a5c134b7-f982-4e5c-b198-c06430b03889 req-a5c134b7-f982-4e5c-b198-c06430b03889 ] Request (ServersAdmin275Test:test_rebuild_update_server_275): 200 GET http://10.180.1.21/compute/v2.1/servers/eae4bf0e-4a44-4929-92f7-e4f4b6966187 2.417s
2025-03-27 05:18:13.562 67728 INFO tempest.lib.common.rest_client [req-b8f7bcb2-61f5-45cd-bfe8-763414445c48 req-b8f7bcb2-61f5-45cd-bfe8-763414445c48 ] Request (ServicesAdminTestJSON:setUpClass): 200 GET http://10.180.1.21/identity/v3/roles 0.107s
2025-03-27 05:18:13.636 67718 INFO tempest.lib.common.rest_client [req-2f400a35-f8c0-43c1-909c-4afc91d7a469 req-2f400a35-f8c0-43c1-909c-4afc91d7a469 ] Request (HostsAdminTestJSON:tearDownClass): 204 DELETE http://10.180.1.21/identity/v3/users/50cf030c77e64a73895b0c10d8fd5565 0.151s
2025-03-27 05:18:13.636 67718 INFO tempest.lib.common.dynamic_creds [-] Deleting project and security group for project: 29385054412645a8ab1137dc95a392cd
2025-03-27 05:18:13.647 67714 INFO tempest.lib.common.rest_client [req-2d8b99ed-d59d-43f6-9539-f0566fb4f7c3 req-2d8b99ed-d59d-43f6-9539-f0566fb4f7c3 ] Request (QuotasAdminNegativeTest:_run_cleanups): 200 PUT http://10.180.1.21/compute/v2.1/os-quota-sets/1514bf932fd34ff69e82b4e91637f25a 2.642s
2025-03-27 05:18:13.683 67764 INFO tempest.lib.common.rest_client [req-65c20db3-baec-4705-b31c-64ae0e3b5c06 req-65c20db3-baec-4705-b31c-64ae0e3b5c06 ] Request (QuotasSecurityGroupAdminNegativeTest:setUpClass): 204 PUT http://10.180.1.21/identity/v3/projects/ca0e432f0f5c40fe831962b821679285/users/725683c2a88a45ffb5bd65f5c07512a5/roles/9d4bb00c71fa45e0a7bcd292d7dede98 0.143s
2025-03-27 05:18:13.719 67768 INFO tempest.lib.common.rest_client [req-f2da5ebd-e3b6-42c9-819b-876db465ca2f req-f2da5ebd-e3b6-42c9-819b-876db465ca2f ] Request (ServersV294TestFqdnHostnames:setUpClass): 200 GET http://10.180.1.21/compute/v2.1/servers/de7549c2-328b-4ab2-b590-c32f8a7d3261 2.123s
2025-03-27 05:18:13.752 67728 INFO tempest.lib.common.rest_client [req-7b100774-959c-496e-9fcc-ca2620e29590 req-7b100774-959c-496e-9fcc-ca2620e29590 ] Request (ServicesAdminTestJSON:setUpClass): 204 PUT http://10.180.1.21/identity/v3/projects/ae89ad8bb6dd42cd9e50c8d03e30f835/users/eaecc9316ba547ba90a85c461347280f/roles/9d4bb00c71fa45e0a7bcd292d7dede98 0.189s
2025-03-27 05:18:13.811 67718 INFO tempest.lib.common.rest_client [req-bc3cdea4-c1f6-4301-97cb-70b27ef0a0d1 req-bc3cdea4-c1f6-4301-97cb-70b27ef0a0d1 ] Request (HostsAdminTestJSON:tearDownClass): 201 POST http://10.180.1.21/identity/v3/auth/tokens 0.174s
2025-03-27 05:18:13.828 67764 INFO tempest.lib.common.rest_client [req-1cb03074-cbb6-4bc1-9273-98391595bacb req-1cb03074-cbb6-4bc1-9273-98391595bacb ] Request (QuotasSecurityGroupAdminNegativeTest:setUpClass): 200 GET http://10.180.1.21/identity/v3/roles 0.143s
2025-03-27 05:18:13.839 67728 INFO tempest.lib.common.rest_client [req-6742e414-73bc-436b-8d10-4ebed2b9d9a0 req-6742e414-73bc-436b-8d10-4ebed2b9d9a0 ] Request (ServicesAdminTestJSON:setUpClass): 200 GET http://10.180.1.21/identity/v3/roles 0.085s
2025-03-27 05:18:13.882 67767 INFO tempest.lib.common.rest_client [req-52ea9139-dbf0-4e28-95e7-7df7566ef8da req-52ea9139-dbf0-4e28-95e7-7df7566ef8da ] Request (VolumesAssistedSnapshotsTest:test_volume_assisted_snapshot_create_delete): 201 POST http://10.180.1.21:9696/networking/v2.0/security-group-rules 0.487s
2025-03-27 05:18:13.912 67744 INFO tempest.lib.common.rest_client [req-ad39551c-e245-4137-ac6e-424836c1b503 req-ad39551c-e245-4137-ac6e-424836c1b503 ] Request (InstanceUsageAuditLogNegativeTestJSON:test_instance_usage_audit_logs_with_nonadmin_user): 403 GET http://10.180.1.21/compute/v2.1/os-instance_usage_audit_log 2.049s
2025-03-27 05:18:13.912 67764 INFO tempest.lib.common.rest_client [req-84009b96-11af-44e7-90de-575bf15cd6f4 req-84009b96-11af-44e7-90de-575bf15cd6f4 ] Request (QuotasSecurityGroupAdminNegativeTest:setUpClass): 204 PUT http://10.180.1.21/identity/v3/projects/ca0e432f0f5c40fe831962b821679285/users/725683c2a88a45ffb5bd65f5c07512a5/roles/9d4bb00c71fa45e0a7bcd292d7dede98 0.084s
2025-03-27 05:18:13.912 67764 INFO tempest.lib.common.dynamic_creds [-] Dynamic test user 725683c2a88a45ffb5bd65f5c07512a5 is created with scope project and roles: ['admin']
2025-03-27 05:18:13.912 67764 INFO tempest.lib.common.dynamic_creds [-] Acquired dynamic creds: credentials: Credentials: {'domain_id': 'default', 'domain_name': 'Default', 'username': 'tempest-QuotasSecurityGroupAdminNegativeTest-2005498041-project-admin', 'project_domain_id': 'default', 'project_domain_name': 'Default', 'project_id': 'ca0e432f0f5c40fe831962b821679285', 'project_name': 'tempest-QuotasSecurityGroupAdminNegativeTest-2005498041', 'tenant_id': 'ca0e432f0f5c40fe831962b821679285', 'tenant_name': 'tempest-QuotasSecurityGroupAdminNegativeTest-2005498041', 'user_domain_id': 'default', 'user_domain_name': 'Default', 'user_id': '725683c2a88a45ffb5bd65f5c07512a5', 'system': None}, Network: None, Subnet: None, Router: None
2025-03-27 05:18:13.912 67764 INFO tempest.lib.common.dynamic_creds [-] Created isolated network resources for: credentials: Credentials: {'domain_id': 'default', 'domain_name': 'Default', 'username': 'tempest-QuotasSecurityGroupAdminNegativeTest-2005498041-project-admin', 'project_domain_id': 'default', 'project_domain_name': 'Default', 'project_id': 'ca0e432f0f5c40fe831962b821679285', 'project_name': 'tempest-QuotasSecurityGroupAdminNegativeTest-2005498041', 'tenant_id': 'ca0e432f0f5c40fe831962b821679285', 'tenant_name': 'tempest-QuotasSecurityGroupAdminNegativeTest-2005498041', 'user_domain_id': 'default', 'user_domain_name': 'Default', 'user_id': '725683c2a88a45ffb5bd65f5c07512a5', 'system': None}, Network: None, Subnet: None, Router: None
2025-03-27 05:18:13.960 67728 INFO tempest.lib.common.rest_client [req-7b5e0b7c-094a-482e-a034-2e88a0b37e98 req-7b5e0b7c-094a-482e-a034-2e88a0b37e98 ] Request (ServicesAdminTestJSON:setUpClass): 204 PUT http://10.180.1.21/identity/v3/projects/ae89ad8bb6dd42cd9e50c8d03e30f835/users/eaecc9316ba547ba90a85c461347280f/roles/9d4bb00c71fa45e0a7bcd292d7dede98 0.121s
2025-03-27 05:18:13.961 67728 INFO tempest.lib.common.dynamic_creds [-] Dynamic test user eaecc9316ba547ba90a85c461347280f is created with scope project and roles: ['admin']
2025-03-27 05:18:13.961 67728 INFO tempest.lib.common.dynamic_creds [-] Acquired dynamic creds: credentials: Credentials: {'domain_id': 'default', 'domain_name': 'Default', 'username': 'tempest-ServicesAdminTestJSON-1290849494-project-admin', 'project_domain_id': 'default', 'project_domain_name': 'Default', 'project_id': 'ae89ad8bb6dd42cd9e50c8d03e30f835', 'project_name': 'tempest-ServicesAdminTestJSON-1290849494', 'tenant_id': 'ae89ad8bb6dd42cd9e50c8d03e30f835', 'tenant_name': 'tempest-ServicesAdminTestJSON-1290849494', 'user_domain_id': 'default', 'user_domain_name': 'Default', 'user_id': 'eaecc9316ba547ba90a85c461347280f', 'system': None}, Network: None, Subnet: None, Router: None
2025-03-27 05:18:13.961 67728 INFO tempest.lib.common.dynamic_creds [-] Created isolated network resources for: credentials: Credentials: {'domain_id': 'default', 'domain_name': 'Default', 'username': 'tempest-ServicesAdminTestJSON-1290849494-project-admin', 'project_domain_id': 'default', 'project_domain_name': 'Default', 'project_id': 'ae89ad8bb6dd42cd9e50c8d03e30f835', 'project_name': 'tempest-ServicesAdminTestJSON-1290849494', 'tenant_id': 'ae89ad8bb6dd42cd9e50c8d03e30f835', 'tenant_name': 'tempest-ServicesAdminTestJSON-1290849494', 'user_domain_id': 'default', 'user_domain_name': 'Default', 'user_id': 'eaecc9316ba547ba90a85c461347280f', 'system': None}, Network: None, Subnet: None, Router: None
2025-03-27 05:18:14.035 67764 INFO tempest.lib.common.rest_client [req-e9a69e42-4d9c-4271-bc74-8f5e42dd6c2e req-e9a69e42-4d9c-4271-bc74-8f5e42dd6c2e ] Request (QuotasSecurityGroupAdminNegativeTest:setUpClass): 201 POST http://10.180.1.21/identity/v3/auth/tokens 0.118s
2025-03-27 05:18:14.036 67764 WARNING tempest.lib.common.rest_client [-] Deprecated: "tenant_id" property is deprecated for removal, use "project_id" instead
2025-03-27 05:18:14.040 67706 INFO tempest.lib.common.rest_client [req-b8dbd5ba-2e2e-44e7-bb12-e18596bcd918 req-b8dbd5ba-2e2e-44e7-bb12-e18596bcd918 ] Request (QuotasAdminTestJSON:test_delete_quota): 200 GET http://10.180.1.21/compute/v2.1/os-quota-sets/ea5280a0db8e4d07be2c34724caa76dd 2.516s
2025-03-27 05:18:14.090 67728 INFO tempest.lib.common.rest_client [req-f2756e04-b27d-4332-9c13-385dfd99d45b req-f2756e04-b27d-4332-9c13-385dfd99d45b ] Request (ServicesAdminTestJSON:setUpClass): 201 POST http://10.180.1.21/identity/v3/auth/tokens 0.127s
2025-03-27 05:18:14.136 67764 INFO tempest.lib.common.rest_client [req-43a15abf-305d-4623-86bc-f960c6a25e76 req-43a15abf-305d-4623-86bc-f960c6a25e76 ] Request (QuotasSecurityGroupAdminNegativeTest:tearDownClass): 204 DELETE http://10.180.1.21/identity/v3/users/7893efc04cf7421b95f61c2aa224b61c 0.098s
2025-03-27 05:18:14.237 67764 INFO tempest.lib.common.rest_client [req-4955e0f0-de37-41f1-b3d5-8dd7766bb430 req-4955e0f0-de37-41f1-b3d5-8dd7766bb430 ] Request (QuotasSecurityGroupAdminNegativeTest:tearDownClass): 204 DELETE http://10.180.1.21/identity/v3/users/725683c2a88a45ffb5bd65f5c07512a5 0.100s
2025-03-27 05:18:14.237 67764 INFO tempest.lib.common.dynamic_creds [-] Deleting project and security group for project: ca0e432f0f5c40fe831962b821679285
2025-03-27 05:18:14.283 67756 INFO tempest.lib.common.rest_client [req-2c92e730-a468-4dd0-8afd-becd38db88dd req-2c92e730-a468-4dd0-8afd-becd38db88dd ] Request (ServerDiagnosticsV248Test:test_get_server_diagnostics): 200 GET http://10.180.1.21/compute/v2.1/servers/0786e0b6-8cc3-4577-b1b0-d01a8361666e 2.275s
2025-03-27 05:18:14.301 67767 INFO tempest.lib.common.rest_client [req-a3356a71-ed98-4c0a-92a8-6cc83ccc90d5 req-a3356a71-ed98-4c0a-92a8-6cc83ccc90d5 ] Request (VolumesAssistedSnapshotsTest:test_volume_assisted_snapshot_create_delete): 201 POST http://10.180.1.21:9696/networking/v2.0/security-group-rules 0.418s
2025-03-27 05:18:14.304 67764 INFO tempest.lib.common.rest_client [req-080a9e08-053b-4304-91b2-d484b181d33b req-080a9e08-053b-4304-91b2-d484b181d33b ] Request (QuotasSecurityGroupAdminNegativeTest:tearDownClass): 201 POST http://10.180.1.21/identity/v3/auth/tokens 0.066s
2025-03-27 05:18:14.320 67718 INFO tempest.lib.common.rest_client [req-942a5e4e-c4fe-4f2a-97b9-22f3a969bdbf req-942a5e4e-c4fe-4f2a-97b9-22f3a969bdbf ] Request (HostsAdminTestJSON:tearDownClass): 200 GET http://10.180.1.21:9696/networking/v2.0/security-groups?tenant_id=29385054412645a8ab1137dc95a392cd&name=default 0.508s
2025-03-27 05:18:14.367 67754 INFO tempest.lib.common.rest_client [req-523e4087-c446-49c1-bd07-4167fe9c69ec req-523e4087-c446-49c1-bd07-4167fe9c69ec ] Request (InstanceActionsNegativeTestJSON:setUpClass): 200 GET http://10.180.1.21/compute/v2.1/servers/0ac8dd6c-41e3-4749-9129-02688c3385cc 2.306s
2025-03-27 05:18:14.425 67710 INFO tempest.lib.common.rest_client [req-0396960b-3bf0-4472-822e-dc7bd3bd6b99 req-0396960b-3bf0-4472-822e-dc7bd3bd6b99 ] Request (ServerTagsTestJSON:setUpClass): 200 GET http://10.180.1.21/compute/v2.1/servers/f9097bb5-5320-49e6-9c9a-6397a176a5a3 2.532s
2025-03-27 05:18:14.471 67718 INFO tempest.lib.common.rest_client [req-9d8ba2cd-5b2c-40cf-9ec6-11599bdfbe30 req-9d8ba2cd-5b2c-40cf-9ec6-11599bdfbe30 ] Request (HostsAdminTestJSON:tearDownClass): 204 DELETE http://10.180.1.21:9696/networking/v2.0/security-groups/d9022e3b-a6de-4f1c-a950-45f8f7f03bdf 0.151s
2025-03-27 05:18:14.557 67718 INFO tempest.lib.common.rest_client [req-8ae77386-0f90-467b-b111-d8cb4a7822d6 req-8ae77386-0f90-467b-b111-d8cb4a7822d6 ] Request (HostsAdminTestJSON:tearDownClass): 204 DELETE http://10.180.1.21/identity/v3/projects/29385054412645a8ab1137dc95a392cd 0.085s
2025-03-27 05:18:14.558 67718 INFO tempest.lib.common.dynamic_creds [-] Deleting project and security group for project: 05df3304471b438faecaa5c36bd19261
2025-03-27 05:18:14.574 67762 INFO tempest.lib.common.rest_client [req-22c1da01-fddb-4efc-b0cf-75bc273340bf req-22c1da01-fddb-4efc-b0cf-75bc273340bf ] Request (SecurityGroupsNegativeTestJSON:setUpClass): 201 POST http://10.180.1.21:9696/networking/v2.0/routers 1.206s
2025-03-27 05:18:14.590 67764 INFO tempest.lib.common.rest_client [req-adcb9a23-bacf-418f-95a3-a85b38d0fabf req-adcb9a23-bacf-418f-95a3-a85b38d0fabf ] Request (QuotasSecurityGroupAdminNegativeTest:tearDownClass): 200 GET http://10.180.1.21:9696/networking/v2.0/security-groups?tenant_id=ca0e432f0f5c40fe831962b821679285&name=default 0.286s
2025-03-27 05:18:14.670 67716 INFO tempest.lib.common.rest_client [req-3824df16-b1d6-40c0-918d-ad98b5017b96 req-3824df16-b1d6-40c0-918d-ad98b5017b96 ] Request (ListServerFiltersTestJSON:setUpClass): 200 GET http://10.180.1.21/compute/v2.1/servers/bb35e63a-3fb6-4a2a-8037-3fcc16def092 1.954s
2025-03-27 05:18:14.940 67748 INFO tempest.lib.common.rest_client [req-1e894f23-43ad-4e46-93de-10ecac49e120 req-1e894f23-43ad-4e46-93de-10ecac49e120 ] Request (SecurityGroupsTestAdminJSON:test_list_security_groups_list_all_tenants_filter): 200 POST http://10.180.1.21/compute/v2.1/os-security-groups 2.662s
2025-03-27 05:18:14.970 67730 INFO tempest.lib.common.rest_client [req-f2c3019f-3980-4f11-a013-490ed86fdf93 req-f2c3019f-3980-4f11-a013-490ed86fdf93 ] Request (ServicesAdminNegativeV253TestJSON:test_get_service_by_invalid_params): 200 GET http://10.180.1.21/compute/v2.1/os-services?xxx=nova-compute 2.127s
2025-03-27 05:18:14.996 67724 INFO tempest.lib.common.rest_client [req-8985be13-94b2-47c1-91d9-981448a5518a req-8985be13-94b2-47c1-91d9-981448a5518a ] Request (FlavorsExtraSpecsTestJSON:test_flavor_set_get_update_show_unset_keys): 200 DELETE http://10.180.1.21/compute/v2.1/flavors/1312155486/os-extra_specs/hw:numa_nodes 2.137s
2025-03-27 05:18:14.998 67718 INFO tempest.lib.common.rest_client [req-1807ada7-144c-46b8-b111-fb76818a45e2 req-1807ada7-144c-46b8-b111-fb76818a45e2 ] Request (HostsAdminTestJSON:tearDownClass): 200 GET http://10.180.1.21:9696/networking/v2.0/security-groups?tenant_id=05df3304471b438faecaa5c36bd19261&name=default 0.440s
2025-03-27 05:18:15.005 67764 INFO tempest.lib.common.rest_client [req-f56ec131-b5f4-4b2c-a599-52cbd8df0dd5 req-f56ec131-b5f4-4b2c-a599-52cbd8df0dd5 ] Request (QuotasSecurityGroupAdminNegativeTest:tearDownClass): 204 DELETE http://10.180.1.21:9696/networking/v2.0/security-groups/657ebc07-c2e5-461a-a223-26c7bb2e18cc 0.415s
2025-03-27 05:18:15.040 67736 INFO tempest.lib.common.rest_client [req-0b7f8851-0672-46ee-bfef-801a3fe777a4 req-0b7f8851-0672-46ee-bfef-801a3fe777a4 ] Request (FloatingIPsTestJSON:_run_cleanups): 404 DELETE http://10.180.1.21/compute/v2.1/os-floating-ips/337fa05f-00f1-4f0a-9efa-09c9a9963bde 2.142s
2025-03-27 05:18:15.063 67740 INFO tempest.lib.common.rest_client [req-a7139834-8631-4f56-9f95-971890684b23 req-a7139834-8631-4f56-9f95-971890684b23 ] Request (FlavorsAccessNegativeTestJSON:_run_cleanups): 200 GET http://10.180.1.21/compute/v2.1/flavors/detail 2.144s
2025-03-27 05:18:15.079 67738 INFO tempest.lib.common.rest_client [req-22796f73-99f7-4497-bcb6-2d49b1e6b940 req-22796f73-99f7-4497-bcb6-2d49b1e6b940 ] Request (FlavorsAdminTestJSON:test_create_flavor_with_none_id): 200 POST http://10.180.1.21/compute/v2.1/flavors 2.137s
2025-03-27 05:18:15.116 67764 INFO tempest.lib.common.rest_client [req-14702946-47e5-42cc-8882-1cadc6892605 req-14702946-47e5-42cc-8882-1cadc6892605 ] Request (QuotasSecurityGroupAdminNegativeTest:tearDownClass): 204 DELETE http://10.180.1.21/identity/v3/projects/ca0e432f0f5c40fe831962b821679285 0.111s
2025-03-27 05:18:15.117 67764 INFO tempest.lib.common.dynamic_creds [-] Deleting project and security group for project: 787f62f4271e4d918c565aa5a6dc1741
2025-03-27 05:18:15.159 67718 INFO tempest.lib.common.rest_client [req-f23a4a15-fd3d-45bd-a519-d195ae23ca50 req-f23a4a15-fd3d-45bd-a519-d195ae23ca50 ] Request (HostsAdminTestJSON:tearDownClass): 204 DELETE http://10.180.1.21:9696/networking/v2.0/security-groups/b220dbd0-84d9-4a92-95a2-ca2b70a14db1 0.160s
2025-03-27 05:18:15.167 67720 INFO tempest.lib.common.rest_client [req-0c48f106-10d0-4544-8a14-75969ab93029 req-0c48f106-10d0-4544-8a14-75969ab93029 ] Request (SecurityGroupRulesNegativeTestJSON:test_create_security_group_rule_duplicate): 400 POST http://10.180.1.21/compute/v2.1/os-security-group-rules 2.194s
2025-03-27 05:18:15.172 67708 INFO tempest.lib.common.rest_client [req-7e85c152-b423-4d2d-a81f-0ed54001635f req-7e85c152-b423-4d2d-a81f-0ed54001635f ] Request (HostsAdminNegativeTestJSON:test_update_host_with_invalid_maintenance_mode): 400 PUT http://10.180.1.21/compute/v2.1/os-hosts/devstack 2.190s
2025-03-27 05:18:15.313 67718 INFO tempest.lib.common.rest_client [req-cf8b2ccf-ea81-4488-8fb1-2d5cedf21a4c req-cf8b2ccf-ea81-4488-8fb1-2d5cedf21a4c ] Request (HostsAdminTestJSON:tearDownClass): 204 DELETE http://10.180.1.21/identity/v3/projects/05df3304471b438faecaa5c36bd19261 0.154s
2025-03-27 05:18:15.313 67764 INFO tempest.lib.common.rest_client [req-e8fec135-b3be-4c57-bf24-15db2a124365 req-e8fec135-b3be-4c57-bf24-15db2a124365 ] Request (QuotasSecurityGroupAdminNegativeTest:tearDownClass): 200 GET http://10.180.1.21:9696/networking/v2.0/security-groups?tenant_id=787f62f4271e4d918c565aa5a6dc1741&name=default 0.196s
2025-03-27 05:18:15.330 67742 INFO tempest.lib.common.rest_client [req-caac7458-4ed6-471b-8124-e72438765c7d req-caac7458-4ed6-471b-8124-e72438765c7d ] Request (FloatingIPsNegativeTestJSON:setUpClass): 200 GET http://10.180.1.21/compute/v2.1/os-floating-ips 2.239s
2025-03-27 05:18:15.352 67767 INFO tempest.lib.common.rest_client [req-50dc6943-8359-41dd-96e9-1c40e9b45e62 req-50dc6943-8359-41dd-96e9-1c40e9b45e62 ] Request (VolumesAssistedSnapshotsTest:test_volume_assisted_snapshot_create_delete): 201 POST http://10.180.1.21:9696/networking/v2.0/floatingips 1.051s
2025-03-27 05:18:15.369 67752 INFO tempest.lib.common.rest_client [req-77d85a57-1845-4503-ae3e-c345e6d25fd0 req-77d85a57-1845-4503-ae3e-c345e6d25fd0 ] Request (AggregatesAdminNegativeTestJSON:test_aggregate_add_non_exist_host): 404 POST http://10.180.1.21/compute/v2.1/os-aggregates/3/action 2.135s
2025-03-27 05:18:15.381 67718 INFO tempest.lib.common.rest_client [req-ba4129f2-6fc3-45c1-9507-90ac285c2b4d req-ba4129f2-6fc3-45c1-9507-90ac285c2b4d ] Request (ServersAdminTestJSON:setUpClass): 201 POST http://10.180.1.21/identity/v3/auth/tokens 0.066s
2025-03-27 05:18:15.389 67732 INFO tempest.lib.common.rest_client [req-a8ff3604-5f70-4c67-8f45-dc385e47de6e req-a8ff3604-5f70-4c67-8f45-dc385e47de6e ] Request (FlavorsAccessTestJSON:_run_cleanups): 200 GET http://10.180.1.21/compute/v2.1/flavors/detail 2.142s
2025-03-27 05:18:15.414 67718 INFO tempest.lib.common.rest_client [req-60510bf4-68c1-4675-8ddc-b2de9d170d03 req-60510bf4-68c1-4675-8ddc-b2de9d170d03 ] Request (ServersAdminTestJSON:setUpClass): 201 POST http://10.180.1.21/identity/v3/auth/tokens 0.030s
2025-03-27 05:18:15.439 67767 INFO tempest.lib.common.rest_client [req-689913f9-eaee-4c78-ae0c-b26fa7371826 req-689913f9-eaee-4c78-ae0c-b26fa7371826 ] Request (VolumesAssistedSnapshotsTest:test_volume_assisted_snapshot_create_delete): 201 POST http://10.180.1.21/identity/v3/auth/tokens 0.082s
2025-03-27 05:18:15.439 67767 INFO tempest.lib.common.fixed_network [-] (VolumesAssistedSnapshotsTest:test_volume_assisted_snapshot_create_delete) Found network {'id': 'e046a61f-f2a2-4d12-a6f1-be660da84d98', 'name': 'tempest-VolumesAssistedSnapshotsTest-763562468-network', 'tenant_id': '8b0a9896a0bf44158642d13b39e7d3b7', 'admin_state_up': True, 'mtu': 8950, 'status': 'ACTIVE', 'subnets': [], 'shared': False, 'project_id': '8b0a9896a0bf44158642d13b39e7d3b7', 'port_security_enabled': True, 'router:external': False, 'provider:network_type': 'vlan', 'provider:physical_network': 'default', 'provider:segmentation_id': 182, 'is_default': False, 'availability_zone_hints': [], 'availability_zones': [], 'ipv4_address_scope': None, 'ipv6_address_scope': None, 'description': '', 'tags': [], 'created_at': '2025-03-27T05:17:41Z', 'updated_at': '2025-03-27T05:17:41Z', 'revision_number': 1} available for tenant
2025-03-27 05:18:15.461 67718 INFO tempest.lib.common.rest_client [req-b27cfd1c-5d92-4d64-8478-689cc2ef7578 req-b27cfd1c-5d92-4d64-8478-689cc2ef7578 ] Request (ServersAdminTestJSON:setUpClass): 200 GET http://10.180.1.21/identity/v3/domains?name=Default 0.046s
2025-03-27 05:18:15.469 67764 INFO tempest.lib.common.rest_client [req-44406bbc-869a-4f7a-9f30-c929981b23c3 req-44406bbc-869a-4f7a-9f30-c929981b23c3 ] Request (QuotasSecurityGroupAdminNegativeTest:tearDownClass): 204 DELETE http://10.180.1.21:9696/networking/v2.0/security-groups/fb235915-b311-479e-98b8-36a835431083 0.155s
2025-03-27 05:18:15.482 67732 INFO tempest.lib.common.rest_client [req-c9ec9cb3-f1d4-45dc-8fee-ca2f4886b1ab req-c9ec9cb3-f1d4-45dc-8fee-ca2f4886b1ab ] Request (FlavorsAccessTestJSON:tearDownClass): 204 DELETE http://10.180.1.21/identity/v3/users/c7d2bd768dfb45b79a567b45dedd9a8b 0.085s
2025-03-27 05:18:15.522 67718 INFO tempest.lib.common.rest_client [req-b8d07e24-3533-47f3-966e-b973efec9a0a req-b8d07e24-3533-47f3-966e-b973efec9a0a ] Request (ServersAdminTestJSON:setUpClass): 201 POST http://10.180.1.21/identity/v3/projects 0.060s
2025-03-27 05:18:15.620 67764 INFO tempest.lib.common.rest_client [req-5f61ef10-672e-406c-86d6-c80804bcaee8 req-5f61ef10-672e-406c-86d6-c80804bcaee8 ] Request (QuotasSecurityGroupAdminNegativeTest:tearDownClass): 204 DELETE http://10.180.1.21/identity/v3/projects/787f62f4271e4d918c565aa5a6dc1741 0.151s
2025-03-27 05:18:15.642 67732 INFO tempest.lib.common.rest_client [req-9afd96c5-c5f2-4fea-89e7-8aa85e8fa664 req-9afd96c5-c5f2-4fea-89e7-8aa85e8fa664 ] Request (FlavorsAccessTestJSON:tearDownClass): 204 DELETE http://10.180.1.21/identity/v3/users/eae5761579694e6d9380ca750fbaf80c 0.158s
2025-03-27 05:18:15.642 67732 INFO tempest.lib.common.dynamic_creds [-] Deleting project and security group for project: abbfd00a27634438a6729af3075d25b9
2025-03-27 05:18:15.716 67764 INFO tempest.lib.common.rest_client [req-dc154781-ecf2-460c-8710-e2a797b36de4 req-dc154781-ecf2-460c-8710-e2a797b36de4 ] Request (ImagesOneServerTestJSON:setUpClass): 201 POST http://10.180.1.21/identity/v3/auth/tokens 0.094s
2025-03-27 05:18:15.721 67718 INFO tempest.lib.common.rest_client [req-d3c39271-3971-4e40-bc64-216364bda2e4 req-d3c39271-3971-4e40-bc64-216364bda2e4 ] Request (ServersAdminTestJSON:setUpClass): 201 POST http://10.180.1.21/identity/v3/users 0.198s
2025-03-27 05:18:15.744 67732 INFO tempest.lib.common.rest_client [req-729da818-b7e3-49da-8f88-4c7b5d14278a req-729da818-b7e3-49da-8f88-4c7b5d14278a ] Request (FlavorsAccessTestJSON:tearDownClass): 201 POST http://10.180.1.21/identity/v3/auth/tokens 0.102s
2025-03-27 05:18:15.747 67764 INFO tempest.lib.common.rest_client [req-324c21d5-7fd3-4dfd-bf28-78b2d0684d82 req-324c21d5-7fd3-4dfd-bf28-78b2d0684d82 ] Request (ImagesOneServerTestJSON:setUpClass): 201 POST http://10.180.1.21/identity/v3/auth/tokens 0.028s
2025-03-27 05:18:15.770 67764 INFO tempest.lib.common.rest_client [req-1fd56279-3dfa-41db-90ec-a53612043bf2 req-1fd56279-3dfa-41db-90ec-a53612043bf2 ] Request (ImagesOneServerTestJSON:setUpClass): 200 GET http://10.180.1.21/identity/v3/domains?name=Default 0.022s
2025-03-27 05:18:15.771 67718 INFO tempest.lib.common.rest_client [req-ad5e4098-63a3-4678-8aba-6c202074a759 req-ad5e4098-63a3-4678-8aba-6c202074a759 ] Request (ServersAdminTestJSON:setUpClass): 200 GET http://10.180.1.21/identity/v3/roles 0.050s
2025-03-27 05:18:15.799 67764 INFO tempest.lib.common.rest_client [req-91ee9d8d-8b3a-4bbb-bbd1-0d9feb6830b1 req-91ee9d8d-8b3a-4bbb-bbd1-0d9feb6830b1 ] Request (ImagesOneServerTestJSON:setUpClass): 201 POST http://10.180.1.21/identity/v3/projects 0.029s
2025-03-27 05:18:15.862 67718 INFO tempest.lib.common.rest_client [req-0af13fac-c247-47c9-9eaf-4d9a005e7609 req-0af13fac-c247-47c9-9eaf-4d9a005e7609 ] Request (ServersAdminTestJSON:setUpClass): 204 PUT http://10.180.1.21/identity/v3/projects/80afca15dea54a2796d8e587ec971c72/users/a474bae5e5ab47d8b15733dccb09f8fd/roles/059e92b582ef4cda9d9ed822ff85571c 0.091s
2025-03-27 05:18:15.863 67718 INFO tempest.lib.common.dynamic_creds [-] Dynamic test user a474bae5e5ab47d8b15733dccb09f8fd is created with scope project and roles: ['member']
2025-03-27 05:18:15.863 67718 INFO tempest.lib.common.dynamic_creds [-] Acquired dynamic creds: credentials: Credentials: {'domain_id': 'default', 'domain_name': 'Default', 'username': 'tempest-ServersAdminTestJSON-1008777526-project-member', 'project_domain_id': 'default', 'project_domain_name': 'Default', 'project_id': '80afca15dea54a2796d8e587ec971c72', 'project_name': 'tempest-ServersAdminTestJSON-1008777526', 'tenant_id': '80afca15dea54a2796d8e587ec971c72', 'tenant_name': 'tempest-ServersAdminTestJSON-1008777526', 'user_domain_id': 'default', 'user_domain_name': 'Default', 'user_id': 'a474bae5e5ab47d8b15733dccb09f8fd', 'system': None}, Network: None, Subnet: None, Router: None
2025-03-27 05:18:15.869 67764 INFO tempest.lib.common.rest_client [req-fc8415d1-effd-4133-bb14-914ed4bf8865 req-fc8415d1-effd-4133-bb14-914ed4bf8865 ] Request (ImagesOneServerTestJSON:setUpClass): 201 POST http://10.180.1.21/identity/v3/users 0.070s
2025-03-27 05:18:15.914 67764 INFO tempest.lib.common.rest_client [req-f3270899-ba9a-443e-b2d4-2b191fbd8339 req-f3270899-ba9a-443e-b2d4-2b191fbd8339 ] Request (ImagesOneServerTestJSON:setUpClass): 200 GET http://10.180.1.21/identity/v3/roles 0.044s
2025-03-27 05:18:15.927 67718 INFO tempest.lib.common.rest_client [req-173fe8fe-63b4-4a6f-a4a4-f5412af758f1 req-173fe8fe-63b4-4a6f-a4a4-f5412af758f1 ] Request (ServersAdminTestJSON:setUpClass): 201 POST http://10.180.1.21/identity/v3/auth/tokens 0.064s
2025-03-27 05:18:15.941 67764 INFO tempest.lib.common.rest_client [req-61b9c477-9749-4959-9049-5cd6e08e2a5d req-61b9c477-9749-4959-9049-5cd6e08e2a5d ] Request (ImagesOneServerTestJSON:setUpClass): 204 PUT http://10.180.1.21/identity/v3/projects/fea269d70bdd4219935dbdf52e1ca434/users/e9ae750e23e04233b3e5810624dc3ee4/roles/059e92b582ef4cda9d9ed822ff85571c 0.026s
2025-03-27 05:18:15.941 67764 INFO tempest.lib.common.dynamic_creds [-] Dynamic test user e9ae750e23e04233b3e5810624dc3ee4 is created with scope project and roles: ['member']
2025-03-27 05:18:15.941 67764 INFO tempest.lib.common.dynamic_creds [-] Acquired dynamic creds: credentials: Credentials: {'domain_id': 'default', 'domain_name': 'Default', 'username': 'tempest-ImagesOneServerTestJSON-558811522-project-member', 'project_domain_id': 'default', 'project_domain_name': 'Default', 'project_id': 'fea269d70bdd4219935dbdf52e1ca434', 'project_name': 'tempest-ImagesOneServerTestJSON-558811522', 'tenant_id': 'fea269d70bdd4219935dbdf52e1ca434', 'tenant_name': 'tempest-ImagesOneServerTestJSON-558811522', 'user_domain_id': 'default', 'user_domain_name': 'Default', 'user_id': 'e9ae750e23e04233b3e5810624dc3ee4', 'system': None}, Network: None, Subnet: None, Router: None
2025-03-27 05:18:16.009 67764 INFO tempest.lib.common.rest_client [req-360e4fe1-d4d1-42f2-aba7-09bc1ea79c55 req-360e4fe1-d4d1-42f2-aba7-09bc1ea79c55 ] Request (ImagesOneServerTestJSON:setUpClass): 201 POST http://10.180.1.21/identity/v3/auth/tokens 0.067s
2025-03-27 05:18:16.041 67732 INFO tempest.lib.common.rest_client [req-2ddbc26a-6beb-41c6-9faa-569d907fd117 req-2ddbc26a-6beb-41c6-9faa-569d907fd117 ] Request (FlavorsAccessTestJSON:tearDownClass): 200 GET http://10.180.1.21:9696/networking/v2.0/security-groups?tenant_id=abbfd00a27634438a6729af3075d25b9&name=default 0.296s
2025-03-27 05:18:16.233 67762 INFO tempest.lib.common.rest_client [req-b9ae23bf-5820-41fb-b600-d38dfe908c0a req-b9ae23bf-5820-41fb-b600-d38dfe908c0a ] Request (SecurityGroupsNegativeTestJSON:setUpClass): 200 PUT http://10.180.1.21:9696/networking/v2.0/routers/81ce0bc9-959f-42cd-9ab8-c1b55415052d/add_router_interface 1.659s
2025-03-27 05:18:16.234 67762 INFO tempest.lib.common.dynamic_creds [-] Created isolated network resources for: credentials: Credentials: {'domain_id': 'default', 'domain_name': 'Default', 'username': 'tempest-SecurityGroupsNegativeTestJSON-2133022325-project-member', 'project_domain_id': 'default', 'project_domain_name': 'Default', 'project_id': '27203a3211a7419ea0804e3d276ead10', 'project_name': 'tempest-SecurityGroupsNegativeTestJSON-2133022325', 'tenant_id': '27203a3211a7419ea0804e3d276ead10', 'tenant_name': 'tempest-SecurityGroupsNegativeTestJSON-2133022325', 'user_domain_id': 'default', 'user_domain_name': 'Default', 'user_id': '608e2ce0bc06466ca624e694a0d60cb1', 'system': None}, Network: {'id': '35718711-2f00-4d69-96ee-8091c48e284d', 'name': 'tempest-SecurityGroupsNegativeTestJSON-1394421841-network', 'tenant_id': '27203a3211a7419ea0804e3d276ead10', 'admin_state_up': True, 'mtu': 8950, 'status': 'ACTIVE', 'subnets': [], 'shared': False, 'project_id': '27203a3211a7419ea0804e3d276ead10', 'port_security_enabled': True, 'router:external': False, 'provider:network_type': 'vlan', 'provider:physical_network': 'default', 'provider:segmentation_id': 212, 'is_default': False, 'availability_zone_hints': [], 'availability_zones': [], 'ipv4_address_scope': None, 'ipv6_address_scope': None, 'description': '', 'tags': [], 'created_at': '2025-03-27T05:18:12Z', 'updated_at': '2025-03-27T05:18:12Z', 'revision_number': 1}, Subnet: {'id': 'b57bc8cb-a134-48c7-8c73-921cc3966f07', 'name': 'tempest-SecurityGroupsNegativeTestJSON-1394421841-subnet', 'tenant_id': '27203a3211a7419ea0804e3d276ead10', 'network_id': '35718711-2f00-4d69-96ee-8091c48e284d', 'ip_version': 4, 'subnetpool_id': None, 'enable_dhcp': True, 'ipv6_ra_mode': None, 'ipv6_address_mode': None, 'gateway_ip': '192.168.128.1', 'cidr': '192.168.128.0/28', 'allocation_pools': [{'start': '192.168.128.2', 'end': '192.168.128.14'}], 'host_routes': [], 'dns_nameservers': [], 'description': '', 'service_types': [], 'tags': [], 'created_at': '2025-03-27T05:18:13Z', 'updated_at': '2025-03-27T05:18:13Z', 'revision_number': 0, 'project_id': '27203a3211a7419ea0804e3d276ead10'}, Router: {'id': '81ce0bc9-959f-42cd-9ab8-c1b55415052d', 'name': 'tempest-SecurityGroupsNegativeTestJSON-1394421841-router', 'tenant_id': '27203a3211a7419ea0804e3d276ead10', 'admin_state_up': True, 'status': 'ACTIVE', 'external_gateway_info': {'network_id': '25d371eb-3777-4784-ae63-167eef38f463', 'external_fixed_ips': [{'subnet_id': '242ea5bc-89f0-49ba-b7f9-543832776c14', 'ip_address': '10.180.180.222'}], 'enable_snat': True}, 'description': '', 'availability_zones': [], 'distributed': False, 'ha': False, 'availability_zone_hints': [], 'routes': [], 'flavor_id': None, 'tags': [], 'created_at': '2025-03-27T05:18:13Z', 'updated_at': '2025-03-27T05:18:14Z', 'revision_number': 2, 'project_id': '27203a3211a7419ea0804e3d276ead10'}
2025-03-27 05:18:16.247 67732 INFO tempest.lib.common.rest_client [req-1cae1877-6635-42c0-882e-4e36554993e1 req-1cae1877-6635-42c0-882e-4e36554993e1 ] Request (FlavorsAccessTestJSON:tearDownClass): 204 DELETE http://10.180.1.21:9696/networking/v2.0/security-groups/6c80eaca-269b-47d4-b1c2-8349948799ab 0.206s
2025-03-27 05:18:16.320 67732 INFO tempest.lib.common.rest_client [req-b19ec604-3e49-4475-aa44-ab1a41f81da5 req-b19ec604-3e49-4475-aa44-ab1a41f81da5 ] Request (FlavorsAccessTestJSON:tearDownClass): 204 DELETE http://10.180.1.21/identity/v3/projects/abbfd00a27634438a6729af3075d25b9 0.072s
2025-03-27 05:18:16.320 67732 INFO tempest.lib.common.dynamic_creds [-] Deleting project and security group for project: d19938c096764ac4bccf738df623c4a8
2025-03-27 05:18:16.322 67762 INFO tempest.lib.common.rest_client [req-de2b634a-a8d9-4ddc-8c04-963052c061ca req-de2b634a-a8d9-4ddc-8c04-963052c061ca ] Request (SecurityGroupsNegativeTestJSON:setUpClass): 201 POST http://10.180.1.21/identity/v3/auth/tokens 0.084s
2025-03-27 05:18:16.326 67758 INFO tempest.lib.common.rest_client [req-8dd8f5f0-58f6-4a98-b9c8-fc1ba809e046 req-8dd8f5f0-58f6-4a98-b9c8-fc1ba809e046 ] Request (FloatingIPDetailsTestJSON:setUpClass): 200 POST http://10.180.1.21/compute/v2.1/os-floating-ips 3.516s
2025-03-27 05:18:16.334 67718 INFO tempest.lib.common.rest_client [req-8c1b2b78-d456-44fc-bb71-8468a818a5a2 req-8c1b2b78-d456-44fc-bb71-8468a818a5a2 ] Request (ServersAdminTestJSON:setUpClass): 201 POST http://10.180.1.21:9696/networking/v2.0/networks 0.406s
2025-03-27 05:18:16.343 67712 INFO tempest.lib.common.rest_client [req-e46e3713-6411-46c7-8f9d-a46d3c402c13 req-e46e3713-6411-46c7-8f9d-a46d3c402c13 ] Request (ServersWithSpecificFlavorTestJSON:test_verify_created_server_ephemeral_disk): 200 GET http://10.180.1.21/compute/v2.1/flavors/42/os-extra_specs 3.028s
2025-03-27 05:18:16.423 67746 INFO tempest.lib.common.rest_client [req-3dd2888c-e75e-4e2c-a62b-12acf00cde06 req-3dd2888c-e75e-4e2c-a62b-12acf00cde06 ] Request (SecurityGroupsTestJSON:test_list_security_groups_by_server): 202 POST http://10.180.1.21/compute/v2.1/servers 3.146s
2025-03-27 05:18:16.519 67718 INFO tempest.lib.common.rest_client [req-36e95d61-46b8-4cd1-8de2-d18b88350ccf req-36e95d61-46b8-4cd1-8de2-d18b88350ccf ] Request (ServersAdminTestJSON:setUpClass): 201 POST http://10.180.1.21:9696/networking/v2.0/subnets 0.184s
2025-03-27 05:18:16.597 67714 INFO tempest.lib.common.rest_client [req-884579c8-2111-457d-93d9-6858ebd3bbed req-884579c8-2111-457d-93d9-6858ebd3bbed ] Request (QuotasAdminNegativeTest:test_create_server_when_memory_quota_is_full): 200 GET http://10.180.1.21/compute/v2.1/os-quota-sets/1514bf932fd34ff69e82b4e91637f25a 2.946s
2025-03-27 05:18:16.665 67732 INFO tempest.lib.common.rest_client [req-3060c1e0-e9dc-4303-aae8-f2d2cb019818 req-3060c1e0-e9dc-4303-aae8-f2d2cb019818 ] Request (FlavorsAccessTestJSON:tearDownClass): 200 GET http://10.180.1.21:9696/networking/v2.0/security-groups?tenant_id=d19938c096764ac4bccf738df623c4a8&name=default 0.345s
2025-03-27 05:18:16.698 67764 INFO tempest.lib.common.rest_client [req-6182cae3-6735-4f09-870a-a49f98bfd512 req-6182cae3-6735-4f09-870a-a49f98bfd512 ] Request (ImagesOneServerTestJSON:setUpClass): 201 POST http://10.180.1.21:9696/networking/v2.0/networks 0.688s
2025-03-27 05:18:16.783 67726 INFO tempest.lib.common.rest_client [req-c46078fe-4e24-468c-bdf4-a6349610c7cc req-c46078fe-4e24-468c-bdf4-a6349610c7cc ] Request (MigrationsAdminTest:test_list_migrations_in_flavor_resize_situation): 200 GET http://10.180.1.21/compute/v2.1/servers/8556fc83-206e-4e50-bd54-4185132497a7 3.176s
