2025-03-27 06:04:02.231 68340 INFO tempest.lib.common.rest_client [req-7246534f-e824-4510-8520-ded92f04e43d req-7246534f-e824-4510-8520-ded92f04e43d ] Request (MigrationsAdminTest:test_list_migrations_in_flavor_resize_situation): 200 GET http://10.180.1.21/compute/v2.1/servers/17e9e12a-ec93-4ac5-bb6d-d6d0adb11e45 0.128s
2025-03-27 06:04:02.235 68346 INFO tempest.lib.common.rest_client [req-5e9678c3-4b0c-4ddf-b439-c24299eec0c0 req-5e9678c3-4b0c-4ddf-b439-c24299eec0c0 ] Request (ServersAdminTestJSON:setUpClass): 200 GET http://10.180.1.21/compute/v2.1/servers/97b050ff-2997-4504-8787-04f1221251b8 0.111s
2025-03-27 06:04:02.282 68350 INFO tempest.lib.common.rest_client [req-9302d559-fcd2-4e41-b1ec-3f04cfec29d2 req-9302d559-fcd2-4e41-b1ec-3f04cfec29d2 ] Request (ServerPasswordTestJSON:setUpClass): 200 GET http://10.180.1.21/compute/v2.1/servers/1b382d10-944a-4817-b959-c8ad2664309e 0.134s
2025-03-27 06:04:02.289 68368 INFO tempest.lib.common.rest_client [req-33cd7f8e-d487-4395-8d13-be0119910681 req-33cd7f8e-d487-4395-8d13-be0119910681 ] Request (ListImageFiltersTestJSON:setUpClass): 200 GET http://10.180.1.21/compute/v2.1/servers/a7853da1-b00c-4b05-8f4a-f928fcb59cb2 0.124s
2025-03-27 06:04:02.331 68332 INFO tempest.lib.common.rest_client [req-2200557a-18d9-4dfa-9e39-e7b75ffedac6 req-2200557a-18d9-4dfa-9e39-e7b75ffedac6 ] Request (DeleteServersAdminTestJSON:test_delete_server_while_in_error_state): 200 GET http://10.180.1.21/compute/v2.1/servers/37f5c20e-dbc4-46a3-a83f-c7329f7a764c 0.142s
2025-03-27 06:04:02.439 68382 INFO tempest.lib.common.rest_client [req-2956f2f7-e99d-46b5-9224-0c7cd8c36a17 req-2956f2f7-e99d-46b5-9224-0c7cd8c36a17 ] Request (ServerDiagnosticsTest:test_get_server_diagnostics): 200 GET http://10.180.1.21/compute/v2.1/servers/39de4e78-44cd-4582-998e-88ce6de2d51c 0.147s
2025-03-27 06:04:02.465 68324 INFO tempest.lib.common.rest_client [req-f13d7f52-c55b-4956-a4e9-0aaab69d14a0 req-f13d7f52-c55b-4956-a4e9-0aaab69d14a0 ] Request (ImagesNegativeTestJSON:test_create_image_from_deleted_server): 200 GET http://10.180.1.21/compute/v2.1/servers/b81d413c-2449-471a-b3d9-693fc0ab2824 0.181s
2025-03-27 06:04:02.483 68366 INFO tempest.lib.common.rest_client [req-10a778ca-ea70-4682-968f-a47160b5d835 req-10a778ca-ea70-4682-968f-a47160b5d835 ] Request (ServerActionsV293TestJSON:setUpClass): 200 GET http://10.180.1.21/compute/v2.1/servers/db379674-cc77-430b-bd6d-2f674d57a7ee 0.149s
2025-03-27 06:04:02.506 68360 INFO tempest.lib.common.rest_client [req-952672c1-975e-45a7-92f7-0072d36553f6 req-952672c1-975e-45a7-92f7-0072d36553f6 ] Request (ServersWithSpecificFlavorTestJSON:test_verify_created_server_ephemeral_disk): 200 GET http://10.180.1.21/compute/v2.1/servers/0a9103d6-2461-4ed3-93fa-a0149ccc5267 0.167s
2025-03-27 06:04:02.522 68356 INFO tempest.lib.common.rest_client [req-26106ced-6387-4bfa-a663-bd12490d1a20 req-26106ced-6387-4bfa-a663-bd12490d1a20 ] Request (VolumesAssistedSnapshotsTest:test_volume_assisted_snapshot_create_delete): 200 GET http://10.180.1.21/compute/v2.1/servers/810b9f3c-7a92-40ab-8630-5c1ad6e4762c 0.137s
2025-03-27 06:04:02.547 68364 INFO tempest.lib.common.rest_client [req-ec96c117-55c3-4c60-9c3d-8854fd1ab83b req-ec96c117-55c3-4c60-9c3d-8854fd1ab83b ] Request (ServersNegativeTestJSON:setUpClass): 200 GET http://10.180.1.21/compute/v2.1/servers/856ec4dd-3a1d-4140-b3d5-52690cf87f92 0.161s
2025-03-27 06:04:02.563 68372 INFO tempest.lib.common.rest_client [req-84e71dcc-3863-4584-b854-ca1a933a3fa6 req-84e71dcc-3863-4584-b854-ca1a933a3fa6 ] Request (ServerActionsTestOtherA:setUpClass): 200 GET http://10.180.1.21/compute/v2.1/servers/0a0d385d-3255-4755-8987-a26cd28006cb 0.130s
2025-03-27 06:04:02.587 68376 INFO tempest.lib.common.rest_client [req-bba54bdf-1e73-4d57-84e1-be9ad5d3ef77 req-bba54bdf-1e73-4d57-84e1-be9ad5d3ef77 ] Request (AttachVolumeTestJSON:test_attach_detach_volume): 200 GET http://10.180.1.21/compute/v2.1/servers/bce68a2b-260c-45cc-ac98-d4b01b4513a4 0.153s
2025-03-27 06:04:02.603 68380 INFO tempest.lib.common.rest_client [req-aa4acf63-60a1-4e0f-a929-b146b18b8315 req-aa4acf63-60a1-4e0f-a929-b146b18b8315 ] Request (TenantUsagesTestJSON:setUpClass): 200 GET http://10.180.1.21/compute/v2.1/servers/4e0f3617-aef9-4d66-8243-ff530b4084cd 0.111s
2025-03-27 06:04:02.774 68378 INFO tempest.lib.common.rest_client [req-43a73600-dda2-42cf-8c78-67549a8f58f7 req-43a73600-dda2-42cf-8c78-67549a8f58f7 ] Request (InstanceActionsTestJSON:setUpClass): 200 GET http://10.180.1.21/compute/v2.1/servers/f23e3529-19a6-4562-ae9b-591d1a452385 0.233s
2025-03-27 06:04:02.790 68370 INFO tempest.lib.common.rest_client [req-422a2832-a4ea-4435-ab06-dc6baa4bd468 req-422a2832-a4ea-4435-ab06-dc6baa4bd468 ] Request (AttachInterfacesV270Test:test_create_get_list_interfaces): 200 GET http://10.180.1.21/compute/v2.1/servers/a89ff564-ea35-4000-8efa-2c1ec2b61759 0.177s
2025-03-27 06:04:02.837 68336 INFO tempest.lib.common.rest_client [req-0da46977-d78f-439d-8c2c-bb5b5e8a552b req-0da46977-d78f-439d-8c2c-bb5b5e8a552b ] Request (ImagesTestJSON:test_create_image_from_stopped_server): 200 GET http://10.180.1.21/compute/v2.1/servers/25cb12ed-d0ed-402f-ba73-3c6c835adb17 0.164s
2025-03-27 06:04:02.886 68320 INFO tempest.lib.common.rest_client [req-06ad9aaf-27c5-404b-837c-9d060371b365 req-06ad9aaf-27c5-404b-837c-9d060371b365 ] Request (AttachInterfacesUnderV243Test:test_add_remove_fixed_ip): 200 GET http://10.180.1.21/compute/v2.1/servers/1812f13e-b03d-48d4-940a-43974784265b 0.170s
2025-03-27 06:04:02.889 68374 INFO tempest.lib.common.rest_client [req-665034a1-46cb-4f34-8ed6-0108c8bcfdc1 req-665034a1-46cb-4f34-8ed6-0108c8bcfdc1 ] Request (ServerExternalEventsTest:test_create_server_external_events): 200 GET http://10.180.1.21/compute/v2.1/servers/4cc61343-486f-466c-9881-1a6856c82748 0.256s
2025-03-27 06:04:02.939 68358 INFO tempest.lib.common.rest_client [req-4ef82438-f3bb-42b1-8eeb-03ec92ac4b72 req-4ef82438-f3bb-42b1-8eeb-03ec92ac4b72 ] Request (ServerDiagnosticsNegativeTest:test_get_server_diagnostics_by_non_admin): 200 GET http://10.180.1.21/compute/v2.1/servers/0cc0463e-1e55-4dd5-96b2-ee15025e689b 0.179s
2025-03-27 06:04:02.984 68354 INFO tempest.lib.common.rest_client [req-91368c29-6532-477f-a07e-ab60597bef6e req-91368c29-6532-477f-a07e-ab60597bef6e ] Request (ImagesOneServerTestJSON:setUpClass): 200 GET http://10.180.1.21/compute/v2.1/servers/28fd3e76-1a9b-4273-b951-e50a8506a9bc 0.212s
2025-03-27 06:04:02.990 68326 INFO tempest.lib.common.rest_client [req-769dfd10-6399-4951-8d4b-0d47b8526aa8 req-769dfd10-6399-4951-8d4b-0d47b8526aa8 ] Request (FloatingIPsAssociationTestJSON:setUpClass): 200 GET http://10.180.1.21/compute/v2.1/servers/7374c1a5-1b4f-4026-b885-bf0eb12a850e 0.269s
2025-03-27 06:04:03.027 68322 INFO tempest.lib.common.rest_client [req-cae3a932-ef2b-4adf-95ee-eaf2ab28a393 req-cae3a932-ef2b-4adf-95ee-eaf2ab28a393 ] Request (ServerAddressesNegativeTestJSON:setUpClass): 200 GET http://10.180.1.21/compute/v2.1/servers/e2a9808e-6da7-4e53-a6d3-d3144ecf158a 0.224s
2025-03-27 06:04:03.042 68338 INFO tempest.lib.common.rest_client [req-bdc74bd0-d4e3-4bec-a5d6-cd308e35c01b req-bdc74bd0-d4e3-4bec-a5d6-cd308e35c01b ] Request (ServerDiagnosticsV248Test:test_get_server_diagnostics): 200 GET http://10.180.1.21/compute/v2.1/servers/de1b8ef9-0088-4d2a-985e-d04fcff55d31 0.222s
2025-03-27 06:04:03.069 68362 INFO tempest.lib.common.rest_client [req-75e4a66b-4c5a-4fec-bc1a-217d0c445588 req-75e4a66b-4c5a-4fec-bc1a-217d0c445588 ] Request (SecurityGroupsTestJSON:test_list_security_groups_by_server): 200 GET http://10.180.1.21/compute/v2.1/servers/dae1bdde-e497-4ee6-9582-4988c5ae7a96 0.225s
2025-03-27 06:04:03.083 68328 INFO tempest.lib.common.rest_client [req-e0f17c9a-4091-4e43-9208-07fed1ce9b81 req-e0f17c9a-4091-4e43-9208-07fed1ce9b81 ] Request (FloatingIPsAssociationNegativeTestJSON:setUpClass): 200 GET http://10.180.1.21/compute/v2.1/servers/d42d2ca9-ac93-4efb-92a0-de248221dd43 0.225s
2025-03-27 06:04:03.110 68352 INFO tempest.lib.common.rest_client [req-8bccb2bd-d363-4f35-b3db-9dadfcbdf106 req-8bccb2bd-d363-4f35-b3db-9dadfcbdf106 ] Request (ServerRescueTestJSON:setUpClass): 200 GET http://10.180.1.21/compute/v2.1/servers/f17efcc0-2a35-4360-abdf-1543a4cd0fcc 0.223s
2025-03-27 06:04:03.123 68349 INFO tempest.lib.common.rest_client [req-7db020bb-6367-4499-b375-4a2a274fddd4 req-7db020bb-6367-4499-b375-4a2a274fddd4 ] Request (MultipleCreateTestJSON:test_multiple_create): 200 GET http://10.180.1.21/compute/v2.1/servers/0b61102f-1b2e-4962-b94b-d27d394c5aef 0.224s
2025-03-27 06:04:03.156 68330 INFO tempest.lib.common.rest_client [req-e2d12335-c344-4eb7-936b-2c63f8ee431c req-e2d12335-c344-4eb7-936b-2c63f8ee431c ] Request (ServersAdmin275Test:test_rebuild_update_server_275): 200 GET http://10.180.1.21/compute/v2.1/servers/42f39352-e703-4ebf-9559-4c8b5abca70e 0.076s
2025-03-27 06:04:03.369 68340 INFO tempest.lib.common.rest_client [req-b4ae7a6f-bdeb-47ee-95cc-628e28e3af84 req-b4ae7a6f-bdeb-47ee-95cc-628e28e3af84 ] Request (MigrationsAdminTest:test_list_migrations_in_flavor_resize_situation): 200 GET http://10.180.1.21/compute/v2.1/servers/17e9e12a-ec93-4ac5-bb6d-d6d0adb11e45 0.130s
2025-03-27 06:04:03.372 68346 INFO tempest.lib.common.rest_client [req-118aa880-bdbc-40da-bd2d-cb97b89061f7 req-118aa880-bdbc-40da-bd2d-cb97b89061f7 ] Request (ServersAdminTestJSON:setUpClass): 200 GET http://10.180.1.21/compute/v2.1/servers/97b050ff-2997-4504-8787-04f1221251b8 0.128s
2025-03-27 06:04:03.418 68350 INFO tempest.lib.common.rest_client [req-2f9c6951-8874-4208-a53e-72b20c0ded83 req-2f9c6951-8874-4208-a53e-72b20c0ded83 ] Request (ServerPasswordTestJSON:setUpClass): 200 GET http://10.180.1.21/compute/v2.1/servers/1b382d10-944a-4817-b959-c8ad2664309e 0.128s
2025-03-27 06:04:03.426 68368 INFO tempest.lib.common.rest_client [req-36a66fb8-8d64-4550-a73b-bc2426154337 req-36a66fb8-8d64-4550-a73b-bc2426154337 ] Request (ListImageFiltersTestJSON:setUpClass): 200 GET http://10.180.1.21/compute/v2.1/servers/a7853da1-b00c-4b05-8f4a-f928fcb59cb2 0.129s
2025-03-27 06:04:03.465 68332 INFO tempest.lib.common.rest_client [req-51c00631-d035-4654-bbbb-0258a30624a6 req-51c00631-d035-4654-bbbb-0258a30624a6 ] Request (DeleteServersAdminTestJSON:test_delete_server_while_in_error_state): 200 GET http://10.180.1.21/compute/v2.1/servers/37f5c20e-dbc4-46a3-a83f-c7329f7a764c 0.125s
2025-03-27 06:04:03.568 68382 INFO tempest.lib.common.rest_client [req-9330c87e-b0d7-4f5e-9031-4ef65a26f576 req-9330c87e-b0d7-4f5e-9031-4ef65a26f576 ] Request (ServerDiagnosticsTest:test_get_server_diagnostics): 200 GET http://10.180.1.21/compute/v2.1/servers/39de4e78-44cd-4582-998e-88ce6de2d51c 0.120s
2025-03-27 06:04:03.585 68324 INFO tempest.lib.common.rest_client [req-16a5bff9-61ee-45bf-8752-34d57c451028 req-16a5bff9-61ee-45bf-8752-34d57c451028 ] Request (ImagesNegativeTestJSON:test_create_image_from_deleted_server): 200 GET http://10.180.1.21/compute/v2.1/servers/b81d413c-2449-471a-b3d9-693fc0ab2824 0.112s
2025-03-27 06:04:03.613 68366 INFO tempest.lib.common.rest_client [req-1e56724b-531f-4141-bff4-e06ca25397b6 req-1e56724b-531f-4141-bff4-e06ca25397b6 ] Request (ServerActionsV293TestJSON:setUpClass): 200 GET http://10.180.1.21/compute/v2.1/servers/db379674-cc77-430b-bd6d-2f674d57a7ee 0.120s
2025-03-27 06:04:03.626 68360 INFO tempest.lib.common.rest_client [req-c1b26918-c93b-4d35-9bbd-9e32614b1096 req-c1b26918-c93b-4d35-9bbd-9e32614b1096 ] Request (ServersWithSpecificFlavorTestJSON:test_verify_created_server_ephemeral_disk): 200 GET http://10.180.1.21/compute/v2.1/servers/0a9103d6-2461-4ed3-93fa-a0149ccc5267 0.112s
2025-03-27 06:04:03.653 68356 INFO tempest.lib.common.rest_client [req-a724d1c5-c272-4db2-956a-75be045c7162 req-a724d1c5-c272-4db2-956a-75be045c7162 ] Request (VolumesAssistedSnapshotsTest:test_volume_assisted_snapshot_create_delete): 200 GET http://10.180.1.21/compute/v2.1/servers/810b9f3c-7a92-40ab-8630-5c1ad6e4762c 0.122s
2025-03-27 06:04:03.666 68364 INFO tempest.lib.common.rest_client [req-b218769c-6ac4-4b5c-ac17-b8d43c64f860 req-b218769c-6ac4-4b5c-ac17-b8d43c64f860 ] Request (ServersNegativeTestJSON:setUpClass): 200 GET http://10.180.1.21/compute/v2.1/servers/856ec4dd-3a1d-4140-b3d5-52690cf87f92 0.111s
2025-03-27 06:04:03.693 68372 INFO tempest.lib.common.rest_client [req-d298ce3d-596f-4e48-ba29-2821caa6bbaa req-d298ce3d-596f-4e48-ba29-2821caa6bbaa ] Request (ServerActionsTestOtherA:setUpClass): 200 GET http://10.180.1.21/compute/v2.1/servers/0a0d385d-3255-4755-8987-a26cd28006cb 0.122s
2025-03-27 06:04:03.708 68376 INFO tempest.lib.common.rest_client [req-00c0550a-0584-4fa3-8ae9-33c4efa2a027 req-00c0550a-0584-4fa3-8ae9-33c4efa2a027 ] Request (AttachVolumeTestJSON:test_attach_detach_volume): 200 GET http://10.180.1.21/compute/v2.1/servers/bce68a2b-260c-45cc-ac98-d4b01b4513a4 0.114s
2025-03-27 06:04:03.732 68380 INFO tempest.lib.common.rest_client [req-3f26556c-2538-48fb-91da-620b83aa7cf9 req-3f26556c-2538-48fb-91da-620b83aa7cf9 ] Request (TenantUsagesTestJSON:setUpClass): 200 GET http://10.180.1.21/compute/v2.1/servers/4e0f3617-aef9-4d66-8243-ff530b4084cd 0.121s
2025-03-27 06:04:03.908 68378 INFO tempest.lib.common.rest_client [req-7f330d63-6e76-4f5e-91a1-d8c93b7697be req-7f330d63-6e76-4f5e-91a1-d8c93b7697be ] Request (InstanceActionsTestJSON:setUpClass): 200 GET http://10.180.1.21/compute/v2.1/servers/f23e3529-19a6-4562-ae9b-591d1a452385 0.126s
2025-03-27 06:04:03.919 68370 INFO tempest.lib.common.rest_client [req-4aaba8b2-c4bc-4619-ab2b-3fca19593b77 req-4aaba8b2-c4bc-4619-ab2b-3fca19593b77 ] Request (AttachInterfacesV270Test:test_create_get_list_interfaces): 200 GET http://10.180.1.21/compute/v2.1/servers/a89ff564-ea35-4000-8efa-2c1ec2b61759 0.119s
2025-03-27 06:04:03.956 68336 INFO tempest.lib.common.rest_client [req-cbbdc20e-3ae2-4317-b768-1561a4361e79 req-cbbdc20e-3ae2-4317-b768-1561a4361e79 ] Request (ImagesTestJSON:test_create_image_from_stopped_server): 200 GET http://10.180.1.21/compute/v2.1/servers/25cb12ed-d0ed-402f-ba73-3c6c835adb17 0.112s
2025-03-27 06:04:03.970 68320 INFO tempest.lib.common.rest_client [req-75885c85-1b83-46e3-91e6-ed60c9856dc4 req-75885c85-1b83-46e3-91e6-ed60c9856dc4 ] Request (AttachInterfacesUnderV243Test:test_add_remove_fixed_ip): 200 GET http://10.180.1.21/compute/v2.1/servers/1812f13e-b03d-48d4-940a-43974784265b 0.075s
2025-03-27 06:04:04.024 68358 INFO tempest.lib.common.rest_client [req-e379dffa-700b-4db0-937f-52eb75e285dd req-e379dffa-700b-4db0-937f-52eb75e285dd ] Request (ServerDiagnosticsNegativeTest:test_get_server_diagnostics_by_non_admin): 200 GET http://10.180.1.21/compute/v2.1/servers/0cc0463e-1e55-4dd5-96b2-ee15025e689b 0.077s
2025-03-27 06:04:04.074 68354 INFO tempest.lib.common.rest_client [req-c43f28e3-d969-4439-969a-8bb1bf28e368 req-c43f28e3-d969-4439-969a-8bb1bf28e368 ] Request (ImagesOneServerTestJSON:setUpClass): 200 GET http://10.180.1.21/compute/v2.1/servers/28fd3e76-1a9b-4273-b951-e50a8506a9bc 0.082s
2025-03-27 06:04:04.080 68374 INFO tempest.lib.common.rest_client [req-cb5ae954-d725-48a5-9728-5d89ad90f048 req-cb5ae954-d725-48a5-9728-5d89ad90f048 ] Request (ServerExternalEventsTest:test_create_server_external_events): 200 GET http://10.180.1.21/compute/v2.1/servers/4cc61343-486f-466c-9881-1a6856c82748 0.184s
2025-03-27 06:04:04.131 68322 INFO tempest.lib.common.rest_client [req-4b8b1ad8-9d58-4ccb-b9f1-7451cc12622c req-4b8b1ad8-9d58-4ccb-b9f1-7451cc12622c ] Request (ServerAddressesNegativeTestJSON:setUpClass): 200 GET http://10.180.1.21/compute/v2.1/servers/e2a9808e-6da7-4e53-a6d3-d3144ecf158a 0.096s
2025-03-27 06:04:04.184 68338 INFO tempest.lib.common.rest_client [req-1db41c93-4aa1-40a9-ab43-a4c4a0c2d68b req-1db41c93-4aa1-40a9-ab43-a4c4a0c2d68b ] Request (ServerDiagnosticsV248Test:test_get_server_diagnostics): 200 GET http://10.180.1.21/compute/v2.1/servers/de1b8ef9-0088-4d2a-985e-d04fcff55d31 0.133s
2025-03-27 06:04:04.195 68326 INFO tempest.lib.common.rest_client [req-e2c15e36-9315-43a4-a299-69aaf81768a7 req-e2c15e36-9315-43a4-a299-69aaf81768a7 ] Request (FloatingIPsAssociationTestJSON:setUpClass): 200 GET http://10.180.1.21/compute/v2.1/servers/7374c1a5-1b4f-4026-b885-bf0eb12a850e 0.197s
2025-03-27 06:04:04.229 68362 INFO tempest.lib.common.rest_client [req-b09279c9-e5bd-4edc-a080-e795c3ca103f req-b09279c9-e5bd-4edc-a080-e795c3ca103f ] Request (SecurityGroupsTestJSON:test_list_security_groups_by_server): 200 GET http://10.180.1.21/compute/v2.1/servers/dae1bdde-e497-4ee6-9582-4988c5ae7a96 0.152s
2025-03-27 06:04:04.243 68328 INFO tempest.lib.common.rest_client [req-b9cc69e8-80d5-4263-b7db-f7ff22726582 req-b9cc69e8-80d5-4263-b7db-f7ff22726582 ] Request (FloatingIPsAssociationNegativeTestJSON:setUpClass): 200 GET http://10.180.1.21/compute/v2.1/servers/d42d2ca9-ac93-4efb-92a0-de248221dd43 0.151s
2025-03-27 06:04:04.272 68352 INFO tempest.lib.common.rest_client [req-7afd4df5-6845-419e-ac31-54d2f8d98e37 req-7afd4df5-6845-419e-ac31-54d2f8d98e37 ] Request (ServerRescueTestJSON:setUpClass): 200 GET http://10.180.1.21/compute/v2.1/servers/f17efcc0-2a35-4360-abdf-1543a4cd0fcc 0.154s
2025-03-27 06:04:04.285 68349 INFO tempest.lib.common.rest_client [req-a301d3f2-ce7c-47c6-bd3c-ace20106dbed req-a301d3f2-ce7c-47c6-bd3c-ace20106dbed ] Request (MultipleCreateTestJSON:test_multiple_create): 200 GET http://10.180.1.21/compute/v2.1/servers/0b61102f-1b2e-4962-b94b-d27d394c5aef 0.154s
2025-03-27 06:04:04.320 68330 INFO tempest.lib.common.rest_client [req-bf419a83-4e21-4135-b39a-2a0df76bf0a5 req-bf419a83-4e21-4135-b39a-2a0df76bf0a5 ] Request (ServersAdmin275Test:test_rebuild_update_server_275): 200 GET http://10.180.1.21/compute/v2.1/servers/42f39352-e703-4ebf-9559-4c8b5abca70e 0.154s
2025-03-27 06:04:04.514 68346 INFO tempest.lib.common.rest_client [req-4c847ece-de40-43e1-a271-b41f67fecc1f req-4c847ece-de40-43e1-a271-b41f67fecc1f ] Request (ServersAdminTestJSON:setUpClass): 200 GET http://10.180.1.21/compute/v2.1/servers/97b050ff-2997-4504-8787-04f1221251b8 0.135s
2025-03-27 06:04:04.519 68340 INFO tempest.lib.common.rest_client [req-0bc48ff0-e159-4de2-bb28-efce5b84e4f1 req-0bc48ff0-e159-4de2-bb28-efce5b84e4f1 ] Request (MigrationsAdminTest:test_list_migrations_in_flavor_resize_situation): 200 GET http://10.180.1.21/compute/v2.1/servers/17e9e12a-ec93-4ac5-bb6d-d6d0adb11e45 0.143s
2025-03-27 06:04:04.561 68350 INFO tempest.lib.common.rest_client [req-272433a7-f2ea-4245-a528-9a2c9a4615ba req-272433a7-f2ea-4245-a528-9a2c9a4615ba ] Request (ServerPasswordTestJSON:setUpClass): 200 GET http://10.180.1.21/compute/v2.1/servers/1b382d10-944a-4817-b959-c8ad2664309e 0.135s
2025-03-27 06:04:04.572 68368 INFO tempest.lib.common.rest_client [req-1e81f296-c91c-4281-8cd5-675a9fba88e5 req-1e81f296-c91c-4281-8cd5-675a9fba88e5 ] Request (ListImageFiltersTestJSON:setUpClass): 200 GET http://10.180.1.21/compute/v2.1/servers/a7853da1-b00c-4b05-8f4a-f928fcb59cb2 0.138s
2025-03-27 06:04:04.607 68332 INFO tempest.lib.common.rest_client [req-cf2e53b7-5e48-4210-8021-0cfeddd9dfe8 req-cf2e53b7-5e48-4210-8021-0cfeddd9dfe8 ] Request (DeleteServersAdminTestJSON:test_delete_server_while_in_error_state): 200 GET http://10.180.1.21/compute/v2.1/servers/37f5c20e-dbc4-46a3-a83f-c7329f7a764c 0.132s
2025-03-27 06:04:04.686 68382 INFO tempest.lib.common.rest_client [req-78c2c857-587d-4182-be72-5b6f947dce4b req-78c2c857-587d-4182-be72-5b6f947dce4b ] Request (ServerDiagnosticsTest:test_get_server_diagnostics): 200 GET http://10.180.1.21/compute/v2.1/servers/39de4e78-44cd-4582-998e-88ce6de2d51c 0.110s
2025-03-27 06:04:04.712 68324 INFO tempest.lib.common.rest_client [req-10132c50-baec-4d0f-a1e0-7a18fc051f64 req-10132c50-baec-4d0f-a1e0-7a18fc051f64 ] Request (ImagesNegativeTestJSON:test_create_image_from_deleted_server): 200 GET http://10.180.1.21/compute/v2.1/servers/b81d413c-2449-471a-b3d9-693fc0ab2824 0.120s
2025-03-27 06:04:04.741 68366 INFO tempest.lib.common.rest_client [req-221d0486-fde5-43dd-b228-74e75efc7109 req-221d0486-fde5-43dd-b228-74e75efc7109 ] Request (ServerActionsV293TestJSON:setUpClass): 200 GET http://10.180.1.21/compute/v2.1/servers/db379674-cc77-430b-bd6d-2f674d57a7ee 0.117s
2025-03-27 06:04:04.757 68360 INFO tempest.lib.common.rest_client [req-5a96d3c7-87de-4d11-8205-fda2c3c3e329 req-5a96d3c7-87de-4d11-8205-fda2c3c3e329 ] Request (ServersWithSpecificFlavorTestJSON:test_verify_created_server_ephemeral_disk): 200 GET http://10.180.1.21/compute/v2.1/servers/0a9103d6-2461-4ed3-93fa-a0149ccc5267 0.122s
2025-03-27 06:04:04.784 68356 INFO tempest.lib.common.rest_client [req-9769348b-af81-49bb-a1a5-df90c95ede03 req-9769348b-af81-49bb-a1a5-df90c95ede03 ] Request (VolumesAssistedSnapshotsTest:test_volume_assisted_snapshot_create_delete): 200 GET http://10.180.1.21/compute/v2.1/servers/810b9f3c-7a92-40ab-8630-5c1ad6e4762c 0.123s
2025-03-27 06:04:04.802 68364 INFO tempest.lib.common.rest_client [req-5e5536c5-c8bc-4139-acef-ddde579de8a1 req-5e5536c5-c8bc-4139-acef-ddde579de8a1 ] Request (ServersNegativeTestJSON:setUpClass): 200 GET http://10.180.1.21/compute/v2.1/servers/856ec4dd-3a1d-4140-b3d5-52690cf87f92 0.128s
2025-03-27 06:04:04.831 68372 INFO tempest.lib.common.rest_client [req-fe37459c-f467-4918-a3a5-3fb3ece1f954 req-fe37459c-f467-4918-a3a5-3fb3ece1f954 ] Request (ServerActionsTestOtherA:setUpClass): 200 GET http://10.180.1.21/compute/v2.1/servers/0a0d385d-3255-4755-8987-a26cd28006cb 0.130s
2025-03-27 06:04:04.851 68376 INFO tempest.lib.common.rest_client [req-9bdade0e-16c8-44c0-9b92-6269ceb10852 req-9bdade0e-16c8-44c0-9b92-6269ceb10852 ] Request (AttachVolumeTestJSON:test_attach_detach_volume): 200 GET http://10.180.1.21/compute/v2.1/servers/bce68a2b-260c-45cc-ac98-d4b01b4513a4 0.133s
2025-03-27 06:04:04.883 68380 INFO tempest.lib.common.rest_client [req-5b0ef61d-67c4-4c44-a9b1-976294f72499 req-5b0ef61d-67c4-4c44-a9b1-976294f72499 ] Request (TenantUsagesTestJSON:setUpClass): 200 GET http://10.180.1.21/compute/v2.1/servers/4e0f3617-aef9-4d66-8243-ff530b4084cd 0.144s
2025-03-27 06:04:05.057 68378 INFO tempest.lib.common.rest_client [req-7dffec66-a04b-4eb1-8bb1-563ea2c6f573 req-7dffec66-a04b-4eb1-8bb1-563ea2c6f573 ] Request (InstanceActionsTestJSON:setUpClass): 200 GET http://10.180.1.21/compute/v2.1/servers/f23e3529-19a6-4562-ae9b-591d1a452385 0.142s
2025-03-27 06:04:05.065 68370 INFO tempest.lib.common.rest_client [req-42f4423f-e2f8-4e06-8396-2bf03ad46e79 req-42f4423f-e2f8-4e06-8396-2bf03ad46e79 ] Request (AttachInterfacesV270Test:test_create_get_list_interfaces): 200 GET http://10.180.1.21/compute/v2.1/servers/a89ff564-ea35-4000-8efa-2c1ec2b61759 0.136s
2025-03-27 06:04:05.107 68336 INFO tempest.lib.common.rest_client [req-35801fc9-1a8a-4395-8850-0f174c99e20c req-35801fc9-1a8a-4395-8850-0f174c99e20c ] Request (ImagesTestJSON:test_create_image_from_stopped_server): 200 GET http://10.180.1.21/compute/v2.1/servers/25cb12ed-d0ed-402f-ba73-3c6c835adb17 0.143s
2025-03-27 06:04:05.118 68320 INFO tempest.lib.common.rest_client [req-135ad3a7-630b-42c4-895c-9b2e3485a189 req-135ad3a7-630b-42c4-895c-9b2e3485a189 ] Request (AttachInterfacesUnderV243Test:test_add_remove_fixed_ip): 200 GET http://10.180.1.21/compute/v2.1/servers/1812f13e-b03d-48d4-940a-43974784265b 0.140s
2025-03-27 06:04:05.154 68358 INFO tempest.lib.common.rest_client [req-1ee4142a-eb89-4f5c-be5d-f7c714df9fc3 req-1ee4142a-eb89-4f5c-be5d-f7c714df9fc3 ] Request (ServerDiagnosticsNegativeTest:test_get_server_diagnostics_by_non_admin): 200 GET http://10.180.1.21/compute/v2.1/servers/0cc0463e-1e55-4dd5-96b2-ee15025e689b 0.121s
2025-03-27 06:04:05.166 68354 INFO tempest.lib.common.rest_client [req-efbedf02-2dc7-42db-8440-3941de8f4519 req-efbedf02-2dc7-42db-8440-3941de8f4519 ] Request (ImagesOneServerTestJSON:setUpClass): 200 GET http://10.180.1.21/compute/v2.1/servers/28fd3e76-1a9b-4273-b951-e50a8506a9bc 0.075s
2025-03-27 06:04:05.214 68322 INFO tempest.lib.common.rest_client [req-e82a48f4-1022-481c-9804-c46b629c07d4 req-e82a48f4-1022-481c-9804-c46b629c07d4 ] Request (ServerAddressesNegativeTestJSON:setUpClass): 200 GET http://10.180.1.21/compute/v2.1/servers/e2a9808e-6da7-4e53-a6d3-d3144ecf158a 0.073s
2025-03-27 06:04:05.262 68338 INFO tempest.lib.common.rest_client [req-c3421f5b-0514-407e-8ea0-bc1320e874ef req-c3421f5b-0514-407e-8ea0-bc1320e874ef ] Request (ServerDiagnosticsV248Test:test_get_server_diagnostics): 200 GET http://10.180.1.21/compute/v2.1/servers/de1b8ef9-0088-4d2a-985e-d04fcff55d31 0.069s
2025-03-27 06:04:05.265 68374 INFO tempest.lib.common.rest_client [req-0ebc53ea-5c5a-4034-b8a8-203480dc712c req-0ebc53ea-5c5a-4034-b8a8-203480dc712c ] Request (ServerExternalEventsTest:test_create_server_external_events): 200 GET http://10.180.1.21/compute/v2.1/servers/4cc61343-486f-466c-9881-1a6856c82748 0.173s
2025-03-27 06:04:05.320 68362 INFO tempest.lib.common.rest_client [req-0baa0464-3951-4c08-ab69-f24b34208cd9 req-0baa0464-3951-4c08-ab69-f24b34208cd9 ] Request (SecurityGroupsTestJSON:test_list_security_groups_by_server): 200 GET http://10.180.1.21/compute/v2.1/servers/dae1bdde-e497-4ee6-9582-4988c5ae7a96 0.078s
2025-03-27 06:04:05.321 68326 INFO tempest.lib.common.rest_client [req-3ead0756-98e6-4bd2-8672-fb2e3ac2f65c req-3ead0756-98e6-4bd2-8672-fb2e3ac2f65c ] Request (FloatingIPsAssociationTestJSON:setUpClass): 200 GET http://10.180.1.21/compute/v2.1/servers/7374c1a5-1b4f-4026-b885-bf0eb12a850e 0.118s
2025-03-27 06:04:05.328 68326 INFO tempest.common.waiters [-] State transition "BUILD/spawning" ==> "ERROR/None" after 152 second wait
2025-03-27 06:04:05.376 68352 INFO tempest.lib.common.rest_client [req-68b20dc6-fea0-4a6d-bbd7-eca90cb9a73f req-68b20dc6-fea0-4a6d-bbd7-eca90cb9a73f ] Request (ServerRescueTestJSON:setUpClass): 200 GET http://10.180.1.21/compute/v2.1/servers/f17efcc0-2a35-4360-abdf-1543a4cd0fcc 0.096s
2025-03-27 06:04:05.377 68328 INFO tempest.lib.common.rest_client [req-f09da79b-9046-4a8c-9510-a7f4f88b9b1e req-f09da79b-9046-4a8c-9510-a7f4f88b9b1e ] Request (FloatingIPsAssociationNegativeTestJSON:setUpClass): 200 GET http://10.180.1.21/compute/v2.1/servers/d42d2ca9-ac93-4efb-92a0-de248221dd43 0.126s
2025-03-27 06:04:05.421 68349 INFO tempest.lib.common.rest_client [req-02b7d4a8-9aae-4d7f-b88d-edbc071db807 req-02b7d4a8-9aae-4d7f-b88d-edbc071db807 ] Request (MultipleCreateTestJSON:test_multiple_create): 200 GET http://10.180.1.21/compute/v2.1/servers/0b61102f-1b2e-4962-b94b-d27d394c5aef 0.128s
2025-03-27 06:04:05.470 68330 INFO tempest.lib.common.rest_client [req-eb98d9ff-54ea-41ac-9f37-9feb86271829 req-eb98d9ff-54ea-41ac-9f37-9feb86271829 ] Request (ServersAdmin275Test:test_rebuild_update_server_275): 200 GET http://10.180.1.21/compute/v2.1/servers/42f39352-e703-4ebf-9559-4c8b5abca70e 0.140s
2025-03-27 06:04:05.534 68326 INFO tempest.lib.common.rest_client [req-e69981eb-982c-4ba1-a148-c7f6a548aa66 req-e69981eb-982c-4ba1-a148-c7f6a548aa66 ] Request (FloatingIPsAssociationTestJSON:setUpClass): 204 DELETE http://10.180.1.21/compute/v2.1/servers/7374c1a5-1b4f-4026-b885-bf0eb12a850e 0.206s
2025-03-27 06:04:05.734 68340 INFO tempest.lib.common.rest_client [req-7cae6d90-a4ff-49b5-a08f-05cbfbcedec8 req-7cae6d90-a4ff-49b5-a08f-05cbfbcedec8 ] Request (MigrationsAdminTest:test_list_migrations_in_flavor_resize_situation): 200 GET http://10.180.1.21/compute/v2.1/servers/17e9e12a-ec93-4ac5-bb6d-d6d0adb11e45 0.206s
2025-03-27 06:04:05.735 68346 INFO tempest.lib.common.rest_client [req-1f28b4d2-a1e9-4f4c-bd51-758a189ebf39 req-1f28b4d2-a1e9-4f4c-bd51-758a189ebf39 ] Request (ServersAdminTestJSON:setUpClass): 200 GET http://10.180.1.21/compute/v2.1/servers/97b050ff-2997-4504-8787-04f1221251b8 0.213s
2025-03-27 06:04:05.752 68326 INFO tempest.lib.common.rest_client [req-3db6089f-2007-4090-bbd1-ef73c975f195 req-3db6089f-2007-4090-bbd1-ef73c975f195 ] Request (FloatingIPsAssociationTestJSON:setUpClass): 404 GET http://10.180.1.21/compute/v2.1/servers/7374c1a5-1b4f-4026-b885-bf0eb12a850e 0.218s
2025-03-27 06:04:05.753 68326 INFO tempest.test [-] raised in FloatingIPsAssociationTestJSON.setUpClass. Invoking tearDownClass.
2025-03-27 06:04:05.809 68350 INFO tempest.lib.common.rest_client [req-1167b5c4-28b5-4d8e-aff6-0000bf879cfb req-1167b5c4-28b5-4d8e-aff6-0000bf879cfb ] Request (ServerPasswordTestJSON:setUpClass): 200 GET http://10.180.1.21/compute/v2.1/servers/1b382d10-944a-4817-b959-c8ad2664309e 0.241s
2025-03-27 06:04:05.817 68368 INFO tempest.lib.common.rest_client [req-eda9fb0d-afc2-4695-975f-8776bcc98ffc req-eda9fb0d-afc2-4695-975f-8776bcc98ffc ] Request (ListImageFiltersTestJSON:setUpClass): 200 GET http://10.180.1.21/compute/v2.1/servers/a7853da1-b00c-4b05-8f4a-f928fcb59cb2 0.238s
2025-03-27 06:04:06.040 68332 INFO tempest.lib.common.rest_client [req-e1434846-8755-470e-a875-cbdb9e01d5dc req-e1434846-8755-470e-a875-cbdb9e01d5dc ] Request (DeleteServersAdminTestJSON:test_delete_server_while_in_error_state): 200 GET http://10.180.1.21/compute/v2.1/servers/37f5c20e-dbc4-46a3-a83f-c7329f7a764c 0.423s
2025-03-27 06:04:06.165 68382 INFO tempest.lib.common.rest_client [req-26ffde60-5128-4f36-ad3a-fde1bb5aef3b req-26ffde60-5128-4f36-ad3a-fde1bb5aef3b ] Request (ServerDiagnosticsTest:test_get_server_diagnostics): 200 GET http://10.180.1.21/compute/v2.1/servers/39de4e78-44cd-4582-998e-88ce6de2d51c 0.471s
2025-03-27 06:04:06.209 68324 INFO tempest.lib.common.rest_client [req-69c5b755-2956-480f-b834-987b10c2af34 req-69c5b755-2956-480f-b834-987b10c2af34 ] Request (ImagesNegativeTestJSON:test_create_image_from_deleted_server): 200 GET http://10.180.1.21/compute/v2.1/servers/b81d413c-2449-471a-b3d9-693fc0ab2824 0.489s
2025-03-27 06:04:06.236 68366 INFO tempest.lib.common.rest_client [req-09a99a57-3ee2-4ee6-89e0-03372c065776 req-09a99a57-3ee2-4ee6-89e0-03372c065776 ] Request (ServerActionsV293TestJSON:setUpClass): 200 GET http://10.180.1.21/compute/v2.1/servers/db379674-cc77-430b-bd6d-2f674d57a7ee 0.483s
2025-03-27 06:04:06.270 68360 INFO tempest.lib.common.rest_client [req-cf791c7a-a86e-4e7a-be57-2b419d88052d req-cf791c7a-a86e-4e7a-be57-2b419d88052d ] Request (ServersWithSpecificFlavorTestJSON:test_verify_created_server_ephemeral_disk): 200 GET http://10.180.1.21/compute/v2.1/servers/0a9103d6-2461-4ed3-93fa-a0149ccc5267 0.505s
2025-03-27 06:04:06.291 68356 INFO tempest.lib.common.rest_client [req-d9000647-4fdc-4874-8261-47d754790613 req-d9000647-4fdc-4874-8261-47d754790613 ] Request (VolumesAssistedSnapshotsTest:test_volume_assisted_snapshot_create_delete): 200 GET http://10.180.1.21/compute/v2.1/servers/810b9f3c-7a92-40ab-8630-5c1ad6e4762c 0.499s
2025-03-27 06:04:06.325 68364 INFO tempest.lib.common.rest_client [req-cbcb718c-c56b-41d9-9e64-64e97a3e4ad1 req-cbcb718c-c56b-41d9-9e64-64e97a3e4ad1 ] Request (ServersNegativeTestJSON:setUpClass): 200 GET http://10.180.1.21/compute/v2.1/servers/856ec4dd-3a1d-4140-b3d5-52690cf87f92 0.516s
2025-03-27 06:04:06.341 68372 INFO tempest.lib.common.rest_client [req-b28271e1-91c9-4647-a96b-cbb1e4c94f44 req-b28271e1-91c9-4647-a96b-cbb1e4c94f44 ] Request (ServerActionsTestOtherA:setUpClass): 200 GET http://10.180.1.21/compute/v2.1/servers/0a0d385d-3255-4755-8987-a26cd28006cb 0.502s
2025-03-27 06:04:06.402 68380 INFO tempest.lib.common.rest_client [req-2e86a3ae-832e-491f-8023-9c26dbc8b3a8 req-2e86a3ae-832e-491f-8023-9c26dbc8b3a8 ] Request (TenantUsagesTestJSON:setUpClass): 200 GET http://10.180.1.21/compute/v2.1/servers/4e0f3617-aef9-4d66-8243-ff530b4084cd 0.511s
2025-03-27 06:04:06.403 68376 INFO tempest.lib.common.rest_client [req-aa938c55-319f-43c4-bd13-54cc5bd2b419 req-aa938c55-319f-43c4-bd13-54cc5bd2b419 ] Request (AttachVolumeTestJSON:test_attach_detach_volume): 200 GET http://10.180.1.21/compute/v2.1/servers/bce68a2b-260c-45cc-ac98-d4b01b4513a4 0.543s
2025-03-27 06:04:06.590 68370 INFO tempest.lib.common.rest_client [req-decdab08-242f-45c8-a531-2405792e9097 req-decdab08-242f-45c8-a531-2405792e9097 ] Request (AttachInterfacesV270Test:test_create_get_list_interfaces): 200 GET http://10.180.1.21/compute/v2.1/servers/a89ff564-ea35-4000-8efa-2c1ec2b61759 0.516s
2025-03-27 06:04:06.592 68378 INFO tempest.lib.common.rest_client [req-22e66593-7b91-4e9e-ad47-dba175dd4785 req-22e66593-7b91-4e9e-ad47-dba175dd4785 ] Request (InstanceActionsTestJSON:setUpClass): 200 GET http://10.180.1.21/compute/v2.1/servers/f23e3529-19a6-4562-ae9b-591d1a452385 0.527s
2025-03-27 06:04:06.667 68320 INFO tempest.lib.common.rest_client [req-e11db3fa-5872-42b6-b04b-a7fcf89811b9 req-e11db3fa-5872-42b6-b04b-a7fcf89811b9 ] Request (AttachInterfacesUnderV243Test:test_add_remove_fixed_ip): 200 GET http://10.180.1.21/compute/v2.1/servers/1812f13e-b03d-48d4-940a-43974784265b 0.542s
2025-03-27 06:04:06.673 68336 INFO tempest.lib.common.rest_client [req-2b5bdf34-390c-436c-b4c5-3f2343d0bac5 req-2b5bdf34-390c-436c-b4c5-3f2343d0bac5 ] Request (ImagesTestJSON:test_create_image_from_stopped_server): 200 GET http://10.180.1.21/compute/v2.1/servers/25cb12ed-d0ed-402f-ba73-3c6c835adb17 0.556s
2025-03-27 06:04:06.721 68354 INFO tempest.lib.common.rest_client [req-3cff6c49-4082-4fcb-9b6a-074e34589e78 req-3cff6c49-4082-4fcb-9b6a-074e34589e78 ] Request (ImagesOneServerTestJSON:setUpClass): 200 GET http://10.180.1.21/compute/v2.1/servers/28fd3e76-1a9b-4273-b951-e50a8506a9bc 0.548s
2025-03-27 06:04:06.736 68358 INFO tempest.lib.common.rest_client [req-4cf0e046-398a-4990-b200-dd1f2f0c5c1b req-4cf0e046-398a-4990-b200-dd1f2f0c5c1b ] Request (ServerDiagnosticsNegativeTest:test_get_server_diagnostics_by_non_admin): 200 GET http://10.180.1.21/compute/v2.1/servers/0cc0463e-1e55-4dd5-96b2-ee15025e689b 0.575s
2025-03-27 06:04:06.782 68322 INFO tempest.lib.common.rest_client [req-03d43fa3-1140-405d-946e-8df27ea1b1ea req-03d43fa3-1140-405d-946e-8df27ea1b1ea ] Request (ServerAddressesNegativeTestJSON:setUpClass): 200 GET http://10.180.1.21/compute/v2.1/servers/e2a9808e-6da7-4e53-a6d3-d3144ecf158a 0.561s
2025-03-27 06:04:06.796 68338 INFO tempest.lib.common.rest_client [req-27171749-21d4-420e-901c-306cb531b5d6 req-27171749-21d4-420e-901c-306cb531b5d6 ] Request (ServerDiagnosticsV248Test:test_get_server_diagnostics): 200 GET http://10.180.1.21/compute/v2.1/servers/de1b8ef9-0088-4d2a-985e-d04fcff55d31 0.523s
2025-03-27 06:04:06.873 68362 INFO tempest.lib.common.rest_client [req-7cff28d6-2b50-420c-bb0c-899fffc41f7d req-7cff28d6-2b50-420c-bb0c-899fffc41f7d ] Request (SecurityGroupsTestJSON:test_list_security_groups_by_server): 200 GET http://10.180.1.21/compute/v2.1/servers/dae1bdde-e497-4ee6-9582-4988c5ae7a96 0.544s
2025-03-27 06:04:06.938 68352 INFO tempest.lib.common.rest_client [req-95f03186-db2e-46fb-a2e1-6da01da00247 req-95f03186-db2e-46fb-a2e1-6da01da00247 ] Request (ServerRescueTestJSON:setUpClass): 200 GET http://10.180.1.21/compute/v2.1/servers/f17efcc0-2a35-4360-abdf-1543a4cd0fcc 0.554s
2025-03-27 06:04:06.978 68374 INFO tempest.lib.common.rest_client [req-6d8fffbe-79ef-4df2-87d5-5f98662ab0ad req-6d8fffbe-79ef-4df2-87d5-5f98662ab0ad ] Request (ServerExternalEventsTest:test_create_server_external_events): 200 GET http://10.180.1.21/compute/v2.1/servers/4cc61343-486f-466c-9881-1a6856c82748 0.704s
2025-03-27 06:04:06.990 68328 INFO tempest.lib.common.rest_client [req-3954298e-ebdf-48b9-97ea-638f4834ab94 req-3954298e-ebdf-48b9-97ea-638f4834ab94 ] Request (FloatingIPsAssociationNegativeTestJSON:setUpClass): 200 GET http://10.180.1.21/compute/v2.1/servers/d42d2ca9-ac93-4efb-92a0-de248221dd43 0.606s
2025-03-27 06:04:07.043 68349 INFO tempest.lib.common.rest_client [req-8c0da56a-c088-4e91-80aa-7a851619c39f req-8c0da56a-c088-4e91-80aa-7a851619c39f ] Request (MultipleCreateTestJSON:test_multiple_create): 200 GET http://10.180.1.21/compute/v2.1/servers/0b61102f-1b2e-4962-b94b-d27d394c5aef 0.615s
2025-03-27 06:04:07.056 68330 INFO tempest.lib.common.rest_client [req-de5161fb-9098-42d9-b960-29852961380a req-de5161fb-9098-42d9-b960-29852961380a ] Request (ServersAdmin275Test:test_rebuild_update_server_275): 200 GET http://10.180.1.21/compute/v2.1/servers/42f39352-e703-4ebf-9559-4c8b5abca70e 0.575s
2025-03-27 06:04:07.224 68340 INFO tempest.lib.common.rest_client [req-8790ca8e-3a4a-46dc-a94c-2002a3330c4b req-8790ca8e-3a4a-46dc-a94c-2002a3330c4b ] Request (MigrationsAdminTest:test_list_migrations_in_flavor_resize_situation): 200 GET http://10.180.1.21/compute/v2.1/servers/17e9e12a-ec93-4ac5-bb6d-d6d0adb11e45 0.483s
2025-03-27 06:04:07.227 68346 INFO tempest.lib.common.rest_client [req-f135e3c7-ff34-4a39-a196-8c54d4cd9c05 req-f135e3c7-ff34-4a39-a196-8c54d4cd9c05 ] Request (ServersAdminTestJSON:setUpClass): 200 GET http://10.180.1.21/compute/v2.1/servers/97b050ff-2997-4504-8787-04f1221251b8 0.485s
2025-03-27 06:04:07.286 68350 INFO tempest.lib.common.rest_client [req-019b8ea7-8ca0-4837-a12a-cd8584c71372 req-019b8ea7-8ca0-4837-a12a-cd8584c71372 ] Request (ServerPasswordTestJSON:setUpClass): 200 GET http://10.180.1.21/compute/v2.1/servers/1b382d10-944a-4817-b959-c8ad2664309e 0.468s
2025-03-27 06:04:07.289 68368 INFO tempest.lib.common.rest_client [req-02f01dd6-bbf3-400e-9fd8-3446bf30291b req-02f01dd6-bbf3-400e-9fd8-3446bf30291b ] Request (ListImageFiltersTestJSON:setUpClass): 200 GET http://10.180.1.21/compute/v2.1/servers/a7853da1-b00c-4b05-8f4a-f928fcb59cb2 0.462s
2025-03-27 06:04:07.341 68326 INFO tempest.lib.common.rest_client [req-f62a6ffe-283b-433f-be2a-3834f1c88653 req-f62a6ffe-283b-433f-be2a-3834f1c88653 ] Request (FloatingIPsAssociationTestJSON:tearDownClass): 200 PUT http://10.180.1.21:9696/networking/v2.0/routers/d94660c1-8f11-4a1d-918b-ed69bc3fb637/remove_router_interface 1.587s
2025-03-27 06:04:07.343 68332 INFO tempest.lib.common.rest_client [req-25f8df11-e08b-4e65-89b9-f33377cb5592 req-25f8df11-e08b-4e65-89b9-f33377cb5592 ] Request (DeleteServersAdminTestJSON:test_delete_server_while_in_error_state): 200 GET http://10.180.1.21/compute/v2.1/servers/37f5c20e-dbc4-46a3-a83f-c7329f7a764c 0.296s
2025-03-27 06:04:07.724 68382 INFO tempest.lib.common.rest_client [req-036b4341-c040-407a-a262-49f432a98265 req-036b4341-c040-407a-a262-49f432a98265 ] Request (ServerDiagnosticsTest:test_get_server_diagnostics): 200 GET http://10.180.1.21/compute/v2.1/servers/39de4e78-44cd-4582-998e-88ce6de2d51c 0.551s
2025-03-27 06:04:07.799 68366 INFO tempest.lib.common.rest_client [req-1096d56e-b2ff-4026-b9a2-e636251058d0 req-1096d56e-b2ff-4026-b9a2-e636251058d0 ] Request (ServerActionsV293TestJSON:setUpClass): 200 GET http://10.180.1.21/compute/v2.1/servers/db379674-cc77-430b-bd6d-2f674d57a7ee 0.552s
2025-03-27 06:04:07.802 68324 INFO tempest.lib.common.rest_client [req-68a373db-0ad5-4d59-8cdd-f0d9bb254925 req-68a373db-0ad5-4d59-8cdd-f0d9bb254925 ] Request (ImagesNegativeTestJSON:test_create_image_from_deleted_server): 200 GET http://10.180.1.21/compute/v2.1/servers/b81d413c-2449-471a-b3d9-693fc0ab2824 0.585s
2025-03-27 06:04:07.877 68356 INFO tempest.lib.common.rest_client [req-00a1d1b7-18b8-4de9-a246-8170ff0f0458 req-00a1d1b7-18b8-4de9-a246-8170ff0f0458 ] Request (VolumesAssistedSnapshotsTest:test_volume_assisted_snapshot_create_delete): 200 GET http://10.180.1.21/compute/v2.1/servers/810b9f3c-7a92-40ab-8630-5c1ad6e4762c 0.577s
2025-03-27 06:04:07.877 68360 INFO tempest.lib.common.rest_client [req-e7ff81c0-fd69-4c01-9470-757db288ee84 req-e7ff81c0-fd69-4c01-9470-757db288ee84 ] Request (ServersWithSpecificFlavorTestJSON:test_verify_created_server_ephemeral_disk): 200 GET http://10.180.1.21/compute/v2.1/servers/0a9103d6-2461-4ed3-93fa-a0149ccc5267 0.600s
2025-03-27 06:04:07.932 68372 INFO tempest.lib.common.rest_client [req-3479a5d4-2f8d-46f2-929a-998966fcb3c1 req-3479a5d4-2f8d-46f2-929a-998966fcb3c1 ] Request (ServerActionsTestOtherA:setUpClass): 200 GET http://10.180.1.21/compute/v2.1/servers/0a0d385d-3255-4755-8987-a26cd28006cb 0.580s
2025-03-27 06:04:07.944 68364 INFO tempest.lib.common.rest_client [req-ee3132f4-d014-42bc-b92e-8c455f4f3e04 req-ee3132f4-d014-42bc-b92e-8c455f4f3e04 ] Request (ServersNegativeTestJSON:setUpClass): 200 GET http://10.180.1.21/compute/v2.1/servers/856ec4dd-3a1d-4140-b3d5-52690cf87f92 0.606s
2025-03-27 06:04:07.989 68380 INFO tempest.lib.common.rest_client [req-bb10073a-43c7-410e-bf0e-90edc3e6fcb4 req-bb10073a-43c7-410e-bf0e-90edc3e6fcb4 ] Request (TenantUsagesTestJSON:setUpClass): 200 GET http://10.180.1.21/compute/v2.1/servers/4e0f3617-aef9-4d66-8243-ff530b4084cd 0.577s
2025-03-27 06:04:08.014 68376 INFO tempest.lib.common.rest_client [req-20c906a2-2946-4b14-bbb2-eea0b0c03bd1 req-20c906a2-2946-4b14-bbb2-eea0b0c03bd1 ] Request (AttachVolumeTestJSON:test_attach_detach_volume): 200 GET http://10.180.1.21/compute/v2.1/servers/bce68a2b-260c-45cc-ac98-d4b01b4513a4 0.596s
2025-03-27 06:04:08.277 68370 INFO tempest.lib.common.rest_client [req-6c9c843e-fe52-4e3e-b5d2-8a0111bd6d11 req-6c9c843e-fe52-4e3e-b5d2-8a0111bd6d11 ] Request (AttachInterfacesV270Test:test_create_get_list_interfaces): 200 GET http://10.180.1.21/compute/v2.1/servers/a89ff564-ea35-4000-8efa-2c1ec2b61759 0.677s
2025-03-27 06:04:08.316 68378 INFO tempest.lib.common.rest_client [req-6a70c446-6556-444f-b307-bf52fb0eaae4 req-6a70c446-6556-444f-b307-bf52fb0eaae4 ] Request (InstanceActionsTestJSON:setUpClass): 200 GET http://10.180.1.21/compute/v2.1/servers/f23e3529-19a6-4562-ae9b-591d1a452385 0.716s
2025-03-27 06:04:08.324 68326 INFO tempest.lib.common.rest_client [req-88fcc925-4908-491a-83df-03ab3fd386e6 req-88fcc925-4908-491a-83df-03ab3fd386e6 ] Request (FloatingIPsAssociationTestJSON:tearDownClass): 204 DELETE http://10.180.1.21:9696/networking/v2.0/routers/d94660c1-8f11-4a1d-918b-ed69bc3fb637 0.983s
2025-03-27 06:04:08.326 68320 INFO tempest.lib.common.rest_client [req-843f8bda-db8a-448d-8cac-880d8efe4293 req-843f8bda-db8a-448d-8cac-880d8efe4293 ] Request (AttachInterfacesUnderV243Test:test_add_remove_fixed_ip): 200 GET http://10.180.1.21/compute/v2.1/servers/1812f13e-b03d-48d4-940a-43974784265b 0.651s
2025-03-27 06:04:08.369 68336 INFO tempest.lib.common.rest_client [req-83e4d035-e1c3-4b07-89a5-c855da959b9a req-83e4d035-e1c3-4b07-89a5-c855da959b9a ] Request (ImagesTestJSON:test_create_image_from_stopped_server): 200 GET http://10.180.1.21/compute/v2.1/servers/25cb12ed-d0ed-402f-ba73-3c6c835adb17 0.686s
2025-03-27 06:04:08.393 68354 INFO tempest.lib.common.rest_client [req-4c3be78c-03e3-423e-836b-f846ffa6c5c6 req-4c3be78c-03e3-423e-836b-f846ffa6c5c6 ] Request (ImagesOneServerTestJSON:setUpClass): 200 GET http://10.180.1.21/compute/v2.1/servers/28fd3e76-1a9b-4273-b951-e50a8506a9bc 0.664s
2025-03-27 06:04:08.422 68358 INFO tempest.lib.common.rest_client [req-1242deb8-56ec-4c1b-910a-945b75be2469 req-1242deb8-56ec-4c1b-910a-945b75be2469 ] Request (ServerDiagnosticsNegativeTest:test_get_server_diagnostics_by_non_admin): 200 GET http://10.180.1.21/compute/v2.1/servers/0cc0463e-1e55-4dd5-96b2-ee15025e689b 0.677s
2025-03-27 06:04:08.447 68322 INFO tempest.lib.common.rest_client [req-59f3935a-178b-4543-898d-017ea4200c17 req-59f3935a-178b-4543-898d-017ea4200c17 ] Request (ServerAddressesNegativeTestJSON:setUpClass): 200 GET http://10.180.1.21/compute/v2.1/servers/e2a9808e-6da7-4e53-a6d3-d3144ecf158a 0.653s
2025-03-27 06:04:08.476 68338 INFO tempest.lib.common.rest_client [req-e742c483-074b-452a-9ccd-9d7b8e3124b5 req-e742c483-074b-452a-9ccd-9d7b8e3124b5 ] Request (ServerDiagnosticsV248Test:test_get_server_diagnostics): 200 GET http://10.180.1.21/compute/v2.1/servers/de1b8ef9-0088-4d2a-985e-d04fcff55d31 0.671s
2025-03-27 06:04:08.502 68362 INFO tempest.lib.common.rest_client [req-51ae49a7-8e02-4d84-8dca-64badd42a4c5 req-51ae49a7-8e02-4d84-8dca-64badd42a4c5 ] Request (SecurityGroupsTestJSON:test_list_security_groups_by_server): 200 GET http://10.180.1.21/compute/v2.1/servers/dae1bdde-e497-4ee6-9582-4988c5ae7a96 0.618s
2025-03-27 06:04:08.528 68352 INFO tempest.lib.common.rest_client [req-3abd2bc9-051b-4329-bfb3-8319ee9032d2 req-3abd2bc9-051b-4329-bfb3-8319ee9032d2 ] Request (ServerRescueTestJSON:setUpClass): 200 GET http://10.180.1.21/compute/v2.1/servers/f17efcc0-2a35-4360-abdf-1543a4cd0fcc 0.582s
2025-03-27 06:04:08.577 68328 INFO tempest.lib.common.rest_client [req-6e31f44e-d519-4f09-bc33-892a3d4baa8c req-6e31f44e-d519-4f09-bc33-892a3d4baa8c ] Request (FloatingIPsAssociationNegativeTestJSON:setUpClass): 200 GET http://10.180.1.21/compute/v2.1/servers/d42d2ca9-ac93-4efb-92a0-de248221dd43 0.579s
2025-03-27 06:04:08.597 68326 INFO tempest.lib.common.rest_client [req-236bf08b-3a4b-4017-a65e-e1e204392c55 req-236bf08b-3a4b-4017-a65e-e1e204392c55 ] Request (FloatingIPsAssociationTestJSON:tearDownClass): 204 DELETE http://10.180.1.21:9696/networking/v2.0/subnets/d8212635-c963-4a7d-aa62-de90557597db 0.272s
2025-03-27 06:04:08.631 68349 INFO tempest.lib.common.rest_client [req-b82a5445-7eea-4b4d-aaa2-6b965034e201 req-b82a5445-7eea-4b4d-aaa2-6b965034e201 ] Request (MultipleCreateTestJSON:test_multiple_create): 200 GET http://10.180.1.21/compute/v2.1/servers/0b61102f-1b2e-4962-b94b-d27d394c5aef 0.580s
2025-03-27 06:04:08.643 68374 INFO tempest.lib.common.rest_client [req-73c285b6-cee2-4f48-9376-803da34ed44a req-73c285b6-cee2-4f48-9376-803da34ed44a ] Request (ServerExternalEventsTest:test_create_server_external_events): 200 GET http://10.180.1.21/compute/v2.1/servers/4cc61343-486f-466c-9881-1a6856c82748 0.658s
2025-03-27 06:04:08.688 68330 INFO tempest.lib.common.rest_client [req-a80f9ecc-bbb2-4a4c-bb6a-2d79e1c85185 req-a80f9ecc-bbb2-4a4c-bb6a-2d79e1c85185 ] Request (ServersAdmin275Test:test_rebuild_update_server_275): 200 GET http://10.180.1.21/compute/v2.1/servers/42f39352-e703-4ebf-9559-4c8b5abca70e 0.622s
2025-03-27 06:04:08.764 68340 INFO tempest.lib.common.rest_client [req-ee6ca801-143b-4590-a140-23fe334147f9 req-ee6ca801-143b-4590-a140-23fe334147f9 ] Request (MigrationsAdminTest:test_list_migrations_in_flavor_resize_situation): 200 GET http://10.180.1.21/compute/v2.1/servers/17e9e12a-ec93-4ac5-bb6d-d6d0adb11e45 0.529s
2025-03-27 06:04:08.794 68346 INFO tempest.lib.common.rest_client [req-7eea4087-90ae-4e25-ada7-081928ff06d0 req-7eea4087-90ae-4e25-ada7-081928ff06d0 ] Request (ServersAdminTestJSON:setUpClass): 200 GET http://10.180.1.21/compute/v2.1/servers/97b050ff-2997-4504-8787-04f1221251b8 0.559s
2025-03-27 06:04:08.813 68350 INFO tempest.lib.common.rest_client [req-07e05905-d2bb-47d2-a8a5-91142ca7748a req-07e05905-d2bb-47d2-a8a5-91142ca7748a ] Request (ServerPasswordTestJSON:setUpClass): 200 GET http://10.180.1.21/compute/v2.1/servers/1b382d10-944a-4817-b959-c8ad2664309e 0.518s
2025-03-27 06:04:08.842 68368 INFO tempest.lib.common.rest_client [req-5b496fec-b511-4d99-9116-f8645a253d7c req-5b496fec-b511-4d99-9116-f8645a253d7c ] Request (ListImageFiltersTestJSON:setUpClass): 200 GET http://10.180.1.21/compute/v2.1/servers/a7853da1-b00c-4b05-8f4a-f928fcb59cb2 0.545s
2025-03-27 06:04:08.865 68332 INFO tempest.lib.common.rest_client [req-b67d5e49-e6b7-4a8d-9dfc-caa61992bb99 req-b67d5e49-e6b7-4a8d-9dfc-caa61992bb99 ] Request (DeleteServersAdminTestJSON:test_delete_server_while_in_error_state): 200 GET http://10.180.1.21/compute/v2.1/servers/37f5c20e-dbc4-46a3-a83f-c7329f7a764c 0.507s
2025-03-27 06:04:08.898 68326 INFO tempest.lib.common.rest_client [req-b1605c39-31fd-4eb0-adc3-dca4c7ef4198 req-b1605c39-31fd-4eb0-adc3-dca4c7ef4198 ] Request (FloatingIPsAssociationTestJSON:tearDownClass): 204 DELETE http://10.180.1.21:9696/networking/v2.0/networks/88187e54-b99b-4328-bc20-35f889cb52f5 0.300s
2025-03-27 06:04:08.925 68366 INFO tempest.lib.common.rest_client [req-c7917880-77b5-481c-bbaa-aebc700a1965 req-c7917880-77b5-481c-bbaa-aebc700a1965 ] Request (ServerActionsV293TestJSON:setUpClass): 200 GET http://10.180.1.21/compute/v2.1/servers/db379674-cc77-430b-bd6d-2f674d57a7ee 0.116s
2025-03-27 06:04:08.945 68382 INFO tempest.lib.common.rest_client [req-4cea6d22-55aa-47e7-b2eb-c04b44022623 req-4cea6d22-55aa-47e7-b2eb-c04b44022623 ] Request (ServerDiagnosticsTest:test_get_server_diagnostics): 200 GET http://10.180.1.21/compute/v2.1/servers/39de4e78-44cd-4582-998e-88ce6de2d51c 0.209s
2025-03-27 06:04:08.977 68326 INFO tempest.lib.common.rest_client [req-6b472b0a-b169-4c98-af8c-6a9785962b73 req-6b472b0a-b169-4c98-af8c-6a9785962b73 ] Request (FloatingIPsAssociationTestJSON:tearDownClass): 204 DELETE http://10.180.1.21/identity/v3/users/b9bc5b5d24ec4c3da3a9bbb7f74b26c2 0.079s
2025-03-27 06:04:08.977 68326 INFO tempest.lib.common.dynamic_creds [-] Deleting project and security group for project: bba47d6853164b709160fe935e827841
2025-03-27 06:04:08.991 68360 INFO tempest.lib.common.rest_client [req-ba03c289-6d8e-4948-abc5-5752988489bf req-ba03c289-6d8e-4948-abc5-5752988489bf ] Request (ServersWithSpecificFlavorTestJSON:test_verify_created_server_ephemeral_disk): 200 GET http://10.180.1.21/compute/v2.1/servers/0a9103d6-2461-4ed3-93fa-a0149ccc5267 0.106s
2025-03-27 06:04:09.014 68326 INFO tempest.lib.common.rest_client [req-b2415607-0f86-451a-a850-287de198d248 req-b2415607-0f86-451a-a850-287de198d248 ] Request (FloatingIPsAssociationTestJSON:tearDownClass): 200 GET http://10.180.1.21:9696/networking/v2.0/security-groups?tenant_id=bba47d6853164b709160fe935e827841&name=default 0.036s
2025-03-27 06:04:09.036 68324 INFO tempest.lib.common.rest_client [req-d6c84135-7f5f-42e4-a7f2-28a5c9dd7829 req-d6c84135-7f5f-42e4-a7f2-28a5c9dd7829 ] Request (ImagesNegativeTestJSON:test_create_image_from_deleted_server): 200 GET http://10.180.1.21/compute/v2.1/servers/b81d413c-2449-471a-b3d9-693fc0ab2824 0.226s
2025-03-27 06:04:09.044 68356 INFO tempest.lib.common.rest_client [req-696504e7-00f8-4271-a560-fe84cf27c92b req-696504e7-00f8-4271-a560-fe84cf27c92b ] Request (VolumesAssistedSnapshotsTest:test_volume_assisted_snapshot_create_delete): 200 GET http://10.180.1.21/compute/v2.1/servers/810b9f3c-7a92-40ab-8630-5c1ad6e4762c 0.158s
2025-03-27 06:04:09.087 68326 INFO tempest.lib.common.rest_client [req-764d870d-6a0c-4ba8-9890-89e05f040038 req-764d870d-6a0c-4ba8-9890-89e05f040038 ] Request (FloatingIPsAssociationTestJSON:tearDownClass): 204 DELETE http://10.180.1.21:9696/networking/v2.0/security-groups/3cfb22bd-cdb6-4c88-ba02-9fda9531bb49 0.073s
2025-03-27 06:04:09.089 68372 INFO tempest.lib.common.rest_client [req-05080967-fda4-4fbf-b5b2-f832a9b2f85b req-05080967-fda4-4fbf-b5b2-f832a9b2f85b ] Request (ServerActionsTestOtherA:setUpClass): 200 GET http://10.180.1.21/compute/v2.1/servers/0a0d385d-3255-4755-8987-a26cd28006cb 0.149s
