2025-03-27 06:04:41.556 68378 INFO tempest.lib.common.rest_client [req-f42c0b7d-bba8-4b7d-93fd-7a64096fa64b req-f42c0b7d-bba8-4b7d-93fd-7a64096fa64b ] Request (InstanceActionsTestJSON:setUpClass): 200 GET http://10.180.1.21/compute/v2.1/servers/f23e3529-19a6-4562-ae9b-591d1a452385 0.086s
2025-03-27 06:04:41.609 68362 INFO tempest.lib.common.rest_client [req-893f4bb3-d9d6-4174-9e42-324dd21dc9c6 req-893f4bb3-d9d6-4174-9e42-324dd21dc9c6 ] Request (SecurityGroupsTestJSON:test_list_security_groups_by_server): 200 GET http://10.180.1.21/compute/v2.1/servers/dae1bdde-e497-4ee6-9582-4988c5ae7a96 0.095s
2025-03-27 06:04:41.654 68328 INFO tempest.lib.common.rest_client [req-4dbadb2f-097c-4b16-8294-4ba1ff0daa92 req-4dbadb2f-097c-4b16-8294-4ba1ff0daa92 ] Request (FloatingIPsAssociationNegativeTestJSON:setUpClass): 200 GET http://10.180.1.21/compute/v2.1/servers/d42d2ca9-ac93-4efb-92a0-de248221dd43 0.123s
2025-03-27 06:04:41.699 68349 INFO tempest.lib.common.rest_client [req-f28e6f90-6902-403e-849a-d51b8c968bb1 req-f28e6f90-6902-403e-849a-d51b8c968bb1 ] Request (MultipleCreateTestJSON:test_multiple_create): 200 GET http://10.180.1.21/compute/v2.1/servers/0b61102f-1b2e-4962-b94b-d27d394c5aef 0.211s
2025-03-27 06:04:41.705 68350 INFO tempest.lib.common.rest_client [req-11f4925a-8d10-4637-a22a-e61cf26d7d00 req-11f4925a-8d10-4637-a22a-e61cf26d7d00 ] Request (ServerPasswordTestJSON:setUpClass): 200 GET http://10.180.1.21/compute/v2.1/servers/1b382d10-944a-4817-b959-c8ad2664309e 0.150s
2025-03-27 06:04:41.749 68330 INFO tempest.lib.common.rest_client [req-f5457527-9af0-4756-98a8-aefc716b2881 req-f5457527-9af0-4756-98a8-aefc716b2881 ] Request (ServersAdmin275Test:test_rebuild_update_server_275): 200 GET http://10.180.1.21/compute/v2.1/servers/42f39352-e703-4ebf-9559-4c8b5abca70e 0.171s
2025-03-27 06:04:41.752 68368 INFO tempest.lib.common.rest_client [req-faf7c122-ce4b-4844-bb58-2071025141da req-faf7c122-ce4b-4844-bb58-2071025141da ] Request (ListImageFiltersTestJSON:setUpClass): 200 GET http://10.180.1.21/compute/v2.1/servers/a7853da1-b00c-4b05-8f4a-f928fcb59cb2 0.155s
2025-03-27 06:04:41.803 68332 INFO tempest.lib.common.rest_client [req-b942dd4b-122d-41c8-8240-e0229bcbd2a8 req-b942dd4b-122d-41c8-8240-e0229bcbd2a8 ] Request (DeleteServersAdminTestJSON:test_delete_server_while_in_error_state): 200 GET http://10.180.1.21/compute/v2.1/servers/37f5c20e-dbc4-46a3-a83f-c7329f7a764c 0.189s
2025-03-27 06:04:41.805 68360 INFO tempest.lib.common.rest_client [req-3bc7797a-6c34-4567-8b02-33eb78d2b7cf req-3bc7797a-6c34-4567-8b02-33eb78d2b7cf ] Request (ServersWithSpecificFlavorTestJSON:test_verify_created_server_ephemeral_disk): 200 GET http://10.180.1.21/compute/v2.1/servers/0a9103d6-2461-4ed3-93fa-a0149ccc5267 0.166s
2025-03-27 06:04:41.860 68356 INFO tempest.lib.common.rest_client [req-8983ee7a-32d4-4d41-9a44-cad6ed493764 req-8983ee7a-32d4-4d41-9a44-cad6ed493764 ] Request (VolumesAssistedSnapshotsTest:test_volume_assisted_snapshot_create_delete): 200 GET http://10.180.1.21/compute/v2.1/servers/810b9f3c-7a92-40ab-8630-5c1ad6e4762c 0.201s
2025-03-27 06:04:41.863 68366 INFO tempest.lib.common.rest_client [req-fe0528f0-3841-4052-9a39-e26b7d4b9a5e req-fe0528f0-3841-4052-9a39-e26b7d4b9a5e ] Request (ServerActionsV293TestJSON:setUpClass): 200 GET http://10.180.1.21/compute/v2.1/servers/db379674-cc77-430b-bd6d-2f674d57a7ee 0.173s
2025-03-27 06:04:41.907 68372 INFO tempest.lib.common.rest_client [req-e016ed55-998f-4aee-905b-1f784b55c4c5 req-e016ed55-998f-4aee-905b-1f784b55c4c5 ] Request (ServerActionsTestOtherA:setUpClass): 200 GET http://10.180.1.21/compute/v2.1/servers/0a0d385d-3255-4755-8987-a26cd28006cb 0.206s
2025-03-27 06:04:41.913 68380 INFO tempest.lib.common.rest_client [req-65c5df8e-61ad-42a7-8095-6faf483915bb req-65c5df8e-61ad-42a7-8095-6faf483915bb ] Request (TenantUsagesTestJSON:setUpClass): 200 GET http://10.180.1.21/compute/v2.1/servers/4e0f3617-aef9-4d66-8243-ff530b4084cd 0.183s
2025-03-27 06:04:41.953 68376 INFO tempest.lib.common.rest_client [req-8a490e12-dd17-4bc4-b820-7fd5610696d0 req-8a490e12-dd17-4bc4-b820-7fd5610696d0 ] Request (AttachVolumeTestJSON:test_attach_detach_volume): 200 GET http://10.180.1.21/compute/v2.1/servers/bce68a2b-260c-45cc-ac98-d4b01b4513a4 0.208s
2025-03-27 06:04:42.030 68370 INFO tempest.lib.common.rest_client [req-2b3a5b55-55b0-42d0-be02-67e354d51358 req-2b3a5b55-55b0-42d0-be02-67e354d51358 ] Request (AttachInterfacesV270Test:test_create_get_list_interfaces): 200 GET http://10.180.1.21/compute/v2.1/servers/a89ff564-ea35-4000-8efa-2c1ec2b61759 0.209s
2025-03-27 06:04:42.050 68340 INFO tempest.lib.common.rest_client [req-f7778c16-2a29-4e34-a500-871f2d2f9036 req-f7778c16-2a29-4e34-a500-871f2d2f9036 ] Request (MigrationsAdminTest:test_list_migrations_in_flavor_resize_situation): 200 GET http://10.180.1.21/compute/v2.1/servers/17e9e12a-ec93-4ac5-bb6d-d6d0adb11e45 0.148s
2025-03-27 06:04:42.099 68326 INFO tempest.lib.common.rest_client [req-88e6ccad-1cf0-46f0-b565-4025ccbc9162 req-88e6ccad-1cf0-46f0-b565-4025ccbc9162 ] Request (DeleteServersTestJSON:test_delete_active_server): 200 GET http://10.180.1.21/compute/v2.1/servers/1e43f6be-f6a3-4569-adea-c82a5d709247 0.153s
2025-03-27 06:04:42.126 68374 INFO tempest.lib.common.rest_client [req-b9aec66b-5ea5-4ca2-b566-11e59986c2cc req-b9aec66b-5ea5-4ca2-b566-11e59986c2cc ] Request (ServerExternalEventsTest:test_create_server_external_events): 200 GET http://10.180.1.21/compute/v2.1/servers/4cc61343-486f-466c-9881-1a6856c82748 0.205s
2025-03-27 06:04:42.139 68364 INFO tempest.lib.common.rest_client [req-ace17873-b015-4b0c-bd1f-b74ef96615d7 req-ace17873-b015-4b0c-bd1f-b74ef96615d7 ] Request (ServersNegativeTestJSON:setUpClass): 200 GET http://10.180.1.21/compute/v2.1/servers/856ec4dd-3a1d-4140-b3d5-52690cf87f92 0.178s
2025-03-27 06:04:42.271 68382 INFO tempest.lib.common.rest_client [req-7314cd1e-fe6e-47c6-be19-80372367d7d6 req-7314cd1e-fe6e-47c6-be19-80372367d7d6 ] Request (ServerDiagnosticsTest:test_get_server_diagnostics): 200 GET http://10.180.1.21/compute/v2.1/servers/39de4e78-44cd-4582-998e-88ce6de2d51c 0.116s
2025-03-27 06:04:42.292 68346 INFO tempest.lib.common.rest_client [req-e86a717a-c225-400e-9a9a-b73b0460c446 req-e86a717a-c225-400e-9a9a-b73b0460c446 ] Request (ServersAdminTestJSON:setUpClass): 200 GET http://10.180.1.21/compute/v2.1/servers/97b050ff-2997-4504-8787-04f1221251b8 0.112s
2025-03-27 06:04:42.315 68320 INFO tempest.lib.common.rest_client [req-bdc3b1aa-f871-47c5-8471-4890fc66880d req-bdc3b1aa-f871-47c5-8471-4890fc66880d ] Request (AttachInterfacesUnderV243Test:test_add_remove_fixed_ip): 200 GET http://10.180.1.21/compute/v2.1/servers/1812f13e-b03d-48d4-940a-43974784265b 0.121s
2025-03-27 06:04:42.336 68358 INFO tempest.lib.common.rest_client [req-fa546dc1-d669-4e24-8090-c1feda796813 req-fa546dc1-d669-4e24-8090-c1feda796813 ] Request (ServerDiagnosticsNegativeTest:test_get_server_diagnostics_by_non_admin): 200 GET http://10.180.1.21/compute/v2.1/servers/0cc0463e-1e55-4dd5-96b2-ee15025e689b 0.114s
2025-03-27 06:04:42.359 68336 INFO tempest.lib.common.rest_client [req-92a67705-e99e-4fe7-8316-c913d2022c65 req-92a67705-e99e-4fe7-8316-c913d2022c65 ] Request (ImagesTestJSON:test_create_image_from_stopped_server): 200 GET http://10.180.1.21/compute/v2.1/servers/25cb12ed-d0ed-402f-ba73-3c6c835adb17 0.120s
2025-03-27 06:04:42.378 68354 INFO tempest.lib.common.rest_client [req-95db9901-2d0d-4612-b348-aebbbaee9544 req-95db9901-2d0d-4612-b348-aebbbaee9544 ] Request (ImagesOneServerTestJSON:setUpClass): 200 GET http://10.180.1.21/compute/v2.1/servers/28fd3e76-1a9b-4273-b951-e50a8506a9bc 0.114s
2025-03-27 06:04:42.448 68322 INFO tempest.lib.common.rest_client [req-7e405c4c-238a-4436-a740-337d4599b349 req-7e405c4c-238a-4436-a740-337d4599b349 ] Request (ServerAddressesNegativeTestJSON:setUpClass): 200 GET http://10.180.1.21/compute/v2.1/servers/e2a9808e-6da7-4e53-a6d3-d3144ecf158a 0.043s
2025-03-27 06:04:42.501 68352 INFO tempest.lib.common.rest_client [req-aa2aa5c9-acc4-44b9-9e18-361aa94d709f req-aa2aa5c9-acc4-44b9-9e18-361aa94d709f ] Request (ServerRescueTestJSON:setUpClass): 200 GET http://10.180.1.21/compute/v2.1/servers/f17efcc0-2a35-4360-abdf-1543a4cd0fcc 0.045s
2025-03-27 06:04:42.558 68338 INFO tempest.lib.common.rest_client [req-1810f08a-7cc7-4d5c-80d1-093c5da6714f req-1810f08a-7cc7-4d5c-80d1-093c5da6714f ] Request (ServerDiagnosticsV248Test:test_get_server_diagnostics): 200 GET http://10.180.1.21/compute/v2.1/servers/de1b8ef9-0088-4d2a-985e-d04fcff55d31 0.057s
2025-03-27 06:04:42.631 68324 INFO tempest.lib.common.rest_client [req-5b88b433-11ba-4968-8198-a744e18a9c37 req-5b88b433-11ba-4968-8198-a744e18a9c37 ] Request (ImagesNegativeTestJSON:test_create_image_from_deleted_server): 200 GET http://10.180.1.21/compute/v2.1/servers/b81d413c-2449-471a-b3d9-693fc0ab2824 0.155s
2025-03-27 06:04:42.678 68362 INFO tempest.lib.common.rest_client [req-57a14c3c-db79-4f41-8044-38bafc6a8363 req-57a14c3c-db79-4f41-8044-38bafc6a8363 ] Request (SecurityGroupsTestJSON:test_list_security_groups_by_server): 200 GET http://10.180.1.21/compute/v2.1/servers/dae1bdde-e497-4ee6-9582-4988c5ae7a96 0.061s
2025-03-27 06:04:42.723 68378 INFO tempest.lib.common.rest_client [req-05e7e6ff-2a06-4b86-b6e3-8ca19e80b6ec req-05e7e6ff-2a06-4b86-b6e3-8ca19e80b6ec ] Request (InstanceActionsTestJSON:setUpClass): 200 GET http://10.180.1.21/compute/v2.1/servers/f23e3529-19a6-4562-ae9b-591d1a452385 0.155s
2025-03-27 06:04:42.726 68328 INFO tempest.lib.common.rest_client [req-755ad3b5-3045-447c-8b28-8e014fba568c req-755ad3b5-3045-447c-8b28-8e014fba568c ] Request (FloatingIPsAssociationNegativeTestJSON:setUpClass): 200 GET http://10.180.1.21/compute/v2.1/servers/d42d2ca9-ac93-4efb-92a0-de248221dd43 0.064s
2025-03-27 06:04:42.770 68350 INFO tempest.lib.common.rest_client [req-a5d637b5-107b-4193-808b-e4b878d5489f req-a5d637b5-107b-4193-808b-e4b878d5489f ] Request (ServerPasswordTestJSON:setUpClass): 200 GET http://10.180.1.21/compute/v2.1/servers/1b382d10-944a-4817-b959-c8ad2664309e 0.058s
2025-03-27 06:04:42.776 68349 INFO tempest.lib.common.rest_client [req-ab05c499-dc25-4307-ba26-0a3787d59c42 req-ab05c499-dc25-4307-ba26-0a3787d59c42 ] Request (MultipleCreateTestJSON:test_multiple_create): 200 GET http://10.180.1.21/compute/v2.1/servers/0b61102f-1b2e-4962-b94b-d27d394c5aef 0.069s
2025-03-27 06:04:42.826 68368 INFO tempest.lib.common.rest_client [req-eb8e20b6-22ee-4ea5-9b63-f8ac9ab1f6a0 req-eb8e20b6-22ee-4ea5-9b63-f8ac9ab1f6a0 ] Request (ListImageFiltersTestJSON:setUpClass): 200 GET http://10.180.1.21/compute/v2.1/servers/a7853da1-b00c-4b05-8f4a-f928fcb59cb2 0.066s
2025-03-27 06:04:42.831 68330 INFO tempest.lib.common.rest_client [req-0f4d179e-953e-469b-84da-4f5c7294e266 req-0f4d179e-953e-469b-84da-4f5c7294e266 ] Request (ServersAdmin275Test:test_rebuild_update_server_275): 200 GET http://10.180.1.21/compute/v2.1/servers/42f39352-e703-4ebf-9559-4c8b5abca70e 0.073s
2025-03-27 06:04:42.882 68332 INFO tempest.lib.common.rest_client [req-19f0256e-969f-4f17-942f-3b2e63d55709 req-19f0256e-969f-4f17-942f-3b2e63d55709 ] Request (DeleteServersAdminTestJSON:test_delete_server_while_in_error_state): 200 GET http://10.180.1.21/compute/v2.1/servers/37f5c20e-dbc4-46a3-a83f-c7329f7a764c 0.070s
2025-03-27 06:04:42.882 68360 INFO tempest.lib.common.rest_client [req-a17c1bc4-e65c-4274-8443-c81d0ddc2286 req-a17c1bc4-e65c-4274-8443-c81d0ddc2286 ] Request (ServersWithSpecificFlavorTestJSON:test_verify_created_server_ephemeral_disk): 200 GET http://10.180.1.21/compute/v2.1/servers/0a9103d6-2461-4ed3-93fa-a0149ccc5267 0.069s
2025-03-27 06:04:42.936 68356 INFO tempest.lib.common.rest_client [req-64709c30-f386-4eae-a62f-16ee68aed290 req-64709c30-f386-4eae-a62f-16ee68aed290 ] Request (VolumesAssistedSnapshotsTest:test_volume_assisted_snapshot_create_delete): 200 GET http://10.180.1.21/compute/v2.1/servers/810b9f3c-7a92-40ab-8630-5c1ad6e4762c 0.067s
2025-03-27 06:04:42.938 68366 INFO tempest.lib.common.rest_client [req-7cd57a91-5d04-4380-9db2-26b0b5e78741 req-7cd57a91-5d04-4380-9db2-26b0b5e78741 ] Request (ServerActionsV293TestJSON:setUpClass): 200 GET http://10.180.1.21/compute/v2.1/servers/db379674-cc77-430b-bd6d-2f674d57a7ee 0.064s
2025-03-27 06:04:42.981 68372 INFO tempest.lib.common.rest_client [req-21176896-5328-48f8-bd65-80d3f44a05d3 req-21176896-5328-48f8-bd65-80d3f44a05d3 ] Request (ServerActionsTestOtherA:setUpClass): 200 GET http://10.180.1.21/compute/v2.1/servers/0a0d385d-3255-4755-8987-a26cd28006cb 0.066s
2025-03-27 06:04:42.989 68380 INFO tempest.lib.common.rest_client [req-ac46ad98-5667-4b46-a48d-705e5b076311 req-ac46ad98-5667-4b46-a48d-705e5b076311 ] Request (TenantUsagesTestJSON:setUpClass): 200 GET http://10.180.1.21/compute/v2.1/servers/4e0f3617-aef9-4d66-8243-ff530b4084cd 0.068s
2025-03-27 06:04:43.021 68376 INFO tempest.lib.common.rest_client [req-a2c9275e-190e-4fb5-89b9-e818866b3719 req-a2c9275e-190e-4fb5-89b9-e818866b3719 ] Request (AttachVolumeTestJSON:test_attach_detach_volume): 200 GET http://10.180.1.21/compute/v2.1/servers/bce68a2b-260c-45cc-ac98-d4b01b4513a4 0.060s
2025-03-27 06:04:43.182 68340 INFO tempest.lib.common.rest_client [req-ce8c0b0e-0922-4ccf-9067-48c9e36c5330 req-ce8c0b0e-0922-4ccf-9067-48c9e36c5330 ] Request (MigrationsAdminTest:test_list_migrations_in_flavor_resize_situation): 200 GET http://10.180.1.21/compute/v2.1/servers/17e9e12a-ec93-4ac5-bb6d-d6d0adb11e45 0.123s
2025-03-27 06:04:43.208 68370 INFO tempest.lib.common.rest_client [req-39a16dca-6728-4dfc-94cc-4d391ac1a5a6 req-39a16dca-6728-4dfc-94cc-4d391ac1a5a6 ] Request (AttachInterfacesV270Test:test_create_get_list_interfaces): 200 GET http://10.180.1.21/compute/v2.1/servers/a89ff564-ea35-4000-8efa-2c1ec2b61759 0.167s
2025-03-27 06:04:43.224 68326 INFO tempest.lib.common.rest_client [req-d3437f24-6a2d-4152-984b-9996d00b8585 req-d3437f24-6a2d-4152-984b-9996d00b8585 ] Request (DeleteServersTestJSON:test_delete_active_server): 200 GET http://10.180.1.21/compute/v2.1/servers/1e43f6be-f6a3-4569-adea-c82a5d709247 0.118s
2025-03-27 06:04:43.266 68364 INFO tempest.lib.common.rest_client [req-94bf9eb4-69c9-4e7c-8aa2-91f9386ef375 req-94bf9eb4-69c9-4e7c-8aa2-91f9386ef375 ] Request (ServersNegativeTestJSON:setUpClass): 200 GET http://10.180.1.21/compute/v2.1/servers/856ec4dd-3a1d-4140-b3d5-52690cf87f92 0.119s
2025-03-27 06:04:43.303 68374 INFO tempest.lib.common.rest_client [req-8a686c96-9338-41e7-8dfd-ca3a23b0b051 req-8a686c96-9338-41e7-8dfd-ca3a23b0b051 ] Request (ServerExternalEventsTest:test_create_server_external_events): 200 GET http://10.180.1.21/compute/v2.1/servers/4cc61343-486f-466c-9881-1a6856c82748 0.169s
2025-03-27 06:04:43.393 68382 INFO tempest.lib.common.rest_client [req-bb8da25c-38cd-4491-9bd3-e4393a5bb24b req-bb8da25c-38cd-4491-9bd3-e4393a5bb24b ] Request (ServerDiagnosticsTest:test_get_server_diagnostics): 200 GET http://10.180.1.21/compute/v2.1/servers/39de4e78-44cd-4582-998e-88ce6de2d51c 0.114s
2025-03-27 06:04:43.410 68346 INFO tempest.lib.common.rest_client [req-1e66ecda-2ed2-4966-ae97-4fecac4b8fee req-1e66ecda-2ed2-4966-ae97-4fecac4b8fee ] Request (ServersAdminTestJSON:setUpClass): 200 GET http://10.180.1.21/compute/v2.1/servers/97b050ff-2997-4504-8787-04f1221251b8 0.108s
2025-03-27 06:04:43.434 68320 INFO tempest.lib.common.rest_client [req-aa58bfc7-7e80-41ac-a259-b24335da556a req-aa58bfc7-7e80-41ac-a259-b24335da556a ] Request (AttachInterfacesUnderV243Test:test_add_remove_fixed_ip): 200 GET http://10.180.1.21/compute/v2.1/servers/1812f13e-b03d-48d4-940a-43974784265b 0.110s
2025-03-27 06:04:43.454 68358 INFO tempest.lib.common.rest_client [req-23c0ea91-8509-4281-af9e-e79831cfc8be req-23c0ea91-8509-4281-af9e-e79831cfc8be ] Request (ServerDiagnosticsNegativeTest:test_get_server_diagnostics_by_non_admin): 200 GET http://10.180.1.21/compute/v2.1/servers/0cc0463e-1e55-4dd5-96b2-ee15025e689b 0.110s
2025-03-27 06:04:43.474 68336 INFO tempest.lib.common.rest_client [req-d51e38ca-a877-4ba4-962e-a73db14adef6 req-d51e38ca-a877-4ba4-962e-a73db14adef6 ] Request (ImagesTestJSON:test_create_image_from_stopped_server): 200 GET http://10.180.1.21/compute/v2.1/servers/25cb12ed-d0ed-402f-ba73-3c6c835adb17 0.106s
2025-03-27 06:04:43.494 68354 INFO tempest.lib.common.rest_client [req-113b65bb-b4e9-47a8-aeef-ac1e3b480229 req-113b65bb-b4e9-47a8-aeef-ac1e3b480229 ] Request (ImagesOneServerTestJSON:setUpClass): 200 GET http://10.180.1.21/compute/v2.1/servers/28fd3e76-1a9b-4273-b951-e50a8506a9bc 0.108s
2025-03-27 06:04:43.513 68322 INFO tempest.lib.common.rest_client [req-0dd26902-5945-4d94-8a38-e767b5a0a9cb req-0dd26902-5945-4d94-8a38-e767b5a0a9cb ] Request (ServerAddressesNegativeTestJSON:setUpClass): 200 GET http://10.180.1.21/compute/v2.1/servers/e2a9808e-6da7-4e53-a6d3-d3144ecf158a 0.058s
2025-03-27 06:04:43.553 68352 INFO tempest.lib.common.rest_client [req-8eee3ed4-b383-4deb-8ce6-6ca9004fee52 req-8eee3ed4-b383-4deb-8ce6-6ca9004fee52 ] Request (ServerRescueTestJSON:setUpClass): 200 GET http://10.180.1.21/compute/v2.1/servers/f17efcc0-2a35-4360-abdf-1543a4cd0fcc 0.044s
2025-03-27 06:04:43.614 68338 INFO tempest.lib.common.rest_client [req-c7f30381-60fe-4c87-9eca-e7b98f693d04 req-c7f30381-60fe-4c87-9eca-e7b98f693d04 ] Request (ServerDiagnosticsV248Test:test_get_server_diagnostics): 200 GET http://10.180.1.21/compute/v2.1/servers/de1b8ef9-0088-4d2a-985e-d04fcff55d31 0.046s
2025-03-27 06:04:43.733 68362 INFO tempest.lib.common.rest_client [req-674928d5-b6b6-4c4f-b5e2-f8dcc83773d5 req-674928d5-b6b6-4c4f-b5e2-f8dcc83773d5 ] Request (SecurityGroupsTestJSON:test_list_security_groups_by_server): 200 GET http://10.180.1.21/compute/v2.1/servers/dae1bdde-e497-4ee6-9582-4988c5ae7a96 0.047s
2025-03-27 06:04:43.743 68324 INFO tempest.lib.common.rest_client [req-e14b3722-b7bc-4547-ba65-af736361bae3 req-e14b3722-b7bc-4547-ba65-af736361bae3 ] Request (ImagesNegativeTestJSON:test_create_image_from_deleted_server): 200 GET http://10.180.1.21/compute/v2.1/servers/b81d413c-2449-471a-b3d9-693fc0ab2824 0.103s
2025-03-27 06:04:43.791 68328 INFO tempest.lib.common.rest_client [req-db52efe4-b517-4420-92d9-9b2bc5060b84 req-db52efe4-b517-4420-92d9-9b2bc5060b84 ] Request (FloatingIPsAssociationNegativeTestJSON:setUpClass): 200 GET http://10.180.1.21/compute/v2.1/servers/d42d2ca9-ac93-4efb-92a0-de248221dd43 0.054s
2025-03-27 06:04:43.836 68350 INFO tempest.lib.common.rest_client [req-0b407293-a0a0-4d00-a880-f1efb0521a46 req-0b407293-a0a0-4d00-a880-f1efb0521a46 ] Request (ServerPasswordTestJSON:setUpClass): 200 GET http://10.180.1.21/compute/v2.1/servers/1b382d10-944a-4817-b959-c8ad2664309e 0.059s
2025-03-27 06:04:43.846 68378 INFO tempest.lib.common.rest_client [req-948915d0-f629-42d3-93ff-9aee94061f22 req-948915d0-f629-42d3-93ff-9aee94061f22 ] Request (InstanceActionsTestJSON:setUpClass): 200 GET http://10.180.1.21/compute/v2.1/servers/f23e3529-19a6-4562-ae9b-591d1a452385 0.115s
2025-03-27 06:04:43.885 68349 INFO tempest.lib.common.rest_client [req-649d70e2-b772-49b0-898a-337a633dda00 req-649d70e2-b772-49b0-898a-337a633dda00 ] Request (MultipleCreateTestJSON:test_multiple_create): 200 GET http://10.180.1.21/compute/v2.1/servers/0b61102f-1b2e-4962-b94b-d27d394c5aef 0.100s
2025-03-27 06:04:43.892 68368 INFO tempest.lib.common.rest_client [req-1e5b9180-8d77-4e34-a24a-fe7369900222 req-1e5b9180-8d77-4e34-a24a-fe7369900222 ] Request (ListImageFiltersTestJSON:setUpClass): 200 GET http://10.180.1.21/compute/v2.1/servers/a7853da1-b00c-4b05-8f4a-f928fcb59cb2 0.058s
2025-03-27 06:04:43.938 68330 INFO tempest.lib.common.rest_client [req-805f9be6-30a5-4779-949f-e1b07493b4df req-805f9be6-30a5-4779-949f-e1b07493b4df ] Request (ServersAdmin275Test:test_rebuild_update_server_275): 200 GET http://10.180.1.21/compute/v2.1/servers/42f39352-e703-4ebf-9559-4c8b5abca70e 0.097s
2025-03-27 06:04:43.943 68360 INFO tempest.lib.common.rest_client [req-a539dca8-8cee-4c0e-a9cc-1748bb143906 req-a539dca8-8cee-4c0e-a9cc-1748bb143906 ] Request (ServersWithSpecificFlavorTestJSON:test_verify_created_server_ephemeral_disk): 200 GET http://10.180.1.21/compute/v2.1/servers/0a9103d6-2461-4ed3-93fa-a0149ccc5267 0.054s
2025-03-27 06:04:43.979 68332 INFO tempest.lib.common.rest_client [req-fca567f1-9c85-47fe-a4e3-573a7607db3e req-fca567f1-9c85-47fe-a4e3-573a7607db3e ] Request (DeleteServersAdminTestJSON:test_delete_server_while_in_error_state): 200 GET http://10.180.1.21/compute/v2.1/servers/37f5c20e-dbc4-46a3-a83f-c7329f7a764c 0.090s
2025-03-27 06:04:43.992 68356 INFO tempest.lib.common.rest_client [req-514b9c8d-08a2-4245-a309-434ee2aa3a56 req-514b9c8d-08a2-4245-a309-434ee2aa3a56 ] Request (VolumesAssistedSnapshotsTest:test_volume_assisted_snapshot_create_delete): 200 GET http://10.180.1.21/compute/v2.1/servers/810b9f3c-7a92-40ab-8630-5c1ad6e4762c 0.048s
2025-03-27 06:04:44.026 68366 INFO tempest.lib.common.rest_client [req-83172389-e07e-49d9-b770-58869e774ab2 req-83172389-e07e-49d9-b770-58869e774ab2 ] Request (ServerActionsV293TestJSON:setUpClass): 200 GET http://10.180.1.21/compute/v2.1/servers/db379674-cc77-430b-bd6d-2f674d57a7ee 0.077s
2025-03-27 06:04:44.034 68372 INFO tempest.lib.common.rest_client [req-10d9074c-7d7c-434d-889e-70f0e4dd6f27 req-10d9074c-7d7c-434d-889e-70f0e4dd6f27 ] Request (ServerActionsTestOtherA:setUpClass): 200 GET http://10.180.1.21/compute/v2.1/servers/0a0d385d-3255-4755-8987-a26cd28006cb 0.046s
2025-03-27 06:04:44.069 68380 INFO tempest.lib.common.rest_client [req-09c1dbe8-5d83-4b03-b9a9-4742459db5c2 req-09c1dbe8-5d83-4b03-b9a9-4742459db5c2 ] Request (TenantUsagesTestJSON:setUpClass): 200 GET http://10.180.1.21/compute/v2.1/servers/4e0f3617-aef9-4d66-8243-ff530b4084cd 0.071s
2025-03-27 06:04:44.080 68376 INFO tempest.lib.common.rest_client [req-310d221a-8e93-478e-bede-2c5c91e88fe2 req-310d221a-8e93-478e-bede-2c5c91e88fe2 ] Request (AttachVolumeTestJSON:test_attach_detach_volume): 200 GET http://10.180.1.21/compute/v2.1/servers/bce68a2b-260c-45cc-ac98-d4b01b4513a4 0.052s
2025-03-27 06:04:44.313 68340 INFO tempest.lib.common.rest_client [req-a4bc7f79-9263-411c-ad01-56c7d7349ba7 req-a4bc7f79-9263-411c-ad01-56c7d7349ba7 ] Request (MigrationsAdminTest:test_list_migrations_in_flavor_resize_situation): 200 GET http://10.180.1.21/compute/v2.1/servers/17e9e12a-ec93-4ac5-bb6d-d6d0adb11e45 0.122s
2025-03-27 06:04:44.328 68370 INFO tempest.lib.common.rest_client [req-ba204477-9881-4520-8316-6a52b8ca47ca req-ba204477-9881-4520-8316-6a52b8ca47ca ] Request (AttachInterfacesV270Test:test_create_get_list_interfaces): 200 GET http://10.180.1.21/compute/v2.1/servers/a89ff564-ea35-4000-8efa-2c1ec2b61759 0.110s
2025-03-27 06:04:44.355 68326 INFO tempest.lib.common.rest_client [req-7815d26c-3d85-481e-8ba5-34410e87120e req-7815d26c-3d85-481e-8ba5-34410e87120e ] Request (DeleteServersTestJSON:test_delete_active_server): 200 GET http://10.180.1.21/compute/v2.1/servers/1e43f6be-f6a3-4569-adea-c82a5d709247 0.124s
2025-03-27 06:04:44.373 68364 INFO tempest.lib.common.rest_client [req-5ed0824f-aa4b-4b5b-9dce-6f34084c09fa req-5ed0824f-aa4b-4b5b-9dce-6f34084c09fa ] Request (ServersNegativeTestJSON:setUpClass): 200 GET http://10.180.1.21/compute/v2.1/servers/856ec4dd-3a1d-4140-b3d5-52690cf87f92 0.100s
2025-03-27 06:04:44.454 68374 INFO tempest.lib.common.rest_client [req-8b2955b8-ff8e-429b-ae10-96b50d66bbc9 req-8b2955b8-ff8e-429b-ae10-96b50d66bbc9 ] Request (ServerExternalEventsTest:test_create_server_external_events): 200 GET http://10.180.1.21/compute/v2.1/servers/4cc61343-486f-466c-9881-1a6856c82748 0.144s
2025-03-27 06:04:44.508 68382 INFO tempest.lib.common.rest_client [req-5402bd27-8c47-4b1a-ae9a-4844fb80b6f2 req-5402bd27-8c47-4b1a-ae9a-4844fb80b6f2 ] Request (ServerDiagnosticsTest:test_get_server_diagnostics): 200 GET http://10.180.1.21/compute/v2.1/servers/39de4e78-44cd-4582-998e-88ce6de2d51c 0.107s
2025-03-27 06:04:44.555 68320 INFO tempest.lib.common.rest_client [req-fd0dcb34-1820-4cb1-8f10-f580f9f00c44 req-fd0dcb34-1820-4cb1-8f10-f580f9f00c44 ] Request (AttachInterfacesUnderV243Test:test_add_remove_fixed_ip): 200 GET http://10.180.1.21/compute/v2.1/servers/1812f13e-b03d-48d4-940a-43974784265b 0.112s
2025-03-27 06:04:44.555 68346 INFO tempest.lib.common.rest_client [req-dc710637-3c16-4b98-947e-638b707ed730 req-dc710637-3c16-4b98-947e-638b707ed730 ] Request (ServersAdminTestJSON:setUpClass): 200 GET http://10.180.1.21/compute/v2.1/servers/97b050ff-2997-4504-8787-04f1221251b8 0.138s
2025-03-27 06:04:44.607 68336 INFO tempest.lib.common.rest_client [req-1b2fabf4-3330-487b-86b0-b558123700e5 req-1b2fabf4-3330-487b-86b0-b558123700e5 ] Request (ImagesTestJSON:test_create_image_from_stopped_server): 200 GET http://10.180.1.21/compute/v2.1/servers/25cb12ed-d0ed-402f-ba73-3c6c835adb17 0.125s
2025-03-27 06:04:44.608 68358 INFO tempest.lib.common.rest_client [req-a76aecd9-8f78-423d-a6f3-ea819a7d9fe4 req-a76aecd9-8f78-423d-a6f3-ea819a7d9fe4 ] Request (ServerDiagnosticsNegativeTest:test_get_server_diagnostics_by_non_admin): 200 GET http://10.180.1.21/compute/v2.1/servers/0cc0463e-1e55-4dd5-96b2-ee15025e689b 0.147s
2025-03-27 06:04:44.652 68354 INFO tempest.lib.common.rest_client [req-78acefd8-1daf-4697-82ce-66db661ebc36 req-78acefd8-1daf-4697-82ce-66db661ebc36 ] Request (ImagesOneServerTestJSON:setUpClass): 200 GET http://10.180.1.21/compute/v2.1/servers/28fd3e76-1a9b-4273-b951-e50a8506a9bc 0.150s
2025-03-27 06:04:44.659 68322 INFO tempest.lib.common.rest_client [req-38c9c0d1-88ea-4207-ab92-d71e0b122526 req-38c9c0d1-88ea-4207-ab92-d71e0b122526 ] Request (ServerAddressesNegativeTestJSON:setUpClass): 200 GET http://10.180.1.21/compute/v2.1/servers/e2a9808e-6da7-4e53-a6d3-d3144ecf158a 0.138s
2025-03-27 06:04:44.696 68352 INFO tempest.lib.common.rest_client [req-b042c92a-09e2-48b9-9c6e-def4fb1b45f4 req-b042c92a-09e2-48b9-9c6e-def4fb1b45f4 ] Request (ServerRescueTestJSON:setUpClass): 200 GET http://10.180.1.21/compute/v2.1/servers/f17efcc0-2a35-4360-abdf-1543a4cd0fcc 0.136s
2025-03-27 06:04:44.709 68338 INFO tempest.lib.common.rest_client [req-6d96c7ab-9c83-4f97-aaab-e942bd7fcc6d req-6d96c7ab-9c83-4f97-aaab-e942bd7fcc6d ] Request (ServerDiagnosticsV248Test:test_get_server_diagnostics): 200 GET http://10.180.1.21/compute/v2.1/servers/de1b8ef9-0088-4d2a-985e-d04fcff55d31 0.086s
2025-03-27 06:04:44.788 68362 INFO tempest.lib.common.rest_client [req-13e41575-bcbe-46c5-830a-abcbe694b7e4 req-13e41575-bcbe-46c5-830a-abcbe694b7e4 ] Request (SecurityGroupsTestJSON:test_list_security_groups_by_server): 200 GET http://10.180.1.21/compute/v2.1/servers/dae1bdde-e497-4ee6-9582-4988c5ae7a96 0.046s
2025-03-27 06:04:44.845 68328 INFO tempest.lib.common.rest_client [req-4cc4f618-81fd-4622-832f-297392ee1928 req-4cc4f618-81fd-4622-832f-297392ee1928 ] Request (FloatingIPsAssociationNegativeTestJSON:setUpClass): 200 GET http://10.180.1.21/compute/v2.1/servers/d42d2ca9-ac93-4efb-92a0-de248221dd43 0.047s
2025-03-27 06:04:44.856 68324 INFO tempest.lib.common.rest_client [req-896853b3-c112-4d57-938c-335f41d27f22 req-896853b3-c112-4d57-938c-335f41d27f22 ] Request (ImagesNegativeTestJSON:test_create_image_from_deleted_server): 200 GET http://10.180.1.21/compute/v2.1/servers/b81d413c-2449-471a-b3d9-693fc0ab2824 0.105s
2025-03-27 06:04:44.888 68350 INFO tempest.lib.common.rest_client [req-a08acd19-b7b6-4f94-aaad-95de26df162f req-a08acd19-b7b6-4f94-aaad-95de26df162f ] Request (ServerPasswordTestJSON:setUpClass): 200 GET http://10.180.1.21/compute/v2.1/servers/1b382d10-944a-4817-b959-c8ad2664309e 0.044s
2025-03-27 06:04:44.938 68349 INFO tempest.lib.common.rest_client [req-26046549-516c-46bc-ad1c-2ed38e93f7f5 req-26046549-516c-46bc-ad1c-2ed38e93f7f5 ] Request (MultipleCreateTestJSON:test_multiple_create): 200 GET http://10.180.1.21/compute/v2.1/servers/0b61102f-1b2e-4962-b94b-d27d394c5aef 0.046s
2025-03-27 06:04:44.952 68378 INFO tempest.lib.common.rest_client [req-db45933f-92fa-435c-ad12-9c8cd201a7d8 req-db45933f-92fa-435c-ad12-9c8cd201a7d8 ] Request (InstanceActionsTestJSON:setUpClass): 200 GET http://10.180.1.21/compute/v2.1/servers/f23e3529-19a6-4562-ae9b-591d1a452385 0.099s
2025-03-27 06:04:44.980 68368 INFO tempest.lib.common.rest_client [req-151aee27-c203-4807-b08b-20724ff106ed req-151aee27-c203-4807-b08b-20724ff106ed ] Request (ListImageFiltersTestJSON:setUpClass): 200 GET http://10.180.1.21/compute/v2.1/servers/a7853da1-b00c-4b05-8f4a-f928fcb59cb2 0.080s
2025-03-27 06:04:44.997 68330 INFO tempest.lib.common.rest_client [req-ae201e6d-93f3-440e-bc97-6213f42afb78 req-ae201e6d-93f3-440e-bc97-6213f42afb78 ] Request (ServersAdmin275Test:test_rebuild_update_server_275): 200 GET http://10.180.1.21/compute/v2.1/servers/42f39352-e703-4ebf-9559-4c8b5abca70e 0.049s
2025-03-27 06:04:45.020 68360 INFO tempest.lib.common.rest_client [req-7b249159-d244-49b2-9a17-dd765fe20ab3 req-7b249159-d244-49b2-9a17-dd765fe20ab3 ] Request (ServersWithSpecificFlavorTestJSON:test_verify_created_server_ephemeral_disk): 200 GET http://10.180.1.21/compute/v2.1/servers/0a9103d6-2461-4ed3-93fa-a0149ccc5267 0.070s
2025-03-27 06:04:45.035 68332 INFO tempest.lib.common.rest_client [req-f1c65d7c-fdff-4a41-b8c4-00c89df23670 req-f1c65d7c-fdff-4a41-b8c4-00c89df23670 ] Request (DeleteServersAdminTestJSON:test_delete_server_while_in_error_state): 200 GET http://10.180.1.21/compute/v2.1/servers/37f5c20e-dbc4-46a3-a83f-c7329f7a764c 0.048s
2025-03-27 06:04:45.061 68356 INFO tempest.lib.common.rest_client [req-a517c2cc-3b00-4118-9929-2b5c29a8fd3c req-a517c2cc-3b00-4118-9929-2b5c29a8fd3c ] Request (VolumesAssistedSnapshotsTest:test_volume_assisted_snapshot_create_delete): 200 GET http://10.180.1.21/compute/v2.1/servers/810b9f3c-7a92-40ab-8630-5c1ad6e4762c 0.062s
2025-03-27 06:04:45.084 68366 INFO tempest.lib.common.rest_client [req-25d2f0d7-4193-46a1-9b3c-0eb977d26de4 req-25d2f0d7-4193-46a1-9b3c-0eb977d26de4 ] Request (ServerActionsV293TestJSON:setUpClass): 200 GET http://10.180.1.21/compute/v2.1/servers/db379674-cc77-430b-bd6d-2f674d57a7ee 0.047s
2025-03-27 06:04:45.103 68372 INFO tempest.lib.common.rest_client [req-a0785f43-3580-44c9-b42c-ae2c80d1b686 req-a0785f43-3580-44c9-b42c-ae2c80d1b686 ] Request (ServerActionsTestOtherA:setUpClass): 200 GET http://10.180.1.21/compute/v2.1/servers/0a0d385d-3255-4755-8987-a26cd28006cb 0.061s
2025-03-27 06:04:45.125 68380 INFO tempest.lib.common.rest_client [req-6c3c7662-62c7-4bce-aa88-0d94e9bef2e5 req-6c3c7662-62c7-4bce-aa88-0d94e9bef2e5 ] Request (TenantUsagesTestJSON:setUpClass): 200 GET http://10.180.1.21/compute/v2.1/servers/4e0f3617-aef9-4d66-8243-ff530b4084cd 0.048s
2025-03-27 06:04:45.143 68376 INFO tempest.lib.common.rest_client [req-8dde58b3-5d6b-4c45-970f-feaa2134a4d8 req-8dde58b3-5d6b-4c45-970f-feaa2134a4d8 ] Request (AttachVolumeTestJSON:test_attach_detach_volume): 200 GET http://10.180.1.21/compute/v2.1/servers/bce68a2b-260c-45cc-ac98-d4b01b4513a4 0.054s
2025-03-27 06:04:45.463 68370 INFO tempest.lib.common.rest_client [req-826dadab-faf9-48e2-928d-2fce67a44c7a req-826dadab-faf9-48e2-928d-2fce67a44c7a ] Request (AttachInterfacesV270Test:test_create_get_list_interfaces): 200 GET http://10.180.1.21/compute/v2.1/servers/a89ff564-ea35-4000-8efa-2c1ec2b61759 0.126s
2025-03-27 06:04:45.510 68340 INFO tempest.lib.common.rest_client [req-a6a70c79-0db5-4f7d-a6ac-a2a0455ccdb1 req-a6a70c79-0db5-4f7d-a6ac-a2a0455ccdb1 ] Request (MigrationsAdminTest:test_list_migrations_in_flavor_resize_situation): 200 GET http://10.180.1.21/compute/v2.1/servers/17e9e12a-ec93-4ac5-bb6d-d6d0adb11e45 0.187s
2025-03-27 06:04:45.511 68326 INFO tempest.lib.common.rest_client [req-9c31c59c-8326-43b5-86a2-b7ddd9abb3b6 req-9c31c59c-8326-43b5-86a2-b7ddd9abb3b6 ] Request (DeleteServersTestJSON:test_delete_active_server): 200 GET http://10.180.1.21/compute/v2.1/servers/1e43f6be-f6a3-4569-adea-c82a5d709247 0.149s
2025-03-27 06:04:45.564 68364 INFO tempest.lib.common.rest_client [req-66ddeb0f-fb27-40b8-8c5a-dd0d477737fd req-66ddeb0f-fb27-40b8-8c5a-dd0d477737fd ] Request (ServersNegativeTestJSON:setUpClass): 200 GET http://10.180.1.21/compute/v2.1/servers/856ec4dd-3a1d-4140-b3d5-52690cf87f92 0.183s
2025-03-27 06:04:45.619 68374 INFO tempest.lib.common.rest_client [req-253f1d1e-a8a2-4c96-bd27-338e2438223e req-253f1d1e-a8a2-4c96-bd27-338e2438223e ] Request (ServerExternalEventsTest:test_create_server_external_events): 200 GET http://10.180.1.21/compute/v2.1/servers/4cc61343-486f-466c-9881-1a6856c82748 0.156s
2025-03-27 06:04:45.827 68382 INFO tempest.lib.common.rest_client [req-c95e0ffc-ca5a-4f49-983d-185a2df7520b req-c95e0ffc-ca5a-4f49-983d-185a2df7520b ] Request (ServerDiagnosticsTest:test_get_server_diagnostics): 200 GET http://10.180.1.21/compute/v2.1/servers/39de4e78-44cd-4582-998e-88ce6de2d51c 0.312s
2025-03-27 06:04:45.828 68320 INFO tempest.lib.common.rest_client [req-09308942-3a52-4291-8d08-3d730eb6d644 req-09308942-3a52-4291-8d08-3d730eb6d644 ] Request (AttachInterfacesUnderV243Test:test_add_remove_fixed_ip): 200 GET http://10.180.1.21/compute/v2.1/servers/1812f13e-b03d-48d4-940a-43974784265b 0.265s
2025-03-27 06:04:45.886 68336 INFO tempest.lib.common.rest_client [req-05ec0938-a8b1-4d70-bafc-7ad7652aa83d req-05ec0938-a8b1-4d70-bafc-7ad7652aa83d ] Request (ImagesTestJSON:test_create_image_from_stopped_server): 200 GET http://10.180.1.21/compute/v2.1/servers/25cb12ed-d0ed-402f-ba73-3c6c835adb17 0.271s
2025-03-27 06:04:45.929 68358 INFO tempest.lib.common.rest_client [req-801d924f-56c0-4bcc-aa2e-23c71226a055 req-801d924f-56c0-4bcc-aa2e-23c71226a055 ] Request (ServerDiagnosticsNegativeTest:test_get_server_diagnostics_by_non_admin): 200 GET http://10.180.1.21/compute/v2.1/servers/0cc0463e-1e55-4dd5-96b2-ee15025e689b 0.313s
2025-03-27 06:04:45.974 68354 INFO tempest.lib.common.rest_client [req-dbf61c2c-d2dc-4c93-978b-2baabb03b1b7 req-dbf61c2c-d2dc-4c93-978b-2baabb03b1b7 ] Request (ImagesOneServerTestJSON:setUpClass): 200 GET http://10.180.1.21/compute/v2.1/servers/28fd3e76-1a9b-4273-b951-e50a8506a9bc 0.314s
2025-03-27 06:04:45.989 68346 INFO tempest.lib.common.rest_client [req-c5dbe637-0398-4e6d-9cdf-0a67b7f71936 req-c5dbe637-0398-4e6d-9cdf-0a67b7f71936 ] Request (ServersAdminTestJSON:setUpClass): 200 GET http://10.180.1.21/compute/v2.1/servers/97b050ff-2997-4504-8787-04f1221251b8 0.422s
2025-03-27 06:04:46.017 68322 INFO tempest.lib.common.rest_client [req-e5024225-d8c7-486e-af15-801dcee7fc7e req-e5024225-d8c7-486e-af15-801dcee7fc7e ] Request (ServerAddressesNegativeTestJSON:setUpClass): 200 GET http://10.180.1.21/compute/v2.1/servers/e2a9808e-6da7-4e53-a6d3-d3144ecf158a 0.349s
2025-03-27 06:04:46.032 68352 INFO tempest.lib.common.rest_client [req-0aaed8f0-a5b5-462e-9880-3cdd5718d839 req-0aaed8f0-a5b5-462e-9880-3cdd5718d839 ] Request (ServerRescueTestJSON:setUpClass): 200 GET http://10.180.1.21/compute/v2.1/servers/f17efcc0-2a35-4360-abdf-1543a4cd0fcc 0.328s
2025-03-27 06:04:46.060 68338 INFO tempest.lib.common.rest_client [req-d5428cb2-9c90-412b-98f0-e49686db2683 req-d5428cb2-9c90-412b-98f0-e49686db2683 ] Request (ServerDiagnosticsV248Test:test_get_server_diagnostics): 200 GET http://10.180.1.21/compute/v2.1/servers/de1b8ef9-0088-4d2a-985e-d04fcff55d31 0.341s
2025-03-27 06:04:46.073 68362 INFO tempest.lib.common.rest_client [req-b482db69-1612-4501-ab81-70e54c6f5a01 req-b482db69-1612-4501-ab81-70e54c6f5a01 ] Request (SecurityGroupsTestJSON:test_list_security_groups_by_server): 200 GET http://10.180.1.21/compute/v2.1/servers/dae1bdde-e497-4ee6-9582-4988c5ae7a96 0.277s
2025-03-27 06:04:46.101 68328 INFO tempest.lib.common.rest_client [req-03024e4f-c59c-4b90-9d08-ed56d67f0ac7 req-03024e4f-c59c-4b90-9d08-ed56d67f0ac7 ] Request (FloatingIPsAssociationNegativeTestJSON:setUpClass): 200 GET http://10.180.1.21/compute/v2.1/servers/d42d2ca9-ac93-4efb-92a0-de248221dd43 0.249s
2025-03-27 06:04:46.155 68350 INFO tempest.lib.common.rest_client [req-be6eba93-6a02-4bc7-9f74-8e9ab4c58321 req-be6eba93-6a02-4bc7-9f74-8e9ab4c58321 ] Request (ServerPasswordTestJSON:setUpClass): 200 GET http://10.180.1.21/compute/v2.1/servers/1b382d10-944a-4817-b959-c8ad2664309e 0.258s
2025-03-27 06:04:46.170 68324 INFO tempest.lib.common.rest_client [req-f4910bd7-7efd-43b7-adc2-2c6600399547 req-f4910bd7-7efd-43b7-adc2-2c6600399547 ] Request (ImagesNegativeTestJSON:test_create_image_from_deleted_server): 200 GET http://10.180.1.21/compute/v2.1/servers/b81d413c-2449-471a-b3d9-693fc0ab2824 0.306s
2025-03-27 06:04:46.195 68349 INFO tempest.lib.common.rest_client [req-cc6b2fe6-4645-4508-80f3-d8d97a3d732a req-cc6b2fe6-4645-4508-80f3-d8d97a3d732a ] Request (MultipleCreateTestJSON:test_multiple_create): 200 GET http://10.180.1.21/compute/v2.1/servers/0b61102f-1b2e-4962-b94b-d27d394c5aef 0.248s
2025-03-27 06:04:46.238 68368 INFO tempest.lib.common.rest_client [req-7e3b7d4f-4b19-4859-950d-410ccb4ac2f0 req-7e3b7d4f-4b19-4859-950d-410ccb4ac2f0 ] Request (ListImageFiltersTestJSON:setUpClass): 200 GET http://10.180.1.21/compute/v2.1/servers/a7853da1-b00c-4b05-8f4a-f928fcb59cb2 0.251s
2025-03-27 06:04:46.261 68378 INFO tempest.lib.common.rest_client [req-1457eedd-74bb-4603-b088-1464650652a7 req-1457eedd-74bb-4603-b088-1464650652a7 ] Request (InstanceActionsTestJSON:setUpClass): 200 GET http://10.180.1.21/compute/v2.1/servers/f23e3529-19a6-4562-ae9b-591d1a452385 0.301s
2025-03-27 06:04:46.282 68330 INFO tempest.lib.common.rest_client [req-88de2b21-a132-4df7-99eb-b5d5289e7da8 req-88de2b21-a132-4df7-99eb-b5d5289e7da8 ] Request (ServersAdmin275Test:test_rebuild_update_server_275): 200 GET http://10.180.1.21/compute/v2.1/servers/42f39352-e703-4ebf-9559-4c8b5abca70e 0.274s
2025-03-27 06:04:46.301 68360 INFO tempest.lib.common.rest_client [req-caea0687-9984-4659-85d1-d6cd8ec98f1e req-caea0687-9984-4659-85d1-d6cd8ec98f1e ] Request (ServersWithSpecificFlavorTestJSON:test_verify_created_server_ephemeral_disk): 200 GET http://10.180.1.21/compute/v2.1/servers/0a9103d6-2461-4ed3-93fa-a0149ccc5267 0.274s
2025-03-27 06:04:46.320 68332 INFO tempest.lib.common.rest_client [req-3c86700f-ab51-4c30-9985-e4fa3777d4e2 req-3c86700f-ab51-4c30-9985-e4fa3777d4e2 ] Request (DeleteServersAdminTestJSON:test_delete_server_while_in_error_state): 200 GET http://10.180.1.21/compute/v2.1/servers/37f5c20e-dbc4-46a3-a83f-c7329f7a764c 0.276s
2025-03-27 06:04:46.342 68356 INFO tempest.lib.common.rest_client [req-3981cc82-dd22-4765-a883-bd6f5207a024 req-3981cc82-dd22-4765-a883-bd6f5207a024 ] Request (VolumesAssistedSnapshotsTest:test_volume_assisted_snapshot_create_delete): 200 GET http://10.180.1.21/compute/v2.1/servers/810b9f3c-7a92-40ab-8630-5c1ad6e4762c 0.273s
2025-03-27 06:04:46.364 68366 INFO tempest.lib.common.rest_client [req-b1270d18-1a5c-4aea-95c9-6baecac49875 req-b1270d18-1a5c-4aea-95c9-6baecac49875 ] Request (ServerActionsV293TestJSON:setUpClass): 200 GET http://10.180.1.21/compute/v2.1/servers/db379674-cc77-430b-bd6d-2f674d57a7ee 0.271s
2025-03-27 06:04:46.385 68372 INFO tempest.lib.common.rest_client [req-99e6ab43-4166-4521-bfb6-3eda0e8f9e0e req-99e6ab43-4166-4521-bfb6-3eda0e8f9e0e ] Request (ServerActionsTestOtherA:setUpClass): 200 GET http://10.180.1.21/compute/v2.1/servers/0a0d385d-3255-4755-8987-a26cd28006cb 0.274s
2025-03-27 06:04:46.404 68380 INFO tempest.lib.common.rest_client [req-0145a22c-d268-40c3-812f-dfd6feb635c9 req-0145a22c-d268-40c3-812f-dfd6feb635c9 ] Request (TenantUsagesTestJSON:setUpClass): 200 GET http://10.180.1.21/compute/v2.1/servers/4e0f3617-aef9-4d66-8243-ff530b4084cd 0.272s
2025-03-27 06:04:46.425 68376 INFO tempest.lib.common.rest_client [req-6abd7a4c-10d5-4938-95c9-a43243402a51 req-6abd7a4c-10d5-4938-95c9-a43243402a51 ] Request (AttachVolumeTestJSON:test_attach_detach_volume): 200 GET http://10.180.1.21/compute/v2.1/servers/bce68a2b-260c-45cc-ac98-d4b01b4513a4 0.275s
2025-03-27 06:04:46.584 68370 INFO tempest.lib.common.rest_client [req-71620764-a307-4a4b-9d69-1ec32e862ad6 req-71620764-a307-4a4b-9d69-1ec32e862ad6 ] Request (AttachInterfacesV270Test:test_create_get_list_interfaces): 200 GET http://10.180.1.21/compute/v2.1/servers/a89ff564-ea35-4000-8efa-2c1ec2b61759 0.111s
2025-03-27 06:04:46.627 68340 INFO tempest.lib.common.rest_client [req-f2294edc-d86e-4b94-b41a-f15ef48fec48 req-f2294edc-d86e-4b94-b41a-f15ef48fec48 ] Request (MigrationsAdminTest:test_list_migrations_in_flavor_resize_situation): 200 GET http://10.180.1.21/compute/v2.1/servers/17e9e12a-ec93-4ac5-bb6d-d6d0adb11e45 0.110s
2025-03-27 06:04:46.627 68326 INFO tempest.lib.common.rest_client [req-85e4016b-9f20-4d03-9ccd-f4daef8c833a req-85e4016b-9f20-4d03-9ccd-f4daef8c833a ] Request (DeleteServersTestJSON:test_delete_active_server): 200 GET http://10.180.1.21/compute/v2.1/servers/1e43f6be-f6a3-4569-adea-c82a5d709247 0.108s
2025-03-27 06:04:46.674 68364 INFO tempest.lib.common.rest_client [req-8bd08779-e1d3-4bc9-8af0-42c3af151958 req-8bd08779-e1d3-4bc9-8af0-42c3af151958 ] Request (ServersNegativeTestJSON:setUpClass): 200 GET http://10.180.1.21/compute/v2.1/servers/856ec4dd-3a1d-4140-b3d5-52690cf87f92 0.102s
2025-03-27 06:04:46.724 68374 INFO tempest.lib.common.rest_client [req-bf8eb9b9-7023-4327-a8e4-57f698712aba req-bf8eb9b9-7023-4327-a8e4-57f698712aba ] Request (ServerExternalEventsTest:test_create_server_external_events): 200 GET http://10.180.1.21/compute/v2.1/servers/4cc61343-486f-466c-9881-1a6856c82748 0.097s
2025-03-27 06:04:46.894 68320 INFO tempest.lib.common.rest_client [req-4b2a7db6-9d4e-4781-be2b-a34a2c7a138c req-4b2a7db6-9d4e-4781-be2b-a34a2c7a138c ] Request (AttachInterfacesUnderV243Test:test_add_remove_fixed_ip): 200 GET http://10.180.1.21/compute/v2.1/servers/1812f13e-b03d-48d4-940a-43974784265b 0.056s
2025-03-27 06:04:46.940 68336 INFO tempest.lib.common.rest_client [req-7e4d82e5-03ce-4d93-ab75-2dd06c4fb8f9 req-7e4d82e5-03ce-4d93-ab75-2dd06c4fb8f9 ] Request (ImagesTestJSON:test_create_image_from_stopped_server): 200 GET http://10.180.1.21/compute/v2.1/servers/25cb12ed-d0ed-402f-ba73-3c6c835adb17 0.045s
2025-03-27 06:04:46.950 68382 INFO tempest.lib.common.rest_client [req-d921aa5b-cb8d-46f1-923c-37ba392b68ad req-d921aa5b-cb8d-46f1-923c-37ba392b68ad ] Request (ServerDiagnosticsTest:test_get_server_diagnostics): 200 GET http://10.180.1.21/compute/v2.1/servers/39de4e78-44cd-4582-998e-88ce6de2d51c 0.115s
2025-03-27 06:04:46.984 68358 INFO tempest.lib.common.rest_client [req-a72e5fca-f720-4370-bab4-ad302a23b56d req-a72e5fca-f720-4370-bab4-ad302a23b56d ] Request (ServerDiagnosticsNegativeTest:test_get_server_diagnostics_by_non_admin): 200 GET http://10.180.1.21/compute/v2.1/servers/0cc0463e-1e55-4dd5-96b2-ee15025e689b 0.048s
2025-03-27 06:04:47.030 68354 INFO tempest.lib.common.rest_client [req-36189d43-2efc-4cfb-b4b0-1dcaab327851 req-36189d43-2efc-4cfb-b4b0-1dcaab327851 ] Request (ImagesOneServerTestJSON:setUpClass): 200 GET http://10.180.1.21/compute/v2.1/servers/28fd3e76-1a9b-4273-b951-e50a8506a9bc 0.048s
2025-03-27 06:04:47.078 68322 INFO tempest.lib.common.rest_client [req-8fdca84c-3b59-48cd-9784-45da5ec5f44a req-8fdca84c-3b59-48cd-9784-45da5ec5f44a ] Request (ServerAddressesNegativeTestJSON:setUpClass): 200 GET http://10.180.1.21/compute/v2.1/servers/e2a9808e-6da7-4e53-a6d3-d3144ecf158a 0.053s
2025-03-27 06:04:47.099 68346 INFO tempest.lib.common.rest_client [req-ef3669f9-728b-4c57-aece-214d4c87c4c8 req-ef3669f9-728b-4c57-aece-214d4c87c4c8 ] Request (ServersAdminTestJSON:setUpClass): 200 GET http://10.180.1.21/compute/v2.1/servers/97b050ff-2997-4504-8787-04f1221251b8 0.101s
2025-03-27 06:04:47.123 68352 INFO tempest.lib.common.rest_client [req-1d49a876-4e09-4bd7-a0c8-51cb64965929 req-1d49a876-4e09-4bd7-a0c8-51cb64965929 ] Request (ServerRescueTestJSON:setUpClass): 200 GET http://10.180.1.21/compute/v2.1/servers/f17efcc0-2a35-4360-abdf-1543a4cd0fcc 0.083s
2025-03-27 06:04:47.144 68338 INFO tempest.lib.common.rest_client [req-0fd4117f-2cfa-42ee-b24d-7102afc49938 req-0fd4117f-2cfa-42ee-b24d-7102afc49938 ] Request (ServerDiagnosticsV248Test:test_get_server_diagnostics): 200 GET http://10.180.1.21/compute/v2.1/servers/de1b8ef9-0088-4d2a-985e-d04fcff55d31 0.074s
2025-03-27 06:04:47.166 68362 INFO tempest.lib.common.rest_client [req-39bafd09-dfaa-466d-8468-1386b60c890a req-39bafd09-dfaa-466d-8468-1386b60c890a ] Request (SecurityGroupsTestJSON:test_list_security_groups_by_server): 200 GET http://10.180.1.21/compute/v2.1/servers/dae1bdde-e497-4ee6-9582-4988c5ae7a96 0.086s
2025-03-27 06:04:47.186 68328 INFO tempest.lib.common.rest_client [req-4e600256-8608-498c-99a7-1e9559a0627f req-4e600256-8608-498c-99a7-1e9559a0627f ] Request (FloatingIPsAssociationNegativeTestJSON:setUpClass): 200 GET http://10.180.1.21/compute/v2.1/servers/d42d2ca9-ac93-4efb-92a0-de248221dd43 0.077s
2025-03-27 06:04:47.207 68350 INFO tempest.lib.common.rest_client [req-912c1233-0898-43bc-b5c6-23d2e8511c1a req-912c1233-0898-43bc-b5c6-23d2e8511c1a ] Request (ServerPasswordTestJSON:setUpClass): 200 GET http://10.180.1.21/compute/v2.1/servers/1b382d10-944a-4817-b959-c8ad2664309e 0.045s
2025-03-27 06:04:47.253 68349 INFO tempest.lib.common.rest_client [req-b3e63c9c-5bc4-4728-8c92-8dab173c6f87 req-b3e63c9c-5bc4-4728-8c92-8dab173c6f87 ] Request (MultipleCreateTestJSON:test_multiple_create): 200 GET http://10.180.1.21/compute/v2.1/servers/0b61102f-1b2e-4962-b94b-d27d394c5aef 0.051s
2025-03-27 06:04:47.300 68368 INFO tempest.lib.common.rest_client [req-60389fc8-fdbf-47e2-b6b7-a16d843d526a req-60389fc8-fdbf-47e2-b6b7-a16d843d526a ] Request (ListImageFiltersTestJSON:setUpClass): 200 GET http://10.180.1.21/compute/v2.1/servers/a7853da1-b00c-4b05-8f4a-f928fcb59cb2 0.054s
2025-03-27 06:04:47.303 68324 INFO tempest.lib.common.rest_client [req-76e8e33d-b727-47f1-9202-e63e03d6491f req-76e8e33d-b727-47f1-9202-e63e03d6491f ] Request (ImagesNegativeTestJSON:test_create_image_from_deleted_server): 200 GET http://10.180.1.21/compute/v2.1/servers/b81d413c-2449-471a-b3d9-693fc0ab2824 0.125s
2025-03-27 06:04:47.363 68330 INFO tempest.lib.common.rest_client [req-138732be-76d5-4c49-8515-ca02bb4f89e5 req-138732be-76d5-4c49-8515-ca02bb4f89e5 ] Request (ServersAdmin275Test:test_rebuild_update_server_275): 200 GET http://10.180.1.21/compute/v2.1/servers/42f39352-e703-4ebf-9559-4c8b5abca70e 0.072s
2025-03-27 06:04:47.413 68360 INFO tempest.lib.common.rest_client [req-5387fa59-0da4-4b73-a97d-cd34d0937331 req-5387fa59-0da4-4b73-a97d-cd34d0937331 ] Request (ServersWithSpecificFlavorTestJSON:test_verify_created_server_ephemeral_disk): 200 GET http://10.180.1.21/compute/v2.1/servers/0a9103d6-2461-4ed3-93fa-a0149ccc5267 0.105s
2025-03-27 06:04:47.413 68378 INFO tempest.lib.common.rest_client [req-f7044035-c26c-4329-a095-0f9b127e3069 req-f7044035-c26c-4329-a095-0f9b127e3069 ] Request (InstanceActionsTestJSON:setUpClass): 200 GET http://10.180.1.21/compute/v2.1/servers/f23e3529-19a6-4562-ae9b-591d1a452385 0.144s
2025-03-27 06:04:47.463 68332 INFO tempest.lib.common.rest_client [req-f8c7d93d-5e50-497c-9682-85429e209def req-f8c7d93d-5e50-497c-9682-85429e209def ] Request (DeleteServersAdminTestJSON:test_delete_server_while_in_error_state): 200 GET http://10.180.1.21/compute/v2.1/servers/37f5c20e-dbc4-46a3-a83f-c7329f7a764c 0.135s
2025-03-27 06:04:47.472 68356 INFO tempest.lib.common.rest_client [req-2529b524-4b55-4aee-8317-bfdd673c9ef1 req-2529b524-4b55-4aee-8317-bfdd673c9ef1 ] Request (VolumesAssistedSnapshotsTest:test_volume_assisted_snapshot_create_delete): 200 GET http://10.180.1.21/compute/v2.1/servers/810b9f3c-7a92-40ab-8630-5c1ad6e4762c 0.123s
2025-03-27 06:04:47.516 68366 INFO tempest.lib.common.rest_client [req-ec5a3c39-6f95-4a04-9aaf-c20a9aa09ea8 req-ec5a3c39-6f95-4a04-9aaf-c20a9aa09ea8 ] Request (ServerActionsV293TestJSON:setUpClass): 200 GET http://10.180.1.21/compute/v2.1/servers/db379674-cc77-430b-bd6d-2f674d57a7ee 0.142s
2025-03-27 06:04:47.520 68372 INFO tempest.lib.common.rest_client [req-d299b133-3b91-406f-9df2-b90d5bedc3a0 req-d299b133-3b91-406f-9df2-b90d5bedc3a0 ] Request (ServerActionsTestOtherA:setUpClass): 200 GET http://10.180.1.21/compute/v2.1/servers/0a0d385d-3255-4755-8987-a26cd28006cb 0.128s
2025-03-27 06:04:47.564 68380 INFO tempest.lib.common.rest_client [req-16a97808-7920-4bc9-b7c2-55a4bb7fc777 req-16a97808-7920-4bc9-b7c2-55a4bb7fc777 ] Request (TenantUsagesTestJSON:setUpClass): 200 GET http://10.180.1.21/compute/v2.1/servers/4e0f3617-aef9-4d66-8243-ff530b4084cd 0.152s
2025-03-27 06:04:47.571 68376 INFO tempest.lib.common.rest_client [req-897a6c3f-b858-4a16-b8e7-3117bd97bab8 req-897a6c3f-b858-4a16-b8e7-3117bd97bab8 ] Request (AttachVolumeTestJSON:test_attach_detach_volume): 200 GET http://10.180.1.21/compute/v2.1/servers/bce68a2b-260c-45cc-ac98-d4b01b4513a4 0.139s
2025-03-27 06:04:47.708 68370 INFO tempest.lib.common.rest_client [req-0dbb01b3-de98-4e07-82e5-5f2e6e8a509f req-0dbb01b3-de98-4e07-82e5-5f2e6e8a509f ] Request (AttachInterfacesV270Test:test_create_get_list_interfaces): 200 GET http://10.180.1.21/compute/v2.1/servers/a89ff564-ea35-4000-8efa-2c1ec2b61759 0.115s
2025-03-27 06:04:47.734 68340 INFO tempest.lib.common.rest_client [req-d0e00304-70d0-425a-ad99-8085787a608e req-d0e00304-70d0-425a-ad99-8085787a608e ] Request (MigrationsAdminTest:test_list_migrations_in_flavor_resize_situation): 200 GET http://10.180.1.21/compute/v2.1/servers/17e9e12a-ec93-4ac5-bb6d-d6d0adb11e45 0.100s
2025-03-27 06:04:47.748 68326 INFO tempest.lib.common.rest_client [req-9b1dda9b-bbb6-4be6-8dfb-b3b2d6e0cfb2 req-9b1dda9b-bbb6-4be6-8dfb-b3b2d6e0cfb2 ] Request (DeleteServersTestJSON:test_delete_active_server): 200 GET http://10.180.1.21/compute/v2.1/servers/1e43f6be-f6a3-4569-adea-c82a5d709247 0.113s
2025-03-27 06:04:47.777 68364 INFO tempest.lib.common.rest_client [req-90344c71-ff88-4437-979a-f2e18756d110 req-90344c71-ff88-4437-979a-f2e18756d110 ] Request (ServersNegativeTestJSON:setUpClass): 200 GET http://10.180.1.21/compute/v2.1/servers/856ec4dd-3a1d-4140-b3d5-52690cf87f92 0.095s
2025-03-27 06:04:47.831 68374 INFO tempest.lib.common.rest_client [req-4bd86f0e-5439-480d-8389-6a37a7032894 req-4bd86f0e-5439-480d-8389-6a37a7032894 ] Request (ServerExternalEventsTest:test_create_server_external_events): 200 GET http://10.180.1.21/compute/v2.1/servers/4cc61343-486f-466c-9881-1a6856c82748 0.099s
