2025-03-27 06:03:10.649 68336 INFO tempest.lib.common.rest_client [req-3a5f149e-1f96-4797-9d22-6ab1162f9b18 req-3a5f149e-1f96-4797-9d22-6ab1162f9b18 ] Request (ImagesTestJSON:test_create_image_from_stopped_server): 200 GET http://10.180.1.21/compute/v2.1/servers/25cb12ed-d0ed-402f-ba73-3c6c835adb17 0.109s
2025-03-27 06:03:10.683 68362 INFO tempest.lib.common.rest_client [req-5473918b-7ef7-4f2d-b657-d04a6f2eeab8 req-5473918b-7ef7-4f2d-b657-d04a6f2eeab8 ] Request (SecurityGroupsTestJSON:test_list_security_groups_by_server): 200 GET http://10.180.1.21/compute/v2.1/servers/dae1bdde-e497-4ee6-9582-4988c5ae7a96 0.125s
2025-03-27 06:03:10.696 68328 INFO tempest.lib.common.rest_client [req-0ba0b640-85c5-4bc0-819a-5f6c343b9085 req-0ba0b640-85c5-4bc0-819a-5f6c343b9085 ] Request (FloatingIPsAssociationNegativeTestJSON:setUpClass): 200 GET http://10.180.1.21/compute/v2.1/servers/d42d2ca9-ac93-4efb-92a0-de248221dd43 0.113s
2025-03-27 06:03:10.727 68322 INFO tempest.lib.common.rest_client [req-aee3f82a-8555-4f3b-9d30-cb888848d2eb req-aee3f82a-8555-4f3b-9d30-cb888848d2eb ] Request (ServerAddressesNegativeTestJSON:setUpClass): 200 GET http://10.180.1.21/compute/v2.1/servers/e2a9808e-6da7-4e53-a6d3-d3144ecf158a 0.131s
2025-03-27 06:03:10.739 68352 INFO tempest.lib.common.rest_client [req-c22d0367-d235-4f48-bbc9-ae7755877262 req-c22d0367-d235-4f48-bbc9-ae7755877262 ] Request (ServerRescueTestJSON:setUpClass): 200 GET http://10.180.1.21/compute/v2.1/servers/f17efcc0-2a35-4360-abdf-1543a4cd0fcc 0.111s
2025-03-27 06:03:10.776 68330 INFO tempest.lib.common.rest_client [req-c90fcbcd-d792-438a-b106-e1e68e8ef575 req-c90fcbcd-d792-438a-b106-e1e68e8ef575 ] Request (ServersAdmin275Test:test_rebuild_update_server_275): 200 GET http://10.180.1.21/compute/v2.1/servers/42f39352-e703-4ebf-9559-4c8b5abca70e 0.095s
2025-03-27 06:03:10.834 68349 INFO tempest.lib.common.rest_client [req-7e83389f-b6a4-4097-95a3-30945d99adf6 req-7e83389f-b6a4-4097-95a3-30945d99adf6 ] Request (MultipleCreateTestJSON:test_multiple_create): 200 GET http://10.180.1.21/compute/v2.1/servers/0b61102f-1b2e-4962-b94b-d27d394c5aef 0.112s
2025-03-27 06:03:10.851 68374 INFO tempest.lib.common.rest_client [req-0dbffac9-f763-4458-bc6e-38e02dd21c2c req-0dbffac9-f763-4458-bc6e-38e02dd21c2c ] Request (ServerExternalEventsTest:test_create_server_external_events): 200 GET http://10.180.1.21/compute/v2.1/servers/4cc61343-486f-466c-9881-1a6856c82748 0.155s
2025-03-27 06:03:10.877 68368 INFO tempest.lib.common.rest_client [req-8152c2d9-20eb-42d4-b99a-ea45e523c2d6 req-8152c2d9-20eb-42d4-b99a-ea45e523c2d6 ] Request (ListImageFiltersTestJSON:setUpClass): 200 GET http://10.180.1.21/compute/v2.1/servers/a7853da1-b00c-4b05-8f4a-f928fcb59cb2 0.140s
2025-03-27 06:03:10.897 68366 INFO tempest.lib.common.rest_client [req-a9b6322f-e622-4029-9cf5-884ecb35d712 req-a9b6322f-e622-4029-9cf5-884ecb35d712 ] Request (ServerActionsV293TestJSON:setUpClass): 200 GET http://10.180.1.21/compute/v2.1/servers/db379674-cc77-430b-bd6d-2f674d57a7ee 0.125s
2025-03-27 06:03:10.919 68350 INFO tempest.lib.common.rest_client [req-8cf6d53e-6505-4519-8a7c-b4c5c760f74f req-8cf6d53e-6505-4519-8a7c-b4c5c760f74f ] Request (ServerPasswordTestJSON:setUpClass): 200 GET http://10.180.1.21/compute/v2.1/servers/1b382d10-944a-4817-b959-c8ad2664309e 0.095s
2025-03-27 06:03:10.941 68356 INFO tempest.lib.common.rest_client [req-790c6e46-a1f0-4585-8a23-aab1470671a6 req-790c6e46-a1f0-4585-8a23-aab1470671a6 ] Request (VolumesAssistedSnapshotsTest:test_volume_assisted_snapshot_create_delete): 200 GET http://10.180.1.21/compute/v2.1/servers/810b9f3c-7a92-40ab-8630-5c1ad6e4762c 0.074s
2025-03-27 06:03:11.012 68332 INFO tempest.lib.common.rest_client [req-7a181ea2-7909-4bec-9cd9-ccd2554e5570 req-7a181ea2-7909-4bec-9cd9-ccd2554e5570 ] Request (DeleteServersAdminTestJSON:test_delete_server_while_in_error_state): 200 GET http://10.180.1.21/compute/v2.1/servers/37f5c20e-dbc4-46a3-a83f-c7329f7a764c 0.061s
2025-03-27 06:03:11.024 68370 INFO tempest.lib.common.rest_client [req-dd4ab90c-797c-42c1-a137-b8692d3356bd req-dd4ab90c-797c-42c1-a137-b8692d3356bd ] Request (AttachInterfacesV270Test:test_create_get_list_interfaces): 200 GET http://10.180.1.21/compute/v2.1/servers/a89ff564-ea35-4000-8efa-2c1ec2b61759 0.131s
2025-03-27 06:03:11.053 68372 INFO tempest.lib.common.rest_client [req-b3b07367-e6cf-4b80-be38-1303f287a61a req-b3b07367-e6cf-4b80-be38-1303f287a61a ] Request (ServerActionsTestOtherA:setUpClass): 200 GET http://10.180.1.21/compute/v2.1/servers/0a0d385d-3255-4755-8987-a26cd28006cb 0.096s
2025-03-27 06:03:11.296 68382 INFO tempest.lib.common.rest_client [req-dd8129d8-757a-4ea8-8934-91ae6a4c467a req-dd8129d8-757a-4ea8-8934-91ae6a4c467a ] Request (ServerDiagnosticsTest:test_get_server_diagnostics): 200 GET http://10.180.1.21/compute/v2.1/servers/39de4e78-44cd-4582-998e-88ce6de2d51c 0.129s
2025-03-27 06:03:11.299 68340 INFO tempest.lib.common.rest_client [req-86a659dc-e0b5-46d6-ba0e-42b6ef0696d4 req-86a659dc-e0b5-46d6-ba0e-42b6ef0696d4 ] Request (MigrationsAdminTest:test_list_migrations_in_flavor_resize_situation): 200 GET http://10.180.1.21/compute/v2.1/servers/17e9e12a-ec93-4ac5-bb6d-d6d0adb11e45 0.129s
2025-03-27 06:03:11.344 68360 INFO tempest.lib.common.rest_client [req-c6492476-3236-408b-a2ab-d43bc3d4a6dd req-c6492476-3236-408b-a2ab-d43bc3d4a6dd ] Request (ServersWithSpecificFlavorTestJSON:test_verify_created_server_ephemeral_disk): 200 GET http://10.180.1.21/compute/v2.1/servers/0a9103d6-2461-4ed3-93fa-a0149ccc5267 0.131s
2025-03-27 06:03:11.351 68364 INFO tempest.lib.common.rest_client [req-776d2208-743e-4be4-80b9-1e3a8168e34e req-776d2208-743e-4be4-80b9-1e3a8168e34e ] Request (ServersNegativeTestJSON:setUpClass): 200 GET http://10.180.1.21/compute/v2.1/servers/856ec4dd-3a1d-4140-b3d5-52690cf87f92 0.131s
2025-03-27 06:03:11.386 68380 INFO tempest.lib.common.rest_client [req-1a442891-f1b3-43fd-9690-11eaa8539dde req-1a442891-f1b3-43fd-9690-11eaa8539dde ] Request (TenantUsagesTestJSON:setUpClass): 200 GET http://10.180.1.21/compute/v2.1/servers/4e0f3617-aef9-4d66-8243-ff530b4084cd 0.133s
2025-03-27 06:03:11.471 68326 INFO tempest.lib.common.rest_client [req-0b91af9a-dfec-4926-97a8-4c22142b7b4b req-0b91af9a-dfec-4926-97a8-4c22142b7b4b ] Request (FloatingIPsAssociationTestJSON:setUpClass): 200 GET http://10.180.1.21/compute/v2.1/servers/7374c1a5-1b4f-4026-b885-bf0eb12a850e 0.114s
2025-03-27 06:03:11.487 68324 INFO tempest.lib.common.rest_client [req-5cb9da11-e1ba-4dbe-bf76-8818bdcb00cb req-5cb9da11-e1ba-4dbe-bf76-8818bdcb00cb ] Request (ImagesNegativeTestJSON:test_create_image_from_deleted_server): 200 GET http://10.180.1.21/compute/v2.1/servers/b81d413c-2449-471a-b3d9-693fc0ab2824 0.121s
2025-03-27 06:03:11.658 68378 INFO tempest.lib.common.rest_client [req-b6e4486a-deae-42f3-9dca-be7c667c66e6 req-b6e4486a-deae-42f3-9dca-be7c667c66e6 ] Request (InstanceActionsTestJSON:setUpClass): 200 GET http://10.180.1.21/compute/v2.1/servers/f23e3529-19a6-4562-ae9b-591d1a452385 0.131s
2025-03-27 06:03:11.679 68346 INFO tempest.lib.common.rest_client [req-a276c7bc-2dcf-4f60-828a-a85cf6621064 req-a276c7bc-2dcf-4f60-828a-a85cf6621064 ] Request (ServersAdminTestJSON:setUpClass): 200 GET http://10.180.1.21/compute/v2.1/servers/97b050ff-2997-4504-8787-04f1221251b8 0.169s
2025-03-27 06:03:11.700 68320 INFO tempest.lib.common.rest_client [req-4b1cc4eb-85bc-478b-8253-064ce9d13044 req-4b1cc4eb-85bc-478b-8253-064ce9d13044 ] Request (AttachInterfacesUnderV243Test:test_add_remove_fixed_ip): 200 GET http://10.180.1.21/compute/v2.1/servers/1812f13e-b03d-48d4-940a-43974784265b 0.145s
2025-03-27 06:03:11.725 68376 INFO tempest.lib.common.rest_client [req-005a1c52-4ef4-49c5-86dd-bd4d74852ab0 req-005a1c52-4ef4-49c5-86dd-bd4d74852ab0 ] Request (ServerShowV257Test:test_rebuild_server): 200 GET http://10.180.1.21/compute/v2.1/servers/8ae39d32-abb3-4e3e-8d2d-003eda60b136 0.148s
2025-03-27 06:03:11.743 68354 INFO tempest.lib.common.rest_client [req-8f6d2ff6-570e-4829-a8dd-a145183cce58 req-8f6d2ff6-570e-4829-a8dd-a145183cce58 ] Request (ImagesOneServerTestJSON:setUpClass): 200 GET http://10.180.1.21/compute/v2.1/servers/28fd3e76-1a9b-4273-b951-e50a8506a9bc 0.141s
2025-03-27 06:03:11.771 68358 INFO tempest.lib.common.rest_client [req-70646ba6-1acc-4306-b622-a3af21c1b212 req-70646ba6-1acc-4306-b622-a3af21c1b212 ] Request (ServerDiagnosticsNegativeTest:test_get_server_diagnostics_by_non_admin): 200 GET http://10.180.1.21/compute/v2.1/servers/0cc0463e-1e55-4dd5-96b2-ee15025e689b 0.154s
2025-03-27 06:03:11.789 68338 INFO tempest.lib.common.rest_client [req-6900fde3-fc3e-4036-a5c4-5fb80a0a3435 req-6900fde3-fc3e-4036-a5c4-5fb80a0a3435 ] Request (ServerDiagnosticsV248Test:test_get_server_diagnostics): 200 GET http://10.180.1.21/compute/v2.1/servers/de1b8ef9-0088-4d2a-985e-d04fcff55d31 0.142s
2025-03-27 06:03:11.814 68336 INFO tempest.lib.common.rest_client [req-0f7dba47-188b-4c67-8cda-32d792773ef7 req-0f7dba47-188b-4c67-8cda-32d792773ef7 ] Request (ImagesTestJSON:test_create_image_from_stopped_server): 200 GET http://10.180.1.21/compute/v2.1/servers/25cb12ed-d0ed-402f-ba73-3c6c835adb17 0.156s
2025-03-27 06:03:11.831 68362 INFO tempest.lib.common.rest_client [req-5ba73d65-1038-4308-981d-3006c0157ef4 req-5ba73d65-1038-4308-981d-3006c0157ef4 ] Request (SecurityGroupsTestJSON:test_list_security_groups_by_server): 200 GET http://10.180.1.21/compute/v2.1/servers/dae1bdde-e497-4ee6-9582-4988c5ae7a96 0.141s
2025-03-27 06:03:11.858 68328 INFO tempest.lib.common.rest_client [req-a0e231d4-4e74-4c6f-a3da-07814da254e4 req-a0e231d4-4e74-4c6f-a3da-07814da254e4 ] Request (FloatingIPsAssociationNegativeTestJSON:setUpClass): 200 GET http://10.180.1.21/compute/v2.1/servers/d42d2ca9-ac93-4efb-92a0-de248221dd43 0.154s
2025-03-27 06:03:11.872 68322 INFO tempest.lib.common.rest_client [req-91b009ad-b93e-4dfe-ab43-c76d0d4f7e4e req-91b009ad-b93e-4dfe-ab43-c76d0d4f7e4e ] Request (ServerAddressesNegativeTestJSON:setUpClass): 200 GET http://10.180.1.21/compute/v2.1/servers/e2a9808e-6da7-4e53-a6d3-d3144ecf158a 0.137s
2025-03-27 06:03:11.900 68352 INFO tempest.lib.common.rest_client [req-5a1e19fa-a4b5-4ed2-ac03-4f8b0d239f9e req-5a1e19fa-a4b5-4ed2-ac03-4f8b0d239f9e ] Request (ServerRescueTestJSON:setUpClass): 200 GET http://10.180.1.21/compute/v2.1/servers/f17efcc0-2a35-4360-abdf-1543a4cd0fcc 0.153s
2025-03-27 06:03:11.920 68330 INFO tempest.lib.common.rest_client [req-cdd1640e-3396-4a75-8149-ee71f5379ad3 req-cdd1640e-3396-4a75-8149-ee71f5379ad3 ] Request (ServersAdmin275Test:test_rebuild_update_server_275): 200 GET http://10.180.1.21/compute/v2.1/servers/42f39352-e703-4ebf-9559-4c8b5abca70e 0.134s
2025-03-27 06:03:11.941 68349 INFO tempest.lib.common.rest_client [req-09da69e1-63ce-423c-88b8-446c2bfa95d1 req-09da69e1-63ce-423c-88b8-446c2bfa95d1 ] Request (MultipleCreateTestJSON:test_multiple_create): 200 GET http://10.180.1.21/compute/v2.1/servers/0b61102f-1b2e-4962-b94b-d27d394c5aef 0.098s
2025-03-27 06:03:11.984 68368 INFO tempest.lib.common.rest_client [req-d39fac17-7bdb-4893-8fd0-6962c8b54c58 req-d39fac17-7bdb-4893-8fd0-6962c8b54c58 ] Request (ListImageFiltersTestJSON:setUpClass): 200 GET http://10.180.1.21/compute/v2.1/servers/a7853da1-b00c-4b05-8f4a-f928fcb59cb2 0.099s
2025-03-27 06:03:12.034 68366 INFO tempest.lib.common.rest_client [req-421c54a1-8328-4689-b5b8-5b318513d8ef req-421c54a1-8328-4689-b5b8-5b318513d8ef ] Request (ServerActionsV293TestJSON:setUpClass): 200 GET http://10.180.1.21/compute/v2.1/servers/db379674-cc77-430b-bd6d-2f674d57a7ee 0.128s
2025-03-27 06:03:12.077 68350 INFO tempest.lib.common.rest_client [req-8f762fc0-0a28-4d00-8117-69bfc6f405e4 req-8f762fc0-0a28-4d00-8117-69bfc6f405e4 ] Request (ServerPasswordTestJSON:setUpClass): 200 GET http://10.180.1.21/compute/v2.1/servers/1b382d10-944a-4817-b959-c8ad2664309e 0.149s
2025-03-27 06:03:12.087 68374 INFO tempest.lib.common.rest_client [req-7c66eb1a-1b61-4795-8f7a-a8eccb3eda3f req-7c66eb1a-1b61-4795-8f7a-a8eccb3eda3f ] Request (ServerExternalEventsTest:test_create_server_external_events): 200 GET http://10.180.1.21/compute/v2.1/servers/4cc61343-486f-466c-9881-1a6856c82748 0.229s
2025-03-27 06:03:12.126 68356 INFO tempest.lib.common.rest_client [req-9a84766d-0f4d-48c5-b33f-5db4300b53aa req-9a84766d-0f4d-48c5-b33f-5db4300b53aa ] Request (VolumesAssistedSnapshotsTest:test_volume_assisted_snapshot_create_delete): 200 GET http://10.180.1.21/compute/v2.1/servers/810b9f3c-7a92-40ab-8630-5c1ad6e4762c 0.177s
2025-03-27 06:03:12.133 68332 INFO tempest.lib.common.rest_client [req-cc50f740-1899-4796-9719-24bedee31aeb req-cc50f740-1899-4796-9719-24bedee31aeb ] Request (DeleteServersAdminTestJSON:test_delete_server_while_in_error_state): 200 GET http://10.180.1.21/compute/v2.1/servers/37f5c20e-dbc4-46a3-a83f-c7329f7a764c 0.113s
2025-03-27 06:03:12.199 68372 INFO tempest.lib.common.rest_client [req-8b6aa1e8-8ece-40b7-96f6-5b9ccd9e6538 req-8b6aa1e8-8ece-40b7-96f6-5b9ccd9e6538 ] Request (ServerActionsTestOtherA:setUpClass): 200 GET http://10.180.1.21/compute/v2.1/servers/0a0d385d-3255-4755-8987-a26cd28006cb 0.139s
2025-03-27 06:03:12.247 68370 INFO tempest.lib.common.rest_client [req-9754366b-9aae-44a5-89fa-6364cfa6ac01 req-9754366b-9aae-44a5-89fa-6364cfa6ac01 ] Request (AttachInterfacesV270Test:test_create_get_list_interfaces): 200 GET http://10.180.1.21/compute/v2.1/servers/a89ff564-ea35-4000-8efa-2c1ec2b61759 0.212s
2025-03-27 06:03:12.442 68382 INFO tempest.lib.common.rest_client [req-fe958003-df8a-4538-9d03-4cf6be0fbab5 req-fe958003-df8a-4538-9d03-4cf6be0fbab5 ] Request (ServerDiagnosticsTest:test_get_server_diagnostics): 200 GET http://10.180.1.21/compute/v2.1/servers/39de4e78-44cd-4582-998e-88ce6de2d51c 0.137s
2025-03-27 06:03:12.451 68340 INFO tempest.lib.common.rest_client [req-c341be5a-4d12-4b14-9965-e06727a180fc req-c341be5a-4d12-4b14-9965-e06727a180fc ] Request (MigrationsAdminTest:test_list_migrations_in_flavor_resize_situation): 200 GET http://10.180.1.21/compute/v2.1/servers/17e9e12a-ec93-4ac5-bb6d-d6d0adb11e45 0.143s
2025-03-27 06:03:12.506 68360 INFO tempest.lib.common.rest_client [req-04adaa99-d373-4160-b2e4-52512edbdc05 req-04adaa99-d373-4160-b2e4-52512edbdc05 ] Request (ServersWithSpecificFlavorTestJSON:test_verify_created_server_ephemeral_disk): 200 GET http://10.180.1.21/compute/v2.1/servers/0a9103d6-2461-4ed3-93fa-a0149ccc5267 0.154s
2025-03-27 06:03:12.515 68364 INFO tempest.lib.common.rest_client [req-63ec57be-13d6-4c17-a6ec-8d3cf3a4494b req-63ec57be-13d6-4c17-a6ec-8d3cf3a4494b ] Request (ServersNegativeTestJSON:setUpClass): 200 GET http://10.180.1.21/compute/v2.1/servers/856ec4dd-3a1d-4140-b3d5-52690cf87f92 0.157s
2025-03-27 06:03:12.593 68380 INFO tempest.lib.common.rest_client [req-b6e89217-11d9-4e03-8914-b8eda0572839 req-b6e89217-11d9-4e03-8914-b8eda0572839 ] Request (TenantUsagesTestJSON:setUpClass): 200 GET http://10.180.1.21/compute/v2.1/servers/4e0f3617-aef9-4d66-8243-ff530b4084cd 0.200s
2025-03-27 06:03:12.739 68324 INFO tempest.lib.common.rest_client [req-b0f8545c-2b4b-40e3-be58-1f02821cbe4d req-b0f8545c-2b4b-40e3-be58-1f02821cbe4d ] Request (ImagesNegativeTestJSON:test_create_image_from_deleted_server): 200 GET http://10.180.1.21/compute/v2.1/servers/b81d413c-2449-471a-b3d9-693fc0ab2824 0.243s
2025-03-27 06:03:12.753 68326 INFO tempest.lib.common.rest_client [req-cbcebf4f-a205-4d87-8598-ccc9383cdbf8 req-cbcebf4f-a205-4d87-8598-ccc9383cdbf8 ] Request (FloatingIPsAssociationTestJSON:setUpClass): 200 GET http://10.180.1.21/compute/v2.1/servers/7374c1a5-1b4f-4026-b885-bf0eb12a850e 0.275s
2025-03-27 06:03:12.878 68378 INFO tempest.lib.common.rest_client [req-ee9b7e95-a489-453e-8910-3a052c3a7762 req-ee9b7e95-a489-453e-8910-3a052c3a7762 ] Request (InstanceActionsTestJSON:setUpClass): 200 GET http://10.180.1.21/compute/v2.1/servers/f23e3529-19a6-4562-ae9b-591d1a452385 0.212s
2025-03-27 06:03:12.891 68346 INFO tempest.lib.common.rest_client [req-828a42d2-8df6-4a3b-a9b5-9df9ca78bcdc req-828a42d2-8df6-4a3b-a9b5-9df9ca78bcdc ] Request (ServersAdminTestJSON:setUpClass): 200 GET http://10.180.1.21/compute/v2.1/servers/97b050ff-2997-4504-8787-04f1221251b8 0.204s
2025-03-27 06:03:12.926 68320 INFO tempest.lib.common.rest_client [req-89370b40-ee72-426a-9a50-d1f4911657bd req-89370b40-ee72-426a-9a50-d1f4911657bd ] Request (AttachInterfacesUnderV243Test:test_add_remove_fixed_ip): 200 GET http://10.180.1.21/compute/v2.1/servers/1812f13e-b03d-48d4-940a-43974784265b 0.216s
2025-03-27 06:03:12.943 68376 INFO tempest.lib.common.rest_client [req-241c7e70-9cb3-4729-b3eb-3c31ca1d8e63 req-241c7e70-9cb3-4729-b3eb-3c31ca1d8e63 ] Request (ServerShowV257Test:test_rebuild_server): 200 GET http://10.180.1.21/compute/v2.1/servers/8ae39d32-abb3-4e3e-8d2d-003eda60b136 0.208s
2025-03-27 06:03:12.975 68354 INFO tempest.lib.common.rest_client [req-7e1d15d7-c6b0-4acf-bf85-083e9f259c2e req-7e1d15d7-c6b0-4acf-bf85-083e9f259c2e ] Request (ImagesOneServerTestJSON:setUpClass): 200 GET http://10.180.1.21/compute/v2.1/servers/28fd3e76-1a9b-4273-b951-e50a8506a9bc 0.223s
2025-03-27 06:03:12.996 68358 INFO tempest.lib.common.rest_client [req-404f843d-029c-4663-bfec-bce867346fe2 req-404f843d-029c-4663-bfec-bce867346fe2 ] Request (ServerDiagnosticsNegativeTest:test_get_server_diagnostics_by_non_admin): 200 GET http://10.180.1.21/compute/v2.1/servers/0cc0463e-1e55-4dd5-96b2-ee15025e689b 0.218s
2025-03-27 06:03:13.029 68338 INFO tempest.lib.common.rest_client [req-4b81f566-0c9f-46e4-8090-bb7095e8a310 req-4b81f566-0c9f-46e4-8090-bb7095e8a310 ] Request (ServerDiagnosticsV248Test:test_get_server_diagnostics): 200 GET http://10.180.1.21/compute/v2.1/servers/de1b8ef9-0088-4d2a-985e-d04fcff55d31 0.229s
2025-03-27 06:03:13.047 68336 INFO tempest.lib.common.rest_client [req-028a30ec-e75e-4052-954f-4503ae1eebc4 req-028a30ec-e75e-4052-954f-4503ae1eebc4 ] Request (ImagesTestJSON:test_create_image_from_stopped_server): 200 GET http://10.180.1.21/compute/v2.1/servers/25cb12ed-d0ed-402f-ba73-3c6c835adb17 0.226s
2025-03-27 06:03:13.085 68362 INFO tempest.lib.common.rest_client [req-de98165d-8fa7-4a00-8e3d-b0f401d62baf req-de98165d-8fa7-4a00-8e3d-b0f401d62baf ] Request (SecurityGroupsTestJSON:test_list_security_groups_by_server): 200 GET http://10.180.1.21/compute/v2.1/servers/dae1bdde-e497-4ee6-9582-4988c5ae7a96 0.247s
2025-03-27 06:03:13.103 68328 INFO tempest.lib.common.rest_client [req-2d6d1c46-71fe-4c8b-a28e-24bf8b70e562 req-2d6d1c46-71fe-4c8b-a28e-24bf8b70e562 ] Request (FloatingIPsAssociationNegativeTestJSON:setUpClass): 200 GET http://10.180.1.21/compute/v2.1/servers/d42d2ca9-ac93-4efb-92a0-de248221dd43 0.238s
2025-03-27 06:03:13.135 68322 INFO tempest.lib.common.rest_client [req-9c435f7d-4a0d-4e06-9628-a845a81674c3 req-9c435f7d-4a0d-4e06-9628-a845a81674c3 ] Request (ServerAddressesNegativeTestJSON:setUpClass): 200 GET http://10.180.1.21/compute/v2.1/servers/e2a9808e-6da7-4e53-a6d3-d3144ecf158a 0.255s
2025-03-27 06:03:13.157 68352 INFO tempest.lib.common.rest_client [req-cbdefb9a-97cb-49c7-bccc-66f50b8a2041 req-cbdefb9a-97cb-49c7-bccc-66f50b8a2041 ] Request (ServerRescueTestJSON:setUpClass): 200 GET http://10.180.1.21/compute/v2.1/servers/f17efcc0-2a35-4360-abdf-1543a4cd0fcc 0.250s
2025-03-27 06:03:13.191 68330 INFO tempest.lib.common.rest_client [req-5eb5aa0b-0a86-416f-8d6c-d6373a774008 req-5eb5aa0b-0a86-416f-8d6c-d6373a774008 ] Request (ServersAdmin275Test:test_rebuild_update_server_275): 200 GET http://10.180.1.21/compute/v2.1/servers/42f39352-e703-4ebf-9559-4c8b5abca70e 0.259s
2025-03-27 06:03:13.213 68349 INFO tempest.lib.common.rest_client [req-85f7015d-6efc-464a-a5f6-790acca042e8 req-85f7015d-6efc-464a-a5f6-790acca042e8 ] Request (MultipleCreateTestJSON:test_multiple_create): 200 GET http://10.180.1.21/compute/v2.1/servers/0b61102f-1b2e-4962-b94b-d27d394c5aef 0.264s
2025-03-27 06:03:13.248 68368 INFO tempest.lib.common.rest_client [req-b46e37b9-6430-43eb-8adc-a626e8efd684 req-b46e37b9-6430-43eb-8adc-a626e8efd684 ] Request (ListImageFiltersTestJSON:setUpClass): 200 GET http://10.180.1.21/compute/v2.1/servers/a7853da1-b00c-4b05-8f4a-f928fcb59cb2 0.256s
2025-03-27 06:03:13.266 68366 INFO tempest.lib.common.rest_client [req-005a6fa3-efaa-4d0c-a563-b8c1d8ff98dc req-005a6fa3-efaa-4d0c-a563-b8c1d8ff98dc ] Request (ServerActionsV293TestJSON:setUpClass): 200 GET http://10.180.1.21/compute/v2.1/servers/db379674-cc77-430b-bd6d-2f674d57a7ee 0.222s
2025-03-27 06:03:13.296 68350 INFO tempest.lib.common.rest_client [req-cb13acd9-b614-4fdd-8f62-7afff98c01d3 req-cb13acd9-b614-4fdd-8f62-7afff98c01d3 ] Request (ServerPasswordTestJSON:setUpClass): 200 GET http://10.180.1.21/compute/v2.1/servers/1b382d10-944a-4817-b959-c8ad2664309e 0.211s
2025-03-27 06:03:13.351 68356 INFO tempest.lib.common.rest_client [req-c03f4e7b-26b6-42fa-bb01-f814b4aa6d26 req-c03f4e7b-26b6-42fa-bb01-f814b4aa6d26 ] Request (VolumesAssistedSnapshotsTest:test_volume_assisted_snapshot_create_delete): 200 GET http://10.180.1.21/compute/v2.1/servers/810b9f3c-7a92-40ab-8630-5c1ad6e4762c 0.217s
2025-03-27 06:03:13.380 68374 INFO tempest.lib.common.rest_client [req-04192268-7b1c-4c69-9271-5db290658f51 req-04192268-7b1c-4c69-9271-5db290658f51 ] Request (ServerExternalEventsTest:test_create_server_external_events): 200 GET http://10.180.1.21/compute/v2.1/servers/4cc61343-486f-466c-9881-1a6856c82748 0.284s
2025-03-27 06:03:13.405 68332 INFO tempest.lib.common.rest_client [req-cb5ab79a-f21e-45ce-8cd1-95562b960069 req-cb5ab79a-f21e-45ce-8cd1-95562b960069 ] Request (DeleteServersAdminTestJSON:test_delete_server_while_in_error_state): 200 GET http://10.180.1.21/compute/v2.1/servers/37f5c20e-dbc4-46a3-a83f-c7329f7a764c 0.263s
2025-03-27 06:03:13.436 68372 INFO tempest.lib.common.rest_client [req-ed5c7366-c5ab-4535-918b-90c2cb8fcb32 req-ed5c7366-c5ab-4535-918b-90c2cb8fcb32 ] Request (ServerActionsTestOtherA:setUpClass): 200 GET http://10.180.1.21/compute/v2.1/servers/0a0d385d-3255-4755-8987-a26cd28006cb 0.229s
2025-03-27 06:03:13.569 68370 INFO tempest.lib.common.rest_client [req-7a6c2051-a380-459e-9841-369a5b9b464a req-7a6c2051-a380-459e-9841-369a5b9b464a ] Request (AttachInterfacesV270Test:test_create_get_list_interfaces): 200 GET http://10.180.1.21/compute/v2.1/servers/a89ff564-ea35-4000-8efa-2c1ec2b61759 0.311s
2025-03-27 06:03:13.584 68382 INFO tempest.lib.common.rest_client [req-66731f2b-6a74-45d6-8897-8297cd8649e8 req-66731f2b-6a74-45d6-8897-8297cd8649e8 ] Request (ServerDiagnosticsTest:test_get_server_diagnostics): 200 GET http://10.180.1.21/compute/v2.1/servers/39de4e78-44cd-4582-998e-88ce6de2d51c 0.134s
2025-03-27 06:03:13.640 68360 INFO tempest.lib.common.rest_client [req-230f55d7-015d-4a2d-a1b7-cc8d7bea0dee req-230f55d7-015d-4a2d-a1b7-cc8d7bea0dee ] Request (ServersWithSpecificFlavorTestJSON:test_verify_created_server_ephemeral_disk): 200 GET http://10.180.1.21/compute/v2.1/servers/0a9103d6-2461-4ed3-93fa-a0149ccc5267 0.126s
2025-03-27 06:03:13.861 68364 INFO tempest.lib.common.rest_client [req-02971baf-030a-4296-84ca-9c55cad1491a req-02971baf-030a-4296-84ca-9c55cad1491a ] Request (ServersNegativeTestJSON:setUpClass): 200 GET http://10.180.1.21/compute/v2.1/servers/856ec4dd-3a1d-4140-b3d5-52690cf87f92 0.338s
2025-03-27 06:03:13.876 68340 INFO tempest.lib.common.rest_client [req-806a7e80-9c97-4338-a70d-b361b8295ee4 req-806a7e80-9c97-4338-a70d-b361b8295ee4 ] Request (MigrationsAdminTest:test_list_migrations_in_flavor_resize_situation): 200 GET http://10.180.1.21/compute/v2.1/servers/17e9e12a-ec93-4ac5-bb6d-d6d0adb11e45 0.417s
2025-03-27 06:03:13.914 68380 INFO tempest.lib.common.rest_client [req-116214e2-1a2f-42cd-b03c-80085b138cf3 req-116214e2-1a2f-42cd-b03c-80085b138cf3 ] Request (TenantUsagesTestJSON:setUpClass): 200 GET http://10.180.1.21/compute/v2.1/servers/4e0f3617-aef9-4d66-8243-ff530b4084cd 0.313s
2025-03-27 06:03:13.994 68324 INFO tempest.lib.common.rest_client [req-53dcbaec-20ed-4bda-abca-0c24268feaec req-53dcbaec-20ed-4bda-abca-0c24268feaec ] Request (ImagesNegativeTestJSON:test_create_image_from_deleted_server): 200 GET http://10.180.1.21/compute/v2.1/servers/b81d413c-2449-471a-b3d9-693fc0ab2824 0.245s
2025-03-27 06:03:14.021 68326 INFO tempest.lib.common.rest_client [req-4310cd2b-b17f-47cf-b398-11ba0417124e req-4310cd2b-b17f-47cf-b398-11ba0417124e ] Request (FloatingIPsAssociationTestJSON:setUpClass): 200 GET http://10.180.1.21/compute/v2.1/servers/7374c1a5-1b4f-4026-b885-bf0eb12a850e 0.260s
2025-03-27 06:03:14.113 68378 INFO tempest.lib.common.rest_client [req-63fab033-2838-46e4-bb43-0ff69e509475 req-63fab033-2838-46e4-bb43-0ff69e509475 ] Request (InstanceActionsTestJSON:setUpClass): 200 GET http://10.180.1.21/compute/v2.1/servers/f23e3529-19a6-4562-ae9b-591d1a452385 0.227s
2025-03-27 06:03:14.128 68346 INFO tempest.lib.common.rest_client [req-da866be3-40ed-4b00-8fff-62212323121d req-da866be3-40ed-4b00-8fff-62212323121d ] Request (ServersAdminTestJSON:setUpClass): 200 GET http://10.180.1.21/compute/v2.1/servers/97b050ff-2997-4504-8787-04f1221251b8 0.229s
2025-03-27 06:03:14.156 68320 INFO tempest.lib.common.rest_client [req-43bb6b4d-f622-4aa4-aca4-911cc1732fa1 req-43bb6b4d-f622-4aa4-aca4-911cc1732fa1 ] Request (AttachInterfacesUnderV243Test:test_add_remove_fixed_ip): 200 GET http://10.180.1.21/compute/v2.1/servers/1812f13e-b03d-48d4-940a-43974784265b 0.222s
2025-03-27 06:03:14.179 68376 INFO tempest.lib.common.rest_client [req-ee1e30f2-4ac5-48f3-9c00-b9be43c73add req-ee1e30f2-4ac5-48f3-9c00-b9be43c73add ] Request (ServerShowV257Test:test_rebuild_server): 200 GET http://10.180.1.21/compute/v2.1/servers/8ae39d32-abb3-4e3e-8d2d-003eda60b136 0.224s
2025-03-27 06:03:14.187 68376 INFO tempest.common.waiters [-] State transition "BUILD/spawning" ==> "ERROR/None" after 98 second wait
2025-03-27 06:03:14.199 68354 INFO tempest.lib.common.rest_client [req-581a7383-2f84-481c-bce5-b1fd3d683162 req-581a7383-2f84-481c-bce5-b1fd3d683162 ] Request (ImagesOneServerTestJSON:setUpClass): 200 GET http://10.180.1.21/compute/v2.1/servers/28fd3e76-1a9b-4273-b951-e50a8506a9bc 0.217s
2025-03-27 06:03:14.223 68358 INFO tempest.lib.common.rest_client [req-365ca02e-3b1d-4f53-8c44-e35929359571 req-365ca02e-3b1d-4f53-8c44-e35929359571 ] Request (ServerDiagnosticsNegativeTest:test_get_server_diagnostics_by_non_admin): 200 GET http://10.180.1.21/compute/v2.1/servers/0cc0463e-1e55-4dd5-96b2-ee15025e689b 0.219s
2025-03-27 06:03:14.244 68338 INFO tempest.lib.common.rest_client [req-d45fc27c-ad0c-4230-8b5e-c6cd8fdcd860 req-d45fc27c-ad0c-4230-8b5e-c6cd8fdcd860 ] Request (ServerDiagnosticsV248Test:test_get_server_diagnostics): 200 GET http://10.180.1.21/compute/v2.1/servers/de1b8ef9-0088-4d2a-985e-d04fcff55d31 0.205s
2025-03-27 06:03:14.266 68336 INFO tempest.lib.common.rest_client [req-a7db473e-a6ce-4a99-9378-0c47f73527cf req-a7db473e-a6ce-4a99-9378-0c47f73527cf ] Request (ImagesTestJSON:test_create_image_from_stopped_server): 200 GET http://10.180.1.21/compute/v2.1/servers/25cb12ed-d0ed-402f-ba73-3c6c835adb17 0.205s
2025-03-27 06:03:14.289 68362 INFO tempest.lib.common.rest_client [req-e62c8ed5-e50b-408e-8b53-065d6f8ee8a7 req-e62c8ed5-e50b-408e-8b53-065d6f8ee8a7 ] Request (SecurityGroupsTestJSON:test_list_security_groups_by_server): 200 GET http://10.180.1.21/compute/v2.1/servers/dae1bdde-e497-4ee6-9582-4988c5ae7a96 0.190s
2025-03-27 06:03:14.311 68328 INFO tempest.lib.common.rest_client [req-c26cf823-74e8-42c4-9e5b-621d0a2e49f0 req-c26cf823-74e8-42c4-9e5b-621d0a2e49f0 ] Request (FloatingIPsAssociationNegativeTestJSON:setUpClass): 200 GET http://10.180.1.21/compute/v2.1/servers/d42d2ca9-ac93-4efb-92a0-de248221dd43 0.194s
2025-03-27 06:03:14.343 68322 INFO tempest.lib.common.rest_client [req-395876c1-344b-4585-b74c-3e76683f05b3 req-395876c1-344b-4585-b74c-3e76683f05b3 ] Request (ServerAddressesNegativeTestJSON:setUpClass): 200 GET http://10.180.1.21/compute/v2.1/servers/e2a9808e-6da7-4e53-a6d3-d3144ecf158a 0.197s
2025-03-27 06:03:14.360 68352 INFO tempest.lib.common.rest_client [req-7f870018-c3e8-4b36-8301-a623f2e52d4b req-7f870018-c3e8-4b36-8301-a623f2e52d4b ] Request (ServerRescueTestJSON:setUpClass): 200 GET http://10.180.1.21/compute/v2.1/servers/f17efcc0-2a35-4360-abdf-1543a4cd0fcc 0.194s
2025-03-27 06:03:14.415 68330 INFO tempest.lib.common.rest_client [req-1157f554-95b4-438b-9d21-c20e98cdc812 req-1157f554-95b4-438b-9d21-c20e98cdc812 ] Request (ServersAdmin275Test:test_rebuild_update_server_275): 200 GET http://10.180.1.21/compute/v2.1/servers/42f39352-e703-4ebf-9559-4c8b5abca70e 0.206s
2025-03-27 06:03:14.424 68330 INFO tempest.common.waiters [-] State transition "BUILD/scheduling" ==> "BUILD/None" after 76 second wait
2025-03-27 06:03:14.461 68349 INFO tempest.lib.common.rest_client [req-dd52eaf9-fe1f-46ad-a2ec-db05fc3d51f1 req-dd52eaf9-fe1f-46ad-a2ec-db05fc3d51f1 ] Request (MultipleCreateTestJSON:test_multiple_create): 200 GET http://10.180.1.21/compute/v2.1/servers/0b61102f-1b2e-4962-b94b-d27d394c5aef 0.235s
2025-03-27 06:03:14.506 68368 INFO tempest.lib.common.rest_client [req-169aa14c-f16d-4f20-bb9c-bcf7977c4ac2 req-169aa14c-f16d-4f20-bb9c-bcf7977c4ac2 ] Request (ListImageFiltersTestJSON:setUpClass): 200 GET http://10.180.1.21/compute/v2.1/servers/a7853da1-b00c-4b05-8f4a-f928fcb59cb2 0.245s
2025-03-27 06:03:14.516 68376 INFO tempest.lib.common.rest_client [req-01ac1f24-4955-4ed7-ac15-d8ad7cb91710 req-01ac1f24-4955-4ed7-ac15-d8ad7cb91710 ] Request (ServerShowV257Test:test_rebuild_server): 204 DELETE http://10.180.1.21/compute/v2.1/servers/8ae39d32-abb3-4e3e-8d2d-003eda60b136 0.329s
2025-03-27 06:03:14.563 68366 INFO tempest.lib.common.rest_client [req-11a64a36-56c4-47ad-a2a7-3bd60df8dd7a req-11a64a36-56c4-47ad-a2a7-3bd60df8dd7a ] Request (ServerActionsV293TestJSON:setUpClass): 200 GET http://10.180.1.21/compute/v2.1/servers/db379674-cc77-430b-bd6d-2f674d57a7ee 0.280s
2025-03-27 06:03:14.566 68350 INFO tempest.lib.common.rest_client [req-cce006d6-e60d-42db-81c9-85ad327a1fc0 req-cce006d6-e60d-42db-81c9-85ad327a1fc0 ] Request (ServerPasswordTestJSON:setUpClass): 200 GET http://10.180.1.21/compute/v2.1/servers/1b382d10-944a-4817-b959-c8ad2664309e 0.263s
2025-03-27 06:03:14.613 68356 INFO tempest.lib.common.rest_client [req-a167e79f-36e8-46a8-9aa6-567be5a89837 req-a167e79f-36e8-46a8-9aa6-567be5a89837 ] Request (VolumesAssistedSnapshotsTest:test_volume_assisted_snapshot_create_delete): 200 GET http://10.180.1.21/compute/v2.1/servers/810b9f3c-7a92-40ab-8630-5c1ad6e4762c 0.254s
2025-03-27 06:03:14.663 68332 INFO tempest.lib.common.rest_client [req-33fda39c-5652-43a4-9203-475bd513550d req-33fda39c-5652-43a4-9203-475bd513550d ] Request (DeleteServersAdminTestJSON:test_delete_server_while_in_error_state): 200 GET http://10.180.1.21/compute/v2.1/servers/37f5c20e-dbc4-46a3-a83f-c7329f7a764c 0.250s
2025-03-27 06:03:14.709 68372 INFO tempest.lib.common.rest_client [req-b17a018a-fbfe-4fa6-8b03-f206dd29fe27 req-b17a018a-fbfe-4fa6-8b03-f206dd29fe27 ] Request (ServerActionsTestOtherA:setUpClass): 200 GET http://10.180.1.21/compute/v2.1/servers/0a0d385d-3255-4755-8987-a26cd28006cb 0.264s
2025-03-27 06:03:14.711 68374 INFO tempest.lib.common.rest_client [req-c9e5422e-075e-443c-abf4-074680e0f0e4 req-c9e5422e-075e-443c-abf4-074680e0f0e4 ] Request (ServerExternalEventsTest:test_create_server_external_events): 200 GET http://10.180.1.21/compute/v2.1/servers/4cc61343-486f-466c-9881-1a6856c82748 0.323s
2025-03-27 06:03:14.726 68376 INFO tempest.lib.common.rest_client [req-fe8d1916-04e1-4cd1-813e-06a63fc43d8f req-fe8d1916-04e1-4cd1-813e-06a63fc43d8f ] Request (ServerShowV257Test:test_rebuild_server): 404 GET http://10.180.1.21/compute/v2.1/servers/8ae39d32-abb3-4e3e-8d2d-003eda60b136 0.209s
2025-03-27 06:03:14.839 68376 INFO tempest.lib.common.rest_client [req-67afa832-f28d-43e5-be4f-89959df637ba req-67afa832-f28d-43e5-be4f-89959df637ba ] Request (ServerShowV257Test:tearDownClass): 204 DELETE http://10.180.1.21/identity/v3/users/5c6d0c2ab44a4208aab1e7ce54a09ea3 0.110s
2025-03-27 06:03:14.839 68376 INFO tempest.lib.common.dynamic_creds [-] Deleting project and security group for project: 2fbce555afd54ba19614991d67eae25f
2025-03-27 06:03:14.848 68370 INFO tempest.lib.common.rest_client [req-4ce95c59-cd4d-491a-b63f-1f8454769139 req-4ce95c59-cd4d-491a-b63f-1f8454769139 ] Request (AttachInterfacesV270Test:test_create_get_list_interfaces): 200 GET http://10.180.1.21/compute/v2.1/servers/a89ff564-ea35-4000-8efa-2c1ec2b61759 0.269s
2025-03-27 06:03:14.853 68382 INFO tempest.lib.common.rest_client [req-0e5bd9ea-5511-4b13-90bd-6a20937a7e40 req-0e5bd9ea-5511-4b13-90bd-6a20937a7e40 ] Request (ServerDiagnosticsTest:test_get_server_diagnostics): 200 GET http://10.180.1.21/compute/v2.1/servers/39de4e78-44cd-4582-998e-88ce6de2d51c 0.261s
2025-03-27 06:03:14.893 68360 INFO tempest.lib.common.rest_client [req-c1e4e4bd-9723-4853-8d18-4ea96fb0f4d7 req-c1e4e4bd-9723-4853-8d18-4ea96fb0f4d7 ] Request (ServersWithSpecificFlavorTestJSON:test_verify_created_server_ephemeral_disk): 200 GET http://10.180.1.21/compute/v2.1/servers/0a9103d6-2461-4ed3-93fa-a0149ccc5267 0.246s
2025-03-27 06:03:14.897 68376 INFO tempest.lib.common.rest_client [req-be346ddf-8741-4ad9-8b5e-2392a0e04983 req-be346ddf-8741-4ad9-8b5e-2392a0e04983 ] Request (ServerShowV257Test:tearDownClass): 201 POST http://10.180.1.21/identity/v3/auth/tokens 0.058s
2025-03-27 06:03:14.925 68364 INFO tempest.lib.common.rest_client [req-e3b483ff-85be-4150-867d-99aad8928adf req-e3b483ff-85be-4150-867d-99aad8928adf ] Request (ServersNegativeTestJSON:setUpClass): 200 GET http://10.180.1.21/compute/v2.1/servers/856ec4dd-3a1d-4140-b3d5-52690cf87f92 0.051s
2025-03-27 06:03:14.986 68380 INFO tempest.lib.common.rest_client [req-255082ce-03a6-4003-b2bb-6226ec3bfea6 req-255082ce-03a6-4003-b2bb-6226ec3bfea6 ] Request (TenantUsagesTestJSON:setUpClass): 200 GET http://10.180.1.21/compute/v2.1/servers/4e0f3617-aef9-4d66-8243-ff530b4084cd 0.062s
2025-03-27 06:03:15.010 68340 INFO tempest.lib.common.rest_client [req-abceaee8-39b3-4bed-9607-7e5b6aadfa7e req-abceaee8-39b3-4bed-9607-7e5b6aadfa7e ] Request (MigrationsAdminTest:test_list_migrations_in_flavor_resize_situation): 200 GET http://10.180.1.21/compute/v2.1/servers/17e9e12a-ec93-4ac5-bb6d-d6d0adb11e45 0.125s
2025-03-27 06:03:15.115 68376 INFO tempest.lib.common.rest_client [req-6feca7ec-62ef-4730-91b8-2ed8963188f2 req-6feca7ec-62ef-4730-91b8-2ed8963188f2 ] Request (ServerShowV257Test:tearDownClass): 200 GET http://10.180.1.21:9696/networking/v2.0/security-groups?tenant_id=2fbce555afd54ba19614991d67eae25f&name=default 0.217s
2025-03-27 06:03:15.188 68326 INFO tempest.lib.common.rest_client [req-b4fc55f6-b30b-44a7-b99c-f21e5e792e0f req-b4fc55f6-b30b-44a7-b99c-f21e5e792e0f ] Request (FloatingIPsAssociationTestJSON:setUpClass): 200 GET http://10.180.1.21/compute/v2.1/servers/7374c1a5-1b4f-4026-b885-bf0eb12a850e 0.158s
2025-03-27 06:03:15.195 68376 INFO tempest.lib.common.rest_client [req-3759fd4f-6890-42ba-960e-ddabe5df62d0 req-3759fd4f-6890-42ba-960e-ddabe5df62d0 ] Request (ServerShowV257Test:tearDownClass): 204 DELETE http://10.180.1.21:9696/networking/v2.0/security-groups/e8ade9ac-8b54-4224-bd6b-627927f3efe9 0.079s
2025-03-27 06:03:15.211 68324 INFO tempest.lib.common.rest_client [req-6f56b2fc-c52d-44b2-bd5d-edae932593e4 req-6f56b2fc-c52d-44b2-bd5d-edae932593e4 ] Request (ImagesNegativeTestJSON:test_create_image_from_deleted_server): 200 GET http://10.180.1.21/compute/v2.1/servers/b81d413c-2449-471a-b3d9-693fc0ab2824 0.208s
2025-03-27 06:03:15.254 68376 INFO tempest.lib.common.rest_client [req-6d2562cd-4ffe-4631-a3ef-80135ec99d52 req-6d2562cd-4ffe-4631-a3ef-80135ec99d52 ] Request (ServerShowV257Test:tearDownClass): 204 DELETE http://10.180.1.21/identity/v3/projects/2fbce555afd54ba19614991d67eae25f 0.059s
2025-03-27 06:03:15.308 68376 INFO tempest.lib.common.rest_client [req-f9383079-045a-48bd-ab96-f198cefcf645 req-f9383079-045a-48bd-ab96-f198cefcf645 ] Request (AttachVolumeTestJSON:setUpClass): 201 POST http://10.180.1.21/identity/v3/auth/tokens 0.053s
2025-03-27 06:03:15.335 68376 INFO tempest.lib.common.rest_client [req-b6382e17-36c5-4bc4-baa1-5124bf0ff2e3 req-b6382e17-36c5-4bc4-baa1-5124bf0ff2e3 ] Request (AttachVolumeTestJSON:setUpClass): 201 POST http://10.180.1.21/identity/v3/auth/tokens 0.024s
2025-03-27 06:03:15.343 68346 INFO tempest.lib.common.rest_client [req-07dd2e52-04f5-402d-8e74-550f6b61fe3c req-07dd2e52-04f5-402d-8e74-550f6b61fe3c ] Request (ServersAdminTestJSON:setUpClass): 200 GET http://10.180.1.21/compute/v2.1/servers/97b050ff-2997-4504-8787-04f1221251b8 0.208s
2025-03-27 06:03:15.362 68376 INFO tempest.lib.common.rest_client [req-0e0ee407-deff-4135-8666-1b5227e0ce98 req-0e0ee407-deff-4135-8666-1b5227e0ce98 ] Request (AttachVolumeTestJSON:setUpClass): 200 GET http://10.180.1.21/identity/v3/domains?name=Default 0.026s
2025-03-27 06:03:15.365 68378 INFO tempest.lib.common.rest_client [req-514a3468-5679-45ee-9779-7afd36f85cb3 req-514a3468-5679-45ee-9779-7afd36f85cb3 ] Request (InstanceActionsTestJSON:setUpClass): 200 GET http://10.180.1.21/compute/v2.1/servers/f23e3529-19a6-4562-ae9b-591d1a452385 0.244s
2025-03-27 06:03:15.388 68320 INFO tempest.lib.common.rest_client [req-971811ec-bb91-4d88-b3d6-107151b31a9e req-971811ec-bb91-4d88-b3d6-107151b31a9e ] Request (AttachInterfacesUnderV243Test:test_add_remove_fixed_ip): 200 GET http://10.180.1.21/compute/v2.1/servers/1812f13e-b03d-48d4-940a-43974784265b 0.225s
2025-03-27 06:03:15.388 68376 INFO tempest.lib.common.rest_client [req-63c9ebd0-f78a-45b1-90e2-15b4ff78c4e0 req-63c9ebd0-f78a-45b1-90e2-15b4ff78c4e0 ] Request (AttachVolumeTestJSON:setUpClass): 201 POST http://10.180.1.21/identity/v3/projects 0.026s
2025-03-27 06:03:15.412 68354 INFO tempest.lib.common.rest_client [req-60547941-6dc0-4421-ac6f-40c511abf2de req-60547941-6dc0-4421-ac6f-40c511abf2de ] Request (ImagesOneServerTestJSON:setUpClass): 200 GET http://10.180.1.21/compute/v2.1/servers/28fd3e76-1a9b-4273-b951-e50a8506a9bc 0.205s
2025-03-27 06:03:15.431 68358 INFO tempest.lib.common.rest_client [req-2067bbca-cc2c-414d-8f67-1081bb5de88f req-2067bbca-cc2c-414d-8f67-1081bb5de88f ] Request (ServerDiagnosticsNegativeTest:test_get_server_diagnostics_by_non_admin): 200 GET http://10.180.1.21/compute/v2.1/servers/0cc0463e-1e55-4dd5-96b2-ee15025e689b 0.201s
2025-03-27 06:03:15.454 68376 INFO tempest.lib.common.rest_client [req-9f48c28f-2c46-4b24-87cc-c8fa91ca363d req-9f48c28f-2c46-4b24-87cc-c8fa91ca363d ] Request (AttachVolumeTestJSON:setUpClass): 201 POST http://10.180.1.21/identity/v3/users 0.065s
2025-03-27 06:03:15.461 68338 INFO tempest.lib.common.rest_client [req-92abccf5-6e9f-4187-8c68-e355025f558b req-92abccf5-6e9f-4187-8c68-e355025f558b ] Request (ServerDiagnosticsV248Test:test_get_server_diagnostics): 200 GET http://10.180.1.21/compute/v2.1/servers/de1b8ef9-0088-4d2a-985e-d04fcff55d31 0.208s
2025-03-27 06:03:15.477 68376 INFO tempest.lib.common.rest_client [req-09bc283a-d049-4fd4-a019-4a37f4ef2446 req-09bc283a-d049-4fd4-a019-4a37f4ef2446 ] Request (AttachVolumeTestJSON:setUpClass): 200 GET http://10.180.1.21/identity/v3/roles 0.022s
2025-03-27 06:03:15.480 68336 INFO tempest.lib.common.rest_client [req-b3b3fc51-2555-44cf-9900-63b47b04c710 req-b3b3fc51-2555-44cf-9900-63b47b04c710 ] Request (ImagesTestJSON:test_create_image_from_stopped_server): 200 GET http://10.180.1.21/compute/v2.1/servers/25cb12ed-d0ed-402f-ba73-3c6c835adb17 0.206s
2025-03-27 06:03:15.502 68376 INFO tempest.lib.common.rest_client [req-ba08e01b-307d-4185-995a-4567e9e296e9 req-ba08e01b-307d-4185-995a-4567e9e296e9 ] Request (AttachVolumeTestJSON:setUpClass): 204 PUT http://10.180.1.21/identity/v3/projects/c0276ed66cde4a96bb03a3005a30325d/users/329c5e765af14548ad59c86860a5cf47/roles/95d1b535c4054977a2929d7f7f8c9430 0.025s
2025-03-27 06:03:15.502 68376 INFO tempest.lib.common.dynamic_creds [-] Dynamic test user 329c5e765af14548ad59c86860a5cf47 is created with scope project and roles: ['member']
2025-03-27 06:03:15.503 68376 INFO tempest.lib.common.dynamic_creds [-] Acquired dynamic creds: credentials: Credentials: {'domain_id': 'default', 'domain_name': 'Default', 'username': 'tempest-AttachVolumeTestJSON-1788101522-project-member', 'project_domain_id': 'default', 'project_domain_name': 'Default', 'project_id': 'c0276ed66cde4a96bb03a3005a30325d', 'project_name': 'tempest-AttachVolumeTestJSON-1788101522', 'tenant_id': 'c0276ed66cde4a96bb03a3005a30325d', 'tenant_name': 'tempest-AttachVolumeTestJSON-1788101522', 'user_domain_id': 'default', 'user_domain_name': 'Default', 'user_id': '329c5e765af14548ad59c86860a5cf47', 'system': None}, Network: None, Subnet: None, Router: None
2025-03-27 06:03:15.506 68362 INFO tempest.lib.common.rest_client [req-7530d543-0afa-433c-b66f-6dd27255998a req-7530d543-0afa-433c-b66f-6dd27255998a ] Request (SecurityGroupsTestJSON:test_list_security_groups_by_server): 200 GET http://10.180.1.21/compute/v2.1/servers/dae1bdde-e497-4ee6-9582-4988c5ae7a96 0.208s
2025-03-27 06:03:15.521 68328 INFO tempest.lib.common.rest_client [req-1b29cc1e-dc8c-4efb-89c4-53a9ad794fc6 req-1b29cc1e-dc8c-4efb-89c4-53a9ad794fc6 ] Request (FloatingIPsAssociationNegativeTestJSON:setUpClass): 200 GET http://10.180.1.21/compute/v2.1/servers/d42d2ca9-ac93-4efb-92a0-de248221dd43 0.203s
2025-03-27 06:03:15.548 68322 INFO tempest.lib.common.rest_client [req-1fe644aa-ba89-4575-a18a-02a8fa2c953a req-1fe644aa-ba89-4575-a18a-02a8fa2c953a ] Request (ServerAddressesNegativeTestJSON:setUpClass): 200 GET http://10.180.1.21/compute/v2.1/servers/e2a9808e-6da7-4e53-a6d3-d3144ecf158a 0.198s
2025-03-27 06:03:15.557 68376 INFO tempest.lib.common.rest_client [req-7dc1b29b-27b4-49ce-929d-b24f4c54759a req-7dc1b29b-27b4-49ce-929d-b24f4c54759a ] Request (AttachVolumeTestJSON:setUpClass): 201 POST http://10.180.1.21/identity/v3/auth/tokens 0.054s
2025-03-27 06:03:15.564 68352 INFO tempest.lib.common.rest_client [req-e94fdc29-84e3-4465-a968-7ad9558fa0e3 req-e94fdc29-84e3-4465-a968-7ad9558fa0e3 ] Request (ServerRescueTestJSON:setUpClass): 200 GET http://10.180.1.21/compute/v2.1/servers/f17efcc0-2a35-4360-abdf-1543a4cd0fcc 0.195s
2025-03-27 06:03:15.602 68330 INFO tempest.lib.common.rest_client [req-e2b2e441-b32b-4da7-8bf3-821fea63e5c2 req-e2b2e441-b32b-4da7-8bf3-821fea63e5c2 ] Request (ServersAdmin275Test:test_rebuild_update_server_275): 200 GET http://10.180.1.21/compute/v2.1/servers/42f39352-e703-4ebf-9559-4c8b5abca70e 0.177s
2025-03-27 06:03:15.611 68330 INFO tempest.common.waiters [-] State transition "BUILD/None" ==> "BUILD/spawning" after 77 second wait
2025-03-27 06:03:15.611 68349 INFO tempest.lib.common.rest_client [req-796c4e0d-ab37-4b65-9a62-08648f2c9cb1 req-796c4e0d-ab37-4b65-9a62-08648f2c9cb1 ] Request (MultipleCreateTestJSON:test_multiple_create): 200 GET http://10.180.1.21/compute/v2.1/servers/0b61102f-1b2e-4962-b94b-d27d394c5aef 0.142s
2025-03-27 06:03:15.650 68368 INFO tempest.lib.common.rest_client [req-cb3005c6-95e8-40f2-ab9c-1d742257ec9b req-cb3005c6-95e8-40f2-ab9c-1d742257ec9b ] Request (ListImageFiltersTestJSON:setUpClass): 200 GET http://10.180.1.21/compute/v2.1/servers/a7853da1-b00c-4b05-8f4a-f928fcb59cb2 0.135s
2025-03-27 06:03:15.672 68366 INFO tempest.lib.common.rest_client [req-2656b04b-78ea-441f-816d-01f6a5aa34f5 req-2656b04b-78ea-441f-816d-01f6a5aa34f5 ] Request (ServerActionsV293TestJSON:setUpClass): 200 GET http://10.180.1.21/compute/v2.1/servers/db379674-cc77-430b-bd6d-2f674d57a7ee 0.100s
2025-03-27 06:03:15.697 68350 INFO tempest.lib.common.rest_client [req-8418c932-e827-4423-b15d-5c8dead98e82 req-8418c932-e827-4423-b15d-5c8dead98e82 ] Request (ServerPasswordTestJSON:setUpClass): 200 GET http://10.180.1.21/compute/v2.1/servers/1b382d10-944a-4817-b959-c8ad2664309e 0.123s
2025-03-27 06:03:15.716 68356 INFO tempest.lib.common.rest_client [req-e8151c67-e211-4f5a-a91e-f670660adfad req-e8151c67-e211-4f5a-a91e-f670660adfad ] Request (VolumesAssistedSnapshotsTest:test_volume_assisted_snapshot_create_delete): 200 GET http://10.180.1.21/compute/v2.1/servers/810b9f3c-7a92-40ab-8630-5c1ad6e4762c 0.094s
2025-03-27 06:03:15.746 68332 INFO tempest.lib.common.rest_client [req-b41a7002-512e-4e4a-a453-33e126b6beb7 req-b41a7002-512e-4e4a-a453-33e126b6beb7 ] Request (DeleteServersAdminTestJSON:test_delete_server_while_in_error_state): 200 GET http://10.180.1.21/compute/v2.1/servers/37f5c20e-dbc4-46a3-a83f-c7329f7a764c 0.075s
2025-03-27 06:03:15.783 68372 INFO tempest.lib.common.rest_client [req-d181319b-5635-40ad-b048-9f0a4b555f48 req-d181319b-5635-40ad-b048-9f0a4b555f48 ] Request (ServerActionsTestOtherA:setUpClass): 200 GET http://10.180.1.21/compute/v2.1/servers/0a0d385d-3255-4755-8987-a26cd28006cb 0.066s
2025-03-27 06:03:15.908 68376 INFO tempest.lib.common.rest_client [req-0b270c01-8026-4dab-8128-cd79c0be83b9 req-0b270c01-8026-4dab-8128-cd79c0be83b9 ] Request (AttachVolumeTestJSON:setUpClass): 201 POST http://10.180.1.21:9696/networking/v2.0/networks 0.351s
2025-03-27 06:03:15.939 68374 INFO tempest.lib.common.rest_client [req-c2a7196f-eab1-4943-aedb-94c546f83649 req-c2a7196f-eab1-4943-aedb-94c546f83649 ] Request (ServerExternalEventsTest:test_create_server_external_events): 200 GET http://10.180.1.21/compute/v2.1/servers/4cc61343-486f-466c-9881-1a6856c82748 0.221s
2025-03-27 06:03:15.984 68382 INFO tempest.lib.common.rest_client [req-77e084ec-fbc5-4948-bb4b-9e9db928c06e req-77e084ec-fbc5-4948-bb4b-9e9db928c06e ] Request (ServerDiagnosticsTest:test_get_server_diagnostics): 200 GET http://10.180.1.21/compute/v2.1/servers/39de4e78-44cd-4582-998e-88ce6de2d51c 0.123s
2025-03-27 06:03:16.036 68360 INFO tempest.lib.common.rest_client [req-afea80eb-8dec-4f6b-9ed8-96f0a44bc43e req-afea80eb-8dec-4f6b-9ed8-96f0a44bc43e ] Request (ServersWithSpecificFlavorTestJSON:test_verify_created_server_ephemeral_disk): 200 GET http://10.180.1.21/compute/v2.1/servers/0a9103d6-2461-4ed3-93fa-a0149ccc5267 0.135s
2025-03-27 06:03:16.090 68370 INFO tempest.lib.common.rest_client [req-e46f2109-0ff2-4b73-a333-595afa67c445 req-e46f2109-0ff2-4b73-a333-595afa67c445 ] Request (AttachInterfacesV270Test:test_create_get_list_interfaces): 200 GET http://10.180.1.21/compute/v2.1/servers/a89ff564-ea35-4000-8efa-2c1ec2b61759 0.227s
2025-03-27 06:03:16.101 68364 INFO tempest.lib.common.rest_client [req-114803ba-bb9f-4875-aa65-f067bfe4f560 req-114803ba-bb9f-4875-aa65-f067bfe4f560 ] Request (ServersNegativeTestJSON:setUpClass): 200 GET http://10.180.1.21/compute/v2.1/servers/856ec4dd-3a1d-4140-b3d5-52690cf87f92 0.168s
2025-03-27 06:03:16.103 68376 INFO tempest.lib.common.rest_client [req-0e55b2f0-1d55-4f84-92cb-985798f9157b req-0e55b2f0-1d55-4f84-92cb-985798f9157b ] Request (AttachVolumeTestJSON:setUpClass): 201 POST http://10.180.1.21:9696/networking/v2.0/subnets 0.194s
2025-03-27 06:03:16.141 68380 INFO tempest.lib.common.rest_client [req-661bbde9-ea40-4626-a476-c9e238fe103a req-661bbde9-ea40-4626-a476-c9e238fe103a ] Request (TenantUsagesTestJSON:setUpClass): 200 GET http://10.180.1.21/compute/v2.1/servers/4e0f3617-aef9-4d66-8243-ff530b4084cd 0.146s
2025-03-27 06:03:16.200 68340 INFO tempest.lib.common.rest_client [req-0c5897d3-2957-4ec1-8e62-f5dede563c53 req-0c5897d3-2957-4ec1-8e62-f5dede563c53 ] Request (MigrationsAdminTest:test_list_migrations_in_flavor_resize_situation): 200 GET http://10.180.1.21/compute/v2.1/servers/17e9e12a-ec93-4ac5-bb6d-d6d0adb11e45 0.182s
2025-03-27 06:03:16.318 68326 INFO tempest.lib.common.rest_client [req-f142e487-50fe-46b8-ba60-b4d2398dc219 req-f142e487-50fe-46b8-ba60-b4d2398dc219 ] Request (FloatingIPsAssociationTestJSON:setUpClass): 200 GET http://10.180.1.21/compute/v2.1/servers/7374c1a5-1b4f-4026-b885-bf0eb12a850e 0.121s
2025-03-27 06:03:16.341 68324 INFO tempest.lib.common.rest_client [req-e05ca31c-f22a-4275-924d-9518deb310bb req-e05ca31c-f22a-4275-924d-9518deb310bb ] Request (ImagesNegativeTestJSON:test_create_image_from_deleted_server): 200 GET http://10.180.1.21/compute/v2.1/servers/b81d413c-2449-471a-b3d9-693fc0ab2824 0.123s
2025-03-27 06:03:16.499 68346 INFO tempest.lib.common.rest_client [req-09391389-7923-4afc-8f81-450e74ef959b req-09391389-7923-4afc-8f81-450e74ef959b ] Request (ServersAdminTestJSON:setUpClass): 200 GET http://10.180.1.21/compute/v2.1/servers/97b050ff-2997-4504-8787-04f1221251b8 0.148s
2025-03-27 06:03:16.502 68378 INFO tempest.lib.common.rest_client [req-927ef38b-9c91-42fe-8e14-982b20339729 req-927ef38b-9c91-42fe-8e14-982b20339729 ] Request (InstanceActionsTestJSON:setUpClass): 200 GET http://10.180.1.21/compute/v2.1/servers/f23e3529-19a6-4562-ae9b-591d1a452385 0.128s
2025-03-27 06:03:16.555 68320 INFO tempest.lib.common.rest_client [req-88ebb0f0-01e0-4d42-b2da-3971b8a232ef req-88ebb0f0-01e0-4d42-b2da-3971b8a232ef ] Request (AttachInterfacesUnderV243Test:test_add_remove_fixed_ip): 200 GET http://10.180.1.21/compute/v2.1/servers/1812f13e-b03d-48d4-940a-43974784265b 0.159s
2025-03-27 06:03:16.557 68354 INFO tempest.lib.common.rest_client [req-35e68cba-d0ce-4a20-9431-45e929e570bd req-35e68cba-d0ce-4a20-9431-45e929e570bd ] Request (ImagesOneServerTestJSON:setUpClass): 200 GET http://10.180.1.21/compute/v2.1/servers/28fd3e76-1a9b-4273-b951-e50a8506a9bc 0.138s
2025-03-27 06:03:16.615 68338 INFO tempest.lib.common.rest_client [req-47e6b668-0a20-4b57-9fa9-6f697d4cc75f req-47e6b668-0a20-4b57-9fa9-6f697d4cc75f ] Request (ServerDiagnosticsV248Test:test_get_server_diagnostics): 200 GET http://10.180.1.21/compute/v2.1/servers/de1b8ef9-0088-4d2a-985e-d04fcff55d31 0.144s
2025-03-27 06:03:16.624 68358 INFO tempest.lib.common.rest_client [req-bd15427b-8a9a-42a8-808e-dd2edc41cf76 req-bd15427b-8a9a-42a8-808e-dd2edc41cf76 ] Request (ServerDiagnosticsNegativeTest:test_get_server_diagnostics_by_non_admin): 200 GET http://10.180.1.21/compute/v2.1/servers/0cc0463e-1e55-4dd5-96b2-ee15025e689b 0.185s
2025-03-27 06:03:16.680 68362 INFO tempest.lib.common.rest_client [req-2b2b2b03-fcf7-4816-8403-97dcee96337f req-2b2b2b03-fcf7-4816-8403-97dcee96337f ] Request (SecurityGroupsTestJSON:test_list_security_groups_by_server): 200 GET http://10.180.1.21/compute/v2.1/servers/dae1bdde-e497-4ee6-9582-4988c5ae7a96 0.166s
