2025-03-27 06:02:44.862 68352 INFO tempest.lib.common.rest_client [req-5c3809b3-27a4-4c61-a6f1-15ec9aef3cef req-5c3809b3-27a4-4c61-a6f1-15ec9aef3cef ] Request (FlavorsV2NegativeTest:test_boot_with_low_ram): 400 POST http://10.180.1.21/compute/v2.1/servers 0.455s
2025-03-27 06:02:44.890 68330 INFO tempest.lib.common.rest_client [req-c53cd252-716a-4a9f-b2bd-bd5ad3f23c44 req-c53cd252-716a-4a9f-b2bd-bd5ad3f23c44 ] Request (ServersAdmin275Test:test_rebuild_update_server_275): 200 GET http://10.180.1.21/compute/v2.1/servers/42f39352-e703-4ebf-9559-4c8b5abca70e 0.396s
2025-03-27 06:02:44.916 68352 INFO tempest.lib.common.rest_client [req-006850a4-1ae6-48e7-afb8-2e57e66af771 req-006850a4-1ae6-48e7-afb8-2e57e66af771 ] Request (FlavorsV2NegativeTest:_run_cleanups): 204 DELETE http://10.180.1.21/image/v2/images/cc91188e-e3c8-4efb-a55f-4faa12fa27e5 0.053s
2025-03-27 06:02:44.926 68349 INFO tempest.lib.common.rest_client [req-db2c0cc9-6998-4578-8dd5-f0ac0da649ca req-db2c0cc9-6998-4578-8dd5-f0ac0da649ca ] Request (MultipleCreateTestJSON:test_multiple_create): 200 GET http://10.180.1.21/compute/v2.1/servers/0b61102f-1b2e-4962-b94b-d27d394c5aef 0.403s
2025-03-27 06:02:44.950 68366 INFO tempest.lib.common.rest_client [req-6f79b7b6-6c55-41a8-b575-f85c40ddf8fb req-6f79b7b6-6c55-41a8-b575-f85c40ddf8fb ] Request (ServerActionsV293TestJSON:setUpClass): 200 GET http://10.180.1.21/compute/v2.1/servers/db379674-cc77-430b-bd6d-2f674d57a7ee 0.407s
2025-03-27 06:02:45.000 68352 INFO tempest.lib.common.rest_client [req-63b1bb39-ece7-437e-9ca7-3d65d903dc14 req-63b1bb39-ece7-437e-9ca7-3d65d903dc14 ] Request (FlavorsV2NegativeTest:tearDownClass): 204 DELETE http://10.180.1.21/identity/v3/users/cfc8d02861d149c5bdb222589b488892 0.082s
2025-03-27 06:02:45.000 68352 INFO tempest.lib.common.dynamic_creds [-] Deleting project and security group for project: 31d8a84e356242e99ccc9981d356231d
2025-03-27 06:02:45.049 68344 INFO tempest.lib.common.rest_client [req-2212e6cb-a478-4766-93af-d9c0cf3c9475 req-2212e6cb-a478-4766-93af-d9c0cf3c9475 ] Request (SecurityGroupsNegativeTestJSON:setUpClass): 201 POST http://10.180.1.21:9696/networking/v2.0/routers 1.008s
2025-03-27 06:02:45.087 68352 INFO tempest.lib.common.rest_client [req-0dc66786-bd25-4f92-8628-4abc6cf2d1da req-0dc66786-bd25-4f92-8628-4abc6cf2d1da ] Request (FlavorsV2NegativeTest:tearDownClass): 201 POST http://10.180.1.21/identity/v3/auth/tokens 0.086s
2025-03-27 06:02:45.147 68324 INFO tempest.lib.common.rest_client [req-951a4c3a-30a1-489f-80a4-30a77c494299 req-951a4c3a-30a1-489f-80a4-30a77c494299 ] Request (ImagesNegativeTestJSON:test_create_image_from_deleted_server): 200 GET http://10.180.1.21/compute/v2.1/servers/b81d413c-2449-471a-b3d9-693fc0ab2824 0.487s
2025-03-27 06:02:45.173 68378 INFO tempest.lib.common.rest_client [req-4ef4f4ad-8981-4336-999a-45099a617c3f req-4ef4f4ad-8981-4336-999a-45099a617c3f ] Request (InstanceActionsTestJSON:setUpClass): 200 GET http://10.180.1.21/compute/v2.1/servers/f23e3529-19a6-4562-ae9b-591d1a452385 0.503s
2025-03-27 06:02:45.226 68368 INFO tempest.lib.common.rest_client [req-dbdde3b0-9f69-4244-b51e-97b2c1a72a8b req-dbdde3b0-9f69-4244-b51e-97b2c1a72a8b ] Request (ListImageFiltersTestJSON:setUpClass): 200 GET http://10.180.1.21/compute/v2.1/servers/a7853da1-b00c-4b05-8f4a-f928fcb59cb2 0.521s
2025-03-27 06:02:45.234 68356 INFO tempest.lib.common.rest_client [req-8329ec47-f991-4a2c-ac8f-d62031366d7c req-8329ec47-f991-4a2c-ac8f-d62031366d7c ] Request (VolumesAssistedSnapshotsTest:test_volume_assisted_snapshot_create_delete): 200 GET http://10.180.1.21/compute/v2.1/servers/810b9f3c-7a92-40ab-8630-5c1ad6e4762c 0.516s
2025-03-27 06:02:45.291 68350 INFO tempest.lib.common.rest_client [req-6cca22c2-6ea9-44a0-ab20-c61ad766e47f req-6cca22c2-6ea9-44a0-ab20-c61ad766e47f ] Request (ServerPasswordTestJSON:setUpClass): 200 GET http://10.180.1.21/compute/v2.1/servers/1b382d10-944a-4817-b959-c8ad2664309e 0.540s
2025-03-27 06:02:45.317 68352 INFO tempest.lib.common.rest_client [req-9fd07e0c-5afb-4f25-b763-5ac357641738 req-9fd07e0c-5afb-4f25-b763-5ac357641738 ] Request (FlavorsV2NegativeTest:tearDownClass): 200 GET http://10.180.1.21:9696/networking/v2.0/security-groups?tenant_id=31d8a84e356242e99ccc9981d356231d&name=default 0.229s
2025-03-27 06:02:45.455 68346 INFO tempest.lib.common.rest_client [req-48477f4e-ba10-4fe6-a508-8b5b9852ef7f req-48477f4e-ba10-4fe6-a508-8b5b9852ef7f ] Request (ServersAdminTestJSON:setUpClass): 200 GET http://10.180.1.21/compute/v2.1/servers/97b050ff-2997-4504-8787-04f1221251b8 0.331s
2025-03-27 06:02:45.467 68370 INFO tempest.lib.common.rest_client [req-09a76a55-401d-499e-967d-9858dc9d18ca req-09a76a55-401d-499e-967d-9858dc9d18ca ] Request (AttachInterfacesV270Test:test_create_get_list_interfaces): 200 GET http://10.180.1.21/compute/v2.1/servers/a89ff564-ea35-4000-8efa-2c1ec2b61759 0.340s
2025-03-27 06:02:45.497 68352 INFO tempest.lib.common.rest_client [req-c54de779-3975-462e-8726-030af43f2bae req-c54de779-3975-462e-8726-030af43f2bae ] Request (FlavorsV2NegativeTest:tearDownClass): 204 DELETE http://10.180.1.21:9696/networking/v2.0/security-groups/1eed87b2-517f-43f5-8973-08b30d062b56 0.180s
2025-03-27 06:02:45.525 68332 INFO tempest.lib.common.rest_client [req-97a78b8b-2a29-471e-b268-1e8b077d777c req-97a78b8b-2a29-471e-b268-1e8b077d777c ] Request (DeleteServersAdminTestJSON:test_delete_server_while_in_error_state): 200 GET http://10.180.1.21/compute/v2.1/servers/37f5c20e-dbc4-46a3-a83f-c7329f7a764c 0.349s
2025-03-27 06:02:45.536 68372 INFO tempest.lib.common.rest_client [req-d29b4131-a120-41b4-81f4-4e586b7ca44b req-d29b4131-a120-41b4-81f4-4e586b7ca44b ] Request (ServerActionsTestOtherA:setUpClass): 200 GET http://10.180.1.21/compute/v2.1/servers/0a0d385d-3255-4755-8987-a26cd28006cb 0.351s
2025-03-27 06:02:45.583 68364 INFO tempest.lib.common.rest_client [req-d3759ba8-da14-431c-81a5-57b96a8308b3 req-d3759ba8-da14-431c-81a5-57b96a8308b3 ] Request (ServersNegativeTestJSON:setUpClass): 200 GET http://10.180.1.21/compute/v2.1/servers/856ec4dd-3a1d-4140-b3d5-52690cf87f92 0.325s
2025-03-27 06:02:45.584 68352 INFO tempest.lib.common.rest_client [req-bbdd6a6f-bde1-4e9b-8b23-2268af84ae5e req-bbdd6a6f-bde1-4e9b-8b23-2268af84ae5e ] Request (FlavorsV2NegativeTest:tearDownClass): 204 DELETE http://10.180.1.21/identity/v3/projects/31d8a84e356242e99ccc9981d356231d 0.087s
2025-03-27 06:02:45.669 68360 INFO tempest.lib.common.rest_client [req-36cba992-150b-4a4f-b771-cbe7725eefa8 req-36cba992-150b-4a4f-b771-cbe7725eefa8 ] Request (ServersWithSpecificFlavorTestJSON:test_verify_created_server_ephemeral_disk): 200 GET http://10.180.1.21/compute/v2.1/servers/0a9103d6-2461-4ed3-93fa-a0149ccc5267 0.371s
2025-03-27 06:02:45.674 68352 INFO tempest.lib.common.rest_client [req-d7a7b740-3ec4-4eb9-bda9-8b0584949b7f req-d7a7b740-3ec4-4eb9-bda9-8b0584949b7f ] Request (ServerRescueTestJSON:setUpClass): 201 POST http://10.180.1.21/identity/v3/auth/tokens 0.088s
2025-03-27 06:02:45.708 68352 INFO tempest.lib.common.rest_client [req-d75d1502-f918-43ae-8c08-28a5a6e84ec3 req-d75d1502-f918-43ae-8c08-28a5a6e84ec3 ] Request (ServerRescueTestJSON:setUpClass): 201 POST http://10.180.1.21/identity/v3/auth/tokens 0.032s
2025-03-27 06:02:45.737 68352 INFO tempest.lib.common.rest_client [req-c1a479b7-4426-4c9f-a2c6-902b1c91eee2 req-c1a479b7-4426-4c9f-a2c6-902b1c91eee2 ] Request (ServerRescueTestJSON:setUpClass): 200 GET http://10.180.1.21/identity/v3/domains?name=Default 0.029s
2025-03-27 06:02:45.738 68380 INFO tempest.lib.common.rest_client [req-58c8617e-c8e6-49d9-954d-c7edb452902c req-58c8617e-c8e6-49d9-954d-c7edb452902c ] Request (TenantUsagesTestJSON:setUpClass): 200 GET http://10.180.1.21/compute/v2.1/servers/4e0f3617-aef9-4d66-8243-ff530b4084cd 0.347s
2025-03-27 06:02:45.740 68382 INFO tempest.lib.common.rest_client [req-3138006a-2a5e-4d30-addb-3b2dce791bf5 req-3138006a-2a5e-4d30-addb-3b2dce791bf5 ] Request (ServerDiagnosticsTest:test_get_server_diagnostics): 200 GET http://10.180.1.21/compute/v2.1/servers/39de4e78-44cd-4582-998e-88ce6de2d51c 0.457s
2025-03-27 06:02:45.768 68352 INFO tempest.lib.common.rest_client [req-59694fbc-b16d-48ee-92cd-c5684cfdfb40 req-59694fbc-b16d-48ee-92cd-c5684cfdfb40 ] Request (ServerRescueTestJSON:setUpClass): 201 POST http://10.180.1.21/identity/v3/projects 0.031s
2025-03-27 06:02:45.850 68352 INFO tempest.lib.common.rest_client [req-d58d6a1d-1ae2-4a3b-b926-87ee06208eba req-d58d6a1d-1ae2-4a3b-b926-87ee06208eba ] Request (ServerRescueTestJSON:setUpClass): 201 POST http://10.180.1.21/identity/v3/users 0.079s
2025-03-27 06:02:45.871 68352 INFO tempest.lib.common.rest_client [req-63f0532b-c0e6-4255-b6e8-64556f4fe364 req-63f0532b-c0e6-4255-b6e8-64556f4fe364 ] Request (ServerRescueTestJSON:setUpClass): 200 GET http://10.180.1.21/identity/v3/roles 0.020s
2025-03-27 06:02:45.895 68374 INFO tempest.lib.common.rest_client [req-1e24c1e0-27b5-4884-9441-4c2a3c60e6c1 req-1e24c1e0-27b5-4884-9441-4c2a3c60e6c1 ] Request (ServerExternalEventsTest:test_create_server_external_events): 200 GET http://10.180.1.21/compute/v2.1/servers/4cc61343-486f-466c-9881-1a6856c82748 0.414s
2025-03-27 06:02:45.901 68340 INFO tempest.lib.common.rest_client [req-5fd95b37-17b7-4698-a89a-4a08c07e17eb req-5fd95b37-17b7-4698-a89a-4a08c07e17eb ] Request (MigrationsAdminTest:test_list_migrations_in_flavor_resize_situation): 200 GET http://10.180.1.21/compute/v2.1/servers/17e9e12a-ec93-4ac5-bb6d-d6d0adb11e45 0.457s
2025-03-27 06:02:45.915 68352 INFO tempest.lib.common.rest_client [req-e046a57f-7684-419e-9ff8-e99bbfc5e233 req-e046a57f-7684-419e-9ff8-e99bbfc5e233 ] Request (ServerRescueTestJSON:setUpClass): 204 PUT http://10.180.1.21/identity/v3/projects/c0d4f06390db4b1cb14bccdf0fef1a51/users/28ebea91dcb04d19b9b82a73c85251ee/roles/95d1b535c4054977a2929d7f7f8c9430 0.043s
2025-03-27 06:02:45.915 68352 INFO tempest.lib.common.dynamic_creds [-] Dynamic test user 28ebea91dcb04d19b9b82a73c85251ee is created with scope project and roles: ['member']
2025-03-27 06:02:45.915 68352 INFO tempest.lib.common.dynamic_creds [-] Acquired dynamic creds: credentials: Credentials: {'domain_id': 'default', 'domain_name': 'Default', 'username': 'tempest-ServerRescueTestJSON-756786842-project-member', 'project_domain_id': 'default', 'project_domain_name': 'Default', 'project_id': 'c0d4f06390db4b1cb14bccdf0fef1a51', 'project_name': 'tempest-ServerRescueTestJSON-756786842', 'tenant_id': 'c0d4f06390db4b1cb14bccdf0fef1a51', 'tenant_name': 'tempest-ServerRescueTestJSON-756786842', 'user_domain_id': 'default', 'user_domain_name': 'Default', 'user_id': '28ebea91dcb04d19b9b82a73c85251ee', 'system': None}, Network: None, Subnet: None, Router: None
2025-03-27 06:02:45.960 68320 INFO tempest.lib.common.rest_client [req-e988c256-6ca1-432d-bfa0-6597745e299b req-e988c256-6ca1-432d-bfa0-6597745e299b ] Request (AttachInterfacesUnderV243Test:test_add_remove_fixed_ip): 200 GET http://10.180.1.21/compute/v2.1/servers/1812f13e-b03d-48d4-940a-43974784265b 0.421s
2025-03-27 06:02:45.971 68376 INFO tempest.lib.common.rest_client [req-1873844c-13c3-4c3f-b2e1-a6f045bc6bc3 req-1873844c-13c3-4c3f-b2e1-a6f045bc6bc3 ] Request (ServerShowV257Test:test_rebuild_server): 200 GET http://10.180.1.21/compute/v2.1/servers/8ae39d32-abb3-4e3e-8d2d-003eda60b136 0.468s
2025-03-27 06:02:45.993 68352 INFO tempest.lib.common.rest_client [req-c87e18e3-f1f6-4ab9-a724-52d91918a4bd req-c87e18e3-f1f6-4ab9-a724-52d91918a4bd ] Request (ServerRescueTestJSON:setUpClass): 201 POST http://10.180.1.21/identity/v3/auth/tokens 0.078s
2025-03-27 06:02:46.020 68354 INFO tempest.lib.common.rest_client [req-19137cab-bda4-4cf1-9ebc-c6097329bbdd req-19137cab-bda4-4cf1-9ebc-c6097329bbdd ] Request (ImagesOneServerTestJSON:setUpClass): 200 GET http://10.180.1.21/compute/v2.1/servers/28fd3e76-1a9b-4273-b951-e50a8506a9bc 0.466s
2025-03-27 06:02:46.031 68358 INFO tempest.lib.common.rest_client [req-9bab8497-2fe2-454c-9633-35669f14ccdf req-9bab8497-2fe2-454c-9633-35669f14ccdf ] Request (ServerDiagnosticsNegativeTest:test_get_server_diagnostics_by_non_admin): 200 GET http://10.180.1.21/compute/v2.1/servers/0cc0463e-1e55-4dd5-96b2-ee15025e689b 0.446s
2025-03-27 06:02:46.067 68344 INFO tempest.lib.common.rest_client [req-f6b88839-c60f-4a38-b0ff-4346ca8be95c req-f6b88839-c60f-4a38-b0ff-4346ca8be95c ] Request (SecurityGroupsNegativeTestJSON:setUpClass): 200 PUT http://10.180.1.21:9696/networking/v2.0/routers/ca6d47f2-38d6-46af-b9bf-76ddf1320d9f/add_router_interface 1.017s
2025-03-27 06:02:46.067 68344 INFO tempest.lib.common.dynamic_creds [-] Created isolated network resources for: credentials: Credentials: {'domain_id': 'default', 'domain_name': 'Default', 'username': 'tempest-SecurityGroupsNegativeTestJSON-186008750-project-member', 'project_domain_id': 'default', 'project_domain_name': 'Default', 'project_id': '564e21ae498c42759adf98e206344b05', 'project_name': 'tempest-SecurityGroupsNegativeTestJSON-186008750', 'tenant_id': '564e21ae498c42759adf98e206344b05', 'tenant_name': 'tempest-SecurityGroupsNegativeTestJSON-186008750', 'user_domain_id': 'default', 'user_domain_name': 'Default', 'user_id': 'a0555b38f47b48f4a62d9dda6330b3cb', 'system': None}, Network: {'id': '9efd906e-135b-4a0a-8eb7-cc5d60b0f4ea', 'name': 'tempest-SecurityGroupsNegativeTestJSON-1136893511-network', 'tenant_id': '564e21ae498c42759adf98e206344b05', 'admin_state_up': True, 'mtu': 8950, 'status': 'ACTIVE', 'subnets': [], 'shared': False, 'project_id': '564e21ae498c42759adf98e206344b05', 'port_security_enabled': True, 'router:external': False, 'provider:network_type': 'vlan', 'provider:physical_network': 'default', 'provider:segmentation_id': 764, 'is_default': False, 'availability_zone_hints': [], 'availability_zones': [], 'ipv4_address_scope': None, 'ipv6_address_scope': None, 'description': '', 'tags': [], 'created_at': '2025-03-27T06:02:43Z', 'updated_at': '2025-03-27T06:02:43Z', 'revision_number': 1}, Subnet: {'id': '96c04a95-7860-46df-8158-6ffad1f2427d', 'name': 'tempest-SecurityGroupsNegativeTestJSON-1136893511-subnet', 'tenant_id': '564e21ae498c42759adf98e206344b05', 'network_id': '9efd906e-135b-4a0a-8eb7-cc5d60b0f4ea', 'ip_version': 4, 'subnetpool_id': None, 'enable_dhcp': True, 'ipv6_ra_mode': None, 'ipv6_address_mode': None, 'gateway_ip': '192.168.128.1', 'cidr': '192.168.128.0/28', 'allocation_pools': [{'start': '192.168.128.2', 'end': '192.168.128.14'}], 'host_routes': [], 'dns_nameservers': [], 'description': '', 'service_types': [], 'tags': [], 'created_at': '2025-03-27T06:02:43Z', 'updated_at': '2025-03-27T06:02:43Z', 'revision_number': 0, 'project_id': '564e21ae498c42759adf98e206344b05'}, Router: {'id': 'ca6d47f2-38d6-46af-b9bf-76ddf1320d9f', 'name': 'tempest-SecurityGroupsNegativeTestJSON-1136893511-router', 'tenant_id': '564e21ae498c42759adf98e206344b05', 'admin_state_up': True, 'status': 'ACTIVE', 'external_gateway_info': {'network_id': 'a09d3eaa-9c7a-4200-943f-83edc4352361', 'external_fixed_ips': [{'subnet_id': '5e6c8228-c99f-4526-a37a-b283ca26a6a9', 'ip_address': '10.180.180.155'}], 'enable_snat': True}, 'description': '', 'availability_zones': [], 'distributed': False, 'ha': False, 'availability_zone_hints': [], 'routes': [], 'flavor_id': None, 'tags': [], 'created_at': '2025-03-27T06:02:44Z', 'updated_at': '2025-03-27T06:02:44Z', 'revision_number': 2, 'project_id': '564e21ae498c42759adf98e206344b05'}
2025-03-27 06:02:46.076 68328 INFO tempest.lib.common.rest_client [req-3fa0a56f-9ae1-4dc0-9463-08dc08d31f10 req-3fa0a56f-9ae1-4dc0-9463-08dc08d31f10 ] Request (FloatingIPsAssociationNegativeTestJSON:setUpClass): 200 GET http://10.180.1.21/compute/v2.1/servers/d42d2ca9-ac93-4efb-92a0-de248221dd43 0.474s
2025-03-27 06:02:46.086 68338 INFO tempest.lib.common.rest_client [req-7e51d1c5-a7c0-4d68-b0b0-69746fdd3424 req-7e51d1c5-a7c0-4d68-b0b0-69746fdd3424 ] Request (ServerDiagnosticsV248Test:test_get_server_diagnostics): 200 GET http://10.180.1.21/compute/v2.1/servers/de1b8ef9-0088-4d2a-985e-d04fcff55d31 0.453s
2025-03-27 06:02:46.126 68336 INFO tempest.lib.common.rest_client [req-e39cb6fd-a2f5-491f-a5a2-95ae66af9b57 req-e39cb6fd-a2f5-491f-a5a2-95ae66af9b57 ] Request (ImagesTestJSON:test_create_image_from_stopped_server): 200 GET http://10.180.1.21/compute/v2.1/servers/25cb12ed-d0ed-402f-ba73-3c6c835adb17 0.467s
2025-03-27 06:02:46.149 68362 INFO tempest.lib.common.rest_client [req-4a12ec1f-4ab9-4fe9-8a34-70ce105887df req-4a12ec1f-4ab9-4fe9-8a34-70ce105887df ] Request (SecurityGroupsTestJSON:test_list_security_groups_by_server): 200 GET http://10.180.1.21/compute/v2.1/servers/dae1bdde-e497-4ee6-9582-4988c5ae7a96 0.461s
2025-03-27 06:02:46.165 68344 INFO tempest.lib.common.rest_client [req-3f00f542-eed8-4ad8-b7d0-cbc2ba94484e req-3f00f542-eed8-4ad8-b7d0-cbc2ba94484e ] Request (SecurityGroupsNegativeTestJSON:setUpClass): 201 POST http://10.180.1.21/identity/v3/auth/tokens 0.094s
2025-03-27 06:02:46.215 68322 INFO tempest.lib.common.rest_client [req-e23bcd1d-839f-4f52-a21f-e2795e41b74f req-e23bcd1d-839f-4f52-a21f-e2795e41b74f ] Request (ServerAddressesNegativeTestJSON:setUpClass): 200 GET http://10.180.1.21/compute/v2.1/servers/e2a9808e-6da7-4e53-a6d3-d3144ecf158a 0.375s
2025-03-27 06:02:46.242 68326 INFO tempest.lib.common.rest_client [req-edf77508-0b3f-4144-baa2-2db04fe88f44 req-edf77508-0b3f-4144-baa2-2db04fe88f44 ] Request (FloatingIPsAssociationTestJSON:setUpClass): 200 GET http://10.180.1.21/compute/v2.1/servers/7374c1a5-1b4f-4026-b885-bf0eb12a850e 0.464s
2025-03-27 06:02:46.269 68330 INFO tempest.lib.common.rest_client [req-946e8a80-c489-4aef-8f43-40c1a4b24da0 req-946e8a80-c489-4aef-8f43-40c1a4b24da0 ] Request (ServersAdmin275Test:test_rebuild_update_server_275): 200 GET http://10.180.1.21/compute/v2.1/servers/42f39352-e703-4ebf-9559-4c8b5abca70e 0.367s
2025-03-27 06:02:46.303 68349 INFO tempest.lib.common.rest_client [req-1c34a40c-61de-4e25-83b2-3f23dcf32e03 req-1c34a40c-61de-4e25-83b2-3f23dcf32e03 ] Request (MultipleCreateTestJSON:test_multiple_create): 200 GET http://10.180.1.21/compute/v2.1/servers/0b61102f-1b2e-4962-b94b-d27d394c5aef 0.363s
2025-03-27 06:02:46.332 68366 INFO tempest.lib.common.rest_client [req-fd4626a6-c235-4b32-925a-242afd633c6f req-fd4626a6-c235-4b32-925a-242afd633c6f ] Request (ServerActionsV293TestJSON:setUpClass): 200 GET http://10.180.1.21/compute/v2.1/servers/db379674-cc77-430b-bd6d-2f674d57a7ee 0.364s
2025-03-27 06:02:46.423 68352 INFO tempest.lib.common.rest_client [req-1ea897f5-cf4c-4d6d-9f83-ac691caef785 req-1ea897f5-cf4c-4d6d-9f83-ac691caef785 ] Request (ServerRescueTestJSON:setUpClass): 201 POST http://10.180.1.21:9696/networking/v2.0/networks 0.429s
2025-03-27 06:02:46.427 68344 INFO tempest.lib.common.rest_client [req-e80f9909-b4ed-4b12-8f4c-02b8f11a8eff req-e80f9909-b4ed-4b12-8f4c-02b8f11a8eff ] Request (SecurityGroupsNegativeTestJSON:test_delete_nonexistent_security_group): 404 DELETE http://10.180.1.21/compute/v2.1/os-security-groups/7ca001f7-d18c-46aa-9306-81b8adb3e6dd 0.260s
2025-03-27 06:02:46.444 68324 INFO tempest.lib.common.rest_client [req-f516a1f4-42ba-4716-a82c-f1b6746e58d0 req-f516a1f4-42ba-4716-a82c-f1b6746e58d0 ] Request (ImagesNegativeTestJSON:test_create_image_from_deleted_server): 200 GET http://10.180.1.21/compute/v2.1/servers/b81d413c-2449-471a-b3d9-693fc0ab2824 0.287s
2025-03-27 06:02:46.505 68368 INFO tempest.lib.common.rest_client [req-36f49335-ad1b-481a-afca-e9c3f0c93d57 req-36f49335-ad1b-481a-afca-e9c3f0c93d57 ] Request (ListImageFiltersTestJSON:setUpClass): 200 GET http://10.180.1.21/compute/v2.1/servers/a7853da1-b00c-4b05-8f4a-f928fcb59cb2 0.267s
2025-03-27 06:02:46.565 68356 INFO tempest.lib.common.rest_client [req-836336a7-b308-48ee-b224-1935efc6fdf6 req-836336a7-b308-48ee-b224-1935efc6fdf6 ] Request (VolumesAssistedSnapshotsTest:test_volume_assisted_snapshot_create_delete): 200 GET http://10.180.1.21/compute/v2.1/servers/810b9f3c-7a92-40ab-8630-5c1ad6e4762c 0.316s
2025-03-27 06:02:46.596 68378 INFO tempest.lib.common.rest_client [req-dd554535-fdbe-4d48-8b96-f163523e2626 req-dd554535-fdbe-4d48-8b96-f163523e2626 ] Request (InstanceActionsTestJSON:setUpClass): 200 GET http://10.180.1.21/compute/v2.1/servers/f23e3529-19a6-4562-ae9b-591d1a452385 0.407s
2025-03-27 06:02:46.598 68344 INFO tempest.lib.common.rest_client [req-19835750-e65d-486c-96da-c86db0076043 req-19835750-e65d-486c-96da-c86db0076043 ] Request (SecurityGroupsNegativeTestJSON:test_delete_security_group_without_passing_id): 404 DELETE http://10.180.1.21/compute/v2.1/os-security-groups/ 0.170s
2025-03-27 06:02:46.611 68352 INFO tempest.lib.common.rest_client [req-34518f82-4f3d-4cfd-bc6f-42b1a38d8011 req-34518f82-4f3d-4cfd-bc6f-42b1a38d8011 ] Request (ServerRescueTestJSON:setUpClass): 201 POST http://10.180.1.21:9696/networking/v2.0/subnets 0.188s
2025-03-27 06:02:46.620 68350 INFO tempest.lib.common.rest_client [req-ab64de61-e6d2-4f17-8b6a-183429ecd669 req-ab64de61-e6d2-4f17-8b6a-183429ecd669 ] Request (ServerPasswordTestJSON:setUpClass): 200 GET http://10.180.1.21/compute/v2.1/servers/1b382d10-944a-4817-b959-c8ad2664309e 0.319s
2025-03-27 06:02:46.819 68346 INFO tempest.lib.common.rest_client [req-bfa4d2c4-56da-4ba3-ac66-37026503dc77 req-bfa4d2c4-56da-4ba3-ac66-37026503dc77 ] Request (ServersAdminTestJSON:setUpClass): 200 GET http://10.180.1.21/compute/v2.1/servers/97b050ff-2997-4504-8787-04f1221251b8 0.354s
2025-03-27 06:02:46.892 68332 INFO tempest.lib.common.rest_client [req-de95bef2-efe9-4a2c-b70f-edd7e954af67 req-de95bef2-efe9-4a2c-b70f-edd7e954af67 ] Request (DeleteServersAdminTestJSON:test_delete_server_while_in_error_state): 200 GET http://10.180.1.21/compute/v2.1/servers/37f5c20e-dbc4-46a3-a83f-c7329f7a764c 0.358s
2025-03-27 06:02:46.920 68370 INFO tempest.lib.common.rest_client [req-c5883b8e-b228-474d-81e3-34a2f0e5d1cc req-c5883b8e-b228-474d-81e3-34a2f0e5d1cc ] Request (AttachInterfacesV270Test:test_create_get_list_interfaces): 200 GET http://10.180.1.21/compute/v2.1/servers/a89ff564-ea35-4000-8efa-2c1ec2b61759 0.432s
2025-03-27 06:02:46.973 68372 INFO tempest.lib.common.rest_client [req-c7937459-bfd3-455a-8e5a-398df69538c5 req-c7937459-bfd3-455a-8e5a-398df69538c5 ] Request (ServerActionsTestOtherA:setUpClass): 200 GET http://10.180.1.21/compute/v2.1/servers/0a0d385d-3255-4755-8987-a26cd28006cb 0.427s
2025-03-27 06:02:46.980 68364 INFO tempest.lib.common.rest_client [req-528176f7-469b-4e58-a0df-8940806abc30 req-528176f7-469b-4e58-a0df-8940806abc30 ] Request (ServersNegativeTestJSON:setUpClass): 200 GET http://10.180.1.21/compute/v2.1/servers/856ec4dd-3a1d-4140-b3d5-52690cf87f92 0.386s
2025-03-27 06:02:47.045 68360 INFO tempest.lib.common.rest_client [req-79d879bd-7c25-4b6e-87af-97fabbccfa71 req-79d879bd-7c25-4b6e-87af-97fabbccfa71 ] Request (ServersWithSpecificFlavorTestJSON:test_verify_created_server_ephemeral_disk): 200 GET http://10.180.1.21/compute/v2.1/servers/0a9103d6-2461-4ed3-93fa-a0149ccc5267 0.365s
2025-03-27 06:02:47.105 68380 INFO tempest.lib.common.rest_client [req-37f7e97a-4bba-470a-9a0b-d3c5f1515f99 req-37f7e97a-4bba-470a-9a0b-d3c5f1515f99 ] Request (TenantUsagesTestJSON:setUpClass): 200 GET http://10.180.1.21/compute/v2.1/servers/4e0f3617-aef9-4d66-8243-ff530b4084cd 0.358s
2025-03-27 06:02:47.177 68344 INFO tempest.lib.common.rest_client [req-8eb31825-a6c8-4cd6-a52d-22f3fcd8521d req-8eb31825-a6c8-4cd6-a52d-22f3fcd8521d ] Request (SecurityGroupsNegativeTestJSON:test_delete_the_default_security_group): 200 GET http://10.180.1.21/compute/v2.1/os-security-groups 0.576s
2025-03-27 06:02:47.473 68382 INFO tempest.lib.common.rest_client [req-f11e64af-5968-4d33-a5d2-7cdf347bc2bb req-f11e64af-5968-4d33-a5d2-7cdf347bc2bb ] Request (ServerDiagnosticsTest:test_get_server_diagnostics): 200 GET http://10.180.1.21/compute/v2.1/servers/39de4e78-44cd-4582-998e-88ce6de2d51c 0.724s
2025-03-27 06:02:47.524 68374 INFO tempest.lib.common.rest_client [req-0ff6224a-40db-4235-80d6-a26df1088fe9 req-0ff6224a-40db-4235-80d6-a26df1088fe9 ] Request (ServerExternalEventsTest:test_create_server_external_events): 200 GET http://10.180.1.21/compute/v2.1/servers/4cc61343-486f-466c-9881-1a6856c82748 0.615s
2025-03-27 06:02:47.594 68320 INFO tempest.lib.common.rest_client [req-1646bf5c-4bd0-4e1d-b54a-5fab8f896aca req-1646bf5c-4bd0-4e1d-b54a-5fab8f896aca ] Request (AttachInterfacesUnderV243Test:test_add_remove_fixed_ip): 200 GET http://10.180.1.21/compute/v2.1/servers/1812f13e-b03d-48d4-940a-43974784265b 0.623s
2025-03-27 06:02:47.665 68376 INFO tempest.lib.common.rest_client [req-5da6eecd-dfd9-4409-b687-5aa9a08d99a8 req-5da6eecd-dfd9-4409-b687-5aa9a08d99a8 ] Request (ServerShowV257Test:test_rebuild_server): 200 GET http://10.180.1.21/compute/v2.1/servers/8ae39d32-abb3-4e3e-8d2d-003eda60b136 0.682s
2025-03-27 06:02:47.681 68340 INFO tempest.lib.common.rest_client [req-94f2c534-c03c-47dc-bc96-762f09b36c6f req-94f2c534-c03c-47dc-bc96-762f09b36c6f ] Request (MigrationsAdminTest:test_list_migrations_in_flavor_resize_situation): 200 GET http://10.180.1.21/compute/v2.1/servers/17e9e12a-ec93-4ac5-bb6d-d6d0adb11e45 0.770s
2025-03-27 06:02:47.740 68358 INFO tempest.lib.common.rest_client [req-81ec56ac-8a5b-4b68-a8f4-f042069e5063 req-81ec56ac-8a5b-4b68-a8f4-f042069e5063 ] Request (ServerDiagnosticsNegativeTest:test_get_server_diagnostics_by_non_admin): 200 GET http://10.180.1.21/compute/v2.1/servers/0cc0463e-1e55-4dd5-96b2-ee15025e689b 0.699s
2025-03-27 06:02:47.742 68354 INFO tempest.lib.common.rest_client [req-3a5239ad-ee14-485c-8702-119be0af9608 req-3a5239ad-ee14-485c-8702-119be0af9608 ] Request (ImagesOneServerTestJSON:setUpClass): 200 GET http://10.180.1.21/compute/v2.1/servers/28fd3e76-1a9b-4273-b951-e50a8506a9bc 0.713s
2025-03-27 06:02:47.797 68328 INFO tempest.lib.common.rest_client [req-0a601451-6ec8-459b-a22b-5766dec06029 req-0a601451-6ec8-459b-a22b-5766dec06029 ] Request (FloatingIPsAssociationNegativeTestJSON:setUpClass): 200 GET http://10.180.1.21/compute/v2.1/servers/d42d2ca9-ac93-4efb-92a0-de248221dd43 0.713s
2025-03-27 06:02:47.807 68338 INFO tempest.lib.common.rest_client [req-20c9a1cc-17e5-482b-a304-bc86c29f8af6 req-20c9a1cc-17e5-482b-a304-bc86c29f8af6 ] Request (ServerDiagnosticsV248Test:test_get_server_diagnostics): 200 GET http://10.180.1.21/compute/v2.1/servers/de1b8ef9-0088-4d2a-985e-d04fcff55d31 0.711s
2025-03-27 06:02:47.857 68336 INFO tempest.lib.common.rest_client [req-67aa55f0-4b84-4270-b338-7646c95dce7a req-67aa55f0-4b84-4270-b338-7646c95dce7a ] Request (ImagesTestJSON:test_create_image_from_stopped_server): 200 GET http://10.180.1.21/compute/v2.1/servers/25cb12ed-d0ed-402f-ba73-3c6c835adb17 0.717s
2025-03-27 06:02:47.874 68362 INFO tempest.lib.common.rest_client [req-051a06e7-c3d0-4fd7-835c-791d0c798a03 req-051a06e7-c3d0-4fd7-835c-791d0c798a03 ] Request (SecurityGroupsTestJSON:test_list_security_groups_by_server): 200 GET http://10.180.1.21/compute/v2.1/servers/dae1bdde-e497-4ee6-9582-4988c5ae7a96 0.714s
2025-03-27 06:02:47.941 68322 INFO tempest.lib.common.rest_client [req-da487e9b-f5d4-404b-b6a6-d6dbe1daecc6 req-da487e9b-f5d4-404b-b6a6-d6dbe1daecc6 ] Request (ServerAddressesNegativeTestJSON:setUpClass): 200 GET http://10.180.1.21/compute/v2.1/servers/e2a9808e-6da7-4e53-a6d3-d3144ecf158a 0.715s
2025-03-27 06:02:48.007 68344 INFO tempest.lib.common.rest_client [req-e97ca137-fff2-4ac4-8c75-51929364d311 req-e97ca137-fff2-4ac4-8c75-51929364d311 ] Request (SecurityGroupsNegativeTestJSON:test_delete_the_default_security_group): 400 DELETE http://10.180.1.21/compute/v2.1/os-security-groups/3d098cc6-0035-4150-b62f-4b4677ec676d 0.827s
2025-03-27 06:02:48.069 68330 INFO tempest.lib.common.rest_client [req-b5a9a84d-830e-42f9-91ed-cd4518d11880 req-b5a9a84d-830e-42f9-91ed-cd4518d11880 ] Request (ServersAdmin275Test:test_rebuild_update_server_275): 200 GET http://10.180.1.21/compute/v2.1/servers/42f39352-e703-4ebf-9559-4c8b5abca70e 0.787s
2025-03-27 06:02:48.104 68326 INFO tempest.lib.common.rest_client [req-0aa68506-d328-4113-b5bf-99fa004227a3 req-0aa68506-d328-4113-b5bf-99fa004227a3 ] Request (FloatingIPsAssociationTestJSON:setUpClass): 200 GET http://10.180.1.21/compute/v2.1/servers/7374c1a5-1b4f-4026-b885-bf0eb12a850e 0.853s
2025-03-27 06:02:48.127 68349 INFO tempest.lib.common.rest_client [req-1f087bbb-14d0-4d9c-8d87-427984af772a req-1f087bbb-14d0-4d9c-8d87-427984af772a ] Request (MultipleCreateTestJSON:test_multiple_create): 200 GET http://10.180.1.21/compute/v2.1/servers/0b61102f-1b2e-4962-b94b-d27d394c5aef 0.815s
2025-03-27 06:02:48.151 68366 INFO tempest.lib.common.rest_client [req-4d67f866-bf72-44db-aa48-8e2f823be2e6 req-4d67f866-bf72-44db-aa48-8e2f823be2e6 ] Request (ServerActionsV293TestJSON:setUpClass): 200 GET http://10.180.1.21/compute/v2.1/servers/db379674-cc77-430b-bd6d-2f674d57a7ee 0.808s
2025-03-27 06:02:48.208 68368 INFO tempest.lib.common.rest_client [req-c10a269f-c762-452a-b0f3-86e00bf1e755 req-c10a269f-c762-452a-b0f3-86e00bf1e755 ] Request (ListImageFiltersTestJSON:setUpClass): 200 GET http://10.180.1.21/compute/v2.1/servers/a7853da1-b00c-4b05-8f4a-f928fcb59cb2 0.693s
2025-03-27 06:02:48.269 68356 INFO tempest.lib.common.rest_client [req-16e93cc2-cd7d-430f-ab82-3936b1730057 req-16e93cc2-cd7d-430f-ab82-3936b1730057 ] Request (VolumesAssistedSnapshotsTest:test_volume_assisted_snapshot_create_delete): 200 GET http://10.180.1.21/compute/v2.1/servers/810b9f3c-7a92-40ab-8630-5c1ad6e4762c 0.695s
2025-03-27 06:02:48.298 68324 INFO tempest.lib.common.rest_client [req-62108092-d530-459d-b983-d7d6ececb718 req-62108092-d530-459d-b983-d7d6ececb718 ] Request (ImagesNegativeTestJSON:test_create_image_from_deleted_server): 200 GET http://10.180.1.21/compute/v2.1/servers/b81d413c-2449-471a-b3d9-693fc0ab2824 0.844s
2025-03-27 06:02:48.322 68352 INFO tempest.lib.common.rest_client [req-30d2ed91-dae4-4ba7-83e5-3acedff477a7 req-30d2ed91-dae4-4ba7-83e5-3acedff477a7 ] Request (ServerRescueTestJSON:setUpClass): 201 POST http://10.180.1.21:9696/networking/v2.0/routers 1.710s
2025-03-27 06:02:48.345 68350 INFO tempest.lib.common.rest_client [req-d7f5c2b8-10b1-4512-aad4-9e8606968cae req-d7f5c2b8-10b1-4512-aad4-9e8606968cae ] Request (ServerPasswordTestJSON:setUpClass): 200 GET http://10.180.1.21/compute/v2.1/servers/1b382d10-944a-4817-b959-c8ad2664309e 0.717s
2025-03-27 06:02:48.406 68378 INFO tempest.lib.common.rest_client [req-d4782802-fba5-4680-9cd9-e791f7acc505 req-d4782802-fba5-4680-9cd9-e791f7acc505 ] Request (InstanceActionsTestJSON:setUpClass): 200 GET http://10.180.1.21/compute/v2.1/servers/f23e3529-19a6-4562-ae9b-591d1a452385 0.799s
2025-03-27 06:02:48.467 68332 INFO tempest.lib.common.rest_client [req-c731689a-da84-4892-ab9a-9f7c64c8f0a4 req-c731689a-da84-4892-ab9a-9f7c64c8f0a4 ] Request (DeleteServersAdminTestJSON:test_delete_server_while_in_error_state): 200 GET http://10.180.1.21/compute/v2.1/servers/37f5c20e-dbc4-46a3-a83f-c7329f7a764c 0.566s
2025-03-27 06:02:48.503 68346 INFO tempest.lib.common.rest_client [req-e906dcc2-d420-4cd1-b7bd-96e5ef2c5e5d req-e906dcc2-d420-4cd1-b7bd-96e5ef2c5e5d ] Request (ServersAdminTestJSON:setUpClass): 200 GET http://10.180.1.21/compute/v2.1/servers/97b050ff-2997-4504-8787-04f1221251b8 0.675s
2025-03-27 06:02:48.556 68372 INFO tempest.lib.common.rest_client [req-34879dfa-be5f-42f1-b6a7-d295b018401e req-34879dfa-be5f-42f1-b6a7-d295b018401e ] Request (ServerActionsTestOtherA:setUpClass): 200 GET http://10.180.1.21/compute/v2.1/servers/0a0d385d-3255-4755-8987-a26cd28006cb 0.576s
2025-03-27 06:02:48.576 68370 INFO tempest.lib.common.rest_client [req-e486ddb3-8513-471c-bf01-d19e40b506a8 req-e486ddb3-8513-471c-bf01-d19e40b506a8 ] Request (AttachInterfacesV270Test:test_create_get_list_interfaces): 200 GET http://10.180.1.21/compute/v2.1/servers/a89ff564-ea35-4000-8efa-2c1ec2b61759 0.630s
2025-03-27 06:02:48.598 68344 INFO tempest.lib.common.rest_client [req-046d5b56-1ec4-4b21-8a49-baeca603dcd7 req-046d5b56-1ec4-4b21-8a49-baeca603dcd7 ] Request (SecurityGroupsNegativeTestJSON:test_security_group_get_nonexistent_group): 404 GET http://10.180.1.21/compute/v2.1/os-security-groups/be82f2f9-8d32-432d-b087-d1d66f6ae1a1 0.585s
2025-03-27 06:02:48.612 68364 INFO tempest.lib.common.rest_client [req-2afe5430-fb9c-4ada-9de0-45ce97a10e53 req-2afe5430-fb9c-4ada-9de0-45ce97a10e53 ] Request (ServersNegativeTestJSON:setUpClass): 200 GET http://10.180.1.21/compute/v2.1/servers/856ec4dd-3a1d-4140-b3d5-52690cf87f92 0.620s
2025-03-27 06:02:48.645 68360 INFO tempest.lib.common.rest_client [req-19c90ba5-18cf-44cd-ae22-6a890a7c8c8d req-19c90ba5-18cf-44cd-ae22-6a890a7c8c8d ] Request (ServersWithSpecificFlavorTestJSON:test_verify_created_server_ephemeral_disk): 200 GET http://10.180.1.21/compute/v2.1/servers/0a9103d6-2461-4ed3-93fa-a0149ccc5267 0.589s
2025-03-27 06:02:48.662 68380 INFO tempest.lib.common.rest_client [req-7e37ea44-2791-42d2-b5ad-00049c4b6c3f req-7e37ea44-2791-42d2-b5ad-00049c4b6c3f ] Request (TenantUsagesTestJSON:setUpClass): 200 GET http://10.180.1.21/compute/v2.1/servers/4e0f3617-aef9-4d66-8243-ff530b4084cd 0.550s
2025-03-27 06:02:48.780 68382 INFO tempest.lib.common.rest_client [req-6f34d025-ee18-417c-bf03-ba0c35572be8 req-6f34d025-ee18-417c-bf03-ba0c35572be8 ] Request (ServerDiagnosticsTest:test_get_server_diagnostics): 200 GET http://10.180.1.21/compute/v2.1/servers/39de4e78-44cd-4582-998e-88ce6de2d51c 0.297s
2025-03-27 06:02:48.791 68374 INFO tempest.lib.common.rest_client [req-abc1a863-bf2d-4643-b278-d6107a545a64 req-abc1a863-bf2d-4643-b278-d6107a545a64 ] Request (ServerExternalEventsTest:test_create_server_external_events): 200 GET http://10.180.1.21/compute/v2.1/servers/4cc61343-486f-466c-9881-1a6856c82748 0.259s
2025-03-27 06:02:48.802 68344 INFO tempest.lib.common.rest_client [req-789c8405-29bd-47a4-b875-3144473d41b6 req-789c8405-29bd-47a4-b875-3144473d41b6 ] Request (SecurityGroupsNegativeTestJSON:test_update_non_existent_security_group): 404 PUT http://10.180.1.21/compute/v2.1/os-security-groups/da043686-99e7-4b01-8dc1-d5a44366b492 0.202s
2025-03-27 06:02:48.864 68320 INFO tempest.lib.common.rest_client [req-6d7bc3b9-4cd6-402a-b43b-acb01395d487 req-6d7bc3b9-4cd6-402a-b43b-acb01395d487 ] Request (AttachInterfacesUnderV243Test:test_add_remove_fixed_ip): 200 GET http://10.180.1.21/compute/v2.1/servers/1812f13e-b03d-48d4-940a-43974784265b 0.263s
2025-03-27 06:02:48.869 68376 INFO tempest.lib.common.rest_client [req-63f25b97-cc56-433e-9b40-e41489d68244 req-63f25b97-cc56-433e-9b40-e41489d68244 ] Request (ServerShowV257Test:test_rebuild_server): 200 GET http://10.180.1.21/compute/v2.1/servers/8ae39d32-abb3-4e3e-8d2d-003eda60b136 0.186s
2025-03-27 06:02:48.944 68354 INFO tempest.lib.common.rest_client [req-40c9e029-c809-4d35-8bde-02ab2f39ecd9 req-40c9e029-c809-4d35-8bde-02ab2f39ecd9 ] Request (ImagesOneServerTestJSON:setUpClass): 200 GET http://10.180.1.21/compute/v2.1/servers/28fd3e76-1a9b-4273-b951-e50a8506a9bc 0.189s
2025-03-27 06:02:49.180 68358 INFO tempest.lib.common.rest_client [req-54978e92-ab12-43f5-bb6f-7304eb2cd124 req-54978e92-ab12-43f5-bb6f-7304eb2cd124 ] Request (ServerDiagnosticsNegativeTest:test_get_server_diagnostics_by_non_admin): 200 GET http://10.180.1.21/compute/v2.1/servers/0cc0463e-1e55-4dd5-96b2-ee15025e689b 0.421s
2025-03-27 06:02:49.209 68340 INFO tempest.lib.common.rest_client [req-2680c2df-2faf-4498-b23c-b98b22eb7c50 req-2680c2df-2faf-4498-b23c-b98b22eb7c50 ] Request (MigrationsAdminTest:test_list_migrations_in_flavor_resize_situation): 200 GET http://10.180.1.21/compute/v2.1/servers/17e9e12a-ec93-4ac5-bb6d-d6d0adb11e45 0.517s
2025-03-27 06:02:49.224 68352 INFO tempest.lib.common.rest_client [req-5eb7e32b-5d46-42ff-8e16-26e930885642 req-5eb7e32b-5d46-42ff-8e16-26e930885642 ] Request (ServerRescueTestJSON:setUpClass): 200 PUT http://10.180.1.21:9696/networking/v2.0/routers/f11444a9-7c43-4192-b461-e973ff8e6934/add_router_interface 0.901s
2025-03-27 06:02:49.224 68352 INFO tempest.lib.common.dynamic_creds [-] Created isolated network resources for: credentials: Credentials: {'domain_id': 'default', 'domain_name': 'Default', 'username': 'tempest-ServerRescueTestJSON-756786842-project-member', 'project_domain_id': 'default', 'project_domain_name': 'Default', 'project_id': 'c0d4f06390db4b1cb14bccdf0fef1a51', 'project_name': 'tempest-ServerRescueTestJSON-756786842', 'tenant_id': 'c0d4f06390db4b1cb14bccdf0fef1a51', 'tenant_name': 'tempest-ServerRescueTestJSON-756786842', 'user_domain_id': 'default', 'user_domain_name': 'Default', 'user_id': '28ebea91dcb04d19b9b82a73c85251ee', 'system': None}, Network: {'id': '9cb1a272-31e4-4139-9195-32f98bf7b783', 'name': 'tempest-ServerRescueTestJSON-310677307-network', 'tenant_id': 'c0d4f06390db4b1cb14bccdf0fef1a51', 'admin_state_up': True, 'mtu': 8950, 'status': 'ACTIVE', 'subnets': [], 'shared': False, 'project_id': 'c0d4f06390db4b1cb14bccdf0fef1a51', 'port_security_enabled': True, 'router:external': False, 'provider:network_type': 'vlan', 'provider:physical_network': 'default', 'provider:segmentation_id': 75, 'is_default': False, 'availability_zone_hints': [], 'availability_zones': [], 'ipv4_address_scope': None, 'ipv6_address_scope': None, 'description': '', 'tags': [], 'created_at': '2025-03-27T06:02:46Z', 'updated_at': '2025-03-27T06:02:46Z', 'revision_number': 1}, Subnet: {'id': '9ce70336-04c6-4b26-aa37-bb0c9888d8bb', 'name': 'tempest-ServerRescueTestJSON-310677307-subnet', 'tenant_id': 'c0d4f06390db4b1cb14bccdf0fef1a51', 'network_id': '9cb1a272-31e4-4139-9195-32f98bf7b783', 'ip_version': 4, 'subnetpool_id': None, 'enable_dhcp': False, 'ipv6_ra_mode': None, 'ipv6_address_mode': None, 'gateway_ip': '192.168.128.1', 'cidr': '192.168.128.0/28', 'allocation_pools': [{'start': '192.168.128.2', 'end': '192.168.128.14'}], 'host_routes': [], 'dns_nameservers': [], 'description': '', 'service_types': [], 'tags': [], 'created_at': '2025-03-27T06:02:46Z', 'updated_at': '2025-03-27T06:02:46Z', 'revision_number': 0, 'project_id': 'c0d4f06390db4b1cb14bccdf0fef1a51'}, Router: {'id': 'f11444a9-7c43-4192-b461-e973ff8e6934', 'name': 'tempest-ServerRescueTestJSON-310677307-router', 'tenant_id': 'c0d4f06390db4b1cb14bccdf0fef1a51', 'admin_state_up': True, 'status': 'ACTIVE', 'external_gateway_info': {'network_id': 'a09d3eaa-9c7a-4200-943f-83edc4352361', 'external_fixed_ips': [{'subnet_id': '5e6c8228-c99f-4526-a37a-b283ca26a6a9', 'ip_address': '10.180.180.132'}], 'enable_snat': True}, 'description': '', 'availability_zones': [], 'distributed': False, 'ha': False, 'availability_zone_hints': [], 'routes': [], 'flavor_id': None, 'tags': [], 'created_at': '2025-03-27T06:02:46Z', 'updated_at': '2025-03-27T06:02:47Z', 'revision_number': 2, 'project_id': 'c0d4f06390db4b1cb14bccdf0fef1a51'}
2025-03-27 06:02:49.230 68328 INFO tempest.lib.common.rest_client [req-076b078a-bd12-4558-85df-d46a6596c59c req-076b078a-bd12-4558-85df-d46a6596c59c ] Request (FloatingIPsAssociationNegativeTestJSON:setUpClass): 200 GET http://10.180.1.21/compute/v2.1/servers/d42d2ca9-ac93-4efb-92a0-de248221dd43 0.424s
2025-03-27 06:02:49.279 68338 INFO tempest.lib.common.rest_client [req-1cb73210-9b48-4a7c-9281-be9f12b8e1e2 req-1cb73210-9b48-4a7c-9281-be9f12b8e1e2 ] Request (ServerDiagnosticsV248Test:test_get_server_diagnostics): 200 GET http://10.180.1.21/compute/v2.1/servers/de1b8ef9-0088-4d2a-985e-d04fcff55d31 0.449s
2025-03-27 06:02:49.286 68336 INFO tempest.lib.common.rest_client [req-ab2f2699-ab71-4bee-b643-06f05b4e1f6d req-ab2f2699-ab71-4bee-b643-06f05b4e1f6d ] Request (ImagesTestJSON:test_create_image_from_stopped_server): 200 GET http://10.180.1.21/compute/v2.1/servers/25cb12ed-d0ed-402f-ba73-3c6c835adb17 0.419s
2025-03-27 06:02:49.327 68352 INFO tempest.lib.common.rest_client [req-d2258db6-709a-48d3-8f38-111023341b7d req-d2258db6-709a-48d3-8f38-111023341b7d ] Request (ServerRescueTestJSON:setUpClass): 201 POST http://10.180.1.21/identity/v3/auth/tokens 0.099s
2025-03-27 06:02:49.347 68362 INFO tempest.lib.common.rest_client [req-e6fcbebb-5ca6-4510-82c8-0a4e9a66fd4b req-e6fcbebb-5ca6-4510-82c8-0a4e9a66fd4b ] Request (SecurityGroupsTestJSON:test_list_security_groups_by_server): 200 GET http://10.180.1.21/compute/v2.1/servers/dae1bdde-e497-4ee6-9582-4988c5ae7a96 0.464s
2025-03-27 06:02:49.347 68322 INFO tempest.lib.common.rest_client [req-6df0df49-8db8-4a27-b185-ba95df11c370 req-6df0df49-8db8-4a27-b185-ba95df11c370 ] Request (ServerAddressesNegativeTestJSON:setUpClass): 200 GET http://10.180.1.21/compute/v2.1/servers/e2a9808e-6da7-4e53-a6d3-d3144ecf158a 0.395s
2025-03-27 06:02:49.368 68352 INFO tempest.lib.common.rest_client [req-4c25ea03-0183-43cb-9e29-384d970965fb req-4c25ea03-0183-43cb-9e29-384d970965fb ] Request (ServerRescueTestJSON:setUpClass): 201 POST http://10.180.1.21/identity/v3/auth/tokens 0.037s
2025-03-27 06:02:49.369 68352 INFO tempest.lib.common.fixed_network [-] (ServerRescueTestJSON:setUpClass) Found network {'id': '9cb1a272-31e4-4139-9195-32f98bf7b783', 'name': 'tempest-ServerRescueTestJSON-310677307-network', 'tenant_id': 'c0d4f06390db4b1cb14bccdf0fef1a51', 'admin_state_up': True, 'mtu': 8950, 'status': 'ACTIVE', 'subnets': [], 'shared': False, 'project_id': 'c0d4f06390db4b1cb14bccdf0fef1a51', 'port_security_enabled': True, 'router:external': False, 'provider:network_type': 'vlan', 'provider:physical_network': 'default', 'provider:segmentation_id': 75, 'is_default': False, 'availability_zone_hints': [], 'availability_zones': [], 'ipv4_address_scope': None, 'ipv6_address_scope': None, 'description': '', 'tags': [], 'created_at': '2025-03-27T06:02:46Z', 'updated_at': '2025-03-27T06:02:46Z', 'revision_number': 1} available for tenant
2025-03-27 06:02:49.429 68330 INFO tempest.lib.common.rest_client [req-846e02a3-2d3d-426f-af30-a518e17e5e60 req-846e02a3-2d3d-426f-af30-a518e17e5e60 ] Request (ServersAdmin275Test:test_rebuild_update_server_275): 200 GET http://10.180.1.21/compute/v2.1/servers/42f39352-e703-4ebf-9559-4c8b5abca70e 0.341s
2025-03-27 06:02:49.501 68349 INFO tempest.lib.common.rest_client [req-309f448a-1dc2-40e0-b98c-d04b24f8b6d6 req-309f448a-1dc2-40e0-b98c-d04b24f8b6d6 ] Request (MultipleCreateTestJSON:test_multiple_create): 200 GET http://10.180.1.21/compute/v2.1/servers/0b61102f-1b2e-4962-b94b-d27d394c5aef 0.364s
2025-03-27 06:02:49.562 68366 INFO tempest.lib.common.rest_client [req-10749e8d-43f8-40ce-9031-1011874bf0c5 req-10749e8d-43f8-40ce-9031-1011874bf0c5 ] Request (ServerActionsV293TestJSON:setUpClass): 200 GET http://10.180.1.21/compute/v2.1/servers/db379674-cc77-430b-bd6d-2f674d57a7ee 0.400s
2025-03-27 06:02:49.610 68326 INFO tempest.lib.common.rest_client [req-086da0b1-d697-4e58-bf87-a894bccb750e req-086da0b1-d697-4e58-bf87-a894bccb750e ] Request (FloatingIPsAssociationTestJSON:setUpClass): 200 GET http://10.180.1.21/compute/v2.1/servers/7374c1a5-1b4f-4026-b885-bf0eb12a850e 0.497s
2025-03-27 06:02:49.619 68368 INFO tempest.lib.common.rest_client [req-3ceebe2b-a6a8-4974-838e-50ebc880f7ba req-3ceebe2b-a6a8-4974-838e-50ebc880f7ba ] Request (ListImageFiltersTestJSON:setUpClass): 200 GET http://10.180.1.21/compute/v2.1/servers/a7853da1-b00c-4b05-8f4a-f928fcb59cb2 0.403s
2025-03-27 06:02:49.672 68356 INFO tempest.lib.common.rest_client [req-ec33de14-6538-4eea-b312-a858c3a3b7dd req-ec33de14-6538-4eea-b312-a858c3a3b7dd ] Request (VolumesAssistedSnapshotsTest:test_volume_assisted_snapshot_create_delete): 200 GET http://10.180.1.21/compute/v2.1/servers/810b9f3c-7a92-40ab-8630-5c1ad6e4762c 0.395s
2025-03-27 06:02:49.727 68350 INFO tempest.lib.common.rest_client [req-6c4784d1-cfde-49ce-99e7-cc02c9e2dae7 req-6c4784d1-cfde-49ce-99e7-cc02c9e2dae7 ] Request (ServerPasswordTestJSON:setUpClass): 200 GET http://10.180.1.21/compute/v2.1/servers/1b382d10-944a-4817-b959-c8ad2664309e 0.372s
2025-03-27 06:02:49.778 68324 INFO tempest.lib.common.rest_client [req-8bebcc5a-7f6d-437c-b019-8c8857c89d75 req-8bebcc5a-7f6d-437c-b019-8c8857c89d75 ] Request (ImagesNegativeTestJSON:test_create_image_from_deleted_server): 200 GET http://10.180.1.21/compute/v2.1/servers/b81d413c-2449-471a-b3d9-693fc0ab2824 0.472s
2025-03-27 06:02:49.951 68378 INFO tempest.lib.common.rest_client [req-e4bc161e-7e64-4283-967e-75fc77c415ac req-e4bc161e-7e64-4283-967e-75fc77c415ac ] Request (InstanceActionsTestJSON:setUpClass): 200 GET http://10.180.1.21/compute/v2.1/servers/f23e3529-19a6-4562-ae9b-591d1a452385 0.536s
2025-03-27 06:02:50.052 68332 INFO tempest.lib.common.rest_client [req-633c3713-c55c-4a47-a27d-69495bb88c87 req-633c3713-c55c-4a47-a27d-69495bb88c87 ] Request (DeleteServersAdminTestJSON:test_delete_server_while_in_error_state): 200 GET http://10.180.1.21/compute/v2.1/servers/37f5c20e-dbc4-46a3-a83f-c7329f7a764c 0.576s
2025-03-27 06:02:50.256 68346 INFO tempest.lib.common.rest_client [req-4d930229-9475-4134-9868-f2b21ee1f369 req-4d930229-9475-4134-9868-f2b21ee1f369 ] Request (ServersAdminTestJSON:setUpClass): 200 GET http://10.180.1.21/compute/v2.1/servers/97b050ff-2997-4504-8787-04f1221251b8 0.745s
2025-03-27 06:02:50.324 68372 INFO tempest.lib.common.rest_client [req-4e452547-a1e9-4304-b493-4711e06b201d req-4e452547-a1e9-4304-b493-4711e06b201d ] Request (ServerActionsTestOtherA:setUpClass): 200 GET http://10.180.1.21/compute/v2.1/servers/0a0d385d-3255-4755-8987-a26cd28006cb 0.758s
2025-03-27 06:02:50.413 68352 INFO tempest.lib.common.rest_client [req-4b75365a-fb09-4842-8956-e8a040cbcabf req-4b75365a-fb09-4842-8956-e8a040cbcabf ] Request (ServerRescueTestJSON:setUpClass): 202 POST http://10.180.1.21/compute/v2.1/servers 1.043s
2025-03-27 06:02:50.492 68364 INFO tempest.lib.common.rest_client [req-b6db743f-14ff-4727-b45a-0d5c2b352cb9 req-b6db743f-14ff-4727-b45a-0d5c2b352cb9 ] Request (ServersNegativeTestJSON:setUpClass): 200 GET http://10.180.1.21/compute/v2.1/servers/856ec4dd-3a1d-4140-b3d5-52690cf87f92 0.869s
2025-03-27 06:02:50.492 68344 INFO tempest.lib.common.rest_client [req-58f5d149-fee1-449a-9197-635b5aa0f368 req-58f5d149-fee1-449a-9197-635b5aa0f368 ] Request (SecurityGroupsNegativeTestJSON:tearDownClass): 200 PUT http://10.180.1.21:9696/networking/v2.0/routers/ca6d47f2-38d6-46af-b9bf-76ddf1320d9f/remove_router_interface 1.684s
2025-03-27 06:02:50.517 68370 INFO tempest.lib.common.rest_client [req-386a0c10-5f97-4e14-9c0a-e20ccffff3fb req-386a0c10-5f97-4e14-9c0a-e20ccffff3fb ] Request (AttachInterfacesV270Test:test_create_get_list_interfaces): 200 GET http://10.180.1.21/compute/v2.1/servers/a89ff564-ea35-4000-8efa-2c1ec2b61759 0.930s
2025-03-27 06:02:50.573 68360 INFO tempest.lib.common.rest_client [req-bec8a4bc-c3b2-4c2e-b5fc-3f4bf5a4d2cf req-bec8a4bc-c3b2-4c2e-b5fc-3f4bf5a4d2cf ] Request (ServersWithSpecificFlavorTestJSON:test_verify_created_server_ephemeral_disk): 200 GET http://10.180.1.21/compute/v2.1/servers/0a9103d6-2461-4ed3-93fa-a0149ccc5267 0.920s
2025-03-27 06:02:50.589 68380 INFO tempest.lib.common.rest_client [req-ca0e94d3-4c8a-49d1-b2b0-da9af1b148de req-ca0e94d3-4c8a-49d1-b2b0-da9af1b148de ] Request (TenantUsagesTestJSON:setUpClass): 200 GET http://10.180.1.21/compute/v2.1/servers/4e0f3617-aef9-4d66-8243-ff530b4084cd 0.917s
2025-03-27 06:02:51.039 68374 INFO tempest.lib.common.rest_client [req-9aa1ddf2-6b32-46c6-997e-fcf6038416aa req-9aa1ddf2-6b32-46c6-997e-fcf6038416aa ] Request (ServerExternalEventsTest:test_create_server_external_events): 200 GET http://10.180.1.21/compute/v2.1/servers/4cc61343-486f-466c-9881-1a6856c82748 1.241s
2025-03-27 06:02:51.053 68382 INFO tempest.lib.common.rest_client [req-39ee3d8d-e76d-4c01-af5a-82bf957f5f34 req-39ee3d8d-e76d-4c01-af5a-82bf957f5f34 ] Request (ServerDiagnosticsTest:test_get_server_diagnostics): 200 GET http://10.180.1.21/compute/v2.1/servers/39de4e78-44cd-4582-998e-88ce6de2d51c 1.265s
2025-03-27 06:02:51.110 68320 INFO tempest.lib.common.rest_client [req-cfc9491c-5502-42dc-aa8b-c0b9d545769e req-cfc9491c-5502-42dc-aa8b-c0b9d545769e ] Request (AttachInterfacesUnderV243Test:test_add_remove_fixed_ip): 200 GET http://10.180.1.21/compute/v2.1/servers/1812f13e-b03d-48d4-940a-43974784265b 1.237s
2025-03-27 06:02:51.121 68376 INFO tempest.lib.common.rest_client [req-83c0c4c0-8d6e-4cf0-be8d-e201fc39d187 req-83c0c4c0-8d6e-4cf0-be8d-e201fc39d187 ] Request (ServerShowV257Test:test_rebuild_server): 200 GET http://10.180.1.21/compute/v2.1/servers/8ae39d32-abb3-4e3e-8d2d-003eda60b136 1.240s
2025-03-27 06:02:51.178 68354 INFO tempest.lib.common.rest_client [req-d463509c-3532-47c2-977f-b469bacf330e req-d463509c-3532-47c2-977f-b469bacf330e ] Request (ImagesOneServerTestJSON:setUpClass): 200 GET http://10.180.1.21/compute/v2.1/servers/28fd3e76-1a9b-4273-b951-e50a8506a9bc 1.224s
2025-03-27 06:02:51.182 68358 INFO tempest.lib.common.rest_client [req-fadd86cb-a899-49e7-a691-fef0481b4bca req-fadd86cb-a899-49e7-a691-fef0481b4bca ] Request (ServerDiagnosticsNegativeTest:test_get_server_diagnostics_by_non_admin): 200 GET http://10.180.1.21/compute/v2.1/servers/0cc0463e-1e55-4dd5-96b2-ee15025e689b 0.993s
2025-03-27 06:02:51.233 68328 INFO tempest.lib.common.rest_client [req-1b5a1b66-8fcb-47ca-8b86-0da3fe7862dc req-1b5a1b66-8fcb-47ca-8b86-0da3fe7862dc ] Request (FloatingIPsAssociationNegativeTestJSON:setUpClass): 200 GET http://10.180.1.21/compute/v2.1/servers/d42d2ca9-ac93-4efb-92a0-de248221dd43 0.994s
2025-03-27 06:02:51.297 68338 INFO tempest.lib.common.rest_client [req-af5830b2-cc22-48a3-afc2-79d71eec591b req-af5830b2-cc22-48a3-afc2-79d71eec591b ] Request (ServerDiagnosticsV248Test:test_get_server_diagnostics): 200 GET http://10.180.1.21/compute/v2.1/servers/de1b8ef9-0088-4d2a-985e-d04fcff55d31 1.002s
2025-03-27 06:02:51.373 68336 INFO tempest.lib.common.rest_client [req-ab43d42e-4434-4740-8679-bee097e8e851 req-ab43d42e-4434-4740-8679-bee097e8e851 ] Request (ImagesTestJSON:test_create_image_from_stopped_server): 200 GET http://10.180.1.21/compute/v2.1/servers/25cb12ed-d0ed-402f-ba73-3c6c835adb17 1.076s
2025-03-27 06:02:51.384 68340 INFO tempest.lib.common.rest_client [req-503cb50e-a269-4c69-837f-1756614fd001 req-503cb50e-a269-4c69-837f-1756614fd001 ] Request (MigrationsAdminTest:test_list_migrations_in_flavor_resize_situation): 200 GET http://10.180.1.21/compute/v2.1/servers/17e9e12a-ec93-4ac5-bb6d-d6d0adb11e45 1.167s
