2025-04-03 09:10:16.858 69136 INFO tempest.lib.common.dynamic_creds [-] Created isolated network resources for: credentials: Credentials: {'domain_id': 'default', 'domain_name': 'Default', 'username': 'tempest-DeleteServersTestJSON-1906545970-project-member', 'project_domain_id': 'default', 'project_domain_name': 'Default', 'project_id': '84cb1a2d15ae40b294b17dabe7bbbfd4', 'project_name': 'tempest-DeleteServersTestJSON-1906545970', 'tenant_id': '84cb1a2d15ae40b294b17dabe7bbbfd4', 'tenant_name': 'tempest-DeleteServersTestJSON-1906545970', 'user_domain_id': 'default', 'user_domain_name': 'Default', 'user_id': '75948d52a30c46d6ab5c4c6d236e542c', 'system': None}, Network: {'id': 'aee245cb-ee4d-4a69-b6dd-d607d862d951', 'name': 'tempest-DeleteServersTestJSON-900599029-network', 'tenant_id': '84cb1a2d15ae40b294b17dabe7bbbfd4', 'admin_state_up': True, 'mtu': 8950, 'status': 'ACTIVE', 'subnets': [], 'shared': False, 'project_id': '84cb1a2d15ae40b294b17dabe7bbbfd4', 'port_security_enabled': True, 'router:external': False, 'provider:network_type': 'vlan', 'provider:physical_network': 'default', 'provider:segmentation_id': 364, 'availability_zone_hints': [], 'availability_zones': [], 'ipv4_address_scope': None, 'ipv6_address_scope': None, 'description': '', 'tags': [], 'created_at': '2025-04-03T09:10:13Z', 'updated_at': '2025-04-03T09:10:13Z', 'revision_number': 1}, Subnet: {'id': '3f275541-2d14-4dc0-bdaa-70511c0b0ec8', 'name': 'tempest-DeleteServersTestJSON-900599029-subnet', 'tenant_id': '84cb1a2d15ae40b294b17dabe7bbbfd4', 'network_id': 'aee245cb-ee4d-4a69-b6dd-d607d862d951', 'ip_version': 4, 'subnetpool_id': None, 'enable_dhcp': True, 'ipv6_ra_mode': None, 'ipv6_address_mode': None, 'gateway_ip': '192.168.128.1', 'cidr': '192.168.128.0/28', 'allocation_pools': [{'start': '192.168.128.2', 'end': '192.168.128.14'}], 'host_routes': [], 'dns_nameservers': [], 'description': '', 'router:external': False, 'service_types': [], 'tags': [], 'created_at': '2025-04-03T09:10:13Z', 'updated_at': '2025-04-03T09:10:13Z', 'revision_number': 0, 'project_id': '84cb1a2d15ae40b294b17dabe7bbbfd4'}, Router: {'id': '1a1479ff-0a35-4e4a-bffd-f2725dca53f6', 'name': 'tempest-DeleteServersTestJSON-900599029-router', 'tenant_id': '84cb1a2d15ae40b294b17dabe7bbbfd4', 'admin_state_up': True, 'status': 'ACTIVE', 'external_gateway_info': {'network_id': '4f6ca590-b6a9-4a5a-abab-166e2cbded6b', 'external_fixed_ips': [{'subnet_id': '00031d64-69df-4463-9fc2-4341e7c92ca2', 'ip_address': '10.180.180.129'}], 'enable_snat': True}, 'description': '', 'availability_zones': [], 'distributed': False, 'ha': False, 'availability_zone_hints': [], 'routes': [], 'flavor_id': None, 'tags': [], 'created_at': '2025-04-03T09:10:13Z', 'updated_at': '2025-04-03T09:10:14Z', 'revision_number': 2, 'project_id': '84cb1a2d15ae40b294b17dabe7bbbfd4'}
2025-04-03 09:10:16.859 69170 INFO tempest.common.waiters [-] State transition "BUILD/spawning" ==> "ACTIVE/None" after 28 second wait
2025-04-03 09:10:16.944 69154 INFO tempest.lib.common.rest_client [req-9e66707c-2d43-45e9-aa13-3c0ae7f9acce req-9e66707c-2d43-45e9-aa13-3c0ae7f9acce ] Request (ServersTestJSON:setUpClass): 200 GET http://10.180.1.21/compute/v2.1/servers/af1b5f44-b442-4c3e-923c-92c0d7db49b4 1.849s
2025-04-03 09:10:16.958 69142 INFO tempest.lib.common.rest_client [req-ac777b38-e857-495c-add9-a7f9e5be0719 req-ac777b38-e857-495c-add9-a7f9e5be0719 ] Request (ServerDiagnosticsTest:tearDownClass): 200 GET http://10.180.1.21/compute/v2.1/servers/9a35f78b-d486-4766-acd5-b6fcdcf5c32a 1.931s
2025-04-03 09:10:16.996 69136 INFO tempest.lib.common.rest_client [req-5ac7cbb1-6413-48e6-9ac5-094529051427 req-5ac7cbb1-6413-48e6-9ac5-094529051427 ] Request (DeleteServersTestJSON:setUpClass): 201 POST http://10.180.1.21/identity/v3/auth/tokens 0.131s
2025-04-03 09:10:17.045 69136 INFO tempest.lib.common.rest_client [req-df6f825c-0f76-4345-bbf7-10b00a2984ed req-df6f825c-0f76-4345-bbf7-10b00a2984ed ] Request (DeleteServersTestJSON:test_delete_active_server): 201 POST http://10.180.1.21/identity/v3/auth/tokens 0.044s
2025-04-03 09:10:17.045 69136 INFO tempest.lib.common.fixed_network [-] (DeleteServersTestJSON:test_delete_active_server) Found network {'id': 'aee245cb-ee4d-4a69-b6dd-d607d862d951', 'name': 'tempest-DeleteServersTestJSON-900599029-network', 'tenant_id': '84cb1a2d15ae40b294b17dabe7bbbfd4', 'admin_state_up': True, 'mtu': 8950, 'status': 'ACTIVE', 'subnets': [], 'shared': False, 'project_id': '84cb1a2d15ae40b294b17dabe7bbbfd4', 'port_security_enabled': True, 'router:external': False, 'provider:network_type': 'vlan', 'provider:physical_network': 'default', 'provider:segmentation_id': 364, 'availability_zone_hints': [], 'availability_zones': [], 'ipv4_address_scope': None, 'ipv6_address_scope': None, 'description': '', 'tags': [], 'created_at': '2025-04-03T09:10:13Z', 'updated_at': '2025-04-03T09:10:13Z', 'revision_number': 1} available for tenant
2025-04-03 09:10:17.120 69132 INFO tempest.lib.common.rest_client [req-0387b6e8-9232-4bc4-880a-8ca187485c74 req-0387b6e8-9232-4bc4-880a-8ca187485c74 ] Request (TenantUsagesTestJSON:tearDownClass): 200 GET http://10.180.1.21/compute/v2.1/servers/c867ff92-059f-4647-85cd-8026b1408778 1.868s
2025-04-03 09:10:17.128 69176 INFO tempest.lib.common.rest_client [req-33b9942d-63bf-4a8f-9d9a-68bf9fdf5d44 req-33b9942d-63bf-4a8f-9d9a-68bf9fdf5d44 ] Request (ServersListShow298Test:test_list_show_update_rebuild_server_298): 200 GET http://10.180.1.21/compute/v2.1/servers/a5b62cef-6f64-47fc-beb0-aaa1229511b8 1.894s
2025-04-03 09:10:17.222 69168 INFO tempest.lib.common.rest_client [req-8f278ab6-5fd0-464c-a34a-ad3ee8d6945c req-8f278ab6-5fd0-464c-a34a-ad3ee8d6945c ] Request (ServersAdmin275Test:_run_cleanups): 200 GET http://10.180.1.21/compute/v2.1/servers/b1e86642-64ad-454d-9c58-e5abaa42da38 1.535s
2025-04-03 09:10:17.252 69172 INFO tempest.lib.common.rest_client [req-33cf813c-674c-484b-8e21-93a0838bc362 req-33cf813c-674c-484b-8e21-93a0838bc362 ] Request (ServerActionsV293TestJSON:setUpClass): 200 GET http://10.180.1.21/compute/v2.1/servers/e20d7c2b-7bc9-4656-af23-bde9b48efe1d 1.921s
2025-04-03 09:10:17.347 69128 INFO tempest.lib.common.rest_client [req-aa976d78-9d84-4b6b-a54f-b03c9939790a req-aa976d78-9d84-4b6b-a54f-b03c9939790a ] Request (ServerAddressesTestJSON:setUpClass): 200 GET http://10.180.1.21/compute/v2.1/servers/7dd75bea-9645-49e0-a518-21659a16022f 1.280s
2025-04-03 09:10:17.370 69148 INFO tempest.lib.common.rest_client [req-72e1b05c-5e78-4461-9a1a-4911bb4dd237 req-72e1b05c-5e78-4461-9a1a-4911bb4dd237 ] Request (ImagesNegativeTestJSON:tearDownClass): 404 DELETE http://10.180.1.21/compute/v2.1/servers/0b4fcd51-10b9-4e0f-8581-2972a686edd2 1.173s
2025-04-03 09:10:17.400 69162 INFO tempest.lib.common.rest_client [req-e11e133b-ba1b-4aff-ba33-7f571aa9667a req-e11e133b-ba1b-4aff-ba33-7f571aa9667a ] Request (AggregatesAdminNegativeTestJSON:test_aggregate_remove_nonexistent_host): 404 POST http://10.180.1.21/compute/v2.1/os-aggregates/8/action 1.169s
2025-04-03 09:10:17.583 69157 INFO tempest.lib.common.rest_client [req-33d9f8ce-827c-4e4d-9abf-c1605d632a32 req-33d9f8ce-827c-4e4d-9abf-c1605d632a32 ] Request (ImagesOneServerNegativeTestJSON:setUpClass): 200 GET http://10.180.1.21/compute/v2.1/servers/1e3a449b-34b8-4d53-8bcb-6e7aed6668ad 1.341s
2025-04-03 09:10:17.604 69160 INFO tempest.lib.common.rest_client [req-8889ce48-e5b0-49d0-8318-28b2aba920b2 req-8889ce48-e5b0-49d0-8318-28b2aba920b2 ] Request (FlavorsAdminTestJSON:_run_cleanups): 202 DELETE http://10.180.1.21/compute/v2.1/flavors/386734472 1.339s
2025-04-03 09:10:17.928 69122 INFO tempest.lib.common.rest_client [req-af61f045-e942-43c4-b55d-80d39b3f90ab req-af61f045-e942-43c4-b55d-80d39b3f90ab ] Request (ServerActionsTestJSON:setUpClass): 200 PUT http://10.180.1.21:9696/networking/v2.0/routers/24c3ccfb-2fad-49a5-aac4-b01c246b0a47/add_router_interface 1.957s
2025-04-03 09:10:17.928 69122 INFO tempest.lib.common.dynamic_creds [-] Created isolated network resources for: credentials: Credentials: {'domain_id': 'default', 'domain_name': 'Default', 'username': 'tempest-ServerActionsTestJSON-446422893-project-member', 'project_domain_id': 'default', 'project_domain_name': 'Default', 'project_id': '4b74621381dc4bbca8fea1513bfe56e2', 'project_name': 'tempest-ServerActionsTestJSON-446422893', 'tenant_id': '4b74621381dc4bbca8fea1513bfe56e2', 'tenant_name': 'tempest-ServerActionsTestJSON-446422893', 'user_domain_id': 'default', 'user_domain_name': 'Default', 'user_id': 'cbad1987963842d5ae736e4d440e809f', 'system': None}, Network: {'id': '2ad65ae6-e96d-418b-8904-1b8c899626b0', 'name': 'tempest-ServerActionsTestJSON-1659419657-network', 'tenant_id': '4b74621381dc4bbca8fea1513bfe56e2', 'admin_state_up': True, 'mtu': 8950, 'status': 'ACTIVE', 'subnets': [], 'shared': False, 'project_id': '4b74621381dc4bbca8fea1513bfe56e2', 'port_security_enabled': True, 'router:external': False, 'provider:network_type': 'vlan', 'provider:physical_network': 'default', 'provider:segmentation_id': 281, 'availability_zone_hints': [], 'availability_zones': [], 'ipv4_address_scope': None, 'ipv6_address_scope': None, 'description': '', 'tags': [], 'created_at': '2025-04-03T09:10:14Z', 'updated_at': '2025-04-03T09:10:14Z', 'revision_number': 1}, Subnet: {'id': 'ef8537c8-f30b-4f69-aa9e-add9a6adec17', 'name': 'tempest-ServerActionsTestJSON-1659419657-subnet', 'tenant_id': '4b74621381dc4bbca8fea1513bfe56e2', 'network_id': '2ad65ae6-e96d-418b-8904-1b8c899626b0', 'ip_version': 4, 'subnetpool_id': None, 'enable_dhcp': True, 'ipv6_ra_mode': None, 'ipv6_address_mode': None, 'gateway_ip': '192.168.128.1', 'cidr': '192.168.128.0/28', 'allocation_pools': [{'start': '192.168.128.2', 'end': '192.168.128.14'}], 'host_routes': [], 'dns_nameservers': [], 'description': '', 'router:external': False, 'service_types': [], 'tags': [], 'created_at': '2025-04-03T09:10:14Z', 'updated_at': '2025-04-03T09:10:14Z', 'revision_number': 0, 'project_id': '4b74621381dc4bbca8fea1513bfe56e2'}, Router: {'id': '24c3ccfb-2fad-49a5-aac4-b01c246b0a47', 'name': 'tempest-ServerActionsTestJSON-1659419657-router', 'tenant_id': '4b74621381dc4bbca8fea1513bfe56e2', 'admin_state_up': True, 'status': 'ACTIVE', 'external_gateway_info': {'network_id': '4f6ca590-b6a9-4a5a-abab-166e2cbded6b', 'external_fixed_ips': [{'subnet_id': '00031d64-69df-4463-9fc2-4341e7c92ca2', 'ip_address': '10.180.180.254'}], 'enable_snat': True}, 'description': '', 'availability_zones': [], 'distributed': False, 'ha': False, 'availability_zone_hints': [], 'routes': [], 'flavor_id': None, 'tags': [], 'created_at': '2025-04-03T09:10:14Z', 'updated_at': '2025-04-03T09:10:15Z', 'revision_number': 2, 'project_id': '4b74621381dc4bbca8fea1513bfe56e2'}
2025-04-03 09:10:17.929 69182 INFO tempest.lib.common.rest_client [req-ccfad010-1938-437a-82ff-c598a482061b req-ccfad010-1938-437a-82ff-c598a482061b ] Request (ServerRescueTestJSONUnderV235:setUpClass): 200 PUT http://10.180.1.21:9696/networking/v2.0/routers/d1871c79-973e-4ef7-9c3a-d80a2db72389/add_router_interface 1.780s
2025-04-03 09:10:17.929 69182 INFO tempest.lib.common.dynamic_creds [-] Created isolated network resources for: credentials: Credentials: {'domain_id': 'default', 'domain_name': 'Default', 'username': 'tempest-ServerRescueTestJSONUnderV235-1838912652-project-member', 'project_domain_id': 'default', 'project_domain_name': 'Default', 'project_id': '6b4e8a875218424290331c1ab3bb7405', 'project_name': 'tempest-ServerRescueTestJSONUnderV235-1838912652', 'tenant_id': '6b4e8a875218424290331c1ab3bb7405', 'tenant_name': 'tempest-ServerRescueTestJSONUnderV235-1838912652', 'user_domain_id': 'default', 'user_domain_name': 'Default', 'user_id': '0a121ffffd1b42ea8da41f588b755126', 'system': None}, Network: {'id': '00c6c2a1-b6c6-4ff7-a544-ea88c40444f6', 'name': 'tempest-ServerRescueTestJSONUnderV235-1437066368-network', 'tenant_id': '6b4e8a875218424290331c1ab3bb7405', 'admin_state_up': True, 'mtu': 8950, 'status': 'ACTIVE', 'subnets': [], 'shared': False, 'project_id': '6b4e8a875218424290331c1ab3bb7405', 'port_security_enabled': True, 'router:external': False, 'provider:network_type': 'vlan', 'provider:physical_network': 'default', 'provider:segmentation_id': 682, 'availability_zone_hints': [], 'availability_zones': [], 'ipv4_address_scope': None, 'ipv6_address_scope': None, 'description': '', 'tags': [], 'created_at': '2025-04-03T09:10:13Z', 'updated_at': '2025-04-03T09:10:13Z', 'revision_number': 1}, Subnet: {'id': 'e6cf11d6-c211-4cb1-9839-5c771bb21930', 'name': 'tempest-ServerRescueTestJSONUnderV235-1437066368-subnet', 'tenant_id': '6b4e8a875218424290331c1ab3bb7405', 'network_id': '00c6c2a1-b6c6-4ff7-a544-ea88c40444f6', 'ip_version': 4, 'subnetpool_id': None, 'enable_dhcp': False, 'ipv6_ra_mode': None, 'ipv6_address_mode': None, 'gateway_ip': '192.168.128.1', 'cidr': '192.168.128.0/28', 'allocation_pools': [{'start': '192.168.128.2', 'end': '192.168.128.14'}], 'host_routes': [], 'dns_nameservers': [], 'description': '', 'router:external': False, 'service_types': [], 'tags': [], 'created_at': '2025-04-03T09:10:13Z', 'updated_at': '2025-04-03T09:10:13Z', 'revision_number': 0, 'project_id': '6b4e8a875218424290331c1ab3bb7405'}, Router: {'id': 'd1871c79-973e-4ef7-9c3a-d80a2db72389', 'name': 'tempest-ServerRescueTestJSONUnderV235-1437066368-router', 'tenant_id': '6b4e8a875218424290331c1ab3bb7405', 'admin_state_up': True, 'status': 'ACTIVE', 'external_gateway_info': {'network_id': '4f6ca590-b6a9-4a5a-abab-166e2cbded6b', 'external_fixed_ips': [{'subnet_id': '00031d64-69df-4463-9fc2-4341e7c92ca2', 'ip_address': '10.180.180.156'}], 'enable_snat': True}, 'description': '', 'availability_zones': [], 'distributed': False, 'ha': False, 'availability_zone_hints': [], 'routes': [], 'flavor_id': None, 'tags': [], 'created_at': '2025-04-03T09:10:14Z', 'updated_at': '2025-04-03T09:10:15Z', 'revision_number': 2, 'project_id': '6b4e8a875218424290331c1ab3bb7405'}
2025-04-03 09:10:17.997 69178 INFO tempest.lib.common.rest_client [req-299bffa5-da27-44c4-b1d5-04ef83a10f7a req-299bffa5-da27-44c4-b1d5-04ef83a10f7a ] Request (ListImageFiltersTestJSON:setUpClass): 202 POST http://10.180.1.21/compute/v2.1/servers 1.706s
2025-04-03 09:10:18.050 69182 INFO tempest.lib.common.rest_client [req-b5987678-f77f-43af-b1e1-3c862023b513 req-b5987678-f77f-43af-b1e1-3c862023b513 ] Request (ServerRescueTestJSONUnderV235:setUpClass): 201 POST http://10.180.1.21/identity/v3/auth/tokens 0.112s
2025-04-03 09:10:18.058 69122 INFO tempest.lib.common.rest_client [req-e1520a8a-3c95-4f23-9e3d-e58fdc70db75 req-e1520a8a-3c95-4f23-9e3d-e58fdc70db75 ] Request (ServerActionsTestJSON:setUpClass): 201 POST http://10.180.1.21/identity/v3/auth/tokens 0.124s
2025-04-03 09:10:18.086 69182 INFO tempest.lib.common.rest_client [req-fb85b20e-1ee2-4e28-8c54-c4e62897bf0f req-fb85b20e-1ee2-4e28-8c54-c4e62897bf0f ] Request (ServerRescueTestJSONUnderV235:setUpClass): 201 POST http://10.180.1.21/identity/v3/auth/tokens 0.030s
2025-04-03 09:10:18.086 69182 INFO tempest.lib.common.fixed_network [-] (ServerRescueTestJSONUnderV235:setUpClass) Found network {'id': '00c6c2a1-b6c6-4ff7-a544-ea88c40444f6', 'name': 'tempest-ServerRescueTestJSONUnderV235-1437066368-network', 'tenant_id': '6b4e8a875218424290331c1ab3bb7405', 'admin_state_up': True, 'mtu': 8950, 'status': 'ACTIVE', 'subnets': [], 'shared': False, 'project_id': '6b4e8a875218424290331c1ab3bb7405', 'port_security_enabled': True, 'router:external': False, 'provider:network_type': 'vlan', 'provider:physical_network': 'default', 'provider:segmentation_id': 682, 'availability_zone_hints': [], 'availability_zones': [], 'ipv4_address_scope': None, 'ipv6_address_scope': None, 'description': '', 'tags': [], 'created_at': '2025-04-03T09:10:13Z', 'updated_at': '2025-04-03T09:10:13Z', 'revision_number': 1} available for tenant
2025-04-03 09:10:18.089 69178 INFO tempest.lib.common.rest_client [req-f1a5192b-7e52-434d-b01e-1fabef5cadac req-f1a5192b-7e52-434d-b01e-1fabef5cadac ] Request (ListImageFiltersTestJSON:setUpClass): 201 POST http://10.180.1.21/identity/v3/auth/tokens 0.086s
2025-04-03 09:10:18.089 69178 INFO tempest.lib.common.fixed_network [-] (ListImageFiltersTestJSON:setUpClass) Found network None available for tenant
2025-04-03 09:10:18.089 69150 INFO tempest.lib.common.rest_client [req-eba2c86d-03c2-46f6-b4b0-e5e3862575d4 req-eba2c86d-03c2-46f6-b4b0-e5e3862575d4 ] Request (ServersAdminNegativeTestJSON:test_migrate_server_invalid_state): 200 GET http://10.180.1.21/compute/v2.1/servers/edf23e1c-b030-4fd8-88c6-558707c6fe87 1.714s
2025-04-03 09:10:18.111 69144 WARNING tempest.lib.common.ssh [-] Failed to establish authenticated ssh connection to cirros@10.180.180.206 ([Errno None] Unable to connect to port 22 on 10.180.180.206). Number attempts: 1. Retry after 2 seconds.: paramiko.ssh_exception.NoValidConnectionsError: [Errno None] Unable to connect to port 22 on 10.180.180.206
2025-04-03 09:10:18.160 69158 INFO tempest.lib.common.rest_client [req-5f7056a5-1407-4c5c-9ea9-ed1a16310644 req-5f7056a5-1407-4c5c-9ea9-ed1a16310644 ] Request (QuotasAdminTestV236:test_get_updated_quotas): 200 GET http://10.180.1.21/compute/v2.1/os-quota-sets/4d3d93a9135941b1ae2de536e05c2117?user_id=9f13cac3b7d0474186afce197fb7bbe3 1.635s
2025-04-03 09:10:18.252 69158 INFO tempest.lib.common.rest_client [req-c63ee130-42bc-4227-9fb0-16435676dae7 req-c63ee130-42bc-4227-9fb0-16435676dae7 ] Request (QuotasAdminTestV236:_run_cleanups): 204 DELETE http://10.180.1.21/identity/v3/users/9f13cac3b7d0474186afce197fb7bbe3 0.089s
2025-04-03 09:10:18.372 69158 INFO tempest.lib.common.rest_client [req-3e6c52b4-659f-442c-a915-72952dc7b5fb req-3e6c52b4-659f-442c-a915-72952dc7b5fb ] Request (QuotasAdminTestV236:_run_cleanups): 204 DELETE http://10.180.1.21/identity/v3/projects/4d3d93a9135941b1ae2de536e05c2117 0.119s
2025-04-03 09:10:18.486 69140 INFO tempest.lib.common.rest_client [req-1354f06c-1f0a-4c4c-b06a-13c339f581b6 req-1354f06c-1f0a-4c4c-b06a-13c339f581b6 ] Request (FloatingIPDetailsTestJSON:test_get_floating_ip_details): 200 POST http://10.180.1.21/compute/v2.1/os-floating-ips 2.506s
2025-04-03 09:10:18.531 69158 INFO tempest.lib.common.rest_client [req-50abf715-791d-4c81-b814-ebac7205c008 req-50abf715-791d-4c81-b814-ebac7205c008 ] Request (QuotasAdminTestV236:tearDownClass): 204 DELETE http://10.180.1.21/identity/v3/users/ea4d52a9033e4d77af6d2a407cda868a 0.157s
2025-04-03 09:10:18.628 69158 INFO tempest.lib.common.rest_client [req-68def2a3-fffc-485f-bf5a-6064f6049b60 req-68def2a3-fffc-485f-bf5a-6064f6049b60 ] Request (QuotasAdminTestV236:tearDownClass): 204 DELETE http://10.180.1.21/identity/v3/users/61191e8b628643209f2864359af69c47 0.096s
2025-04-03 09:10:18.628 69158 INFO tempest.lib.common.dynamic_creds [-] Deleting project and security group for project: bb6625f5a5a34f94a917e006fec222a3
2025-04-03 09:10:18.703 69158 INFO tempest.lib.common.rest_client [req-2ecf4b61-7f8e-44d5-aaee-3db6c44beab3 req-2ecf4b61-7f8e-44d5-aaee-3db6c44beab3 ] Request (QuotasAdminTestV236:tearDownClass): 201 POST http://10.180.1.21/identity/v3/auth/tokens 0.075s
2025-04-03 09:10:18.902 69158 INFO tempest.lib.common.rest_client [req-fc89a8c4-ae15-4ed2-a0d0-d46d46115c7e req-fc89a8c4-ae15-4ed2-a0d0-d46d46115c7e ] Request (QuotasAdminTestV236:tearDownClass): 200 GET http://10.180.1.21:9696/networking/v2.0/security-groups?tenant_id=bb6625f5a5a34f94a917e006fec222a3&name=default 0.198s
2025-04-03 09:10:19.004 69158 INFO tempest.lib.common.rest_client [req-dbd7f913-c3e5-42be-809c-163327dd149c req-dbd7f913-c3e5-42be-809c-163327dd149c ] Request (QuotasAdminTestV236:tearDownClass): 204 DELETE http://10.180.1.21:9696/networking/v2.0/security-groups/7ab0a0f2-ce9a-42f1-a5a1-d8c65dbb0e94 0.101s
2025-04-03 09:10:19.084 69158 INFO tempest.lib.common.rest_client [req-6b4b57b9-0fe9-4d61-a579-963dd921a2f4 req-6b4b57b9-0fe9-4d61-a579-963dd921a2f4 ] Request (QuotasAdminTestV236:tearDownClass): 204 DELETE http://10.180.1.21/identity/v3/projects/bb6625f5a5a34f94a917e006fec222a3 0.079s
2025-04-03 09:10:19.084 69158 INFO tempest.lib.common.dynamic_creds [-] Deleting project and security group for project: 9f32359ee6c3486697c630c4e2fac1e1
2025-04-03 09:10:19.189 69158 INFO tempest.lib.common.rest_client [req-fd99edfc-5865-4610-be64-0870ed8cb5a4 req-fd99edfc-5865-4610-be64-0870ed8cb5a4 ] Request (QuotasAdminTestV236:tearDownClass): 200 GET http://10.180.1.21:9696/networking/v2.0/security-groups?tenant_id=9f32359ee6c3486697c630c4e2fac1e1&name=default 0.105s
2025-04-03 09:10:19.254 69158 INFO tempest.lib.common.rest_client [req-3cae5513-9e25-45eb-a9dd-7a81e3e06064 req-3cae5513-9e25-45eb-a9dd-7a81e3e06064 ] Request (QuotasAdminTestV236:tearDownClass): 204 DELETE http://10.180.1.21:9696/networking/v2.0/security-groups/e119117c-0692-4b67-8ee1-b4cf1608616d 0.064s
2025-04-03 09:10:19.260 69120 WARNING tempest.lib.common.ssh [-] Failed to establish authenticated ssh connection to cirros@10.180.180.215 ([Errno None] Unable to connect to port 22 on 10.180.180.215). Number attempts: 3. Retry after 4 seconds.: paramiko.ssh_exception.NoValidConnectionsError: [Errno None] Unable to connect to port 22 on 10.180.180.215
2025-04-03 09:10:19.343 69158 INFO tempest.lib.common.rest_client [req-ef46408f-706f-4aa6-8e31-6198dd8e370e req-ef46408f-706f-4aa6-8e31-6198dd8e370e ] Request (QuotasAdminTestV236:tearDownClass): 204 DELETE http://10.180.1.21/identity/v3/projects/9f32359ee6c3486697c630c4e2fac1e1 0.088s
2025-04-03 09:10:19.397 69170 INFO tempest.lib.common.rest_client [req-04f66b7b-829a-4171-a2c2-d0b426d015bc req-04f66b7b-829a-4171-a2c2-d0b426d015bc ] Request (FloatingIPsAssociationNegativeTestJSON:test_associate_ip_to_server_with_floating_ip): 200 POST http://10.180.1.21/compute/v2.1/os-floating-ips 2.536s
2025-04-03 09:10:19.432 69158 INFO tempest.lib.common.rest_client [req-6987a744-b631-45fd-bba8-e7ede5acf144 req-6987a744-b631-45fd-bba8-e7ede5acf144 ] Request (ImagesOneServerTestJSON:setUpClass): 201 POST http://10.180.1.21/identity/v3/auth/tokens 0.087s
2025-04-03 09:10:19.445 69136 INFO tempest.lib.common.rest_client [req-d4056565-f023-497f-9aa6-5e908f25af6b req-d4056565-f023-497f-9aa6-5e908f25af6b ] Request (DeleteServersTestJSON:test_delete_active_server): 202 POST http://10.180.1.21/compute/v2.1/servers 2.399s
2025-04-03 09:10:19.462 69174 INFO tempest.lib.common.rest_client [req-6d51e632-baa5-4019-a4ca-c2b74f6e8c01 req-6d51e632-baa5-4019-a4ca-c2b74f6e8c01 ] Request (ServerActionsTestOtherB:setUpClass): 200 GET http://10.180.1.21/compute/v2.1/servers/99f2d44f-e361-466f-998c-f23a2b04bcbf 2.393s
2025-04-03 09:10:19.472 69158 INFO tempest.lib.common.rest_client [req-6a4d2032-55a3-44e6-8963-71c07aa558cd req-6a4d2032-55a3-44e6-8963-71c07aa558cd ] Request (ImagesOneServerTestJSON:setUpClass): 201 POST http://10.180.1.21/identity/v3/auth/tokens 0.037s
2025-04-03 09:10:19.514 69138 INFO tempest.lib.common.rest_client [req-5965b77e-a59f-46ab-8295-b4a8971d2060 req-5965b77e-a59f-46ab-8295-b4a8971d2060 ] Request (FloatingIPsAssociationTestJSON:test_associate_already_associated_floating_ip): 200 GET http://10.180.1.21/compute/v2.1/servers/4f492710-e515-4857-b2a4-71da78617707 2.350s
2025-04-03 09:10:19.519 69158 INFO tempest.lib.common.rest_client [req-d4f1feef-ae6c-4fc7-9dc5-c98df07ae612 req-d4f1feef-ae6c-4fc7-9dc5-c98df07ae612 ] Request (ImagesOneServerTestJSON:setUpClass): 200 GET http://10.180.1.21/identity/v3/domains?name=Default 0.046s
2025-04-03 09:10:19.540 69126 INFO tempest.lib.common.rest_client [req-eaf87723-cd9f-4bae-a45c-036e4c1cf707 req-eaf87723-cd9f-4bae-a45c-036e4c1cf707 ] Request (ImagesTestJSON:test_create_image_from_stopped_server): 200 GET http://10.180.1.21/compute/v2.1/servers/943fcf53-ec92-4363-b6fa-ba1bec035124 2.214s
2025-04-03 09:10:19.549 69148 INFO tempest.lib.common.rest_client [req-f3ea811b-efd9-4a16-9839-0d8a4c858de1 req-f3ea811b-efd9-4a16-9839-0d8a4c858de1 ] Request (ImagesNegativeTestJSON:tearDownClass): 404 GET http://10.180.1.21/compute/v2.1/servers/0b4fcd51-10b9-4e0f-8581-2972a686edd2 2.178s
2025-04-03 09:10:19.572 69162 INFO tempest.lib.common.rest_client [req-ba4b0caf-48ae-46ea-a541-7ad23fc9308a req-ba4b0caf-48ae-46ea-a541-7ad23fc9308a ] Request (AggregatesAdminNegativeTestJSON:_run_cleanups): 200 DELETE http://10.180.1.21/compute/v2.1/os-aggregates/8 2.171s
2025-04-03 09:10:19.579 69158 INFO tempest.lib.common.rest_client [req-02230b13-4bc1-4228-a298-bdc197ab21d2 req-02230b13-4bc1-4228-a298-bdc197ab21d2 ] Request (ImagesOneServerTestJSON:setUpClass): 201 POST http://10.180.1.21/identity/v3/projects 0.059s
2025-04-03 09:10:19.678 69158 INFO tempest.lib.common.rest_client [req-958e04b0-a092-406c-810a-02423205557c req-958e04b0-a092-406c-810a-02423205557c ] Request (ImagesOneServerTestJSON:setUpClass): 201 POST http://10.180.1.21/identity/v3/users 0.099s
2025-04-03 09:10:19.681 69180 INFO tempest.lib.common.rest_client [req-869f2729-65f2-4ef8-b2cb-d692c6ed810e req-869f2729-65f2-4ef8-b2cb-d692c6ed810e ] Request (ServerDiagnosticsV248Test:tearDownClass): 200 GET http://10.180.1.21/compute/v2.1/servers/c655bd28-92e0-4c56-80dd-3b8c7d84ad1c 2.280s
2025-04-03 09:10:19.706 69158 INFO tempest.lib.common.rest_client [req-271adc1d-e9a4-46d4-a83c-ec73b7552e4e req-271adc1d-e9a4-46d4-a83c-ec73b7552e4e ] Request (ImagesOneServerTestJSON:setUpClass): 200 GET http://10.180.1.21/identity/v3/roles 0.027s
2025-04-03 09:10:19.718 69160 INFO tempest.lib.common.rest_client [req-27d0ed10-3c21-4501-b52e-eacc3b14d460 req-27d0ed10-3c21-4501-b52e-eacc3b14d460 ] Request (FlavorsAdminTestJSON:_run_cleanups): 200 GET http://10.180.1.21/compute/v2.1/flavors/detail 2.113s
2025-04-03 09:10:19.759 69162 INFO tempest.lib.common.rest_client [req-c03a2ffd-43c9-4cb6-bf18-b614d997dac1 req-c03a2ffd-43c9-4cb6-bf18-b614d997dac1 ] Request (AggregatesAdminNegativeTestJSON:tearDownClass): 204 DELETE http://10.180.1.21/identity/v3/users/83002e0c7d384fcea9a5bdbebf1b6d4a 0.186s
2025-04-03 09:10:19.788 69158 INFO tempest.lib.common.rest_client [req-cb94f348-bec5-42a7-bc05-4a208f087c1c req-cb94f348-bec5-42a7-bc05-4a208f087c1c ] Request (ImagesOneServerTestJSON:setUpClass): 204 PUT http://10.180.1.21/identity/v3/projects/c4489f51fad149ac9eba7940833aced0/users/709ad7a8fd4542d6bca82aef803ad20c/roles/b7528664bd4f48caa8ee4b6c9481ef6b 0.081s
2025-04-03 09:10:19.788 69158 INFO tempest.lib.common.dynamic_creds [-] Dynamic test user 709ad7a8fd4542d6bca82aef803ad20c is created with scope project and roles: ['member']
2025-04-03 09:10:19.788 69158 INFO tempest.lib.common.dynamic_creds [-] Acquired dynamic creds: credentials: Credentials: {'domain_id': 'default', 'domain_name': 'Default', 'username': 'tempest-ImagesOneServerTestJSON-1232021850-project-member', 'project_domain_id': 'default', 'project_domain_name': 'Default', 'project_id': 'c4489f51fad149ac9eba7940833aced0', 'project_name': 'tempest-ImagesOneServerTestJSON-1232021850', 'tenant_id': 'c4489f51fad149ac9eba7940833aced0', 'tenant_name': 'tempest-ImagesOneServerTestJSON-1232021850', 'user_domain_id': 'default', 'user_domain_name': 'Default', 'user_id': '709ad7a8fd4542d6bca82aef803ad20c', 'system': None}, Network: None, Subnet: None, Router: None
2025-04-03 09:10:19.802 69124 INFO tempest.lib.common.rest_client [req-22090424-c276-4f76-a42d-9404dab67abc req-22090424-c276-4f76-a42d-9404dab67abc ] Request (ServersAdminTestJSON:setUpClass): 200 GET http://10.180.1.21/compute/v2.1/servers/9edbd4b6-b890-4a22-896a-26e315d18fd0 2.195s
2025-04-03 09:10:19.843 69134 INFO tempest.lib.common.rest_client [req-4d4b591b-96ef-4025-a3b1-a9318b6c2ba9 req-4d4b591b-96ef-4025-a3b1-a9318b6c2ba9 ] Request (MigrationsAdminTest:test_list_migrations_in_flavor_resize_situation): 200 GET http://10.180.1.21/compute/v2.1/servers/e7259d4c-9982-4579-a073-484a8fa49264 2.337s
2025-04-03 09:10:19.857 69158 INFO tempest.lib.common.rest_client [req-42921ca8-9766-4c00-9103-09ea133fe924 req-42921ca8-9766-4c00-9103-09ea133fe924 ] Request (ImagesOneServerTestJSON:setUpClass): 201 POST http://10.180.1.21/identity/v3/auth/tokens 0.068s
2025-04-03 09:10:19.872 69152 INFO tempest.lib.common.rest_client [req-b6475288-c70a-402f-84c8-4f18e85dd107 req-b6475288-c70a-402f-84c8-4f18e85dd107 ] Request (VolumesAdminNegativeTest:test_update_attached_volume_with_nonexistent_volume_in_body): 200 GET http://10.180.1.21/compute/v2.1/servers/949aac90-1d3e-47c1-8d53-eef78adaa390 2.185s
2025-04-03 09:10:19.939 69162 INFO tempest.lib.common.rest_client [req-4865809e-7391-41ec-965a-5abed6ec14fb req-4865809e-7391-41ec-965a-5abed6ec14fb ] Request (AggregatesAdminNegativeTestJSON:tearDownClass): 204 DELETE http://10.180.1.21/identity/v3/users/8c4fd030aa6c405486cb549ece2053b7 0.179s
2025-04-03 09:10:19.939 69162 INFO tempest.lib.common.dynamic_creds [-] Deleting project and security group for project: 81d760856ac14671bb9a91572916e277
2025-04-03 09:10:19.963 69130 INFO tempest.lib.common.rest_client [req-6f18d3c3-1407-4d38-8ff7-1cb587a48032 req-6f18d3c3-1407-4d38-8ff7-1cb587a48032 ] Request (ServerShowV254Test:test_rebuild_server): 200 GET http://10.180.1.21/compute/v2.1/servers/9fe2f914-935a-4a24-9d71-487e7c0a69c7 2.116s
2025-04-03 09:10:20.013 69162 INFO tempest.lib.common.rest_client [req-fd60a380-96ac-41ed-bba9-0b94af40ef5d req-fd60a380-96ac-41ed-bba9-0b94af40ef5d ] Request (AggregatesAdminNegativeTestJSON:tearDownClass): 201 POST http://10.180.1.21/identity/v3/auth/tokens 0.073s
2025-04-03 09:10:20.021 69166 INFO tempest.lib.common.rest_client [req-0c23b8bf-c482-490c-a8fe-a5e955ab7265 req-0c23b8bf-c482-490c-a8fe-a5e955ab7265 ] Request (ListServerFiltersTestJSON:setUpClass): 200 GET http://10.180.1.21/compute/v2.1/servers/8eec0f90-ecd9-4124-ae1b-c533efa09c7d 2.251s
2025-04-03 09:10:20.032 69166 INFO tempest.common.waiters [-] State transition "BUILD/networking" ==> "BUILD/spawning" after 28 second wait
2025-04-03 09:10:20.074 69154 INFO tempest.lib.common.rest_client [req-300433b6-4b3e-4dbc-8ac8-85d77c50e36a req-300433b6-4b3e-4dbc-8ac8-85d77c50e36a ] Request (ServersTestJSON:setUpClass): 200 GET http://10.180.1.21/compute/v2.1/servers/af1b5f44-b442-4c3e-923c-92c0d7db49b4 2.119s
2025-04-03 09:10:20.085 69154 INFO tempest.common.waiters [-] State transition "BUILD/scheduling" ==> "BUILD/None" after 13 second wait
2025-04-03 09:10:20.131 69142 INFO tempest.lib.common.rest_client [req-a93ac20a-4c32-4cb6-881b-32c69dea5195 req-a93ac20a-4c32-4cb6-881b-32c69dea5195 ] Request (ServerDiagnosticsTest:tearDownClass): 200 GET http://10.180.1.21/compute/v2.1/servers/9a35f78b-d486-4766-acd5-b6fcdcf5c32a 2.165s
2025-04-03 09:10:20.207 69162 INFO tempest.lib.common.rest_client [req-96be65df-6dad-4d72-8ebf-2dbd19777bf7 req-96be65df-6dad-4d72-8ebf-2dbd19777bf7 ] Request (AggregatesAdminNegativeTestJSON:tearDownClass): 200 GET http://10.180.1.21:9696/networking/v2.0/security-groups?tenant_id=81d760856ac14671bb9a91572916e277&name=default 0.194s
2025-04-03 09:10:20.237 69122 INFO tempest.lib.common.rest_client [req-3345a9c8-f4c4-4daf-a98c-f7b6c77f9e25 req-3345a9c8-f4c4-4daf-a98c-f7b6c77f9e25 ] Request (ServerActionsTestJSON:setUpClass): 200 POST http://10.180.1.21/compute/v2.1/os-keypairs 2.177s
2025-04-03 09:10:20.339 69162 INFO tempest.lib.common.rest_client [req-8ec726ad-ce0e-41ef-879a-939f900c3d3e req-8ec726ad-ce0e-41ef-879a-939f900c3d3e ] Request (AggregatesAdminNegativeTestJSON:tearDownClass): 204 DELETE http://10.180.1.21:9696/networking/v2.0/security-groups/15907817-2337-4d34-bc76-c0dfd8f25575 0.131s
2025-04-03 09:10:20.374 69158 INFO tempest.lib.common.rest_client [req-8f8fb5c8-da2b-402d-8dfd-8dd70008167a req-8f8fb5c8-da2b-402d-8dfd-8dd70008167a ] Request (ImagesOneServerTestJSON:setUpClass): 201 POST http://10.180.1.21:9696/networking/v2.0/networks 0.516s
2025-04-03 09:10:20.414 69162 INFO tempest.lib.common.rest_client [req-f24da7ec-6aa4-43e3-9528-15d5b8e0b46a req-f24da7ec-6aa4-43e3-9528-15d5b8e0b46a ] Request (AggregatesAdminNegativeTestJSON:tearDownClass): 204 DELETE http://10.180.1.21/identity/v3/projects/81d760856ac14671bb9a91572916e277 0.075s
2025-04-03 09:10:20.414 69162 INFO tempest.lib.common.dynamic_creds [-] Deleting project and security group for project: 62a84be97a2541e383871883edf750c6
2025-04-03 09:10:20.493 69122 INFO tempest.lib.common.rest_client [req-ce495d3f-bf9b-4a0a-9b13-e27c33c1c1b5 req-ce495d3f-bf9b-4a0a-9b13-e27c33c1c1b5 ] Request (ServerActionsTestJSON:setUpClass): 201 POST http://10.180.1.21:9696/networking/v2.0/security-groups 0.255s
2025-04-03 09:10:20.598 69162 INFO tempest.lib.common.rest_client [req-f777b896-fb78-4878-ad31-2da72142d34d req-f777b896-fb78-4878-ad31-2da72142d34d ] Request (AggregatesAdminNegativeTestJSON:tearDownClass): 200 GET http://10.180.1.21:9696/networking/v2.0/security-groups?tenant_id=62a84be97a2541e383871883edf750c6&name=default 0.183s
2025-04-03 09:10:20.606 69178 INFO tempest.lib.common.rest_client [req-7daef07b-5cdd-433e-9885-fadb1b99e886 req-7daef07b-5cdd-433e-9885-fadb1b99e886 ] Request (ListImageFiltersTestJSON:setUpClass): 202 POST http://10.180.1.21/compute/v2.1/servers 2.516s
2025-04-03 09:10:20.678 69158 INFO tempest.lib.common.rest_client [req-912505fc-ea00-4622-9c2b-96932990753a req-912505fc-ea00-4622-9c2b-96932990753a ] Request (ImagesOneServerTestJSON:setUpClass): 201 POST http://10.180.1.21:9696/networking/v2.0/subnets 0.303s
2025-04-03 09:10:20.693 69122 INFO tempest.lib.common.rest_client [req-8c3376f9-07f2-4f9b-9808-55afb52fc1ee req-8c3376f9-07f2-4f9b-9808-55afb52fc1ee ] Request (ServerActionsTestJSON:setUpClass): 201 POST http://10.180.1.21:9696/networking/v2.0/security-group-rules 0.199s
2025-04-03 09:10:20.737 69182 INFO tempest.lib.common.rest_client [req-970a18f9-7788-4773-87c7-525570daf504 req-970a18f9-7788-4773-87c7-525570daf504 ] Request (ServerRescueTestJSONUnderV235:setUpClass): 202 POST http://10.180.1.21/compute/v2.1/servers 2.649s
2025-04-03 09:10:20.749 69132 INFO tempest.lib.common.rest_client [req-35e1582f-cd7b-4d8f-9eb1-886b20885d86 req-35e1582f-cd7b-4d8f-9eb1-886b20885d86 ] Request (TenantUsagesTestJSON:tearDownClass): 200 GET http://10.180.1.21/compute/v2.1/servers/c867ff92-059f-4647-85cd-8026b1408778 2.615s
2025-04-03 09:10:20.855 69176 INFO tempest.lib.common.rest_client [req-54b43d40-7c92-44a2-89c9-a1afa1726cae req-54b43d40-7c92-44a2-89c9-a1afa1726cae ] Request (ServersListShow298Test:test_list_show_update_rebuild_server_298): 200 GET http://10.180.1.21/compute/v2.1/servers/a5b62cef-6f64-47fc-beb0-aaa1229511b8 2.708s
2025-04-03 09:10:20.878 69168 INFO tempest.lib.common.rest_client [req-d8acf430-0d28-4830-80d5-c47d26caba63 req-d8acf430-0d28-4830-80d5-c47d26caba63 ] Request (ServersAdmin275Test:_run_cleanups): 200 GET http://10.180.1.21/compute/v2.1/servers/b1e86642-64ad-454d-9c58-e5abaa42da38 2.643s
2025-04-03 09:10:20.888 69168 INFO tempest.common.waiters [-] State transition "REBUILD/rebuild_spawning" ==> "ACTIVE/None" after 8 second wait
2025-04-03 09:10:20.899 69148 INFO tempest.lib.common.rest_client [req-d930a3ba-876b-473f-830b-770d4ca06ff7 req-d930a3ba-876b-473f-830b-770d4ca06ff7 ] Request (ImagesNegativeTestJSON:tearDownClass): 200 PUT http://10.180.1.21:9696/networking/v2.0/routers/cc6bcf66-e441-41b8-b057-f41772214274/remove_router_interface 1.350s
2025-04-03 09:10:20.934 69162 INFO tempest.lib.common.rest_client [req-d57a01f4-32a0-46d6-89c8-0def561a1bbf req-d57a01f4-32a0-46d6-89c8-0def561a1bbf ] Request (AggregatesAdminNegativeTestJSON:tearDownClass): 204 DELETE http://10.180.1.21:9696/networking/v2.0/security-groups/004ccc29-3b57-4faf-a0a1-b67ec9f1b636 0.335s
2025-04-03 09:10:20.986 69128 INFO tempest.lib.common.rest_client [req-9a3f09aa-61e2-4604-a689-c5115927829b req-9a3f09aa-61e2-4604-a689-c5115927829b ] Request (ServerAddressesTestJSON:setUpClass): 200 GET http://10.180.1.21/compute/v2.1/servers/7dd75bea-9645-49e0-a518-21659a16022f 2.623s
2025-04-03 09:10:20.991 69172 INFO tempest.lib.common.rest_client [req-97661aee-8e7c-4a2e-8589-aa836cf45d65 req-97661aee-8e7c-4a2e-8589-aa836cf45d65 ] Request (ServerActionsV293TestJSON:setUpClass): 200 GET http://10.180.1.21/compute/v2.1/servers/e20d7c2b-7bc9-4656-af23-bde9b48efe1d 2.723s
2025-04-03 09:10:21.081 69162 INFO tempest.lib.common.rest_client [req-4de536f2-ff88-444d-bd77-396d5abac92e req-4de536f2-ff88-444d-bd77-396d5abac92e ] Request (AggregatesAdminNegativeTestJSON:tearDownClass): 204 DELETE http://10.180.1.21/identity/v3/projects/62a84be97a2541e383871883edf750c6 0.146s
2025-04-03 09:10:21.161 69122 INFO tempest.lib.common.rest_client [req-c61ffc1c-2575-4103-aad9-4c5262149358 req-c61ffc1c-2575-4103-aad9-4c5262149358 ] Request (ServerActionsTestJSON:setUpClass): 201 POST http://10.180.1.21:9696/networking/v2.0/security-group-rules 0.467s
2025-04-03 09:10:21.178 69162 INFO tempest.lib.common.rest_client [req-146202b1-6a92-4942-9d63-1053f0560a66 req-146202b1-6a92-4942-9d63-1053f0560a66 ] Request (HypervisorAdminNegativeUnderV252Test:setUpClass): 201 POST http://10.180.1.21/identity/v3/auth/tokens 0.095s
2025-04-03 09:10:21.180 69144 WARNING tempest.lib.common.ssh [-] Failed to establish authenticated ssh connection to cirros@10.180.180.206 ([Errno None] Unable to connect to port 22 on 10.180.180.206). Number attempts: 2. Retry after 3 seconds.: paramiko.ssh_exception.NoValidConnectionsError: [Errno None] Unable to connect to port 22 on 10.180.180.206
2025-04-03 09:10:21.221 69162 INFO tempest.lib.common.rest_client [req-abaa326a-dda6-40cf-b240-079cbf7529f1 req-abaa326a-dda6-40cf-b240-079cbf7529f1 ] Request (HypervisorAdminNegativeUnderV252Test:setUpClass): 201 POST http://10.180.1.21/identity/v3/auth/tokens 0.038s
2025-04-03 09:10:21.255 69162 INFO tempest.lib.common.rest_client [req-eb4db6b9-c7af-4991-9c20-c035e112cdc4 req-eb4db6b9-c7af-4991-9c20-c035e112cdc4 ] Request (HypervisorAdminNegativeUnderV252Test:setUpClass): 200 GET http://10.180.1.21/identity/v3/domains?name=Default 0.034s
2025-04-03 09:10:21.264 69140 INFO tempest.lib.common.rest_client [req-c50634e8-4b08-4ca8-957a-959bb30c9a66 req-c50634e8-4b08-4ca8-957a-959bb30c9a66 ] Request (FloatingIPDetailsTestJSON:test_get_floating_ip_details): 200 GET http://10.180.1.21/compute/v2.1/os-floating-ips/e542e296-ec28-4434-931a-7b9080fafbb3 2.774s
2025-04-03 09:10:21.296 69162 INFO tempest.lib.common.rest_client [req-2db443cd-5514-4b42-a480-ff8284f42828 req-2db443cd-5514-4b42-a480-ff8284f42828 ] Request (HypervisorAdminNegativeUnderV252Test:setUpClass): 201 POST http://10.180.1.21/identity/v3/projects 0.040s
2025-04-03 09:10:21.356 69150 INFO tempest.lib.common.rest_client [req-89462438-209b-418e-8155-54d37bd1b986 req-89462438-209b-418e-8155-54d37bd1b986 ] Request (ServersAdminNegativeTestJSON:test_migrate_server_invalid_state): 200 GET http://10.180.1.21/compute/v2.1/servers/edf23e1c-b030-4fd8-88c6-558707c6fe87 2.258s
2025-04-03 09:10:21.373 69162 INFO tempest.lib.common.rest_client [req-6b7928fb-2b21-4e8a-9ac1-09d59cd12f9c req-6b7928fb-2b21-4e8a-9ac1-09d59cd12f9c ] Request (HypervisorAdminNegativeUnderV252Test:setUpClass): 201 POST http://10.180.1.21/identity/v3/users 0.075s
2025-04-03 09:10:21.406 69162 INFO tempest.lib.common.rest_client [req-64fa6ca5-1378-4401-91e6-6eae5c38aaa3 req-64fa6ca5-1378-4401-91e6-6eae5c38aaa3 ] Request (HypervisorAdminNegativeUnderV252Test:setUpClass): 200 GET http://10.180.1.21/identity/v3/roles 0.032s
2025-04-03 09:10:21.408 69157 INFO tempest.lib.common.rest_client [req-e544217d-7e22-4ca8-b7a6-13e13941e0ca req-e544217d-7e22-4ca8-b7a6-13e13941e0ca ] Request (ImagesOneServerNegativeTestJSON:setUpClass): 200 GET http://10.180.1.21/compute/v2.1/servers/1e3a449b-34b8-4d53-8bcb-6e7aed6668ad 2.815s
2025-04-03 09:10:21.429 69148 INFO tempest.lib.common.rest_client [req-8f892a59-c4a2-481b-8407-020474c120cd req-8f892a59-c4a2-481b-8407-020474c120cd ] Request (ImagesNegativeTestJSON:tearDownClass): 204 DELETE http://10.180.1.21:9696/networking/v2.0/routers/cc6bcf66-e441-41b8-b057-f41772214274 0.529s
2025-04-03 09:10:21.445 69162 INFO tempest.lib.common.rest_client [req-ee67b00c-03c9-4301-a7eb-557941c3e045 req-ee67b00c-03c9-4301-a7eb-557941c3e045 ] Request (HypervisorAdminNegativeUnderV252Test:setUpClass): 204 PUT http://10.180.1.21/identity/v3/projects/968bdb8987624775838adac2b040fcbf/users/a443db29e8d740348ac47979b44bf766/roles/b7528664bd4f48caa8ee4b6c9481ef6b 0.039s
2025-04-03 09:10:21.445 69162 INFO tempest.lib.common.dynamic_creds [-] Dynamic test user a443db29e8d740348ac47979b44bf766 is created with scope project and roles: ['member']
2025-04-03 09:10:21.446 69162 INFO tempest.lib.common.dynamic_creds [-] Acquired dynamic creds: credentials: Credentials: {'domain_id': 'default', 'domain_name': 'Default', 'username': 'tempest-HypervisorAdminNegativeUnderV252Test-1508769865-project-member', 'project_domain_id': 'default', 'project_domain_name': 'Default', 'project_id': '968bdb8987624775838adac2b040fcbf', 'project_name': 'tempest-HypervisorAdminNegativeUnderV252Test-1508769865', 'tenant_id': '968bdb8987624775838adac2b040fcbf', 'tenant_name': 'tempest-HypervisorAdminNegativeUnderV252Test-1508769865', 'user_domain_id': 'default', 'user_domain_name': 'Default', 'user_id': 'a443db29e8d740348ac47979b44bf766', 'system': None}, Network: None, Subnet: None, Router: None
2025-04-03 09:10:21.446 69162 INFO tempest.lib.common.dynamic_creds [-] Created isolated network resources for: credentials: Credentials: {'domain_id': 'default', 'domain_name': 'Default', 'username': 'tempest-HypervisorAdminNegativeUnderV252Test-1508769865-project-member', 'project_domain_id': 'default', 'project_domain_name': 'Default', 'project_id': '968bdb8987624775838adac2b040fcbf', 'project_name': 'tempest-HypervisorAdminNegativeUnderV252Test-1508769865', 'tenant_id': '968bdb8987624775838adac2b040fcbf', 'tenant_name': 'tempest-HypervisorAdminNegativeUnderV252Test-1508769865', 'user_domain_id': 'default', 'user_domain_name': 'Default', 'user_id': 'a443db29e8d740348ac47979b44bf766', 'system': None}, Network: None, Subnet: None, Router: None
2025-04-03 09:10:21.515 69136 INFO tempest.lib.common.rest_client [req-1600929d-6882-4281-a64c-0a0c12387579 req-1600929d-6882-4281-a64c-0a0c12387579 ] Request (DeleteServersTestJSON:test_delete_active_server): 200 GET http://10.180.1.21/compute/v2.1/servers/d3dcdc78-f54f-46f0-9e8f-6f2ff8f36e89 2.068s
2025-04-03 09:10:21.536 69162 INFO tempest.lib.common.rest_client [req-9cb950a3-af45-4aae-819c-681a7b5202d1 req-9cb950a3-af45-4aae-819c-681a7b5202d1 ] Request (HypervisorAdminNegativeUnderV252Test:setUpClass): 201 POST http://10.180.1.21/identity/v3/auth/tokens 0.088s
2025-04-03 09:10:21.544 69160 INFO tempest.lib.common.rest_client [req-818518c0-67e4-4a4b-8dd3-d6582f30d71d req-818518c0-67e4-4a4b-8dd3-d6582f30d71d ] Request (FlavorsAdminTestJSON:_run_cleanups): 202 DELETE http://10.180.1.21/compute/v2.1/flavors/991688448 1.820s
2025-04-03 09:10:21.613 69162 INFO tempest.lib.common.rest_client [req-b9c2a01d-8089-4e6a-92c2-92c86e41e81a req-b9c2a01d-8089-4e6a-92c2-92c86e41e81a ] Request (HypervisorAdminNegativeUnderV252Test:setUpClass): 201 POST http://10.180.1.21/identity/v3/projects 0.076s
2025-04-03 09:10:21.639 69148 INFO tempest.lib.common.rest_client [req-5f73026f-acc6-4299-a50f-728241a2edb8 req-5f73026f-acc6-4299-a50f-728241a2edb8 ] Request (ImagesNegativeTestJSON:tearDownClass): 204 DELETE http://10.180.1.21:9696/networking/v2.0/subnets/4050a77f-135b-4665-b81a-942d86df49fb 0.210s
2025-04-03 09:10:21.647 69174 INFO tempest.lib.common.rest_client [req-f2caf7c8-c9d2-4fed-9b01-abb463b30b68 req-f2caf7c8-c9d2-4fed-9b01-abb463b30b68 ] Request (ServerActionsTestOtherB:setUpClass): 200 GET http://10.180.1.21/compute/v2.1/servers/99f2d44f-e361-466f-998c-f23a2b04bcbf 1.174s
2025-04-03 09:10:21.707 69162 INFO tempest.lib.common.rest_client [req-300a7709-466f-47b9-845e-7356f4b0357b req-300a7709-466f-47b9-845e-7356f4b0357b ] Request (HypervisorAdminNegativeUnderV252Test:setUpClass): 201 POST http://10.180.1.21/identity/v3/users 0.094s
2025-04-03 09:10:21.732 69162 INFO tempest.lib.common.rest_client [req-d599a221-5f34-45e7-a222-c756da637b3e req-d599a221-5f34-45e7-a222-c756da637b3e ] Request (HypervisorAdminNegativeUnderV252Test:setUpClass): 200 GET http://10.180.1.21/identity/v3/roles 0.024s
2025-04-03 09:10:21.751 69138 INFO tempest.lib.common.rest_client [req-6082f47b-5db8-4f23-8aa6-c867bd4fb6f3 req-6082f47b-5db8-4f23-8aa6-c867bd4fb6f3 ] Request (FloatingIPsAssociationTestJSON:test_associate_already_associated_floating_ip): 200 GET http://10.180.1.21/compute/v2.1/servers/4f492710-e515-4857-b2a4-71da78617707 1.224s
2025-04-03 09:10:21.766 69162 INFO tempest.lib.common.rest_client [req-c46e447d-829a-4829-97ab-f7072e36901e req-c46e447d-829a-4829-97ab-f7072e36901e ] Request (HypervisorAdminNegativeUnderV252Test:setUpClass): 204 PUT http://10.180.1.21/identity/v3/projects/b4e0706c3e624f6da94caf628ad0495e/users/a6421f9b9f39456dba097023f789fb3a/roles/db7e8649d2bf46fd80526e7a44dc6243 0.033s
2025-04-03 09:10:21.815 69162 INFO tempest.lib.common.rest_client [req-fdf02285-8b98-4e1b-9a23-9f215ae07778 req-fdf02285-8b98-4e1b-9a23-9f215ae07778 ] Request (HypervisorAdminNegativeUnderV252Test:setUpClass): 200 GET http://10.180.1.21/identity/v3/roles 0.049s
2025-04-03 09:10:21.834 69126 INFO tempest.lib.common.rest_client [req-68e9f4fb-1051-4a19-9f20-f2039e99c985 req-68e9f4fb-1051-4a19-9f20-f2039e99c985 ] Request (ImagesTestJSON:test_create_image_from_stopped_server): 200 GET http://10.180.1.21/compute/v2.1/servers/943fcf53-ec92-4363-b6fa-ba1bec035124 1.280s
2025-04-03 09:10:21.837 69162 INFO tempest.lib.common.rest_client [req-6d17c8df-d80c-4b47-8f22-b31de74a5e65 req-6d17c8df-d80c-4b47-8f22-b31de74a5e65 ] Request (HypervisorAdminNegativeUnderV252Test:setUpClass): 204 PUT http://10.180.1.21/identity/v3/projects/b4e0706c3e624f6da94caf628ad0495e/users/a6421f9b9f39456dba097023f789fb3a/roles/db7e8649d2bf46fd80526e7a44dc6243 0.022s
2025-04-03 09:10:21.838 69162 INFO tempest.lib.common.dynamic_creds [-] Dynamic test user a6421f9b9f39456dba097023f789fb3a is created with scope project and roles: ['admin']
2025-04-03 09:10:21.839 69162 INFO tempest.lib.common.dynamic_creds [-] Acquired dynamic creds: credentials: Credentials: {'domain_id': 'default', 'domain_name': 'Default', 'username': 'tempest-HypervisorAdminNegativeUnderV252Test-1414319834-project-admin', 'project_domain_id': 'default', 'project_domain_name': 'Default', 'project_id': 'b4e0706c3e624f6da94caf628ad0495e', 'project_name': 'tempest-HypervisorAdminNegativeUnderV252Test-1414319834', 'tenant_id': 'b4e0706c3e624f6da94caf628ad0495e', 'tenant_name': 'tempest-HypervisorAdminNegativeUnderV252Test-1414319834', 'user_domain_id': 'default', 'user_domain_name': 'Default', 'user_id': 'a6421f9b9f39456dba097023f789fb3a', 'system': None}, Network: None, Subnet: None, Router: None
2025-04-03 09:10:21.839 69162 INFO tempest.lib.common.dynamic_creds [-] Created isolated network resources for: credentials: Credentials: {'domain_id': 'default', 'domain_name': 'Default', 'username': 'tempest-HypervisorAdminNegativeUnderV252Test-1414319834-project-admin', 'project_domain_id': 'default', 'project_domain_name': 'Default', 'project_id': 'b4e0706c3e624f6da94caf628ad0495e', 'project_name': 'tempest-HypervisorAdminNegativeUnderV252Test-1414319834', 'tenant_id': 'b4e0706c3e624f6da94caf628ad0495e', 'tenant_name': 'tempest-HypervisorAdminNegativeUnderV252Test-1414319834', 'user_domain_id': 'default', 'user_domain_name': 'Default', 'user_id': 'a6421f9b9f39456dba097023f789fb3a', 'system': None}, Network: None, Subnet: None, Router: None
2025-04-03 09:10:21.863 69122 INFO tempest.lib.common.rest_client [req-ed67813e-5680-4a2f-af86-7c2e46824003 req-ed67813e-5680-4a2f-af86-7c2e46824003 ] Request (ServerActionsTestJSON:setUpClass): 201 POST http://10.180.1.21:9696/networking/v2.0/floatingips 0.700s
2025-04-03 09:10:21.927 69178 INFO tempest.lib.common.rest_client [req-ef101d38-058f-4d76-ae5c-875aba01b1ba req-ef101d38-058f-4d76-ae5c-875aba01b1ba ] Request (ListImageFiltersTestJSON:setUpClass): 200 GET http://10.180.1.21/compute/v2.1/servers/f5251e20-8dda-4d70-b30c-26ffe9218656 1.319s
2025-04-03 09:10:21.935 69122 INFO tempest.lib.common.rest_client [req-33fdca10-3533-4422-993a-7067e3ebbc92 req-33fdca10-3533-4422-993a-7067e3ebbc92 ] Request (ServerActionsTestJSON:setUpClass): 201 POST http://10.180.1.21/identity/v3/auth/tokens 0.068s
2025-04-03 09:10:21.935 69122 INFO tempest.lib.common.fixed_network [-] (ServerActionsTestJSON:setUpClass) Found network {'id': '2ad65ae6-e96d-418b-8904-1b8c899626b0', 'name': 'tempest-ServerActionsTestJSON-1659419657-network', 'tenant_id': '4b74621381dc4bbca8fea1513bfe56e2', 'admin_state_up': True, 'mtu': 8950, 'status': 'ACTIVE', 'subnets': [], 'shared': False, 'project_id': '4b74621381dc4bbca8fea1513bfe56e2', 'port_security_enabled': True, 'router:external': False, 'provider:network_type': 'vlan', 'provider:physical_network': 'default', 'provider:segmentation_id': 281, 'availability_zone_hints': [], 'availability_zones': [], 'ipv4_address_scope': None, 'ipv6_address_scope': None, 'description': '', 'tags': [], 'created_at': '2025-04-03T09:10:14Z', 'updated_at': '2025-04-03T09:10:14Z', 'revision_number': 1} available for tenant
2025-04-03 09:10:21.941 69162 INFO tempest.lib.common.rest_client [req-1b42fd7a-ad7f-487c-bb31-bf2e47a95776 req-1b42fd7a-ad7f-487c-bb31-bf2e47a95776 ] Request (HypervisorAdminNegativeUnderV252Test:setUpClass): 201 POST http://10.180.1.21/identity/v3/auth/tokens 0.098s
2025-04-03 09:10:21.975 69148 INFO tempest.lib.common.rest_client [req-1390b329-9af2-4f87-b164-38fc6bdde733 req-1390b329-9af2-4f87-b164-38fc6bdde733 ] Request (ImagesNegativeTestJSON:tearDownClass): 204 DELETE http://10.180.1.21:9696/networking/v2.0/networks/d49fe243-224a-4d20-9f7e-647b352f4cef 0.335s
2025-04-03 09:10:22.054 69180 INFO tempest.lib.common.rest_client [req-05e4f4d3-b035-4ac3-b5fc-7a47ba0cb4b2 req-05e4f4d3-b035-4ac3-b5fc-7a47ba0cb4b2 ] Request (ServerDiagnosticsV248Test:tearDownClass): 200 GET http://10.180.1.21/compute/v2.1/servers/c655bd28-92e0-4c56-80dd-3b8c7d84ad1c 1.362s
