2025-04-03 09:11:09.811 69132 INFO tempest.lib.common.rest_client [req-9f44a936-85ea-4c2c-9cd0-5d84d7efa841 req-9f44a936-85ea-4c2c-9cd0-5d84d7efa841 ] Request (InstanceActionsV221TestJSON:test_get_list_deleted_instance_actions): 200 GET http://10.180.1.21/compute/v2.1/servers/d1b67a95-9fc6-4ce5-9f1d-c0b15a59f77d 0.347s
2025-04-03 09:11:09.872 69136 INFO tempest.lib.common.rest_client [req-ae4fb05f-ed4c-42a8-a6ab-add614cbb45f req-ae4fb05f-ed4c-42a8-a6ab-add614cbb45f ] Request (DeleteServersTestJSON:test_delete_active_server): 200 GET http://10.180.1.21/compute/v2.1/servers/d3dcdc78-f54f-46f0-9e8f-6f2ff8f36e89 0.353s
2025-04-03 09:11:09.877 69180 INFO tempest.lib.common.rest_client [req-b727ac98-5b43-448a-ae6c-9cb2055083eb req-b727ac98-5b43-448a-ae6c-9cb2055083eb ] Request (ServersTestMultiNic:test_verify_duplicate_network_nics): 200 GET http://10.180.1.21/compute/v2.1/servers/10bc35c7-e142-4916-8e91-e4498042c6f3 0.350s
2025-04-03 09:11:09.936 69142 INFO tempest.lib.common.rest_client [req-29455257-9b5a-40c2-bcb3-26615ccc6b86 req-29455257-9b5a-40c2-bcb3-26615ccc6b86 ] Request (SecurityGroupsTestJSON:test_list_security_groups_by_server): 200 GET http://10.180.1.21/compute/v2.1/servers/913f76bd-2cb4-450b-a506-6687ee98cd86 0.354s
2025-04-03 09:11:09.940 69150 INFO tempest.lib.common.rest_client [req-61723766-a9c0-4fb1-975b-887e91e665ef req-61723766-a9c0-4fb1-975b-887e91e665ef ] Request (ServersAdminNegativeTestJSON:test_migrate_server_invalid_state): 200 GET http://10.180.1.21/compute/v2.1/servers/edf23e1c-b030-4fd8-88c6-558707c6fe87 0.368s
2025-04-03 09:11:09.947 69150 INFO tempest.common.waiters [-] State transition "BUILD/None" ==> "BUILD/block_device_mapping" after 51 second wait
2025-04-03 09:11:10.012 69170 INFO tempest.lib.common.rest_client [req-ebcd29ec-8a78-40b4-8e82-1e9a2c01db05 req-ebcd29ec-8a78-40b4-8e82-1e9a2c01db05 ] Request (FloatingIPsAssociationNegativeTestJSON:tearDownClass): 200 GET http://10.180.1.21/compute/v2.1/servers/79b99985-cd62-4b90-9374-9639bec5891c 0.381s
2025-04-03 09:11:10.024 69176 INFO tempest.lib.common.rest_client [req-9fb28c0b-fd24-4da0-af59-1551536c0f0d req-9fb28c0b-fd24-4da0-af59-1551536c0f0d ] Request (ServersListShow298Test:test_list_show_update_rebuild_server_298): 200 GET http://10.180.1.21/compute/v2.1/servers/a5b62cef-6f64-47fc-beb0-aaa1229511b8 0.376s
2025-04-03 09:11:10.039 69130 INFO tempest.lib.common.rest_client [req-7a87b6b1-fb61-462b-97ac-131171683352 req-7a87b6b1-fb61-462b-97ac-131171683352 ] Request (ServerShowV254Test:_run_cleanups): 204 DELETE http://10.180.1.21/compute/v2.1/os-keypairs/tempest-ServerShowV254Test-keypair-708158902 0.349s
2025-04-03 09:11:10.039 69176 INFO tempest.common.waiters [-] State transition "REBUILD/rebuilding" ==> "REBUILD/rebuild_spawning" after 4 second wait
2025-04-03 09:11:10.098 69166 INFO tempest.lib.common.rest_client [req-d565dd7d-6b37-468f-84d7-75648553550d req-d565dd7d-6b37-468f-84d7-75648553550d ] Request (ListServerFiltersTestJSON:tearDownClass): 200 GET http://10.180.1.21/compute/v2.1/servers/8eec0f90-ecd9-4124-ae1b-c533efa09c7d 0.283s
2025-04-03 09:11:10.119 69124 INFO tempest.lib.common.rest_client [req-85478fad-61ad-41ea-a6e6-194ba9b676d4 req-85478fad-61ad-41ea-a6e6-194ba9b676d4 ] Request (ServersAdminTestJSON:test_create_server_with_scheduling_hint): 200 GET http://10.180.1.21/compute/v2.1/servers/b6ce6d33-aebc-420e-afe7-9e0908a2c560 0.250s
2025-04-03 09:11:10.184 69138 INFO tempest.lib.common.rest_client [req-050f0b2a-c68c-476f-86c6-a40478de3e81 req-050f0b2a-c68c-476f-86c6-a40478de3e81 ] Request (FloatingIPsAssociationTestJSON:tearDownClass): 200 GET http://10.180.1.21/compute/v2.1/servers/4f492710-e515-4857-b2a4-71da78617707 0.242s
2025-04-03 09:11:10.248 69182 INFO tempest.lib.common.rest_client [req-ac064d2a-fd47-46a2-b84e-c172d9e4e081 req-ac064d2a-fd47-46a2-b84e-c172d9e4e081 ] Request (ServerRescueTestJSONUnderV235:setUpClass): 200 GET http://10.180.1.21/compute/v2.1/servers/38df7b29-99a7-42a1-8dcd-47bedc72f440 0.216s
2025-04-03 09:11:10.258 69172 INFO tempest.lib.common.rest_client [req-9df471e2-f62c-423c-8a40-d465c59b11b3 req-9df471e2-f62c-423c-8a40-d465c59b11b3 ] Request (ServerActionsV293TestJSON:setUpClass): 200 GET http://10.180.1.21/compute/v2.1/servers/e20d7c2b-7bc9-4656-af23-bde9b48efe1d 0.369s
2025-04-03 09:11:10.335 69130 INFO tempest.lib.common.rest_client [req-b0d52e5b-c7fc-4cd8-96e7-306a6dc173fc req-b0d52e5b-c7fc-4cd8-96e7-306a6dc173fc ] Request (ServerShowV254Test:tearDownClass): 204 DELETE http://10.180.1.21/compute/v2.1/servers/9fe2f914-935a-4a24-9d71-487e7c0a69c7 0.293s
2025-04-03 09:11:10.404 69157 INFO tempest.lib.common.rest_client [req-10617b15-504d-4fc7-a4b6-768ca6b59e5a req-10617b15-504d-4fc7-a4b6-768ca6b59e5a ] Request (ImagesOneServerNegativeTestJSON:_run_cleanups): 200 GET http://10.180.1.21/compute/v2.1/servers/1e3a449b-34b8-4d53-8bcb-6e7aed6668ad 0.276s
2025-04-03 09:11:10.442 69174 INFO tempest.lib.common.rest_client [req-ae0acf17-8bb0-42a9-9718-e4d576331e2b req-ae0acf17-8bb0-42a9-9718-e4d576331e2b ] Request (ServerActionsTestOtherB:setUpClass): 200 GET http://10.180.1.21/compute/v2.1/servers/99f2d44f-e361-466f-998c-f23a2b04bcbf 0.367s
2025-04-03 09:11:10.462 69178 INFO tempest.lib.common.rest_client [req-32312acf-afd5-4862-b085-1ca461c69e25 req-32312acf-afd5-4862-b085-1ca461c69e25 ] Request (ListImageFiltersTestJSON:setUpClass): 200 GET http://10.180.1.21/compute/v2.1/servers/f5251e20-8dda-4d70-b30c-26ffe9218656 0.331s
2025-04-03 09:11:10.495 69158 INFO tempest.lib.common.rest_client [req-7e34f117-8356-4556-8b71-c514c9051295 req-7e34f117-8356-4556-8b71-c514c9051295 ] Request (ImagesOneServerTestJSON:setUpClass): 200 GET http://10.180.1.21/compute/v2.1/servers/7e8a4b8e-7ea7-4a0f-a2c5-7ee91e42b082 0.303s
2025-04-03 09:11:10.519 69162 INFO tempest.lib.common.rest_client [req-077a5986-d77a-40f8-a151-0043e9a0b71b req-077a5986-d77a-40f8-a151-0043e9a0b71b ] Request (ServerAddressesNegativeTestJSON:setUpClass): 200 GET http://10.180.1.21/compute/v2.1/servers/b636f115-b125-4317-915a-d03d85d128aa 0.318s
2025-04-03 09:11:10.568 69130 INFO tempest.lib.common.rest_client [req-dadc2055-3204-444e-98e1-baebe8c9694d req-dadc2055-3204-444e-98e1-baebe8c9694d ] Request (ServerShowV254Test:tearDownClass): 200 GET http://10.180.1.21/compute/v2.1/servers/9fe2f914-935a-4a24-9d71-487e7c0a69c7 0.232s
2025-04-03 09:11:10.576 69122 INFO tempest.lib.common.rest_client [req-d0214a24-c9de-458c-9d5c-3519359e9d6c req-d0214a24-c9de-458c-9d5c-3519359e9d6c ] Request (ServerActionsTestJSON:setUpClass): 200 GET http://10.180.1.21/compute/v2.1/servers/3569d4a2-f210-4a85-bc56-0de724aba1b0 0.232s
2025-04-03 09:11:10.598 69126 INFO tempest.lib.common.rest_client [req-2477560a-edee-4471-889a-c1f64460700a req-2477560a-edee-4471-889a-c1f64460700a ] Request (ImagesTestJSON:test_create_image_from_stopped_server): 200 GET http://10.180.1.21/compute/v2.1/images/b8d07655-06dd-4063-bd05-c45501129535 0.220s
2025-04-03 09:11:10.628 69140 INFO tempest.lib.common.rest_client [req-4fca6249-f339-4272-a2d1-b5994fc93679 req-4fca6249-f339-4272-a2d1-b5994fc93679 ] Request (ServerRescueNegativeTestJSON:setUpClass): 200 GET http://10.180.1.21/compute/v2.1/servers/c4e41c81-3958-4797-84a2-9486ba6278f1 0.086s
2025-04-03 09:11:10.683 69148 INFO tempest.lib.common.rest_client [req-6195f225-3d1d-41d3-8961-9bb6a97f4d5e req-6195f225-3d1d-41d3-8961-9bb6a97f4d5e ] Request (ServersAaction247Test:test_create_backup): 200 GET http://10.180.1.21/compute/v2.1/servers/88b6dbfd-2340-430d-96f5-fbe15e3b654b 0.069s
2025-04-03 09:11:10.731 69134 INFO tempest.lib.common.rest_client [req-4dad28f3-2a1c-4592-9eab-d3663583e281 req-4dad28f3-2a1c-4592-9eab-d3663583e281 ] Request (MigrationsAdminTest:test_list_migrations_in_flavor_resize_situation): 200 GET http://10.180.1.21/compute/v2.1/servers/e7259d4c-9982-4579-a073-484a8fa49264 0.108s
2025-04-03 09:11:10.824 69160 INFO tempest.lib.common.rest_client [req-51b6fcd6-95a3-44c6-922b-c726f46ae8ac req-51b6fcd6-95a3-44c6-922b-c726f46ae8ac ] Request (ServersV294TestFqdnHostnames:setUpClass): 200 GET http://10.180.1.21/compute/v2.1/servers/d09d6489-64ed-44b7-8a61-ee59d6160ba4 0.065s
2025-04-03 09:11:10.902 69132 INFO tempest.lib.common.rest_client [req-efff4606-3da0-4060-bb52-58828b328a19 req-efff4606-3da0-4060-bb52-58828b328a19 ] Request (InstanceActionsV221TestJSON:test_get_list_deleted_instance_actions): 200 GET http://10.180.1.21/compute/v2.1/servers/d1b67a95-9fc6-4ce5-9f1d-c0b15a59f77d 0.075s
2025-04-03 09:11:10.925 69128 INFO tempest.lib.common.rest_client [req-a6c99813-5816-49ce-a47d-f887ca15bd5f req-a6c99813-5816-49ce-a47d-f887ca15bd5f ] Request (ServerAddressesTestJSON:setUpClass): 200 GET http://10.180.1.21/compute/v2.1/servers/7dd75bea-9645-49e0-a518-21659a16022f 0.118s
2025-04-03 09:11:10.953 69136 INFO tempest.lib.common.rest_client [req-c19c4781-c218-4df0-a815-060cf04bbccd req-c19c4781-c218-4df0-a815-060cf04bbccd ] Request (DeleteServersTestJSON:test_delete_active_server): 200 GET http://10.180.1.21/compute/v2.1/servers/d3dcdc78-f54f-46f0-9e8f-6f2ff8f36e89 0.072s
2025-04-03 09:11:10.984 69180 INFO tempest.lib.common.rest_client [req-34eb3d0b-077d-4065-adf1-f11af202c1e0 req-34eb3d0b-077d-4065-adf1-f11af202c1e0 ] Request (ServersTestMultiNic:test_verify_duplicate_network_nics): 200 GET http://10.180.1.21/compute/v2.1/servers/10bc35c7-e142-4916-8e91-e4498042c6f3 0.097s
2025-04-03 09:11:11.008 69142 INFO tempest.lib.common.rest_client [req-3e9a34c4-193f-43d2-8a9a-f5055317d46f req-3e9a34c4-193f-43d2-8a9a-f5055317d46f ] Request (SecurityGroupsTestJSON:test_list_security_groups_by_server): 200 GET http://10.180.1.21/compute/v2.1/servers/913f76bd-2cb4-450b-a506-6687ee98cd86 0.063s
2025-04-03 09:11:11.096 69170 INFO tempest.lib.common.rest_client [req-a7471a89-f33b-460b-a9f4-58c4fa6c6406 req-a7471a89-f33b-460b-a9f4-58c4fa6c6406 ] Request (FloatingIPsAssociationNegativeTestJSON:tearDownClass): 200 GET http://10.180.1.21/compute/v2.1/servers/79b99985-cd62-4b90-9374-9639bec5891c 0.073s
2025-04-03 09:11:11.107 69150 INFO tempest.lib.common.rest_client [req-ef70e672-6e04-4ac0-a389-ecfc1f6391b8 req-ef70e672-6e04-4ac0-a389-ecfc1f6391b8 ] Request (ServersAdminNegativeTestJSON:test_migrate_server_invalid_state): 200 GET http://10.180.1.21/compute/v2.1/servers/edf23e1c-b030-4fd8-88c6-558707c6fe87 0.159s
2025-04-03 09:11:11.115 69150 INFO tempest.common.waiters [-] State transition "BUILD/block_device_mapping" ==> "BUILD/spawning" after 53 second wait
2025-04-03 09:11:11.176 69166 INFO tempest.lib.common.rest_client [req-83dfd0d5-1852-4fc1-98a7-91acb367267a req-83dfd0d5-1852-4fc1-98a7-91acb367267a ] Request (ListServerFiltersTestJSON:tearDownClass): 200 GET http://10.180.1.21/compute/v2.1/servers/8eec0f90-ecd9-4124-ae1b-c533efa09c7d 0.068s
2025-04-03 09:11:11.177 69176 INFO tempest.lib.common.rest_client [req-8fa21e5a-d09e-4ed1-b7bc-e0f9591b7336 req-8fa21e5a-d09e-4ed1-b7bc-e0f9591b7336 ] Request (ServersListShow298Test:test_list_show_update_rebuild_server_298): 200 GET http://10.180.1.21/compute/v2.1/servers/a5b62cef-6f64-47fc-beb0-aaa1229511b8 0.137s
2025-04-03 09:11:11.183 69166 INFO tempest.common.waiters [-] State transition "ACTIVE/deleting" ==> "DELETED/None" after 4 second wait
2025-04-03 09:11:11.227 69124 INFO tempest.lib.common.rest_client [req-81d6ae04-d988-441f-973e-acb7aff43405 req-81d6ae04-d988-441f-973e-acb7aff43405 ] Request (ServersAdminTestJSON:test_create_server_with_scheduling_hint): 200 GET http://10.180.1.21/compute/v2.1/servers/b6ce6d33-aebc-420e-afe7-9e0908a2c560 0.101s
2025-04-03 09:11:11.250 69138 INFO tempest.lib.common.rest_client [req-91e053b9-d176-4aa8-aa4f-02cf3a55d131 req-91e053b9-d176-4aa8-aa4f-02cf3a55d131 ] Request (FloatingIPsAssociationTestJSON:tearDownClass): 200 GET http://10.180.1.21/compute/v2.1/servers/4f492710-e515-4857-b2a4-71da78617707 0.058s
2025-04-03 09:11:11.315 69182 INFO tempest.lib.common.rest_client [req-35995ea0-2fb1-42c7-8028-1b60911af9f6 req-35995ea0-2fb1-42c7-8028-1b60911af9f6 ] Request (ServerRescueTestJSONUnderV235:setUpClass): 200 GET http://10.180.1.21/compute/v2.1/servers/38df7b29-99a7-42a1-8dcd-47bedc72f440 0.057s
2025-04-03 09:11:11.381 69172 INFO tempest.lib.common.rest_client [req-eef6f056-387d-472e-8cd0-595e0a776031 req-eef6f056-387d-472e-8cd0-595e0a776031 ] Request (ServerActionsV293TestJSON:setUpClass): 200 GET http://10.180.1.21/compute/v2.1/servers/e20d7c2b-7bc9-4656-af23-bde9b48efe1d 0.112s
2025-04-03 09:11:11.471 69157 INFO tempest.lib.common.rest_client [req-f1707f26-5489-4ba6-b2f1-8cbdfa6a0949 req-f1707f26-5489-4ba6-b2f1-8cbdfa6a0949 ] Request (ImagesOneServerNegativeTestJSON:_run_cleanups): 200 GET http://10.180.1.21/compute/v2.1/servers/1e3a449b-34b8-4d53-8bcb-6e7aed6668ad 0.059s
2025-04-03 09:11:11.526 69178 INFO tempest.lib.common.rest_client [req-252d4c8c-b8eb-4724-a2c6-57e3d96f9d14 req-252d4c8c-b8eb-4724-a2c6-57e3d96f9d14 ] Request (ListImageFiltersTestJSON:setUpClass): 200 GET http://10.180.1.21/compute/v2.1/servers/f5251e20-8dda-4d70-b30c-26ffe9218656 0.055s
2025-04-03 09:11:11.591 69158 INFO tempest.lib.common.rest_client [req-001dd6f1-449c-480a-8457-606ed5f7680a req-001dd6f1-449c-480a-8457-606ed5f7680a ] Request (ImagesOneServerTestJSON:setUpClass): 200 GET http://10.180.1.21/compute/v2.1/servers/7e8a4b8e-7ea7-4a0f-a2c5-7ee91e42b082 0.088s
2025-04-03 09:11:11.600 69174 INFO tempest.lib.common.rest_client [req-7aa0410e-f4b4-40a6-a0b3-441cec6d5c28 req-7aa0410e-f4b4-40a6-a0b3-441cec6d5c28 ] Request (ServerActionsTestOtherB:setUpClass): 200 GET http://10.180.1.21/compute/v2.1/servers/99f2d44f-e361-466f-998c-f23a2b04bcbf 0.149s
2025-04-03 09:11:11.650 69162 INFO tempest.lib.common.rest_client [req-875bdde1-0b19-4bea-85cf-904980175d10 req-875bdde1-0b19-4bea-85cf-904980175d10 ] Request (ServerAddressesNegativeTestJSON:setUpClass): 200 GET http://10.180.1.21/compute/v2.1/servers/b636f115-b125-4317-915a-d03d85d128aa 0.122s
2025-04-03 09:11:11.673 69130 INFO tempest.lib.common.rest_client [req-942461d0-7c76-4066-8727-b035ac135b6d req-942461d0-7c76-4066-8727-b035ac135b6d ] Request (ServerShowV254Test:tearDownClass): 200 GET http://10.180.1.21/compute/v2.1/servers/9fe2f914-935a-4a24-9d71-487e7c0a69c7 0.091s
2025-04-03 09:11:11.713 69126 INFO tempest.lib.common.rest_client [req-892a636e-a62b-4013-8c45-b959045dfcd1 req-892a636e-a62b-4013-8c45-b959045dfcd1 ] Request (ImagesTestJSON:test_create_image_from_stopped_server): 200 GET http://10.180.1.21/compute/v2.1/images/b8d07655-06dd-4063-bd05-c45501129535 0.110s
2025-04-03 09:11:11.717 69122 INFO tempest.lib.common.rest_client [req-00eb0acb-5e8c-4b35-832e-9f42ede40538 req-00eb0acb-5e8c-4b35-832e-9f42ede40538 ] Request (ServerActionsTestJSON:setUpClass): 200 GET http://10.180.1.21/compute/v2.1/servers/3569d4a2-f210-4a85-bc56-0de724aba1b0 0.131s
2025-04-03 09:11:11.788 69140 INFO tempest.lib.common.rest_client [req-16208fae-89f6-4bbb-93e8-26ed5d1ba4ca req-16208fae-89f6-4bbb-93e8-26ed5d1ba4ca ] Request (ServerRescueNegativeTestJSON:setUpClass): 200 GET http://10.180.1.21/compute/v2.1/servers/c4e41c81-3958-4797-84a2-9486ba6278f1 0.148s
2025-04-03 09:11:11.796 69148 INFO tempest.lib.common.rest_client [req-68cf5e11-fdc6-4d21-b6d9-6e56c9879a8b req-68cf5e11-fdc6-4d21-b6d9-6e56c9879a8b ] Request (ServersAaction247Test:test_create_backup): 200 GET http://10.180.1.21/compute/v2.1/servers/88b6dbfd-2340-430d-96f5-fbe15e3b654b 0.101s
2025-04-03 09:11:11.904 69160 INFO tempest.lib.common.rest_client [req-1437709e-389b-4bf0-81fe-ac802fe8f808 req-1437709e-389b-4bf0-81fe-ac802fe8f808 ] Request (ServersV294TestFqdnHostnames:setUpClass): 200 GET http://10.180.1.21/compute/v2.1/servers/d09d6489-64ed-44b7-8a61-ee59d6160ba4 0.066s
2025-04-03 09:11:11.914 69134 INFO tempest.lib.common.rest_client [req-4b278ef6-a6d9-4b04-aeb0-1f14049a1b64 req-4b278ef6-a6d9-4b04-aeb0-1f14049a1b64 ] Request (MigrationsAdminTest:test_list_migrations_in_flavor_resize_situation): 200 GET http://10.180.1.21/compute/v2.1/servers/e7259d4c-9982-4579-a073-484a8fa49264 0.174s
2025-04-03 09:11:11.984 69132 INFO tempest.lib.common.rest_client [req-0675a055-e910-4cf4-a945-696b22334ed3 req-0675a055-e910-4cf4-a945-696b22334ed3 ] Request (InstanceActionsV221TestJSON:test_get_list_deleted_instance_actions): 200 GET http://10.180.1.21/compute/v2.1/servers/d1b67a95-9fc6-4ce5-9f1d-c0b15a59f77d 0.071s
2025-04-03 09:11:12.065 69136 INFO tempest.lib.common.rest_client [req-e576e147-2ec3-402e-981c-1e9af997a8b5 req-e576e147-2ec3-402e-981c-1e9af997a8b5 ] Request (DeleteServersTestJSON:test_delete_active_server): 200 GET http://10.180.1.21/compute/v2.1/servers/d3dcdc78-f54f-46f0-9e8f-6f2ff8f36e89 0.102s
2025-04-03 09:11:12.089 69128 INFO tempest.lib.common.rest_client [req-317d7b28-e0e3-4d00-827a-eabef1c7b026 req-317d7b28-e0e3-4d00-827a-eabef1c7b026 ] Request (ServerAddressesTestJSON:setUpClass): 200 GET http://10.180.1.21/compute/v2.1/servers/7dd75bea-9645-49e0-a518-21659a16022f 0.157s
2025-04-03 09:11:12.125 69180 INFO tempest.lib.common.rest_client [req-a985b07f-ed63-404b-890f-c9d07b5c3c0a req-a985b07f-ed63-404b-890f-c9d07b5c3c0a ] Request (ServersTestMultiNic:test_verify_duplicate_network_nics): 200 GET http://10.180.1.21/compute/v2.1/servers/10bc35c7-e142-4916-8e91-e4498042c6f3 0.132s
2025-04-03 09:11:12.145 69170 INFO tempest.lib.common.rest_client [req-6d770f02-3c75-4fa7-aa1a-b4a4e93cfbda req-6d770f02-3c75-4fa7-aa1a-b4a4e93cfbda ] Request (FloatingIPsAssociationNegativeTestJSON:tearDownClass): 404 GET http://10.180.1.21/compute/v2.1/servers/79b99985-cd62-4b90-9374-9639bec5891c 0.042s
2025-04-03 09:11:12.147 69142 INFO tempest.lib.common.rest_client [req-fab85ba9-c05c-49bb-8d87-05f9eb313ee4 req-fab85ba9-c05c-49bb-8d87-05f9eb313ee4 ] Request (SecurityGroupsTestJSON:test_list_security_groups_by_server): 200 GET http://10.180.1.21/compute/v2.1/servers/913f76bd-2cb4-450b-a506-6687ee98cd86 0.130s
2025-04-03 09:11:12.283 69166 INFO tempest.lib.common.rest_client [req-9736d326-d1bc-4f4e-80cf-63f118530e85 req-9736d326-d1bc-4f4e-80cf-63f118530e85 ] Request (ListServerFiltersTestJSON:tearDownClass): 200 GET http://10.180.1.21/compute/v2.1/servers/8eec0f90-ecd9-4124-ae1b-c533efa09c7d 0.098s
2025-04-03 09:11:12.303 69150 INFO tempest.lib.common.rest_client [req-97a7f9cc-601f-40ee-b290-9df2ee6ccf8e req-97a7f9cc-601f-40ee-b290-9df2ee6ccf8e ] Request (ServersAdminNegativeTestJSON:test_migrate_server_invalid_state): 200 GET http://10.180.1.21/compute/v2.1/servers/edf23e1c-b030-4fd8-88c6-558707c6fe87 0.187s
2025-04-03 09:11:12.350 69176 INFO tempest.lib.common.rest_client [req-c99bb277-0f50-4299-9117-f359541d3cbb req-c99bb277-0f50-4299-9117-f359541d3cbb ] Request (ServersListShow298Test:test_list_show_update_rebuild_server_298): 200 GET http://10.180.1.21/compute/v2.1/servers/a5b62cef-6f64-47fc-beb0-aaa1229511b8 0.158s
2025-04-03 09:11:12.365 69124 INFO tempest.lib.common.rest_client [req-c311083e-3a4e-4024-ad65-71fdd13bb9b2 req-c311083e-3a4e-4024-ad65-71fdd13bb9b2 ] Request (ServersAdminTestJSON:test_create_server_with_scheduling_hint): 200 GET http://10.180.1.21/compute/v2.1/servers/b6ce6d33-aebc-420e-afe7-9e0908a2c560 0.130s
2025-04-03 09:11:12.431 69138 INFO tempest.lib.common.rest_client [req-66807646-b015-4c66-bcd6-8661d118f464 req-66807646-b015-4c66-bcd6-8661d118f464 ] Request (FloatingIPsAssociationTestJSON:tearDownClass): 200 GET http://10.180.1.21/compute/v2.1/servers/4f492710-e515-4857-b2a4-71da78617707 0.173s
2025-04-03 09:11:12.445 69154 WARNING tempest.lib.common.ssh [-] Failed to establish authenticated ssh connection to cirros@10.180.180.198 ([Errno None] Unable to connect to port 22 on 10.180.180.198). Number attempts: 2. Retry after 3 seconds.: paramiko.ssh_exception.NoValidConnectionsError: [Errno None] Unable to connect to port 22 on 10.180.180.198
2025-04-03 09:11:12.449 69182 INFO tempest.lib.common.rest_client [req-e1d65c61-7f3f-4545-941e-7476cbb62dc9 req-e1d65c61-7f3f-4545-941e-7476cbb62dc9 ] Request (ServerRescueTestJSONUnderV235:setUpClass): 200 GET http://10.180.1.21/compute/v2.1/servers/38df7b29-99a7-42a1-8dcd-47bedc72f440 0.121s
2025-04-03 09:11:12.536 69172 INFO tempest.lib.common.rest_client [req-9b38cd14-9c07-4d0d-aa13-12733dcd8251 req-9b38cd14-9c07-4d0d-aa13-12733dcd8251 ] Request (ServerActionsV293TestJSON:setUpClass): 200 GET http://10.180.1.21/compute/v2.1/servers/e20d7c2b-7bc9-4656-af23-bde9b48efe1d 0.145s
2025-04-03 09:11:12.548 69172 INFO tempest.common.waiters [-] State transition "BUILD/spawning" ==> "ACTIVE/None" after 63 second wait
2025-04-03 09:11:12.555 69157 INFO tempest.lib.common.rest_client [req-4b02af00-00ed-439f-a1c6-c22056b53594 req-4b02af00-00ed-439f-a1c6-c22056b53594 ] Request (ImagesOneServerNegativeTestJSON:_run_cleanups): 200 GET http://10.180.1.21/compute/v2.1/servers/1e3a449b-34b8-4d53-8bcb-6e7aed6668ad 0.072s
2025-04-03 09:11:12.595 69178 INFO tempest.lib.common.rest_client [req-e30862e7-eb84-4db7-9813-9f007519485d req-e30862e7-eb84-4db7-9813-9f007519485d ] Request (ListImageFiltersTestJSON:setUpClass): 200 GET http://10.180.1.21/compute/v2.1/servers/f5251e20-8dda-4d70-b30c-26ffe9218656 0.061s
2025-04-03 09:11:12.632 69172 INFO tempest.lib.common.rest_client [req-7ccd4a9d-9fd9-4522-b865-15a6d149c5e2 req-7ccd4a9d-9fd9-4522-b865-15a6d149c5e2 ] Request (ServerActionsV293TestJSON:setUpClass): 200 GET http://10.180.1.21/compute/v2.1/servers/e20d7c2b-7bc9-4656-af23-bde9b48efe1d/os-interface 0.083s
2025-04-03 09:11:12.683 69158 INFO tempest.lib.common.rest_client [req-fbb98949-790e-400a-abf0-2f29b3b89dea req-fbb98949-790e-400a-abf0-2f29b3b89dea ] Request (ImagesOneServerTestJSON:setUpClass): 200 GET http://10.180.1.21/compute/v2.1/servers/7e8a4b8e-7ea7-4a0f-a2c5-7ee91e42b082 0.084s
2025-04-03 09:11:12.756 69162 INFO tempest.lib.common.rest_client [req-790fc806-ae05-4ad2-90bd-d6d349044b37 req-790fc806-ae05-4ad2-90bd-d6d349044b37 ] Request (ServerAddressesNegativeTestJSON:setUpClass): 200 GET http://10.180.1.21/compute/v2.1/servers/b636f115-b125-4317-915a-d03d85d128aa 0.095s
2025-04-03 09:11:12.822 69174 INFO tempest.lib.common.rest_client [req-d8c78512-0d67-4063-bf20-59a8198f9d9c req-d8c78512-0d67-4063-bf20-59a8198f9d9c ] Request (ServerActionsTestOtherB:setUpClass): 200 GET http://10.180.1.21/compute/v2.1/servers/99f2d44f-e361-466f-998c-f23a2b04bcbf 0.213s
2025-04-03 09:11:12.839 69130 INFO tempest.lib.common.rest_client [req-e3621e1e-57d8-4a8a-ad56-84fb03703e91 req-e3621e1e-57d8-4a8a-ad56-84fb03703e91 ] Request (ServerShowV254Test:tearDownClass): 200 GET http://10.180.1.21/compute/v2.1/servers/9fe2f914-935a-4a24-9d71-487e7c0a69c7 0.156s
2025-04-03 09:11:12.883 69126 INFO tempest.lib.common.rest_client [req-aaa2d32e-be6e-4bc3-953e-851442838e51 req-aaa2d32e-be6e-4bc3-953e-851442838e51 ] Request (ImagesTestJSON:test_create_image_from_stopped_server): 200 GET http://10.180.1.21/compute/v2.1/images/b8d07655-06dd-4063-bd05-c45501129535 0.165s
2025-04-03 09:11:12.924 69122 INFO tempest.lib.common.rest_client [req-f746c17b-4267-4194-a196-1153666b2310 req-f746c17b-4267-4194-a196-1153666b2310 ] Request (ServerActionsTestJSON:setUpClass): 200 GET http://10.180.1.21/compute/v2.1/servers/3569d4a2-f210-4a85-bc56-0de724aba1b0 0.197s
2025-04-03 09:11:12.954 69140 INFO tempest.lib.common.rest_client [req-43c2b816-4e2e-4fa7-be7c-1255a0dd5cf0 req-43c2b816-4e2e-4fa7-be7c-1255a0dd5cf0 ] Request (ServerRescueNegativeTestJSON:setUpClass): 200 GET http://10.180.1.21/compute/v2.1/servers/c4e41c81-3958-4797-84a2-9486ba6278f1 0.158s
2025-04-03 09:11:12.978 69148 INFO tempest.lib.common.rest_client [req-a4c54c0b-7372-4e35-bd62-26de37ee4c27 req-a4c54c0b-7372-4e35-bd62-26de37ee4c27 ] Request (ServersAaction247Test:test_create_backup): 200 GET http://10.180.1.21/compute/v2.1/servers/88b6dbfd-2340-430d-96f5-fbe15e3b654b 0.172s
2025-04-03 09:11:13.019 69160 INFO tempest.lib.common.rest_client [req-8df814f2-2081-4c44-a01e-d6b9f4972e51 req-8df814f2-2081-4c44-a01e-d6b9f4972e51 ] Request (ServersV294TestFqdnHostnames:setUpClass): 200 GET http://10.180.1.21/compute/v2.1/servers/d09d6489-64ed-44b7-8a61-ee59d6160ba4 0.103s
2025-04-03 09:11:13.076 69170 INFO tempest.lib.common.rest_client [req-7c2a17ec-d8fd-4e15-b8df-b812149529cf req-7c2a17ec-d8fd-4e15-b8df-b812149529cf ] Request (FloatingIPsAssociationNegativeTestJSON:tearDownClass): 200 PUT http://10.180.1.21:9696/networking/v2.0/routers/0b6532f3-8293-416a-ab68-b793d35fc70d/remove_router_interface 0.930s
2025-04-03 09:11:13.340 69132 INFO tempest.lib.common.rest_client [req-86b4b939-34bd-4859-872c-2bb2603a6f59 req-86b4b939-34bd-4859-872c-2bb2603a6f59 ] Request (InstanceActionsV221TestJSON:test_get_list_deleted_instance_actions): 200 GET http://10.180.1.21/compute/v2.1/servers/d1b67a95-9fc6-4ce5-9f1d-c0b15a59f77d 0.338s
2025-04-03 09:11:13.423 69170 INFO tempest.lib.common.rest_client [req-414a2764-0aba-4f35-9d0f-3564932535b1 req-414a2764-0aba-4f35-9d0f-3564932535b1 ] Request (FloatingIPsAssociationNegativeTestJSON:tearDownClass): 204 DELETE http://10.180.1.21:9696/networking/v2.0/routers/0b6532f3-8293-416a-ab68-b793d35fc70d 0.346s
2025-04-03 09:11:13.436 69136 INFO tempest.lib.common.rest_client [req-61d6e598-55ad-49ea-a9a9-311fc0dfd87f req-61d6e598-55ad-49ea-a9a9-311fc0dfd87f ] Request (DeleteServersTestJSON:test_delete_active_server): 200 GET http://10.180.1.21/compute/v2.1/servers/d3dcdc78-f54f-46f0-9e8f-6f2ff8f36e89 0.356s
2025-04-03 09:11:13.527 69134 INFO tempest.lib.common.rest_client [req-e7fd9161-6270-40d7-acc2-214ef5b1aa11 req-e7fd9161-6270-40d7-acc2-214ef5b1aa11 ] Request (MigrationsAdminTest:test_list_migrations_in_flavor_resize_situation): 200 GET http://10.180.1.21/compute/v2.1/servers/e7259d4c-9982-4579-a073-484a8fa49264 0.601s
2025-04-03 09:11:13.543 69170 INFO tempest.lib.common.rest_client [req-50b2310e-bfc6-435b-b680-46466ccc175a req-50b2310e-bfc6-435b-b680-46466ccc175a ] Request (FloatingIPsAssociationNegativeTestJSON:tearDownClass): 204 DELETE http://10.180.1.21:9696/networking/v2.0/subnets/fb67429d-470e-4feb-9e7d-d57f61437c9f 0.120s
2025-04-03 09:11:13.594 69180 INFO tempest.lib.common.rest_client [req-be9bf088-a121-4292-b3ee-aaececa716f5 req-be9bf088-a121-4292-b3ee-aaececa716f5 ] Request (ServersTestMultiNic:test_verify_duplicate_network_nics): 200 GET http://10.180.1.21/compute/v2.1/servers/10bc35c7-e142-4916-8e91-e4498042c6f3 0.462s
2025-04-03 09:11:13.654 69142 INFO tempest.lib.common.rest_client [req-0317d418-114a-4f8b-b052-ecde85d61822 req-0317d418-114a-4f8b-b052-ecde85d61822 ] Request (SecurityGroupsTestJSON:test_list_security_groups_by_server): 200 GET http://10.180.1.21/compute/v2.1/servers/913f76bd-2cb4-450b-a506-6687ee98cd86 0.499s
2025-04-03 09:11:13.709 69128 INFO tempest.lib.common.rest_client [req-31c6f88a-8894-45e3-b8d6-55a3282a387e req-31c6f88a-8894-45e3-b8d6-55a3282a387e ] Request (ServerAddressesTestJSON:setUpClass): 200 GET http://10.180.1.21/compute/v2.1/servers/7dd75bea-9645-49e0-a518-21659a16022f 0.612s
2025-04-03 09:11:13.741 69166 INFO tempest.lib.common.rest_client [req-c2a7475d-409f-4df0-bfb9-01218b29dbbf req-c2a7475d-409f-4df0-bfb9-01218b29dbbf ] Request (ListServerFiltersTestJSON:tearDownClass): 200 GET http://10.180.1.21/compute/v2.1/servers/8eec0f90-ecd9-4124-ae1b-c533efa09c7d 0.448s
2025-04-03 09:11:13.778 69170 INFO tempest.lib.common.rest_client [req-9c167800-2749-4d5c-989e-a4066b3571c0 req-9c167800-2749-4d5c-989e-a4066b3571c0 ] Request (FloatingIPsAssociationNegativeTestJSON:tearDownClass): 204 DELETE http://10.180.1.21:9696/networking/v2.0/networks/9d2f2eeb-d0e9-45ca-b26d-946969cfc477 0.235s
2025-04-03 09:11:13.834 69176 INFO tempest.lib.common.rest_client [req-e69f1d1a-935c-43d4-8dd6-77dc9c89f457 req-e69f1d1a-935c-43d4-8dd6-77dc9c89f457 ] Request (ServersListShow298Test:test_list_show_update_rebuild_server_298): 200 GET http://10.180.1.21/compute/v2.1/servers/a5b62cef-6f64-47fc-beb0-aaa1229511b8 0.471s
2025-04-03 09:11:13.864 69150 INFO tempest.lib.common.rest_client [req-1131ea29-a73d-44fe-ac4a-aec6d1bb49ab req-1131ea29-a73d-44fe-ac4a-aec6d1bb49ab ] Request (ServersAdminNegativeTestJSON:test_migrate_server_invalid_state): 200 GET http://10.180.1.21/compute/v2.1/servers/edf23e1c-b030-4fd8-88c6-558707c6fe87 0.549s
2025-04-03 09:11:13.898 69124 INFO tempest.lib.common.rest_client [req-f455f5e9-07a7-471d-b8c7-0c43a4a5a4c4 req-f455f5e9-07a7-471d-b8c7-0c43a4a5a4c4 ] Request (ServersAdminTestJSON:test_create_server_with_scheduling_hint): 200 GET http://10.180.1.21/compute/v2.1/servers/b6ce6d33-aebc-420e-afe7-9e0908a2c560 0.519s
2025-04-03 09:11:13.898 69172 INFO tempest.lib.common.rest_client [req-93f32b07-31e0-49fa-97c7-c89acedb913a req-93f32b07-31e0-49fa-97c7-c89acedb913a ] Request (ServerActionsV293TestJSON:setUpClass): 200 PUT http://10.180.1.21:9696/networking/v2.0/floatingips/db64a512-8a0e-4f4e-badb-13b88f8d0d22 1.264s
2025-04-03 09:11:13.928 69170 INFO tempest.lib.common.rest_client [req-cd2c5b94-622c-4564-b0d6-e1a19461cf2b req-cd2c5b94-622c-4564-b0d6-e1a19461cf2b ] Request (FloatingIPsAssociationNegativeTestJSON:tearDownClass): 204 DELETE http://10.180.1.21/identity/v3/users/9c1bf2f9b56848febbbab4e8395c2789 0.149s
2025-04-03 09:11:13.929 69170 INFO tempest.lib.common.dynamic_creds [-] Deleting project and security group for project: 5531063a7993403488af3de74365a802
2025-04-03 09:11:13.938 69138 INFO tempest.lib.common.rest_client [req-185a67d9-55d1-48c8-9f19-56c7ddacf003 req-185a67d9-55d1-48c8-9f19-56c7ddacf003 ] Request (FloatingIPsAssociationTestJSON:tearDownClass): 200 GET http://10.180.1.21/compute/v2.1/servers/4f492710-e515-4857-b2a4-71da78617707 0.497s
2025-04-03 09:11:13.965 69182 INFO tempest.lib.common.rest_client [req-c126b148-c908-416a-a645-ae7094b7ac99 req-c126b148-c908-416a-a645-ae7094b7ac99 ] Request (ServerRescueTestJSONUnderV235:setUpClass): 200 GET http://10.180.1.21/compute/v2.1/servers/38df7b29-99a7-42a1-8dcd-47bedc72f440 0.506s
2025-04-03 09:11:13.969 69170 INFO tempest.lib.common.rest_client [req-586ff10c-b181-406a-9df4-5b292f809638 req-586ff10c-b181-406a-9df4-5b292f809638 ] Request (FloatingIPsAssociationNegativeTestJSON:tearDownClass): 200 GET http://10.180.1.21:9696/networking/v2.0/security-groups?tenant_id=5531063a7993403488af3de74365a802&name=default 0.040s
2025-04-03 09:11:14.039 69178 INFO tempest.lib.common.rest_client [req-29f50feb-c631-470b-94cd-4f4fbfc8676b req-29f50feb-c631-470b-94cd-4f4fbfc8676b ] Request (ListImageFiltersTestJSON:setUpClass): 200 GET http://10.180.1.21/compute/v2.1/servers/f5251e20-8dda-4d70-b30c-26ffe9218656 0.433s
2025-04-03 09:11:14.047 69157 INFO tempest.lib.common.rest_client [req-adba7f2f-69d1-4b68-9788-a0f2165bfef6 req-adba7f2f-69d1-4b68-9788-a0f2165bfef6 ] Request (ImagesOneServerNegativeTestJSON:_run_cleanups): 200 GET http://10.180.1.21/compute/v2.1/servers/1e3a449b-34b8-4d53-8bcb-6e7aed6668ad 0.483s
2025-04-03 09:11:14.098 69158 INFO tempest.lib.common.rest_client [req-45c652fa-ddcc-473f-aa2d-35a3869be6a9 req-45c652fa-ddcc-473f-aa2d-35a3869be6a9 ] Request (ImagesOneServerTestJSON:setUpClass): 200 GET http://10.180.1.21/compute/v2.1/servers/7e8a4b8e-7ea7-4a0f-a2c5-7ee91e42b082 0.407s
2025-04-03 09:11:14.104 69158 INFO tempest.common.waiters [-] State transition "BUILD/scheduling" ==> "BUILD/None" after 46 second wait
2025-04-03 09:11:14.116 69170 INFO tempest.lib.common.rest_client [req-782c5341-2739-4440-8013-c6b542788a92 req-782c5341-2739-4440-8013-c6b542788a92 ] Request (FloatingIPsAssociationNegativeTestJSON:tearDownClass): 204 DELETE http://10.180.1.21:9696/networking/v2.0/security-groups/bb500661-b961-49b3-b67d-a6380c54f7d9 0.146s
2025-04-03 09:11:14.121 69162 INFO tempest.lib.common.rest_client [req-ecda51b4-2bd0-402d-8aec-c410cd7a503c req-ecda51b4-2bd0-402d-8aec-c410cd7a503c ] Request (ServerAddressesNegativeTestJSON:setUpClass): 200 GET http://10.180.1.21/compute/v2.1/servers/b636f115-b125-4317-915a-d03d85d128aa 0.352s
2025-04-03 09:11:14.190 69130 INFO tempest.lib.common.rest_client [req-c8f0f376-0cd7-425c-b184-4dcf03bbe04f req-c8f0f376-0cd7-425c-b184-4dcf03bbe04f ] Request (ServerShowV254Test:tearDownClass): 200 GET http://10.180.1.21/compute/v2.1/servers/9fe2f914-935a-4a24-9d71-487e7c0a69c7 0.338s
2025-04-03 09:11:14.230 69126 INFO tempest.lib.common.rest_client [req-3bd45e88-020c-4678-960c-9a19bf8b824e req-3bd45e88-020c-4678-960c-9a19bf8b824e ] Request (ImagesTestJSON:test_create_image_from_stopped_server): 200 GET http://10.180.1.21/compute/v2.1/images/b8d07655-06dd-4063-bd05-c45501129535 0.343s
2025-04-03 09:11:14.237 69174 INFO tempest.lib.common.rest_client [req-f9c8293d-228c-4e1e-89d6-d7b8b30bf18d req-f9c8293d-228c-4e1e-89d6-d7b8b30bf18d ] Request (ServerActionsTestOtherB:setUpClass): 200 GET http://10.180.1.21/compute/v2.1/servers/99f2d44f-e361-466f-998c-f23a2b04bcbf 0.400s
2025-04-03 09:11:14.255 69170 INFO tempest.lib.common.rest_client [req-c8411323-3a37-4dcd-8359-8318f715a471 req-c8411323-3a37-4dcd-8359-8318f715a471 ] Request (FloatingIPsAssociationNegativeTestJSON:tearDownClass): 204 DELETE http://10.180.1.21/identity/v3/projects/5531063a7993403488af3de74365a802 0.139s
2025-04-03 09:11:14.306 69122 INFO tempest.lib.common.rest_client [req-cd5ffbba-0e93-46e9-b092-3e9378e595af req-cd5ffbba-0e93-46e9-b092-3e9378e595af ] Request (ServerActionsTestJSON:setUpClass): 200 GET http://10.180.1.21/compute/v2.1/servers/3569d4a2-f210-4a85-bc56-0de724aba1b0 0.374s
2025-04-03 09:11:14.324 69170 INFO tempest.lib.common.rest_client [req-1e1f0e47-98ea-4edd-b51c-5a46c5aee3ac req-1e1f0e47-98ea-4edd-b51c-5a46c5aee3ac ] Request (AttachInterfacesTestJSON:setUpClass): 201 POST http://10.180.1.21/identity/v3/auth/tokens 0.067s
2025-04-03 09:11:14.364 69170 INFO tempest.lib.common.rest_client [req-191b3181-0e0b-4abe-a819-10868b8c9910 req-191b3181-0e0b-4abe-a819-10868b8c9910 ] Request (AttachInterfacesTestJSON:setUpClass): 201 POST http://10.180.1.21/identity/v3/auth/tokens 0.034s
2025-04-03 09:11:14.373 69140 INFO tempest.lib.common.rest_client [req-49bdeeb5-27f2-4b7e-8fef-a4bfe48e1418 req-49bdeeb5-27f2-4b7e-8fef-a4bfe48e1418 ] Request (ServerRescueNegativeTestJSON:setUpClass): 200 GET http://10.180.1.21/compute/v2.1/servers/c4e41c81-3958-4797-84a2-9486ba6278f1 0.411s
2025-04-03 09:11:14.395 69170 INFO tempest.lib.common.rest_client [req-cbd040eb-9cc0-4527-80bb-ddd944756923 req-cbd040eb-9cc0-4527-80bb-ddd944756923 ] Request (AttachInterfacesTestJSON:setUpClass): 200 GET http://10.180.1.21/identity/v3/domains?name=Default 0.031s
2025-04-03 09:11:14.409 69172 INFO tempest.lib.common.rest_client [req-a07debca-9cea-44ca-a496-43bfac207c93 req-a07debca-9cea-44ca-a496-43bfac207c93 ] Request (ServerActionsV293TestJSON:test_rebuild_volume_backed_server): 200 GET http://10.180.1.21/compute/v2.1/servers/e20d7c2b-7bc9-4656-af23-bde9b48efe1d 0.509s
2025-04-03 09:11:14.433 69170 INFO tempest.lib.common.rest_client [req-0a1b4da9-c885-40b8-acf7-5446b503338f req-0a1b4da9-c885-40b8-acf7-5446b503338f ] Request (AttachInterfacesTestJSON:setUpClass): 201 POST http://10.180.1.21/identity/v3/projects 0.036s
2025-04-03 09:11:14.441 69148 INFO tempest.lib.common.rest_client [req-5450e3e2-43e6-436c-b651-35e16ffc4f1f req-5450e3e2-43e6-436c-b651-35e16ffc4f1f ] Request (ServersAaction247Test:test_create_backup): 200 GET http://10.180.1.21/compute/v2.1/servers/88b6dbfd-2340-430d-96f5-fbe15e3b654b 0.442s
2025-04-03 09:11:14.475 69172 INFO tempest.lib.common.rest_client [req-7afa078e-8a03-48d4-bef1-0af99720bc67 req-7afa078e-8a03-48d4-bef1-0af99720bc67 ] Request (ServerActionsV293TestJSON:test_rebuild_volume_backed_server): 200 GET http://10.180.1.21/volume/v3/volumes/d5401d39-5629-4626-a03d-061ec02d3c49 0.052s
2025-04-03 09:11:14.483 69172 INFO tempest.lib.common.ssh [-] Creating ssh connection to '10.180.180.235:22' as 'cirros' with public key authentication
2025-04-03 09:11:14.484 69160 INFO tempest.lib.common.rest_client [req-6bc1618b-a9fd-4624-b5bb-63f79a73b8c4 req-6bc1618b-a9fd-4624-b5bb-63f79a73b8c4 ] Request (ServersV294TestFqdnHostnames:setUpClass): 200 GET http://10.180.1.21/compute/v2.1/servers/d09d6489-64ed-44b7-8a61-ee59d6160ba4 0.448s
2025-04-03 09:11:14.508 69132 INFO tempest.lib.common.rest_client [req-19d43f3d-2634-4ab1-b7ea-c22d1f5e75da req-19d43f3d-2634-4ab1-b7ea-c22d1f5e75da ] Request (InstanceActionsV221TestJSON:test_get_list_deleted_instance_actions): 200 GET http://10.180.1.21/compute/v2.1/servers/d1b67a95-9fc6-4ce5-9f1d-c0b15a59f77d 0.149s
2025-04-03 09:11:14.512 69170 INFO tempest.lib.common.rest_client [req-430bdc7e-d502-4b4b-87ef-9aef8286f7b3 req-430bdc7e-d502-4b4b-87ef-9aef8286f7b3 ] Request (AttachInterfacesTestJSON:setUpClass): 201 POST http://10.180.1.21/identity/v3/users 0.079s
2025-04-03 09:11:14.539 69170 INFO tempest.lib.common.rest_client [req-00399b49-38ea-43ef-8219-22ad3e17a332 req-00399b49-38ea-43ef-8219-22ad3e17a332 ] Request (AttachInterfacesTestJSON:setUpClass): 200 GET http://10.180.1.21/identity/v3/roles 0.027s
2025-04-03 09:11:14.551 69136 INFO tempest.lib.common.rest_client [req-f903c4ca-03aa-4169-b9c9-563730c3eb90 req-f903c4ca-03aa-4169-b9c9-563730c3eb90 ] Request (DeleteServersTestJSON:test_delete_active_server): 200 GET http://10.180.1.21/compute/v2.1/servers/d3dcdc78-f54f-46f0-9e8f-6f2ff8f36e89 0.104s
2025-04-03 09:11:14.569 69170 INFO tempest.lib.common.rest_client [req-0c015599-c20f-4997-b001-6dcf625c09a1 req-0c015599-c20f-4997-b001-6dcf625c09a1 ] Request (AttachInterfacesTestJSON:setUpClass): 204 PUT http://10.180.1.21/identity/v3/projects/3a55e3ff738d49f8ae6b119fe8712bb8/users/31eea260dc9f479b9390ca2cc13e8b10/roles/b7528664bd4f48caa8ee4b6c9481ef6b 0.030s
2025-04-03 09:11:14.570 69170 INFO tempest.lib.common.dynamic_creds [-] Dynamic test user 31eea260dc9f479b9390ca2cc13e8b10 is created with scope project and roles: ['member']
2025-04-03 09:11:14.570 69170 INFO tempest.lib.common.dynamic_creds [-] Acquired dynamic creds: credentials: Credentials: {'domain_id': 'default', 'domain_name': 'Default', 'username': 'tempest-AttachInterfacesTestJSON-549654237-project-member', 'project_domain_id': 'default', 'project_domain_name': 'Default', 'project_id': '3a55e3ff738d49f8ae6b119fe8712bb8', 'project_name': 'tempest-AttachInterfacesTestJSON-549654237', 'tenant_id': '3a55e3ff738d49f8ae6b119fe8712bb8', 'tenant_name': 'tempest-AttachInterfacesTestJSON-549654237', 'user_domain_id': 'default', 'user_domain_name': 'Default', 'user_id': '31eea260dc9f479b9390ca2cc13e8b10', 'system': None}, Network: None, Subnet: None, Router: None
2025-04-03 09:11:14.644 69170 INFO tempest.lib.common.rest_client [req-1b3002fd-ac31-4548-901f-bbdd96a72e04 req-1b3002fd-ac31-4548-901f-bbdd96a72e04 ] Request (AttachInterfacesTestJSON:setUpClass): 201 POST http://10.180.1.21/identity/v3/auth/tokens 0.073s
2025-04-03 09:11:14.672 69180 INFO tempest.lib.common.rest_client [req-a8060abf-b508-4b22-966a-e5935092ccf1 req-a8060abf-b508-4b22-966a-e5935092ccf1 ] Request (ServersTestMultiNic:test_verify_duplicate_network_nics): 200 GET http://10.180.1.21/compute/v2.1/servers/10bc35c7-e142-4916-8e91-e4498042c6f3 0.071s
2025-04-03 09:11:14.693 69134 INFO tempest.lib.common.rest_client [req-71f42f78-29a5-4703-8f29-f2da90c7eb25 req-71f42f78-29a5-4703-8f29-f2da90c7eb25 ] Request (MigrationsAdminTest:test_list_migrations_in_flavor_resize_situation): 200 GET http://10.180.1.21/compute/v2.1/servers/e7259d4c-9982-4579-a073-484a8fa49264 0.152s
2025-04-03 09:11:14.756 69142 INFO tempest.lib.common.rest_client [req-ef6bdcb5-a195-4ec5-a1d4-fb78622b0da6 req-ef6bdcb5-a195-4ec5-a1d4-fb78622b0da6 ] Request (SecurityGroupsTestJSON:test_list_security_groups_by_server): 200 GET http://10.180.1.21/compute/v2.1/servers/913f76bd-2cb4-450b-a506-6687ee98cd86 0.094s
2025-04-03 09:11:14.844 69166 INFO tempest.lib.common.rest_client [req-ec52c5ac-8e42-46ff-9574-98e5abbcbc3f req-ec52c5ac-8e42-46ff-9574-98e5abbcbc3f ] Request (ListServerFiltersTestJSON:tearDownClass): 200 GET http://10.180.1.21/compute/v2.1/servers/8eec0f90-ecd9-4124-ae1b-c533efa09c7d 0.089s
2025-04-03 09:11:14.893 69128 INFO tempest.lib.common.rest_client [req-3980a49a-bf0e-4f2e-9e59-1c00e908834b req-3980a49a-bf0e-4f2e-9e59-1c00e908834b ] Request (ServerAddressesTestJSON:setUpClass): 200 GET http://10.180.1.21/compute/v2.1/servers/7dd75bea-9645-49e0-a518-21659a16022f 0.172s
2025-04-03 09:11:14.919 69176 INFO tempest.lib.common.rest_client [req-0faf7b5c-d55e-41b0-8b2d-70e4f2c8e8ac req-0faf7b5c-d55e-41b0-8b2d-70e4f2c8e8ac ] Request (ServersListShow298Test:test_list_show_update_rebuild_server_298): 200 GET http://10.180.1.21/compute/v2.1/servers/a5b62cef-6f64-47fc-beb0-aaa1229511b8 0.072s
2025-04-03 09:11:15.029 69170 INFO tempest.lib.common.rest_client [req-a3e8e1a1-3592-429a-b719-0a67b7b0d533 req-a3e8e1a1-3592-429a-b719-0a67b7b0d533 ] Request (AttachInterfacesTestJSON:setUpClass): 201 POST http://10.180.1.21:9696/networking/v2.0/networks 0.385s
2025-04-03 09:11:15.032 69124 INFO tempest.lib.common.rest_client [req-c1e061e7-e6f8-440f-b552-3a564ac57f97 req-c1e061e7-e6f8-440f-b552-3a564ac57f97 ] Request (ServersAdminTestJSON:test_create_server_with_scheduling_hint): 200 GET http://10.180.1.21/compute/v2.1/servers/b6ce6d33-aebc-420e-afe7-9e0908a2c560 0.125s
2025-04-03 09:11:15.069 69150 INFO tempest.lib.common.rest_client [req-c4cfce4f-45ed-4cd3-aa08-72d8c2e6b277 req-c4cfce4f-45ed-4cd3-aa08-72d8c2e6b277 ] Request (ServersAdminNegativeTestJSON:test_migrate_server_invalid_state): 200 GET http://10.180.1.21/compute/v2.1/servers/edf23e1c-b030-4fd8-88c6-558707c6fe87 0.186s
2025-04-03 09:11:15.136 69138 INFO tempest.lib.common.rest_client [req-19b19aee-d876-4cb5-982d-a5deddd9ac18 req-19b19aee-d876-4cb5-982d-a5deddd9ac18 ] Request (FloatingIPsAssociationTestJSON:tearDownClass): 200 GET http://10.180.1.21/compute/v2.1/servers/4f492710-e515-4857-b2a4-71da78617707 0.179s
2025-04-03 09:11:15.137 69182 INFO tempest.lib.common.rest_client [req-0dd37eb4-a678-4b0e-8087-5d922b947b5a req-0dd37eb4-a678-4b0e-8087-5d922b947b5a ] Request (ServerRescueTestJSONUnderV235:setUpClass): 200 GET http://10.180.1.21/compute/v2.1/servers/38df7b29-99a7-42a1-8dcd-47bedc72f440 0.160s
2025-04-03 09:11:15.192 69178 INFO tempest.lib.common.rest_client [req-a7593463-b6ae-43b5-847f-554bc882dfda req-a7593463-b6ae-43b5-847f-554bc882dfda ] Request (ListImageFiltersTestJSON:setUpClass): 200 GET http://10.180.1.21/compute/v2.1/servers/f5251e20-8dda-4d70-b30c-26ffe9218656 0.140s
2025-04-03 09:11:15.203 69157 INFO tempest.lib.common.rest_client [req-4a68432e-c170-47b1-94d4-909596f2d2a6 req-4a68432e-c170-47b1-94d4-909596f2d2a6 ] Request (ImagesOneServerNegativeTestJSON:_run_cleanups): 200 GET http://10.180.1.21/compute/v2.1/servers/1e3a449b-34b8-4d53-8bcb-6e7aed6668ad 0.148s
2025-04-03 09:11:15.211 69170 INFO tempest.lib.common.rest_client [req-92c20638-bbb1-4134-a251-0a56e44ac40f req-92c20638-bbb1-4134-a251-0a56e44ac40f ] Request (AttachInterfacesTestJSON:setUpClass): 201 POST http://10.180.1.21:9696/networking/v2.0/subnets 0.181s
2025-04-03 09:11:15.253 69158 INFO tempest.lib.common.rest_client [req-33f34641-c510-4ab8-acb3-b954cd0aa451 req-33f34641-c510-4ab8-acb3-b954cd0aa451 ] Request (ImagesOneServerTestJSON:setUpClass): 200 GET http://10.180.1.21/compute/v2.1/servers/7e8a4b8e-7ea7-4a0f-a2c5-7ee91e42b082 0.148s
2025-04-03 09:11:15.264 69162 INFO tempest.lib.common.rest_client [req-81aec382-3b36-42ac-a139-bae5b81bfbd6 req-81aec382-3b36-42ac-a139-bae5b81bfbd6 ] Request (ServerAddressesNegativeTestJSON:setUpClass): 200 GET http://10.180.1.21/compute/v2.1/servers/b636f115-b125-4317-915a-d03d85d128aa 0.132s
2025-04-03 09:11:15.301 69126 INFO tempest.lib.common.rest_client [req-182351ca-f86c-40aa-aedc-8c1eb1cb9627 req-182351ca-f86c-40aa-aedc-8c1eb1cb9627 ] Request (ImagesTestJSON:test_create_image_from_stopped_server): 200 GET http://10.180.1.21/compute/v2.1/images/b8d07655-06dd-4063-bd05-c45501129535 0.064s
2025-04-03 09:11:15.319 69130 INFO tempest.lib.common.rest_client [req-7955364d-6863-4973-ab67-bdaff40ff341 req-7955364d-6863-4973-ab67-bdaff40ff341 ] Request (ServerShowV254Test:tearDownClass): 200 GET http://10.180.1.21/compute/v2.1/servers/9fe2f914-935a-4a24-9d71-487e7c0a69c7 0.117s
2025-04-03 09:11:15.329 69130 INFO tempest.common.waiters [-] State transition "ACTIVE/deleting" ==> "DELETED/None" after 5 second wait
2025-04-03 09:11:15.387 69122 INFO tempest.lib.common.rest_client [req-9c4c7ddb-6919-4701-bea7-5bb7861cabbf req-9c4c7ddb-6919-4701-bea7-5bb7861cabbf ] Request (ServerActionsTestJSON:setUpClass): 200 GET http://10.180.1.21/compute/v2.1/servers/3569d4a2-f210-4a85-bc56-0de724aba1b0 0.072s
2025-04-03 09:11:15.455 69140 INFO tempest.lib.common.rest_client [req-8139d169-1b02-4c23-b7c8-80ed8341410c req-8139d169-1b02-4c23-b7c8-80ed8341410c ] Request (ServerRescueNegativeTestJSON:setUpClass): 200 GET http://10.180.1.21/compute/v2.1/servers/c4e41c81-3958-4797-84a2-9486ba6278f1 0.075s
2025-04-03 09:11:15.532 69148 INFO tempest.lib.common.rest_client [req-41b69782-70d2-474d-98f1-915dc680ec9f req-41b69782-70d2-474d-98f1-915dc680ec9f ] Request (ServersAaction247Test:test_create_backup): 200 GET http://10.180.1.21/compute/v2.1/servers/88b6dbfd-2340-430d-96f5-fbe15e3b654b 0.082s
2025-04-03 09:11:15.555 69174 INFO tempest.lib.common.rest_client [req-5dd1d04d-dce5-4244-95f5-5662ed645672 req-5dd1d04d-dce5-4244-95f5-5662ed645672 ] Request (ServerActionsTestOtherB:setUpClass): 200 GET http://10.180.1.21/compute/v2.1/servers/99f2d44f-e361-466f-998c-f23a2b04bcbf 0.308s
2025-04-03 09:11:15.567 69174 INFO tempest.common.waiters [-] State transition "BUILD/spawning" ==> "ACTIVE/None" after 59 second wait
2025-04-03 09:11:15.595 69160 INFO tempest.lib.common.rest_client [req-184c808e-2d7b-4c7b-976e-adf7fbdb16a9 req-184c808e-2d7b-4c7b-976e-adf7fbdb16a9 ] Request (ServersV294TestFqdnHostnames:setUpClass): 200 GET http://10.180.1.21/compute/v2.1/servers/d09d6489-64ed-44b7-8a61-ee59d6160ba4 0.100s
2025-04-03 09:11:15.628 69132 INFO tempest.lib.common.rest_client [req-0270ab88-9493-4c15-8e81-d00556609526 req-0270ab88-9493-4c15-8e81-d00556609526 ] Request (InstanceActionsV221TestJSON:test_get_list_deleted_instance_actions): 200 GET http://10.180.1.21/compute/v2.1/servers/d1b67a95-9fc6-4ce5-9f1d-c0b15a59f77d 0.103s
2025-04-03 09:11:15.655 69136 INFO tempest.lib.common.rest_client [req-70f33c00-4cc8-417b-8f71-a0f09bf31d67 req-70f33c00-4cc8-417b-8f71-a0f09bf31d67 ] Request (DeleteServersTestJSON:test_delete_active_server): 200 GET http://10.180.1.21/compute/v2.1/servers/d3dcdc78-f54f-46f0-9e8f-6f2ff8f36e89 0.093s
2025-04-03 09:11:15.683 69174 INFO tempest.lib.common.rest_client [req-44da96bc-5892-43bd-97b1-2ab9ded4a606 req-44da96bc-5892-43bd-97b1-2ab9ded4a606 ] Request (ServerActionsTestOtherB:setUpClass): 200 GET http://10.180.1.21/compute/v2.1/servers/99f2d44f-e361-466f-998c-f23a2b04bcbf/os-interface 0.115s
2025-04-03 09:11:15.709 69144 WARNING tempest.lib.common.ssh [-] Failed to establish authenticated ssh connection to cirros@10.180.180.206 ([Errno None] Unable to connect to port 22 on 10.180.180.206). Number attempts: 8. Retry after 9 seconds.: paramiko.ssh_exception.NoValidConnectionsError: [Errno None] Unable to connect to port 22 on 10.180.180.206
2025-04-03 09:11:15.748 69180 INFO tempest.lib.common.rest_client [req-484aa911-8006-4426-8807-952bb11f7301 req-484aa911-8006-4426-8807-952bb11f7301 ] Request (ServersTestMultiNic:test_verify_duplicate_network_nics): 200 GET http://10.180.1.21/compute/v2.1/servers/10bc35c7-e142-4916-8e91-e4498042c6f3 0.058s
2025-04-03 09:11:15.838 69142 INFO tempest.lib.common.rest_client [req-efc65866-1f23-46b6-bf4d-1624bba44789 req-efc65866-1f23-46b6-bf4d-1624bba44789 ] Request (SecurityGroupsTestJSON:test_list_security_groups_by_server): 200 GET http://10.180.1.21/compute/v2.1/servers/913f76bd-2cb4-450b-a506-6687ee98cd86 0.071s
2025-04-03 09:11:15.853 69134 INFO tempest.lib.common.rest_client [req-9c76a862-3073-4f56-8c7c-604b4b7c11cf req-9c76a862-3073-4f56-8c7c-604b4b7c11cf ] Request (MigrationsAdminTest:test_list_migrations_in_flavor_resize_situation): 200 GET http://10.180.1.21/compute/v2.1/servers/e7259d4c-9982-4579-a073-484a8fa49264 0.148s
2025-04-03 09:11:15.919 69166 INFO tempest.lib.common.rest_client [req-ad6454e5-f616-485e-a46d-0e752c3ae95d req-ad6454e5-f616-485e-a46d-0e752c3ae95d ] Request (ListServerFiltersTestJSON:tearDownClass): 200 GET http://10.180.1.21/compute/v2.1/servers/8eec0f90-ecd9-4124-ae1b-c533efa09c7d 0.066s
2025-04-03 09:11:16.018 69170 INFO tempest.lib.common.rest_client [req-09157c62-0a04-4eec-91b1-aa14256b1e7d req-09157c62-0a04-4eec-91b1-aa14256b1e7d ] Request (AttachInterfacesTestJSON:setUpClass): 201 POST http://10.180.1.21:9696/networking/v2.0/routers 0.806s
2025-04-03 09:11:16.028 69176 INFO tempest.lib.common.rest_client [req-31a8ccdb-d0e4-4f4d-8ff7-1d7dd9d03451 req-31a8ccdb-d0e4-4f4d-8ff7-1d7dd9d03451 ] Request (ServersListShow298Test:test_list_show_update_rebuild_server_298): 200 GET http://10.180.1.21/compute/v2.1/servers/a5b62cef-6f64-47fc-beb0-aaa1229511b8 0.086s
2025-04-03 09:11:16.045 69176 INFO tempest.common.waiters [-] State transition "REBUILD/rebuild_spawning" ==> "ACTIVE/None" after 10 second wait
2025-04-03 09:11:16.066 69128 INFO tempest.lib.common.rest_client [req-f46f5bb0-8d53-4a62-b79f-647b19603e55 req-f46f5bb0-8d53-4a62-b79f-647b19603e55 ] Request (ServerAddressesTestJSON:setUpClass): 200 GET http://10.180.1.21/compute/v2.1/servers/7dd75bea-9645-49e0-a518-21659a16022f 0.159s
2025-04-03 09:11:16.134 69124 INFO tempest.lib.common.rest_client [req-71384e95-c6a3-4405-9dbf-cb7bb4271ae8 req-71384e95-c6a3-4405-9dbf-cb7bb4271ae8 ] Request (ServersAdminTestJSON:test_create_server_with_scheduling_hint): 200 GET http://10.180.1.21/compute/v2.1/servers/b6ce6d33-aebc-420e-afe7-9e0908a2c560 0.081s
2025-04-03 09:11:16.138 69176 INFO tempest.lib.common.rest_client [req-a06cc2e0-c839-41e1-8cc4-1243eee7ea6b req-a06cc2e0-c839-41e1-8cc4-1243eee7ea6b ] Request (ServersListShow298Test:tearDownClass): 204 DELETE http://10.180.1.21/compute/v2.1/servers/a5b62cef-6f64-47fc-beb0-aaa1229511b8 0.088s
2025-04-03 09:11:16.220 69176 INFO tempest.lib.common.rest_client [req-922ed9f3-d200-4c55-a109-b0678420d747 req-922ed9f3-d200-4c55-a109-b0678420d747 ] Request (ServersListShow298Test:tearDownClass): 200 GET http://10.180.1.21/compute/v2.1/servers/a5b62cef-6f64-47fc-beb0-aaa1229511b8 0.082s
