2025-04-03 09:09:43.473 69166 INFO tempest.lib.common.rest_client [req-f285d522-9d58-43ea-99ab-9113c8d51c24 req-f285d522-9d58-43ea-99ab-9113c8d51c24 ] Request (ListServerFiltersTestJSON:setUpClass): 201 POST http://10.180.1.21/identity/v3/auth/tokens 0.058s
2025-04-03 09:09:43.474 69166 INFO tempest.lib.common.fixed_network [-] (ListServerFiltersTestJSON:setUpClass) Found network {'id': '703888a9-acb3-4f13-9061-6f33bc4621e8', 'name': 'tempest-ListServerFiltersTestJSON-1452406487-network', 'tenant_id': '0f4de2519c564969aa6c6d0fb3c7b59a', 'admin_state_up': True, 'mtu': 8950, 'status': 'ACTIVE', 'subnets': [], 'shared': False, 'project_id': '0f4de2519c564969aa6c6d0fb3c7b59a', 'port_security_enabled': True, 'router:external': False, 'provider:network_type': 'vlan', 'provider:physical_network': 'default', 'provider:segmentation_id': 579, 'availability_zone_hints': [], 'availability_zones': [], 'ipv4_address_scope': None, 'ipv6_address_scope': None, 'description': '', 'tags': [], 'created_at': '2025-04-03T09:09:42Z', 'updated_at': '2025-04-03T09:09:42Z', 'revision_number': 1} available for tenant
2025-04-03 09:09:43.523 69142 INFO tempest.lib.common.rest_client [req-ec71eb4d-5fac-4a8b-835e-68c4467184e5 req-ec71eb4d-5fac-4a8b-835e-68c4467184e5 ] Request (ServerDiagnosticsTest:test_get_server_diagnostics): 200 GET http://10.180.1.21/compute/v2.1/servers/9a35f78b-d486-4766-acd5-b6fcdcf5c32a 2.625s
2025-04-03 09:09:43.535 69124 INFO tempest.lib.common.rest_client [req-6b6bfc26-e02b-4413-b655-6ffeb3eed13c req-6b6bfc26-e02b-4413-b655-6ffeb3eed13c ] Request (ServersAdminTestJSON:setUpClass): 201 POST http://10.180.1.21/identity/v3/users 0.093s
2025-04-03 09:09:43.535 69136 INFO tempest.lib.common.rest_client [req-c4b90830-01ec-424c-8e70-b0bee1d1a7f5 req-c4b90830-01ec-424c-8e70-b0bee1d1a7f5 ] Request (HostsAdminNegativeTestJSON:test_update_host_with_invalid_status): 400 PUT http://10.180.1.21/compute/v2.1/os-hosts/devstack 2.533s
2025-04-03 09:09:43.536 69142 INFO tempest.common.waiters [-] State transition "BUILD/block_device_mapping" ==> "BUILD/spawning" after 12 second wait
2025-04-03 09:09:43.561 69160 INFO tempest.lib.common.rest_client [req-ad8a2f6d-b1e1-473f-854a-33fa93f22e35 req-ad8a2f6d-b1e1-473f-854a-33fa93f22e35 ] Request (FlavorsAdminTestJSON:_run_cleanups): 200 GET http://10.180.1.21/compute/v2.1/flavors/detail 2.533s
2025-04-03 09:09:43.591 69170 INFO tempest.lib.common.rest_client [req-bd4e7ac8-6ba5-4ca1-907e-5d405c60cfed req-bd4e7ac8-6ba5-4ca1-907e-5d405c60cfed ] Request (FloatingIPsAssociationNegativeTestJSON:setUpClass): 200 PUT http://10.180.1.21:9696/networking/v2.0/routers/0b6532f3-8293-416a-ab68-b793d35fc70d/add_router_interface 2.266s
2025-04-03 09:09:43.591 69170 INFO tempest.lib.common.dynamic_creds [-] Created isolated network resources for: credentials: Credentials: {'domain_id': 'default', 'domain_name': 'Default', 'username': 'tempest-FloatingIPsAssociationNegativeTestJSON-1209183624-project-member', 'project_domain_id': 'default', 'project_domain_name': 'Default', 'project_id': '5531063a7993403488af3de74365a802', 'project_name': 'tempest-FloatingIPsAssociationNegativeTestJSON-1209183624', 'tenant_id': '5531063a7993403488af3de74365a802', 'tenant_name': 'tempest-FloatingIPsAssociationNegativeTestJSON-1209183624', 'user_domain_id': 'default', 'user_domain_name': 'Default', 'user_id': '9c1bf2f9b56848febbbab4e8395c2789', 'system': None}, Network: {'id': '9d2f2eeb-d0e9-45ca-b26d-946969cfc477', 'name': 'tempest-FloatingIPsAssociationNegativeTestJSON-258003082-network', 'tenant_id': '5531063a7993403488af3de74365a802', 'admin_state_up': True, 'mtu': 8950, 'status': 'ACTIVE', 'subnets': [], 'shared': False, 'project_id': '5531063a7993403488af3de74365a802', 'port_security_enabled': True, 'router:external': False, 'provider:network_type': 'vlan', 'provider:physical_network': 'default', 'provider:segmentation_id': 220, 'availability_zone_hints': [], 'availability_zones': [], 'ipv4_address_scope': None, 'ipv6_address_scope': None, 'description': '', 'tags': [], 'created_at': '2025-04-03T09:09:37Z', 'updated_at': '2025-04-03T09:09:37Z', 'revision_number': 1}, Subnet: {'id': 'fb67429d-470e-4feb-9e7d-d57f61437c9f', 'name': 'tempest-FloatingIPsAssociationNegativeTestJSON-258003082-subnet', 'tenant_id': '5531063a7993403488af3de74365a802', 'network_id': '9d2f2eeb-d0e9-45ca-b26d-946969cfc477', 'ip_version': 4, 'subnetpool_id': None, 'enable_dhcp': True, 'ipv6_ra_mode': None, 'ipv6_address_mode': None, 'gateway_ip': '192.168.128.1', 'cidr': '192.168.128.0/28', 'allocation_pools': [{'start': '192.168.128.2', 'end': '192.168.128.14'}], 'host_routes': [], 'dns_nameservers': [], 'description': '', 'router:external': False, 'service_types': [], 'tags': [], 'created_at': '2025-04-03T09:09:37Z', 'updated_at': '2025-04-03T09:09:37Z', 'revision_number': 0, 'project_id': '5531063a7993403488af3de74365a802'}, Router: {'id': '0b6532f3-8293-416a-ab68-b793d35fc70d', 'name': 'tempest-FloatingIPsAssociationNegativeTestJSON-258003082-router', 'tenant_id': '5531063a7993403488af3de74365a802', 'admin_state_up': True, 'status': 'ACTIVE', 'external_gateway_info': {'network_id': '4f6ca590-b6a9-4a5a-abab-166e2cbded6b', 'external_fixed_ips': [{'subnet_id': '00031d64-69df-4463-9fc2-4341e7c92ca2', 'ip_address': '10.180.180.244'}], 'enable_snat': True}, 'description': '', 'availability_zones': [], 'distributed': False, 'ha': False, 'availability_zone_hints': [], 'routes': [], 'flavor_id': None, 'tags': [], 'created_at': '2025-04-03T09:09:38Z', 'updated_at': '2025-04-03T09:09:39Z', 'revision_number': 2, 'project_id': '5531063a7993403488af3de74365a802'}
2025-04-03 09:09:43.599 69128 INFO tempest.lib.common.rest_client [req-1f8ba4c5-1ad5-4463-807c-76e4ae6c3212 req-1f8ba4c5-1ad5-4463-807c-76e4ae6c3212 ] Request (InstanceUsageAuditLogNegativeTestJSON:tearDownClass): 200 GET http://10.180.1.21:9696/networking/v2.0/security-groups?tenant_id=db27528460394ab0b17ff6dcbdca1d9a&name=default 0.628s
2025-04-03 09:09:43.602 69124 INFO tempest.lib.common.rest_client [req-0c5b16cb-b1b2-4e3e-8e94-114e696ef9a3 req-0c5b16cb-b1b2-4e3e-8e94-114e696ef9a3 ] Request (ServersAdminTestJSON:setUpClass): 200 GET http://10.180.1.21/identity/v3/roles 0.066s
2025-04-03 09:09:43.620 69176 INFO tempest.lib.common.rest_client [req-4319fca4-5576-4b56-bcf7-7b380ae708c7 req-4319fca4-5576-4b56-bcf7-7b380ae708c7 ] Request (FlavorsAccessTestJSON:tearDownClass): 200 GET http://10.180.1.21:9696/networking/v2.0/security-groups?tenant_id=04794f84770b4db193a8e323f05da4c5&name=default 0.384s
2025-04-03 09:09:43.661 69124 INFO tempest.lib.common.rest_client [req-d833c38c-9ef9-4c10-aa1e-cb26e4965a64 req-d833c38c-9ef9-4c10-aa1e-cb26e4965a64 ] Request (ServersAdminTestJSON:setUpClass): 204 PUT http://10.180.1.21/identity/v3/projects/9d220f632182492799c4801305366455/users/c0a0adb57ad6407b86e5a4ec91170401/roles/b7528664bd4f48caa8ee4b6c9481ef6b 0.057s
2025-04-03 09:09:43.661 69124 INFO tempest.lib.common.dynamic_creds [-] Dynamic test user c0a0adb57ad6407b86e5a4ec91170401 is created with scope project and roles: ['member']
2025-04-03 09:09:43.661 69124 INFO tempest.lib.common.dynamic_creds [-] Acquired dynamic creds: credentials: Credentials: {'domain_id': 'default', 'domain_name': 'Default', 'username': 'tempest-ServersAdminTestJSON-880758035-project-member', 'project_domain_id': 'default', 'project_domain_name': 'Default', 'project_id': '9d220f632182492799c4801305366455', 'project_name': 'tempest-ServersAdminTestJSON-880758035', 'tenant_id': '9d220f632182492799c4801305366455', 'tenant_name': 'tempest-ServersAdminTestJSON-880758035', 'user_domain_id': 'default', 'user_domain_name': 'Default', 'user_id': 'c0a0adb57ad6407b86e5a4ec91170401', 'system': None}, Network: None, Subnet: None, Router: None
2025-04-03 09:09:43.723 69170 INFO tempest.lib.common.rest_client [req-8440a986-f69b-4e3a-ad27-671cb3c547de req-8440a986-f69b-4e3a-ad27-671cb3c547de ] Request (FloatingIPsAssociationNegativeTestJSON:setUpClass): 201 POST http://10.180.1.21/identity/v3/auth/tokens 0.123s
2025-04-03 09:09:43.741 69124 INFO tempest.lib.common.rest_client [req-71fbf573-8ecc-4984-a910-f1a4cd55f249 req-71fbf573-8ecc-4984-a910-f1a4cd55f249 ] Request (ServersAdminTestJSON:setUpClass): 201 POST http://10.180.1.21/identity/v3/auth/tokens 0.079s
2025-04-03 09:09:43.755 69170 INFO tempest.lib.common.rest_client [req-f68beea0-5ca2-4b28-af48-9b380848efc4 req-f68beea0-5ca2-4b28-af48-9b380848efc4 ] Request (FloatingIPsAssociationNegativeTestJSON:setUpClass): 201 POST http://10.180.1.21/identity/v3/auth/tokens 0.028s
2025-04-03 09:09:43.756 69170 INFO tempest.lib.common.fixed_network [-] (FloatingIPsAssociationNegativeTestJSON:setUpClass) Found network {'id': '9d2f2eeb-d0e9-45ca-b26d-946969cfc477', 'name': 'tempest-FloatingIPsAssociationNegativeTestJSON-258003082-network', 'tenant_id': '5531063a7993403488af3de74365a802', 'admin_state_up': True, 'mtu': 8950, 'status': 'ACTIVE', 'subnets': [], 'shared': False, 'project_id': '5531063a7993403488af3de74365a802', 'port_security_enabled': True, 'router:external': False, 'provider:network_type': 'vlan', 'provider:physical_network': 'default', 'provider:segmentation_id': 220, 'availability_zone_hints': [], 'availability_zones': [], 'ipv4_address_scope': None, 'ipv6_address_scope': None, 'description': '', 'tags': [], 'created_at': '2025-04-03T09:09:37Z', 'updated_at': '2025-04-03T09:09:37Z', 'revision_number': 1} available for tenant
2025-04-03 09:09:43.758 69152 INFO tempest.lib.common.rest_client [req-34319a7f-0c66-4fe7-8453-38ca9b7ca57e req-34319a7f-0c66-4fe7-8453-38ca9b7ca57e ] Request (VolumesAdminNegativeTest:setUpClass): 201 POST http://10.180.1.21:9696/networking/v2.0/routers 2.002s
2025-04-03 09:09:43.827 69178 INFO tempest.lib.common.rest_client [req-91a68e0d-6d96-402c-a44f-1e3bf59c43de req-91a68e0d-6d96-402c-a44f-1e3bf59c43de ] Request (ImagesMetadataTestJSON:test_set_image_metadata): 200 PUT http://10.180.1.21/compute/v2.1/images/59060000-de59-491b-bc8e-db95406bea30/metadata 2.635s
2025-04-03 09:09:43.839 69172 INFO tempest.lib.common.rest_client [req-41359d1b-cff9-4d8b-a659-dfb645e203f5 req-41359d1b-cff9-4d8b-a659-dfb645e203f5 ] Request (ServerActionsV293TestJSON:setUpClass): 201 POST http://10.180.1.21:9696/networking/v2.0/security-groups 0.453s
2025-04-03 09:09:43.841 69154 INFO tempest.lib.common.rest_client [req-ff781f22-780b-4f36-b619-02b23b4c351a req-ff781f22-780b-4f36-b619-02b23b4c351a ] Request (FlavorsExtraSpecsTestJSON:test_flavor_set_get_update_show_unset_keys): 200 GET http://10.180.1.21/compute/v2.1/flavors/2064630670/os-extra_specs 2.620s
2025-04-03 09:09:43.963 69128 INFO tempest.lib.common.rest_client [req-cb7ef17c-fe88-4b5f-b87a-0c9a8dbc391d req-cb7ef17c-fe88-4b5f-b87a-0c9a8dbc391d ] Request (InstanceUsageAuditLogNegativeTestJSON:tearDownClass): 204 DELETE http://10.180.1.21:9696/networking/v2.0/security-groups/84e32224-4742-4069-a5af-7d437a7e61c6 0.363s
2025-04-03 09:09:43.979 69176 INFO tempest.lib.common.rest_client [req-a8564fe5-3eea-4c1a-aa27-a344d88d1438 req-a8564fe5-3eea-4c1a-aa27-a344d88d1438 ] Request (FlavorsAccessTestJSON:tearDownClass): 204 DELETE http://10.180.1.21:9696/networking/v2.0/security-groups/c6c56e10-b2e7-4b1e-806c-24ae134cd9df 0.359s
2025-04-03 09:09:44.058 69128 INFO tempest.lib.common.rest_client [req-2c237ab7-593f-4af8-9154-1767362320c2 req-2c237ab7-593f-4af8-9154-1767362320c2 ] Request (InstanceUsageAuditLogNegativeTestJSON:tearDownClass): 204 DELETE http://10.180.1.21/identity/v3/projects/db27528460394ab0b17ff6dcbdca1d9a 0.095s
2025-04-03 09:09:44.058 69128 INFO tempest.lib.common.dynamic_creds [-] Deleting project and security group for project: 33eca6bdc15b45d7b18f2246e6cbd737
2025-04-03 09:09:44.061 69176 INFO tempest.lib.common.rest_client [req-e1a71263-dde8-44a5-a0ae-66f4709b9a77 req-e1a71263-dde8-44a5-a0ae-66f4709b9a77 ] Request (FlavorsAccessTestJSON:tearDownClass): 204 DELETE http://10.180.1.21/identity/v3/projects/04794f84770b4db193a8e323f05da4c5 0.081s
2025-04-03 09:09:44.062 69176 INFO tempest.test [-] raised in LiveMigrationRemoteConsolesV26Test.setUpClass. Invoking tearDownClass.
2025-04-03 09:09:44.131 69176 INFO tempest.lib.common.rest_client [req-4777cf8d-87a8-4723-be1e-3dd8acb9c033 req-4777cf8d-87a8-4723-be1e-3dd8acb9c033 ] Request (ServicesAdminNegativeV253TestJSON:setUpClass): 201 POST http://10.180.1.21/identity/v3/auth/tokens 0.064s
2025-04-03 09:09:44.144 69172 INFO tempest.lib.common.rest_client [req-362893ad-068a-407c-8f57-e62d997e5ab0 req-362893ad-068a-407c-8f57-e62d997e5ab0 ] Request (ServerActionsV293TestJSON:setUpClass): 201 POST http://10.180.1.21:9696/networking/v2.0/security-group-rules 0.304s
2025-04-03 09:09:44.167 69176 INFO tempest.lib.common.rest_client [req-5b93c1dd-de59-45d4-8e23-379654072510 req-5b93c1dd-de59-45d4-8e23-379654072510 ] Request (ServicesAdminNegativeV253TestJSON:setUpClass): 201 POST http://10.180.1.21/identity/v3/auth/tokens 0.034s
2025-04-03 09:09:44.195 69176 INFO tempest.lib.common.rest_client [req-c3944d63-1022-4ff5-92e4-eae1a29cda4d req-c3944d63-1022-4ff5-92e4-eae1a29cda4d ] Request (ServicesAdminNegativeV253TestJSON:setUpClass): 200 GET http://10.180.1.21/identity/v3/domains?name=Default 0.028s
2025-04-03 09:09:44.227 69176 INFO tempest.lib.common.rest_client [req-c2cf9f18-7cd2-4b79-a0c1-38603cbd512b req-c2cf9f18-7cd2-4b79-a0c1-38603cbd512b ] Request (ServicesAdminNegativeV253TestJSON:setUpClass): 201 POST http://10.180.1.21/identity/v3/projects 0.031s
2025-04-03 09:09:44.292 69176 INFO tempest.lib.common.rest_client [req-2e7dde65-da22-472d-840b-28b2b6a18106 req-2e7dde65-da22-472d-840b-28b2b6a18106 ] Request (ServicesAdminNegativeV253TestJSON:setUpClass): 201 POST http://10.180.1.21/identity/v3/users 0.064s
2025-04-03 09:09:44.317 69176 INFO tempest.lib.common.rest_client [req-9483f790-183e-48a8-9849-a03406b35908 req-9483f790-183e-48a8-9849-a03406b35908 ] Request (ServicesAdminNegativeV253TestJSON:setUpClass): 200 GET http://10.180.1.21/identity/v3/roles 0.024s
2025-04-03 09:09:44.350 69176 INFO tempest.lib.common.rest_client [req-d9bbe8fa-693c-458f-a535-199d6d4257fa req-d9bbe8fa-693c-458f-a535-199d6d4257fa ] Request (ServicesAdminNegativeV253TestJSON:setUpClass): 204 PUT http://10.180.1.21/identity/v3/projects/532beba22c284804a927849520bcc2ef/users/302fa45c8ca24e078b57a8f4752ce47b/roles/b7528664bd4f48caa8ee4b6c9481ef6b 0.032s
2025-04-03 09:09:44.351 69176 INFO tempest.lib.common.dynamic_creds [-] Dynamic test user 302fa45c8ca24e078b57a8f4752ce47b is created with scope project and roles: ['member']
2025-04-03 09:09:44.351 69176 INFO tempest.lib.common.dynamic_creds [-] Acquired dynamic creds: credentials: Credentials: {'domain_id': 'default', 'domain_name': 'Default', 'username': 'tempest-ServicesAdminNegativeV253TestJSON-1573238158-project-member', 'project_domain_id': 'default', 'project_domain_name': 'Default', 'project_id': '532beba22c284804a927849520bcc2ef', 'project_name': 'tempest-ServicesAdminNegativeV253TestJSON-1573238158', 'tenant_id': '532beba22c284804a927849520bcc2ef', 'tenant_name': 'tempest-ServicesAdminNegativeV253TestJSON-1573238158', 'user_domain_id': 'default', 'user_domain_name': 'Default', 'user_id': '302fa45c8ca24e078b57a8f4752ce47b', 'system': None}, Network: None, Subnet: None, Router: None
2025-04-03 09:09:44.351 69176 INFO tempest.lib.common.dynamic_creds [-] Created isolated network resources for: credentials: Credentials: {'domain_id': 'default', 'domain_name': 'Default', 'username': 'tempest-ServicesAdminNegativeV253TestJSON-1573238158-project-member', 'project_domain_id': 'default', 'project_domain_name': 'Default', 'project_id': '532beba22c284804a927849520bcc2ef', 'project_name': 'tempest-ServicesAdminNegativeV253TestJSON-1573238158', 'tenant_id': '532beba22c284804a927849520bcc2ef', 'tenant_name': 'tempest-ServicesAdminNegativeV253TestJSON-1573238158', 'user_domain_id': 'default', 'user_domain_name': 'Default', 'user_id': '302fa45c8ca24e078b57a8f4752ce47b', 'system': None}, Network: None, Subnet: None, Router: None
2025-04-03 09:09:44.410 69172 INFO tempest.lib.common.rest_client [req-a3ae8a4d-46be-4414-9b81-c4e118e55ef1 req-a3ae8a4d-46be-4414-9b81-c4e118e55ef1 ] Request (ServerActionsV293TestJSON:setUpClass): 201 POST http://10.180.1.21:9696/networking/v2.0/security-group-rules 0.266s
2025-04-03 09:09:44.438 69124 INFO tempest.lib.common.rest_client [req-6962d1bd-3080-463b-b050-f842848d4cbc req-6962d1bd-3080-463b-b050-f842848d4cbc ] Request (ServersAdminTestJSON:setUpClass): 201 POST http://10.180.1.21:9696/networking/v2.0/networks 0.697s
2025-04-03 09:09:44.453 69176 INFO tempest.lib.common.rest_client [req-0c5f2a8a-d5f4-46dd-a4bb-b390d7817b13 req-0c5f2a8a-d5f4-46dd-a4bb-b390d7817b13 ] Request (ServicesAdminNegativeV253TestJSON:setUpClass): 201 POST http://10.180.1.21/identity/v3/auth/tokens 0.095s
2025-04-03 09:09:44.538 69144 INFO tempest.lib.common.rest_client [req-38d3f740-7f8d-4b6c-a109-7eb4353fd874 req-38d3f740-7f8d-4b6c-a109-7eb4353fd874 ] Request (ServersWithSpecificFlavorTestJSON:test_verify_created_server_ephemeral_disk): 202 POST http://10.180.1.21/compute/v2.1/servers 3.549s
2025-04-03 09:09:44.540 69176 INFO tempest.lib.common.rest_client [req-203eef68-eaff-48e1-b6cb-2761a7a60e91 req-203eef68-eaff-48e1-b6cb-2761a7a60e91 ] Request (ServicesAdminNegativeV253TestJSON:setUpClass): 201 POST http://10.180.1.21/identity/v3/projects 0.086s
2025-04-03 09:09:44.559 69130 INFO tempest.lib.common.rest_client [req-dbdce890-9d32-49bb-a4f0-87244e8ad7a5 req-dbdce890-9d32-49bb-a4f0-87244e8ad7a5 ] Request (KeyPairsV22TestJSON:_run_cleanups): 204 DELETE http://10.180.1.21/compute/v2.1/os-keypairs/tempest-KeyPairsV22TestJSON-keypair-546151689 3.322s
2025-04-03 09:09:44.571 69128 INFO tempest.lib.common.rest_client [req-dfde77d6-7f32-4ea3-8208-49648b6970fc req-dfde77d6-7f32-4ea3-8208-49648b6970fc ] Request (InstanceUsageAuditLogNegativeTestJSON:tearDownClass): 200 GET http://10.180.1.21:9696/networking/v2.0/security-groups?tenant_id=33eca6bdc15b45d7b18f2246e6cbd737&name=default 0.512s
2025-04-03 09:09:44.580 69150 INFO tempest.lib.common.rest_client [req-2761f249-7524-4292-87b7-750a361ef6f4 req-2761f249-7524-4292-87b7-750a361ef6f4 ] Request (ServersAdminNegativeTestJSON:setUpClass): 202 POST http://10.180.1.21/compute/v2.1/servers 3.345s
2025-04-03 09:09:44.581 69182 INFO tempest.lib.common.rest_client [req-2b2b5382-5a74-4a4b-a5a8-8b20f3b5b30a req-2b2b5382-5a74-4a4b-a5a8-8b20f3b5b30a ] Request (FlavorsAccessNegativeTestJSON:test_flavor_non_admin_add): 200 POST http://10.180.1.21/compute/v2.1/flavors 3.314s
2025-04-03 09:09:44.617 69164 INFO tempest.lib.common.rest_client [req-740816ed-5498-4624-9c5b-dfc30b578661 req-740816ed-5498-4624-9c5b-dfc30b578661 ] Request (FlavorsExtraSpecsNegativeTestJSON:tearDownClass): 200 GET http://10.180.1.21/compute/v2.1/flavors/detail 3.338s
2025-04-03 09:09:44.667 69176 INFO tempest.lib.common.rest_client [req-480b3218-3a5d-4274-bb78-1bce4db5ca02 req-480b3218-3a5d-4274-bb78-1bce4db5ca02 ] Request (ServicesAdminNegativeV253TestJSON:setUpClass): 201 POST http://10.180.1.21/identity/v3/users 0.127s
2025-04-03 09:09:44.804 69164 INFO tempest.lib.common.rest_client [req-2acf1234-3528-44d8-9fbb-344deea3e1fb req-2acf1234-3528-44d8-9fbb-344deea3e1fb ] Request (FlavorsExtraSpecsNegativeTestJSON:tearDownClass): 204 DELETE http://10.180.1.21/identity/v3/users/adf4617328a34d80ad599babbb0254fd 0.176s
2025-04-03 09:09:44.808 69174 INFO tempest.lib.common.rest_client [req-179b9776-2cb9-48e9-89ba-d1922586ad6f req-179b9776-2cb9-48e9-89ba-d1922586ad6f ] Request (QuotasAdminTestJSON:test_delete_quota): 200 PUT http://10.180.1.21/compute/v2.1/os-quota-sets/2841f69b80f54639a6fc92bf342b76b8 2.885s
2025-04-03 09:09:44.818 69176 INFO tempest.lib.common.rest_client [req-d47833ed-aaca-45f7-a50a-e0c52c5752a6 req-d47833ed-aaca-45f7-a50a-e0c52c5752a6 ] Request (ServicesAdminNegativeV253TestJSON:setUpClass): 200 GET http://10.180.1.21/identity/v3/roles 0.151s
2025-04-03 09:09:44.901 69176 INFO tempest.lib.common.rest_client [req-ab963f88-0575-45ac-93fb-55e8974a68c1 req-ab963f88-0575-45ac-93fb-55e8974a68c1 ] Request (ServicesAdminNegativeV253TestJSON:setUpClass): 204 PUT http://10.180.1.21/identity/v3/projects/8e851c4c461c4cc7abf41ba84607c633/users/e6c43fece304430693a8d4fae2caa9ce/roles/db7e8649d2bf46fd80526e7a44dc6243 0.082s
2025-04-03 09:09:44.941 69164 INFO tempest.lib.common.rest_client [req-628d5d37-3d30-4a80-ab81-5721b39fda9c req-628d5d37-3d30-4a80-ab81-5721b39fda9c ] Request (FlavorsExtraSpecsNegativeTestJSON:tearDownClass): 204 DELETE http://10.180.1.21/identity/v3/users/0ac95f5b94564f11ba6fd62fb4b8abc0 0.137s
2025-04-03 09:09:44.941 69164 INFO tempest.lib.common.dynamic_creds [-] Deleting project and security group for project: 345fab0b871d4193af1b393752303af9
2025-04-03 09:09:44.987 69128 INFO tempest.lib.common.rest_client [req-fce6c803-13ba-458e-8b6f-ef5cdaf24a2d req-fce6c803-13ba-458e-8b6f-ef5cdaf24a2d ] Request (InstanceUsageAuditLogNegativeTestJSON:tearDownClass): 204 DELETE http://10.180.1.21:9696/networking/v2.0/security-groups/d2adb62b-26d0-4c2c-818d-a5f56b9670d7 0.415s
2025-04-03 09:09:45.002 69164 INFO tempest.lib.common.rest_client [req-2a664568-16e2-43a3-85c4-7ddb0a3da09c req-2a664568-16e2-43a3-85c4-7ddb0a3da09c ] Request (FlavorsExtraSpecsNegativeTestJSON:tearDownClass): 201 POST http://10.180.1.21/identity/v3/auth/tokens 0.060s
2025-04-03 09:09:45.014 69176 INFO tempest.lib.common.rest_client [req-5db6398f-e42b-4ea4-8168-0892e8df2c77 req-5db6398f-e42b-4ea4-8168-0892e8df2c77 ] Request (ServicesAdminNegativeV253TestJSON:setUpClass): 200 GET http://10.180.1.21/identity/v3/roles 0.113s
2025-04-03 09:09:45.037 69140 INFO tempest.lib.common.rest_client [req-50643062-1584-4233-9395-489ac7dbd22f req-50643062-1584-4233-9395-489ac7dbd22f ] Request (FloatingIPsTestJSON:test_allocate_floating_ip): 200 GET http://10.180.1.21/compute/v2.1/os-floating-ips/f4cc550a-5a7d-4640-a16b-af511669bf6e 2.597s
2025-04-03 09:09:45.047 69176 INFO tempest.lib.common.rest_client [req-81a8c4f2-1e53-4b1d-8956-705839b0eb3b req-81a8c4f2-1e53-4b1d-8956-705839b0eb3b ] Request (ServicesAdminNegativeV253TestJSON:setUpClass): 204 PUT http://10.180.1.21/identity/v3/projects/8e851c4c461c4cc7abf41ba84607c633/users/e6c43fece304430693a8d4fae2caa9ce/roles/db7e8649d2bf46fd80526e7a44dc6243 0.032s
2025-04-03 09:09:45.047 69176 INFO tempest.lib.common.dynamic_creds [-] Dynamic test user e6c43fece304430693a8d4fae2caa9ce is created with scope project and roles: ['admin']
2025-04-03 09:09:45.047 69176 INFO tempest.lib.common.dynamic_creds [-] Acquired dynamic creds: credentials: Credentials: {'domain_id': 'default', 'domain_name': 'Default', 'username': 'tempest-ServicesAdminNegativeV253TestJSON-1061818999-project-admin', 'project_domain_id': 'default', 'project_domain_name': 'Default', 'project_id': '8e851c4c461c4cc7abf41ba84607c633', 'project_name': 'tempest-ServicesAdminNegativeV253TestJSON-1061818999', 'tenant_id': '8e851c4c461c4cc7abf41ba84607c633', 'tenant_name': 'tempest-ServicesAdminNegativeV253TestJSON-1061818999', 'user_domain_id': 'default', 'user_domain_name': 'Default', 'user_id': 'e6c43fece304430693a8d4fae2caa9ce', 'system': None}, Network: None, Subnet: None, Router: None
2025-04-03 09:09:45.048 69176 INFO tempest.lib.common.dynamic_creds [-] Created isolated network resources for: credentials: Credentials: {'domain_id': 'default', 'domain_name': 'Default', 'username': 'tempest-ServicesAdminNegativeV253TestJSON-1061818999-project-admin', 'project_domain_id': 'default', 'project_domain_name': 'Default', 'project_id': '8e851c4c461c4cc7abf41ba84607c633', 'project_name': 'tempest-ServicesAdminNegativeV253TestJSON-1061818999', 'tenant_id': '8e851c4c461c4cc7abf41ba84607c633', 'tenant_name': 'tempest-ServicesAdminNegativeV253TestJSON-1061818999', 'user_domain_id': 'default', 'user_domain_name': 'Default', 'user_id': 'e6c43fece304430693a8d4fae2caa9ce', 'system': None}, Network: None, Subnet: None, Router: None
2025-04-03 09:09:45.053 69134 INFO tempest.lib.common.rest_client [req-3492a6f4-d514-4305-b7c2-fbe7388e1145 req-3492a6f4-d514-4305-b7c2-fbe7388e1145 ] Request (MigrationsAdminTest:test_list_migrations_in_flavor_resize_situation): 200 GET http://10.180.1.21/compute/v2.1/servers/e7259d4c-9982-4579-a073-484a8fa49264 2.656s
2025-04-03 09:09:45.067 69134 INFO tempest.common.waiters [-] State transition "BUILD/networking" ==> "BUILD/spawning" after 14 second wait
2025-04-03 09:09:45.112 69128 INFO tempest.lib.common.rest_client [req-50d946f8-1e4a-425d-8411-ae249a505aea req-50d946f8-1e4a-425d-8411-ae249a505aea ] Request (InstanceUsageAuditLogNegativeTestJSON:tearDownClass): 204 DELETE http://10.180.1.21/identity/v3/projects/33eca6bdc15b45d7b18f2246e6cbd737 0.125s
2025-04-03 09:09:45.234 69132 INFO tempest.lib.common.rest_client [req-f39b98f9-6387-4933-8050-2545c723d446 req-f39b98f9-6387-4933-8050-2545c723d446 ] Request (TenantUsagesTestJSON:setUpClass): 200 GET http://10.180.1.21/compute/v2.1/servers/c867ff92-059f-4647-85cd-8026b1408778 2.742s
2025-04-03 09:09:45.244 69132 INFO tempest.common.waiters [-] State transition "BUILD/None" ==> "BUILD/spawning" after 13 second wait
2025-04-03 09:09:45.253 69176 INFO tempest.lib.common.rest_client [req-460875dc-22f2-4862-8c2f-c8cd2efa2bd2 req-460875dc-22f2-4862-8c2f-c8cd2efa2bd2 ] Request (ServicesAdminNegativeV253TestJSON:setUpClass): 201 POST http://10.180.1.21/identity/v3/auth/tokens 0.200s
2025-04-03 09:09:45.282 69128 INFO tempest.lib.common.rest_client [req-8c553a78-69f7-4b58-a6c8-570fc3a40cf4 req-8c553a78-69f7-4b58-a6c8-570fc3a40cf4 ] Request (QuotaClassesAdminTestJSON:setUpClass): 201 POST http://10.180.1.21/identity/v3/auth/tokens 0.165s
2025-04-03 09:09:45.292 69146 INFO tempest.lib.common.rest_client [req-782f79ac-d2e5-4163-96e7-dc37eb30e4ff req-782f79ac-d2e5-4163-96e7-dc37eb30e4ff ] Request (HypervisorAdminNegativeTestJSON:test_get_hypervisor_uptime_with_non_admin_user): 200 GET http://10.180.1.21/compute/v2.1/os-hypervisors 2.842s
2025-04-03 09:09:45.318 69128 INFO tempest.lib.common.rest_client [req-0618d71a-df2b-4379-a1d7-7ad936ec280d req-0618d71a-df2b-4379-a1d7-7ad936ec280d ] Request (QuotaClassesAdminTestJSON:setUpClass): 201 POST http://10.180.1.21/identity/v3/auth/tokens 0.032s
2025-04-03 09:09:45.319 69162 INFO tempest.lib.common.rest_client [req-cc6f1ed5-fd8f-4487-a7f9-192fc0ed9dc6 req-cc6f1ed5-fd8f-4487-a7f9-192fc0ed9dc6 ] Request (AggregatesAdminNegativeTestJSON:_run_cleanups): 200 DELETE http://10.180.1.21/compute/v2.1/os-aggregates/3 2.736s
2025-04-03 09:09:45.325 69124 INFO tempest.lib.common.rest_client [req-6f2b4aa5-768b-4571-8487-c7c4c11de86d req-6f2b4aa5-768b-4571-8487-c7c4c11de86d ] Request (ServersAdminTestJSON:setUpClass): 201 POST http://10.180.1.21:9696/networking/v2.0/subnets 0.887s
2025-04-03 09:09:45.351 69128 INFO tempest.lib.common.rest_client [req-e648970b-2d64-4fae-a7c4-0152323ee239 req-e648970b-2d64-4fae-a7c4-0152323ee239 ] Request (QuotaClassesAdminTestJSON:setUpClass): 200 GET http://10.180.1.21/identity/v3/domains?name=Default 0.032s
2025-04-03 09:09:45.364 69126 INFO tempest.lib.common.rest_client [req-fd054716-c5d5-4e6e-8ffa-5a04dfbe3b3b req-fd054716-c5d5-4e6e-8ffa-5a04dfbe3b3b ] Request (ServicesAdminTestJSON:test_get_service_by_host_name): 200 GET http://10.180.1.21/compute/v2.1/os-services 2.811s
2025-04-03 09:09:45.371 69136 INFO tempest.lib.common.rest_client [req-4f46c75e-3bb3-4918-80a9-2ae4304ed29a req-4f46c75e-3bb3-4918-80a9-2ae4304ed29a ] Request (HostsAdminNegativeTestJSON:test_update_host_with_non_admin_user): 403 PUT http://10.180.1.21/compute/v2.1/os-hosts/devstack 1.835s
2025-04-03 09:09:45.385 69128 INFO tempest.lib.common.rest_client [req-4a053aec-4b81-4017-9896-07228f4872de req-4a053aec-4b81-4017-9896-07228f4872de ] Request (QuotaClassesAdminTestJSON:setUpClass): 201 POST http://10.180.1.21/identity/v3/projects 0.033s
2025-04-03 09:09:45.396 69164 INFO tempest.lib.common.rest_client [req-b161919f-3c48-4ed8-a337-0a86b86e533a req-b161919f-3c48-4ed8-a337-0a86b86e533a ] Request (FlavorsExtraSpecsNegativeTestJSON:tearDownClass): 200 GET http://10.180.1.21:9696/networking/v2.0/security-groups?tenant_id=345fab0b871d4193af1b393752303af9&name=default 0.393s
2025-04-03 09:09:45.402 69160 INFO tempest.lib.common.rest_client [req-bd3d1319-e242-42fc-b8a3-0a0abfed9c3d req-bd3d1319-e242-42fc-b8a3-0a0abfed9c3d ] Request (FlavorsAdminTestJSON:test_create_flavor_with_uuid_id): 200 POST http://10.180.1.21/compute/v2.1/flavors 1.836s
2025-04-03 09:09:45.469 69128 INFO tempest.lib.common.rest_client [req-9c304d03-e81c-4dc4-b9a3-ab0cb79fe1d0 req-9c304d03-e81c-4dc4-b9a3-ab0cb79fe1d0 ] Request (QuotaClassesAdminTestJSON:setUpClass): 201 POST http://10.180.1.21/identity/v3/users 0.084s
2025-04-03 09:09:45.493 69128 INFO tempest.lib.common.rest_client [req-874ce420-bb0e-46f3-9b43-d3fc77a634c4 req-874ce420-bb0e-46f3-9b43-d3fc77a634c4 ] Request (QuotaClassesAdminTestJSON:setUpClass): 200 GET http://10.180.1.21/identity/v3/roles 0.022s
2025-04-03 09:09:45.528 69128 INFO tempest.lib.common.rest_client [req-987e6d3b-eb73-4996-a79b-9bd23bf9637a req-987e6d3b-eb73-4996-a79b-9bd23bf9637a ] Request (QuotaClassesAdminTestJSON:setUpClass): 204 PUT http://10.180.1.21/identity/v3/projects/fe3fc215739f465f99efa7a819d61788/users/883b1af066ba4ec9b238802fef692011/roles/b7528664bd4f48caa8ee4b6c9481ef6b 0.035s
2025-04-03 09:09:45.529 69128 INFO tempest.lib.common.dynamic_creds [-] Dynamic test user 883b1af066ba4ec9b238802fef692011 is created with scope project and roles: ['member']
2025-04-03 09:09:45.529 69128 INFO tempest.lib.common.dynamic_creds [-] Acquired dynamic creds: credentials: Credentials: {'domain_id': 'default', 'domain_name': 'Default', 'username': 'tempest-QuotaClassesAdminTestJSON-301012059-project-member', 'project_domain_id': 'default', 'project_domain_name': 'Default', 'project_id': 'fe3fc215739f465f99efa7a819d61788', 'project_name': 'tempest-QuotaClassesAdminTestJSON-301012059', 'tenant_id': 'fe3fc215739f465f99efa7a819d61788', 'tenant_name': 'tempest-QuotaClassesAdminTestJSON-301012059', 'user_domain_id': 'default', 'user_domain_name': 'Default', 'user_id': '883b1af066ba4ec9b238802fef692011', 'system': None}, Network: None, Subnet: None, Router: None
2025-04-03 09:09:45.529 69128 INFO tempest.lib.common.dynamic_creds [-] Created isolated network resources for: credentials: Credentials: {'domain_id': 'default', 'domain_name': 'Default', 'username': 'tempest-QuotaClassesAdminTestJSON-301012059-project-member', 'project_domain_id': 'default', 'project_domain_name': 'Default', 'project_id': 'fe3fc215739f465f99efa7a819d61788', 'project_name': 'tempest-QuotaClassesAdminTestJSON-301012059', 'tenant_id': 'fe3fc215739f465f99efa7a819d61788', 'tenant_name': 'tempest-QuotaClassesAdminTestJSON-301012059', 'user_domain_id': 'default', 'user_domain_name': 'Default', 'user_id': '883b1af066ba4ec9b238802fef692011', 'system': None}, Network: None, Subnet: None, Router: None
2025-04-03 09:09:45.609 69128 INFO tempest.lib.common.rest_client [req-19e8638f-6279-4716-9c50-91b9f2ee98b6 req-19e8638f-6279-4716-9c50-91b9f2ee98b6 ] Request (QuotaClassesAdminTestJSON:setUpClass): 201 POST http://10.180.1.21/identity/v3/auth/tokens 0.076s
2025-04-03 09:09:45.680 69128 INFO tempest.lib.common.rest_client [req-dc8ee888-edcc-4e93-9776-9aea8e93d7e4 req-dc8ee888-edcc-4e93-9776-9aea8e93d7e4 ] Request (QuotaClassesAdminTestJSON:setUpClass): 201 POST http://10.180.1.21/identity/v3/projects 0.071s
2025-04-03 09:09:45.732 69138 INFO tempest.lib.common.rest_client [req-e11d9fc4-18ca-4b64-9dbf-b8a4877e59ad req-e11d9fc4-18ca-4b64-9dbf-b8a4877e59ad ] Request (FloatingIPsAssociationTestJSON:setUpClass): 200 GET http://10.180.1.21/compute/v2.1/servers/195e2543-8984-4a01-bfdf-1ee3c98f1105 2.165s
2025-04-03 09:09:45.755 69128 INFO tempest.lib.common.rest_client [req-e0da75ac-1435-49fc-9b73-6ecc8b4e47de req-e0da75ac-1435-49fc-9b73-6ecc8b4e47de ] Request (QuotaClassesAdminTestJSON:setUpClass): 201 POST http://10.180.1.21/identity/v3/users 0.075s
2025-04-03 09:09:45.775 69172 INFO tempest.lib.common.rest_client [req-449787ef-86d9-4c18-a595-781c013e17f8 req-449787ef-86d9-4c18-a595-781c013e17f8 ] Request (ServerActionsV293TestJSON:setUpClass): 201 POST http://10.180.1.21:9696/networking/v2.0/floatingips 1.364s
2025-04-03 09:09:45.785 69128 INFO tempest.lib.common.rest_client [req-da95d548-6c14-4a16-a0aa-2c5fa502fa0a req-da95d548-6c14-4a16-a0aa-2c5fa502fa0a ] Request (QuotaClassesAdminTestJSON:setUpClass): 200 GET http://10.180.1.21/identity/v3/roles 0.030s
2025-04-03 09:09:45.820 69164 INFO tempest.lib.common.rest_client [req-2fd47acc-3757-4bbc-bb57-730a410da22d req-2fd47acc-3757-4bbc-bb57-730a410da22d ] Request (FlavorsExtraSpecsNegativeTestJSON:tearDownClass): 204 DELETE http://10.180.1.21:9696/networking/v2.0/security-groups/93171c65-6b95-48ed-b497-a7c625c6c92d 0.424s
2025-04-03 09:09:45.841 69172 INFO tempest.lib.common.rest_client [req-08f4007b-6239-4acb-bac8-2dd3c8f2a51c req-08f4007b-6239-4acb-bac8-2dd3c8f2a51c ] Request (ServerActionsV293TestJSON:setUpClass): 201 POST http://10.180.1.21/identity/v3/auth/tokens 0.062s
2025-04-03 09:09:45.842 69172 INFO tempest.lib.common.fixed_network [-] (ServerActionsV293TestJSON:setUpClass) Found network {'id': '4721730e-a8c1-438a-93d6-04e49b2bef1c', 'name': 'tempest-ServerActionsV293TestJSON-956796280-network', 'tenant_id': 'de8a16d98b234ffeb1f0920ab46b541e', 'admin_state_up': True, 'mtu': 8950, 'status': 'ACTIVE', 'subnets': [], 'shared': False, 'project_id': 'de8a16d98b234ffeb1f0920ab46b541e', 'port_security_enabled': True, 'router:external': False, 'provider:network_type': 'vlan', 'provider:physical_network': 'default', 'provider:segmentation_id': 720, 'availability_zone_hints': [], 'availability_zones': [], 'ipv4_address_scope': None, 'ipv6_address_scope': None, 'description': '', 'tags': [], 'created_at': '2025-04-03T09:09:35Z', 'updated_at': '2025-04-03T09:09:35Z', 'revision_number': 1} available for tenant
2025-04-03 09:09:45.877 69128 INFO tempest.lib.common.rest_client [req-f4b3ec57-ac7c-43a1-85c6-196eada86d45 req-f4b3ec57-ac7c-43a1-85c6-196eada86d45 ] Request (QuotaClassesAdminTestJSON:setUpClass): 204 PUT http://10.180.1.21/identity/v3/projects/5919e94660f245df9c8fac2d49f6655a/users/768f252d60594f9d9a23483c0f258698/roles/db7e8649d2bf46fd80526e7a44dc6243 0.091s
2025-04-03 09:09:45.945 69128 INFO tempest.lib.common.rest_client [req-86010a76-96b5-440b-858d-a5b2f93be552 req-86010a76-96b5-440b-858d-a5b2f93be552 ] Request (QuotaClassesAdminTestJSON:setUpClass): 200 GET http://10.180.1.21/identity/v3/roles 0.068s
2025-04-03 09:09:46.016 69164 INFO tempest.lib.common.rest_client [req-adcb0ec2-62fb-42c8-a12d-9828d6e589c6 req-adcb0ec2-62fb-42c8-a12d-9828d6e589c6 ] Request (FlavorsExtraSpecsNegativeTestJSON:tearDownClass): 204 DELETE http://10.180.1.21/identity/v3/projects/345fab0b871d4193af1b393752303af9 0.195s
2025-04-03 09:09:46.016 69164 INFO tempest.lib.common.dynamic_creds [-] Deleting project and security group for project: 0bff6cb6338f42f1bceba754fe7867ef
2025-04-03 09:09:46.067 69157 INFO tempest.lib.common.rest_client [req-136858dc-239f-413f-8c11-e8fcac17bfd8 req-136858dc-239f-413f-8c11-e8fcac17bfd8 ] Request (ImagesOneServerNegativeTestJSON:setUpClass): 200 PUT http://10.180.1.21:9696/networking/v2.0/routers/5a086495-852e-4ec4-aa72-50d455bde1d2/add_router_interface 2.660s
2025-04-03 09:09:46.068 69157 INFO tempest.lib.common.dynamic_creds [-] Created isolated network resources for: credentials: Credentials: {'domain_id': 'default', 'domain_name': 'Default', 'username': 'tempest-ImagesOneServerNegativeTestJSON-2089304275-project-member', 'project_domain_id': 'default', 'project_domain_name': 'Default', 'project_id': '4d3439f156cf4195b418e1c815086a00', 'project_name': 'tempest-ImagesOneServerNegativeTestJSON-2089304275', 'tenant_id': '4d3439f156cf4195b418e1c815086a00', 'tenant_name': 'tempest-ImagesOneServerNegativeTestJSON-2089304275', 'user_domain_id': 'default', 'user_domain_name': 'Default', 'user_id': '453131ddbf1148d49c01179d6ff1713c', 'system': None}, Network: {'id': '98589913-1363-422b-9da3-440ba9fd74f7', 'name': 'tempest-ImagesOneServerNegativeTestJSON-22547982-network', 'tenant_id': '4d3439f156cf4195b418e1c815086a00', 'admin_state_up': True, 'mtu': 8950, 'status': 'ACTIVE', 'subnets': [], 'shared': False, 'project_id': '4d3439f156cf4195b418e1c815086a00', 'port_security_enabled': True, 'router:external': False, 'provider:network_type': 'vlan', 'provider:physical_network': 'default', 'provider:segmentation_id': 953, 'availability_zone_hints': [], 'availability_zones': [], 'ipv4_address_scope': None, 'ipv6_address_scope': None, 'description': '', 'tags': [], 'created_at': '2025-04-03T09:09:39Z', 'updated_at': '2025-04-03T09:09:39Z', 'revision_number': 1}, Subnet: {'id': '8cbd1545-a683-4605-bf6c-af28d7afb594', 'name': 'tempest-ImagesOneServerNegativeTestJSON-22547982-subnet', 'tenant_id': '4d3439f156cf4195b418e1c815086a00', 'network_id': '98589913-1363-422b-9da3-440ba9fd74f7', 'ip_version': 4, 'subnetpool_id': None, 'enable_dhcp': True, 'ipv6_ra_mode': None, 'ipv6_address_mode': None, 'gateway_ip': '192.168.128.1', 'cidr': '192.168.128.0/28', 'allocation_pools': [{'start': '192.168.128.2', 'end': '192.168.128.14'}], 'host_routes': [], 'dns_nameservers': [], 'description': '', 'router:external': False, 'service_types': [], 'tags': [], 'created_at': '2025-04-03T09:09:39Z', 'updated_at': '2025-04-03T09:09:39Z', 'revision_number': 0, 'project_id': '4d3439f156cf4195b418e1c815086a00'}, Router: {'id': '5a086495-852e-4ec4-aa72-50d455bde1d2', 'name': 'tempest-ImagesOneServerNegativeTestJSON-22547982-router', 'tenant_id': '4d3439f156cf4195b418e1c815086a00', 'admin_state_up': True, 'status': 'ACTIVE', 'external_gateway_info': {'network_id': '4f6ca590-b6a9-4a5a-abab-166e2cbded6b', 'external_fixed_ips': [{'subnet_id': '00031d64-69df-4463-9fc2-4341e7c92ca2', 'ip_address': '10.180.180.232'}], 'enable_snat': True}, 'description': '', 'availability_zones': [], 'distributed': False, 'ha': False, 'availability_zone_hints': [], 'routes': [], 'flavor_id': None, 'tags': [], 'created_at': '2025-04-03T09:09:40Z', 'updated_at': '2025-04-03T09:09:41Z', 'revision_number': 2, 'project_id': '4d3439f156cf4195b418e1c815086a00'}
2025-04-03 09:09:46.091 69128 INFO tempest.lib.common.rest_client [req-b3870354-85e0-4373-91af-cedd5c394aad req-b3870354-85e0-4373-91af-cedd5c394aad ] Request (QuotaClassesAdminTestJSON:setUpClass): 204 PUT http://10.180.1.21/identity/v3/projects/5919e94660f245df9c8fac2d49f6655a/users/768f252d60594f9d9a23483c0f258698/roles/db7e8649d2bf46fd80526e7a44dc6243 0.145s
2025-04-03 09:09:46.091 69128 INFO tempest.lib.common.dynamic_creds [-] Dynamic test user 768f252d60594f9d9a23483c0f258698 is created with scope project and roles: ['admin']
2025-04-03 09:09:46.091 69128 INFO tempest.lib.common.dynamic_creds [-] Acquired dynamic creds: credentials: Credentials: {'domain_id': 'default', 'domain_name': 'Default', 'username': 'tempest-QuotaClassesAdminTestJSON-710363156-project-admin', 'project_domain_id': 'default', 'project_domain_name': 'Default', 'project_id': '5919e94660f245df9c8fac2d49f6655a', 'project_name': 'tempest-QuotaClassesAdminTestJSON-710363156', 'tenant_id': '5919e94660f245df9c8fac2d49f6655a', 'tenant_name': 'tempest-QuotaClassesAdminTestJSON-710363156', 'user_domain_id': 'default', 'user_domain_name': 'Default', 'user_id': '768f252d60594f9d9a23483c0f258698', 'system': None}, Network: None, Subnet: None, Router: None
2025-04-03 09:09:46.091 69128 INFO tempest.lib.common.dynamic_creds [-] Created isolated network resources for: credentials: Credentials: {'domain_id': 'default', 'domain_name': 'Default', 'username': 'tempest-QuotaClassesAdminTestJSON-710363156-project-admin', 'project_domain_id': 'default', 'project_domain_name': 'Default', 'project_id': '5919e94660f245df9c8fac2d49f6655a', 'project_name': 'tempest-QuotaClassesAdminTestJSON-710363156', 'tenant_id': '5919e94660f245df9c8fac2d49f6655a', 'tenant_name': 'tempest-QuotaClassesAdminTestJSON-710363156', 'user_domain_id': 'default', 'user_domain_name': 'Default', 'user_id': '768f252d60594f9d9a23483c0f258698', 'system': None}, Network: None, Subnet: None, Router: None
2025-04-03 09:09:46.142 69166 INFO tempest.lib.common.rest_client [req-9cc29e2f-cd71-47ac-901f-d783643b99d0 req-9cc29e2f-cd71-47ac-901f-d783643b99d0 ] Request (ListServerFiltersTestJSON:setUpClass): 202 POST http://10.180.1.21/compute/v2.1/servers 2.668s
2025-04-03 09:09:46.235 69157 INFO tempest.lib.common.rest_client [req-6715663a-8dcb-4451-8fb0-63c62c1b9f13 req-6715663a-8dcb-4451-8fb0-63c62c1b9f13 ] Request (ImagesOneServerNegativeTestJSON:setUpClass): 201 POST http://10.180.1.21/identity/v3/auth/tokens 0.159s
2025-04-03 09:09:46.237 69164 INFO tempest.lib.common.rest_client [req-8fdfcee0-0c47-4262-aec8-7cbef4ea389d req-8fdfcee0-0c47-4262-aec8-7cbef4ea389d ] Request (FlavorsExtraSpecsNegativeTestJSON:tearDownClass): 200 GET http://10.180.1.21:9696/networking/v2.0/security-groups?tenant_id=0bff6cb6338f42f1bceba754fe7867ef&name=default 0.220s
2025-04-03 09:09:46.244 69120 INFO tempest.lib.common.rest_client [req-4d4b5eaa-4792-4c4b-ab90-6173234b09e2 req-4d4b5eaa-4792-4c4b-ab90-6173234b09e2 ] Request (VolumesAssistedSnapshotsTest:test_volume_assisted_snapshot_create_delete): 200 GET http://10.180.1.21/compute/v2.1/servers/2bab2519-fc00-4b92-8226-bae70048ad1f 2.479s
2025-04-03 09:09:46.284 69178 INFO tempest.lib.common.rest_client [req-fc692eb6-f853-4718-8245-f3b68292a526 req-fc692eb6-f853-4718-8245-f3b68292a526 ] Request (ImagesMetadataTestJSON:test_set_image_metadata): 200 GET http://10.180.1.21/compute/v2.1/images/59060000-de59-491b-bc8e-db95406bea30/metadata 2.455s
2025-04-03 09:09:46.288 69152 INFO tempest.lib.common.rest_client [req-2f918546-bc69-4df7-896c-3c3ab8334339 req-2f918546-bc69-4df7-896c-3c3ab8334339 ] Request (VolumesAdminNegativeTest:setUpClass): 200 PUT http://10.180.1.21:9696/networking/v2.0/routers/b15f0e43-4295-4604-a986-b5027aeebc0a/add_router_interface 2.529s
2025-04-03 09:09:46.288 69152 INFO tempest.lib.common.dynamic_creds [-] Created isolated network resources for: credentials: Credentials: {'domain_id': 'default', 'domain_name': 'Default', 'username': 'tempest-VolumesAdminNegativeTest-709246671-project-member', 'project_domain_id': 'default', 'project_domain_name': 'Default', 'project_id': '74f9e9a8d5044f4d9d2574991df80d29', 'project_name': 'tempest-VolumesAdminNegativeTest-709246671', 'tenant_id': '74f9e9a8d5044f4d9d2574991df80d29', 'tenant_name': 'tempest-VolumesAdminNegativeTest-709246671', 'user_domain_id': 'default', 'user_domain_name': 'Default', 'user_id': '6d7bf410541144e08bd7918b0d06e202', 'system': None}, Network: {'id': 'f753b234-b1c5-4284-899a-fd54105f9ae9', 'name': 'tempest-VolumesAdminNegativeTest-1803346189-network', 'tenant_id': '74f9e9a8d5044f4d9d2574991df80d29', 'admin_state_up': True, 'mtu': 8950, 'status': 'ACTIVE', 'subnets': [], 'shared': False, 'project_id': '74f9e9a8d5044f4d9d2574991df80d29', 'port_security_enabled': True, 'router:external': False, 'provider:network_type': 'vlan', 'provider:physical_network': 'default', 'provider:segmentation_id': 22, 'availability_zone_hints': [], 'availability_zones': [], 'ipv4_address_scope': None, 'ipv6_address_scope': None, 'description': '', 'tags': [], 'created_at': '2025-04-03T09:09:41Z', 'updated_at': '2025-04-03T09:09:41Z', 'revision_number': 1}, Subnet: {'id': 'd1a5695a-a1c5-462b-9335-33ed329dc677', 'name': 'tempest-VolumesAdminNegativeTest-1803346189-subnet', 'tenant_id': '74f9e9a8d5044f4d9d2574991df80d29', 'network_id': 'f753b234-b1c5-4284-899a-fd54105f9ae9', 'ip_version': 4, 'subnetpool_id': None, 'enable_dhcp': True, 'ipv6_ra_mode': None, 'ipv6_address_mode': None, 'gateway_ip': '192.168.128.1', 'cidr': '192.168.128.0/28', 'allocation_pools': [{'start': '192.168.128.2', 'end': '192.168.128.14'}], 'host_routes': [], 'dns_nameservers': [], 'description': '', 'router:external': False, 'service_types': [], 'tags': [], 'created_at': '2025-04-03T09:09:41Z', 'updated_at': '2025-04-03T09:09:41Z', 'revision_number': 0, 'project_id': '74f9e9a8d5044f4d9d2574991df80d29'}, Router: {'id': 'b15f0e43-4295-4604-a986-b5027aeebc0a', 'name': 'tempest-VolumesAdminNegativeTest-1803346189-router', 'tenant_id': '74f9e9a8d5044f4d9d2574991df80d29', 'admin_state_up': True, 'status': 'ACTIVE', 'external_gateway_info': {'network_id': '4f6ca590-b6a9-4a5a-abab-166e2cbded6b', 'external_fixed_ips': [{'subnet_id': '00031d64-69df-4463-9fc2-4341e7c92ca2', 'ip_address': '10.180.180.179'}], 'enable_snat': True}, 'description': '', 'availability_zones': [], 'distributed': False, 'ha': False, 'availability_zone_hints': [], 'routes': [], 'flavor_id': None, 'tags': [], 'created_at': '2025-04-03T09:09:41Z', 'updated_at': '2025-04-03T09:09:42Z', 'revision_number': 2, 'project_id': '74f9e9a8d5044f4d9d2574991df80d29'}
2025-04-03 09:09:46.298 69128 INFO tempest.lib.common.rest_client [req-68213470-b3a4-46d4-9f21-ff44f86644e6 req-68213470-b3a4-46d4-9f21-ff44f86644e6 ] Request (QuotaClassesAdminTestJSON:setUpClass): 201 POST http://10.180.1.21/identity/v3/auth/tokens 0.202s
2025-04-03 09:09:46.304 69166 INFO tempest.lib.common.rest_client [req-92e98be2-4aab-46fe-92fd-71030adb92c3 req-92e98be2-4aab-46fe-92fd-71030adb92c3 ] Request (ListServerFiltersTestJSON:setUpClass): 201 POST http://10.180.1.21/identity/v3/auth/tokens 0.155s
2025-04-03 09:09:46.305 69166 INFO tempest.lib.common.fixed_network [-] (ListServerFiltersTestJSON:setUpClass) Found network {'id': '703888a9-acb3-4f13-9061-6f33bc4621e8', 'name': 'tempest-ListServerFiltersTestJSON-1452406487-network', 'tenant_id': '0f4de2519c564969aa6c6d0fb3c7b59a', 'admin_state_up': True, 'mtu': 8950, 'status': 'ACTIVE', 'subnets': [], 'shared': False, 'project_id': '0f4de2519c564969aa6c6d0fb3c7b59a', 'port_security_enabled': True, 'router:external': False, 'provider:network_type': 'vlan', 'provider:physical_network': 'default', 'provider:segmentation_id': 579, 'availability_zone_hints': [], 'availability_zones': [], 'ipv4_address_scope': None, 'ipv6_address_scope': None, 'description': '', 'tags': [], 'created_at': '2025-04-03T09:09:42Z', 'updated_at': '2025-04-03T09:09:42Z', 'revision_number': 1} available for tenant
2025-04-03 09:09:46.320 69154 INFO tempest.lib.common.rest_client [req-ebdc470e-9b4e-4def-b70e-c9ed088b90b1 req-ebdc470e-9b4e-4def-b70e-c9ed088b90b1 ] Request (FlavorsExtraSpecsTestJSON:test_flavor_set_get_update_show_unset_keys): 200 DELETE http://10.180.1.21/compute/v2.1/flavors/2064630670/os-extra_specs/hw:numa_nodes 2.477s
2025-04-03 09:09:46.349 69157 INFO tempest.lib.common.rest_client [req-f8cebdc7-16e7-4b5a-9695-b1507b4b333d req-f8cebdc7-16e7-4b5a-9695-b1507b4b333d ] Request (ImagesOneServerNegativeTestJSON:setUpClass): 201 POST http://10.180.1.21/identity/v3/auth/tokens 0.111s
2025-04-03 09:09:46.349 69157 INFO tempest.lib.common.fixed_network [-] (ImagesOneServerNegativeTestJSON:setUpClass) Found network {'id': '98589913-1363-422b-9da3-440ba9fd74f7', 'name': 'tempest-ImagesOneServerNegativeTestJSON-22547982-network', 'tenant_id': '4d3439f156cf4195b418e1c815086a00', 'admin_state_up': True, 'mtu': 8950, 'status': 'ACTIVE', 'subnets': [], 'shared': False, 'project_id': '4d3439f156cf4195b418e1c815086a00', 'port_security_enabled': True, 'router:external': False, 'provider:network_type': 'vlan', 'provider:physical_network': 'default', 'provider:segmentation_id': 953, 'availability_zone_hints': [], 'availability_zones': [], 'ipv4_address_scope': None, 'ipv6_address_scope': None, 'description': '', 'tags': [], 'created_at': '2025-04-03T09:09:39Z', 'updated_at': '2025-04-03T09:09:39Z', 'revision_number': 1} available for tenant
2025-04-03 09:09:46.369 69152 INFO tempest.lib.common.rest_client [req-d745de33-3976-4c8b-8ca9-9295d285d506 req-d745de33-3976-4c8b-8ca9-9295d285d506 ] Request (VolumesAdminNegativeTest:setUpClass): 201 POST http://10.180.1.21/identity/v3/auth/tokens 0.071s
2025-04-03 09:09:46.454 69152 INFO tempest.lib.common.rest_client [req-452688aa-12cc-49a9-9918-775683a3f3b8 req-452688aa-12cc-49a9-9918-775683a3f3b8 ] Request (VolumesAdminNegativeTest:setUpClass): 201 POST http://10.180.1.21/identity/v3/projects 0.084s
2025-04-03 09:09:46.511 69152 INFO tempest.lib.common.rest_client [req-a9ce8224-e3a3-4b0e-841f-c763569ad6ac req-a9ce8224-e3a3-4b0e-841f-c763569ad6ac ] Request (VolumesAdminNegativeTest:setUpClass): 201 POST http://10.180.1.21/identity/v3/users 0.056s
2025-04-03 09:09:46.535 69152 INFO tempest.lib.common.rest_client [req-4ebb7f0f-8bb3-408d-9156-958a5bc74d70 req-4ebb7f0f-8bb3-408d-9156-958a5bc74d70 ] Request (VolumesAdminNegativeTest:setUpClass): 200 GET http://10.180.1.21/identity/v3/roles 0.023s
2025-04-03 09:09:46.563 69152 INFO tempest.lib.common.rest_client [req-d4dac834-6672-4ce1-baf0-6ea058166a76 req-d4dac834-6672-4ce1-baf0-6ea058166a76 ] Request (VolumesAdminNegativeTest:setUpClass): 204 PUT http://10.180.1.21/identity/v3/projects/8d0dc1b9114e488fbe1b6d6d67e46e01/users/ea2696399b3e43f7a50c3205260eb720/roles/db7e8649d2bf46fd80526e7a44dc6243 0.026s
2025-04-03 09:09:46.613 69152 INFO tempest.lib.common.rest_client [req-ff5517aa-daab-4be0-9ff1-c9793260f360 req-ff5517aa-daab-4be0-9ff1-c9793260f360 ] Request (VolumesAdminNegativeTest:setUpClass): 200 GET http://10.180.1.21/identity/v3/roles 0.049s
2025-04-03 09:09:46.631 69152 INFO tempest.lib.common.rest_client [req-0a31e9fe-409e-4a27-b57e-2e19ce87a945 req-0a31e9fe-409e-4a27-b57e-2e19ce87a945 ] Request (VolumesAdminNegativeTest:setUpClass): 204 PUT http://10.180.1.21/identity/v3/projects/8d0dc1b9114e488fbe1b6d6d67e46e01/users/ea2696399b3e43f7a50c3205260eb720/roles/db7e8649d2bf46fd80526e7a44dc6243 0.018s
2025-04-03 09:09:46.632 69152 INFO tempest.lib.common.dynamic_creds [-] Dynamic test user ea2696399b3e43f7a50c3205260eb720 is created with scope project and roles: ['admin']
