2025-04-03 09:12:19.445 69158 INFO tempest.lib.common.rest_client [req-3095861c-75bc-462b-a597-2cc4bff5c2b2 req-3095861c-75bc-462b-a597-2cc4bff5c2b2 ] Request (ImagesOneServerTestJSON:test_create_delete_image): 200 GET http://10.180.1.21/compute/v2.1/images/775bf56f-8909-43ab-9295-e85656c94fd2 0.497s
2025-04-03 09:12:19.469 69172 INFO tempest.lib.common.rest_client [req-265ed0cb-3c10-46e0-a3ef-1efe15574750 req-265ed0cb-3c10-46e0-a3ef-1efe15574750 ] Request (ServerGroupTestJSON:test_create_delete_server_group_with_affinity_policy): 204 DELETE http://10.180.1.21/compute/v2.1/os-server-groups/b1e28aa3-8125-4357-9cbb-6b5e74ecf642 0.518s
2025-04-03 09:12:19.478 69140 INFO tempest.lib.common.rest_client [req-2de27be0-f3df-499e-8834-435f9c97c22b req-2de27be0-f3df-499e-8834-435f9c97c22b ] Request (ServerRescueNegativeTestJSON:setUpClass): 200 GET http://10.180.1.21/compute/v2.1/servers/c4e41c81-3958-4797-84a2-9486ba6278f1 0.606s
2025-04-03 09:12:19.527 69138 INFO tempest.lib.common.rest_client [req-c8d09d86-3a80-4f28-8201-8ad6b148fb72 req-c8d09d86-3a80-4f28-8201-8ad6b148fb72 ] Request (MultipleCreateTestJSON:test_multiple_create): 200 GET http://10.180.1.21/compute/v2.1/servers/08ce6d65-5a60-464d-a429-39c204f43892 0.567s
2025-04-03 09:12:19.546 69144 INFO tempest.lib.common.rest_client [req-f2bed4ae-cd1f-42c7-a28b-0f112b866d0b req-f2bed4ae-cd1f-42c7-a28b-0f112b866d0b ] Request (ServersWithSpecificFlavorTestJSON:test_verify_created_server_ephemeral_disk): 200 GET http://10.180.1.21/compute/v2.1/servers/21caa9d5-b1b1-46fb-8c3f-a67d9aaafa18 0.479s
2025-04-03 09:12:19.591 69120 INFO tempest.lib.common.rest_client [req-8afe9f28-65f2-4fd6-ad95-64517fb97dc0 req-8afe9f28-65f2-4fd6-ad95-64517fb97dc0 ] Request (VolumesAssistedSnapshotsTest:tearDownClass): 200 GET http://10.180.1.21/compute/v2.1/servers/2bab2519-fc00-4b92-8226-bae70048ad1f 0.516s
2025-04-03 09:12:19.622 69154 INFO tempest.lib.common.rest_client [req-cba3ce9f-baa4-45ed-acd8-066530554779 req-cba3ce9f-baa4-45ed-acd8-066530554779 ] Request (ServersTestJSON:tearDownClass): 200 GET http://10.180.1.21/compute/v2.1/servers/af1b5f44-b442-4c3e-923c-92c0d7db49b4 0.196s
2025-04-03 09:12:19.625 69158 INFO tempest.lib.common.rest_client [req-e501c8db-a7aa-4ec3-a7b0-376d4641900e req-e501c8db-a7aa-4ec3-a7b0-376d4641900e ] Request (ImagesOneServerTestJSON:test_create_delete_image): 200 GET http://10.180.1.21/compute/v2.1/images/775bf56f-8909-43ab-9295-e85656c94fd2 0.176s
2025-04-03 09:12:19.628 69154 INFO tempest.common.waiters [-] State transition "ACTIVE/deleting" ==> "DELETED/None" after 3 second wait
2025-04-03 09:12:19.633 69172 INFO tempest.lib.common.rest_client [req-1ccb7a7a-8cdb-4c76-a9c1-dca139599695 req-1ccb7a7a-8cdb-4c76-a9c1-dca139599695 ] Request (ServerGroupTestJSON:test_create_delete_server_group_with_affinity_policy): 200 GET http://10.180.1.21/compute/v2.1/os-server-groups 0.163s
2025-04-03 09:12:19.776 69124 INFO tempest.lib.common.rest_client [req-f12dce0b-6107-4d49-bf09-c4a44d55d56b req-f12dce0b-6107-4d49-bf09-c4a44d55d56b ] Request (ServersAdminTestJSON:test_create_server_with_scheduling_hint): 200 GET http://10.180.1.21/compute/v2.1/servers/b6ce6d33-aebc-420e-afe7-9e0908a2c560 0.180s
2025-04-03 09:12:19.792 69142 INFO tempest.lib.common.rest_client [req-cf5d6bbd-ba6c-4196-8fc4-3dbb0906b4a8 req-cf5d6bbd-ba6c-4196-8fc4-3dbb0906b4a8 ] Request (SecurityGroupsTestJSON:test_list_security_groups_by_server): 200 GET http://10.180.1.21/compute/v2.1/servers/913f76bd-2cb4-450b-a506-6687ee98cd86 0.207s
2025-04-03 09:12:19.799 69142 INFO tempest.common.waiters [-] State transition "BUILD/spawning" ==> "ACTIVE/None" after 81 second wait
2025-04-03 09:12:19.845 69172 INFO tempest.lib.common.rest_client [req-b9169bd6-1c02-4cda-ae57-348404860827 req-b9169bd6-1c02-4cda-ae57-348404860827 ] Request (ServerGroupTestJSON:test_create_delete_server_group_with_anti_affinity_policy): 200 POST http://10.180.1.21/compute/v2.1/os-server-groups 0.206s
2025-04-03 09:12:19.909 69182 INFO tempest.lib.common.rest_client [req-4ea8a950-a517-4ccd-a610-6bc121640312 req-4ea8a950-a517-4ccd-a610-6bc121640312 ] Request (ServerRescueTestJSONUnderV235:tearDownClass): 200 GET http://10.180.1.21/compute/v2.1/servers/38df7b29-99a7-42a1-8dcd-47bedc72f440 0.234s
2025-04-03 09:12:19.940 69158 INFO tempest.lib.common.rest_client [req-13e4a33d-b9bd-4ee9-8c06-155925a465c7 req-13e4a33d-b9bd-4ee9-8c06-155925a465c7 ] Request (ImagesOneServerTestJSON:test_create_delete_image): 200 GET http://10.180.1.21/compute/v2.1/servers/7e8a4b8e-7ea7-4a0f-a2c5-7ee91e42b082 0.312s
2025-04-03 09:12:19.974 69178 INFO tempest.lib.common.rest_client [req-46bf61fd-f1ca-4809-8d05-71331d1bd6b7 req-46bf61fd-f1ca-4809-8d05-71331d1bd6b7 ] Request (ListImageFiltersTestJSON:setUpClass): 200 GET http://10.180.1.21/compute/v2.1/images/212f86ae-fae0-4fa1-a2d8-cb6e207538f0 0.263s
2025-04-03 09:12:19.984 69148 INFO tempest.lib.common.rest_client [req-2347ece8-8f7c-41aa-987a-9ea23c2aa6a6 req-2347ece8-8f7c-41aa-987a-9ea23c2aa6a6 ] Request (ServersAaction247Test:tearDownClass): 200 GET http://10.180.1.21/compute/v2.1/servers/88b6dbfd-2340-430d-96f5-fbe15e3b654b 0.282s
2025-04-03 09:12:20.046 69134 INFO tempest.lib.common.rest_client [req-4d3f7696-e5ca-4b46-96c4-2b2d263e2f7f req-4d3f7696-e5ca-4b46-96c4-2b2d263e2f7f ] Request (MigrationsAdminTest:test_resize_server_revert_deleted_flavor): 200 GET http://10.180.1.21/compute/v2.1/servers/c27ce6a7-d9a3-4a37-9fc7-c72731f816fa 0.266s
2025-04-03 09:12:20.138 69157 INFO tempest.lib.common.rest_client [req-981b2bd0-95c4-4afb-999e-4d5357133fa7 req-981b2bd0-95c4-4afb-999e-4d5357133fa7 ] Request (ImagesOneServerNegativeTestJSON:_run_cleanups): 200 GET http://10.180.1.21/compute/v2.1/servers/d9fb180f-dcd3-4123-a2a0-890182749779 0.327s
2025-04-03 09:12:20.166 69172 INFO tempest.lib.common.rest_client [req-ac5825b7-8828-4059-a828-6d78a0800528 req-ac5825b7-8828-4059-a828-6d78a0800528 ] Request (ServerGroupTestJSON:test_create_delete_server_group_with_anti_affinity_policy): 204 DELETE http://10.180.1.21/compute/v2.1/os-server-groups/7b728a63-c9ad-4ecc-a83c-d34c97c05200 0.320s
2025-04-03 09:12:20.444 69174 INFO paramiko.transport [-] Connected (version 2.0, client dropbear_2020.81)
2025-04-03 09:12:20.458 69150 INFO tempest.lib.common.rest_client [req-2401bcec-80d1-49b5-8136-6544c18700ae req-2401bcec-80d1-49b5-8136-6544c18700ae ] Request (ServersAdminNegativeTestJSON:tearDownClass): 200 GET http://10.180.1.21/compute/v2.1/servers/5207f0f8-398c-478f-8382-7cbe6e3b201d 0.555s
2025-04-03 09:12:20.554 69174 INFO paramiko.transport [-] Authentication (publickey) successful!
2025-04-03 09:12:20.554 69174 INFO tempest.lib.common.ssh [-] ssh connection to cirros@10.180.180.243 successfully created
2025-04-03 09:12:20.623 69170 INFO tempest.lib.common.rest_client [req-9fe58155-817f-4233-b044-1835d98321cc req-9fe58155-817f-4233-b044-1835d98321cc ] Request (AttachInterfacesTestJSON:test_create_list_show_delete_interfaces_by_fixed_ip): 200 GET http://10.180.1.21/compute/v2.1/servers/8fc1914e-feaf-4004-92d1-af93a6e5b399 0.719s
2025-04-03 09:12:20.642 69170 INFO tempest.common.waiters [-] State transition "BUILD/None" ==> "BUILD/spawning" after 61 second wait
2025-04-03 09:12:20.715 69126 INFO tempest.lib.common.rest_client [req-46d22312-c086-41a5-89c3-18276fe3bd96 req-46d22312-c086-41a5-89c3-18276fe3bd96 ] Request (ImagesTestJSON:test_create_image_from_suspended_server): 200 GET http://10.180.1.21/compute/v2.1/servers/2bc10214-7e42-4af6-8970-d0b06ed4e3be 0.674s
2025-04-03 09:12:20.786 69130 INFO tempest.lib.common.rest_client [req-58a413d3-782d-406b-8034-4ed6869e53d8 req-58a413d3-782d-406b-8034-4ed6869e53d8 ] Request (AttachVolumeShelveTestJSON:test_attach_volume_shelved_or_offload_server): 200 GET http://10.180.1.21/compute/v2.1/servers/d31685d0-2d63-49c1-9615-a332ad4777ed 0.667s
2025-04-03 09:12:20.873 69142 INFO tempest.lib.common.rest_client [req-ebbca479-f750-4d3c-9792-d8643eddd07f req-ebbca479-f750-4d3c-9792-d8643eddd07f ] Request (SecurityGroupsTestJSON:test_list_security_groups_by_server): 202 POST http://10.180.1.21/compute/v2.1/servers/913f76bd-2cb4-450b-a506-6687ee98cd86/action 1.073s
2025-04-03 09:12:20.884 69172 INFO tempest.lib.common.rest_client [req-1fda3fd3-13d2-4539-aa48-394b7bfd1327 req-1fda3fd3-13d2-4539-aa48-394b7bfd1327 ] Request (ServerGroupTestJSON:test_create_delete_server_group_with_anti_affinity_policy): 200 GET http://10.180.1.21/compute/v2.1/os-server-groups 0.717s
2025-04-03 09:12:20.921 69172 INFO tempest.lib.common.rest_client [req-32d09579-4eb7-4885-a217-35282c4c52ce req-32d09579-4eb7-4885-a217-35282c4c52ce ] Request (ServerGroupTestJSON:test_create_server_with_scheduler_hint_group): 201 POST http://10.180.1.21/identity/v3/auth/tokens 0.030s
2025-04-03 09:12:20.921 69172 INFO tempest.lib.common.fixed_network [-] (ServerGroupTestJSON:test_create_server_with_scheduler_hint_group) Found network {'id': 'ee7fd7bf-0852-45db-88ec-d97d909ffe53', 'name': 'tempest-ServerGroupTestJSON-2129492739-network', 'tenant_id': 'c302b2390ca94363b3e711c32ac3e8e6', 'admin_state_up': True, 'mtu': 8950, 'status': 'ACTIVE', 'subnets': [], 'shared': False, 'project_id': 'c302b2390ca94363b3e711c32ac3e8e6', 'port_security_enabled': True, 'router:external': False, 'provider:network_type': 'vlan', 'provider:physical_network': 'default', 'provider:segmentation_id': 405, 'availability_zone_hints': [], 'availability_zones': [], 'ipv4_address_scope': None, 'ipv6_address_scope': None, 'description': '', 'tags': [], 'created_at': '2025-04-03T09:12:07Z', 'updated_at': '2025-04-03T09:12:07Z', 'revision_number': 1} available for tenant
2025-04-03 09:12:20.929 69162 INFO tempest.lib.common.rest_client [req-4765020a-df4e-46b4-879b-121f7f2b84ec req-4765020a-df4e-46b4-879b-121f7f2b84ec ] Request (ServerAddressesNegativeTestJSON:setUpClass): 200 GET http://10.180.1.21/compute/v2.1/servers/b636f115-b125-4317-915a-d03d85d128aa 0.787s
2025-04-03 09:12:20.947 69136 INFO tempest.lib.common.rest_client [req-97663328-3073-4a59-ae69-349e563979be req-97663328-3073-4a59-ae69-349e563979be ] Request (DeleteServersTestJSON:test_delete_server_while_in_attached_volume): 200 GET http://10.180.1.21/compute/v2.1/servers/0493e632-089d-4166-8048-040724607526 0.758s
2025-04-03 09:12:21.014 69166 INFO tempest.lib.common.rest_client [req-6373f7b8-4e58-4fb7-b284-c99934e81d76 req-6373f7b8-4e58-4fb7-b284-c99934e81d76 ] Request (ListServerFiltersTestJSON:tearDownClass): 200 GET http://10.180.1.21/compute/v2.1/servers/1ccaea17-56f1-442f-82f3-6126e60913c6 0.771s
2025-04-03 09:12:21.016 69132 INFO tempest.lib.common.rest_client [req-7fb394ab-d009-444c-a38e-1682cd4ff6d7 req-7fb394ab-d009-444c-a38e-1682cd4ff6d7 ] Request (InstanceActionsV221TestJSON:test_get_list_deleted_instance_actions): 200 GET http://10.180.1.21/compute/v2.1/servers/d1b67a95-9fc6-4ce5-9f1d-c0b15a59f77d 0.698s
2025-04-03 09:12:21.020 69166 INFO tempest.common.waiters [-] State transition "ACTIVE/deleting" ==> "DELETED/None" after 6 second wait
2025-04-03 09:12:21.028 69132 INFO tempest.common.waiters [-] State transition "ACTIVE/deleting" ==> "DELETED/None" after 6 second wait
2025-04-03 09:12:21.081 69128 INFO tempest.lib.common.rest_client [req-35e4eacf-4f30-4038-8f5a-01fb2dee2d46 req-35e4eacf-4f30-4038-8f5a-01fb2dee2d46 ] Request (ServerMetadataNegativeTestJSON:setUpClass): 200 GET http://10.180.1.21/compute/v2.1/servers/16d4cf76-c278-4989-abf7-502f4b594a5b 0.676s
2025-04-03 09:12:21.171 69180 INFO tempest.lib.common.rest_client [req-e4a02dac-dc5a-4cca-831d-b5d23b42ee0c req-e4a02dac-dc5a-4cca-831d-b5d23b42ee0c ] Request (ServersTestMultiNic:test_verify_duplicate_network_nics): 200 GET http://10.180.1.21/compute/v2.1/servers/10bc35c7-e142-4916-8e91-e4498042c6f3 0.829s
2025-04-03 09:12:21.236 69138 INFO tempest.lib.common.rest_client [req-93697291-554f-4a26-ad5a-906b7b805101 req-93697291-554f-4a26-ad5a-906b7b805101 ] Request (MultipleCreateTestJSON:test_multiple_create): 200 GET http://10.180.1.21/compute/v2.1/servers/08ce6d65-5a60-464d-a429-39c204f43892 0.694s
2025-04-03 09:12:21.263 69122 INFO paramiko.transport [-] Connected (version 2.0, client dropbear_2020.81)
2025-04-03 09:12:21.278 69140 INFO tempest.lib.common.rest_client [req-f4b2e57f-7f6b-4e9c-a52d-4e727a05e1f6 req-f4b2e57f-7f6b-4e9c-a52d-4e727a05e1f6 ] Request (ServerRescueNegativeTestJSON:setUpClass): 200 GET http://10.180.1.21/compute/v2.1/servers/c4e41c81-3958-4797-84a2-9486ba6278f1 0.790s
2025-04-03 09:12:21.322 69122 INFO paramiko.transport [-] Authentication (publickey) successful!
2025-04-03 09:12:21.323 69122 INFO tempest.lib.common.ssh [-] ssh connection to cirros@10.180.180.167 successfully created
2025-04-03 09:12:21.331 69144 INFO tempest.lib.common.rest_client [req-b00314a2-12ea-49a6-bcb5-08eca3dd5e44 req-b00314a2-12ea-49a6-bcb5-08eca3dd5e44 ] Request (ServersWithSpecificFlavorTestJSON:test_verify_created_server_ephemeral_disk): 200 GET http://10.180.1.21/compute/v2.1/servers/21caa9d5-b1b1-46fb-8c3f-a67d9aaafa18 0.775s
2025-04-03 09:12:21.374 69174 INFO tempest.lib.common.rest_client [req-ba342540-d767-43b9-bc4d-2194c8585202 req-ba342540-d767-43b9-bc4d-2194c8585202 ] Request (ServerActionsTestOtherB:setUp): 200 GET http://10.180.1.21/compute/v2.1/servers/99f2d44f-e361-466f-998c-f23a2b04bcbf 0.819s
2025-04-03 09:12:21.391 69120 INFO tempest.lib.common.rest_client [req-6825df33-0ae9-4ec0-b626-ff6a07da557f req-6825df33-0ae9-4ec0-b626-ff6a07da557f ] Request (VolumesAssistedSnapshotsTest:tearDownClass): 200 GET http://10.180.1.21/compute/v2.1/servers/2bab2519-fc00-4b92-8226-bae70048ad1f 0.790s
2025-04-03 09:12:21.433 69152 INFO paramiko.transport [-] Connected (version 2.0, client dropbear_2020.81)
2025-04-03 09:12:21.449 69154 INFO tempest.lib.common.rest_client [req-bfdc50b9-5d65-4de6-9965-8cbafef0082c req-bfdc50b9-5d65-4de6-9965-8cbafef0082c ] Request (ServersTestJSON:tearDownClass): 200 GET http://10.180.1.21/compute/v2.1/servers/af1b5f44-b442-4c3e-923c-92c0d7db49b4 0.820s
2025-04-03 09:12:21.499 69124 INFO tempest.lib.common.rest_client [req-10da9cd4-ebd4-4da0-b0d5-e8898b2e0add req-10da9cd4-ebd4-4da0-b0d5-e8898b2e0add ] Request (ServersAdminTestJSON:test_create_server_with_scheduling_hint): 200 GET http://10.180.1.21/compute/v2.1/servers/b6ce6d33-aebc-420e-afe7-9e0908a2c560 0.716s
2025-04-03 09:12:21.536 69152 INFO paramiko.transport [-] Authentication (publickey) successful!
2025-04-03 09:12:21.536 69152 INFO tempest.lib.common.ssh [-] ssh connection to cirros@10.180.180.174 successfully created
2025-04-03 09:12:21.572 69182 INFO tempest.lib.common.rest_client [req-0c6d5808-961b-4ec2-a18f-cf61a771966d req-0c6d5808-961b-4ec2-a18f-cf61a771966d ] Request (ServerRescueTestJSONUnderV235:tearDownClass): 200 GET http://10.180.1.21/compute/v2.1/servers/38df7b29-99a7-42a1-8dcd-47bedc72f440 0.654s
2025-04-03 09:12:21.713 69152 INFO tempest.lib.common.rest_client [req-dc64a014-59f5-4723-82c0-ad5d4c230a07 req-dc64a014-59f5-4723-82c0-ad5d4c230a07 ] Request (VolumesAdminNegativeTest:test_update_attached_volume_with_nonexistent_volume_in_body): 202 POST http://10.180.1.21/volume/v3/volumes 0.176s
2025-04-03 09:12:21.749 69152 INFO tempest.lib.common.rest_client [req-9b40b09d-b48e-4e5b-b78e-630e69a4ad95 req-9b40b09d-b48e-4e5b-b78e-630e69a4ad95 ] Request (VolumesAdminNegativeTest:test_update_attached_volume_with_nonexistent_volume_in_body): 200 GET http://10.180.1.21/volume/v3/volumes/0ac02278-52b7-4c77-9cec-28b209098716 0.030s
2025-04-03 09:12:22.141 69142 INFO tempest.lib.common.rest_client [req-8e08d4b1-f87a-4121-ab0e-bd1bb1f814ed req-8e08d4b1-f87a-4121-ab0e-bd1bb1f814ed ] Request (SecurityGroupsTestJSON:test_list_security_groups_by_server): 202 POST http://10.180.1.21/compute/v2.1/servers/913f76bd-2cb4-450b-a506-6687ee98cd86/action 1.268s
2025-04-03 09:12:22.315 69172 INFO tempest.lib.common.rest_client [req-acb9986a-e4b3-461f-b7a1-0c8185a8dc7b req-acb9986a-e4b3-461f-b7a1-0c8185a8dc7b ] Request (ServerGroupTestJSON:test_create_server_with_scheduler_hint_group): 202 POST http://10.180.1.21/compute/v2.1/servers 1.393s
2025-04-03 09:12:22.317 69158 INFO tempest.lib.common.rest_client [req-43c96d6e-ad99-468f-af1c-8ff2349ef8aa req-43c96d6e-ad99-468f-af1c-8ff2349ef8aa ] Request (ImagesOneServerTestJSON:test_create_delete_image): 200 GET http://10.180.1.21/compute/v2.1/servers/7e8a4b8e-7ea7-4a0f-a2c5-7ee91e42b082 1.364s
2025-04-03 09:12:22.353 69178 INFO tempest.lib.common.rest_client [req-26340d83-270d-4a72-b5d2-82fd0e6aa132 req-26340d83-270d-4a72-b5d2-82fd0e6aa132 ] Request (ListImageFiltersTestJSON:setUpClass): 200 GET http://10.180.1.21/compute/v2.1/images/212f86ae-fae0-4fa1-a2d8-cb6e207538f0 1.374s
2025-04-03 09:12:22.356 69148 INFO tempest.lib.common.rest_client [req-1956116f-0b90-4f24-ab42-1cc7d78c9567 req-1956116f-0b90-4f24-ab42-1cc7d78c9567 ] Request (ServersAaction247Test:tearDownClass): 404 GET http://10.180.1.21/compute/v2.1/servers/88b6dbfd-2340-430d-96f5-fbe15e3b654b 1.354s
2025-04-03 09:12:22.428 69134 INFO tempest.lib.common.rest_client [req-2a87dd5c-33f4-46e2-bf5e-709ca6287b1e req-2a87dd5c-33f4-46e2-bf5e-709ca6287b1e ] Request (MigrationsAdminTest:test_resize_server_revert_deleted_flavor): 200 GET http://10.180.1.21/compute/v2.1/servers/c27ce6a7-d9a3-4a37-9fc7-c72731f816fa 1.373s
2025-04-03 09:12:22.433 69157 INFO tempest.lib.common.rest_client [req-1dc8f41c-0969-4fc5-867b-6a38bf3d469d req-1dc8f41c-0969-4fc5-867b-6a38bf3d469d ] Request (ImagesOneServerNegativeTestJSON:_run_cleanups): 200 GET http://10.180.1.21/compute/v2.1/servers/d9fb180f-dcd3-4123-a2a0-890182749779 1.286s
2025-04-03 09:12:22.457 69148 INFO tempest.lib.common.rest_client [req-e912d6b9-6772-412b-97ff-656e7e03c76b req-e912d6b9-6772-412b-97ff-656e7e03c76b ] Request (ServersAaction247Test:tearDownClass): 204 DELETE http://10.180.1.21/identity/v3/users/3de342f1c76b4c86accc2cd33f00e9d6 0.101s
2025-04-03 09:12:22.457 69148 INFO tempest.lib.common.dynamic_creds [-] Deleting project and security group for project: 9fc3193168764afb8106aff7a40e9f6f
2025-04-03 09:12:22.526 69160 WARNING tempest.lib.common.ssh [-] Failed to establish authenticated ssh connection to cirros@10.180.180.175 ([Errno None] Unable to connect to port 22 on 10.180.180.175). Number attempts: 1. Retry after 2 seconds.: paramiko.ssh_exception.NoValidConnectionsError: [Errno None] Unable to connect to port 22 on 10.180.180.175
2025-04-03 09:12:22.532 69148 INFO tempest.lib.common.rest_client [req-103fc0a3-2fc9-43c5-98b7-b4da6a60dab8 req-103fc0a3-2fc9-43c5-98b7-b4da6a60dab8 ] Request (ServersAaction247Test:tearDownClass): 201 POST http://10.180.1.21/identity/v3/auth/tokens 0.074s
2025-04-03 09:12:22.574 69122 INFO tempest.lib.common.rest_client [req-2d3de9b5-2a9d-4b00-ae37-dd7d68bd0ad6 req-2d3de9b5-2a9d-4b00-ae37-dd7d68bd0ad6 ] Request (ServerActionsTestJSON:setUp): 200 GET http://10.180.1.21/compute/v2.1/servers/3569d4a2-f210-4a85-bc56-0de724aba1b0 1.250s
2025-04-03 09:12:22.641 69150 INFO tempest.lib.common.rest_client [req-5234b129-6d18-472d-b84e-568b325450c1 req-5234b129-6d18-472d-b84e-568b325450c1 ] Request (ServersAdminNegativeTestJSON:tearDownClass): 200 GET http://10.180.1.21/compute/v2.1/servers/5207f0f8-398c-478f-8382-7cbe6e3b201d 1.173s
2025-04-03 09:12:22.707 69148 INFO tempest.lib.common.rest_client [req-a8a6a701-a8e9-416c-b940-506178cd0057 req-a8a6a701-a8e9-416c-b940-506178cd0057 ] Request (ServersAaction247Test:tearDownClass): 200 GET http://10.180.1.21:9696/networking/v2.0/security-groups?tenant_id=9fc3193168764afb8106aff7a40e9f6f&name=default 0.175s
2025-04-03 09:12:22.759 69170 INFO tempest.lib.common.rest_client [req-33f73bb6-1655-47a3-aacb-ae59ad8e3f6d req-33f73bb6-1655-47a3-aacb-ae59ad8e3f6d ] Request (AttachInterfacesTestJSON:test_create_list_show_delete_interfaces_by_fixed_ip): 200 GET http://10.180.1.21/compute/v2.1/servers/8fc1914e-feaf-4004-92d1-af93a6e5b399 1.115s
2025-04-03 09:12:22.789 69152 INFO tempest.lib.common.rest_client [req-3c191ecb-a15c-4dd7-aec6-bd02fac8006f req-3c191ecb-a15c-4dd7-aec6-bd02fac8006f ] Request (VolumesAdminNegativeTest:test_update_attached_volume_with_nonexistent_volume_in_body): 200 GET http://10.180.1.21/volume/v3/volumes/0ac02278-52b7-4c77-9cec-28b209098716 0.032s
2025-04-03 09:12:22.796 69152 INFO tempest.common.waiters [-] volume 0ac02278-52b7-4c77-9cec-28b209098716 reached available after waiting for 1.796667 seconds
2025-04-03 09:12:22.798 69148 INFO tempest.lib.common.rest_client [req-2161d178-71e3-4b80-95e0-67516cfc6b26 req-2161d178-71e3-4b80-95e0-67516cfc6b26 ] Request (ServersAaction247Test:tearDownClass): 204 DELETE http://10.180.1.21:9696/networking/v2.0/security-groups/fcde2dc1-bbc7-4aa6-9b66-1fdbace21235 0.091s
2025-04-03 09:12:22.820 69126 INFO tempest.lib.common.rest_client [req-04b8ee72-251c-4f98-9670-d5a375922326 req-04b8ee72-251c-4f98-9670-d5a375922326 ] Request (ImagesTestJSON:test_create_image_from_suspended_server): 200 GET http://10.180.1.21/compute/v2.1/servers/2bc10214-7e42-4af6-8970-d0b06ed4e3be 1.093s
2025-04-03 09:12:22.886 69148 INFO tempest.lib.common.rest_client [req-d7fdb37b-9ced-43ef-9715-6091b0ac4f34 req-d7fdb37b-9ced-43ef-9715-6091b0ac4f34 ] Request (ServersAaction247Test:tearDownClass): 204 DELETE http://10.180.1.21/identity/v3/projects/9fc3193168764afb8106aff7a40e9f6f 0.087s
2025-04-03 09:12:22.892 69130 INFO tempest.lib.common.rest_client [req-3ec57827-6ec8-4182-ac33-35f3cf43605b req-3ec57827-6ec8-4182-ac33-35f3cf43605b ] Request (AttachVolumeShelveTestJSON:test_attach_volume_shelved_or_offload_server): 200 GET http://10.180.1.21/compute/v2.1/servers/d31685d0-2d63-49c1-9615-a332ad4777ed 1.095s
2025-04-03 09:12:22.918 69174 INFO tempest.lib.common.rest_client [req-66b2582a-758b-45a8-bb32-eb750456bede req-66b2582a-758b-45a8-bb32-eb750456bede ] Request (ServerActionsTestOtherB:test_create_backup): 202 POST http://10.180.1.21/compute/v2.1/servers/99f2d44f-e361-466f-998c-f23a2b04bcbf/action 1.533s
2025-04-03 09:12:22.944 69174 INFO tempest.lib.common.rest_client [req-dc3c11b6-07e1-47c3-827f-5e01ef73a0da req-dc3c11b6-07e1-47c3-827f-5e01ef73a0da ] Request (ServerActionsTestOtherB:test_create_backup): 200 GET http://10.180.1.21/image/v2/images/f3872679-f4a6-4486-9b00-1c97e6173e91 0.025s
2025-04-03 09:12:22.976 69148 INFO tempest.lib.common.rest_client [req-9924c247-9053-46c5-9385-28b0a988ef30 req-9924c247-9053-46c5-9385-28b0a988ef30 ] Request (ServerRescueTestJSON:setUpClass): 201 POST http://10.180.1.21/identity/v3/auth/tokens 0.087s
2025-04-03 09:12:23.009 69136 INFO tempest.lib.common.rest_client [req-cb7bd389-903c-4c17-8c06-a38dd0ff2bac req-cb7bd389-903c-4c17-8c06-a38dd0ff2bac ] Request (DeleteServersTestJSON:test_delete_server_while_in_attached_volume): 200 GET http://10.180.1.21/compute/v2.1/servers/0493e632-089d-4166-8048-040724607526 1.050s
2025-04-03 09:12:23.017 69136 INFO tempest.common.waiters [-] State transition "BUILD/scheduling" ==> "BUILD/None" after 14 second wait
2025-04-03 09:12:23.019 69148 INFO tempest.lib.common.rest_client [req-323cb49f-8f3b-42a4-bba6-ec13c77ebba9 req-323cb49f-8f3b-42a4-bba6-ec13c77ebba9 ] Request (ServerRescueTestJSON:setUpClass): 201 POST http://10.180.1.21/identity/v3/auth/tokens 0.040s
2025-04-03 09:12:23.053 69148 INFO tempest.lib.common.rest_client [req-267284f3-f4a0-4878-b1cd-8137c5af09d1 req-267284f3-f4a0-4878-b1cd-8137c5af09d1 ] Request (ServerRescueTestJSON:setUpClass): 200 GET http://10.180.1.21/identity/v3/domains?name=Default 0.034s
2025-04-03 09:12:23.091 69162 INFO tempest.lib.common.rest_client [req-91b3001e-e015-473b-8b3f-c718f0c9f0f6 req-91b3001e-e015-473b-8b3f-c718f0c9f0f6 ] Request (ServerAddressesNegativeTestJSON:setUpClass): 200 GET http://10.180.1.21/compute/v2.1/servers/b636f115-b125-4317-915a-d03d85d128aa 1.149s
2025-04-03 09:12:23.094 69148 INFO tempest.lib.common.rest_client [req-e28ca21e-5f59-431c-8b16-1fe8025e57de req-e28ca21e-5f59-431c-8b16-1fe8025e57de ] Request (ServerRescueTestJSON:setUpClass): 201 POST http://10.180.1.21/identity/v3/projects 0.040s
2025-04-03 09:12:23.096 69166 INFO tempest.lib.common.rest_client [req-53118bec-1204-43d6-b6c0-25424bd22078 req-53118bec-1204-43d6-b6c0-25424bd22078 ] Request (ListServerFiltersTestJSON:tearDownClass): 200 GET http://10.180.1.21/compute/v2.1/servers/1ccaea17-56f1-442f-82f3-6126e60913c6 1.075s
2025-04-03 09:12:23.101 69162 INFO tempest.common.waiters [-] State transition "BUILD/spawning" ==> "ACTIVE/None" after 83 second wait
2025-04-03 09:12:23.176 69148 INFO tempest.lib.common.rest_client [req-74f61b5c-e53b-460b-82a1-364e4e707cdc req-74f61b5c-e53b-460b-82a1-364e4e707cdc ] Request (ServerRescueTestJSON:setUpClass): 201 POST http://10.180.1.21/identity/v3/users 0.081s
2025-04-03 09:12:23.185 69128 INFO tempest.lib.common.rest_client [req-faca5347-0200-43c6-8aef-0a0a54dcebad req-faca5347-0200-43c6-8aef-0a0a54dcebad ] Request (ServerMetadataNegativeTestJSON:setUpClass): 200 GET http://10.180.1.21/compute/v2.1/servers/16d4cf76-c278-4989-abf7-502f4b594a5b 1.094s
2025-04-03 09:12:23.186 69132 INFO tempest.lib.common.rest_client [req-5a4562c4-a128-4e1c-9d3e-7b1c5c492fa7 req-5a4562c4-a128-4e1c-9d3e-7b1c5c492fa7 ] Request (InstanceActionsV221TestJSON:test_get_list_deleted_instance_actions): 200 GET http://10.180.1.21/compute/v2.1/servers/d1b67a95-9fc6-4ce5-9f1d-c0b15a59f77d 1.156s
2025-04-03 09:12:23.206 69148 INFO tempest.lib.common.rest_client [req-13c3cdd0-dc27-410b-92d3-65e0b91a509a req-13c3cdd0-dc27-410b-92d3-65e0b91a509a ] Request (ServerRescueTestJSON:setUpClass): 200 GET http://10.180.1.21/identity/v3/roles 0.030s
2025-04-03 09:12:23.236 69148 INFO tempest.lib.common.rest_client [req-811dccc4-7895-40b6-be55-eb7ee9773dd8 req-811dccc4-7895-40b6-be55-eb7ee9773dd8 ] Request (ServerRescueTestJSON:setUpClass): 204 PUT http://10.180.1.21/identity/v3/projects/f91623c813204db081fa9e7a5792787c/users/fdccb352b4b44ab89dce8ce7b0a1576f/roles/b7528664bd4f48caa8ee4b6c9481ef6b 0.028s
2025-04-03 09:12:23.236 69148 INFO tempest.lib.common.dynamic_creds [-] Dynamic test user fdccb352b4b44ab89dce8ce7b0a1576f is created with scope project and roles: ['member']
2025-04-03 09:12:23.236 69148 INFO tempest.lib.common.dynamic_creds [-] Acquired dynamic creds: credentials: Credentials: {'domain_id': 'default', 'domain_name': 'Default', 'username': 'tempest-ServerRescueTestJSON-1575524133-project-member', 'project_domain_id': 'default', 'project_domain_name': 'Default', 'project_id': 'f91623c813204db081fa9e7a5792787c', 'project_name': 'tempest-ServerRescueTestJSON-1575524133', 'tenant_id': 'f91623c813204db081fa9e7a5792787c', 'tenant_name': 'tempest-ServerRescueTestJSON-1575524133', 'user_domain_id': 'default', 'user_domain_name': 'Default', 'user_id': 'fdccb352b4b44ab89dce8ce7b0a1576f', 'system': None}, Network: None, Subnet: None, Router: None
2025-04-03 09:12:23.292 69148 INFO tempest.lib.common.rest_client [req-803eb272-fd99-4e55-8a3a-6753bc3e2285 req-803eb272-fd99-4e55-8a3a-6753bc3e2285 ] Request (ServerRescueTestJSON:setUpClass): 201 POST http://10.180.1.21/identity/v3/auth/tokens 0.055s
2025-04-03 09:12:23.357 69142 INFO tempest.lib.common.rest_client [req-f71fc5d6-7cd8-4b30-9fad-66f4129e545d req-f71fc5d6-7cd8-4b30-9fad-66f4129e545d ] Request (SecurityGroupsTestJSON:test_list_security_groups_by_server): 200 GET http://10.180.1.21/compute/v2.1/servers/913f76bd-2cb4-450b-a506-6687ee98cd86/os-security-groups 1.215s
2025-04-03 09:12:23.430 69138 INFO tempest.lib.common.rest_client [req-aeeb07fb-55e4-4305-839b-8f579c12f8d7 req-aeeb07fb-55e4-4305-839b-8f579c12f8d7 ] Request (MultipleCreateTestJSON:test_multiple_create): 200 GET http://10.180.1.21/compute/v2.1/servers/08ce6d65-5a60-464d-a429-39c204f43892 1.186s
2025-04-03 09:12:23.431 69180 INFO tempest.lib.common.rest_client [req-046a80f2-a50d-4d3a-a822-2eddf0b1641d req-046a80f2-a50d-4d3a-a822-2eddf0b1641d ] Request (ServersTestMultiNic:test_verify_duplicate_network_nics): 200 GET http://10.180.1.21/compute/v2.1/servers/10bc35c7-e142-4916-8e91-e4498042c6f3 1.250s
2025-04-03 09:12:23.518 69172 INFO tempest.lib.common.rest_client [req-23cabe1a-a11f-42c5-a4b8-2ba684a0b4cb req-23cabe1a-a11f-42c5-a4b8-2ba684a0b4cb ] Request (ServerGroupTestJSON:test_create_server_with_scheduler_hint_group): 200 GET http://10.180.1.21/compute/v2.1/servers/e051ee70-1aad-4d29-9c4f-4ef6ca74f9f4 1.201s
2025-04-03 09:12:23.522 69148 INFO tempest.lib.common.rest_client [req-2722d5f6-6e74-4850-b7ab-27a3887cfb4b req-2722d5f6-6e74-4850-b7ab-27a3887cfb4b ] Request (ServerRescueTestJSON:setUpClass): 201 POST http://10.180.1.21:9696/networking/v2.0/networks 0.230s
2025-04-03 09:12:23.609 69144 INFO tempest.lib.common.rest_client [req-5efd322f-d492-490c-b9d3-b8ba0087b2a6 req-5efd322f-d492-490c-b9d3-b8ba0087b2a6 ] Request (ServersWithSpecificFlavorTestJSON:test_verify_created_server_ephemeral_disk): 200 GET http://10.180.1.21/compute/v2.1/servers/21caa9d5-b1b1-46fb-8c3f-a67d9aaafa18 1.265s
2025-04-03 09:12:23.641 69140 INFO tempest.lib.common.rest_client [req-933e1c3b-3f02-4298-a8d2-203b46cbae82 req-933e1c3b-3f02-4298-a8d2-203b46cbae82 ] Request (ServerRescueNegativeTestJSON:setUpClass): 200 GET http://10.180.1.21/compute/v2.1/servers/c4e41c81-3958-4797-84a2-9486ba6278f1 1.354s
2025-04-03 09:12:23.649 69140 INFO tempest.common.waiters [-] State transition "ACTIVE/rescuing" ==> "RESCUE/None" after 9 second wait
2025-04-03 09:12:23.689 69148 INFO tempest.lib.common.rest_client [req-e537fd6c-263a-4fa8-a616-7bd0fd42c4c2 req-e537fd6c-263a-4fa8-a616-7bd0fd42c4c2 ] Request (ServerRescueTestJSON:setUpClass): 201 POST http://10.180.1.21:9696/networking/v2.0/subnets 0.166s
2025-04-03 09:12:23.694 69120 INFO tempest.lib.common.rest_client [req-00971080-2fc9-46e2-9e8f-3734e5ca33bf req-00971080-2fc9-46e2-9e8f-3734e5ca33bf ] Request (VolumesAssistedSnapshotsTest:tearDownClass): 200 GET http://10.180.1.21/compute/v2.1/servers/2bab2519-fc00-4b92-8226-bae70048ad1f 1.292s
2025-04-03 09:12:23.731 69154 INFO tempest.lib.common.rest_client [req-afbea07e-cbf2-4608-b666-0063b70c06d4 req-afbea07e-cbf2-4608-b666-0063b70c06d4 ] Request (ServersTestJSON:tearDownClass): 200 GET http://10.180.1.21/compute/v2.1/servers/af1b5f44-b442-4c3e-923c-92c0d7db49b4 1.274s
2025-04-03 09:12:23.810 69182 INFO tempest.lib.common.rest_client [req-1a05c761-c6fc-4de8-a8bc-768716506daa req-1a05c761-c6fc-4de8-a8bc-768716506daa ] Request (ServerRescueTestJSONUnderV235:tearDownClass): 200 GET http://10.180.1.21/compute/v2.1/servers/38df7b29-99a7-42a1-8dcd-47bedc72f440 1.230s
2025-04-03 09:12:23.901 69122 INFO tempest.lib.common.rest_client [req-6f679caf-61bc-4aa0-97eb-37f3cfa33e6a req-6f679caf-61bc-4aa0-97eb-37f3cfa33e6a ] Request (ServerActionsTestJSON:test_lock_unlock_server): 202 POST http://10.180.1.21/compute/v2.1/servers/3569d4a2-f210-4a85-bc56-0de724aba1b0/action 1.319s
2025-04-03 09:12:23.920 69124 INFO tempest.lib.common.rest_client [req-3a70e046-c142-4e76-a655-52c50de41315 req-3a70e046-c142-4e76-a655-52c50de41315 ] Request (ServersAdminTestJSON:test_create_server_with_scheduling_hint): 200 GET http://10.180.1.21/compute/v2.1/servers/b6ce6d33-aebc-420e-afe7-9e0908a2c560 1.409s
2025-04-03 09:12:23.930 69124 INFO tempest.common.waiters [-] State transition "BUILD/spawning" ==> "ACTIVE/None" after 85 second wait
2025-04-03 09:12:23.945 69162 INFO tempest.lib.common.rest_client [req-4cc88d12-6470-40d0-8103-a2db4a476548 req-4cc88d12-6470-40d0-8103-a2db4a476548 ] Request (ServerAddressesNegativeTestJSON:test_list_server_addresses_by_network_neg): 404 GET http://10.180.1.21/compute/v2.1/servers/b636f115-b125-4317-915a-d03d85d128aa/ips/invalid 0.840s
2025-04-03 09:12:23.973 69174 INFO tempest.lib.common.rest_client [req-d968a345-1bf9-4968-9045-221372b5faef req-d968a345-1bf9-4968-9045-221372b5faef ] Request (ServerActionsTestOtherB:test_create_backup): 200 GET http://10.180.1.21/image/v2/images/f3872679-f4a6-4486-9b00-1c97e6173e91 0.025s
2025-04-03 09:12:24.019 69124 INFO tempest.lib.common.rest_client [req-111148b6-73dd-4c58-86e4-788203da75ff req-111148b6-73dd-4c58-86e4-788203da75ff ] Request (ServersAdminTestJSON:test_inject_network_info): 201 POST http://10.180.1.21/identity/v3/auth/tokens 0.084s
2025-04-03 09:12:24.019 69124 INFO tempest.lib.common.fixed_network [-] (ServersAdminTestJSON:test_inject_network_info) Found network {'id': '9c8e77a0-a382-40d5-818f-4b50d2c00a28', 'name': 'tempest-ServersAdminTestJSON-917338782-network', 'tenant_id': '9d220f632182492799c4801305366455', 'admin_state_up': True, 'mtu': 8950, 'status': 'ACTIVE', 'subnets': [], 'shared': False, 'project_id': '9d220f632182492799c4801305366455', 'port_security_enabled': True, 'router:external': False, 'provider:network_type': 'vlan', 'provider:physical_network': 'default', 'provider:segmentation_id': 530, 'availability_zone_hints': [], 'availability_zones': [], 'ipv4_address_scope': None, 'ipv6_address_scope': None, 'description': '', 'tags': [], 'created_at': '2025-04-03T09:09:44Z', 'updated_at': '2025-04-03T09:09:44Z', 'revision_number': 1} available for tenant
2025-04-03 09:12:24.065 69158 INFO tempest.lib.common.rest_client [req-e76cd652-e0ef-45aa-a94f-6fadea986535 req-e76cd652-e0ef-45aa-a94f-6fadea986535 ] Request (ImagesOneServerTestJSON:test_create_delete_image): 200 GET http://10.180.1.21/compute/v2.1/servers/7e8a4b8e-7ea7-4a0f-a2c5-7ee91e42b082 0.739s
2025-04-03 09:12:24.076 69158 INFO tempest.common.waiters [-] State transition "ACTIVE/image_uploading" ==> "ACTIVE/None" after 5 second wait
2025-04-03 09:12:24.106 69178 INFO tempest.lib.common.rest_client [req-7bbef3b5-d565-4326-ab3a-ebc1931210b6 req-7bbef3b5-d565-4326-ab3a-ebc1931210b6 ] Request (ListImageFiltersTestJSON:setUpClass): 200 GET http://10.180.1.21/compute/v2.1/images/212f86ae-fae0-4fa1-a2d8-cb6e207538f0 0.748s
2025-04-03 09:12:24.228 69142 INFO tempest.lib.common.rest_client [req-44f3cbd5-8997-4856-b0da-07def2fdf84b req-44f3cbd5-8997-4856-b0da-07def2fdf84b ] Request (SecurityGroupsTestJSON:test_security_group_create_get_delete): 200 POST http://10.180.1.21/compute/v2.1/os-security-groups 0.866s
2025-04-03 09:12:24.285 69134 INFO tempest.lib.common.rest_client [req-4735caae-ca39-49a0-ab6f-7dfa5725ec90 req-4735caae-ca39-49a0-ab6f-7dfa5725ec90 ] Request (MigrationsAdminTest:test_resize_server_revert_deleted_flavor): 200 GET http://10.180.1.21/compute/v2.1/servers/c27ce6a7-d9a3-4a37-9fc7-c72731f816fa 0.847s
2025-04-03 09:12:24.341 69157 INFO tempest.lib.common.rest_client [req-b3226242-3d41-4a79-ae93-c7693b4803d0 req-b3226242-3d41-4a79-ae93-c7693b4803d0 ] Request (ImagesOneServerNegativeTestJSON:_run_cleanups): 200 GET http://10.180.1.21/compute/v2.1/servers/d9fb180f-dcd3-4123-a2a0-890182749779 0.883s
2025-04-03 09:12:24.427 69148 INFO tempest.lib.common.rest_client [req-f0347427-640f-4114-a788-54cfacccf3be req-f0347427-640f-4114-a788-54cfacccf3be ] Request (ServerRescueTestJSON:setUpClass): 201 POST http://10.180.1.21:9696/networking/v2.0/routers 0.738s
2025-04-03 09:12:24.432 69140 INFO tempest.lib.common.rest_client [req-77b5d07e-8033-4278-b074-cd21267f028d req-77b5d07e-8033-4278-b074-cd21267f028d ] Request (ServerRescueNegativeTestJSON:setUpClass): 200 GET http://10.180.1.21/compute/v2.1/servers/c8d19cdf-eced-4fa6-ba93-223530bb7fe2 0.782s
2025-04-03 09:12:24.501 69150 INFO tempest.lib.common.rest_client [req-681d2845-71a6-496d-a117-5f28eb940e10 req-681d2845-71a6-496d-a117-5f28eb940e10 ] Request (ServersAdminNegativeTestJSON:tearDownClass): 200 GET http://10.180.1.21/compute/v2.1/servers/5207f0f8-398c-478f-8382-7cbe6e3b201d 0.846s
2025-04-03 09:12:24.656 69170 INFO tempest.lib.common.rest_client [req-2332776d-e257-4ccf-8cbb-161db224e50b req-2332776d-e257-4ccf-8cbb-161db224e50b ] Request (AttachInterfacesTestJSON:test_create_list_show_delete_interfaces_by_fixed_ip): 200 GET http://10.180.1.21/compute/v2.1/servers/8fc1914e-feaf-4004-92d1-af93a6e5b399 0.886s
2025-04-03 09:12:24.711 69126 INFO tempest.lib.common.rest_client [req-023edb46-5454-4bd6-90eb-4e9b0bc8f5ef req-023edb46-5454-4bd6-90eb-4e9b0bc8f5ef ] Request (ImagesTestJSON:test_create_image_from_suspended_server): 200 GET http://10.180.1.21/compute/v2.1/servers/2bc10214-7e42-4af6-8970-d0b06ed4e3be 0.883s
2025-04-03 09:12:24.835 69122 INFO tempest.lib.common.rest_client [req-b8ba12c7-a118-457f-af82-fee54e9f4595 req-b8ba12c7-a118-457f-af82-fee54e9f4595 ] Request (ServerActionsTestJSON:test_lock_unlock_server): 200 GET http://10.180.1.21/compute/v2.1/servers/3569d4a2-f210-4a85-bc56-0de724aba1b0 0.933s
2025-04-03 09:12:24.910 69130 INFO tempest.lib.common.rest_client [req-b4e2e9b6-d0c7-4d07-89ca-7b0edcada59b req-b4e2e9b6-d0c7-4d07-89ca-7b0edcada59b ] Request (AttachVolumeShelveTestJSON:test_attach_volume_shelved_or_offload_server): 200 GET http://10.180.1.21/compute/v2.1/servers/d31685d0-2d63-49c1-9615-a332ad4777ed 1.006s
2025-04-03 09:12:24.918 69162 INFO tempest.lib.common.rest_client [req-955a9dfb-a9aa-4ddc-87ce-5d3b50348428 req-955a9dfb-a9aa-4ddc-87ce-5d3b50348428 ] Request (ServerAddressesNegativeTestJSON:test_list_server_addresses_invalid_server_id): 404 GET http://10.180.1.21/compute/v2.1/servers/999/ips 0.971s
2025-04-03 09:12:24.972 69136 INFO tempest.lib.common.rest_client [req-c5e64b9e-1f6e-46b1-b38e-afd6d46e21c2 req-c5e64b9e-1f6e-46b1-b38e-afd6d46e21c2 ] Request (DeleteServersTestJSON:test_delete_server_while_in_attached_volume): 200 GET http://10.180.1.21/compute/v2.1/servers/0493e632-089d-4166-8048-040724607526 0.954s
2025-04-03 09:12:24.997 69174 INFO tempest.lib.common.rest_client [req-058510dc-1359-4dc5-899c-244900bd826c req-058510dc-1359-4dc5-899c-244900bd826c ] Request (ServerActionsTestOtherB:test_create_backup): 200 GET http://10.180.1.21/image/v2/images/f3872679-f4a6-4486-9b00-1c97e6173e91 0.023s
2025-04-03 09:12:25.317 69124 INFO tempest.lib.common.rest_client [req-7946e5a3-9314-4c36-bf85-3252030cee09 req-7946e5a3-9314-4c36-bf85-3252030cee09 ] Request (ServersAdminTestJSON:test_inject_network_info): 202 POST http://10.180.1.21/compute/v2.1/servers 1.297s
2025-04-03 09:12:25.366 69158 INFO tempest.lib.common.rest_client [req-1aff280e-843b-4c30-85a4-842c294313bc req-1aff280e-843b-4c30-85a4-842c294313bc ] Request (ImagesOneServerTestJSON:test_create_delete_image): 200 GET http://10.180.1.21/compute/v2.1/images/5878416b-a2ce-41e8-a2c0-8cea34632bd2 1.290s
2025-04-03 09:12:25.445 69166 INFO tempest.lib.common.rest_client [req-7829e715-a6d2-4b1c-a205-156f79329fdb req-7829e715-a6d2-4b1c-a205-156f79329fdb ] Request (ListServerFiltersTestJSON:tearDownClass): 200 GET http://10.180.1.21/compute/v2.1/servers/1ccaea17-56f1-442f-82f3-6126e60913c6 1.339s
2025-04-03 09:12:25.508 69148 INFO tempest.lib.common.rest_client [req-b244a7e2-fc73-4469-b657-893e8cb6469f req-b244a7e2-fc73-4469-b657-893e8cb6469f ] Request (ServerRescueTestJSON:setUpClass): 200 PUT http://10.180.1.21:9696/networking/v2.0/routers/d42879e5-adec-4023-9ca1-aa2010fe7462/add_router_interface 1.081s
2025-04-03 09:12:25.510 69148 INFO tempest.lib.common.dynamic_creds [-] Created isolated network resources for: credentials: Credentials: {'domain_id': 'default', 'domain_name': 'Default', 'username': 'tempest-ServerRescueTestJSON-1575524133-project-member', 'project_domain_id': 'default', 'project_domain_name': 'Default', 'project_id': 'f91623c813204db081fa9e7a5792787c', 'project_name': 'tempest-ServerRescueTestJSON-1575524133', 'tenant_id': 'f91623c813204db081fa9e7a5792787c', 'tenant_name': 'tempest-ServerRescueTestJSON-1575524133', 'user_domain_id': 'default', 'user_domain_name': 'Default', 'user_id': 'fdccb352b4b44ab89dce8ce7b0a1576f', 'system': None}, Network: {'id': 'f84503ed-231f-4e28-bd51-ee12429f4493', 'name': 'tempest-ServerRescueTestJSON-2009507175-network', 'tenant_id': 'f91623c813204db081fa9e7a5792787c', 'admin_state_up': True, 'mtu': 8950, 'status': 'ACTIVE', 'subnets': [], 'shared': False, 'project_id': 'f91623c813204db081fa9e7a5792787c', 'port_security_enabled': True, 'router:external': False, 'provider:network_type': 'vlan', 'provider:physical_network': 'default', 'provider:segmentation_id': 511, 'availability_zone_hints': [], 'availability_zones': [], 'ipv4_address_scope': None, 'ipv6_address_scope': None, 'description': '', 'tags': [], 'created_at': '2025-04-03T09:12:23Z', 'updated_at': '2025-04-03T09:12:23Z', 'revision_number': 1}, Subnet: {'id': '7efde629-cb1e-4810-a02c-c88a7f9c141d', 'name': 'tempest-ServerRescueTestJSON-2009507175-subnet', 'tenant_id': 'f91623c813204db081fa9e7a5792787c', 'network_id': 'f84503ed-231f-4e28-bd51-ee12429f4493', 'ip_version': 4, 'subnetpool_id': None, 'enable_dhcp': False, 'ipv6_ra_mode': None, 'ipv6_address_mode': None, 'gateway_ip': '192.168.128.1', 'cidr': '192.168.128.0/28', 'allocation_pools': [{'start': '192.168.128.2', 'end': '192.168.128.14'}], 'host_routes': [], 'dns_nameservers': [], 'description': '', 'router:external': False, 'service_types': [], 'tags': [], 'created_at': '2025-04-03T09:12:23Z', 'updated_at': '2025-04-03T09:12:23Z', 'revision_number': 0, 'project_id': 'f91623c813204db081fa9e7a5792787c'}, Router: {'id': 'd42879e5-adec-4023-9ca1-aa2010fe7462', 'name': 'tempest-ServerRescueTestJSON-2009507175-router', 'tenant_id': 'f91623c813204db081fa9e7a5792787c', 'admin_state_up': True, 'status': 'ACTIVE', 'external_gateway_info': {'network_id': '4f6ca590-b6a9-4a5a-abab-166e2cbded6b', 'external_fixed_ips': [{'subnet_id': '00031d64-69df-4463-9fc2-4341e7c92ca2', 'ip_address': '10.180.180.153'}], 'enable_snat': True}, 'description': '', 'availability_zones': [], 'distributed': False, 'ha': False, 'availability_zone_hints': [], 'routes': [], 'flavor_id': None, 'tags': [], 'created_at': '2025-04-03T09:12:23Z', 'updated_at': '2025-04-03T09:12:24Z', 'revision_number': 2, 'project_id': 'f91623c813204db081fa9e7a5792787c'}
2025-04-03 09:12:25.512 69128 INFO tempest.lib.common.rest_client [req-663d06d0-cdca-4635-b269-ba5f20339127 req-663d06d0-cdca-4635-b269-ba5f20339127 ] Request (ServerMetadataNegativeTestJSON:setUpClass): 200 GET http://10.180.1.21/compute/v2.1/servers/16d4cf76-c278-4989-abf7-502f4b594a5b 1.315s
2025-04-03 09:12:25.519 69128 INFO tempest.common.waiters [-] State transition "BUILD/scheduling" ==> "BUILD/None" after 11 second wait
2025-04-03 09:12:25.595 69132 INFO tempest.lib.common.rest_client [req-4ff5c4ae-3ed2-4cde-86a3-10dff5dc54f1 req-4ff5c4ae-3ed2-4cde-86a3-10dff5dc54f1 ] Request (InstanceActionsV221TestJSON:test_get_list_deleted_instance_actions): 200 GET http://10.180.1.21/compute/v2.1/servers/d1b67a95-9fc6-4ce5-9f1d-c0b15a59f77d 1.397s
2025-04-03 09:12:25.596 69160 WARNING tempest.lib.common.ssh [-] Failed to establish authenticated ssh connection to cirros@10.180.180.175 ([Errno None] Unable to connect to port 22 on 10.180.180.175). Number attempts: 2. Retry after 3 seconds.: paramiko.ssh_exception.NoValidConnectionsError: [Errno None] Unable to connect to port 22 on 10.180.180.175
2025-04-03 09:12:25.601 69152 INFO tempest.lib.common.rest_client [req-4350f0af-93e0-4533-aa77-ffe96200a34b req-4350f0af-93e0-4533-aa77-ffe96200a34b ] Request (VolumesAdminNegativeTest:test_update_attached_volume_with_nonexistent_volume_in_body): 200 POST http://10.180.1.21/compute/v2.1/servers/949aac90-1d3e-47c1-8d53-eef78adaa390/os-volume_attachments 2.805s
2025-04-03 09:12:25.624 69140 INFO tempest.lib.common.rest_client [req-eadaebe9-d898-4a5a-aaec-53769f091fa1 req-eadaebe9-d898-4a5a-aaec-53769f091fa1 ] Request (ServerRescueNegativeTestJSON:test_rescue_non_existent_server): 404 POST http://10.180.1.21/compute/v2.1/servers/9ab71f6a-5b6f-4324-a78f-7f720ddc6fc0/action 1.184s
2025-04-03 09:12:25.640 69148 INFO tempest.lib.common.rest_client [req-3bfe49a0-0a2f-4928-aee1-3ee0806155c4 req-3bfe49a0-0a2f-4928-aee1-3ee0806155c4 ] Request (ServerRescueTestJSON:setUpClass): 201 POST http://10.180.1.21/identity/v3/auth/tokens 0.126s
2025-04-03 09:12:25.641 69142 INFO tempest.lib.common.rest_client [req-d4ee2178-4a77-4818-8347-1785f857e4f9 req-d4ee2178-4a77-4818-8347-1785f857e4f9 ] Request (SecurityGroupsTestJSON:test_security_group_create_get_delete): 200 GET http://10.180.1.21/compute/v2.1/os-security-groups/973a95a4-9353-45a9-99d1-8161577c4f58 1.411s
2025-04-03 09:12:25.651 69152 INFO tempest.lib.common.rest_client [req-1754f59f-3a32-4d87-84c7-9524370f4147 req-1754f59f-3a32-4d87-84c7-9524370f4147 ] Request (VolumesAdminNegativeTest:test_update_attached_volume_with_nonexistent_volume_in_body): 200 GET http://10.180.1.21/volume/v3/volumes/0ac02278-52b7-4c77-9cec-28b209098716 0.048s
2025-04-03 09:12:25.679 69148 INFO tempest.lib.common.rest_client [req-9b44aa81-cdac-4a22-b96b-b5f273ecd7d8 req-9b44aa81-cdac-4a22-b96b-b5f273ecd7d8 ] Request (ServerRescueTestJSON:setUpClass): 201 POST http://10.180.1.21/identity/v3/auth/tokens 0.032s
2025-04-03 09:12:25.679 69148 INFO tempest.lib.common.fixed_network [-] (ServerRescueTestJSON:setUpClass) Found network {'id': 'f84503ed-231f-4e28-bd51-ee12429f4493', 'name': 'tempest-ServerRescueTestJSON-2009507175-network', 'tenant_id': 'f91623c813204db081fa9e7a5792787c', 'admin_state_up': True, 'mtu': 8950, 'status': 'ACTIVE', 'subnets': [], 'shared': False, 'project_id': 'f91623c813204db081fa9e7a5792787c', 'port_security_enabled': True, 'router:external': False, 'provider:network_type': 'vlan', 'provider:physical_network': 'default', 'provider:segmentation_id': 511, 'availability_zone_hints': [], 'availability_zones': [], 'ipv4_address_scope': None, 'ipv6_address_scope': None, 'description': '', 'tags': [], 'created_at': '2025-04-03T09:12:23Z', 'updated_at': '2025-04-03T09:12:23Z', 'revision_number': 1} available for tenant
2025-04-03 09:12:25.712 69138 INFO tempest.lib.common.rest_client [req-08c0cc84-4df7-4fe3-ae25-d11eb2dd8f2f req-08c0cc84-4df7-4fe3-ae25-d11eb2dd8f2f ] Request (MultipleCreateTestJSON:test_multiple_create): 200 GET http://10.180.1.21/compute/v2.1/servers/08ce6d65-5a60-464d-a429-39c204f43892 1.271s
2025-04-03 09:12:25.814 69140 INFO tempest.lib.common.rest_client [req-5dbbd93d-6fdf-4e6e-8d62-05242d1abdb2 req-5dbbd93d-6fdf-4e6e-8d62-05242d1abdb2 ] Request (ServerRescueNegativeTestJSON:test_rescued_vm_attach_volume): 202 POST http://10.180.1.21/volume/v3/volumes 0.188s
2025-04-03 09:12:25.816 69172 INFO tempest.lib.common.rest_client [req-bfc5b60c-681c-4a0a-9ad8-bd7c27f06c5f req-bfc5b60c-681c-4a0a-9ad8-bd7c27f06c5f ] Request (ServerGroupTestJSON:test_create_server_with_scheduler_hint_group): 200 GET http://10.180.1.21/compute/v2.1/servers/e051ee70-1aad-4d29-9c4f-4ef6ca74f9f4 1.284s
2025-04-03 09:12:25.830 69180 INFO tempest.lib.common.rest_client [req-c4da301d-750f-456b-a460-b785ec3ef422 req-c4da301d-750f-456b-a460-b785ec3ef422 ] Request (ServersTestMultiNic:test_verify_duplicate_network_nics): 200 GET http://10.180.1.21/compute/v2.1/servers/10bc35c7-e142-4916-8e91-e4498042c6f3 1.386s
2025-04-03 09:12:25.856 69120 INFO tempest.lib.common.rest_client [req-0adfb0cc-a66c-4f41-9ba2-3dd23a65a5b8 req-0adfb0cc-a66c-4f41-9ba2-3dd23a65a5b8 ] Request (VolumesAssistedSnapshotsTest:tearDownClass): 404 GET http://10.180.1.21/compute/v2.1/servers/2bab2519-fc00-4b92-8226-bae70048ad1f 1.153s
2025-04-03 09:12:25.863 69140 INFO tempest.lib.common.rest_client [req-9a43929f-83b5-4b78-bd20-bc5d93cb02a4 req-9a43929f-83b5-4b78-bd20-bc5d93cb02a4 ] Request (ServerRescueNegativeTestJSON:test_rescued_vm_attach_volume): 200 GET http://10.180.1.21/volume/v3/volumes/e70f8694-d0c7-49e3-bea6-1e310b0022ce 0.043s
2025-04-03 09:12:25.872 69144 INFO tempest.lib.common.rest_client [req-73097116-ace5-4021-b713-8f9e93e80c37 req-73097116-ace5-4021-b713-8f9e93e80c37 ] Request (ServersWithSpecificFlavorTestJSON:test_verify_created_server_ephemeral_disk): 200 GET http://10.180.1.21/compute/v2.1/servers/21caa9d5-b1b1-46fb-8c3f-a67d9aaafa18 1.253s
2025-04-03 09:12:25.961 69154 INFO tempest.lib.common.rest_client [req-1aeb5383-e9d1-4342-be58-9aff588051f8 req-1aeb5383-e9d1-4342-be58-9aff588051f8 ] Request (ServersTestJSON:tearDownClass): 200 GET http://10.180.1.21/compute/v2.1/servers/af1b5f44-b442-4c3e-923c-92c0d7db49b4 1.220s
2025-04-03 09:12:25.972 69182 INFO tempest.lib.common.rest_client [req-57f37089-3777-4e1b-9d99-6f80ab0ae55f req-57f37089-3777-4e1b-9d99-6f80ab0ae55f ] Request (ServerRescueTestJSONUnderV235:tearDownClass): 200 GET http://10.180.1.21/compute/v2.1/servers/38df7b29-99a7-42a1-8dcd-47bedc72f440 1.145s
2025-04-03 09:12:25.988 69122 INFO tempest.lib.common.rest_client [req-906b4942-20f5-45fc-b76d-784611ac3d5a req-906b4942-20f5-45fc-b76d-784611ac3d5a ] Request (ServerActionsTestJSON:test_lock_unlock_server): 409 POST http://10.180.1.21/compute/v2.1/servers/3569d4a2-f210-4a85-bc56-0de724aba1b0/action 1.135s
2025-04-03 09:12:26.028 69174 INFO tempest.lib.common.rest_client [req-6384eb9a-5ab0-46fb-9f1d-887103105262 req-6384eb9a-5ab0-46fb-9f1d-887103105262 ] Request (ServerActionsTestOtherB:test_create_backup): 200 GET http://10.180.1.21/image/v2/images/f3872679-f4a6-4486-9b00-1c97e6173e91 0.030s
2025-04-03 09:12:26.042 69178 INFO tempest.lib.common.rest_client [req-dfb3be3c-a78f-4b63-895b-a34b23e94392 req-dfb3be3c-a78f-4b63-895b-a34b23e94392 ] Request (ListImageFiltersTestJSON:setUpClass): 200 GET http://10.180.1.21/compute/v2.1/images/212f86ae-fae0-4fa1-a2d8-cb6e207538f0 0.932s
2025-04-03 09:12:26.114 69162 INFO tempest.lib.common.rest_client [req-ad661129-ca00-4319-800e-fe92290c6c3a req-ad661129-ca00-4319-800e-fe92290c6c3a ] Request (ServerAddressesNegativeTestJSON:tearDownClass): 204 DELETE http://10.180.1.21/compute/v2.1/servers/b636f115-b125-4317-915a-d03d85d128aa 1.186s
2025-04-03 09:12:26.122 69134 INFO tempest.lib.common.rest_client [req-991ce005-2aef-477a-b3ea-f3d6a978c79d req-991ce005-2aef-477a-b3ea-f3d6a978c79d ] Request (MigrationsAdminTest:test_resize_server_revert_deleted_flavor): 200 GET http://10.180.1.21/compute/v2.1/servers/c27ce6a7-d9a3-4a37-9fc7-c72731f816fa 0.826s
2025-04-03 09:12:26.174 69124 INFO tempest.lib.common.rest_client [req-24b6be99-9b53-48c1-95fc-f0d392ec64d2 req-24b6be99-9b53-48c1-95fc-f0d392ec64d2 ] Request (ServersAdminTestJSON:test_inject_network_info): 200 GET http://10.180.1.21/compute/v2.1/servers/b3fa9fdc-bdab-4337-ba0b-547659c3734c 0.855s
