2025-04-04 01:30:34.352 70819 INFO tempest.lib.common.rest_client [req-d0bdefb9-426b-4195-b676-2a0e76019bc9 req-d0bdefb9-426b-4195-b676-2a0e76019bc9 ] Request (FloatingIPsAssociationTestJSON:test_associate_already_associated_floating_ip): 200 GET http://10.180.1.21/compute/v2.1/servers/31b911ef-a5da-4801-9000-f5a9559e0e74 0.149s
2025-04-04 01:30:34.428 70843 INFO tempest.lib.common.rest_client [req-2f954f00-a462-41b6-97fd-e9cb27fd8378 req-2f954f00-a462-41b6-97fd-e9cb27fd8378 ] Request (ListImageFiltersTestJSON:tearDownClass): 200 GET http://10.180.1.21/compute/v2.1/servers/50415932-49a2-4b5c-a11d-e5e94d71d360 0.067s
2025-04-04 01:30:34.486 70851 INFO tempest.lib.common.rest_client [req-48db7165-9ac0-44ba-8566-146e2411575f req-48db7165-9ac0-44ba-8566-146e2411575f ] Request (ListServersNegativeTestJSON:tearDownClass): 200 GET http://10.180.1.21/compute/v2.1/servers/7ec9324c-f8ea-4528-a287-c42dc901c636 0.077s
2025-04-04 01:30:34.579 70846 INFO tempest.lib.common.rest_client [req-93a4abf5-4a02-4033-9cb3-97df38884a29 req-93a4abf5-4a02-4033-9cb3-97df38884a29 ] Request (ServerDiskConfigTestJSON:test_rebuild_server_with_auto_disk_config): 200 GET http://10.180.1.21/compute/v2.1/servers/5e0dd693-bbc8-4e09-b77c-4afaa2352d94 0.060s
2025-04-04 01:30:34.580 70847 WARNING tempest.lib.common.ssh [-] Failed to establish authenticated ssh connection to cirros@10.180.180.197 ([Errno None] Unable to connect to port 22 on 10.180.180.197). Number attempts: 10. Retry after 11 seconds.: paramiko.ssh_exception.NoValidConnectionsError: [Errno None] Unable to connect to port 22 on 10.180.180.197
2025-04-04 01:30:34.644 70835 INFO tempest.lib.common.rest_client [req-5a8a1a3c-3ea3-4310-9761-ab41f13dfba1 req-5a8a1a3c-3ea3-4310-9761-ab41f13dfba1 ] Request (AttachInterfacesUnderV243Test:test_add_remove_fixed_ip): 200 GET http://10.180.1.21/compute/v2.1/servers/d2a69c04-2c01-42ea-945f-dadc1a93c8c8 0.109s
2025-04-04 01:30:34.660 70831 INFO tempest.lib.common.rest_client [req-a81f7d17-a123-4fdd-a07e-a2c6d1d9a00f req-a81f7d17-a123-4fdd-a07e-a2c6d1d9a00f ] Request (ServerTagsTestJSON:tearDownClass): 200 PUT http://10.180.1.21:9696/networking/v2.0/routers/84dc22cc-6adc-403d-899a-304be02daf1b/remove_router_interface 0.713s
2025-04-04 01:30:34.710 70825 INFO tempest.lib.common.rest_client [req-4d0c066a-4c06-41d1-8d11-ad4af62f9a55 req-4d0c066a-4c06-41d1-8d11-ad4af62f9a55 ] Request (InstanceActionsTestJSON:setUpClass): 200 GET http://10.180.1.21/compute/v2.1/servers/0a03c827-193b-4cc1-8339-404eb8e5fa41 0.119s
2025-04-04 01:30:34.717 70855 INFO tempest.lib.common.rest_client [req-36498676-fae7-4c41-b56b-1a18cd9afc7b req-36498676-fae7-4c41-b56b-1a18cd9afc7b ] Request (SecurityGroupsTestJSON:test_list_security_groups_by_server): 200 GET http://10.180.1.21/compute/v2.1/servers/8d7c77a9-1ff6-42f1-a714-12e2d5562d68 0.243s
2025-04-04 01:30:34.776 70841 INFO tempest.lib.common.rest_client [req-1f51f1a7-da77-4995-a15a-3e72c59d78b6 req-1f51f1a7-da77-4995-a15a-3e72c59d78b6 ] Request (ServersAdminNegativeTestJSON:tearDownClass): 200 GET http://10.180.1.21/compute/v2.1/servers/8ff3c6e9-627b-4750-8157-5bbc2d76f832 0.101s
2025-04-04 01:30:34.781 70861 INFO tempest.lib.common.rest_client [req-e3e58ec8-f8ef-4fff-bcc9-3f8217bbce3e req-e3e58ec8-f8ef-4fff-bcc9-3f8217bbce3e ] Request (ServersAdminTestJSON:test_create_server_with_scheduling_hint): 200 GET http://10.180.1.21/compute/v2.1/servers/5e8ff32b-c9ca-4374-9b0e-ace891d3b258 0.076s
2025-04-04 01:30:34.855 70837 INFO tempest.lib.common.rest_client [req-d8839b59-0614-4a05-8a82-5feca00484a6 req-d8839b59-0614-4a05-8a82-5feca00484a6 ] Request (ImagesOneServerTestJSON:tearDownClass): 200 GET http://10.180.1.21/compute/v2.1/servers/7f3ca62d-3408-47fe-bc66-30cee0f2c5de 0.070s
2025-04-04 01:30:34.908 70865 INFO tempest.lib.common.rest_client [req-fccdffa5-b127-4540-9446-3dc33ea76981 req-fccdffa5-b127-4540-9446-3dc33ea76981 ] Request (DeleteServersAdminTestJSON:test_delete_server_while_in_error_state): 200 GET http://10.180.1.21/compute/v2.1/servers/b5626e84-a943-46d6-9333-0f5362b32884 0.060s
2025-04-04 01:30:34.951 70839 INFO tempest.lib.common.rest_client [req-612b1848-45ee-474d-8033-7c12afbf886e req-612b1848-45ee-474d-8033-7c12afbf886e ] Request (ImagesOneServerNegativeTestJSON:_run_cleanups): 200 GET http://10.180.1.21/compute/v2.1/servers/f8c1afe3-bbdf-4f5a-bd39-c682d5755df4 0.057s
2025-04-04 01:30:34.999 70829 INFO tempest.lib.common.rest_client [req-beb2e33f-104c-4bd6-bd0a-b0b821f48fb8 req-beb2e33f-104c-4bd6-bd0a-b0b821f48fb8 ] Request (FloatingIPsAssociationNegativeTestJSON:setUpClass): 200 GET http://10.180.1.21/compute/v2.1/servers/55b5dc4b-e95a-44cc-a3fd-713b9e2bdd45 0.062s
2025-04-04 01:30:35.051 70859 INFO tempest.lib.common.rest_client [req-38805a23-974f-4ee9-9655-01e7086246c5 req-38805a23-974f-4ee9-9655-01e7086246c5 ] Request (MigrationsAdminTest:test_resize_server_revert_deleted_flavor): 200 GET http://10.180.1.21/compute/v2.1/servers/533b0d7a-f85e-4ca4-86fa-d6b7dc11e050 0.113s
2025-04-04 01:30:35.076 70833 INFO tempest.lib.common.rest_client [req-f6866f71-0db1-47c9-94ed-8e23f7ac36c2 req-f6866f71-0db1-47c9-94ed-8e23f7ac36c2 ] Request (ListServerFiltersTestJSON:setUpClass): 200 GET http://10.180.1.21/compute/v2.1/servers/34d94167-73a0-44ed-9b41-cc3e8bfdf30c 0.190s
2025-04-04 01:30:35.079 70831 INFO tempest.lib.common.rest_client [req-10cbc95c-c296-4135-ad77-762d59db9e4d req-10cbc95c-c296-4135-ad77-762d59db9e4d ] Request (ServerTagsTestJSON:tearDownClass): 204 DELETE http://10.180.1.21:9696/networking/v2.0/routers/84dc22cc-6adc-403d-899a-304be02daf1b 0.419s
2025-04-04 01:30:35.095 70873 INFO tempest.lib.common.rest_client [req-aa556c3f-d87d-46b0-a239-3acc93873ba5 req-aa556c3f-d87d-46b0-a239-3acc93873ba5 ] Request (DeleteServersTestJSON:test_delete_active_server): 200 GET http://10.180.1.21/compute/v2.1/servers/86b9bb02-7260-4820-9051-8731994d65c4 0.095s
2025-04-04 01:30:35.173 70831 INFO tempest.lib.common.rest_client [req-4b8b9369-0c2b-4e99-9dfd-50d9823ac065 req-4b8b9369-0c2b-4e99-9dfd-50d9823ac065 ] Request (ServerTagsTestJSON:tearDownClass): 204 DELETE http://10.180.1.21:9696/networking/v2.0/subnets/9716625a-9717-4851-b00a-f832beaf00b7 0.093s
2025-04-04 01:30:35.221 70875 INFO tempest.lib.common.rest_client [req-0d45efb5-abd4-438a-b86a-91d7cd822b1c req-0d45efb5-abd4-438a-b86a-91d7cd822b1c ] Request (ServersAaction247Test:tearDownClass): 200 GET http://10.180.1.21/compute/v2.1/servers/ff7a11f0-13a3-4395-bced-6ff716206ea0 0.078s
2025-04-04 01:30:35.278 70817 INFO tempest.lib.common.rest_client [req-4b4cfe33-584b-498e-8439-e54d8d09bb83 req-4b4cfe33-584b-498e-8439-e54d8d09bb83 ] Request (ServerAddressesNegativeTestJSON:setUpClass): 200 GET http://10.180.1.21/compute/v2.1/servers/e48a8f9a-b146-4a32-80b9-5be961fbb846 0.069s
2025-04-04 01:30:35.314 70857 INFO tempest.lib.common.rest_client [req-c85f2e69-d343-49fa-9c79-0e23f53c88b9 req-c85f2e69-d343-49fa-9c79-0e23f53c88b9 ] Request (MultipleCreateTestJSON:test_multiple_create): 200 GET http://10.180.1.21/compute/v2.1/servers/cf4fe545-4ba2-486c-8b70-5b53e1412792 0.117s
2025-04-04 01:30:35.335 70869 INFO tempest.lib.common.rest_client [req-cb580644-7648-40c5-a9e9-f2e7efb5e8f1 req-cb580644-7648-40c5-a9e9-f2e7efb5e8f1 ] Request (AttachVolumeShelveTestJSON:test_attach_volume_shelved_or_offload_server): 200 GET http://10.180.1.21/compute/v2.1/servers/8cf1f94c-6dd3-4dbb-8d1e-5533a17fb6e4 0.069s
2025-04-04 01:30:35.362 70853 INFO tempest.lib.common.rest_client [req-45be1609-53a6-4815-8a1a-f6a57c425983 req-45be1609-53a6-4815-8a1a-f6a57c425983 ] Request (ServersTestMultiNic:test_verify_duplicate_network_nics): 200 GET http://10.180.1.21/compute/v2.1/servers/7441344b-4db8-45f6-bfdb-118b05826913 0.053s
2025-04-04 01:30:35.417 70849 INFO tempest.lib.common.rest_client [req-fdbc4804-0f25-463e-9e37-dbee877fa1f7 req-fdbc4804-0f25-463e-9e37-dbee877fa1f7 ] Request (ServerShowV254Test:tearDownClass): 200 GET http://10.180.1.21/compute/v2.1/servers/8e8650ee-1c9a-4ed0-af77-de29148ad085 0.065s
2025-04-04 01:30:35.417 70819 INFO tempest.lib.common.rest_client [req-ba95cb23-5ae9-4c25-9fd5-b90e0a9841fd req-ba95cb23-5ae9-4c25-9fd5-b90e0a9841fd ] Request (FloatingIPsAssociationTestJSON:test_associate_already_associated_floating_ip): 200 GET http://10.180.1.21/compute/v2.1/servers/31b911ef-a5da-4801-9000-f5a9559e0e74 0.056s
2025-04-04 01:30:35.466 70831 INFO tempest.lib.common.rest_client [req-5d45c8b0-a99a-46e5-9781-f00fcbfae4a7 req-5d45c8b0-a99a-46e5-9781-f00fcbfae4a7 ] Request (ServerTagsTestJSON:tearDownClass): 204 DELETE http://10.180.1.21:9696/networking/v2.0/networks/fd666c7e-ca7c-49de-95f7-ec284986f1c4 0.292s
2025-04-04 01:30:35.502 70843 INFO tempest.lib.common.rest_client [req-ac6c07e9-b6b4-4a83-bde9-25ae03e8f299 req-ac6c07e9-b6b4-4a83-bde9-25ae03e8f299 ] Request (ListImageFiltersTestJSON:tearDownClass): 200 GET http://10.180.1.21/compute/v2.1/servers/50415932-49a2-4b5c-a11d-e5e94d71d360 0.067s
2025-04-04 01:30:35.544 70831 INFO tempest.lib.common.rest_client [req-293e7076-447f-4347-8925-35567f15b646 req-293e7076-447f-4347-8925-35567f15b646 ] Request (ServerTagsTestJSON:tearDownClass): 204 DELETE http://10.180.1.21/identity/v3/users/63fc6558b4f7495196eac5d2f87a2ec3 0.078s
2025-04-04 01:30:35.544 70831 INFO tempest.lib.common.dynamic_creds [-] Deleting project and security group for project: f1a61f31ad0b4c34a9e05f223b8c0f0a
2025-04-04 01:30:35.554 70851 INFO tempest.lib.common.rest_client [req-90e1932c-0a5e-4445-9ef2-22b666b84bf2 req-90e1932c-0a5e-4445-9ef2-22b666b84bf2 ] Request (ListServersNegativeTestJSON:tearDownClass): 200 GET http://10.180.1.21/compute/v2.1/servers/7ec9324c-f8ea-4528-a287-c42dc901c636 0.059s
2025-04-04 01:30:35.571 70831 INFO tempest.lib.common.rest_client [req-c40c644f-9f99-4859-a42b-b5822c12dc8d req-c40c644f-9f99-4859-a42b-b5822c12dc8d ] Request (ServerTagsTestJSON:tearDownClass): 200 GET http://10.180.1.21:9696/networking/v2.0/security-groups?tenant_id=f1a61f31ad0b4c34a9e05f223b8c0f0a&name=default 0.026s
2025-04-04 01:30:35.641 70846 INFO tempest.lib.common.rest_client [req-b36cc084-6fba-4e2e-87cf-f776ecdcd95b req-b36cc084-6fba-4e2e-87cf-f776ecdcd95b ] Request (ServerDiskConfigTestJSON:test_rebuild_server_with_auto_disk_config): 200 GET http://10.180.1.21/compute/v2.1/servers/5e0dd693-bbc8-4e09-b77c-4afaa2352d94 0.053s
2025-04-04 01:30:35.651 70831 INFO tempest.lib.common.rest_client [req-acae4a06-ec40-45be-86be-823623302b80 req-acae4a06-ec40-45be-86be-823623302b80 ] Request (ServerTagsTestJSON:tearDownClass): 204 DELETE http://10.180.1.21:9696/networking/v2.0/security-groups/b86ca272-9443-4680-9037-2b258449017c 0.080s
2025-04-04 01:30:35.705 70835 INFO tempest.lib.common.rest_client [req-80026f08-7218-4e56-8f14-379c333b7c14 req-80026f08-7218-4e56-8f14-379c333b7c14 ] Request (AttachInterfacesUnderV243Test:test_add_remove_fixed_ip): 200 GET http://10.180.1.21/compute/v2.1/servers/d2a69c04-2c01-42ea-945f-dadc1a93c8c8 0.050s
2025-04-04 01:30:35.736 70831 INFO tempest.lib.common.rest_client [req-86becd0b-1f2b-47d0-9941-d1d7e2e79238 req-86becd0b-1f2b-47d0-9941-d1d7e2e79238 ] Request (ServerTagsTestJSON:tearDownClass): 204 DELETE http://10.180.1.21/identity/v3/projects/f1a61f31ad0b4c34a9e05f223b8c0f0a 0.084s
2025-04-04 01:30:35.776 70825 INFO tempest.lib.common.rest_client [req-408e907e-be4b-4ec4-9fd6-22c600aef839 req-408e907e-be4b-4ec4-9fd6-22c600aef839 ] Request (InstanceActionsTestJSON:setUpClass): 200 GET http://10.180.1.21/compute/v2.1/servers/0a03c827-193b-4cc1-8339-404eb8e5fa41 0.056s
2025-04-04 01:30:35.852 70841 INFO tempest.lib.common.rest_client [req-a7c5c0c0-b86d-49a0-bd7a-df68fb902aaf req-a7c5c0c0-b86d-49a0-bd7a-df68fb902aaf ] Request (ServersAdminNegativeTestJSON:tearDownClass): 200 GET http://10.180.1.21/compute/v2.1/servers/8ff3c6e9-627b-4750-8157-5bbc2d76f832 0.066s
2025-04-04 01:30:35.896 70855 INFO tempest.lib.common.rest_client [req-39496593-3005-4b38-8a3f-8f9cb68474eb req-39496593-3005-4b38-8a3f-8f9cb68474eb ] Request (SecurityGroupsTestJSON:test_list_security_groups_by_server): 200 GET http://10.180.1.21/compute/v2.1/servers/8d7c77a9-1ff6-42f1-a714-12e2d5562d68 0.166s
2025-04-04 01:30:35.923 70861 INFO tempest.lib.common.rest_client [req-664aa62c-d847-47dd-9e73-5df601a6f206 req-664aa62c-d847-47dd-9e73-5df601a6f206 ] Request (ServersAdminTestJSON:test_create_server_with_scheduling_hint): 200 GET http://10.180.1.21/compute/v2.1/servers/5e8ff32b-c9ca-4374-9b0e-ace891d3b258 0.134s
2025-04-04 01:30:35.983 70865 INFO tempest.lib.common.rest_client [req-a5afae6d-87d4-4fb9-be92-01490f6c91b4 req-a5afae6d-87d4-4fb9-be92-01490f6c91b4 ] Request (DeleteServersAdminTestJSON:test_delete_server_while_in_error_state): 200 GET http://10.180.1.21/compute/v2.1/servers/b5626e84-a943-46d6-9333-0f5362b32884 0.066s
2025-04-04 01:30:35.991 70837 INFO tempest.lib.common.rest_client [req-36302e19-4fef-45f3-8ae9-3427afe981f8 req-36302e19-4fef-45f3-8ae9-3427afe981f8 ] Request (ImagesOneServerTestJSON:tearDownClass): 200 GET http://10.180.1.21/compute/v2.1/servers/7f3ca62d-3408-47fe-bc66-30cee0f2c5de 0.124s
2025-04-04 01:30:36.039 70839 INFO tempest.lib.common.rest_client [req-d8dbfcb2-700c-4509-b6f4-2ceb2e1eeb29 req-d8dbfcb2-700c-4509-b6f4-2ceb2e1eeb29 ] Request (ImagesOneServerNegativeTestJSON:_run_cleanups): 200 GET http://10.180.1.21/compute/v2.1/servers/f8c1afe3-bbdf-4f5a-bd39-c682d5755df4 0.080s
2025-04-04 01:30:36.076 70829 INFO tempest.lib.common.rest_client [req-769f558b-0e78-4918-b51b-e0dc1ebe6afc req-769f558b-0e78-4918-b51b-e0dc1ebe6afc ] Request (FloatingIPsAssociationNegativeTestJSON:setUpClass): 200 GET http://10.180.1.21/compute/v2.1/servers/55b5dc4b-e95a-44cc-a3fd-713b9e2bdd45 0.061s
2025-04-04 01:30:36.113 70859 INFO tempest.lib.common.rest_client [req-1f226489-30db-43a0-9137-8d60f18f3549 req-1f226489-30db-43a0-9137-8d60f18f3549 ] Request (MigrationsAdminTest:test_resize_server_revert_deleted_flavor): 200 GET http://10.180.1.21/compute/v2.1/servers/533b0d7a-f85e-4ca4-86fa-d6b7dc11e050 0.054s
2025-04-04 01:30:36.157 70873 INFO tempest.lib.common.rest_client [req-c9e3bdcf-67c7-4484-b872-8e434860e8bd req-c9e3bdcf-67c7-4484-b872-8e434860e8bd ] Request (DeleteServersTestJSON:test_delete_active_server): 200 GET http://10.180.1.21/compute/v2.1/servers/86b9bb02-7260-4820-9051-8731994d65c4 0.054s
2025-04-04 01:30:36.233 70833 INFO tempest.lib.common.rest_client [req-ab8cbbff-b010-47eb-b11d-767dd0ca4d3e req-ab8cbbff-b010-47eb-b11d-767dd0ca4d3e ] Request (ListServerFiltersTestJSON:setUpClass): 200 GET http://10.180.1.21/compute/v2.1/servers/34d94167-73a0-44ed-9b41-cc3e8bfdf30c 0.149s
2025-04-04 01:30:36.246 70833 INFO tempest.common.waiters [-] State transition "BUILD/spawning" ==> "ACTIVE/None" after 80 second wait
2025-04-04 01:30:36.299 70875 INFO tempest.lib.common.rest_client [req-c91f5c9f-2a93-40ce-921f-b21f3078ff22 req-c91f5c9f-2a93-40ce-921f-b21f3078ff22 ] Request (ServersAaction247Test:tearDownClass): 200 GET http://10.180.1.21/compute/v2.1/servers/ff7a11f0-13a3-4395-bced-6ff716206ea0 0.064s
2025-04-04 01:30:36.345 70833 INFO tempest.lib.common.rest_client [req-90505194-d533-4d19-a8f6-a3fce7139e23 req-90505194-d533-4d19-a8f6-a3fce7139e23 ] Request (ListServerFiltersTestJSON:setUpClass): 200 GET http://10.180.1.21/compute/v2.1/servers/29098eb4-49b4-40a2-b942-303d860e2fbb 0.098s
2025-04-04 01:30:36.348 70817 INFO tempest.lib.common.rest_client [req-bcc2f31b-e8a2-4da5-b942-f45c2334b95e req-bcc2f31b-e8a2-4da5-b942-f45c2334b95e ] Request (ServerAddressesNegativeTestJSON:setUpClass): 200 GET http://10.180.1.21/compute/v2.1/servers/e48a8f9a-b146-4a32-80b9-5be961fbb846 0.062s
2025-04-04 01:30:36.395 70869 INFO tempest.lib.common.rest_client [req-eb5a52fe-f8e3-462b-98bf-57aef2a83989 req-eb5a52fe-f8e3-462b-98bf-57aef2a83989 ] Request (AttachVolumeShelveTestJSON:test_attach_volume_shelved_or_offload_server): 200 GET http://10.180.1.21/compute/v2.1/servers/8cf1f94c-6dd3-4dbb-8d1e-5533a17fb6e4 0.048s
2025-04-04 01:30:36.427 70857 INFO tempest.lib.common.rest_client [req-a14fb9f9-67cc-4ea8-982d-84df2e80e191 req-a14fb9f9-67cc-4ea8-982d-84df2e80e191 ] Request (MultipleCreateTestJSON:test_multiple_create): 200 GET http://10.180.1.21/compute/v2.1/servers/cf4fe545-4ba2-486c-8b70-5b53e1412792 0.105s
2025-04-04 01:30:36.471 70853 INFO tempest.lib.common.rest_client [req-b549c2ed-5bb4-4f62-9b35-0c4d5eb0003f req-b549c2ed-5bb4-4f62-9b35-0c4d5eb0003f ] Request (ServersTestMultiNic:test_verify_duplicate_network_nics): 200 GET http://10.180.1.21/compute/v2.1/servers/7441344b-4db8-45f6-bfdb-118b05826913 0.100s
2025-04-04 01:30:36.474 70833 INFO tempest.lib.common.rest_client [req-301754e3-8b30-4670-a749-1f5cfdbcafa8 req-301754e3-8b30-4670-a749-1f5cfdbcafa8 ] Request (ListServerFiltersTestJSON:setUpClass): 200 GET http://10.180.1.21/compute/v2.1/servers/b41cee04-e3c4-4361-8eb2-28f97f355338 0.123s
2025-04-04 01:30:36.516 70819 INFO tempest.lib.common.rest_client [req-5e180cff-5e27-4704-9662-54cafaca9867 req-5e180cff-5e27-4704-9662-54cafaca9867 ] Request (FloatingIPsAssociationTestJSON:test_associate_already_associated_floating_ip): 200 GET http://10.180.1.21/compute/v2.1/servers/31b911ef-a5da-4801-9000-f5a9559e0e74 0.091s
2025-04-04 01:30:36.531 70849 INFO tempest.lib.common.rest_client [req-9955184f-8467-4492-a568-5386a67b247c req-9955184f-8467-4492-a568-5386a67b247c ] Request (ServerShowV254Test:tearDownClass): 200 GET http://10.180.1.21/compute/v2.1/servers/8e8650ee-1c9a-4ed0-af77-de29148ad085 0.099s
2025-04-04 01:30:36.583 70843 INFO tempest.lib.common.rest_client [req-985c1ee0-a2f7-468b-9255-869a5b9b1a0b req-985c1ee0-a2f7-468b-9255-869a5b9b1a0b ] Request (ListImageFiltersTestJSON:tearDownClass): 200 GET http://10.180.1.21/compute/v2.1/servers/50415932-49a2-4b5c-a11d-e5e94d71d360 0.072s
2025-04-04 01:30:36.636 70851 INFO tempest.lib.common.rest_client [req-80ed7bc2-cc41-4624-a04a-f93240536bb9 req-80ed7bc2-cc41-4624-a04a-f93240536bb9 ] Request (ListServersNegativeTestJSON:tearDownClass): 200 GET http://10.180.1.21/compute/v2.1/servers/7ec9324c-f8ea-4528-a287-c42dc901c636 0.075s
2025-04-04 01:30:36.679 70833 INFO tempest.lib.common.rest_client [req-a72daf3e-d884-4ee0-8c3b-e91894d71bf0 req-a72daf3e-d884-4ee0-8c3b-e91894d71bf0 ] Request (ListServerFiltersTestJSON:test_list_servers_detailed_filter_by_flavor): 200 GET http://10.180.1.21/compute/v2.1/servers/detail?flavor=84 0.197s
2025-04-04 01:30:36.701 70846 INFO tempest.lib.common.rest_client [req-829da5f6-1d0c-4c89-96ab-ab26d7f6075b req-829da5f6-1d0c-4c89-96ab-ab26d7f6075b ] Request (ServerDiskConfigTestJSON:test_rebuild_server_with_auto_disk_config): 200 GET http://10.180.1.21/compute/v2.1/servers/5e0dd693-bbc8-4e09-b77c-4afaa2352d94 0.049s
2025-04-04 01:30:36.762 70835 INFO tempest.lib.common.rest_client [req-9e546936-2aee-4f18-b713-e68b980d4925 req-9e546936-2aee-4f18-b713-e68b980d4925 ] Request (AttachInterfacesUnderV243Test:test_add_remove_fixed_ip): 200 GET http://10.180.1.21/compute/v2.1/servers/d2a69c04-2c01-42ea-945f-dadc1a93c8c8 0.049s
2025-04-04 01:30:36.837 70833 INFO tempest.lib.common.rest_client [req-864ee77b-a1de-45ac-871f-e588cb057ec3 req-864ee77b-a1de-45ac-871f-e588cb057ec3 ] Request (ListServerFiltersTestJSON:test_list_servers_detailed_filter_by_server_name): 200 GET http://10.180.1.21/compute/v2.1/servers/detail?name=tempest-ListServerFiltersTestJSON-instance-98554209 0.148s
2025-04-04 01:30:36.837 70825 INFO tempest.lib.common.rest_client [req-0b62227c-babc-465b-a83d-b2a11f0c4d17 req-0b62227c-babc-465b-a83d-b2a11f0c4d17 ] Request (InstanceActionsTestJSON:setUpClass): 200 GET http://10.180.1.21/compute/v2.1/servers/0a03c827-193b-4cc1-8339-404eb8e5fa41 0.054s
2025-04-04 01:30:36.937 70841 INFO tempest.lib.common.rest_client [req-6b32ee46-7f95-469b-9c4b-15eeb2f3fe62 req-6b32ee46-7f95-469b-9c4b-15eeb2f3fe62 ] Request (ServersAdminNegativeTestJSON:tearDownClass): 200 GET http://10.180.1.21/compute/v2.1/servers/8ff3c6e9-627b-4750-8157-5bbc2d76f832 0.068s
2025-04-04 01:30:37.031 70855 INFO tempest.lib.common.rest_client [req-b24c575d-e6a0-4756-908a-40184d44f4c4 req-b24c575d-e6a0-4756-908a-40184d44f4c4 ] Request (SecurityGroupsTestJSON:test_list_security_groups_by_server): 200 GET http://10.180.1.21/compute/v2.1/servers/8d7c77a9-1ff6-42f1-a714-12e2d5562d68 0.124s
2025-04-04 01:30:37.080 70861 INFO tempest.lib.common.rest_client [req-fe7cfb86-3cc0-4520-a579-621b183be347 req-fe7cfb86-3cc0-4520-a579-621b183be347 ] Request (ServersAdminTestJSON:test_create_server_with_scheduling_hint): 200 GET http://10.180.1.21/compute/v2.1/servers/5e8ff32b-c9ca-4374-9b0e-ace891d3b258 0.148s
2025-04-04 01:30:37.089 70861 INFO tempest.common.waiters [-] State transition "BUILD/scheduling" ==> "BUILD/None" after 47 second wait
2025-04-04 01:30:37.146 70865 INFO tempest.lib.common.rest_client [req-7a3dcb82-5161-4094-a14a-68bea4a6f7ca req-7a3dcb82-5161-4094-a14a-68bea4a6f7ca ] Request (DeleteServersAdminTestJSON:test_delete_server_while_in_error_state): 200 GET http://10.180.1.21/compute/v2.1/servers/b5626e84-a943-46d6-9333-0f5362b32884 0.155s
2025-04-04 01:30:37.202 70837 INFO tempest.lib.common.rest_client [req-13fd6e29-8804-412b-aff8-95049df159f1 req-13fd6e29-8804-412b-aff8-95049df159f1 ] Request (ImagesOneServerTestJSON:tearDownClass): 200 GET http://10.180.1.21/compute/v2.1/servers/7f3ca62d-3408-47fe-bc66-30cee0f2c5de 0.200s
2025-04-04 01:30:37.251 70839 INFO tempest.lib.common.rest_client [req-00ed0c3c-f44c-451e-852e-fce2a3048555 req-00ed0c3c-f44c-451e-852e-fce2a3048555 ] Request (ImagesOneServerNegativeTestJSON:_run_cleanups): 200 GET http://10.180.1.21/compute/v2.1/servers/f8c1afe3-bbdf-4f5a-bd39-c682d5755df4 0.204s
2025-04-04 01:30:37.269 70833 INFO tempest.lib.common.rest_client [req-2743e9b0-c1eb-4327-9fea-98525dbb8ece req-2743e9b0-c1eb-4327-9fea-98525dbb8ece ] Request (ListServerFiltersTestJSON:test_list_servers_detailed_filter_by_server_status): 200 GET http://10.180.1.21/compute/v2.1/servers/detail?status=active 0.422s
2025-04-04 01:30:37.297 70829 INFO tempest.lib.common.rest_client [req-3f2be4e8-2277-4940-9661-6c819dfc021f req-3f2be4e8-2277-4940-9661-6c819dfc021f ] Request (FloatingIPsAssociationNegativeTestJSON:setUpClass): 200 GET http://10.180.1.21/compute/v2.1/servers/55b5dc4b-e95a-44cc-a3fd-713b9e2bdd45 0.212s
2025-04-04 01:30:37.319 70859 INFO tempest.lib.common.rest_client [req-1216a265-f026-4e32-b6b6-c3976c79a757 req-1216a265-f026-4e32-b6b6-c3976c79a757 ] Request (MigrationsAdminTest:test_resize_server_revert_deleted_flavor): 200 GET http://10.180.1.21/compute/v2.1/servers/533b0d7a-f85e-4ca4-86fa-d6b7dc11e050 0.196s
2025-04-04 01:30:37.367 70873 INFO tempest.lib.common.rest_client [req-ba080496-232b-4d17-aa2b-4f080992c04b req-ba080496-232b-4d17-aa2b-4f080992c04b ] Request (DeleteServersTestJSON:test_delete_active_server): 200 GET http://10.180.1.21/compute/v2.1/servers/86b9bb02-7260-4820-9051-8731994d65c4 0.203s
2025-04-04 01:30:37.428 70875 INFO tempest.lib.common.rest_client [req-86bc6043-2315-451e-8c85-6657b5fc8b54 req-86bc6043-2315-451e-8c85-6657b5fc8b54 ] Request (ServersAaction247Test:tearDownClass): 200 GET http://10.180.1.21/compute/v2.1/servers/ff7a11f0-13a3-4395-bced-6ff716206ea0 0.116s
2025-04-04 01:30:37.440 70833 INFO tempest.lib.common.rest_client [req-c9dc481e-98a3-4ad5-8a32-60719c5516a9 req-c9dc481e-98a3-4ad5-8a32-60719c5516a9 ] Request (ListServerFiltersTestJSON:test_list_servers_detailed_limit_results): 200 GET http://10.180.1.21/compute/v2.1/servers/detail?limit=1 0.161s
2025-04-04 01:30:37.478 70817 INFO tempest.lib.common.rest_client [req-1f5add35-061e-42a6-a7ce-806621f38f3f req-1f5add35-061e-42a6-a7ce-806621f38f3f ] Request (ServerAddressesNegativeTestJSON:setUpClass): 200 GET http://10.180.1.21/compute/v2.1/servers/e48a8f9a-b146-4a32-80b9-5be961fbb846 0.123s
2025-04-04 01:30:37.491 70869 INFO tempest.lib.common.rest_client [req-156bd15d-b394-4a2d-96e1-5071302557ae req-156bd15d-b394-4a2d-96e1-5071302557ae ] Request (AttachVolumeShelveTestJSON:test_attach_volume_shelved_or_offload_server): 200 GET http://10.180.1.21/compute/v2.1/servers/8cf1f94c-6dd3-4dbb-8d1e-5533a17fb6e4 0.085s
2025-04-04 01:30:37.500 70869 INFO tempest.common.waiters [-] State transition "BUILD/None" ==> "BUILD/networking" after 74 second wait
2025-04-04 01:30:37.570 70833 INFO tempest.lib.common.rest_client [req-3d264b8f-3b63-41d5-bf2c-66169465fce7 req-3d264b8f-3b63-41d5-bf2c-66169465fce7 ] Request (ListServerFiltersTestJSON:test_list_servers_filter_by_active_status): 200 GET http://10.180.1.21/compute/v2.1/servers?status=active 0.121s
2025-04-04 01:30:37.589 70857 INFO tempest.lib.common.rest_client [req-b739b0dc-ef05-45e3-a7e6-23b8f731f7f6 req-b739b0dc-ef05-45e3-a7e6-23b8f731f7f6 ] Request (MultipleCreateTestJSON:test_multiple_create): 200 GET http://10.180.1.21/compute/v2.1/servers/cf4fe545-4ba2-486c-8b70-5b53e1412792 0.153s
2025-04-04 01:30:37.621 70853 INFO tempest.lib.common.rest_client [req-3d1e7f1d-3f7d-485a-8c91-02224077a06f req-3d1e7f1d-3f7d-485a-8c91-02224077a06f ] Request (ServersTestMultiNic:test_verify_duplicate_network_nics): 200 GET http://10.180.1.21/compute/v2.1/servers/7441344b-4db8-45f6-bfdb-118b05826913 0.141s
2025-04-04 01:30:37.643 70819 INFO tempest.lib.common.rest_client [req-5bb1a80c-5cf3-4a5b-9fdf-be3edaf6ea08 req-5bb1a80c-5cf3-4a5b-9fdf-be3edaf6ea08 ] Request (FloatingIPsAssociationTestJSON:test_associate_already_associated_floating_ip): 200 GET http://10.180.1.21/compute/v2.1/servers/31b911ef-a5da-4801-9000-f5a9559e0e74 0.119s
2025-04-04 01:30:37.675 70849 INFO tempest.lib.common.rest_client [req-e657fb2b-7d87-4263-839c-0c1af0d8e519 req-e657fb2b-7d87-4263-839c-0c1af0d8e519 ] Request (ServerShowV254Test:tearDownClass): 200 GET http://10.180.1.21/compute/v2.1/servers/8e8650ee-1c9a-4ed0-af77-de29148ad085 0.133s
2025-04-04 01:30:37.690 70833 INFO tempest.lib.common.rest_client [req-dd9a97b7-dd3d-431d-b781-9639bc5c3ce7 req-dd9a97b7-dd3d-431d-b781-9639bc5c3ce7 ] Request (ListServerFiltersTestJSON:test_list_servers_filter_by_exceed_limit): 200 GET http://10.180.1.21/compute/v2.1/servers?limit=100000 0.117s
2025-04-04 01:30:37.716 70821 WARNING tempest.lib.common.ssh [-] Failed to establish authenticated ssh connection to cirros@10.180.180.169 ([Errno None] Unable to connect to port 22 on 10.180.180.169). Number attempts: 6. Retry after 7 seconds.: paramiko.ssh_exception.NoValidConnectionsError: [Errno None] Unable to connect to port 22 on 10.180.180.169
2025-04-04 01:30:37.733 70843 INFO tempest.lib.common.rest_client [req-b8d2e300-8411-4a30-9b8d-2f21e882ddba req-b8d2e300-8411-4a30-9b8d-2f21e882ddba ] Request (ListImageFiltersTestJSON:tearDownClass): 200 GET http://10.180.1.21/compute/v2.1/servers/50415932-49a2-4b5c-a11d-e5e94d71d360 0.140s
2025-04-04 01:30:37.777 70833 INFO tempest.lib.common.rest_client [req-5556e09e-e01b-42af-ad90-1720c95a44f1 req-5556e09e-e01b-42af-ad90-1720c95a44f1 ] Request (ListServerFiltersTestJSON:test_list_servers_filter_by_exceed_limit): 200 GET http://10.180.1.21/compute/v2.1/servers 0.084s
2025-04-04 01:30:37.846 70846 INFO tempest.lib.common.rest_client [req-448cc8b3-8551-4136-85af-bb0ff1f17b57 req-448cc8b3-8551-4136-85af-bb0ff1f17b57 ] Request (ServerDiskConfigTestJSON:test_rebuild_server_with_auto_disk_config): 200 GET http://10.180.1.21/compute/v2.1/servers/5e0dd693-bbc8-4e09-b77c-4afaa2352d94 0.137s
2025-04-04 01:30:37.913 70835 INFO tempest.lib.common.rest_client [req-ccc3e2ad-64a5-4283-bb9d-18fcb203560c req-ccc3e2ad-64a5-4283-bb9d-18fcb203560c ] Request (AttachInterfacesUnderV243Test:test_add_remove_fixed_ip): 200 GET http://10.180.1.21/compute/v2.1/servers/d2a69c04-2c01-42ea-945f-dadc1a93c8c8 0.140s
2025-04-04 01:30:37.963 70851 INFO tempest.lib.common.rest_client [req-9a6a31fc-8116-4461-98de-fbfd1952ec39 req-9a6a31fc-8116-4461-98de-fbfd1952ec39 ] Request (ListServersNegativeTestJSON:tearDownClass): 200 GET http://10.180.1.21/compute/v2.1/servers/7ec9324c-f8ea-4528-a287-c42dc901c636 0.317s
2025-04-04 01:30:38.010 70833 INFO tempest.lib.common.rest_client [req-a1879e7f-72ef-42a5-b429-540a45984289 req-a1879e7f-72ef-42a5-b429-540a45984289 ] Request (ListServerFiltersTestJSON:test_list_servers_filter_by_flavor): 200 GET http://10.180.1.21/compute/v2.1/servers?flavor=84 0.229s
2025-04-04 01:30:38.029 70825 INFO tempest.lib.common.rest_client [req-942c2fe3-0618-4fd9-8dfb-a806fb0e5607 req-942c2fe3-0618-4fd9-8dfb-a806fb0e5607 ] Request (InstanceActionsTestJSON:setUpClass): 200 GET http://10.180.1.21/compute/v2.1/servers/0a03c827-193b-4cc1-8339-404eb8e5fa41 0.182s
2025-04-04 01:30:38.058 70833 INFO tempest.lib.common.rest_client [req-90946ce8-1ca9-4270-a0c4-e7de85f4aa3d req-90946ce8-1ca9-4270-a0c4-e7de85f4aa3d ] Request (ListServerFiltersTestJSON:test_list_servers_filter_by_limit): 200 GET http://10.180.1.21/compute/v2.1/servers?limit=1 0.039s
2025-04-04 01:30:38.080 70841 INFO tempest.lib.common.rest_client [req-32438ecb-4ed1-4ba9-896a-c3fb8367aa45 req-32438ecb-4ed1-4ba9-896a-c3fb8367aa45 ] Request (ServersAdminNegativeTestJSON:tearDownClass): 200 GET http://10.180.1.21/compute/v2.1/servers/8ff3c6e9-627b-4750-8157-5bbc2d76f832 0.136s
2025-04-04 01:30:38.168 70833 INFO tempest.lib.common.rest_client [req-6cb73552-79d8-42f1-b256-ee282bfa2dee req-6cb73552-79d8-42f1-b256-ee282bfa2dee ] Request (ListServerFiltersTestJSON:test_list_servers_filter_by_server_name): 200 GET http://10.180.1.21/compute/v2.1/servers?name=tempest-ListServerFiltersTestJSON-instance-98554209 0.106s
2025-04-04 01:30:38.206 70855 INFO tempest.lib.common.rest_client [req-b2b2928f-7d59-4c58-b831-614c99067cc9 req-b2b2928f-7d59-4c58-b831-614c99067cc9 ] Request (SecurityGroupsTestJSON:test_list_security_groups_by_server): 200 GET http://10.180.1.21/compute/v2.1/servers/8d7c77a9-1ff6-42f1-a714-12e2d5562d68 0.167s
2025-04-04 01:30:38.219 70861 INFO tempest.lib.common.rest_client [req-3be98eec-f31c-4fdd-85d8-f7b98e3e9f5b req-3be98eec-f31c-4fdd-85d8-f7b98e3e9f5b ] Request (ServersAdminTestJSON:test_create_server_with_scheduling_hint): 200 GET http://10.180.1.21/compute/v2.1/servers/5e8ff32b-c9ca-4374-9b0e-ace891d3b258 0.129s
2025-04-04 01:30:38.280 70865 INFO tempest.lib.common.rest_client [req-0268cf0c-137f-4531-86fe-623171a5e2ac req-0268cf0c-137f-4531-86fe-623171a5e2ac ] Request (DeleteServersAdminTestJSON:test_delete_server_while_in_error_state): 200 GET http://10.180.1.21/compute/v2.1/servers/b5626e84-a943-46d6-9333-0f5362b32884 0.125s
2025-04-04 01:30:38.299 70833 INFO tempest.lib.common.rest_client [req-55bee1cb-1890-46b4-95d6-2e32d3133c2e req-55bee1cb-1890-46b4-95d6-2e32d3133c2e ] Request (ListServerFiltersTestJSON:test_list_servers_filter_by_shutoff_status): 202 POST http://10.180.1.21/compute/v2.1/servers/29098eb4-49b4-40a2-b942-303d860e2fbb/action 0.128s
2025-04-04 01:30:38.367 70837 INFO tempest.lib.common.rest_client [req-5aa9e129-a881-497b-a6cf-9f365d70f0fd req-5aa9e129-a881-497b-a6cf-9f365d70f0fd ] Request (ImagesOneServerTestJSON:tearDownClass): 200 GET http://10.180.1.21/compute/v2.1/servers/7f3ca62d-3408-47fe-bc66-30cee0f2c5de 0.157s
2025-04-04 01:30:38.389 70839 INFO tempest.lib.common.rest_client [req-cf72bfb9-8d20-4174-8a16-f5be76a18b7c req-cf72bfb9-8d20-4174-8a16-f5be76a18b7c ] Request (ImagesOneServerNegativeTestJSON:_run_cleanups): 200 GET http://10.180.1.21/compute/v2.1/servers/f8c1afe3-bbdf-4f5a-bd39-c682d5755df4 0.130s
2025-04-04 01:30:38.446 70829 INFO tempest.lib.common.rest_client [req-8b689657-4001-4947-9346-1ebb20063984 req-8b689657-4001-4947-9346-1ebb20063984 ] Request (FloatingIPsAssociationNegativeTestJSON:setUpClass): 200 GET http://10.180.1.21/compute/v2.1/servers/55b5dc4b-e95a-44cc-a3fd-713b9e2bdd45 0.141s
2025-04-04 01:30:38.499 70859 INFO tempest.lib.common.rest_client [req-5f5a9ddb-9678-4d0c-83be-94498b750299 req-5f5a9ddb-9678-4d0c-83be-94498b750299 ] Request (MigrationsAdminTest:test_resize_server_revert_deleted_flavor): 200 GET http://10.180.1.21/compute/v2.1/servers/533b0d7a-f85e-4ca4-86fa-d6b7dc11e050 0.170s
2025-04-04 01:30:38.545 70873 INFO tempest.lib.common.rest_client [req-50f39336-5175-4c97-b0a1-e77a0b878c0d req-50f39336-5175-4c97-b0a1-e77a0b878c0d ] Request (DeleteServersTestJSON:test_delete_active_server): 200 GET http://10.180.1.21/compute/v2.1/servers/86b9bb02-7260-4820-9051-8731994d65c4 0.171s
2025-04-04 01:30:38.560 70833 INFO tempest.lib.common.rest_client [req-58c08c9b-60f4-48cf-91aa-2c026b4093e6 req-58c08c9b-60f4-48cf-91aa-2c026b4093e6 ] Request (ListServerFiltersTestJSON:test_list_servers_filter_by_shutoff_status): 200 GET http://10.180.1.21/compute/v2.1/servers/29098eb4-49b4-40a2-b942-303d860e2fbb 0.260s
2025-04-04 01:30:38.608 70817 INFO tempest.lib.common.rest_client [req-aabf2c12-1130-4955-970c-dcce36d265db req-aabf2c12-1130-4955-970c-dcce36d265db ] Request (ServerAddressesNegativeTestJSON:setUpClass): 200 GET http://10.180.1.21/compute/v2.1/servers/e48a8f9a-b146-4a32-80b9-5be961fbb846 0.122s
2025-04-04 01:30:38.612 70875 INFO tempest.lib.common.rest_client [req-2f74d42c-82b8-4548-831b-3130a2f1b01a req-2f74d42c-82b8-4548-831b-3130a2f1b01a ] Request (ServersAaction247Test:tearDownClass): 200 GET http://10.180.1.21/compute/v2.1/servers/ff7a11f0-13a3-4395-bced-6ff716206ea0 0.168s
2025-04-04 01:30:38.614 70823 WARNING tempest.lib.common.ssh [-] Failed to establish authenticated ssh connection to cirros@10.180.180.172 ([Errno None] Unable to connect to port 22 on 10.180.180.172). Number attempts: 11. Retry after 12 seconds.: paramiko.ssh_exception.NoValidConnectionsError: [Errno None] Unable to connect to port 22 on 10.180.180.172
2025-04-04 01:30:38.727 70869 INFO tempest.lib.common.rest_client [req-951b1391-38da-4551-83b2-19f31be27241 req-951b1391-38da-4551-83b2-19f31be27241 ] Request (AttachVolumeShelveTestJSON:test_attach_volume_shelved_or_offload_server): 200 GET http://10.180.1.21/compute/v2.1/servers/8cf1f94c-6dd3-4dbb-8d1e-5533a17fb6e4 0.227s
2025-04-04 01:30:38.735 70857 INFO tempest.lib.common.rest_client [req-281fb415-6d42-4e46-8e64-ebc7a5969c31 req-281fb415-6d42-4e46-8e64-ebc7a5969c31 ] Request (MultipleCreateTestJSON:test_multiple_create): 200 GET http://10.180.1.21/compute/v2.1/servers/cf4fe545-4ba2-486c-8b70-5b53e1412792 0.137s
2025-04-04 01:30:38.742 70869 INFO tempest.common.waiters [-] State transition "BUILD/networking" ==> "BUILD/block_device_mapping" after 75 second wait
2025-04-04 01:30:38.776 70853 INFO tempest.lib.common.rest_client [req-be0fff47-3fb8-458f-a78f-e6ae81397548 req-be0fff47-3fb8-458f-a78f-e6ae81397548 ] Request (ServersTestMultiNic:test_verify_duplicate_network_nics): 200 GET http://10.180.1.21/compute/v2.1/servers/7441344b-4db8-45f6-bfdb-118b05826913 0.145s
2025-04-04 01:30:38.778 70819 INFO tempest.lib.common.rest_client [req-0b344907-5d04-4032-9806-e1b3b05ac738 req-0b344907-5d04-4032-9806-e1b3b05ac738 ] Request (FloatingIPsAssociationTestJSON:test_associate_already_associated_floating_ip): 200 GET http://10.180.1.21/compute/v2.1/servers/31b911ef-a5da-4801-9000-f5a9559e0e74 0.126s
2025-04-04 01:30:38.828 70843 INFO tempest.lib.common.rest_client [req-82172d8b-c00c-46b5-bec4-9eeb1d2bb67e req-82172d8b-c00c-46b5-bec4-9eeb1d2bb67e ] Request (ListImageFiltersTestJSON:tearDownClass): 200 GET http://10.180.1.21/compute/v2.1/servers/50415932-49a2-4b5c-a11d-e5e94d71d360 0.085s
2025-04-04 01:30:38.831 70849 INFO tempest.lib.common.rest_client [req-019fe2a5-e196-46a1-9e74-4afac0694e85 req-019fe2a5-e196-46a1-9e74-4afac0694e85 ] Request (ServerShowV254Test:tearDownClass): 200 GET http://10.180.1.21/compute/v2.1/servers/8e8650ee-1c9a-4ed0-af77-de29148ad085 0.148s
2025-04-04 01:30:38.916 70846 INFO tempest.lib.common.rest_client [req-eef1233a-4017-434f-8dbc-e4e66a20b143 req-eef1233a-4017-434f-8dbc-e4e66a20b143 ] Request (ServerDiskConfigTestJSON:test_rebuild_server_with_auto_disk_config): 200 GET http://10.180.1.21/compute/v2.1/servers/5e0dd693-bbc8-4e09-b77c-4afaa2352d94 0.061s
2025-04-04 01:30:38.977 70835 INFO tempest.lib.common.rest_client [req-939e2826-193a-4c8c-8c56-8ef31bd73662 req-939e2826-193a-4c8c-8c56-8ef31bd73662 ] Request (AttachInterfacesUnderV243Test:test_add_remove_fixed_ip): 200 GET http://10.180.1.21/compute/v2.1/servers/d2a69c04-2c01-42ea-945f-dadc1a93c8c8 0.056s
2025-04-04 01:30:39.029 70851 INFO tempest.lib.common.rest_client [req-01c8231f-73ee-4358-adf9-789c7fa057e7 req-01c8231f-73ee-4358-adf9-789c7fa057e7 ] Request (ListServersNegativeTestJSON:tearDownClass): 200 GET http://10.180.1.21/compute/v2.1/servers/7ec9324c-f8ea-4528-a287-c42dc901c636 0.058s
2025-04-04 01:30:39.092 70825 INFO tempest.lib.common.rest_client [req-44611964-1f2e-4570-bb82-c1dc7dfdcf9b req-44611964-1f2e-4570-bb82-c1dc7dfdcf9b ] Request (InstanceActionsTestJSON:setUpClass): 200 GET http://10.180.1.21/compute/v2.1/servers/0a03c827-193b-4cc1-8339-404eb8e5fa41 0.053s
2025-04-04 01:30:39.142 70841 INFO tempest.lib.common.rest_client [req-c74dc21c-1bae-49d2-ab2a-55bd01f9f933 req-c74dc21c-1bae-49d2-ab2a-55bd01f9f933 ] Request (ServersAdminNegativeTestJSON:tearDownClass): 200 GET http://10.180.1.21/compute/v2.1/servers/8ff3c6e9-627b-4750-8157-5bbc2d76f832 0.053s
2025-04-04 01:30:39.275 70861 INFO tempest.lib.common.rest_client [req-81007f71-0ba9-416d-8ee0-9b9ef478a6a8 req-81007f71-0ba9-416d-8ee0-9b9ef478a6a8 ] Request (ServersAdminTestJSON:test_create_server_with_scheduling_hint): 200 GET http://10.180.1.21/compute/v2.1/servers/5e8ff32b-c9ca-4374-9b0e-ace891d3b258 0.047s
2025-04-04 01:30:39.309 70855 INFO tempest.lib.common.rest_client [req-1a00bbb5-dc6d-4d91-a7e2-bc4774385b41 req-1a00bbb5-dc6d-4d91-a7e2-bc4774385b41 ] Request (SecurityGroupsTestJSON:test_list_security_groups_by_server): 200 GET http://10.180.1.21/compute/v2.1/servers/8d7c77a9-1ff6-42f1-a714-12e2d5562d68 0.090s
2025-04-04 01:30:39.316 70855 INFO tempest.common.waiters [-] State transition "BUILD/spawning" ==> "ACTIVE/None" after 81 second wait
2025-04-04 01:30:39.340 70865 INFO tempest.lib.common.rest_client [req-6d6ea331-fc31-4044-9f9a-8d30c6913453 req-6d6ea331-fc31-4044-9f9a-8d30c6913453 ] Request (DeleteServersAdminTestJSON:test_delete_server_while_in_error_state): 200 GET http://10.180.1.21/compute/v2.1/servers/b5626e84-a943-46d6-9333-0f5362b32884 0.052s
2025-04-04 01:30:39.430 70837 INFO tempest.lib.common.rest_client [req-7ea71f9e-92c4-4093-82f8-4e0d4f7c656c req-7ea71f9e-92c4-4093-82f8-4e0d4f7c656c ] Request (ImagesOneServerTestJSON:tearDownClass): 200 GET http://10.180.1.21/compute/v2.1/servers/7f3ca62d-3408-47fe-bc66-30cee0f2c5de 0.055s
2025-04-04 01:30:39.476 70839 INFO tempest.lib.common.rest_client [req-f6289bab-916f-43fa-a86f-70d756b354d4 req-f6289bab-916f-43fa-a86f-70d756b354d4 ] Request (ImagesOneServerNegativeTestJSON:_run_cleanups): 200 GET http://10.180.1.21/compute/v2.1/servers/f8c1afe3-bbdf-4f5a-bd39-c682d5755df4 0.075s
2025-04-04 01:30:39.522 70829 INFO tempest.lib.common.rest_client [req-15bb1e24-b8be-49f9-9c97-e70e99f4f926 req-15bb1e24-b8be-49f9-9c97-e70e99f4f926 ] Request (FloatingIPsAssociationNegativeTestJSON:setUpClass): 200 GET http://10.180.1.21/compute/v2.1/servers/55b5dc4b-e95a-44cc-a3fd-713b9e2bdd45 0.062s
2025-04-04 01:30:39.566 70859 INFO tempest.lib.common.rest_client [req-8d2ca78d-e29a-4c3a-8f27-63ea581e0eb8 req-8d2ca78d-e29a-4c3a-8f27-63ea581e0eb8 ] Request (MigrationsAdminTest:test_resize_server_revert_deleted_flavor): 200 GET http://10.180.1.21/compute/v2.1/servers/533b0d7a-f85e-4ca4-86fa-d6b7dc11e050 0.060s
2025-04-04 01:30:39.619 70873 INFO tempest.lib.common.rest_client [req-55369231-6a6d-4787-874f-6fc08caf956d req-55369231-6a6d-4787-874f-6fc08caf956d ] Request (DeleteServersTestJSON:test_delete_active_server): 200 GET http://10.180.1.21/compute/v2.1/servers/86b9bb02-7260-4820-9051-8731994d65c4 0.063s
2025-04-04 01:30:39.685 70855 INFO tempest.lib.common.rest_client [req-fc6b6745-d0e0-4c03-aca0-ce8310599df3 req-fc6b6745-d0e0-4c03-aca0-ce8310599df3 ] Request (SecurityGroupsTestJSON:test_list_security_groups_by_server): 202 POST http://10.180.1.21/compute/v2.1/servers/8d7c77a9-1ff6-42f1-a714-12e2d5562d68/action 0.368s
2025-04-04 01:30:39.704 70833 INFO tempest.lib.common.rest_client [req-790e942b-e9c4-4d81-83ef-c15cfaa62537 req-790e942b-e9c4-4d81-83ef-c15cfaa62537 ] Request (ListServerFiltersTestJSON:test_list_servers_filter_by_shutoff_status): 200 GET http://10.180.1.21/compute/v2.1/servers/29098eb4-49b4-40a2-b942-303d860e2fbb 0.130s
2025-04-04 01:30:39.727 70817 INFO tempest.lib.common.rest_client [req-f2016347-857a-4ac6-8405-74d59a6db7e2 req-f2016347-857a-4ac6-8405-74d59a6db7e2 ] Request (ServerAddressesNegativeTestJSON:setUpClass): 200 GET http://10.180.1.21/compute/v2.1/servers/e48a8f9a-b146-4a32-80b9-5be961fbb846 0.110s
2025-04-04 01:30:39.755 70875 INFO tempest.lib.common.rest_client [req-f3d92eb7-991e-4ec9-aae8-49bd89f9d71d req-f3d92eb7-991e-4ec9-aae8-49bd89f9d71d ] Request (ServersAaction247Test:tearDownClass): 200 GET http://10.180.1.21/compute/v2.1/servers/ff7a11f0-13a3-4395-bced-6ff716206ea0 0.130s
2025-04-04 01:30:39.869 70869 INFO tempest.lib.common.rest_client [req-7b37b0bc-5855-4138-9d30-af443206591c req-7b37b0bc-5855-4138-9d30-af443206591c ] Request (AttachVolumeShelveTestJSON:test_attach_volume_shelved_or_offload_server): 200 GET http://10.180.1.21/compute/v2.1/servers/8cf1f94c-6dd3-4dbb-8d1e-5533a17fb6e4 0.125s
2025-04-04 01:30:39.878 70869 INFO tempest.common.waiters [-] State transition "BUILD/block_device_mapping" ==> "BUILD/spawning" after 76 second wait
2025-04-04 01:30:39.988 70857 INFO tempest.lib.common.rest_client [req-362f9845-5e96-4bf6-a167-1351c0ad6868 req-362f9845-5e96-4bf6-a167-1351c0ad6868 ] Request (MultipleCreateTestJSON:test_multiple_create): 200 GET http://10.180.1.21/compute/v2.1/servers/cf4fe545-4ba2-486c-8b70-5b53e1412792 0.243s
2025-04-04 01:30:40.043 70853 INFO tempest.lib.common.rest_client [req-3f336234-a03d-4935-ac49-80a9488fdcb3 req-3f336234-a03d-4935-ac49-80a9488fdcb3 ] Request (ServersTestMultiNic:test_verify_duplicate_network_nics): 200 GET http://10.180.1.21/compute/v2.1/servers/7441344b-4db8-45f6-bfdb-118b05826913 0.257s
2025-04-04 01:30:40.236 70855 INFO tempest.lib.common.rest_client [req-a31306ec-8d45-409b-8cb3-bc4713a1a509 req-a31306ec-8d45-409b-8cb3-bc4713a1a509 ] Request (SecurityGroupsTestJSON:test_list_security_groups_by_server): 202 POST http://10.180.1.21/compute/v2.1/servers/8d7c77a9-1ff6-42f1-a714-12e2d5562d68/action 0.551s
2025-04-04 01:30:40.295 70843 INFO tempest.lib.common.rest_client [req-c055d9d2-813f-4c42-9148-c88168c520c0 req-c055d9d2-813f-4c42-9148-c88168c520c0 ] Request (ListImageFiltersTestJSON:tearDownClass): 200 GET http://10.180.1.21/compute/v2.1/servers/50415932-49a2-4b5c-a11d-e5e94d71d360 0.459s
2025-04-04 01:30:40.315 70849 INFO tempest.lib.common.rest_client [req-acebdcff-1bbf-4a83-b7d0-0d2781eed2a5 req-acebdcff-1bbf-4a83-b7d0-0d2781eed2a5 ] Request (ServerShowV254Test:tearDownClass): 404 GET http://10.180.1.21/compute/v2.1/servers/8e8650ee-1c9a-4ed0-af77-de29148ad085 0.475s
2025-04-04 01:30:40.331 70819 INFO tempest.lib.common.rest_client [req-c6e0d1ce-c3de-4089-adb7-b143c20fb781 req-c6e0d1ce-c3de-4089-adb7-b143c20fb781 ] Request (FloatingIPsAssociationTestJSON:test_associate_already_associated_floating_ip): 200 GET http://10.180.1.21/compute/v2.1/servers/31b911ef-a5da-4801-9000-f5a9559e0e74 0.545s
2025-04-04 01:30:40.368 70846 INFO tempest.lib.common.rest_client [req-35020544-de88-446d-8efb-93599fc1abe6 req-35020544-de88-446d-8efb-93599fc1abe6 ] Request (ServerDiskConfigTestJSON:test_rebuild_server_with_auto_disk_config): 200 GET http://10.180.1.21/compute/v2.1/servers/5e0dd693-bbc8-4e09-b77c-4afaa2352d94 0.443s
2025-04-04 01:30:40.388 70835 INFO tempest.lib.common.rest_client [req-d57a4968-7d13-4bfb-ab90-eb02b3f1b055 req-d57a4968-7d13-4bfb-ab90-eb02b3f1b055 ] Request (AttachInterfacesUnderV243Test:test_add_remove_fixed_ip): 200 GET http://10.180.1.21/compute/v2.1/servers/d2a69c04-2c01-42ea-945f-dadc1a93c8c8 0.404s
2025-04-04 01:30:40.400 70835 INFO tempest.common.waiters [-] State transition "BUILD/None" ==> "BUILD/networking" after 73 second wait
2025-04-04 01:30:40.431 70851 INFO tempest.lib.common.rest_client [req-ecdfdecb-08c8-4468-8499-5f65c2da9c1b req-ecdfdecb-08c8-4468-8499-5f65c2da9c1b ] Request (ListServersNegativeTestJSON:tearDownClass): 200 GET http://10.180.1.21/compute/v2.1/servers/7ec9324c-f8ea-4528-a287-c42dc901c636 0.394s
2025-04-04 01:30:40.454 70825 INFO tempest.lib.common.rest_client [req-1ea5e585-85d6-40db-b71a-28d5a5c219d6 req-1ea5e585-85d6-40db-b71a-28d5a5c219d6 ] Request (InstanceActionsTestJSON:setUpClass): 200 GET http://10.180.1.21/compute/v2.1/servers/0a03c827-193b-4cc1-8339-404eb8e5fa41 0.354s
2025-04-04 01:30:40.457 70841 INFO tempest.lib.common.rest_client [req-1927f04f-117d-49e1-a36a-540f7f1b38c6 req-1927f04f-117d-49e1-a36a-540f7f1b38c6 ] Request (ServersAdminNegativeTestJSON:tearDownClass): 404 GET http://10.180.1.21/compute/v2.1/servers/8ff3c6e9-627b-4750-8157-5bbc2d76f832 0.308s
2025-04-04 01:30:40.484 70849 INFO tempest.lib.common.rest_client [req-e22af275-ad9f-497c-8897-aca6f4d24c3f req-e22af275-ad9f-497c-8897-aca6f4d24c3f ] Request (ServerShowV254Test:tearDownClass): 204 DELETE http://10.180.1.21/identity/v3/users/0d71918cb34f4b758f839c5cc0dd3a18 0.168s
2025-04-04 01:30:40.484 70849 INFO tempest.lib.common.dynamic_creds [-] Deleting project and security group for project: 14665233fe1e4e49bae38647f8f0df7b
2025-04-04 01:30:40.523 70861 INFO tempest.lib.common.rest_client [req-5727d16d-abe9-4de1-b181-c91e9afc7a2e req-5727d16d-abe9-4de1-b181-c91e9afc7a2e ] Request (ServersAdminTestJSON:test_create_server_with_scheduling_hint): 200 GET http://10.180.1.21/compute/v2.1/servers/5e8ff32b-c9ca-4374-9b0e-ace891d3b258 0.240s
2025-04-04 01:30:40.551 70849 INFO tempest.lib.common.rest_client [req-e63bc703-a3f4-4f05-961a-3fe18cf748c2 req-e63bc703-a3f4-4f05-961a-3fe18cf748c2 ] Request (ServerShowV254Test:tearDownClass): 201 POST http://10.180.1.21/identity/v3/auth/tokens 0.066s
2025-04-04 01:30:40.590 70841 INFO tempest.lib.common.rest_client [req-b4a2c3fe-b399-48a5-a777-5907b058db1f req-b4a2c3fe-b399-48a5-a777-5907b058db1f ] Request (ServersAdminNegativeTestJSON:tearDownClass): 204 DELETE http://10.180.1.21/identity/v3/users/5db9ab649dd34408835bee2d6cdfc519 0.131s
2025-04-04 01:30:40.596 70855 INFO tempest.lib.common.rest_client [req-5f77197b-d5d4-47ae-9be8-f0ad9cefaf01 req-5f77197b-d5d4-47ae-9be8-f0ad9cefaf01 ] Request (SecurityGroupsTestJSON:test_list_security_groups_by_server): 200 GET http://10.180.1.21/compute/v2.1/servers/8d7c77a9-1ff6-42f1-a714-12e2d5562d68/os-security-groups 0.359s
2025-04-04 01:30:40.625 70865 INFO tempest.lib.common.rest_client [req-5c9984b3-d0a1-4828-b074-b628e57a8b24 req-5c9984b3-d0a1-4828-b074-b628e57a8b24 ] Request (DeleteServersAdminTestJSON:test_delete_server_while_in_error_state): 200 GET http://10.180.1.21/compute/v2.1/servers/b5626e84-a943-46d6-9333-0f5362b32884 0.277s
2025-04-04 01:30:40.681 70841 INFO tempest.lib.common.rest_client [req-6f94fece-dce3-4087-9548-12b9c510bcb5 req-6f94fece-dce3-4087-9548-12b9c510bcb5 ] Request (ServersAdminNegativeTestJSON:tearDownClass): 204 DELETE http://10.180.1.21/identity/v3/users/6002ba424a0f40ff9bb62b52e488432e 0.091s
2025-04-04 01:30:40.681 70837 INFO tempest.lib.common.rest_client [req-7b12846f-a7b9-455e-8c78-e1fd54502e73 req-7b12846f-a7b9-455e-8c78-e1fd54502e73 ] Request (ImagesOneServerTestJSON:tearDownClass): 200 GET http://10.180.1.21/compute/v2.1/servers/7f3ca62d-3408-47fe-bc66-30cee0f2c5de 0.243s
2025-04-04 01:30:40.681 70841 INFO tempest.lib.common.dynamic_creds [-] Deleting project and security group for project: 92a7fcba753441c4b7dd1c6c0cf469b0
2025-04-04 01:30:40.691 70839 INFO tempest.lib.common.rest_client [req-006d78cf-c1e8-4663-9c8e-590beff5f222 req-006d78cf-c1e8-4663-9c8e-590beff5f222 ] Request (ImagesOneServerNegativeTestJSON:_run_cleanups): 200 GET http://10.180.1.21/compute/v2.1/servers/f8c1afe3-bbdf-4f5a-bd39-c682d5755df4 0.207s
2025-04-04 01:30:40.740 70829 INFO tempest.lib.common.rest_client [req-306e70fc-23c1-4469-865c-9b932e4db771 req-306e70fc-23c1-4469-865c-9b932e4db771 ] Request (FloatingIPsAssociationNegativeTestJSON:setUpClass): 200 GET http://10.180.1.21/compute/v2.1/servers/55b5dc4b-e95a-44cc-a3fd-713b9e2bdd45 0.211s
2025-04-04 01:30:40.745 70859 INFO tempest.lib.common.rest_client [req-9f749bb8-8986-4209-ab1d-bfb5eff41230 req-9f749bb8-8986-4209-ab1d-bfb5eff41230 ] Request (MigrationsAdminTest:test_resize_server_revert_deleted_flavor): 200 GET http://10.180.1.21/compute/v2.1/servers/533b0d7a-f85e-4ca4-86fa-d6b7dc11e050 0.171s
2025-04-04 01:30:40.745 70841 INFO tempest.lib.common.rest_client [req-190e88f4-ccae-47b7-beed-44fb50d0f79a req-190e88f4-ccae-47b7-beed-44fb50d0f79a ] Request (ServersAdminNegativeTestJSON:tearDownClass): 201 POST http://10.180.1.21/identity/v3/auth/tokens 0.064s
2025-04-04 01:30:40.791 70873 INFO tempest.lib.common.rest_client [req-d5060698-370d-4ec1-982d-733ce229770c req-d5060698-370d-4ec1-982d-733ce229770c ] Request (DeleteServersTestJSON:test_delete_active_server): 200 GET http://10.180.1.21/compute/v2.1/servers/86b9bb02-7260-4820-9051-8731994d65c4 0.162s
2025-04-04 01:30:40.798 70873 INFO tempest.common.waiters [-] State transition "BUILD/scheduling" ==> "BUILD/None" after 49 second wait
2025-04-04 01:30:40.807 70849 INFO tempest.lib.common.rest_client [req-6a7daacb-8ec0-45cf-b621-84f5e192a98f req-6a7daacb-8ec0-45cf-b621-84f5e192a98f ] Request (ServerShowV254Test:tearDownClass): 200 GET http://10.180.1.21:9696/networking/v2.0/security-groups?tenant_id=14665233fe1e4e49bae38647f8f0df7b&name=default 0.256s
2025-04-04 01:30:40.867 70841 INFO tempest.lib.common.rest_client [req-49915233-cfe5-4b7e-889b-0550a9f0d583 req-49915233-cfe5-4b7e-889b-0550a9f0d583 ] Request (ServersAdminNegativeTestJSON:tearDownClass): 200 GET http://10.180.1.21:9696/networking/v2.0/security-groups?tenant_id=92a7fcba753441c4b7dd1c6c0cf469b0&name=default 0.120s
2025-04-04 01:30:40.916 70855 INFO tempest.lib.common.rest_client [req-69b9a0e4-6495-4364-8ef5-9e979501d97a req-69b9a0e4-6495-4364-8ef5-9e979501d97a ] Request (SecurityGroupsTestJSON:test_security_group_create_get_delete): 200 POST http://10.180.1.21/compute/v2.1/os-security-groups 0.317s
