2025-04-04 01:31:02.620 70855 INFO tempest.lib.common.rest_client [req-6922467b-2de4-42ce-9760-7ab8d23e12d3 req-6922467b-2de4-42ce-9760-7ab8d23e12d3 ] Request (SecurityGroupsTestJSON:test_server_security_groups): 200 GET http://10.180.1.21/compute/v2.1/servers/6960f152-5c10-4918-b76c-05ea9f77f5fa 0.096s
2025-04-04 01:31:02.645 70825 INFO tempest.lib.common.rest_client [req-66e957c8-a273-47f9-8faf-02667a26da76 req-66e957c8-a273-47f9-8faf-02667a26da76 ] Request (InstanceActionsTestJSON:setUpClass): 200 GET http://10.180.1.21/compute/v2.1/servers/0a03c827-193b-4cc1-8339-404eb8e5fa41 0.131s
2025-04-04 01:31:02.847 70865 INFO tempest.lib.common.rest_client [req-24f35a4c-dac0-4b6c-aa35-9c2336b01cf0 req-24f35a4c-dac0-4b6c-aa35-9c2336b01cf0 ] Request (ImagesTestJSON:test_create_image_from_stopped_server): 200 GET http://10.180.1.21/compute/v2.1/servers/5bf721c4-55e1-44ad-91fd-6d26bdd7d740 0.052s
2025-04-04 01:31:02.866 70817 INFO tempest.lib.common.rest_client [req-976e15bd-776f-4ce1-9bef-7b9c5c881fc4 req-976e15bd-776f-4ce1-9bef-7b9c5c881fc4 ] Request (ServerAddressesNegativeTestJSON:tearDownClass): 200 GET http://10.180.1.21/compute/v2.1/servers/e48a8f9a-b146-4a32-80b9-5be961fbb846 0.104s
2025-04-04 01:31:02.923 70841 INFO tempest.lib.common.rest_client [req-550d7049-1b4d-416c-bea5-f7f59465f7d0 req-550d7049-1b4d-416c-bea5-f7f59465f7d0 ] Request (ServersListShow2100Test:test_list_show_rebuild_update_server_2100): 200 GET http://10.180.1.21/compute/v2.1/servers/b33e72c0-72b8-467a-b3ea-e1b421785df8 0.096s
2025-04-04 01:31:02.987 70833 INFO tempest.lib.common.rest_client [req-e2f40f80-b7b9-4253-be77-9f613f5edfa1 req-e2f40f80-b7b9-4253-be77-9f613f5edfa1 ] Request (ListServerFiltersTestJSON:tearDownClass): 200 GET http://10.180.1.21/compute/v2.1/servers/34d94167-73a0-44ed-9b41-cc3e8bfdf30c 0.081s
2025-04-04 01:31:03.153 70829 INFO tempest.lib.common.rest_client [req-3a62ba53-58e9-4941-ba2c-e93068effab3 req-3a62ba53-58e9-4941-ba2c-e93068effab3 ] Request (FloatingIPsAssociationNegativeTestJSON:setUpClass): 200 GET http://10.180.1.21/compute/v2.1/servers/55b5dc4b-e95a-44cc-a3fd-713b9e2bdd45 0.050s
2025-04-04 01:31:03.226 70837 INFO tempest.lib.common.rest_client [req-7bc97360-47ce-498c-b675-6d7770558619 req-7bc97360-47ce-498c-b675-6d7770558619 ] Request (ServerMetadataNegativeTestJSON:setUpClass): 200 GET http://10.180.1.21/compute/v2.1/servers/a9158fa4-ce1f-4a33-b401-36983198238e 0.057s
2025-04-04 01:31:03.267 70861 INFO tempest.lib.common.rest_client [req-27c2694b-cebe-43a8-8b47-f0ead3ca5d0b req-27c2694b-cebe-43a8-8b47-f0ead3ca5d0b ] Request (ServersAdminTestJSON:test_create_server_with_scheduling_hint): 200 GET http://10.180.1.21/compute/v2.1/servers/5e8ff32b-c9ca-4374-9b0e-ace891d3b258 0.097s
2025-04-04 01:31:03.283 70859 INFO tempest.lib.common.rest_client [req-26c23766-7ddd-487a-8a41-3e39dcf3c988 req-26c23766-7ddd-487a-8a41-3e39dcf3c988 ] Request (MigrationsAdminTest:test_resize_server_revert_deleted_flavor): 200 GET http://10.180.1.21/compute/v2.1/servers/533b0d7a-f85e-4ca4-86fa-d6b7dc11e050 0.070s
2025-04-04 01:31:03.327 70819 INFO tempest.lib.common.rest_client [req-01f7a84d-6fc1-492e-82f0-90ab8af290f1 req-01f7a84d-6fc1-492e-82f0-90ab8af290f1 ] Request (FloatingIPsAssociationTestJSON:test_associate_already_associated_floating_ip): 200 GET http://10.180.1.21/compute/v2.1/servers/31b911ef-a5da-4801-9000-f5a9559e0e74 0.056s
2025-04-04 01:31:03.397 70839 INFO tempest.lib.common.rest_client [req-85e6b84f-0c29-449f-8fe3-4884f18abf79 req-85e6b84f-0c29-449f-8fe3-4884f18abf79 ] Request (ImagesOneServerNegativeTestJSON:_run_cleanups): 200 GET http://10.180.1.21/compute/v2.1/servers/f8c1afe3-bbdf-4f5a-bd39-c682d5755df4 0.120s
2025-04-04 01:31:03.412 70843 INFO tempest.lib.common.rest_client [req-3e48d21d-3508-4a1a-85e2-994d3b876886 req-3e48d21d-3508-4a1a-85e2-994d3b876886 ] Request (ListImageFiltersTestJSON:tearDownClass): 200 GET http://10.180.1.21/compute/v2.1/servers/c18312e9-84ed-4c18-a3c6-fa9c7129e22a 0.074s
2025-04-04 01:31:03.457 70873 INFO tempest.lib.common.rest_client [req-9aee1246-f9bb-4063-91b5-d2c62c8e2d98 req-9aee1246-f9bb-4063-91b5-d2c62c8e2d98 ] Request (DeleteServersTestJSON:test_delete_active_server): 200 GET http://10.180.1.21/compute/v2.1/servers/86b9bb02-7260-4820-9051-8731994d65c4 0.116s
2025-04-04 01:31:03.468 70873 INFO tempest.common.waiters [-] State transition "BUILD/None" ==> "BUILD/networking" after 72 second wait
2025-04-04 01:31:03.471 70853 INFO tempest.lib.common.rest_client [req-0b73f9e0-744e-4153-903d-af44dc7c4058 req-0b73f9e0-744e-4153-903d-af44dc7c4058 ] Request (ServersTestMultiNic:test_verify_duplicate_network_nics): 200 GET http://10.180.1.21/compute/v2.1/servers/7441344b-4db8-45f6-bfdb-118b05826913 0.077s
2025-04-04 01:31:03.645 70857 INFO tempest.lib.common.rest_client [req-c539575c-d866-463a-a10b-5481b60ed269 req-c539575c-d866-463a-a10b-5481b60ed269 ] Request (MultipleCreateTestJSON:_run_cleanups): 200 GET http://10.180.1.21/compute/v2.1/servers/d517a143-ffd5-41c8-904c-9782cba540db 0.061s
2025-04-04 01:31:03.671 70846 INFO tempest.lib.common.rest_client [req-229dc54d-83b9-47f6-869e-a81e464b30e7 req-229dc54d-83b9-47f6-869e-a81e464b30e7 ] Request (ServerDiskConfigTestJSON:test_rebuild_server_with_auto_disk_config): 200 GET http://10.180.1.21/compute/v2.1/servers/5e0dd693-bbc8-4e09-b77c-4afaa2352d94 0.114s
2025-04-04 01:31:03.696 70855 INFO tempest.lib.common.rest_client [req-832df2ba-cd86-4033-bbee-b9a03cdfcf59 req-832df2ba-cd86-4033-bbee-b9a03cdfcf59 ] Request (SecurityGroupsTestJSON:test_server_security_groups): 200 GET http://10.180.1.21/compute/v2.1/servers/6960f152-5c10-4918-b76c-05ea9f77f5fa 0.068s
2025-04-04 01:31:03.828 70869 WARNING tempest.lib.common.ssh [-] Failed to establish authenticated ssh connection to cirros@10.180.180.148 ([Errno None] Unable to connect to port 22 on 10.180.180.148). Number attempts: 3. Retry after 4 seconds.: paramiko.ssh_exception.NoValidConnectionsError: [Errno None] Unable to connect to port 22 on 10.180.180.148
2025-04-04 01:31:03.842 70825 INFO tempest.lib.common.rest_client [req-1e541f94-4553-4348-8b66-7ef2c6710133 req-1e541f94-4553-4348-8b66-7ef2c6710133 ] Request (InstanceActionsTestJSON:setUpClass): 200 GET http://10.180.1.21/compute/v2.1/servers/0a03c827-193b-4cc1-8339-404eb8e5fa41 0.189s
2025-04-04 01:31:03.928 70865 INFO tempest.lib.common.rest_client [req-e7fdba1d-7e40-4685-8cd9-59d8d2bfd1c3 req-e7fdba1d-7e40-4685-8cd9-59d8d2bfd1c3 ] Request (ImagesTestJSON:test_create_image_from_stopped_server): 200 GET http://10.180.1.21/compute/v2.1/servers/5bf721c4-55e1-44ad-91fd-6d26bdd7d740 0.073s
2025-04-04 01:31:03.941 70817 INFO tempest.lib.common.rest_client [req-5b1ea17c-2568-4306-9f25-a28b3266ff8d req-5b1ea17c-2568-4306-9f25-a28b3266ff8d ] Request (ServerAddressesNegativeTestJSON:tearDownClass): 200 GET http://10.180.1.21/compute/v2.1/servers/e48a8f9a-b146-4a32-80b9-5be961fbb846 0.065s
2025-04-04 01:31:04.017 70841 INFO tempest.lib.common.rest_client [req-213732ee-2006-4460-bce6-0fc592449eca req-213732ee-2006-4460-bce6-0fc592449eca ] Request (ServersListShow2100Test:test_list_show_rebuild_update_server_2100): 200 GET http://10.180.1.21/compute/v2.1/servers/b33e72c0-72b8-467a-b3ea-e1b421785df8 0.078s
2025-04-04 01:31:04.064 70833 INFO tempest.lib.common.rest_client [req-d612c98d-d1b8-4c92-af28-c9ecd336d067 req-d612c98d-d1b8-4c92-af28-c9ecd336d067 ] Request (ListServerFiltersTestJSON:tearDownClass): 200 GET http://10.180.1.21/compute/v2.1/servers/34d94167-73a0-44ed-9b41-cc3e8bfdf30c 0.069s
2025-04-04 01:31:04.216 70829 INFO tempest.lib.common.rest_client [req-b741250f-0fb1-4b9a-90b1-1c595f842364 req-b741250f-0fb1-4b9a-90b1-1c595f842364 ] Request (FloatingIPsAssociationNegativeTestJSON:setUpClass): 200 GET http://10.180.1.21/compute/v2.1/servers/55b5dc4b-e95a-44cc-a3fd-713b9e2bdd45 0.055s
2025-04-04 01:31:04.293 70837 INFO tempest.lib.common.rest_client [req-07e66392-7233-4278-b596-a0364c097151 req-07e66392-7233-4278-b596-a0364c097151 ] Request (ServerMetadataNegativeTestJSON:setUpClass): 200 GET http://10.180.1.21/compute/v2.1/servers/a9158fa4-ce1f-4a33-b401-36983198238e 0.058s
2025-04-04 01:31:04.354 70859 INFO tempest.lib.common.rest_client [req-e1298a40-60cc-4dfc-b25f-c6f4a4bdaef1 req-e1298a40-60cc-4dfc-b25f-c6f4a4bdaef1 ] Request (MigrationsAdminTest:test_resize_server_revert_deleted_flavor): 200 GET http://10.180.1.21/compute/v2.1/servers/533b0d7a-f85e-4ca4-86fa-d6b7dc11e050 0.062s
2025-04-04 01:31:04.388 70861 INFO tempest.lib.common.rest_client [req-ccde3887-763d-41e3-9daf-0a3839b8a05d req-ccde3887-763d-41e3-9daf-0a3839b8a05d ] Request (ServersAdminTestJSON:test_create_server_with_scheduling_hint): 200 GET http://10.180.1.21/compute/v2.1/servers/5e8ff32b-c9ca-4374-9b0e-ace891d3b258 0.111s
2025-04-04 01:31:04.405 70819 INFO tempest.lib.common.rest_client [req-798cea53-972f-46ed-a126-6fead185cf4c req-798cea53-972f-46ed-a126-6fead185cf4c ] Request (FloatingIPsAssociationTestJSON:test_associate_already_associated_floating_ip): 200 GET http://10.180.1.21/compute/v2.1/servers/31b911ef-a5da-4801-9000-f5a9559e0e74 0.069s
2025-04-04 01:31:04.492 70843 INFO tempest.lib.common.rest_client [req-ce585dce-ad3f-4ae9-87b4-762cd1bcb12d req-ce585dce-ad3f-4ae9-87b4-762cd1bcb12d ] Request (ListImageFiltersTestJSON:tearDownClass): 200 GET http://10.180.1.21/compute/v2.1/servers/c18312e9-84ed-4c18-a3c6-fa9c7129e22a 0.068s
2025-04-04 01:31:04.532 70839 INFO tempest.lib.common.rest_client [req-9e16a7ab-8bea-4b42-8881-6dd7d5c10036 req-9e16a7ab-8bea-4b42-8881-6dd7d5c10036 ] Request (ImagesOneServerNegativeTestJSON:_run_cleanups): 200 GET http://10.180.1.21/compute/v2.1/servers/f8c1afe3-bbdf-4f5a-bd39-c682d5755df4 0.127s
2025-04-04 01:31:04.586 70873 INFO tempest.lib.common.rest_client [req-fb4b05e0-9ff9-4b4b-aaeb-3b022ed82fbb req-fb4b05e0-9ff9-4b4b-aaeb-3b022ed82fbb ] Request (DeleteServersTestJSON:test_delete_active_server): 200 GET http://10.180.1.21/compute/v2.1/servers/86b9bb02-7260-4820-9051-8731994d65c4 0.117s
2025-04-04 01:31:04.594 70873 INFO tempest.common.waiters [-] State transition "BUILD/networking" ==> "BUILD/spawning" after 73 second wait
2025-04-04 01:31:04.717 70857 INFO tempest.lib.common.rest_client [req-08fce808-0a66-4bd9-ae3d-4da64c78f228 req-08fce808-0a66-4bd9-ae3d-4da64c78f228 ] Request (MultipleCreateTestJSON:_run_cleanups): 200 GET http://10.180.1.21/compute/v2.1/servers/d517a143-ffd5-41c8-904c-9782cba540db 0.059s
2025-04-04 01:31:04.788 70847 WARNING tempest.lib.common.ssh [-] Failed to establish authenticated ssh connection to cirros@10.180.180.197 ([Errno None] Unable to connect to port 22 on 10.180.180.197). Number attempts: 12. Retry after 13 seconds.: paramiko.ssh_exception.NoValidConnectionsError: [Errno None] Unable to connect to port 22 on 10.180.180.197
2025-04-04 01:31:04.812 70853 INFO tempest.lib.common.rest_client [req-670b19ab-f16b-46ac-b70c-681f5d7cd99f req-670b19ab-f16b-46ac-b70c-681f5d7cd99f ] Request (ServersTestMultiNic:test_verify_duplicate_network_nics): 200 GET http://10.180.1.21/compute/v2.1/servers/7441344b-4db8-45f6-bfdb-118b05826913 0.331s
2025-04-04 01:31:04.826 70846 INFO tempest.lib.common.rest_client [req-b66aceff-69b4-4346-8a5e-8c7e7efed4f8 req-b66aceff-69b4-4346-8a5e-8c7e7efed4f8 ] Request (ServerDiskConfigTestJSON:test_rebuild_server_with_auto_disk_config): 200 GET http://10.180.1.21/compute/v2.1/servers/5e0dd693-bbc8-4e09-b77c-4afaa2352d94 0.147s
2025-04-04 01:31:04.865 70855 INFO tempest.lib.common.rest_client [req-b9be10b2-2c5d-485f-b3b8-8aa85f720fc3 req-b9be10b2-2c5d-485f-b3b8-8aa85f720fc3 ] Request (SecurityGroupsTestJSON:test_server_security_groups): 200 GET http://10.180.1.21/compute/v2.1/servers/6960f152-5c10-4918-b76c-05ea9f77f5fa 0.161s
2025-04-04 01:31:04.955 70825 INFO tempest.lib.common.rest_client [req-8f14705d-44aa-46ba-8f76-92fb01376da4 req-8f14705d-44aa-46ba-8f76-92fb01376da4 ] Request (InstanceActionsTestJSON:setUpClass): 200 GET http://10.180.1.21/compute/v2.1/servers/0a03c827-193b-4cc1-8339-404eb8e5fa41 0.100s
2025-04-04 01:31:04.993 70865 INFO tempest.lib.common.rest_client [req-4a51cc19-20d6-4560-bb57-19ac42f81ccd req-4a51cc19-20d6-4560-bb57-19ac42f81ccd ] Request (ImagesTestJSON:test_create_image_from_stopped_server): 200 GET http://10.180.1.21/compute/v2.1/servers/5bf721c4-55e1-44ad-91fd-6d26bdd7d740 0.056s
2025-04-04 01:31:05.031 70817 INFO tempest.lib.common.rest_client [req-8f1a8b4e-858d-4351-add3-2c6350efe3ec req-8f1a8b4e-858d-4351-add3-2c6350efe3ec ] Request (ServerAddressesNegativeTestJSON:tearDownClass): 200 GET http://10.180.1.21/compute/v2.1/servers/e48a8f9a-b146-4a32-80b9-5be961fbb846 0.083s
2025-04-04 01:31:05.045 70817 INFO tempest.common.waiters [-] State transition "ACTIVE/deleting" ==> "DELETED/None" after 5 second wait
2025-04-04 01:31:05.101 70841 INFO tempest.lib.common.rest_client [req-2173e2bf-f9a0-4fff-9d99-cd05ed0bf6b8 req-2173e2bf-f9a0-4fff-9d99-cd05ed0bf6b8 ] Request (ServersListShow2100Test:test_list_show_rebuild_update_server_2100): 200 GET http://10.180.1.21/compute/v2.1/servers/b33e72c0-72b8-467a-b3ea-e1b421785df8 0.071s
2025-04-04 01:31:05.151 70833 INFO tempest.lib.common.rest_client [req-b0f525d5-97cc-4808-a06e-17f47b5cf75a req-b0f525d5-97cc-4808-a06e-17f47b5cf75a ] Request (ListServerFiltersTestJSON:tearDownClass): 200 GET http://10.180.1.21/compute/v2.1/servers/34d94167-73a0-44ed-9b41-cc3e8bfdf30c 0.075s
2025-04-04 01:31:05.286 70829 INFO tempest.lib.common.rest_client [req-245add29-f664-4d84-a9d9-3f1c2ea9827b req-245add29-f664-4d84-a9d9-3f1c2ea9827b ] Request (FloatingIPsAssociationNegativeTestJSON:setUpClass): 200 GET http://10.180.1.21/compute/v2.1/servers/55b5dc4b-e95a-44cc-a3fd-713b9e2bdd45 0.061s
2025-04-04 01:31:05.356 70837 INFO tempest.lib.common.rest_client [req-ed909800-4fbd-40c3-9028-6155b6547b13 req-ed909800-4fbd-40c3-9028-6155b6547b13 ] Request (ServerMetadataNegativeTestJSON:setUpClass): 200 GET http://10.180.1.21/compute/v2.1/servers/a9158fa4-ce1f-4a33-b401-36983198238e 0.055s
2025-04-04 01:31:05.391 70815 INFO paramiko.transport [-] Connected (version 2.0, client dropbear_2020.81)
2025-04-04 01:31:05.428 70859 INFO tempest.lib.common.rest_client [req-21b06731-461b-4e32-9c03-f12e63c02d9e req-21b06731-461b-4e32-9c03-f12e63c02d9e ] Request (MigrationsAdminTest:test_resize_server_revert_deleted_flavor): 200 GET http://10.180.1.21/compute/v2.1/servers/533b0d7a-f85e-4ca4-86fa-d6b7dc11e050 0.060s
2025-04-04 01:31:05.429 70867 WARNING tempest.lib.common.ssh [-] Failed to establish authenticated ssh connection to cirros@10.180.180.192 ([Errno None] Unable to connect to port 22 on 10.180.180.192). Number attempts: 8. Retry after 9 seconds.: paramiko.ssh_exception.NoValidConnectionsError: [Errno None] Unable to connect to port 22 on 10.180.180.192
2025-04-04 01:31:05.474 70819 INFO tempest.lib.common.rest_client [req-7de5dd85-284f-4327-8529-9e55e382a265 req-7de5dd85-284f-4327-8529-9e55e382a265 ] Request (FloatingIPsAssociationTestJSON:test_associate_already_associated_floating_ip): 200 GET http://10.180.1.21/compute/v2.1/servers/31b911ef-a5da-4801-9000-f5a9559e0e74 0.061s
2025-04-04 01:31:05.494 70861 INFO tempest.lib.common.rest_client [req-a57dc138-8d22-4f50-9bf2-f60a6d60169a req-a57dc138-8d22-4f50-9bf2-f60a6d60169a ] Request (ServersAdminTestJSON:test_create_server_with_scheduling_hint): 200 GET http://10.180.1.21/compute/v2.1/servers/5e8ff32b-c9ca-4374-9b0e-ace891d3b258 0.098s
2025-04-04 01:31:05.506 70815 INFO paramiko.transport [-] Authentication (publickey) successful!
2025-04-04 01:31:05.507 70815 INFO tempest.lib.common.ssh [-] ssh connection to cirros@10.180.180.165 successfully created
2025-04-04 01:31:05.563 70843 INFO tempest.lib.common.rest_client [req-022d81d7-c0bd-4963-8df9-84d9c30c93dd req-022d81d7-c0bd-4963-8df9-84d9c30c93dd ] Request (ListImageFiltersTestJSON:tearDownClass): 200 GET http://10.180.1.21/compute/v2.1/servers/c18312e9-84ed-4c18-a3c6-fa9c7129e22a 0.062s
2025-04-04 01:31:05.568 70815 INFO tempest.lib.common.rest_client [req-03ee6df0-95d8-429f-9671-b5a907e1694b req-03ee6df0-95d8-429f-9671-b5a907e1694b ] Request (ServersTestBootFromVolume:test_list_servers): 200 GET http://10.180.1.21/compute/v2.1/servers 0.050s
2025-04-04 01:31:05.672 70839 INFO tempest.lib.common.rest_client [req-240d0b96-1560-4216-8f72-d98dc1c6a3b4 req-240d0b96-1560-4216-8f72-d98dc1c6a3b4 ] Request (ImagesOneServerNegativeTestJSON:_run_cleanups): 200 GET http://10.180.1.21/compute/v2.1/servers/f8c1afe3-bbdf-4f5a-bd39-c682d5755df4 0.132s
2025-04-04 01:31:05.701 70815 INFO tempest.lib.common.rest_client [req-30e92306-0d99-49c3-953d-96cc258c3ed3 req-30e92306-0d99-49c3-953d-96cc258c3ed3 ] Request (ServersTestBootFromVolume:test_list_servers_with_detail): 200 GET http://10.180.1.21/compute/v2.1/servers/detail 0.131s
2025-04-04 01:31:05.727 70815 INFO tempest.lib.common.rest_client [req-d47b7e28-c247-4672-b28d-b78d66de4234 req-d47b7e28-c247-4672-b28d-b78d66de4234 ] Request (ServersTestBootFromVolume:test_verify_created_server_vcpus): 200 GET http://10.180.1.21/compute/v2.1/flavors/42 0.017s
2025-04-04 01:31:05.730 70815 INFO tempest.lib.common.ssh [-] Creating ssh connection to '10.180.180.165:22' as 'cirros' with public key authentication
2025-04-04 01:31:05.735 70815 INFO paramiko.transport [-] Connected (version 2.0, client dropbear_2020.81)
2025-04-04 01:31:05.758 70873 INFO tempest.lib.common.rest_client [req-61e1ba86-ae3a-46e5-a4d7-e2986b9c1172 req-61e1ba86-ae3a-46e5-a4d7-e2986b9c1172 ] Request (DeleteServersTestJSON:test_delete_active_server): 200 GET http://10.180.1.21/compute/v2.1/servers/86b9bb02-7260-4820-9051-8731994d65c4 0.163s
2025-04-04 01:31:05.780 70857 INFO tempest.lib.common.rest_client [req-d20e7855-6ae1-4bfa-94a9-af84aa9f8614 req-d20e7855-6ae1-4bfa-94a9-af84aa9f8614 ] Request (MultipleCreateTestJSON:_run_cleanups): 200 GET http://10.180.1.21/compute/v2.1/servers/d517a143-ffd5-41c8-904c-9782cba540db 0.055s
2025-04-04 01:31:05.794 70815 INFO paramiko.transport [-] Authentication (publickey) successful!
2025-04-04 01:31:05.795 70815 INFO tempest.lib.common.ssh [-] ssh connection to cirros@10.180.180.165 successfully created
2025-04-04 01:31:05.869 70815 INFO tempest.lib.common.rest_client [req-78071f76-7954-4187-bc00-7ef026b61920 req-78071f76-7954-4187-bc00-7ef026b61920 ] Request (ServersTestBootFromVolume:tearDownClass): 204 DELETE http://10.180.1.21/compute/v2.1/servers/5832edbb-f33e-46a7-a144-b321f725d785 0.066s
2025-04-04 01:31:05.871 70853 INFO tempest.lib.common.rest_client [req-42a0dfaa-ba86-408f-840b-8dfcc416bd32 req-42a0dfaa-ba86-408f-840b-8dfcc416bd32 ] Request (ServersTestMultiNic:test_verify_duplicate_network_nics): 200 GET http://10.180.1.21/compute/v2.1/servers/7441344b-4db8-45f6-bfdb-118b05826913 0.050s
2025-04-04 01:31:05.878 70853 INFO tempest.common.waiters [-] State transition "BUILD/None" ==> "BUILD/networking" after 74 second wait
2025-04-04 01:31:05.987 70815 INFO tempest.lib.common.rest_client [req-d173d556-41b2-4c7b-829c-c25ed7b2d051 req-d173d556-41b2-4c7b-829c-c25ed7b2d051 ] Request (ServersTestBootFromVolume:tearDownClass): 200 GET http://10.180.1.21/compute/v2.1/servers/5832edbb-f33e-46a7-a144-b321f725d785 0.118s
2025-04-04 01:31:06.036 70855 INFO tempest.lib.common.rest_client [req-14961ac6-f9ac-460b-aa8c-343f31380db8 req-14961ac6-f9ac-460b-aa8c-343f31380db8 ] Request (SecurityGroupsTestJSON:test_server_security_groups): 200 GET http://10.180.1.21/compute/v2.1/servers/6960f152-5c10-4918-b76c-05ea9f77f5fa 0.163s
2025-04-04 01:31:06.045 70846 INFO tempest.lib.common.rest_client [req-5ba7e22a-db9c-48d8-b808-0f9abbea8c4e req-5ba7e22a-db9c-48d8-b808-0f9abbea8c4e ] Request (ServerDiskConfigTestJSON:test_rebuild_server_with_auto_disk_config): 200 GET http://10.180.1.21/compute/v2.1/servers/5e0dd693-bbc8-4e09-b77c-4afaa2352d94 0.210s
2025-04-04 01:31:06.104 70865 INFO tempest.lib.common.rest_client [req-8bdeaaeb-36f1-4b91-b781-d996140e62ab req-8bdeaaeb-36f1-4b91-b781-d996140e62ab ] Request (ImagesTestJSON:test_create_image_from_stopped_server): 200 GET http://10.180.1.21/compute/v2.1/servers/5bf721c4-55e1-44ad-91fd-6d26bdd7d740 0.103s
2025-04-04 01:31:06.144 70825 INFO tempest.lib.common.rest_client [req-0891cf6f-a9d8-4ca1-b5f8-df8b294cd35a req-0891cf6f-a9d8-4ca1-b5f8-df8b294cd35a ] Request (InstanceActionsTestJSON:setUpClass): 200 GET http://10.180.1.21/compute/v2.1/servers/0a03c827-193b-4cc1-8339-404eb8e5fa41 0.181s
2025-04-04 01:31:06.152 70825 INFO tempest.common.waiters [-] State transition "BUILD/spawning" ==> "ACTIVE/None" after 83 second wait
2025-04-04 01:31:06.165 70817 INFO tempest.lib.common.rest_client [req-08b32de4-f6b7-4b54-a9d4-3ce9907bcd8c req-08b32de4-f6b7-4b54-a9d4-3ce9907bcd8c ] Request (ServerAddressesNegativeTestJSON:tearDownClass): 200 GET http://10.180.1.21/compute/v2.1/servers/e48a8f9a-b146-4a32-80b9-5be961fbb846 0.119s
2025-04-04 01:31:06.198 70825 INFO tempest.lib.common.rest_client [req-46daa987-440e-491a-9f83-a82beb993ec7 req-46daa987-440e-491a-9f83-a82beb993ec7 ] Request (InstanceActionsTestJSON:test_get_instance_action): 200 GET http://10.180.1.21/compute/v2.1/servers/0a03c827-193b-4cc1-8339-404eb8e5fa41/os-instance-actions/req-384b2b9c-82c1-4b64-8c19-948e1fb6f1d4 0.046s
2025-04-04 01:31:06.223 70841 INFO tempest.lib.common.rest_client [req-f429092e-f5be-4c09-b5b4-f8f448656ac8 req-f429092e-f5be-4c09-b5b4-f8f448656ac8 ] Request (ServersListShow2100Test:test_list_show_rebuild_update_server_2100): 200 GET http://10.180.1.21/compute/v2.1/servers/b33e72c0-72b8-467a-b3ea-e1b421785df8 0.106s
2025-04-04 01:31:06.259 70833 INFO tempest.lib.common.rest_client [req-61174275-165d-475f-af00-a5c6790be13b req-61174275-165d-475f-af00-a5c6790be13b ] Request (ListServerFiltersTestJSON:tearDownClass): 200 GET http://10.180.1.21/compute/v2.1/servers/34d94167-73a0-44ed-9b41-cc3e8bfdf30c 0.098s
2025-04-04 01:31:06.296 70825 INFO tempest.lib.common.rest_client [req-648036d5-4eda-4c52-8ac1-793ee6073411 req-648036d5-4eda-4c52-8ac1-793ee6073411 ] Request (InstanceActionsTestJSON:test_list_instance_actions): 202 POST http://10.180.1.21/compute/v2.1/servers/0a03c827-193b-4cc1-8339-404eb8e5fa41/action 0.094s
2025-04-04 01:31:06.352 70829 INFO tempest.lib.common.rest_client [req-a3411768-bed4-4b43-9251-5944c42b6f53 req-a3411768-bed4-4b43-9251-5944c42b6f53 ] Request (FloatingIPsAssociationNegativeTestJSON:setUpClass): 200 GET http://10.180.1.21/compute/v2.1/servers/55b5dc4b-e95a-44cc-a3fd-713b9e2bdd45 0.058s
2025-04-04 01:31:06.420 70837 INFO tempest.lib.common.rest_client [req-a84ba5a4-d124-42c0-a1ce-b6bd41f678cd req-a84ba5a4-d124-42c0-a1ce-b6bd41f678cd ] Request (ServerMetadataNegativeTestJSON:setUpClass): 200 GET http://10.180.1.21/compute/v2.1/servers/a9158fa4-ce1f-4a33-b401-36983198238e 0.056s
2025-04-04 01:31:06.431 70825 INFO tempest.lib.common.rest_client [req-6dbb3528-5f1e-4044-b57e-a32528632d1b req-6dbb3528-5f1e-4044-b57e-a32528632d1b ] Request (InstanceActionsTestJSON:test_list_instance_actions): 200 GET http://10.180.1.21/compute/v2.1/servers/0a03c827-193b-4cc1-8339-404eb8e5fa41 0.134s
2025-04-04 01:31:06.531 70819 INFO tempest.lib.common.rest_client [req-e7dbb2c5-0967-4bb4-b817-59887b5756bb req-e7dbb2c5-0967-4bb4-b817-59887b5756bb ] Request (FloatingIPsAssociationTestJSON:test_associate_already_associated_floating_ip): 200 GET http://10.180.1.21/compute/v2.1/servers/31b911ef-a5da-4801-9000-f5a9559e0e74 0.050s
2025-04-04 01:31:06.667 70861 INFO tempest.lib.common.rest_client [req-5d0e538c-75cc-48b0-bbff-8c32f19630eb req-5d0e538c-75cc-48b0-bbff-8c32f19630eb ] Request (ServersAdminTestJSON:test_create_server_with_scheduling_hint): 200 GET http://10.180.1.21/compute/v2.1/servers/5e8ff32b-c9ca-4374-9b0e-ace891d3b258 0.166s
2025-04-04 01:31:06.709 70859 INFO tempest.lib.common.rest_client [req-2ea5a6a2-7e98-4a90-92b2-cf9019570ad5 req-2ea5a6a2-7e98-4a90-92b2-cf9019570ad5 ] Request (MigrationsAdminTest:test_resize_server_revert_deleted_flavor): 200 GET http://10.180.1.21/compute/v2.1/servers/533b0d7a-f85e-4ca4-86fa-d6b7dc11e050 0.272s
2025-04-04 01:31:06.735 70843 INFO tempest.lib.common.rest_client [req-28337e9b-7448-40fa-98d4-29d2515bd429 req-28337e9b-7448-40fa-98d4-29d2515bd429 ] Request (ListImageFiltersTestJSON:tearDownClass): 200 GET http://10.180.1.21/compute/v2.1/servers/c18312e9-84ed-4c18-a3c6-fa9c7129e22a 0.162s
2025-04-04 01:31:06.840 70839 INFO tempest.lib.common.rest_client [req-4cb4d053-d26e-4c71-8bf3-bb5309b4f1e6 req-4cb4d053-d26e-4c71-8bf3-bb5309b4f1e6 ] Request (ImagesOneServerNegativeTestJSON:_run_cleanups): 200 GET http://10.180.1.21/compute/v2.1/servers/f8c1afe3-bbdf-4f5a-bd39-c682d5755df4 0.160s
2025-04-04 01:31:06.909 70857 INFO tempest.lib.common.rest_client [req-7790fcc2-3788-428d-9b4e-c0c5e6ba5d95 req-7790fcc2-3788-428d-9b4e-c0c5e6ba5d95 ] Request (MultipleCreateTestJSON:_run_cleanups): 200 GET http://10.180.1.21/compute/v2.1/servers/d517a143-ffd5-41c8-904c-9782cba540db 0.122s
2025-04-04 01:31:06.936 70873 INFO tempest.lib.common.rest_client [req-98fca2f5-fcf2-48e7-a360-893502b6462e req-98fca2f5-fcf2-48e7-a360-893502b6462e ] Request (DeleteServersTestJSON:test_delete_active_server): 200 GET http://10.180.1.21/compute/v2.1/servers/86b9bb02-7260-4820-9051-8731994d65c4 0.171s
2025-04-04 01:31:07.066 70853 INFO tempest.lib.common.rest_client [req-88c5ee4c-1703-4b9c-bb39-f437d7c72b2f req-88c5ee4c-1703-4b9c-bb39-f437d7c72b2f ] Request (ServersTestMultiNic:test_verify_duplicate_network_nics): 200 GET http://10.180.1.21/compute/v2.1/servers/7441344b-4db8-45f6-bfdb-118b05826913 0.187s
2025-04-04 01:31:07.076 70853 INFO tempest.common.waiters [-] State transition "BUILD/networking" ==> "BUILD/block_device_mapping" after 76 second wait
2025-04-04 01:31:07.116 70815 INFO tempest.lib.common.rest_client [req-9b53bacd-5f9e-4dfd-9086-414555d167e5 req-9b53bacd-5f9e-4dfd-9086-414555d167e5 ] Request (ServersTestBootFromVolume:tearDownClass): 200 GET http://10.180.1.21/compute/v2.1/servers/5832edbb-f33e-46a7-a144-b321f725d785 0.119s
2025-04-04 01:31:07.129 70855 INFO tempest.lib.common.rest_client [req-7df468d9-3e19-4cd5-b3f1-f2419ad87e59 req-7df468d9-3e19-4cd5-b3f1-f2419ad87e59 ] Request (SecurityGroupsTestJSON:test_server_security_groups): 200 GET http://10.180.1.21/compute/v2.1/servers/6960f152-5c10-4918-b76c-05ea9f77f5fa 0.086s
2025-04-04 01:31:07.155 70835 WARNING tempest.lib.common.ssh [-] Failed to establish authenticated ssh connection to cirros@10.180.180.153 ([Errno None] Unable to connect to port 22 on 10.180.180.153). Number attempts: 3. Retry after 4 seconds.: paramiko.ssh_exception.NoValidConnectionsError: [Errno None] Unable to connect to port 22 on 10.180.180.153
2025-04-04 01:31:07.187 70865 INFO tempest.lib.common.rest_client [req-12c9b7f9-5ac9-4e72-85f2-2b878a19fb31 req-12c9b7f9-5ac9-4e72-85f2-2b878a19fb31 ] Request (ImagesTestJSON:test_create_image_from_stopped_server): 200 GET http://10.180.1.21/compute/v2.1/servers/5bf721c4-55e1-44ad-91fd-6d26bdd7d740 0.075s
2025-04-04 01:31:07.250 70846 INFO tempest.lib.common.rest_client [req-70ce601a-6db4-4e91-9621-8721829adcd5 req-70ce601a-6db4-4e91-9621-8721829adcd5 ] Request (ServerDiskConfigTestJSON:test_rebuild_server_with_auto_disk_config): 200 GET http://10.180.1.21/compute/v2.1/servers/5e0dd693-bbc8-4e09-b77c-4afaa2352d94 0.192s
2025-04-04 01:31:07.258 70846 INFO tempest.common.waiters [-] State transition "REBUILD/rebuild_spawning" ==> "ACTIVE/None" after 11 second wait
2025-04-04 01:31:07.270 70817 INFO tempest.lib.common.rest_client [req-6d3520bc-fcd6-48d3-86dd-670062d1b92e req-6d3520bc-fcd6-48d3-86dd-670062d1b92e ] Request (ServerAddressesNegativeTestJSON:tearDownClass): 200 GET http://10.180.1.21/compute/v2.1/servers/e48a8f9a-b146-4a32-80b9-5be961fbb846 0.094s
2025-04-04 01:31:07.318 70841 INFO tempest.lib.common.rest_client [req-b273f1f3-42a8-4d88-b865-afae04b5d0cc req-b273f1f3-42a8-4d88-b865-afae04b5d0cc ] Request (ServersListShow2100Test:test_list_show_rebuild_update_server_2100): 200 GET http://10.180.1.21/compute/v2.1/servers/b33e72c0-72b8-467a-b3ea-e1b421785df8 0.082s
2025-04-04 01:31:07.339 70841 INFO tempest.common.waiters [-] State transition "BUILD/scheduling" ==> "BUILD/None" after 13 second wait
2025-04-04 01:31:07.385 70833 INFO tempest.lib.common.rest_client [req-f05ae3fb-84a1-4e46-9d13-4f95c2f59527 req-f05ae3fb-84a1-4e46-9d13-4f95c2f59527 ] Request (ListServerFiltersTestJSON:tearDownClass): 200 GET http://10.180.1.21/compute/v2.1/servers/34d94167-73a0-44ed-9b41-cc3e8bfdf30c 0.118s
2025-04-04 01:31:07.393 70846 INFO tempest.lib.common.rest_client [req-3a886fcb-e299-47a7-aad5-e8e49f3ee555 req-3a886fcb-e299-47a7-aad5-e8e49f3ee555 ] Request (ServerDiskConfigTestJSON:test_rebuild_server_with_auto_disk_config): 200 GET http://10.180.1.21/compute/v2.1/servers/5e0dd693-bbc8-4e09-b77c-4afaa2352d94 0.135s
2025-04-04 01:31:07.437 70829 INFO tempest.lib.common.rest_client [req-a5771ef1-2467-4cc6-8b06-da83b4919cdf req-a5771ef1-2467-4cc6-8b06-da83b4919cdf ] Request (FloatingIPsAssociationNegativeTestJSON:setUpClass): 200 GET http://10.180.1.21/compute/v2.1/servers/55b5dc4b-e95a-44cc-a3fd-713b9e2bdd45 0.077s
2025-04-04 01:31:07.473 70846 INFO tempest.lib.common.rest_client [req-bf6a2cfd-58ad-43ee-97e8-98529038bf7f req-bf6a2cfd-58ad-43ee-97e8-98529038bf7f ] Request (ServerDiskConfigTestJSON:_run_cleanups): 204 DELETE http://10.180.1.21/compute/v2.1/servers/5e0dd693-bbc8-4e09-b77c-4afaa2352d94 0.073s
2025-04-04 01:31:07.495 70837 INFO tempest.lib.common.rest_client [req-23b40804-367f-4d64-932b-8b737445e624 req-23b40804-367f-4d64-932b-8b737445e624 ] Request (ServerMetadataNegativeTestJSON:setUpClass): 200 GET http://10.180.1.21/compute/v2.1/servers/a9158fa4-ce1f-4a33-b401-36983198238e 0.065s
2025-04-04 01:31:07.549 70846 INFO tempest.lib.common.rest_client [req-5e9779b8-a3f8-4137-9b1f-bb1b0008172a req-5e9779b8-a3f8-4137-9b1f-bb1b0008172a ] Request (ServerDiskConfigTestJSON:test_rebuild_server_with_manual_disk_config): 201 POST http://10.180.1.21/identity/v3/auth/tokens 0.070s
2025-04-04 01:31:07.549 70846 INFO tempest.lib.common.fixed_network [-] (ServerDiskConfigTestJSON:test_rebuild_server_with_manual_disk_config) Found network {'id': '82c71e1b-2d14-48d9-815b-7185d3f5262e', 'name': 'tempest-ServerDiskConfigTestJSON-1759674604-network', 'tenant_id': '5302100d186d436faef5904c4202fda5', 'admin_state_up': True, 'mtu': 8950, 'status': 'ACTIVE', 'subnets': [], 'shared': False, 'project_id': '5302100d186d436faef5904c4202fda5', 'port_security_enabled': True, 'router:external': False, 'provider:network_type': 'vlan', 'provider:physical_network': 'default', 'provider:segmentation_id': 193, 'availability_zone_hints': [], 'availability_zones': [], 'ipv4_address_scope': None, 'ipv6_address_scope': None, 'description': '', 'tags': [], 'created_at': '2025-04-04T01:29:25Z', 'updated_at': '2025-04-04T01:29:25Z', 'revision_number': 1} available for tenant
2025-04-04 01:31:07.590 70825 INFO tempest.lib.common.rest_client [req-f84dedaa-b2c2-481a-828f-c1a1a2a5bc99 req-f84dedaa-b2c2-481a-828f-c1a1a2a5bc99 ] Request (InstanceActionsTestJSON:test_list_instance_actions): 200 GET http://10.180.1.21/compute/v2.1/servers/0a03c827-193b-4cc1-8339-404eb8e5fa41 0.148s
2025-04-04 01:31:07.594 70819 INFO tempest.lib.common.rest_client [req-486db858-0247-49a9-8038-72b86a3199a5 req-486db858-0247-49a9-8038-72b86a3199a5 ] Request (FloatingIPsAssociationTestJSON:test_associate_already_associated_floating_ip): 200 GET http://10.180.1.21/compute/v2.1/servers/31b911ef-a5da-4801-9000-f5a9559e0e74 0.054s
2025-04-04 01:31:07.797 70861 INFO tempest.lib.common.rest_client [req-3a35fbeb-ca4c-4a64-84bf-da7f536b11da req-3a35fbeb-ca4c-4a64-84bf-da7f536b11da ] Request (ServersAdminTestJSON:test_create_server_with_scheduling_hint): 200 GET http://10.180.1.21/compute/v2.1/servers/5e8ff32b-c9ca-4374-9b0e-ace891d3b258 0.121s
2025-04-04 01:31:07.840 70846 INFO tempest.lib.common.rest_client [req-111a1de7-84f2-49d2-8b99-f704172686d8 req-111a1de7-84f2-49d2-8b99-f704172686d8 ] Request (ServerDiskConfigTestJSON:test_rebuild_server_with_manual_disk_config): 202 POST http://10.180.1.21/compute/v2.1/servers 0.291s
2025-04-04 01:31:07.864 70859 INFO tempest.lib.common.rest_client [req-4507ab21-c7ee-4ff2-bd17-4d49837bb10b req-4507ab21-c7ee-4ff2-bd17-4d49837bb10b ] Request (MigrationsAdminTest:test_resize_server_revert_deleted_flavor): 200 GET http://10.180.1.21/compute/v2.1/servers/533b0d7a-f85e-4ca4-86fa-d6b7dc11e050 0.144s
2025-04-04 01:31:07.914 70843 INFO tempest.lib.common.rest_client [req-8c2e14ca-4f09-432b-a89e-6d26b8817e3f req-8c2e14ca-4f09-432b-a89e-6d26b8817e3f ] Request (ListImageFiltersTestJSON:tearDownClass): 200 GET http://10.180.1.21/compute/v2.1/servers/c18312e9-84ed-4c18-a3c6-fa9c7129e22a 0.169s
2025-04-04 01:31:07.916 70846 INFO tempest.lib.common.rest_client [req-9303714f-3d3b-49b2-9c62-06c3f0e163b2 req-9303714f-3d3b-49b2-9c62-06c3f0e163b2 ] Request (ServerDiskConfigTestJSON:test_rebuild_server_with_manual_disk_config): 200 GET http://10.180.1.21/compute/v2.1/servers/7f0dce75-4b7b-4fff-9fbc-69d805c2bf67 0.074s
2025-04-04 01:31:08.010 70857 INFO tempest.lib.common.rest_client [req-521009ed-989f-4965-8d10-a59454498b4d req-521009ed-989f-4965-8d10-a59454498b4d ] Request (MultipleCreateTestJSON:_run_cleanups): 200 GET http://10.180.1.21/compute/v2.1/servers/d517a143-ffd5-41c8-904c-9782cba540db 0.088s
2025-04-04 01:31:08.039 70839 INFO tempest.lib.common.rest_client [req-9bef0b78-e55d-4989-a821-9aaf0fdd756e req-9bef0b78-e55d-4989-a821-9aaf0fdd756e ] Request (ImagesOneServerNegativeTestJSON:_run_cleanups): 200 GET http://10.180.1.21/compute/v2.1/servers/f8c1afe3-bbdf-4f5a-bd39-c682d5755df4 0.186s
2025-04-04 01:31:08.047 70839 INFO tempest.common.waiters [-] State transition "BUILD/spawning" ==> "ACTIVE/None" after 78 second wait
2025-04-04 01:31:08.151 70873 INFO tempest.lib.common.rest_client [req-537b0fd4-33ca-4e26-bf40-0ca13ed03a1c req-537b0fd4-33ca-4e26-bf40-0ca13ed03a1c ] Request (DeleteServersTestJSON:test_delete_active_server): 200 GET http://10.180.1.21/compute/v2.1/servers/86b9bb02-7260-4820-9051-8731994d65c4 0.206s
2025-04-04 01:31:08.160 70839 INFO tempest.lib.common.rest_client [req-13bfdd7c-de31-4a65-b4b5-ad0ec0198fc2 req-13bfdd7c-de31-4a65-b4b5-ad0ec0198fc2 ] Request (ImagesOneServerNegativeTestJSON:setUp): 200 GET http://10.180.1.21/compute/v2.1/servers/f8c1afe3-bbdf-4f5a-bd39-c682d5755df4 0.111s
2025-04-04 01:31:08.286 70815 INFO tempest.lib.common.rest_client [req-4ff06b82-9add-4953-8357-fd0a6b084658 req-4ff06b82-9add-4953-8357-fd0a6b084658 ] Request (ServersTestBootFromVolume:tearDownClass): 200 GET http://10.180.1.21/compute/v2.1/servers/5832edbb-f33e-46a7-a144-b321f725d785 0.161s
2025-04-04 01:31:08.333 70853 INFO tempest.lib.common.rest_client [req-0e6bd085-458c-4f3d-9515-5b6ca9fe6418 req-0e6bd085-458c-4f3d-9515-5b6ca9fe6418 ] Request (ServersTestMultiNic:test_verify_duplicate_network_nics): 200 GET http://10.180.1.21/compute/v2.1/servers/7441344b-4db8-45f6-bfdb-118b05826913 0.255s
2025-04-04 01:31:08.334 70869 WARNING tempest.lib.common.ssh [-] Failed to establish authenticated ssh connection to cirros@10.180.180.148 ([Errno None] Unable to connect to port 22 on 10.180.180.148). Number attempts: 4. Retry after 5 seconds.: paramiko.ssh_exception.NoValidConnectionsError: [Errno None] Unable to connect to port 22 on 10.180.180.148
2025-04-04 01:31:08.339 70855 INFO tempest.lib.common.rest_client [req-9b99311c-d142-4e21-87ca-00cc2db3f7dc req-9b99311c-d142-4e21-87ca-00cc2db3f7dc ] Request (SecurityGroupsTestJSON:test_server_security_groups): 200 GET http://10.180.1.21/compute/v2.1/servers/6960f152-5c10-4918-b76c-05ea9f77f5fa 0.199s
2025-04-04 01:31:08.340 70853 INFO tempest.common.waiters [-] State transition "BUILD/block_device_mapping" ==> "BUILD/spawning" after 77 second wait
2025-04-04 01:31:08.396 70865 INFO tempest.lib.common.rest_client [req-002c3483-d74f-45d8-9bc5-b8a08f09478a req-002c3483-d74f-45d8-9bc5-b8a08f09478a ] Request (ImagesTestJSON:test_create_image_from_stopped_server): 200 GET http://10.180.1.21/compute/v2.1/servers/5bf721c4-55e1-44ad-91fd-6d26bdd7d740 0.201s
2025-04-04 01:31:08.455 70817 INFO tempest.lib.common.rest_client [req-c9b7b5b9-d23f-4917-9f8a-d9821448c21f req-c9b7b5b9-d23f-4917-9f8a-d9821448c21f ] Request (ServerAddressesNegativeTestJSON:tearDownClass): 200 GET http://10.180.1.21/compute/v2.1/servers/e48a8f9a-b146-4a32-80b9-5be961fbb846 0.176s
2025-04-04 01:31:08.525 70841 INFO tempest.lib.common.rest_client [req-615bf686-f636-4bb4-a893-4319e55dc5e8 req-615bf686-f636-4bb4-a893-4319e55dc5e8 ] Request (ServersListShow2100Test:test_list_show_rebuild_update_server_2100): 200 GET http://10.180.1.21/compute/v2.1/servers/b33e72c0-72b8-467a-b3ea-e1b421785df8 0.184s
2025-04-04 01:31:08.591 70833 INFO tempest.lib.common.rest_client [req-539d41a2-3532-49b9-962a-340960f30a6e req-539d41a2-3532-49b9-962a-340960f30a6e ] Request (ListServerFiltersTestJSON:tearDownClass): 200 GET http://10.180.1.21/compute/v2.1/servers/34d94167-73a0-44ed-9b41-cc3e8bfdf30c 0.197s
2025-04-04 01:31:08.648 70829 INFO tempest.lib.common.rest_client [req-55f745ef-489a-49f9-86d2-a1610222b3b6 req-55f745ef-489a-49f9-86d2-a1610222b3b6 ] Request (FloatingIPsAssociationNegativeTestJSON:setUpClass): 200 GET http://10.180.1.21/compute/v2.1/servers/55b5dc4b-e95a-44cc-a3fd-713b9e2bdd45 0.200s
2025-04-04 01:31:08.706 70837 INFO tempest.lib.common.rest_client [req-d846e9eb-d438-4b56-8333-64726501f232 req-d846e9eb-d438-4b56-8333-64726501f232 ] Request (ServerMetadataNegativeTestJSON:setUpClass): 200 GET http://10.180.1.21/compute/v2.1/servers/a9158fa4-ce1f-4a33-b401-36983198238e 0.196s
2025-04-04 01:31:08.816 70839 INFO tempest.lib.common.rest_client [req-a8d95665-f46b-4dd9-a3fe-8d7add203bb2 req-a8d95665-f46b-4dd9-a3fe-8d7add203bb2 ] Request (ImagesOneServerNegativeTestJSON:test_delete_image_that_is_not_yet_active): 202 POST http://10.180.1.21/compute/v2.1/servers/f8c1afe3-bbdf-4f5a-bd39-c682d5755df4/action 0.645s
2025-04-04 01:31:08.827 70825 INFO tempest.lib.common.rest_client [req-d00e7c74-f436-4b4b-b901-387cdf629e90 req-d00e7c74-f436-4b4b-b901-387cdf629e90 ] Request (InstanceActionsTestJSON:test_list_instance_actions): 200 GET http://10.180.1.21/compute/v2.1/servers/0a03c827-193b-4cc1-8339-404eb8e5fa41 0.227s
2025-04-04 01:31:08.888 70819 INFO tempest.lib.common.rest_client [req-9073d241-b2e4-478f-8a1f-53d9af3016a1 req-9073d241-b2e4-478f-8a1f-53d9af3016a1 ] Request (FloatingIPsAssociationTestJSON:test_associate_already_associated_floating_ip): 200 GET http://10.180.1.21/compute/v2.1/servers/31b911ef-a5da-4801-9000-f5a9559e0e74 0.284s
2025-04-04 01:31:08.993 70839 INFO tempest.lib.common.rest_client [req-40c15867-e1f0-45e4-92f0-ed98ce1bff91 req-40c15867-e1f0-45e4-92f0-ed98ce1bff91 ] Request (ImagesOneServerNegativeTestJSON:test_delete_image_that_is_not_yet_active): 204 DELETE http://10.180.1.21/compute/v2.1/images/ebd59dd4-b8d2-4856-8203-1ef467019208 0.175s
2025-04-04 01:31:09.002 70861 INFO tempest.lib.common.rest_client [req-b841ab3e-f7a9-48f7-bf6d-974b0e71f064 req-b841ab3e-f7a9-48f7-bf6d-974b0e71f064 ] Request (ServersAdminTestJSON:test_create_server_with_scheduling_hint): 200 GET http://10.180.1.21/compute/v2.1/servers/5e8ff32b-c9ca-4374-9b0e-ace891d3b258 0.196s
2025-04-04 01:31:09.072 70843 INFO tempest.lib.common.rest_client [req-d8fb2874-de89-4148-afe6-eea968e80e7e req-d8fb2874-de89-4148-afe6-eea968e80e7e ] Request (ListImageFiltersTestJSON:tearDownClass): 200 GET http://10.180.1.21/compute/v2.1/servers/c18312e9-84ed-4c18-a3c6-fa9c7129e22a 0.142s
2025-04-04 01:31:09.126 70846 INFO tempest.lib.common.rest_client [req-d474787d-f315-4d26-8790-9f007031c894 req-d474787d-f315-4d26-8790-9f007031c894 ] Request (ServerDiskConfigTestJSON:test_rebuild_server_with_manual_disk_config): 200 GET http://10.180.1.21/compute/v2.1/servers/7f0dce75-4b7b-4fff-9fbc-69d805c2bf67 0.190s
2025-04-04 01:31:09.127 70859 INFO tempest.lib.common.rest_client [req-7ac376cf-5dbd-412a-b578-73f35e52041a req-7ac376cf-5dbd-412a-b578-73f35e52041a ] Request (MigrationsAdminTest:test_resize_server_revert_deleted_flavor): 200 GET http://10.180.1.21/compute/v2.1/servers/533b0d7a-f85e-4ca4-86fa-d6b7dc11e050 0.251s
2025-04-04 01:31:09.138 70859 INFO tempest.common.waiters [-] State transition "BUILD/None" ==> "BUILD/networking" after 64 second wait
2025-04-04 01:31:09.150 70839 INFO tempest.lib.common.rest_client [req-f6eda33c-e2dd-4e7c-a0cf-376e57eaa5f6 req-f6eda33c-e2dd-4e7c-a0cf-376e57eaa5f6 ] Request (ImagesOneServerNegativeTestJSON:test_delete_image_that_is_not_yet_active): 404 GET http://10.180.1.21/compute/v2.1/images/ebd59dd4-b8d2-4856-8203-1ef467019208 0.156s
2025-04-04 01:31:09.186 70857 INFO tempest.lib.common.rest_client [req-3adfdd93-239d-48a6-a60d-26194c6dc6e5 req-3adfdd93-239d-48a6-a60d-26194c6dc6e5 ] Request (MultipleCreateTestJSON:_run_cleanups): 200 GET http://10.180.1.21/compute/v2.1/servers/d517a143-ffd5-41c8-904c-9782cba540db 0.167s
2025-04-04 01:31:09.253 70839 INFO tempest.lib.common.rest_client [req-a8275d27-f619-469a-80d3-6d7f01a771d2 req-a8275d27-f619-469a-80d3-6d7f01a771d2 ] Request (ImagesOneServerNegativeTestJSON:tearDown): 200 GET http://10.180.1.21/compute/v2.1/servers/f8c1afe3-bbdf-4f5a-bd39-c682d5755df4 0.102s
2025-04-04 01:31:09.339 70873 INFO tempest.lib.common.rest_client [req-0d055e7c-021e-4dca-be2b-0dd62833388d req-0d055e7c-021e-4dca-be2b-0dd62833388d ] Request (DeleteServersTestJSON:test_delete_active_server): 200 GET http://10.180.1.21/compute/v2.1/servers/86b9bb02-7260-4820-9051-8731994d65c4 0.179s
2025-04-04 01:31:09.371 70821 WARNING tempest.lib.common.ssh [-] Failed to establish authenticated ssh connection to cirros@10.180.180.169 ([Errno None] Unable to connect to port 22 on 10.180.180.169). Number attempts: 9. Retry after 10 seconds.: paramiko.ssh_exception.NoValidConnectionsError: [Errno None] Unable to connect to port 22 on 10.180.180.169
2025-04-04 01:31:09.495 70815 INFO tempest.lib.common.rest_client [req-a511f207-6047-4aee-9a74-62086b634fbf req-a511f207-6047-4aee-9a74-62086b634fbf ] Request (ServersTestBootFromVolume:tearDownClass): 200 GET http://10.180.1.21/compute/v2.1/servers/5832edbb-f33e-46a7-a144-b321f725d785 0.198s
2025-04-04 01:31:09.509 70853 INFO tempest.lib.common.rest_client [req-a680c96c-ec7a-4d7d-aee8-17b79d58c6e0 req-a680c96c-ec7a-4d7d-aee8-17b79d58c6e0 ] Request (ServersTestMultiNic:test_verify_duplicate_network_nics): 200 GET http://10.180.1.21/compute/v2.1/servers/7441344b-4db8-45f6-bfdb-118b05826913 0.167s
2025-04-04 01:31:09.558 70855 INFO tempest.lib.common.rest_client [req-878affbb-15d3-4ab0-9917-374c380a5edb req-878affbb-15d3-4ab0-9917-374c380a5edb ] Request (SecurityGroupsTestJSON:test_server_security_groups): 200 GET http://10.180.1.21/compute/v2.1/servers/6960f152-5c10-4918-b76c-05ea9f77f5fa 0.211s
2025-04-04 01:31:09.584 70865 INFO tempest.lib.common.rest_client [req-208f3cc1-30f2-4ae2-a057-06d01420f727 req-208f3cc1-30f2-4ae2-a057-06d01420f727 ] Request (ImagesTestJSON:test_create_image_from_stopped_server): 200 GET http://10.180.1.21/compute/v2.1/servers/5bf721c4-55e1-44ad-91fd-6d26bdd7d740 0.177s
2025-04-04 01:31:09.595 70865 INFO tempest.common.waiters [-] State transition "BUILD/scheduling" ==> "BUILD/None" after 14 second wait
2025-04-04 01:31:09.628 70817 INFO tempest.lib.common.rest_client [req-dbbb219f-ee36-439e-a44a-e13ab5ad038c req-dbbb219f-ee36-439e-a44a-e13ab5ad038c ] Request (ServerAddressesNegativeTestJSON:tearDownClass): 200 GET http://10.180.1.21/compute/v2.1/servers/e48a8f9a-b146-4a32-80b9-5be961fbb846 0.160s
2025-04-04 01:31:09.669 70841 INFO tempest.lib.common.rest_client [req-99a3f47b-ed24-4080-8f24-e34c8014583e req-99a3f47b-ed24-4080-8f24-e34c8014583e ] Request (ServersListShow2100Test:test_list_show_rebuild_update_server_2100): 200 GET http://10.180.1.21/compute/v2.1/servers/b33e72c0-72b8-467a-b3ea-e1b421785df8 0.122s
2025-04-04 01:31:09.685 70823 WARNING tempest.lib.common.ssh [-] Failed to establish authenticated ssh connection to cirros@10.180.180.172 ([Errno None] Unable to connect to port 22 on 10.180.180.172). Number attempts: 13. Retry after 14 seconds.: paramiko.ssh_exception.NoValidConnectionsError: [Errno None] Unable to connect to port 22 on 10.180.180.172
2025-04-04 01:31:09.702 70833 INFO tempest.lib.common.rest_client [req-9a260ed2-b9aa-4435-b1ea-6294463249e1 req-9a260ed2-b9aa-4435-b1ea-6294463249e1 ] Request (ListServerFiltersTestJSON:tearDownClass): 200 GET http://10.180.1.21/compute/v2.1/servers/34d94167-73a0-44ed-9b41-cc3e8bfdf30c 0.102s
2025-04-04 01:31:09.722 70829 INFO tempest.lib.common.rest_client [req-a8ebd112-4673-417d-b8e3-7e58731c7ba0 req-a8ebd112-4673-417d-b8e3-7e58731c7ba0 ] Request (FloatingIPsAssociationNegativeTestJSON:setUpClass): 200 GET http://10.180.1.21/compute/v2.1/servers/55b5dc4b-e95a-44cc-a3fd-713b9e2bdd45 0.063s
2025-04-04 01:31:09.769 70837 INFO tempest.lib.common.rest_client [req-a6d34160-0b98-4207-a746-2d9ce892cafd req-a6d34160-0b98-4207-a746-2d9ce892cafd ] Request (ServerMetadataNegativeTestJSON:setUpClass): 200 GET http://10.180.1.21/compute/v2.1/servers/a9158fa4-ce1f-4a33-b401-36983198238e 0.056s
2025-04-04 01:31:09.978 70819 INFO tempest.lib.common.rest_client [req-8ca75e63-d344-41f3-953a-54a6a4a64b33 req-8ca75e63-d344-41f3-953a-54a6a4a64b33 ] Request (FloatingIPsAssociationTestJSON:test_associate_already_associated_floating_ip): 200 GET http://10.180.1.21/compute/v2.1/servers/31b911ef-a5da-4801-9000-f5a9559e0e74 0.076s
2025-04-04 01:31:10.018 70825 INFO tempest.lib.common.rest_client [req-45cb7f57-e053-4ef1-9aa2-a7fe15825f14 req-45cb7f57-e053-4ef1-9aa2-a7fe15825f14 ] Request (InstanceActionsTestJSON:test_list_instance_actions): 200 GET http://10.180.1.21/compute/v2.1/servers/0a03c827-193b-4cc1-8339-404eb8e5fa41 0.179s
2025-04-04 01:31:10.026 70825 INFO tempest.common.waiters [-] State transition "HARD_REBOOT/rebooting_hard" ==> "HARD_REBOOT/reboot_started_hard" after 4 second wait
2025-04-04 01:31:10.117 70861 INFO tempest.lib.common.rest_client [req-991104a3-cde6-4bf8-9a96-fae78b45f7d0 req-991104a3-cde6-4bf8-9a96-fae78b45f7d0 ] Request (ServersAdminTestJSON:test_create_server_with_scheduling_hint): 200 GET http://10.180.1.21/compute/v2.1/servers/5e8ff32b-c9ca-4374-9b0e-ace891d3b258 0.101s
2025-04-04 01:31:10.149 70843 INFO tempest.lib.common.rest_client [req-e52719bd-ca8a-4aac-aff0-f038111009a2 req-e52719bd-ca8a-4aac-aff0-f038111009a2 ] Request (ListImageFiltersTestJSON:tearDownClass): 200 GET http://10.180.1.21/compute/v2.1/servers/c18312e9-84ed-4c18-a3c6-fa9c7129e22a 0.068s
2025-04-04 01:31:10.211 70846 INFO tempest.lib.common.rest_client [req-dca0c8fa-fda0-464f-a280-2d0c82757db0 req-dca0c8fa-fda0-464f-a280-2d0c82757db0 ] Request (ServerDiskConfigTestJSON:test_rebuild_server_with_manual_disk_config): 200 GET http://10.180.1.21/compute/v2.1/servers/7f0dce75-4b7b-4fff-9fbc-69d805c2bf67 0.074s
2025-04-04 01:31:10.278 70859 INFO tempest.lib.common.rest_client [req-cb7fe50c-9963-4e1e-9f57-819254a8e117 req-cb7fe50c-9963-4e1e-9f57-819254a8e117 ] Request (MigrationsAdminTest:test_resize_server_revert_deleted_flavor): 200 GET http://10.180.1.21/compute/v2.1/servers/533b0d7a-f85e-4ca4-86fa-d6b7dc11e050 0.140s
2025-04-04 01:31:10.286 70857 INFO tempest.lib.common.rest_client [req-faca61bb-790e-4113-bcfd-06afa7eebc7b req-faca61bb-790e-4113-bcfd-06afa7eebc7b ] Request (MultipleCreateTestJSON:_run_cleanups): 200 GET http://10.180.1.21/compute/v2.1/servers/d517a143-ffd5-41c8-904c-9782cba540db 0.092s
2025-04-04 01:31:10.292 70859 INFO tempest.common.waiters [-] State transition "BUILD/networking" ==> "BUILD/spawning" after 65 second wait
2025-04-04 01:31:10.371 70839 INFO tempest.lib.common.rest_client [req-d3d1a363-f183-4251-8a87-1454388ec1b2 req-d3d1a363-f183-4251-8a87-1454388ec1b2 ] Request (ImagesOneServerNegativeTestJSON:tearDown): 200 GET http://10.180.1.21/compute/v2.1/servers/f8c1afe3-bbdf-4f5a-bd39-c682d5755df4 0.110s
2025-04-04 01:31:10.378 70839 INFO tempest.common.waiters [-] State transition "ACTIVE/image_snapshot_pending" ==> "ACTIVE/image_snapshot" after 1 second wait
2025-04-04 01:31:10.468 70873 INFO tempest.lib.common.rest_client [req-1f54dc19-9196-44d8-8136-01f97456cd7c req-1f54dc19-9196-44d8-8136-01f97456cd7c ] Request (DeleteServersTestJSON:test_delete_active_server): 200 GET http://10.180.1.21/compute/v2.1/servers/86b9bb02-7260-4820-9051-8731994d65c4 0.111s
2025-04-04 01:31:10.579 70815 INFO tempest.lib.common.rest_client [req-cbbc543f-ddae-479a-ba2b-cb0ad2476447 req-cbbc543f-ddae-479a-ba2b-cb0ad2476447 ] Request (ServersTestBootFromVolume:tearDownClass): 200 GET http://10.180.1.21/compute/v2.1/servers/5832edbb-f33e-46a7-a144-b321f725d785 0.072s
2025-04-04 01:31:10.629 70855 INFO tempest.lib.common.rest_client [req-cc8394a4-3de6-422d-bab2-0f29ca5a81c5 req-cc8394a4-3de6-422d-bab2-0f29ca5a81c5 ] Request (SecurityGroupsTestJSON:test_server_security_groups): 200 GET http://10.180.1.21/compute/v2.1/servers/6960f152-5c10-4918-b76c-05ea9f77f5fa 0.060s
2025-04-04 01:31:10.674 70853 INFO tempest.lib.common.rest_client [req-c3ac1b33-b05a-4e87-bf96-f2479ab28f73 req-c3ac1b33-b05a-4e87-bf96-f2479ab28f73 ] Request (ServersTestMultiNic:test_verify_duplicate_network_nics): 200 GET http://10.180.1.21/compute/v2.1/servers/7441344b-4db8-45f6-bfdb-118b05826913 0.157s
2025-04-04 01:31:10.679 70865 INFO tempest.lib.common.rest_client [req-665f6b0e-94ff-41f9-8c7e-8e72d74dbfe1 req-665f6b0e-94ff-41f9-8c7e-8e72d74dbfe1 ] Request (ImagesTestJSON:test_create_image_from_stopped_server): 200 GET http://10.180.1.21/compute/v2.1/servers/5bf721c4-55e1-44ad-91fd-6d26bdd7d740 0.083s
2025-04-04 01:31:10.741 70817 INFO tempest.lib.common.rest_client [req-344c7670-4cad-4cac-8c2f-4e97ee4ec241 req-344c7670-4cad-4cac-8c2f-4e97ee4ec241 ] Request (ServerAddressesNegativeTestJSON:tearDownClass): 200 GET http://10.180.1.21/compute/v2.1/servers/e48a8f9a-b146-4a32-80b9-5be961fbb846 0.105s
2025-04-04 01:31:10.769 70841 INFO tempest.lib.common.rest_client [req-bb5fa87e-631f-44b1-a042-c3e7bdf3b44a req-bb5fa87e-631f-44b1-a042-c3e7bdf3b44a ] Request (ServersListShow2100Test:test_list_show_rebuild_update_server_2100): 200 GET http://10.180.1.21/compute/v2.1/servers/b33e72c0-72b8-467a-b3ea-e1b421785df8 0.082s
