2025-04-04 01:28:18.689 70835 INFO tempest.lib.common.rest_client [req-a30d9b09-9e33-4684-8e95-69564b4f0bae req-a30d9b09-9e33-4684-8e95-69564b4f0bae ] Request (QuotasAdminTestJSON:test_get_updated_quotas): 201 POST http://10.180.1.21/identity/v3/projects 0.093s
2025-04-04 01:28:18.711 70863 INFO tempest.lib.common.rest_client [req-6b6a87b8-ebfd-4b07-980d-802280054640 req-6b6a87b8-ebfd-4b07-980d-802280054640 ] Request (FlavorMetadataValidation:tearDownClass): 200 GET http://10.180.1.21:9696/networking/v2.0/security-groups?tenant_id=801e29ee426b44a49e978d478f32d15e&name=default 0.417s
2025-04-04 01:28:18.771 70837 INFO tempest.lib.common.rest_client [req-6230368e-e63f-4831-bb38-eca85d0460aa req-6230368e-e63f-4831-bb38-eca85d0460aa ] Request (HypervisorAdminUnderV252Test:tearDownClass): 204 DELETE http://10.180.1.21:9696/networking/v2.0/security-groups/7573ad84-b390-4623-81ba-4197653356f6 0.252s
2025-04-04 01:28:18.783 70831 INFO tempest.lib.common.rest_client [req-7262520e-3ad2-4d67-ae2c-aab9014287f4 req-7262520e-3ad2-4d67-ae2c-aab9014287f4 ] Request (TenantUsagesNegativeTestJSON:tearDownClass): 204 DELETE http://10.180.1.21:9696/networking/v2.0/security-groups/d77098cd-365e-4639-910f-d24b46aca761 0.160s
2025-04-04 01:28:18.810 70846 INFO tempest.lib.common.rest_client [req-8a7e68a2-88dc-41a5-b022-e392f3408b3b req-8a7e68a2-88dc-41a5-b022-e392f3408b3b ] Request (HypervisorAdminTestJSON:tearDownClass): 200 GET http://10.180.1.21:9696/networking/v2.0/security-groups?tenant_id=4678c5ab420c452e9d0fd2d90786136a&name=default 0.491s
2025-04-04 01:28:18.813 70843 INFO tempest.lib.common.rest_client [req-d8a2428e-abee-49f2-9a42-fd836ee195b3 req-d8a2428e-abee-49f2-9a42-fd836ee195b3 ] Request (ListImageFiltersTestJSON:setUpClass): 204 PUT http://10.180.1.21/image/v2/images/7413434a-ec9b-4edb-9d4c-b16c68762113/file 2.199s
2025-04-04 01:28:18.822 70847 INFO tempest.lib.common.rest_client [req-e9cad25d-69e8-4c6b-acc4-40eff0f2736f req-e9cad25d-69e8-4c6b-acc4-40eff0f2736f ] Request (AttachInterfacesTestJSON:setUpClass): 200 GET http://10.180.1.21/identity/v3/roles 0.191s
2025-04-04 01:28:18.844 70861 INFO tempest.lib.common.rest_client [req-99738b42-ed43-4b14-848d-6c2b4afef417 req-99738b42-ed43-4b14-848d-6c2b4afef417 ] Request (ServersAdminTestJSON:setUpClass): 201 POST http://10.180.1.21/identity/v3/auth/tokens 0.189s
2025-04-04 01:28:18.845 70833 INFO tempest.lib.common.rest_client [req-50879566-57e1-4480-b06f-cf3d037dcfa7 req-50879566-57e1-4480-b06f-cf3d037dcfa7 ] Request (FlavorsAccessTestJSON:test_flavor_access_add_remove): 200 POST http://10.180.1.21/compute/v2.1/flavors/1198449265/action 1.948s
2025-04-04 01:28:18.870 70863 INFO tempest.lib.common.rest_client [req-a47901fb-5469-4318-a240-a0af9200a812 req-a47901fb-5469-4318-a240-a0af9200a812 ] Request (FlavorMetadataValidation:tearDownClass): 204 DELETE http://10.180.1.21:9696/networking/v2.0/security-groups/472dd91c-8443-494b-8cc2-e35dc63cb778 0.158s
2025-04-04 01:28:18.896 70846 INFO tempest.lib.common.rest_client [req-847e4900-ddc5-4db0-bfef-027b353cf297 req-847e4900-ddc5-4db0-bfef-027b353cf297 ] Request (HypervisorAdminTestJSON:tearDownClass): 204 DELETE http://10.180.1.21:9696/networking/v2.0/security-groups/b8bdafec-e3bb-47a6-b975-522bcdf793f9 0.085s
2025-04-04 01:28:18.919 70867 INFO tempest.lib.common.rest_client [req-4d6d62cd-51e2-4dff-93cf-6ee662a7027b req-4d6d62cd-51e2-4dff-93cf-6ee662a7027b ] Request (QuotaClassesAdminTestJSON:setUpClass): 201 POST http://10.180.1.21/identity/v3/projects 0.238s
2025-04-04 01:28:19.000 70817 INFO tempest.lib.common.rest_client [req-8ea75a2d-c4f6-435a-b5a9-56e40b49bed9 req-8ea75a2d-c4f6-435a-b5a9-56e40b49bed9 ] Request (AggregatesAdminNegativeTestJSON:_run_cleanups): 200 POST http://10.180.1.21/compute/v2.1/os-aggregates/1/action 2.441s
2025-04-04 01:28:19.003 70835 INFO tempest.lib.common.rest_client [req-460e5731-c385-40a3-946c-774232ac3c43 req-460e5731-c385-40a3-946c-774232ac3c43 ] Request (QuotasAdminTestJSON:test_get_updated_quotas): 200 GET http://10.180.1.21/identity/v3/domains?name=Default 0.313s
2025-04-04 01:28:19.015 70837 INFO tempest.lib.common.rest_client [req-0116be82-91e5-4049-b554-03e39530de24 req-0116be82-91e5-4049-b554-03e39530de24 ] Request (HypervisorAdminUnderV252Test:tearDownClass): 204 DELETE http://10.180.1.21/identity/v3/projects/9a32f983d84c4ef18739cab06f32feb6 0.244s
2025-04-04 01:28:19.016 70837 INFO tempest.lib.common.dynamic_creds [-] Deleting project and security group for project: 315f49e859df4960a888709ca2ae30a8
2025-04-04 01:28:19.017 70813 INFO tempest.lib.common.rest_client [req-f2f20a41-0104-4c7a-9a95-9e8230f229c6 req-f2f20a41-0104-4c7a-9a95-9e8230f229c6 ] Request (FlavorsAdminTestJSON:_run_cleanups): 202 DELETE http://10.180.1.21/compute/v2.1/flavors/376645618 1.721s
2025-04-04 01:28:19.059 70869 INFO tempest.lib.common.rest_client [req-4a8850cb-9ffd-49e7-a948-333d6b1ba936 req-4a8850cb-9ffd-49e7-a948-333d6b1ba936 ] Request (ServerExternalEventsTest:test_create_server_external_events): 200 GET http://10.180.1.21/compute/v2.1/servers/065480a4-932a-4a09-815e-73592fcc25c4 2.145s
2025-04-04 01:28:19.089 70839 INFO tempest.lib.common.rest_client [req-f223ee07-1239-4a73-97ff-91f46bec2b84 req-f223ee07-1239-4a73-97ff-91f46bec2b84 ] Request (ImagesOneServerNegativeTestJSON:setUpClass): 200 GET http://10.180.1.21/compute/v2.1/servers/9c33dcde-32e8-4942-88c4-786789629c6f 1.660s
2025-04-04 01:28:19.104 70847 INFO tempest.lib.common.rest_client [req-b7bca1fe-8dd2-42c5-ab57-8b1392cc0bd8 req-b7bca1fe-8dd2-42c5-ab57-8b1392cc0bd8 ] Request (AttachInterfacesTestJSON:setUpClass): 204 PUT http://10.180.1.21/identity/v3/projects/c276d3a86f224f75829fb9c279d797af/users/b22d39d2b229410594553dc9cefe9ac7/roles/d3fac7dbc3814a3da87df4a0d39fe2ae 0.282s
2025-04-04 01:28:19.105 70847 INFO tempest.lib.common.dynamic_creds [-] Dynamic test user b22d39d2b229410594553dc9cefe9ac7 is created with scope project and roles: ['member']
2025-04-04 01:28:19.105 70847 INFO tempest.lib.common.dynamic_creds [-] Acquired dynamic creds: credentials: Credentials: {'domain_id': 'default', 'domain_name': 'Default', 'username': 'tempest-AttachInterfacesTestJSON-1143506723-project-member', 'project_domain_id': 'default', 'project_domain_name': 'Default', 'project_id': 'c276d3a86f224f75829fb9c279d797af', 'project_name': 'tempest-AttachInterfacesTestJSON-1143506723', 'tenant_id': 'c276d3a86f224f75829fb9c279d797af', 'tenant_name': 'tempest-AttachInterfacesTestJSON-1143506723', 'user_domain_id': 'default', 'user_domain_name': 'Default', 'user_id': 'b22d39d2b229410594553dc9cefe9ac7', 'system': None}, Network: None, Subnet: None, Router: None
2025-04-04 01:28:19.111 70831 INFO tempest.lib.common.rest_client [req-49392bbf-0a5c-40fe-9306-12992520b871 req-49392bbf-0a5c-40fe-9306-12992520b871 ] Request (TenantUsagesNegativeTestJSON:tearDownClass): 204 DELETE http://10.180.1.21/identity/v3/projects/f35e13a189d744baa739556594f6698e 0.327s
2025-04-04 01:28:19.111 70831 INFO tempest.lib.common.dynamic_creds [-] Deleting project and security group for project: 960ad596379d46d9a5d24f9fa2e69c0d
2025-04-04 01:28:19.158 70825 INFO tempest.lib.common.rest_client [req-807769ee-bd3f-487b-8e7f-e080747b2f65 req-807769ee-bd3f-487b-8e7f-e080747b2f65 ] Request (TenantUsagesTestJSON:setUpClass): 200 GET http://10.180.1.21/compute/v2.1/servers/aee7ee90-e771-4e64-bc2b-abb63c5e8bcc 1.657s
2025-04-04 01:28:19.169 70861 INFO tempest.lib.common.rest_client [req-4576fb49-96a3-4feb-90af-446325325012 req-4576fb49-96a3-4feb-90af-446325325012 ] Request (ServersAdminTestJSON:setUpClass): 200 GET http://10.180.1.21/identity/v3/domains?name=Default 0.324s
2025-04-04 01:28:19.188 70819 INFO tempest.lib.common.rest_client [req-1f58e1af-b187-4a5d-b8a3-6e97ba5457f0 req-1f58e1af-b187-4a5d-b8a3-6e97ba5457f0 ] Request (FlavorsExtraSpecsNegativeTestJSON:test_flavor_non_admin_update_specific_key): 200 POST http://10.180.1.21/compute/v2.1/flavors/595990350/os-extra_specs 1.530s
2025-04-04 01:28:19.210 70821 INFO tempest.lib.common.rest_client [req-6b619c69-1785-4321-bdf9-40f582eb7f87 req-6b619c69-1785-4321-bdf9-40f582eb7f87 ] Request (FlavorsExtraSpecsTestJSON:test_flavor_set_get_update_show_unset_keys): 200 POST http://10.180.1.21/compute/v2.1/flavors/1235188610/os-extra_specs 1.540s
2025-04-04 01:28:19.211 70815 INFO tempest.lib.common.rest_client [req-58e99102-aca0-4afd-b683-08ff83f5d894 req-58e99102-aca0-4afd-b683-08ff83f5d894 ] Request (ServersTestBootFromVolume:setUpClass): 200 GET http://10.180.1.21/volume/v3/volumes/d3a8a3fe-5e64-4c42-9474-ece93618caec 0.038s
2025-04-04 01:28:19.220 70863 INFO tempest.lib.common.rest_client [req-eb4fe169-9bb9-4c04-983d-68e6af56a09e req-eb4fe169-9bb9-4c04-983d-68e6af56a09e ] Request (FlavorMetadataValidation:tearDownClass): 204 DELETE http://10.180.1.21/identity/v3/projects/801e29ee426b44a49e978d478f32d15e 0.350s
2025-04-04 01:28:19.220 70863 INFO tempest.lib.common.dynamic_creds [-] Deleting project and security group for project: 71c421cd9798435e8eb2b31c39ccb38a
2025-04-04 01:28:19.225 70829 INFO tempest.lib.common.rest_client [req-23aab46b-8064-4a2e-96a1-48196986af65 req-23aab46b-8064-4a2e-96a1-48196986af65 ] Request (HostsAdminNegativeTestJSON:test_show_host_detail_with_nonexistent_hostname): 404 GET http://10.180.1.21/compute/v2.1/os-hosts/nonexistent_hostname 1.550s
2025-04-04 01:28:19.242 70849 INFO tempest.lib.common.rest_client [req-ec92d5ef-e447-4813-8b20-7939ed5cebf2 req-ec92d5ef-e447-4813-8b20-7939ed5cebf2 ] Request (FlavorsV261TestJSON:_run_cleanups): 202 DELETE http://10.180.1.21/compute/v2.1/flavors/39780729 1.531s
2025-04-04 01:28:19.252 70846 INFO tempest.lib.common.rest_client [req-6a67c6da-50eb-4714-887c-adfe636b5642 req-6a67c6da-50eb-4714-887c-adfe636b5642 ] Request (HypervisorAdminTestJSON:tearDownClass): 204 DELETE http://10.180.1.21/identity/v3/projects/4678c5ab420c452e9d0fd2d90786136a 0.356s
2025-04-04 01:28:19.253 70846 INFO tempest.lib.common.dynamic_creds [-] Deleting project and security group for project: af5dac34ec7b46458dc9b8410fa9546b
2025-04-04 01:28:19.263 70855 INFO tempest.lib.common.rest_client [req-0325a8e5-8c9a-4500-b429-d65662feb083 req-0325a8e5-8c9a-4500-b429-d65662feb083 ] Request (KeyPairsV210TestJSON:_run_cleanups): 204 DELETE http://10.180.1.21/compute/v2.1/os-keypairs/tempest-KeyPairsV210TestJSON-keypair-749024965 1.545s
2025-04-04 01:28:19.287 70857 INFO tempest.lib.common.rest_client [req-57f24aa5-5c1c-4f54-a8d3-92bf0640d268 req-57f24aa5-5c1c-4f54-a8d3-92bf0640d268 ] Request (HypervisorAdminNegativeUnderV252Test:test_show_servers_with_nonexistent_hypervisor): 404 GET http://10.180.1.21/compute/v2.1/os-hypervisors/44b719f6-d8ae-4d1e-a535-ab195f6349c1/servers 1.561s
2025-04-04 01:28:19.311 70867 INFO tempest.lib.common.rest_client [req-c2d307c0-55f1-4041-908f-80004dd2ca4e req-c2d307c0-55f1-4041-908f-80004dd2ca4e ] Request (QuotaClassesAdminTestJSON:setUpClass): 201 POST http://10.180.1.21/identity/v3/users 0.391s
2025-04-04 01:28:19.314 70847 INFO tempest.lib.common.rest_client [req-87faa3a8-0b75-4dce-860c-a300b4c4b7c7 req-87faa3a8-0b75-4dce-860c-a300b4c4b7c7 ] Request (AttachInterfacesTestJSON:setUpClass): 201 POST http://10.180.1.21/identity/v3/auth/tokens 0.206s
2025-04-04 01:28:19.342 70861 INFO tempest.lib.common.rest_client [req-9338e364-f40f-4270-bf02-20c07881bba5 req-9338e364-f40f-4270-bf02-20c07881bba5 ] Request (ServersAdminTestJSON:setUpClass): 201 POST http://10.180.1.21/identity/v3/projects 0.172s
2025-04-04 01:28:19.380 70857 INFO tempest.lib.common.rest_client [req-f41b6bc3-c879-418c-81dc-c444d313feb3 req-f41b6bc3-c879-418c-81dc-c444d313feb3 ] Request (HypervisorAdminNegativeUnderV252Test:tearDownClass): 204 DELETE http://10.180.1.21/identity/v3/users/15a7fae4c6904d4fb0fbb23b93dab661 0.091s
2025-04-04 01:28:19.396 70837 INFO tempest.lib.common.rest_client [req-35f4ee8b-c97e-413f-82a8-b25d007b66b5 req-35f4ee8b-c97e-413f-82a8-b25d007b66b5 ] Request (HypervisorAdminUnderV252Test:tearDownClass): 200 GET http://10.180.1.21:9696/networking/v2.0/security-groups?tenant_id=315f49e859df4960a888709ca2ae30a8&name=default 0.379s
2025-04-04 01:28:19.462 70867 INFO tempest.lib.common.rest_client [req-460a4c2c-a578-45a2-ad1f-688aaa3982db req-460a4c2c-a578-45a2-ad1f-688aaa3982db ] Request (QuotaClassesAdminTestJSON:setUpClass): 200 GET http://10.180.1.21/identity/v3/roles 0.150s
2025-04-04 01:28:19.506 70841 INFO tempest.lib.common.rest_client [req-20214888-3a85-43df-9f08-822d1d57f46a req-20214888-3a85-43df-9f08-822d1d57f46a ] Request (ServersAdminNegativeTestJSON:setUpClass): 200 GET http://10.180.1.21/compute/v2.1/servers/8ff3c6e9-627b-4750-8157-5bbc2d76f832 1.970s
2025-04-04 01:28:19.514 70841 INFO tempest.common.waiters [-] State transition "BUILD/block_device_mapping" ==> "BUILD/spawning" after 9 second wait
2025-04-04 01:28:19.520 70861 INFO tempest.lib.common.rest_client [req-30d70813-731e-4942-8a68-2e8d982666a1 req-30d70813-731e-4942-8a68-2e8d982666a1 ] Request (ServersAdminTestJSON:setUpClass): 201 POST http://10.180.1.21/identity/v3/users 0.176s
2025-04-04 01:28:19.539 70863 INFO tempest.lib.common.rest_client [req-1e36dee0-d4fc-49a9-98b8-feacca4ea25a req-1e36dee0-d4fc-49a9-98b8-feacca4ea25a ] Request (FlavorMetadataValidation:tearDownClass): 200 GET http://10.180.1.21:9696/networking/v2.0/security-groups?tenant_id=71c421cd9798435e8eb2b31c39ccb38a&name=default 0.318s
2025-04-04 01:28:19.561 70846 INFO tempest.lib.common.rest_client [req-833dc754-5eb5-4776-bcd7-d4ec45b47190 req-833dc754-5eb5-4776-bcd7-d4ec45b47190 ] Request (HypervisorAdminTestJSON:tearDownClass): 200 GET http://10.180.1.21:9696/networking/v2.0/security-groups?tenant_id=af5dac34ec7b46458dc9b8410fa9546b&name=default 0.307s
2025-04-04 01:28:19.593 70857 INFO tempest.lib.common.rest_client [req-c57fbdc3-e3ab-4bc7-9a9f-c991a322f13d req-c57fbdc3-e3ab-4bc7-9a9f-c991a322f13d ] Request (HypervisorAdminNegativeUnderV252Test:tearDownClass): 204 DELETE http://10.180.1.21/identity/v3/users/c4e3de53bcda4710b9c760845f65b5d5 0.212s
2025-04-04 01:28:19.594 70857 INFO tempest.lib.common.dynamic_creds [-] Deleting project and security group for project: 5acc52ad09a14aa884b166d47a435cb2
2025-04-04 01:28:19.602 70837 INFO tempest.lib.common.rest_client [req-ef878b2b-9feb-4f3d-8c26-d5e730af3973 req-ef878b2b-9feb-4f3d-8c26-d5e730af3973 ] Request (HypervisorAdminUnderV252Test:tearDownClass): 204 DELETE http://10.180.1.21:9696/networking/v2.0/security-groups/cc1b49e8-42ad-4174-896b-a4ba099084e5 0.205s
2025-04-04 01:28:19.625 70875 INFO tempest.lib.common.rest_client [req-5ef1920b-36df-4fc1-9ec4-4afa22d262ee req-5ef1920b-36df-4fc1-9ec4-4afa22d262ee ] Request (QuotasAdminNegativeTest:test_create_server_when_instances_quota_is_full): 200 GET http://10.180.1.21/compute/v2.1/os-quota-sets/2cdcb3c0a61d4599885a7b84a558dbf6 1.748s
2025-04-04 01:28:19.631 70831 INFO tempest.lib.common.rest_client [req-d7d02f53-c78a-4a9f-8d12-f6843ceed7f9 req-d7d02f53-c78a-4a9f-8d12-f6843ceed7f9 ] Request (TenantUsagesNegativeTestJSON:tearDownClass): 200 GET http://10.180.1.21:9696/networking/v2.0/security-groups?tenant_id=960ad596379d46d9a5d24f9fa2e69c0d&name=default 0.519s
2025-04-04 01:28:19.659 70867 INFO tempest.lib.common.rest_client [req-031c73b6-d694-4931-bcb3-63ea4eaad5a5 req-031c73b6-d694-4931-bcb3-63ea4eaad5a5 ] Request (QuotaClassesAdminTestJSON:setUpClass): 204 PUT http://10.180.1.21/identity/v3/projects/b98f0dae0fcd4cffb0047f70a6c52474/users/9d5cb045781e45f2929a16a050078df2/roles/d3fac7dbc3814a3da87df4a0d39fe2ae 0.196s
2025-04-04 01:28:19.659 70867 INFO tempest.lib.common.dynamic_creds [-] Dynamic test user 9d5cb045781e45f2929a16a050078df2 is created with scope project and roles: ['member']
2025-04-04 01:28:19.659 70867 INFO tempest.lib.common.dynamic_creds [-] Acquired dynamic creds: credentials: Credentials: {'domain_id': 'default', 'domain_name': 'Default', 'username': 'tempest-QuotaClassesAdminTestJSON-2008414224-project-member', 'project_domain_id': 'default', 'project_domain_name': 'Default', 'project_id': 'b98f0dae0fcd4cffb0047f70a6c52474', 'project_name': 'tempest-QuotaClassesAdminTestJSON-2008414224', 'tenant_id': 'b98f0dae0fcd4cffb0047f70a6c52474', 'tenant_name': 'tempest-QuotaClassesAdminTestJSON-2008414224', 'user_domain_id': 'default', 'user_domain_name': 'Default', 'user_id': '9d5cb045781e45f2929a16a050078df2', 'system': None}, Network: None, Subnet: None, Router: None
2025-04-04 01:28:19.659 70867 INFO tempest.lib.common.dynamic_creds [-] Created isolated network resources for: credentials: Credentials: {'domain_id': 'default', 'domain_name': 'Default', 'username': 'tempest-QuotaClassesAdminTestJSON-2008414224-project-member', 'project_domain_id': 'default', 'project_domain_name': 'Default', 'project_id': 'b98f0dae0fcd4cffb0047f70a6c52474', 'project_name': 'tempest-QuotaClassesAdminTestJSON-2008414224', 'tenant_id': 'b98f0dae0fcd4cffb0047f70a6c52474', 'tenant_name': 'tempest-QuotaClassesAdminTestJSON-2008414224', 'user_domain_id': 'default', 'user_domain_name': 'Default', 'user_id': '9d5cb045781e45f2929a16a050078df2', 'system': None}, Network: None, Subnet: None, Router: None
2025-04-04 01:28:19.723 70863 INFO tempest.lib.common.rest_client [req-8f8d1c4c-4b27-471d-a699-5e29c42f16db req-8f8d1c4c-4b27-471d-a699-5e29c42f16db ] Request (FlavorMetadataValidation:tearDownClass): 204 DELETE http://10.180.1.21:9696/networking/v2.0/security-groups/e2b10ef1-1216-4cc2-bdf4-26a129ef0bc4 0.184s
2025-04-04 01:28:19.726 70846 INFO tempest.lib.common.rest_client [req-b5c2b0b1-7057-4424-8741-c3551805d495 req-b5c2b0b1-7057-4424-8741-c3551805d495 ] Request (HypervisorAdminTestJSON:tearDownClass): 204 DELETE http://10.180.1.21:9696/networking/v2.0/security-groups/6098e906-b5cb-4b1d-97c9-14f94c4b1522 0.164s
2025-04-04 01:28:19.727 70861 INFO tempest.lib.common.rest_client [req-4a439096-f264-4872-a733-9d9ac43c696d req-4a439096-f264-4872-a733-9d9ac43c696d ] Request (ServersAdminTestJSON:setUpClass): 200 GET http://10.180.1.21/identity/v3/roles 0.206s
2025-04-04 01:28:19.747 70873 INFO tempest.lib.common.rest_client [req-13b7c15a-2126-45e5-8dee-28209f130ee8 req-13b7c15a-2126-45e5-8dee-28209f130ee8 ] Request (ServersAdmin275Test:test_rebuild_update_server_275): 200 GET http://10.180.1.21/compute/v2.1/servers/c54cdc3e-0a86-4662-b2ad-13e2c08c7897 1.751s
2025-04-04 01:28:19.756 70857 INFO tempest.lib.common.rest_client [req-d4141fab-407b-4f2c-99c4-93e6e63eb456 req-d4141fab-407b-4f2c-99c4-93e6e63eb456 ] Request (HypervisorAdminNegativeUnderV252Test:tearDownClass): 201 POST http://10.180.1.21/identity/v3/auth/tokens 0.161s
2025-04-04 01:28:19.783 70851 INFO tempest.lib.common.rest_client [req-6ebf827b-6d70-4b06-ab90-8f56c2bf4c8d req-6ebf827b-6d70-4b06-ab90-8f56c2bf4c8d ] Request (HypervisorAdminV228Test:test_get_list_hypervisor_details): 200 GET http://10.180.1.21/compute/v2.1/os-hypervisors 1.848s
2025-04-04 01:28:19.829 70837 INFO tempest.lib.common.rest_client [req-2d85c3a3-cd37-455f-a4ac-2784561aadb7 req-2d85c3a3-cd37-455f-a4ac-2784561aadb7 ] Request (HypervisorAdminUnderV252Test:tearDownClass): 204 DELETE http://10.180.1.21/identity/v3/projects/315f49e859df4960a888709ca2ae30a8 0.226s
2025-04-04 01:28:19.830 70837 INFO tempest.test [-] raised in UnshelveToHostMultiNodesTest.setUpClass. Invoking tearDownClass.
2025-04-04 01:28:19.837 70867 INFO tempest.lib.common.rest_client [req-9587afed-4804-44f3-9cf9-457e3b2d92f1 req-9587afed-4804-44f3-9cf9-457e3b2d92f1 ] Request (QuotaClassesAdminTestJSON:setUpClass): 201 POST http://10.180.1.21/identity/v3/auth/tokens 0.173s
2025-04-04 01:28:19.944 70831 INFO tempest.lib.common.rest_client [req-9110816b-6c32-488f-b997-b3b4e2b4e973 req-9110816b-6c32-488f-b997-b3b4e2b4e973 ] Request (TenantUsagesNegativeTestJSON:tearDownClass): 204 DELETE http://10.180.1.21:9696/networking/v2.0/security-groups/b4d1a034-a13d-4194-a8e8-b34c80d5f2ef 0.313s
2025-04-04 01:28:19.944 70846 INFO tempest.lib.common.rest_client [req-18728cf2-c14e-4249-9dfa-00b6068173ef req-18728cf2-c14e-4249-9dfa-00b6068173ef ] Request (HypervisorAdminTestJSON:tearDownClass): 204 DELETE http://10.180.1.21/identity/v3/projects/af5dac34ec7b46458dc9b8410fa9546b 0.218s
2025-04-04 01:28:19.947 70863 INFO tempest.lib.common.rest_client [req-45a01a18-d2a4-458e-87a5-2043bcdb341f req-45a01a18-d2a4-458e-87a5-2043bcdb341f ] Request (FlavorMetadataValidation:tearDownClass): 204 DELETE http://10.180.1.21/identity/v3/projects/71c421cd9798435e8eb2b31c39ccb38a 0.223s
2025-04-04 01:28:19.948 70863 INFO tempest.test [-] raised in LiveMigrationRemoteConsolesV26Test.setUpClass. Invoking tearDownClass.
2025-04-04 01:28:20.040 70861 INFO tempest.lib.common.rest_client [req-2233073e-a3d9-4a99-8a93-9c6b5ceaf511 req-2233073e-a3d9-4a99-8a93-9c6b5ceaf511 ] Request (ServersAdminTestJSON:setUpClass): 204 PUT http://10.180.1.21/identity/v3/projects/dcda39fdaf764cda96fe843484b56360/users/f67a39f9013f4674bdc8d02e16dc880a/roles/d3fac7dbc3814a3da87df4a0d39fe2ae 0.312s
2025-04-04 01:28:20.041 70861 INFO tempest.lib.common.dynamic_creds [-] Dynamic test user f67a39f9013f4674bdc8d02e16dc880a is created with scope project and roles: ['member']
2025-04-04 01:28:20.041 70861 INFO tempest.lib.common.dynamic_creds [-] Acquired dynamic creds: credentials: Credentials: {'domain_id': 'default', 'domain_name': 'Default', 'username': 'tempest-ServersAdminTestJSON-1745122316-project-member', 'project_domain_id': 'default', 'project_domain_name': 'Default', 'project_id': 'dcda39fdaf764cda96fe843484b56360', 'project_name': 'tempest-ServersAdminTestJSON-1745122316', 'tenant_id': 'dcda39fdaf764cda96fe843484b56360', 'tenant_name': 'tempest-ServersAdminTestJSON-1745122316', 'user_domain_id': 'default', 'user_domain_name': 'Default', 'user_id': 'f67a39f9013f4674bdc8d02e16dc880a', 'system': None}, Network: None, Subnet: None, Router: None
2025-04-04 01:28:20.104 70837 INFO tempest.lib.common.rest_client [req-ed3d82cb-3502-4acb-9242-78bf023b6116 req-ed3d82cb-3502-4acb-9242-78bf023b6116 ] Request (ServicesAdminTestJSON:setUpClass): 201 POST http://10.180.1.21/identity/v3/auth/tokens 0.272s
2025-04-04 01:28:20.138 70867 INFO tempest.lib.common.rest_client [req-41ef7138-aecf-4ad4-95b7-73fa160d4765 req-41ef7138-aecf-4ad4-95b7-73fa160d4765 ] Request (QuotaClassesAdminTestJSON:setUpClass): 201 POST http://10.180.1.21/identity/v3/projects 0.300s
2025-04-04 01:28:20.142 70847 INFO tempest.lib.common.rest_client [req-0509153a-d126-4d92-840b-1b0af262a13d req-0509153a-d126-4d92-840b-1b0af262a13d ] Request (AttachInterfacesTestJSON:setUpClass): 201 POST http://10.180.1.21:9696/networking/v2.0/networks 0.827s
2025-04-04 01:28:20.227 70846 INFO tempest.lib.common.rest_client [req-c3a49b44-780a-4f7d-902b-23f509b3ad78 req-c3a49b44-780a-4f7d-902b-23f509b3ad78 ] Request (ServerDiagnosticsTest:setUpClass): 201 POST http://10.180.1.21/identity/v3/auth/tokens 0.280s
2025-04-04 01:28:20.240 70831 INFO tempest.lib.common.rest_client [req-9f306ad6-272a-48b1-9d57-5b0159857c50 req-9f306ad6-272a-48b1-9d57-5b0159857c50 ] Request (TenantUsagesNegativeTestJSON:tearDownClass): 204 DELETE http://10.180.1.21/identity/v3/projects/960ad596379d46d9a5d24f9fa2e69c0d 0.295s
2025-04-04 01:28:20.248 70857 INFO tempest.lib.common.rest_client [req-d2427ab1-3a7a-40e5-9e16-653340b090c0 req-d2427ab1-3a7a-40e5-9e16-653340b090c0 ] Request (HypervisorAdminNegativeUnderV252Test:tearDownClass): 200 GET http://10.180.1.21:9696/networking/v2.0/security-groups?tenant_id=5acc52ad09a14aa884b166d47a435cb2&name=default 0.492s
2025-04-04 01:28:20.292 70815 INFO tempest.lib.common.rest_client [req-0c1a5def-9ebf-4d9b-af7b-0907acd51590 req-0c1a5def-9ebf-4d9b-af7b-0907acd51590 ] Request (ServersTestBootFromVolume:setUpClass): 200 GET http://10.180.1.21/volume/v3/volumes/d3a8a3fe-5e64-4c42-9474-ece93618caec 0.069s
2025-04-04 01:28:20.355 70861 INFO tempest.lib.common.rest_client [req-632cbab0-a3ce-4448-9f33-f1e33da2e758 req-632cbab0-a3ce-4448-9f33-f1e33da2e758 ] Request (ServersAdminTestJSON:setUpClass): 201 POST http://10.180.1.21/identity/v3/auth/tokens 0.313s
2025-04-04 01:28:20.377 70863 INFO tempest.lib.common.rest_client [req-05d611cb-bd01-413a-ac14-f405a9733408 req-05d611cb-bd01-413a-ac14-f405a9733408 ] Request (ServerActionsTestOtherA:setUpClass): 201 POST http://10.180.1.21/identity/v3/auth/tokens 0.425s
2025-04-04 01:28:20.380 70837 INFO tempest.lib.common.rest_client [req-a91f4e7f-b745-4e30-bda2-12b220374682 req-a91f4e7f-b745-4e30-bda2-12b220374682 ] Request (ServicesAdminTestJSON:setUpClass): 201 POST http://10.180.1.21/identity/v3/auth/tokens 0.272s
2025-04-04 01:28:20.392 70823 INFO tempest.lib.common.rest_client [req-90ca4402-746f-48df-93d7-951144e38475 req-90ca4402-746f-48df-93d7-951144e38475 ] Request (VolumesAssistedSnapshotsTest:setUpClass): 200 PUT http://10.180.1.21:9696/networking/v2.0/routers/ed4172b2-f81f-470a-b54a-b48a5729a413/add_router_interface 2.448s
2025-04-04 01:28:20.392 70823 INFO tempest.lib.common.dynamic_creds [-] Created isolated network resources for: credentials: Credentials: {'domain_id': 'default', 'domain_name': 'Default', 'username': 'tempest-VolumesAssistedSnapshotsTest-50572932-project', 'project_domain_id': 'default', 'project_domain_name': 'Default', 'project_id': '2f6fe834e93f4d7ea96a6512b0237fc0', 'project_name': 'tempest-VolumesAssistedSnapshotsTest-50572932', 'tenant_id': '2f6fe834e93f4d7ea96a6512b0237fc0', 'tenant_name': 'tempest-VolumesAssistedSnapshotsTest-50572932', 'user_domain_id': 'default', 'user_domain_name': 'Default', 'user_id': '17e255df795741d2a0427e9d19590d24', 'system': None}, Network: {'id': '4a7df206-f758-4124-9986-01f3b2c316f0', 'name': 'tempest-VolumesAssistedSnapshotsTest-511223387-network', 'tenant_id': '2f6fe834e93f4d7ea96a6512b0237fc0', 'admin_state_up': True, 'mtu': 8950, 'status': 'ACTIVE', 'subnets': [], 'shared': False, 'project_id': '2f6fe834e93f4d7ea96a6512b0237fc0', 'port_security_enabled': True, 'router:external': False, 'provider:network_type': 'vlan', 'provider:physical_network': 'default', 'provider:segmentation_id': 885, 'availability_zone_hints': [], 'availability_zones': [], 'ipv4_address_scope': None, 'ipv6_address_scope': None, 'description': '', 'tags': [], 'created_at': '2025-04-04T01:28:16Z', 'updated_at': '2025-04-04T01:28:16Z', 'revision_number': 1}, Subnet: {'id': '8c437228-6b6c-4920-ab51-5b9ce2b5507e', 'name': 'tempest-VolumesAssistedSnapshotsTest-511223387-subnet', 'tenant_id': '2f6fe834e93f4d7ea96a6512b0237fc0', 'network_id': '4a7df206-f758-4124-9986-01f3b2c316f0', 'ip_version': 4, 'subnetpool_id': None, 'enable_dhcp': True, 'ipv6_ra_mode': None, 'ipv6_address_mode': None, 'gateway_ip': '192.168.128.1', 'cidr': '192.168.128.0/28', 'allocation_pools': [{'start': '192.168.128.2', 'end': '192.168.128.14'}], 'host_routes': [], 'dns_nameservers': [], 'description': '', 'router:external': False, 'service_types': [], 'tags': [], 'created_at': '2025-04-04T01:28:16Z', 'updated_at': '2025-04-04T01:28:16Z', 'revision_number': 0, 'project_id': '2f6fe834e93f4d7ea96a6512b0237fc0'}, Router: {'id': 'ed4172b2-f81f-470a-b54a-b48a5729a413', 'name': 'tempest-VolumesAssistedSnapshotsTest-511223387-router', 'tenant_id': '2f6fe834e93f4d7ea96a6512b0237fc0', 'admin_state_up': True, 'status': 'ACTIVE', 'external_gateway_info': {'network_id': '78985c96-488e-43b2-9cdf-542b7bc37c10', 'external_fixed_ips': [{'subnet_id': 'fff3e98d-c14d-4a87-a0d9-3a8c435ac3f6', 'ip_address': '10.180.180.136'}], 'enable_snat': True}, 'description': '', 'availability_zones': [], 'distributed': False, 'ha': False, 'availability_zone_hints': [], 'routes': [], 'flavor_id': None, 'tags': [], 'created_at': '2025-04-04T01:28:16Z', 'updated_at': '2025-04-04T01:28:17Z', 'revision_number': 2, 'project_id': '2f6fe834e93f4d7ea96a6512b0237fc0'}
2025-04-04 01:28:20.409 70846 INFO tempest.lib.common.rest_client [req-3fef2cce-63ca-49ab-97c7-5cc3397a2e20 req-3fef2cce-63ca-49ab-97c7-5cc3397a2e20 ] Request (ServerDiagnosticsTest:setUpClass): 201 POST http://10.180.1.21/identity/v3/auth/tokens 0.180s
2025-04-04 01:28:20.417 70867 INFO tempest.lib.common.rest_client [req-c242d2e2-f2d3-4f2c-a96c-35343bf0ef8f req-c242d2e2-f2d3-4f2c-a96c-35343bf0ef8f ] Request (QuotaClassesAdminTestJSON:setUpClass): 201 POST http://10.180.1.21/identity/v3/users 0.279s
2025-04-04 01:28:20.432 70831 INFO tempest.lib.common.rest_client [req-aaaf7f98-b4c5-4717-aa6c-2911022a108a req-aaaf7f98-b4c5-4717-aa6c-2911022a108a ] Request (FloatingIPDetailsNegativeTestJSON:setUpClass): 201 POST http://10.180.1.21/identity/v3/auth/tokens 0.190s
2025-04-04 01:28:20.455 70863 INFO tempest.lib.common.rest_client [req-e8409123-9d63-4be7-aac2-4722c10d1bae req-e8409123-9d63-4be7-aac2-4722c10d1bae ] Request (ServerActionsTestOtherA:setUpClass): 201 POST http://10.180.1.21/identity/v3/auth/tokens 0.075s
2025-04-04 01:28:20.468 70865 INFO tempest.lib.common.rest_client [req-f4aefa65-e4f9-4fec-8df2-2d45db5b391e req-f4aefa65-e4f9-4fec-8df2-2d45db5b391e ] Request (DeleteServersAdminTestJSON:test_admin_delete_servers_of_others): 200 GET http://10.180.1.21/compute/v2.1/servers/b6971311-a16f-4346-b1bf-a83950a38601 2.248s
2025-04-04 01:28:20.479 70865 INFO tempest.common.waiters [-] State transition "BUILD/None" ==> "BUILD/spawning" after 9 second wait
2025-04-04 01:28:20.477 70837 INFO tempest.lib.common.rest_client [req-5bb7a1eb-8b3b-45fc-b9fe-c3ed8d7a98b7 req-5bb7a1eb-8b3b-45fc-b9fe-c3ed8d7a98b7 ] Request (ServicesAdminTestJSON:setUpClass): 200 GET http://10.180.1.21/identity/v3/domains?name=Default 0.097s
2025-04-04 01:28:20.501 70827 INFO tempest.lib.common.rest_client [req-d9fb18d3-22a4-4a37-9ca1-121d38018304 req-d9fb18d3-22a4-4a37-9ca1-121d38018304 ] Request (ServersWithSpecificFlavorTestJSON:test_verify_created_server_ephemeral_disk): 200 POST http://10.180.1.21/compute/v2.1/flavors/1378990753/os-extra_specs 2.060s
2025-04-04 01:28:20.505 70846 INFO tempest.lib.common.rest_client [req-7f0b1a62-f927-415e-9894-9442e214a6db req-7f0b1a62-f927-415e-9894-9442e214a6db ] Request (ServerDiagnosticsTest:setUpClass): 200 GET http://10.180.1.21/identity/v3/domains?name=Default 0.095s
2025-04-04 01:28:20.527 70867 INFO tempest.lib.common.rest_client [req-f01ccba5-c8d4-4f8c-a0d1-ffaf0b0f587e req-f01ccba5-c8d4-4f8c-a0d1-ffaf0b0f587e ] Request (QuotaClassesAdminTestJSON:setUpClass): 200 GET http://10.180.1.21/identity/v3/roles 0.109s
2025-04-04 01:28:20.552 70823 INFO tempest.lib.common.rest_client [req-4f90066f-34aa-42c4-a7c3-685acfe07dbc req-4f90066f-34aa-42c4-a7c3-685acfe07dbc ] Request (VolumesAssistedSnapshotsTest:setUpClass): 201 POST http://10.180.1.21/identity/v3/auth/tokens 0.154s
2025-04-04 01:28:20.554 70857 INFO tempest.lib.common.rest_client [req-0f9e0e33-2214-40ac-9ce0-d73777ad97c0 req-0f9e0e33-2214-40ac-9ce0-d73777ad97c0 ] Request (HypervisorAdminNegativeUnderV252Test:tearDownClass): 204 DELETE http://10.180.1.21:9696/networking/v2.0/security-groups/78309b91-8c3e-4d83-9112-64ca7ea60b81 0.305s
2025-04-04 01:28:20.555 70831 INFO tempest.lib.common.rest_client [req-ce3a4519-6b77-4016-9b9f-03bae332433c req-ce3a4519-6b77-4016-9b9f-03bae332433c ] Request (FloatingIPDetailsNegativeTestJSON:setUpClass): 201 POST http://10.180.1.21/identity/v3/auth/tokens 0.121s
2025-04-04 01:28:20.573 70859 INFO tempest.lib.common.rest_client [req-5ededf25-fdc9-4dcf-afea-1f27460ee074 req-5ededf25-fdc9-4dcf-afea-1f27460ee074 ] Request (MigrationsAdminTest:test_list_migrations_in_flavor_resize_situation): 200 GET http://10.180.1.21/compute/v2.1/servers/1706073b-fe4f-43f9-8f01-5ae6912f5cf3 1.769s
2025-04-04 01:28:20.585 70837 INFO tempest.lib.common.rest_client [req-3b963de2-27d3-41f3-b4bc-abf1d42d816a req-3b963de2-27d3-41f3-b4bc-abf1d42d816a ] Request (ServicesAdminTestJSON:setUpClass): 201 POST http://10.180.1.21/identity/v3/projects 0.105s
2025-04-04 01:28:20.591 70863 INFO tempest.lib.common.rest_client [req-ec64642d-0a5a-499e-9a82-5b3d27bc03c8 req-ec64642d-0a5a-499e-9a82-5b3d27bc03c8 ] Request (ServerActionsTestOtherA:setUpClass): 200 GET http://10.180.1.21/identity/v3/domains?name=Default 0.136s
2025-04-04 01:28:20.617 70843 INFO tempest.lib.common.rest_client [req-39a2429a-2ec4-4362-bc12-7eb144cb0acc req-39a2429a-2ec4-4362-bc12-7eb144cb0acc ] Request (ListImageFiltersTestJSON:setUpClass): 200 GET http://10.180.1.21/compute/v2.1/images/7413434a-ec9b-4edb-9d4c-b16c68762113 1.804s
2025-04-04 01:28:20.658 70846 INFO tempest.lib.common.rest_client [req-dc1ff5b3-07be-490d-b2b7-cbcaf0883487 req-dc1ff5b3-07be-490d-b2b7-cbcaf0883487 ] Request (ServerDiagnosticsTest:setUpClass): 201 POST http://10.180.1.21/identity/v3/projects 0.152s
2025-04-04 01:28:20.668 70847 INFO tempest.lib.common.rest_client [req-b3337ace-e319-4563-844f-342e4ab78ba0 req-b3337ace-e319-4563-844f-342e4ab78ba0 ] Request (AttachInterfacesTestJSON:setUpClass): 201 POST http://10.180.1.21:9696/networking/v2.0/subnets 0.526s
2025-04-04 01:28:20.677 70867 INFO tempest.lib.common.rest_client [req-665f4a14-dabb-407d-a6f6-2ae16e6e8efc req-665f4a14-dabb-407d-a6f6-2ae16e6e8efc ] Request (QuotaClassesAdminTestJSON:setUpClass): 204 PUT http://10.180.1.21/identity/v3/projects/8cb1356d8a824dcdafcf2c1a367a3348/users/c508385cd3724534861f0d90a85cd3bf/roles/7c6ff780b58040199a9268d2e282d64a 0.148s
2025-04-04 01:28:20.753 70871 INFO tempest.lib.common.rest_client [req-6f323e91-6168-47c7-b261-d9f6b923f9c7 req-6f323e91-6168-47c7-b261-d9f6b923f9c7 ] Request (ServersWithFlavorSwapResizeTest:test_flavor_swap_0_to_1024): 202 POST http://10.180.1.21/compute/v2.1/servers 2.744s
2025-04-04 01:28:20.768 70831 INFO tempest.lib.common.rest_client [req-5647e529-6246-4455-9242-a5acafb34490 req-5647e529-6246-4455-9242-a5acafb34490 ] Request (FloatingIPDetailsNegativeTestJSON:setUpClass): 200 GET http://10.180.1.21/identity/v3/domains?name=Default 0.213s
2025-04-04 01:28:20.834 70857 INFO tempest.lib.common.rest_client [req-02501f6f-8398-4fcd-908d-56862e7fa997 req-02501f6f-8398-4fcd-908d-56862e7fa997 ] Request (HypervisorAdminNegativeUnderV252Test:tearDownClass): 204 DELETE http://10.180.1.21/identity/v3/projects/5acc52ad09a14aa884b166d47a435cb2 0.279s
2025-04-04 01:28:20.834 70857 INFO tempest.lib.common.dynamic_creds [-] Deleting project and security group for project: 942c6c5e0c7c4f809e016b6b3b9eb545
2025-04-04 01:28:20.898 70837 INFO tempest.lib.common.rest_client [req-2e568ff6-b38f-4d47-9d5a-3fc879218230 req-2e568ff6-b38f-4d47-9d5a-3fc879218230 ] Request (ServicesAdminTestJSON:setUpClass): 201 POST http://10.180.1.21/identity/v3/users 0.312s
2025-04-04 01:28:20.898 70861 INFO tempest.lib.common.rest_client [req-92b07849-f9d5-4fb0-a747-66d9123469ee req-92b07849-f9d5-4fb0-a747-66d9123469ee ] Request (ServersAdminTestJSON:setUpClass): 201 POST http://10.180.1.21:9696/networking/v2.0/networks 0.543s
2025-04-04 01:28:20.934 70863 INFO tempest.lib.common.rest_client [req-7c4268b2-a590-43f3-a5e6-05ae57430d31 req-7c4268b2-a590-43f3-a5e6-05ae57430d31 ] Request (ServerActionsTestOtherA:setUpClass): 201 POST http://10.180.1.21/identity/v3/projects 0.339s
2025-04-04 01:28:20.995 70846 INFO tempest.lib.common.rest_client [req-2111b67e-8999-437a-80c0-363261f13cf6 req-2111b67e-8999-437a-80c0-363261f13cf6 ] Request (ServerDiagnosticsTest:setUpClass): 201 POST http://10.180.1.21/identity/v3/users 0.336s
2025-04-04 01:28:21.018 70867 INFO tempest.lib.common.rest_client [req-78de84a1-1f03-45f8-a497-d96240566253 req-78de84a1-1f03-45f8-a497-d96240566253 ] Request (QuotaClassesAdminTestJSON:setUpClass): 200 GET http://10.180.1.21/identity/v3/roles 0.341s
2025-04-04 01:28:21.060 70831 INFO tempest.lib.common.rest_client [req-ca432455-f724-433c-bdbd-4114fd72f9e0 req-ca432455-f724-433c-bdbd-4114fd72f9e0 ] Request (FloatingIPDetailsNegativeTestJSON:setUpClass): 201 POST http://10.180.1.21/identity/v3/projects 0.291s
2025-04-04 01:28:21.068 70833 INFO tempest.lib.common.rest_client [req-80a94e97-6513-4083-a35b-b7d85172c70b req-80a94e97-6513-4083-a35b-b7d85172c70b ] Request (FlavorsAccessTestJSON:test_flavor_access_add_remove): 200 GET http://10.180.1.21/compute/v2.1/flavors/detail 2.222s
2025-04-04 01:28:21.105 70857 INFO tempest.lib.common.rest_client [req-f528b46f-6426-4327-b22f-278491facdfb req-f528b46f-6426-4327-b22f-278491facdfb ] Request (HypervisorAdminNegativeUnderV252Test:tearDownClass): 200 GET http://10.180.1.21:9696/networking/v2.0/security-groups?tenant_id=942c6c5e0c7c4f809e016b6b3b9eb545&name=default 0.270s
2025-04-04 01:28:21.109 70837 INFO tempest.lib.common.rest_client [req-7780d53f-754a-4cd5-a7e4-fc56ee2eeebb req-7780d53f-754a-4cd5-a7e4-fc56ee2eeebb ] Request (ServicesAdminTestJSON:setUpClass): 200 GET http://10.180.1.21/identity/v3/roles 0.211s
2025-04-04 01:28:21.138 70863 INFO tempest.lib.common.rest_client [req-afc0dcdc-5b0a-48cc-8acb-e4295d839c33 req-afc0dcdc-5b0a-48cc-8acb-e4295d839c33 ] Request (ServerActionsTestOtherA:setUpClass): 201 POST http://10.180.1.21/identity/v3/users 0.203s
2025-04-04 01:28:21.145 70846 INFO tempest.lib.common.rest_client [req-3d1836bf-a0d6-4005-af43-f829df0877a2 req-3d1836bf-a0d6-4005-af43-f829df0877a2 ] Request (ServerDiagnosticsTest:setUpClass): 200 GET http://10.180.1.21/identity/v3/roles 0.149s
2025-04-04 01:28:21.159 70867 INFO tempest.lib.common.rest_client [req-0e926269-2f0e-47d8-8aa6-a07fb10c7d3a req-0e926269-2f0e-47d8-8aa6-a07fb10c7d3a ] Request (QuotaClassesAdminTestJSON:setUpClass): 204 PUT http://10.180.1.21/identity/v3/projects/8cb1356d8a824dcdafcf2c1a367a3348/users/c508385cd3724534861f0d90a85cd3bf/roles/7c6ff780b58040199a9268d2e282d64a 0.140s
2025-04-04 01:28:21.159 70867 INFO tempest.lib.common.dynamic_creds [-] Dynamic test user c508385cd3724534861f0d90a85cd3bf is created with scope project and roles: ['admin']
2025-04-04 01:28:21.159 70867 INFO tempest.lib.common.dynamic_creds [-] Acquired dynamic creds: credentials: Credentials: {'domain_id': 'default', 'domain_name': 'Default', 'username': 'tempest-QuotaClassesAdminTestJSON-569927293-project-admin', 'project_domain_id': 'default', 'project_domain_name': 'Default', 'project_id': '8cb1356d8a824dcdafcf2c1a367a3348', 'project_name': 'tempest-QuotaClassesAdminTestJSON-569927293', 'tenant_id': '8cb1356d8a824dcdafcf2c1a367a3348', 'tenant_name': 'tempest-QuotaClassesAdminTestJSON-569927293', 'user_domain_id': 'default', 'user_domain_name': 'Default', 'user_id': 'c508385cd3724534861f0d90a85cd3bf', 'system': None}, Network: None, Subnet: None, Router: None
2025-04-04 01:28:21.159 70867 INFO tempest.lib.common.dynamic_creds [-] Created isolated network resources for: credentials: Credentials: {'domain_id': 'default', 'domain_name': 'Default', 'username': 'tempest-QuotaClassesAdminTestJSON-569927293-project-admin', 'project_domain_id': 'default', 'project_domain_name': 'Default', 'project_id': '8cb1356d8a824dcdafcf2c1a367a3348', 'project_name': 'tempest-QuotaClassesAdminTestJSON-569927293', 'tenant_id': '8cb1356d8a824dcdafcf2c1a367a3348', 'tenant_name': 'tempest-QuotaClassesAdminTestJSON-569927293', 'user_domain_id': 'default', 'user_domain_name': 'Default', 'user_id': 'c508385cd3724534861f0d90a85cd3bf', 'system': None}, Network: None, Subnet: None, Router: None
2025-04-04 01:28:21.185 70817 INFO tempest.lib.common.rest_client [req-36ecaf8f-f67f-4f03-8548-735a4ff1a613 req-36ecaf8f-f67f-4f03-8548-735a4ff1a613 ] Request (AggregatesAdminNegativeTestJSON:_run_cleanups): 200 DELETE http://10.180.1.21/compute/v2.1/os-aggregates/1 2.181s
2025-04-04 01:28:21.198 70831 INFO tempest.lib.common.rest_client [req-579e7bd2-1516-4ea0-9b40-87cce51c06dc req-579e7bd2-1516-4ea0-9b40-87cce51c06dc ] Request (FloatingIPDetailsNegativeTestJSON:setUpClass): 201 POST http://10.180.1.21/identity/v3/users 0.137s
2025-04-04 01:28:21.218 70813 INFO tempest.lib.common.rest_client [req-5f86a244-7212-43a9-8bc9-429fd090d5c5 req-5f86a244-7212-43a9-8bc9-429fd090d5c5 ] Request (FlavorsAdminTestJSON:_run_cleanups): 200 GET http://10.180.1.21/compute/v2.1/flavors/detail 2.201s
2025-04-04 01:28:21.229 70819 INFO tempest.lib.common.rest_client [req-c6bbe01c-def0-414e-8dd8-fc069d54392b req-c6bbe01c-def0-414e-8dd8-fc069d54392b ] Request (FlavorsExtraSpecsNegativeTestJSON:test_flavor_non_admin_update_specific_key): 403 PUT http://10.180.1.21/compute/v2.1/flavors/595990350/os-extra_specs/hw:numa_nodes 2.038s
2025-04-04 01:28:21.233 70837 INFO tempest.lib.common.rest_client [req-7a86f532-23d1-4415-a93a-de05632a570c req-7a86f532-23d1-4415-a93a-de05632a570c ] Request (ServicesAdminTestJSON:setUpClass): 204 PUT http://10.180.1.21/identity/v3/projects/aab6f85c80b84fa18fbfd040cfb53463/users/2e10aa6697c8480191c768e0acf89f6c/roles/d3fac7dbc3814a3da87df4a0d39fe2ae 0.122s
2025-04-04 01:28:21.233 70837 INFO tempest.lib.common.dynamic_creds [-] Dynamic test user 2e10aa6697c8480191c768e0acf89f6c is created with scope project and roles: ['member']
2025-04-04 01:28:21.233 70837 INFO tempest.lib.common.dynamic_creds [-] Acquired dynamic creds: credentials: Credentials: {'domain_id': 'default', 'domain_name': 'Default', 'username': 'tempest-ServicesAdminTestJSON-336213108-project-member', 'project_domain_id': 'default', 'project_domain_name': 'Default', 'project_id': 'aab6f85c80b84fa18fbfd040cfb53463', 'project_name': 'tempest-ServicesAdminTestJSON-336213108', 'tenant_id': 'aab6f85c80b84fa18fbfd040cfb53463', 'tenant_name': 'tempest-ServicesAdminTestJSON-336213108', 'user_domain_id': 'default', 'user_domain_name': 'Default', 'user_id': '2e10aa6697c8480191c768e0acf89f6c', 'system': None}, Network: None, Subnet: None, Router: None
2025-04-04 01:28:21.233 70837 INFO tempest.lib.common.dynamic_creds [-] Created isolated network resources for: credentials: Credentials: {'domain_id': 'default', 'domain_name': 'Default', 'username': 'tempest-ServicesAdminTestJSON-336213108-project-member', 'project_domain_id': 'default', 'project_domain_name': 'Default', 'project_id': 'aab6f85c80b84fa18fbfd040cfb53463', 'project_name': 'tempest-ServicesAdminTestJSON-336213108', 'tenant_id': 'aab6f85c80b84fa18fbfd040cfb53463', 'tenant_name': 'tempest-ServicesAdminTestJSON-336213108', 'user_domain_id': 'default', 'user_domain_name': 'Default', 'user_id': '2e10aa6697c8480191c768e0acf89f6c', 'system': None}, Network: None, Subnet: None, Router: None
2025-04-04 01:28:21.253 70821 INFO tempest.lib.common.rest_client [req-ab5a5274-0c53-4757-8b90-c4e72f017484 req-ab5a5274-0c53-4757-8b90-c4e72f017484 ] Request (FlavorsExtraSpecsTestJSON:test_flavor_set_get_update_show_unset_keys): 200 GET http://10.180.1.21/compute/v2.1/flavors/1235188610/os-extra_specs 2.041s
2025-04-04 01:28:21.258 70829 INFO tempest.lib.common.rest_client [req-a5a476c5-18ac-4dbf-a4e8-6365e2e3852c req-a5a476c5-18ac-4dbf-a4e8-6365e2e3852c ] Request (HostsAdminNegativeTestJSON:test_shutdown_host_with_non_admin_user): 403 GET http://10.180.1.21/compute/v2.1/os-hosts/devstack/shutdown 2.032s
2025-04-04 01:28:21.262 70823 INFO tempest.lib.common.rest_client [req-6dfdc48b-73cd-45a9-b74c-799b83799182 req-6dfdc48b-73cd-45a9-b74c-799b83799182 ] Request (VolumesAssistedSnapshotsTest:test_volume_assisted_snapshot_create_delete): 202 POST http://10.180.1.21/volume/v3/volumes 0.709s
2025-04-04 01:28:21.272 70863 INFO tempest.lib.common.rest_client [req-60746810-39a3-4512-b81e-6dec7a830064 req-60746810-39a3-4512-b81e-6dec7a830064 ] Request (ServerActionsTestOtherA:setUpClass): 200 GET http://10.180.1.21/identity/v3/roles 0.133s
2025-04-04 01:28:21.288 70861 INFO tempest.lib.common.rest_client [req-3b863bfa-9743-4f34-9679-f63d9fa47ec7 req-3b863bfa-9743-4f34-9679-f63d9fa47ec7 ] Request (ServersAdminTestJSON:setUpClass): 201 POST http://10.180.1.21:9696/networking/v2.0/subnets 0.389s
2025-04-04 01:28:21.298 70849 INFO tempest.lib.common.rest_client [req-ff6caa41-72a6-43b6-9940-d5db59ac0231 req-ff6caa41-72a6-43b6-9940-d5db59ac0231 ] Request (FlavorsV261TestJSON:_run_cleanups): 200 GET http://10.180.1.21/compute/v2.1/flavors/detail 2.055s
2025-04-04 01:28:21.330 70855 INFO tempest.lib.common.rest_client [req-93c06a20-7221-494c-9fd2-2820ed96f35d req-93c06a20-7221-494c-9fd2-2820ed96f35d ] Request (KeyPairsV210TestJSON:_run_cleanups): 204 DELETE http://10.180.1.21/compute/v2.1/os-keypairs/tempest-keypair-435529301?user_id=b044ae8ff76143e79cc0ee4cde5b6498 2.066s
2025-04-04 01:28:21.339 70846 INFO tempest.lib.common.rest_client [req-ccf98d86-a9c3-498b-a848-cac49d0d3383 req-ccf98d86-a9c3-498b-a848-cac49d0d3383 ] Request (ServerDiagnosticsTest:setUpClass): 204 PUT http://10.180.1.21/identity/v3/projects/f2f2e156a2204ee5ac86e76dcaf59c41/users/ca2e08f2b2fe423b805545ec2bebbe72/roles/d3fac7dbc3814a3da87df4a0d39fe2ae 0.194s
2025-04-04 01:28:21.339 70846 INFO tempest.lib.common.dynamic_creds [-] Dynamic test user ca2e08f2b2fe423b805545ec2bebbe72 is created with scope project and roles: ['member']
2025-04-04 01:28:21.339 70846 INFO tempest.lib.common.dynamic_creds [-] Acquired dynamic creds: credentials: Credentials: {'domain_id': 'default', 'domain_name': 'Default', 'username': 'tempest-ServerDiagnosticsTest-1166109078-project-member', 'project_domain_id': 'default', 'project_domain_name': 'Default', 'project_id': 'f2f2e156a2204ee5ac86e76dcaf59c41', 'project_name': 'tempest-ServerDiagnosticsTest-1166109078', 'tenant_id': 'f2f2e156a2204ee5ac86e76dcaf59c41', 'tenant_name': 'tempest-ServerDiagnosticsTest-1166109078', 'user_domain_id': 'default', 'user_domain_name': 'Default', 'user_id': 'ca2e08f2b2fe423b805545ec2bebbe72', 'system': None}, Network: None, Subnet: None, Router: None
2025-04-04 01:28:21.339 70846 INFO tempest.lib.common.dynamic_creds [-] Created isolated network resources for: credentials: Credentials: {'domain_id': 'default', 'domain_name': 'Default', 'username': 'tempest-ServerDiagnosticsTest-1166109078-project-member', 'project_domain_id': 'default', 'project_domain_name': 'Default', 'project_id': 'f2f2e156a2204ee5ac86e76dcaf59c41', 'project_name': 'tempest-ServerDiagnosticsTest-1166109078', 'tenant_id': 'f2f2e156a2204ee5ac86e76dcaf59c41', 'tenant_name': 'tempest-ServerDiagnosticsTest-1166109078', 'user_domain_id': 'default', 'user_domain_name': 'Default', 'user_id': 'ca2e08f2b2fe423b805545ec2bebbe72', 'system': None}, Network: None, Subnet: None, Router: None
2025-04-04 01:28:21.355 70823 INFO tempest.lib.common.rest_client [req-7160c514-6b5e-45a3-8acf-9554335fa90f req-7160c514-6b5e-45a3-8acf-9554335fa90f ] Request (VolumesAssistedSnapshotsTest:test_volume_assisted_snapshot_create_delete): 200 GET http://10.180.1.21/volume/v3/volumes/e79fed75-2291-4d61-a380-ceb92003183e 0.085s
2025-04-04 01:28:21.383 70815 INFO tempest.lib.common.rest_client [req-5322e741-dffd-4853-a139-1cf06313b7b2 req-5322e741-dffd-4853-a139-1cf06313b7b2 ] Request (ServersTestBootFromVolume:setUpClass): 200 GET http://10.180.1.21/volume/v3/volumes/d3a8a3fe-5e64-4c42-9474-ece93618caec 0.040s
2025-04-04 01:28:21.386 70857 INFO tempest.lib.common.rest_client [req-6b39f06a-c446-4f85-b0c6-5d2be0d3ed8d req-6b39f06a-c446-4f85-b0c6-5d2be0d3ed8d ] Request (HypervisorAdminNegativeUnderV252Test:tearDownClass): 204 DELETE http://10.180.1.21:9696/networking/v2.0/security-groups/69379afd-ec46-4009-be38-93713e5888b4 0.281s
2025-04-04 01:28:21.492 70867 INFO tempest.lib.common.rest_client [req-e02db7c6-0cf4-4d28-8d33-ebc8ce1236f0 req-e02db7c6-0cf4-4d28-8d33-ebc8ce1236f0 ] Request (QuotaClassesAdminTestJSON:setUpClass): 201 POST http://10.180.1.21/identity/v3/auth/tokens 0.329s
2025-04-04 01:28:21.493 70831 INFO tempest.lib.common.rest_client [req-7d2f15c5-bc59-416f-be3c-5898114a0809 req-7d2f15c5-bc59-416f-be3c-5898114a0809 ] Request (FloatingIPDetailsNegativeTestJSON:setUpClass): 200 GET http://10.180.1.21/identity/v3/roles 0.294s
2025-04-04 01:28:21.497 70835 INFO tempest.lib.common.rest_client [req-7fd94a73-44dc-4dd9-94f2-38ca847a2c84 req-7fd94a73-44dc-4dd9-94f2-38ca847a2c84 ] Request (QuotasAdminTestJSON:test_get_updated_quotas): 200 PUT http://10.180.1.21/compute/v2.1/os-quota-sets/a5e8a53860224d70b8832dda32e8c1af 2.493s
2025-04-04 01:28:21.525 70863 INFO tempest.lib.common.rest_client [req-8b62a755-ddbf-4a15-a6f1-56ffa39b4781 req-8b62a755-ddbf-4a15-a6f1-56ffa39b4781 ] Request (ServerActionsTestOtherA:setUpClass): 204 PUT http://10.180.1.21/identity/v3/projects/b1f0af029e154dc7a5d296ccd05c69a2/users/985b0ae0a205426bbba44b2aba5959a8/roles/d3fac7dbc3814a3da87df4a0d39fe2ae 0.252s
2025-04-04 01:28:21.526 70851 INFO tempest.lib.common.rest_client [req-3f18f028-d30f-4b44-90f9-07adda977f7a req-3f18f028-d30f-4b44-90f9-07adda977f7a ] Request (HypervisorAdminV228Test:test_get_list_hypervisor_details): 200 GET http://10.180.1.21/compute/v2.1/os-hypervisors/1 1.739s
2025-04-04 01:28:21.525 70863 INFO tempest.lib.common.dynamic_creds [-] Dynamic test user 985b0ae0a205426bbba44b2aba5959a8 is created with scope project and roles: ['member']
2025-04-04 01:28:21.526 70863 INFO tempest.lib.common.dynamic_creds [-] Acquired dynamic creds: credentials: Credentials: {'domain_id': 'default', 'domain_name': 'Default', 'username': 'tempest-ServerActionsTestOtherA-1457700792-project-member', 'project_domain_id': 'default', 'project_domain_name': 'Default', 'project_id': 'b1f0af029e154dc7a5d296ccd05c69a2', 'project_name': 'tempest-ServerActionsTestOtherA-1457700792', 'tenant_id': 'b1f0af029e154dc7a5d296ccd05c69a2', 'tenant_name': 'tempest-ServerActionsTestOtherA-1457700792', 'user_domain_id': 'default', 'user_domain_name': 'Default', 'user_id': '985b0ae0a205426bbba44b2aba5959a8', 'system': None}, Network: None, Subnet: None, Router: None
2025-04-04 01:28:21.572 70837 INFO tempest.lib.common.rest_client [req-794758fe-d2bd-4924-915f-d69a620ba310 req-794758fe-d2bd-4924-915f-d69a620ba310 ] Request (ServicesAdminTestJSON:setUpClass): 201 POST http://10.180.1.21/identity/v3/auth/tokens 0.333s
2025-04-04 01:28:21.634 70849 INFO tempest.lib.common.rest_client [req-3927b53b-5f31-4b4c-a4a8-f4fdc3086280 req-3927b53b-5f31-4b4c-a4a8-f4fdc3086280 ] Request (FlavorsV261TestJSON:tearDownClass): 204 DELETE http://10.180.1.21/identity/v3/users/1b86b6d094cf407a81daf360934850da 0.312s
2025-04-04 01:28:21.638 70846 INFO tempest.lib.common.rest_client [req-ee03a5fb-e5f9-42e2-a816-d70c0c0ebc90 req-ee03a5fb-e5f9-42e2-a816-d70c0c0ebc90 ] Request (ServerDiagnosticsTest:setUpClass): 201 POST http://10.180.1.21/identity/v3/auth/tokens 0.291s
