2025-04-04 01:29:23.960 70846 INFO tempest.lib.common.dynamic_creds [-] Deleting project and security group for project: 761c0e0b044d4e3f8a33226711fa2427
2025-04-04 01:29:23.962 70841 INFO tempest.lib.common.rest_client [req-00824818-4e86-4090-8648-c31927a5e966 req-00824818-4e86-4090-8648-c31927a5e966 ] Request (ServersAdminNegativeTestJSON:test_resize_server_using_overlimit_vcpus): 403 POST http://10.180.1.21/compute/v2.1/servers/8ff3c6e9-627b-4750-8157-5bbc2d76f832/action 0.963s
2025-04-04 01:29:24.015 70835 INFO tempest.lib.common.rest_client [req-85463b1e-fcb7-4256-b525-a7adfb877735 req-85463b1e-fcb7-4256-b525-a7adfb877735 ] Request (ValidationResourcesFixture:setUp): 201 POST http://10.180.1.21:9696/networking/v2.0/security-groups 0.287s
2025-04-04 01:29:24.030 70819 INFO tempest.lib.common.rest_client [req-118e5e51-1a48-491a-85aa-e74076510b7c req-118e5e51-1a48-491a-85aa-e74076510b7c ] Request (FloatingIPsAssociationTestJSON:setUpClass): 200 GET http://10.180.1.21/compute/v2.1/servers/6ef9ced2-36c4-4fa9-8617-a386e49236ed 0.661s
2025-04-04 01:29:24.035 70875 INFO tempest.lib.common.rest_client [req-9eb5cf44-f676-4807-bb96-6f30700a950a req-9eb5cf44-f676-4807-bb96-6f30700a950a ] Request (ServersAaction247Test:test_create_backup): 200 GET http://10.180.1.21/compute/v2.1/servers/ff7a11f0-13a3-4395-bced-6ff716206ea0 0.574s
2025-04-04 01:29:24.103 70849 INFO tempest.lib.common.rest_client [req-a82c9440-79a2-4c7e-b193-a4fcafb79d75 req-a82c9440-79a2-4c7e-b193-a4fcafb79d75 ] Request (ServerShowV254Test:test_rebuild_server): 200 GET http://10.180.1.21/compute/v2.1/servers/8e8650ee-1c9a-4ed0-af77-de29148ad085 0.498s
2025-04-04 01:29:24.118 70821 INFO tempest.lib.common.rest_client [req-58135eae-56b5-4393-a4c9-dee9c9d4c020 req-58135eae-56b5-4393-a4c9-dee9c9d4c020 ] Request (VolumesAdminNegativeTest:test_update_attached_volume_with_nonexistent_volume_in_body): 200 GET http://10.180.1.21/compute/v2.1/servers/93983e23-0f91-4af0-9c71-4e04b954bf56 0.568s
2025-04-04 01:29:24.188 70859 INFO tempest.lib.common.rest_client [req-634fb6c0-1e57-436f-b62a-0a757db5f6a0 req-634fb6c0-1e57-436f-b62a-0a757db5f6a0 ] Request (MigrationsAdminTest:test_list_migrations_in_flavor_resize_situation): 204 POST http://10.180.1.21/compute/v2.1/servers/1706073b-fe4f-43f9-8f01-5ae6912f5cf3/action 0.378s
2025-04-04 01:29:24.238 70835 INFO tempest.lib.common.rest_client [req-825b5696-61f2-4e59-81d0-ef388e4139a2 req-825b5696-61f2-4e59-81d0-ef388e4139a2 ] Request (ValidationResourcesFixture:setUp): 201 POST http://10.180.1.21:9696/networking/v2.0/security-group-rules 0.222s
2025-04-04 01:29:24.290 70843 INFO tempest.lib.common.rest_client [req-d45fee3a-dc54-407b-b4ee-1805b0a924bf req-d45fee3a-dc54-407b-b4ee-1805b0a924bf ] Request (ListImageFiltersTestJSON:setUpClass): 200 GET http://10.180.1.21/compute/v2.1/servers/c18312e9-84ed-4c18-a3c6-fa9c7129e22a 0.627s
2025-04-04 01:29:24.291 70846 INFO tempest.lib.common.rest_client [req-0945b243-fbde-4c04-bb72-9149d7d3020e req-0945b243-fbde-4c04-bb72-9149d7d3020e ] Request (ServerDiagnosticsTest:tearDownClass): 200 GET http://10.180.1.21:9696/networking/v2.0/security-groups?tenant_id=761c0e0b044d4e3f8a33226711fa2427&name=default 0.330s
2025-04-04 01:29:24.308 70843 INFO tempest.common.waiters [-] State transition "ACTIVE/image_uploading" ==> "ACTIVE/None" after 2 second wait
2025-04-04 01:29:24.402 70837 INFO tempest.lib.common.rest_client [req-98c2ef5a-40ff-4239-882b-fedfc753e8c1 req-98c2ef5a-40ff-4239-882b-fedfc753e8c1 ] Request (ImagesOneServerTestJSON:setUpClass): 200 GET http://10.180.1.21/compute/v2.1/servers/7f3ca62d-3408-47fe-bc66-30cee0f2c5de 0.559s
2025-04-04 01:29:24.407 70831 INFO tempest.lib.common.rest_client [req-854294c7-d5ed-405c-9fec-f10e6909a0ad req-854294c7-d5ed-405c-9fec-f10e6909a0ad ] Request (ServerTagsTestJSON:setUpClass): 200 GET http://10.180.1.21/compute/v2.1/servers/074a15ff-0c25-4893-ac56-e75c1642a5fb 0.477s
2025-04-04 01:29:24.429 70841 INFO tempest.lib.common.rest_client [req-acdcde82-840d-4dc5-bcb7-79d4057e779b req-acdcde82-840d-4dc5-bcb7-79d4057e779b ] Request (ServersAdminNegativeTestJSON:_run_cleanups): 202 DELETE http://10.180.1.21/compute/v2.1/flavors/495120571 0.466s
2025-04-04 01:29:24.505 70835 INFO tempest.lib.common.rest_client [req-06e5e2bc-1065-42b5-99ea-8b5a95066632 req-06e5e2bc-1065-42b5-99ea-8b5a95066632 ] Request (ValidationResourcesFixture:setUp): 201 POST http://10.180.1.21:9696/networking/v2.0/security-group-rules 0.267s
2025-04-04 01:29:24.508 70861 INFO tempest.lib.common.rest_client [req-87c6e4f2-12dd-4fdd-8b56-ae12b6b35cb6 req-87c6e4f2-12dd-4fdd-8b56-ae12b6b35cb6 ] Request (ServersAdminTestJSON:setUpClass): 200 GET http://10.180.1.21/compute/v2.1/servers/82b902e0-53d2-46d6-a07e-a66f2385531f 0.519s
2025-04-04 01:29:24.545 70846 INFO tempest.lib.common.rest_client [req-b8374806-f8dc-4068-ae6e-94ce242842c0 req-b8374806-f8dc-4068-ae6e-94ce242842c0 ] Request (ServerDiagnosticsTest:tearDownClass): 204 DELETE http://10.180.1.21:9696/networking/v2.0/security-groups/288eb135-c320-489c-b3ec-0d67c7c11ac2 0.253s
2025-04-04 01:29:24.571 70817 INFO tempest.lib.common.rest_client [req-3b72f3c7-cc06-482e-adb7-e211e5c805ca req-3b72f3c7-cc06-482e-adb7-e211e5c805ca ] Request (FlavorsAccessNegativeTestJSON:test_flavor_non_admin_remove): 200 POST http://10.180.1.21/compute/v2.1/flavors/1016210706/action 0.632s
2025-04-04 01:29:24.647 70867 INFO tempest.lib.common.rest_client [req-4774b42e-5621-4f02-b14e-f161b399fe5e req-4774b42e-5621-4f02-b14e-f161b399fe5e ] Request (ServersTestJSON:setUpClass): 200 GET http://10.180.1.21/compute/v2.1/servers/7cd7b600-87de-4f1a-a652-fa50483081e2 0.536s
2025-04-04 01:29:24.668 70851 INFO tempest.lib.common.rest_client [req-651f9f57-ef38-4c4d-b849-e72e2dc02264 req-651f9f57-ef38-4c4d-b849-e72e2dc02264 ] Request (ListServersNegativeTestJSON:setUpClass): 200 GET http://10.180.1.21/compute/v2.1/servers/626c0e13-c37f-4144-a83d-1aeba6d4c6d8 0.593s
2025-04-04 01:29:24.674 70846 INFO tempest.lib.common.rest_client [req-e36a3309-ce0d-4b20-a025-538cfe8871b7 req-e36a3309-ce0d-4b20-a025-538cfe8871b7 ] Request (ServerDiagnosticsTest:tearDownClass): 204 DELETE http://10.180.1.21/identity/v3/projects/761c0e0b044d4e3f8a33226711fa2427 0.128s
2025-04-04 01:29:24.675 70846 INFO tempest.test [-] raised in TestMultiAttachVolumeSwap.setUpClass. Invoking tearDownClass.
2025-04-04 01:29:24.738 70846 INFO tempest.lib.common.rest_client [req-8eeafa0c-cfb4-4058-8b8e-ba2b62f4effe req-8eeafa0c-cfb4-4058-8b8e-ba2b62f4effe ] Request (ServerDiskConfigTestJSON:setUpClass): 201 POST http://10.180.1.21/identity/v3/auth/tokens 0.059s
2025-04-04 01:29:24.739 70853 INFO tempest.lib.common.rest_client [req-dd0f02c1-075f-4850-91df-b4c28e18f0dc req-dd0f02c1-075f-4850-91df-b4c28e18f0dc ] Request (ServerDiagnosticsV248Test:tearDownClass): 200 GET http://10.180.1.21/compute/v2.1/servers/c0b0d9db-b018-43dc-907d-2ef9b2546298 0.568s
2025-04-04 01:29:24.794 70846 INFO tempest.lib.common.rest_client [req-3a0625c3-b37b-4fdc-b9a5-fb630228c2c2 req-3a0625c3-b37b-4fdc-b9a5-fb630228c2c2 ] Request (ServerDiskConfigTestJSON:setUpClass): 201 POST http://10.180.1.21/identity/v3/auth/tokens 0.054s
2025-04-04 01:29:24.795 70857 INFO tempest.lib.common.rest_client [req-f1468aa7-0cdd-4874-840d-ecbd53488793 req-f1468aa7-0cdd-4874-840d-ecbd53488793 ] Request (MultipleCreateTestJSON:test_multiple_create): 200 GET http://10.180.1.21/compute/v2.1/servers/cf4fe545-4ba2-486c-8b70-5b53e1412792 0.597s
2025-04-04 01:29:24.800 70859 INFO tempest.lib.common.rest_client [req-4a0bc8f0-e952-4012-a6a3-fe6013b18106 req-4a0bc8f0-e952-4012-a6a3-fe6013b18106 ] Request (MigrationsAdminTest:test_list_migrations_in_flavor_resize_situation): 200 GET http://10.180.1.21/compute/v2.1/servers/1706073b-fe4f-43f9-8f01-5ae6912f5cf3 0.611s
2025-04-04 01:29:24.833 70846 INFO tempest.lib.common.rest_client [req-1ce6e9bc-e06d-4003-9a36-5e938295a2e2 req-1ce6e9bc-e06d-4003-9a36-5e938295a2e2 ] Request (ServerDiskConfigTestJSON:setUpClass): 200 GET http://10.180.1.21/identity/v3/domains?name=Default 0.038s
2025-04-04 01:29:24.855 70869 INFO tempest.lib.common.rest_client [req-0d2d60c4-4f08-454e-a045-a15a09d2ef14 req-0d2d60c4-4f08-454e-a045-a15a09d2ef14 ] Request (AttachVolumeShelveTestJSON:test_attach_volume_shelved_or_offload_server): 200 GET http://10.180.1.21/compute/v2.1/servers/8cf1f94c-6dd3-4dbb-8d1e-5533a17fb6e4 0.598s
2025-04-04 01:29:24.887 70839 INFO tempest.lib.common.rest_client [req-f02f2006-e21c-49ab-9f78-576e539e6474 req-f02f2006-e21c-49ab-9f78-576e539e6474 ] Request (ImagesOneServerNegativeTestJSON:_run_cleanups): 200 GET http://10.180.1.21/compute/v2.1/servers/9c33dcde-32e8-4942-88c4-786789629c6f 0.598s
2025-04-04 01:29:24.889 70846 INFO tempest.lib.common.rest_client [req-9a83ef3a-f42d-48f5-9a35-93e2a210f820 req-9a83ef3a-f42d-48f5-9a35-93e2a210f820 ] Request (ServerDiskConfigTestJSON:setUpClass): 201 POST http://10.180.1.21/identity/v3/projects 0.055s
2025-04-04 01:29:24.928 70813 INFO tempest.lib.common.rest_client [req-6f0f4248-66f0-4bce-9ff6-039684d48d01 req-6f0f4248-66f0-4bce-9ff6-039684d48d01 ] Request (SecurityGroupRulesTestJSON:setUpClass): 201 POST http://10.180.1.21:9696/networking/v2.0/routers 1.231s
2025-04-04 01:29:24.962 70855 INFO tempest.lib.common.rest_client [req-63ecaad0-f9bf-497b-beac-0fd37ed01004 req-63ecaad0-f9bf-497b-beac-0fd37ed01004 ] Request (SecurityGroupsTestJSON:test_list_security_groups_by_server): 200 GET http://10.180.1.21/compute/v2.1/servers/8d7c77a9-1ff6-42f1-a714-12e2d5562d68 0.640s
2025-04-04 01:29:24.992 70846 INFO tempest.lib.common.rest_client [req-88074600-b0cf-4430-9aaa-7b982d8d88ae req-88074600-b0cf-4430-9aaa-7b982d8d88ae ] Request (ServerDiskConfigTestJSON:setUpClass): 201 POST http://10.180.1.21/identity/v3/users 0.101s
2025-04-04 01:29:25.015 70846 INFO tempest.lib.common.rest_client [req-a4325550-4e95-4b2a-b36a-60a69c5fc3c0 req-a4325550-4e95-4b2a-b36a-60a69c5fc3c0 ] Request (ServerDiskConfigTestJSON:setUpClass): 200 GET http://10.180.1.21/identity/v3/roles 0.023s
2025-04-04 01:29:25.050 70846 INFO tempest.lib.common.rest_client [req-27b049d2-2445-4755-b142-7197942e2118 req-27b049d2-2445-4755-b142-7197942e2118 ] Request (ServerDiskConfigTestJSON:setUpClass): 204 PUT http://10.180.1.21/identity/v3/projects/5302100d186d436faef5904c4202fda5/users/4761bd0659a24020ba1600ae32ea36d4/roles/d3fac7dbc3814a3da87df4a0d39fe2ae 0.033s
2025-04-04 01:29:25.050 70846 INFO tempest.lib.common.dynamic_creds [-] Dynamic test user 4761bd0659a24020ba1600ae32ea36d4 is created with scope project and roles: ['member']
2025-04-04 01:29:25.050 70846 INFO tempest.lib.common.dynamic_creds [-] Acquired dynamic creds: credentials: Credentials: {'domain_id': 'default', 'domain_name': 'Default', 'username': 'tempest-ServerDiskConfigTestJSON-1289073591-project-member', 'project_domain_id': 'default', 'project_domain_name': 'Default', 'project_id': '5302100d186d436faef5904c4202fda5', 'project_name': 'tempest-ServerDiskConfigTestJSON-1289073591', 'tenant_id': '5302100d186d436faef5904c4202fda5', 'tenant_name': 'tempest-ServerDiskConfigTestJSON-1289073591', 'user_domain_id': 'default', 'user_domain_name': 'Default', 'user_id': '4761bd0659a24020ba1600ae32ea36d4', 'system': None}, Network: None, Subnet: None, Router: None
2025-04-04 01:29:25.067 70873 INFO tempest.lib.common.rest_client [req-89ced778-e8d0-4d09-b9e1-1f4c9c04adfc req-89ced778-e8d0-4d09-b9e1-1f4c9c04adfc ] Request (ServersAdmin275Test:tearDownClass): 200 GET http://10.180.1.21/compute/v2.1/servers/c54cdc3e-0a86-4662-b2ad-13e2c08c7897 0.676s
2025-04-04 01:29:25.107 70841 INFO tempest.lib.common.rest_client [req-adcca672-72a9-4be3-874f-2d28bf773bc2 req-adcca672-72a9-4be3-874f-2d28bf773bc2 ] Request (ServersAdminNegativeTestJSON:_run_cleanups): 200 GET http://10.180.1.21/compute/v2.1/flavors/detail 0.677s
2025-04-04 01:29:25.123 70846 INFO tempest.lib.common.rest_client [req-8da6d1b1-01ae-42c6-80a7-505614165520 req-8da6d1b1-01ae-42c6-80a7-505614165520 ] Request (ServerDiskConfigTestJSON:setUpClass): 201 POST http://10.180.1.21/identity/v3/auth/tokens 0.072s
2025-04-04 01:29:25.130 70835 INFO tempest.lib.common.rest_client [req-01962acd-cd15-420a-b621-a7318656350f req-01962acd-cd15-420a-b621-a7318656350f ] Request (ValidationResourcesFixture:setUp): 201 POST http://10.180.1.21:9696/networking/v2.0/floatingips 0.624s
2025-04-04 01:29:25.182 70833 INFO tempest.lib.common.rest_client [req-81371fd4-0b7f-44ff-be2f-f57475ae857a req-81371fd4-0b7f-44ff-be2f-f57475ae857a ] Request (ListServerFiltersTestJSON:setUpClass): 200 GET http://10.180.1.21/compute/v2.1/servers/34d94167-73a0-44ed-9b41-cc3e8bfdf30c 0.716s
2025-04-04 01:29:25.191 70817 INFO tempest.lib.common.rest_client [req-0c6058c1-bf3d-4314-9c0f-e69f19d57936 req-0c6058c1-bf3d-4314-9c0f-e69f19d57936 ] Request (FlavorsAccessNegativeTestJSON:test_flavor_non_admin_remove): 403 POST http://10.180.1.21/compute/v2.1/flavors/1016210706/action 0.616s
2025-04-04 01:29:25.210 70835 INFO tempest.lib.common.rest_client [req-086a6c64-bcde-41fc-8791-768538ebc2c0 req-086a6c64-bcde-41fc-8791-768538ebc2c0 ] Request (AttachInterfacesUnderV243Test:test_add_remove_fixed_ip): 201 POST http://10.180.1.21/identity/v3/auth/tokens 0.075s
2025-04-04 01:29:25.211 70835 INFO tempest.lib.common.fixed_network [-] (AttachInterfacesUnderV243Test:test_add_remove_fixed_ip) Found network {'id': '551e4748-3e61-45d7-9493-19cc6196a069', 'name': 'tempest-AttachInterfacesUnderV243Test-1040808820-network', 'tenant_id': 'd5f96c183fbc4b39ac49411366a5b0e5', 'admin_state_up': True, 'mtu': 8950, 'status': 'ACTIVE', 'subnets': [], 'shared': False, 'project_id': 'd5f96c183fbc4b39ac49411366a5b0e5', 'port_security_enabled': True, 'router:external': False, 'provider:network_type': 'vlan', 'provider:physical_network': 'default', 'provider:segmentation_id': 396, 'availability_zone_hints': [], 'availability_zones': [], 'ipv4_address_scope': None, 'ipv6_address_scope': None, 'description': '', 'tags': [], 'created_at': '2025-04-04T01:29:19Z', 'updated_at': '2025-04-04T01:29:19Z', 'revision_number': 1} available for tenant
2025-04-04 01:29:25.366 70829 INFO tempest.lib.common.rest_client [req-9f07e58d-219e-496b-87a5-10c8bcbd7483 req-9f07e58d-219e-496b-87a5-10c8bcbd7483 ] Request (ServerDiagnosticsNegativeTest:test_get_server_diagnostics_by_non_admin): 200 GET http://10.180.1.21/compute/v2.1/servers/4e3fbc2c-0f70-4408-b71d-422f32141d1f 0.772s
2025-04-04 01:29:25.374 70829 INFO tempest.common.waiters [-] State transition "BUILD/spawning" ==> "ACTIVE/None" after 41 second wait
2025-04-04 01:29:25.397 70825 INFO tempest.lib.common.rest_client [req-393ecd15-9ced-4d0e-aa73-f4196d63586d req-393ecd15-9ced-4d0e-aa73-f4196d63586d ] Request (TenantUsagesTestJSON:tearDownClass): 404 GET http://10.180.1.21/compute/v2.1/servers/aee7ee90-e771-4e64-bc2b-abb63c5e8bcc 0.568s
2025-04-04 01:29:25.432 70843 INFO tempest.lib.common.rest_client [req-da8032f8-3419-4665-b8a9-86ef7565ecfd req-da8032f8-3419-4665-b8a9-86ef7565ecfd ] Request (ListImageFiltersTestJSON:setUpClass): 202 POST http://10.180.1.21/compute/v2.1/servers/50415932-49a2-4b5c-a11d-e5e94d71d360/action 1.121s
2025-04-04 01:29:25.468 70865 INFO tempest.lib.common.rest_client [req-b2992a09-71fb-4ea4-8998-90b7a5c8b8d8 req-b2992a09-71fb-4ea4-8998-90b7a5c8b8d8 ] Request (DeleteServersAdminTestJSON:test_delete_server_while_in_error_state): 200 GET http://10.180.1.21/compute/v2.1/servers/b5626e84-a943-46d6-9333-0f5362b32884 0.539s
2025-04-04 01:29:25.477 70865 INFO tempest.common.waiters [-] State transition "BUILD/scheduling" ==> "BUILD/None" after 26 second wait
2025-04-04 01:29:25.490 70825 INFO tempest.lib.common.rest_client [req-2481252f-d38e-4b8d-b70f-dd4c0276f2b6 req-2481252f-d38e-4b8d-b70f-dd4c0276f2b6 ] Request (TenantUsagesTestJSON:tearDownClass): 204 DELETE http://10.180.1.21/identity/v3/users/db0fb5ac30cf46c0beef159c2bce4f66 0.092s
2025-04-04 01:29:25.501 70819 INFO tempest.lib.common.rest_client [req-c35252e7-301f-4dc5-9bad-473370198402 req-c35252e7-301f-4dc5-9bad-473370198402 ] Request (FloatingIPsAssociationTestJSON:setUpClass): 200 GET http://10.180.1.21/compute/v2.1/servers/6ef9ced2-36c4-4fa9-8617-a386e49236ed 0.455s
2025-04-04 01:29:25.536 70846 INFO tempest.lib.common.rest_client [req-460799dd-1969-42b0-949f-394653977dad req-460799dd-1969-42b0-949f-394653977dad ] Request (ServerDiskConfigTestJSON:setUpClass): 201 POST http://10.180.1.21:9696/networking/v2.0/networks 0.412s
2025-04-04 01:29:25.540 70841 INFO tempest.lib.common.rest_client [req-b2f477d2-181d-4ae3-862a-495a8c3fbebf req-b2f477d2-181d-4ae3-862a-495a8c3fbebf ] Request (ServersAdminNegativeTestJSON:test_restore_server_invalid_state): 409 POST http://10.180.1.21/compute/v2.1/servers/8ff3c6e9-627b-4750-8157-5bbc2d76f832/action 0.424s
2025-04-04 01:29:25.543 70875 INFO tempest.lib.common.rest_client [req-f12ff77c-626e-4ba2-89a2-ce17ec662093 req-f12ff77c-626e-4ba2-89a2-ce17ec662093 ] Request (ServersAaction247Test:test_create_backup): 200 GET http://10.180.1.21/compute/v2.1/servers/ff7a11f0-13a3-4395-bced-6ff716206ea0 0.496s
2025-04-04 01:29:25.633 70825 INFO tempest.lib.common.rest_client [req-abaae6c8-14a7-4c7d-a9be-3d81993f4b42 req-abaae6c8-14a7-4c7d-a9be-3d81993f4b42 ] Request (TenantUsagesTestJSON:tearDownClass): 204 DELETE http://10.180.1.21/identity/v3/users/31654a84f3cd4bd0aa79863083343692 0.143s
2025-04-04 01:29:25.633 70825 INFO tempest.lib.common.dynamic_creds [-] Deleting project and security group for project: 69ca37ca7297465392c98a1ad6bc1fe3
2025-04-04 01:29:25.647 70849 INFO tempest.lib.common.rest_client [req-dfef222a-a04c-47c6-b3ce-b66f2a843f8b req-dfef222a-a04c-47c6-b3ce-b66f2a843f8b ] Request (ServerShowV254Test:test_rebuild_server): 200 GET http://10.180.1.21/compute/v2.1/servers/8e8650ee-1c9a-4ed0-af77-de29148ad085 0.530s
2025-04-04 01:29:25.659 70821 INFO tempest.lib.common.rest_client [req-e7e713de-5185-4a48-be35-bccd9835ab8b req-e7e713de-5185-4a48-be35-bccd9835ab8b ] Request (VolumesAdminNegativeTest:test_update_attached_volume_with_nonexistent_volume_in_body): 200 GET http://10.180.1.21/compute/v2.1/servers/93983e23-0f91-4af0-9c71-4e04b954bf56 0.531s
2025-04-04 01:29:25.719 70825 INFO tempest.lib.common.rest_client [req-70b073e5-98ee-4c13-be3a-8329bef9f34f req-70b073e5-98ee-4c13-be3a-8329bef9f34f ] Request (TenantUsagesTestJSON:tearDownClass): 201 POST http://10.180.1.21/identity/v3/auth/tokens 0.085s
2025-04-04 01:29:25.813 70817 INFO tempest.lib.common.rest_client [req-ff65cf4d-5339-4eb0-8d09-6f60a0f6eab3 req-ff65cf4d-5339-4eb0-8d09-6f60a0f6eab3 ] Request (FlavorsAccessNegativeTestJSON:_run_cleanups): 200 POST http://10.180.1.21/compute/v2.1/flavors/1016210706/action 0.622s
2025-04-04 01:29:25.860 70829 INFO tempest.lib.common.rest_client [req-90596934-dd8a-40d0-81d8-68883440fe53 req-90596934-dd8a-40d0-81d8-68883440fe53 ] Request (ServerDiagnosticsNegativeTest:test_get_server_diagnostics_by_non_admin): 403 GET http://10.180.1.21/compute/v2.1/servers/4e3fbc2c-0f70-4408-b71d-422f32141d1f/diagnostics 0.485s
2025-04-04 01:29:25.994 70837 INFO tempest.lib.common.rest_client [req-2ac5f4dc-b620-49aa-b229-40c285823563 req-2ac5f4dc-b620-49aa-b229-40c285823563 ] Request (ImagesOneServerTestJSON:setUpClass): 200 GET http://10.180.1.21/compute/v2.1/servers/7f3ca62d-3408-47fe-bc66-30cee0f2c5de 0.581s
2025-04-04 01:29:26.002 70837 INFO tempest.common.waiters [-] State transition "BUILD/spawning" ==> "ACTIVE/None" after 42 second wait
2025-04-04 01:29:26.058 70831 INFO tempest.lib.common.rest_client [req-3ceb742d-e287-4092-914a-c5e9b5e65b14 req-3ceb742d-e287-4092-914a-c5e9b5e65b14 ] Request (ServerTagsTestJSON:setUpClass): 200 GET http://10.180.1.21/compute/v2.1/servers/074a15ff-0c25-4893-ac56-e75c1642a5fb 0.638s
2025-04-04 01:29:26.083 70825 INFO tempest.lib.common.rest_client [req-322a3745-5b72-4bcd-9805-28483e7fbad4 req-322a3745-5b72-4bcd-9805-28483e7fbad4 ] Request (TenantUsagesTestJSON:tearDownClass): 200 GET http://10.180.1.21:9696/networking/v2.0/security-groups?tenant_id=69ca37ca7297465392c98a1ad6bc1fe3&name=default 0.364s
2025-04-04 01:29:26.097 70843 INFO tempest.lib.common.rest_client [req-aa4ff9a9-c875-491c-980f-49fac363f517 req-aa4ff9a9-c875-491c-980f-49fac363f517 ] Request (ListImageFiltersTestJSON:setUpClass): 200 GET http://10.180.1.21/compute/v2.1/images/1070307d-a826-49b2-b79d-88f2a580032b 0.663s
2025-04-04 01:29:26.099 70823 WARNING tempest.lib.common.ssh [-] Failed to establish authenticated ssh connection to cirros@10.180.180.172 ([Errno None] Unable to connect to port 22 on 10.180.180.172). Number attempts: 5. Retry after 6 seconds.: paramiko.ssh_exception.NoValidConnectionsError: [Errno None] Unable to connect to port 22 on 10.180.180.172
2025-04-04 01:29:26.120 70846 INFO tempest.lib.common.rest_client [req-313a3a8d-951f-4abc-862b-125dcec73655 req-313a3a8d-951f-4abc-862b-125dcec73655 ] Request (ServerDiskConfigTestJSON:setUpClass): 201 POST http://10.180.1.21:9696/networking/v2.0/subnets 0.584s
2025-04-04 01:29:26.161 70861 INFO tempest.lib.common.rest_client [req-e146de0a-9b31-4938-bff8-01e09a8d7f05 req-e146de0a-9b31-4938-bff8-01e09a8d7f05 ] Request (ServersAdminTestJSON:setUpClass): 200 GET http://10.180.1.21/compute/v2.1/servers/82b902e0-53d2-46d6-a07e-a66f2385531f 0.640s
2025-04-04 01:29:26.193 70813 INFO tempest.lib.common.rest_client [req-27868048-cf3b-4c2e-8c69-0f7423ad38af req-27868048-cf3b-4c2e-8c69-0f7423ad38af ] Request (SecurityGroupRulesTestJSON:setUpClass): 200 PUT http://10.180.1.21:9696/networking/v2.0/routers/1d50630e-6e84-450c-82e2-7d2ad9f40f74/add_router_interface 1.264s
2025-04-04 01:29:26.193 70813 INFO tempest.lib.common.dynamic_creds [-] Created isolated network resources for: credentials: Credentials: {'domain_id': 'default', 'domain_name': 'Default', 'username': 'tempest-SecurityGroupRulesTestJSON-372866254-project-member', 'project_domain_id': 'default', 'project_domain_name': 'Default', 'project_id': '88204e1a6bdc4a31ba85c2218161b5f2', 'project_name': 'tempest-SecurityGroupRulesTestJSON-372866254', 'tenant_id': '88204e1a6bdc4a31ba85c2218161b5f2', 'tenant_name': 'tempest-SecurityGroupRulesTestJSON-372866254', 'user_domain_id': 'default', 'user_domain_name': 'Default', 'user_id': 'f3bf8d81d4fd48c999935fb97cc457b1', 'system': None}, Network: {'id': 'f5c0bceb-234a-4139-881e-cf75eb644f15', 'name': 'tempest-SecurityGroupRulesTestJSON-6056595-network', 'tenant_id': '88204e1a6bdc4a31ba85c2218161b5f2', 'admin_state_up': True, 'mtu': 8950, 'status': 'ACTIVE', 'subnets': [], 'shared': False, 'project_id': '88204e1a6bdc4a31ba85c2218161b5f2', 'port_security_enabled': True, 'router:external': False, 'provider:network_type': 'vlan', 'provider:physical_network': 'default', 'provider:segmentation_id': 179, 'availability_zone_hints': [], 'availability_zones': [], 'ipv4_address_scope': None, 'ipv6_address_scope': None, 'description': '', 'tags': [], 'created_at': '2025-04-04T01:29:23Z', 'updated_at': '2025-04-04T01:29:23Z', 'revision_number': 1}, Subnet: {'id': '6ac7602e-329a-4d72-b80e-035c0eb6ec17', 'name': 'tempest-SecurityGroupRulesTestJSON-6056595-subnet', 'tenant_id': '88204e1a6bdc4a31ba85c2218161b5f2', 'network_id': 'f5c0bceb-234a-4139-881e-cf75eb644f15', 'ip_version': 4, 'subnetpool_id': None, 'enable_dhcp': True, 'ipv6_ra_mode': None, 'ipv6_address_mode': None, 'gateway_ip': '192.168.128.1', 'cidr': '192.168.128.0/28', 'allocation_pools': [{'start': '192.168.128.2', 'end': '192.168.128.14'}], 'host_routes': [], 'dns_nameservers': [], 'description': '', 'router:external': False, 'service_types': [], 'tags': [], 'created_at': '2025-04-04T01:29:23Z', 'updated_at': '2025-04-04T01:29:23Z', 'revision_number': 0, 'project_id': '88204e1a6bdc4a31ba85c2218161b5f2'}, Router: {'id': '1d50630e-6e84-450c-82e2-7d2ad9f40f74', 'name': 'tempest-SecurityGroupRulesTestJSON-6056595-router', 'tenant_id': '88204e1a6bdc4a31ba85c2218161b5f2', 'admin_state_up': True, 'status': 'ACTIVE', 'external_gateway_info': {'network_id': '78985c96-488e-43b2-9cdf-542b7bc37c10', 'external_fixed_ips': [{'subnet_id': 'fff3e98d-c14d-4a87-a0d9-3a8c435ac3f6', 'ip_address': '10.180.180.229'}], 'enable_snat': True}, 'description': '', 'availability_zones': [], 'distributed': False, 'ha': False, 'availability_zone_hints': [], 'routes': [], 'flavor_id': None, 'tags': [], 'created_at': '2025-04-04T01:29:23Z', 'updated_at': '2025-04-04T01:29:24Z', 'revision_number': 2, 'project_id': '88204e1a6bdc4a31ba85c2218161b5f2'}
2025-04-04 01:29:26.223 70825 INFO tempest.lib.common.rest_client [req-e5eefb8d-8c78-4c64-a766-3ca09e4e4651 req-e5eefb8d-8c78-4c64-a766-3ca09e4e4651 ] Request (TenantUsagesTestJSON:tearDownClass): 204 DELETE http://10.180.1.21:9696/networking/v2.0/security-groups/61d40065-9c05-499a-8cc7-38f6eed42f51 0.139s
2025-04-04 01:29:26.262 70841 INFO tempest.lib.common.rest_client [req-b470a2aa-24fa-4898-88f9-576d389d512f req-b470a2aa-24fa-4898-88f9-576d389d512f ] Request (ServersAdminNegativeTestJSON:tearDownClass): 204 DELETE http://10.180.1.21/compute/v2.1/servers/5c4a35bf-9d1d-451d-bd19-7bfb288804f2 0.720s
2025-04-04 01:29:26.285 70813 INFO tempest.lib.common.rest_client [req-ee1404f8-d0a8-42be-8d11-af9f0d7a6b92 req-ee1404f8-d0a8-42be-8d11-af9f0d7a6b92 ] Request (SecurityGroupRulesTestJSON:setUpClass): 201 POST http://10.180.1.21/identity/v3/auth/tokens 0.086s
2025-04-04 01:29:26.304 70835 INFO tempest.lib.common.rest_client [req-437131ad-fbb6-4dd7-9ea7-c0f25cfc58a4 req-437131ad-fbb6-4dd7-9ea7-c0f25cfc58a4 ] Request (AttachInterfacesUnderV243Test:test_add_remove_fixed_ip): 202 POST http://10.180.1.21/compute/v2.1/servers 1.093s
2025-04-04 01:29:26.339 70867 INFO tempest.lib.common.rest_client [req-4d1d2293-3fdd-444b-a280-984162135f11 req-4d1d2293-3fdd-444b-a280-984162135f11 ] Request (ServersTestJSON:setUpClass): 200 GET http://10.180.1.21/compute/v2.1/servers/7cd7b600-87de-4f1a-a652-fa50483081e2 0.679s
2025-04-04 01:29:26.343 70825 INFO tempest.lib.common.rest_client [req-5d606fd8-90f6-4c59-b347-dcb3f18e7f97 req-5d606fd8-90f6-4c59-b347-dcb3f18e7f97 ] Request (TenantUsagesTestJSON:tearDownClass): 204 DELETE http://10.180.1.21/identity/v3/projects/69ca37ca7297465392c98a1ad6bc1fe3 0.119s
2025-04-04 01:29:26.343 70825 INFO tempest.lib.common.dynamic_creds [-] Deleting project and security group for project: 75e184d76e134b21902d97eb2e8fce01
2025-04-04 01:29:26.386 70825 INFO tempest.lib.common.rest_client [req-37b8cf42-2d84-4caa-9eb9-247eb497a766 req-37b8cf42-2d84-4caa-9eb9-247eb497a766 ] Request (TenantUsagesTestJSON:tearDownClass): 200 GET http://10.180.1.21:9696/networking/v2.0/security-groups?tenant_id=75e184d76e134b21902d97eb2e8fce01&name=default 0.042s
2025-04-04 01:29:26.431 70851 INFO tempest.lib.common.rest_client [req-a6aed367-8406-4a30-b244-00a7bf07a79d req-a6aed367-8406-4a30-b244-00a7bf07a79d ] Request (ListServersNegativeTestJSON:setUpClass): 200 GET http://10.180.1.21/compute/v2.1/servers/626c0e13-c37f-4144-a83d-1aeba6d4c6d8 0.751s
2025-04-04 01:29:26.442 70853 INFO tempest.lib.common.rest_client [req-223c3245-43f9-4c78-a627-c2fb2b42ff7f req-223c3245-43f9-4c78-a627-c2fb2b42ff7f ] Request (ServerDiagnosticsV248Test:tearDownClass): 200 GET http://10.180.1.21/compute/v2.1/servers/c0b0d9db-b018-43dc-907d-2ef9b2546298 0.686s
2025-04-04 01:29:26.470 70817 INFO tempest.lib.common.rest_client [req-8a9219a2-e9fa-490b-9a57-a962be67dbb6 req-8a9219a2-e9fa-490b-9a57-a962be67dbb6 ] Request (FlavorsAccessNegativeTestJSON:_run_cleanups): 202 DELETE http://10.180.1.21/compute/v2.1/flavors/1016210706 0.655s
2025-04-04 01:29:26.525 70857 INFO tempest.lib.common.rest_client [req-7a3a6c23-98f2-4a72-9146-77b435c621d3 req-7a3a6c23-98f2-4a72-9146-77b435c621d3 ] Request (MultipleCreateTestJSON:test_multiple_create): 200 GET http://10.180.1.21/compute/v2.1/servers/cf4fe545-4ba2-486c-8b70-5b53e1412792 0.718s
2025-04-04 01:29:26.576 70825 INFO tempest.lib.common.rest_client [req-bc4bad77-91f8-4e4a-a753-b7095c313ba9 req-bc4bad77-91f8-4e4a-a753-b7095c313ba9 ] Request (TenantUsagesTestJSON:tearDownClass): 204 DELETE http://10.180.1.21:9696/networking/v2.0/security-groups/12d7fd88-e0a2-4078-8f94-ddf4a187bfb4 0.190s
2025-04-04 01:29:26.617 70829 INFO tempest.lib.common.rest_client [req-2b94fbe9-1b50-4779-85e5-c8e6aa23690e req-2b94fbe9-1b50-4779-85e5-c8e6aa23690e ] Request (ServerDiagnosticsNegativeTest:tearDownClass): 204 DELETE http://10.180.1.21/compute/v2.1/servers/4e3fbc2c-0f70-4408-b71d-422f32141d1f 0.755s
2025-04-04 01:29:26.651 70859 INFO tempest.lib.common.rest_client [req-56058219-6cd6-43fb-bf79-d556bd3b1bc3 req-56058219-6cd6-43fb-bf79-d556bd3b1bc3 ] Request (MigrationsAdminTest:test_list_migrations_in_flavor_resize_situation): 200 GET http://10.180.1.21/compute/v2.1/servers/1706073b-fe4f-43f9-8f01-5ae6912f5cf3 0.828s
2025-04-04 01:29:26.690 70869 INFO tempest.lib.common.rest_client [req-30624b0b-ca94-46ce-b005-a0aa0a4c8d7b req-30624b0b-ca94-46ce-b005-a0aa0a4c8d7b ] Request (AttachVolumeShelveTestJSON:test_attach_volume_shelved_or_offload_server): 200 GET http://10.180.1.21/compute/v2.1/servers/8cf1f94c-6dd3-4dbb-8d1e-5533a17fb6e4 0.823s
2025-04-04 01:29:26.736 70825 INFO tempest.lib.common.rest_client [req-2c598ed4-ebf6-46ef-81b5-d7e25f7057ba req-2c598ed4-ebf6-46ef-81b5-d7e25f7057ba ] Request (TenantUsagesTestJSON:tearDownClass): 204 DELETE http://10.180.1.21/identity/v3/projects/75e184d76e134b21902d97eb2e8fce01 0.159s
2025-04-04 01:29:26.748 70839 INFO tempest.lib.common.rest_client [req-00bf9c17-beef-4c7c-8ec8-b1f35de9e819 req-00bf9c17-beef-4c7c-8ec8-b1f35de9e819 ] Request (ImagesOneServerNegativeTestJSON:_run_cleanups): 200 GET http://10.180.1.21/compute/v2.1/servers/9c33dcde-32e8-4942-88c4-786789629c6f 0.851s
2025-04-04 01:29:26.765 70855 INFO tempest.lib.common.rest_client [req-c0f93646-de7d-43c2-961e-4b752c0418a2 req-c0f93646-de7d-43c2-961e-4b752c0418a2 ] Request (SecurityGroupsTestJSON:test_list_security_groups_by_server): 200 GET http://10.180.1.21/compute/v2.1/servers/8d7c77a9-1ff6-42f1-a714-12e2d5562d68 0.788s
2025-04-04 01:29:26.804 70815 WARNING tempest.lib.common.ssh [-] Failed to establish authenticated ssh connection to cirros@10.180.180.165 ([Errno None] Unable to connect to port 22 on 10.180.180.165). Number attempts: 2. Retry after 3 seconds.: paramiko.ssh_exception.NoValidConnectionsError: [Errno None] Unable to connect to port 22 on 10.180.180.165
2025-04-04 01:29:26.824 70825 INFO tempest.lib.common.rest_client [req-80d294af-8caa-4727-8e82-a1a8b017811a req-80d294af-8caa-4727-8e82-a1a8b017811a ] Request (FlavorsV2NegativeTest:setUpClass): 201 POST http://10.180.1.21/identity/v3/auth/tokens 0.087s
2025-04-04 01:29:26.862 70873 INFO tempest.lib.common.rest_client [req-3e766593-5fd0-4fc3-8945-7f19e22fc02d req-3e766593-5fd0-4fc3-8945-7f19e22fc02d ] Request (ServersAdmin275Test:tearDownClass): 200 GET http://10.180.1.21/compute/v2.1/servers/c54cdc3e-0a86-4662-b2ad-13e2c08c7897 0.785s
2025-04-04 01:29:26.868 70825 INFO tempest.lib.common.rest_client [req-79e2dd9b-3a81-417f-89e1-647a2d8c2a28 req-79e2dd9b-3a81-417f-89e1-647a2d8c2a28 ] Request (FlavorsV2NegativeTest:setUpClass): 201 POST http://10.180.1.21/identity/v3/auth/tokens 0.037s
2025-04-04 01:29:26.913 70825 INFO tempest.lib.common.rest_client [req-34bc2b90-1fda-4b9c-92c5-d433f3be30f3 req-34bc2b90-1fda-4b9c-92c5-d433f3be30f3 ] Request (FlavorsV2NegativeTest:setUpClass): 200 GET http://10.180.1.21/identity/v3/domains?name=Default 0.045s
2025-04-04 01:29:26.941 70833 INFO tempest.lib.common.rest_client [req-f15df411-bf47-4e3d-b620-828498c97ca5 req-f15df411-bf47-4e3d-b620-828498c97ca5 ] Request (ListServerFiltersTestJSON:setUpClass): 200 GET http://10.180.1.21/compute/v2.1/servers/34d94167-73a0-44ed-9b41-cc3e8bfdf30c 0.744s
2025-04-04 01:29:26.964 70825 INFO tempest.lib.common.rest_client [req-2239b887-54cd-4861-9f4a-21a9cd7d0ab2 req-2239b887-54cd-4861-9f4a-21a9cd7d0ab2 ] Request (FlavorsV2NegativeTest:setUpClass): 201 POST http://10.180.1.21/identity/v3/projects 0.050s
2025-04-04 01:29:27.038 70825 INFO tempest.lib.common.rest_client [req-e14a5303-42c7-4c85-a524-d3eb5ec34416 req-e14a5303-42c7-4c85-a524-d3eb5ec34416 ] Request (FlavorsV2NegativeTest:setUpClass): 201 POST http://10.180.1.21/identity/v3/users 0.073s
2025-04-04 01:29:27.058 70825 INFO tempest.lib.common.rest_client [req-5079a680-599e-4854-ab54-e3670b90d79c req-5079a680-599e-4854-ab54-e3670b90d79c ] Request (FlavorsV2NegativeTest:setUpClass): 200 GET http://10.180.1.21/identity/v3/roles 0.020s
2025-04-04 01:29:27.103 70825 INFO tempest.lib.common.rest_client [req-63e96d4d-3b4d-4170-8a24-4700b3a3d61e req-63e96d4d-3b4d-4170-8a24-4700b3a3d61e ] Request (FlavorsV2NegativeTest:setUpClass): 204 PUT http://10.180.1.21/identity/v3/projects/f9db0f06242a45bcba9efea5beb59f01/users/e041b38fb6b14c529e9de4b0c2ca7aae/roles/d3fac7dbc3814a3da87df4a0d39fe2ae 0.044s
2025-04-04 01:29:27.103 70825 INFO tempest.lib.common.dynamic_creds [-] Dynamic test user e041b38fb6b14c529e9de4b0c2ca7aae is created with scope project and roles: ['member']
2025-04-04 01:29:27.103 70825 INFO tempest.lib.common.dynamic_creds [-] Acquired dynamic creds: credentials: Credentials: {'domain_id': 'default', 'domain_name': 'Default', 'username': 'tempest-FlavorsV2NegativeTest-1615618120-project-member', 'project_domain_id': 'default', 'project_domain_name': 'Default', 'project_id': 'f9db0f06242a45bcba9efea5beb59f01', 'project_name': 'tempest-FlavorsV2NegativeTest-1615618120', 'tenant_id': 'f9db0f06242a45bcba9efea5beb59f01', 'tenant_name': 'tempest-FlavorsV2NegativeTest-1615618120', 'user_domain_id': 'default', 'user_domain_name': 'Default', 'user_id': 'e041b38fb6b14c529e9de4b0c2ca7aae', 'system': None}, Network: None, Subnet: None, Router: None
2025-04-04 01:29:27.103 70825 INFO tempest.lib.common.dynamic_creds [-] Created isolated network resources for: credentials: Credentials: {'domain_id': 'default', 'domain_name': 'Default', 'username': 'tempest-FlavorsV2NegativeTest-1615618120-project-member', 'project_domain_id': 'default', 'project_domain_name': 'Default', 'project_id': 'f9db0f06242a45bcba9efea5beb59f01', 'project_name': 'tempest-FlavorsV2NegativeTest-1615618120', 'tenant_id': 'f9db0f06242a45bcba9efea5beb59f01', 'tenant_name': 'tempest-FlavorsV2NegativeTest-1615618120', 'user_domain_id': 'default', 'user_domain_name': 'Default', 'user_id': 'e041b38fb6b14c529e9de4b0c2ca7aae', 'system': None}, Network: None, Subnet: None, Router: None
2025-04-04 01:29:27.136 70841 INFO tempest.lib.common.rest_client [req-d183613a-9546-4b8d-acf5-261c6f6997f2 req-d183613a-9546-4b8d-acf5-261c6f6997f2 ] Request (ServersAdminNegativeTestJSON:tearDownClass): 200 GET http://10.180.1.21/compute/v2.1/servers/5c4a35bf-9d1d-451d-bd19-7bfb288804f2 0.874s
2025-04-04 01:29:27.201 70825 INFO tempest.lib.common.rest_client [req-4d9f0bdb-65a3-4976-b919-fec9bfe70925 req-4d9f0bdb-65a3-4976-b919-fec9bfe70925 ] Request (FlavorsV2NegativeTest:setUpClass): 201 POST http://10.180.1.21/identity/v3/auth/tokens 0.093s
2025-04-04 01:29:27.376 70837 INFO tempest.lib.common.rest_client [req-8e564520-fcea-448d-b6af-b35b9d459853 req-8e564520-fcea-448d-b6af-b35b9d459853 ] Request (ImagesOneServerTestJSON:test_create_delete_image): 202 POST http://10.180.1.21/compute/v2.1/servers/7f3ca62d-3408-47fe-bc66-30cee0f2c5de/action 1.372s
2025-04-04 01:29:27.382 70846 INFO tempest.lib.common.rest_client [req-4ba189bf-4126-4a87-a6e9-a721218c892d req-4ba189bf-4126-4a87-a6e9-a721218c892d ] Request (ServerDiskConfigTestJSON:setUpClass): 201 POST http://10.180.1.21:9696/networking/v2.0/routers 1.261s
2025-04-04 01:29:27.447 70835 INFO tempest.lib.common.rest_client [req-23c529b7-fb4a-40f6-a080-91ba42212299 req-23c529b7-fb4a-40f6-a080-91ba42212299 ] Request (AttachInterfacesUnderV243Test:test_add_remove_fixed_ip): 200 GET http://10.180.1.21/compute/v2.1/servers/d2a69c04-2c01-42ea-945f-dadc1a93c8c8 1.141s
2025-04-04 01:29:27.477 70817 INFO tempest.lib.common.rest_client [req-7a677cbd-98a7-40c0-b17b-10545541ec2d req-7a677cbd-98a7-40c0-b17b-10545541ec2d ] Request (FlavorsAccessNegativeTestJSON:_run_cleanups): 200 GET http://10.180.1.21/compute/v2.1/flavors/detail 1.006s
2025-04-04 01:29:27.512 70813 INFO tempest.lib.common.rest_client [req-73a82246-8421-41ca-907c-ce82cd7a7d3d req-73a82246-8421-41ca-907c-ce82cd7a7d3d ] Request (SecurityGroupRulesTestJSON:test_security_group_rules_create): 200 POST http://10.180.1.21/compute/v2.1/os-security-groups 1.225s
2025-04-04 01:29:27.542 70865 INFO tempest.lib.common.rest_client [req-d60a56b6-c2c6-4d9a-85b5-9fb8069d9ae2 req-d60a56b6-c2c6-4d9a-85b5-9fb8069d9ae2 ] Request (DeleteServersAdminTestJSON:test_delete_server_while_in_error_state): 200 GET http://10.180.1.21/compute/v2.1/servers/b5626e84-a943-46d6-9333-0f5362b32884 1.064s
2025-04-04 01:29:27.628 70875 INFO tempest.lib.common.rest_client [req-3da58a71-d548-4958-8ddc-588247c5ebb8 req-3da58a71-d548-4958-8ddc-588247c5ebb8 ] Request (ServersAaction247Test:test_create_backup): 200 GET http://10.180.1.21/compute/v2.1/servers/ff7a11f0-13a3-4395-bced-6ff716206ea0 1.069s
2025-04-04 01:29:27.633 70819 INFO tempest.lib.common.rest_client [req-a884f9e5-503c-4741-bb78-0d49931c4d90 req-a884f9e5-503c-4741-bb78-0d49931c4d90 ] Request (FloatingIPsAssociationTestJSON:setUpClass): 200 GET http://10.180.1.21/compute/v2.1/servers/6ef9ced2-36c4-4fa9-8617-a386e49236ed 1.122s
2025-04-04 01:29:27.638 70875 INFO tempest.common.waiters [-] State transition "BUILD/scheduling" ==> "BUILD/None" after 24 second wait
2025-04-04 01:29:27.695 70849 INFO tempest.lib.common.rest_client [req-3d7042d8-cf86-46bd-a70d-846daf9582b0 req-3d7042d8-cf86-46bd-a70d-846daf9582b0 ] Request (ServerShowV254Test:test_rebuild_server): 200 GET http://10.180.1.21/compute/v2.1/servers/8e8650ee-1c9a-4ed0-af77-de29148ad085 1.034s
2025-04-04 01:29:27.764 70821 INFO tempest.lib.common.rest_client [req-91e4fce7-c999-4ca5-a628-593ecc1ae521 req-91e4fce7-c999-4ca5-a628-593ecc1ae521 ] Request (VolumesAdminNegativeTest:test_update_attached_volume_with_nonexistent_volume_in_body): 200 GET http://10.180.1.21/compute/v2.1/servers/93983e23-0f91-4af0-9c71-4e04b954bf56 1.093s
2025-04-04 01:29:27.838 70831 INFO tempest.lib.common.rest_client [req-4617e743-5d1b-4fe9-814e-2fa664acbdfc req-4617e743-5d1b-4fe9-814e-2fa664acbdfc ] Request (ServerTagsTestJSON:setUpClass): 200 GET http://10.180.1.21/compute/v2.1/servers/074a15ff-0c25-4893-ac56-e75c1642a5fb 0.767s
2025-04-04 01:29:27.891 70843 INFO tempest.lib.common.rest_client [req-082826f6-1585-49d7-9eb3-736967108bcd req-082826f6-1585-49d7-9eb3-736967108bcd ] Request (ListImageFiltersTestJSON:setUpClass): 200 GET http://10.180.1.21/compute/v2.1/images/1070307d-a826-49b2-b79d-88f2a580032b 0.791s
2025-04-04 01:29:27.905 70829 INFO tempest.lib.common.rest_client [req-53c9524f-4c9a-4ed6-b9c0-7e13c7164581 req-53c9524f-4c9a-4ed6-b9c0-7e13c7164581 ] Request (ServerDiagnosticsNegativeTest:tearDownClass): 200 GET http://10.180.1.21/compute/v2.1/servers/4e3fbc2c-0f70-4408-b71d-422f32141d1f 1.288s
2025-04-04 01:29:27.956 70871 WARNING tempest.lib.common.ssh [-] Failed to establish authenticated ssh connection to cirros@10.180.180.213 ([Errno None] Unable to connect to port 22 on 10.180.180.213). Number attempts: 6. Retry after 7 seconds.: paramiko.ssh_exception.NoValidConnectionsError: [Errno None] Unable to connect to port 22 on 10.180.180.213
2025-04-04 01:29:27.969 70861 INFO tempest.lib.common.rest_client [req-b05d65fc-ae67-4998-b68a-9567e1133b69 req-b05d65fc-ae67-4998-b68a-9567e1133b69 ] Request (ServersAdminTestJSON:setUpClass): 200 GET http://10.180.1.21/compute/v2.1/servers/82b902e0-53d2-46d6-a07e-a66f2385531f 0.799s
2025-04-04 01:29:27.975 70825 INFO tempest.lib.common.rest_client [req-a6bcf955-a5f5-4717-a609-b8271c29f047 req-a6bcf955-a5f5-4717-a609-b8271c29f047 ] Request (FlavorsV2NegativeTest:test_boot_with_low_ram): 200 GET http://10.180.1.21/compute/v2.1/flavors/42 0.773s
2025-04-04 01:29:28.022 70837 INFO tempest.lib.common.rest_client [req-403054a0-e49b-4826-acd6-4c23cc0d915d req-403054a0-e49b-4826-acd6-4c23cc0d915d ] Request (ImagesOneServerTestJSON:test_create_delete_image): 200 GET http://10.180.1.21/compute/v2.1/images/7c632675-70a4-42a4-8a67-8adfc80503ca 0.644s
2025-04-04 01:29:28.057 70867 INFO tempest.lib.common.rest_client [req-591b61b6-7559-423f-9433-92d50e81affe req-591b61b6-7559-423f-9433-92d50e81affe ] Request (ServersTestJSON:setUpClass): 200 GET http://10.180.1.21/compute/v2.1/servers/7cd7b600-87de-4f1a-a652-fa50483081e2 0.701s
2025-04-04 01:29:28.084 70847 WARNING tempest.lib.common.ssh [-] Failed to establish authenticated ssh connection to cirros@10.180.180.197 ([Errno None] Unable to connect to port 22 on 10.180.180.197). Number attempts: 4. Retry after 5 seconds.: paramiko.ssh_exception.NoValidConnectionsError: [Errno None] Unable to connect to port 22 on 10.180.180.197
2025-04-04 01:29:28.160 70853 INFO tempest.lib.common.rest_client [req-dd8f5486-443c-470b-ba28-f72765552d31 req-dd8f5486-443c-470b-ba28-f72765552d31 ] Request (ServerDiagnosticsV248Test:tearDownClass): 200 GET http://10.180.1.21/compute/v2.1/servers/c0b0d9db-b018-43dc-907d-2ef9b2546298 0.706s
2025-04-04 01:29:28.184 70817 INFO tempest.lib.common.rest_client [req-c93dc8f0-2902-4c81-a6f8-43ad1399fa0d req-c93dc8f0-2902-4c81-a6f8-43ad1399fa0d ] Request (FlavorsAccessNegativeTestJSON:test_remove_flavor_access_not_found): 200 POST http://10.180.1.21/compute/v2.1/flavors 0.700s
2025-04-04 01:29:28.286 70851 INFO tempest.lib.common.rest_client [req-bcd3e237-a7ca-4362-9a7f-83bf87a1267b req-bcd3e237-a7ca-4362-9a7f-83bf87a1267b ] Request (ListServersNegativeTestJSON:setUpClass): 200 GET http://10.180.1.21/compute/v2.1/servers/626c0e13-c37f-4144-a83d-1aeba6d4c6d8 0.845s
2025-04-04 01:29:28.358 70857 INFO tempest.lib.common.rest_client [req-09b99b30-87fa-4b6e-9a77-00764fafa2ca req-09b99b30-87fa-4b6e-9a77-00764fafa2ca ] Request (MultipleCreateTestJSON:test_multiple_create): 200 GET http://10.180.1.21/compute/v2.1/servers/cf4fe545-4ba2-486c-8b70-5b53e1412792 0.817s
2025-04-04 01:29:28.431 70825 INFO tempest.lib.common.rest_client [req-5c0f23e4-ac69-4ade-90ef-c9a85decd3ed req-5c0f23e4-ac69-4ade-90ef-c9a85decd3ed ] Request (FlavorsV2NegativeTest:test_boot_with_low_ram): 201 POST http://10.180.1.21/image/v2/images 0.441s
2025-04-04 01:29:28.478 70813 INFO tempest.lib.common.rest_client [req-c3277719-79a5-4359-9798-59a7b832da69 req-c3277719-79a5-4359-9798-59a7b832da69 ] Request (SecurityGroupRulesTestJSON:test_security_group_rules_create): 200 POST http://10.180.1.21/compute/v2.1/os-security-group-rules 0.957s
2025-04-04 01:29:28.542 70869 INFO tempest.lib.common.rest_client [req-c4a44924-7fed-48ea-9034-aab0661f2d38 req-c4a44924-7fed-48ea-9034-aab0661f2d38 ] Request (AttachVolumeShelveTestJSON:test_attach_volume_shelved_or_offload_server): 200 GET http://10.180.1.21/compute/v2.1/servers/8cf1f94c-6dd3-4dbb-8d1e-5533a17fb6e4 0.838s
2025-04-04 01:29:28.556 70859 INFO tempest.lib.common.rest_client [req-20083bcf-7013-46f8-b761-1674cce1d715 req-20083bcf-7013-46f8-b761-1674cce1d715 ] Request (MigrationsAdminTest:test_list_migrations_in_flavor_resize_situation): 200 GET http://10.180.1.21/compute/v2.1/servers/1706073b-fe4f-43f9-8f01-5ae6912f5cf3 0.893s
2025-04-04 01:29:28.631 70839 INFO tempest.lib.common.rest_client [req-bf1026b2-dd46-4856-9eff-2b316af4fa61 req-bf1026b2-dd46-4856-9eff-2b316af4fa61 ] Request (ImagesOneServerNegativeTestJSON:_run_cleanups): 200 GET http://10.180.1.21/compute/v2.1/servers/9c33dcde-32e8-4942-88c4-786789629c6f 0.872s
2025-04-04 01:29:28.632 70855 INFO tempest.lib.common.rest_client [req-4282d729-306b-4bc0-b8f6-f2cb269ef899 req-4282d729-306b-4bc0-b8f6-f2cb269ef899 ] Request (SecurityGroupsTestJSON:test_list_security_groups_by_server): 200 GET http://10.180.1.21/compute/v2.1/servers/8d7c77a9-1ff6-42f1-a714-12e2d5562d68 0.854s
2025-04-04 01:29:28.716 70833 INFO tempest.lib.common.rest_client [req-7683e2c2-8513-4435-bb2d-8f2929b4b5ed req-7683e2c2-8513-4435-bb2d-8f2929b4b5ed ] Request (ListServerFiltersTestJSON:setUpClass): 200 GET http://10.180.1.21/compute/v2.1/servers/34d94167-73a0-44ed-9b41-cc3e8bfdf30c 0.767s
2025-04-04 01:29:28.752 70873 INFO tempest.lib.common.rest_client [req-82eb2ad2-e44f-48f1-ba44-e8a41fce8621 req-82eb2ad2-e44f-48f1-ba44-e8a41fce8621 ] Request (ServersAdmin275Test:tearDownClass): 200 GET http://10.180.1.21/compute/v2.1/servers/c54cdc3e-0a86-4662-b2ad-13e2c08c7897 0.866s
2025-04-04 01:29:28.802 70841 INFO tempest.lib.common.rest_client [req-35376583-3161-4a27-8a9e-29522a083cc4 req-35376583-3161-4a27-8a9e-29522a083cc4 ] Request (ServersAdminNegativeTestJSON:tearDownClass): 200 GET http://10.180.1.21/compute/v2.1/servers/5c4a35bf-9d1d-451d-bd19-7bfb288804f2 0.657s
2025-04-04 01:29:28.859 70835 INFO tempest.lib.common.rest_client [req-a31a3d8f-2149-46c0-8c58-77df4920b2c5 req-a31a3d8f-2149-46c0-8c58-77df4920b2c5 ] Request (AttachInterfacesUnderV243Test:test_add_remove_fixed_ip): 200 GET http://10.180.1.21/compute/v2.1/servers/d2a69c04-2c01-42ea-945f-dadc1a93c8c8 0.401s
2025-04-04 01:29:28.863 70817 INFO tempest.lib.common.rest_client [req-e4440adf-dda8-4ede-898b-9cfd41506cd2 req-e4440adf-dda8-4ede-898b-9cfd41506cd2 ] Request (FlavorsAccessNegativeTestJSON:test_remove_flavor_access_not_found): 404 POST http://10.180.1.21/compute/v2.1/flavors/1476421450/action 0.674s
2025-04-04 01:29:28.953 70865 INFO tempest.lib.common.rest_client [req-00b97c8c-44d2-47e0-b682-97df50320c37 req-00b97c8c-44d2-47e0-b682-97df50320c37 ] Request (DeleteServersAdminTestJSON:test_delete_server_while_in_error_state): 200 GET http://10.180.1.21/compute/v2.1/servers/b5626e84-a943-46d6-9333-0f5362b32884 0.402s
2025-04-04 01:29:28.993 70813 INFO tempest.lib.common.rest_client [req-8a9294b2-310e-48af-b05e-8a79c890a882 req-8a9294b2-310e-48af-b05e-8a79c890a882 ] Request (SecurityGroupRulesTestJSON:test_security_group_rules_create_with_optional_cidr): 200 POST http://10.180.1.21/compute/v2.1/os-security-groups 0.507s
2025-04-04 01:29:29.032 70875 INFO tempest.lib.common.rest_client [req-8dc79fee-9b5d-48b7-9221-3dcf3d6d1b67 req-8dc79fee-9b5d-48b7-9221-3dcf3d6d1b67 ] Request (ServersAaction247Test:test_create_backup): 200 GET http://10.180.1.21/compute/v2.1/servers/ff7a11f0-13a3-4395-bced-6ff716206ea0 0.391s
2025-04-04 01:29:29.050 70819 INFO tempest.lib.common.rest_client [req-811ae630-7dae-4153-8619-71364a14391b req-811ae630-7dae-4153-8619-71364a14391b ] Request (FloatingIPsAssociationTestJSON:setUpClass): 200 GET http://10.180.1.21/compute/v2.1/servers/6ef9ced2-36c4-4fa9-8617-a386e49236ed 0.407s
2025-04-04 01:29:29.102 70821 INFO tempest.lib.common.rest_client [req-55a15de9-42ff-4914-be23-c409a384cd04 req-55a15de9-42ff-4914-be23-c409a384cd04 ] Request (VolumesAdminNegativeTest:test_update_attached_volume_with_nonexistent_volume_in_body): 200 GET http://10.180.1.21/compute/v2.1/servers/93983e23-0f91-4af0-9c71-4e04b954bf56 0.326s
2025-04-04 01:29:29.102 70849 INFO tempest.lib.common.rest_client [req-e3ebc4b7-9df5-4c9f-be36-3ba3eb5ef27a req-e3ebc4b7-9df5-4c9f-be36-3ba3eb5ef27a ] Request (ServerShowV254Test:test_rebuild_server): 200 GET http://10.180.1.21/compute/v2.1/servers/8e8650ee-1c9a-4ed0-af77-de29148ad085 0.391s
2025-04-04 01:29:29.128 70846 INFO tempest.lib.common.rest_client [req-f09f7b66-0481-4def-954c-f46279c10ac5 req-f09f7b66-0481-4def-954c-f46279c10ac5 ] Request (ServerDiskConfigTestJSON:setUpClass): 200 PUT http://10.180.1.21:9696/networking/v2.0/routers/5fbd2963-57a4-457f-9524-84d5e8590366/add_router_interface 1.745s
