2025-04-04 01:28:08.844 70847 INFO tempest.lib.common.rest_client [req-27f417a9-9358-439d-a99f-506de9b954d0 req-27f417a9-9358-439d-a99f-506de9b954d0 ] Request (HypervisorAdminV253TestBase:test_list_show_detail_hypervisors): 200 GET http://10.180.1.21/compute/v2.1/os-hypervisors/detail?with_servers=True 2.652s
2025-04-04 01:28:08.919 70853 INFO tempest.lib.common.rest_client [req-7acc5ee0-9e21-4e8e-8805-d8be62b1b726 req-7acc5ee0-9e21-4e8e-8805-d8be62b1b726 ] Request (HostsAdminTestJSON:test_list_hosts): 200 GET http://10.180.1.21/compute/v2.1/os-hosts 2.702s
2025-04-04 01:28:08.986 70865 INFO tempest.lib.common.rest_client [req-7a3d6df4-02b9-4020-b725-8f79bf2eba7d req-7a3d6df4-02b9-4020-b725-8f79bf2eba7d ] Request (DeleteServersAdminTestJSON:test_admin_delete_servers_of_others): 202 POST http://10.180.1.21/compute/v2.1/servers 2.953s
2025-04-04 01:28:08.997 70817 INFO tempest.lib.common.rest_client [req-5e927244-fb17-406f-b3d2-1e77dc689f03 req-5e927244-fb17-406f-b3d2-1e77dc689f03 ] Request (AggregatesAdminNegativeTestJSON:setUpClass): 200 GET http://10.180.1.21/compute/v2.1/os-services?binary=nova-compute 2.552s
2025-04-04 01:28:09.067 70871 INFO tempest.lib.common.rest_client [req-1a468614-d71d-47d4-a428-2d4200c514f8 req-1a468614-d71d-47d4-a428-2d4200c514f8 ] Request (ServersWithFlavorSwapResizeTest:setUpClass): 201 POST http://10.180.1.21:9696/networking/v2.0/networks 0.667s
2025-04-04 01:28:09.086 70831 INFO tempest.lib.common.rest_client [req-bd3c7956-7f81-41ef-91e9-45681c9f826e req-bd3c7956-7f81-41ef-91e9-45681c9f826e ] Request (InstanceUsageAuditLogTestJSON:tearDownClass): 204 DELETE http://10.180.1.21:9696/networking/v2.0/security-groups/384abcf5-3193-4d47-868b-55714a8bffa1 0.508s
2025-04-04 01:28:09.156 70843 INFO tempest.lib.common.rest_client [req-cb770ca3-4c7d-4b54-b83f-a288e059e6f9 req-cb770ca3-4c7d-4b54-b83f-a288e059e6f9 ] Request (ListImageFiltersTestJSON:setUpClass): 204 PUT http://10.180.1.21/image/v2/images/67652ee7-dde3-4c9b-b4d1-e1cc724a5555/file 3.570s
2025-04-04 01:28:09.210 70823 INFO tempest.lib.common.rest_client [req-4d95ccfa-ebff-4f6e-91c7-7c5d0f16c297 req-4d95ccfa-ebff-4f6e-91c7-7c5d0f16c297 ] Request (VolumesAssistedSnapshotsTest:setUpClass): 201 POST http://10.180.1.21:9696/networking/v2.0/subnets 0.677s
2025-04-04 01:28:09.230 70849 INFO tempest.lib.common.rest_client [req-297a95d6-8a10-4fff-9cb3-a02a80f66bb2 req-297a95d6-8a10-4fff-9cb3-a02a80f66bb2 ] Request (FlavorsV261TestJSON:test_crud_flavor): 200 POST http://10.180.1.21/compute/v2.1/flavors 2.690s
2025-04-04 01:28:09.340 70831 INFO tempest.lib.common.rest_client [req-c00324a7-4b52-4a12-a698-37cb050556d3 req-c00324a7-4b52-4a12-a698-37cb050556d3 ] Request (InstanceUsageAuditLogTestJSON:tearDownClass): 204 DELETE http://10.180.1.21/identity/v3/projects/d849f5432ebc42d2a0a4cf2386f7abe2 0.252s
2025-04-04 01:28:09.399 70831 INFO tempest.lib.common.rest_client [req-583e4759-62b1-41aa-90af-e0570a5c122a req-583e4759-62b1-41aa-90af-e0570a5c122a ] Request (TenantUsagesNegativeTestJSON:setUpClass): 201 POST http://10.180.1.21/identity/v3/auth/tokens 0.057s
2025-04-04 01:28:09.423 70829 INFO tempest.lib.common.rest_client [req-2640f9dc-b377-4e0e-bb00-cf460f0b0bfb req-2640f9dc-b377-4e0e-bb00-cf460f0b0bfb ] Request (HostsAdminNegativeTestJSON:setUpClass): 200 GET http://10.180.1.21/compute/v2.1/os-hosts 2.772s
2025-04-04 01:28:09.443 70831 INFO tempest.lib.common.rest_client [req-e4e9204d-f05f-4711-9fc7-19993af3b672 req-e4e9204d-f05f-4711-9fc7-19993af3b672 ] Request (TenantUsagesNegativeTestJSON:setUpClass): 201 POST http://10.180.1.21/identity/v3/auth/tokens 0.042s
2025-04-04 01:28:09.468 70871 INFO tempest.lib.common.rest_client [req-727c4ee9-13a9-4ffb-8e36-3b3ccda2e5ac req-727c4ee9-13a9-4ffb-8e36-3b3ccda2e5ac ] Request (ServersWithFlavorSwapResizeTest:setUpClass): 201 POST http://10.180.1.21:9696/networking/v2.0/subnets 0.399s
2025-04-04 01:28:09.468 70831 INFO tempest.lib.common.rest_client [req-46110b44-1bdd-4baf-a208-c1ef8f4fbdea req-46110b44-1bdd-4baf-a208-c1ef8f4fbdea ] Request (TenantUsagesNegativeTestJSON:setUpClass): 200 GET http://10.180.1.21/identity/v3/domains?name=Default 0.024s
2025-04-04 01:28:09.496 70831 INFO tempest.lib.common.rest_client [req-890c9702-f736-465a-ba85-9ffb6e456c21 req-890c9702-f736-465a-ba85-9ffb6e456c21 ] Request (TenantUsagesNegativeTestJSON:setUpClass): 201 POST http://10.180.1.21/identity/v3/projects 0.028s
2025-04-04 01:28:09.565 70855 INFO tempest.lib.common.rest_client [req-8bda130d-5b11-47af-9e6c-a2993180c257 req-8bda130d-5b11-47af-9e6c-a2993180c257 ] Request (KeyPairsV210TestJSON:test_admin_manage_keypairs_for_other_users): 201 POST http://10.180.1.21/compute/v2.1/os-keypairs 2.678s
2025-04-04 01:28:09.579 70831 INFO tempest.lib.common.rest_client [req-27ee6f30-368e-4f4e-b2db-88b613f57b5e req-27ee6f30-368e-4f4e-b2db-88b613f57b5e ] Request (TenantUsagesNegativeTestJSON:setUpClass): 201 POST http://10.180.1.21/identity/v3/users 0.083s
2025-04-04 01:28:09.607 70831 INFO tempest.lib.common.rest_client [req-22257195-8565-4c97-b293-95ba3615fd76 req-22257195-8565-4c97-b293-95ba3615fd76 ] Request (TenantUsagesNegativeTestJSON:setUpClass): 200 GET http://10.180.1.21/identity/v3/roles 0.027s
2025-04-04 01:28:09.660 70831 INFO tempest.lib.common.rest_client [req-953621f7-6e50-4fff-ab70-a2219a9d2df1 req-953621f7-6e50-4fff-ab70-a2219a9d2df1 ] Request (TenantUsagesNegativeTestJSON:setUpClass): 204 PUT http://10.180.1.21/identity/v3/projects/f35e13a189d744baa739556594f6698e/users/2e1838dba455495cbf972fc055ee5521/roles/d3fac7dbc3814a3da87df4a0d39fe2ae 0.052s
2025-04-04 01:28:09.661 70831 INFO tempest.lib.common.dynamic_creds [-] Dynamic test user 2e1838dba455495cbf972fc055ee5521 is created with scope project and roles: ['member']
2025-04-04 01:28:09.661 70831 INFO tempest.lib.common.dynamic_creds [-] Acquired dynamic creds: credentials: Credentials: {'domain_id': 'default', 'domain_name': 'Default', 'username': 'tempest-TenantUsagesNegativeTestJSON-296582744-project-member', 'project_domain_id': 'default', 'project_domain_name': 'Default', 'project_id': 'f35e13a189d744baa739556594f6698e', 'project_name': 'tempest-TenantUsagesNegativeTestJSON-296582744', 'tenant_id': 'f35e13a189d744baa739556594f6698e', 'tenant_name': 'tempest-TenantUsagesNegativeTestJSON-296582744', 'user_domain_id': 'default', 'user_domain_name': 'Default', 'user_id': '2e1838dba455495cbf972fc055ee5521', 'system': None}, Network: None, Subnet: None, Router: None
2025-04-04 01:28:09.661 70831 INFO tempest.lib.common.dynamic_creds [-] Created isolated network resources for: credentials: Credentials: {'domain_id': 'default', 'domain_name': 'Default', 'username': 'tempest-TenantUsagesNegativeTestJSON-296582744-project-member', 'project_domain_id': 'default', 'project_domain_name': 'Default', 'project_id': 'f35e13a189d744baa739556594f6698e', 'project_name': 'tempest-TenantUsagesNegativeTestJSON-296582744', 'tenant_id': 'f35e13a189d744baa739556594f6698e', 'tenant_name': 'tempest-TenantUsagesNegativeTestJSON-296582744', 'user_domain_id': 'default', 'user_domain_name': 'Default', 'user_id': '2e1838dba455495cbf972fc055ee5521', 'system': None}, Network: None, Subnet: None, Router: None
2025-04-04 01:28:09.716 70859 INFO tempest.lib.common.rest_client [req-aa791b9f-553d-4f3e-9811-32deec0c3dd8 req-aa791b9f-553d-4f3e-9811-32deec0c3dd8 ] Request (MigrationsAdminTest:test_list_migrations): 200 GET http://10.180.1.21/compute/v2.1/os-migrations 2.759s
2025-04-04 01:28:09.782 70833 INFO tempest.lib.common.rest_client [req-6b02a5b2-e79d-4802-ab06-1ddff7b6751a req-6b02a5b2-e79d-4802-ab06-1ddff7b6751a ] Request (AZAdminNegativeTestJSON:test_get_availability_zone_list_detail_with_non_admin_user): 403 GET http://10.180.1.21/compute/v2.1/os-availability-zone/detail 2.800s
2025-04-04 01:28:09.786 70831 INFO tempest.lib.common.rest_client [req-226e2a69-fcf3-4e2f-842c-3a1ddaff67fe req-226e2a69-fcf3-4e2f-842c-3a1ddaff67fe ] Request (TenantUsagesNegativeTestJSON:setUpClass): 201 POST http://10.180.1.21/identity/v3/auth/tokens 0.121s
2025-04-04 01:28:09.840 70859 INFO tempest.lib.common.rest_client [req-d728a0bc-2253-4843-87c6-d581a6115396 req-d728a0bc-2253-4843-87c6-d581a6115396 ] Request (MigrationsAdminTest:test_list_migrations_in_flavor_resize_situation): 201 POST http://10.180.1.21/identity/v3/auth/tokens 0.115s
2025-04-04 01:28:09.840 70859 INFO tempest.lib.common.fixed_network [-] (MigrationsAdminTest:test_list_migrations_in_flavor_resize_situation) Found network None available for tenant
2025-04-04 01:28:09.887 70857 INFO tempest.lib.common.rest_client [req-8cf180a9-661e-4a71-a67d-a4947284d5e2 req-8cf180a9-661e-4a71-a67d-a4947284d5e2 ] Request (HypervisorAdminNegativeUnderV252Test:test_search_hypervisor_with_non_admin_user): 200 GET http://10.180.1.21/compute/v2.1/os-hypervisors 2.824s
2025-04-04 01:28:09.935 70831 INFO tempest.lib.common.rest_client [req-5290c901-d487-4011-bb83-062e15cf4d8b req-5290c901-d487-4011-bb83-062e15cf4d8b ] Request (TenantUsagesNegativeTestJSON:setUpClass): 201 POST http://10.180.1.21/identity/v3/projects 0.148s
2025-04-04 01:28:10.049 70833 INFO tempest.lib.common.rest_client [req-a43ccd88-7cbb-4504-bd5c-ed48780e674f req-a43ccd88-7cbb-4504-bd5c-ed48780e674f ] Request (AZAdminNegativeTestJSON:tearDownClass): 204 DELETE http://10.180.1.21/identity/v3/users/12734bb1f9e34ed2a2344078c4d30912 0.261s
2025-04-04 01:28:10.082 70827 INFO tempest.lib.common.rest_client [req-a973ec67-7521-4962-bdba-4c72ce309937 req-a973ec67-7521-4962-bdba-4c72ce309937 ] Request (ServersWithSpecificFlavorTestJSON:setUpClass): 201 POST http://10.180.1.21:9696/networking/v2.0/routers 1.635s
2025-04-04 01:28:10.109 70831 INFO tempest.lib.common.rest_client [req-c7fd5ed0-ec0a-414a-a067-195bb70ded26 req-c7fd5ed0-ec0a-414a-a067-195bb70ded26 ] Request (TenantUsagesNegativeTestJSON:setUpClass): 201 POST http://10.180.1.21/identity/v3/users 0.173s
2025-04-04 01:28:10.158 70833 INFO tempest.lib.common.rest_client [req-df79fe09-190e-47b6-bb18-2dc4fe995f9f req-df79fe09-190e-47b6-bb18-2dc4fe995f9f ] Request (AZAdminNegativeTestJSON:tearDownClass): 204 DELETE http://10.180.1.21/identity/v3/users/a2fcc97c2ee14604b8ffc2088bd58205 0.107s
2025-04-04 01:28:10.158 70833 INFO tempest.lib.common.dynamic_creds [-] Deleting project and security group for project: a8c792c94e514124891292404ef0921e
2025-04-04 01:28:10.216 70831 INFO tempest.lib.common.rest_client [req-522f910f-0e9a-4eee-932e-23af8418b16e req-522f910f-0e9a-4eee-932e-23af8418b16e ] Request (TenantUsagesNegativeTestJSON:setUpClass): 200 GET http://10.180.1.21/identity/v3/roles 0.107s
2025-04-04 01:28:10.242 70833 INFO tempest.lib.common.rest_client [req-ff0628e4-3cf0-45e8-9bb0-b218cd9ef8ab req-ff0628e4-3cf0-45e8-9bb0-b218cd9ef8ab ] Request (AZAdminNegativeTestJSON:tearDownClass): 201 POST http://10.180.1.21/identity/v3/auth/tokens 0.084s
2025-04-04 01:28:10.250 70875 INFO tempest.lib.common.rest_client [req-d61327cc-e29c-4665-a058-213e89b52ed6 req-d61327cc-e29c-4665-a058-213e89b52ed6 ] Request (QuotasAdminNegativeTest:test_create_server_when_cpu_quota_is_full): 200 GET http://10.180.1.21/compute/v2.1/os-quota-sets/2cdcb3c0a61d4599885a7b84a558dbf6 3.064s
2025-04-04 01:28:10.286 70831 INFO tempest.lib.common.rest_client [req-875ed2ba-a305-4759-976d-65bdbb35bb34 req-875ed2ba-a305-4759-976d-65bdbb35bb34 ] Request (TenantUsagesNegativeTestJSON:setUpClass): 204 PUT http://10.180.1.21/identity/v3/projects/960ad596379d46d9a5d24f9fa2e69c0d/users/325fa67023c64889ada6e63bf4d1bf8f/roles/7c6ff780b58040199a9268d2e282d64a 0.063s
2025-04-04 01:28:10.294 70839 INFO tempest.lib.common.rest_client [req-e72eb3aa-bd98-42c8-ade7-ac363b002326 req-e72eb3aa-bd98-42c8-ade7-ac363b002326 ] Request (ImagesOneServerNegativeTestJSON:setUpClass): 202 POST http://10.180.1.21/compute/v2.1/servers 3.827s
2025-04-04 01:28:10.404 70871 INFO tempest.lib.common.rest_client [req-c69d68ec-d3f4-43a3-a521-8a4bd3cbc86a req-c69d68ec-d3f4-43a3-a521-8a4bd3cbc86a ] Request (ServersWithFlavorSwapResizeTest:setUpClass): 201 POST http://10.180.1.21:9696/networking/v2.0/routers 0.935s
2025-04-04 01:28:10.407 70831 INFO tempest.lib.common.rest_client [req-f9325cf3-6442-4a98-ac6e-86d169e423e0 req-f9325cf3-6442-4a98-ac6e-86d169e423e0 ] Request (TenantUsagesNegativeTestJSON:setUpClass): 200 GET http://10.180.1.21/identity/v3/roles 0.121s
2025-04-04 01:28:10.444 70831 INFO tempest.lib.common.rest_client [req-8eba8416-3872-4308-989e-85524a37bb95 req-8eba8416-3872-4308-989e-85524a37bb95 ] Request (TenantUsagesNegativeTestJSON:setUpClass): 204 PUT http://10.180.1.21/identity/v3/projects/960ad596379d46d9a5d24f9fa2e69c0d/users/325fa67023c64889ada6e63bf4d1bf8f/roles/7c6ff780b58040199a9268d2e282d64a 0.036s
2025-04-04 01:28:10.444 70831 INFO tempest.lib.common.dynamic_creds [-] Dynamic test user 325fa67023c64889ada6e63bf4d1bf8f is created with scope project and roles: ['admin']
2025-04-04 01:28:10.445 70831 INFO tempest.lib.common.dynamic_creds [-] Acquired dynamic creds: credentials: Credentials: {'domain_id': 'default', 'domain_name': 'Default', 'username': 'tempest-TenantUsagesNegativeTestJSON-1660173578-project-admin', 'project_domain_id': 'default', 'project_domain_name': 'Default', 'project_id': '960ad596379d46d9a5d24f9fa2e69c0d', 'project_name': 'tempest-TenantUsagesNegativeTestJSON-1660173578', 'tenant_id': '960ad596379d46d9a5d24f9fa2e69c0d', 'tenant_name': 'tempest-TenantUsagesNegativeTestJSON-1660173578', 'user_domain_id': 'default', 'user_domain_name': 'Default', 'user_id': '325fa67023c64889ada6e63bf4d1bf8f', 'system': None}, Network: None, Subnet: None, Router: None
2025-04-04 01:28:10.445 70831 INFO tempest.lib.common.dynamic_creds [-] Created isolated network resources for: credentials: Credentials: {'domain_id': 'default', 'domain_name': 'Default', 'username': 'tempest-TenantUsagesNegativeTestJSON-1660173578-project-admin', 'project_domain_id': 'default', 'project_domain_name': 'Default', 'project_id': '960ad596379d46d9a5d24f9fa2e69c0d', 'project_name': 'tempest-TenantUsagesNegativeTestJSON-1660173578', 'tenant_id': '960ad596379d46d9a5d24f9fa2e69c0d', 'tenant_name': 'tempest-TenantUsagesNegativeTestJSON-1660173578', 'user_domain_id': 'default', 'user_domain_name': 'Default', 'user_id': '325fa67023c64889ada6e63bf4d1bf8f', 'system': None}, Network: None, Subnet: None, Router: None
2025-04-04 01:28:10.473 70837 INFO tempest.lib.common.rest_client [req-84b49291-154f-4221-aa13-6dd03b0b89e8 req-84b49291-154f-4221-aa13-6dd03b0b89e8 ] Request (HypervisorAdminUnderV252Test:test_get_hypervisor_show_servers): 200 GET http://10.180.1.21/compute/v2.1/os-hypervisors 3.240s
2025-04-04 01:28:10.516 70815 INFO tempest.lib.common.rest_client [req-647ce12b-c9be-4d34-aefe-e3b879c0fe49 req-647ce12b-c9be-4d34-aefe-e3b879c0fe49 ] Request (ServersTestBootFromVolume:setUpClass): 200 POST http://10.180.1.21/compute/v2.1/os-keypairs 3.267s
2025-04-04 01:28:10.551 70831 INFO tempest.lib.common.rest_client [req-582bee58-eb80-44f2-9188-9b76ca0b8e33 req-582bee58-eb80-44f2-9188-9b76ca0b8e33 ] Request (TenantUsagesNegativeTestJSON:setUpClass): 201 POST http://10.180.1.21/identity/v3/auth/tokens 0.103s
2025-04-04 01:28:10.586 70867 INFO tempest.lib.common.rest_client [req-e7394caf-d154-4741-8b15-0cb773526e9b req-e7394caf-d154-4741-8b15-0cb773526e9b ] Request (InstanceUsageAuditLogNegativeTestJSON:test_get_instance_usage_audit_logs_with_invalid_time): 400 GET http://10.180.1.21/compute/v2.1/os-instance_usage_audit_log/invalid_time 3.269s
2025-04-04 01:28:10.598 70833 INFO tempest.lib.common.rest_client [req-52632a3e-6e98-440b-9b9a-a99b58e77f3e req-52632a3e-6e98-440b-9b9a-a99b58e77f3e ] Request (AZAdminNegativeTestJSON:tearDownClass): 200 GET http://10.180.1.21:9696/networking/v2.0/security-groups?tenant_id=a8c792c94e514124891292404ef0921e&name=default 0.355s
2025-04-04 01:28:10.660 70863 INFO tempest.lib.common.rest_client [req-5543a5db-72b4-4a67-9b16-68f3c31adb36 req-5543a5db-72b4-4a67-9b16-68f3c31adb36 ] Request (FlavorMetadataValidation:test_flavor_update_with_custom_namespace): 200 POST http://10.180.1.21/compute/v2.1/flavors 3.339s
2025-04-04 01:28:10.678 70823 INFO tempest.lib.common.rest_client [req-ab24abb4-8d47-460a-817b-79ceb0c54f6c req-ab24abb4-8d47-460a-817b-79ceb0c54f6c ] Request (VolumesAssistedSnapshotsTest:setUpClass): 201 POST http://10.180.1.21:9696/networking/v2.0/routers 1.468s
2025-04-04 01:28:10.816 70815 INFO tempest.lib.common.rest_client [req-3a76f86e-c8f7-4724-99e3-c3d77c80f3ff req-3a76f86e-c8f7-4724-99e3-c3d77c80f3ff ] Request (ServersTestBootFromVolume:setUpClass): 201 POST http://10.180.1.21:9696/networking/v2.0/security-groups 0.299s
2025-04-04 01:28:10.831 70861 INFO tempest.lib.common.rest_client [req-7a70b39e-84cf-4acd-97a1-0efe97d3b712 req-7a70b39e-84cf-4acd-97a1-0efe97d3b712 ] Request (NetworksTest:test_get_network): 200 GET http://10.180.1.21/compute/v2.1/os-networks 3.439s
2025-04-04 01:28:10.904 70833 INFO tempest.lib.common.rest_client [req-622f433b-f69c-4360-addb-2526bf27d6a6 req-622f433b-f69c-4360-addb-2526bf27d6a6 ] Request (AZAdminNegativeTestJSON:tearDownClass): 204 DELETE http://10.180.1.21:9696/networking/v2.0/security-groups/9c2bd9eb-2bfd-41d8-aaac-9311988a08a6 0.305s
2025-04-04 01:28:10.922 70841 INFO tempest.lib.common.rest_client [req-7321ddf8-107c-4012-84fe-44f053aab8f5 req-7321ddf8-107c-4012-84fe-44f053aab8f5 ] Request (ServersAdminNegativeTestJSON:setUpClass): 200 GET http://10.180.1.21/compute/v2.1/servers/8ff3c6e9-627b-4750-8157-5bbc2d76f832 3.402s
2025-04-04 01:28:11.144 70835 INFO tempest.lib.common.rest_client [req-3942656d-5edf-4c05-95c7-8b90a5d2392b req-3942656d-5edf-4c05-95c7-8b90a5d2392b ] Request (QuotasAdminTestJSON:test_delete_quota): 200 PUT http://10.180.1.21/compute/v2.1/os-quota-sets/d3a1a9fe80364feaa66849a5ab685f2a 3.342s
2025-04-04 01:28:11.168 70815 INFO tempest.lib.common.rest_client [req-85f3bccf-895f-4375-91f0-19badf69c79e req-85f3bccf-895f-4375-91f0-19badf69c79e ] Request (ServersTestBootFromVolume:setUpClass): 201 POST http://10.180.1.21:9696/networking/v2.0/security-group-rules 0.351s
2025-04-04 01:28:11.191 70833 INFO tempest.lib.common.rest_client [req-4ddebc33-70d9-4216-a2bb-6b9d8e6f510a req-4ddebc33-70d9-4216-a2bb-6b9d8e6f510a ] Request (AZAdminNegativeTestJSON:tearDownClass): 204 DELETE http://10.180.1.21/identity/v3/projects/a8c792c94e514124891292404ef0921e 0.286s
2025-04-04 01:28:11.191 70833 INFO tempest.lib.common.dynamic_creds [-] Deleting project and security group for project: a74f5d3e2d584df38b4096ff404b9a87
2025-04-04 01:28:11.249 70825 INFO tempest.lib.common.rest_client [req-8799381c-a8b0-42e2-88e9-2048713235b2 req-8799381c-a8b0-42e2-88e9-2048713235b2 ] Request (TenantUsagesTestJSON:setUpClass): 202 POST http://10.180.1.21/compute/v2.1/servers 3.806s
2025-04-04 01:28:11.274 70873 INFO tempest.lib.common.rest_client [req-4435f23c-403e-4ade-ad4b-0dc88960b42c req-4435f23c-403e-4ade-ad4b-0dc88960b42c ] Request (ServersAdmin275Test:test_rebuild_update_server_275): 200 GET http://10.180.1.21/compute/v2.1/servers/c54cdc3e-0a86-4662-b2ad-13e2c08c7897 3.409s
2025-04-04 01:28:11.316 70813 INFO tempest.lib.common.rest_client [req-fa18bbc2-0a03-44d9-a1d6-a75ef1508f68 req-fa18bbc2-0a03-44d9-a1d6-a75ef1508f68 ] Request (FlavorsAdminTestJSON:_run_cleanups): 202 DELETE http://10.180.1.21/compute/v2.1/flavors/1659985522 3.284s
2025-04-04 01:28:11.361 70846 INFO tempest.lib.common.rest_client [req-8eb2141e-2e06-4a3f-acdc-0e5832189af2 req-8eb2141e-2e06-4a3f-acdc-0e5832189af2 ] Request (HypervisorAdminTestJSON:test_get_hypervisor_list_details): 200 GET http://10.180.1.21/compute/v2.1/os-hypervisors/detail 3.159s
2025-04-04 01:28:11.361 70821 INFO tempest.lib.common.rest_client [req-318e5eb7-dcac-4db2-abfb-a0d6f2bac5eb req-318e5eb7-dcac-4db2-abfb-a0d6f2bac5eb ] Request (FlavorsExtraSpecsTestJSON:test_flavor_non_admin_get_all_keys): 200 POST http://10.180.1.21/compute/v2.1/flavors/1235188610/os-extra_specs 3.327s
2025-04-04 01:28:11.389 70851 INFO tempest.lib.common.rest_client [req-cd05a8e8-c818-40ce-879d-376189c9223a req-cd05a8e8-c818-40ce-879d-376189c9223a ] Request (AZAdminV2TestJSON:test_get_availability_zone_list_detail): 200 GET http://10.180.1.21/compute/v2.1/os-availability-zone/detail 3.117s
2025-04-04 01:28:11.423 70847 INFO tempest.lib.common.rest_client [req-9e2c1f3e-ce6d-4441-97f8-0a8a98678b0e req-9e2c1f3e-ce6d-4441-97f8-0a8a98678b0e ] Request (HypervisorAdminV253TestBase:test_list_show_detail_hypervisors): 200 GET http://10.180.1.21/compute/v2.1/os-hypervisors?with_servers=True 2.574s
2025-04-04 01:28:11.446 70853 INFO tempest.lib.common.rest_client [req-bdb5f4e8-7608-420b-b1b8-3743888ee7e9 req-bdb5f4e8-7608-420b-b1b8-3743888ee7e9 ] Request (HostsAdminTestJSON:test_list_hosts_with_a_blank_zone): 200 GET http://10.180.1.21/compute/v2.1/os-hosts?zone= 2.520s
2025-04-04 01:28:11.472 70833 INFO tempest.lib.common.rest_client [req-25187209-960c-44c9-959c-4ead4a63ab03 req-25187209-960c-44c9-959c-4ead4a63ab03 ] Request (AZAdminNegativeTestJSON:tearDownClass): 200 GET http://10.180.1.21:9696/networking/v2.0/security-groups?tenant_id=a74f5d3e2d584df38b4096ff404b9a87&name=default 0.280s
2025-04-04 01:28:11.575 70815 INFO tempest.lib.common.rest_client [req-12eaf1cd-ef8e-4130-823b-bb7387b7eadb req-12eaf1cd-ef8e-4130-823b-bb7387b7eadb ] Request (ServersTestBootFromVolume:setUpClass): 201 POST http://10.180.1.21:9696/networking/v2.0/security-group-rules 0.406s
2025-04-04 01:28:11.582 70865 INFO tempest.lib.common.rest_client [req-28eb9f18-a9be-4143-9385-5f32c21f6235 req-28eb9f18-a9be-4143-9385-5f32c21f6235 ] Request (DeleteServersAdminTestJSON:test_admin_delete_servers_of_others): 200 GET http://10.180.1.21/compute/v2.1/servers/b6971311-a16f-4346-b1bf-a83950a38601 2.594s
2025-04-04 01:28:11.584 70819 INFO tempest.lib.common.rest_client [req-b220eb8e-32fd-47b5-a65d-888b369a70d0 req-b220eb8e-32fd-47b5-a65d-888b369a70d0 ] Request (FlavorsExtraSpecsNegativeTestJSON:test_flavor_get_nonexistent_key): 404 GET http://10.180.1.21/compute/v2.1/flavors/595990350/os-extra_specs/hw:cpu_thread_policy 3.199s
2025-04-04 01:28:11.647 70817 INFO tempest.lib.common.rest_client [req-1901690b-3d7a-40b5-89b3-2e3b13565826 req-1901690b-3d7a-40b5-89b3-2e3b13565826 ] Request (AggregatesAdminNegativeTestJSON:test_aggregate_add_existent_host): 200 POST http://10.180.1.21/compute/v2.1/os-aggregates 2.646s
2025-04-04 01:28:11.659 70843 INFO tempest.lib.common.rest_client [req-1f34cac7-0876-4657-8f45-3ed310fc196c req-1f34cac7-0876-4657-8f45-3ed310fc196c ] Request (ListImageFiltersTestJSON:setUpClass): 200 GET http://10.180.1.21/compute/v2.1/images/67652ee7-dde3-4c9b-b4d1-e1cc724a5555 2.498s
2025-04-04 01:28:11.674 70851 INFO tempest.lib.common.rest_client [req-cdd95367-17ac-4c9c-957c-03403f30f266 req-cdd95367-17ac-4c9c-957c-03403f30f266 ] Request (AZAdminV2TestJSON:tearDownClass): 204 DELETE http://10.180.1.21/identity/v3/users/75cfc69820924a4a9ce96a2c1fbe1587 0.281s
2025-04-04 01:28:11.694 70871 INFO tempest.lib.common.rest_client [req-79aeccd7-feca-4db2-b0bb-70985e9c6310 req-79aeccd7-feca-4db2-b0bb-70985e9c6310 ] Request (ServersWithFlavorSwapResizeTest:setUpClass): 200 PUT http://10.180.1.21:9696/networking/v2.0/routers/06515968-f3dd-4967-b8e4-402a35684283/add_router_interface 1.290s
2025-04-04 01:28:11.694 70871 INFO tempest.lib.common.dynamic_creds [-] Created isolated network resources for: credentials: Credentials: {'domain_id': 'default', 'domain_name': 'Default', 'username': 'tempest-ServersWithFlavorSwapResizeTest-79128594-project-admin', 'project_domain_id': 'default', 'project_domain_name': 'Default', 'project_id': '8cd849c9348445039f361761db8bbe34', 'project_name': 'tempest-ServersWithFlavorSwapResizeTest-79128594', 'tenant_id': '8cd849c9348445039f361761db8bbe34', 'tenant_name': 'tempest-ServersWithFlavorSwapResizeTest-79128594', 'user_domain_id': 'default', 'user_domain_name': 'Default', 'user_id': '66a61ae0de9b4fa3a730afa5c8d56e0f', 'system': None}, Network: {'id': '23e5851e-3953-43ce-9726-6aa6d492000a', 'name': 'tempest-ServersWithFlavorSwapResizeTest-807608139-network', 'tenant_id': '8cd849c9348445039f361761db8bbe34', 'admin_state_up': True, 'mtu': 8950, 'status': 'ACTIVE', 'subnets': [], 'shared': False, 'project_id': '8cd849c9348445039f361761db8bbe34', 'port_security_enabled': True, 'router:external': False, 'provider:network_type': 'vlan', 'provider:physical_network': 'default', 'provider:segmentation_id': 837, 'availability_zone_hints': [], 'availability_zones': [], 'ipv4_address_scope': None, 'ipv6_address_scope': None, 'description': '', 'tags': [], 'created_at': '2025-04-04T01:28:08Z', 'updated_at': '2025-04-04T01:28:08Z', 'revision_number': 1}, Subnet: {'id': '2cfa9b2f-0613-4757-b7b0-9e68f3cb645d', 'name': 'tempest-ServersWithFlavorSwapResizeTest-807608139-subnet', 'tenant_id': '8cd849c9348445039f361761db8bbe34', 'network_id': '23e5851e-3953-43ce-9726-6aa6d492000a', 'ip_version': 4, 'subnetpool_id': None, 'enable_dhcp': True, 'ipv6_ra_mode': None, 'ipv6_address_mode': None, 'gateway_ip': '192.168.128.1', 'cidr': '192.168.128.0/28', 'allocation_pools': [{'start': '192.168.128.2', 'end': '192.168.128.14'}], 'host_routes': [], 'dns_nameservers': [], 'description': '', 'router:external': False, 'service_types': [], 'tags': [], 'created_at': '2025-04-04T01:28:09Z', 'updated_at': '2025-04-04T01:28:09Z', 'revision_number': 0, 'project_id': '8cd849c9348445039f361761db8bbe34'}, Router: {'id': '06515968-f3dd-4967-b8e4-402a35684283', 'name': 'tempest-ServersWithFlavorSwapResizeTest-807608139-router', 'tenant_id': '8cd849c9348445039f361761db8bbe34', 'admin_state_up': True, 'status': 'ACTIVE', 'external_gateway_info': {'network_id': '78985c96-488e-43b2-9cdf-542b7bc37c10', 'external_fixed_ips': [{'subnet_id': 'fff3e98d-c14d-4a87-a0d9-3a8c435ac3f6', 'ip_address': '10.180.180.241'}], 'enable_snat': True}, 'description': '', 'availability_zones': [], 'distributed': False, 'ha': False, 'availability_zone_hints': [], 'routes': [], 'flavor_id': None, 'tags': [], 'created_at': '2025-04-04T01:28:09Z', 'updated_at': '2025-04-04T01:28:09Z', 'revision_number': 2, 'project_id': '8cd849c9348445039f361761db8bbe34'}
2025-04-04 01:28:11.800 70829 INFO tempest.lib.common.rest_client [req-d46a3dd8-97a9-469a-b604-c107730af533 req-d46a3dd8-97a9-469a-b604-c107730af533 ] Request (HostsAdminNegativeTestJSON:test_list_hosts_with_non_admin_user): 403 GET http://10.180.1.21/compute/v2.1/os-hosts 2.376s
2025-04-04 01:28:11.806 70849 INFO tempest.lib.common.rest_client [req-0f9c3479-5e33-45d6-9403-12a5599ee031 req-0f9c3479-5e33-45d6-9403-12a5599ee031 ] Request (FlavorsV261TestJSON:test_crud_flavor): 200 GET http://10.180.1.21/compute/v2.1/flavors/39780729 2.566s
2025-04-04 01:28:11.960 70855 INFO tempest.lib.common.rest_client [req-fcce24d2-07c9-4db8-a895-56f1aeb9fb2c req-fcce24d2-07c9-4db8-a895-56f1aeb9fb2c ] Request (KeyPairsV210TestJSON:test_admin_manage_keypairs_for_other_users): 201 POST http://10.180.1.21/compute/v2.1/os-keypairs 2.392s
2025-04-04 01:28:11.960 70833 INFO tempest.lib.common.rest_client [req-ad3b2793-f0e2-4894-92a5-766337dfe490 req-ad3b2793-f0e2-4894-92a5-766337dfe490 ] Request (AZAdminNegativeTestJSON:tearDownClass): 204 DELETE http://10.180.1.21:9696/networking/v2.0/security-groups/5ff6438f-c50f-44bd-ae7a-a7f5781c50d2 0.487s
2025-04-04 01:28:12.050 70869 INFO tempest.lib.common.rest_client [req-58ec3d6c-26e4-482c-9aa2-8007303dc37d req-58ec3d6c-26e4-482c-9aa2-8007303dc37d ] Request (ServerExternalEventsTest:test_create_server_external_events): 200 GET http://10.180.1.21/compute/v2.1/servers/065480a4-932a-4a09-815e-73592fcc25c4 2.339s
2025-04-04 01:28:12.060 70871 INFO tempest.lib.common.rest_client [req-9617d151-9833-421a-bda5-057768ff934a req-9617d151-9833-421a-bda5-057768ff934a ] Request (ServersWithFlavorSwapResizeTest:setUpClass): 201 POST http://10.180.1.21/identity/v3/auth/tokens 0.362s
2025-04-04 01:28:12.343 70827 INFO tempest.lib.common.rest_client [req-5fa33bef-da5a-4891-93d1-6d43c0af3919 req-5fa33bef-da5a-4891-93d1-6d43c0af3919 ] Request (ServersWithSpecificFlavorTestJSON:setUpClass): 200 PUT http://10.180.1.21:9696/networking/v2.0/routers/0614160c-4126-485d-a076-8901a81d86fa/add_router_interface 2.261s
2025-04-04 01:28:12.344 70827 INFO tempest.lib.common.dynamic_creds [-] Created isolated network resources for: credentials: Credentials: {'domain_id': 'default', 'domain_name': 'Default', 'username': 'tempest-ServersWithSpecificFlavorTestJSON-801942859-project-admin', 'project_domain_id': 'default', 'project_domain_name': 'Default', 'project_id': 'ee304a3b26ae4e99806e883657dab126', 'project_name': 'tempest-ServersWithSpecificFlavorTestJSON-801942859', 'tenant_id': 'ee304a3b26ae4e99806e883657dab126', 'tenant_name': 'tempest-ServersWithSpecificFlavorTestJSON-801942859', 'user_domain_id': 'default', 'user_domain_name': 'Default', 'user_id': '9f0981805f264063828171eda515fcaf', 'system': None}, Network: {'id': 'b3558b86-d19c-419a-b647-d625ce6e23fd', 'name': 'tempest-ServersWithSpecificFlavorTestJSON-213780571-network', 'tenant_id': 'ee304a3b26ae4e99806e883657dab126', 'admin_state_up': True, 'mtu': 8950, 'status': 'ACTIVE', 'subnets': [], 'shared': False, 'project_id': 'ee304a3b26ae4e99806e883657dab126', 'port_security_enabled': True, 'router:external': False, 'provider:network_type': 'vlan', 'provider:physical_network': 'default', 'provider:segmentation_id': 206, 'availability_zone_hints': [], 'availability_zones': [], 'ipv4_address_scope': None, 'ipv6_address_scope': None, 'description': '', 'tags': [], 'created_at': '2025-04-04T01:28:07Z', 'updated_at': '2025-04-04T01:28:07Z', 'revision_number': 1}, Subnet: {'id': '4e6d0891-c3dd-4cfb-9f25-c59caa680c24', 'name': 'tempest-ServersWithSpecificFlavorTestJSON-213780571-subnet', 'tenant_id': 'ee304a3b26ae4e99806e883657dab126', 'network_id': 'b3558b86-d19c-419a-b647-d625ce6e23fd', 'ip_version': 4, 'subnetpool_id': None, 'enable_dhcp': True, 'ipv6_ra_mode': None, 'ipv6_address_mode': None, 'gateway_ip': '192.168.128.1', 'cidr': '192.168.128.0/28', 'allocation_pools': [{'start': '192.168.128.2', 'end': '192.168.128.14'}], 'host_routes': [], 'dns_nameservers': [], 'description': '', 'router:external': False, 'service_types': [], 'tags': [], 'created_at': '2025-04-04T01:28:08Z', 'updated_at': '2025-04-04T01:28:08Z', 'revision_number': 0, 'project_id': 'ee304a3b26ae4e99806e883657dab126'}, Router: {'id': '0614160c-4126-485d-a076-8901a81d86fa', 'name': 'tempest-ServersWithSpecificFlavorTestJSON-213780571-router', 'tenant_id': 'ee304a3b26ae4e99806e883657dab126', 'admin_state_up': True, 'status': 'ACTIVE', 'external_gateway_info': {'network_id': '78985c96-488e-43b2-9cdf-542b7bc37c10', 'external_fixed_ips': [{'subnet_id': 'fff3e98d-c14d-4a87-a0d9-3a8c435ac3f6', 'ip_address': '10.180.180.177'}], 'enable_snat': True}, 'description': '', 'availability_zones': [], 'distributed': False, 'ha': False, 'availability_zone_hints': [], 'routes': [], 'flavor_id': None, 'tags': [], 'created_at': '2025-04-04T01:28:08Z', 'updated_at': '2025-04-04T01:28:09Z', 'revision_number': 2, 'project_id': 'ee304a3b26ae4e99806e883657dab126'}
2025-04-04 01:28:12.434 70851 INFO tempest.lib.common.rest_client [req-68edf8e4-3855-4432-9391-6ea1394ac2a7 req-68edf8e4-3855-4432-9391-6ea1394ac2a7 ] Request (AZAdminV2TestJSON:tearDownClass): 204 DELETE http://10.180.1.21/identity/v3/users/12e16225daf141abbb0f7132538593c3 0.758s
2025-04-04 01:28:12.434 70851 INFO tempest.lib.common.dynamic_creds [-] Deleting project and security group for project: f4a2fcd6b2684794b70667ab1db8877d
2025-04-04 01:28:12.516 70833 INFO tempest.lib.common.rest_client [req-3d813faa-e4db-4e56-87a3-ce7f1bd49509 req-3d813faa-e4db-4e56-87a3-ce7f1bd49509 ] Request (AZAdminNegativeTestJSON:tearDownClass): 204 DELETE http://10.180.1.21/identity/v3/projects/a74f5d3e2d584df38b4096ff404b9a87 0.556s
2025-04-04 01:28:12.622 70857 INFO tempest.lib.common.rest_client [req-b79682a6-47d7-49fc-9017-5a0dd491bead req-b79682a6-47d7-49fc-9017-5a0dd491bead ] Request (HypervisorAdminNegativeUnderV252Test:test_search_hypervisor_with_non_admin_user): 403 GET http://10.180.1.21/compute/v2.1/os-hypervisors/domain-c8.fc996f14-c53b-4953-92e3-bdfa48f5cc28/search 2.733s
2025-04-04 01:28:12.682 70851 INFO tempest.lib.common.rest_client [req-484b7546-2be6-433d-960d-8a6f404628c2 req-484b7546-2be6-433d-960d-8a6f404628c2 ] Request (AZAdminV2TestJSON:tearDownClass): 201 POST http://10.180.1.21/identity/v3/auth/tokens 0.247s
2025-04-04 01:28:12.709 70833 INFO tempest.lib.common.rest_client [req-f9b8306d-4e0d-4850-961a-c2204486853c req-f9b8306d-4e0d-4850-961a-c2204486853c ] Request (FlavorsAccessTestJSON:setUpClass): 201 POST http://10.180.1.21/identity/v3/auth/tokens 0.190s
2025-04-04 01:28:12.740 70827 INFO tempest.lib.common.rest_client [req-de071eab-08aa-4760-9cc6-87046df114dc req-de071eab-08aa-4760-9cc6-87046df114dc ] Request (ServersWithSpecificFlavorTestJSON:setUpClass): 201 POST http://10.180.1.21/identity/v3/auth/tokens 0.394s
2025-04-04 01:28:12.765 70833 INFO tempest.lib.common.rest_client [req-4134658a-4356-4d9f-8e29-82a093b55bb4 req-4134658a-4356-4d9f-8e29-82a093b55bb4 ] Request (FlavorsAccessTestJSON:setUpClass): 201 POST http://10.180.1.21/identity/v3/auth/tokens 0.053s
2025-04-04 01:28:12.840 70833 INFO tempest.lib.common.rest_client [req-9736a435-381b-4536-8084-71488e9ac9d2 req-9736a435-381b-4536-8084-71488e9ac9d2 ] Request (FlavorsAccessTestJSON:setUpClass): 200 GET http://10.180.1.21/identity/v3/domains?name=Default 0.075s
2025-04-04 01:28:12.982 70833 INFO tempest.lib.common.rest_client [req-a9b3d86c-cc62-4fad-841f-9657436d96c9 req-a9b3d86c-cc62-4fad-841f-9657436d96c9 ] Request (FlavorsAccessTestJSON:setUpClass): 201 POST http://10.180.1.21/identity/v3/projects 0.141s
2025-04-04 01:28:13.027 70875 INFO tempest.lib.common.rest_client [req-e4bf5994-0a0f-4962-9db2-2bf496050771 req-e4bf5994-0a0f-4962-9db2-2bf496050771 ] Request (QuotasAdminNegativeTest:test_create_server_when_cpu_quota_is_full): 200 PUT http://10.180.1.21/compute/v2.1/os-quota-sets/2cdcb3c0a61d4599885a7b84a558dbf6 2.774s
2025-04-04 01:28:13.102 70859 INFO tempest.lib.common.rest_client [req-b1ba77b0-8db3-433b-aa35-154abfb8ba82 req-b1ba77b0-8db3-433b-aa35-154abfb8ba82 ] Request (MigrationsAdminTest:test_list_migrations_in_flavor_resize_situation): 202 POST http://10.180.1.21/compute/v2.1/servers 3.261s
2025-04-04 01:28:13.107 70833 INFO tempest.lib.common.rest_client [req-b3076641-26e9-45b2-9583-4ec5a6673cc0 req-b3076641-26e9-45b2-9583-4ec5a6673cc0 ] Request (FlavorsAccessTestJSON:setUpClass): 201 POST http://10.180.1.21/identity/v3/users 0.124s
2025-04-04 01:28:13.144 70833 INFO tempest.lib.common.rest_client [req-09004ac8-a74f-446f-9cd0-67b3c8179d52 req-09004ac8-a74f-446f-9cd0-67b3c8179d52 ] Request (FlavorsAccessTestJSON:setUpClass): 200 GET http://10.180.1.21/identity/v3/roles 0.035s
2025-04-04 01:28:13.150 70875 INFO tempest.lib.common.rest_client [req-c2478838-eadd-4aba-9a42-d242b5e9eeed req-c2478838-eadd-4aba-9a42-d242b5e9eeed ] Request (QuotasAdminNegativeTest:test_create_server_when_cpu_quota_is_full): 201 POST http://10.180.1.21/identity/v3/auth/tokens 0.110s
2025-04-04 01:28:13.150 70875 INFO tempest.lib.common.fixed_network [-] (QuotasAdminNegativeTest:test_create_server_when_cpu_quota_is_full) Found network None available for tenant
2025-04-04 01:28:13.162 70839 INFO tempest.lib.common.rest_client [req-de859eac-fcd6-47f3-a6b6-b62a2ffc6f4e req-de859eac-fcd6-47f3-a6b6-b62a2ffc6f4e ] Request (ImagesOneServerNegativeTestJSON:setUpClass): 200 GET http://10.180.1.21/compute/v2.1/servers/9c33dcde-32e8-4942-88c4-786789629c6f 2.865s
2025-04-04 01:28:13.205 70837 INFO tempest.lib.common.rest_client [req-13d17567-eb94-43d6-b2a0-ac72bc2aad62 req-13d17567-eb94-43d6-b2a0-ac72bc2aad62 ] Request (HypervisorAdminUnderV252Test:test_get_hypervisor_show_servers): 200 GET http://10.180.1.21/compute/v2.1/os-hypervisors/domain-c8.fc996f14-c53b-4953-92e3-bdfa48f5cc28/servers 2.731s
2025-04-04 01:28:13.206 70833 INFO tempest.lib.common.rest_client [req-1e8ae7cf-af82-49ec-a149-2f47d6690e79 req-1e8ae7cf-af82-49ec-a149-2f47d6690e79 ] Request (FlavorsAccessTestJSON:setUpClass): 204 PUT http://10.180.1.21/identity/v3/projects/63db8293eef24720849ad6d80e3ed9e9/users/1b6d49bafb3c418e8e2ca86789e02d96/roles/d3fac7dbc3814a3da87df4a0d39fe2ae 0.061s
2025-04-04 01:28:13.206 70833 INFO tempest.lib.common.dynamic_creds [-] Dynamic test user 1b6d49bafb3c418e8e2ca86789e02d96 is created with scope project and roles: ['member']
2025-04-04 01:28:13.206 70833 INFO tempest.lib.common.dynamic_creds [-] Acquired dynamic creds: credentials: Credentials: {'domain_id': 'default', 'domain_name': 'Default', 'username': 'tempest-FlavorsAccessTestJSON-219947278-project-member', 'project_domain_id': 'default', 'project_domain_name': 'Default', 'project_id': '63db8293eef24720849ad6d80e3ed9e9', 'project_name': 'tempest-FlavorsAccessTestJSON-219947278', 'tenant_id': '63db8293eef24720849ad6d80e3ed9e9', 'tenant_name': 'tempest-FlavorsAccessTestJSON-219947278', 'user_domain_id': 'default', 'user_domain_name': 'Default', 'user_id': '1b6d49bafb3c418e8e2ca86789e02d96', 'system': None}, Network: None, Subnet: None, Router: None
2025-04-04 01:28:13.206 70833 INFO tempest.lib.common.dynamic_creds [-] Created isolated network resources for: credentials: Credentials: {'domain_id': 'default', 'domain_name': 'Default', 'username': 'tempest-FlavorsAccessTestJSON-219947278-project-member', 'project_domain_id': 'default', 'project_domain_name': 'Default', 'project_id': '63db8293eef24720849ad6d80e3ed9e9', 'project_name': 'tempest-FlavorsAccessTestJSON-219947278', 'tenant_id': '63db8293eef24720849ad6d80e3ed9e9', 'tenant_name': 'tempest-FlavorsAccessTestJSON-219947278', 'user_domain_id': 'default', 'user_domain_name': 'Default', 'user_id': '1b6d49bafb3c418e8e2ca86789e02d96', 'system': None}, Network: None, Subnet: None, Router: None
2025-04-04 01:28:13.248 70823 INFO tempest.lib.common.rest_client [req-b141799c-0ac7-4191-98a1-b9413046c644 req-b141799c-0ac7-4191-98a1-b9413046c644 ] Request (VolumesAssistedSnapshotsTest:setUpClass): 200 PUT http://10.180.1.21:9696/networking/v2.0/routers/c09efb73-2029-46f7-bcaa-a9e9ab11132e/add_router_interface 2.569s
2025-04-04 01:28:13.248 70823 INFO tempest.lib.common.dynamic_creds [-] Created isolated network resources for: credentials: Credentials: {'domain_id': 'default', 'domain_name': 'Default', 'username': 'tempest-VolumesAssistedSnapshotsTest-2126314675-project-admin', 'project_domain_id': 'default', 'project_domain_name': 'Default', 'project_id': 'fac37bcb084f449aaf2d842cf3d65271', 'project_name': 'tempest-VolumesAssistedSnapshotsTest-2126314675', 'tenant_id': 'fac37bcb084f449aaf2d842cf3d65271', 'tenant_name': 'tempest-VolumesAssistedSnapshotsTest-2126314675', 'user_domain_id': 'default', 'user_domain_name': 'Default', 'user_id': '58ea12dff5374175a83709456a2c78fa', 'system': None}, Network: {'id': '31f3f0c2-8be7-414b-a83d-714dcaac3c8f', 'name': 'tempest-VolumesAssistedSnapshotsTest-604907709-network', 'tenant_id': 'fac37bcb084f449aaf2d842cf3d65271', 'admin_state_up': True, 'mtu': 8950, 'status': 'ACTIVE', 'subnets': [], 'shared': False, 'project_id': 'fac37bcb084f449aaf2d842cf3d65271', 'port_security_enabled': True, 'router:external': False, 'provider:network_type': 'vlan', 'provider:physical_network': 'default', 'provider:segmentation_id': 57, 'availability_zone_hints': [], 'availability_zones': [], 'ipv4_address_scope': None, 'ipv6_address_scope': None, 'description': '', 'tags': [], 'created_at': '2025-04-04T01:28:08Z', 'updated_at': '2025-04-04T01:28:08Z', 'revision_number': 1}, Subnet: {'id': '34ddd850-366b-4ed6-8712-60ffa89e5eae', 'name': 'tempest-VolumesAssistedSnapshotsTest-604907709-subnet', 'tenant_id': 'fac37bcb084f449aaf2d842cf3d65271', 'network_id': '31f3f0c2-8be7-414b-a83d-714dcaac3c8f', 'ip_version': 4, 'subnetpool_id': None, 'enable_dhcp': True, 'ipv6_ra_mode': None, 'ipv6_address_mode': None, 'gateway_ip': '192.168.128.1', 'cidr': '192.168.128.0/28', 'allocation_pools': [{'start': '192.168.128.2', 'end': '192.168.128.14'}], 'host_routes': [], 'dns_nameservers': [], 'description': '', 'router:external': False, 'service_types': [], 'tags': [], 'created_at': '2025-04-04T01:28:08Z', 'updated_at': '2025-04-04T01:28:08Z', 'revision_number': 0, 'project_id': 'fac37bcb084f449aaf2d842cf3d65271'}, Router: {'id': 'c09efb73-2029-46f7-bcaa-a9e9ab11132e', 'name': 'tempest-VolumesAssistedSnapshotsTest-604907709-router', 'tenant_id': 'fac37bcb084f449aaf2d842cf3d65271', 'admin_state_up': True, 'status': 'ACTIVE', 'external_gateway_info': {'network_id': '78985c96-488e-43b2-9cdf-542b7bc37c10', 'external_fixed_ips': [{'subnet_id': 'fff3e98d-c14d-4a87-a0d9-3a8c435ac3f6', 'ip_address': '10.180.180.182'}], 'enable_snat': True}, 'description': '', 'availability_zones': [], 'distributed': False, 'ha': False, 'availability_zone_hints': [], 'routes': [], 'flavor_id': None, 'tags': [], 'created_at': '2025-04-04T01:28:09Z', 'updated_at': '2025-04-04T01:28:10Z', 'revision_number': 2, 'project_id': 'fac37bcb084f449aaf2d842cf3d65271'}
2025-04-04 01:28:13.265 70815 INFO tempest.lib.common.rest_client [req-4de5a65d-f2f1-46f3-9786-7dddccf7a8e0 req-4de5a65d-f2f1-46f3-9786-7dddccf7a8e0 ] Request (ServersTestBootFromVolume:setUpClass): 201 POST http://10.180.1.21:9696/networking/v2.0/floatingips 1.689s
2025-04-04 01:28:13.323 70851 INFO tempest.lib.common.rest_client [req-8895892a-a9d7-45e9-a362-774e0b170e8c req-8895892a-a9d7-45e9-a362-774e0b170e8c ] Request (AZAdminV2TestJSON:tearDownClass): 200 GET http://10.180.1.21:9696/networking/v2.0/security-groups?tenant_id=f4a2fcd6b2684794b70667ab1db8877d&name=default 0.640s
2025-04-04 01:28:13.327 70867 INFO tempest.lib.common.rest_client [req-ff86511c-bd93-4718-911f-a7b83d30da5a req-ff86511c-bd93-4718-911f-a7b83d30da5a ] Request (InstanceUsageAuditLogNegativeTestJSON:test_instance_usage_audit_logs_with_nonadmin_user): 403 GET http://10.180.1.21/compute/v2.1/os-instance_usage_audit_log 2.734s
2025-04-04 01:28:13.337 70831 INFO tempest.lib.common.rest_client [req-f42711f8-6769-4597-a2b4-3306729f2ee8 req-f42711f8-6769-4597-a2b4-3306729f2ee8 ] Request (TenantUsagesNegativeTestJSON:test_get_usage_tenant_with_empty_tenant_id): 404 GET http://10.180.1.21/compute/v2.1/os-simple-tenant-usage/?start=2025-04-03T01%3A28%3A10.551968&end=2025-04-05T01%3A28%3A10.551968 2.785s
2025-04-04 01:28:13.339 70831 WARNING tempest.lib.common.rest_client [-] Deprecated: "tenant_id" property is deprecated for removal, use "project_id" instead
2025-04-04 01:28:13.406 70861 INFO tempest.lib.common.rest_client [req-440b1dd9-9b72-4ce0-87c3-12c13efe20fe req-440b1dd9-9b72-4ce0-87c3-12c13efe20fe ] Request (NetworksTest:test_get_network): 200 GET http://10.180.1.21/compute/v2.1/os-networks/78985c96-488e-43b2-9cdf-542b7bc37c10 2.574s
2025-04-04 01:28:13.761 70863 INFO tempest.lib.common.rest_client [req-afee16dd-2816-459e-aad0-22fa09a9e937 req-afee16dd-2816-459e-aad0-22fa09a9e937 ] Request (FlavorMetadataValidation:test_flavor_update_with_custom_namespace): 200 POST http://10.180.1.21/compute/v2.1/flavors/173212819/os-extra_specs 3.097s
2025-04-04 01:28:13.764 70835 INFO tempest.lib.common.rest_client [req-28c8e766-e4a8-44a1-bf54-5755a6b4b3ab req-28c8e766-e4a8-44a1-bf54-5755a6b4b3ab ] Request (QuotasAdminTestJSON:test_delete_quota): 202 DELETE http://10.180.1.21/compute/v2.1/os-quota-sets/d3a1a9fe80364feaa66849a5ab685f2a 2.617s
2025-04-04 01:28:13.806 70813 INFO tempest.lib.common.rest_client [req-ca85697d-5908-488c-9672-be3552cc8f88 req-ca85697d-5908-488c-9672-be3552cc8f88 ] Request (FlavorsAdminTestJSON:_run_cleanups): 200 GET http://10.180.1.21/compute/v2.1/flavors/detail 2.490s
2025-04-04 01:28:13.884 70825 INFO tempest.lib.common.rest_client [req-3e330b33-91f4-408e-b49a-3eb7023600e6 req-3e330b33-91f4-408e-b49a-3eb7023600e6 ] Request (TenantUsagesTestJSON:setUpClass): 200 GET http://10.180.1.21/compute/v2.1/servers/aee7ee90-e771-4e64-bc2b-abb63c5e8bcc 2.633s
2025-04-04 01:28:13.889 70823 INFO tempest.lib.common.rest_client [req-35f93b5c-7a02-4f28-b427-96666dff7431 req-35f93b5c-7a02-4f28-b427-96666dff7431 ] Request (VolumesAssistedSnapshotsTest:setUpClass): 201 POST http://10.180.1.21/identity/v3/auth/tokens 0.636s
2025-04-04 01:28:13.897 70833 INFO tempest.lib.common.rest_client [req-97790e65-5299-4e7f-81b4-231c16094e8b req-97790e65-5299-4e7f-81b4-231c16094e8b ] Request (FlavorsAccessTestJSON:setUpClass): 201 POST http://10.180.1.21/identity/v3/auth/tokens 0.687s
2025-04-04 01:28:13.933 70851 INFO tempest.lib.common.rest_client [req-bf7eb48e-628e-416f-b69c-c4849743d714 req-bf7eb48e-628e-416f-b69c-c4849743d714 ] Request (AZAdminV2TestJSON:tearDownClass): 204 DELETE http://10.180.1.21:9696/networking/v2.0/security-groups/715bb3c4-eb8c-4d21-a8ce-c956b76121c4 0.609s
2025-04-04 01:28:13.933 70846 INFO tempest.lib.common.rest_client [req-a1d14eb6-d51c-46ae-a335-5527b525af3c req-a1d14eb6-d51c-46ae-a335-5527b525af3c ] Request (HypervisorAdminTestJSON:test_get_hypervisor_show_details): 200 GET http://10.180.1.21/compute/v2.1/os-hypervisors 2.566s
2025-04-04 01:28:13.953 70815 INFO tempest.lib.common.rest_client [req-0dbef32a-5e83-4771-a0b7-c8a9cb7eb5b0 req-0dbef32a-5e83-4771-a0b7-c8a9cb7eb5b0 ] Request (ServersTestBootFromVolume:setUpClass): 201 POST http://10.180.1.21/identity/v3/auth/tokens 0.685s
2025-04-04 01:28:13.954 70815 INFO tempest.lib.common.fixed_network [-] (ServersTestBootFromVolume:setUpClass) Found network {'id': 'dd8a109d-083b-495f-8e1f-26f9f7e5a043', 'name': 'tempest-ServersTestBootFromVolume-885446722-network', 'tenant_id': '2c70847acfa1471c8e345a69611228e2', 'admin_state_up': True, 'mtu': 8950, 'status': 'ACTIVE', 'subnets': [], 'shared': False, 'project_id': '2c70847acfa1471c8e345a69611228e2', 'port_security_enabled': True, 'router:external': False, 'provider:network_type': 'vlan', 'provider:physical_network': 'default', 'provider:segmentation_id': 603, 'availability_zone_hints': [], 'availability_zones': [], 'ipv4_address_scope': None, 'ipv6_address_scope': None, 'description': '', 'tags': [], 'created_at': '2025-04-04T01:28:02Z', 'updated_at': '2025-04-04T01:28:02Z', 'revision_number': 1} available for tenant
2025-04-04 01:28:13.956 70847 INFO tempest.lib.common.rest_client [req-17561289-4ec7-4ad9-affe-c0d25ee6e546 req-17561289-4ec7-4ad9-affe-c0d25ee6e546 ] Request (HypervisorAdminV253TestBase:test_list_show_detail_hypervisors): 200 GET http://10.180.1.21/compute/v2.1/os-hypervisors/c930ff34-9fe2-4c0a-898f-930dfcb54841 2.529s
2025-04-04 01:28:13.983 70853 INFO tempest.lib.common.rest_client [req-ebe183bd-d111-4431-a906-07f5221819e5 req-ebe183bd-d111-4431-a906-07f5221819e5 ] Request (HostsAdminTestJSON:test_list_hosts_with_nonexistent_zone): 200 GET http://10.180.1.21/compute/v2.1/os-hosts?zone=xxx 2.535s
2025-04-04 01:28:13.989 70819 INFO tempest.lib.common.rest_client [req-e169c39f-a019-4ac6-8ef0-109d3b29c7df req-e169c39f-a019-4ac6-8ef0-109d3b29c7df ] Request (FlavorsExtraSpecsNegativeTestJSON:test_flavor_non_admin_set_keys): 403 POST http://10.180.1.21/compute/v2.1/flavors/595990350/os-extra_specs 2.398s
2025-04-04 01:28:14.005 70821 INFO tempest.lib.common.rest_client [req-4f5af0f5-baa0-4c8b-86c5-f1fd5d1a8f1f req-4f5af0f5-baa0-4c8b-86c5-f1fd5d1a8f1f ] Request (FlavorsExtraSpecsTestJSON:test_flavor_non_admin_get_all_keys): 200 GET http://10.180.1.21/compute/v2.1/flavors/1235188610/os-extra_specs 2.642s
2025-04-04 01:28:14.060 70833 INFO tempest.lib.common.rest_client [req-1a6a51f4-8cad-426e-88a2-b9f1cf367164 req-1a6a51f4-8cad-426e-88a2-b9f1cf367164 ] Request (FlavorsAccessTestJSON:setUpClass): 201 POST http://10.180.1.21/identity/v3/projects 0.162s
2025-04-04 01:28:14.076 70823 INFO tempest.lib.common.rest_client [req-d812e151-c43c-4783-8e16-d500f37e26ec req-d812e151-c43c-4783-8e16-d500f37e26ec ] Request (VolumesAssistedSnapshotsTest:setUpClass): 201 POST http://10.180.1.21/identity/v3/projects 0.186s
2025-04-04 01:28:14.077 70843 INFO tempest.lib.common.rest_client [req-b48e9a54-536c-4bc5-a7fb-a81ea6565b08 req-b48e9a54-536c-4bc5-a7fb-a81ea6565b08 ] Request (ListImageFiltersTestJSON:setUpClass): 200 GET http://10.180.1.21/compute/v2.1/images/67652ee7-dde3-4c9b-b4d1-e1cc724a5555 2.414s
2025-04-04 01:28:14.082 70829 INFO tempest.lib.common.rest_client [req-c465547e-889a-487a-8b46-e2f20af951a3 req-c465547e-889a-487a-8b46-e2f20af951a3 ] Request (HostsAdminNegativeTestJSON:test_reboot_host_with_non_admin_user): 403 GET http://10.180.1.21/compute/v2.1/os-hosts/devstack/reboot 2.275s
2025-04-04 01:28:14.147 70849 INFO tempest.lib.common.rest_client [req-f9dc5f80-5906-4ccd-a8dd-93d688ae58fc req-f9dc5f80-5906-4ccd-a8dd-93d688ae58fc ] Request (FlavorsV261TestJSON:test_crud_flavor): 200 PUT http://10.180.1.21/compute/v2.1/flavors/39780729 2.334s
2025-04-04 01:28:14.221 70841 INFO tempest.lib.common.rest_client [req-4743eb01-6acd-443a-bcb7-7b0bd7397b0f req-4743eb01-6acd-443a-bcb7-7b0bd7397b0f ] Request (ServersAdminNegativeTestJSON:setUpClass): 200 GET http://10.180.1.21/compute/v2.1/servers/8ff3c6e9-627b-4750-8157-5bbc2d76f832 2.289s
2025-04-04 01:28:14.250 70855 INFO tempest.lib.common.rest_client [req-d577f17c-2bf6-4292-b616-27ba15f080be req-d577f17c-2bf6-4292-b616-27ba15f080be ] Request (KeyPairsV210TestJSON:test_admin_manage_keypairs_for_other_users): 200 GET http://10.180.1.21/compute/v2.1/os-keypairs/tempest-keypair-1471695187?user_id=b044ae8ff76143e79cc0ee4cde5b6498 2.288s
2025-04-04 01:28:14.364 70851 INFO tempest.lib.common.rest_client [req-54772107-4e19-4851-a8df-1730c59e5398 req-54772107-4e19-4851-a8df-1730c59e5398 ] Request (AZAdminV2TestJSON:tearDownClass): 204 DELETE http://10.180.1.21/identity/v3/projects/f4a2fcd6b2684794b70667ab1db8877d 0.428s
2025-04-04 01:28:14.364 70851 INFO tempest.lib.common.dynamic_creds [-] Deleting project and security group for project: 05a42cd10f8a40f59a83eb70bc176e9c
