2025-04-04 01:30:07.600 70829 INFO tempest.lib.common.rest_client [req-30aabd08-3e31-4707-a78c-8ea278691ad0 req-30aabd08-3e31-4707-a78c-8ea278691ad0 ] Request (ServicesAdminNegativeTestJSON:test_get_service_with_valid_service_and_invalid_host): 200 GET http://10.180.1.21/compute/v2.1/os-services 0.022s
2025-04-04 01:30:07.618 70837 INFO tempest.lib.common.rest_client [req-5187a9a3-6b31-49c2-94c6-8816efc7be33 req-5187a9a3-6b31-49c2-94c6-8816efc7be33 ] Request (ImagesOneServerTestJSON:test_create_image_specify_multibyte_character_image_name): 200 GET http://10.180.1.21/compute/v2.1/servers/7f3ca62d-3408-47fe-bc66-30cee0f2c5de 0.093s
2025-04-04 01:30:07.626 70837 INFO tempest.common.waiters [-] State transition "ACTIVE/image_uploading" ==> "ACTIVE/None" after 3 second wait
2025-04-04 01:30:07.637 70829 INFO tempest.lib.common.rest_client [req-6a243a6a-db11-408b-a10c-4a0c4f8f5a5c req-6a243a6a-db11-408b-a10c-4a0c4f8f5a5c ] Request (ServicesAdminNegativeTestJSON:test_get_service_with_valid_service_and_invalid_host): 200 GET http://10.180.1.21/compute/v2.1/os-services?host=xxx&binary=nova-scheduler 0.035s
2025-04-04 01:30:07.653 70875 INFO tempest.lib.common.rest_client [req-6e1ee210-be4e-4c64-9563-74627f5629e0 req-6e1ee210-be4e-4c64-9563-74627f5629e0 ] Request (ServersAaction247Test:test_create_backup): 200 GET http://10.180.1.21/compute/v2.1/servers/ff7a11f0-13a3-4395-bced-6ff716206ea0 0.072s
2025-04-04 01:30:07.662 70875 INFO tempest.common.waiters [-] State transition "BUILD/spawning" ==> "ACTIVE/None" after 64 second wait
2025-04-04 01:30:07.709 70873 INFO tempest.lib.common.rest_client [req-c8333fb7-f9b0-4b83-8da5-c25a02f08dd8 req-c8333fb7-f9b0-4b83-8da5-c25a02f08dd8 ] Request (DeleteServersTestJSON:test_delete_active_server): 200 GET http://10.180.1.21/compute/v2.1/servers/86b9bb02-7260-4820-9051-8731994d65c4 0.078s
2025-04-04 01:30:07.737 70837 INFO tempest.lib.common.rest_client [req-7a949bf4-de8d-4703-834d-41329bcde7a0 req-7a949bf4-de8d-4703-834d-41329bcde7a0 ] Request (ImagesOneServerTestJSON:tearDownClass): 204 DELETE http://10.180.1.21/compute/v2.1/images/3acb909b-c565-499a-bde1-9250fc400500 0.110s
2025-04-04 01:30:07.776 70829 INFO tempest.lib.common.rest_client [req-ca6b390c-e575-4e75-818b-9ab95ba46144 req-ca6b390c-e575-4e75-818b-9ab95ba46144 ] Request (ServicesAdminNegativeTestJSON:test_list_services_with_non_admin_user): 403 GET http://10.180.1.21/compute/v2.1/os-services 0.136s
2025-04-04 01:30:07.838 70867 WARNING tempest.lib.common.ssh [-] Failed to establish authenticated ssh connection to cirros@10.180.180.192 ([Errno None] Unable to connect to port 22 on 10.180.180.192). Number attempts: 1. Retry after 2 seconds.: paramiko.ssh_exception.NoValidConnectionsError: [Errno None] Unable to connect to port 22 on 10.180.180.192
2025-04-04 01:30:07.881 70819 INFO tempest.lib.common.rest_client [req-c14f1968-b31e-42e9-b3ef-0a873afbbfc3 req-c14f1968-b31e-42e9-b3ef-0a873afbbfc3 ] Request (FloatingIPsAssociationTestJSON:setUpClass): 200 GET http://10.180.1.21/compute/v2.1/servers/6ef9ced2-36c4-4fa9-8617-a386e49236ed 0.195s
2025-04-04 01:30:07.898 70837 INFO tempest.lib.common.rest_client [req-91f6ce63-0c7b-41c7-b032-733c6b981dc1 req-91f6ce63-0c7b-41c7-b032-733c6b981dc1 ] Request (ImagesOneServerTestJSON:tearDownClass): 404 DELETE http://10.180.1.21/compute/v2.1/images/7c632675-70a4-42a4-8a67-8adfc80503ca 0.160s
2025-04-04 01:30:07.902 70829 INFO tempest.lib.common.rest_client [req-92ccdecf-ecaf-47c5-b133-c25249f1b9b6 req-92ccdecf-ecaf-47c5-b133-c25249f1b9b6 ] Request (ServicesAdminNegativeTestJSON:tearDownClass): 204 DELETE http://10.180.1.21/identity/v3/users/cfbb927a966c4913af628dcc76abbd2d 0.125s
2025-04-04 01:30:07.965 70851 INFO tempest.lib.common.rest_client [req-9a5e3641-43f9-41a3-a28c-3d9c43b2c6b8 req-9a5e3641-43f9-41a3-a28c-3d9c43b2c6b8 ] Request (ListServersNegativeTestJSON:setUpClass): 200 GET http://10.180.1.21/compute/v2.1/servers/626c0e13-c37f-4144-a83d-1aeba6d4c6d8 0.206s
2025-04-04 01:30:07.994 70829 INFO tempest.lib.common.rest_client [req-0134dccd-06f1-4b6e-bed1-539289dc89e1 req-0134dccd-06f1-4b6e-bed1-539289dc89e1 ] Request (ServicesAdminNegativeTestJSON:tearDownClass): 204 DELETE http://10.180.1.21/identity/v3/users/08e8e329bf534e4a99fbee36d60fc96c 0.091s
2025-04-04 01:30:07.994 70829 INFO tempest.lib.common.dynamic_creds [-] Deleting project and security group for project: a7ad44004af745a68e6cd8e041de324c
2025-04-04 01:30:08.017 70857 INFO tempest.lib.common.rest_client [req-c6665e0c-f70e-4d87-a1de-d7eb87ee7a2d req-c6665e0c-f70e-4d87-a1de-d7eb87ee7a2d ] Request (MultipleCreateTestJSON:test_multiple_create): 200 GET http://10.180.1.21/compute/v2.1/servers/cf4fe545-4ba2-486c-8b70-5b53e1412792 0.233s
2025-04-04 01:30:08.052 70829 INFO tempest.lib.common.rest_client [req-fc906275-d7f4-4af4-9649-90e371775e1b req-fc906275-d7f4-4af4-9649-90e371775e1b ] Request (ServicesAdminNegativeTestJSON:tearDownClass): 201 POST http://10.180.1.21/identity/v3/auth/tokens 0.057s
2025-04-04 01:30:08.071 70869 INFO tempest.lib.common.rest_client [req-5fbd1602-ee63-4210-9e2d-7482c142d99a req-5fbd1602-ee63-4210-9e2d-7482c142d99a ] Request (AttachVolumeShelveTestJSON:test_attach_volume_shelved_or_offload_server): 200 GET http://10.180.1.21/compute/v2.1/servers/8cf1f94c-6dd3-4dbb-8d1e-5533a17fb6e4 0.260s
2025-04-04 01:30:08.125 70817 INFO tempest.lib.common.rest_client [req-70b690fa-38fe-4f33-a9d4-025d9eed44c4 req-70b690fa-38fe-4f33-a9d4-025d9eed44c4 ] Request (ServerAddressesNegativeTestJSON:setUpClass): 200 GET http://10.180.1.21/compute/v2.1/servers/e48a8f9a-b146-4a32-80b9-5be961fbb846 0.277s
2025-04-04 01:30:08.204 70837 INFO tempest.lib.common.rest_client [req-3abfb72c-3506-4382-bf69-aed044126e6a req-3abfb72c-3506-4382-bf69-aed044126e6a ] Request (ImagesOneServerTestJSON:tearDownClass): 204 DELETE http://10.180.1.21/compute/v2.1/servers/7f3ca62d-3408-47fe-bc66-30cee0f2c5de 0.306s
2025-04-04 01:30:08.216 70875 INFO tempest.lib.common.rest_client [req-ac5b1365-b6cb-4aa8-ab94-76635ecaf05d req-ac5b1365-b6cb-4aa8-ab94-76635ecaf05d ] Request (ServersAaction247Test:test_create_backup): 202 POST http://10.180.1.21/compute/v2.1/servers/ff7a11f0-13a3-4395-bced-6ff716206ea0/action 0.554s
2025-04-04 01:30:08.263 70855 INFO tempest.lib.common.rest_client [req-8ee3a8af-7ec1-409a-95ed-f1a82e670f28 req-8ee3a8af-7ec1-409a-95ed-f1a82e670f28 ] Request (SecurityGroupsTestJSON:test_list_security_groups_by_server): 200 GET http://10.180.1.21/compute/v2.1/servers/8d7c77a9-1ff6-42f1-a714-12e2d5562d68 0.359s
2025-04-04 01:30:08.268 70829 INFO tempest.lib.common.rest_client [req-06786219-8c8f-4ff4-b03c-7ca0e7b6d029 req-06786219-8c8f-4ff4-b03c-7ca0e7b6d029 ] Request (ServicesAdminNegativeTestJSON:tearDownClass): 200 GET http://10.180.1.21:9696/networking/v2.0/security-groups?tenant_id=a7ad44004af745a68e6cd8e041de324c&name=default 0.216s
2025-04-04 01:30:08.319 70843 INFO tempest.lib.common.rest_client [req-043f0895-f419-4808-9ecb-6e391a4af4da req-043f0895-f419-4808-9ecb-6e391a4af4da ] Request (ListImageFiltersTestJSON:tearDownClass): 200 GET http://10.180.1.21/compute/v2.1/servers/50415932-49a2-4b5c-a11d-e5e94d71d360 0.374s
2025-04-04 01:30:08.330 70853 INFO tempest.lib.common.rest_client [req-b713d65c-3277-492a-9d9a-0d2b7ffac62b req-b713d65c-3277-492a-9d9a-0d2b7ffac62b ] Request (ServersTestMultiNic:test_verify_duplicate_network_nics): 200 GET http://10.180.1.21/compute/v2.1/servers/7441344b-4db8-45f6-bfdb-118b05826913 0.363s
2025-04-04 01:30:08.368 70833 INFO tempest.lib.common.rest_client [req-b7f6601e-f5e4-4097-bf33-d2ee2585926f req-b7f6601e-f5e4-4097-bf33-d2ee2585926f ] Request (ListServerFiltersTestJSON:setUpClass): 200 GET http://10.180.1.21/compute/v2.1/servers/34d94167-73a0-44ed-9b41-cc3e8bfdf30c 0.376s
2025-04-04 01:30:08.400 70846 INFO tempest.lib.common.rest_client [req-0ac5af3c-72b6-41d2-9ce9-d4a0cd61b399 req-0ac5af3c-72b6-41d2-9ce9-d4a0cd61b399 ] Request (ServerDiskConfigTestJSON:test_rebuild_server_with_auto_disk_config): 200 GET http://10.180.1.21/compute/v2.1/servers/5e0dd693-bbc8-4e09-b77c-4afaa2352d94 0.346s
2025-04-04 01:30:08.403 70847 WARNING tempest.lib.common.ssh [-] Failed to establish authenticated ssh connection to cirros@10.180.180.197 ([Errno None] Unable to connect to port 22 on 10.180.180.197). Number attempts: 8. Retry after 9 seconds.: paramiko.ssh_exception.NoValidConnectionsError: [Errno None] Unable to connect to port 22 on 10.180.180.197
2025-04-04 01:30:08.408 70846 INFO tempest.common.waiters [-] State transition "BUILD/scheduling" ==> "BUILD/None" after 38 second wait
2025-04-04 01:30:08.431 70841 INFO tempest.lib.common.rest_client [req-2c7e5de0-dafc-4192-b843-dd1d6bbf5270 req-2c7e5de0-dafc-4192-b843-dd1d6bbf5270 ] Request (ServersAdminNegativeTestJSON:tearDownClass): 200 GET http://10.180.1.21/compute/v2.1/servers/8ff3c6e9-627b-4750-8157-5bbc2d76f832 0.262s
2025-04-04 01:30:08.507 70875 INFO tempest.lib.common.rest_client [req-354f6bc5-fa74-4ac4-a987-0855b7ed59f0 req-354f6bc5-fa74-4ac4-a987-0855b7ed59f0 ] Request (ServersAaction247Test:tearDownClass): 204 DELETE http://10.180.1.21/compute/v2.1/servers/ff7a11f0-13a3-4395-bced-6ff716206ea0 0.289s
2025-04-04 01:30:08.510 70829 INFO tempest.lib.common.rest_client [req-dd01ae8b-7c24-4008-b134-52634360c544 req-dd01ae8b-7c24-4008-b134-52634360c544 ] Request (ServicesAdminNegativeTestJSON:tearDownClass): 204 DELETE http://10.180.1.21:9696/networking/v2.0/security-groups/9a509842-cfa3-4e46-a8bd-deb0c432cf66 0.241s
2025-04-04 01:30:08.571 70837 INFO tempest.lib.common.rest_client [req-746b0452-8a1e-4a0e-9e6c-6072e1a4880f req-746b0452-8a1e-4a0e-9e6c-6072e1a4880f ] Request (ImagesOneServerTestJSON:tearDownClass): 200 GET http://10.180.1.21/compute/v2.1/servers/7f3ca62d-3408-47fe-bc66-30cee0f2c5de 0.364s
2025-04-04 01:30:08.574 70835 INFO tempest.lib.common.rest_client [req-5715ac14-3d16-4ef7-9257-540982902d86 req-5715ac14-3d16-4ef7-9257-540982902d86 ] Request (AttachInterfacesUnderV243Test:test_add_remove_fixed_ip): 200 GET http://10.180.1.21/compute/v2.1/servers/d2a69c04-2c01-42ea-945f-dadc1a93c8c8 0.299s
2025-04-04 01:30:08.588 70829 INFO tempest.lib.common.rest_client [req-cccb20a0-bbfb-4440-bd69-ee7bbd9724bd req-cccb20a0-bbfb-4440-bd69-ee7bbd9724bd ] Request (ServicesAdminNegativeTestJSON:tearDownClass): 204 DELETE http://10.180.1.21/identity/v3/projects/a7ad44004af745a68e6cd8e041de324c 0.078s
2025-04-04 01:30:08.589 70829 INFO tempest.lib.common.dynamic_creds [-] Deleting project and security group for project: 2077be0910c44600a0ac47097a439ccb
2025-04-04 01:30:08.624 70825 INFO tempest.lib.common.rest_client [req-8f1a1f6d-854a-4ab3-88d0-c068f4994e73 req-8f1a1f6d-854a-4ab3-88d0-c068f4994e73 ] Request (InstanceActionsTestJSON:setUpClass): 200 GET http://10.180.1.21/compute/v2.1/servers/0a03c827-193b-4cc1-8339-404eb8e5fa41 0.306s
2025-04-04 01:30:08.651 70865 INFO tempest.lib.common.rest_client [req-19d5768f-94ea-4160-b681-79474888fc35 req-19d5768f-94ea-4160-b681-79474888fc35 ] Request (DeleteServersAdminTestJSON:test_delete_server_while_in_error_state): 200 GET http://10.180.1.21/compute/v2.1/servers/b5626e84-a943-46d6-9333-0f5362b32884 0.337s
2025-04-04 01:30:08.688 70861 INFO tempest.lib.common.rest_client [req-7471ea1d-1236-492f-acd4-acfc68e31cf9 req-7471ea1d-1236-492f-acd4-acfc68e31cf9 ] Request (ServersAdminTestJSON:test_create_server_with_scheduling_hint): 200 GET http://10.180.1.21/compute/v2.1/servers/5e8ff32b-c9ca-4374-9b0e-ace891d3b258 0.326s
2025-04-04 01:30:08.719 70859 INFO tempest.lib.common.rest_client [req-9fc2d01e-a4a7-4f53-b0eb-faa9b9ea9f1f req-9fc2d01e-a4a7-4f53-b0eb-faa9b9ea9f1f ] Request (MigrationsAdminTest:test_resize_server_revert_deleted_flavor): 200 GET http://10.180.1.21/compute/v2.1/servers/533b0d7a-f85e-4ca4-86fa-d6b7dc11e050 0.344s
2025-04-04 01:30:08.727 70829 INFO tempest.lib.common.rest_client [req-9c2b292b-7789-4f66-926d-b2fef3d87c04 req-9c2b292b-7789-4f66-926d-b2fef3d87c04 ] Request (ServicesAdminNegativeTestJSON:tearDownClass): 200 GET http://10.180.1.21:9696/networking/v2.0/security-groups?tenant_id=2077be0910c44600a0ac47097a439ccb&name=default 0.138s
2025-04-04 01:30:08.740 70839 INFO tempest.lib.common.rest_client [req-5e79135c-9217-441f-a826-e2890e7c4e6c req-5e79135c-9217-441f-a826-e2890e7c4e6c ] Request (ImagesOneServerNegativeTestJSON:_run_cleanups): 200 GET http://10.180.1.21/compute/v2.1/servers/f8c1afe3-bbdf-4f5a-bd39-c682d5755df4 0.323s
2025-04-04 01:30:08.780 70875 INFO tempest.lib.common.rest_client [req-f1400d38-7312-42da-b93f-8585e56d96f2 req-f1400d38-7312-42da-b93f-8585e56d96f2 ] Request (ServersAaction247Test:tearDownClass): 200 GET http://10.180.1.21/compute/v2.1/servers/ff7a11f0-13a3-4395-bced-6ff716206ea0 0.272s
2025-04-04 01:30:08.803 70831 INFO tempest.lib.common.rest_client [req-f124dd13-6ca0-406c-bd48-b554cd374965 req-f124dd13-6ca0-406c-bd48-b554cd374965 ] Request (ServerTagsTestJSON:tearDownClass): 200 GET http://10.180.1.21/compute/v2.1/servers/074a15ff-0c25-4893-ac56-e75c1642a5fb 0.292s
2025-04-04 01:30:08.852 70849 INFO tempest.lib.common.rest_client [req-edf68053-ef9a-486c-93f4-91ed6c155d83 req-edf68053-ef9a-486c-93f4-91ed6c155d83 ] Request (ServerShowV254Test:tearDownClass): 200 GET http://10.180.1.21/compute/v2.1/servers/8e8650ee-1c9a-4ed0-af77-de29148ad085 0.340s
2025-04-04 01:30:08.874 70829 INFO tempest.lib.common.rest_client [req-215a211f-6260-4cbd-ae78-fdb7d163797e req-215a211f-6260-4cbd-ae78-fdb7d163797e ] Request (ServicesAdminNegativeTestJSON:tearDownClass): 204 DELETE http://10.180.1.21:9696/networking/v2.0/security-groups/785d16c4-ecc6-47cf-8890-1e3a1c55fafc 0.146s
2025-04-04 01:30:08.890 70873 INFO tempest.lib.common.rest_client [req-f4dcc5aa-a278-47a7-a03e-a22d3f7bae75 req-f4dcc5aa-a278-47a7-a03e-a22d3f7bae75 ] Request (DeleteServersTestJSON:test_delete_active_server): 200 GET http://10.180.1.21/compute/v2.1/servers/86b9bb02-7260-4820-9051-8731994d65c4 0.173s
2025-04-04 01:30:08.987 70829 INFO tempest.lib.common.rest_client [req-be876bef-335a-4709-a8fb-bf5b99363ede req-be876bef-335a-4709-a8fb-bf5b99363ede ] Request (ServicesAdminNegativeTestJSON:tearDownClass): 204 DELETE http://10.180.1.21/identity/v3/projects/2077be0910c44600a0ac47097a439ccb 0.112s
2025-04-04 01:30:09.048 70829 INFO tempest.lib.common.rest_client [req-ee4f7da1-ff26-4831-b6dc-3dfc4ca8ea9c req-ee4f7da1-ff26-4831-b6dc-3dfc4ca8ea9c ] Request (FloatingIPsAssociationNegativeTestJSON:setUpClass): 201 POST http://10.180.1.21/identity/v3/auth/tokens 0.059s
2025-04-04 01:30:09.052 70851 INFO tempest.lib.common.rest_client [req-50c2b7c0-a74d-4af2-bdf5-ea4d1701d985 req-50c2b7c0-a74d-4af2-bdf5-ea4d1701d985 ] Request (ListServersNegativeTestJSON:setUpClass): 200 GET http://10.180.1.21/compute/v2.1/servers/626c0e13-c37f-4144-a83d-1aeba6d4c6d8 0.078s
2025-04-04 01:30:09.092 70829 INFO tempest.lib.common.rest_client [req-d17f56fb-ff64-4e89-8346-866fff06090e req-d17f56fb-ff64-4e89-8346-866fff06090e ] Request (FloatingIPsAssociationNegativeTestJSON:setUpClass): 201 POST http://10.180.1.21/identity/v3/auth/tokens 0.042s
2025-04-04 01:30:09.106 70857 INFO tempest.lib.common.rest_client [req-47a28564-0364-4890-8208-202dd4cd2e33 req-47a28564-0364-4890-8208-202dd4cd2e33 ] Request (MultipleCreateTestJSON:test_multiple_create): 200 GET http://10.180.1.21/compute/v2.1/servers/cf4fe545-4ba2-486c-8b70-5b53e1412792 0.080s
2025-04-04 01:30:09.133 70829 INFO tempest.lib.common.rest_client [req-4b775a2c-5b05-4938-bf4b-79515e6e616a req-4b775a2c-5b05-4938-bf4b-79515e6e616a ] Request (FloatingIPsAssociationNegativeTestJSON:setUpClass): 200 GET http://10.180.1.21/identity/v3/domains?name=Default 0.040s
2025-04-04 01:30:09.156 70869 INFO tempest.lib.common.rest_client [req-6d554cfb-da54-4fee-a91c-4a2e9a9f52d5 req-6d554cfb-da54-4fee-a91c-4a2e9a9f52d5 ] Request (AttachVolumeShelveTestJSON:test_attach_volume_shelved_or_offload_server): 200 GET http://10.180.1.21/compute/v2.1/servers/8cf1f94c-6dd3-4dbb-8d1e-5533a17fb6e4 0.076s
2025-04-04 01:30:09.173 70829 INFO tempest.lib.common.rest_client [req-452a0c1a-834c-4a84-ac69-cfb5936fb1bf req-452a0c1a-834c-4a84-ac69-cfb5936fb1bf ] Request (FloatingIPsAssociationNegativeTestJSON:setUpClass): 201 POST http://10.180.1.21/identity/v3/projects 0.040s
2025-04-04 01:30:09.220 70817 INFO tempest.lib.common.rest_client [req-e51c1643-06d1-4ce3-aa67-646ac8f791f5 req-e51c1643-06d1-4ce3-aa67-646ac8f791f5 ] Request (ServerAddressesNegativeTestJSON:setUpClass): 200 GET http://10.180.1.21/compute/v2.1/servers/e48a8f9a-b146-4a32-80b9-5be961fbb846 0.086s
2025-04-04 01:30:09.232 70829 INFO tempest.lib.common.rest_client [req-19895fb5-c348-4dac-8af2-5ed047409d2a req-19895fb5-c348-4dac-8af2-5ed047409d2a ] Request (FloatingIPsAssociationNegativeTestJSON:setUpClass): 201 POST http://10.180.1.21/identity/v3/users 0.059s
2025-04-04 01:30:09.259 70829 INFO tempest.lib.common.rest_client [req-c45c904c-6b6a-4720-82c2-f62533b38e43 req-c45c904c-6b6a-4720-82c2-f62533b38e43 ] Request (FloatingIPsAssociationNegativeTestJSON:setUpClass): 200 GET http://10.180.1.21/identity/v3/roles 0.025s
2025-04-04 01:30:09.287 70819 INFO tempest.lib.common.rest_client [req-9fefb28c-cd5f-4ed2-bedb-c86f55eb8a70 req-9fefb28c-cd5f-4ed2-bedb-c86f55eb8a70 ] Request (FloatingIPsAssociationTestJSON:setUpClass): 200 GET http://10.180.1.21/compute/v2.1/servers/6ef9ced2-36c4-4fa9-8617-a386e49236ed 0.397s
2025-04-04 01:30:09.294 70829 INFO tempest.lib.common.rest_client [req-f935a915-f0a6-46b8-8231-0caa11ba4020 req-f935a915-f0a6-46b8-8231-0caa11ba4020 ] Request (FloatingIPsAssociationNegativeTestJSON:setUpClass): 204 PUT http://10.180.1.21/identity/v3/projects/c6368f28b46447c49213f6a801bf28ef/users/1992dc94a2f04757a711be63f46eea1d/roles/d3fac7dbc3814a3da87df4a0d39fe2ae 0.034s
2025-04-04 01:30:09.294 70829 INFO tempest.lib.common.dynamic_creds [-] Dynamic test user 1992dc94a2f04757a711be63f46eea1d is created with scope project and roles: ['member']
2025-04-04 01:30:09.294 70829 INFO tempest.lib.common.dynamic_creds [-] Acquired dynamic creds: credentials: Credentials: {'domain_id': 'default', 'domain_name': 'Default', 'username': 'tempest-FloatingIPsAssociationNegativeTestJSON-1563325969-project-member', 'project_domain_id': 'default', 'project_domain_name': 'Default', 'project_id': 'c6368f28b46447c49213f6a801bf28ef', 'project_name': 'tempest-FloatingIPsAssociationNegativeTestJSON-1563325969', 'tenant_id': 'c6368f28b46447c49213f6a801bf28ef', 'tenant_name': 'tempest-FloatingIPsAssociationNegativeTestJSON-1563325969', 'user_domain_id': 'default', 'user_domain_name': 'Default', 'user_id': '1992dc94a2f04757a711be63f46eea1d', 'system': None}, Network: None, Subnet: None, Router: None
2025-04-04 01:30:09.367 70829 INFO tempest.lib.common.rest_client [req-7b8f2446-5ef2-48b1-b05b-699375c9a475 req-7b8f2446-5ef2-48b1-b05b-699375c9a475 ] Request (FloatingIPsAssociationNegativeTestJSON:setUpClass): 201 POST http://10.180.1.21/identity/v3/auth/tokens 0.072s
2025-04-04 01:30:09.481 70843 INFO tempest.lib.common.rest_client [req-0255aa94-3d91-4aff-b0b7-f188ef218189 req-0255aa94-3d91-4aff-b0b7-f188ef218189 ] Request (ListImageFiltersTestJSON:tearDownClass): 200 GET http://10.180.1.21/compute/v2.1/servers/50415932-49a2-4b5c-a11d-e5e94d71d360 0.155s
2025-04-04 01:30:09.549 70853 INFO tempest.lib.common.rest_client [req-bf439491-c997-4de9-b5e1-0c8a3e63570c req-bf439491-c997-4de9-b5e1-0c8a3e63570c ] Request (ServersTestMultiNic:test_verify_duplicate_network_nics): 200 GET http://10.180.1.21/compute/v2.1/servers/7441344b-4db8-45f6-bfdb-118b05826913 0.209s
2025-04-04 01:30:09.576 70855 INFO tempest.lib.common.rest_client [req-42dfde6d-1b59-408e-abc3-debb4c3e05e5 req-42dfde6d-1b59-408e-abc3-debb4c3e05e5 ] Request (SecurityGroupsTestJSON:test_list_security_groups_by_server): 200 GET http://10.180.1.21/compute/v2.1/servers/8d7c77a9-1ff6-42f1-a714-12e2d5562d68 0.301s
2025-04-04 01:30:09.601 70833 INFO tempest.lib.common.rest_client [req-206c6a13-bb15-4a13-af5d-d68a340e3b03 req-206c6a13-bb15-4a13-af5d-d68a340e3b03 ] Request (ListServerFiltersTestJSON:setUpClass): 200 GET http://10.180.1.21/compute/v2.1/servers/34d94167-73a0-44ed-9b41-cc3e8bfdf30c 0.222s
2025-04-04 01:30:09.635 70846 INFO tempest.lib.common.rest_client [req-ec77e85c-af1b-4aa0-b02b-8f8ea70d03f1 req-ec77e85c-af1b-4aa0-b02b-8f8ea70d03f1 ] Request (ServerDiskConfigTestJSON:test_rebuild_server_with_auto_disk_config): 200 GET http://10.180.1.21/compute/v2.1/servers/5e0dd693-bbc8-4e09-b77c-4afaa2352d94 0.227s
2025-04-04 01:30:09.647 70829 INFO tempest.lib.common.rest_client [req-c9a81a14-b853-4f74-aa1b-c02721bf2b65 req-c9a81a14-b853-4f74-aa1b-c02721bf2b65 ] Request (FloatingIPsAssociationNegativeTestJSON:setUpClass): 201 POST http://10.180.1.21:9696/networking/v2.0/networks 0.279s
2025-04-04 01:30:09.659 70841 INFO tempest.lib.common.rest_client [req-68109beb-22fa-4c17-a5bd-0fdb2b8e1723 req-68109beb-22fa-4c17-a5bd-0fdb2b8e1723 ] Request (ServersAdminNegativeTestJSON:tearDownClass): 200 GET http://10.180.1.21/compute/v2.1/servers/8ff3c6e9-627b-4750-8157-5bbc2d76f832 0.220s
2025-04-04 01:30:09.704 70835 INFO tempest.lib.common.rest_client [req-f384f19d-9617-428b-955e-1387c23f9632 req-f384f19d-9617-428b-955e-1387c23f9632 ] Request (AttachInterfacesUnderV243Test:test_add_remove_fixed_ip): 200 GET http://10.180.1.21/compute/v2.1/servers/d2a69c04-2c01-42ea-945f-dadc1a93c8c8 0.117s
2025-04-04 01:30:09.749 70815 WARNING tempest.lib.common.ssh [-] Failed to establish authenticated ssh connection to cirros@10.180.180.165 ([Errno None] Unable to connect to port 22 on 10.180.180.165). Number attempts: 7. Retry after 8 seconds.: paramiko.ssh_exception.NoValidConnectionsError: [Errno None] Unable to connect to port 22 on 10.180.180.165
2025-04-04 01:30:09.751 70825 INFO tempest.lib.common.rest_client [req-110f9425-23ff-454f-8082-877df3997154 req-110f9425-23ff-454f-8082-877df3997154 ] Request (InstanceActionsTestJSON:setUpClass): 200 GET http://10.180.1.21/compute/v2.1/servers/0a03c827-193b-4cc1-8339-404eb8e5fa41 0.109s
2025-04-04 01:30:09.789 70837 INFO tempest.lib.common.rest_client [req-1aa0c8fc-65c8-4a18-823b-493f28096f45 req-1aa0c8fc-65c8-4a18-823b-493f28096f45 ] Request (ImagesOneServerTestJSON:tearDownClass): 200 GET http://10.180.1.21/compute/v2.1/servers/7f3ca62d-3408-47fe-bc66-30cee0f2c5de 0.202s
2025-04-04 01:30:09.813 70865 INFO tempest.lib.common.rest_client [req-17dc7ccd-8f02-43eb-9dd2-67fe4b7a608a req-17dc7ccd-8f02-43eb-9dd2-67fe4b7a608a ] Request (DeleteServersAdminTestJSON:test_delete_server_while_in_error_state): 200 GET http://10.180.1.21/compute/v2.1/servers/b5626e84-a943-46d6-9333-0f5362b32884 0.151s
2025-04-04 01:30:09.819 70865 INFO tempest.common.waiters [-] State transition "ERROR/deleting" ==> "DELETED/None" after 3 second wait
2025-04-04 01:30:09.842 70861 INFO tempest.lib.common.rest_client [req-1e95d877-2e81-476a-bae7-f282bcb7f2ca req-1e95d877-2e81-476a-bae7-f282bcb7f2ca ] Request (ServersAdminTestJSON:test_create_server_with_scheduling_hint): 200 GET http://10.180.1.21/compute/v2.1/servers/5e8ff32b-c9ca-4374-9b0e-ace891d3b258 0.145s
2025-04-04 01:30:09.862 70829 INFO tempest.lib.common.rest_client [req-6b69e248-9285-450b-b887-db0569d72a9d req-6b69e248-9285-450b-b887-db0569d72a9d ] Request (FloatingIPsAssociationNegativeTestJSON:setUpClass): 201 POST http://10.180.1.21:9696/networking/v2.0/subnets 0.214s
2025-04-04 01:30:09.867 70859 INFO tempest.lib.common.rest_client [req-3dd9bd70-29d0-4856-aceb-e78b8761aadc req-3dd9bd70-29d0-4856-aceb-e78b8761aadc ] Request (MigrationsAdminTest:test_resize_server_revert_deleted_flavor): 200 GET http://10.180.1.21/compute/v2.1/servers/533b0d7a-f85e-4ca4-86fa-d6b7dc11e050 0.140s
2025-04-04 01:30:09.907 70839 INFO tempest.lib.common.rest_client [req-df350805-1462-45aa-a51b-97a986542f99 req-df350805-1462-45aa-a51b-97a986542f99 ] Request (ImagesOneServerNegativeTestJSON:_run_cleanups): 200 GET http://10.180.1.21/compute/v2.1/servers/f8c1afe3-bbdf-4f5a-bd39-c682d5755df4 0.159s
2025-04-04 01:30:09.936 70875 INFO tempest.lib.common.rest_client [req-4582b911-1029-46b0-ac63-d749249b6446 req-4582b911-1029-46b0-ac63-d749249b6446 ] Request (ServersAaction247Test:tearDownClass): 200 GET http://10.180.1.21/compute/v2.1/servers/ff7a11f0-13a3-4395-bced-6ff716206ea0 0.143s
2025-04-04 01:30:09.983 70831 INFO tempest.lib.common.rest_client [req-11d06c53-a21e-445b-a699-f03d29c55e17 req-11d06c53-a21e-445b-a699-f03d29c55e17 ] Request (ServerTagsTestJSON:tearDownClass): 200 GET http://10.180.1.21/compute/v2.1/servers/074a15ff-0c25-4893-ac56-e75c1642a5fb 0.170s
2025-04-04 01:30:10.001 70849 INFO tempest.lib.common.rest_client [req-bf3b2bd1-8a58-44fb-ba5f-14fc2d325ada req-bf3b2bd1-8a58-44fb-ba5f-14fc2d325ada ] Request (ServerShowV254Test:tearDownClass): 200 GET http://10.180.1.21/compute/v2.1/servers/8e8650ee-1c9a-4ed0-af77-de29148ad085 0.134s
2025-04-04 01:30:10.042 70873 INFO tempest.lib.common.rest_client [req-2be1cd45-7a89-4ff2-bff4-473a89fc546d req-2be1cd45-7a89-4ff2-bff4-473a89fc546d ] Request (DeleteServersTestJSON:test_delete_active_server): 200 GET http://10.180.1.21/compute/v2.1/servers/86b9bb02-7260-4820-9051-8731994d65c4 0.140s
2025-04-04 01:30:10.122 70851 INFO tempest.lib.common.rest_client [req-672e9f78-b312-4b90-ac9a-b4917c1cd585 req-672e9f78-b312-4b90-ac9a-b4917c1cd585 ] Request (ListServersNegativeTestJSON:setUpClass): 200 GET http://10.180.1.21/compute/v2.1/servers/626c0e13-c37f-4144-a83d-1aeba6d4c6d8 0.062s
2025-04-04 01:30:10.178 70857 INFO tempest.lib.common.rest_client [req-b3285f8f-1fc6-4d6c-8ed4-b3fea22a3cfd req-b3285f8f-1fc6-4d6c-8ed4-b3fea22a3cfd ] Request (MultipleCreateTestJSON:test_multiple_create): 200 GET http://10.180.1.21/compute/v2.1/servers/cf4fe545-4ba2-486c-8b70-5b53e1412792 0.062s
2025-04-04 01:30:10.219 70869 INFO tempest.lib.common.rest_client [req-21f21189-41be-4186-bf62-b851d66b8af1 req-21f21189-41be-4186-bf62-b851d66b8af1 ] Request (AttachVolumeShelveTestJSON:test_attach_volume_shelved_or_offload_server): 200 GET http://10.180.1.21/compute/v2.1/servers/8cf1f94c-6dd3-4dbb-8d1e-5533a17fb6e4 0.052s
2025-04-04 01:30:10.295 70817 INFO tempest.lib.common.rest_client [req-1107238e-1e6d-42be-815e-e96235e46945 req-1107238e-1e6d-42be-815e-e96235e46945 ] Request (ServerAddressesNegativeTestJSON:setUpClass): 200 GET http://10.180.1.21/compute/v2.1/servers/e48a8f9a-b146-4a32-80b9-5be961fbb846 0.062s
2025-04-04 01:30:10.439 70819 INFO tempest.lib.common.rest_client [req-61e6b082-2930-444c-9358-e570d542c22a req-61e6b082-2930-444c-9358-e570d542c22a ] Request (FloatingIPsAssociationTestJSON:setUpClass): 200 GET http://10.180.1.21/compute/v2.1/servers/6ef9ced2-36c4-4fa9-8617-a386e49236ed 0.140s
2025-04-04 01:30:10.451 70823 WARNING tempest.lib.common.ssh [-] Failed to establish authenticated ssh connection to cirros@10.180.180.172 ([Errno None] Unable to connect to port 22 on 10.180.180.172). Number attempts: 9. Retry after 10 seconds.: paramiko.ssh_exception.NoValidConnectionsError: [Errno None] Unable to connect to port 22 on 10.180.180.172
2025-04-04 01:30:10.547 70843 INFO tempest.lib.common.rest_client [req-83d1b0c6-d389-478c-bc2b-06b37b5783e0 req-83d1b0c6-d389-478c-bc2b-06b37b5783e0 ] Request (ListImageFiltersTestJSON:tearDownClass): 200 GET http://10.180.1.21/compute/v2.1/servers/50415932-49a2-4b5c-a11d-e5e94d71d360 0.057s
2025-04-04 01:30:10.568 70829 INFO tempest.lib.common.rest_client [req-80002c59-c470-47b3-ac9d-a3b9a68581fb req-80002c59-c470-47b3-ac9d-a3b9a68581fb ] Request (FloatingIPsAssociationNegativeTestJSON:setUpClass): 201 POST http://10.180.1.21:9696/networking/v2.0/routers 0.706s
2025-04-04 01:30:10.630 70853 INFO tempest.lib.common.rest_client [req-c4af58ca-014b-483f-8bcb-38a27493b5d4 req-c4af58ca-014b-483f-8bcb-38a27493b5d4 ] Request (ServersTestMultiNic:test_verify_duplicate_network_nics): 200 GET http://10.180.1.21/compute/v2.1/servers/7441344b-4db8-45f6-bfdb-118b05826913 0.072s
2025-04-04 01:30:10.658 70855 INFO tempest.lib.common.rest_client [req-cadbb31a-f806-4624-81b0-faf7bda3d168 req-cadbb31a-f806-4624-81b0-faf7bda3d168 ] Request (SecurityGroupsTestJSON:test_list_security_groups_by_server): 200 GET http://10.180.1.21/compute/v2.1/servers/8d7c77a9-1ff6-42f1-a714-12e2d5562d68 0.067s
2025-04-04 01:30:10.687 70833 INFO tempest.lib.common.rest_client [req-960e3126-2b32-40b0-886c-0eb8c0a7e94c req-960e3126-2b32-40b0-886c-0eb8c0a7e94c ] Request (ListServerFiltersTestJSON:setUpClass): 200 GET http://10.180.1.21/compute/v2.1/servers/34d94167-73a0-44ed-9b41-cc3e8bfdf30c 0.078s
2025-04-04 01:30:10.716 70846 INFO tempest.lib.common.rest_client [req-98cd93af-6882-48c3-9428-02e334ee8c72 req-98cd93af-6882-48c3-9428-02e334ee8c72 ] Request (ServerDiskConfigTestJSON:test_rebuild_server_with_auto_disk_config): 200 GET http://10.180.1.21/compute/v2.1/servers/5e0dd693-bbc8-4e09-b77c-4afaa2352d94 0.071s
2025-04-04 01:30:10.754 70841 INFO tempest.lib.common.rest_client [req-d48171b0-7120-4e38-b48f-8fe61778e51e req-d48171b0-7120-4e38-b48f-8fe61778e51e ] Request (ServersAdminNegativeTestJSON:tearDownClass): 200 GET http://10.180.1.21/compute/v2.1/servers/8ff3c6e9-627b-4750-8157-5bbc2d76f832 0.086s
2025-04-04 01:30:10.770 70835 INFO tempest.lib.common.rest_client [req-9e3afa07-39df-4bc4-985a-b0dd1a25eca5 req-9e3afa07-39df-4bc4-985a-b0dd1a25eca5 ] Request (AttachInterfacesUnderV243Test:test_add_remove_fixed_ip): 200 GET http://10.180.1.21/compute/v2.1/servers/d2a69c04-2c01-42ea-945f-dadc1a93c8c8 0.054s
2025-04-04 01:30:10.835 70825 INFO tempest.lib.common.rest_client [req-e3d4b789-265b-4ace-8586-ca1426646b17 req-e3d4b789-265b-4ace-8586-ca1426646b17 ] Request (InstanceActionsTestJSON:setUpClass): 200 GET http://10.180.1.21/compute/v2.1/servers/0a03c827-193b-4cc1-8339-404eb8e5fa41 0.076s
2025-04-04 01:30:10.862 70837 INFO tempest.lib.common.rest_client [req-e87ff474-8902-40d0-8550-874691725077 req-e87ff474-8902-40d0-8550-874691725077 ] Request (ImagesOneServerTestJSON:tearDownClass): 200 GET http://10.180.1.21/compute/v2.1/servers/7f3ca62d-3408-47fe-bc66-30cee0f2c5de 0.061s
2025-04-04 01:30:10.900 70867 WARNING tempest.lib.common.ssh [-] Failed to establish authenticated ssh connection to cirros@10.180.180.192 ([Errno None] Unable to connect to port 22 on 10.180.180.192). Number attempts: 2. Retry after 3 seconds.: paramiko.ssh_exception.NoValidConnectionsError: [Errno None] Unable to connect to port 22 on 10.180.180.192
2025-04-04 01:30:10.962 70861 INFO tempest.lib.common.rest_client [req-24191043-c2b2-4045-b9b3-94bd7806a53a req-24191043-c2b2-4045-b9b3-94bd7806a53a ] Request (ServersAdminTestJSON:test_create_server_with_scheduling_hint): 200 GET http://10.180.1.21/compute/v2.1/servers/5e8ff32b-c9ca-4374-9b0e-ace891d3b258 0.111s
2025-04-04 01:30:10.968 70865 INFO tempest.lib.common.rest_client [req-954e7157-cd19-4c1d-959b-126a36f9418f req-954e7157-cd19-4c1d-959b-126a36f9418f ] Request (DeleteServersAdminTestJSON:test_delete_server_while_in_error_state): 200 GET http://10.180.1.21/compute/v2.1/servers/b5626e84-a943-46d6-9333-0f5362b32884 0.146s
2025-04-04 01:30:11.028 70859 INFO tempest.lib.common.rest_client [req-aeb5cc33-a9fb-43a9-83c5-aefe13e17e21 req-aeb5cc33-a9fb-43a9-83c5-aefe13e17e21 ] Request (MigrationsAdminTest:test_resize_server_revert_deleted_flavor): 200 GET http://10.180.1.21/compute/v2.1/servers/533b0d7a-f85e-4ca4-86fa-d6b7dc11e050 0.149s
2025-04-04 01:30:11.053 70839 INFO tempest.lib.common.rest_client [req-1be1b1ee-0995-40ab-aa47-fbae425220a7 req-1be1b1ee-0995-40ab-aa47-fbae425220a7 ] Request (ImagesOneServerNegativeTestJSON:_run_cleanups): 200 GET http://10.180.1.21/compute/v2.1/servers/f8c1afe3-bbdf-4f5a-bd39-c682d5755df4 0.137s
2025-04-04 01:30:11.098 70875 INFO tempest.lib.common.rest_client [req-9f663c01-c668-4b87-9580-eeafecf64548 req-9f663c01-c668-4b87-9580-eeafecf64548 ] Request (ServersAaction247Test:tearDownClass): 200 GET http://10.180.1.21/compute/v2.1/servers/ff7a11f0-13a3-4395-bced-6ff716206ea0 0.151s
2025-04-04 01:30:11.128 70831 INFO tempest.lib.common.rest_client [req-51a9ce04-c9a1-44ae-88a9-2231f8620769 req-51a9ce04-c9a1-44ae-88a9-2231f8620769 ] Request (ServerTagsTestJSON:tearDownClass): 200 GET http://10.180.1.21/compute/v2.1/servers/074a15ff-0c25-4893-ac56-e75c1642a5fb 0.132s
2025-04-04 01:30:11.184 70849 INFO tempest.lib.common.rest_client [req-4c994dd9-2b8b-4a23-9eab-0dba9f9ad593 req-4c994dd9-2b8b-4a23-9eab-0dba9f9ad593 ] Request (ServerShowV254Test:tearDownClass): 200 GET http://10.180.1.21/compute/v2.1/servers/8e8650ee-1c9a-4ed0-af77-de29148ad085 0.172s
2025-04-04 01:30:11.195 70873 INFO tempest.lib.common.rest_client [req-6864fc50-0d70-4f46-8cc4-4e847e26bff4 req-6864fc50-0d70-4f46-8cc4-4e847e26bff4 ] Request (DeleteServersTestJSON:test_delete_active_server): 200 GET http://10.180.1.21/compute/v2.1/servers/86b9bb02-7260-4820-9051-8731994d65c4 0.145s
2025-04-04 01:30:11.248 70857 INFO tempest.lib.common.rest_client [req-b436b390-4c57-4fa6-8ee5-a33940a85fa6 req-b436b390-4c57-4fa6-8ee5-a33940a85fa6 ] Request (MultipleCreateTestJSON:test_multiple_create): 200 GET http://10.180.1.21/compute/v2.1/servers/cf4fe545-4ba2-486c-8b70-5b53e1412792 0.060s
2025-04-04 01:30:11.253 70851 INFO tempest.lib.common.rest_client [req-6437ca9d-b647-4cfc-a8f6-6a71b6356ab4 req-6437ca9d-b647-4cfc-a8f6-6a71b6356ab4 ] Request (ListServersNegativeTestJSON:setUpClass): 200 GET http://10.180.1.21/compute/v2.1/servers/626c0e13-c37f-4144-a83d-1aeba6d4c6d8 0.121s
2025-04-04 01:30:11.305 70869 INFO tempest.lib.common.rest_client [req-9d59c3f0-0ba4-49b6-a2b4-46eebb6162b8 req-9d59c3f0-0ba4-49b6-a2b4-46eebb6162b8 ] Request (AttachVolumeShelveTestJSON:test_attach_volume_shelved_or_offload_server): 200 GET http://10.180.1.21/compute/v2.1/servers/8cf1f94c-6dd3-4dbb-8d1e-5533a17fb6e4 0.076s
2025-04-04 01:30:11.367 70817 INFO tempest.lib.common.rest_client [req-0b5e87e0-8648-4875-9b26-25f4f392714e req-0b5e87e0-8648-4875-9b26-25f4f392714e ] Request (ServerAddressesNegativeTestJSON:setUpClass): 200 GET http://10.180.1.21/compute/v2.1/servers/e48a8f9a-b146-4a32-80b9-5be961fbb846 0.064s
2025-04-04 01:30:11.541 70829 INFO tempest.lib.common.rest_client [req-ee6d419e-9f4d-43be-a340-697790a4956c req-ee6d419e-9f4d-43be-a340-697790a4956c ] Request (FloatingIPsAssociationNegativeTestJSON:setUpClass): 200 PUT http://10.180.1.21:9696/networking/v2.0/routers/c77d282b-eeae-4eeb-ba8e-7a92ea96aa88/add_router_interface 0.972s
2025-04-04 01:30:11.541 70829 INFO tempest.lib.common.dynamic_creds [-] Created isolated network resources for: credentials: Credentials: {'domain_id': 'default', 'domain_name': 'Default', 'username': 'tempest-FloatingIPsAssociationNegativeTestJSON-1563325969-project-member', 'project_domain_id': 'default', 'project_domain_name': 'Default', 'project_id': 'c6368f28b46447c49213f6a801bf28ef', 'project_name': 'tempest-FloatingIPsAssociationNegativeTestJSON-1563325969', 'tenant_id': 'c6368f28b46447c49213f6a801bf28ef', 'tenant_name': 'tempest-FloatingIPsAssociationNegativeTestJSON-1563325969', 'user_domain_id': 'default', 'user_domain_name': 'Default', 'user_id': '1992dc94a2f04757a711be63f46eea1d', 'system': None}, Network: {'id': 'a3c9e8b7-5f3f-42d8-beb6-83eb916d2cd3', 'name': 'tempest-FloatingIPsAssociationNegativeTestJSON-1381612637-network', 'tenant_id': 'c6368f28b46447c49213f6a801bf28ef', 'admin_state_up': True, 'mtu': 8950, 'status': 'ACTIVE', 'subnets': [], 'shared': False, 'project_id': 'c6368f28b46447c49213f6a801bf28ef', 'port_security_enabled': True, 'router:external': False, 'provider:network_type': 'vlan', 'provider:physical_network': 'default', 'provider:segmentation_id': 346, 'availability_zone_hints': [], 'availability_zones': [], 'ipv4_address_scope': None, 'ipv6_address_scope': None, 'description': '', 'tags': [], 'created_at': '2025-04-04T01:30:09Z', 'updated_at': '2025-04-04T01:30:09Z', 'revision_number': 1}, Subnet: {'id': '33f2dc4b-e7cf-41dc-bde1-d46bb9bf400d', 'name': 'tempest-FloatingIPsAssociationNegativeTestJSON-1381612637-subnet', 'tenant_id': 'c6368f28b46447c49213f6a801bf28ef', 'network_id': 'a3c9e8b7-5f3f-42d8-beb6-83eb916d2cd3', 'ip_version': 4, 'subnetpool_id': None, 'enable_dhcp': True, 'ipv6_ra_mode': None, 'ipv6_address_mode': None, 'gateway_ip': '192.168.128.1', 'cidr': '192.168.128.0/28', 'allocation_pools': [{'start': '192.168.128.2', 'end': '192.168.128.14'}], 'host_routes': [], 'dns_nameservers': [], 'description': '', 'router:external': False, 'service_types': [], 'tags': [], 'created_at': '2025-04-04T01:30:09Z', 'updated_at': '2025-04-04T01:30:09Z', 'revision_number': 0, 'project_id': 'c6368f28b46447c49213f6a801bf28ef'}, Router: {'id': 'c77d282b-eeae-4eeb-ba8e-7a92ea96aa88', 'name': 'tempest-FloatingIPsAssociationNegativeTestJSON-1381612637-router', 'tenant_id': 'c6368f28b46447c49213f6a801bf28ef', 'admin_state_up': True, 'status': 'ACTIVE', 'external_gateway_info': {'network_id': '78985c96-488e-43b2-9cdf-542b7bc37c10', 'external_fixed_ips': [{'subnet_id': 'fff3e98d-c14d-4a87-a0d9-3a8c435ac3f6', 'ip_address': '10.180.180.248'}], 'enable_snat': True}, 'description': '', 'availability_zones': [], 'distributed': False, 'ha': False, 'availability_zone_hints': [], 'routes': [], 'flavor_id': None, 'tags': [], 'created_at': '2025-04-04T01:30:09Z', 'updated_at': '2025-04-04T01:30:10Z', 'revision_number': 2, 'project_id': 'c6368f28b46447c49213f6a801bf28ef'}
2025-04-04 01:30:11.580 70819 INFO tempest.lib.common.rest_client [req-4223cc5b-0456-422f-b778-2f7e564a2312 req-4223cc5b-0456-422f-b778-2f7e564a2312 ] Request (FloatingIPsAssociationTestJSON:setUpClass): 200 GET http://10.180.1.21/compute/v2.1/servers/6ef9ced2-36c4-4fa9-8617-a386e49236ed 0.133s
2025-04-04 01:30:11.632 70843 INFO tempest.lib.common.rest_client [req-8a4ae155-a890-43af-b27e-0c7a9d12dd37 req-8a4ae155-a890-43af-b27e-0c7a9d12dd37 ] Request (ListImageFiltersTestJSON:tearDownClass): 200 GET http://10.180.1.21/compute/v2.1/servers/50415932-49a2-4b5c-a11d-e5e94d71d360 0.075s
2025-04-04 01:30:11.639 70843 INFO tempest.common.waiters [-] State transition "ACTIVE/deleting" ==> "DELETED/None" after 5 second wait
2025-04-04 01:30:11.641 70829 INFO tempest.lib.common.rest_client [req-043129e4-71af-489e-a534-850dcfa91d86 req-043129e4-71af-489e-a534-850dcfa91d86 ] Request (FloatingIPsAssociationNegativeTestJSON:setUpClass): 201 POST http://10.180.1.21/identity/v3/auth/tokens 0.095s
2025-04-04 01:30:11.679 70829 INFO tempest.lib.common.rest_client [req-3ed27ec7-9915-414a-912f-f7e33c84bc12 req-3ed27ec7-9915-414a-912f-f7e33c84bc12 ] Request (FloatingIPsAssociationNegativeTestJSON:setUpClass): 201 POST http://10.180.1.21/identity/v3/auth/tokens 0.035s
2025-04-04 01:30:11.680 70829 INFO tempest.lib.common.fixed_network [-] (FloatingIPsAssociationNegativeTestJSON:setUpClass) Found network {'id': 'a3c9e8b7-5f3f-42d8-beb6-83eb916d2cd3', 'name': 'tempest-FloatingIPsAssociationNegativeTestJSON-1381612637-network', 'tenant_id': 'c6368f28b46447c49213f6a801bf28ef', 'admin_state_up': True, 'mtu': 8950, 'status': 'ACTIVE', 'subnets': [], 'shared': False, 'project_id': 'c6368f28b46447c49213f6a801bf28ef', 'port_security_enabled': True, 'router:external': False, 'provider:network_type': 'vlan', 'provider:physical_network': 'default', 'provider:segmentation_id': 346, 'availability_zone_hints': [], 'availability_zones': [], 'ipv4_address_scope': None, 'ipv6_address_scope': None, 'description': '', 'tags': [], 'created_at': '2025-04-04T01:30:09Z', 'updated_at': '2025-04-04T01:30:09Z', 'revision_number': 1} available for tenant
2025-04-04 01:30:11.718 70853 INFO tempest.lib.common.rest_client [req-f6c07a57-7227-4b28-8c32-264dfd615939 req-f6c07a57-7227-4b28-8c32-264dfd615939 ] Request (ServersTestMultiNic:test_verify_duplicate_network_nics): 200 GET http://10.180.1.21/compute/v2.1/servers/7441344b-4db8-45f6-bfdb-118b05826913 0.077s
2025-04-04 01:30:11.728 70855 INFO tempest.lib.common.rest_client [req-aa4af720-1350-4aec-b1b7-01f38b25133d req-aa4af720-1350-4aec-b1b7-01f38b25133d ] Request (SecurityGroupsTestJSON:test_list_security_groups_by_server): 200 GET http://10.180.1.21/compute/v2.1/servers/8d7c77a9-1ff6-42f1-a714-12e2d5562d68 0.060s
2025-04-04 01:30:11.778 70833 INFO tempest.lib.common.rest_client [req-5c707565-7588-41a2-bd0f-a2517838ccdc req-5c707565-7588-41a2-bd0f-a2517838ccdc ] Request (ListServerFiltersTestJSON:setUpClass): 200 GET http://10.180.1.21/compute/v2.1/servers/34d94167-73a0-44ed-9b41-cc3e8bfdf30c 0.082s
2025-04-04 01:30:11.824 70846 INFO tempest.lib.common.rest_client [req-e2790235-d35b-46c5-a5f1-1ecc4b400750 req-e2790235-d35b-46c5-a5f1-1ecc4b400750 ] Request (ServerDiskConfigTestJSON:test_rebuild_server_with_auto_disk_config): 200 GET http://10.180.1.21/compute/v2.1/servers/5e0dd693-bbc8-4e09-b77c-4afaa2352d94 0.098s
2025-04-04 01:30:11.882 70841 INFO tempest.lib.common.rest_client [req-3778aad1-1a3f-4414-8e4c-d3535dbd1e82 req-3778aad1-1a3f-4414-8e4c-d3535dbd1e82 ] Request (ServersAdminNegativeTestJSON:tearDownClass): 200 GET http://10.180.1.21/compute/v2.1/servers/8ff3c6e9-627b-4750-8157-5bbc2d76f832 0.119s
2025-04-04 01:30:11.923 70821 WARNING tempest.lib.common.ssh [-] Failed to establish authenticated ssh connection to cirros@10.180.180.169 ([Errno None] Unable to connect to port 22 on 10.180.180.169). Number attempts: 3. Retry after 4 seconds.: paramiko.ssh_exception.NoValidConnectionsError: [Errno None] Unable to connect to port 22 on 10.180.180.169
2025-04-04 01:30:11.939 70835 INFO tempest.lib.common.rest_client [req-2856c34c-9007-470f-90d2-298715c0acc8 req-2856c34c-9007-470f-90d2-298715c0acc8 ] Request (AttachInterfacesUnderV243Test:test_add_remove_fixed_ip): 200 GET http://10.180.1.21/compute/v2.1/servers/d2a69c04-2c01-42ea-945f-dadc1a93c8c8 0.152s
2025-04-04 01:30:11.985 70825 INFO tempest.lib.common.rest_client [req-2fb98ab6-adc7-4644-801c-9723f63ccdf7 req-2fb98ab6-adc7-4644-801c-9723f63ccdf7 ] Request (InstanceActionsTestJSON:setUpClass): 200 GET http://10.180.1.21/compute/v2.1/servers/0a03c827-193b-4cc1-8339-404eb8e5fa41 0.139s
2025-04-04 01:30:12.044 70837 INFO tempest.lib.common.rest_client [req-3edbac9a-b646-4f2a-b8d4-a600a831eace req-3edbac9a-b646-4f2a-b8d4-a600a831eace ] Request (ImagesOneServerTestJSON:tearDownClass): 200 GET http://10.180.1.21/compute/v2.1/servers/7f3ca62d-3408-47fe-bc66-30cee0f2c5de 0.174s
2025-04-04 01:30:12.053 70837 INFO tempest.common.waiters [-] State transition "ACTIVE/deleting" ==> "DELETED/None" after 4 second wait
2025-04-04 01:30:12.092 70861 INFO tempest.lib.common.rest_client [req-e893e246-2b63-4496-843a-b7c20adc66fb req-e893e246-2b63-4496-843a-b7c20adc66fb ] Request (ServersAdminTestJSON:test_create_server_with_scheduling_hint): 200 GET http://10.180.1.21/compute/v2.1/servers/5e8ff32b-c9ca-4374-9b0e-ace891d3b258 0.118s
2025-04-04 01:30:12.123 70829 INFO tempest.lib.common.rest_client [req-6b5123f0-04e8-40de-bbf8-08969a207c03 req-6b5123f0-04e8-40de-bbf8-08969a207c03 ] Request (FloatingIPsAssociationNegativeTestJSON:setUpClass): 202 POST http://10.180.1.21/compute/v2.1/servers 0.443s
2025-04-04 01:30:12.163 70865 INFO tempest.lib.common.rest_client [req-b2ec18a5-94b5-4b42-a049-19f6fe8666e6 req-b2ec18a5-94b5-4b42-a049-19f6fe8666e6 ] Request (DeleteServersAdminTestJSON:test_delete_server_while_in_error_state): 200 GET http://10.180.1.21/compute/v2.1/servers/b5626e84-a943-46d6-9333-0f5362b32884 0.180s
2025-04-04 01:30:12.197 70859 INFO tempest.lib.common.rest_client [req-1a286612-fdd1-4c7b-b1df-43b116543e0e req-1a286612-fdd1-4c7b-b1df-43b116543e0e ] Request (MigrationsAdminTest:test_resize_server_revert_deleted_flavor): 200 GET http://10.180.1.21/compute/v2.1/servers/533b0d7a-f85e-4ca4-86fa-d6b7dc11e050 0.156s
2025-04-04 01:30:12.217 70839 INFO tempest.lib.common.rest_client [req-66be8857-38a8-45d7-9312-fc5440ca705b req-66be8857-38a8-45d7-9312-fc5440ca705b ] Request (ImagesOneServerNegativeTestJSON:_run_cleanups): 200 GET http://10.180.1.21/compute/v2.1/servers/f8c1afe3-bbdf-4f5a-bd39-c682d5755df4 0.155s
2025-04-04 01:30:12.254 70829 INFO tempest.lib.common.rest_client [req-e179fd83-4295-4539-97d0-b9858c2a46e8 req-e179fd83-4295-4539-97d0-b9858c2a46e8 ] Request (FloatingIPsAssociationNegativeTestJSON:setUpClass): 200 GET http://10.180.1.21/compute/v2.1/servers/55b5dc4b-e95a-44cc-a3fd-713b9e2bdd45 0.129s
2025-04-04 01:30:12.264 70875 INFO tempest.lib.common.rest_client [req-a8f4e836-4f1f-49c5-a696-3ca322a038a8 req-a8f4e836-4f1f-49c5-a696-3ca322a038a8 ] Request (ServersAaction247Test:tearDownClass): 200 GET http://10.180.1.21/compute/v2.1/servers/ff7a11f0-13a3-4395-bced-6ff716206ea0 0.156s
2025-04-04 01:30:12.316 70831 INFO tempest.lib.common.rest_client [req-efac557f-d2bf-47a4-a82c-0da6c73608bc req-efac557f-d2bf-47a4-a82c-0da6c73608bc ] Request (ServerTagsTestJSON:tearDownClass): 200 GET http://10.180.1.21/compute/v2.1/servers/074a15ff-0c25-4893-ac56-e75c1642a5fb 0.176s
2025-04-04 01:30:12.326 70849 INFO tempest.lib.common.rest_client [req-a6b02398-ec52-4e3d-9fe7-aff209cd4f74 req-a6b02398-ec52-4e3d-9fe7-aff209cd4f74 ] Request (ServerShowV254Test:tearDownClass): 200 GET http://10.180.1.21/compute/v2.1/servers/8e8650ee-1c9a-4ed0-af77-de29148ad085 0.131s
2025-04-04 01:30:12.373 70857 INFO tempest.lib.common.rest_client [req-34151e10-3987-4504-be87-5e7ea7b9ec2d req-34151e10-3987-4504-be87-5e7ea7b9ec2d ] Request (MultipleCreateTestJSON:test_multiple_create): 200 GET http://10.180.1.21/compute/v2.1/servers/cf4fe545-4ba2-486c-8b70-5b53e1412792 0.113s
2025-04-04 01:30:12.378 70873 INFO tempest.lib.common.rest_client [req-f2b4fa87-e011-480e-9a67-3703996b739c req-f2b4fa87-e011-480e-9a67-3703996b739c ] Request (DeleteServersTestJSON:test_delete_active_server): 200 GET http://10.180.1.21/compute/v2.1/servers/86b9bb02-7260-4820-9051-8731994d65c4 0.173s
2025-04-04 01:30:12.430 70851 INFO tempest.lib.common.rest_client [req-5708a6c6-6fb0-43d7-81ed-1f2981dc9f8a req-5708a6c6-6fb0-43d7-81ed-1f2981dc9f8a ] Request (ListServersNegativeTestJSON:setUpClass): 200 GET http://10.180.1.21/compute/v2.1/servers/626c0e13-c37f-4144-a83d-1aeba6d4c6d8 0.168s
2025-04-04 01:30:12.431 70869 INFO tempest.lib.common.rest_client [req-359571fc-3bdd-4a64-828a-75e5e26c3609 req-359571fc-3bdd-4a64-828a-75e5e26c3609 ] Request (AttachVolumeShelveTestJSON:test_attach_volume_shelved_or_offload_server): 200 GET http://10.180.1.21/compute/v2.1/servers/8cf1f94c-6dd3-4dbb-8d1e-5533a17fb6e4 0.114s
2025-04-04 01:30:12.478 70817 INFO tempest.lib.common.rest_client [req-fbe9991e-1c3a-4026-91c3-c7457fcded5a req-fbe9991e-1c3a-4026-91c3-c7457fcded5a ] Request (ServerAddressesNegativeTestJSON:setUpClass): 200 GET http://10.180.1.21/compute/v2.1/servers/e48a8f9a-b146-4a32-80b9-5be961fbb846 0.099s
2025-04-04 01:30:12.734 70819 INFO tempest.lib.common.rest_client [req-3d95cc4b-6d0f-4554-8c73-fb478bf49d85 req-3d95cc4b-6d0f-4554-8c73-fb478bf49d85 ] Request (FloatingIPsAssociationTestJSON:setUpClass): 200 GET http://10.180.1.21/compute/v2.1/servers/6ef9ced2-36c4-4fa9-8617-a386e49236ed 0.145s
2025-04-04 01:30:12.755 70843 INFO tempest.lib.common.rest_client [req-cf05662e-4ccd-4ce1-b3a8-51a07cac3f26 req-cf05662e-4ccd-4ce1-b3a8-51a07cac3f26 ] Request (ListImageFiltersTestJSON:tearDownClass): 200 GET http://10.180.1.21/compute/v2.1/servers/50415932-49a2-4b5c-a11d-e5e94d71d360 0.115s
2025-04-04 01:30:12.812 70853 INFO tempest.lib.common.rest_client [req-9ac4640d-a3c9-4f19-aa90-909864545eca req-9ac4640d-a3c9-4f19-aa90-909864545eca ] Request (ServersTestMultiNic:test_verify_duplicate_network_nics): 200 GET http://10.180.1.21/compute/v2.1/servers/7441344b-4db8-45f6-bfdb-118b05826913 0.086s
2025-04-04 01:30:12.818 70855 INFO tempest.lib.common.rest_client [req-9e5f109c-44c3-4f58-b6f7-e25f2954f3bb req-9e5f109c-44c3-4f58-b6f7-e25f2954f3bb ] Request (SecurityGroupsTestJSON:test_list_security_groups_by_server): 200 GET http://10.180.1.21/compute/v2.1/servers/8d7c77a9-1ff6-42f1-a714-12e2d5562d68 0.081s
2025-04-04 01:30:12.884 70833 INFO tempest.lib.common.rest_client [req-5a7fde18-c808-4ef6-ba97-340fafcfac38 req-5a7fde18-c808-4ef6-ba97-340fafcfac38 ] Request (ListServerFiltersTestJSON:setUpClass): 200 GET http://10.180.1.21/compute/v2.1/servers/34d94167-73a0-44ed-9b41-cc3e8bfdf30c 0.098s
2025-04-04 01:30:12.894 70846 INFO tempest.lib.common.rest_client [req-f1e1e291-b6cb-40ee-b0a7-87f268e42d27 req-f1e1e291-b6cb-40ee-b0a7-87f268e42d27 ] Request (ServerDiskConfigTestJSON:test_rebuild_server_with_auto_disk_config): 200 GET http://10.180.1.21/compute/v2.1/servers/5e0dd693-bbc8-4e09-b77c-4afaa2352d94 0.061s
2025-04-04 01:30:12.973 70841 INFO tempest.lib.common.rest_client [req-cddeea96-fab4-4546-b588-a814e461c18b req-cddeea96-fab4-4546-b588-a814e461c18b ] Request (ServersAdminNegativeTestJSON:tearDownClass): 200 GET http://10.180.1.21/compute/v2.1/servers/8ff3c6e9-627b-4750-8157-5bbc2d76f832 0.081s
2025-04-04 01:30:13.007 70835 INFO tempest.lib.common.rest_client [req-f1b026fe-3cc2-4df5-ae18-e90209638bf7 req-f1b026fe-3cc2-4df5-ae18-e90209638bf7 ] Request (AttachInterfacesUnderV243Test:test_add_remove_fixed_ip): 200 GET http://10.180.1.21/compute/v2.1/servers/d2a69c04-2c01-42ea-945f-dadc1a93c8c8 0.059s
2025-04-04 01:30:13.054 70825 INFO tempest.lib.common.rest_client [req-295a2254-39e8-447d-810c-44ffa7d19c6c req-295a2254-39e8-447d-810c-44ffa7d19c6c ] Request (InstanceActionsTestJSON:setUpClass): 200 GET http://10.180.1.21/compute/v2.1/servers/0a03c827-193b-4cc1-8339-404eb8e5fa41 0.060s
2025-04-04 01:30:13.117 70837 INFO tempest.lib.common.rest_client [req-7a2ed47b-296f-4388-bced-be0e5f8462c3 req-7a2ed47b-296f-4388-bced-be0e5f8462c3 ] Request (ImagesOneServerTestJSON:tearDownClass): 200 GET http://10.180.1.21/compute/v2.1/servers/7f3ca62d-3408-47fe-bc66-30cee0f2c5de 0.063s
2025-04-04 01:30:13.166 70861 INFO tempest.lib.common.rest_client [req-d0cdd1a8-e87e-4384-98ff-571ac8c103e6 req-d0cdd1a8-e87e-4384-98ff-571ac8c103e6 ] Request (ServersAdminTestJSON:test_create_server_with_scheduling_hint): 200 GET http://10.180.1.21/compute/v2.1/servers/5e8ff32b-c9ca-4374-9b0e-ace891d3b258 0.063s
