2025-04-04 01:30:45.717 70851 INFO tempest.lib.common.rest_client [req-44130d90-1430-49ab-9555-effd4d449d69 req-44130d90-1430-49ab-9555-effd4d449d69 ] Request (ListServersNegativeTestJSON:tearDownClass): 200 GET http://10.180.1.21/compute/v2.1/servers/7ec9324c-f8ea-4528-a287-c42dc901c636 0.376s
2025-04-04 01:30:45.735 70833 INFO tempest.lib.common.rest_client [req-b8627c0f-670e-49f4-9690-6b9115f31629 req-b8627c0f-670e-49f4-9690-6b9115f31629 ] Request (ListServerFiltersTestJSON:test_list_servers_filter_by_shutoff_status): 200 GET http://10.180.1.21/compute/v2.1/servers/29098eb4-49b4-40a2-b942-303d860e2fbb 0.481s
2025-04-04 01:30:45.762 70875 INFO tempest.lib.common.rest_client [req-1f79a920-a667-4ac3-bca7-ecb861d76811 req-1f79a920-a667-4ac3-bca7-ecb861d76811 ] Request (ServersAaction247Test:tearDownClass): 200 GET http://10.180.1.21:9696/networking/v2.0/security-groups?tenant_id=6acd193f1ca94227bebdd82e63e335b4&name=default 0.503s
2025-04-04 01:30:45.764 70865 INFO tempest.lib.common.rest_client [req-7443397f-71af-4abf-81fd-d3ab0265be36 req-7443397f-71af-4abf-81fd-d3ab0265be36 ] Request (QuotasAdminTestV257:setUpClass): 201 POST http://10.180.1.21/identity/v3/auth/tokens 0.099s
2025-04-04 01:30:45.804 70825 INFO tempest.lib.common.rest_client [req-0c7ae99b-b4ec-432c-a38f-304db97221ae req-0c7ae99b-b4ec-432c-a38f-304db97221ae ] Request (InstanceActionsTestJSON:setUpClass): 200 GET http://10.180.1.21/compute/v2.1/servers/0a03c827-193b-4cc1-8339-404eb8e5fa41 0.360s
2025-04-04 01:30:45.816 70865 INFO tempest.lib.common.rest_client [req-93b1a93c-6215-4979-929e-ded095db0feb req-93b1a93c-6215-4979-929e-ded095db0feb ] Request (QuotasAdminTestV257:setUpClass): 201 POST http://10.180.1.21/identity/v3/projects 0.051s
2025-04-04 01:30:45.841 70837 INFO tempest.lib.common.rest_client [req-68a998b1-2e0c-4553-9ee8-939701244598 req-68a998b1-2e0c-4553-9ee8-939701244598 ] Request (ImagesOneServerTestJSON:tearDownClass): 204 DELETE http://10.180.1.21/identity/v3/users/20545ced04c84f55b916c2425bc46c63 0.161s
2025-04-04 01:30:45.841 70837 INFO tempest.lib.common.dynamic_creds [-] Deleting project and security group for project: 4c3f37d90e8442a7a1def9a77f0fea97
2025-04-04 01:30:45.860 70846 INFO tempest.lib.common.rest_client [req-c7b25399-6e84-497d-90c2-6b5346055031 req-c7b25399-6e84-497d-90c2-6b5346055031 ] Request (ServerDiskConfigTestJSON:test_rebuild_server_with_auto_disk_config): 200 GET http://10.180.1.21/compute/v2.1/servers/5e0dd693-bbc8-4e09-b77c-4afaa2352d94 0.484s
2025-04-04 01:30:45.869 70846 INFO tempest.common.waiters [-] State transition "BUILD/block_device_mapping" ==> "BUILD/spawning" after 75 second wait
2025-04-04 01:30:45.933 70865 INFO tempest.lib.common.rest_client [req-e71b8edc-1124-4bcf-a769-5d5cec6751fe req-e71b8edc-1124-4bcf-a769-5d5cec6751fe ] Request (QuotasAdminTestV257:setUpClass): 201 POST http://10.180.1.21/identity/v3/users 0.116s
2025-04-04 01:30:45.962 70865 INFO tempest.lib.common.rest_client [req-83afeeeb-9b07-49cc-8dae-4e519f81fa43 req-83afeeeb-9b07-49cc-8dae-4e519f81fa43 ] Request (QuotasAdminTestV257:setUpClass): 200 GET http://10.180.1.21/identity/v3/roles 0.027s
2025-04-04 01:30:45.962 70837 INFO tempest.lib.common.rest_client [req-645f47d3-5745-47fa-89b0-eb5b9742653c req-645f47d3-5745-47fa-89b0-eb5b9742653c ] Request (ImagesOneServerTestJSON:tearDownClass): 200 GET http://10.180.1.21:9696/networking/v2.0/security-groups?tenant_id=4c3f37d90e8442a7a1def9a77f0fea97&name=default 0.120s
2025-04-04 01:30:46.006 70875 INFO tempest.lib.common.rest_client [req-d1e47887-a5d0-4f60-ac59-2edbe1020366 req-d1e47887-a5d0-4f60-ac59-2edbe1020366 ] Request (ServersAaction247Test:tearDownClass): 204 DELETE http://10.180.1.21:9696/networking/v2.0/security-groups/14041c16-8093-40a3-b697-00c10db22c2b 0.244s
2025-04-04 01:30:46.015 70865 INFO tempest.lib.common.rest_client [req-6f8a274d-16f4-4fad-8a36-1d2b3b868262 req-6f8a274d-16f4-4fad-8a36-1d2b3b868262 ] Request (QuotasAdminTestV257:setUpClass): 204 PUT http://10.180.1.21/identity/v3/projects/d2f85dec529b4a37ba69761548abfcee/users/e1b64fa0629740c2b60064150443d9c5/roles/7c6ff780b58040199a9268d2e282d64a 0.053s
2025-04-04 01:30:46.027 70857 INFO tempest.lib.common.rest_client [req-c7585e3f-85d6-46ce-a8bb-70a1d952c073 req-c7585e3f-85d6-46ce-a8bb-70a1d952c073 ] Request (MultipleCreateTestJSON:_run_cleanups): 200 GET http://10.180.1.21/compute/v2.1/servers/d517a143-ffd5-41c8-904c-9782cba540db 0.439s
2025-04-04 01:30:46.050 70855 INFO tempest.lib.common.rest_client [req-db29dd73-126d-419e-af9c-cf8fbd3e8f1b req-db29dd73-126d-419e-af9c-cf8fbd3e8f1b ] Request (SecurityGroupsTestJSON:test_security_groups_create_list_delete): 200 GET http://10.180.1.21/compute/v2.1/os-security-groups 0.445s
2025-04-04 01:30:46.117 70865 INFO tempest.lib.common.rest_client [req-36842504-a5c8-4f02-82ce-46e54654c1d2 req-36842504-a5c8-4f02-82ce-46e54654c1d2 ] Request (QuotasAdminTestV257:setUpClass): 200 GET http://10.180.1.21/identity/v3/roles 0.101s
2025-04-04 01:30:46.121 70861 INFO tempest.lib.common.rest_client [req-7255374f-f4dd-4938-adfb-fb1e82d4a3f0 req-7255374f-f4dd-4938-adfb-fb1e82d4a3f0 ] Request (ServersAdminTestJSON:test_create_server_with_scheduling_hint): 200 GET http://10.180.1.21/compute/v2.1/servers/5e8ff32b-c9ca-4374-9b0e-ace891d3b258 0.469s
2025-04-04 01:30:46.158 70875 INFO tempest.lib.common.rest_client [req-caca7d13-1d0b-47fb-a862-d4d4ce3b7ec3 req-caca7d13-1d0b-47fb-a862-d4d4ce3b7ec3 ] Request (ServersAaction247Test:tearDownClass): 204 DELETE http://10.180.1.21/identity/v3/projects/6acd193f1ca94227bebdd82e63e335b4 0.151s
2025-04-04 01:30:46.189 70839 INFO tempest.lib.common.rest_client [req-e0fa270c-e12e-4d15-9bf4-4098bc2a5a1f req-e0fa270c-e12e-4d15-9bf4-4098bc2a5a1f ] Request (ImagesOneServerNegativeTestJSON:_run_cleanups): 200 GET http://10.180.1.21/compute/v2.1/servers/f8c1afe3-bbdf-4f5a-bd39-c682d5755df4 0.424s
2025-04-04 01:30:46.195 70837 INFO tempest.lib.common.rest_client [req-7b268728-1bc3-43e2-a192-dcb104116ba1 req-7b268728-1bc3-43e2-a192-dcb104116ba1 ] Request (ImagesOneServerTestJSON:tearDownClass): 204 DELETE http://10.180.1.21:9696/networking/v2.0/security-groups/a53fa7d7-4fcd-400a-81d2-6046871c77f3 0.232s
2025-04-04 01:30:46.199 70865 INFO tempest.lib.common.rest_client [req-98882438-d330-48a1-8b7b-ecb79a823d0b req-98882438-d330-48a1-8b7b-ecb79a823d0b ] Request (QuotasAdminTestV257:setUpClass): 204 PUT http://10.180.1.21/identity/v3/projects/d2f85dec529b4a37ba69761548abfcee/users/e1b64fa0629740c2b60064150443d9c5/roles/7c6ff780b58040199a9268d2e282d64a 0.080s
2025-04-04 01:30:46.199 70875 INFO tempest.lib.common.rest_client [req-d872453c-1861-40e2-820c-0c80e83b7e4b req-d872453c-1861-40e2-820c-0c80e83b7e4b ] Request (ComputeTenantNetworksTest:setUpClass): 201 POST http://10.180.1.21/identity/v3/auth/tokens 0.039s
2025-04-04 01:30:46.199 70865 INFO tempest.lib.common.dynamic_creds [-] Dynamic test user e1b64fa0629740c2b60064150443d9c5 is created with scope project and roles: ['admin']
2025-04-04 01:30:46.200 70865 INFO tempest.lib.common.dynamic_creds [-] Acquired dynamic creds: credentials: Credentials: {'domain_id': 'default', 'domain_name': 'Default', 'username': 'tempest-QuotasAdminTestV257-1462343650-project-admin', 'project_domain_id': 'default', 'project_domain_name': 'Default', 'project_id': 'd2f85dec529b4a37ba69761548abfcee', 'project_name': 'tempest-QuotasAdminTestV257-1462343650', 'tenant_id': 'd2f85dec529b4a37ba69761548abfcee', 'tenant_name': 'tempest-QuotasAdminTestV257-1462343650', 'user_domain_id': 'default', 'user_domain_name': 'Default', 'user_id': 'e1b64fa0629740c2b60064150443d9c5', 'system': None}, Network: None, Subnet: None, Router: None
2025-04-04 01:30:46.200 70865 INFO tempest.lib.common.dynamic_creds [-] Created isolated network resources for: credentials: Credentials: {'domain_id': 'default', 'domain_name': 'Default', 'username': 'tempest-QuotasAdminTestV257-1462343650-project-admin', 'project_domain_id': 'default', 'project_domain_name': 'Default', 'project_id': 'd2f85dec529b4a37ba69761548abfcee', 'project_name': 'tempest-QuotasAdminTestV257-1462343650', 'tenant_id': 'd2f85dec529b4a37ba69761548abfcee', 'tenant_name': 'tempest-QuotasAdminTestV257-1462343650', 'user_domain_id': 'default', 'user_domain_name': 'Default', 'user_id': 'e1b64fa0629740c2b60064150443d9c5', 'system': None}, Network: None, Subnet: None, Router: None
2025-04-04 01:30:46.220 70835 INFO tempest.lib.common.rest_client [req-46ae2940-e910-424f-8eb8-cdca14f3f644 req-46ae2940-e910-424f-8eb8-cdca14f3f644 ] Request (AttachInterfacesUnderV243Test:test_add_remove_fixed_ip): 200 GET http://10.180.1.21/compute/v2.1/servers/d2a69c04-2c01-42ea-945f-dadc1a93c8c8 0.547s
2025-04-04 01:30:46.281 70829 INFO tempest.lib.common.rest_client [req-e3f4bce4-ec64-44c1-ade0-16c7dd9cb75e req-e3f4bce4-ec64-44c1-ade0-16c7dd9cb75e ] Request (FloatingIPsAssociationNegativeTestJSON:setUpClass): 200 GET http://10.180.1.21/compute/v2.1/servers/55b5dc4b-e95a-44cc-a3fd-713b9e2bdd45 0.428s
2025-04-04 01:30:46.308 70875 INFO tempest.lib.common.rest_client [req-0f89a213-1559-42df-a7c7-73b5a0031446 req-0f89a213-1559-42df-a7c7-73b5a0031446 ] Request (ComputeTenantNetworksTest:setUpClass): 201 POST http://10.180.1.21/identity/v3/auth/tokens 0.105s
2025-04-04 01:30:46.333 70837 INFO tempest.lib.common.rest_client [req-91bd04f3-6e9a-413c-b6ad-9ec42c24569c req-91bd04f3-6e9a-413c-b6ad-9ec42c24569c ] Request (ImagesOneServerTestJSON:tearDownClass): 204 DELETE http://10.180.1.21/identity/v3/projects/4c3f37d90e8442a7a1def9a77f0fea97 0.138s
2025-04-04 01:30:46.346 70841 INFO tempest.lib.common.rest_client [req-783fc000-ec25-4ad9-b1b2-16da0fcd7a40 req-783fc000-ec25-4ad9-b1b2-16da0fcd7a40 ] Request (SecurityGroupsNegativeTestJSON:setUpClass): 200 PUT http://10.180.1.21:9696/networking/v2.0/routers/d7fc14d9-1742-458d-ba4d-3a43decb5d68/add_router_interface 2.268s
2025-04-04 01:30:46.347 70841 INFO tempest.lib.common.dynamic_creds [-] Created isolated network resources for: credentials: Credentials: {'domain_id': 'default', 'domain_name': 'Default', 'username': 'tempest-SecurityGroupsNegativeTestJSON-991449965-project-member', 'project_domain_id': 'default', 'project_domain_name': 'Default', 'project_id': '0b319e6d32ac41f49c89ee4fc8d29c81', 'project_name': 'tempest-SecurityGroupsNegativeTestJSON-991449965', 'tenant_id': '0b319e6d32ac41f49c89ee4fc8d29c81', 'tenant_name': 'tempest-SecurityGroupsNegativeTestJSON-991449965', 'user_domain_id': 'default', 'user_domain_name': 'Default', 'user_id': 'b79f9f4d30a94a1ea025938c0ae68baa', 'system': None}, Network: {'id': '45dd952e-7853-432f-b418-fbb942e6b7f1', 'name': 'tempest-SecurityGroupsNegativeTestJSON-1656419263-network', 'tenant_id': '0b319e6d32ac41f49c89ee4fc8d29c81', 'admin_state_up': True, 'mtu': 8950, 'status': 'ACTIVE', 'subnets': [], 'shared': False, 'project_id': '0b319e6d32ac41f49c89ee4fc8d29c81', 'port_security_enabled': True, 'router:external': False, 'provider:network_type': 'vlan', 'provider:physical_network': 'default', 'provider:segmentation_id': 824, 'availability_zone_hints': [], 'availability_zones': [], 'ipv4_address_scope': None, 'ipv6_address_scope': None, 'description': '', 'tags': [], 'created_at': '2025-04-04T01:30:41Z', 'updated_at': '2025-04-04T01:30:41Z', 'revision_number': 1}, Subnet: {'id': '83d10c0d-1ea1-4a25-91fe-f75f8bb44ce1', 'name': 'tempest-SecurityGroupsNegativeTestJSON-1656419263-subnet', 'tenant_id': '0b319e6d32ac41f49c89ee4fc8d29c81', 'network_id': '45dd952e-7853-432f-b418-fbb942e6b7f1', 'ip_version': 4, 'subnetpool_id': None, 'enable_dhcp': True, 'ipv6_ra_mode': None, 'ipv6_address_mode': None, 'gateway_ip': '192.168.128.1', 'cidr': '192.168.128.0/28', 'allocation_pools': [{'start': '192.168.128.2', 'end': '192.168.128.14'}], 'host_routes': [], 'dns_nameservers': [], 'description': '', 'router:external': False, 'service_types': [], 'tags': [], 'created_at': '2025-04-04T01:30:42Z', 'updated_at': '2025-04-04T01:30:42Z', 'revision_number': 0, 'project_id': '0b319e6d32ac41f49c89ee4fc8d29c81'}, Router: {'id': 'd7fc14d9-1742-458d-ba4d-3a43decb5d68', 'name': 'tempest-SecurityGroupsNegativeTestJSON-1656419263-router', 'tenant_id': '0b319e6d32ac41f49c89ee4fc8d29c81', 'admin_state_up': True, 'status': 'ACTIVE', 'external_gateway_info': {'network_id': '78985c96-488e-43b2-9cdf-542b7bc37c10', 'external_fixed_ips': [{'subnet_id': 'fff3e98d-c14d-4a87-a0d9-3a8c435ac3f6', 'ip_address': '10.180.180.138'}], 'enable_snat': True}, 'description': '', 'availability_zones': [], 'distributed': False, 'ha': False, 'availability_zone_hints': [], 'routes': [], 'flavor_id': None, 'tags': [], 'created_at': '2025-04-04T01:30:42Z', 'updated_at': '2025-04-04T01:30:43Z', 'revision_number': 2, 'project_id': '0b319e6d32ac41f49c89ee4fc8d29c81'}
2025-04-04 01:30:46.358 70817 INFO tempest.lib.common.rest_client [req-1d35268f-bea5-47b4-8435-75261975aec3 req-1d35268f-bea5-47b4-8435-75261975aec3 ] Request (ServerAddressesNegativeTestJSON:setUpClass): 200 GET http://10.180.1.21/compute/v2.1/servers/e48a8f9a-b146-4a32-80b9-5be961fbb846 0.364s
2025-04-04 01:30:46.390 70865 INFO tempest.lib.common.rest_client [req-f3590a4a-28e4-4562-9c5c-edbc94eb5d48 req-f3590a4a-28e4-4562-9c5c-edbc94eb5d48 ] Request (QuotasAdminTestV257:setUpClass): 201 POST http://10.180.1.21/identity/v3/auth/tokens 0.186s
2025-04-04 01:30:46.391 70865 WARNING tempest.lib.common.rest_client [-] Deprecated: "tenant_id" property is deprecated for removal, use "project_id" instead
2025-04-04 01:30:46.416 70875 INFO tempest.lib.common.rest_client [req-0bf728f4-09d9-41f8-b7fd-df8e5a3dd045 req-0bf728f4-09d9-41f8-b7fd-df8e5a3dd045 ] Request (ComputeTenantNetworksTest:setUpClass): 200 GET http://10.180.1.21/identity/v3/domains?name=Default 0.107s
2025-04-04 01:30:46.424 70837 INFO tempest.lib.common.rest_client [req-b4cd4715-38aa-4b3c-ae52-9c45b3d17d80 req-b4cd4715-38aa-4b3c-ae52-9c45b3d17d80 ] Request (ServerMetadataNegativeTestJSON:setUpClass): 201 POST http://10.180.1.21/identity/v3/auth/tokens 0.089s
2025-04-04 01:30:46.449 70859 INFO tempest.lib.common.rest_client [req-44841007-019a-4d00-9ad1-c00a60c241af req-44841007-019a-4d00-9ad1-c00a60c241af ] Request (MigrationsAdminTest:test_resize_server_revert_deleted_flavor): 200 GET http://10.180.1.21/compute/v2.1/servers/533b0d7a-f85e-4ca4-86fa-d6b7dc11e050 0.452s
2025-04-04 01:30:46.455 70859 INFO tempest.common.waiters [-] State transition "BUILD/scheduling" ==> "BUILD/None" after 41 second wait
2025-04-04 01:30:46.459 70865 INFO tempest.lib.common.rest_client [req-86362f74-dfa1-4162-896e-c67006981a53 req-86362f74-dfa1-4162-896e-c67006981a53 ] Request (QuotasAdminTestV257:test_get_updated_quotas): 200 GET http://10.180.1.21/identity/v3/domains?name=Default 0.065s
2025-04-04 01:30:46.464 70843 INFO tempest.lib.common.rest_client [req-c6db1e58-53a1-4a74-8e21-3bf34354ca83 req-c6db1e58-53a1-4a74-8e21-3bf34354ca83 ] Request (ListImageFiltersTestJSON:tearDownClass): 200 GET http://10.180.1.21/compute/v2.1/servers/c18312e9-84ed-4c18-a3c6-fa9c7129e22a 0.563s
2025-04-04 01:30:46.485 70871 WARNING tempest.lib.common.ssh [-] Failed to establish authenticated ssh connection to cirros@10.180.180.213 ([Errno None] Unable to connect to port 22 on 10.180.180.213). Number attempts: 12. Retry after 13 seconds.: paramiko.ssh_exception.NoValidConnectionsError: [Errno None] Unable to connect to port 22 on 10.180.180.213
2025-04-04 01:30:46.496 70875 INFO tempest.lib.common.rest_client [req-52dda0ff-dc28-4325-b5d6-ed2463aba023 req-52dda0ff-dc28-4325-b5d6-ed2463aba023 ] Request (ComputeTenantNetworksTest:setUpClass): 201 POST http://10.180.1.21/identity/v3/projects 0.079s
2025-04-04 01:30:46.525 70841 INFO tempest.lib.common.rest_client [req-2a3908ec-4e8e-440b-9dae-0baa652d95e6 req-2a3908ec-4e8e-440b-9dae-0baa652d95e6 ] Request (SecurityGroupsNegativeTestJSON:setUpClass): 201 POST http://10.180.1.21/identity/v3/auth/tokens 0.175s
2025-04-04 01:30:46.541 70873 INFO tempest.lib.common.rest_client [req-5eb8ea02-ee85-4c2c-bfeb-d5b9e391fad8 req-5eb8ea02-ee85-4c2c-bfeb-d5b9e391fad8 ] Request (DeleteServersTestJSON:test_delete_active_server): 200 GET http://10.180.1.21/compute/v2.1/servers/86b9bb02-7260-4820-9051-8731994d65c4 0.463s
2025-04-04 01:30:46.575 70837 INFO tempest.lib.common.rest_client [req-28560e78-6b7e-44c6-86f1-31c756c3f897 req-28560e78-6b7e-44c6-86f1-31c756c3f897 ] Request (ServerMetadataNegativeTestJSON:setUpClass): 201 POST http://10.180.1.21/identity/v3/auth/tokens 0.146s
2025-04-04 01:30:46.593 70865 INFO tempest.lib.common.rest_client [req-73a7005d-56e7-4be7-a61c-d5280d2c05b0 req-73a7005d-56e7-4be7-a61c-d5280d2c05b0 ] Request (QuotasAdminTestV257:test_get_updated_quotas): 201 POST http://10.180.1.21/identity/v3/projects 0.133s
2025-04-04 01:30:46.608 70875 INFO tempest.lib.common.rest_client [req-c3184edd-af96-49f6-9499-a20ad367b217 req-c3184edd-af96-49f6-9499-a20ad367b217 ] Request (ComputeTenantNetworksTest:setUpClass): 201 POST http://10.180.1.21/identity/v3/users 0.111s
2025-04-04 01:30:46.639 70855 INFO tempest.lib.common.rest_client [req-1ee08fe1-dcc8-4cdc-a728-c49ace30c5a7 req-1ee08fe1-dcc8-4cdc-a728-c49ace30c5a7 ] Request (SecurityGroupsTestJSON:test_server_security_groups): 200 POST http://10.180.1.21/compute/v2.1/os-security-groups 0.583s
2025-04-04 01:30:46.656 70837 INFO tempest.lib.common.rest_client [req-4f308a49-3cff-4e9b-ae8e-9061c7da2492 req-4f308a49-3cff-4e9b-ae8e-9061c7da2492 ] Request (ServerMetadataNegativeTestJSON:setUpClass): 200 GET http://10.180.1.21/identity/v3/domains?name=Default 0.081s
2025-04-04 01:30:46.682 70875 INFO tempest.lib.common.rest_client [req-a4b5cdb9-645e-4306-ba05-0e3ec02e0706 req-a4b5cdb9-645e-4306-ba05-0e3ec02e0706 ] Request (ComputeTenantNetworksTest:setUpClass): 200 GET http://10.180.1.21/identity/v3/roles 0.074s
2025-04-04 01:30:46.692 70865 INFO tempest.lib.common.rest_client [req-86918956-401b-4c4c-b27b-e8fdcdd8176c req-86918956-401b-4c4c-b27b-e8fdcdd8176c ] Request (QuotasAdminTestV257:test_get_updated_quotas): 200 GET http://10.180.1.21/identity/v3/domains?name=Default 0.098s
2025-04-04 01:30:46.712 70869 INFO tempest.lib.common.rest_client [req-789a9302-337f-4038-a743-d1362639088d req-789a9302-337f-4038-a743-d1362639088d ] Request (AttachVolumeShelveTestJSON:test_attach_volume_shelved_or_offload_server): 200 GET http://10.180.1.21/compute/v2.1/servers/8cf1f94c-6dd3-4dbb-8d1e-5533a17fb6e4 0.258s
2025-04-04 01:30:46.716 70837 INFO tempest.lib.common.rest_client [req-3b7e1b59-9782-4b23-ad0d-cce1a21f2ec6 req-3b7e1b59-9782-4b23-ad0d-cce1a21f2ec6 ] Request (ServerMetadataNegativeTestJSON:setUpClass): 201 POST http://10.180.1.21/identity/v3/projects 0.059s
2025-04-04 01:30:46.718 70819 INFO tempest.lib.common.rest_client [req-d3778858-7ad3-4b83-9530-8295db667239 req-d3778858-7ad3-4b83-9530-8295db667239 ] Request (FloatingIPsAssociationTestJSON:test_associate_already_associated_floating_ip): 200 GET http://10.180.1.21/compute/v2.1/servers/31b911ef-a5da-4801-9000-f5a9559e0e74 0.205s
2025-04-04 01:30:46.728 70875 INFO tempest.lib.common.rest_client [req-3e047501-1eac-4cea-872a-35b8aa5bbe46 req-3e047501-1eac-4cea-872a-35b8aa5bbe46 ] Request (ComputeTenantNetworksTest:setUpClass): 204 PUT http://10.180.1.21/identity/v3/projects/4a49aae5fc064e1f9ce69eaef63be09a/users/56f9a520eb7f4c6eb8dd1245a25aa779/roles/d3fac7dbc3814a3da87df4a0d39fe2ae 0.045s
2025-04-04 01:30:46.728 70875 INFO tempest.lib.common.dynamic_creds [-] Dynamic test user 56f9a520eb7f4c6eb8dd1245a25aa779 is created with scope project and roles: ['member']
2025-04-04 01:30:46.728 70875 INFO tempest.lib.common.dynamic_creds [-] Acquired dynamic creds: credentials: Credentials: {'domain_id': 'default', 'domain_name': 'Default', 'username': 'tempest-ComputeTenantNetworksTest-16389187-project-member', 'project_domain_id': 'default', 'project_domain_name': 'Default', 'project_id': '4a49aae5fc064e1f9ce69eaef63be09a', 'project_name': 'tempest-ComputeTenantNetworksTest-16389187', 'tenant_id': '4a49aae5fc064e1f9ce69eaef63be09a', 'tenant_name': 'tempest-ComputeTenantNetworksTest-16389187', 'user_domain_id': 'default', 'user_domain_name': 'Default', 'user_id': '56f9a520eb7f4c6eb8dd1245a25aa779', 'system': None}, Network: None, Subnet: None, Router: None
2025-04-04 01:30:46.778 70853 INFO tempest.lib.common.rest_client [req-7f265e8e-63fe-49b3-8c9e-de42ba712158 req-7f265e8e-63fe-49b3-8c9e-de42ba712158 ] Request (ServersTestMultiNic:test_verify_duplicate_network_nics): 200 GET http://10.180.1.21/compute/v2.1/servers/7441344b-4db8-45f6-bfdb-118b05826913 0.201s
2025-04-04 01:30:46.787 70837 INFO tempest.lib.common.rest_client [req-6973fb60-a441-46aa-9f80-f2577d7b7abb req-6973fb60-a441-46aa-9f80-f2577d7b7abb ] Request (ServerMetadataNegativeTestJSON:setUpClass): 201 POST http://10.180.1.21/identity/v3/users 0.071s
2025-04-04 01:30:46.814 70875 INFO tempest.lib.common.rest_client [req-c8ea0333-e968-467b-b210-562fa5e2f268 req-c8ea0333-e968-467b-b210-562fa5e2f268 ] Request (ComputeTenantNetworksTest:setUpClass): 201 POST http://10.180.1.21/identity/v3/auth/tokens 0.086s
2025-04-04 01:30:46.832 70837 INFO tempest.lib.common.rest_client [req-e798f544-8687-448b-828e-ce66667f180a req-e798f544-8687-448b-828e-ce66667f180a ] Request (ServerMetadataNegativeTestJSON:setUpClass): 200 GET http://10.180.1.21/identity/v3/roles 0.044s
2025-04-04 01:30:46.871 70841 INFO tempest.lib.common.rest_client [req-97832fbb-2ec7-4d5f-8eac-0856075e8dd2 req-97832fbb-2ec7-4d5f-8eac-0856075e8dd2 ] Request (SecurityGroupsNegativeTestJSON:test_delete_nonexistent_security_group): 404 DELETE http://10.180.1.21/compute/v2.1/os-security-groups/fdf39f48-628c-40c3-9a4e-cfebe35aea7b 0.343s
2025-04-04 01:30:46.884 70837 INFO tempest.lib.common.rest_client [req-caec0e4f-817e-4bd9-afa8-c05bfd4c84bc req-caec0e4f-817e-4bd9-afa8-c05bfd4c84bc ] Request (ServerMetadataNegativeTestJSON:setUpClass): 204 PUT http://10.180.1.21/identity/v3/projects/11d230f53289486282bf334d92db41b1/users/fbe92cef07ae499e8e17aeee2b8440b4/roles/d3fac7dbc3814a3da87df4a0d39fe2ae 0.051s
2025-04-04 01:30:46.885 70837 INFO tempest.lib.common.dynamic_creds [-] Dynamic test user fbe92cef07ae499e8e17aeee2b8440b4 is created with scope project and roles: ['member']
2025-04-04 01:30:46.885 70837 INFO tempest.lib.common.dynamic_creds [-] Acquired dynamic creds: credentials: Credentials: {'domain_id': 'default', 'domain_name': 'Default', 'username': 'tempest-ServerMetadataNegativeTestJSON-1386714046-project-member', 'project_domain_id': 'default', 'project_domain_name': 'Default', 'project_id': '11d230f53289486282bf334d92db41b1', 'project_name': 'tempest-ServerMetadataNegativeTestJSON-1386714046', 'tenant_id': '11d230f53289486282bf334d92db41b1', 'tenant_name': 'tempest-ServerMetadataNegativeTestJSON-1386714046', 'user_domain_id': 'default', 'user_domain_name': 'Default', 'user_id': 'fbe92cef07ae499e8e17aeee2b8440b4', 'system': None}, Network: None, Subnet: None, Router: None
2025-04-04 01:30:46.913 70855 INFO tempest.lib.common.rest_client [req-95741af7-fe56-462e-b385-464d9781c03c req-95741af7-fe56-462e-b385-464d9781c03c ] Request (SecurityGroupsTestJSON:test_server_security_groups): 200 POST http://10.180.1.21/compute/v2.1/os-security-groups 0.269s
2025-04-04 01:30:46.982 70837 INFO tempest.lib.common.rest_client [req-c43814b8-d026-403f-96ae-16137978ab6a req-c43814b8-d026-403f-96ae-16137978ab6a ] Request (ServerMetadataNegativeTestJSON:setUpClass): 201 POST http://10.180.1.21/identity/v3/auth/tokens 0.096s
2025-04-04 01:30:47.021 70851 INFO tempest.lib.common.rest_client [req-d528425f-beb0-406e-bf30-5e2a0c696e64 req-d528425f-beb0-406e-bf30-5e2a0c696e64 ] Request (ListServersNegativeTestJSON:tearDownClass): 200 GET http://10.180.1.21/compute/v2.1/servers/7ec9324c-f8ea-4528-a287-c42dc901c636 0.292s
2025-04-04 01:30:47.048 70855 INFO tempest.lib.common.rest_client [req-03f3318f-e3ba-4f24-b1dc-d10e4df963a1 req-03f3318f-e3ba-4f24-b1dc-d10e4df963a1 ] Request (SecurityGroupsTestJSON:test_server_security_groups): 201 POST http://10.180.1.21/identity/v3/auth/tokens 0.127s
2025-04-04 01:30:47.048 70855 INFO tempest.lib.common.fixed_network [-] (SecurityGroupsTestJSON:test_server_security_groups) Found network {'id': 'ea5f0389-a012-49d6-9565-f3e0d3c2b8f0', 'name': 'tempest-SecurityGroupsTestJSON-1888420513-network', 'tenant_id': '6fce4d3b790a4ded8db88d176573c1e1', 'admin_state_up': True, 'mtu': 8950, 'status': 'ACTIVE', 'subnets': [], 'shared': False, 'project_id': '6fce4d3b790a4ded8db88d176573c1e1', 'port_security_enabled': True, 'router:external': False, 'provider:network_type': 'vlan', 'provider:physical_network': 'default', 'provider:segmentation_id': 638, 'availability_zone_hints': [], 'availability_zones': [], 'ipv4_address_scope': None, 'ipv6_address_scope': None, 'description': '', 'tags': [], 'created_at': '2025-04-04T01:29:07Z', 'updated_at': '2025-04-04T01:29:07Z', 'revision_number': 1} available for tenant
2025-04-04 01:30:47.106 70865 INFO tempest.lib.common.rest_client [req-5bb17e3b-7f9e-4fdf-af86-092d32366d61 req-5bb17e3b-7f9e-4fdf-af86-092d32366d61 ] Request (QuotasAdminTestV257:test_get_updated_quotas): 200 PUT http://10.180.1.21/compute/v2.1/os-quota-sets/157ffbcf10704404b5762aee6df6533c 0.413s
2025-04-04 01:30:47.159 70875 INFO tempest.lib.common.rest_client [req-07bf0e8c-9a32-4e2d-b2f7-a845f00aa381 req-07bf0e8c-9a32-4e2d-b2f7-a845f00aa381 ] Request (ComputeTenantNetworksTest:setUpClass): 201 POST http://10.180.1.21:9696/networking/v2.0/networks 0.344s
2025-04-04 01:30:47.160 70875 INFO tempest.lib.common.dynamic_creds [-] Created isolated network resources for: credentials: Credentials: {'domain_id': 'default', 'domain_name': 'Default', 'username': 'tempest-ComputeTenantNetworksTest-16389187-project-member', 'project_domain_id': 'default', 'project_domain_name': 'Default', 'project_id': '4a49aae5fc064e1f9ce69eaef63be09a', 'project_name': 'tempest-ComputeTenantNetworksTest-16389187', 'tenant_id': '4a49aae5fc064e1f9ce69eaef63be09a', 'tenant_name': 'tempest-ComputeTenantNetworksTest-16389187', 'user_domain_id': 'default', 'user_domain_name': 'Default', 'user_id': '56f9a520eb7f4c6eb8dd1245a25aa779', 'system': None}, Network: {'id': '0c3e9ff2-3cd4-4339-8562-a8046e52bd74', 'name': 'tempest-ComputeTenantNetworksTest-497760218-network', 'tenant_id': '4a49aae5fc064e1f9ce69eaef63be09a', 'admin_state_up': True, 'mtu': 8950, 'status': 'ACTIVE', 'subnets': [], 'shared': False, 'project_id': '4a49aae5fc064e1f9ce69eaef63be09a', 'port_security_enabled': True, 'router:external': False, 'provider:network_type': 'vlan', 'provider:physical_network': 'default', 'provider:segmentation_id': 469, 'availability_zone_hints': [], 'availability_zones': [], 'ipv4_address_scope': None, 'ipv6_address_scope': None, 'description': '', 'tags': [], 'created_at': '2025-04-04T01:30:47Z', 'updated_at': '2025-04-04T01:30:47Z', 'revision_number': 1}, Subnet: None, Router: None
2025-04-04 01:30:47.161 70833 INFO tempest.lib.common.rest_client [req-9f0ddd18-f0a2-4448-8dab-387f985c9b30 req-9f0ddd18-f0a2-4448-8dab-387f985c9b30 ] Request (ListServerFiltersTestJSON:test_list_servers_filter_by_shutoff_status): 200 GET http://10.180.1.21/compute/v2.1/servers/29098eb4-49b4-40a2-b942-303d860e2fbb 0.410s
2025-04-04 01:30:47.162 70825 INFO tempest.lib.common.rest_client [req-55419bf8-bf79-40bb-a562-48bdd9410d93 req-55419bf8-bf79-40bb-a562-48bdd9410d93 ] Request (InstanceActionsTestJSON:setUpClass): 200 GET http://10.180.1.21/compute/v2.1/servers/0a03c827-193b-4cc1-8339-404eb8e5fa41 0.346s
2025-04-04 01:30:47.168 70833 INFO tempest.common.waiters [-] State transition "SHUTOFF/powering-on" ==> "ACTIVE/None" after 6 second wait
2025-04-04 01:30:47.169 70841 INFO tempest.lib.common.rest_client [req-66d9c848-73ab-4580-8be9-db1cb3318231 req-66d9c848-73ab-4580-8be9-db1cb3318231 ] Request (SecurityGroupsNegativeTestJSON:test_delete_security_group_without_passing_id): 404 DELETE http://10.180.1.21/compute/v2.1/os-security-groups/ 0.296s
2025-04-04 01:30:47.258 70875 INFO tempest.lib.common.rest_client [req-bcf711f6-3d67-4089-8ec6-c84672630a97 req-bcf711f6-3d67-4089-8ec6-c84672630a97 ] Request (ComputeTenantNetworksTest:setUpClass): 201 POST http://10.180.1.21/identity/v3/auth/tokens 0.090s
2025-04-04 01:30:47.284 70857 INFO tempest.lib.common.rest_client [req-a3d7b5d6-bdca-4b30-9c6b-67f77463f93d req-a3d7b5d6-bdca-4b30-9c6b-67f77463f93d ] Request (MultipleCreateTestJSON:_run_cleanups): 200 GET http://10.180.1.21/compute/v2.1/servers/d517a143-ffd5-41c8-904c-9782cba540db 0.243s
2025-04-04 01:30:47.291 70875 INFO tempest.lib.common.rest_client [req-57c684fc-208c-4ae0-8590-bef023ea88d2 req-57c684fc-208c-4ae0-8590-bef023ea88d2 ] Request (ComputeTenantNetworksTest:setUpClass): 201 POST http://10.180.1.21/identity/v3/auth/tokens 0.031s
2025-04-04 01:30:47.292 70875 INFO tempest.lib.common.fixed_network [-] (ComputeTenantNetworksTest:setUpClass) Found network {'id': '0c3e9ff2-3cd4-4339-8562-a8046e52bd74', 'name': 'tempest-ComputeTenantNetworksTest-497760218-network', 'tenant_id': '4a49aae5fc064e1f9ce69eaef63be09a', 'admin_state_up': True, 'mtu': 8950, 'status': 'ACTIVE', 'subnets': [], 'shared': False, 'project_id': '4a49aae5fc064e1f9ce69eaef63be09a', 'port_security_enabled': True, 'router:external': False, 'provider:network_type': 'vlan', 'provider:physical_network': 'default', 'provider:segmentation_id': 469, 'availability_zone_hints': [], 'availability_zones': [], 'ipv4_address_scope': None, 'ipv6_address_scope': None, 'description': '', 'tags': [], 'created_at': '2025-04-04T01:30:47Z', 'updated_at': '2025-04-04T01:30:47Z', 'revision_number': 1} available for tenant
2025-04-04 01:30:47.300 70846 INFO tempest.lib.common.rest_client [req-bf929365-8914-4d07-8330-a528713f9557 req-bf929365-8914-4d07-8330-a528713f9557 ] Request (ServerDiskConfigTestJSON:test_rebuild_server_with_auto_disk_config): 200 GET http://10.180.1.21/compute/v2.1/servers/5e0dd693-bbc8-4e09-b77c-4afaa2352d94 0.430s
2025-04-04 01:30:47.310 70837 INFO tempest.lib.common.rest_client [req-b51bc86d-b125-45d8-93fa-c7cb660da591 req-b51bc86d-b125-45d8-93fa-c7cb660da591 ] Request (ServerMetadataNegativeTestJSON:setUpClass): 201 POST http://10.180.1.21:9696/networking/v2.0/networks 0.328s
2025-04-04 01:30:47.356 70865 INFO tempest.lib.common.rest_client [req-dbdc64c3-2619-4faf-9853-868c1520e8d0 req-dbdc64c3-2619-4faf-9853-868c1520e8d0 ] Request (QuotasAdminTestV257:test_get_updated_quotas): 200 GET http://10.180.1.21/compute/v2.1/os-quota-sets/157ffbcf10704404b5762aee6df6533c/detail 0.248s
2025-04-04 01:30:47.391 70865 INFO tempest.lib.common.rest_client [req-00a5ea31-0b37-490a-aa07-bd225879e337 req-00a5ea31-0b37-490a-aa07-bd225879e337 ] Request (QuotasAdminTestV257:test_get_updated_quotas): 200 GET http://10.180.1.21/identity/v3/domains?name=Default 0.031s
2025-04-04 01:30:47.428 70861 INFO tempest.lib.common.rest_client [req-32e20c05-ca4e-4cc2-ba05-192eaf8dfda9 req-32e20c05-ca4e-4cc2-ba05-192eaf8dfda9 ] Request (ServersAdminTestJSON:test_create_server_with_scheduling_hint): 200 GET http://10.180.1.21/compute/v2.1/servers/5e8ff32b-c9ca-4374-9b0e-ace891d3b258 0.295s
2025-04-04 01:30:47.429 70865 INFO tempest.lib.common.rest_client [req-96f4504e-3b36-4c15-9e5f-134080094429 req-96f4504e-3b36-4c15-9e5f-134080094429 ] Request (QuotasAdminTestV257:test_get_updated_quotas): 201 POST http://10.180.1.21/identity/v3/users 0.037s
2025-04-04 01:30:47.441 70833 INFO tempest.lib.common.rest_client [req-8fb9cccc-521d-48a8-8605-4641524fc501 req-8fb9cccc-521d-48a8-8605-4641524fc501 ] Request (ListServerFiltersTestJSON:test_list_servers_filter_by_zero_limit): 200 GET http://10.180.1.21/compute/v2.1/servers?limit=0 0.272s
2025-04-04 01:30:47.455 70865 INFO tempest.lib.common.rest_client [req-ab99efd3-3a33-43e4-bd70-1906c4b356b2 req-ab99efd3-3a33-43e4-bd70-1906c4b356b2 ] Request (QuotasAdminTestV257:test_get_updated_quotas): 200 GET http://10.180.1.21/identity/v3/domains?name=Default 0.025s
2025-04-04 01:30:47.530 70837 INFO tempest.lib.common.rest_client [req-a09bf155-9178-4efb-a677-7df90a643d88 req-a09bf155-9178-4efb-a677-7df90a643d88 ] Request (ServerMetadataNegativeTestJSON:setUpClass): 201 POST http://10.180.1.21:9696/networking/v2.0/subnets 0.219s
2025-04-04 01:30:47.612 70841 INFO tempest.lib.common.rest_client [req-5ef2af4e-a25b-4132-b917-c7afc42c1704 req-5ef2af4e-a25b-4132-b917-c7afc42c1704 ] Request (SecurityGroupsNegativeTestJSON:test_delete_the_default_security_group): 200 GET http://10.180.1.21/compute/v2.1/os-security-groups 0.442s
2025-04-04 01:30:47.731 70839 INFO tempest.lib.common.rest_client [req-7a673322-3543-4719-8627-c6cceb22484e req-7a673322-3543-4719-8627-c6cceb22484e ] Request (ImagesOneServerNegativeTestJSON:_run_cleanups): 200 GET http://10.180.1.21/compute/v2.1/servers/f8c1afe3-bbdf-4f5a-bd39-c682d5755df4 0.528s
2025-04-04 01:30:47.768 70855 INFO tempest.lib.common.rest_client [req-f9149576-d71b-425e-803f-e66fead09481 req-f9149576-d71b-425e-803f-e66fead09481 ] Request (SecurityGroupsTestJSON:test_server_security_groups): 202 POST http://10.180.1.21/compute/v2.1/servers 0.719s
2025-04-04 01:30:47.848 70829 INFO tempest.lib.common.rest_client [req-8cf670e3-8bb0-4f7b-9a48-62a7e86b2574 req-8cf670e3-8bb0-4f7b-9a48-62a7e86b2574 ] Request (FloatingIPsAssociationNegativeTestJSON:setUpClass): 200 GET http://10.180.1.21/compute/v2.1/servers/55b5dc4b-e95a-44cc-a3fd-713b9e2bdd45 0.557s
2025-04-04 01:30:47.948 70835 INFO tempest.lib.common.rest_client [req-90d559ae-6b02-453e-9ee7-a63df3d17ee9 req-90d559ae-6b02-453e-9ee7-a63df3d17ee9 ] Request (AttachInterfacesUnderV243Test:test_add_remove_fixed_ip): 200 GET http://10.180.1.21/compute/v2.1/servers/d2a69c04-2c01-42ea-945f-dadc1a93c8c8 0.713s
2025-04-04 01:30:48.025 70875 INFO tempest.lib.common.rest_client [req-c8ea74d1-033f-4537-a89f-fc5bf93f5597 req-c8ea74d1-033f-4537-a89f-fc5bf93f5597 ] Request (ComputeTenantNetworksTest:test_list_show_tenant_networks): 200 GET http://10.180.1.21/compute/v2.1/os-tenant-networks 0.731s
2025-04-04 01:30:48.030 70817 INFO tempest.lib.common.rest_client [req-7a7bacab-93a3-4d67-9113-8d7ccd629c45 req-7a7bacab-93a3-4d67-9113-8d7ccd629c45 ] Request (ServerAddressesNegativeTestJSON:setUpClass): 200 GET http://10.180.1.21/compute/v2.1/servers/e48a8f9a-b146-4a32-80b9-5be961fbb846 0.660s
2025-04-04 01:30:48.038 70817 INFO tempest.common.waiters [-] State transition "BUILD/None" ==> "BUILD/networking" after 65 second wait
2025-04-04 01:30:48.134 70865 INFO tempest.lib.common.rest_client [req-d5b36133-be04-4e16-bf39-1dc7e98022fb req-d5b36133-be04-4e16-bf39-1dc7e98022fb ] Request (QuotasAdminTestV257:test_get_updated_quotas): 200 PUT http://10.180.1.21/compute/v2.1/os-quota-sets/157ffbcf10704404b5762aee6df6533c?user_id=75414c3e20864cb1b05a09e7c45d5fc4 0.678s
2025-04-04 01:30:48.162 70833 INFO tempest.lib.common.rest_client [req-5a1a9738-5596-4ec6-a494-d716502dc4fc req-5a1a9738-5596-4ec6-a494-d716502dc4fc ] Request (ListServerFiltersTestJSON:test_list_servers_filtered_by_ip): 200 GET http://10.180.1.21/compute/v2.1/servers/29098eb4-49b4-40a2-b942-303d860e2fbb 0.718s
2025-04-04 01:30:48.207 70859 INFO tempest.lib.common.rest_client [req-3984cf9b-9a45-4358-a489-959ae69df920 req-3984cf9b-9a45-4358-a489-959ae69df920 ] Request (MigrationsAdminTest:test_resize_server_revert_deleted_flavor): 200 GET http://10.180.1.21/compute/v2.1/servers/533b0d7a-f85e-4ca4-86fa-d6b7dc11e050 0.751s
2025-04-04 01:30:48.237 70843 INFO tempest.lib.common.rest_client [req-0b3f66b0-1970-4199-9b19-fea1364b696d req-0b3f66b0-1970-4199-9b19-fea1364b696d ] Request (ListImageFiltersTestJSON:tearDownClass): 200 GET http://10.180.1.21/compute/v2.1/servers/c18312e9-84ed-4c18-a3c6-fa9c7129e22a 0.759s
2025-04-04 01:30:48.247 70843 INFO tempest.common.waiters [-] State transition "ACTIVE/deleting" ==> "DELETED/None" after 4 second wait
2025-04-04 01:30:48.275 70821 WARNING tempest.lib.common.ssh [-] Failed to establish authenticated ssh connection to cirros@10.180.180.169 ([Errno None] Unable to connect to port 22 on 10.180.180.169). Number attempts: 7. Retry after 8 seconds.: paramiko.ssh_exception.NoValidConnectionsError: [Errno None] Unable to connect to port 22 on 10.180.180.169
2025-04-04 01:30:48.281 70873 INFO tempest.lib.common.rest_client [req-04e17662-54c2-4350-a225-b954c5e69e3c req-04e17662-54c2-4350-a225-b954c5e69e3c ] Request (DeleteServersTestJSON:test_delete_active_server): 200 GET http://10.180.1.21/compute/v2.1/servers/86b9bb02-7260-4820-9051-8731994d65c4 0.730s
2025-04-04 01:30:48.320 70841 INFO tempest.lib.common.rest_client [req-aeff6f65-5c0b-4730-a99d-efc1db81baba req-aeff6f65-5c0b-4730-a99d-efc1db81baba ] Request (SecurityGroupsNegativeTestJSON:test_delete_the_default_security_group): 400 DELETE http://10.180.1.21/compute/v2.1/os-security-groups/1b879fe4-8d1b-449f-8607-df951cc512db 0.704s
2025-04-04 01:30:48.382 70819 INFO tempest.lib.common.rest_client [req-20b30509-2821-4eb1-a819-c4526eef6e91 req-20b30509-2821-4eb1-a819-c4526eef6e91 ] Request (FloatingIPsAssociationTestJSON:test_associate_already_associated_floating_ip): 200 GET http://10.180.1.21/compute/v2.1/servers/31b911ef-a5da-4801-9000-f5a9559e0e74 0.651s
2025-04-04 01:30:48.424 70855 INFO tempest.lib.common.rest_client [req-b391e8b1-0e97-46cf-9a7c-463320de1708 req-b391e8b1-0e97-46cf-9a7c-463320de1708 ] Request (SecurityGroupsTestJSON:test_server_security_groups): 200 GET http://10.180.1.21/compute/v2.1/servers/6960f152-5c10-4918-b76c-05ea9f77f5fa 0.654s
2025-04-04 01:30:48.466 70869 INFO tempest.lib.common.rest_client [req-d47acf0e-3003-48e9-af24-6951266c8aa3 req-d47acf0e-3003-48e9-af24-6951266c8aa3 ] Request (AttachVolumeShelveTestJSON:test_attach_volume_shelved_or_offload_server): 200 GET http://10.180.1.21/compute/v2.1/servers/8cf1f94c-6dd3-4dbb-8d1e-5533a17fb6e4 0.745s
2025-04-04 01:30:48.477 70853 INFO tempest.lib.common.rest_client [req-df0ae331-60cd-41cf-90ea-a3dde8ec7967 req-df0ae331-60cd-41cf-90ea-a3dde8ec7967 ] Request (ServersTestMultiNic:test_verify_duplicate_network_nics): 200 GET http://10.180.1.21/compute/v2.1/servers/7441344b-4db8-45f6-bfdb-118b05826913 0.686s
2025-04-04 01:30:48.481 70869 INFO tempest.common.waiters [-] State transition "BUILD/spawning" ==> "ACTIVE/None" after 85 second wait
2025-04-04 01:30:48.537 70851 INFO tempest.lib.common.rest_client [req-23423de4-be69-4412-a628-0c75c8895af3 req-23423de4-be69-4412-a628-0c75c8895af3 ] Request (ListServersNegativeTestJSON:tearDownClass): 200 GET http://10.180.1.21/compute/v2.1/servers/7ec9324c-f8ea-4528-a287-c42dc901c636 0.505s
2025-04-04 01:30:48.551 70875 INFO tempest.lib.common.rest_client [req-f53ee340-ac9c-4585-afa2-1879143d10b5 req-f53ee340-ac9c-4585-afa2-1879143d10b5 ] Request (ComputeTenantNetworksTest:test_list_show_tenant_networks): 200 GET http://10.180.1.21/compute/v2.1/os-tenant-networks/0c3e9ff2-3cd4-4339-8562-a8046e52bd74 0.524s
2025-04-04 01:30:48.583 70865 INFO tempest.lib.common.rest_client [req-47aadaf9-8b9a-4739-b61b-6d9a4e9b0449 req-47aadaf9-8b9a-4739-b61b-6d9a4e9b0449 ] Request (QuotasAdminTestV257:test_get_updated_quotas): 200 GET http://10.180.1.21/compute/v2.1/os-quota-sets/157ffbcf10704404b5762aee6df6533c?user_id=75414c3e20864cb1b05a09e7c45d5fc4 0.447s
2025-04-04 01:30:48.642 70825 INFO tempest.lib.common.rest_client [req-12f6a8a0-7865-47ee-b5c0-b7afe41bda23 req-12f6a8a0-7865-47ee-b5c0-b7afe41bda23 ] Request (InstanceActionsTestJSON:setUpClass): 200 GET http://10.180.1.21/compute/v2.1/servers/0a03c827-193b-4cc1-8339-404eb8e5fa41 0.468s
2025-04-04 01:30:48.698 70865 INFO tempest.lib.common.rest_client [req-2b0f7041-0c1e-4298-9300-481b1cc8af05 req-2b0f7041-0c1e-4298-9300-481b1cc8af05 ] Request (QuotasAdminTestV257:_run_cleanups): 204 DELETE http://10.180.1.21/identity/v3/users/75414c3e20864cb1b05a09e7c45d5fc4 0.113s
2025-04-04 01:30:48.710 70857 INFO tempest.lib.common.rest_client [req-4f148895-6fbd-4a6f-8b2d-b2352a858be4 req-4f148895-6fbd-4a6f-8b2d-b2352a858be4 ] Request (MultipleCreateTestJSON:_run_cleanups): 200 GET http://10.180.1.21/compute/v2.1/servers/d517a143-ffd5-41c8-904c-9782cba540db 0.411s
2025-04-04 01:30:48.715 70875 INFO tempest.lib.common.rest_client [req-9b3b8445-4786-4c46-ab3e-83ba78ec0351 req-9b3b8445-4786-4c46-ab3e-83ba78ec0351 ] Request (ComputeTenantNetworksTest:tearDownClass): 204 DELETE http://10.180.1.21:9696/networking/v2.0/networks/0c3e9ff2-3cd4-4339-8562-a8046e52bd74 0.158s
2025-04-04 01:30:48.769 70833 INFO tempest.lib.common.rest_client [req-a279df38-0a2b-4c92-9417-f8a1fc3074fe req-a279df38-0a2b-4c92-9417-f8a1fc3074fe ] Request (ListServerFiltersTestJSON:test_list_servers_filtered_by_ip): 200 GET http://10.180.1.21/compute/v2.1/servers/b41cee04-e3c4-4361-8eb2-28f97f355338 0.596s
2025-04-04 01:30:48.811 70841 INFO tempest.lib.common.rest_client [req-e9cd2777-453a-4e74-a712-d6d7faf80f4a req-e9cd2777-453a-4e74-a712-d6d7faf80f4a ] Request (SecurityGroupsNegativeTestJSON:test_security_group_get_nonexistent_group): 404 GET http://10.180.1.21/compute/v2.1/os-security-groups/a34daff0-31d3-4264-b560-de38a9b7278f 0.483s
2025-04-04 01:30:48.815 70846 INFO tempest.lib.common.rest_client [req-2696e64a-7e9d-4faf-aaed-a1fc9dd955ab req-2696e64a-7e9d-4faf-aaed-a1fc9dd955ab ] Request (ServerDiskConfigTestJSON:test_rebuild_server_with_auto_disk_config): 200 GET http://10.180.1.21/compute/v2.1/servers/5e0dd693-bbc8-4e09-b77c-4afaa2352d94 0.506s
2025-04-04 01:30:48.825 70875 INFO tempest.lib.common.rest_client [req-b064515f-c587-4694-a681-4d6de442efd0 req-b064515f-c587-4694-a681-4d6de442efd0 ] Request (ComputeTenantNetworksTest:tearDownClass): 204 DELETE http://10.180.1.21/identity/v3/users/56f9a520eb7f4c6eb8dd1245a25aa779 0.109s
2025-04-04 01:30:48.825 70865 INFO tempest.lib.common.rest_client [req-f20ca5f4-2082-4291-85f6-5769c50f9e4e req-f20ca5f4-2082-4291-85f6-5769c50f9e4e ] Request (QuotasAdminTestV257:_run_cleanups): 204 DELETE http://10.180.1.21/identity/v3/projects/157ffbcf10704404b5762aee6df6533c 0.126s
2025-04-04 01:30:48.825 70875 INFO tempest.lib.common.dynamic_creds [-] Deleting project and security group for project: 4a49aae5fc064e1f9ce69eaef63be09a
2025-04-04 01:30:48.855 70875 INFO tempest.lib.common.rest_client [req-8dc44e05-f3e8-4eef-add1-5d91d7b630b3 req-8dc44e05-f3e8-4eef-add1-5d91d7b630b3 ] Request (ComputeTenantNetworksTest:tearDownClass): 200 GET http://10.180.1.21:9696/networking/v2.0/security-groups?tenant_id=4a49aae5fc064e1f9ce69eaef63be09a&name=default 0.029s
2025-04-04 01:30:48.885 70861 INFO tempest.lib.common.rest_client [req-12e69b5d-cda1-4df1-a229-5a719525f1b7 req-12e69b5d-cda1-4df1-a229-5a719525f1b7 ] Request (ServersAdminTestJSON:test_create_server_with_scheduling_hint): 200 GET http://10.180.1.21/compute/v2.1/servers/5e8ff32b-c9ca-4374-9b0e-ace891d3b258 0.448s
2025-04-04 01:30:48.890 70837 INFO tempest.lib.common.rest_client [req-87651ce4-3d44-4fd9-85f8-8e7624c11439 req-87651ce4-3d44-4fd9-85f8-8e7624c11439 ] Request (ServerMetadataNegativeTestJSON:setUpClass): 201 POST http://10.180.1.21:9696/networking/v2.0/routers 1.359s
2025-04-04 01:30:48.893 70869 INFO tempest.lib.common.rest_client [req-4c18d1be-447e-45c2-ad4a-26ecc812c49d req-4c18d1be-447e-45c2-ad4a-26ecc812c49d ] Request (AttachVolumeShelveTestJSON:test_attach_volume_shelved_or_offload_server): 200 GET http://10.180.1.21/compute/v2.1/servers/8cf1f94c-6dd3-4dbb-8d1e-5533a17fb6e4/os-interface 0.411s
2025-04-04 01:30:48.956 70865 INFO tempest.lib.common.rest_client [req-5318fd2f-3db9-491d-85dd-fbd810bc9a18 req-5318fd2f-3db9-491d-85dd-fbd810bc9a18 ] Request (QuotasAdminTestV257:tearDownClass): 204 DELETE http://10.180.1.21/identity/v3/users/14fb82d12c7a4265871f2a3a65286777 0.129s
2025-04-04 01:30:48.969 70839 INFO tempest.lib.common.rest_client [req-792dfe48-0c30-4971-b8e9-f73453c58786 req-792dfe48-0c30-4971-b8e9-f73453c58786 ] Request (ImagesOneServerNegativeTestJSON:_run_cleanups): 200 GET http://10.180.1.21/compute/v2.1/servers/f8c1afe3-bbdf-4f5a-bd39-c682d5755df4 0.226s
2025-04-04 01:30:49.001 70841 INFO tempest.lib.common.rest_client [req-c9719bed-c8b8-443f-a92b-27ea4085eabc req-c9719bed-c8b8-443f-a92b-27ea4085eabc ] Request (SecurityGroupsNegativeTestJSON:test_update_non_existent_security_group): 404 PUT http://10.180.1.21/compute/v2.1/os-security-groups/3278929f-9c12-433b-8e58-0813124e6306 0.188s
2025-04-04 01:30:49.094 70875 INFO tempest.lib.common.rest_client [req-5860a4a6-a92e-4904-af8f-79b5151573d7 req-5860a4a6-a92e-4904-af8f-79b5151573d7 ] Request (ComputeTenantNetworksTest:tearDownClass): 204 DELETE http://10.180.1.21:9696/networking/v2.0/security-groups/1f9fe3f8-3053-43a2-b333-8819a1d1758f 0.239s
2025-04-04 01:30:49.100 70829 INFO tempest.lib.common.rest_client [req-990c5ab6-99a2-4ad2-8860-067c715f586e req-990c5ab6-99a2-4ad2-8860-067c715f586e ] Request (FloatingIPsAssociationNegativeTestJSON:setUpClass): 200 GET http://10.180.1.21/compute/v2.1/servers/55b5dc4b-e95a-44cc-a3fd-713b9e2bdd45 0.240s
2025-04-04 01:30:49.112 70829 INFO tempest.common.waiters [-] State transition "BUILD/scheduling" ==> "BUILD/None" after 37 second wait
2025-04-04 01:30:49.119 70833 INFO tempest.lib.common.rest_client [req-1bd66587-cbf0-4f33-9bbc-508e7b17aee9 req-1bd66587-cbf0-4f33-9bbc-508e7b17aee9 ] Request (ListServerFiltersTestJSON:test_list_servers_filtered_by_ip): 200 GET http://10.180.1.21/compute/v2.1/servers/34d94167-73a0-44ed-9b41-cc3e8bfdf30c 0.337s
2025-04-04 01:30:49.124 70865 INFO tempest.lib.common.rest_client [req-d1e7c403-26d9-496d-89f9-718d50f24f1e req-d1e7c403-26d9-496d-89f9-718d50f24f1e ] Request (QuotasAdminTestV257:tearDownClass): 204 DELETE http://10.180.1.21/identity/v3/users/e1b64fa0629740c2b60064150443d9c5 0.167s
2025-04-04 01:30:49.124 70865 INFO tempest.lib.common.dynamic_creds [-] Deleting project and security group for project: 3cc62624dc80432fa757c082354356dd
2025-04-04 01:30:49.172 70847 WARNING tempest.lib.common.ssh [-] Failed to establish authenticated ssh connection to cirros@10.180.180.197 ([Errno None] Unable to connect to port 22 on 10.180.180.197). Number attempts: 11. Retry after 12 seconds.: paramiko.ssh_exception.NoValidConnectionsError: [Errno None] Unable to connect to port 22 on 10.180.180.197
2025-04-04 01:30:49.192 70865 INFO tempest.lib.common.rest_client [req-4c2ed9a3-8c5a-4f14-a938-6c6940c8990e req-4c2ed9a3-8c5a-4f14-a938-6c6940c8990e ] Request (QuotasAdminTestV257:tearDownClass): 201 POST http://10.180.1.21/identity/v3/auth/tokens 0.067s
2025-04-04 01:30:49.220 70875 INFO tempest.lib.common.rest_client [req-9c781cc0-f6cc-4b49-9761-69fd500d1301 req-9c781cc0-f6cc-4b49-9761-69fd500d1301 ] Request (ComputeTenantNetworksTest:tearDownClass): 204 DELETE http://10.180.1.21/identity/v3/projects/4a49aae5fc064e1f9ce69eaef63be09a 0.125s
2025-04-04 01:30:49.615 70835 INFO tempest.lib.common.rest_client [req-3868a216-e482-4bad-b0b5-c9eb97f7a6b9 req-3868a216-e482-4bad-b0b5-c9eb97f7a6b9 ] Request (AttachInterfacesUnderV243Test:test_add_remove_fixed_ip): 200 GET http://10.180.1.21/compute/v2.1/servers/d2a69c04-2c01-42ea-945f-dadc1a93c8c8 0.658s
2025-04-04 01:30:49.637 70817 INFO tempest.lib.common.rest_client [req-57fdb6c0-e00b-43d5-a1be-1020ba5f4890 req-57fdb6c0-e00b-43d5-a1be-1020ba5f4890 ] Request (ServerAddressesNegativeTestJSON:setUpClass): 200 GET http://10.180.1.21/compute/v2.1/servers/e48a8f9a-b146-4a32-80b9-5be961fbb846 0.597s
2025-04-04 01:30:49.647 70817 INFO tempest.common.waiters [-] State transition "BUILD/networking" ==> "BUILD/block_device_mapping" after 66 second wait
2025-04-04 01:30:49.729 70859 INFO tempest.lib.common.rest_client [req-f07b8533-0b89-45d3-915f-1e0c7c934ca4 req-f07b8533-0b89-45d3-915f-1e0c7c934ca4 ] Request (MigrationsAdminTest:test_resize_server_revert_deleted_flavor): 200 GET http://10.180.1.21/compute/v2.1/servers/533b0d7a-f85e-4ca4-86fa-d6b7dc11e050 0.511s
2025-04-04 01:30:49.807 70865 INFO tempest.lib.common.rest_client [req-5502ece1-743c-4a36-a8a6-1b7c1fcb0dea req-5502ece1-743c-4a36-a8a6-1b7c1fcb0dea ] Request (QuotasAdminTestV257:tearDownClass): 200 GET http://10.180.1.21:9696/networking/v2.0/security-groups?tenant_id=3cc62624dc80432fa757c082354356dd&name=default 0.614s
2025-04-04 01:30:49.825 70843 INFO tempest.lib.common.rest_client [req-7a6b965c-0cd5-4399-b4d1-3be7f9ab2f10 req-7a6b965c-0cd5-4399-b4d1-3be7f9ab2f10 ] Request (ListImageFiltersTestJSON:tearDownClass): 200 GET http://10.180.1.21/compute/v2.1/servers/c18312e9-84ed-4c18-a3c6-fa9c7129e22a 0.576s
2025-04-04 01:30:49.834 70833 INFO tempest.lib.common.rest_client [req-20f8066e-a3a6-495c-92ce-d9c9e12d169e req-20f8066e-a3a6-495c-92ce-d9c9e12d169e ] Request (ListServerFiltersTestJSON:test_list_servers_filtered_by_ip): 200 GET http://10.180.1.21/compute/v2.1/servers?ip=192.168.128.10 0.703s
2025-04-04 01:30:49.896 70873 INFO tempest.lib.common.rest_client [req-4f195dbe-d72a-444a-8bf9-ac9640a723f9 req-4f195dbe-d72a-444a-8bf9-ac9640a723f9 ] Request (DeleteServersTestJSON:test_delete_active_server): 200 GET http://10.180.1.21/compute/v2.1/servers/86b9bb02-7260-4820-9051-8731994d65c4 0.606s
2025-04-04 01:30:49.929 70819 INFO tempest.lib.common.rest_client [req-64e90e0f-a98c-48d0-9e2a-f75e99c2564e req-64e90e0f-a98c-48d0-9e2a-f75e99c2564e ] Request (FloatingIPsAssociationTestJSON:test_associate_already_associated_floating_ip): 200 GET http://10.180.1.21/compute/v2.1/servers/31b911ef-a5da-4801-9000-f5a9559e0e74 0.534s
2025-04-04 01:30:49.983 70855 INFO tempest.lib.common.rest_client [req-d8873b56-31ce-4e4f-b253-6ab47e3802ab req-d8873b56-31ce-4e4f-b253-6ab47e3802ab ] Request (SecurityGroupsTestJSON:test_server_security_groups): 200 GET http://10.180.1.21/compute/v2.1/servers/6960f152-5c10-4918-b76c-05ea9f77f5fa 0.551s
2025-04-04 01:30:50.010 70851 INFO tempest.lib.common.rest_client [req-2d34b025-d4d0-47ea-bdc9-c130370a169c req-2d34b025-d4d0-47ea-bdc9-c130370a169c ] Request (ListServersNegativeTestJSON:tearDownClass): 404 GET http://10.180.1.21/compute/v2.1/servers/7ec9324c-f8ea-4528-a287-c42dc901c636 0.460s
