2025-05-13 20:09:11.919 69834 INFO tempest.lib.common.rest_client [req-d2775c3f-945c-48a3-8bfc-f2b5d55ed7f9 req-d2775c3f-945c-48a3-8bfc-f2b5d55ed7f9 ] Request (VolumesNegativeTest:tearDownClass): 200 GET http://10.180.1.21:9696/networking/v2.0/security-groups?tenant_id=17e805dfe07a4ddca53682c05aa25b18&name=default 0.224s
2025-05-13 20:09:11.995 69840 INFO tempest.lib.common.rest_client [req-e46e5782-eb2b-4b08-b364-ead17b2355d4 req-e46e5782-eb2b-4b08-b364-ead17b2355d4 ] Request (ServersTestBootFromVolume:setUpClass): 200 GET http://10.180.1.21/volume/v3/volumes/a8005dca-5ba6-4345-815e-52e4a5749ce6 0.041s
2025-05-13 20:09:12.025 69858 INFO tempest.lib.common.rest_client [req-1a3d253d-fffb-4572-8404-c0e79b557940 req-1a3d253d-fffb-4572-8404-c0e79b557940 ] Request (MigrationsAdminTest:test_list_migrations_in_flavor_resize_situation): 200 GET http://10.180.1.21/compute/v2.1/servers/5706f0bc-dc72-43db-a689-2003181f0bc6 0.713s
2025-05-13 20:09:12.048 69834 INFO tempest.lib.common.rest_client [req-13eff29c-e8cf-493d-8fca-7c1dc17cb4bf req-13eff29c-e8cf-493d-8fca-7c1dc17cb4bf ] Request (VolumesNegativeTest:tearDownClass): 204 DELETE http://10.180.1.21:9696/networking/v2.0/security-groups/3548e1bd-d00e-42f5-8193-c10977f62efd 0.129s
2025-05-13 20:09:12.060 69881 INFO tempest.lib.common.rest_client [req-67a79889-a76a-438f-9006-081afddcbb41 req-67a79889-a76a-438f-9006-081afddcbb41 ] Request (SecurityGroupRulesNegativeTestJSON:test_create_security_group_rule_with_invalid_ip_protocol): 200 POST http://10.180.1.21/compute/v2.1/os-security-groups 0.738s
2025-05-13 20:09:12.111 69820 INFO tempest.lib.common.rest_client [req-92059dc6-112b-40b9-8e14-b3737cf55889 req-92059dc6-112b-40b9-8e14-b3737cf55889 ] Request (ServersNegativeTestJSON:setUpClass): 200 PUT http://10.180.1.21:9696/networking/v2.0/routers/350caaea-7fbc-4516-b880-9aaffb159f98/add_router_interface 1.302s
2025-05-13 20:09:12.111 69820 INFO tempest.lib.common.dynamic_creds [-] Created isolated network resources for: credentials: Credentials: {'domain_id': 'default', 'domain_name': 'Default', 'username': 'tempest-ServersNegativeTestJSON-337259715-project-member', 'project_domain_id': 'default', 'project_domain_name': 'Default', 'project_id': '8e9fcf44d34944b1bbb8f76cfaf03d88', 'project_name': 'tempest-ServersNegativeTestJSON-337259715', 'tenant_id': '8e9fcf44d34944b1bbb8f76cfaf03d88', 'tenant_name': 'tempest-ServersNegativeTestJSON-337259715', 'user_domain_id': 'default', 'user_domain_name': 'Default', 'user_id': '324abb9ede664a3ca6956873f339133a', 'system': None}, Network: {'id': 'ca8faa62-0958-4f47-9f49-648f2525af99', 'name': 'tempest-ServersNegativeTestJSON-914082545-network', 'tenant_id': '8e9fcf44d34944b1bbb8f76cfaf03d88', 'admin_state_up': True, 'mtu': 8950, 'status': 'ACTIVE', 'subnets': [], 'shared': False, 'project_id': '8e9fcf44d34944b1bbb8f76cfaf03d88', 'port_security_enabled': True, 'router:external': False, 'provider:network_type': 'vlan', 'provider:physical_network': 'default', 'provider:segmentation_id': 922, 'availability_zone_hints': [], 'availability_zones': [], 'ipv4_address_scope': None, 'ipv6_address_scope': None, 'description': '', 'tags': [], 'created_at': '2025-05-13T20:09:09Z', 'updated_at': '2025-05-13T20:09:09Z', 'revision_number': 1}, Subnet: {'id': 'e77df579-6599-40c5-b72e-6a0dddb673d9', 'name': 'tempest-ServersNegativeTestJSON-914082545-subnet', 'tenant_id': '8e9fcf44d34944b1bbb8f76cfaf03d88', 'network_id': 'ca8faa62-0958-4f47-9f49-648f2525af99', 'ip_version': 4, 'subnetpool_id': None, 'enable_dhcp': True, 'ipv6_ra_mode': None, 'ipv6_address_mode': None, 'gateway_ip': '192.168.128.1', 'cidr': '192.168.128.0/28', 'allocation_pools': [{'start': '192.168.128.2', 'end': '192.168.128.14'}], 'host_routes': [], 'dns_nameservers': [], 'description': '', 'router:external': False, 'service_types': [], 'tags': [], 'created_at': '2025-05-13T20:09:09Z', 'updated_at': '2025-05-13T20:09:09Z', 'revision_number': 0, 'project_id': '8e9fcf44d34944b1bbb8f76cfaf03d88'}, Router: {'id': '350caaea-7fbc-4516-b880-9aaffb159f98', 'name': 'tempest-ServersNegativeTestJSON-914082545-router', 'tenant_id': '8e9fcf44d34944b1bbb8f76cfaf03d88', 'admin_state_up': True, 'status': 'ACTIVE', 'external_gateway_info': {'network_id': 'ab8cb95b-56bf-49df-8281-f4ed61b231ac', 'external_fixed_ips': [{'subnet_id': 'a402df8f-9fd2-4b96-b101-d2a46eb45891', 'ip_address': '10.180.180.161'}], 'enable_snat': True}, 'description': '', 'availability_zones': [], 'distributed': False, 'ha': False, 'availability_zone_hints': [], 'routes': [], 'flavor_id': None, 'tags': [], 'created_at': '2025-05-13T20:09:09Z', 'updated_at': '2025-05-13T20:09:10Z', 'revision_number': 2, 'project_id': '8e9fcf44d34944b1bbb8f76cfaf03d88'}
2025-05-13 20:09:12.138 69834 INFO tempest.lib.common.rest_client [req-e9205289-0c36-4b8d-942f-65de21197550 req-e9205289-0c36-4b8d-942f-65de21197550 ] Request (VolumesNegativeTest:tearDownClass): 204 DELETE http://10.180.1.21/identity/v3/projects/17e805dfe07a4ddca53682c05aa25b18 0.089s
2025-05-13 20:09:12.145 69868 INFO tempest.lib.common.rest_client [req-ac7af230-5697-4733-be23-6cdffdb6fb70 req-ac7af230-5697-4733-be23-6cdffdb6fb70 ] Request (ServerGroupTestJSON:test_create_server_with_scheduler_hint_group): 200 GET http://10.180.1.21/compute/v2.1/servers/1397327d-f815-4cf6-997f-5f658d60943f 0.774s
2025-05-13 20:09:12.210 69820 INFO tempest.lib.common.rest_client [req-37dbafa2-5bd4-4b27-9247-4c969eceb3b1 req-37dbafa2-5bd4-4b27-9247-4c969eceb3b1 ] Request (ServersNegativeTestJSON:setUpClass): 201 POST http://10.180.1.21/identity/v3/auth/tokens 0.094s
2025-05-13 20:09:12.224 69838 INFO tempest.lib.common.rest_client [req-0691c6a4-b0b8-49f9-906b-6c1761689fc8 req-0691c6a4-b0b8-49f9-906b-6c1761689fc8 ] Request (VolumesAdminNegativeTest:test_update_attached_volume_with_nonexistent_volume_in_body): 200 GET http://10.180.1.21/compute/v2.1/servers/9b929dbc-67db-4f9a-a8a5-cacf85df8ecb 0.853s
2025-05-13 20:09:12.253 69866 INFO tempest.lib.common.rest_client [req-d9b56f26-eeb1-4ea8-858f-a89a900b8f08 req-d9b56f26-eeb1-4ea8-858f-a89a900b8f08 ] Request (FlavorsAdminTestJSON:test_list_public_flavor_with_other_user): 200 GET http://10.180.1.21/compute/v2.1/flavors/detail 0.842s
2025-05-13 20:09:12.258 69820 INFO tempest.lib.common.rest_client [req-1c838c49-0dd7-45b4-9fa3-e2c70354e859 req-1c838c49-0dd7-45b4-9fa3-e2c70354e859 ] Request (ServersNegativeTestJSON:setUpClass): 201 POST http://10.180.1.21/identity/v3/auth/tokens 0.039s
2025-05-13 20:09:12.259 69820 INFO tempest.lib.common.fixed_network [-] (ServersNegativeTestJSON:setUpClass) Found network {'id': 'ca8faa62-0958-4f47-9f49-648f2525af99', 'name': 'tempest-ServersNegativeTestJSON-914082545-network', 'tenant_id': '8e9fcf44d34944b1bbb8f76cfaf03d88', 'admin_state_up': True, 'mtu': 8950, 'status': 'ACTIVE', 'subnets': [], 'shared': False, 'project_id': '8e9fcf44d34944b1bbb8f76cfaf03d88', 'port_security_enabled': True, 'router:external': False, 'provider:network_type': 'vlan', 'provider:physical_network': 'default', 'provider:segmentation_id': 922, 'availability_zone_hints': [], 'availability_zones': [], 'ipv4_address_scope': None, 'ipv6_address_scope': None, 'description': '', 'tags': [], 'created_at': '2025-05-13T20:09:09Z', 'updated_at': '2025-05-13T20:09:09Z', 'revision_number': 1} available for tenant
2025-05-13 20:09:12.286 69878 INFO tempest.lib.common.rest_client [req-1fc61bb7-8d2e-4de4-8ca8-d70970a9df48 req-1fc61bb7-8d2e-4de4-8ca8-d70970a9df48 ] Request (ServerActionsTestOtherB:setUp): 200 GET http://10.180.1.21/compute/v2.1/servers/9c7eb62e-b80b-4faa-b499-9e886a918114 0.916s
2025-05-13 20:09:12.297 69842 INFO tempest.lib.common.rest_client [req-4981c61b-c003-4295-982c-b5bd3dc63373 req-4981c61b-c003-4295-982c-b5bd3dc63373 ] Request (HostsAdminNegativeTestJSON:test_startup_host_with_non_admin_user): 403 GET http://10.180.1.21/compute/v2.1/os-hosts/devstack/startup 0.872s
2025-05-13 20:09:12.342 69849 INFO tempest.lib.common.rest_client [req-c2decbf7-90dd-47f9-96fe-95be62f0e4c1 req-c2decbf7-90dd-47f9-96fe-95be62f0e4c1 ] Request (ListServersNegativeTestJSON:setUpClass): 204 DELETE http://10.180.1.21/compute/v2.1/servers/183f4288-45c2-4a44-826d-29767fbcc075 0.918s
2025-05-13 20:09:12.355 69836 INFO tempest.lib.common.rest_client [req-b614f0ef-a52a-422e-8be4-9f5519da8e61 req-b614f0ef-a52a-422e-8be4-9f5519da8e61 ] Request (ImagesTestJSON:test_create_image_from_suspended_server): 200 GET http://10.180.1.21/compute/v2.1/servers/ca3cfeec-c1fa-4243-a103-7fd1737e4ebc 0.924s
2025-05-13 20:09:12.416 69844 WARNING tempest.lib.common.ssh [-] Failed to establish authenticated ssh connection to cirros@10.180.180.138 ([Errno None] Unable to connect to port 22 on 10.180.180.138). Number attempts: 4. Retry after 5 seconds.: paramiko.ssh_exception.NoValidConnectionsError: [Errno None] Unable to connect to port 22 on 10.180.180.138
2025-05-13 20:09:12.453 69852 INFO tempest.lib.common.rest_client [req-0302277b-c2cd-4c82-93fa-b5b4a8adc5df req-0302277b-c2cd-4c82-93fa-b5b4a8adc5df ] Request (InstanceActionsV221TestJSON:test_get_list_deleted_instance_actions): 200 GET http://10.180.1.21/compute/v2.1/servers/18f1088d-51b4-4553-8572-02ef5eb03ea6 0.939s
2025-05-13 20:09:12.460 69855 INFO tempest.lib.common.rest_client [req-542bdfd8-b1d5-4c1c-8d6e-75e86fbf8474 req-542bdfd8-b1d5-4c1c-8d6e-75e86fbf8474 ] Request (ServerAddressesNegativeTestJSON:tearDownClass): 200 GET http://10.180.1.21/compute/v2.1/servers/63cab0cd-7268-4442-aa1a-e6d33cd43500 1.011s
2025-05-13 20:09:12.617 69862 INFO tempest.lib.common.rest_client [req-60e42e52-9f98-455f-b7fa-dc53cebe2b4b req-60e42e52-9f98-455f-b7fa-dc53cebe2b4b ] Request (ServersV294TestFqdnHostnames:setUpClass): 200 GET http://10.180.1.21/compute/v2.1/servers/adabf98b-b0bb-4b09-9f30-55a473245305 0.894s
2025-05-13 20:09:12.627 69876 INFO tempest.lib.common.rest_client [req-a9872875-5500-4c96-8f4b-7b2cd259ed40 req-a9872875-5500-4c96-8f4b-7b2cd259ed40 ] Request (FloatingIPsAssociationTestJSON:setUpClass): 200 GET http://10.180.1.21/compute/v2.1/servers/fc7ac8f4-98cb-47aa-8a39-ffdb8d63ed1e 1.042s
2025-05-13 20:09:12.708 69856 INFO tempest.lib.common.rest_client [req-54aff1a4-fcc1-4012-af55-494a9324d46a req-54aff1a4-fcc1-4012-af55-494a9324d46a ] Request (ImagesOneServerTestJSON:tearDownClass): 204 DELETE http://10.180.1.21/compute/v2.1/servers/434f32c3-fd37-47f8-b899-dcb1799b0a13 0.928s
2025-05-13 20:09:12.777 69826 INFO tempest.lib.common.rest_client [req-ff94c1cd-c32f-45ea-91ff-c5f6f9854d7e req-ff94c1cd-c32f-45ea-91ff-c5f6f9854d7e ] Request (ServerDiagnosticsNegativeTest:test_get_server_diagnostics_by_non_admin): 200 GET http://10.180.1.21/compute/v2.1/servers/02c5c8ee-d7ae-45cb-9100-43f3267e82aa 0.995s
2025-05-13 20:09:12.781 69860 INFO tempest.lib.common.rest_client [req-763a86c2-5fcc-4897-82f4-06ce896ed530 req-763a86c2-5fcc-4897-82f4-06ce896ed530 ] Request (SecurityGroupRulesTestJSON:test_security_group_rules_list): 200 POST http://10.180.1.21/compute/v2.1/os-security-group-rules 1.021s
2025-05-13 20:09:12.829 69881 INFO tempest.lib.common.rest_client [req-59fc69a6-2f03-4dc6-ba01-cd3ea797375e req-59fc69a6-2f03-4dc6-ba01-cd3ea797375e ] Request (SecurityGroupRulesNegativeTestJSON:test_create_security_group_rule_with_invalid_ip_protocol): 400 POST http://10.180.1.21/compute/v2.1/os-security-group-rules 0.764s
2025-05-13 20:09:12.846 69850 INFO tempest.lib.common.rest_client [req-2db2055f-7683-41c5-881d-e78f1595d5cc req-2db2055f-7683-41c5-881d-e78f1595d5cc ] Request (AttachInterfacesUnderV243Test:test_add_remove_fixed_ip): 200 GET http://10.180.1.21/compute/v2.1/servers/1d6553a4-a687-405f-9f2c-04d921676200 0.995s
2025-05-13 20:09:12.883 69846 INFO tempest.lib.common.rest_client [req-89d67c7e-8010-4f0a-89f2-a81599440589 req-89d67c7e-8010-4f0a-89f2-a81599440589 ] Request (DeleteServersAdminTestJSON:test_delete_server_while_in_error_state): 200 GET http://10.180.1.21/compute/v2.1/servers/453e1bb7-60ae-4d6d-94bb-6830ef544c16 0.715s
2025-05-13 20:09:12.910 69866 INFO tempest.lib.common.rest_client [req-471e694f-d734-47d3-95cd-51a8268c7f83 req-471e694f-d734-47d3-95cd-51a8268c7f83 ] Request (FlavorsAdminTestJSON:_run_cleanups): 202 DELETE http://10.180.1.21/compute/v2.1/flavors/872438884 0.650s
2025-05-13 20:09:12.980 69872 INFO tempest.lib.common.rest_client [req-ab266845-edcb-4eae-87c6-7a4a61263f93 req-ab266845-edcb-4eae-87c6-7a4a61263f93 ] Request (FloatingIPsAssociationNegativeTestJSON:tearDownClass): 200 GET http://10.180.1.21/compute/v2.1/servers/b7967fdc-15d1-4c8e-8b1a-d00bbffa9020 0.717s
2025-05-13 20:09:12.994 69842 INFO tempest.lib.common.rest_client [req-c234939c-dc47-48f7-8c95-0dde833bb522 req-c234939c-dc47-48f7-8c95-0dde833bb522 ] Request (HostsAdminNegativeTestJSON:test_startup_nonexistent_host): 404 GET http://10.180.1.21/compute/v2.1/os-hosts/nonexistent_hostname/startup 0.696s
2025-05-13 20:09:13.061 69840 INFO tempest.lib.common.rest_client [req-b835edeb-b6bc-4f2b-a6c1-8f69da2d4dd1 req-b835edeb-b6bc-4f2b-a6c1-8f69da2d4dd1 ] Request (ServersTestBootFromVolume:setUpClass): 200 GET http://10.180.1.21/volume/v3/volumes/a8005dca-5ba6-4345-815e-52e4a5749ce6 0.055s
2025-05-13 20:09:13.068 69840 INFO tempest.common.waiters [-] volume a8005dca-5ba6-4345-815e-52e4a5749ce6 reached available after waiting for 22.068607 seconds
2025-05-13 20:09:13.319 69820 INFO tempest.lib.common.rest_client [req-c2f900c2-c50e-4214-853c-6a4d68bb42af req-c2f900c2-c50e-4214-853c-6a4d68bb42af ] Request (ServersNegativeTestJSON:setUpClass): 202 POST http://10.180.1.21/compute/v2.1/servers 1.059s
2025-05-13 20:09:13.396 69822 INFO tempest.lib.common.rest_client [req-7ba154b0-346b-47e9-8757-aa980f34b27f req-7ba154b0-346b-47e9-8757-aa980f34b27f ] Request (ListImageFiltersTestJSON:setUpClass): 204 PUT http://10.180.1.21/image/v2/images/33679119-d980-47f6-84fa-51a24813683d/file 0.819s
2025-05-13 20:09:13.472 69849 INFO tempest.lib.common.rest_client [req-5d2d28ba-4c11-4dfb-8fb4-5ef474c85b44 req-5d2d28ba-4c11-4dfb-8fb4-5ef474c85b44 ] Request (ListServersNegativeTestJSON:setUpClass): 200 GET http://10.180.1.21/compute/v2.1/servers/183f4288-45c2-4a44-826d-29767fbcc075 1.130s
2025-05-13 20:09:13.529 69882 INFO tempest.lib.common.rest_client [req-eb9cc62a-6bba-4593-847e-f4eb40222cb5 req-eb9cc62a-6bba-4593-847e-f4eb40222cb5 ] Request (ServersTestMultiNic:test_verify_duplicate_network_nics): 200 GET http://10.180.1.21/compute/v2.1/servers/e7c86cda-c88f-4153-b4c0-bec1305ddcb3 1.131s
2025-05-13 20:09:13.529 69878 INFO tempest.lib.common.rest_client [req-2335f1e3-f483-436a-92bc-c0206f42cbd9 req-2335f1e3-f483-436a-92bc-c0206f42cbd9 ] Request (ServerActionsTestOtherB:test_create_backup): 202 POST http://10.180.1.21/compute/v2.1/servers/9c7eb62e-b80b-4faa-b499-9e886a918114/action 1.230s
2025-05-13 20:09:13.545 69878 INFO tempest.lib.common.rest_client [req-5c7a5624-717e-4b74-9ce6-b2e8508f29f0 req-5c7a5624-717e-4b74-9ce6-b2e8508f29f0 ] Request (ServerActionsTestOtherB:test_create_backup): 200 GET http://10.180.1.21/image/v2/images/eca236a1-69e3-443c-ba98-36e023adcf23 0.015s
2025-05-13 20:09:13.582 69870 INFO tempest.lib.common.rest_client [req-91b274ec-4de6-454d-a04a-4d780d586198 req-91b274ec-4de6-454d-a04a-4d780d586198 ] Request (ServerDiskConfigTestJSON:test_rebuild_server_with_manual_disk_config): 200 GET http://10.180.1.21/compute/v2.1/servers/8fcf7408-4fd0-4e38-b162-94603fb4594c 1.053s
2025-05-13 20:09:13.594 69832 INFO tempest.lib.common.rest_client [req-7ceecb2e-208e-489b-8a45-67e2c8299ef4 req-7ceecb2e-208e-489b-8a45-67e2c8299ef4 ] Request (ServerRescueNegativeTestJSON:setUpClass): 200 GET http://10.180.1.21/compute/v2.1/servers/fa357787-fea1-488c-b7dd-c717f783011f 0.950s
2025-05-13 20:09:13.660 69830 INFO tempest.lib.common.rest_client [req-c9b2b000-dc80-45ba-95e3-12643f4be6fb req-c9b2b000-dc80-45ba-95e3-12643f4be6fb ] Request (ServersAdminNegativeTestJSON:test_migrate_server_invalid_state): 200 GET http://10.180.1.21/compute/v2.1/servers/6ecb2892-9f7f-4ee5-83c4-9a3dc661bdc6 0.921s
2025-05-13 20:09:13.668 69830 INFO tempest.common.waiters [-] State transition "BUILD/scheduling" ==> "BUILD/None" after 19 second wait
2025-05-13 20:09:13.717 69860 INFO tempest.lib.common.rest_client [req-55f5c46e-5a58-4521-9b6a-9c1c070c2dcf req-55f5c46e-5a58-4521-9b6a-9c1c070c2dcf ] Request (SecurityGroupRulesTestJSON:test_security_group_rules_list): 200 GET http://10.180.1.21/compute/v2.1/os-security-groups/5c9072db-729d-41e2-ad4e-c3b429cc5e8f 0.931s
2025-05-13 20:09:13.726 69856 INFO tempest.lib.common.rest_client [req-d7277886-6922-445d-8e0d-660935036036 req-d7277886-6922-445d-8e0d-660935036036 ] Request (ImagesOneServerTestJSON:tearDownClass): 200 GET http://10.180.1.21/compute/v2.1/servers/434f32c3-fd37-47f8-b899-dcb1799b0a13 1.017s
2025-05-13 20:09:13.751 69866 INFO tempest.lib.common.rest_client [req-7b63e2a4-353e-4d85-8d3a-73ec211d72e1 req-7b63e2a4-353e-4d85-8d3a-73ec211d72e1 ] Request (FlavorsAdminTestJSON:_run_cleanups): 200 GET http://10.180.1.21/compute/v2.1/flavors/detail 0.840s
2025-05-13 20:09:13.757 69842 INFO tempest.lib.common.rest_client [req-44b28503-9156-4004-b115-9921fdd932af req-44b28503-9156-4004-b115-9921fdd932af ] Request (HostsAdminNegativeTestJSON:test_update_host_with_invalid_maintenance_mode): 400 PUT http://10.180.1.21/compute/v2.1/os-hosts/devstack 0.761s
2025-05-13 20:09:13.920 69866 INFO tempest.lib.common.rest_client [req-26a304ed-5d5b-4bb4-a94c-c77b6816edd4 req-26a304ed-5d5b-4bb4-a94c-c77b6816edd4 ] Request (FlavorsAdminTestJSON:tearDownClass): 204 DELETE http://10.180.1.21/identity/v3/users/31703e8dc2a74489a5658125628c0c65 0.159s
2025-05-13 20:09:13.935 69858 INFO tempest.lib.common.rest_client [req-0242c167-c19e-413d-ae0c-16a4006f8bba req-0242c167-c19e-413d-ae0c-16a4006f8bba ] Request (MigrationsAdminTest:test_list_migrations_in_flavor_resize_situation): 200 GET http://10.180.1.21/compute/v2.1/servers/5706f0bc-dc72-43db-a689-2003181f0bc6 0.903s
2025-05-13 20:09:13.953 69881 INFO tempest.lib.common.rest_client [req-36d128f6-3c3f-41ab-9c54-ce774f49fd2f req-36d128f6-3c3f-41ab-9c54-ce774f49fd2f ] Request (SecurityGroupRulesNegativeTestJSON:test_create_security_group_rule_with_invalid_port_range): 200 POST http://10.180.1.21/compute/v2.1/os-security-groups 1.123s
2025-05-13 20:09:14.038 69868 INFO tempest.lib.common.rest_client [req-44627bbd-a615-420d-a8ee-e196031c83f8 req-44627bbd-a615-420d-a8ee-e196031c83f8 ] Request (ServerGroupTestJSON:test_create_server_with_scheduler_hint_group): 200 GET http://10.180.1.21/compute/v2.1/servers/1397327d-f815-4cf6-997f-5f658d60943f 0.881s
2025-05-13 20:09:14.061 69866 INFO tempest.lib.common.rest_client [req-7a4d014f-923c-41fe-b5b3-4096a761c2db req-7a4d014f-923c-41fe-b5b3-4096a761c2db ] Request (FlavorsAdminTestJSON:tearDownClass): 204 DELETE http://10.180.1.21/identity/v3/users/2e2b16fef1074d17ae35bd548127ff08 0.140s
2025-05-13 20:09:14.062 69866 INFO tempest.lib.common.dynamic_creds [-] Deleting project and security group for project: 7b05d758dd124d84927bde20344e7503
2025-05-13 20:09:14.126 69838 INFO tempest.lib.common.rest_client [req-eefbde39-a59f-43c0-88a7-ae4ef9131019 req-eefbde39-a59f-43c0-88a7-ae4ef9131019 ] Request (VolumesAdminNegativeTest:test_update_attached_volume_with_nonexistent_volume_in_body): 200 GET http://10.180.1.21/compute/v2.1/servers/9b929dbc-67db-4f9a-a8a5-cacf85df8ecb 0.892s
2025-05-13 20:09:14.149 69866 INFO tempest.lib.common.rest_client [req-614ad709-8be6-4af7-99b5-f2cfc85d194d req-614ad709-8be6-4af7-99b5-f2cfc85d194d ] Request (FlavorsAdminTestJSON:tearDownClass): 201 POST http://10.180.1.21/identity/v3/auth/tokens 0.087s
2025-05-13 20:09:14.200 69820 INFO tempest.lib.common.rest_client [req-f66d276d-4363-417e-be98-bfbcc89dba6c req-f66d276d-4363-417e-be98-bfbcc89dba6c ] Request (ServersNegativeTestJSON:setUpClass): 200 GET http://10.180.1.21/compute/v2.1/servers/d59cf518-5f32-4d3a-81e3-3ba7e8414987 0.880s
2025-05-13 20:09:14.268 69836 INFO tempest.lib.common.rest_client [req-183f25d2-2b79-4243-8faf-9263f8e98b33 req-183f25d2-2b79-4243-8faf-9263f8e98b33 ] Request (ImagesTestJSON:test_create_image_from_suspended_server): 200 GET http://10.180.1.21/compute/v2.1/servers/ca3cfeec-c1fa-4243-a103-7fd1737e4ebc 0.902s
2025-05-13 20:09:14.316 69822 INFO tempest.lib.common.rest_client [req-96ef4c13-e523-4a9f-83e0-4f5ab0b7d993 req-96ef4c13-e523-4a9f-83e0-4f5ab0b7d993 ] Request (ListImageFiltersTestJSON:setUpClass): 200 GET http://10.180.1.21/compute/v2.1/images/33679119-d980-47f6-84fa-51a24813683d 0.920s
2025-05-13 20:09:14.376 69866 INFO tempest.lib.common.rest_client [req-1ff53642-7a7b-49a5-ae3d-b138d8aa9984 req-1ff53642-7a7b-49a5-ae3d-b138d8aa9984 ] Request (FlavorsAdminTestJSON:tearDownClass): 200 GET http://10.180.1.21:9696/networking/v2.0/security-groups?tenant_id=7b05d758dd124d84927bde20344e7503&name=default 0.226s
2025-05-13 20:09:14.393 69852 INFO tempest.lib.common.rest_client [req-066add03-728a-4555-8f57-b4c3ec5b230d req-066add03-728a-4555-8f57-b4c3ec5b230d ] Request (InstanceActionsV221TestJSON:test_get_list_deleted_instance_actions): 200 GET http://10.180.1.21/compute/v2.1/servers/18f1088d-51b4-4553-8572-02ef5eb03ea6 0.931s
2025-05-13 20:09:14.477 69866 INFO tempest.lib.common.rest_client [req-317ee8e6-3d15-4df1-9066-ad9ad659bc24 req-317ee8e6-3d15-4df1-9066-ad9ad659bc24 ] Request (FlavorsAdminTestJSON:tearDownClass): 204 DELETE http://10.180.1.21:9696/networking/v2.0/security-groups/292db58a-b363-4676-b5eb-8fd68c8ba65a 0.100s
2025-05-13 20:09:14.559 69866 INFO tempest.lib.common.rest_client [req-4223bb9c-3ec4-4ac1-bdb1-9de1d2c2e232 req-4223bb9c-3ec4-4ac1-bdb1-9de1d2c2e232 ] Request (FlavorsAdminTestJSON:tearDownClass): 204 DELETE http://10.180.1.21/identity/v3/projects/7b05d758dd124d84927bde20344e7503 0.082s
2025-05-13 20:09:14.560 69866 INFO tempest.lib.common.dynamic_creds [-] Deleting project and security group for project: cb815a8e851c4283877443f3038def4a
2025-05-13 20:09:14.570 69878 INFO tempest.lib.common.rest_client [req-54a0d8ad-633e-4d76-8f22-b60f28d26074 req-54a0d8ad-633e-4d76-8f22-b60f28d26074 ] Request (ServerActionsTestOtherB:test_create_backup): 200 GET http://10.180.1.21/image/v2/images/eca236a1-69e3-443c-ba98-36e023adcf23 0.023s
2025-05-13 20:09:14.669 69866 INFO tempest.lib.common.rest_client [req-faf06d1f-b1b8-4760-970e-65f0787d6bbd req-faf06d1f-b1b8-4760-970e-65f0787d6bbd ] Request (FlavorsAdminTestJSON:tearDownClass): 200 GET http://10.180.1.21:9696/networking/v2.0/security-groups?tenant_id=cb815a8e851c4283877443f3038def4a&name=default 0.109s
2025-05-13 20:09:14.671 69855 INFO tempest.lib.common.rest_client [req-9a06ad31-1b76-4872-ab99-385dce73152b req-9a06ad31-1b76-4872-ab99-385dce73152b ] Request (ServerAddressesNegativeTestJSON:tearDownClass): 200 GET http://10.180.1.21/compute/v2.1/servers/63cab0cd-7268-4442-aa1a-e6d33cd43500 1.194s
2025-05-13 20:09:14.765 69866 INFO tempest.lib.common.rest_client [req-dd2b51c1-53de-43e1-9d8e-44d0850ba83a req-dd2b51c1-53de-43e1-9d8e-44d0850ba83a ] Request (FlavorsAdminTestJSON:tearDownClass): 204 DELETE http://10.180.1.21:9696/networking/v2.0/security-groups/5686b504-39e9-49d5-9f65-9a42581b03aa 0.095s
2025-05-13 20:09:14.820 69862 INFO tempest.lib.common.rest_client [req-e9657b81-3383-43c9-b880-fa549c3bb6cc req-e9657b81-3383-43c9-b880-fa549c3bb6cc ] Request (ServersV294TestFqdnHostnames:setUpClass): 200 GET http://10.180.1.21/compute/v2.1/servers/adabf98b-b0bb-4b09-9f30-55a473245305 1.185s
2025-05-13 20:09:14.915 69866 INFO tempest.lib.common.rest_client [req-f48f9a0f-d993-4f14-bb13-1ea650b42fc9 req-f48f9a0f-d993-4f14-bb13-1ea650b42fc9 ] Request (FlavorsAdminTestJSON:tearDownClass): 204 DELETE http://10.180.1.21/identity/v3/projects/cb815a8e851c4283877443f3038def4a 0.150s
2025-05-13 20:09:14.916 69866 INFO tempest.test [-] raised in LiveMigrationRemoteConsolesV26Test.setUpClass. Invoking tearDownClass.
2025-05-13 20:09:14.926 69840 INFO tempest.lib.common.rest_client [req-3463e601-933c-40e5-9b7e-b97ee5b4b5c8 req-3463e601-933c-40e5-9b7e-b97ee5b4b5c8 ] Request (ServersTestBootFromVolume:setUpClass): 202 POST http://10.180.1.21/compute/v2.1/servers 1.858s
2025-05-13 20:09:14.976 69864 INFO paramiko.transport [-] Connected (version 2.0, client dropbear_2020.81)
2025-05-13 20:09:15.013 69866 INFO tempest.lib.common.rest_client [req-cec57f14-4fc1-4c91-bd8e-7d4b566272c7 req-cec57f14-4fc1-4c91-bd8e-7d4b566272c7 ] Request (TestVersions:setUpClass): 201 POST http://10.180.1.21/identity/v3/auth/tokens 0.093s
2025-05-13 20:09:15.050 69866 INFO tempest.lib.common.rest_client [req-adde62d6-ccad-4a89-8f32-4beee5fee86d req-adde62d6-ccad-4a89-8f32-4beee5fee86d ] Request (TestVersions:setUpClass): 201 POST http://10.180.1.21/identity/v3/auth/tokens 0.032s
2025-05-13 20:09:15.078 69876 INFO tempest.lib.common.rest_client [req-588f1983-72e0-4240-905a-5e0b3c1b244c req-588f1983-72e0-4240-905a-5e0b3c1b244c ] Request (FloatingIPsAssociationTestJSON:setUpClass): 200 GET http://10.180.1.21/compute/v2.1/servers/fc7ac8f4-98cb-47aa-8a39-ffdb8d63ed1e 1.443s
2025-05-13 20:09:15.083 69842 INFO tempest.lib.common.rest_client [req-cfcb6414-75d5-4a2d-bfa4-01aaa6e38e51 req-cfcb6414-75d5-4a2d-bfa4-01aaa6e38e51 ] Request (HostsAdminNegativeTestJSON:test_update_host_with_invalid_status): 400 PUT http://10.180.1.21/compute/v2.1/os-hosts/devstack 1.325s
2025-05-13 20:09:15.088 69864 INFO paramiko.transport [-] Authentication (publickey) successful!
2025-05-13 20:09:15.088 69864 INFO tempest.lib.common.ssh [-] ssh connection to cirros@10.180.180.152 successfully created
2025-05-13 20:09:15.106 69866 INFO tempest.lib.common.rest_client [req-be2d7d01-0319-401b-8e0a-afa93b5702be req-be2d7d01-0319-401b-8e0a-afa93b5702be ] Request (TestVersions:setUpClass): 200 GET http://10.180.1.21/identity/v3/domains?name=Default 0.055s
2025-05-13 20:09:15.151 69866 INFO tempest.lib.common.rest_client [req-e48d973d-a946-4621-8ec0-dbfa37a13c69 req-e48d973d-a946-4621-8ec0-dbfa37a13c69 ] Request (TestVersions:setUpClass): 201 POST http://10.180.1.21/identity/v3/projects 0.043s
2025-05-13 20:09:15.168 69826 INFO tempest.lib.common.rest_client [req-4358c15e-2ce1-472e-864d-5a8e39bbcb5e req-4358c15e-2ce1-472e-864d-5a8e39bbcb5e ] Request (ServerDiagnosticsNegativeTest:test_get_server_diagnostics_by_non_admin): 200 GET http://10.180.1.21/compute/v2.1/servers/02c5c8ee-d7ae-45cb-9100-43f3267e82aa 1.381s
2025-05-13 20:09:15.196 69875 INFO paramiko.transport [-] Connected (version 2.0, client dropbear_2020.81)
2025-05-13 20:09:15.234 69850 INFO tempest.lib.common.rest_client [req-ec548649-f0c6-468e-b43e-d6478f1e1e53 req-ec548649-f0c6-468e-b43e-d6478f1e1e53 ] Request (AttachInterfacesUnderV243Test:test_add_remove_fixed_ip): 200 GET http://10.180.1.21/compute/v2.1/servers/1d6553a4-a687-405f-9f2c-04d921676200 1.378s
2025-05-13 20:09:15.239 69860 INFO tempest.lib.common.rest_client [req-775b9508-970d-40ff-b38e-be46a4e62681 req-775b9508-970d-40ff-b38e-be46a4e62681 ] Request (SecurityGroupRulesTestJSON:_run_cleanups): 202 DELETE http://10.180.1.21/compute/v2.1/os-security-group-rules/e59b5baa-dabb-424b-9c53-fee3d325390f 1.519s
2025-05-13 20:09:15.247 69866 INFO tempest.lib.common.rest_client [req-68561a3d-e240-4d26-ac23-1c44bf5de1e5 req-68561a3d-e240-4d26-ac23-1c44bf5de1e5 ] Request (TestVersions:setUpClass): 201 POST http://10.180.1.21/identity/v3/users 0.096s
2025-05-13 20:09:15.275 69866 INFO tempest.lib.common.rest_client [req-0936ca76-9f93-47af-8bdb-fc27892d0c83 req-0936ca76-9f93-47af-8bdb-fc27892d0c83 ] Request (TestVersions:setUpClass): 200 GET http://10.180.1.21/identity/v3/roles 0.028s
2025-05-13 20:09:15.300 69846 INFO tempest.lib.common.rest_client [req-c2b4468e-a99c-493d-acf5-f0cfdce3fa4f req-c2b4468e-a99c-493d-acf5-f0cfdce3fa4f ] Request (DeleteServersAdminTestJSON:test_delete_server_while_in_error_state): 200 GET http://10.180.1.21/compute/v2.1/servers/453e1bb7-60ae-4d6d-94bb-6830ef544c16 1.407s
2025-05-13 20:09:15.300 69875 INFO paramiko.transport [-] Authentication (publickey) successful!
2025-05-13 20:09:15.302 69875 INFO tempest.lib.common.ssh [-] ssh connection to cirros@10.180.180.251 successfully created
2025-05-13 20:09:15.306 69881 INFO tempest.lib.common.rest_client [req-a0168efb-c87e-4120-90af-c285cb1abf2b req-a0168efb-c87e-4120-90af-c285cb1abf2b ] Request (SecurityGroupRulesNegativeTestJSON:test_create_security_group_rule_with_invalid_port_range): 400 POST http://10.180.1.21/compute/v2.1/os-security-group-rules 1.345s
2025-05-13 20:09:15.320 69866 INFO tempest.lib.common.rest_client [req-e65f822a-1ea7-40bb-ae81-4da24bbab662 req-e65f822a-1ea7-40bb-ae81-4da24bbab662 ] Request (TestVersions:setUpClass): 204 PUT http://10.180.1.21/identity/v3/projects/bcf41b5250cd4789ba444892abcf0a48/users/393639046fbf41d2ad945ae6f56b9941/roles/49c6b3f2baa0432c94c283ab43c5b978 0.044s
2025-05-13 20:09:15.320 69866 INFO tempest.lib.common.dynamic_creds [-] Dynamic test user 393639046fbf41d2ad945ae6f56b9941 is created with scope project and roles: ['member']
2025-05-13 20:09:15.320 69866 INFO tempest.lib.common.dynamic_creds [-] Acquired dynamic creds: credentials: Credentials: {'domain_id': 'default', 'domain_name': 'Default', 'username': 'tempest-TestVersions-429131596-project-member', 'project_domain_id': 'default', 'project_domain_name': 'Default', 'project_id': 'bcf41b5250cd4789ba444892abcf0a48', 'project_name': 'tempest-TestVersions-429131596', 'tenant_id': 'bcf41b5250cd4789ba444892abcf0a48', 'tenant_name': 'tempest-TestVersions-429131596', 'user_domain_id': 'default', 'user_domain_name': 'Default', 'user_id': '393639046fbf41d2ad945ae6f56b9941', 'system': None}, Network: None, Subnet: None, Router: None
2025-05-13 20:09:15.320 69866 INFO tempest.lib.common.dynamic_creds [-] Created isolated network resources for: credentials: Credentials: {'domain_id': 'default', 'domain_name': 'Default', 'username': 'tempest-TestVersions-429131596-project-member', 'project_domain_id': 'default', 'project_domain_name': 'Default', 'project_id': 'bcf41b5250cd4789ba444892abcf0a48', 'project_name': 'tempest-TestVersions-429131596', 'tenant_id': 'bcf41b5250cd4789ba444892abcf0a48', 'tenant_name': 'tempest-TestVersions-429131596', 'user_domain_id': 'default', 'user_domain_name': 'Default', 'user_id': '393639046fbf41d2ad945ae6f56b9941', 'system': None}, Network: None, Subnet: None, Router: None
2025-05-13 20:09:15.365 69822 INFO tempest.lib.common.rest_client [req-cb4f208f-2911-4b83-aa33-90d2eae8d462 req-cb4f208f-2911-4b83-aa33-90d2eae8d462 ] Request (ListImageFiltersTestJSON:setUpClass): 200 GET http://10.180.1.21/compute/v2.1/images/33679119-d980-47f6-84fa-51a24813683d 1.043s
2025-05-13 20:09:15.381 69872 INFO tempest.lib.common.rest_client [req-d7898a8a-331b-4c65-a010-aed4a5ca34e8 req-d7898a8a-331b-4c65-a010-aed4a5ca34e8 ] Request (FloatingIPsAssociationNegativeTestJSON:tearDownClass): 200 GET http://10.180.1.21/compute/v2.1/servers/b7967fdc-15d1-4c8e-8b1a-d00bbffa9020 1.387s
2025-05-13 20:09:15.403 69866 INFO tempest.lib.common.rest_client [req-c1d183cc-fcbf-4e96-9717-8e7a6c866d96 req-c1d183cc-fcbf-4e96-9717-8e7a6c866d96 ] Request (TestVersions:setUpClass): 201 POST http://10.180.1.21/identity/v3/auth/tokens 0.078s
2025-05-13 20:09:15.430 69849 INFO tempest.lib.common.rest_client [req-6ec6d8fc-2d07-4af0-ba51-cdac466242d2 req-6ec6d8fc-2d07-4af0-ba51-cdac466242d2 ] Request (ListServersNegativeTestJSON:setUpClass): 200 GET http://10.180.1.21/compute/v2.1/servers/183f4288-45c2-4a44-826d-29767fbcc075 0.948s
2025-05-13 20:09:15.441 69882 INFO tempest.lib.common.rest_client [req-4e679ad8-37bb-48b5-9313-9266331464e7 req-4e679ad8-37bb-48b5-9313-9266331464e7 ] Request (ServersTestMultiNic:test_verify_duplicate_network_nics): 200 GET http://10.180.1.21/compute/v2.1/servers/e7c86cda-c88f-4153-b4c0-bec1305ddcb3 0.904s
2025-05-13 20:09:15.515 69870 INFO tempest.lib.common.rest_client [req-a1df1c0b-8a5f-41fb-b912-d96d0e5eb777 req-a1df1c0b-8a5f-41fb-b912-d96d0e5eb777 ] Request (ServerDiskConfigTestJSON:test_rebuild_server_with_manual_disk_config): 200 GET http://10.180.1.21/compute/v2.1/servers/8fcf7408-4fd0-4e38-b162-94603fb4594c 0.923s
2025-05-13 20:09:15.515 69832 INFO tempest.lib.common.rest_client [req-932a1e96-4290-463c-b76a-b90dfe74c6bf req-932a1e96-4290-463c-b76a-b90dfe74c6bf ] Request (ServerRescueNegativeTestJSON:setUpClass): 200 GET http://10.180.1.21/compute/v2.1/servers/fa357787-fea1-488c-b7dd-c717f783011f 0.912s
2025-05-13 20:09:15.585 69830 INFO tempest.lib.common.rest_client [req-706bc0c0-a95e-4773-b828-50f9a4788215 req-706bc0c0-a95e-4773-b828-50f9a4788215 ] Request (ServersAdminNegativeTestJSON:test_migrate_server_invalid_state): 200 GET http://10.180.1.21/compute/v2.1/servers/6ecb2892-9f7f-4ee5-83c4-9a3dc661bdc6 0.914s
2025-05-13 20:09:15.594 69878 INFO tempest.lib.common.rest_client [req-86d695d2-a356-4225-86fd-ba0eef990298 req-86d695d2-a356-4225-86fd-ba0eef990298 ] Request (ServerActionsTestOtherB:test_create_backup): 200 GET http://10.180.1.21/image/v2/images/eca236a1-69e3-443c-ba98-36e023adcf23 0.022s
2025-05-13 20:09:15.643 69856 INFO tempest.lib.common.rest_client [req-dba07455-f1ca-47ee-8a33-d8668450da3b req-dba07455-f1ca-47ee-8a33-d8668450da3b ] Request (ImagesOneServerTestJSON:tearDownClass): 200 GET http://10.180.1.21/compute/v2.1/servers/434f32c3-fd37-47f8-b899-dcb1799b0a13 0.905s
2025-05-13 20:09:15.700 69840 INFO tempest.lib.common.rest_client [req-216cb4b4-4ef1-4618-9a80-257f73245d6c req-216cb4b4-4ef1-4618-9a80-257f73245d6c ] Request (ServersTestBootFromVolume:setUpClass): 200 GET http://10.180.1.21/compute/v2.1/servers/de0064a5-c6c0-48af-90c6-52a65602aa08 0.771s
2025-05-13 20:09:15.743 69822 INFO tempest.lib.common.rest_client [req-d9e70519-1576-4488-89e3-f44672ae6d7e req-d9e70519-1576-4488-89e3-f44672ae6d7e ] Request (ListImageFiltersTestJSON:setUpClass): 201 POST http://10.180.1.21/image/v2/images 0.375s
2025-05-13 20:09:15.826 69858 INFO tempest.lib.common.rest_client [req-65eb5be8-6408-457e-a2c9-3c7ed7f6491f req-65eb5be8-6408-457e-a2c9-3c7ed7f6491f ] Request (MigrationsAdminTest:test_list_migrations_in_flavor_resize_situation): 200 GET http://10.180.1.21/compute/v2.1/servers/5706f0bc-dc72-43db-a689-2003181f0bc6 0.879s
2025-05-13 20:09:15.878 69868 INFO tempest.lib.common.rest_client [req-d3cd1f64-a2f8-479c-8800-f303c63f03b4 req-d3cd1f64-a2f8-479c-8800-f303c63f03b4 ] Request (ServerGroupTestJSON:test_create_server_with_scheduler_hint_group): 200 GET http://10.180.1.21/compute/v2.1/servers/1397327d-f815-4cf6-997f-5f658d60943f 0.828s
2025-05-13 20:09:16.072 69824 INFO tempest.lib.common.rest_client [req-b2df7c24-81c1-4902-a9a6-b5b093f0b13a req-b2df7c24-81c1-4902-a9a6-b5b093f0b13a ] Request (ServerDiagnosticsV248Test:test_get_server_diagnostics): 200 GET http://10.180.1.21/compute/v2.1/servers/0c7c0a79-1ef0-4730-a01f-5c08586125c9/diagnostics 1.425s
2025-05-13 20:09:16.083 69842 INFO tempest.lib.common.rest_client [req-70fbae5d-e8f5-4c8d-9f75-5eacd8bae065 req-70fbae5d-e8f5-4c8d-9f75-5eacd8bae065 ] Request (HostsAdminNegativeTestJSON:test_update_host_with_non_admin_user): 403 PUT http://10.180.1.21/compute/v2.1/os-hosts/devstack 0.998s
2025-05-13 20:09:16.141 69838 INFO tempest.lib.common.rest_client [req-c8e5abe9-067d-4903-bc88-304974379c49 req-c8e5abe9-067d-4903-bc88-304974379c49 ] Request (VolumesAdminNegativeTest:test_update_attached_volume_with_nonexistent_volume_in_body): 200 GET http://10.180.1.21/compute/v2.1/servers/9b929dbc-67db-4f9a-a8a5-cacf85df8ecb 1.007s
2025-05-13 20:09:16.194 69820 INFO tempest.lib.common.rest_client [req-6082a62d-f877-4bad-81ab-bd506d3ad523 req-6082a62d-f877-4bad-81ab-bd506d3ad523 ] Request (ServersNegativeTestJSON:setUpClass): 200 GET http://10.180.1.21/compute/v2.1/servers/d59cf518-5f32-4d3a-81e3-3ba7e8414987 0.984s
2025-05-13 20:09:16.306 69860 INFO tempest.lib.common.rest_client [req-b139fe56-f7f8-4c7a-86d5-5d2e5e182e21 req-b139fe56-f7f8-4c7a-86d5-5d2e5e182e21 ] Request (SecurityGroupRulesTestJSON:tearDownClass): 202 DELETE http://10.180.1.21/compute/v2.1/os-security-groups/5c9072db-729d-41e2-ad4e-c3b429cc5e8f 1.065s
2025-05-13 20:09:16.357 69836 INFO tempest.lib.common.rest_client [req-d4befd9c-aa61-4997-a7dc-5e3620bc6eba req-d4befd9c-aa61-4997-a7dc-5e3620bc6eba ] Request (ImagesTestJSON:test_create_image_from_suspended_server): 200 GET http://10.180.1.21/compute/v2.1/servers/ca3cfeec-c1fa-4243-a103-7fd1737e4ebc 1.076s
2025-05-13 20:09:16.460 69875 INFO tempest.lib.common.rest_client [req-083117a0-19cb-4253-9874-5e77ad831f0c req-083117a0-19cb-4253-9874-5e77ad831f0c ] Request (AttachInterfacesTestJSON:test_create_list_show_delete_interfaces_by_fixed_ip): 200 GET http://10.180.1.21/compute/v2.1/servers/48aa7aba-a938-4622-9201-222fd0b88f76/os-interface 1.158s
2025-05-13 20:09:16.573 69881 INFO tempest.lib.common.rest_client [req-7c874a45-ea05-408e-95ea-f87d4bba8e74 req-7c874a45-ea05-408e-95ea-f87d4bba8e74 ] Request (SecurityGroupRulesNegativeTestJSON:test_create_security_group_rule_with_invalid_to_port): 200 POST http://10.180.1.21/compute/v2.1/os-security-groups 1.263s
2025-05-13 20:09:16.615 69878 INFO tempest.lib.common.rest_client [req-1c8cb2fb-2511-4689-b9d6-32685a9b18e7 req-1c8cb2fb-2511-4689-b9d6-32685a9b18e7 ] Request (ServerActionsTestOtherB:test_create_backup): 200 GET http://10.180.1.21/image/v2/images/eca236a1-69e3-443c-ba98-36e023adcf23 0.019s
2025-05-13 20:09:16.628 69852 INFO tempest.lib.common.rest_client [req-52156d8c-37b5-4ff6-9749-ef8720ffc961 req-52156d8c-37b5-4ff6-9749-ef8720ffc961 ] Request (InstanceActionsV221TestJSON:test_get_list_deleted_instance_actions): 200 GET http://10.180.1.21/compute/v2.1/servers/18f1088d-51b4-4553-8572-02ef5eb03ea6 1.222s
2025-05-13 20:09:16.632 69866 INFO tempest.lib.common.rest_client [-] Request (TestVersions:test_get_version_details): 200 GET http://10.180.1.21/compute/ 1.227s
2025-05-13 20:09:16.692 69855 INFO tempest.lib.common.rest_client [req-5416bc84-f1f6-4673-a0be-507683e2d133 req-5416bc84-f1f6-4673-a0be-507683e2d133 ] Request (ServerAddressesNegativeTestJSON:tearDownClass): 200 GET http://10.180.1.21/compute/v2.1/servers/63cab0cd-7268-4442-aa1a-e6d33cd43500 1.012s
2025-05-13 20:09:16.811 69862 INFO tempest.lib.common.rest_client [req-d1aa2d61-f751-4dbc-95f9-226d0dba9f14 req-d1aa2d61-f751-4dbc-95f9-226d0dba9f14 ] Request (ServersV294TestFqdnHostnames:setUpClass): 200 GET http://10.180.1.21/compute/v2.1/servers/adabf98b-b0bb-4b09-9f30-55a473245305 0.975s
2025-05-13 20:09:16.821 69862 INFO tempest.common.waiters [-] State transition "BUILD/spawning" ==> "ACTIVE/None" after 36 second wait
2025-05-13 20:09:16.875 69824 INFO tempest.lib.common.rest_client [req-1f65dd1f-3ded-438a-ab09-ab407ec1b83f req-1f65dd1f-3ded-438a-ab09-ab407ec1b83f ] Request (ServerDiagnosticsV248Test:tearDownClass): 204 DELETE http://10.180.1.21/compute/v2.1/servers/0c7c0a79-1ef0-4730-a01f-5c08586125c9 0.791s
2025-05-13 20:09:16.880 69842 INFO tempest.lib.common.rest_client [req-205dd7a2-7527-4522-8a38-f75271c129e6 req-205dd7a2-7527-4522-8a38-f75271c129e6 ] Request (HostsAdminNegativeTestJSON:test_update_host_without_param): 400 PUT http://10.180.1.21/compute/v2.1/os-hosts/devstack 0.794s
2025-05-13 20:09:16.965 69876 INFO tempest.lib.common.rest_client [req-78318dcc-a954-4b14-bcd4-9afd7e77b65c req-78318dcc-a954-4b14-bcd4-9afd7e77b65c ] Request (FloatingIPsAssociationTestJSON:setUpClass): 200 GET http://10.180.1.21/compute/v2.1/servers/fc7ac8f4-98cb-47aa-8a39-ffdb8d63ed1e 0.875s
2025-05-13 20:09:16.972 69876 INFO tempest.common.waiters [-] State transition "BUILD/spawning" ==> "ACTIVE/None" after 43 second wait
2025-05-13 20:09:17.010 69826 INFO tempest.lib.common.rest_client [req-749b4d75-1541-4710-bd51-80b3ff4d075e req-749b4d75-1541-4710-bd51-80b3ff4d075e ] Request (ServerDiagnosticsNegativeTest:test_get_server_diagnostics_by_non_admin): 200 GET http://10.180.1.21/compute/v2.1/servers/02c5c8ee-d7ae-45cb-9100-43f3267e82aa 0.832s
2025-05-13 20:09:17.059 69850 INFO tempest.lib.common.rest_client [req-5e79ff62-0c72-4db3-99b0-c610414f867b req-5e79ff62-0c72-4db3-99b0-c610414f867b ] Request (AttachInterfacesUnderV243Test:test_add_remove_fixed_ip): 200 GET http://10.180.1.21/compute/v2.1/servers/1d6553a4-a687-405f-9f2c-04d921676200 0.816s
2025-05-13 20:09:17.077 69860 INFO tempest.lib.common.rest_client [req-ed0c129f-5471-448a-b585-c2c5b8f1a8e9 req-ed0c129f-5471-448a-b585-c2c5b8f1a8e9 ] Request (SecurityGroupRulesTestJSON:tearDownClass): 404 DELETE http://10.180.1.21/compute/v2.1/os-security-groups/ec18b395-bf12-47df-99a0-86cdfd452ba4 0.770s
2025-05-13 20:09:17.127 69846 INFO tempest.lib.common.rest_client [req-7d68eafa-541d-4c7e-9b0e-e1c2864c74df req-7d68eafa-541d-4c7e-9b0e-e1c2864c74df ] Request (DeleteServersAdminTestJSON:test_delete_server_while_in_error_state): 200 GET http://10.180.1.21/compute/v2.1/servers/453e1bb7-60ae-4d6d-94bb-6830ef544c16 0.815s
2025-05-13 20:09:17.187 69872 INFO tempest.lib.common.rest_client [req-02aad042-00a9-46c0-9af3-9b1fc2e9645a req-02aad042-00a9-46c0-9af3-9b1fc2e9645a ] Request (FloatingIPsAssociationNegativeTestJSON:tearDownClass): 200 GET http://10.180.1.21/compute/v2.1/servers/b7967fdc-15d1-4c8e-8b1a-d00bbffa9020 0.797s
2025-05-13 20:09:17.242 69849 INFO tempest.lib.common.rest_client [req-83d99717-65fd-42ed-8d82-e629f1b57bf9 req-83d99717-65fd-42ed-8d82-e629f1b57bf9 ] Request (ListServersNegativeTestJSON:setUpClass): 200 GET http://10.180.1.21/compute/v2.1/servers/183f4288-45c2-4a44-826d-29767fbcc075 0.804s
2025-05-13 20:09:17.249 69849 INFO tempest.common.waiters [-] State transition "ACTIVE/deleting" ==> "DELETED/None" after 4 second wait
2025-05-13 20:09:17.287 69822 INFO tempest.lib.common.rest_client [req-c970984d-685e-40c2-b44c-bf7789f109e0 req-c970984d-685e-40c2-b44c-bf7789f109e0 ] Request (ListImageFiltersTestJSON:setUpClass): 204 PUT http://10.180.1.21/image/v2/images/5f3aaa07-f32d-4394-b91a-32a8e7f15e1c/file 0.543s
2025-05-13 20:09:17.302 69882 INFO tempest.lib.common.rest_client [req-4a222c92-3890-4b3b-be51-38b1b5f8991b req-4a222c92-3890-4b3b-be51-38b1b5f8991b ] Request (ServersTestMultiNic:test_verify_duplicate_network_nics): 200 GET http://10.180.1.21/compute/v2.1/servers/e7c86cda-c88f-4153-b4c0-bec1305ddcb3 0.846s
2025-05-13 20:09:17.388 69875 INFO tempest.lib.common.rest_client [req-36cbf295-8fe9-436d-8d35-362ad28713ce req-36cbf295-8fe9-436d-8d35-362ad28713ce ] Request (AttachInterfacesTestJSON:test_create_list_show_delete_interfaces_by_fixed_ip): 200 GET http://10.180.1.21/compute/v2.1/servers/48aa7aba-a938-4622-9201-222fd0b88f76/os-interface/10688c4f-0b3c-436b-83e3-1375e004b440 0.925s
2025-05-13 20:09:17.441 69832 INFO tempest.lib.common.rest_client [req-8b2be1eb-8917-49b2-a17f-1e110eb06453 req-8b2be1eb-8917-49b2-a17f-1e110eb06453 ] Request (ServerRescueNegativeTestJSON:setUpClass): 200 GET http://10.180.1.21/compute/v2.1/servers/fa357787-fea1-488c-b7dd-c717f783011f 0.911s
2025-05-13 20:09:17.497 69870 INFO tempest.lib.common.rest_client [req-b1f3d9ae-e635-43c7-9d73-4fa48327c2a1 req-b1f3d9ae-e635-43c7-9d73-4fa48327c2a1 ] Request (ServerDiskConfigTestJSON:test_rebuild_server_with_manual_disk_config): 200 GET http://10.180.1.21/compute/v2.1/servers/8fcf7408-4fd0-4e38-b162-94603fb4594c 0.967s
2025-05-13 20:09:17.507 69875 INFO tempest.lib.common.rest_client [req-d560bede-b771-43c2-be6e-a56f14a889a8 req-d560bede-b771-43c2-be6e-a56f14a889a8 ] Request (AttachInterfacesTestJSON:test_create_list_show_delete_interfaces_by_fixed_ip): 200 GET http://10.180.1.21:9696/networking/v2.0/ports?network_id=30aebfcd-a45a-4231-881e-e2c2b3412405 0.115s
2025-05-13 20:09:17.537 69875 INFO tempest.lib.common.rest_client [req-96b22723-edac-4253-8ef8-c597f626dd6a req-96b22723-edac-4253-8ef8-c597f626dd6a ] Request (AttachInterfacesTestJSON:test_create_list_show_delete_interfaces_by_fixed_ip): 200 GET http://10.180.1.21:9696/networking/v2.0/subnets/43325cbd-aca1-405f-88b1-47ade88a5436 0.029s
2025-05-13 20:09:17.540 69881 INFO tempest.lib.common.rest_client [req-bcc0f3f8-07ea-4696-920d-9c925238e004 req-bcc0f3f8-07ea-4696-920d-9c925238e004 ] Request (SecurityGroupRulesNegativeTestJSON:test_create_security_group_rule_with_invalid_to_port): 400 POST http://10.180.1.21/compute/v2.1/os-security-group-rules 0.963s
2025-05-13 20:09:17.584 69864 INFO tempest.lib.common.rest_client [req-f6c25bb5-d098-4262-aefa-7f308e541fad req-f6c25bb5-d098-4262-aefa-7f308e541fad ] Request (VolumesAssistedSnapshotsTest:test_volume_assisted_snapshot_create_delete): 200 POST http://10.180.1.21/compute/v2.1/servers/292973ce-644b-4494-b2c9-fa8d7122118e/os-volume_attachments 2.495s
2025-05-13 20:09:17.593 69866 INFO tempest.lib.common.rest_client [req-efc90234-ef0e-41c7-a812-8b2c5a915293 req-efc90234-ef0e-41c7-a812-8b2c5a915293 ] Request (TestVersions:test_get_version_details): 200 GET http://10.180.1.21/compute/v2/ 0.958s
2025-05-13 20:09:17.597 69830 INFO tempest.lib.common.rest_client [req-7f790218-854d-4d41-b136-07b02efac4e9 req-7f790218-854d-4d41-b136-07b02efac4e9 ] Request (ServersAdminNegativeTestJSON:test_migrate_server_invalid_state): 200 GET http://10.180.1.21/compute/v2.1/servers/6ecb2892-9f7f-4ee5-83c4-9a3dc661bdc6 0.999s
2025-05-13 20:09:17.621 69864 INFO tempest.lib.common.rest_client [req-84f84202-dbef-498d-9170-279058759414 req-84f84202-dbef-498d-9170-279058759414 ] Request (VolumesAssistedSnapshotsTest:test_volume_assisted_snapshot_create_delete): 200 GET http://10.180.1.21/volume/v3/volumes/b65d27d7-36e8-4d0b-b365-cd0c0d20ea2e 0.035s
2025-05-13 20:09:17.636 69878 INFO tempest.lib.common.rest_client [req-5920b02a-c110-4e57-867a-3ed93539154a req-5920b02a-c110-4e57-867a-3ed93539154a ] Request (ServerActionsTestOtherB:test_create_backup): 200 GET http://10.180.1.21/image/v2/images/eca236a1-69e3-443c-ba98-36e023adcf23 0.019s
2025-05-13 20:09:17.664 69840 INFO tempest.lib.common.rest_client [req-c329344c-ef66-40e6-9119-bb7ee58a78fa req-c329344c-ef66-40e6-9119-bb7ee58a78fa ] Request (ServersTestBootFromVolume:setUpClass): 200 GET http://10.180.1.21/compute/v2.1/servers/de0064a5-c6c0-48af-90c6-52a65602aa08 0.955s
2025-05-13 20:09:17.669 69856 INFO tempest.lib.common.rest_client [req-864f1460-452a-4766-acd6-2caca6ad0e93 req-864f1460-452a-4766-acd6-2caca6ad0e93 ] Request (ImagesOneServerTestJSON:tearDownClass): 200 GET http://10.180.1.21/compute/v2.1/servers/434f32c3-fd37-47f8-b899-dcb1799b0a13 1.013s
2025-05-13 20:09:17.678 69856 INFO tempest.common.waiters [-] State transition "ACTIVE/deleting" ==> "DELETED/None" after 4 second wait
2025-05-13 20:09:17.762 69862 INFO tempest.lib.common.rest_client [req-17702b9e-f611-4a37-a1bc-c66d53aa8d02 req-17702b9e-f611-4a37-a1bc-c66d53aa8d02 ] Request (ServersV294TestFqdnHostnames:setUpClass): 200 GET http://10.180.1.21/compute/v2.1/servers/adabf98b-b0bb-4b09-9f30-55a473245305/os-interface 0.941s
2025-05-13 20:09:17.824 69824 INFO tempest.lib.common.rest_client [req-cb32408c-bf28-4ff6-afee-0b0ae524dcfa req-cb32408c-bf28-4ff6-afee-0b0ae524dcfa ] Request (ServerDiagnosticsV248Test:tearDownClass): 200 GET http://10.180.1.21/compute/v2.1/servers/0c7c0a79-1ef0-4730-a01f-5c08586125c9 0.949s
2025-05-13 20:09:17.826 69858 INFO tempest.lib.common.rest_client [req-c365bc03-4c55-4726-a3e1-09b80fc289bf req-c365bc03-4c55-4726-a3e1-09b80fc289bf ] Request (MigrationsAdminTest:test_list_migrations_in_flavor_resize_situation): 200 GET http://10.180.1.21/compute/v2.1/servers/5706f0bc-dc72-43db-a689-2003181f0bc6 0.990s
2025-05-13 20:09:17.838 69842 INFO tempest.lib.common.rest_client [req-91078306-3f87-4aaa-9579-67d083e9dbfa req-91078306-3f87-4aaa-9579-67d083e9dbfa ] Request (HostsAdminNegativeTestJSON:test_update_nonexistent_host): 404 PUT http://10.180.1.21/compute/v2.1/os-hosts/nonexistent_hostname 0.957s
2025-05-13 20:09:17.896 69868 INFO tempest.lib.common.rest_client [req-4b0d4539-e55d-42e8-bf8f-236ee8810897 req-4b0d4539-e55d-42e8-bf8f-236ee8810897 ] Request (ServerGroupTestJSON:test_create_server_with_scheduler_hint_group): 200 GET http://10.180.1.21/compute/v2.1/servers/1397327d-f815-4cf6-997f-5f658d60943f 1.008s
2025-05-13 20:09:17.975 69842 INFO tempest.lib.common.rest_client [req-8a19e415-4930-4f36-bd24-89c885c3dd7d req-8a19e415-4930-4f36-bd24-89c885c3dd7d ] Request (HostsAdminNegativeTestJSON:tearDownClass): 204 DELETE http://10.180.1.21/identity/v3/users/cf45f64418af4eb49ad0168bd09eced2 0.136s
2025-05-13 20:09:18.059 69860 INFO tempest.lib.common.rest_client [req-386e4749-ab9d-4e50-89f6-aff043932b2d req-386e4749-ab9d-4e50-89f6-aff043932b2d ] Request (SecurityGroupRulesTestJSON:tearDownClass): 202 DELETE http://10.180.1.21/compute/v2.1/os-security-groups/819f03a6-1691-4c14-bc22-3e60aa555b54 0.982s
2025-05-13 20:09:18.133 69842 INFO tempest.lib.common.rest_client [req-deb440a2-d764-47d3-b44c-a4e445c87297 req-deb440a2-d764-47d3-b44c-a4e445c87297 ] Request (HostsAdminNegativeTestJSON:tearDownClass): 204 DELETE http://10.180.1.21/identity/v3/users/99bd7a119c454c249e4df5ad2ac6eed8 0.157s
2025-05-13 20:09:18.134 69842 INFO tempest.lib.common.dynamic_creds [-] Deleting project and security group for project: 2d8e0006ee2d4e349318f30a16554f4c
2025-05-13 20:09:18.137 69838 INFO tempest.lib.common.rest_client [req-93d52e5e-45d4-462d-8bdc-f4f86d00ad77 req-93d52e5e-45d4-462d-8bdc-f4f86d00ad77 ] Request (VolumesAdminNegativeTest:test_update_attached_volume_with_nonexistent_volume_in_body): 200 GET http://10.180.1.21/compute/v2.1/servers/9b929dbc-67db-4f9a-a8a5-cacf85df8ecb 0.987s
2025-05-13 20:09:18.196 69820 INFO tempest.lib.common.rest_client [req-f336ac00-ffe8-4b19-90ef-6c17781cd864 req-f336ac00-ffe8-4b19-90ef-6c17781cd864 ] Request (ServersNegativeTestJSON:setUpClass): 200 GET http://10.180.1.21/compute/v2.1/servers/d59cf518-5f32-4d3a-81e3-3ba7e8414987 0.990s
2025-05-13 20:09:18.202 69842 INFO tempest.lib.common.rest_client [req-2078141b-b135-407c-99dc-cf21f8d896c5 req-2078141b-b135-407c-99dc-cf21f8d896c5 ] Request (HostsAdminNegativeTestJSON:tearDownClass): 201 POST http://10.180.1.21/identity/v3/auth/tokens 0.068s
2025-05-13 20:09:18.241 69822 INFO tempest.lib.common.rest_client [req-d066708a-50aa-4ae2-953c-68a295f588c0 req-d066708a-50aa-4ae2-953c-68a295f588c0 ] Request (ListImageFiltersTestJSON:setUpClass): 200 GET http://10.180.1.21/compute/v2.1/images/5f3aaa07-f32d-4394-b91a-32a8e7f15e1c 0.953s
