2025-05-13 20:08:31.775 69852 INFO tempest.lib.common.rest_client [req-da7c8d72-8415-4b6d-a76e-6abb7ae0ee3d req-da7c8d72-8415-4b6d-a76e-6abb7ae0ee3d ] Request (QuotasAdminTestV236:setUpClass): 200 GET http://10.180.1.21/identity/v3/roles 0.053s
2025-05-13 20:08:31.835 69852 INFO tempest.lib.common.rest_client [req-f2b5b2b8-97ce-4fbf-832b-acefe812b8fc req-f2b5b2b8-97ce-4fbf-832b-acefe812b8fc ] Request (QuotasAdminTestV236:setUpClass): 204 PUT http://10.180.1.21/identity/v3/projects/bb56ebb697a54f2794c7caab7a3183af/users/43f0ead34e0645bd806f4a9cd9301d49/roles/2f70227085e241299ab04d722acca447 0.059s
2025-05-13 20:08:31.852 69846 INFO tempest.lib.common.rest_client [req-9eab63c8-7e79-461d-a681-908fe3fee217 req-9eab63c8-7e79-461d-a681-908fe3fee217 ] Request (DeleteServersAdminTestJSON:test_admin_delete_servers_of_others): 200 GET http://10.180.1.21/compute/v2.1/servers/8ce54145-1b41-4cbd-ba71-c28e6ea44afe 2.143s
2025-05-13 20:08:31.942 69852 INFO tempest.lib.common.rest_client [req-ede83575-3e62-4a4f-8e15-7ea9bc15c0cf req-ede83575-3e62-4a4f-8e15-7ea9bc15c0cf ] Request (QuotasAdminTestV236:setUpClass): 200 GET http://10.180.1.21/identity/v3/roles 0.107s
2025-05-13 20:08:31.956 69850 INFO tempest.lib.common.rest_client [req-df27a57c-a62e-4a84-a465-77c2e2bbc1b6 req-df27a57c-a62e-4a84-a465-77c2e2bbc1b6 ] Request (ServerExternalEventsTest:tearDownClass): 200 GET http://10.180.1.21/compute/v2.1/servers/5aded919-7914-47a3-b7b6-8053eef8f6f6 2.166s
2025-05-13 20:08:31.972 69852 INFO tempest.lib.common.rest_client [req-43e6a7aa-811a-482c-8884-82d4ca466af2 req-43e6a7aa-811a-482c-8884-82d4ca466af2 ] Request (QuotasAdminTestV236:setUpClass): 204 PUT http://10.180.1.21/identity/v3/projects/bb56ebb697a54f2794c7caab7a3183af/users/43f0ead34e0645bd806f4a9cd9301d49/roles/2f70227085e241299ab04d722acca447 0.029s
2025-05-13 20:08:31.972 69852 INFO tempest.lib.common.dynamic_creds [-] Dynamic test user 43f0ead34e0645bd806f4a9cd9301d49 is created with scope project and roles: ['admin']
2025-05-13 20:08:31.972 69852 INFO tempest.lib.common.dynamic_creds [-] Acquired dynamic creds: credentials: Credentials: {'domain_id': 'default', 'domain_name': 'Default', 'username': 'tempest-QuotasAdminTestV236-1142572793-project-admin', 'project_domain_id': 'default', 'project_domain_name': 'Default', 'project_id': 'bb56ebb697a54f2794c7caab7a3183af', 'project_name': 'tempest-QuotasAdminTestV236-1142572793', 'tenant_id': 'bb56ebb697a54f2794c7caab7a3183af', 'tenant_name': 'tempest-QuotasAdminTestV236-1142572793', 'user_domain_id': 'default', 'user_domain_name': 'Default', 'user_id': '43f0ead34e0645bd806f4a9cd9301d49', 'system': None}, Network: None, Subnet: None, Router: None
2025-05-13 20:08:31.972 69852 INFO tempest.lib.common.dynamic_creds [-] Created isolated network resources for: credentials: Credentials: {'domain_id': 'default', 'domain_name': 'Default', 'username': 'tempest-QuotasAdminTestV236-1142572793-project-admin', 'project_domain_id': 'default', 'project_domain_name': 'Default', 'project_id': 'bb56ebb697a54f2794c7caab7a3183af', 'project_name': 'tempest-QuotasAdminTestV236-1142572793', 'tenant_id': 'bb56ebb697a54f2794c7caab7a3183af', 'tenant_name': 'tempest-QuotasAdminTestV236-1142572793', 'user_domain_id': 'default', 'user_domain_name': 'Default', 'user_id': '43f0ead34e0645bd806f4a9cd9301d49', 'system': None}, Network: None, Subnet: None, Router: None
2025-05-13 20:08:32.104 69852 INFO tempest.lib.common.rest_client [req-38a795f9-df32-4564-aca4-cf950dab28cc req-38a795f9-df32-4564-aca4-cf950dab28cc ] Request (QuotasAdminTestV236:setUpClass): 201 POST http://10.180.1.21/identity/v3/auth/tokens 0.129s
2025-05-13 20:08:32.259 69875 INFO tempest.lib.common.rest_client [req-3ed56d3d-46d8-4787-8327-a61da32a532a req-3ed56d3d-46d8-4787-8327-a61da32a532a ] Request (AttachInterfacesTestJSON:test_create_list_show_delete_interfaces_by_fixed_ip): 200 GET http://10.180.1.21/compute/v2.1/servers/48aa7aba-a938-4622-9201-222fd0b88f76 2.659s
2025-05-13 20:08:32.273 69875 INFO tempest.common.waiters [-] State transition "BUILD/spawning" ==> "ACTIVE/None" after 27 second wait
2025-05-13 20:08:32.383 69849 INFO tempest.lib.common.rest_client [req-7af8d66f-25f3-4f36-b50d-936b876ae7f4 req-7af8d66f-25f3-4f36-b50d-936b876ae7f4 ] Request (ListServersNegativeTestJSON:setUpClass): 200 GET http://10.180.1.21/compute/v2.1/servers/183f4288-45c2-4a44-826d-29767fbcc075 2.334s
2025-05-13 20:08:32.390 69849 INFO tempest.common.waiters [-] State transition "BUILD/scheduling" ==> "BUILD/None" after 3 second wait
2025-05-13 20:08:32.500 69882 INFO tempest.lib.common.rest_client [req-b45c416b-80d7-450e-8dec-e3c1c5f87c8c req-b45c416b-80d7-450e-8dec-e3c1c5f87c8c ] Request (ServersTestMultiNic:setUpClass): 201 POST http://10.180.1.21:9696/networking/v2.0/routers 2.498s
2025-05-13 20:08:32.722 69855 INFO tempest.lib.common.rest_client [req-7f21795c-92cd-4143-84d5-0b9f7fc4adb8 req-7f21795c-92cd-4143-84d5-0b9f7fc4adb8 ] Request (ServerAddressesNegativeTestJSON:setUpClass): 200 GET http://10.180.1.21/compute/v2.1/servers/63cab0cd-7268-4442-aa1a-e6d33cd43500 2.448s
2025-05-13 20:08:32.731 69855 INFO tempest.common.waiters [-] State transition "BUILD/None" ==> "BUILD/spawning" after 13 second wait
2025-05-13 20:08:32.776 69820 INFO tempest.lib.common.rest_client [req-c0733357-df6a-4485-b2a5-22a418579f9b req-c0733357-df6a-4485-b2a5-22a418579f9b ] Request (FlavorsV255TestJSON:test_crud_flavor): 200 PUT http://10.180.1.21/compute/v2.1/flavors/1174345671 2.453s
2025-05-13 20:08:32.801 69842 INFO tempest.lib.common.rest_client [req-8fa81a8d-061c-4297-94a1-4fbafd2055d4 req-8fa81a8d-061c-4297-94a1-4fbafd2055d4 ] Request (AggregatesAdminNegativeTestJSON:_run_cleanups): 200 DELETE http://10.180.1.21/compute/v2.1/os-aggregates/4 2.191s
2025-05-13 20:08:32.970 69862 INFO tempest.lib.common.rest_client [req-239005de-2337-49db-b0b0-2cc72e4c37cc req-239005de-2337-49db-b0b0-2cc72e4c37cc ] Request (ServersV294TestFqdnHostnames:setUpClass): 201 POST http://10.180.1.21/compute/v2.1/os-keypairs 2.349s
2025-05-13 20:08:32.987 69866 INFO tempest.lib.common.rest_client [req-37f5ea00-9795-4c50-90f6-90f113887f72 req-37f5ea00-9795-4c50-90f6-90f113887f72 ] Request (FlavorsAdminTestJSON:test_create_list_flavor_without_extra_data): 200 GET http://10.180.1.21/compute/v2.1/flavors/574093317 2.354s
2025-05-13 20:08:33.165 69822 INFO tempest.lib.common.rest_client [req-8e6fc20e-5706-42ce-ba88-3710352fd42b req-8e6fc20e-5706-42ce-ba88-3710352fd42b ] Request (TenantUsagesTestJSON:setUpClass): 200 GET http://10.180.1.21/compute/v2.1/servers/c41fedc9-6b0f-4c7b-aade-cf86c61b038f 2.494s
2025-05-13 20:08:33.176 69822 INFO tempest.common.waiters [-] State transition "BUILD/spawning" ==> "ACTIVE/None" after 31 second wait
2025-05-13 20:08:33.204 69862 INFO tempest.lib.common.rest_client [req-21a840de-7ee2-4b2f-9554-a0e8210c19fe req-21a840de-7ee2-4b2f-9554-a0e8210c19fe ] Request (ServersV294TestFqdnHostnames:setUpClass): 201 POST http://10.180.1.21:9696/networking/v2.0/security-groups 0.232s
2025-05-13 20:08:33.225 69832 INFO tempest.lib.common.rest_client [req-27fd2de0-a7cd-470b-b7a8-c9c33ee08c5b req-27fd2de0-a7cd-470b-b7a8-c9c33ee08c5b ] Request (ServerRescueNegativeTestJSON:setUpClass): 201 POST http://10.180.1.21:9696/networking/v2.0/routers 1.518s
2025-05-13 20:08:33.229 69828 INFO tempest.lib.common.rest_client [req-2b1213a8-2489-4ccb-8b47-d91d5089ebf1 req-2b1213a8-2489-4ccb-8b47-d91d5089ebf1 ] Request (ServersWithSpecificFlavorTestJSON:test_verify_created_server_ephemeral_disk): 200 GET http://10.180.1.21/compute/v2.1/servers/46ceadf5-a94c-4880-a312-8bc1c8d9db33 2.463s
2025-05-13 20:08:33.308 69876 INFO tempest.lib.common.rest_client [req-e40686ed-8607-4968-a816-fc173ab2ad67 req-e40686ed-8607-4968-a816-fc173ab2ad67 ] Request (FloatingIPsAssociationTestJSON:setUpClass): 200 GET http://10.180.1.21/compute/v2.1/servers/fc7ac8f4-98cb-47aa-8a39-ffdb8d63ed1e 2.473s
2025-05-13 20:08:33.382 69872 INFO tempest.lib.common.rest_client [req-f22de94e-8b3f-4983-a0bb-656e3686f67e req-f22de94e-8b3f-4983-a0bb-656e3686f67e ] Request (FloatingIPsAssociationNegativeTestJSON:test_associate_ip_to_server_with_floating_ip): 200 POST http://10.180.1.21/compute/v2.1/os-floating-ips 3.361s
2025-05-13 20:08:33.384 69844 INFO tempest.lib.common.rest_client [req-16207012-a349-47e5-aa12-3afdd9621d77 req-16207012-a349-47e5-aa12-3afdd9621d77 ] Request (ServersTestJSON:setUpClass): 200 GET http://10.180.1.21/compute/v2.1/servers/d505f6a6-8db2-4835-ac1c-74b30a09b2aa 2.521s
2025-05-13 20:08:33.395 69844 INFO tempest.common.waiters [-] State transition "BUILD/None" ==> "BUILD/networking" after 14 second wait
2025-05-13 20:08:33.421 69862 INFO tempest.lib.common.rest_client [req-597b649e-d491-4d6c-b27f-14493e7390f2 req-597b649e-d491-4d6c-b27f-14493e7390f2 ] Request (ServersV294TestFqdnHostnames:setUpClass): 201 POST http://10.180.1.21:9696/networking/v2.0/security-group-rules 0.217s
2025-05-13 20:08:33.426 69856 INFO tempest.lib.common.rest_client [req-f54cd778-5ae1-47de-bd5e-04c28be2e6a4 req-f54cd778-5ae1-47de-bd5e-04c28be2e6a4 ] Request (ImagesOneServerTestJSON:test_create_delete_image): 200 GET http://10.180.1.21/compute/v2.1/images/8f6c883c-49eb-49e3-af23-6973559faf96 2.511s
2025-05-13 20:08:33.505 69860 INFO tempest.lib.common.rest_client [req-8db60acf-e1e3-4d60-8416-7fc0976ea384 req-8db60acf-e1e3-4d60-8416-7fc0976ea384 ] Request (ServerDiagnosticsTest:tearDownClass): 200 GET http://10.180.1.21/compute/v2.1/servers/5a0a3050-d2a0-41e2-a75d-984af183d670 2.350s
2025-05-13 20:08:33.535 69826 INFO tempest.lib.common.rest_client [req-66a9c9e9-cb49-43ce-8b1c-d076c8365e46 req-66a9c9e9-cb49-43ce-8b1c-d076c8365e46 ] Request (QuotasAdminTestJSON:test_get_updated_quotas): 200 GET http://10.180.1.21/compute/v2.1/os-quota-sets/8f6567b57f5e49a88df88a09e9e69670?user_id=384a775477214f5a9cf16713eb3247b0 2.414s
2025-05-13 20:08:33.637 69838 INFO tempest.lib.common.rest_client [req-a02f31e4-0153-4c68-b26b-86beea282f0c req-a02f31e4-0153-4c68-b26b-86beea282f0c ] Request (FlavorsAccessNegativeTestJSON:_run_cleanups): 200 POST http://10.180.1.21/compute/v2.1/flavors/793452589/action 2.136s
2025-05-13 20:08:33.658 69878 INFO tempest.lib.common.rest_client [req-80f99c07-7c57-43f0-870b-e8c7286752ad req-80f99c07-7c57-43f0-870b-e8c7286752ad ] Request (ServerActionsTestOtherB:setUpClass): 200 GET http://10.180.1.21/compute/v2.1/servers/9c7eb62e-b80b-4faa-b499-9e886a918114/os-interface 2.156s
2025-05-13 20:08:33.663 69862 INFO tempest.lib.common.rest_client [req-1f73d3fd-675f-481f-9c6e-c59e828851c7 req-1f73d3fd-675f-481f-9c6e-c59e828851c7 ] Request (ServersV294TestFqdnHostnames:setUpClass): 201 POST http://10.180.1.21:9696/networking/v2.0/security-group-rules 0.241s
2025-05-13 20:08:33.665 69826 INFO tempest.lib.common.rest_client [req-d5672b45-bdd7-429f-a8bf-365c2bd3c793 req-d5672b45-bdd7-429f-a8bf-365c2bd3c793 ] Request (QuotasAdminTestJSON:_run_cleanups): 204 DELETE http://10.180.1.21/identity/v3/users/384a775477214f5a9cf16713eb3247b0 0.128s
2025-05-13 20:08:33.684 69868 INFO tempest.lib.common.rest_client [req-fc9f87d6-5748-467c-bedf-c58af91d2239 req-fc9f87d6-5748-467c-bedf-c58af91d2239 ] Request (ServerGroupTestJSON:test_create_delete_multiple_server_groups_with_same_name_policy): 204 DELETE http://10.180.1.21/compute/v2.1/os-server-groups/8bace00e-9376-4d50-86ca-9f1ef4c4a2c9 2.154s
2025-05-13 20:08:33.692 69840 INFO tempest.lib.common.rest_client [req-0781b32e-3a21-45f9-9d0c-f9f177fb2939 req-0781b32e-3a21-45f9-9d0c-f9f177fb2939 ] Request (FlavorsV2TestJSON:test_list_flavors_filter_by_min_ram): 200 GET http://10.180.1.21/compute/v2.1/flavors?minRam=193 2.130s
2025-05-13 20:08:33.830 69826 INFO tempest.lib.common.rest_client [req-59c43961-82a5-484d-9e3d-1733ba612bb4 req-59c43961-82a5-484d-9e3d-1733ba612bb4 ] Request (QuotasAdminTestJSON:_run_cleanups): 204 DELETE http://10.180.1.21/identity/v3/projects/8f6567b57f5e49a88df88a09e9e69670 0.164s
2025-05-13 20:08:33.941 69858 INFO tempest.lib.common.rest_client [req-8dab1d9e-9aae-4c4a-aeab-ba26b1639f77 req-8dab1d9e-9aae-4c4a-aeab-ba26b1639f77 ] Request (MigrationsAdminTest:test_list_migrations_in_flavor_resize_situation): 200 GET http://10.180.1.21/compute/v2.1/servers/5706f0bc-dc72-43db-a689-2003181f0bc6 2.085s
2025-05-13 20:08:34.051 69830 INFO tempest.lib.common.rest_client [req-04db4aef-4f75-441a-a511-ca5d7db65437 req-04db4aef-4f75-441a-a511-ca5d7db65437 ] Request (ServersAdminNegativeTestJSON:setUpClass): 200 GET http://10.180.1.21/compute/v2.1/servers/8973a3e6-2ff2-46ba-9a13-4c06d667bcae 2.128s
2025-05-13 20:08:34.110 69870 INFO tempest.lib.common.rest_client [req-bb85167c-b58d-454b-8941-7024c6b1c82d req-bb85167c-b58d-454b-8941-7024c6b1c82d ] Request (ServerDiskConfigTestJSON:test_rebuild_server_with_auto_disk_config): 200 GET http://10.180.1.21/compute/v2.1/servers/766ab89e-b13e-4252-8eb7-18072e1ee8aa 2.507s
2025-05-13 20:08:34.200 69875 INFO tempest.lib.common.rest_client [req-46f617da-ef29-476a-a4c1-fc3357fa5ca2 req-46f617da-ef29-476a-a4c1-fc3357fa5ca2 ] Request (AttachInterfacesTestJSON:test_create_list_show_delete_interfaces_by_fixed_ip): 200 GET http://10.180.1.21/compute/v2.1/servers/48aa7aba-a938-4622-9201-222fd0b88f76/os-interface 1.926s
2025-05-13 20:08:34.360 69824 INFO tempest.lib.common.rest_client [req-5e2c853c-02dc-42f0-a6d6-bcb0d35fcbca req-5e2c853c-02dc-42f0-a6d6-bcb0d35fcbca ] Request (ServerDiagnosticsV248Test:test_get_server_diagnostics): 200 GET http://10.180.1.21/compute/v2.1/servers/0c7c0a79-1ef0-4730-a01f-5c08586125c9 1.885s
2025-05-13 20:08:34.419 69836 INFO tempest.lib.common.rest_client [req-413df43d-4cca-44db-af04-bcb6b447a711 req-413df43d-4cca-44db-af04-bcb6b447a711 ] Request (ImagesTestJSON:test_create_image_from_stopped_server): 200 GET http://10.180.1.21/compute/v2.1/servers/49ba12d1-86f4-49e2-8bfe-10c82616ae2a 2.078s
2025-05-13 20:08:34.449 69820 INFO tempest.lib.common.rest_client [req-28137898-0d11-4468-9917-3936c1397f27 req-28137898-0d11-4468-9917-3936c1397f27 ] Request (FlavorsV255TestJSON:test_crud_flavor): 200 GET http://10.180.1.21/compute/v2.1/flavors/detail 1.670s
2025-05-13 20:08:34.476 69842 INFO tempest.lib.common.rest_client [req-01b8a675-38a6-4bd3-81db-d1717adeb074 req-01b8a675-38a6-4bd3-81db-d1717adeb074 ] Request (AggregatesAdminNegativeTestJSON:test_aggregate_delete_as_user): 200 POST http://10.180.1.21/compute/v2.1/os-aggregates 1.673s
2025-05-13 20:08:34.568 69846 INFO tempest.lib.common.rest_client [req-6c37cd40-ff10-48fe-b589-98d6c0985d7a req-6c37cd40-ff10-48fe-b589-98d6c0985d7a ] Request (DeleteServersAdminTestJSON:test_admin_delete_servers_of_others): 200 GET http://10.180.1.21/compute/v2.1/servers/8ce54145-1b41-4cbd-ba71-c28e6ea44afe 1.705s
2025-05-13 20:08:34.611 69864 INFO tempest.lib.common.rest_client [req-59764414-fc0a-4c13-b30c-d7bad6edf7f5 req-59764414-fc0a-4c13-b30c-d7bad6edf7f5 ] Request (VolumesAssistedSnapshotsTest:test_volume_assisted_snapshot_create_delete): 200 GET http://10.180.1.21/compute/v2.1/servers/292973ce-644b-4494-b2c9-fa8d7122118e 1.871s
2025-05-13 20:08:34.657 69850 INFO tempest.lib.common.rest_client [req-15613a9c-68b0-4931-9ae2-008f09d6bf5d req-15613a9c-68b0-4931-9ae2-008f09d6bf5d ] Request (ServerExternalEventsTest:tearDownClass): 200 GET http://10.180.1.21/compute/v2.1/servers/5aded919-7914-47a3-b7b6-8053eef8f6f6 1.689s
2025-05-13 20:08:34.824 69866 INFO tempest.lib.common.rest_client [req-da5da727-7ee0-4e2c-9d83-3a2d7745199e req-da5da727-7ee0-4e2c-9d83-3a2d7745199e ] Request (FlavorsAdminTestJSON:test_create_list_flavor_without_extra_data): 200 GET http://10.180.1.21/compute/v2.1/flavors/detail 1.833s
2025-05-13 20:08:34.828 69822 INFO tempest.lib.common.rest_client [req-4fffee4d-f949-4adb-bef5-a7a532bdbf65 req-4fffee4d-f949-4adb-bef5-a7a532bdbf65 ] Request (TenantUsagesTestJSON:test_get_usage_tenant): 200 GET http://10.180.1.21/compute/v2.1/os-simple-tenant-usage/c4c5b1b6297941cc9ab4467a963208fa?start=2025-05-12T20%3A08%3A33.177183&end=2025-05-14T20%3A08%3A33.177183 1.650s
2025-05-13 20:08:35.171 69849 INFO tempest.lib.common.rest_client [req-d33a5da0-1827-49ce-bbc3-bc0411914aed req-d33a5da0-1827-49ce-bbc3-bc0411914aed ] Request (ListServersNegativeTestJSON:setUpClass): 200 GET http://10.180.1.21/compute/v2.1/servers/183f4288-45c2-4a44-826d-29767fbcc075 1.778s
2025-05-13 20:08:35.244 69838 INFO tempest.lib.common.rest_client [req-ea84f7a5-2a20-4ab6-90a5-4d4c2814e973 req-ea84f7a5-2a20-4ab6-90a5-4d4c2814e973 ] Request (FlavorsAccessNegativeTestJSON:_run_cleanups): 202 DELETE http://10.180.1.21/compute/v2.1/flavors/793452589 1.605s
2025-05-13 20:08:35.284 69868 INFO tempest.lib.common.rest_client [req-2f19ec3c-c217-4c4e-baec-ad997ec4855f req-2f19ec3c-c217-4c4e-baec-ad997ec4855f ] Request (ServerGroupTestJSON:test_create_delete_multiple_server_groups_with_same_name_policy): 200 GET http://10.180.1.21/compute/v2.1/os-server-groups 1.599s
2025-05-13 20:08:35.301 69840 INFO tempest.lib.common.rest_client [req-384469bc-d85d-417f-a79a-584e05da17af req-384469bc-d85d-417f-a79a-584e05da17af ] Request (FlavorsV2TestJSON:test_list_flavors_limit_results): 200 GET http://10.180.1.21/compute/v2.1/flavors?limit=1 1.602s
2025-05-13 20:08:35.548 69878 INFO tempest.lib.common.rest_client [req-1071f16c-de41-4734-a121-703ea6784b84 req-1071f16c-de41-4734-a121-703ea6784b84 ] Request (ServerActionsTestOtherB:setUpClass): 200 PUT http://10.180.1.21:9696/networking/v2.0/floatingips/438e4d24-6f4e-493c-abc8-39b8f5f7eb11 1.887s
2025-05-13 20:08:35.550 69878 INFO tempest.lib.common.ssh [-] Creating ssh connection to '10.180.180.182:22' as 'cirros' with public key authentication
2025-05-13 20:08:35.560 69862 INFO tempest.lib.common.rest_client [req-a2e412a9-3db6-4e0e-8c77-a46dad1f6709 req-a2e412a9-3db6-4e0e-8c77-a46dad1f6709 ] Request (ServersV294TestFqdnHostnames:setUpClass): 201 POST http://10.180.1.21:9696/networking/v2.0/floatingips 1.896s
2025-05-13 20:08:35.599 69882 INFO tempest.lib.common.rest_client [req-b1bf3da8-6766-4a84-9f1b-04b91d997f50 req-b1bf3da8-6766-4a84-9f1b-04b91d997f50 ] Request (ServersTestMultiNic:setUpClass): 200 PUT http://10.180.1.21:9696/networking/v2.0/routers/389377f6-25d4-42e8-a6ad-226b362735ee/add_router_interface 3.098s
2025-05-13 20:08:35.599 69882 INFO tempest.lib.common.dynamic_creds [-] Created isolated network resources for: credentials: Credentials: {'domain_id': 'default', 'domain_name': 'Default', 'username': 'tempest-ServersTestMultiNic-1676642349-project-member', 'project_domain_id': 'default', 'project_domain_name': 'Default', 'project_id': '78f81c0bdac04d3285d9e6f4b6b9e8ca', 'project_name': 'tempest-ServersTestMultiNic-1676642349', 'tenant_id': '78f81c0bdac04d3285d9e6f4b6b9e8ca', 'tenant_name': 'tempest-ServersTestMultiNic-1676642349', 'user_domain_id': 'default', 'user_domain_name': 'Default', 'user_id': 'c4162d1bfb724130bc99713102e4931d', 'system': None}, Network: {'id': 'eddcdd2a-86b0-4e84-af52-d1b5ab3239ff', 'name': 'tempest-ServersTestMultiNic-949245513-network', 'tenant_id': '78f81c0bdac04d3285d9e6f4b6b9e8ca', 'admin_state_up': True, 'mtu': 8950, 'status': 'ACTIVE', 'subnets': [], 'shared': False, 'project_id': '78f81c0bdac04d3285d9e6f4b6b9e8ca', 'port_security_enabled': True, 'router:external': False, 'provider:network_type': 'vlan', 'provider:physical_network': 'default', 'provider:segmentation_id': 404, 'availability_zone_hints': [], 'availability_zones': [], 'ipv4_address_scope': None, 'ipv6_address_scope': None, 'description': '', 'tags': [], 'created_at': '2025-05-13T20:08:29Z', 'updated_at': '2025-05-13T20:08:29Z', 'revision_number': 1}, Subnet: {'id': '9adf48e1-7355-4333-9db2-6579f5fce15a', 'name': 'tempest-ServersTestMultiNic-949245513-subnet', 'tenant_id': '78f81c0bdac04d3285d9e6f4b6b9e8ca', 'network_id': 'eddcdd2a-86b0-4e84-af52-d1b5ab3239ff', 'ip_version': 4, 'subnetpool_id': None, 'enable_dhcp': True, 'ipv6_ra_mode': None, 'ipv6_address_mode': None, 'gateway_ip': '192.168.128.1', 'cidr': '192.168.128.0/28', 'allocation_pools': [{'start': '192.168.128.2', 'end': '192.168.128.14'}], 'host_routes': [], 'dns_nameservers': [], 'description': '', 'router:external': False, 'service_types': [], 'tags': [], 'created_at': '2025-05-13T20:08:29Z', 'updated_at': '2025-05-13T20:08:29Z', 'revision_number': 0, 'project_id': '78f81c0bdac04d3285d9e6f4b6b9e8ca'}, Router: {'id': '389377f6-25d4-42e8-a6ad-226b362735ee', 'name': 'tempest-ServersTestMultiNic-949245513-router', 'tenant_id': '78f81c0bdac04d3285d9e6f4b6b9e8ca', 'admin_state_up': True, 'status': 'ACTIVE', 'external_gateway_info': {'network_id': 'ab8cb95b-56bf-49df-8281-f4ed61b231ac', 'external_fixed_ips': [{'subnet_id': 'a402df8f-9fd2-4b96-b101-d2a46eb45891', 'ip_address': '10.180.180.179'}], 'enable_snat': True}, 'description': '', 'availability_zones': [], 'distributed': False, 'ha': False, 'availability_zone_hints': [], 'routes': [], 'flavor_id': None, 'tags': [], 'created_at': '2025-05-13T20:08:30Z', 'updated_at': '2025-05-13T20:08:31Z', 'revision_number': 2, 'project_id': '78f81c0bdac04d3285d9e6f4b6b9e8ca'}
2025-05-13 20:08:35.627 69855 INFO tempest.lib.common.rest_client [req-c2837923-c5d5-475d-a6de-c7fd51957043 req-c2837923-c5d5-475d-a6de-c7fd51957043 ] Request (ServerAddressesNegativeTestJSON:setUpClass): 200 GET http://10.180.1.21/compute/v2.1/servers/63cab0cd-7268-4442-aa1a-e6d33cd43500 1.894s
2025-05-13 20:08:35.669 69862 INFO tempest.lib.common.rest_client [req-60c40f2a-98f5-443c-a7e5-87abcefd6764 req-60c40f2a-98f5-443c-a7e5-87abcefd6764 ] Request (ServersV294TestFqdnHostnames:setUpClass): 201 POST http://10.180.1.21/identity/v3/auth/tokens 0.106s
2025-05-13 20:08:35.669 69862 INFO tempest.lib.common.fixed_network [-] (ServersV294TestFqdnHostnames:setUpClass) Found network {'id': '99245d20-262b-4545-9b9c-f5a7377fd64c', 'name': 'tempest-ServersV294TestFqdnHostnames-1599048344-network', 'tenant_id': '357d257f4ad3420fbc4a01578be82754', 'admin_state_up': True, 'mtu': 8950, 'status': 'ACTIVE', 'subnets': [], 'shared': False, 'project_id': '357d257f4ad3420fbc4a01578be82754', 'port_security_enabled': True, 'router:external': False, 'provider:network_type': 'vlan', 'provider:physical_network': 'default', 'provider:segmentation_id': 665, 'availability_zone_hints': [], 'availability_zones': [], 'ipv4_address_scope': None, 'ipv6_address_scope': None, 'description': '', 'tags': [], 'created_at': '2025-05-13T20:08:27Z', 'updated_at': '2025-05-13T20:08:27Z', 'revision_number': 1} available for tenant
2025-05-13 20:08:35.735 69882 INFO tempest.lib.common.rest_client [req-2393ca90-9dbe-4e3c-9a32-0b93d702663b req-2393ca90-9dbe-4e3c-9a32-0b93d702663b ] Request (ServersTestMultiNic:setUpClass): 201 POST http://10.180.1.21/identity/v3/auth/tokens 0.123s
2025-05-13 20:08:35.740 69826 INFO tempest.lib.common.rest_client [req-94198b3e-2383-4e05-8814-39d2e03f8d9b req-94198b3e-2383-4e05-8814-39d2e03f8d9b ] Request (QuotasAdminTestJSON:test_update_all_quota_resources_for_tenant): 200 GET http://10.180.1.21/compute/v2.1/os-quota-sets/43fbd02610154db9ba377ad95d8e7c16/defaults 1.906s
2025-05-13 20:08:35.823 69828 INFO tempest.lib.common.rest_client [req-c325a29a-6257-4104-a413-07a6529ca18e req-c325a29a-6257-4104-a413-07a6529ca18e ] Request (ServersWithSpecificFlavorTestJSON:test_verify_created_server_ephemeral_disk): 200 GET http://10.180.1.21/compute/v2.1/servers/46ceadf5-a94c-4880-a312-8bc1c8d9db33 1.585s
2025-05-13 20:08:35.899 69872 INFO tempest.lib.common.rest_client [req-abe7926c-e5fa-4f30-9e8f-9a0a6b08097a req-abe7926c-e5fa-4f30-9e8f-9a0a6b08097a ] Request (FloatingIPsAssociationNegativeTestJSON:test_associate_ip_to_server_with_floating_ip): 400 POST http://10.180.1.21/compute/v2.1/servers/b7967fdc-15d1-4c8e-8b1a-d00bbffa9020/action 2.513s
2025-05-13 20:08:35.944 69876 INFO tempest.lib.common.rest_client [req-1851125c-eceb-4f3d-b0b1-39b240709f2b req-1851125c-eceb-4f3d-b0b1-39b240709f2b ] Request (FloatingIPsAssociationTestJSON:setUpClass): 200 GET http://10.180.1.21/compute/v2.1/servers/fc7ac8f4-98cb-47aa-8a39-ffdb8d63ed1e 1.626s
2025-05-13 20:08:35.995 69856 INFO tempest.lib.common.rest_client [req-384a15ab-e655-4916-b596-7069be72f88b req-384a15ab-e655-4916-b596-7069be72f88b ] Request (ImagesOneServerTestJSON:test_create_delete_image): 200 GET http://10.180.1.21/compute/v2.1/images/8f6c883c-49eb-49e3-af23-6973559faf96 1.563s
2025-05-13 20:08:36.027 69820 INFO tempest.lib.common.rest_client [req-0b295e10-c330-48f9-bfeb-f0aa862b8c40 req-0b295e10-c330-48f9-bfeb-f0aa862b8c40 ] Request (FlavorsV255TestJSON:test_crud_flavor): 200 GET http://10.180.1.21/compute/v2.1/flavors 1.570s
2025-05-13 20:08:36.033 69842 INFO tempest.lib.common.rest_client [req-31cd328f-cf45-4442-8cfb-946c09bcfe3a req-31cd328f-cf45-4442-8cfb-946c09bcfe3a ] Request (AggregatesAdminNegativeTestJSON:test_aggregate_delete_as_user): 403 DELETE http://10.180.1.21/compute/v2.1/os-aggregates/5 1.555s
2025-05-13 20:08:36.038 69882 INFO tempest.lib.common.rest_client [req-40d30d15-fe4d-44b0-9628-6638fe10d723 req-40d30d15-fe4d-44b0-9628-6638fe10d723 ] Request (ServersTestMultiNic:test_verify_duplicate_network_nics): 201 POST http://10.180.1.21:9696/networking/v2.0/networks 0.302s
2025-05-13 20:08:36.097 69875 INFO tempest.lib.common.rest_client [req-4bf5fc47-f36b-475d-bb9b-13f92c60c1b1 req-4bf5fc47-f36b-475d-bb9b-13f92c60c1b1 ] Request (AttachInterfacesTestJSON:test_create_list_show_delete_interfaces_by_fixed_ip): 200 PUT http://10.180.1.21:9696/networking/v2.0/floatingips/b5d7cf9e-0d96-4f87-b3e5-8094987e36f0 1.891s
2025-05-13 20:08:36.136 69844 INFO tempest.lib.common.rest_client [req-f949247e-de65-46a8-bb37-86b71526a8ee req-f949247e-de65-46a8-bb37-86b71526a8ee ] Request (ServersTestJSON:setUpClass): 200 GET http://10.180.1.21/compute/v2.1/servers/d505f6a6-8db2-4835-ac1c-74b30a09b2aa 1.738s
2025-05-13 20:08:36.150 69844 INFO tempest.common.waiters [-] State transition "BUILD/networking" ==> "BUILD/spawning" after 17 second wait
2025-05-13 20:08:36.170 69866 INFO tempest.lib.common.rest_client [req-0c3ebaae-4b50-41a1-947b-59e37be1ce93 req-0c3ebaae-4b50-41a1-947b-59e37be1ce93 ] Request (FlavorsAdminTestJSON:_run_cleanups): 202 DELETE http://10.180.1.21/compute/v2.1/flavors/574093317 1.338s
2025-05-13 20:08:36.184 69860 INFO tempest.lib.common.rest_client [req-8f315a85-8ee7-4fcf-9ec0-6ca96119e924 req-8f315a85-8ee7-4fcf-9ec0-6ca96119e924 ] Request (ServerDiagnosticsTest:tearDownClass): 200 GET http://10.180.1.21/compute/v2.1/servers/5a0a3050-d2a0-41e2-a75d-984af183d670 1.663s
2025-05-13 20:08:36.221 69822 INFO tempest.lib.common.rest_client [req-cd225cdf-4d44-4bde-a636-f095177ea3f2 req-cd225cdf-4d44-4bde-a636-f095177ea3f2 ] Request (TenantUsagesTestJSON:test_get_usage_tenant_with_non_admin_user): 200 GET http://10.180.1.21/compute/v2.1/os-simple-tenant-usage/c4c5b1b6297941cc9ab4467a963208fa?start=2025-05-12T20%3A08%3A33.177183&end=2025-05-14T20%3A08%3A33.177183 1.382s
2025-05-13 20:08:36.314 69830 INFO tempest.lib.common.rest_client [req-56f9f9e7-7c0c-4f7c-aa01-0a84c060a27f req-56f9f9e7-7c0c-4f7c-aa01-0a84c060a27f ] Request (ServersAdminNegativeTestJSON:setUpClass): 200 GET http://10.180.1.21/compute/v2.1/servers/8973a3e6-2ff2-46ba-9a13-4c06d667bcae 1.252s
2025-05-13 20:08:36.330 69830 INFO tempest.common.waiters [-] State transition "BUILD/None" ==> "BUILD/networking" after 15 second wait
2025-05-13 20:08:36.331 69882 INFO tempest.lib.common.rest_client [req-0030039b-8ff5-437c-8a60-ef302da905b4 req-0030039b-8ff5-437c-8a60-ef302da905b4 ] Request (ServersTestMultiNic:test_verify_duplicate_network_nics): 201 POST http://10.180.1.21:9696/networking/v2.0/subnets 0.293s
2025-05-13 20:08:36.449 69882 INFO tempest.lib.common.rest_client [req-6e5e11c6-daee-4aaa-98e6-ff4a68c16e4f req-6e5e11c6-daee-4aaa-98e6-ff4a68c16e4f ] Request (ServersTestMultiNic:test_verify_duplicate_network_nics): 201 POST http://10.180.1.21:9696/networking/v2.0/networks 0.116s
2025-05-13 20:08:36.473 69832 INFO tempest.lib.common.rest_client [req-d65b3afe-8a15-439f-ae3e-9b84d8cb907e req-d65b3afe-8a15-439f-ae3e-9b84d8cb907e ] Request (ServerRescueNegativeTestJSON:setUpClass): 200 PUT http://10.180.1.21:9696/networking/v2.0/routers/2d0bcc41-8cae-46c9-817d-28488f062c23/add_router_interface 3.248s
2025-05-13 20:08:36.474 69832 INFO tempest.lib.common.dynamic_creds [-] Created isolated network resources for: credentials: Credentials: {'domain_id': 'default', 'domain_name': 'Default', 'username': 'tempest-ServerRescueNegativeTestJSON-1517573171-project-member', 'project_domain_id': 'default', 'project_domain_name': 'Default', 'project_id': 'f630f5f07efc4849981029ba67972cef', 'project_name': 'tempest-ServerRescueNegativeTestJSON-1517573171', 'tenant_id': 'f630f5f07efc4849981029ba67972cef', 'tenant_name': 'tempest-ServerRescueNegativeTestJSON-1517573171', 'user_domain_id': 'default', 'user_domain_name': 'Default', 'user_id': '6d27e5686cc44872a5206bbb736a73e5', 'system': None}, Network: {'id': '5e0d9ed0-5ff0-4b07-9c4b-173379a3bbb3', 'name': 'tempest-ServerRescueNegativeTestJSON-1190337393-network', 'tenant_id': 'f630f5f07efc4849981029ba67972cef', 'admin_state_up': True, 'mtu': 8950, 'status': 'ACTIVE', 'subnets': [], 'shared': False, 'project_id': 'f630f5f07efc4849981029ba67972cef', 'port_security_enabled': True, 'router:external': False, 'provider:network_type': 'vlan', 'provider:physical_network': 'default', 'provider:segmentation_id': 646, 'availability_zone_hints': [], 'availability_zones': [], 'ipv4_address_scope': None, 'ipv6_address_scope': None, 'description': '', 'tags': [], 'created_at': '2025-05-13T20:08:31Z', 'updated_at': '2025-05-13T20:08:31Z', 'revision_number': 1}, Subnet: {'id': '541aaa15-4a1e-43bd-9e53-078bd8a0c209', 'name': 'tempest-ServerRescueNegativeTestJSON-1190337393-subnet', 'tenant_id': 'f630f5f07efc4849981029ba67972cef', 'network_id': '5e0d9ed0-5ff0-4b07-9c4b-173379a3bbb3', 'ip_version': 4, 'subnetpool_id': None, 'enable_dhcp': True, 'ipv6_ra_mode': None, 'ipv6_address_mode': None, 'gateway_ip': '192.168.128.1', 'cidr': '192.168.128.0/28', 'allocation_pools': [{'start': '192.168.128.2', 'end': '192.168.128.14'}], 'host_routes': [], 'dns_nameservers': [], 'description': '', 'router:external': False, 'service_types': [], 'tags': [], 'created_at': '2025-05-13T20:08:31Z', 'updated_at': '2025-05-13T20:08:31Z', 'revision_number': 0, 'project_id': 'f630f5f07efc4849981029ba67972cef'}, Router: {'id': '2d0bcc41-8cae-46c9-817d-28488f062c23', 'name': 'tempest-ServerRescueNegativeTestJSON-1190337393-router', 'tenant_id': 'f630f5f07efc4849981029ba67972cef', 'admin_state_up': True, 'status': 'ACTIVE', 'external_gateway_info': {'network_id': 'ab8cb95b-56bf-49df-8281-f4ed61b231ac', 'external_fixed_ips': [{'subnet_id': 'a402df8f-9fd2-4b96-b101-d2a46eb45891', 'ip_address': '10.180.180.177'}], 'enable_snat': True}, 'description': '', 'availability_zones': [], 'distributed': False, 'ha': False, 'availability_zone_hints': [], 'routes': [], 'flavor_id': None, 'tags': [], 'created_at': '2025-05-13T20:08:31Z', 'updated_at': '2025-05-13T20:08:32Z', 'revision_number': 2, 'project_id': 'f630f5f07efc4849981029ba67972cef'}
2025-05-13 20:08:36.532 69858 INFO tempest.lib.common.rest_client [req-abb9a04f-1423-4692-ae8c-e34834d2c31b req-abb9a04f-1423-4692-ae8c-e34834d2c31b ] Request (MigrationsAdminTest:test_list_migrations_in_flavor_resize_situation): 200 GET http://10.180.1.21/compute/v2.1/servers/5706f0bc-dc72-43db-a689-2003181f0bc6 1.577s
2025-05-13 20:08:36.541 69870 INFO tempest.lib.common.rest_client [req-fe578514-66a9-47e4-bda3-daa787ee5ec4 req-fe578514-66a9-47e4-bda3-daa787ee5ec4 ] Request (ServerDiskConfigTestJSON:test_rebuild_server_with_auto_disk_config): 200 GET http://10.180.1.21/compute/v2.1/servers/766ab89e-b13e-4252-8eb7-18072e1ee8aa 1.422s
2025-05-13 20:08:36.553 69870 INFO tempest.common.waiters [-] State transition "REBUILD/rebuild_spawning" ==> "ACTIVE/None" after 10 second wait
2025-05-13 20:08:36.571 69838 INFO tempest.lib.common.rest_client [req-af69bc51-170b-461c-a63b-63e522f097c5 req-af69bc51-170b-461c-a63b-63e522f097c5 ] Request (FlavorsAccessNegativeTestJSON:_run_cleanups): 200 GET http://10.180.1.21/compute/v2.1/flavors/detail 1.327s
2025-05-13 20:08:36.586 69832 INFO tempest.lib.common.rest_client [req-df0f4222-d5eb-4ef4-bcf5-63820542f6da req-df0f4222-d5eb-4ef4-bcf5-63820542f6da ] Request (ServerRescueNegativeTestJSON:setUpClass): 201 POST http://10.180.1.21/identity/v3/auth/tokens 0.108s
2025-05-13 20:08:36.592 69840 INFO tempest.lib.common.rest_client [req-f8a23c03-1358-4d81-836a-4de6425a64b2 req-f8a23c03-1358-4d81-836a-4de6425a64b2 ] Request (FlavorsV2TestJSON:test_list_flavors_using_marker): 200 GET http://10.180.1.21/compute/v2.1/flavors/42 1.282s
2025-05-13 20:08:36.632 69868 INFO tempest.lib.common.rest_client [req-7d730a58-c29b-4dc8-b49b-d5f6af9cfe0a req-7d730a58-c29b-4dc8-b49b-d5f6af9cfe0a ] Request (ServerGroupTestJSON:test_create_delete_server_group_with_affinity_policy): 200 POST http://10.180.1.21/compute/v2.1/os-server-groups 1.344s
2025-05-13 20:08:36.638 69832 INFO tempest.lib.common.rest_client [req-b7eaed4e-a86a-418c-b82c-4e16c85e6090 req-b7eaed4e-a86a-418c-b82c-4e16c85e6090 ] Request (ServerRescueNegativeTestJSON:setUpClass): 201 POST http://10.180.1.21/identity/v3/auth/tokens 0.046s
2025-05-13 20:08:36.638 69832 INFO tempest.lib.common.fixed_network [-] (ServerRescueNegativeTestJSON:setUpClass) Found network {'id': '5e0d9ed0-5ff0-4b07-9c4b-173379a3bbb3', 'name': 'tempest-ServerRescueNegativeTestJSON-1190337393-network', 'tenant_id': 'f630f5f07efc4849981029ba67972cef', 'admin_state_up': True, 'mtu': 8950, 'status': 'ACTIVE', 'subnets': [], 'shared': False, 'project_id': 'f630f5f07efc4849981029ba67972cef', 'port_security_enabled': True, 'router:external': False, 'provider:network_type': 'vlan', 'provider:physical_network': 'default', 'provider:segmentation_id': 646, 'availability_zone_hints': [], 'availability_zones': [], 'ipv4_address_scope': None, 'ipv6_address_scope': None, 'description': '', 'tags': [], 'created_at': '2025-05-13T20:08:31Z', 'updated_at': '2025-05-13T20:08:31Z', 'revision_number': 1} available for tenant
2025-05-13 20:08:36.686 69882 INFO tempest.lib.common.rest_client [req-ead9ca06-c9e8-4ed2-b434-4116d3c630e3 req-ead9ca06-c9e8-4ed2-b434-4116d3c630e3 ] Request (ServersTestMultiNic:test_verify_duplicate_network_nics): 201 POST http://10.180.1.21:9696/networking/v2.0/subnets 0.237s
2025-05-13 20:08:36.698 69824 INFO tempest.lib.common.rest_client [req-98c6daed-d1de-4956-902b-f7b8b14812aa req-98c6daed-d1de-4956-902b-f7b8b14812aa ] Request (ServerDiagnosticsV248Test:test_get_server_diagnostics): 200 GET http://10.180.1.21/compute/v2.1/servers/0c7c0a79-1ef0-4730-a01f-5c08586125c9 1.323s
2025-05-13 20:08:36.730 69882 INFO tempest.lib.common.rest_client [req-0b10538c-3904-414c-bf72-e15b17a11a62 req-0b10538c-3904-414c-bf72-e15b17a11a62 ] Request (ServersTestMultiNic:test_verify_duplicate_network_nics): 201 POST http://10.180.1.21/identity/v3/auth/tokens 0.040s
2025-05-13 20:08:36.731 69882 INFO tempest.lib.common.fixed_network [-] (ServersTestMultiNic:test_verify_duplicate_network_nics) Found network {'id': 'eddcdd2a-86b0-4e84-af52-d1b5ab3239ff', 'name': 'tempest-ServersTestMultiNic-949245513-network', 'tenant_id': '78f81c0bdac04d3285d9e6f4b6b9e8ca', 'admin_state_up': True, 'mtu': 8950, 'status': 'ACTIVE', 'subnets': [], 'shared': False, 'project_id': '78f81c0bdac04d3285d9e6f4b6b9e8ca', 'port_security_enabled': True, 'router:external': False, 'provider:network_type': 'vlan', 'provider:physical_network': 'default', 'provider:segmentation_id': 404, 'availability_zone_hints': [], 'availability_zones': [], 'ipv4_address_scope': None, 'ipv6_address_scope': None, 'description': '', 'tags': [], 'created_at': '2025-05-13T20:08:29Z', 'updated_at': '2025-05-13T20:08:29Z', 'revision_number': 1} available for tenant
2025-05-13 20:08:36.780 69846 INFO tempest.lib.common.rest_client [req-a0acd61e-605b-44f4-aad0-d16cbd174d38 req-a0acd61e-605b-44f4-aad0-d16cbd174d38 ] Request (DeleteServersAdminTestJSON:test_admin_delete_servers_of_others): 200 GET http://10.180.1.21/compute/v2.1/servers/8ce54145-1b41-4cbd-ba71-c28e6ea44afe 1.203s
2025-05-13 20:08:36.876 69836 INFO tempest.lib.common.rest_client [req-402fb9f8-371f-4983-b656-181b9ae7b7f0 req-402fb9f8-371f-4983-b656-181b9ae7b7f0 ] Request (ImagesTestJSON:test_create_image_from_stopped_server): 200 GET http://10.180.1.21/compute/v2.1/servers/49ba12d1-86f4-49e2-8bfe-10c82616ae2a 1.449s
2025-05-13 20:08:36.884 69836 INFO tempest.common.waiters [-] State transition "BUILD/spawning" ==> "ACTIVE/None" after 23 second wait
2025-05-13 20:08:36.960 69850 INFO tempest.lib.common.rest_client [req-29f8cf70-fb46-4649-a9e6-215bfc97b467 req-29f8cf70-fb46-4649-a9e6-215bfc97b467 ] Request (ServerExternalEventsTest:tearDownClass): 200 GET http://10.180.1.21/compute/v2.1/servers/5aded919-7914-47a3-b7b6-8053eef8f6f6 1.291s
2025-05-13 20:08:36.999 69864 INFO tempest.lib.common.rest_client [req-fa83b323-9b6b-4075-a439-f844f2f21684 req-fa83b323-9b6b-4075-a439-f844f2f21684 ] Request (VolumesAssistedSnapshotsTest:test_volume_assisted_snapshot_create_delete): 200 GET http://10.180.1.21/compute/v2.1/servers/292973ce-644b-4494-b2c9-fa8d7122118e 1.380s
2025-05-13 20:08:37.272 69826 INFO tempest.lib.common.rest_client [req-0ec77c71-7664-4d65-8d48-20a58e462de0 req-0ec77c71-7664-4d65-8d48-20a58e462de0 ] Request (QuotasAdminTestJSON:test_update_all_quota_resources_for_tenant): 200 PUT http://10.180.1.21/compute/v2.1/os-quota-sets/43fbd02610154db9ba377ad95d8e7c16 1.530s
2025-05-13 20:08:37.644 69862 INFO tempest.lib.common.rest_client [req-1dbb3d3c-788f-4fd8-89f4-05f845b782a4 req-1dbb3d3c-788f-4fd8-89f4-05f845b782a4 ] Request (ServersV294TestFqdnHostnames:setUpClass): 202 POST http://10.180.1.21/compute/v2.1/servers 1.974s
2025-05-13 20:08:37.671 69820 INFO tempest.lib.common.rest_client [req-36cd8923-38a6-4bc0-81f3-93b3c7ec5625 req-36cd8923-38a6-4bc0-81f3-93b3c7ec5625 ] Request (FlavorsV255TestJSON:_run_cleanups): 202 DELETE http://10.180.1.21/compute/v2.1/flavors/1174345671 1.637s
2025-05-13 20:08:37.697 69842 INFO tempest.lib.common.rest_client [req-82a93914-f6fd-4118-9cf8-40db6d5b34f9 req-82a93914-f6fd-4118-9cf8-40db6d5b34f9 ] Request (AggregatesAdminNegativeTestJSON:_run_cleanups): 200 DELETE http://10.180.1.21/compute/v2.1/os-aggregates/5 1.663s
2025-05-13 20:08:38.274 69875 INFO tempest.lib.common.rest_client [req-27476f26-992c-4f05-b86a-69d6a9e0b058 req-27476f26-992c-4f05-b86a-69d6a9e0b058 ] Request (AttachInterfacesTestJSON:test_create_list_show_delete_interfaces_by_fixed_ip): 200 GET http://10.180.1.21/compute/v2.1/servers/48aa7aba-a938-4622-9201-222fd0b88f76 2.164s
2025-05-13 20:08:38.288 69875 INFO tempest.lib.common.ssh [-] Creating ssh connection to '10.180.180.251:22' as 'cirros' with public key authentication
2025-05-13 20:08:38.307 69866 INFO tempest.lib.common.rest_client [req-b033b44f-f139-430a-b629-ac0a0cde3a57 req-b033b44f-f139-430a-b629-ac0a0cde3a57 ] Request (FlavorsAdminTestJSON:_run_cleanups): 200 GET http://10.180.1.21/compute/v2.1/flavors/detail 2.135s
2025-05-13 20:08:38.324 69872 INFO tempest.lib.common.rest_client [req-7df5639e-b9c9-4ef3-9c99-8576275e2c6c req-7df5639e-b9c9-4ef3-9c99-8576275e2c6c ] Request (FloatingIPsAssociationNegativeTestJSON:_run_cleanups): 202 DELETE http://10.180.1.21/compute/v2.1/os-floating-ips/3050a060-e870-4dda-bb1c-abea31434c0e 2.424s
2025-05-13 20:08:38.379 69822 INFO tempest.lib.common.rest_client [req-999821ed-7016-481e-b9fd-c7bbbad89b7a req-999821ed-7016-481e-b9fd-c7bbbad89b7a ] Request (TenantUsagesTestJSON:test_list_usage_all_tenants): 200 GET http://10.180.1.21/compute/v2.1/os-simple-tenant-usage?start=2025-05-12T20%3A08%3A33.177183&end=2025-05-14T20%3A08%3A33.177183&detailed=1 2.152s
2025-05-13 20:08:38.384 69849 INFO tempest.lib.common.rest_client [req-0672cf7c-14c8-4df2-bc53-48ed77444bac req-0672cf7c-14c8-4df2-bc53-48ed77444bac ] Request (ListServersNegativeTestJSON:setUpClass): 200 GET http://10.180.1.21/compute/v2.1/servers/183f4288-45c2-4a44-826d-29767fbcc075 2.199s
2025-05-13 20:08:38.407 69838 INFO tempest.lib.common.rest_client [req-d052d277-280d-47ff-9afb-278dda99241e req-d052d277-280d-47ff-9afb-278dda99241e ] Request (FlavorsAccessNegativeTestJSON:test_remove_flavor_access_not_found): 200 POST http://10.180.1.21/compute/v2.1/flavors 1.828s
2025-05-13 20:08:38.449 69840 INFO tempest.lib.common.rest_client [req-34d32b47-00ac-4461-99ab-19e7d13dbd08 req-34d32b47-00ac-4461-99ab-19e7d13dbd08 ] Request (FlavorsV2TestJSON:test_list_flavors_using_marker): 200 GET http://10.180.1.21/compute/v2.1/flavors?marker=42 1.854s
2025-05-13 20:08:38.480 69868 INFO tempest.lib.common.rest_client [req-da9aacc5-00a3-4d03-8d8e-ae8f3ad26e8e req-da9aacc5-00a3-4d03-8d8e-ae8f3ad26e8e ] Request (ServerGroupTestJSON:test_create_delete_server_group_with_affinity_policy): 204 DELETE http://10.180.1.21/compute/v2.1/os-server-groups/16e466a7-b548-480f-ae18-a42493ec14ce 1.845s
2025-05-13 20:08:38.532 69870 INFO tempest.lib.common.rest_client [req-db623731-ecae-4302-8ba9-98fcfe9d1015 req-db623731-ecae-4302-8ba9-98fcfe9d1015 ] Request (ServerDiskConfigTestJSON:test_rebuild_server_with_auto_disk_config): 200 GET http://10.180.1.21/compute/v2.1/servers/766ab89e-b13e-4252-8eb7-18072e1ee8aa 1.978s
2025-05-13 20:08:38.720 69855 INFO tempest.lib.common.rest_client [req-8ce64b8a-d68f-4831-a235-19da88fd32b2 req-8ce64b8a-d68f-4831-a235-19da88fd32b2 ] Request (ServerAddressesNegativeTestJSON:setUpClass): 200 GET http://10.180.1.21/compute/v2.1/servers/63cab0cd-7268-4442-aa1a-e6d33cd43500 2.078s
2025-05-13 20:08:39.123 69832 INFO tempest.lib.common.rest_client [req-a0bb1702-8025-43fd-a936-ed57d7b7096d req-a0bb1702-8025-43fd-a936-ed57d7b7096d ] Request (ServerRescueNegativeTestJSON:setUpClass): 202 POST http://10.180.1.21/compute/v2.1/servers 2.482s
2025-05-13 20:08:39.236 69828 INFO tempest.lib.common.rest_client [req-908f6537-543f-497d-8370-1186cbe4b89b req-908f6537-543f-497d-8370-1186cbe4b89b ] Request (ServersWithSpecificFlavorTestJSON:test_verify_created_server_ephemeral_disk): 200 GET http://10.180.1.21/compute/v2.1/servers/46ceadf5-a94c-4880-a312-8bc1c8d9db33 2.400s
2025-05-13 20:08:39.248 69828 INFO tempest.common.waiters [-] State transition "BUILD/None" ==> "BUILD/networking" after 17 second wait
2025-05-13 20:08:39.334 69836 INFO tempest.lib.common.rest_client [req-9ad11dc0-9bc6-47f2-aeda-625cc255b4ab req-9ad11dc0-9bc6-47f2-aeda-625cc255b4ab ] Request (ImagesTestJSON:test_create_image_from_stopped_server): 202 POST http://10.180.1.21/compute/v2.1/servers/49ba12d1-86f4-49e2-8bfe-10c82616ae2a/action 2.449s
2025-05-13 20:08:39.407 69876 INFO tempest.lib.common.rest_client [req-a12fe6b5-f156-4f9d-8a59-7adfa531c5ae req-a12fe6b5-f156-4f9d-8a59-7adfa531c5ae ] Request (FloatingIPsAssociationTestJSON:setUpClass): 200 GET http://10.180.1.21/compute/v2.1/servers/fc7ac8f4-98cb-47aa-8a39-ffdb8d63ed1e 2.447s
2025-05-13 20:08:39.446 69856 INFO tempest.lib.common.rest_client [req-1891d9b9-1026-4ada-9629-0193cf3cc404 req-1891d9b9-1026-4ada-9629-0193cf3cc404 ] Request (ImagesOneServerTestJSON:test_create_delete_image): 200 GET http://10.180.1.21/compute/v2.1/images/8f6c883c-49eb-49e3-af23-6973559faf96 2.445s
2025-05-13 20:08:39.653 69844 INFO tempest.lib.common.rest_client [req-98f53b0c-2f5f-4fcb-aa37-396fc86ac40c req-98f53b0c-2f5f-4fcb-aa37-396fc86ac40c ] Request (ServersTestJSON:setUpClass): 200 GET http://10.180.1.21/compute/v2.1/servers/d505f6a6-8db2-4835-ac1c-74b30a09b2aa 2.502s
2025-05-13 20:08:39.722 69860 INFO tempest.lib.common.rest_client [req-825ce6c4-06fc-4673-b176-ea3e9517c0c9 req-825ce6c4-06fc-4673-b176-ea3e9517c0c9 ] Request (ServerDiagnosticsTest:tearDownClass): 200 GET http://10.180.1.21/compute/v2.1/servers/5a0a3050-d2a0-41e2-a75d-984af183d670 2.524s
2025-05-13 20:08:39.747 69882 INFO tempest.lib.common.rest_client [req-1aa4da47-a737-4b91-a97e-78020af9e8b0 req-1aa4da47-a737-4b91-a97e-78020af9e8b0 ] Request (ServersTestMultiNic:test_verify_duplicate_network_nics): 202 POST http://10.180.1.21/compute/v2.1/servers 3.015s
2025-05-13 20:08:39.962 69826 INFO tempest.lib.common.rest_client [req-5e876f8c-ad14-452a-a3f8-f761e1c07e74 req-5e876f8c-ad14-452a-a3f8-f761e1c07e74 ] Request (QuotasAdminTestJSON:_run_cleanups): 200 PUT http://10.180.1.21/compute/v2.1/os-quota-sets/43fbd02610154db9ba377ad95d8e7c16 2.688s
2025-05-13 20:08:40.008 69830 INFO tempest.lib.common.rest_client [req-cc4ff70c-7d7d-49f6-8852-b3ed4142abfa req-cc4ff70c-7d7d-49f6-8852-b3ed4142abfa ] Request (ServersAdminNegativeTestJSON:setUpClass): 200 GET http://10.180.1.21/compute/v2.1/servers/8973a3e6-2ff2-46ba-9a13-4c06d667bcae 2.677s
2025-05-13 20:08:40.022 69830 INFO tempest.common.waiters [-] State transition "BUILD/networking" ==> "BUILD/spawning" after 19 second wait
2025-05-13 20:08:40.113 69826 INFO tempest.lib.common.rest_client [req-5e6aaa54-33f9-489b-af3b-f66ea6dc288d req-5e6aaa54-33f9-489b-af3b-f66ea6dc288d ] Request (QuotasAdminTestJSON:tearDownClass): 204 DELETE http://10.180.1.21/identity/v3/users/1ce0a61adb41496eae5dd6f53c94579b 0.147s
2025-05-13 20:08:40.161 69862 INFO tempest.lib.common.rest_client [req-71e539c5-48d6-45e6-9a1a-2a973bcb775c req-71e539c5-48d6-45e6-9a1a-2a973bcb775c ] Request (ServersV294TestFqdnHostnames:setUpClass): 200 GET http://10.180.1.21/compute/v2.1/servers/adabf98b-b0bb-4b09-9f30-55a473245305 2.515s
2025-05-13 20:08:40.191 69820 INFO tempest.lib.common.rest_client [req-14cfe3f5-6bb6-4c6b-b459-7f3c5deb20c7 req-14cfe3f5-6bb6-4c6b-b459-7f3c5deb20c7 ] Request (FlavorsV255TestJSON:_run_cleanups): 200 GET http://10.180.1.21/compute/v2.1/flavors/detail 2.520s
2025-05-13 20:08:40.192 69858 INFO tempest.lib.common.rest_client [req-c9faf18f-f9ce-401c-9352-560f2f6bc4e6 req-c9faf18f-f9ce-401c-9352-560f2f6bc4e6 ] Request (MigrationsAdminTest:test_list_migrations_in_flavor_resize_situation): 200 GET http://10.180.1.21/compute/v2.1/servers/5706f0bc-dc72-43db-a689-2003181f0bc6 2.644s
2025-05-13 20:08:40.204 69842 INFO tempest.lib.common.rest_client [req-e00a453d-93d0-468b-b808-23ffdb7695ab req-e00a453d-93d0-468b-b808-23ffdb7695ab ] Request (AggregatesAdminNegativeTestJSON:test_aggregate_delete_with_invalid_id): 404 DELETE http://10.180.1.21/compute/v2.1/os-aggregates/-1 2.504s
2025-05-13 20:08:40.242 69826 INFO tempest.lib.common.rest_client [req-c7a8bb6e-fabd-4a86-954d-bfc8967bf889 req-c7a8bb6e-fabd-4a86-954d-bfc8967bf889 ] Request (QuotasAdminTestJSON:tearDownClass): 204 DELETE http://10.180.1.21/identity/v3/users/9a9061dc5f204d48b3a967ed379a9a04 0.129s
2025-05-13 20:08:40.243 69826 INFO tempest.lib.common.dynamic_creds [-] Deleting project and security group for project: 8b01744fd7314de3ba2e64064db4516a
2025-05-13 20:08:40.263 69824 INFO tempest.lib.common.rest_client [req-8acc4f44-821f-4b29-b73c-4319472023c4 req-8acc4f44-821f-4b29-b73c-4319472023c4 ] Request (ServerDiagnosticsV248Test:test_get_server_diagnostics): 200 GET http://10.180.1.21/compute/v2.1/servers/0c7c0a79-1ef0-4730-a01f-5c08586125c9 2.548s
2025-05-13 20:08:40.280 69846 INFO tempest.lib.common.rest_client [req-9af303f4-392a-4024-88bb-67594e4d4b07 req-9af303f4-392a-4024-88bb-67594e4d4b07 ] Request (DeleteServersAdminTestJSON:test_admin_delete_servers_of_others): 200 GET http://10.180.1.21/compute/v2.1/servers/8ce54145-1b41-4cbd-ba71-c28e6ea44afe 2.491s
2025-05-13 20:08:40.310 69826 INFO tempest.lib.common.rest_client [req-f0c4c0a1-a8d1-4de3-bd4d-b839bc15e3a8 req-f0c4c0a1-a8d1-4de3-bd4d-b839bc15e3a8 ] Request (QuotasAdminTestJSON:tearDownClass): 201 POST http://10.180.1.21/identity/v3/auth/tokens 0.066s
2025-05-13 20:08:40.340 69820 INFO tempest.lib.common.rest_client [req-93e306ac-5d8d-4ecf-a9a8-f46628119018 req-93e306ac-5d8d-4ecf-a9a8-f46628119018 ] Request (FlavorsV255TestJSON:tearDownClass): 204 DELETE http://10.180.1.21/identity/v3/users/d8211dc3afcb440f88757f50e2f8b871 0.140s
2025-05-13 20:08:40.369 69850 INFO tempest.lib.common.rest_client [req-d5012451-252d-4381-b6db-c99dce39293c req-d5012451-252d-4381-b6db-c99dce39293c ] Request (ServerExternalEventsTest:tearDownClass): 200 GET http://10.180.1.21/compute/v2.1/servers/5aded919-7914-47a3-b7b6-8053eef8f6f6 2.399s
2025-05-13 20:08:40.403 69866 INFO tempest.lib.common.rest_client [req-6a36f23c-3ee4-42bb-995b-c545b3a17692 req-6a36f23c-3ee4-42bb-995b-c545b3a17692 ] Request (FlavorsAdminTestJSON:test_create_server_with_non_public_flavor): 200 POST http://10.180.1.21/compute/v2.1/flavors 2.087s
2025-05-13 20:08:40.468 69820 INFO tempest.lib.common.rest_client [req-efb8d0bc-653b-4755-9111-4df7e4b291ce req-efb8d0bc-653b-4755-9111-4df7e4b291ce ] Request (FlavorsV255TestJSON:tearDownClass): 204 DELETE http://10.180.1.21/identity/v3/users/807d56c5d25047e49741316e29a3e581 0.125s
2025-05-13 20:08:40.468 69820 INFO tempest.lib.common.dynamic_creds [-] Deleting project and security group for project: c222c2664d4445cca45da7e987fa7262
2025-05-13 20:08:40.548 69820 INFO tempest.lib.common.rest_client [req-631c04fd-a865-4a9f-add4-1133fbcff9a0 req-631c04fd-a865-4a9f-add4-1133fbcff9a0 ] Request (FlavorsV255TestJSON:tearDownClass): 201 POST http://10.180.1.21/identity/v3/auth/tokens 0.079s
2025-05-13 20:08:40.563 69864 INFO tempest.lib.common.rest_client [req-e5d57902-e96b-4c26-b64f-eb86c86911b8 req-e5d57902-e96b-4c26-b64f-eb86c86911b8 ] Request (VolumesAssistedSnapshotsTest:test_volume_assisted_snapshot_create_delete): 200 GET http://10.180.1.21/compute/v2.1/servers/292973ce-644b-4494-b2c9-fa8d7122118e 2.550s
2025-05-13 20:08:40.661 69822 INFO tempest.lib.common.rest_client [req-743af435-ed7e-4c80-a054-e723092081a1 req-743af435-ed7e-4c80-a054-e723092081a1 ] Request (TenantUsagesTestJSON:tearDownClass): 204 DELETE http://10.180.1.21/compute/v2.1/servers/c41fedc9-6b0f-4c7b-aade-cf86c61b038f 2.274s
2025-05-13 20:08:40.673 69878 WARNING tempest.lib.common.ssh [-] Failed to establish authenticated ssh connection to cirros@10.180.180.182 ([Errno None] Unable to connect to port 22 on 10.180.180.182). Number attempts: 1. Retry after 2 seconds.: paramiko.ssh_exception.NoValidConnectionsError: [Errno None] Unable to connect to port 22 on 10.180.180.182
