2025-05-13 20:08:59.971 69838 INFO tempest.lib.common.dynamic_creds [-] Acquired dynamic creds: credentials: Credentials: {'domain_id': 'default', 'domain_name': 'Default', 'username': 'tempest-VolumesAdminNegativeTest-686204847-project-admin', 'project_domain_id': 'default', 'project_domain_name': 'Default', 'project_id': 'fff6f96858d64387bc8ca11a4170035d', 'project_name': 'tempest-VolumesAdminNegativeTest-686204847', 'tenant_id': 'fff6f96858d64387bc8ca11a4170035d', 'tenant_name': 'tempest-VolumesAdminNegativeTest-686204847', 'user_domain_id': 'default', 'user_domain_name': 'Default', 'user_id': '408161958019401f81ee40696d54a943', 'system': None}, Network: None, Subnet: None, Router: None
2025-05-13 20:09:00.002 69842 INFO tempest.lib.common.rest_client [req-08b8c18b-308a-42a1-a926-b59c95665b5e req-08b8c18b-308a-42a1-a926-b59c95665b5e ] Request (AggregatesAdminNegativeTestJSON:tearDownClass): 200 GET http://10.180.1.21:9696/networking/v2.0/security-groups?tenant_id=27a2f368bb264235941703814927120b&name=default 0.412s
2025-05-13 20:09:00.056 69855 INFO tempest.lib.common.rest_client [req-92402f4a-4565-4883-95e4-20bcfc6a2ec9 req-92402f4a-4565-4883-95e4-20bcfc6a2ec9 ] Request (ServerAddressesNegativeTestJSON:tearDownClass): 200 GET http://10.180.1.21/compute/v2.1/servers/63cab0cd-7268-4442-aa1a-e6d33cd43500 1.905s
2025-05-13 20:09:00.173 69852 INFO tempest.lib.common.rest_client [req-abf5617d-80b6-4bf8-a41c-d250f8e78362 req-abf5617d-80b6-4bf8-a41c-d250f8e78362 ] Request (InstanceActionsV221TestJSON:test_get_list_deleted_instance_actions): 200 GET http://10.180.1.21/compute/v2.1/servers/18f1088d-51b4-4553-8572-02ef5eb03ea6 1.814s
2025-05-13 20:09:00.243 69881 INFO tempest.lib.common.rest_client [req-6de4d142-932e-4d18-b66c-fc04be358442 req-6de4d142-932e-4d18-b66c-fc04be358442 ] Request (SecurityGroupRulesNegativeTestJSON:setUpClass): 201 POST http://10.180.1.21:9696/networking/v2.0/networks 0.946s
2025-05-13 20:09:00.375 69834 INFO tempest.lib.common.rest_client [req-81ba7b1c-51cb-4609-b301-435ed3a27b9f req-81ba7b1c-51cb-4609-b301-435ed3a27b9f ] Request (QuotasTestJSON:test_get_quotas): 200 GET http://10.180.1.21/compute/v2.1/os-quota-sets/86926c3a958d4a2a95efbb9c1fcb6a7f 1.994s
2025-05-13 20:09:00.424 69866 INFO tempest.lib.common.rest_client [req-82c54d9f-ed95-4c9d-8786-707127988eb5 req-82c54d9f-ed95-4c9d-8786-707127988eb5 ] Request (FlavorsAdminTestJSON:_run_cleanups): 202 DELETE http://10.180.1.21/compute/v2.1/flavors/1454598367 1.841s
2025-05-13 20:09:00.432 69840 INFO tempest.lib.common.rest_client [req-efc0657a-49be-44b4-b7b0-8a80ce5bf110 req-efc0657a-49be-44b4-b7b0-8a80ce5bf110 ] Request (ServersTestBootFromVolume:setUpClass): 200 GET http://10.180.1.21/volume/v3/volumes/a8005dca-5ba6-4345-815e-52e4a5749ce6 0.054s
2025-05-13 20:09:00.485 69842 INFO tempest.lib.common.rest_client [req-ac83e80a-9c6e-40f3-8362-0f2f6e64c9ea req-ac83e80a-9c6e-40f3-8362-0f2f6e64c9ea ] Request (AggregatesAdminNegativeTestJSON:tearDownClass): 204 DELETE http://10.180.1.21:9696/networking/v2.0/security-groups/6381c8df-20ac-45f8-bb4d-a057547edf03 0.482s
2025-05-13 20:09:00.637 69842 INFO tempest.lib.common.rest_client [req-2a8b5de9-0ed0-4903-ab3d-a97b47ce9587 req-2a8b5de9-0ed0-4903-ab3d-a97b47ce9587 ] Request (AggregatesAdminNegativeTestJSON:tearDownClass): 204 DELETE http://10.180.1.21/identity/v3/projects/27a2f368bb264235941703814927120b 0.151s
2025-05-13 20:09:00.637 69842 INFO tempest.lib.common.dynamic_creds [-] Deleting project and security group for project: 5948515bf575485ab42b4a3dd4c69681
2025-05-13 20:09:00.723 69849 INFO tempest.lib.common.rest_client [req-e68406b0-a2b0-4b0e-b9f1-73d280572795 req-e68406b0-a2b0-4b0e-b9f1-73d280572795 ] Request (ListServersNegativeTestJSON:setUpClass): 200 GET http://10.180.1.21/compute/v2.1/servers/183f4288-45c2-4a44-826d-29767fbcc075 2.074s
2025-05-13 20:09:00.788 69838 INFO tempest.lib.common.rest_client [req-df57d108-5ad1-4ae2-88c0-54bd9499f702 req-df57d108-5ad1-4ae2-88c0-54bd9499f702 ] Request (VolumesAdminNegativeTest:setUpClass): 201 POST http://10.180.1.21:9696/networking/v2.0/networks 0.816s
2025-05-13 20:09:00.870 69842 INFO tempest.lib.common.rest_client [req-ca3d1b9a-1208-4a6c-800a-4be57f8eb90f req-ca3d1b9a-1208-4a6c-800a-4be57f8eb90f ] Request (AggregatesAdminNegativeTestJSON:tearDownClass): 200 GET http://10.180.1.21:9696/networking/v2.0/security-groups?tenant_id=5948515bf575485ab42b4a3dd4c69681&name=default 0.232s
2025-05-13 20:09:00.908 69820 INFO tempest.lib.common.rest_client [req-59dd6ca0-9468-49fe-be37-0c7fbf8f10f6 req-59dd6ca0-9468-49fe-be37-0c7fbf8f10f6 ] Request (FloatingIPsNegativeTestJSON:setUpClass): 200 GET http://10.180.1.21/compute/v2.1/os-floating-ips 1.709s
2025-05-13 20:09:00.972 69881 INFO tempest.lib.common.rest_client [req-b2e18fc3-b6fa-4833-869d-e0c23aa8aa03 req-b2e18fc3-b6fa-4833-869d-e0c23aa8aa03 ] Request (SecurityGroupRulesNegativeTestJSON:setUpClass): 201 POST http://10.180.1.21:9696/networking/v2.0/subnets 0.727s
2025-05-13 20:09:01.072 69850 INFO tempest.lib.common.rest_client [req-84d79c42-4cfa-41e9-b2b0-844e1acd856a req-84d79c42-4cfa-41e9-b2b0-844e1acd856a ] Request (AttachInterfacesUnderV243Test:setUpClass): 201 POST http://10.180.1.21:9696/networking/v2.0/routers 1.558s
2025-05-13 20:09:01.131 69842 INFO tempest.lib.common.rest_client [req-b699ef69-4107-42dc-9378-d6bc434c2baa req-b699ef69-4107-42dc-9378-d6bc434c2baa ] Request (AggregatesAdminNegativeTestJSON:tearDownClass): 204 DELETE http://10.180.1.21:9696/networking/v2.0/security-groups/0c88999c-7391-49b8-be0d-f28359313a96 0.260s
2025-05-13 20:09:01.176 69875 WARNING tempest.lib.common.ssh [-] Failed to establish authenticated ssh connection to cirros@10.180.180.251 ([Errno None] Unable to connect to port 22 on 10.180.180.251). Number attempts: 5. Retry after 6 seconds.: paramiko.ssh_exception.NoValidConnectionsError: [Errno None] Unable to connect to port 22 on 10.180.180.251
2025-05-13 20:09:01.210 69860 INFO tempest.lib.common.rest_client [req-e610d6e0-4615-4083-87b3-2b5f27fdc43b req-e610d6e0-4615-4083-87b3-2b5f27fdc43b ] Request (SecurityGroupRulesTestJSON:test_security_group_rules_create_with_optional_group_id): 200 POST http://10.180.1.21/compute/v2.1/os-security-groups 1.831s
2025-05-13 20:09:01.260 69838 INFO tempest.lib.common.rest_client [req-283546c7-ce16-4c22-8f2d-fbe01576062c req-283546c7-ce16-4c22-8f2d-fbe01576062c ] Request (VolumesAdminNegativeTest:setUpClass): 201 POST http://10.180.1.21:9696/networking/v2.0/subnets 0.471s
2025-05-13 20:09:01.283 69828 WARNING tempest.lib.common.ssh [-] Failed to establish authenticated ssh connection to cirros@10.180.180.208 ([Errno None] Unable to connect to port 22 on 10.180.180.208). Number attempts: 1. Retry after 2 seconds.: paramiko.ssh_exception.NoValidConnectionsError: [Errno None] Unable to connect to port 22 on 10.180.180.208
2025-05-13 20:09:01.294 69842 INFO tempest.lib.common.rest_client [req-d4d35425-324d-4667-a916-963cbfc3b08f req-d4d35425-324d-4667-a916-963cbfc3b08f ] Request (AggregatesAdminNegativeTestJSON:tearDownClass): 204 DELETE http://10.180.1.21/identity/v3/projects/5948515bf575485ab42b4a3dd4c69681 0.163s
2025-05-13 20:09:01.342 69824 INFO tempest.lib.common.rest_client [req-d1f7f3c7-f2ed-4e72-918f-94dbe0792ef0 req-d1f7f3c7-f2ed-4e72-918f-94dbe0792ef0 ] Request (ServerDiagnosticsV248Test:test_get_server_diagnostics): 200 GET http://10.180.1.21/compute/v2.1/servers/0c7c0a79-1ef0-4730-a01f-5c08586125c9 1.882s
2025-05-13 20:09:01.351 69824 INFO tempest.common.waiters [-] State transition "BUILD/spawning" ==> "ACTIVE/None" after 36 second wait
2025-05-13 20:09:01.380 69842 INFO tempest.lib.common.rest_client [req-e3c36b57-f8fe-45e6-8a6e-6a7381cb8aaf req-e3c36b57-f8fe-45e6-8a6e-6a7381cb8aaf ] Request (HostsAdminNegativeTestJSON:setUpClass): 201 POST http://10.180.1.21/identity/v3/auth/tokens 0.084s
2025-05-13 20:09:01.416 69842 INFO tempest.lib.common.rest_client [req-37e41c05-77b7-4bf8-b6dc-57fc1707c358 req-37e41c05-77b7-4bf8-b6dc-57fc1707c358 ] Request (HostsAdminNegativeTestJSON:setUpClass): 201 POST http://10.180.1.21/identity/v3/auth/tokens 0.030s
2025-05-13 20:09:01.446 69842 INFO tempest.lib.common.rest_client [req-40e76607-c7b1-4ace-a71b-49ae817169c7 req-40e76607-c7b1-4ace-a71b-49ae817169c7 ] Request (HostsAdminNegativeTestJSON:setUpClass): 200 GET http://10.180.1.21/identity/v3/domains?name=Default 0.030s
2025-05-13 20:09:01.485 69842 INFO tempest.lib.common.rest_client [req-880fe260-098c-4e76-848d-bc79bb0b558b req-880fe260-098c-4e76-848d-bc79bb0b558b ] Request (HostsAdminNegativeTestJSON:setUpClass): 201 POST http://10.180.1.21/identity/v3/projects 0.038s
2025-05-13 20:09:01.487 69840 INFO tempest.lib.common.rest_client [req-d8aecc22-4b30-464e-9e0c-0131b50d6c7b req-d8aecc22-4b30-464e-9e0c-0131b50d6c7b ] Request (ServersTestBootFromVolume:setUpClass): 200 GET http://10.180.1.21/volume/v3/volumes/a8005dca-5ba6-4345-815e-52e4a5749ce6 0.044s
2025-05-13 20:09:01.562 69842 INFO tempest.lib.common.rest_client [req-f617d052-09d5-443e-86d6-f0e984cd0250 req-f617d052-09d5-443e-86d6-f0e984cd0250 ] Request (HostsAdminNegativeTestJSON:setUpClass): 201 POST http://10.180.1.21/identity/v3/users 0.077s
2025-05-13 20:09:01.593 69842 INFO tempest.lib.common.rest_client [req-645982d6-b39a-4114-9f37-6bb5e5c47baf req-645982d6-b39a-4114-9f37-6bb5e5c47baf ] Request (HostsAdminNegativeTestJSON:setUpClass): 200 GET http://10.180.1.21/identity/v3/roles 0.030s
2025-05-13 20:09:01.623 69842 INFO tempest.lib.common.rest_client [req-46a39692-5651-4710-843b-f48d635d9dda req-46a39692-5651-4710-843b-f48d635d9dda ] Request (HostsAdminNegativeTestJSON:setUpClass): 204 PUT http://10.180.1.21/identity/v3/projects/2d8e0006ee2d4e349318f30a16554f4c/users/cf45f64418af4eb49ad0168bd09eced2/roles/49c6b3f2baa0432c94c283ab43c5b978 0.029s
2025-05-13 20:09:01.623 69842 INFO tempest.lib.common.dynamic_creds [-] Dynamic test user cf45f64418af4eb49ad0168bd09eced2 is created with scope project and roles: ['member']
2025-05-13 20:09:01.623 69842 INFO tempest.lib.common.dynamic_creds [-] Acquired dynamic creds: credentials: Credentials: {'domain_id': 'default', 'domain_name': 'Default', 'username': 'tempest-HostsAdminNegativeTestJSON-1174010644-project-member', 'project_domain_id': 'default', 'project_domain_name': 'Default', 'project_id': '2d8e0006ee2d4e349318f30a16554f4c', 'project_name': 'tempest-HostsAdminNegativeTestJSON-1174010644', 'tenant_id': '2d8e0006ee2d4e349318f30a16554f4c', 'tenant_name': 'tempest-HostsAdminNegativeTestJSON-1174010644', 'user_domain_id': 'default', 'user_domain_name': 'Default', 'user_id': 'cf45f64418af4eb49ad0168bd09eced2', 'system': None}, Network: None, Subnet: None, Router: None
2025-05-13 20:09:01.623 69842 INFO tempest.lib.common.dynamic_creds [-] Created isolated network resources for: credentials: Credentials: {'domain_id': 'default', 'domain_name': 'Default', 'username': 'tempest-HostsAdminNegativeTestJSON-1174010644-project-member', 'project_domain_id': 'default', 'project_domain_name': 'Default', 'project_id': '2d8e0006ee2d4e349318f30a16554f4c', 'project_name': 'tempest-HostsAdminNegativeTestJSON-1174010644', 'tenant_id': '2d8e0006ee2d4e349318f30a16554f4c', 'tenant_name': 'tempest-HostsAdminNegativeTestJSON-1174010644', 'user_domain_id': 'default', 'user_domain_name': 'Default', 'user_id': 'cf45f64418af4eb49ad0168bd09eced2', 'system': None}, Network: None, Subnet: None, Router: None
2025-05-13 20:09:01.737 69842 INFO tempest.lib.common.rest_client [req-1dc6bd78-bbe7-44c9-ac7e-0101586dd449 req-1dc6bd78-bbe7-44c9-ac7e-0101586dd449 ] Request (HostsAdminNegativeTestJSON:setUpClass): 201 POST http://10.180.1.21/identity/v3/auth/tokens 0.111s
2025-05-13 20:09:01.828 69842 INFO tempest.lib.common.rest_client [req-dc271db1-592a-4f8a-b4a5-184f04db924a req-dc271db1-592a-4f8a-b4a5-184f04db924a ] Request (HostsAdminNegativeTestJSON:setUpClass): 201 POST http://10.180.1.21/identity/v3/projects 0.090s
2025-05-13 20:09:01.926 69842 INFO tempest.lib.common.rest_client [req-8ff63ec4-4ed4-4c6f-97e7-b72c492ef9a6 req-8ff63ec4-4ed4-4c6f-97e7-b72c492ef9a6 ] Request (HostsAdminNegativeTestJSON:setUpClass): 201 POST http://10.180.1.21/identity/v3/users 0.097s
2025-05-13 20:09:01.959 69842 INFO tempest.lib.common.rest_client [req-f693a46b-04a8-43da-b6a2-ede48b680c79 req-f693a46b-04a8-43da-b6a2-ede48b680c79 ] Request (HostsAdminNegativeTestJSON:setUpClass): 200 GET http://10.180.1.21/identity/v3/roles 0.033s
2025-05-13 20:09:02.008 69842 INFO tempest.lib.common.rest_client [req-77af09ab-81bd-419e-bb65-031585b2a626 req-77af09ab-81bd-419e-bb65-031585b2a626 ] Request (HostsAdminNegativeTestJSON:setUpClass): 204 PUT http://10.180.1.21/identity/v3/projects/9bb0c3de36c44a79bf685b57280b604d/users/99bd7a119c454c249e4df5ad2ac6eed8/roles/2f70227085e241299ab04d722acca447 0.048s
2025-05-13 20:09:02.086 69842 INFO tempest.lib.common.rest_client [req-02a5add7-6a7b-4e92-b6ed-f5182171cffe req-02a5add7-6a7b-4e92-b6ed-f5182171cffe ] Request (HostsAdminNegativeTestJSON:setUpClass): 200 GET http://10.180.1.21/identity/v3/roles 0.077s
2025-05-13 20:09:02.109 69842 INFO tempest.lib.common.rest_client [req-5de62a56-65f3-4ee7-96a1-dd9669428425 req-5de62a56-65f3-4ee7-96a1-dd9669428425 ] Request (HostsAdminNegativeTestJSON:setUpClass): 204 PUT http://10.180.1.21/identity/v3/projects/9bb0c3de36c44a79bf685b57280b604d/users/99bd7a119c454c249e4df5ad2ac6eed8/roles/2f70227085e241299ab04d722acca447 0.022s
2025-05-13 20:09:02.109 69842 INFO tempest.lib.common.dynamic_creds [-] Dynamic test user 99bd7a119c454c249e4df5ad2ac6eed8 is created with scope project and roles: ['admin']
2025-05-13 20:09:02.109 69842 INFO tempest.lib.common.dynamic_creds [-] Acquired dynamic creds: credentials: Credentials: {'domain_id': 'default', 'domain_name': 'Default', 'username': 'tempest-HostsAdminNegativeTestJSON-1578517167-project-admin', 'project_domain_id': 'default', 'project_domain_name': 'Default', 'project_id': '9bb0c3de36c44a79bf685b57280b604d', 'project_name': 'tempest-HostsAdminNegativeTestJSON-1578517167', 'tenant_id': '9bb0c3de36c44a79bf685b57280b604d', 'tenant_name': 'tempest-HostsAdminNegativeTestJSON-1578517167', 'user_domain_id': 'default', 'user_domain_name': 'Default', 'user_id': '99bd7a119c454c249e4df5ad2ac6eed8', 'system': None}, Network: None, Subnet: None, Router: None
2025-05-13 20:09:02.109 69842 INFO tempest.lib.common.dynamic_creds [-] Created isolated network resources for: credentials: Credentials: {'domain_id': 'default', 'domain_name': 'Default', 'username': 'tempest-HostsAdminNegativeTestJSON-1578517167-project-admin', 'project_domain_id': 'default', 'project_domain_name': 'Default', 'project_id': '9bb0c3de36c44a79bf685b57280b604d', 'project_name': 'tempest-HostsAdminNegativeTestJSON-1578517167', 'tenant_id': '9bb0c3de36c44a79bf685b57280b604d', 'tenant_name': 'tempest-HostsAdminNegativeTestJSON-1578517167', 'user_domain_id': 'default', 'user_domain_name': 'Default', 'user_id': '99bd7a119c454c249e4df5ad2ac6eed8', 'system': None}, Network: None, Subnet: None, Router: None
2025-05-13 20:09:02.210 69842 INFO tempest.lib.common.rest_client [req-e4316989-6c46-4d29-8b5e-b484d8581804 req-e4316989-6c46-4d29-8b5e-b484d8581804 ] Request (HostsAdminNegativeTestJSON:setUpClass): 201 POST http://10.180.1.21/identity/v3/auth/tokens 0.098s
2025-05-13 20:09:02.445 69881 INFO tempest.lib.common.rest_client [req-dbb5c67c-bf35-497d-a46d-1ab11d8c3aeb req-dbb5c67c-bf35-497d-a46d-1ab11d8c3aeb ] Request (SecurityGroupRulesNegativeTestJSON:setUpClass): 201 POST http://10.180.1.21:9696/networking/v2.0/routers 1.472s
2025-05-13 20:09:02.502 69836 INFO tempest.lib.common.rest_client [req-f9af000c-d2fe-4286-a219-434f2f14ddf9 req-f9af000c-d2fe-4286-a219-434f2f14ddf9 ] Request (ImagesTestJSON:test_create_image_from_stopped_server): 200 GET http://10.180.1.21/compute/v2.1/images/1aace6c5-789a-45a5-9006-9cbec456090e 4.819s
2025-05-13 20:09:02.509 69856 INFO tempest.lib.common.rest_client [req-916e7300-6f11-402d-a73b-46742d0d0020 req-916e7300-6f11-402d-a73b-46742d0d0020 ] Request (ImagesOneServerTestJSON:test_create_image_specify_multibyte_character_image_name): 200 GET http://10.180.1.21/compute/v2.1/images/52a9cb1a-6ec7-48b3-b2ed-6acbb23eb20f 2.984s
2025-05-13 20:09:02.534 69840 INFO tempest.lib.common.rest_client [req-aacc7db7-2f87-4bd7-8094-233b42ace4ea req-aacc7db7-2f87-4bd7-8094-233b42ace4ea ] Request (ServersTestBootFromVolume:setUpClass): 200 GET http://10.180.1.21/volume/v3/volumes/a8005dca-5ba6-4345-815e-52e4a5749ce6 0.039s
2025-05-13 20:09:02.637 69826 INFO tempest.lib.common.rest_client [req-2901d4f2-81a7-4416-92d8-03f9ffbfd036 req-2901d4f2-81a7-4416-92d8-03f9ffbfd036 ] Request (ServerDiagnosticsNegativeTest:test_get_server_diagnostics_by_non_admin): 200 GET http://10.180.1.21/compute/v2.1/servers/02c5c8ee-d7ae-45cb-9100-43f3267e82aa 3.111s
2025-05-13 20:09:02.636 69846 INFO tempest.lib.common.rest_client [req-0c360dc3-044c-470d-bff0-5f9393303b31 req-0c360dc3-044c-470d-bff0-5f9393303b31 ] Request (DeleteServersAdminTestJSON:test_delete_server_while_in_error_state): 200 GET http://10.180.1.21/compute/v2.1/servers/453e1bb7-60ae-4d6d-94bb-6830ef544c16 3.008s
2025-05-13 20:09:02.644 69826 INFO tempest.common.waiters [-] State transition "BUILD/scheduling" ==> "BUILD/None" after 15 second wait
2025-05-13 20:09:02.761 69872 INFO tempest.lib.common.rest_client [req-173ddabc-7d32-4e58-a274-2b8fe9b0721a req-173ddabc-7d32-4e58-a274-2b8fe9b0721a ] Request (FloatingIPsAssociationNegativeTestJSON:tearDownClass): 200 GET http://10.180.1.21/compute/v2.1/servers/b7967fdc-15d1-4c8e-8b1a-d00bbffa9020 2.797s
2025-05-13 20:09:02.792 69866 INFO tempest.lib.common.rest_client [req-d2376aab-b3bb-44f9-ac9b-7de65e390d48 req-d2376aab-b3bb-44f9-ac9b-7de65e390d48 ] Request (FlavorsAdminTestJSON:_run_cleanups): 200 GET http://10.180.1.21/compute/v2.1/flavors/detail 2.368s
2025-05-13 20:09:02.802 69834 INFO tempest.lib.common.rest_client [req-06755193-a500-4aa9-89b2-0507b97b27cc req-06755193-a500-4aa9-89b2-0507b97b27cc ] Request (QuotasTestJSON:test_get_quotas): 200 GET http://10.180.1.21/compute/v2.1/os-quota-sets/86926c3a958d4a2a95efbb9c1fcb6a7f?user_id=088a9ddf489246b5bdb9dc9b0dd1e5eb 2.420s
2025-05-13 20:09:02.847 69850 INFO tempest.lib.common.rest_client [req-94f0dd2f-2e9c-444c-b3d7-806ca69f2e0a req-94f0dd2f-2e9c-444c-b3d7-806ca69f2e0a ] Request (AttachInterfacesUnderV243Test:setUpClass): 200 PUT http://10.180.1.21:9696/networking/v2.0/routers/22fb04f1-ef18-4307-a0dd-9acf6b320f91/add_router_interface 1.775s
2025-05-13 20:09:02.848 69850 INFO tempest.lib.common.dynamic_creds [-] Created isolated network resources for: credentials: Credentials: {'domain_id': 'default', 'domain_name': 'Default', 'username': 'tempest-AttachInterfacesUnderV243Test-1007658330-project-member', 'project_domain_id': 'default', 'project_domain_name': 'Default', 'project_id': '907ade8b78094d37b2a1c3a26364a4f3', 'project_name': 'tempest-AttachInterfacesUnderV243Test-1007658330', 'tenant_id': '907ade8b78094d37b2a1c3a26364a4f3', 'tenant_name': 'tempest-AttachInterfacesUnderV243Test-1007658330', 'user_domain_id': 'default', 'user_domain_name': 'Default', 'user_id': 'e4da5bd1bef14f789d8cdd3c44ffb2a1', 'system': None}, Network: {'id': '03bffb52-38b0-488a-9ad1-fd083ab410f4', 'name': 'tempest-AttachInterfacesUnderV243Test-1312428973-network', 'tenant_id': '907ade8b78094d37b2a1c3a26364a4f3', 'admin_state_up': True, 'mtu': 8950, 'status': 'ACTIVE', 'subnets': [], 'shared': False, 'project_id': '907ade8b78094d37b2a1c3a26364a4f3', 'port_security_enabled': True, 'router:external': False, 'provider:network_type': 'vlan', 'provider:physical_network': 'default', 'provider:segmentation_id': 936, 'availability_zone_hints': [], 'availability_zones': [], 'ipv4_address_scope': None, 'ipv6_address_scope': None, 'description': '', 'tags': [], 'created_at': '2025-05-13T20:08:58Z', 'updated_at': '2025-05-13T20:08:58Z', 'revision_number': 1}, Subnet: {'id': 'ec511344-1294-4703-90cc-316b6e5ad7fe', 'name': 'tempest-AttachInterfacesUnderV243Test-1312428973-subnet', 'tenant_id': '907ade8b78094d37b2a1c3a26364a4f3', 'network_id': '03bffb52-38b0-488a-9ad1-fd083ab410f4', 'ip_version': 4, 'subnetpool_id': None, 'enable_dhcp': True, 'ipv6_ra_mode': None, 'ipv6_address_mode': None, 'gateway_ip': '192.168.128.1', 'cidr': '192.168.128.0/28', 'allocation_pools': [{'start': '192.168.128.2', 'end': '192.168.128.14'}], 'host_routes': [], 'dns_nameservers': [], 'description': '', 'router:external': False, 'service_types': [], 'tags': [], 'created_at': '2025-05-13T20:08:58Z', 'updated_at': '2025-05-13T20:08:58Z', 'revision_number': 0, 'project_id': '907ade8b78094d37b2a1c3a26364a4f3'}, Router: {'id': '22fb04f1-ef18-4307-a0dd-9acf6b320f91', 'name': 'tempest-AttachInterfacesUnderV243Test-1312428973-router', 'tenant_id': '907ade8b78094d37b2a1c3a26364a4f3', 'admin_state_up': True, 'status': 'ACTIVE', 'external_gateway_info': {'network_id': 'ab8cb95b-56bf-49df-8281-f4ed61b231ac', 'external_fixed_ips': [{'subnet_id': 'a402df8f-9fd2-4b96-b101-d2a46eb45891', 'ip_address': '10.180.180.131'}], 'enable_snat': True}, 'description': '', 'availability_zones': [], 'distributed': False, 'ha': False, 'availability_zone_hints': [], 'routes': [], 'flavor_id': None, 'tags': [], 'created_at': '2025-05-13T20:08:59Z', 'updated_at': '2025-05-13T20:09:00Z', 'revision_number': 2, 'project_id': '907ade8b78094d37b2a1c3a26364a4f3'}
2025-05-13 20:09:02.947 69834 INFO tempest.lib.common.rest_client [req-52836f09-581c-40c6-9c16-e74bca0da9e8 req-52836f09-581c-40c6-9c16-e74bca0da9e8 ] Request (QuotasTestJSON:tearDownClass): 204 DELETE http://10.180.1.21/identity/v3/users/088a9ddf489246b5bdb9dc9b0dd1e5eb 0.141s
2025-05-13 20:09:02.947 69834 INFO tempest.lib.common.dynamic_creds [-] Deleting project and security group for project: 86926c3a958d4a2a95efbb9c1fcb6a7f
2025-05-13 20:09:02.949 69882 INFO tempest.lib.common.rest_client [req-455ec63b-fb96-4067-b157-19af8b9af604 req-455ec63b-fb96-4067-b157-19af8b9af604 ] Request (ServersTestMultiNic:test_verify_duplicate_network_nics): 200 GET http://10.180.1.21/compute/v2.1/servers/e7c86cda-c88f-4153-b4c0-bec1305ddcb3 2.455s
2025-05-13 20:09:02.956 69850 INFO tempest.lib.common.rest_client [req-06e43fce-2b53-4e7d-85aa-1eaec62aa4af req-06e43fce-2b53-4e7d-85aa-1eaec62aa4af ] Request (AttachInterfacesUnderV243Test:setUpClass): 201 POST http://10.180.1.21/identity/v3/auth/tokens 0.104s
2025-05-13 20:09:02.956 69864 WARNING tempest.lib.common.ssh [-] Failed to establish authenticated ssh connection to cirros@10.180.180.152 ([Errno None] Unable to connect to port 22 on 10.180.180.152). Number attempts: 4. Retry after 5 seconds.: paramiko.ssh_exception.NoValidConnectionsError: [Errno None] Unable to connect to port 22 on 10.180.180.152
2025-05-13 20:09:03.019 69834 INFO tempest.lib.common.rest_client [req-fa577b05-39b4-4351-9974-48007b1bd0f5 req-fa577b05-39b4-4351-9974-48007b1bd0f5 ] Request (QuotasTestJSON:tearDownClass): 201 POST http://10.180.1.21/identity/v3/auth/tokens 0.071s
2025-05-13 20:09:03.045 69870 INFO tempest.lib.common.rest_client [req-9e525400-142f-48e2-a1fe-e531e98003f1 req-9e525400-142f-48e2-a1fe-e531e98003f1 ] Request (ServerDiskConfigTestJSON:test_rebuild_server_with_manual_disk_config): 200 GET http://10.180.1.21/compute/v2.1/servers/8fcf7408-4fd0-4e38-b162-94603fb4594c 2.513s
2025-05-13 20:09:03.069 69858 INFO tempest.lib.common.rest_client [req-225f44cb-0ffe-47c8-8c24-9d3ae9a9f8b1 req-225f44cb-0ffe-47c8-8c24-9d3ae9a9f8b1 ] Request (MigrationsAdminTest:test_list_migrations_in_flavor_resize_situation): 200 GET http://10.180.1.21/compute/v2.1/servers/5706f0bc-dc72-43db-a689-2003181f0bc6 2.631s
2025-05-13 20:09:03.213 69832 INFO tempest.lib.common.rest_client [req-c8ab5474-74af-40e4-989f-aed2931e2016 req-c8ab5474-74af-40e4-989f-aed2931e2016 ] Request (ServerRescueNegativeTestJSON:setUpClass): 200 GET http://10.180.1.21/compute/v2.1/servers/fa357787-fea1-488c-b7dd-c717f783011f 2.584s
2025-05-13 20:09:03.322 69830 INFO tempest.lib.common.rest_client [req-3ef31ff5-5bd9-42dd-89e6-679fcd116727 req-3ef31ff5-5bd9-42dd-89e6-679fcd116727 ] Request (ServersAdminNegativeTestJSON:test_migrate_server_invalid_state): 200 GET http://10.180.1.21/compute/v2.1/servers/6ecb2892-9f7f-4ee5-83c4-9a3dc661bdc6 2.641s
2025-05-13 20:09:03.561 69834 INFO tempest.lib.common.rest_client [req-4494cbbe-507e-4fa6-ac10-4d3f0b9dcb4e req-4494cbbe-507e-4fa6-ac10-4d3f0b9dcb4e ] Request (QuotasTestJSON:tearDownClass): 200 GET http://10.180.1.21:9696/networking/v2.0/security-groups?tenant_id=86926c3a958d4a2a95efbb9c1fcb6a7f&name=default 0.540s
2025-05-13 20:09:03.589 69840 INFO tempest.lib.common.rest_client [req-faa85432-102f-48d1-84b9-3a9173f81f9f req-faa85432-102f-48d1-84b9-3a9173f81f9f ] Request (ServersTestBootFromVolume:setUpClass): 200 GET http://10.180.1.21/volume/v3/volumes/a8005dca-5ba6-4345-815e-52e4a5749ce6 0.043s
2025-05-13 20:09:03.643 69876 INFO tempest.lib.common.rest_client [req-92215f40-5033-46ce-a1e4-239d4ee8c00d req-92215f40-5033-46ce-a1e4-239d4ee8c00d ] Request (FloatingIPsAssociationTestJSON:setUpClass): 200 GET http://10.180.1.21/compute/v2.1/servers/fc7ac8f4-98cb-47aa-8a39-ffdb8d63ed1e 3.047s
2025-05-13 20:09:03.661 69876 INFO tempest.common.waiters [-] State transition "BUILD/None" ==> "BUILD/spawning" after 30 second wait
2025-05-13 20:09:03.669 69868 INFO tempest.lib.common.rest_client [req-33951a23-05f7-4c57-bf01-05adb404cc4d req-33951a23-05f7-4c57-bf01-05adb404cc4d ] Request (ServerGroupTestJSON:test_create_server_with_scheduler_hint_group): 200 GET http://10.180.1.21/compute/v2.1/servers/1397327d-f815-4cf6-997f-5f658d60943f 2.912s
2025-05-13 20:09:03.716 69820 INFO tempest.lib.common.rest_client [req-f1b03a69-11f3-40e8-b5ef-e2351d95708f req-f1b03a69-11f3-40e8-b5ef-e2351d95708f ] Request (FloatingIPsNegativeTestJSON:test_allocate_floating_ip_from_nonexistent_pool): 404 POST http://10.180.1.21/compute/v2.1/os-floating-ips 2.803s
2025-05-13 20:09:03.731 69834 INFO tempest.lib.common.rest_client [req-341a35a4-af8b-4940-a75d-ae7ed246d607 req-341a35a4-af8b-4940-a75d-ae7ed246d607 ] Request (QuotasTestJSON:tearDownClass): 204 DELETE http://10.180.1.21:9696/networking/v2.0/security-groups/c28d9e33-e8fa-4053-b100-3ae3f69237b4 0.169s
2025-05-13 20:09:03.736 69838 INFO tempest.lib.common.rest_client [req-56a10ecf-98fd-4240-9d8f-e6cac26a6183 req-56a10ecf-98fd-4240-9d8f-e6cac26a6183 ] Request (VolumesAdminNegativeTest:setUpClass): 201 POST http://10.180.1.21:9696/networking/v2.0/routers 2.475s
2025-05-13 20:09:03.742 69822 INFO tempest.lib.common.rest_client [req-4aa2dd3c-fc52-48a8-b6a4-878f0e4add32 req-4aa2dd3c-fc52-48a8-b6a4-878f0e4add32 ] Request (TenantUsagesTestJSON:tearDownClass): 200 GET http://10.180.1.21/compute/v2.1/servers/c41fedc9-6b0f-4c7b-aade-cf86c61b038f 2.890s
2025-05-13 20:09:03.784 69878 WARNING tempest.lib.common.ssh [-] Failed to establish authenticated ssh connection to cirros@10.180.180.182 ([Errno None] Unable to connect to port 22 on 10.180.180.182). Number attempts: 6. Retry after 7 seconds.: paramiko.ssh_exception.NoValidConnectionsError: [Errno None] Unable to connect to port 22 on 10.180.180.182
2025-05-13 20:09:03.833 69862 INFO tempest.lib.common.rest_client [req-c7ee8f84-56ff-4ba8-8f59-46f27bb65090 req-c7ee8f84-56ff-4ba8-8f59-46f27bb65090 ] Request (ServersV294TestFqdnHostnames:setUpClass): 200 GET http://10.180.1.21/compute/v2.1/servers/adabf98b-b0bb-4b09-9f30-55a473245305 2.860s
2025-05-13 20:09:03.836 69834 INFO tempest.lib.common.rest_client [req-ae3299da-a3a4-4882-8da5-36fbfbd8ebe6 req-ae3299da-a3a4-4882-8da5-36fbfbd8ebe6 ] Request (QuotasTestJSON:tearDownClass): 204 DELETE http://10.180.1.21/identity/v3/projects/86926c3a958d4a2a95efbb9c1fcb6a7f 0.105s
2025-05-13 20:09:03.843 69862 INFO tempest.common.waiters [-] State transition "BUILD/None" ==> "BUILD/networking" after 23 second wait
2025-05-13 20:09:03.858 69855 INFO tempest.lib.common.rest_client [req-33308b7b-8c26-4b98-b024-af52cd97ac3d req-33308b7b-8c26-4b98-b024-af52cd97ac3d ] Request (ServerAddressesNegativeTestJSON:tearDownClass): 200 GET http://10.180.1.21/compute/v2.1/servers/63cab0cd-7268-4442-aa1a-e6d33cd43500 2.788s
2025-05-13 20:09:03.907 69852 INFO tempest.lib.common.rest_client [req-19a255e0-a3e9-4e17-b0ff-73a4e90253a4 req-19a255e0-a3e9-4e17-b0ff-73a4e90253a4 ] Request (InstanceActionsV221TestJSON:test_get_list_deleted_instance_actions): 200 GET http://10.180.1.21/compute/v2.1/servers/18f1088d-51b4-4553-8572-02ef5eb03ea6 2.720s
2025-05-13 20:09:03.931 69834 INFO tempest.lib.common.rest_client [req-0c05791a-3778-4e57-8bfa-778c1f640794 req-0c05791a-3778-4e57-8bfa-778c1f640794 ] Request (VolumesNegativeTest:setUpClass): 201 POST http://10.180.1.21/identity/v3/auth/tokens 0.093s
2025-05-13 20:09:03.962 69834 INFO tempest.lib.common.rest_client [req-16bf26f6-75ed-4b01-b01a-198d18d52b14 req-16bf26f6-75ed-4b01-b01a-198d18d52b14 ] Request (VolumesNegativeTest:setUpClass): 201 POST http://10.180.1.21/identity/v3/auth/tokens 0.028s
2025-05-13 20:09:03.994 69834 INFO tempest.lib.common.rest_client [req-8c215017-bdcb-4c3f-a9b1-59e161fdf7e4 req-8c215017-bdcb-4c3f-a9b1-59e161fdf7e4 ] Request (VolumesNegativeTest:setUpClass): 200 GET http://10.180.1.21/identity/v3/domains?name=Default 0.031s
2025-05-13 20:09:04.035 69834 INFO tempest.lib.common.rest_client [req-83798604-6b1c-4773-b0b7-04c4f3d15450 req-83798604-6b1c-4773-b0b7-04c4f3d15450 ] Request (VolumesNegativeTest:setUpClass): 201 POST http://10.180.1.21/identity/v3/projects 0.041s
2025-05-13 20:09:04.140 69834 INFO tempest.lib.common.rest_client [req-f998806f-d239-4b8d-81cf-db8b258e1bb9 req-f998806f-d239-4b8d-81cf-db8b258e1bb9 ] Request (VolumesNegativeTest:setUpClass): 201 POST http://10.180.1.21/identity/v3/users 0.104s
2025-05-13 20:09:04.162 69860 INFO tempest.lib.common.rest_client [req-eaf4b774-1e26-4d57-8087-998c1a598bb1 req-eaf4b774-1e26-4d57-8087-998c1a598bb1 ] Request (SecurityGroupRulesTestJSON:test_security_group_rules_create_with_optional_group_id): 200 POST http://10.180.1.21/compute/v2.1/os-security-group-rules 2.945s
2025-05-13 20:09:04.164 69860 WARNING tempest.lib.common.rest_client [-] Deprecated: "tenant_id" property is deprecated for removal, use "project_id" instead
2025-05-13 20:09:04.179 69834 INFO tempest.lib.common.rest_client [req-e8d50689-125b-453b-849a-ef671b6353fb req-e8d50689-125b-453b-849a-ef671b6353fb ] Request (VolumesNegativeTest:setUpClass): 200 GET http://10.180.1.21/identity/v3/roles 0.038s
2025-05-13 20:09:04.218 69881 INFO tempest.lib.common.rest_client [req-761afdf7-1784-4183-8742-376fb32ab2bf req-761afdf7-1784-4183-8742-376fb32ab2bf ] Request (SecurityGroupRulesNegativeTestJSON:setUpClass): 200 PUT http://10.180.1.21:9696/networking/v2.0/routers/44e8f63f-d302-4e91-8417-684e3b2842ec/add_router_interface 1.772s
2025-05-13 20:09:04.218 69881 INFO tempest.lib.common.dynamic_creds [-] Created isolated network resources for: credentials: Credentials: {'domain_id': 'default', 'domain_name': 'Default', 'username': 'tempest-SecurityGroupRulesNegativeTestJSON-54402264-project-member', 'project_domain_id': 'default', 'project_domain_name': 'Default', 'project_id': '72002e0d98724bd0a33e23355d530202', 'project_name': 'tempest-SecurityGroupRulesNegativeTestJSON-54402264', 'tenant_id': '72002e0d98724bd0a33e23355d530202', 'tenant_name': 'tempest-SecurityGroupRulesNegativeTestJSON-54402264', 'user_domain_id': 'default', 'user_domain_name': 'Default', 'user_id': '6085d239d3324e6a8bcec9e447618e68', 'system': None}, Network: {'id': '132410ec-bf6b-4819-a8ef-f03c4c2b9ec1', 'name': 'tempest-SecurityGroupRulesNegativeTestJSON-1886867913-network', 'tenant_id': '72002e0d98724bd0a33e23355d530202', 'admin_state_up': True, 'mtu': 8950, 'status': 'ACTIVE', 'subnets': [], 'shared': False, 'project_id': '72002e0d98724bd0a33e23355d530202', 'port_security_enabled': True, 'router:external': False, 'provider:network_type': 'vlan', 'provider:physical_network': 'default', 'provider:segmentation_id': 837, 'availability_zone_hints': [], 'availability_zones': [], 'ipv4_address_scope': None, 'ipv6_address_scope': None, 'description': '', 'tags': [], 'created_at': '2025-05-13T20:08:59Z', 'updated_at': '2025-05-13T20:09:00Z', 'revision_number': 1}, Subnet: {'id': '19833aa0-c054-4458-b6a0-fcd696f8a414', 'name': 'tempest-SecurityGroupRulesNegativeTestJSON-1886867913-subnet', 'tenant_id': '72002e0d98724bd0a33e23355d530202', 'network_id': '132410ec-bf6b-4819-a8ef-f03c4c2b9ec1', 'ip_version': 4, 'subnetpool_id': None, 'enable_dhcp': True, 'ipv6_ra_mode': None, 'ipv6_address_mode': None, 'gateway_ip': '192.168.128.1', 'cidr': '192.168.128.0/28', 'allocation_pools': [{'start': '192.168.128.2', 'end': '192.168.128.14'}], 'host_routes': [], 'dns_nameservers': [], 'description': '', 'router:external': False, 'service_types': [], 'tags': [], 'created_at': '2025-05-13T20:09:00Z', 'updated_at': '2025-05-13T20:09:00Z', 'revision_number': 0, 'project_id': '72002e0d98724bd0a33e23355d530202'}, Router: {'id': '44e8f63f-d302-4e91-8417-684e3b2842ec', 'name': 'tempest-SecurityGroupRulesNegativeTestJSON-1886867913-router', 'tenant_id': '72002e0d98724bd0a33e23355d530202', 'admin_state_up': True, 'status': 'ACTIVE', 'external_gateway_info': {'network_id': 'ab8cb95b-56bf-49df-8281-f4ed61b231ac', 'external_fixed_ips': [{'subnet_id': 'a402df8f-9fd2-4b96-b101-d2a46eb45891', 'ip_address': '10.180.180.133'}], 'enable_snat': True}, 'description': '', 'availability_zones': [], 'distributed': False, 'ha': False, 'availability_zone_hints': [], 'routes': [], 'flavor_id': None, 'tags': [], 'created_at': '2025-05-13T20:09:01Z', 'updated_at': '2025-05-13T20:09:01Z', 'revision_number': 2, 'project_id': '72002e0d98724bd0a33e23355d530202'}
2025-05-13 20:09:04.231 69834 INFO tempest.lib.common.rest_client [req-ae5b3a3c-580f-4d0d-90ad-793c16a86bab req-ae5b3a3c-580f-4d0d-90ad-793c16a86bab ] Request (VolumesNegativeTest:setUpClass): 204 PUT http://10.180.1.21/identity/v3/projects/17e805dfe07a4ddca53682c05aa25b18/users/76fab34f5e3c4e7ab7dc0f10c03499df/roles/49c6b3f2baa0432c94c283ab43c5b978 0.051s
2025-05-13 20:09:04.231 69834 INFO tempest.lib.common.dynamic_creds [-] Dynamic test user 76fab34f5e3c4e7ab7dc0f10c03499df is created with scope project and roles: ['member']
2025-05-13 20:09:04.231 69834 INFO tempest.lib.common.dynamic_creds [-] Acquired dynamic creds: credentials: Credentials: {'domain_id': 'default', 'domain_name': 'Default', 'username': 'tempest-VolumesNegativeTest-1295436479-project-member', 'project_domain_id': 'default', 'project_domain_name': 'Default', 'project_id': '17e805dfe07a4ddca53682c05aa25b18', 'project_name': 'tempest-VolumesNegativeTest-1295436479', 'tenant_id': '17e805dfe07a4ddca53682c05aa25b18', 'tenant_name': 'tempest-VolumesNegativeTest-1295436479', 'user_domain_id': 'default', 'user_domain_name': 'Default', 'user_id': '76fab34f5e3c4e7ab7dc0f10c03499df', 'system': None}, Network: None, Subnet: None, Router: None
2025-05-13 20:09:04.232 69834 INFO tempest.lib.common.dynamic_creds [-] Created isolated network resources for: credentials: Credentials: {'domain_id': 'default', 'domain_name': 'Default', 'username': 'tempest-VolumesNegativeTest-1295436479-project-member', 'project_domain_id': 'default', 'project_domain_name': 'Default', 'project_id': '17e805dfe07a4ddca53682c05aa25b18', 'project_name': 'tempest-VolumesNegativeTest-1295436479', 'tenant_id': '17e805dfe07a4ddca53682c05aa25b18', 'tenant_name': 'tempest-VolumesNegativeTest-1295436479', 'user_domain_id': 'default', 'user_domain_name': 'Default', 'user_id': '76fab34f5e3c4e7ab7dc0f10c03499df', 'system': None}, Network: None, Subnet: None, Router: None
2025-05-13 20:09:04.320 69881 INFO tempest.lib.common.rest_client [req-e5bf8731-0e7f-4e0f-8227-bd01ea9ee0aa req-e5bf8731-0e7f-4e0f-8227-bd01ea9ee0aa ] Request (SecurityGroupRulesNegativeTestJSON:setUpClass): 201 POST http://10.180.1.21/identity/v3/auth/tokens 0.093s
2025-05-13 20:09:04.324 69834 INFO tempest.lib.common.rest_client [req-885c8622-a1da-48c0-b2b9-ab0ad70a3d3f req-885c8622-a1da-48c0-b2b9-ab0ad70a3d3f ] Request (VolumesNegativeTest:setUpClass): 201 POST http://10.180.1.21/identity/v3/auth/tokens 0.087s
2025-05-13 20:09:04.352 69828 WARNING tempest.lib.common.ssh [-] Failed to establish authenticated ssh connection to cirros@10.180.180.208 ([Errno None] Unable to connect to port 22 on 10.180.180.208). Number attempts: 2. Retry after 3 seconds.: paramiko.ssh_exception.NoValidConnectionsError: [Errno None] Unable to connect to port 22 on 10.180.180.208
2025-05-13 20:09:04.402 69849 INFO tempest.lib.common.rest_client [req-27251297-83ac-4775-bd1d-ae000876fe3e req-27251297-83ac-4775-bd1d-ae000876fe3e ] Request (ListServersNegativeTestJSON:setUpClass): 200 GET http://10.180.1.21/compute/v2.1/servers/183f4288-45c2-4a44-826d-29767fbcc075 2.671s
2025-05-13 20:09:04.419 69849 INFO tempest.common.waiters [-] State transition "BUILD/spawning" ==> "ACTIVE/None" after 35 second wait
2025-05-13 20:09:04.563 69842 INFO tempest.lib.common.rest_client [req-eb833ea9-2026-47cb-805b-a13472e48d1a req-eb833ea9-2026-47cb-805b-a13472e48d1a ] Request (HostsAdminNegativeTestJSON:setUpClass): 200 GET http://10.180.1.21/compute/v2.1/os-hosts 2.351s
2025-05-13 20:09:04.615 69836 INFO tempest.lib.common.rest_client [req-320fc742-dc48-49fd-b5ac-18a7c06e921b req-320fc742-dc48-49fd-b5ac-18a7c06e921b ] Request (ImagesTestJSON:test_create_image_from_stopped_server): 200 GET http://10.180.1.21/compute/v2.1/images/1aace6c5-789a-45a5-9006-9cbec456090e 2.109s
2025-05-13 20:09:04.626 69824 INFO tempest.lib.common.rest_client [req-e7968056-865a-4f4f-9e62-c89bd5bee705 req-e7968056-865a-4f4f-9e62-c89bd5bee705 ] Request (ServerDiagnosticsV248Test:test_get_server_diagnostics): 200 GET http://10.180.1.21/compute/v2.1/servers/0c7c0a79-1ef0-4730-a01f-5c08586125c9/diagnostics 3.274s
2025-05-13 20:09:04.635 69866 INFO tempest.lib.common.rest_client [req-4458d433-d09e-4b06-9384-ef6acd9137f3 req-4458d433-d09e-4b06-9384-ef6acd9137f3 ] Request (FlavorsAdminTestJSON:_run_cleanups): 202 DELETE http://10.180.1.21/compute/v2.1/flavors/635243042 1.837s
2025-05-13 20:09:04.654 69840 INFO tempest.lib.common.rest_client [req-e1dc58bc-0ae6-486f-bc98-4e56f47d4140 req-e1dc58bc-0ae6-486f-bc98-4e56f47d4140 ] Request (ServersTestBootFromVolume:setUpClass): 200 GET http://10.180.1.21/volume/v3/volumes/a8005dca-5ba6-4345-815e-52e4a5749ce6 0.055s
2025-05-13 20:09:04.663 69836 INFO tempest.lib.common.rest_client [req-8923be94-68fa-48ce-a47c-eaa3a9a917ac req-8923be94-68fa-48ce-a47c-eaa3a9a917ac ] Request (ImagesTestJSON:test_create_image_from_stopped_server): 200 GET http://10.180.1.21/image/v2/images/1aace6c5-789a-45a5-9006-9cbec456090e/tasks 0.044s
2025-05-13 20:09:04.708 69856 INFO tempest.lib.common.rest_client [req-fcc46ecc-8733-48dc-96a0-9f7e57ba7ce9 req-fcc46ecc-8733-48dc-96a0-9f7e57ba7ce9 ] Request (ImagesOneServerTestJSON:test_create_image_specify_multibyte_character_image_name): 200 GET http://10.180.1.21/compute/v2.1/images/52a9cb1a-6ec7-48b3-b2ed-6acbb23eb20f 1.194s
2025-05-13 20:09:04.791 69850 INFO tempest.lib.common.rest_client [req-1fd9bbd2-3f95-46e8-9fff-45130451f262 req-1fd9bbd2-3f95-46e8-9fff-45130451f262 ] Request (ValidationResourcesFixture:setUp): 200 POST http://10.180.1.21/compute/v2.1/os-keypairs 1.832s
2025-05-13 20:09:04.799 69844 WARNING tempest.lib.common.ssh [-] Failed to establish authenticated ssh connection to cirros@10.180.180.138 ([Errno None] Unable to connect to port 22 on 10.180.180.138). Number attempts: 3. Retry after 4 seconds.: paramiko.ssh_exception.NoValidConnectionsError: [Errno None] Unable to connect to port 22 on 10.180.180.138
2025-05-13 20:09:04.825 69826 INFO tempest.lib.common.rest_client [req-99c69342-82a9-48f6-bc6a-ffdda772b778 req-99c69342-82a9-48f6-bc6a-ffdda772b778 ] Request (ServerDiagnosticsNegativeTest:test_get_server_diagnostics_by_non_admin): 200 GET http://10.180.1.21/compute/v2.1/servers/02c5c8ee-d7ae-45cb-9100-43f3267e82aa 1.178s
2025-05-13 20:09:04.867 69820 INFO tempest.lib.common.rest_client [req-ed75e4cc-9b42-41b9-9723-e32ea9e425dd req-ed75e4cc-9b42-41b9-9723-e32ea9e425dd ] Request (FloatingIPsNegativeTestJSON:test_delete_nonexistent_floating_ip): 404 DELETE http://10.180.1.21/compute/v2.1/os-floating-ips/c762d94e-c1a4-4d96-abc6-0470f041dee6 1.149s
2025-05-13 20:09:04.918 69846 INFO tempest.lib.common.rest_client [req-95f95f0b-d106-4c75-be15-4cea127aefc9 req-95f95f0b-d106-4c75-be15-4cea127aefc9 ] Request (DeleteServersAdminTestJSON:test_delete_server_while_in_error_state): 200 GET http://10.180.1.21/compute/v2.1/servers/453e1bb7-60ae-4d6d-94bb-6830ef544c16 1.266s
2025-05-13 20:09:04.925 69846 INFO tempest.common.waiters [-] State transition "BUILD/scheduling" ==> "BUILD/None" after 17 second wait
2025-05-13 20:09:04.978 69872 INFO tempest.lib.common.rest_client [req-7a68f26b-2bf5-41a6-96b3-8be9b383891f req-7a68f26b-2bf5-41a6-96b3-8be9b383891f ] Request (FloatingIPsAssociationNegativeTestJSON:tearDownClass): 200 GET http://10.180.1.21/compute/v2.1/servers/b7967fdc-15d1-4c8e-8b1a-d00bbffa9020 1.208s
2025-05-13 20:09:05.008 69882 INFO tempest.lib.common.rest_client [req-dc49460d-ce25-40af-a6e2-519162a5d7d9 req-dc49460d-ce25-40af-a6e2-519162a5d7d9 ] Request (ServersTestMultiNic:test_verify_duplicate_network_nics): 200 GET http://10.180.1.21/compute/v2.1/servers/e7c86cda-c88f-4153-b4c0-bec1305ddcb3 1.048s
2025-05-13 20:09:05.038 69838 INFO tempest.lib.common.rest_client [req-427cf928-ee75-4bf8-b8fa-366e05ebada7 req-427cf928-ee75-4bf8-b8fa-366e05ebada7 ] Request (VolumesAdminNegativeTest:setUpClass): 200 PUT http://10.180.1.21:9696/networking/v2.0/routers/ee213fa0-57c2-4e08-ac23-24931d2fc4c8/add_router_interface 1.301s
2025-05-13 20:09:05.038 69838 INFO tempest.lib.common.dynamic_creds [-] Created isolated network resources for: credentials: Credentials: {'domain_id': 'default', 'domain_name': 'Default', 'username': 'tempest-VolumesAdminNegativeTest-686204847-project-admin', 'project_domain_id': 'default', 'project_domain_name': 'Default', 'project_id': 'fff6f96858d64387bc8ca11a4170035d', 'project_name': 'tempest-VolumesAdminNegativeTest-686204847', 'tenant_id': 'fff6f96858d64387bc8ca11a4170035d', 'tenant_name': 'tempest-VolumesAdminNegativeTest-686204847', 'user_domain_id': 'default', 'user_domain_name': 'Default', 'user_id': '408161958019401f81ee40696d54a943', 'system': None}, Network: {'id': '2cac9fbb-ca0d-4cf5-b61c-3518ad96bcb7', 'name': 'tempest-VolumesAdminNegativeTest-1694769609-network', 'tenant_id': 'fff6f96858d64387bc8ca11a4170035d', 'admin_state_up': True, 'mtu': 8950, 'status': 'ACTIVE', 'subnets': [], 'shared': False, 'project_id': 'fff6f96858d64387bc8ca11a4170035d', 'port_security_enabled': True, 'router:external': False, 'provider:network_type': 'vlan', 'provider:physical_network': 'default', 'provider:segmentation_id': 859, 'availability_zone_hints': [], 'availability_zones': [], 'ipv4_address_scope': None, 'ipv6_address_scope': None, 'description': '', 'tags': [], 'created_at': '2025-05-13T20:09:00Z', 'updated_at': '2025-05-13T20:09:00Z', 'revision_number': 1}, Subnet: {'id': 'b7de47ad-dcea-4867-96cd-7ef82ea77970', 'name': 'tempest-VolumesAdminNegativeTest-1694769609-subnet', 'tenant_id': 'fff6f96858d64387bc8ca11a4170035d', 'network_id': '2cac9fbb-ca0d-4cf5-b61c-3518ad96bcb7', 'ip_version': 4, 'subnetpool_id': None, 'enable_dhcp': True, 'ipv6_ra_mode': None, 'ipv6_address_mode': None, 'gateway_ip': '192.168.128.1', 'cidr': '192.168.128.0/28', 'allocation_pools': [{'start': '192.168.128.2', 'end': '192.168.128.14'}], 'host_routes': [], 'dns_nameservers': [], 'description': '', 'router:external': False, 'service_types': [], 'tags': [], 'created_at': '2025-05-13T20:09:00Z', 'updated_at': '2025-05-13T20:09:00Z', 'revision_number': 0, 'project_id': 'fff6f96858d64387bc8ca11a4170035d'}, Router: {'id': 'ee213fa0-57c2-4e08-ac23-24931d2fc4c8', 'name': 'tempest-VolumesAdminNegativeTest-1694769609-router', 'tenant_id': 'fff6f96858d64387bc8ca11a4170035d', 'admin_state_up': True, 'status': 'ACTIVE', 'external_gateway_info': {'network_id': 'ab8cb95b-56bf-49df-8281-f4ed61b231ac', 'external_fixed_ips': [{'subnet_id': 'a402df8f-9fd2-4b96-b101-d2a46eb45891', 'ip_address': '10.180.180.180'}], 'enable_snat': True}, 'description': '', 'availability_zones': [], 'distributed': False, 'ha': False, 'availability_zone_hints': [], 'routes': [], 'flavor_id': None, 'tags': [], 'created_at': '2025-05-13T20:09:01Z', 'updated_at': '2025-05-13T20:09:02Z', 'revision_number': 2, 'project_id': 'fff6f96858d64387bc8ca11a4170035d'}
2025-05-13 20:09:05.046 69850 INFO tempest.lib.common.rest_client [req-1fd9ec89-2c5f-42dc-a820-7b6121dd7ef7 req-1fd9ec89-2c5f-42dc-a820-7b6121dd7ef7 ] Request (ValidationResourcesFixture:setUp): 201 POST http://10.180.1.21:9696/networking/v2.0/security-groups 0.249s
2025-05-13 20:09:05.084 69870 INFO tempest.lib.common.rest_client [req-dc7142cb-e517-4bf5-b98d-b3c65a6bbd9e req-dc7142cb-e517-4bf5-b98d-b3c65a6bbd9e ] Request (ServerDiskConfigTestJSON:test_rebuild_server_with_manual_disk_config): 200 GET http://10.180.1.21/compute/v2.1/servers/8fcf7408-4fd0-4e38-b162-94603fb4594c 1.027s
2025-05-13 20:09:05.138 69838 INFO tempest.lib.common.rest_client [req-14319c5d-a718-4d9a-940b-a28d2a88c20d req-14319c5d-a718-4d9a-940b-a28d2a88c20d ] Request (VolumesAdminNegativeTest:setUpClass): 201 POST http://10.180.1.21/identity/v3/auth/tokens 0.095s
2025-05-13 20:09:05.158 69850 INFO tempest.lib.common.rest_client [req-152c61b3-9431-48b2-b04a-b574a3d375ba req-152c61b3-9431-48b2-b04a-b574a3d375ba ] Request (ValidationResourcesFixture:setUp): 201 POST http://10.180.1.21:9696/networking/v2.0/security-group-rules 0.111s
2025-05-13 20:09:05.291 69850 INFO tempest.lib.common.rest_client [req-8fd49265-395e-44a7-a56f-4e30083f23f9 req-8fd49265-395e-44a7-a56f-4e30083f23f9 ] Request (ValidationResourcesFixture:setUp): 201 POST http://10.180.1.21:9696/networking/v2.0/security-group-rules 0.132s
2025-05-13 20:09:05.425 69858 INFO tempest.lib.common.rest_client [req-98b9fce5-5469-4776-acf9-62715415aa7b req-98b9fce5-5469-4776-acf9-62715415aa7b ] Request (MigrationsAdminTest:test_list_migrations_in_flavor_resize_situation): 200 GET http://10.180.1.21/compute/v2.1/servers/5706f0bc-dc72-43db-a689-2003181f0bc6 1.340s
2025-05-13 20:09:05.518 69860 INFO tempest.lib.common.rest_client [req-164e26d1-83e2-4b89-9f66-0285cde873af req-164e26d1-83e2-4b89-9f66-0285cde873af ] Request (SecurityGroupRulesTestJSON:test_security_group_rules_delete_when_peer_group_deleted): 200 POST http://10.180.1.21/compute/v2.1/os-security-groups 1.351s
2025-05-13 20:09:05.521 69832 INFO tempest.lib.common.rest_client [req-d3a5c157-2c0e-4688-82e0-306c6f05dd07 req-d3a5c157-2c0e-4688-82e0-306c6f05dd07 ] Request (ServerRescueNegativeTestJSON:setUpClass): 200 GET http://10.180.1.21/compute/v2.1/servers/fa357787-fea1-488c-b7dd-c717f783011f 1.297s
2025-05-13 20:09:05.561 69834 INFO tempest.lib.common.rest_client [req-d265075f-1359-416e-9379-3a09830ce7d3 req-d265075f-1359-416e-9379-3a09830ce7d3 ] Request (VolumesNegativeTest:test_create_volume_with_invalid_size): 400 POST http://10.180.1.21/compute/v2.1/os-volumes 1.234s
2025-05-13 20:09:05.632 69830 INFO tempest.lib.common.rest_client [req-7400eefb-89fa-4331-8c53-8b91182e60ac req-7400eefb-89fa-4331-8c53-8b91182e60ac ] Request (ServersAdminNegativeTestJSON:test_migrate_server_invalid_state): 200 GET http://10.180.1.21/compute/v2.1/servers/6ecb2892-9f7f-4ee5-83c4-9a3dc661bdc6 1.302s
2025-05-13 20:09:05.708 69840 INFO tempest.lib.common.rest_client [req-3d1c469e-07a6-4851-aa58-830f888685eb req-3d1c469e-07a6-4851-aa58-830f888685eb ] Request (ServersTestBootFromVolume:setUpClass): 200 GET http://10.180.1.21/volume/v3/volumes/a8005dca-5ba6-4345-815e-52e4a5749ce6 0.038s
2025-05-13 20:09:05.834 69850 INFO tempest.lib.common.rest_client [req-c4febcd4-3177-4437-b8fb-ff6f95b197a4 req-c4febcd4-3177-4437-b8fb-ff6f95b197a4 ] Request (ValidationResourcesFixture:setUp): 201 POST http://10.180.1.21:9696/networking/v2.0/floatingips 0.543s
2025-05-13 20:09:05.874 69850 INFO tempest.lib.common.rest_client [req-2e246486-9c93-4418-9d6a-58dd8fd78291 req-2e246486-9c93-4418-9d6a-58dd8fd78291 ] Request (AttachInterfacesUnderV243Test:test_add_remove_fixed_ip): 201 POST http://10.180.1.21/identity/v3/auth/tokens 0.036s
2025-05-13 20:09:05.875 69850 INFO tempest.lib.common.fixed_network [-] (AttachInterfacesUnderV243Test:test_add_remove_fixed_ip) Found network {'id': '03bffb52-38b0-488a-9ad1-fd083ab410f4', 'name': 'tempest-AttachInterfacesUnderV243Test-1312428973-network', 'tenant_id': '907ade8b78094d37b2a1c3a26364a4f3', 'admin_state_up': True, 'mtu': 8950, 'status': 'ACTIVE', 'subnets': [], 'shared': False, 'project_id': '907ade8b78094d37b2a1c3a26364a4f3', 'port_security_enabled': True, 'router:external': False, 'provider:network_type': 'vlan', 'provider:physical_network': 'default', 'provider:segmentation_id': 936, 'availability_zone_hints': [], 'availability_zones': [], 'ipv4_address_scope': None, 'ipv6_address_scope': None, 'description': '', 'tags': [], 'created_at': '2025-05-13T20:08:58Z', 'updated_at': '2025-05-13T20:08:58Z', 'revision_number': 1} available for tenant
2025-05-13 20:09:05.879 69849 INFO tempest.lib.common.rest_client [req-6b495b07-3238-4aad-897a-a49120d6101e req-6b495b07-3238-4aad-897a-a49120d6101e ] Request (ListServersNegativeTestJSON:setUpClass): 200 GET http://10.180.1.21/compute/v2.1/servers/ce838b7e-cf12-41df-8b1d-2101a39191de 1.458s
2025-05-13 20:09:05.904 69881 INFO tempest.lib.common.rest_client [req-663b4462-b50f-4b6c-acd5-611ccd0fc611 req-663b4462-b50f-4b6c-acd5-611ccd0fc611 ] Request (SecurityGroupRulesNegativeTestJSON:test_create_security_group_rule_duplicate): 200 POST http://10.180.1.21/compute/v2.1/os-security-groups 1.583s
2025-05-13 20:09:05.935 69866 INFO tempest.lib.common.rest_client [req-95728d6c-703a-43ae-982d-bfab8ab91bf2 req-95728d6c-703a-43ae-982d-bfab8ab91bf2 ] Request (FlavorsAdminTestJSON:_run_cleanups): 200 GET http://10.180.1.21/compute/v2.1/flavors/detail 1.299s
