2025-05-13 20:10:38.143 69870 INFO tempest.lib.common.rest_client [req-5bc169a0-2d5a-4682-a11a-e641f20cc3e7 req-5bc169a0-2d5a-4682-a11a-e641f20cc3e7 ] Request (ServerDiskConfigTestJSON:test_resize_server_from_auto_to_manual): 200 GET http://10.180.1.21/compute/v2.1/servers/3a61f848-0402-4aad-a007-e630c8a2f08b 0.093s
2025-05-13 20:10:38.165 69864 INFO tempest.lib.common.rest_client [req-8d0ba668-abad-4e7c-ad9c-6d027c5ef71a req-8d0ba668-abad-4e7c-ad9c-6d027c5ef71a ] Request (HostsAdminTestJSON:test_list_hosts_with_zone): 200 GET http://10.180.1.21/compute/v2.1/os-hosts 0.083s
2025-05-13 20:10:38.227 69826 INFO tempest.lib.common.rest_client [req-ae33609f-344d-41a9-8942-7ad490bdd5a3 req-ae33609f-344d-41a9-8942-7ad490bdd5a3 ] Request (ServerDiagnosticsNegativeTest:tearDownClass): 204 DELETE http://10.180.1.21/identity/v3/projects/1253968810834df6919f30f62439e8a0 0.135s
2025-05-13 20:10:38.227 69826 INFO tempest.lib.common.dynamic_creds [-] Deleting project and security group for project: c9b46f237c38413c9bf40ff8857a5d0e
2025-05-13 20:10:38.231 69866 INFO tempest.lib.common.rest_client [req-6a677044-fc22-4634-8c55-03fa64086f5b req-6a677044-fc22-4634-8c55-03fa64086f5b ] Request (AttachVolumeNegativeTest:test_attach_attached_volume_to_different_server): 200 GET http://10.180.1.21/compute/v2.1/servers/c802d45a-0077-43b6-902c-9c88a70f48f1 0.107s
2025-05-13 20:10:38.234 69830 INFO tempest.lib.common.rest_client [req-00fb264f-c983-45af-b1da-b99541a22888 req-00fb264f-c983-45af-b1da-b99541a22888 ] Request (ServersAdminNegativeTestJSON:tearDownClass): 200 GET http://10.180.1.21/compute/v2.1/servers/6ecb2892-9f7f-4ee5-83c4-9a3dc661bdc6 0.177s
2025-05-13 20:10:38.258 69864 INFO tempest.lib.common.rest_client [req-65e830d0-bcff-4d02-8adb-6ffbf8851407 req-65e830d0-bcff-4d02-8adb-6ffbf8851407 ] Request (HostsAdminTestJSON:test_list_hosts_with_zone): 200 GET http://10.180.1.21/compute/v2.1/os-hosts?zone=internal 0.091s
2025-05-13 20:10:38.271 69826 INFO tempest.lib.common.rest_client [req-4a23f456-4a4e-4560-ac95-f558fbebd64e req-4a23f456-4a4e-4560-ac95-f558fbebd64e ] Request (ServerDiagnosticsNegativeTest:tearDownClass): 200 GET http://10.180.1.21:9696/networking/v2.0/security-groups?tenant_id=c9b46f237c38413c9bf40ff8857a5d0e&name=default 0.043s
2025-05-13 20:10:38.295 69875 INFO tempest.lib.common.rest_client [req-0161067a-5fb8-4296-8bcc-d6188c6440e1 req-0161067a-5fb8-4296-8bcc-d6188c6440e1 ] Request (AttachInterfacesTestJSON:test_create_list_show_delete_interfaces_by_network_port): 200 GET http://10.180.1.21/compute/v2.1/servers/df98100b-1fa5-44f4-89dc-8a78e379cd4a 0.166s
2025-05-13 20:10:38.317 69856 INFO tempest.lib.common.rest_client [req-4d66763e-9021-4b03-ad49-5d6c9eefa3c5 req-4d66763e-9021-4b03-ad49-5d6c9eefa3c5 ] Request (AttachVolumeTestJSON:test_attach_detach_volume): 200 GET http://10.180.1.21/compute/v2.1/servers/8fa184f9-ad9f-4d12-8f86-7ccd6833f215 0.143s
2025-05-13 20:10:38.365 69824 INFO tempest.lib.common.rest_client [req-8a237400-c8d6-4799-bd5b-963a976cc58a req-8a237400-c8d6-4799-bd5b-963a976cc58a ] Request (ServersAdminTestJSON:setUpClass): 200 GET http://10.180.1.21/compute/v2.1/servers/8d6007e6-1e39-4ff9-8128-30d979346266 0.180s
2025-05-13 20:10:38.381 69820 INFO tempest.lib.common.rest_client [req-41d333b2-cf8c-4744-9bae-c008fc9f962a req-41d333b2-cf8c-4744-9bae-c008fc9f962a ] Request (ServersNegativeTestJSON:setUpClass): 200 GET http://10.180.1.21/compute/v2.1/servers/edd99d57-e258-4888-845b-80da2cda5f2f 0.157s
2025-05-13 20:10:38.388 69864 INFO tempest.lib.common.rest_client [req-152b04f8-3d27-46f7-91c0-809ea7baef43 req-152b04f8-3d27-46f7-91c0-809ea7baef43 ] Request (HostsAdminTestJSON:test_show_host_detail): 200 GET http://10.180.1.21/compute/v2.1/os-hosts 0.127s
2025-05-13 20:10:38.413 69826 INFO tempest.lib.common.rest_client [req-2989eaa7-3530-4f7e-91ae-a3d60d71e6c7 req-2989eaa7-3530-4f7e-91ae-a3d60d71e6c7 ] Request (ServerDiagnosticsNegativeTest:tearDownClass): 204 DELETE http://10.180.1.21:9696/networking/v2.0/security-groups/378e4251-ff58-4c11-81e0-57e7d2509426 0.138s
2025-05-13 20:10:38.454 69822 INFO tempest.lib.common.rest_client [req-f51169ce-59fa-49b7-a423-24bd4a43a97e req-f51169ce-59fa-49b7-a423-24bd4a43a97e ] Request (ListImageFiltersTestJSON:setUpClass): 200 GET http://10.180.1.21/compute/v2.1/servers/cc67b150-34c2-4081-8c4a-09ab5d78c1e9 0.172s
2025-05-13 20:10:38.468 69846 INFO tempest.lib.common.rest_client [req-571f6de9-242b-411b-8c4d-ea3e1cd16fdc req-571f6de9-242b-411b-8c4d-ea3e1cd16fdc ] Request (DeleteServersAdminTestJSON:test_delete_server_while_in_error_state): 200 GET http://10.180.1.21/compute/v2.1/servers/453e1bb7-60ae-4d6d-94bb-6830ef544c16 0.201s
2025-05-13 20:10:38.524 69849 INFO tempest.lib.common.rest_client [req-191e7550-82cc-4319-af08-fcfefd9ae201 req-191e7550-82cc-4319-af08-fcfefd9ae201 ] Request (ListServersNegativeTestJSON:tearDownClass): 200 GET http://10.180.1.21/compute/v2.1/servers/e1c88163-e975-4d2c-84e0-98e30a6cbee6 0.135s
2025-05-13 20:10:38.571 69864 INFO tempest.lib.common.rest_client [req-cc78ceb0-1a32-434f-8774-aa43aa7c3e02 req-cc78ceb0-1a32-434f-8774-aa43aa7c3e02 ] Request (HostsAdminTestJSON:test_show_host_detail): 200 GET http://10.180.1.21/compute/v2.1/os-hosts/cpu-1 0.182s
2025-05-13 20:10:38.579 69826 INFO tempest.lib.common.rest_client [req-e69c640a-1570-4943-a8bb-0340cba68733 req-e69c640a-1570-4943-a8bb-0340cba68733 ] Request (ServerDiagnosticsNegativeTest:tearDownClass): 204 DELETE http://10.180.1.21/identity/v3/projects/c9b46f237c38413c9bf40ff8857a5d0e 0.166s
2025-05-13 20:10:38.646 69826 INFO tempest.lib.common.rest_client [req-28bc6420-8709-46fa-9697-21b092801010 req-28bc6420-8709-46fa-9697-21b092801010 ] Request (ServicesAdminNegativeV253TestJSON:setUpClass): 201 POST http://10.180.1.21/identity/v3/auth/tokens 0.065s
2025-05-13 20:10:38.651 69876 INFO tempest.lib.common.rest_client [req-abe089fd-1865-4f9a-b0fb-8df621cc88ec req-abe089fd-1865-4f9a-b0fb-8df621cc88ec ] Request (FloatingIPsAssociationTestJSON:test_associate_already_associated_floating_ip): 200 GET http://10.180.1.21/compute/v2.1/servers/96501d38-df12-496f-b7da-7787298bbec2 0.225s
2025-05-13 20:10:38.652 69842 INFO tempest.lib.common.rest_client [req-3ba76d83-ccab-4972-b58c-8b0a4a860a28 req-3ba76d83-ccab-4972-b58c-8b0a4a860a28 ] Request (ServerPasswordTestJSON:setUpClass): 200 GET http://10.180.1.21/compute/v2.1/servers/b635cbd6-ca97-421e-98b5-30707a687dfc 0.214s
2025-05-13 20:10:38.683 69826 INFO tempest.lib.common.rest_client [req-600ff280-1854-4b2f-89d3-389c97bd6e42 req-600ff280-1854-4b2f-89d3-389c97bd6e42 ] Request (ServicesAdminNegativeV253TestJSON:setUpClass): 201 POST http://10.180.1.21/identity/v3/auth/tokens 0.034s
2025-05-13 20:10:38.728 69860 INFO tempest.lib.common.rest_client [req-f6cb771b-ff23-4184-8b33-19a2a8a35a8c req-f6cb771b-ff23-4184-8b33-19a2a8a35a8c ] Request (ServerActionsV293TestJSON:setUpClass): 200 GET http://10.180.1.21/compute/v2.1/servers/d3811fd9-69a3-48f0-9e4d-abc16ca9d5ee 0.211s
2025-05-13 20:10:38.731 69864 INFO tempest.lib.common.rest_client [req-d4b81232-c28d-4a05-b070-dda3a770c16e req-d4b81232-c28d-4a05-b070-dda3a770c16e ] Request (HostsAdminTestJSON:tearDownClass): 204 DELETE http://10.180.1.21/identity/v3/users/908905f408654f7ea02dc111771843b2 0.156s
2025-05-13 20:10:38.734 69852 INFO tempest.lib.common.rest_client [req-d7f4a9d3-ae86-4660-ab59-21bf250d7772 req-d7f4a9d3-ae86-4660-ab59-21bf250d7772 ] Request (InstanceActionsV221TestJSON:test_get_list_deleted_instance_actions): 200 GET http://10.180.1.21/compute/v2.1/servers/18f1088d-51b4-4553-8572-02ef5eb03ea6 0.237s
2025-05-13 20:10:38.772 69826 INFO tempest.lib.common.rest_client [req-bb217c0c-8cca-4f9b-a0d6-5cb69e358c6a req-bb217c0c-8cca-4f9b-a0d6-5cb69e358c6a ] Request (ServicesAdminNegativeV253TestJSON:setUpClass): 200 GET http://10.180.1.21/identity/v3/domains?name=Default 0.089s
2025-05-13 20:10:38.801 69832 INFO tempest.lib.common.rest_client [req-b38eaa33-f221-4888-a2da-f0e47309f8fe req-b38eaa33-f221-4888-a2da-f0e47309f8fe ] Request (ServerRescueNegativeTestJSON:test_rescued_vm_detach_volume): 200 GET http://10.180.1.21/compute/v2.1/servers/03a9b1d5-6879-4417-a856-3f1e0a7eb21f 0.233s
2025-05-13 20:10:38.814 69868 INFO tempest.lib.common.rest_client [req-5c5f3801-5dfe-46d1-aa04-236ea13f170b req-5c5f3801-5dfe-46d1-aa04-236ea13f170b ] Request (ServerGroupTestJSON:_run_cleanups): 200 GET http://10.180.1.21/compute/v2.1/servers/1397327d-f815-4cf6-997f-5f658d60943f 0.258s
2025-05-13 20:10:38.830 69826 INFO tempest.lib.common.rest_client [req-d8663071-ffa2-43eb-94b5-8a0af0a8a6d4 req-d8663071-ffa2-43eb-94b5-8a0af0a8a6d4 ] Request (ServicesAdminNegativeV253TestJSON:setUpClass): 201 POST http://10.180.1.21/identity/v3/projects 0.052s
2025-05-13 20:10:38.868 69864 INFO tempest.lib.common.rest_client [req-dfd9c5ea-e849-40ab-8efb-e29e53c3195d req-dfd9c5ea-e849-40ab-8efb-e29e53c3195d ] Request (HostsAdminTestJSON:tearDownClass): 204 DELETE http://10.180.1.21/identity/v3/users/0c5779e912ba4377b495e7ea35f0d8ac 0.137s
2025-05-13 20:10:38.869 69864 INFO tempest.lib.common.dynamic_creds [-] Deleting project and security group for project: 5d17e9c61f024a14b5a2804890406c99
2025-05-13 20:10:38.869 69872 INFO tempest.lib.common.rest_client [req-682f41ed-68b3-49b1-9063-47b93a875ec9 req-682f41ed-68b3-49b1-9063-47b93a875ec9 ] Request (SecurityGroupsTestJSON:test_list_security_groups_by_server): 200 GET http://10.180.1.21/compute/v2.1/servers/d9e664eb-dc03-44dd-a0d6-53f29c4ce25c 0.245s
2025-05-13 20:10:38.894 69862 INFO tempest.lib.common.rest_client [req-95ed5313-8792-4687-8881-7c41efc1af3e req-95ed5313-8792-4687-8881-7c41efc1af3e ] Request (ServersV294TestFqdnHostnames:tearDownClass): 200 GET http://10.180.1.21/compute/v2.1/servers/adabf98b-b0bb-4b09-9f30-55a473245305 0.270s
2025-05-13 20:10:38.940 69826 INFO tempest.lib.common.rest_client [req-805822b4-01fa-4f7d-be20-fdb188e9e6a7 req-805822b4-01fa-4f7d-be20-fdb188e9e6a7 ] Request (ServicesAdminNegativeV253TestJSON:setUpClass): 201 POST http://10.180.1.21/identity/v3/users 0.110s
2025-05-13 20:10:38.944 69844 INFO tempest.lib.common.rest_client [req-00b193b9-2c7c-42af-b3d9-232bed3578bb req-00b193b9-2c7c-42af-b3d9-232bed3578bb ] Request (ServersTestJSON:tearDownClass): 200 GET http://10.180.1.21/compute/v2.1/servers/d505f6a6-8db2-4835-ac1c-74b30a09b2aa 0.218s
2025-05-13 20:10:38.949 69864 INFO tempest.lib.common.rest_client [req-d2f60b64-894f-4814-a1f5-0ba0acf65ad0 req-d2f60b64-894f-4814-a1f5-0ba0acf65ad0 ] Request (HostsAdminTestJSON:tearDownClass): 201 POST http://10.180.1.21/identity/v3/auth/tokens 0.080s
2025-05-13 20:10:38.970 69855 INFO tempest.lib.common.rest_client [req-e4615a3b-6a1f-4de9-94fb-b2c9658531ee req-e4615a3b-6a1f-4de9-94fb-b2c9658531ee ] Request (ServerMetadataNegativeTestJSON:setUpClass): 200 GET http://10.180.1.21/compute/v2.1/servers/04fecfee-d2a7-42c0-b301-03fa3752c32a 0.136s
2025-05-13 20:10:38.975 69826 INFO tempest.lib.common.rest_client [req-5c8a4582-e659-477c-8b31-aa64cda268f7 req-5c8a4582-e659-477c-8b31-aa64cda268f7 ] Request (ServicesAdminNegativeV253TestJSON:setUpClass): 200 GET http://10.180.1.21/identity/v3/roles 0.034s
2025-05-13 20:10:39.004 69826 INFO tempest.lib.common.rest_client [req-d75e630b-660d-4b02-aa6f-0413716b61ca req-d75e630b-660d-4b02-aa6f-0413716b61ca ] Request (ServicesAdminNegativeV253TestJSON:setUpClass): 204 PUT http://10.180.1.21/identity/v3/projects/5d20190a32eb474d9875d9aa0fd77753/users/f306fccebb7b4a3fac0f444c1e8a48ce/roles/49c6b3f2baa0432c94c283ab43c5b978 0.028s
2025-05-13 20:10:39.004 69826 INFO tempest.lib.common.dynamic_creds [-] Dynamic test user f306fccebb7b4a3fac0f444c1e8a48ce is created with scope project and roles: ['member']
2025-05-13 20:10:39.004 69826 INFO tempest.lib.common.dynamic_creds [-] Acquired dynamic creds: credentials: Credentials: {'domain_id': 'default', 'domain_name': 'Default', 'username': 'tempest-ServicesAdminNegativeV253TestJSON-999222568-project-member', 'project_domain_id': 'default', 'project_domain_name': 'Default', 'project_id': '5d20190a32eb474d9875d9aa0fd77753', 'project_name': 'tempest-ServicesAdminNegativeV253TestJSON-999222568', 'tenant_id': '5d20190a32eb474d9875d9aa0fd77753', 'tenant_name': 'tempest-ServicesAdminNegativeV253TestJSON-999222568', 'user_domain_id': 'default', 'user_domain_name': 'Default', 'user_id': 'f306fccebb7b4a3fac0f444c1e8a48ce', 'system': None}, Network: None, Subnet: None, Router: None
2025-05-13 20:10:39.005 69826 INFO tempest.lib.common.dynamic_creds [-] Created isolated network resources for: credentials: Credentials: {'domain_id': 'default', 'domain_name': 'Default', 'username': 'tempest-ServicesAdminNegativeV253TestJSON-999222568-project-member', 'project_domain_id': 'default', 'project_domain_name': 'Default', 'project_id': '5d20190a32eb474d9875d9aa0fd77753', 'project_name': 'tempest-ServicesAdminNegativeV253TestJSON-999222568', 'tenant_id': '5d20190a32eb474d9875d9aa0fd77753', 'tenant_name': 'tempest-ServicesAdminNegativeV253TestJSON-999222568', 'user_domain_id': 'default', 'user_domain_name': 'Default', 'user_id': 'f306fccebb7b4a3fac0f444c1e8a48ce', 'system': None}, Network: None, Subnet: None, Router: None
2025-05-13 20:10:39.030 69858 INFO tempest.lib.common.rest_client [req-583192b7-393a-40d9-9d17-5816f86b1800 req-583192b7-393a-40d9-9d17-5816f86b1800 ] Request (MigrationsAdminTest:test_resize_server_revert_deleted_flavor): 200 GET http://10.180.1.21/compute/v2.1/servers/e895a69f-dea3-4d2f-8633-ff7ce936b352 0.098s
2025-05-13 20:10:39.089 69826 INFO tempest.lib.common.rest_client [req-87cbfc46-92a8-4712-a650-14bf4ca02dae req-87cbfc46-92a8-4712-a650-14bf4ca02dae ] Request (ServicesAdminNegativeV253TestJSON:setUpClass): 201 POST http://10.180.1.21/identity/v3/auth/tokens 0.080s
2025-05-13 20:10:39.091 69882 INFO tempest.lib.common.rest_client [req-b8b52979-fd3a-496e-bc9c-6d03de95473a req-b8b52979-fd3a-496e-bc9c-6d03de95473a ] Request (ServersTestMultiNic:test_verify_multiple_nics_order): 200 GET http://10.180.1.21/compute/v2.1/servers/f6db8a59-c17f-4f40-8574-1dc84c711505 0.106s
2025-05-13 20:10:39.110 69840 INFO tempest.lib.common.rest_client [req-5d4a3ef0-8947-4b38-a003-9a0c2fa67596 req-5d4a3ef0-8947-4b38-a003-9a0c2fa67596 ] Request (ServersTestBootFromVolume:setUpClass): 200 GET http://10.180.1.21/compute/v2.1/servers/de0064a5-c6c0-48af-90c6-52a65602aa08 0.238s
2025-05-13 20:10:39.161 69836 INFO tempest.lib.common.rest_client [req-0e754171-1251-45f5-af4b-d859f211f640 req-0e754171-1251-45f5-af4b-d859f211f640 ] Request (ImagesTestJSON:test_create_image_from_suspended_server): 200 GET http://10.180.1.21/compute/v2.1/images/1658007f-237f-4c6b-8116-afc6eadefc3f 0.158s
2025-05-13 20:10:39.178 69881 INFO tempest.lib.common.rest_client [req-7e357f14-c940-49ff-91d9-8c0be408fe6d req-7e357f14-c940-49ff-91d9-8c0be408fe6d ] Request (ServerMetadataTestJSON:setUpClass): 200 GET http://10.180.1.21/compute/v2.1/servers/ba108cb7-dd3e-431d-9052-98eb9277101a 0.110s
2025-05-13 20:10:39.191 69826 INFO tempest.lib.common.rest_client [req-57ede8b2-51b3-4382-adf6-bf56999c731d req-57ede8b2-51b3-4382-adf6-bf56999c731d ] Request (ServicesAdminNegativeV253TestJSON:setUpClass): 201 POST http://10.180.1.21/identity/v3/projects 0.101s
2025-05-13 20:10:39.259 69870 INFO tempest.lib.common.rest_client [req-121d36b7-9a77-421e-9be1-2e9f3ab8a139 req-121d36b7-9a77-421e-9be1-2e9f3ab8a139 ] Request (ServerDiskConfigTestJSON:test_resize_server_from_auto_to_manual): 200 GET http://10.180.1.21/compute/v2.1/servers/3a61f848-0402-4aad-a007-e630c8a2f08b 0.102s
2025-05-13 20:10:39.262 69864 INFO tempest.lib.common.rest_client [req-4a708d84-a709-45a6-844b-2fb16b740733 req-4a708d84-a709-45a6-844b-2fb16b740733 ] Request (HostsAdminTestJSON:tearDownClass): 200 GET http://10.180.1.21:9696/networking/v2.0/security-groups?tenant_id=5d17e9c61f024a14b5a2804890406c99&name=default 0.313s
2025-05-13 20:10:39.284 69826 INFO tempest.lib.common.rest_client [req-5635032a-f1fc-4a05-892a-e8216e8d822b req-5635032a-f1fc-4a05-892a-e8216e8d822b ] Request (ServicesAdminNegativeV253TestJSON:setUpClass): 201 POST http://10.180.1.21/identity/v3/users 0.092s
2025-05-13 20:10:39.302 69878 INFO tempest.lib.common.rest_client [req-21f1a431-6298-4439-b74f-07795328be2f req-21f1a431-6298-4439-b74f-07795328be2f ] Request (ServerActionsTestOtherB:test_resize_server_confirm_from_stopped): 200 GET http://10.180.1.21/compute/v2.1/servers/9c7eb62e-b80b-4faa-b499-9e886a918114 0.154s
2025-05-13 20:10:39.318 69826 INFO tempest.lib.common.rest_client [req-638eba8c-0b99-475f-8038-1a0e19ef6768 req-638eba8c-0b99-475f-8038-1a0e19ef6768 ] Request (ServicesAdminNegativeV253TestJSON:setUpClass): 200 GET http://10.180.1.21/identity/v3/roles 0.034s
2025-05-13 20:10:39.330 69866 INFO tempest.lib.common.rest_client [req-160b8774-67ae-4377-80dd-4b503a02c3e1 req-160b8774-67ae-4377-80dd-4b503a02c3e1 ] Request (AttachVolumeNegativeTest:test_attach_attached_volume_to_different_server): 200 GET http://10.180.1.21/compute/v2.1/servers/c802d45a-0077-43b6-902c-9c88a70f48f1 0.091s
2025-05-13 20:10:39.332 69838 WARNING tempest.lib.common.ssh [-] Failed to establish authenticated ssh connection to cirros@10.180.180.166 ([Errno None] Unable to connect to port 22 on 10.180.180.166). Number attempts: 4. Retry after 5 seconds.: paramiko.ssh_exception.NoValidConnectionsError: [Errno None] Unable to connect to port 22 on 10.180.180.166
2025-05-13 20:10:39.346 69826 INFO tempest.lib.common.rest_client [req-3ade7076-0c60-43be-b058-3085b9d1de05 req-3ade7076-0c60-43be-b058-3085b9d1de05 ] Request (ServicesAdminNegativeV253TestJSON:setUpClass): 204 PUT http://10.180.1.21/identity/v3/projects/2729c1dda86c44849223a092108758e6/users/a8a93b0ae0354fa387d7890315e1ca44/roles/2f70227085e241299ab04d722acca447 0.028s
2025-05-13 20:10:39.373 69830 INFO tempest.lib.common.rest_client [req-8504e86c-d05f-467b-9b5d-2db6bb588e86 req-8504e86c-d05f-467b-9b5d-2db6bb588e86 ] Request (ServersAdminNegativeTestJSON:tearDownClass): 200 GET http://10.180.1.21/compute/v2.1/servers/6ecb2892-9f7f-4ee5-83c4-9a3dc661bdc6 0.128s
2025-05-13 20:10:39.397 69875 INFO tempest.lib.common.rest_client [req-411a37b2-ff8f-4ee7-b196-db6a706abb25 req-411a37b2-ff8f-4ee7-b196-db6a706abb25 ] Request (AttachInterfacesTestJSON:test_create_list_show_delete_interfaces_by_network_port): 200 GET http://10.180.1.21/compute/v2.1/servers/df98100b-1fa5-44f4-89dc-8a78e379cd4a 0.092s
2025-05-13 20:10:39.411 69864 INFO tempest.lib.common.rest_client [req-0fd93f92-ebbd-4429-b580-57825e1589eb req-0fd93f92-ebbd-4429-b580-57825e1589eb ] Request (HostsAdminTestJSON:tearDownClass): 204 DELETE http://10.180.1.21:9696/networking/v2.0/security-groups/b54731a4-715f-4f55-bdcd-44bd342998e5 0.149s
2025-05-13 20:10:39.429 69826 INFO tempest.lib.common.rest_client [req-4856da1f-05af-4957-afee-28b9e2245358 req-4856da1f-05af-4957-afee-28b9e2245358 ] Request (ServicesAdminNegativeV253TestJSON:setUpClass): 200 GET http://10.180.1.21/identity/v3/roles 0.082s
2025-05-13 20:10:39.450 69826 INFO tempest.lib.common.rest_client [req-2c8fc4cb-a2d0-4cd0-867e-250188f42b11 req-2c8fc4cb-a2d0-4cd0-867e-250188f42b11 ] Request (ServicesAdminNegativeV253TestJSON:setUpClass): 204 PUT http://10.180.1.21/identity/v3/projects/2729c1dda86c44849223a092108758e6/users/a8a93b0ae0354fa387d7890315e1ca44/roles/2f70227085e241299ab04d722acca447 0.020s
2025-05-13 20:10:39.450 69826 INFO tempest.lib.common.dynamic_creds [-] Dynamic test user a8a93b0ae0354fa387d7890315e1ca44 is created with scope project and roles: ['admin']
2025-05-13 20:10:39.450 69826 INFO tempest.lib.common.dynamic_creds [-] Acquired dynamic creds: credentials: Credentials: {'domain_id': 'default', 'domain_name': 'Default', 'username': 'tempest-ServicesAdminNegativeV253TestJSON-1977375892-project-admin', 'project_domain_id': 'default', 'project_domain_name': 'Default', 'project_id': '2729c1dda86c44849223a092108758e6', 'project_name': 'tempest-ServicesAdminNegativeV253TestJSON-1977375892', 'tenant_id': '2729c1dda86c44849223a092108758e6', 'tenant_name': 'tempest-ServicesAdminNegativeV253TestJSON-1977375892', 'user_domain_id': 'default', 'user_domain_name': 'Default', 'user_id': 'a8a93b0ae0354fa387d7890315e1ca44', 'system': None}, Network: None, Subnet: None, Router: None
2025-05-13 20:10:39.450 69826 INFO tempest.lib.common.dynamic_creds [-] Created isolated network resources for: credentials: Credentials: {'domain_id': 'default', 'domain_name': 'Default', 'username': 'tempest-ServicesAdminNegativeV253TestJSON-1977375892-project-admin', 'project_domain_id': 'default', 'project_domain_name': 'Default', 'project_id': '2729c1dda86c44849223a092108758e6', 'project_name': 'tempest-ServicesAdminNegativeV253TestJSON-1977375892', 'tenant_id': '2729c1dda86c44849223a092108758e6', 'tenant_name': 'tempest-ServicesAdminNegativeV253TestJSON-1977375892', 'user_domain_id': 'default', 'user_domain_name': 'Default', 'user_id': 'a8a93b0ae0354fa387d7890315e1ca44', 'system': None}, Network: None, Subnet: None, Router: None
2025-05-13 20:10:39.463 69824 INFO tempest.lib.common.rest_client [req-a6fcc7f0-dd5c-4fe9-9715-8b2a9f3db6c8 req-a6fcc7f0-dd5c-4fe9-9715-8b2a9f3db6c8 ] Request (ServersAdminTestJSON:setUpClass): 200 GET http://10.180.1.21/compute/v2.1/servers/8d6007e6-1e39-4ff9-8128-30d979346266 0.090s
2025-05-13 20:10:39.469 69856 INFO tempest.lib.common.rest_client [req-317d36b6-a655-402c-8bd5-ebc1004d5751 req-317d36b6-a655-402c-8bd5-ebc1004d5751 ] Request (AttachVolumeTestJSON:test_attach_detach_volume): 200 GET http://10.180.1.21/compute/v2.1/servers/8fa184f9-ad9f-4d12-8f86-7ccd6833f215 0.142s
2025-05-13 20:10:39.521 69864 INFO tempest.lib.common.rest_client [req-92338ddb-7eec-45d7-9603-b0af6884cb46 req-92338ddb-7eec-45d7-9603-b0af6884cb46 ] Request (HostsAdminTestJSON:tearDownClass): 204 DELETE http://10.180.1.21/identity/v3/projects/5d17e9c61f024a14b5a2804890406c99 0.108s
2025-05-13 20:10:39.521 69864 INFO tempest.lib.common.dynamic_creds [-] Deleting project and security group for project: 1a35b97018dc4449aef446439b52daa3
2025-05-13 20:10:39.536 69822 INFO tempest.lib.common.rest_client [req-8528f7d6-cf0e-4411-b6ea-52cbe15dbd12 req-8528f7d6-cf0e-4411-b6ea-52cbe15dbd12 ] Request (ListImageFiltersTestJSON:setUpClass): 200 GET http://10.180.1.21/compute/v2.1/servers/cc67b150-34c2-4081-8c4a-09ab5d78c1e9 0.074s
2025-05-13 20:10:39.536 69820 INFO tempest.lib.common.rest_client [req-94d26868-c2f5-4816-b675-567e789776a8 req-94d26868-c2f5-4816-b675-567e789776a8 ] Request (ServersNegativeTestJSON:setUpClass): 200 GET http://10.180.1.21/compute/v2.1/servers/edd99d57-e258-4888-845b-80da2cda5f2f 0.146s
2025-05-13 20:10:39.561 69826 INFO tempest.lib.common.rest_client [req-777a3b5d-f42a-4ac1-a929-c828fee13909 req-777a3b5d-f42a-4ac1-a929-c828fee13909 ] Request (ServicesAdminNegativeV253TestJSON:setUpClass): 201 POST http://10.180.1.21/identity/v3/auth/tokens 0.108s
2025-05-13 20:10:39.634 69849 INFO tempest.lib.common.rest_client [req-29d8013c-445f-45f3-81a9-0ef912d5d7ef req-29d8013c-445f-45f3-81a9-0ef912d5d7ef ] Request (ListServersNegativeTestJSON:tearDownClass): 200 GET http://10.180.1.21/compute/v2.1/servers/e1c88163-e975-4d2c-84e0-98e30a6cbee6 0.102s
2025-05-13 20:10:39.643 69846 INFO tempest.lib.common.rest_client [req-9014adc7-47f3-4ece-be79-f6c62c4d9fe9 req-9014adc7-47f3-4ece-be79-f6c62c4d9fe9 ] Request (DeleteServersAdminTestJSON:test_delete_server_while_in_error_state): 200 GET http://10.180.1.21/compute/v2.1/servers/453e1bb7-60ae-4d6d-94bb-6830ef544c16 0.166s
2025-05-13 20:10:39.647 69828 WARNING tempest.lib.common.ssh [-] Failed to establish authenticated ssh connection to cirros@10.180.180.208 ([Errno None] Unable to connect to port 22 on 10.180.180.208). Number attempts: 11. Retry after 12 seconds.: paramiko.ssh_exception.NoValidConnectionsError: [Errno None] Unable to connect to port 22 on 10.180.180.208
2025-05-13 20:10:39.711 69864 INFO tempest.lib.common.rest_client [req-0c522e8d-b809-49aa-a6c1-5a99f115d8b9 req-0c522e8d-b809-49aa-a6c1-5a99f115d8b9 ] Request (HostsAdminTestJSON:tearDownClass): 200 GET http://10.180.1.21:9696/networking/v2.0/security-groups?tenant_id=1a35b97018dc4449aef446439b52daa3&name=default 0.189s
2025-05-13 20:10:39.724 69842 INFO tempest.lib.common.rest_client [req-da80ff67-1512-4049-bd2e-f4d41d032fc4 req-da80ff67-1512-4049-bd2e-f4d41d032fc4 ] Request (ServerPasswordTestJSON:setUpClass): 200 GET http://10.180.1.21/compute/v2.1/servers/b635cbd6-ca97-421e-98b5-30707a687dfc 0.065s
2025-05-13 20:10:39.730 69826 INFO tempest.lib.common.rest_client [req-ea614921-93e2-4157-81f7-75bd99700cdd req-ea614921-93e2-4157-81f7-75bd99700cdd ] Request (ServicesAdminNegativeV253TestJSON:test_disable_log_reason_with_invalid_service_id): 404 PUT http://10.180.1.21/compute/v2.1/os-services/2f523a4f-f6be-43be-b261-63cafc5bd0ed 0.167s
2025-05-13 20:10:39.750 69826 INFO tempest.lib.common.rest_client [req-9e4a4fa2-4416-468e-b0ef-6b210aa41040 req-9e4a4fa2-4416-468e-b0ef-6b210aa41040 ] Request (ServicesAdminNegativeV253TestJSON:test_disable_service_with_invalid_service_id): 404 PUT http://10.180.1.21/compute/v2.1/os-services/2f523a4f-f6be-43be-b261-63cafc5bd0ed 0.017s
2025-05-13 20:10:39.840 69852 INFO tempest.lib.common.rest_client [req-9b40aca9-e5f3-42aa-9c96-8c4892147e15 req-9b40aca9-e5f3-42aa-9c96-8c4892147e15 ] Request (InstanceActionsV221TestJSON:test_get_list_deleted_instance_actions): 200 GET http://10.180.1.21/compute/v2.1/servers/18f1088d-51b4-4553-8572-02ef5eb03ea6 0.095s
2025-05-13 20:10:39.852 69864 INFO tempest.lib.common.rest_client [req-dbef4f51-f64b-4873-91fe-f6d463f162af req-dbef4f51-f64b-4873-91fe-f6d463f162af ] Request (HostsAdminTestJSON:tearDownClass): 204 DELETE http://10.180.1.21:9696/networking/v2.0/security-groups/d0a21b0f-c412-459f-86ea-0de0d7ba8a71 0.140s
2025-05-13 20:10:39.903 69876 INFO tempest.lib.common.rest_client [req-b2432af9-47d0-4592-ae07-c6b921e0ca84 req-b2432af9-47d0-4592-ae07-c6b921e0ca84 ] Request (FloatingIPsAssociationTestJSON:test_associate_already_associated_floating_ip): 200 GET http://10.180.1.21/compute/v2.1/servers/96501d38-df12-496f-b7da-7787298bbec2 0.243s
2025-05-13 20:10:39.919 69860 INFO tempest.lib.common.rest_client [req-a01384aa-c5dd-42b9-8aa2-a0157ef605f4 req-a01384aa-c5dd-42b9-8aa2-a0157ef605f4 ] Request (ServerActionsV293TestJSON:setUpClass): 200 GET http://10.180.1.21/compute/v2.1/servers/d3811fd9-69a3-48f0-9e4d-abc16ca9d5ee 0.175s
2025-05-13 20:10:39.928 69826 INFO tempest.lib.common.rest_client [req-037d577b-c07a-4af8-b55f-8554ca69197e req-037d577b-c07a-4af8-b55f-8554ca69197e ] Request (ServicesAdminNegativeV253TestJSON:test_enable_service_with_invalid_service_id): 404 PUT http://10.180.1.21/compute/v2.1/os-services/2f523a4f-f6be-43be-b261-63cafc5bd0ed 0.176s
2025-05-13 20:10:39.991 69864 INFO tempest.lib.common.rest_client [req-f6b221b9-4f5d-4594-ab57-6cdd06718d02 req-f6b221b9-4f5d-4594-ab57-6cdd06718d02 ] Request (HostsAdminTestJSON:tearDownClass): 204 DELETE http://10.180.1.21/identity/v3/projects/1a35b97018dc4449aef446439b52daa3 0.139s
2025-05-13 20:10:40.004 69832 INFO tempest.lib.common.rest_client [req-254089da-48e0-46e0-aaae-259347a62cc1 req-254089da-48e0-46e0-aaae-259347a62cc1 ] Request (ServerRescueNegativeTestJSON:test_rescued_vm_detach_volume): 200 GET http://10.180.1.21/compute/v2.1/servers/03a9b1d5-6879-4417-a856-3f1e0a7eb21f 0.193s
2025-05-13 20:10:40.004 69868 INFO tempest.lib.common.rest_client [req-981913be-6ae0-4a8b-a0c0-fcf42e69dd2a req-981913be-6ae0-4a8b-a0c0-fcf42e69dd2a ] Request (ServerGroupTestJSON:_run_cleanups): 200 GET http://10.180.1.21/compute/v2.1/servers/1397327d-f815-4cf6-997f-5f658d60943f 0.182s
2025-05-13 20:10:40.064 69864 INFO tempest.lib.common.rest_client [req-a598c748-130b-41a7-9f6d-8eb2cfc75d87 req-a598c748-130b-41a7-9f6d-8eb2cfc75d87 ] Request (KeyPairsV22TestJSON:setUpClass): 201 POST http://10.180.1.21/identity/v3/auth/tokens 0.071s
2025-05-13 20:10:40.081 69872 INFO tempest.lib.common.rest_client [req-112846ec-d618-4799-a380-2734bae2aa91 req-112846ec-d618-4799-a380-2734bae2aa91 ] Request (SecurityGroupsTestJSON:test_list_security_groups_by_server): 200 GET http://10.180.1.21/compute/v2.1/servers/d9e664eb-dc03-44dd-a0d6-53f29c4ce25c 0.198s
2025-05-13 20:10:40.095 69862 INFO tempest.lib.common.rest_client [req-ffb85757-7746-413d-8e51-fc2d7c9c17a5 req-ffb85757-7746-413d-8e51-fc2d7c9c17a5 ] Request (ServersV294TestFqdnHostnames:tearDownClass): 200 GET http://10.180.1.21/compute/v2.1/servers/adabf98b-b0bb-4b09-9f30-55a473245305 0.189s
2025-05-13 20:10:40.114 69826 INFO tempest.lib.common.rest_client [req-aab16f16-20c2-4f2f-9b63-af2df8d43aa0 req-aab16f16-20c2-4f2f-9b63-af2df8d43aa0 ] Request (ServicesAdminNegativeV253TestJSON:test_get_service_by_invalid_params): 200 GET http://10.180.1.21/compute/v2.1/os-services 0.185s
2025-05-13 20:10:40.118 69864 INFO tempest.lib.common.rest_client [req-33afd08c-c2e1-4425-9fe7-fa5c3e627a35 req-33afd08c-c2e1-4425-9fe7-fa5c3e627a35 ] Request (KeyPairsV22TestJSON:setUpClass): 201 POST http://10.180.1.21/identity/v3/auth/tokens 0.049s
2025-05-13 20:10:40.156 69864 INFO tempest.lib.common.rest_client [req-42f653b2-c306-47eb-a749-c3d81755d8f7 req-42f653b2-c306-47eb-a749-c3d81755d8f7 ] Request (KeyPairsV22TestJSON:setUpClass): 200 GET http://10.180.1.21/identity/v3/domains?name=Default 0.038s
2025-05-13 20:10:40.181 69855 INFO tempest.lib.common.rest_client [req-eb4d5f4d-4519-46b9-a83e-867b873bfb81 req-eb4d5f4d-4519-46b9-a83e-867b873bfb81 ] Request (ServerMetadataNegativeTestJSON:setUpClass): 200 GET http://10.180.1.21/compute/v2.1/servers/04fecfee-d2a7-42c0-b301-03fa3752c32a 0.200s
2025-05-13 20:10:40.191 69844 INFO tempest.lib.common.rest_client [req-ef4375a1-fa8a-4809-b582-050447a06277 req-ef4375a1-fa8a-4809-b582-050447a06277 ] Request (ServersTestJSON:tearDownClass): 200 GET http://10.180.1.21/compute/v2.1/servers/d505f6a6-8db2-4835-ac1c-74b30a09b2aa 0.238s
2025-05-13 20:10:40.197 69864 INFO tempest.lib.common.rest_client [req-85a49544-58b8-44bf-b2c8-2d5954a1131f req-85a49544-58b8-44bf-b2c8-2d5954a1131f ] Request (KeyPairsV22TestJSON:setUpClass): 201 POST http://10.180.1.21/identity/v3/projects 0.038s
2025-05-13 20:10:40.243 69858 INFO tempest.lib.common.rest_client [req-ebaa04be-0229-46c7-80a7-6f29333f36c2 req-ebaa04be-0229-46c7-80a7-6f29333f36c2 ] Request (MigrationsAdminTest:test_resize_server_revert_deleted_flavor): 200 GET http://10.180.1.21/compute/v2.1/servers/e895a69f-dea3-4d2f-8633-ff7ce936b352 0.203s
2025-05-13 20:10:40.258 69882 INFO tempest.lib.common.rest_client [req-ac1c20a7-0305-497f-9856-7bf139c571db req-ac1c20a7-0305-497f-9856-7bf139c571db ] Request (ServersTestMultiNic:test_verify_multiple_nics_order): 200 GET http://10.180.1.21/compute/v2.1/servers/f6db8a59-c17f-4f40-8574-1dc84c711505 0.158s
2025-05-13 20:10:40.263 69826 INFO tempest.lib.common.rest_client [req-95757aa2-1369-47cf-80f5-6ccca1bc9d20 req-95757aa2-1369-47cf-80f5-6ccca1bc9d20 ] Request (ServicesAdminNegativeV253TestJSON:test_get_service_by_invalid_params): 200 GET http://10.180.1.21/compute/v2.1/os-services?xxx=nova-compute 0.146s
2025-05-13 20:10:40.304 69836 INFO tempest.lib.common.rest_client [req-4081ac4d-5247-44db-8474-b67496c96b44 req-4081ac4d-5247-44db-8474-b67496c96b44 ] Request (ImagesTestJSON:test_create_image_from_suspended_server): 200 GET http://10.180.1.21/compute/v2.1/images/1658007f-237f-4c6b-8116-afc6eadefc3f 0.139s
2025-05-13 20:10:40.330 69864 INFO tempest.lib.common.rest_client [req-3d9d1536-b10f-4eec-884f-896e94a8b197 req-3d9d1536-b10f-4eec-884f-896e94a8b197 ] Request (KeyPairsV22TestJSON:setUpClass): 201 POST http://10.180.1.21/identity/v3/users 0.133s
2025-05-13 20:10:40.357 69864 INFO tempest.lib.common.rest_client [req-2e8e0630-3a60-4bb1-be9f-96833147572b req-2e8e0630-3a60-4bb1-be9f-96833147572b ] Request (KeyPairsV22TestJSON:setUpClass): 200 GET http://10.180.1.21/identity/v3/roles 0.027s
2025-05-13 20:10:40.374 69881 INFO tempest.lib.common.rest_client [req-269fb1d5-9164-4be0-82f9-f5879a595fcb req-269fb1d5-9164-4be0-82f9-f5879a595fcb ] Request (ServerMetadataTestJSON:setUpClass): 200 GET http://10.180.1.21/compute/v2.1/servers/ba108cb7-dd3e-431d-9052-98eb9277101a 0.184s
2025-05-13 20:10:40.397 69864 INFO tempest.lib.common.rest_client [req-5f3b2b90-faf9-434c-972c-9960dacbbcd1 req-5f3b2b90-faf9-434c-972c-9960dacbbcd1 ] Request (KeyPairsV22TestJSON:setUpClass): 204 PUT http://10.180.1.21/identity/v3/projects/ea8c16e5a2bc485eb009f658a4404ce0/users/67faa6c172364d70994e898ba54452a0/roles/49c6b3f2baa0432c94c283ab43c5b978 0.039s
2025-05-13 20:10:40.397 69864 INFO tempest.lib.common.dynamic_creds [-] Dynamic test user 67faa6c172364d70994e898ba54452a0 is created with scope project and roles: ['member']
2025-05-13 20:10:40.398 69864 INFO tempest.lib.common.dynamic_creds [-] Acquired dynamic creds: credentials: Credentials: {'domain_id': 'default', 'domain_name': 'Default', 'username': 'tempest-KeyPairsV22TestJSON-1568534241-project-member', 'project_domain_id': 'default', 'project_domain_name': 'Default', 'project_id': 'ea8c16e5a2bc485eb009f658a4404ce0', 'project_name': 'tempest-KeyPairsV22TestJSON-1568534241', 'tenant_id': 'ea8c16e5a2bc485eb009f658a4404ce0', 'tenant_name': 'tempest-KeyPairsV22TestJSON-1568534241', 'user_domain_id': 'default', 'user_domain_name': 'Default', 'user_id': '67faa6c172364d70994e898ba54452a0', 'system': None}, Network: None, Subnet: None, Router: None
2025-05-13 20:10:40.398 69864 INFO tempest.lib.common.dynamic_creds [-] Created isolated network resources for: credentials: Credentials: {'domain_id': 'default', 'domain_name': 'Default', 'username': 'tempest-KeyPairsV22TestJSON-1568534241-project-member', 'project_domain_id': 'default', 'project_domain_name': 'Default', 'project_id': 'ea8c16e5a2bc485eb009f658a4404ce0', 'project_name': 'tempest-KeyPairsV22TestJSON-1568534241', 'tenant_id': 'ea8c16e5a2bc485eb009f658a4404ce0', 'tenant_name': 'tempest-KeyPairsV22TestJSON-1568534241', 'user_domain_id': 'default', 'user_domain_name': 'Default', 'user_id': '67faa6c172364d70994e898ba54452a0', 'system': None}, Network: None, Subnet: None, Router: None
2025-05-13 20:10:40.408 69826 INFO tempest.lib.common.rest_client [req-e1bd71a5-a890-4c1f-8276-ed12cdbfa58d req-e1bd71a5-a890-4c1f-8276-ed12cdbfa58d ] Request (ServicesAdminNegativeV253TestJSON:test_get_service_by_invalid_service_and_valid_host): 200 GET http://10.180.1.21/compute/v2.1/os-services 0.141s
2025-05-13 20:10:40.465 69840 INFO tempest.lib.common.rest_client [req-cd7baafc-041a-4837-a627-94e9d56a07a2 req-cd7baafc-041a-4837-a627-94e9d56a07a2 ] Request (ServersTestBootFromVolume:setUpClass): 200 GET http://10.180.1.21/compute/v2.1/servers/de0064a5-c6c0-48af-90c6-52a65602aa08 0.346s
2025-05-13 20:10:40.467 69870 INFO tempest.lib.common.rest_client [req-4fdf42ba-a117-46c7-8a50-6a6b1246a7ba req-4fdf42ba-a117-46c7-8a50-6a6b1246a7ba ] Request (ServerDiskConfigTestJSON:test_resize_server_from_auto_to_manual): 200 GET http://10.180.1.21/compute/v2.1/servers/3a61f848-0402-4aad-a007-e630c8a2f08b 0.196s
2025-05-13 20:10:40.501 69864 INFO tempest.lib.common.rest_client [req-a4b837c1-b753-485d-aba5-778a7da19382 req-a4b837c1-b753-485d-aba5-778a7da19382 ] Request (KeyPairsV22TestJSON:setUpClass): 201 POST http://10.180.1.21/identity/v3/auth/tokens 0.100s
2025-05-13 20:10:40.549 69866 INFO tempest.lib.common.rest_client [req-51133bce-2cca-4703-ad12-d658c3c3dca1 req-51133bce-2cca-4703-ad12-d658c3c3dca1 ] Request (AttachVolumeNegativeTest:test_attach_attached_volume_to_different_server): 200 GET http://10.180.1.21/compute/v2.1/servers/c802d45a-0077-43b6-902c-9c88a70f48f1 0.206s
2025-05-13 20:10:40.605 69878 INFO tempest.lib.common.rest_client [req-ddd3a32f-d2ef-4f7c-b551-0acee0158b60 req-ddd3a32f-d2ef-4f7c-b551-0acee0158b60 ] Request (ServerActionsTestOtherB:test_resize_server_confirm_from_stopped): 200 GET http://10.180.1.21/compute/v2.1/servers/9c7eb62e-b80b-4faa-b499-9e886a918114 0.287s
2025-05-13 20:10:40.625 69830 INFO tempest.lib.common.rest_client [req-121a0046-114b-4347-b72d-d5d05283a786 req-121a0046-114b-4347-b72d-d5d05283a786 ] Request (ServersAdminNegativeTestJSON:tearDownClass): 200 GET http://10.180.1.21/compute/v2.1/servers/6ecb2892-9f7f-4ee5-83c4-9a3dc661bdc6 0.240s
2025-05-13 20:10:40.653 69826 INFO tempest.lib.common.rest_client [req-24b9330d-23b3-4143-8278-dde18cb31b54 req-24b9330d-23b3-4143-8278-dde18cb31b54 ] Request (ServicesAdminNegativeV253TestJSON:test_get_service_by_invalid_service_and_valid_host): 200 GET http://10.180.1.21/compute/v2.1/os-services?host=devstack&binary=xxx 0.242s
2025-05-13 20:10:40.663 69875 INFO tempest.lib.common.rest_client [req-f3466a31-3aab-4749-9c6a-5ca3d2026002 req-f3466a31-3aab-4749-9c6a-5ca3d2026002 ] Request (AttachInterfacesTestJSON:test_create_list_show_delete_interfaces_by_network_port): 200 GET http://10.180.1.21/compute/v2.1/servers/df98100b-1fa5-44f4-89dc-8a78e379cd4a 0.257s
2025-05-13 20:10:40.731 69824 INFO tempest.lib.common.rest_client [req-446f042f-5bc1-4a80-b913-170c1d2621de req-446f042f-5bc1-4a80-b913-170c1d2621de ] Request (ServersAdminTestJSON:setUpClass): 200 GET http://10.180.1.21/compute/v2.1/servers/8d6007e6-1e39-4ff9-8128-30d979346266 0.256s
2025-05-13 20:10:40.735 69856 INFO tempest.lib.common.rest_client [req-cf124964-1a07-4b28-928a-f0fc31b56925 req-cf124964-1a07-4b28-928a-f0fc31b56925 ] Request (AttachVolumeTestJSON:test_attach_detach_volume): 200 GET http://10.180.1.21/compute/v2.1/servers/8fa184f9-ad9f-4d12-8f86-7ccd6833f215 0.249s
2025-05-13 20:10:40.798 69822 INFO tempest.lib.common.rest_client [req-406d2fc5-427b-470c-96f0-98265fe0f2e2 req-406d2fc5-427b-470c-96f0-98265fe0f2e2 ] Request (ListImageFiltersTestJSON:setUpClass): 200 GET http://10.180.1.21/compute/v2.1/servers/cc67b150-34c2-4081-8c4a-09ab5d78c1e9 0.252s
2025-05-13 20:10:40.864 69820 INFO tempest.lib.common.rest_client [req-b85ac1ee-e3b9-438a-977c-46a2b5417360 req-b85ac1ee-e3b9-438a-977c-46a2b5417360 ] Request (ServersNegativeTestJSON:setUpClass): 200 GET http://10.180.1.21/compute/v2.1/servers/edd99d57-e258-4888-845b-80da2cda5f2f 0.308s
2025-05-13 20:10:40.934 69849 INFO tempest.lib.common.rest_client [req-926cd000-6e60-4082-bc35-d0f52c9c6137 req-926cd000-6e60-4082-bc35-d0f52c9c6137 ] Request (ListServersNegativeTestJSON:tearDownClass): 200 GET http://10.180.1.21/compute/v2.1/servers/e1c88163-e975-4d2c-84e0-98e30a6cbee6 0.290s
2025-05-13 20:10:40.941 69864 INFO tempest.lib.common.rest_client [req-c4de1e9c-b3d0-45cc-b47c-65dc723e1a01 req-c4de1e9c-b3d0-45cc-b47c-65dc723e1a01 ] Request (KeyPairsV22TestJSON:test_get_keypair_detail): 201 POST http://10.180.1.21/compute/v2.1/os-keypairs 0.438s
2025-05-13 20:10:40.961 69826 INFO tempest.lib.common.rest_client [req-bc74c507-7187-4145-be45-eaeb34e2d3b0 req-bc74c507-7187-4145-be45-eaeb34e2d3b0 ] Request (ServicesAdminNegativeV253TestJSON:test_get_service_with_valid_service_and_invalid_host): 200 GET http://10.180.1.21/compute/v2.1/os-services 0.303s
2025-05-13 20:10:41.003 69846 INFO tempest.lib.common.rest_client [req-d6e8b89f-41f7-4aa1-9517-db895751af72 req-d6e8b89f-41f7-4aa1-9517-db895751af72 ] Request (DeleteServersAdminTestJSON:test_delete_server_while_in_error_state): 200 GET http://10.180.1.21/compute/v2.1/servers/453e1bb7-60ae-4d6d-94bb-6830ef544c16 0.351s
2025-05-13 20:10:41.021 69842 INFO tempest.lib.common.rest_client [req-24fa4bd6-d600-41bd-b3c1-2e21fcadf86a req-24fa4bd6-d600-41bd-b3c1-2e21fcadf86a ] Request (ServerPasswordTestJSON:setUpClass): 200 GET http://10.180.1.21/compute/v2.1/servers/b635cbd6-ca97-421e-98b5-30707a687dfc 0.283s
2025-05-13 20:10:41.065 69852 INFO tempest.lib.common.rest_client [req-bf7466ba-10bf-4abc-9914-8d292bb720d3 req-bf7466ba-10bf-4abc-9914-8d292bb720d3 ] Request (InstanceActionsV221TestJSON:test_get_list_deleted_instance_actions): 200 GET http://10.180.1.21/compute/v2.1/servers/18f1088d-51b4-4553-8572-02ef5eb03ea6 0.211s
2025-05-13 20:10:41.129 69860 INFO tempest.lib.common.rest_client [req-0e2788a3-eb29-44e2-a173-b1eb5c174837 req-0e2788a3-eb29-44e2-a173-b1eb5c174837 ] Request (ServerActionsV293TestJSON:setUpClass): 200 GET http://10.180.1.21/compute/v2.1/servers/d3811fd9-69a3-48f0-9e4d-abc16ca9d5ee 0.197s
2025-05-13 20:10:41.142 69864 INFO tempest.lib.common.rest_client [req-6a5b1e6d-6876-4ee8-be9e-9b552a11fe00 req-6a5b1e6d-6876-4ee8-be9e-9b552a11fe00 ] Request (KeyPairsV22TestJSON:test_get_keypair_detail): 200 GET http://10.180.1.21/compute/v2.1/os-keypairs/tempest-keypair-941649581 0.200s
2025-05-13 20:10:41.168 69826 INFO tempest.lib.common.rest_client [req-fb677b0f-0b44-4882-b366-50eab04d6c82 req-fb677b0f-0b44-4882-b366-50eab04d6c82 ] Request (ServicesAdminNegativeV253TestJSON:test_get_service_with_valid_service_and_invalid_host): 200 GET http://10.180.1.21/compute/v2.1/os-services?host=xxx&binary=nova-scheduler 0.204s
2025-05-13 20:10:41.191 69876 INFO tempest.lib.common.rest_client [req-8d102324-2833-454d-8c77-3aba1c59a4b6 req-8d102324-2833-454d-8c77-3aba1c59a4b6 ] Request (FloatingIPsAssociationTestJSON:test_associate_already_associated_floating_ip): 200 GET http://10.180.1.21/compute/v2.1/servers/96501d38-df12-496f-b7da-7787298bbec2 0.275s
2025-05-13 20:10:41.245 69868 INFO tempest.lib.common.rest_client [req-bddf147e-2628-42fb-8020-d9ae00693502 req-bddf147e-2628-42fb-8020-d9ae00693502 ] Request (ServerGroupTestJSON:_run_cleanups): 200 GET http://10.180.1.21/compute/v2.1/servers/1397327d-f815-4cf6-997f-5f658d60943f 0.231s
2025-05-13 20:10:41.252 69832 INFO tempest.lib.common.rest_client [req-e58c9e6d-9ec8-44d3-907b-940b19f376e8 req-e58c9e6d-9ec8-44d3-907b-940b19f376e8 ] Request (ServerRescueNegativeTestJSON:test_rescued_vm_detach_volume): 200 GET http://10.180.1.21/compute/v2.1/servers/03a9b1d5-6879-4417-a856-3f1e0a7eb21f 0.237s
2025-05-13 20:10:41.297 69872 INFO tempest.lib.common.rest_client [req-7eb6180c-9656-487c-9d04-723d4de40639 req-7eb6180c-9656-487c-9d04-723d4de40639 ] Request (SecurityGroupsTestJSON:test_list_security_groups_by_server): 200 GET http://10.180.1.21/compute/v2.1/servers/d9e664eb-dc03-44dd-a0d6-53f29c4ce25c 0.207s
2025-05-13 20:10:41.321 69864 INFO tempest.lib.common.rest_client [req-7d43e61d-21f7-4a1c-a66c-565bec862fbc req-7d43e61d-21f7-4a1c-a66c-565bec862fbc ] Request (KeyPairsV22TestJSON:_run_cleanups): 204 DELETE http://10.180.1.21/compute/v2.1/os-keypairs/tempest-keypair-941649581 0.176s
2025-05-13 20:10:41.330 69862 INFO tempest.lib.common.rest_client [req-314eb99a-5193-48fb-9327-73402994df7d req-314eb99a-5193-48fb-9327-73402994df7d ] Request (ServersV294TestFqdnHostnames:tearDownClass): 200 GET http://10.180.1.21/compute/v2.1/servers/adabf98b-b0bb-4b09-9f30-55a473245305 0.221s
2025-05-13 20:10:41.393 69855 INFO tempest.lib.common.rest_client [req-bc4ffd98-b4f2-4e82-a8a8-158edd1b1667 req-bc4ffd98-b4f2-4e82-a8a8-158edd1b1667 ] Request (ServerMetadataNegativeTestJSON:setUpClass): 200 GET http://10.180.1.21/compute/v2.1/servers/04fecfee-d2a7-42c0-b301-03fa3752c32a 0.203s
2025-05-13 20:10:41.429 69844 INFO tempest.lib.common.rest_client [req-484b0f43-790a-4324-b38f-b5b1e2d29c26 req-484b0f43-790a-4324-b38f-b5b1e2d29c26 ] Request (ServersTestJSON:tearDownClass): 404 GET http://10.180.1.21/compute/v2.1/servers/d505f6a6-8db2-4835-ac1c-74b30a09b2aa 0.229s
2025-05-13 20:10:41.432 69826 INFO tempest.lib.common.rest_client [req-7a4f1a5d-f175-4f31-a341-e15b54041169 req-7a4f1a5d-f175-4f31-a341-e15b54041169 ] Request (ServicesAdminNegativeV253TestJSON:test_list_services_with_non_admin_user): 403 GET http://10.180.1.21/compute/v2.1/os-services 0.260s
2025-05-13 20:10:41.527 69858 INFO tempest.lib.common.rest_client [req-5a163e23-6368-43be-b00f-372ffb4e5832 req-5a163e23-6368-43be-b00f-372ffb4e5832 ] Request (MigrationsAdminTest:test_resize_server_revert_deleted_flavor): 200 GET http://10.180.1.21/compute/v2.1/servers/e895a69f-dea3-4d2f-8633-ff7ce936b352 0.274s
2025-05-13 20:10:41.528 69882 INFO tempest.lib.common.rest_client [req-f2ec4822-fe0f-443a-8fd8-5c15db8da738 req-f2ec4822-fe0f-443a-8fd8-5c15db8da738 ] Request (ServersTestMultiNic:test_verify_multiple_nics_order): 200 GET http://10.180.1.21/compute/v2.1/servers/f6db8a59-c17f-4f40-8574-1dc84c711505 0.259s
2025-05-13 20:10:41.603 69836 INFO tempest.lib.common.rest_client [req-8d3b08e7-fb60-4e1d-8294-a036518d0523 req-8d3b08e7-fb60-4e1d-8294-a036518d0523 ] Request (ImagesTestJSON:test_create_image_from_suspended_server): 200 GET http://10.180.1.21/compute/v2.1/images/1658007f-237f-4c6b-8116-afc6eadefc3f 0.292s
2025-05-13 20:10:41.605 69864 INFO tempest.lib.common.rest_client [req-1dbe2c9b-c0b3-410b-a615-9ff92d36e6a2 req-1dbe2c9b-c0b3-410b-a615-9ff92d36e6a2 ] Request (KeyPairsV22TestJSON:test_keypair_create_delete): 201 POST http://10.180.1.21/compute/v2.1/os-keypairs 0.281s
2025-05-13 20:10:41.632 69844 INFO tempest.lib.common.rest_client [req-8a72187e-89ba-4e66-b8f3-c2ee12d8c43c req-8a72187e-89ba-4e66-b8f3-c2ee12d8c43c ] Request (ServersTestJSON:tearDownClass): 202 DELETE http://10.180.1.21/compute/v2.1/os-keypairs/tempest-keypair-1278602404 0.203s
2025-05-13 20:10:41.632 69826 INFO tempest.lib.common.rest_client [req-b70a7f69-8519-4c74-944a-542b09d84d87 req-b70a7f69-8519-4c74-944a-542b09d84d87 ] Request (ServicesAdminNegativeV253TestJSON:tearDownClass): 204 DELETE http://10.180.1.21/identity/v3/users/f306fccebb7b4a3fac0f444c1e8a48ce 0.197s
2025-05-13 20:10:41.756 69881 INFO tempest.lib.common.rest_client [req-213ab1e2-1f16-4357-bf9a-1fe7f95a1ce4 req-213ab1e2-1f16-4357-bf9a-1fe7f95a1ce4 ] Request (ServerMetadataTestJSON:setUpClass): 200 GET http://10.180.1.21/compute/v2.1/servers/ba108cb7-dd3e-431d-9052-98eb9277101a 0.369s
2025-05-13 20:10:41.824 69870 INFO tempest.lib.common.rest_client [req-b03bd9f3-04d6-4b06-afb7-06e7dfb3f826 req-b03bd9f3-04d6-4b06-afb7-06e7dfb3f826 ] Request (ServerDiskConfigTestJSON:test_resize_server_from_auto_to_manual): 200 GET http://10.180.1.21/compute/v2.1/servers/3a61f848-0402-4aad-a007-e630c8a2f08b 0.343s
2025-05-13 20:10:41.851 69844 INFO tempest.lib.common.rest_client [req-9361b507-ed3e-473f-acb7-8f1107122cea req-9361b507-ed3e-473f-acb7-8f1107122cea ] Request (ServersTestJSON:tearDownClass): 204 DELETE http://10.180.1.21:9696/networking/v2.0/security-groups/b70dddfb-485a-4313-8569-7ab012c8dc7e 0.218s
2025-05-13 20:10:41.861 69826 INFO tempest.lib.common.rest_client [req-569aa736-0a58-4ba2-b42d-a11518c11ac2 req-569aa736-0a58-4ba2-b42d-a11518c11ac2 ] Request (ServicesAdminNegativeV253TestJSON:tearDownClass): 204 DELETE http://10.180.1.21/identity/v3/users/a8a93b0ae0354fa387d7890315e1ca44 0.229s
2025-05-13 20:10:41.862 69826 INFO tempest.lib.common.dynamic_creds [-] Deleting project and security group for project: 5d20190a32eb474d9875d9aa0fd77753
2025-05-13 20:10:41.865 69844 INFO tempest.lib.common.rest_client [req-4f9aa860-8482-47d8-8ba8-7dd3ab7ba56c req-4f9aa860-8482-47d8-8ba8-7dd3ab7ba56c ] Request (ServersTestJSON:tearDownClass): 404 GET http://10.180.1.21:9696/networking/v2.0/security-groups/b70dddfb-485a-4313-8569-7ab012c8dc7e 0.013s
2025-05-13 20:10:41.898 69866 INFO tempest.lib.common.rest_client [req-80c250af-99f0-4124-bc63-b4a5b73e6dac req-80c250af-99f0-4124-bc63-b4a5b73e6dac ] Request (AttachVolumeNegativeTest:test_attach_attached_volume_to_different_server): 200 GET http://10.180.1.21/compute/v2.1/servers/c802d45a-0077-43b6-902c-9c88a70f48f1 0.340s
2025-05-13 20:10:41.918 69864 INFO tempest.lib.common.rest_client [req-4efb1b9e-d9fc-4d19-bfa3-0d70fd5b0069 req-4efb1b9e-d9fc-4d19-bfa3-0d70fd5b0069 ] Request (KeyPairsV22TestJSON:_run_cleanups): 204 DELETE http://10.180.1.21/compute/v2.1/os-keypairs/tempest-keypair-428683909 0.311s
2025-05-13 20:10:41.959 69826 INFO tempest.lib.common.rest_client [req-5b06788f-68f1-46a5-b173-7665d851ef37 req-5b06788f-68f1-46a5-b173-7665d851ef37 ] Request (ServicesAdminNegativeV253TestJSON:tearDownClass): 201 POST http://10.180.1.21/identity/v3/auth/tokens 0.097s
2025-05-13 20:10:41.989 69840 INFO tempest.lib.common.rest_client [req-00ef6770-6bd5-457f-a475-5bdd6a4f208b req-00ef6770-6bd5-457f-a475-5bdd6a4f208b ] Request (ServersTestBootFromVolume:setUpClass): 200 GET http://10.180.1.21/compute/v2.1/servers/de0064a5-c6c0-48af-90c6-52a65602aa08 0.514s
2025-05-13 20:10:41.999 69840 INFO tempest.common.waiters [-] State transition "BUILD/spawning" ==> "ACTIVE/None" after 86 second wait
2025-05-13 20:10:42.097 69850 WARNING tempest.lib.common.ssh [-] Failed to establish authenticated ssh connection to cirros@10.180.180.155 ([Errno None] Unable to connect to port 22 on 10.180.180.155). Number attempts: 5. Retry after 6 seconds.: paramiko.ssh_exception.NoValidConnectionsError: [Errno None] Unable to connect to port 22 on 10.180.180.155
2025-05-13 20:10:42.100 69830 INFO tempest.lib.common.rest_client [req-7d6ab1da-19f8-4d1e-a2be-6f2d595f3c0f req-7d6ab1da-19f8-4d1e-a2be-6f2d595f3c0f ] Request (ServersAdminNegativeTestJSON:tearDownClass): 200 GET http://10.180.1.21/compute/v2.1/servers/6ecb2892-9f7f-4ee5-83c4-9a3dc661bdc6 0.466s
2025-05-13 20:10:42.159 69878 INFO tempest.lib.common.rest_client [req-01845159-16c6-4117-9e4a-913c56f993cf req-01845159-16c6-4117-9e4a-913c56f993cf ] Request (ServerActionsTestOtherB:test_resize_server_confirm_from_stopped): 200 GET http://10.180.1.21/compute/v2.1/servers/9c7eb62e-b80b-4faa-b499-9e886a918114 0.545s
2025-05-13 20:10:42.161 69875 INFO tempest.lib.common.rest_client [req-44b9b6e5-db19-4bac-be2a-5ec67a3ec026 req-44b9b6e5-db19-4bac-be2a-5ec67a3ec026 ] Request (AttachInterfacesTestJSON:test_create_list_show_delete_interfaces_by_network_port): 200 GET http://10.180.1.21/compute/v2.1/servers/df98100b-1fa5-44f4-89dc-8a78e379cd4a 0.489s
2025-05-13 20:10:42.195 69826 INFO tempest.lib.common.rest_client [req-29c56d02-5676-45dc-90c4-e47a1d7d57f7 req-29c56d02-5676-45dc-90c4-e47a1d7d57f7 ] Request (ServicesAdminNegativeV253TestJSON:tearDownClass): 200 GET http://10.180.1.21:9696/networking/v2.0/security-groups?tenant_id=5d20190a32eb474d9875d9aa0fd77753&name=default 0.235s
2025-05-13 20:10:42.240 69824 INFO tempest.lib.common.rest_client [req-8a85159f-eab0-4553-b990-5ae1475032b9 req-8a85159f-eab0-4553-b990-5ae1475032b9 ] Request (ServersAdminTestJSON:setUpClass): 200 GET http://10.180.1.21/compute/v2.1/servers/8d6007e6-1e39-4ff9-8128-30d979346266 0.493s
