2025-05-13 20:10:07.823 69830 INFO tempest.lib.common.rest_client [req-f693e7f0-39b8-4fc3-861c-6e7d12ecb0fe req-f693e7f0-39b8-4fc3-861c-6e7d12ecb0fe ] Request (ServersAdminNegativeTestJSON:test_migrate_server_invalid_state): 202 POST http://10.180.1.21/compute/v2.1/servers/6ecb2892-9f7f-4ee5-83c4-9a3dc661bdc6/action 0.380s
2025-05-13 20:10:07.824 69820 INFO tempest.lib.common.rest_client [req-22b44b1c-3d64-4380-84a4-c0a34c198b18 req-22b44b1c-3d64-4380-84a4-c0a34c198b18 ] Request (ServersNegativeTestJSON:setUpClass): 200 GET http://10.180.1.21/compute/v2.1/servers/d59cf518-5f32-4d3a-81e3-3ba7e8414987 0.333s
2025-05-13 20:10:07.887 69836 INFO tempest.lib.common.rest_client [req-1aacf6b1-9c6c-4aa0-b6fd-44abc12f467a req-1aacf6b1-9c6c-4aa0-b6fd-44abc12f467a ] Request (ImagesTestJSON:test_create_image_from_suspended_server): 200 GET http://10.180.1.21/compute/v2.1/servers/ca3cfeec-c1fa-4243-a103-7fd1737e4ebc 0.392s
2025-05-13 20:10:07.905 69872 INFO tempest.lib.common.rest_client [req-ed42a2f3-f65a-4195-9359-1f8e96fea487 req-ed42a2f3-f65a-4195-9359-1f8e96fea487 ] Request (SecurityGroupsTestJSON:test_list_security_groups_by_server): 200 GET http://10.180.1.21/compute/v2.1/servers/d9e664eb-dc03-44dd-a0d6-53f29c4ce25c 0.340s
2025-05-13 20:10:07.956 69855 INFO tempest.lib.common.rest_client [req-b5e92a98-0805-497f-a485-d83bf4332855 req-b5e92a98-0805-497f-a485-d83bf4332855 ] Request (ServerMetadataNegativeTestJSON:setUpClass): 200 GET http://10.180.1.21/compute/v2.1/servers/04fecfee-d2a7-42c0-b301-03fa3752c32a 0.388s
2025-05-13 20:10:07.962 69881 INFO tempest.lib.common.rest_client [req-87ceaf4b-223c-48c8-8487-05468cd023d4 req-87ceaf4b-223c-48c8-8487-05468cd023d4 ] Request (ServerMetadataTestJSON:setUpClass): 200 GET http://10.180.1.21/compute/v2.1/servers/ba108cb7-dd3e-431d-9052-98eb9277101a 0.334s
2025-05-13 20:10:08.036 69870 INFO tempest.lib.common.rest_client [req-527f9fc5-35d9-4a6c-a1d0-1288cc2623d4 req-527f9fc5-35d9-4a6c-a1d0-1288cc2623d4 ] Request (ServerDiskConfigTestJSON:test_resize_server_from_auto_to_manual): 200 GET http://10.180.1.21/compute/v2.1/servers/3a61f848-0402-4aad-a007-e630c8a2f08b 0.332s
2025-05-13 20:10:08.051 69856 INFO tempest.lib.common.rest_client [req-072945de-9b70-4797-829a-84f1c001b0a2 req-072945de-9b70-4797-829a-84f1c001b0a2 ] Request (KeyPairsV2TestJSON:_run_cleanups): 202 DELETE http://10.180.1.21/compute/v2.1/os-keypairs/tempest-KeyPairsV2TestJSON-keypair-219386313 0.344s
2025-05-13 20:10:08.119 69850 INFO tempest.lib.common.rest_client [req-e8b12381-dab2-414b-9e2e-aca239cc06f6 req-e8b12381-dab2-414b-9e2e-aca239cc06f6 ] Request (AttachInterfacesUnderV243Test:test_add_remove_fixed_ip): 200 GET http://10.180.1.21/compute/v2.1/servers/1d6553a4-a687-405f-9f2c-04d921676200 0.474s
2025-05-13 20:10:08.127 69850 INFO tempest.common.waiters [-] State transition "BUILD/networking" ==> "BUILD/spawning" after 60 second wait
2025-05-13 20:10:08.172 69852 INFO tempest.lib.common.rest_client [req-2807c79e-56fa-47f2-aefd-3ecc4ed48efb req-2807c79e-56fa-47f2-aefd-3ecc4ed48efb ] Request (InstanceActionsV221TestJSON:test_get_list_deleted_instance_actions): 200 GET http://10.180.1.21/compute/v2.1/servers/18f1088d-51b4-4553-8572-02ef5eb03ea6 0.426s
2025-05-13 20:10:08.196 69866 INFO tempest.lib.common.rest_client [req-24694bf5-ea48-493b-820a-c92c60e4aa23 req-24694bf5-ea48-493b-820a-c92c60e4aa23 ] Request (AttachVolumeNegativeTest:test_attach_attached_volume_to_different_server): 200 GET http://10.180.1.21/compute/v2.1/servers/c802d45a-0077-43b6-902c-9c88a70f48f1 0.392s
2025-05-13 20:10:08.203 69866 INFO tempest.common.waiters [-] State transition "BUILD/scheduling" ==> "BUILD/None" after 38 second wait
2025-05-13 20:10:08.317 69875 INFO tempest.lib.common.rest_client [req-58037262-71f8-43b8-bf42-2931bb2dafe5 req-58037262-71f8-43b8-bf42-2931bb2dafe5 ] Request (AttachInterfacesTestJSON:_run_cleanups): 200 GET http://10.180.1.21/compute/v2.1/servers/48aa7aba-a938-4622-9201-222fd0b88f76 0.492s
2025-05-13 20:10:08.416 69846 INFO tempest.lib.common.rest_client [req-a9bc3e22-0e3e-4958-8fa2-ed530fd6c109 req-a9bc3e22-0e3e-4958-8fa2-ed530fd6c109 ] Request (DeleteServersAdminTestJSON:test_delete_server_while_in_error_state): 200 GET http://10.180.1.21/compute/v2.1/servers/453e1bb7-60ae-4d6d-94bb-6830ef544c16 0.542s
2025-05-13 20:10:08.507 69822 INFO tempest.lib.common.rest_client [req-4025e80c-3e02-4647-899d-3baad11fd1a4 req-4025e80c-3e02-4647-899d-3baad11fd1a4 ] Request (ListImageFiltersTestJSON:setUpClass): 200 GET http://10.180.1.21/compute/v2.1/servers/cc67b150-34c2-4081-8c4a-09ab5d78c1e9 0.547s
2025-05-13 20:10:08.668 69830 INFO tempest.lib.common.rest_client [req-261b630d-61c4-4cad-bdd4-1e30fd2c9f4f req-261b630d-61c4-4cad-bdd4-1e30fd2c9f4f ] Request (ServersAdminNegativeTestJSON:test_migrate_server_invalid_state): 200 GET http://10.180.1.21/compute/v2.1/servers/6ecb2892-9f7f-4ee5-83c4-9a3dc661bdc6 0.844s
2025-05-13 20:10:08.752 69849 INFO tempest.lib.common.rest_client [req-b0809604-c609-4db7-b8a6-5d88cac3e861 req-b0809604-c609-4db7-b8a6-5d88cac3e861 ] Request (ListServersNegativeTestJSON:tearDownClass): 200 GET http://10.180.1.21/compute/v2.1/servers/e1c88163-e975-4d2c-84e0-98e30a6cbee6 0.772s
2025-05-13 20:10:08.781 69856 INFO tempest.lib.common.rest_client [req-fbfd6746-2397-46f4-b561-49845ffb5abc req-fbfd6746-2397-46f4-b561-49845ffb5abc ] Request (KeyPairsV2TestJSON:_run_cleanups): 202 DELETE http://10.180.1.21/compute/v2.1/os-keypairs/tempest-KeyPairsV2TestJSON-keypair-2038738317 0.729s
2025-05-13 20:10:08.785 69826 INFO tempest.lib.common.rest_client [req-c66e0d92-bd81-46e8-8db7-3b728da44021 req-c66e0d92-bd81-46e8-8db7-3b728da44021 ] Request (ServerDiagnosticsNegativeTest:tearDownClass): 200 GET http://10.180.1.21/compute/v2.1/servers/02c5c8ee-d7ae-45cb-9100-43f3267e82aa 0.749s
2025-05-13 20:10:08.880 69882 INFO tempest.lib.common.rest_client [req-716ca134-d3db-4fae-86c9-2cc003d8e282 req-716ca134-d3db-4fae-86c9-2cc003d8e282 ] Request (ServersTestMultiNic:_run_cleanups): 200 GET http://10.180.1.21/compute/v2.1/servers/e7c86cda-c88f-4153-b4c0-bec1305ddcb3 0.822s
2025-05-13 20:10:08.881 69876 INFO tempest.lib.common.rest_client [req-d27008f8-7fda-46c2-a62d-cd358d8cc34c req-d27008f8-7fda-46c2-a62d-cd358d8cc34c ] Request (FloatingIPsAssociationTestJSON:test_associate_already_associated_floating_ip): 200 GET http://10.180.1.21/compute/v2.1/servers/96501d38-df12-496f-b7da-7787298bbec2 0.772s
2025-05-13 20:10:08.965 69842 INFO tempest.lib.common.rest_client [req-7b842079-0b6a-42d4-8436-703b63b54b8b req-7b842079-0b6a-42d4-8436-703b63b54b8b ] Request (ServerPasswordTestJSON:setUpClass): 200 GET http://10.180.1.21/compute/v2.1/servers/b635cbd6-ca97-421e-98b5-30707a687dfc 0.765s
2025-05-13 20:10:09.005 69858 INFO tempest.lib.common.rest_client [req-8bbc08cb-c906-4535-85a6-dc96ebfc1f2a req-8bbc08cb-c906-4535-85a6-dc96ebfc1f2a ] Request (MigrationsAdminTest:test_list_migrations_in_flavor_resize_situation): 200 GET http://10.180.1.21/compute/v2.1/servers/5706f0bc-dc72-43db-a689-2003181f0bc6 0.712s
2025-05-13 20:10:09.079 69868 INFO tempest.lib.common.rest_client [req-6ffa7105-b917-4ce2-aade-c85cde78abb6 req-6ffa7105-b917-4ce2-aade-c85cde78abb6 ] Request (ServerGroupTestJSON:_run_cleanups): 200 GET http://10.180.1.21/compute/v2.1/servers/1397327d-f815-4cf6-997f-5f658d60943f 0.722s
2025-05-13 20:10:09.089 69868 INFO tempest.common.waiters [-] State transition "ACTIVE/deleting" ==> "DELETED/None" after 5 second wait
2025-05-13 20:10:09.095 69878 INFO tempest.lib.common.rest_client [req-32e431c6-0056-4c46-a93d-497e69751638 req-32e431c6-0056-4c46-a93d-497e69751638 ] Request (ServerActionsTestOtherB:test_create_backup): 200 GET http://10.180.1.21/compute/v2.1/servers/9c7eb62e-b80b-4faa-b499-9e886a918114 0.768s
2025-05-13 20:10:09.170 69860 INFO tempest.lib.common.rest_client [req-56a93200-c77a-47e5-8a43-fc01f4f551df req-56a93200-c77a-47e5-8a43-fc01f4f551df ] Request (ServerActionsV293TestJSON:setUpClass): 200 GET http://10.180.1.21/compute/v2.1/servers/d3811fd9-69a3-48f0-9e4d-abc16ca9d5ee 0.683s
2025-05-13 20:10:09.180 69862 INFO tempest.lib.common.rest_client [req-0cff6a4f-0bfa-4bec-aeee-333a7ed2db19 req-0cff6a4f-0bfa-4bec-aeee-333a7ed2db19 ] Request (ServersV294TestFqdnHostnames:tearDownClass): 200 GET http://10.180.1.21/compute/v2.1/servers/adabf98b-b0bb-4b09-9f30-55a473245305 0.613s
2025-05-13 20:10:09.241 69840 INFO tempest.lib.common.rest_client [req-e0fb293a-8e95-4ee3-a4b4-5ba420b3a30c req-e0fb293a-8e95-4ee3-a4b4-5ba420b3a30c ] Request (ServersTestBootFromVolume:setUpClass): 200 GET http://10.180.1.21/compute/v2.1/servers/de0064a5-c6c0-48af-90c6-52a65602aa08 0.618s
2025-05-13 20:10:09.299 69832 INFO tempest.lib.common.rest_client [req-7c6985ea-66d5-4be1-ba61-218d245abdd3 req-7c6985ea-66d5-4be1-ba61-218d245abdd3 ] Request (ServerRescueNegativeTestJSON:test_rescued_vm_attach_volume): 200 GET http://10.180.1.21/compute/v2.1/servers/273cf30d-cbcd-4311-9a08-2563bfb90f3e 0.718s
2025-05-13 20:10:09.312 69864 INFO tempest.lib.common.rest_client [req-0741dab9-fa74-4d96-b5c6-049b76c4b29a req-0741dab9-fa74-4d96-b5c6-049b76c4b29a ] Request (VolumesAssistedSnapshotsTest:tearDownClass): 200 GET http://10.180.1.21/compute/v2.1/servers/292973ce-644b-4494-b2c9-fa8d7122118e 0.657s
2025-05-13 20:10:09.333 69824 INFO tempest.lib.common.rest_client [req-7fa6fda2-253a-4055-b691-50dba606b520 req-7fa6fda2-253a-4055-b691-50dba606b520 ] Request (ServerDiagnosticsV248Test:tearDownClass): 404 GET http://10.180.1.21/compute/v2.1/servers/0c7c0a79-1ef0-4730-a01f-5c08586125c9 0.607s
2025-05-13 20:10:09.368 69844 INFO tempest.lib.common.rest_client [req-c2febdf2-12c0-41be-a3d6-dbed2393649e req-c2febdf2-12c0-41be-a3d6-dbed2393649e ] Request (ServersTestJSON:tearDownClass): 200 GET http://10.180.1.21/compute/v2.1/servers/d505f6a6-8db2-4835-ac1c-74b30a09b2aa 0.672s
2025-05-13 20:10:09.391 69838 INFO tempest.lib.common.rest_client [req-5868132f-dd14-40eb-a288-7bda27b2bf3e req-5868132f-dd14-40eb-a288-7bda27b2bf3e ] Request (VolumesAdminNegativeTest:test_update_attached_volume_with_nonexistent_volume_in_body): 200 GET http://10.180.1.21/compute/v2.1/servers/9b929dbc-67db-4f9a-a8a5-cacf85df8ecb 0.615s
2025-05-13 20:10:09.394 69856 INFO tempest.lib.common.rest_client [req-e9d7f7b1-8812-4556-bc14-d011062d7646 req-e9d7f7b1-8812-4556-bc14-d011062d7646 ] Request (KeyPairsV2TestJSON:_run_cleanups): 202 DELETE http://10.180.1.21/compute/v2.1/os-keypairs/tempest-KeyPairsV2TestJSON-keypair-2025696491 0.613s
2025-05-13 20:10:09.470 69820 INFO tempest.lib.common.rest_client [req-437c8c05-34c6-401d-91d6-dde47ba269e5 req-437c8c05-34c6-401d-91d6-dde47ba269e5 ] Request (ServersNegativeTestJSON:setUpClass): 200 GET http://10.180.1.21/compute/v2.1/servers/d59cf518-5f32-4d3a-81e3-3ba7e8414987 0.636s
2025-05-13 20:10:09.473 69836 INFO tempest.lib.common.rest_client [req-539a3ffa-97b6-4e63-abeb-4a32111aa7f8 req-539a3ffa-97b6-4e63-abeb-4a32111aa7f8 ] Request (ImagesTestJSON:test_create_image_from_suspended_server): 200 GET http://10.180.1.21/compute/v2.1/servers/ca3cfeec-c1fa-4243-a103-7fd1737e4ebc 0.578s
2025-05-13 20:10:09.486 69824 INFO tempest.lib.common.rest_client [req-77f7354f-147e-41ec-8827-bcba3421c67c req-77f7354f-147e-41ec-8827-bcba3421c67c ] Request (ServerDiagnosticsV248Test:tearDownClass): 204 DELETE http://10.180.1.21/identity/v3/users/fcc5126c9bb84160bf68a9d464a1cfbc 0.152s
2025-05-13 20:10:09.505 69856 INFO tempest.lib.common.rest_client [req-0d75ed64-0c29-4613-8dfa-611d45dbdcee req-0d75ed64-0c29-4613-8dfa-611d45dbdcee ] Request (KeyPairsV2TestJSON:tearDownClass): 204 DELETE http://10.180.1.21/identity/v3/users/c5488e4713e74fa192c7bb3ef4abc056 0.109s
2025-05-13 20:10:09.505 69856 INFO tempest.lib.common.dynamic_creds [-] Deleting project and security group for project: e9c0d350e73b4716b14c27b5aafdb75e
2025-05-13 20:10:09.536 69872 INFO tempest.lib.common.rest_client [req-39d2cff1-8ff7-45f5-b168-0d1eaf892a66 req-39d2cff1-8ff7-45f5-b168-0d1eaf892a66 ] Request (SecurityGroupsTestJSON:test_list_security_groups_by_server): 200 GET http://10.180.1.21/compute/v2.1/servers/d9e664eb-dc03-44dd-a0d6-53f29c4ce25c 0.621s
2025-05-13 20:10:09.550 69855 INFO tempest.lib.common.rest_client [req-8119b1f8-a5d0-4359-a34b-0a6482322b42 req-8119b1f8-a5d0-4359-a34b-0a6482322b42 ] Request (ServerMetadataNegativeTestJSON:setUpClass): 200 GET http://10.180.1.21/compute/v2.1/servers/04fecfee-d2a7-42c0-b301-03fa3752c32a 0.585s
2025-05-13 20:10:09.581 69856 INFO tempest.lib.common.rest_client [req-5dacb66f-9cc9-4992-a532-6b17fbbc2a2c req-5dacb66f-9cc9-4992-a532-6b17fbbc2a2c ] Request (KeyPairsV2TestJSON:tearDownClass): 201 POST http://10.180.1.21/identity/v3/auth/tokens 0.075s
2025-05-13 20:10:09.611 69881 INFO tempest.lib.common.rest_client [req-68aebc00-12b4-47d9-b0ee-00ce1d7b3d26 req-68aebc00-12b4-47d9-b0ee-00ce1d7b3d26 ] Request (ServerMetadataTestJSON:setUpClass): 200 GET http://10.180.1.21/compute/v2.1/servers/ba108cb7-dd3e-431d-9052-98eb9277101a 0.641s
2025-05-13 20:10:09.627 69870 INFO tempest.lib.common.rest_client [req-674c8e37-e1ea-40d7-af8a-fd7977b361b0 req-674c8e37-e1ea-40d7-af8a-fd7977b361b0 ] Request (ServerDiskConfigTestJSON:test_resize_server_from_auto_to_manual): 200 GET http://10.180.1.21/compute/v2.1/servers/3a61f848-0402-4aad-a007-e630c8a2f08b 0.584s
2025-05-13 20:10:09.673 69824 INFO tempest.lib.common.rest_client [req-78a9d559-540d-4ce8-a8be-c4a19c2ead50 req-78a9d559-540d-4ce8-a8be-c4a19c2ead50 ] Request (ServerDiagnosticsV248Test:tearDownClass): 204 DELETE http://10.180.1.21/identity/v3/users/2323e24d1a8c4619a908db85042257b4 0.186s
2025-05-13 20:10:09.674 69824 INFO tempest.lib.common.dynamic_creds [-] Deleting project and security group for project: 03628b91cb1a451abe5b11671593ed27
2025-05-13 20:10:09.760 69824 INFO tempest.lib.common.rest_client [req-dfdad00c-289d-4325-ba2a-a48f8945666d req-dfdad00c-289d-4325-ba2a-a48f8945666d ] Request (ServerDiagnosticsV248Test:tearDownClass): 201 POST http://10.180.1.21/identity/v3/auth/tokens 0.086s
2025-05-13 20:10:09.848 69850 INFO tempest.lib.common.rest_client [req-5b214273-0f91-4a53-bfe4-e859b7681f95 req-5b214273-0f91-4a53-bfe4-e859b7681f95 ] Request (AttachInterfacesUnderV243Test:test_add_remove_fixed_ip): 200 GET http://10.180.1.21/compute/v2.1/servers/1d6553a4-a687-405f-9f2c-04d921676200 0.721s
2025-05-13 20:10:09.968 69824 INFO tempest.lib.common.rest_client [req-a8408627-b099-4e99-ae5c-7f067028c197 req-a8408627-b099-4e99-ae5c-7f067028c197 ] Request (ServerDiagnosticsV248Test:tearDownClass): 200 GET http://10.180.1.21:9696/networking/v2.0/security-groups?tenant_id=03628b91cb1a451abe5b11671593ed27&name=default 0.208s
2025-05-13 20:10:10.053 69824 INFO tempest.lib.common.rest_client [req-a9931747-d05b-4cb0-9ab8-8f7d7263a5fd req-a9931747-d05b-4cb0-9ab8-8f7d7263a5fd ] Request (ServerDiagnosticsV248Test:tearDownClass): 204 DELETE http://10.180.1.21:9696/networking/v2.0/security-groups/65022c88-acaf-4857-80bf-adfc5755d996 0.084s
2025-05-13 20:10:10.141 69824 INFO tempest.lib.common.rest_client [req-887cb053-28ad-4813-9ac7-19e247abbd68 req-887cb053-28ad-4813-9ac7-19e247abbd68 ] Request (ServerDiagnosticsV248Test:tearDownClass): 204 DELETE http://10.180.1.21/identity/v3/projects/03628b91cb1a451abe5b11671593ed27 0.088s
2025-05-13 20:10:10.142 69824 INFO tempest.lib.common.dynamic_creds [-] Deleting project and security group for project: 2d696b69c94d4289a64a4e92a8148772
2025-05-13 20:10:10.186 69866 INFO tempest.lib.common.rest_client [req-33c2d957-22b1-480a-a5dc-44c09d9cbe2f req-33c2d957-22b1-480a-a5dc-44c09d9cbe2f ] Request (AttachVolumeNegativeTest:test_attach_attached_volume_to_different_server): 200 GET http://10.180.1.21/compute/v2.1/servers/c802d45a-0077-43b6-902c-9c88a70f48f1 0.981s
2025-05-13 20:10:10.232 69852 INFO tempest.lib.common.rest_client [req-41b1a917-7cf0-40f2-86ef-01113882a628 req-41b1a917-7cf0-40f2-86ef-01113882a628 ] Request (InstanceActionsV221TestJSON:test_get_list_deleted_instance_actions): 200 GET http://10.180.1.21/compute/v2.1/servers/18f1088d-51b4-4553-8572-02ef5eb03ea6 1.047s
2025-05-13 20:10:10.280 69824 INFO tempest.lib.common.rest_client [req-feca2ebd-abfd-4e05-8dfa-9a469e54a383 req-feca2ebd-abfd-4e05-8dfa-9a469e54a383 ] Request (ServerDiagnosticsV248Test:tearDownClass): 200 GET http://10.180.1.21:9696/networking/v2.0/security-groups?tenant_id=2d696b69c94d4289a64a4e92a8148772&name=default 0.138s
2025-05-13 20:10:10.295 69875 INFO tempest.lib.common.rest_client [req-c3ae3fc9-2199-4776-a4da-2d83b54023a3 req-c3ae3fc9-2199-4776-a4da-2d83b54023a3 ] Request (AttachInterfacesTestJSON:_run_cleanups): 200 GET http://10.180.1.21/compute/v2.1/servers/48aa7aba-a938-4622-9201-222fd0b88f76 0.970s
2025-05-13 20:10:10.318 69846 INFO tempest.lib.common.rest_client [req-9ac2440c-3b6c-421e-9810-a93664061ca3 req-9ac2440c-3b6c-421e-9810-a93664061ca3 ] Request (DeleteServersAdminTestJSON:test_delete_server_while_in_error_state): 200 GET http://10.180.1.21/compute/v2.1/servers/453e1bb7-60ae-4d6d-94bb-6830ef544c16 0.893s
2025-05-13 20:10:10.326 69856 INFO tempest.lib.common.rest_client [req-7f8f61c9-5f7c-495d-9bd9-099f59f20e6e req-7f8f61c9-5f7c-495d-9bd9-099f59f20e6e ] Request (KeyPairsV2TestJSON:tearDownClass): 200 GET http://10.180.1.21:9696/networking/v2.0/security-groups?tenant_id=e9c0d350e73b4716b14c27b5aafdb75e&name=default 0.744s
2025-05-13 20:10:10.377 69822 INFO tempest.lib.common.rest_client [req-60a3bed1-3841-4e70-8b05-cdc3ff5b44b8 req-60a3bed1-3841-4e70-8b05-cdc3ff5b44b8 ] Request (ListImageFiltersTestJSON:setUpClass): 200 GET http://10.180.1.21/compute/v2.1/servers/cc67b150-34c2-4081-8c4a-09ab5d78c1e9 0.861s
2025-05-13 20:10:10.412 69824 INFO tempest.lib.common.rest_client [req-34c5d9ba-8b57-4936-9683-a4ea02f2ccaa req-34c5d9ba-8b57-4936-9683-a4ea02f2ccaa ] Request (ServerDiagnosticsV248Test:tearDownClass): 204 DELETE http://10.180.1.21:9696/networking/v2.0/security-groups/362247ad-f465-4e9c-bc54-272c14ffa058 0.132s
2025-05-13 20:10:10.478 69849 INFO tempest.lib.common.rest_client [req-77c29d01-8540-4644-904c-6ebc482220ac req-77c29d01-8540-4644-904c-6ebc482220ac ] Request (ListServersNegativeTestJSON:tearDownClass): 200 GET http://10.180.1.21/compute/v2.1/servers/e1c88163-e975-4d2c-84e0-98e30a6cbee6 0.700s
2025-05-13 20:10:10.485 69849 INFO tempest.common.waiters [-] State transition "ACTIVE/deleting" ==> "DELETED/None" after 4 second wait
2025-05-13 20:10:10.540 69824 INFO tempest.lib.common.rest_client [req-88aeb4f6-0b6e-4ffe-aa91-9a4946f589c8 req-88aeb4f6-0b6e-4ffe-aa91-9a4946f589c8 ] Request (ServerDiagnosticsV248Test:tearDownClass): 204 DELETE http://10.180.1.21/identity/v3/projects/2d696b69c94d4289a64a4e92a8148772 0.128s
2025-05-13 20:10:10.565 69830 INFO tempest.lib.common.rest_client [req-d4ac027b-6036-4895-9826-18588de648c0 req-d4ac027b-6036-4895-9826-18588de648c0 ] Request (ServersAdminNegativeTestJSON:test_migrate_server_invalid_state): 200 GET http://10.180.1.21/compute/v2.1/servers/6ecb2892-9f7f-4ee5-83c4-9a3dc661bdc6 0.886s
2025-05-13 20:10:10.567 69856 INFO tempest.lib.common.rest_client [req-df3c6679-c0b4-4dde-8cd1-e0ac919a578d req-df3c6679-c0b4-4dde-8cd1-e0ac919a578d ] Request (KeyPairsV2TestJSON:tearDownClass): 204 DELETE http://10.180.1.21:9696/networking/v2.0/security-groups/ef0c1d1a-e998-44a3-9f2a-85966f26f1ce 0.239s
2025-05-13 20:10:10.567 69826 INFO tempest.lib.common.rest_client [req-0576bfee-dab1-43a3-b711-46d3763ee928 req-0576bfee-dab1-43a3-b711-46d3763ee928 ] Request (ServerDiagnosticsNegativeTest:tearDownClass): 200 GET http://10.180.1.21/compute/v2.1/servers/02c5c8ee-d7ae-45cb-9100-43f3267e82aa 0.774s
2025-05-13 20:10:10.573 69830 INFO tempest.common.waiters [-] State transition "ACTIVE/suspending" ==> "SUSPENDED/None" after 2 second wait
2025-05-13 20:10:10.619 69824 INFO tempest.lib.common.rest_client [req-3875f5dd-ef76-4714-ba7a-948e33d6de9d req-3875f5dd-ef76-4714-ba7a-948e33d6de9d ] Request (ServersAdminTestJSON:setUpClass): 201 POST http://10.180.1.21/identity/v3/auth/tokens 0.076s
2025-05-13 20:10:10.637 69876 INFO tempest.lib.common.rest_client [req-d48798bf-438e-4df2-838f-06aa6894d199 req-d48798bf-438e-4df2-838f-06aa6894d199 ] Request (FloatingIPsAssociationTestJSON:test_associate_already_associated_floating_ip): 200 GET http://10.180.1.21/compute/v2.1/servers/96501d38-df12-496f-b7da-7787298bbec2 0.747s
2025-05-13 20:10:10.646 69882 INFO tempest.lib.common.rest_client [req-d22acae7-b5c5-4ed1-8f9b-d2b8189acd80 req-d22acae7-b5c5-4ed1-8f9b-d2b8189acd80 ] Request (ServersTestMultiNic:_run_cleanups): 200 GET http://10.180.1.21/compute/v2.1/servers/e7c86cda-c88f-4153-b4c0-bec1305ddcb3 0.750s
2025-05-13 20:10:10.651 69824 INFO tempest.lib.common.rest_client [req-819685ac-70c0-47c1-be78-4ab46706739b req-819685ac-70c0-47c1-be78-4ab46706739b ] Request (ServersAdminTestJSON:setUpClass): 201 POST http://10.180.1.21/identity/v3/auth/tokens 0.029s
2025-05-13 20:10:10.686 69856 INFO tempest.lib.common.rest_client [req-37a70cba-40e2-44b4-b6bb-6d7a2a5481e0 req-37a70cba-40e2-44b4-b6bb-6d7a2a5481e0 ] Request (KeyPairsV2TestJSON:tearDownClass): 204 DELETE http://10.180.1.21/identity/v3/projects/e9c0d350e73b4716b14c27b5aafdb75e 0.118s
2025-05-13 20:10:10.709 69824 INFO tempest.lib.common.rest_client [req-8fa86a25-cc13-41df-a0d5-3be8c72fe1bb req-8fa86a25-cc13-41df-a0d5-3be8c72fe1bb ] Request (ServersAdminTestJSON:setUpClass): 200 GET http://10.180.1.21/identity/v3/domains?name=Default 0.057s
2025-05-13 20:10:10.711 69842 INFO tempest.lib.common.rest_client [req-ecbc4be7-df15-4ae1-8539-5a445fef10b2 req-ecbc4be7-df15-4ae1-8539-5a445fef10b2 ] Request (ServerPasswordTestJSON:setUpClass): 200 GET http://10.180.1.21/compute/v2.1/servers/b635cbd6-ca97-421e-98b5-30707a687dfc 0.736s
2025-05-13 20:10:10.728 69856 INFO tempest.lib.common.rest_client [req-791c08d4-1493-41b5-adee-38776afff342 req-791c08d4-1493-41b5-adee-38776afff342 ] Request (AbsoluteLimitsNegativeTestJSON:setUpClass): 201 POST http://10.180.1.21/identity/v3/auth/tokens 0.040s
2025-05-13 20:10:10.746 69824 INFO tempest.lib.common.rest_client [req-284d9a86-d053-4137-877c-1128a2195ca8 req-284d9a86-d053-4137-877c-1128a2195ca8 ] Request (ServersAdminTestJSON:setUpClass): 201 POST http://10.180.1.21/identity/v3/projects 0.037s
2025-05-13 20:10:10.788 69868 INFO tempest.lib.common.rest_client [req-530b806f-8007-40ea-b5be-b69f3000f6cd req-530b806f-8007-40ea-b5be-b69f3000f6cd ] Request (ServerGroupTestJSON:_run_cleanups): 200 GET http://10.180.1.21/compute/v2.1/servers/1397327d-f815-4cf6-997f-5f658d60943f 0.697s
2025-05-13 20:10:10.811 69858 INFO tempest.lib.common.rest_client [req-71f8ff54-ef90-44de-a670-ce6d172cfc46 req-71f8ff54-ef90-44de-a670-ce6d172cfc46 ] Request (MigrationsAdminTest:test_list_migrations_in_flavor_resize_situation): 200 GET http://10.180.1.21/compute/v2.1/servers/5706f0bc-dc72-43db-a689-2003181f0bc6 0.796s
2025-05-13 20:10:10.813 69856 INFO tempest.lib.common.rest_client [req-acb75586-7743-4a55-8354-cbadce0930e3 req-acb75586-7743-4a55-8354-cbadce0930e3 ] Request (AbsoluteLimitsNegativeTestJSON:setUpClass): 201 POST http://10.180.1.21/identity/v3/auth/tokens 0.082s
2025-05-13 20:10:10.833 69824 INFO tempest.lib.common.rest_client [req-164d3962-d334-48c0-9902-36b95a6d5fd0 req-164d3962-d334-48c0-9902-36b95a6d5fd0 ] Request (ServersAdminTestJSON:setUpClass): 201 POST http://10.180.1.21/identity/v3/users 0.086s
2025-05-13 20:10:10.846 69856 INFO tempest.lib.common.rest_client [req-60606b15-8884-4202-87b4-3dc0e25574af req-60606b15-8884-4202-87b4-3dc0e25574af ] Request (AbsoluteLimitsNegativeTestJSON:setUpClass): 200 GET http://10.180.1.21/identity/v3/domains?name=Default 0.033s
2025-05-13 20:10:10.868 69824 INFO tempest.lib.common.rest_client [req-2be0cf97-3c83-49d2-bac4-b1eb91d979b5 req-2be0cf97-3c83-49d2-bac4-b1eb91d979b5 ] Request (ServersAdminTestJSON:setUpClass): 200 GET http://10.180.1.21/identity/v3/roles 0.034s
2025-05-13 20:10:10.890 69856 INFO tempest.lib.common.rest_client [req-df9b9284-6e0b-426d-98bd-e61c1ebe30b6 req-df9b9284-6e0b-426d-98bd-e61c1ebe30b6 ] Request (AbsoluteLimitsNegativeTestJSON:setUpClass): 201 POST http://10.180.1.21/identity/v3/projects 0.043s
2025-05-13 20:10:10.908 69824 INFO tempest.lib.common.rest_client [req-a265ef41-f098-4b6f-852a-958c8caa9869 req-a265ef41-f098-4b6f-852a-958c8caa9869 ] Request (ServersAdminTestJSON:setUpClass): 204 PUT http://10.180.1.21/identity/v3/projects/ddad8dc858284d3c8065db49842a6dc0/users/9a5acf1b496a4c96b79f99b02eb5a8af/roles/49c6b3f2baa0432c94c283ab43c5b978 0.038s
2025-05-13 20:10:10.908 69824 INFO tempest.lib.common.dynamic_creds [-] Dynamic test user 9a5acf1b496a4c96b79f99b02eb5a8af is created with scope project and roles: ['member']
2025-05-13 20:10:10.909 69824 INFO tempest.lib.common.dynamic_creds [-] Acquired dynamic creds: credentials: Credentials: {'domain_id': 'default', 'domain_name': 'Default', 'username': 'tempest-ServersAdminTestJSON-362478418-project-member', 'project_domain_id': 'default', 'project_domain_name': 'Default', 'project_id': 'ddad8dc858284d3c8065db49842a6dc0', 'project_name': 'tempest-ServersAdminTestJSON-362478418', 'tenant_id': 'ddad8dc858284d3c8065db49842a6dc0', 'tenant_name': 'tempest-ServersAdminTestJSON-362478418', 'user_domain_id': 'default', 'user_domain_name': 'Default', 'user_id': '9a5acf1b496a4c96b79f99b02eb5a8af', 'system': None}, Network: None, Subnet: None, Router: None
2025-05-13 20:10:10.928 69878 INFO tempest.lib.common.rest_client [req-2a3a9bb1-0e85-4309-b347-ee6c36363096 req-2a3a9bb1-0e85-4309-b347-ee6c36363096 ] Request (ServerActionsTestOtherB:test_create_backup): 200 GET http://10.180.1.21/compute/v2.1/servers/9c7eb62e-b80b-4faa-b499-9e886a918114 0.822s
2025-05-13 20:10:10.930 69860 INFO tempest.lib.common.rest_client [req-f3ed3827-3b31-449c-afc4-f764e6ad19f6 req-f3ed3827-3b31-449c-afc4-f764e6ad19f6 ] Request (ServerActionsV293TestJSON:setUpClass): 200 GET http://10.180.1.21/compute/v2.1/servers/d3811fd9-69a3-48f0-9e4d-abc16ca9d5ee 0.748s
2025-05-13 20:10:10.986 69840 INFO tempest.lib.common.rest_client [req-72177a39-49fe-4835-9889-f39c59d778f8 req-72177a39-49fe-4835-9889-f39c59d778f8 ] Request (ServersTestBootFromVolume:setUpClass): 200 GET http://10.180.1.21/compute/v2.1/servers/de0064a5-c6c0-48af-90c6-52a65602aa08 0.734s
2025-05-13 20:10:10.996 69824 INFO tempest.lib.common.rest_client [req-fa838ae6-21b1-40f6-8ce9-ca1e4b6bd5b8 req-fa838ae6-21b1-40f6-8ce9-ca1e4b6bd5b8 ] Request (ServersAdminTestJSON:setUpClass): 201 POST http://10.180.1.21/identity/v3/auth/tokens 0.087s
2025-05-13 20:10:11.005 69856 INFO tempest.lib.common.rest_client [req-70abe842-cc56-4005-8f7f-c4e3b5db0fed req-70abe842-cc56-4005-8f7f-c4e3b5db0fed ] Request (AbsoluteLimitsNegativeTestJSON:setUpClass): 201 POST http://10.180.1.21/identity/v3/users 0.114s
2025-05-13 20:10:11.007 69862 INFO tempest.lib.common.rest_client [req-6598cdaf-43c5-4262-a67b-0f58bbaaead8 req-6598cdaf-43c5-4262-a67b-0f58bbaaead8 ] Request (ServersV294TestFqdnHostnames:tearDownClass): 200 GET http://10.180.1.21/compute/v2.1/servers/adabf98b-b0bb-4b09-9f30-55a473245305 0.809s
2025-05-13 20:10:11.028 69856 INFO tempest.lib.common.rest_client [req-e21bb1aa-35ab-4075-adfa-fe8b2a5f1d20 req-e21bb1aa-35ab-4075-adfa-fe8b2a5f1d20 ] Request (AbsoluteLimitsNegativeTestJSON:setUpClass): 200 GET http://10.180.1.21/identity/v3/roles 0.022s
2025-05-13 20:10:11.064 69856 INFO tempest.lib.common.rest_client [req-4c055903-f988-42c0-aad7-89dcac931717 req-4c055903-f988-42c0-aad7-89dcac931717 ] Request (AbsoluteLimitsNegativeTestJSON:setUpClass): 204 PUT http://10.180.1.21/identity/v3/projects/1dbe039f8ca14e52a73fdeccd05e4927/users/3eccc4efd33a4567b1c39396f47ea500/roles/49c6b3f2baa0432c94c283ab43c5b978 0.035s
2025-05-13 20:10:11.064 69856 INFO tempest.lib.common.dynamic_creds [-] Dynamic test user 3eccc4efd33a4567b1c39396f47ea500 is created with scope project and roles: ['member']
2025-05-13 20:10:11.064 69856 INFO tempest.lib.common.dynamic_creds [-] Acquired dynamic creds: credentials: Credentials: {'domain_id': 'default', 'domain_name': 'Default', 'username': 'tempest-AbsoluteLimitsNegativeTestJSON-2081967948-project-member', 'project_domain_id': 'default', 'project_domain_name': 'Default', 'project_id': '1dbe039f8ca14e52a73fdeccd05e4927', 'project_name': 'tempest-AbsoluteLimitsNegativeTestJSON-2081967948', 'tenant_id': '1dbe039f8ca14e52a73fdeccd05e4927', 'tenant_name': 'tempest-AbsoluteLimitsNegativeTestJSON-2081967948', 'user_domain_id': 'default', 'user_domain_name': 'Default', 'user_id': '3eccc4efd33a4567b1c39396f47ea500', 'system': None}, Network: None, Subnet: None, Router: None
2025-05-13 20:10:11.064 69856 INFO tempest.lib.common.dynamic_creds [-] Created isolated network resources for: credentials: Credentials: {'domain_id': 'default', 'domain_name': 'Default', 'username': 'tempest-AbsoluteLimitsNegativeTestJSON-2081967948-project-member', 'project_domain_id': 'default', 'project_domain_name': 'Default', 'project_id': '1dbe039f8ca14e52a73fdeccd05e4927', 'project_name': 'tempest-AbsoluteLimitsNegativeTestJSON-2081967948', 'tenant_id': '1dbe039f8ca14e52a73fdeccd05e4927', 'tenant_name': 'tempest-AbsoluteLimitsNegativeTestJSON-2081967948', 'user_domain_id': 'default', 'user_domain_name': 'Default', 'user_id': '3eccc4efd33a4567b1c39396f47ea500', 'system': None}, Network: None, Subnet: None, Router: None
2025-05-13 20:10:11.090 69864 INFO tempest.lib.common.rest_client [req-0ed08ec1-ce5c-4d9b-90ba-e47d113d7be8 req-0ed08ec1-ce5c-4d9b-90ba-e47d113d7be8 ] Request (VolumesAssistedSnapshotsTest:tearDownClass): 200 GET http://10.180.1.21/compute/v2.1/servers/292973ce-644b-4494-b2c9-fa8d7122118e 0.766s
2025-05-13 20:10:11.152 69832 INFO tempest.lib.common.rest_client [req-57d32516-c2dd-4d6c-94ac-3e733e6adcc1 req-57d32516-c2dd-4d6c-94ac-3e733e6adcc1 ] Request (ServerRescueNegativeTestJSON:test_rescued_vm_attach_volume): 200 GET http://10.180.1.21/compute/v2.1/servers/273cf30d-cbcd-4311-9a08-2563bfb90f3e 0.844s
2025-05-13 20:10:11.185 69844 INFO tempest.lib.common.rest_client [req-9c1e5272-f77f-42e0-b7d7-f1ee5a9be426 req-9c1e5272-f77f-42e0-b7d7-f1ee5a9be426 ] Request (ServersTestJSON:tearDownClass): 200 GET http://10.180.1.21/compute/v2.1/servers/d505f6a6-8db2-4835-ac1c-74b30a09b2aa 0.809s
2025-05-13 20:10:11.213 69838 INFO tempest.lib.common.rest_client [req-06b262fb-2879-4829-a4f2-9289674736e2 req-06b262fb-2879-4829-a4f2-9289674736e2 ] Request (VolumesAdminNegativeTest:test_update_attached_volume_with_nonexistent_volume_in_body): 200 GET http://10.180.1.21/compute/v2.1/servers/9b929dbc-67db-4f9a-a8a5-cacf85df8ecb 0.807s
2025-05-13 20:10:11.213 69856 INFO tempest.lib.common.rest_client [req-885bfba4-06cd-45c4-a375-06d3fc017f27 req-885bfba4-06cd-45c4-a375-06d3fc017f27 ] Request (AbsoluteLimitsNegativeTestJSON:setUpClass): 201 POST http://10.180.1.21/identity/v3/auth/tokens 0.144s
2025-05-13 20:10:11.221 69838 INFO tempest.common.waiters [-] State transition "BUILD/None" ==> "BUILD/networking" after 61 second wait
2025-05-13 20:10:11.241 69820 INFO tempest.lib.common.rest_client [req-ad3e01e2-4b50-44fa-8ab6-7475c157445b req-ad3e01e2-4b50-44fa-8ab6-7475c157445b ] Request (ServersNegativeTestJSON:setUpClass): 200 GET http://10.180.1.21/compute/v2.1/servers/d59cf518-5f32-4d3a-81e3-3ba7e8414987 0.762s
2025-05-13 20:10:11.271 69836 INFO tempest.lib.common.rest_client [req-75b9b362-bf6e-497e-8f6c-a68662bc0a24 req-75b9b362-bf6e-497e-8f6c-a68662bc0a24 ] Request (ImagesTestJSON:test_create_image_from_suspended_server): 200 GET http://10.180.1.21/compute/v2.1/servers/ca3cfeec-c1fa-4243-a103-7fd1737e4ebc 0.788s
2025-05-13 20:10:11.294 69872 INFO tempest.lib.common.rest_client [req-af13acf2-8208-4070-9bf1-cfe887b475b3 req-af13acf2-8208-4070-9bf1-cfe887b475b3 ] Request (SecurityGroupsTestJSON:test_list_security_groups_by_server): 200 GET http://10.180.1.21/compute/v2.1/servers/d9e664eb-dc03-44dd-a0d6-53f29c4ce25c 0.749s
2025-05-13 20:10:11.330 69855 INFO tempest.lib.common.rest_client [req-c5755297-f2d5-449b-8368-baa24cf73f24 req-c5755297-f2d5-449b-8368-baa24cf73f24 ] Request (ServerMetadataNegativeTestJSON:setUpClass): 200 GET http://10.180.1.21/compute/v2.1/servers/04fecfee-d2a7-42c0-b301-03fa3752c32a 0.770s
2025-05-13 20:10:11.371 69830 INFO tempest.lib.common.rest_client [req-11118584-9b87-48ec-b9c4-dde37ba77d76 req-11118584-9b87-48ec-b9c4-dde37ba77d76 ] Request (ServersAdminNegativeTestJSON:test_migrate_server_invalid_state): 409 POST http://10.180.1.21/compute/v2.1/servers/6ecb2892-9f7f-4ee5-83c4-9a3dc661bdc6/action 0.797s
2025-05-13 20:10:11.391 69824 INFO tempest.lib.common.rest_client [req-3e2fe918-ca8e-4da0-990a-33314baddb3a req-3e2fe918-ca8e-4da0-990a-33314baddb3a ] Request (ServersAdminTestJSON:setUpClass): 201 POST http://10.180.1.21:9696/networking/v2.0/networks 0.394s
2025-05-13 20:10:11.395 69881 INFO tempest.lib.common.rest_client [req-48b69619-bf17-4937-856e-0980c88b72f1 req-48b69619-bf17-4937-856e-0980c88b72f1 ] Request (ServerMetadataTestJSON:setUpClass): 200 GET http://10.180.1.21/compute/v2.1/servers/ba108cb7-dd3e-431d-9052-98eb9277101a 0.774s
2025-05-13 20:10:11.439 69870 INFO tempest.lib.common.rest_client [req-41692cae-6d4b-41e8-89ab-79cf6fdf0479 req-41692cae-6d4b-41e8-89ab-79cf6fdf0479 ] Request (ServerDiskConfigTestJSON:test_resize_server_from_auto_to_manual): 200 GET http://10.180.1.21/compute/v2.1/servers/3a61f848-0402-4aad-a007-e630c8a2f08b 0.802s
2025-05-13 20:10:11.487 69828 WARNING tempest.lib.common.ssh [-] Failed to establish authenticated ssh connection to cirros@10.180.180.208 ([Errno None] Unable to connect to port 22 on 10.180.180.208). Number attempts: 9. Retry after 10 seconds.: paramiko.ssh_exception.NoValidConnectionsError: [Errno None] Unable to connect to port 22 on 10.180.180.208
2025-05-13 20:10:11.514 69850 INFO tempest.lib.common.rest_client [req-ef9b6d6b-3455-4304-a7e4-9a62be390fea req-ef9b6d6b-3455-4304-a7e4-9a62be390fea ] Request (AttachInterfacesUnderV243Test:test_add_remove_fixed_ip): 200 GET http://10.180.1.21/compute/v2.1/servers/1d6553a4-a687-405f-9f2c-04d921676200 0.657s
2025-05-13 20:10:11.543 69866 INFO tempest.lib.common.rest_client [req-144af7c3-e1d1-4b7f-aab1-89b21317cfde req-144af7c3-e1d1-4b7f-aab1-89b21317cfde ] Request (AttachVolumeNegativeTest:test_attach_attached_volume_to_different_server): 200 GET http://10.180.1.21/compute/v2.1/servers/c802d45a-0077-43b6-902c-9c88a70f48f1 0.341s
2025-05-13 20:10:11.611 69824 INFO tempest.lib.common.rest_client [req-f59931d8-089a-4696-9d6a-92c315a09462 req-f59931d8-089a-4696-9d6a-92c315a09462 ] Request (ServersAdminTestJSON:setUpClass): 201 POST http://10.180.1.21:9696/networking/v2.0/subnets 0.220s
2025-05-13 20:10:11.635 69856 INFO tempest.lib.common.rest_client [req-ea1a97f0-9c4a-4f66-a1fb-f0c921d1d692 req-ea1a97f0-9c4a-4f66-a1fb-f0c921d1d692 ] Request (AbsoluteLimitsNegativeTestJSON:test_max_metadata_exceed_limit): 200 GET http://10.180.1.21/compute/v2.1/limits 0.418s
2025-05-13 20:10:11.689 69856 INFO tempest.lib.common.rest_client [req-43abe910-e1c5-4c03-958a-3c02a4ac31ca req-43abe910-e1c5-4c03-958a-3c02a4ac31ca ] Request (AbsoluteLimitsNegativeTestJSON:test_max_metadata_exceed_limit): 201 POST http://10.180.1.21/identity/v3/auth/tokens 0.040s
2025-05-13 20:10:11.689 69856 INFO tempest.lib.common.fixed_network [-] (AbsoluteLimitsNegativeTestJSON:test_max_metadata_exceed_limit) Found network None available for tenant
2025-05-13 20:10:11.705 69875 INFO tempest.lib.common.rest_client [req-d1c99a7e-10fd-4386-8006-47094e15a3f4 req-d1c99a7e-10fd-4386-8006-47094e15a3f4 ] Request (AttachInterfacesTestJSON:_run_cleanups): 200 GET http://10.180.1.21/compute/v2.1/servers/48aa7aba-a938-4622-9201-222fd0b88f76 0.396s
2025-05-13 20:10:11.765 69846 INFO tempest.lib.common.rest_client [req-3c521020-2dfd-4c8d-a606-9eb2cf689538 req-3c521020-2dfd-4c8d-a606-9eb2cf689538 ] Request (DeleteServersAdminTestJSON:test_delete_server_while_in_error_state): 200 GET http://10.180.1.21/compute/v2.1/servers/453e1bb7-60ae-4d6d-94bb-6830ef544c16 0.438s
2025-05-13 20:10:11.771 69830 INFO tempest.lib.common.rest_client [req-3c3eabce-5b5e-4f8c-90c5-72ee1ba14d4c req-3c3eabce-5b5e-4f8c-90c5-72ee1ba14d4c ] Request (ServersAdminNegativeTestJSON:test_reset_state_server_invalid_state): 400 POST http://10.180.1.21/compute/v2.1/servers/8973a3e6-2ff2-46ba-9a13-4c06d667bcae/action 0.398s
2025-05-13 20:10:11.831 69822 INFO tempest.lib.common.rest_client [req-05fc2f6d-8939-4a12-8d68-994a416e1476 req-05fc2f6d-8939-4a12-8d68-994a416e1476 ] Request (ListImageFiltersTestJSON:setUpClass): 200 GET http://10.180.1.21/compute/v2.1/servers/cc67b150-34c2-4081-8c4a-09ab5d78c1e9 0.444s
2025-05-13 20:10:11.912 69849 INFO tempest.lib.common.rest_client [req-e51e774f-68c9-4af0-a1cb-7ad1f40a79f1 req-e51e774f-68c9-4af0-a1cb-7ad1f40a79f1 ] Request (ListServersNegativeTestJSON:tearDownClass): 200 GET http://10.180.1.21/compute/v2.1/servers/e1c88163-e975-4d2c-84e0-98e30a6cbee6 0.426s
2025-05-13 20:10:11.955 69852 INFO tempest.lib.common.rest_client [req-70af12f3-d575-4620-ad73-130bde667cb7 req-70af12f3-d575-4620-ad73-130bde667cb7 ] Request (InstanceActionsV221TestJSON:test_get_list_deleted_instance_actions): 200 GET http://10.180.1.21/compute/v2.1/servers/18f1088d-51b4-4553-8572-02ef5eb03ea6 0.707s
2025-05-13 20:10:11.978 69826 INFO tempest.lib.common.rest_client [req-1e005a8d-6f7b-4c68-9afd-623b2bb6296b req-1e005a8d-6f7b-4c68-9afd-623b2bb6296b ] Request (ServerDiagnosticsNegativeTest:tearDownClass): 200 GET http://10.180.1.21/compute/v2.1/servers/02c5c8ee-d7ae-45cb-9100-43f3267e82aa 0.401s
2025-05-13 20:10:12.033 69876 INFO tempest.lib.common.rest_client [req-7b1030ca-540b-4ae4-ad9b-f0d75862717b req-7b1030ca-540b-4ae4-ad9b-f0d75862717b ] Request (FloatingIPsAssociationTestJSON:test_associate_already_associated_floating_ip): 200 GET http://10.180.1.21/compute/v2.1/servers/96501d38-df12-496f-b7da-7787298bbec2 0.384s
2025-05-13 20:10:12.057 69882 INFO tempest.lib.common.rest_client [req-677aef68-bce8-4d6c-8843-aea6d9ef43ea req-677aef68-bce8-4d6c-8843-aea6d9ef43ea ] Request (ServersTestMultiNic:_run_cleanups): 200 GET http://10.180.1.21/compute/v2.1/servers/e7c86cda-c88f-4153-b4c0-bec1305ddcb3 0.403s
2025-05-13 20:10:12.134 69842 INFO tempest.lib.common.rest_client [req-0bdfd870-3e52-400f-9386-12d5dcc0f50e req-0bdfd870-3e52-400f-9386-12d5dcc0f50e ] Request (ServerPasswordTestJSON:setUpClass): 200 GET http://10.180.1.21/compute/v2.1/servers/b635cbd6-ca97-421e-98b5-30707a687dfc 0.413s
2025-05-13 20:10:12.140 69830 INFO tempest.lib.common.rest_client [req-73efcb10-f8f4-4c71-889d-0bed5597fcbc req-73efcb10-f8f4-4c71-889d-0bed5597fcbc ] Request (ServersAdminNegativeTestJSON:test_reset_state_server_invalid_type): 400 POST http://10.180.1.21/compute/v2.1/servers/8973a3e6-2ff2-46ba-9a13-4c06d667bcae/action 0.367s
2025-05-13 20:10:12.244 69868 INFO tempest.lib.common.rest_client [req-cc08d232-01cb-49c8-a9aa-443e0d9cda02 req-cc08d232-01cb-49c8-a9aa-443e0d9cda02 ] Request (ServerGroupTestJSON:_run_cleanups): 200 GET http://10.180.1.21/compute/v2.1/servers/1397327d-f815-4cf6-997f-5f658d60943f 0.444s
2025-05-13 20:10:12.334 69856 INFO tempest.lib.common.rest_client [req-150faab7-470f-4a88-b49b-d01154b6960f req-150faab7-470f-4a88-b49b-d01154b6960f ] Request (AbsoluteLimitsNegativeTestJSON:test_max_metadata_exceed_limit): 403 POST http://10.180.1.21/compute/v2.1/servers 0.644s
2025-05-13 20:10:12.388 69824 INFO tempest.lib.common.rest_client [req-cd32d7f5-6b97-40e8-a85e-4383bbeee911 req-cd32d7f5-6b97-40e8-a85e-4383bbeee911 ] Request (ServersAdminTestJSON:setUpClass): 201 POST http://10.180.1.21:9696/networking/v2.0/routers 0.776s
2025-05-13 20:10:12.454 69858 INFO tempest.lib.common.rest_client [req-dd87df11-a867-4bd2-af8b-cd64c32264c6 req-dd87df11-a867-4bd2-af8b-cd64c32264c6 ] Request (MigrationsAdminTest:test_list_migrations_in_flavor_resize_situation): 200 GET http://10.180.1.21/compute/v2.1/servers/5706f0bc-dc72-43db-a689-2003181f0bc6 0.632s
2025-05-13 20:10:12.469 69856 INFO tempest.lib.common.rest_client [req-4a7e3141-d8e8-4ed1-b939-43ab591474b7 req-4a7e3141-d8e8-4ed1-b939-43ab591474b7 ] Request (AbsoluteLimitsNegativeTestJSON:tearDownClass): 204 DELETE http://10.180.1.21/identity/v3/users/3eccc4efd33a4567b1c39396f47ea500 0.133s
2025-05-13 20:10:12.469 69856 INFO tempest.lib.common.dynamic_creds [-] Deleting project and security group for project: 1dbe039f8ca14e52a73fdeccd05e4927
2025-05-13 20:10:12.539 69860 INFO tempest.lib.common.rest_client [req-8233ef07-6687-4968-9fdd-ec1236801c38 req-8233ef07-6687-4968-9fdd-ec1236801c38 ] Request (ServerActionsV293TestJSON:setUpClass): 200 GET http://10.180.1.21/compute/v2.1/servers/d3811fd9-69a3-48f0-9e4d-abc16ca9d5ee 0.590s
2025-05-13 20:10:12.543 69856 INFO tempest.lib.common.rest_client [req-466ea2d0-7031-4f3c-b332-b31cace74820 req-466ea2d0-7031-4f3c-b332-b31cace74820 ] Request (AbsoluteLimitsNegativeTestJSON:tearDownClass): 201 POST http://10.180.1.21/identity/v3/auth/tokens 0.073s
2025-05-13 20:10:12.560 69878 INFO tempest.lib.common.rest_client [req-0aa9292f-0460-4c54-a60f-00ae61e44b19 req-0aa9292f-0460-4c54-a60f-00ae61e44b19 ] Request (ServerActionsTestOtherB:test_create_backup): 200 GET http://10.180.1.21/compute/v2.1/servers/9c7eb62e-b80b-4faa-b499-9e886a918114 0.621s
2025-05-13 20:10:12.614 69840 INFO tempest.lib.common.rest_client [req-f1513350-95eb-4129-a386-e15a77bd1b7c req-f1513350-95eb-4129-a386-e15a77bd1b7c ] Request (ServersTestBootFromVolume:setUpClass): 200 GET http://10.180.1.21/compute/v2.1/servers/de0064a5-c6c0-48af-90c6-52a65602aa08 0.618s
2025-05-13 20:10:12.644 69862 INFO tempest.lib.common.rest_client [req-7f17a5df-dcd3-4f64-9b50-eb40f5bcc163 req-7f17a5df-dcd3-4f64-9b50-eb40f5bcc163 ] Request (ServersV294TestFqdnHostnames:tearDownClass): 200 GET http://10.180.1.21/compute/v2.1/servers/adabf98b-b0bb-4b09-9f30-55a473245305 0.625s
2025-05-13 20:10:12.650 69830 INFO tempest.lib.common.rest_client [req-12867f41-3114-4615-93f0-16697babf8ba req-12867f41-3114-4615-93f0-16697babf8ba ] Request (ServersAdminNegativeTestJSON:test_reset_state_server_nonexistent_server): 404 POST http://10.180.1.21/compute/v2.1/servers/999/action 0.507s
2025-05-13 20:10:12.688 69864 INFO tempest.lib.common.rest_client [req-d31d83cd-e858-4d9d-9f0f-234b4f72fb07 req-d31d83cd-e858-4d9d-9f0f-234b4f72fb07 ] Request (VolumesAssistedSnapshotsTest:tearDownClass): 200 GET http://10.180.1.21/compute/v2.1/servers/292973ce-644b-4494-b2c9-fa8d7122118e 0.588s
2025-05-13 20:10:12.770 69844 INFO tempest.lib.common.rest_client [req-0e29575a-6a81-4948-9f6b-7d69b898e5ea req-0e29575a-6a81-4948-9f6b-7d69b898e5ea ] Request (ServersTestJSON:tearDownClass): 200 GET http://10.180.1.21/compute/v2.1/servers/d505f6a6-8db2-4835-ac1c-74b30a09b2aa 0.572s
2025-05-13 20:10:12.792 69856 INFO tempest.lib.common.rest_client [req-0a03bba0-7492-400c-8dac-8a012850abc6 req-0a03bba0-7492-400c-8dac-8a012850abc6 ] Request (AbsoluteLimitsNegativeTestJSON:tearDownClass): 200 GET http://10.180.1.21:9696/networking/v2.0/security-groups?tenant_id=1dbe039f8ca14e52a73fdeccd05e4927&name=default 0.249s
2025-05-13 20:10:12.794 69832 INFO tempest.lib.common.rest_client [req-bde93701-21de-4cf5-8536-1f5637164140 req-bde93701-21de-4cf5-8536-1f5637164140 ] Request (ServerRescueNegativeTestJSON:test_rescued_vm_attach_volume): 200 GET http://10.180.1.21/compute/v2.1/servers/273cf30d-cbcd-4311-9a08-2563bfb90f3e 0.627s
2025-05-13 20:10:12.802 69832 INFO tempest.common.waiters [-] State transition "ACTIVE/rescuing" ==> "RESCUE/None" after 9 second wait
2025-05-13 20:10:12.875 69820 INFO tempest.lib.common.rest_client [req-68f1b306-f6a7-4045-847f-b866cd15b2b0 req-68f1b306-f6a7-4045-847f-b866cd15b2b0 ] Request (ServersNegativeTestJSON:setUpClass): 200 GET http://10.180.1.21/compute/v2.1/servers/d59cf518-5f32-4d3a-81e3-3ba7e8414987 0.626s
2025-05-13 20:10:12.924 69856 INFO tempest.lib.common.rest_client [req-e2cd1eaf-76a3-4db0-92d9-d6400b32e5bf req-e2cd1eaf-76a3-4db0-92d9-d6400b32e5bf ] Request (AbsoluteLimitsNegativeTestJSON:tearDownClass): 204 DELETE http://10.180.1.21:9696/networking/v2.0/security-groups/cbadc94e-2875-461f-85bc-4a3a227dcc96 0.131s
2025-05-13 20:10:12.933 69836 INFO tempest.lib.common.rest_client [req-85291561-c9d5-49ed-9d1d-f4f7052b3973 req-85291561-c9d5-49ed-9d1d-f4f7052b3973 ] Request (ImagesTestJSON:test_create_image_from_suspended_server): 200 GET http://10.180.1.21/compute/v2.1/servers/ca3cfeec-c1fa-4243-a103-7fd1737e4ebc 0.653s
2025-05-13 20:10:12.937 69838 INFO tempest.lib.common.rest_client [req-1a15dd75-0061-4c1e-b31e-7182ba3be503 req-1a15dd75-0061-4c1e-b31e-7182ba3be503 ] Request (VolumesAdminNegativeTest:test_update_attached_volume_with_nonexistent_volume_in_body): 200 GET http://10.180.1.21/compute/v2.1/servers/9b929dbc-67db-4f9a-a8a5-cacf85df8ecb 0.714s
2025-05-13 20:10:12.947 69838 INFO tempest.common.waiters [-] State transition "BUILD/networking" ==> "BUILD/spawning" after 62 second wait
2025-05-13 20:10:12.981 69872 INFO tempest.lib.common.rest_client [req-27ff19a8-cdd4-4221-863d-42575f3b9fa6 req-27ff19a8-cdd4-4221-863d-42575f3b9fa6 ] Request (SecurityGroupsTestJSON:test_list_security_groups_by_server): 200 GET http://10.180.1.21/compute/v2.1/servers/d9e664eb-dc03-44dd-a0d6-53f29c4ce25c 0.674s
2025-05-13 20:10:13.000 69855 INFO tempest.lib.common.rest_client [req-cbb83608-7f29-4e30-8f86-da27dfe51c2a req-cbb83608-7f29-4e30-8f86-da27dfe51c2a ] Request (ServerMetadataNegativeTestJSON:setUpClass): 200 GET http://10.180.1.21/compute/v2.1/servers/04fecfee-d2a7-42c0-b301-03fa3752c32a 0.661s
2025-05-13 20:10:13.005 69856 INFO tempest.lib.common.rest_client [req-735231e7-fec0-4f6b-bd34-62cc652bd0e5 req-735231e7-fec0-4f6b-bd34-62cc652bd0e5 ] Request (AbsoluteLimitsNegativeTestJSON:tearDownClass): 204 DELETE http://10.180.1.21/identity/v3/projects/1dbe039f8ca14e52a73fdeccd05e4927 0.081s
2025-05-13 20:10:13.031 69881 INFO tempest.lib.common.rest_client [req-36605685-bf21-4a1a-8802-34afcbb31859 req-36605685-bf21-4a1a-8802-34afcbb31859 ] Request (ServerMetadataTestJSON:setUpClass): 200 GET http://10.180.1.21/compute/v2.1/servers/ba108cb7-dd3e-431d-9052-98eb9277101a 0.621s
2025-05-13 20:10:13.059 69870 INFO tempest.lib.common.rest_client [req-23ec1af3-a69f-4b7e-b9c5-b7c3a9b2b508 req-23ec1af3-a69f-4b7e-b9c5-b7c3a9b2b508 ] Request (ServerDiskConfigTestJSON:test_resize_server_from_auto_to_manual): 200 GET http://10.180.1.21/compute/v2.1/servers/3a61f848-0402-4aad-a007-e630c8a2f08b 0.602s
2025-05-13 20:10:13.089 69856 INFO tempest.lib.common.rest_client [req-61361960-3e13-4110-b220-9dc7e567d7ee req-61361960-3e13-4110-b220-9dc7e567d7ee ] Request (AttachVolumeTestJSON:setUpClass): 201 POST http://10.180.1.21/identity/v3/auth/tokens 0.082s
2025-05-13 20:10:13.129 69856 INFO tempest.lib.common.rest_client [req-36af3029-0cbc-4153-9c28-d7810cf2316d req-36af3029-0cbc-4153-9c28-d7810cf2316d ] Request (AttachVolumeTestJSON:setUpClass): 201 POST http://10.180.1.21/identity/v3/auth/tokens 0.037s
2025-05-13 20:10:13.143 69866 INFO tempest.lib.common.rest_client [req-64568198-5fc6-4b3e-9474-b8a1a7cc90e7 req-64568198-5fc6-4b3e-9474-b8a1a7cc90e7 ] Request (AttachVolumeNegativeTest:test_attach_attached_volume_to_different_server): 200 GET http://10.180.1.21/compute/v2.1/servers/c802d45a-0077-43b6-902c-9c88a70f48f1 0.590s
2025-05-13 20:10:13.173 69856 INFO tempest.lib.common.rest_client [req-0e7703eb-f19b-450c-bb1f-dc05a63ac107 req-0e7703eb-f19b-450c-bb1f-dc05a63ac107 ] Request (AttachVolumeTestJSON:setUpClass): 200 GET http://10.180.1.21/identity/v3/domains?name=Default 0.043s
2025-05-13 20:10:13.199 69850 INFO tempest.lib.common.rest_client [req-8d801981-414f-4821-aadb-780c4a3a9de1 req-8d801981-414f-4821-aadb-780c4a3a9de1 ] Request (AttachInterfacesUnderV243Test:test_add_remove_fixed_ip): 200 GET http://10.180.1.21/compute/v2.1/servers/1d6553a4-a687-405f-9f2c-04d921676200 0.675s
2025-05-13 20:10:13.209 69856 INFO tempest.lib.common.rest_client [req-af0f43ec-7b12-406c-9439-0310571ace6b req-af0f43ec-7b12-406c-9439-0310571ace6b ] Request (AttachVolumeTestJSON:setUpClass): 201 POST http://10.180.1.21/identity/v3/projects 0.035s
2025-05-13 20:10:13.273 69856 INFO tempest.lib.common.rest_client [req-b1bd9b05-d6ff-48b2-9f08-f961b018bd51 req-b1bd9b05-d6ff-48b2-9f08-f961b018bd51 ] Request (AttachVolumeTestJSON:setUpClass): 201 POST http://10.180.1.21/identity/v3/users 0.063s
2025-05-13 20:10:13.283 69875 INFO tempest.lib.common.rest_client [req-00ba9a4f-107c-44d2-a55b-4c35c4fcfe1a req-00ba9a4f-107c-44d2-a55b-4c35c4fcfe1a ] Request (AttachInterfacesTestJSON:_run_cleanups): 200 GET http://10.180.1.21/compute/v2.1/servers/48aa7aba-a938-4622-9201-222fd0b88f76 0.569s
2025-05-13 20:10:13.299 69856 INFO tempest.lib.common.rest_client [req-8e298eee-478a-44f8-bd9a-03e3eeaeefcd req-8e298eee-478a-44f8-bd9a-03e3eeaeefcd ] Request (AttachVolumeTestJSON:setUpClass): 200 GET http://10.180.1.21/identity/v3/roles 0.026s
2025-05-13 20:10:13.331 69856 INFO tempest.lib.common.rest_client [req-bb33cda3-1e41-472d-8594-5f5a645243c1 req-bb33cda3-1e41-472d-8594-5f5a645243c1 ] Request (AttachVolumeTestJSON:setUpClass): 204 PUT http://10.180.1.21/identity/v3/projects/260e7f6a61954571bc997719e6558d96/users/86e58050698a4e5f8ff81ebb145f5938/roles/49c6b3f2baa0432c94c283ab43c5b978 0.031s
2025-05-13 20:10:13.331 69856 INFO tempest.lib.common.dynamic_creds [-] Dynamic test user 86e58050698a4e5f8ff81ebb145f5938 is created with scope project and roles: ['member']
2025-05-13 20:10:13.331 69856 INFO tempest.lib.common.dynamic_creds [-] Acquired dynamic creds: credentials: Credentials: {'domain_id': 'default', 'domain_name': 'Default', 'username': 'tempest-AttachVolumeTestJSON-1247015010-project-member', 'project_domain_id': 'default', 'project_domain_name': 'Default', 'project_id': '260e7f6a61954571bc997719e6558d96', 'project_name': 'tempest-AttachVolumeTestJSON-1247015010', 'tenant_id': '260e7f6a61954571bc997719e6558d96', 'tenant_name': 'tempest-AttachVolumeTestJSON-1247015010', 'user_domain_id': 'default', 'user_domain_name': 'Default', 'user_id': '86e58050698a4e5f8ff81ebb145f5938', 'system': None}, Network: None, Subnet: None, Router: None
