2025-05-13 20:08:13.495 69882 INFO tempest.lib.common.rest_client [req-6cd2bfae-fde1-45a5-8563-bc6a314d1553 req-6cd2bfae-fde1-45a5-8563-bc6a314d1553 ] Request (QuotasAdminNegativeTest:test_create_server_when_memory_quota_is_full): 200 GET http://10.180.1.21/compute/v2.1/os-quota-sets/32b375d1056643259d670b90a85558f9 2.429s
2025-05-13 20:08:13.499 69862 INFO tempest.lib.common.rest_client [req-c0dc1da4-1152-489f-bbd8-52cf358e4791 req-c0dc1da4-1152-489f-bbd8-52cf358e4791 ] Request (FloatingIPDetailsNegativeTestJSON:setUpClass): 200 GET http://10.180.1.21/identity/v3/roles 0.067s
2025-05-13 20:08:13.517 69830 INFO tempest.lib.common.rest_client [req-f3c5c142-dd6a-4c4d-893e-24ca48667c74 req-f3c5c142-dd6a-4c4d-893e-24ca48667c74 ] Request (QuotasAdminTestV257:tearDownClass): 204 DELETE http://10.180.1.21/identity/v3/projects/ede6c95caece4d7eac461b327ff21139 0.156s
2025-05-13 20:08:13.525 69838 INFO tempest.lib.common.rest_client [req-a92bc4ba-4b05-4792-8455-8071c1cc4f5b req-a92bc4ba-4b05-4792-8455-8071c1cc4f5b ] Request (FlavorsAccessNegativeTestJSON:_run_cleanups): 202 DELETE http://10.180.1.21/compute/v2.1/flavors/573758661 2.254s
2025-05-13 20:08:13.544 69834 INFO tempest.lib.common.rest_client [req-d7f0c1dd-250b-4b78-90db-7ed35ba4ddfc req-d7f0c1dd-250b-4b78-90db-7ed35ba4ddfc ] Request (AbsoluteLimitsTestJSON:tearDownClass): 204 DELETE http://10.180.1.21:9696/networking/v2.0/security-groups/360e500e-5c0e-4309-9ce5-7c6d52765f73 0.381s
2025-05-13 20:08:13.551 69868 INFO tempest.lib.common.rest_client [req-261d371d-5aed-46dd-ba3b-577e44f8a643 req-261d371d-5aed-46dd-ba3b-577e44f8a643 ] Request (InstanceUsageAuditLogNegativeTestJSON:tearDownClass): 200 GET http://10.180.1.21:9696/networking/v2.0/security-groups?tenant_id=76f38dc1275644b8b33be5531aa1eea5&name=default 0.386s
2025-05-13 20:08:13.597 69862 INFO tempest.lib.common.rest_client [req-362cd85a-53a7-4a41-aa50-09e664ca9271 req-362cd85a-53a7-4a41-aa50-09e664ca9271 ] Request (FloatingIPDetailsNegativeTestJSON:setUpClass): 204 PUT http://10.180.1.21/identity/v3/projects/560e1b89911a4fe2b62cb568eba204f1/users/911c64f786a443b8bbf12f0c46b47628/roles/49c6b3f2baa0432c94c283ab43c5b978 0.097s
2025-05-13 20:08:13.597 69862 INFO tempest.lib.common.dynamic_creds [-] Dynamic test user 911c64f786a443b8bbf12f0c46b47628 is created with scope project and roles: ['member']
2025-05-13 20:08:13.598 69862 INFO tempest.lib.common.dynamic_creds [-] Acquired dynamic creds: credentials: Credentials: {'domain_id': 'default', 'domain_name': 'Default', 'username': 'tempest-FloatingIPDetailsNegativeTestJSON-1281060226-project-member', 'project_domain_id': 'default', 'project_domain_name': 'Default', 'project_id': '560e1b89911a4fe2b62cb568eba204f1', 'project_name': 'tempest-FloatingIPDetailsNegativeTestJSON-1281060226', 'tenant_id': '560e1b89911a4fe2b62cb568eba204f1', 'tenant_name': 'tempest-FloatingIPDetailsNegativeTestJSON-1281060226', 'user_domain_id': 'default', 'user_domain_name': 'Default', 'user_id': '911c64f786a443b8bbf12f0c46b47628', 'system': None}, Network: None, Subnet: None, Router: None
2025-05-13 20:08:13.668 69830 INFO tempest.lib.common.rest_client [req-6af2f7f0-6e84-45f4-8fc1-9e5c8c16a6f2 req-6af2f7f0-6e84-45f4-8fc1-9e5c8c16a6f2 ] Request (ServersAdminNegativeTestJSON:setUpClass): 201 POST http://10.180.1.21/identity/v3/auth/tokens 0.149s
2025-05-13 20:08:13.691 69855 INFO tempest.lib.common.rest_client [req-0d55a8e0-24b0-4a81-9180-bc1b5084f724 req-0d55a8e0-24b0-4a81-9180-bc1b5084f724 ] Request (ServerAddressesNegativeTestJSON:setUpClass): 200 PUT http://10.180.1.21:9696/networking/v2.0/routers/c4280c90-b829-4326-b0de-17448cc0a63f/add_router_interface 2.758s
2025-05-13 20:08:13.691 69855 INFO tempest.lib.common.dynamic_creds [-] Created isolated network resources for: credentials: Credentials: {'domain_id': 'default', 'domain_name': 'Default', 'username': 'tempest-ServerAddressesNegativeTestJSON-353182195-project-member', 'project_domain_id': 'default', 'project_domain_name': 'Default', 'project_id': '854341de614c4cdc946f5aa1a2c5ed51', 'project_name': 'tempest-ServerAddressesNegativeTestJSON-353182195', 'tenant_id': '854341de614c4cdc946f5aa1a2c5ed51', 'tenant_name': 'tempest-ServerAddressesNegativeTestJSON-353182195', 'user_domain_id': 'default', 'user_domain_name': 'Default', 'user_id': 'fe6bea0132a740f8beabc081ca172192', 'system': None}, Network: {'id': '8b943380-743d-404c-883a-3e824d16e469', 'name': 'tempest-ServerAddressesNegativeTestJSON-759069577-network', 'tenant_id': '854341de614c4cdc946f5aa1a2c5ed51', 'admin_state_up': True, 'mtu': 8950, 'status': 'ACTIVE', 'subnets': [], 'shared': False, 'project_id': '854341de614c4cdc946f5aa1a2c5ed51', 'port_security_enabled': True, 'router:external': False, 'provider:network_type': 'vlan', 'provider:physical_network': 'default', 'provider:segmentation_id': 599, 'availability_zone_hints': [], 'availability_zones': [], 'ipv4_address_scope': None, 'ipv6_address_scope': None, 'description': '', 'tags': [], 'created_at': '2025-05-13T20:08:07Z', 'updated_at': '2025-05-13T20:08:07Z', 'revision_number': 1}, Subnet: {'id': 'a9a3032f-f7eb-4a84-b8c5-64c980b937c3', 'name': 'tempest-ServerAddressesNegativeTestJSON-759069577-subnet', 'tenant_id': '854341de614c4cdc946f5aa1a2c5ed51', 'network_id': '8b943380-743d-404c-883a-3e824d16e469', 'ip_version': 4, 'subnetpool_id': None, 'enable_dhcp': True, 'ipv6_ra_mode': None, 'ipv6_address_mode': None, 'gateway_ip': '192.168.128.1', 'cidr': '192.168.128.0/28', 'allocation_pools': [{'start': '192.168.128.2', 'end': '192.168.128.14'}], 'host_routes': [], 'dns_nameservers': [], 'description': '', 'router:external': False, 'service_types': [], 'tags': [], 'created_at': '2025-05-13T20:08:07Z', 'updated_at': '2025-05-13T20:08:07Z', 'revision_number': 0, 'project_id': '854341de614c4cdc946f5aa1a2c5ed51'}, Router: {'id': 'c4280c90-b829-4326-b0de-17448cc0a63f', 'name': 'tempest-ServerAddressesNegativeTestJSON-759069577-router', 'tenant_id': '854341de614c4cdc946f5aa1a2c5ed51', 'admin_state_up': True, 'status': 'ACTIVE', 'external_gateway_info': {'network_id': 'ab8cb95b-56bf-49df-8281-f4ed61b231ac', 'external_fixed_ips': [{'subnet_id': 'a402df8f-9fd2-4b96-b101-d2a46eb45891', 'ip_address': '10.180.180.232'}], 'enable_snat': True}, 'description': '', 'availability_zones': [], 'distributed': False, 'ha': False, 'availability_zone_hints': [], 'routes': [], 'flavor_id': None, 'tags': [], 'created_at': '2025-05-13T20:08:08Z', 'updated_at': '2025-05-13T20:08:09Z', 'revision_number': 2, 'project_id': '854341de614c4cdc946f5aa1a2c5ed51'}
2025-05-13 20:08:13.701 69862 INFO tempest.lib.common.rest_client [req-f93c75d0-8ce2-45d0-a2fc-15ab7108b116 req-f93c75d0-8ce2-45d0-a2fc-15ab7108b116 ] Request (FloatingIPDetailsNegativeTestJSON:setUpClass): 201 POST http://10.180.1.21/identity/v3/auth/tokens 0.103s
2025-05-13 20:08:13.758 69834 INFO tempest.lib.common.rest_client [req-c1c5b6bb-5c66-4c39-9e3a-036fdf2b64c3 req-c1c5b6bb-5c66-4c39-9e3a-036fdf2b64c3 ] Request (AbsoluteLimitsTestJSON:tearDownClass): 204 DELETE http://10.180.1.21/identity/v3/projects/1d52e8794739473392672d5b9c53b860 0.212s
2025-05-13 20:08:13.761 69856 INFO tempest.lib.common.rest_client [req-a1e6e604-ee05-4aaa-92ad-13a40dfd3ae7 req-a1e6e604-ee05-4aaa-92ad-13a40dfd3ae7 ] Request (ImagesOneServerTestJSON:setUpClass): 200 GET http://10.180.1.21/compute/v2.1/servers/434f32c3-fd37-47f8-b899-dcb1799b0a13 2.318s
2025-05-13 20:08:13.772 69856 INFO tempest.common.waiters [-] State transition "BUILD/block_device_mapping" ==> "BUILD/spawning" after 13 second wait
2025-05-13 20:08:13.778 69830 INFO tempest.lib.common.rest_client [req-d34c2d17-b302-4a63-be68-0ffad7680776 req-d34c2d17-b302-4a63-be68-0ffad7680776 ] Request (ServersAdminNegativeTestJSON:setUpClass): 201 POST http://10.180.1.21/identity/v3/auth/tokens 0.108s
2025-05-13 20:08:13.782 69868 INFO tempest.lib.common.rest_client [req-bcb58e06-c239-4f34-85c0-ec9a06f8fe1f req-bcb58e06-c239-4f34-85c0-ec9a06f8fe1f ] Request (InstanceUsageAuditLogNegativeTestJSON:tearDownClass): 204 DELETE http://10.180.1.21:9696/networking/v2.0/security-groups/11c63973-168f-4549-8ff4-bf491aff8f47 0.229s
2025-05-13 20:08:13.833 69855 INFO tempest.lib.common.rest_client [req-49b74635-7692-4941-9bd5-78e88a9af119 req-49b74635-7692-4941-9bd5-78e88a9af119 ] Request (ServerAddressesNegativeTestJSON:setUpClass): 201 POST http://10.180.1.21/identity/v3/auth/tokens 0.135s
2025-05-13 20:08:13.847 69836 INFO tempest.lib.common.rest_client [req-5106e7f8-a528-42bd-8858-aba325887e6e req-5106e7f8-a528-42bd-8858-aba325887e6e ] Request (ImagesTestJSON:test_create_image_from_stopped_server): 200 GET http://10.180.1.21/compute/v2.1/servers/49ba12d1-86f4-49e2-8bfe-10c82616ae2a 2.357s
2025-05-13 20:08:13.865 69834 INFO tempest.lib.common.rest_client [req-d684bc94-076d-436a-9881-7f707f9511ee req-d684bc94-076d-436a-9881-7f707f9511ee ] Request (ExtensionsTest:setUpClass): 201 POST http://10.180.1.21/identity/v3/auth/tokens 0.102s
2025-05-13 20:08:13.874 69820 INFO tempest.lib.common.rest_client [req-2bfd224c-e344-410f-b5ed-3a60ad6bea9e req-2bfd224c-e344-410f-b5ed-3a60ad6bea9e ] Request (FlavorsExtraSpecsTestJSON:test_flavor_set_get_update_show_unset_keys): 200 DELETE http://10.180.1.21/compute/v2.1/flavors/1462863545/os-extra_specs/hw:numa_nodes 2.271s
2025-05-13 20:08:13.886 69830 INFO tempest.lib.common.rest_client [req-08698ba9-0bf1-46c5-937b-dd3f8327bb76 req-08698ba9-0bf1-46c5-937b-dd3f8327bb76 ] Request (ServersAdminNegativeTestJSON:setUpClass): 200 GET http://10.180.1.21/identity/v3/domains?name=Default 0.108s
2025-05-13 20:08:13.932 69826 INFO tempest.lib.common.rest_client [req-c00ad1b1-b732-4676-8658-eee4cf805416 req-c00ad1b1-b732-4676-8658-eee4cf805416 ] Request (QuotasAdminTestJSON:test_delete_quota): 200 GET http://10.180.1.21/compute/v2.1/os-quota-sets/d9c6c35f0c4448b2ab3f409cb60a59a7 2.800s
2025-05-13 20:08:13.950 69868 INFO tempest.lib.common.rest_client [req-285a3bfd-ef59-43a4-8127-a66197d8134d req-285a3bfd-ef59-43a4-8127-a66197d8134d ] Request (InstanceUsageAuditLogNegativeTestJSON:tearDownClass): 204 DELETE http://10.180.1.21/identity/v3/projects/76f38dc1275644b8b33be5531aa1eea5 0.168s
2025-05-13 20:08:13.965 69828 INFO tempest.lib.common.rest_client [req-d10ecc76-1e66-4833-9719-cc483486284c req-d10ecc76-1e66-4833-9719-cc483486284c ] Request (ServersWithSpecificFlavorTestJSON:test_verify_created_server_ephemeral_disk): 200 POST http://10.180.1.21/compute/v2.1/flavors/237282874/os-extra_specs 2.350s
2025-05-13 20:08:13.990 69855 INFO tempest.lib.common.rest_client [req-903e68cb-c176-4adb-8d89-019996b034f8 req-903e68cb-c176-4adb-8d89-019996b034f8 ] Request (ServerAddressesNegativeTestJSON:setUpClass): 201 POST http://10.180.1.21/identity/v3/auth/tokens 0.149s
2025-05-13 20:08:13.991 69855 INFO tempest.lib.common.fixed_network [-] (ServerAddressesNegativeTestJSON:setUpClass) Found network {'id': '8b943380-743d-404c-883a-3e824d16e469', 'name': 'tempest-ServerAddressesNegativeTestJSON-759069577-network', 'tenant_id': '854341de614c4cdc946f5aa1a2c5ed51', 'admin_state_up': True, 'mtu': 8950, 'status': 'ACTIVE', 'subnets': [], 'shared': False, 'project_id': '854341de614c4cdc946f5aa1a2c5ed51', 'port_security_enabled': True, 'router:external': False, 'provider:network_type': 'vlan', 'provider:physical_network': 'default', 'provider:segmentation_id': 599, 'availability_zone_hints': [], 'availability_zones': [], 'ipv4_address_scope': None, 'ipv6_address_scope': None, 'description': '', 'tags': [], 'created_at': '2025-05-13T20:08:07Z', 'updated_at': '2025-05-13T20:08:07Z', 'revision_number': 1} available for tenant
2025-05-13 20:08:14.002 69840 INFO tempest.lib.common.rest_client [req-dfbbd88a-3330-46b8-ac77-7af530f3eebe req-dfbbd88a-3330-46b8-ac77-7af530f3eebe ] Request (FlavorsV2TestJSON:test_list_flavors_detailed_filter_by_min_disk): 200 GET http://10.180.1.21/compute/v2.1/flavors/detail?minDisk=2 2.371s
2025-05-13 20:08:14.017 69834 INFO tempest.lib.common.rest_client [req-4a12904f-2aa9-460a-9b15-8d21e507a96a req-4a12904f-2aa9-460a-9b15-8d21e507a96a ] Request (ExtensionsTest:setUpClass): 201 POST http://10.180.1.21/identity/v3/auth/tokens 0.150s
2025-05-13 20:08:14.025 69852 INFO tempest.lib.common.rest_client [req-b9faeb9f-2a5b-4b15-9b98-68190fa26846 req-b9faeb9f-2a5b-4b15-9b98-68190fa26846 ] Request (FlavorsAccessTestJSON:_run_cleanups): 202 DELETE http://10.180.1.21/compute/v2.1/flavors/1465196812 2.376s
2025-05-13 20:08:14.061 69830 INFO tempest.lib.common.rest_client [req-ad0cccc4-be30-4fc8-b40f-4939e2d7972c req-ad0cccc4-be30-4fc8-b40f-4939e2d7972c ] Request (ServersAdminNegativeTestJSON:setUpClass): 201 POST http://10.180.1.21/identity/v3/projects 0.175s
2025-05-13 20:08:14.108 69844 INFO tempest.lib.common.rest_client [req-147ef15b-0a7e-475a-94c7-08aee087b533 req-147ef15b-0a7e-475a-94c7-08aee087b533 ] Request (ServersTestJSON:setUpClass): 201 POST http://10.180.1.21:9696/networking/v2.0/floatingips 0.716s
2025-05-13 20:08:14.146 69868 INFO tempest.lib.common.rest_client [req-5576f3fb-054e-4cff-b971-6cec0effe765 req-5576f3fb-054e-4cff-b971-6cec0effe765 ] Request (ServerGroupTestJSON:setUpClass): 201 POST http://10.180.1.21/identity/v3/auth/tokens 0.193s
2025-05-13 20:08:14.152 69834 INFO tempest.lib.common.rest_client [req-b762b274-9bca-4362-b0a9-b1ee6c8206ff req-b762b274-9bca-4362-b0a9-b1ee6c8206ff ] Request (ExtensionsTest:setUpClass): 200 GET http://10.180.1.21/identity/v3/domains?name=Default 0.134s
2025-05-13 20:08:14.185 69830 INFO tempest.lib.common.rest_client [req-0aa418e0-d779-4d8d-ad2a-15f550a126a7 req-0aa418e0-d779-4d8d-ad2a-15f550a126a7 ] Request (ServersAdminNegativeTestJSON:setUpClass): 201 POST http://10.180.1.21/identity/v3/users 0.123s
2025-05-13 20:08:14.188 69878 INFO tempest.lib.common.rest_client [req-31e05fcd-d3d0-443d-9d9b-a97befec9d09 req-31e05fcd-d3d0-443d-9d9b-a97befec9d09 ] Request (ServerActionsTestOtherB:setUpClass): 200 GET http://10.180.1.21/compute/v2.1/servers/9c7eb62e-b80b-4faa-b499-9e886a918114 2.021s
2025-05-13 20:08:14.200 69878 INFO tempest.common.waiters [-] State transition "BUILD/None" ==> "BUILD/networking" after 9 second wait
2025-05-13 20:08:14.212 69868 INFO tempest.lib.common.rest_client [req-566de38f-a3e6-468b-b8f8-1854ebc77da3 req-566de38f-a3e6-468b-b8f8-1854ebc77da3 ] Request (ServerGroupTestJSON:setUpClass): 201 POST http://10.180.1.21/identity/v3/auth/tokens 0.064s
2025-05-13 20:08:14.216 69844 INFO tempest.lib.common.rest_client [req-38fd5e30-c83b-4bd7-9829-54c863de93dc req-38fd5e30-c83b-4bd7-9829-54c863de93dc ] Request (ServersTestJSON:setUpClass): 201 POST http://10.180.1.21/identity/v3/auth/tokens 0.101s
2025-05-13 20:08:14.217 69844 INFO tempest.lib.common.fixed_network [-] (ServersTestJSON:setUpClass) Found network {'id': 'fe8cdd2f-4101-4fef-8ae1-3302ff9756ca', 'name': 'tempest-ServersTestJSON-16338382-network', 'tenant_id': '73dacd29cdf240089c0643442fb89cdd', 'admin_state_up': True, 'mtu': 8950, 'status': 'ACTIVE', 'subnets': [], 'shared': False, 'project_id': '73dacd29cdf240089c0643442fb89cdd', 'port_security_enabled': True, 'router:external': False, 'provider:network_type': 'vlan', 'provider:physical_network': 'default', 'provider:segmentation_id': 282, 'availability_zone_hints': [], 'availability_zones': [], 'ipv4_address_scope': None, 'ipv6_address_scope': None, 'description': '', 'tags': [], 'created_at': '2025-05-13T20:08:03Z', 'updated_at': '2025-05-13T20:08:03Z', 'revision_number': 1} available for tenant
2025-05-13 20:08:14.235 69830 INFO tempest.lib.common.rest_client [req-197f1203-fae6-44c8-864e-ce4ec5bb45a8 req-197f1203-fae6-44c8-864e-ce4ec5bb45a8 ] Request (ServersAdminNegativeTestJSON:setUpClass): 200 GET http://10.180.1.21/identity/v3/roles 0.049s
2025-05-13 20:08:14.241 69834 INFO tempest.lib.common.rest_client [req-d4d786f7-55b0-4d65-893a-72dafe80dfea req-d4d786f7-55b0-4d65-893a-72dafe80dfea ] Request (ExtensionsTest:setUpClass): 201 POST http://10.180.1.21/identity/v3/projects 0.088s
2025-05-13 20:08:14.290 69862 INFO tempest.lib.common.rest_client [req-44756510-698b-4e46-8c80-94e694c6c148 req-44756510-698b-4e46-8c80-94e694c6c148 ] Request (FloatingIPDetailsNegativeTestJSON:setUpClass): 201 POST http://10.180.1.21:9696/networking/v2.0/networks 0.588s
2025-05-13 20:08:14.297 69868 INFO tempest.lib.common.rest_client [req-891a6c12-24eb-4a85-b6ad-d15f1c94ff93 req-891a6c12-24eb-4a85-b6ad-d15f1c94ff93 ] Request (ServerGroupTestJSON:setUpClass): 200 GET http://10.180.1.21/identity/v3/domains?name=Default 0.084s
2025-05-13 20:08:14.325 69830 INFO tempest.lib.common.rest_client [req-e0c2236e-2ced-4f9d-b559-69b7a21c686c req-e0c2236e-2ced-4f9d-b559-69b7a21c686c ] Request (ServersAdminNegativeTestJSON:setUpClass): 204 PUT http://10.180.1.21/identity/v3/projects/20f0dfc61c044d398a5a94c8173a923c/users/1f0c88b4722c4c7e982b6ac435ac3c6b/roles/49c6b3f2baa0432c94c283ab43c5b978 0.089s
2025-05-13 20:08:14.325 69830 INFO tempest.lib.common.dynamic_creds [-] Dynamic test user 1f0c88b4722c4c7e982b6ac435ac3c6b is created with scope project and roles: ['member']
2025-05-13 20:08:14.325 69830 INFO tempest.lib.common.dynamic_creds [-] Acquired dynamic creds: credentials: Credentials: {'domain_id': 'default', 'domain_name': 'Default', 'username': 'tempest-ServersAdminNegativeTestJSON-1852575205-project-member', 'project_domain_id': 'default', 'project_domain_name': 'Default', 'project_id': '20f0dfc61c044d398a5a94c8173a923c', 'project_name': 'tempest-ServersAdminNegativeTestJSON-1852575205', 'tenant_id': '20f0dfc61c044d398a5a94c8173a923c', 'tenant_name': 'tempest-ServersAdminNegativeTestJSON-1852575205', 'user_domain_id': 'default', 'user_domain_name': 'Default', 'user_id': '1f0c88b4722c4c7e982b6ac435ac3c6b', 'system': None}, Network: None, Subnet: None, Router: None
2025-05-13 20:08:14.326 69830 INFO tempest.lib.common.dynamic_creds [-] Created isolated network resources for: credentials: Credentials: {'domain_id': 'default', 'domain_name': 'Default', 'username': 'tempest-ServersAdminNegativeTestJSON-1852575205-project-member', 'project_domain_id': 'default', 'project_domain_name': 'Default', 'project_id': '20f0dfc61c044d398a5a94c8173a923c', 'project_name': 'tempest-ServersAdminNegativeTestJSON-1852575205', 'tenant_id': '20f0dfc61c044d398a5a94c8173a923c', 'tenant_name': 'tempest-ServersAdminNegativeTestJSON-1852575205', 'user_domain_id': 'default', 'user_domain_name': 'Default', 'user_id': '1f0c88b4722c4c7e982b6ac435ac3c6b', 'system': None}, Network: None, Subnet: None, Router: None
2025-05-13 20:08:14.339 69832 INFO tempest.lib.common.rest_client [req-ba28acdb-4480-4dbe-a4c2-6ed215b147cf req-ba28acdb-4480-4dbe-a4c2-6ed215b147cf ] Request (FloatingIPsTestJSON:tearDownClass): 200 PUT http://10.180.1.21:9696/networking/v2.0/routers/96ca2e25-58bb-480b-b1a5-b2f37c0d9566/remove_router_interface 2.753s
2025-05-13 20:08:14.386 69834 INFO tempest.lib.common.rest_client [req-81d7d45e-0758-4e6f-b3e9-b78caf70c8e4 req-81d7d45e-0758-4e6f-b3e9-b78caf70c8e4 ] Request (ExtensionsTest:setUpClass): 201 POST http://10.180.1.21/identity/v3/users 0.145s
2025-05-13 20:08:14.394 69868 INFO tempest.lib.common.rest_client [req-2e625dd5-16dc-4d98-b065-7a08d697e0cf req-2e625dd5-16dc-4d98-b065-7a08d697e0cf ] Request (ServerGroupTestJSON:setUpClass): 201 POST http://10.180.1.21/identity/v3/projects 0.096s
2025-05-13 20:08:14.398 69849 INFO tempest.lib.common.rest_client [req-506ef5b0-3cb0-45be-be61-ff3ddd4b45e7 req-506ef5b0-3cb0-45be-be61-ff3ddd4b45e7 ] Request (ListImageFiltersNegativeTestJSON:test_get_nonexistent_image): 404 GET http://10.180.1.21/compute/v2.1/images/1b9c203d-407d-4376-bd9d-960cb46fc5ab 2.174s
2025-05-13 20:08:14.457 69834 INFO tempest.lib.common.rest_client [req-46119e0c-2cdd-4cc7-a27d-8d307f63944b req-46119e0c-2cdd-4cc7-a27d-8d307f63944b ] Request (ExtensionsTest:setUpClass): 200 GET http://10.180.1.21/identity/v3/roles 0.070s
2025-05-13 20:08:14.458 69830 INFO tempest.lib.common.rest_client [req-345f4c97-7845-45d5-9eb1-b17698009ea6 req-345f4c97-7845-45d5-9eb1-b17698009ea6 ] Request (ServersAdminNegativeTestJSON:setUpClass): 201 POST http://10.180.1.21/identity/v3/auth/tokens 0.129s
2025-05-13 20:08:14.484 69868 INFO tempest.lib.common.rest_client [req-614f3b40-2133-4a99-9752-b5d779f4942f req-614f3b40-2133-4a99-9752-b5d779f4942f ] Request (ServerGroupTestJSON:setUpClass): 201 POST http://10.180.1.21/identity/v3/users 0.089s
2025-05-13 20:08:14.486 69875 INFO tempest.lib.common.rest_client [req-275e03b8-eb3a-4480-a840-409be2547837 req-275e03b8-eb3a-4480-a840-409be2547837 ] Request (AttachInterfacesTestJSON:test_create_list_show_delete_interfaces_by_fixed_ip): 200 GET http://10.180.1.21/compute/v2.1/servers/48aa7aba-a938-4622-9201-222fd0b88f76 2.226s
2025-05-13 20:08:14.494 69876 INFO tempest.lib.common.rest_client [req-392871b1-02c1-4f05-89d6-8dfbb92773c4 req-392871b1-02c1-4f05-89d6-8dfbb92773c4 ] Request (FlavorsExtraSpecsNegativeTestJSON:test_flavor_update_more_key): 400 PUT http://10.180.1.21/compute/v2.1/flavors/1410171561/os-extra_specs/hw:numa_nodes 2.123s
2025-05-13 20:08:14.521 69866 INFO tempest.lib.common.rest_client [req-d9aba360-5ede-4281-8452-26aa90028931 req-d9aba360-5ede-4281-8452-26aa90028931 ] Request (FlavorsAdminTestJSON:_run_cleanups): 200 GET http://10.180.1.21/compute/v2.1/flavors/detail 2.123s
2025-05-13 20:08:14.533 69849 INFO tempest.lib.common.rest_client [req-7f67b859-c8cb-4a18-991b-98d576f6662e req-7f67b859-c8cb-4a18-991b-98d576f6662e ] Request (ListImageFiltersNegativeTestJSON:tearDownClass): 204 DELETE http://10.180.1.21/identity/v3/users/c2e6f0de0d614cb8a6780b2a65e32198 0.133s
2025-05-13 20:08:14.534 69849 INFO tempest.lib.common.dynamic_creds [-] Deleting project and security group for project: c5692caee30e46fe90f209165304ce79
2025-05-13 20:08:14.540 69834 INFO tempest.lib.common.rest_client [req-02a5f808-d7a5-49fe-99fc-81df1b08fe48 req-02a5f808-d7a5-49fe-99fc-81df1b08fe48 ] Request (ExtensionsTest:setUpClass): 204 PUT http://10.180.1.21/identity/v3/projects/2894875bb4ef40eabb36d91bf393bb26/users/61af866b554c48b6a709246a00205ff0/roles/49c6b3f2baa0432c94c283ab43c5b978 0.081s
2025-05-13 20:08:14.540 69834 INFO tempest.lib.common.dynamic_creds [-] Dynamic test user 61af866b554c48b6a709246a00205ff0 is created with scope project and roles: ['member']
2025-05-13 20:08:14.541 69834 INFO tempest.lib.common.dynamic_creds [-] Acquired dynamic creds: credentials: Credentials: {'domain_id': 'default', 'domain_name': 'Default', 'username': 'tempest-ExtensionsTest-634296358-project-member', 'project_domain_id': 'default', 'project_domain_name': 'Default', 'project_id': '2894875bb4ef40eabb36d91bf393bb26', 'project_name': 'tempest-ExtensionsTest-634296358', 'tenant_id': '2894875bb4ef40eabb36d91bf393bb26', 'tenant_name': 'tempest-ExtensionsTest-634296358', 'user_domain_id': 'default', 'user_domain_name': 'Default', 'user_id': '61af866b554c48b6a709246a00205ff0', 'system': None}, Network: None, Subnet: None, Router: None
2025-05-13 20:08:14.541 69834 INFO tempest.lib.common.dynamic_creds [-] Created isolated network resources for: credentials: Credentials: {'domain_id': 'default', 'domain_name': 'Default', 'username': 'tempest-ExtensionsTest-634296358-project-member', 'project_domain_id': 'default', 'project_domain_name': 'Default', 'project_id': '2894875bb4ef40eabb36d91bf393bb26', 'project_name': 'tempest-ExtensionsTest-634296358', 'tenant_id': '2894875bb4ef40eabb36d91bf393bb26', 'tenant_name': 'tempest-ExtensionsTest-634296358', 'user_domain_id': 'default', 'user_domain_name': 'Default', 'user_id': '61af866b554c48b6a709246a00205ff0', 'system': None}, Network: None, Subnet: None, Router: None
2025-05-13 20:08:14.591 69858 INFO tempest.lib.common.rest_client [req-5f1f1dc2-19ac-4e13-bf31-2676dad9313d req-5f1f1dc2-19ac-4e13-bf31-2676dad9313d ] Request (MigrationsAdminTest:test_list_migrations_in_flavor_resize_situation): 202 POST http://10.180.1.21/compute/v2.1/servers 2.983s
2025-05-13 20:08:14.598 69868 INFO tempest.lib.common.rest_client [req-67fcf382-bb69-4c1b-a082-f99739551afb req-67fcf382-bb69-4c1b-a082-f99739551afb ] Request (ServerGroupTestJSON:setUpClass): 200 GET http://10.180.1.21/identity/v3/roles 0.114s
2025-05-13 20:08:14.621 69842 INFO tempest.lib.common.rest_client [req-9fc25f19-771a-4eaf-9996-e3716d819e5a req-9fc25f19-771a-4eaf-9996-e3716d819e5a ] Request (AggregatesAdminNegativeTestJSON:test_aggregate_add_non_exist_host): 200 POST http://10.180.1.21/compute/v2.1/os-aggregates 2.083s
2025-05-13 20:08:14.624 69849 INFO tempest.lib.common.rest_client [req-69952ee0-f5cb-422c-83ff-b329b948333f req-69952ee0-f5cb-422c-83ff-b329b948333f ] Request (ListImageFiltersNegativeTestJSON:tearDownClass): 201 POST http://10.180.1.21/identity/v3/auth/tokens 0.089s
2025-05-13 20:08:14.641 69830 INFO tempest.lib.common.rest_client [req-d94d174d-51a9-46cb-978b-b85b64b70c64 req-d94d174d-51a9-46cb-978b-b85b64b70c64 ] Request (ServersAdminNegativeTestJSON:setUpClass): 201 POST http://10.180.1.21/identity/v3/projects 0.181s
2025-05-13 20:08:14.648 69824 INFO tempest.lib.common.rest_client [req-1f77af00-4203-4a36-9d79-5587eb7fe7f9 req-1f77af00-4203-4a36-9d79-5587eb7fe7f9 ] Request (SecurityGroupsTestAdminJSON:_run_cleanups): 202 DELETE http://10.180.1.21/compute/v2.1/os-security-groups/09e08bf0-4b9d-43ea-95e6-6add86f3da16 2.142s
2025-05-13 20:08:14.702 69834 INFO tempest.lib.common.rest_client [req-694be7a3-6ac5-459b-8294-85e2123f150c req-694be7a3-6ac5-459b-8294-85e2123f150c ] Request (ExtensionsTest:setUpClass): 201 POST http://10.180.1.21/identity/v3/auth/tokens 0.151s
2025-05-13 20:08:14.721 69868 INFO tempest.lib.common.rest_client [req-32cd61f5-14f8-4eb0-a18f-3b34aa2b8868 req-32cd61f5-14f8-4eb0-a18f-3b34aa2b8868 ] Request (ServerGroupTestJSON:setUpClass): 204 PUT http://10.180.1.21/identity/v3/projects/392dc233710c4ff0ae1ea4becca13cf4/users/1a2411f0f75f4a57b614794814fb9eee/roles/49c6b3f2baa0432c94c283ab43c5b978 0.122s
2025-05-13 20:08:14.721 69868 INFO tempest.lib.common.dynamic_creds [-] Dynamic test user 1a2411f0f75f4a57b614794814fb9eee is created with scope project and roles: ['member']
2025-05-13 20:08:14.721 69868 INFO tempest.lib.common.dynamic_creds [-] Acquired dynamic creds: credentials: Credentials: {'domain_id': 'default', 'domain_name': 'Default', 'username': 'tempest-ServerGroupTestJSON-1027954235-project-member', 'project_domain_id': 'default', 'project_domain_name': 'Default', 'project_id': '392dc233710c4ff0ae1ea4becca13cf4', 'project_name': 'tempest-ServerGroupTestJSON-1027954235', 'tenant_id': '392dc233710c4ff0ae1ea4becca13cf4', 'tenant_name': 'tempest-ServerGroupTestJSON-1027954235', 'user_domain_id': 'default', 'user_domain_name': 'Default', 'user_id': '1a2411f0f75f4a57b614794814fb9eee', 'system': None}, Network: None, Subnet: None, Router: None
2025-05-13 20:08:14.795 69830 INFO tempest.lib.common.rest_client [req-b746548c-7d52-43ab-83d5-fdb1d90121eb req-b746548c-7d52-43ab-83d5-fdb1d90121eb ] Request (ServersAdminNegativeTestJSON:setUpClass): 201 POST http://10.180.1.21/identity/v3/users 0.153s
2025-05-13 20:08:14.825 69868 INFO tempest.lib.common.rest_client [req-ed5fe052-7465-4ea3-b508-9cd53a51abf4 req-ed5fe052-7465-4ea3-b508-9cd53a51abf4 ] Request (ServerGroupTestJSON:setUpClass): 201 POST http://10.180.1.21/identity/v3/auth/tokens 0.103s
2025-05-13 20:08:14.829 69830 INFO tempest.lib.common.rest_client [req-565c1a2e-b66c-4e39-a3e5-251e93dc35f6 req-565c1a2e-b66c-4e39-a3e5-251e93dc35f6 ] Request (ServersAdminNegativeTestJSON:setUpClass): 200 GET http://10.180.1.21/identity/v3/roles 0.033s
2025-05-13 20:08:14.858 69850 INFO tempest.lib.common.rest_client [req-507871b3-d329-45e3-b031-703d6a57e52a req-507871b3-d329-45e3-b031-703d6a57e52a ] Request (ServerExternalEventsTest:test_create_server_external_events): 200 GET http://10.180.1.21/compute/v2.1/servers/5aded919-7914-47a3-b7b6-8053eef8f6f6 1.903s
2025-05-13 20:08:14.867 69830 INFO tempest.lib.common.rest_client [req-94bcfe29-591a-4d35-aa16-a4e99409d08c req-94bcfe29-591a-4d35-aa16-a4e99409d08c ] Request (ServersAdminNegativeTestJSON:setUpClass): 204 PUT http://10.180.1.21/identity/v3/projects/2fb924bf540a4618a00fbb21d1d14b71/users/916b1bcd908f42988a5b9708b87d78dc/roles/2f70227085e241299ab04d722acca447 0.037s
2025-05-13 20:08:14.929 69830 INFO tempest.lib.common.rest_client [req-8171660f-88ee-49af-8a72-6f3ff70fdd9e req-8171660f-88ee-49af-8a72-6f3ff70fdd9e ] Request (ServersAdminNegativeTestJSON:setUpClass): 200 GET http://10.180.1.21/identity/v3/roles 0.062s
2025-05-13 20:08:14.949 69830 INFO tempest.lib.common.rest_client [req-d3259ffb-1111-435f-9571-b1c3a6dded6c req-d3259ffb-1111-435f-9571-b1c3a6dded6c ] Request (ServersAdminNegativeTestJSON:setUpClass): 204 PUT http://10.180.1.21/identity/v3/projects/2fb924bf540a4618a00fbb21d1d14b71/users/916b1bcd908f42988a5b9708b87d78dc/roles/2f70227085e241299ab04d722acca447 0.020s
2025-05-13 20:08:14.950 69830 INFO tempest.lib.common.dynamic_creds [-] Dynamic test user 916b1bcd908f42988a5b9708b87d78dc is created with scope project and roles: ['admin']
2025-05-13 20:08:14.950 69830 INFO tempest.lib.common.dynamic_creds [-] Acquired dynamic creds: credentials: Credentials: {'domain_id': 'default', 'domain_name': 'Default', 'username': 'tempest-ServersAdminNegativeTestJSON-549879417-project-admin', 'project_domain_id': 'default', 'project_domain_name': 'Default', 'project_id': '2fb924bf540a4618a00fbb21d1d14b71', 'project_name': 'tempest-ServersAdminNegativeTestJSON-549879417', 'tenant_id': '2fb924bf540a4618a00fbb21d1d14b71', 'tenant_name': 'tempest-ServersAdminNegativeTestJSON-549879417', 'user_domain_id': 'default', 'user_domain_name': 'Default', 'user_id': '916b1bcd908f42988a5b9708b87d78dc', 'system': None}, Network: None, Subnet: None, Router: None
2025-05-13 20:08:14.950 69830 INFO tempest.lib.common.dynamic_creds [-] Created isolated network resources for: credentials: Credentials: {'domain_id': 'default', 'domain_name': 'Default', 'username': 'tempest-ServersAdminNegativeTestJSON-549879417-project-admin', 'project_domain_id': 'default', 'project_domain_name': 'Default', 'project_id': '2fb924bf540a4618a00fbb21d1d14b71', 'project_name': 'tempest-ServersAdminNegativeTestJSON-549879417', 'tenant_id': '2fb924bf540a4618a00fbb21d1d14b71', 'tenant_name': 'tempest-ServersAdminNegativeTestJSON-549879417', 'user_domain_id': 'default', 'user_domain_name': 'Default', 'user_id': '916b1bcd908f42988a5b9708b87d78dc', 'system': None}, Network: None, Subnet: None, Router: None
2025-05-13 20:08:14.970 69862 INFO tempest.lib.common.rest_client [req-6e9c1d1f-2f12-4768-94d0-e31090b7b103 req-6e9c1d1f-2f12-4768-94d0-e31090b7b103 ] Request (FloatingIPDetailsNegativeTestJSON:setUpClass): 201 POST http://10.180.1.21:9696/networking/v2.0/subnets 0.679s
2025-05-13 20:08:15.060 69830 INFO tempest.lib.common.rest_client [req-a49ca79a-9f24-4706-9309-e109c50c3d37 req-a49ca79a-9f24-4706-9309-e109c50c3d37 ] Request (ServersAdminNegativeTestJSON:setUpClass): 201 POST http://10.180.1.21/identity/v3/auth/tokens 0.105s
2025-05-13 20:08:15.142 69849 INFO tempest.lib.common.rest_client [req-398622c4-1c96-47ec-b39d-a523306bd994 req-398622c4-1c96-47ec-b39d-a523306bd994 ] Request (ListImageFiltersNegativeTestJSON:tearDownClass): 200 GET http://10.180.1.21:9696/networking/v2.0/security-groups?tenant_id=c5692caee30e46fe90f209165304ce79&name=default 0.517s
2025-05-13 20:08:15.150 69860 INFO tempest.lib.common.rest_client [req-852d46ab-a4af-4302-9005-df5985fd88af req-852d46ab-a4af-4302-9005-df5985fd88af ] Request (ServerDiagnosticsTest:test_get_server_diagnostics): 200 GET http://10.180.1.21/compute/v2.1/servers/5a0a3050-d2a0-41e2-a75d-984af183d670 1.782s
2025-05-13 20:08:15.162 69830 INFO tempest.lib.common.rest_client [req-52d780ee-84a1-4913-b5d1-2dba74237753 req-52d780ee-84a1-4913-b5d1-2dba74237753 ] Request (ServersAdminNegativeTestJSON:setUpClass): 201 POST http://10.180.1.21/identity/v3/auth/tokens 0.095s
2025-05-13 20:08:15.163 69830 INFO tempest.lib.common.fixed_network [-] (ServersAdminNegativeTestJSON:setUpClass) Found network None available for tenant
2025-05-13 20:08:15.368 69882 INFO tempest.lib.common.rest_client [req-42b4b41d-5797-4054-b3e3-881057915260 req-42b4b41d-5797-4054-b3e3-881057915260 ] Request (QuotasAdminNegativeTest:test_create_server_when_memory_quota_is_full): 200 PUT http://10.180.1.21/compute/v2.1/os-quota-sets/32b375d1056643259d670b90a85558f9 1.869s
2025-05-13 20:08:15.404 69838 INFO tempest.lib.common.rest_client [req-1dccc72f-e445-4667-8666-7ef30a91c4f3 req-1dccc72f-e445-4667-8666-7ef30a91c4f3 ] Request (FlavorsAccessNegativeTestJSON:_run_cleanups): 200 GET http://10.180.1.21/compute/v2.1/flavors/detail 1.879s
2025-05-13 20:08:15.454 69882 INFO tempest.lib.common.rest_client [req-5bb01333-4779-4dba-bc13-c24d620813dc req-5bb01333-4779-4dba-bc13-c24d620813dc ] Request (QuotasAdminNegativeTest:test_create_server_when_memory_quota_is_full): 201 POST http://10.180.1.21/identity/v3/auth/tokens 0.081s
2025-05-13 20:08:15.455 69882 INFO tempest.lib.common.fixed_network [-] (QuotasAdminNegativeTest:test_create_server_when_memory_quota_is_full) Found network None available for tenant
2025-05-13 20:08:15.486 69849 INFO tempest.lib.common.rest_client [req-8225276b-01cc-4923-bcf5-d36b9fd24a84 req-8225276b-01cc-4923-bcf5-d36b9fd24a84 ] Request (ListImageFiltersNegativeTestJSON:tearDownClass): 204 DELETE http://10.180.1.21:9696/networking/v2.0/security-groups/db0cf7c6-7f6d-4c76-a0dd-7e4e87f46fe6 0.344s
2025-05-13 20:08:15.491 69864 INFO tempest.lib.common.rest_client [req-b3e1c4fd-e97b-4771-9fc7-d15b87c23183 req-b3e1c4fd-e97b-4771-9fc7-d15b87c23183 ] Request (VolumesAssistedSnapshotsTest:test_volume_assisted_snapshot_create_delete): 202 POST http://10.180.1.21/compute/v2.1/servers 2.189s
2025-05-13 20:08:15.529 69820 INFO tempest.lib.common.rest_client [req-d4009d41-6aaf-44a5-b1dc-62c28c389c81 req-d4009d41-6aaf-44a5-b1dc-62c28c389c81 ] Request (FlavorsExtraSpecsTestJSON:test_flavor_set_get_update_show_unset_keys): 200 DELETE http://10.180.1.21/compute/v2.1/flavors/1462863545/os-extra_specs/hw:cpu_policy 1.654s
2025-05-13 20:08:15.605 69868 INFO tempest.lib.common.rest_client [req-1cd55bdb-7ed8-4cdb-b9fe-0d9eea346664 req-1cd55bdb-7ed8-4cdb-b9fe-0d9eea346664 ] Request (ServerGroupTestJSON:setUpClass): 201 POST http://10.180.1.21:9696/networking/v2.0/networks 0.780s
2025-05-13 20:08:15.616 69822 INFO tempest.lib.common.rest_client [req-4e739b57-9a19-42d7-a0f7-be899eb00502 req-4e739b57-9a19-42d7-a0f7-be899eb00502 ] Request (TenantUsagesTestJSON:setUpClass): 200 GET http://10.180.1.21/compute/v2.1/servers/c41fedc9-6b0f-4c7b-aade-cf86c61b038f 2.041s
2025-05-13 20:08:15.627 69849 INFO tempest.lib.common.rest_client [req-d906f825-81ef-4f77-99e5-77d3208cbfa7 req-d906f825-81ef-4f77-99e5-77d3208cbfa7 ] Request (ListImageFiltersNegativeTestJSON:tearDownClass): 204 DELETE http://10.180.1.21/identity/v3/projects/c5692caee30e46fe90f209165304ce79 0.140s
2025-05-13 20:08:15.627 69822 INFO tempest.common.waiters [-] State transition "BUILD/block_device_mapping" ==> "BUILD/spawning" after 13 second wait
2025-05-13 20:08:15.656 69832 INFO tempest.lib.common.rest_client [req-578bdf29-a96a-4aa5-bc25-7db3f5820a5a req-578bdf29-a96a-4aa5-bc25-7db3f5820a5a ] Request (FloatingIPsTestJSON:tearDownClass): 204 DELETE http://10.180.1.21:9696/networking/v2.0/routers/96ca2e25-58bb-480b-b1a5-b2f37c0d9566 1.316s
2025-05-13 20:08:15.680 69828 INFO tempest.lib.common.rest_client [req-a8635b3c-3191-4fd9-925f-62125845b556 req-a8635b3c-3191-4fd9-925f-62125845b556 ] Request (ValidationResourcesFixture:setUp): 200 POST http://10.180.1.21/compute/v2.1/os-keypairs 1.713s
2025-05-13 20:08:15.717 69849 INFO tempest.lib.common.rest_client [req-d2ac3852-eb6e-4643-a935-e6daf06dad15 req-d2ac3852-eb6e-4643-a935-e6daf06dad15 ] Request (ListServersNegativeTestJSON:setUpClass): 201 POST http://10.180.1.21/identity/v3/auth/tokens 0.087s
2025-05-13 20:08:15.765 69849 INFO tempest.lib.common.rest_client [req-03a8c8e5-b515-4f5d-b5fe-92915887c79b req-03a8c8e5-b515-4f5d-b5fe-92915887c79b ] Request (ListServersNegativeTestJSON:setUpClass): 201 POST http://10.180.1.21/identity/v3/auth/tokens 0.043s
2025-05-13 20:08:15.797 69826 INFO tempest.lib.common.rest_client [req-869d4d7b-1994-4d68-b13f-48db6a5d6051 req-869d4d7b-1994-4d68-b13f-48db6a5d6051 ] Request (QuotasAdminTestJSON:test_delete_quota): 200 PUT http://10.180.1.21/compute/v2.1/os-quota-sets/d9c6c35f0c4448b2ab3f409cb60a59a7 1.861s
2025-05-13 20:08:15.798 69849 INFO tempest.lib.common.rest_client [req-8e96747c-7f51-4106-97c2-1d3163dd77ea req-8e96747c-7f51-4106-97c2-1d3163dd77ea ] Request (ListServersNegativeTestJSON:setUpClass): 200 GET http://10.180.1.21/identity/v3/domains?name=Default 0.032s
2025-05-13 20:08:15.814 69840 INFO tempest.lib.common.rest_client [req-c24d1eca-cb1c-429d-aa85-9f7a2ae87697 req-c24d1eca-cb1c-429d-aa85-9f7a2ae87697 ] Request (FlavorsV2TestJSON:test_list_flavors_detailed_filter_by_min_ram): 200 GET http://10.180.1.21/compute/v2.1/flavors/42 1.802s
2025-05-13 20:08:15.837 69849 INFO tempest.lib.common.rest_client [req-3475c6cf-4530-4ae5-b4df-9f8fbd42a000 req-3475c6cf-4530-4ae5-b4df-9f8fbd42a000 ] Request (ListServersNegativeTestJSON:setUpClass): 201 POST http://10.180.1.21/identity/v3/projects 0.038s
2025-05-13 20:08:15.847 69852 INFO tempest.lib.common.rest_client [req-b5433669-3f96-4967-8c63-9d97964cd78d req-b5433669-3f96-4967-8c63-9d97964cd78d ] Request (FlavorsAccessTestJSON:_run_cleanups): 200 GET http://10.180.1.21/compute/v2.1/flavors/detail 1.820s
2025-05-13 20:08:15.914 69849 INFO tempest.lib.common.rest_client [req-eb066319-5d07-498d-862f-6f6d7cc405d5 req-eb066319-5d07-498d-862f-6f6d7cc405d5 ] Request (ListServersNegativeTestJSON:setUpClass): 201 POST http://10.180.1.21/identity/v3/users 0.077s
2025-05-13 20:08:15.922 69828 INFO tempest.lib.common.rest_client [req-a5e4ad05-f335-4c4c-871d-8ba3ef0da5da req-a5e4ad05-f335-4c4c-871d-8ba3ef0da5da ] Request (ValidationResourcesFixture:setUp): 201 POST http://10.180.1.21:9696/networking/v2.0/security-groups 0.240s
2025-05-13 20:08:15.935 69849 INFO tempest.lib.common.rest_client [req-97ec9772-2408-46ae-99e4-0ab89d930e15 req-97ec9772-2408-46ae-99e4-0ab89d930e15 ] Request (ListServersNegativeTestJSON:setUpClass): 200 GET http://10.180.1.21/identity/v3/roles 0.020s
2025-05-13 20:08:15.967 69852 INFO tempest.lib.common.rest_client [req-e7071083-17db-4642-a78c-53ab8c664d97 req-e7071083-17db-4642-a78c-53ab8c664d97 ] Request (FlavorsAccessTestJSON:tearDownClass): 204 DELETE http://10.180.1.21/identity/v3/users/d8d93a46650647428448e2423ad6f9a7 0.112s
2025-05-13 20:08:16.005 69849 INFO tempest.lib.common.rest_client [req-e7acad99-fc92-44f0-a9b1-79e64cc0dfdf req-e7acad99-fc92-44f0-a9b1-79e64cc0dfdf ] Request (ListServersNegativeTestJSON:setUpClass): 204 PUT http://10.180.1.21/identity/v3/projects/2b585adf8bc2474d96ac6a6479d9eb46/users/3632a0ccc49c4d339a6910c2cadc3e03/roles/49c6b3f2baa0432c94c283ab43c5b978 0.070s
2025-05-13 20:08:16.006 69849 INFO tempest.lib.common.dynamic_creds [-] Dynamic test user 3632a0ccc49c4d339a6910c2cadc3e03 is created with scope project and roles: ['member']
2025-05-13 20:08:16.006 69849 INFO tempest.lib.common.dynamic_creds [-] Acquired dynamic creds: credentials: Credentials: {'domain_id': 'default', 'domain_name': 'Default', 'username': 'tempest-ListServersNegativeTestJSON-1336340583-project-member', 'project_domain_id': 'default', 'project_domain_name': 'Default', 'project_id': '2b585adf8bc2474d96ac6a6479d9eb46', 'project_name': 'tempest-ListServersNegativeTestJSON-1336340583', 'tenant_id': '2b585adf8bc2474d96ac6a6479d9eb46', 'tenant_name': 'tempest-ListServersNegativeTestJSON-1336340583', 'user_domain_id': 'default', 'user_domain_name': 'Default', 'user_id': '3632a0ccc49c4d339a6910c2cadc3e03', 'system': None}, Network: None, Subnet: None, Router: None
2025-05-13 20:08:16.054 69828 INFO tempest.lib.common.rest_client [req-1ab4220c-d817-4b8a-93f3-8fd62dba52c0 req-1ab4220c-d817-4b8a-93f3-8fd62dba52c0 ] Request (ValidationResourcesFixture:setUp): 201 POST http://10.180.1.21:9696/networking/v2.0/security-group-rules 0.131s
2025-05-13 20:08:16.079 69849 INFO tempest.lib.common.rest_client [req-c681e69e-2e29-4185-8ecd-4990388934a4 req-c681e69e-2e29-4185-8ecd-4990388934a4 ] Request (ListServersNegativeTestJSON:setUpClass): 201 POST http://10.180.1.21/identity/v3/auth/tokens 0.073s
2025-05-13 20:08:16.161 69852 INFO tempest.lib.common.rest_client [req-8e9ae3d9-51b9-40af-b24a-69a653ee7653 req-8e9ae3d9-51b9-40af-b24a-69a653ee7653 ] Request (FlavorsAccessTestJSON:tearDownClass): 204 DELETE http://10.180.1.21/identity/v3/users/c6f6970bced24feebeafe1ea313c0fcc 0.193s
2025-05-13 20:08:16.162 69852 INFO tempest.lib.common.dynamic_creds [-] Deleting project and security group for project: 60431908eb6946cf91af30a1d58c35b2
2025-05-13 20:08:16.171 69828 INFO tempest.lib.common.rest_client [req-2998e3df-2014-45cb-bfaf-3fb35288f722 req-2998e3df-2014-45cb-bfaf-3fb35288f722 ] Request (ValidationResourcesFixture:setUp): 201 POST http://10.180.1.21:9696/networking/v2.0/security-group-rules 0.117s
2025-05-13 20:08:16.234 69852 INFO tempest.lib.common.rest_client [req-9141e293-1841-44f0-bcc0-1af9eeb1d86c req-9141e293-1841-44f0-bcc0-1af9eeb1d86c ] Request (FlavorsAccessTestJSON:tearDownClass): 201 POST http://10.180.1.21/identity/v3/auth/tokens 0.072s
2025-05-13 20:08:16.340 69832 INFO tempest.lib.common.rest_client [req-ef45dd57-390e-427a-8e61-af0e9b828ac3 req-ef45dd57-390e-427a-8e61-af0e9b828ac3 ] Request (FloatingIPsTestJSON:tearDownClass): 204 DELETE http://10.180.1.21:9696/networking/v2.0/subnets/5b073daf-3d04-4c12-b3a7-6b0eeef5d118 0.683s
2025-05-13 20:08:16.458 69872 INFO tempest.lib.common.rest_client [req-e0e55c36-b85c-450a-a1a6-ca05f5530c16 req-e0e55c36-b85c-450a-a1a6-ca05f5530c16 ] Request (FloatingIPsAssociationNegativeTestJSON:setUpClass): 200 GET http://10.180.1.21/compute/v2.1/servers/b7967fdc-15d1-4c8e-8b1a-d00bbffa9020 2.326s
2025-05-13 20:08:16.558 69868 INFO tempest.lib.common.rest_client [req-8af1a9cb-20f6-42ca-916f-5137be9176dc req-8af1a9cb-20f6-42ca-916f-5137be9176dc ] Request (ServerGroupTestJSON:setUpClass): 201 POST http://10.180.1.21:9696/networking/v2.0/subnets 0.952s
2025-05-13 20:08:16.573 69852 INFO tempest.lib.common.rest_client [req-df7cc9bb-397c-4a30-b170-42bf7f2fb46e req-df7cc9bb-397c-4a30-b170-42bf7f2fb46e ] Request (FlavorsAccessTestJSON:tearDownClass): 200 GET http://10.180.1.21:9696/networking/v2.0/security-groups?tenant_id=60431908eb6946cf91af30a1d58c35b2&name=default 0.338s
2025-05-13 20:08:16.708 69849 INFO tempest.lib.common.rest_client [req-9bf6a06a-e3f1-4cf4-aafc-37b5eaddec9b req-9bf6a06a-e3f1-4cf4-aafc-37b5eaddec9b ] Request (ListServersNegativeTestJSON:setUpClass): 201 POST http://10.180.1.21:9696/networking/v2.0/networks 0.628s
2025-05-13 20:08:16.978 69852 INFO tempest.lib.common.rest_client [req-9b1273fa-b088-4310-91d7-00c48130cf7c req-9b1273fa-b088-4310-91d7-00c48130cf7c ] Request (FlavorsAccessTestJSON:tearDownClass): 204 DELETE http://10.180.1.21:9696/networking/v2.0/security-groups/723bbd4c-dec2-4925-8670-7905f6f22a5b 0.404s
2025-05-13 20:08:16.980 69855 INFO tempest.lib.common.rest_client [req-87802c0c-d710-457e-8806-fa2040585da2 req-87802c0c-d710-457e-8806-fa2040585da2 ] Request (ServerAddressesNegativeTestJSON:setUpClass): 202 POST http://10.180.1.21/compute/v2.1/servers 2.989s
2025-05-13 20:08:17.104 69852 INFO tempest.lib.common.rest_client [req-8ec22da5-daf3-48e4-9688-2f3b46bc2150 req-8ec22da5-daf3-48e4-9688-2f3b46bc2150 ] Request (FlavorsAccessTestJSON:tearDownClass): 204 DELETE http://10.180.1.21/identity/v3/projects/60431908eb6946cf91af30a1d58c35b2 0.126s
2025-05-13 20:08:17.105 69852 INFO tempest.lib.common.dynamic_creds [-] Deleting project and security group for project: 5bcd7536c1a04c7ba12a5db6f4add2d5
2025-05-13 20:08:17.256 69832 INFO tempest.lib.common.rest_client [req-3a6f4959-4127-4900-9760-65bdc39f274b req-3a6f4959-4127-4900-9760-65bdc39f274b ] Request (FloatingIPsTestJSON:tearDownClass): 204 DELETE http://10.180.1.21:9696/networking/v2.0/networks/518a8f9a-da27-41e9-95dd-2ba2a1ae447f 0.915s
2025-05-13 20:08:17.275 69870 INFO tempest.lib.common.rest_client [req-8928e570-373c-4149-96b7-0fe250a00b1f req-8928e570-373c-4149-96b7-0fe250a00b1f ] Request (ServerDiskConfigTestJSON:test_rebuild_server_with_auto_disk_config): 200 GET http://10.180.1.21/compute/v2.1/servers/766ab89e-b13e-4252-8eb7-18072e1ee8aa 2.979s
2025-05-13 20:08:17.375 69832 INFO tempest.lib.common.rest_client [req-318554f5-e0ec-4262-8830-3b76d9efd106 req-318554f5-e0ec-4262-8830-3b76d9efd106 ] Request (FloatingIPsTestJSON:tearDownClass): 204 DELETE http://10.180.1.21/identity/v3/users/5654c6b59b16443ea3d7df3403d1bae9 0.117s
2025-05-13 20:08:17.375 69832 INFO tempest.lib.common.dynamic_creds [-] Deleting project and security group for project: 012cc3b81e234713a9b0694a8de0a493
2025-05-13 20:08:17.483 69862 INFO tempest.lib.common.rest_client [req-fbfc5ff2-168a-4070-8b79-209ac98a3aac req-fbfc5ff2-168a-4070-8b79-209ac98a3aac ] Request (FloatingIPDetailsNegativeTestJSON:setUpClass): 201 POST http://10.180.1.21:9696/networking/v2.0/routers 2.513s
2025-05-13 20:08:17.502 69832 INFO tempest.lib.common.rest_client [req-7da0e1a0-c6d6-4471-a9b2-42a777fa6b1a req-7da0e1a0-c6d6-4471-a9b2-42a777fa6b1a ] Request (FloatingIPsTestJSON:tearDownClass): 200 GET http://10.180.1.21:9696/networking/v2.0/security-groups?tenant_id=012cc3b81e234713a9b0694a8de0a493&name=default 0.127s
2025-05-13 20:08:17.552 69844 INFO tempest.lib.common.rest_client [req-940bc3cd-84fb-4d3b-8a04-a3aa77dd7d9a req-940bc3cd-84fb-4d3b-8a04-a3aa77dd7d9a ] Request (ServersTestJSON:setUpClass): 202 POST http://10.180.1.21/compute/v2.1/servers 3.334s
2025-05-13 20:08:17.560 69852 INFO tempest.lib.common.rest_client [req-d6239846-b376-41d9-952d-32e5fe1db7e6 req-d6239846-b376-41d9-952d-32e5fe1db7e6 ] Request (FlavorsAccessTestJSON:tearDownClass): 200 GET http://10.180.1.21:9696/networking/v2.0/security-groups?tenant_id=5bcd7536c1a04c7ba12a5db6f4add2d5&name=default 0.455s
2025-05-13 20:08:17.593 69876 INFO tempest.lib.common.rest_client [req-2ab9dcf3-3a89-4bdf-9e2e-43fc94165be2 req-2ab9dcf3-3a89-4bdf-9e2e-43fc94165be2 ] Request (FlavorsExtraSpecsNegativeTestJSON:tearDownClass): 202 DELETE http://10.180.1.21/compute/v2.1/flavors/1410171561 3.094s
2025-05-13 20:08:17.612 69866 INFO tempest.lib.common.rest_client [req-16fd491c-bfd0-4cd8-8d5b-fe50127376b9 req-16fd491c-bfd0-4cd8-8d5b-fe50127376b9 ] Request (FlavorsAdminTestJSON:test_create_flavor_with_none_id): 200 POST http://10.180.1.21/compute/v2.1/flavors 3.079s
2025-05-13 20:08:17.633 69828 INFO tempest.lib.common.rest_client [req-634b4146-0476-41a1-bfdb-1c1114bcbd16 req-634b4146-0476-41a1-bfdb-1c1114bcbd16 ] Request (ValidationResourcesFixture:setUp): 201 POST http://10.180.1.21:9696/networking/v2.0/floatingips 1.462s
2025-05-13 20:08:17.664 69846 INFO tempest.lib.common.rest_client [req-db2b77b8-e95b-4de5-b126-bcf6a5e8519f req-db2b77b8-e95b-4de5-b126-bcf6a5e8519f ] Request (DeleteServersAdminTestJSON:test_admin_delete_servers_of_others): 200 GET http://10.180.1.21/compute/v2.1/servers/8ce54145-1b41-4cbd-ba71-c28e6ea44afe 3.219s
2025-05-13 20:08:17.676 69846 INFO tempest.common.waiters [-] State transition "BUILD/spawning" ==> "ACTIVE/None" after 20 second wait
2025-05-13 20:08:17.696 69849 INFO tempest.lib.common.rest_client [req-f57a7647-e0c6-4cba-b2bd-b38909d839ed req-f57a7647-e0c6-4cba-b2bd-b38909d839ed ] Request (ListServersNegativeTestJSON:setUpClass): 201 POST http://10.180.1.21:9696/networking/v2.0/subnets 0.988s
2025-05-13 20:08:17.699 69858 INFO tempest.lib.common.rest_client [req-cca41b81-fa4b-4d9b-9ca2-7ad437ad889f req-cca41b81-fa4b-4d9b-9ca2-7ad437ad889f ] Request (MigrationsAdminTest:test_list_migrations_in_flavor_resize_situation): 200 GET http://10.180.1.21/compute/v2.1/servers/5706f0bc-dc72-43db-a689-2003181f0bc6 3.106s
2025-05-13 20:08:17.714 69842 INFO tempest.lib.common.rest_client [req-41edf979-700e-4793-a292-dff4ec2ecaae req-41edf979-700e-4793-a292-dff4ec2ecaae ] Request (AggregatesAdminNegativeTestJSON:test_aggregate_add_non_exist_host): 404 POST http://10.180.1.21/compute/v2.1/os-aggregates/3/action 3.091s
2025-05-13 20:08:17.735 69828 INFO tempest.lib.common.rest_client [req-b1f5c58e-f313-4a68-a1d7-b66e91e4cab2 req-b1f5c58e-f313-4a68-a1d7-b66e91e4cab2 ] Request (ServersWithSpecificFlavorTestJSON:test_verify_created_server_ephemeral_disk): 201 POST http://10.180.1.21/identity/v3/auth/tokens 0.096s
2025-05-13 20:08:17.736 69828 INFO tempest.lib.common.fixed_network [-] (ServersWithSpecificFlavorTestJSON:test_verify_created_server_ephemeral_disk) Found network {'id': '7f8f209c-10f7-4ac7-8237-739ecce1ebf3', 'name': 'tempest-ServersWithSpecificFlavorTestJSON-450318259-network', 'tenant_id': '9758ff6499f345c79941b5437ffd62ac', 'admin_state_up': True, 'mtu': 8950, 'status': 'ACTIVE', 'subnets': [], 'shared': False, 'project_id': '9758ff6499f345c79941b5437ffd62ac', 'port_security_enabled': True, 'router:external': False, 'provider:network_type': 'vlan', 'provider:physical_network': 'default', 'provider:segmentation_id': 896, 'availability_zone_hints': [], 'availability_zones': [], 'ipv4_address_scope': None, 'ipv6_address_scope': None, 'description': '', 'tags': [], 'created_at': '2025-05-13T20:07:49Z', 'updated_at': '2025-05-13T20:07:49Z', 'revision_number': 1} available for tenant
2025-05-13 20:08:17.801 69832 INFO tempest.lib.common.rest_client [req-e3f7fff8-0ab1-4da9-86d4-d22115294c6b req-e3f7fff8-0ab1-4da9-86d4-d22115294c6b ] Request (FloatingIPsTestJSON:tearDownClass): 204 DELETE http://10.180.1.21:9696/networking/v2.0/security-groups/5351e236-30a3-4ae0-a00b-38b1a9740686 0.297s
2025-05-13 20:08:17.851 69852 INFO tempest.lib.common.rest_client [req-713b48fe-a978-4213-b6d5-58f4ce3caf00 req-713b48fe-a978-4213-b6d5-58f4ce3caf00 ] Request (FlavorsAccessTestJSON:tearDownClass): 204 DELETE http://10.180.1.21:9696/networking/v2.0/security-groups/3e5d157a-998b-4ffe-9bad-28ba3952977d 0.291s
