2025-05-13 20:08:26.322 69862 INFO tempest.lib.common.rest_client [req-1a996bf6-123f-4014-a4dc-7348aebfc594 req-1a996bf6-123f-4014-a4dc-7348aebfc594 ] Request (ServersV294TestFqdnHostnames:setUpClass): 200 GET http://10.180.1.21/identity/v3/domains?name=Default 0.098s
2025-05-13 20:08:26.356 69822 INFO tempest.lib.common.rest_client [req-c079fce9-52ba-416b-bbc2-6661fcca0837 req-c079fce9-52ba-416b-bbc2-6661fcca0837 ] Request (TenantUsagesTestJSON:setUpClass): 200 GET http://10.180.1.21/compute/v2.1/servers/c41fedc9-6b0f-4c7b-aade-cf86c61b038f 2.549s
2025-05-13 20:08:26.376 69820 INFO tempest.lib.common.rest_client [req-6d1e0443-e6aa-44b8-b42d-e353a2d82a8f req-6d1e0443-e6aa-44b8-b42d-e353a2d82a8f ] Request (FlavorsV255TestJSON:setUpClass): 201 POST http://10.180.1.21/identity/v3/auth/tokens 0.129s
2025-05-13 20:08:26.390 69828 INFO tempest.lib.common.rest_client [req-faef4ed8-c9dd-4533-90d5-7f5b222f6321 req-faef4ed8-c9dd-4533-90d5-7f5b222f6321 ] Request (ServersWithSpecificFlavorTestJSON:test_verify_created_server_ephemeral_disk): 200 GET http://10.180.1.21/compute/v2.1/servers/46ceadf5-a94c-4880-a312-8bc1c8d9db33 2.572s
2025-05-13 20:08:26.408 69828 INFO tempest.common.waiters [-] State transition "BUILD/scheduling" ==> "BUILD/None" after 4 second wait
2025-05-13 20:08:26.409 69862 INFO tempest.lib.common.rest_client [req-318ef56c-32e1-4b0f-852b-0baa9fdb4f34 req-318ef56c-32e1-4b0f-852b-0baa9fdb4f34 ] Request (ServersV294TestFqdnHostnames:setUpClass): 201 POST http://10.180.1.21/identity/v3/projects 0.086s
2025-05-13 20:08:26.439 69882 INFO tempest.lib.common.rest_client [req-390e25f7-0ed4-4cda-9aec-f26a88fff7be req-390e25f7-0ed4-4cda-9aec-f26a88fff7be ] Request (QuotasSecurityGroupAdminNegativeTest:tearDownClass): 204 DELETE http://10.180.1.21/identity/v3/users/ecbd59c017af4852bb6a2c20ef1d1e88 0.153s
2025-05-13 20:08:26.461 69844 INFO tempest.lib.common.rest_client [req-64dd5a0c-3678-49e1-b1e2-d389ec5cc31d req-64dd5a0c-3678-49e1-b1e2-d389ec5cc31d ] Request (ServersTestJSON:setUpClass): 200 GET http://10.180.1.21/compute/v2.1/servers/d505f6a6-8db2-4835-ac1c-74b30a09b2aa 2.600s
2025-05-13 20:08:26.512 69862 INFO tempest.lib.common.rest_client [req-37b5a025-c5ed-4555-a8e4-7748e58bb1d6 req-37b5a025-c5ed-4555-a8e4-7748e58bb1d6 ] Request (ServersV294TestFqdnHostnames:setUpClass): 201 POST http://10.180.1.21/identity/v3/users 0.101s
2025-05-13 20:08:26.533 69856 INFO tempest.lib.common.rest_client [req-5d821637-648c-4d65-83fb-00a14a2efadc req-5d821637-648c-4d65-83fb-00a14a2efadc ] Request (ImagesOneServerTestJSON:test_create_delete_image): 200 GET http://10.180.1.21/compute/v2.1/images/8f6c883c-49eb-49e3-af23-6973559faf96 2.388s
2025-05-13 20:08:26.542 69842 INFO tempest.lib.common.rest_client [req-70048d0f-017d-41e5-ba0b-10b36500d906 req-70048d0f-017d-41e5-ba0b-10b36500d906 ] Request (AggregatesAdminNegativeTestJSON:test_aggregate_create_as_user): 403 POST http://10.180.1.21/compute/v2.1/os-aggregates 2.388s
2025-05-13 20:08:26.564 69866 INFO tempest.lib.common.rest_client [req-192bd239-ca75-486d-aac5-84b2c0efca7e req-192bd239-ca75-486d-aac5-84b2c0efca7e ] Request (FlavorsAdminTestJSON:_run_cleanups): 202 DELETE http://10.180.1.21/compute/v2.1/flavors/6be7797a-ba23-4dc6-8fa9-0a286de8a99e 2.388s
2025-05-13 20:08:26.594 69882 INFO tempest.lib.common.rest_client [req-1126c83b-fd62-4a7e-9000-0dc893e4547d req-1126c83b-fd62-4a7e-9000-0dc893e4547d ] Request (QuotasSecurityGroupAdminNegativeTest:tearDownClass): 204 DELETE http://10.180.1.21/identity/v3/users/7ca7b04895ca43b98d0f3bd19b52a15b 0.155s
2025-05-13 20:08:26.595 69882 INFO tempest.lib.common.dynamic_creds [-] Deleting project and security group for project: 35b58da1c0334cfeb454c6ab8c65ffb8
2025-05-13 20:08:26.624 69862 INFO tempest.lib.common.rest_client [req-8db4c992-8783-48b5-b88f-bb752aa6a762 req-8db4c992-8783-48b5-b88f-bb752aa6a762 ] Request (ServersV294TestFqdnHostnames:setUpClass): 200 GET http://10.180.1.21/identity/v3/roles 0.110s
2025-05-13 20:08:26.630 69826 INFO tempest.lib.common.rest_client [req-606caec1-f69a-4677-8e05-3735b62596ac req-606caec1-f69a-4677-8e05-3735b62596ac ] Request (QuotasAdminTestJSON:test_get_updated_quotas): 200 PUT http://10.180.1.21/compute/v2.1/os-quota-sets/8f6567b57f5e49a88df88a09e9e69670 2.741s
2025-05-13 20:08:26.659 69882 INFO tempest.lib.common.rest_client [req-32237297-b248-4583-b783-7990bcf39c26 req-32237297-b248-4583-b783-7990bcf39c26 ] Request (QuotasSecurityGroupAdminNegativeTest:tearDownClass): 201 POST http://10.180.1.21/identity/v3/auth/tokens 0.064s
2025-05-13 20:08:26.707 69862 INFO tempest.lib.common.rest_client [req-1f51bc67-e459-4f25-b5ed-935b9ed79469 req-1f51bc67-e459-4f25-b5ed-935b9ed79469 ] Request (ServersV294TestFqdnHostnames:setUpClass): 204 PUT http://10.180.1.21/identity/v3/projects/357d257f4ad3420fbc4a01578be82754/users/2bd11097162b479b8703e97b99c2f4de/roles/49c6b3f2baa0432c94c283ab43c5b978 0.083s
2025-05-13 20:08:26.708 69862 INFO tempest.lib.common.dynamic_creds [-] Dynamic test user 2bd11097162b479b8703e97b99c2f4de is created with scope project and roles: ['member']
2025-05-13 20:08:26.708 69862 INFO tempest.lib.common.dynamic_creds [-] Acquired dynamic creds: credentials: Credentials: {'domain_id': 'default', 'domain_name': 'Default', 'username': 'tempest-ServersV294TestFqdnHostnames-1976375908-project-member', 'project_domain_id': 'default', 'project_domain_name': 'Default', 'project_id': '357d257f4ad3420fbc4a01578be82754', 'project_name': 'tempest-ServersV294TestFqdnHostnames-1976375908', 'tenant_id': '357d257f4ad3420fbc4a01578be82754', 'tenant_name': 'tempest-ServersV294TestFqdnHostnames-1976375908', 'user_domain_id': 'default', 'user_domain_name': 'Default', 'user_id': '2bd11097162b479b8703e97b99c2f4de', 'system': None}, Network: None, Subnet: None, Router: None
2025-05-13 20:08:26.801 69862 INFO tempest.lib.common.rest_client [req-2a444676-490b-42eb-8427-70295a6fc811 req-2a444676-490b-42eb-8427-70295a6fc811 ] Request (ServersV294TestFqdnHostnames:setUpClass): 201 POST http://10.180.1.21/identity/v3/auth/tokens 0.093s
2025-05-13 20:08:26.813 69860 INFO tempest.lib.common.rest_client [req-5dbe5a5b-99eb-404e-885e-8fcd94613967 req-5dbe5a5b-99eb-404e-885e-8fcd94613967 ] Request (ServerDiagnosticsTest:tearDownClass): 200 GET http://10.180.1.21/compute/v2.1/servers/5a0a3050-d2a0-41e2-a75d-984af183d670 2.541s
2025-05-13 20:08:26.915 69870 INFO tempest.lib.common.rest_client [req-a33190c1-a7eb-48df-8e01-bfd9230d8a37 req-a33190c1-a7eb-48df-8e01-bfd9230d8a37 ] Request (ServerDiskConfigTestJSON:test_rebuild_server_with_auto_disk_config): 200 GET http://10.180.1.21/compute/v2.1/servers/766ab89e-b13e-4252-8eb7-18072e1ee8aa 2.229s
2025-05-13 20:08:27.017 69858 INFO tempest.lib.common.rest_client [req-a244bd6e-ba01-4375-bb38-d2329d060012 req-a244bd6e-ba01-4375-bb38-d2329d060012 ] Request (MigrationsAdminTest:test_list_migrations_in_flavor_resize_situation): 200 GET http://10.180.1.21/compute/v2.1/servers/5706f0bc-dc72-43db-a689-2003181f0bc6 2.289s
2025-05-13 20:08:27.024 69858 INFO tempest.common.waiters [-] State transition "BUILD/None" ==> "BUILD/spawning" after 10 second wait
2025-05-13 20:08:27.047 69838 INFO tempest.lib.common.rest_client [req-72e5a015-5a6e-418d-8194-34e1b03687b0 req-72e5a015-5a6e-418d-8194-34e1b03687b0 ] Request (FlavorsAccessNegativeTestJSON:test_flavor_non_admin_remove): 200 POST http://10.180.1.21/compute/v2.1/flavors 2.281s
2025-05-13 20:08:27.058 69832 INFO tempest.lib.common.rest_client [req-7ce0af85-1e70-4990-b458-d2ac2b211cbe req-7ce0af85-1e70-4990-b458-d2ac2b211cbe ] Request (MultipleCreateNegativeTestJSON:test_min_count_less_than_one): 400 POST http://10.180.1.21/compute/v2.1/servers 2.278s
2025-05-13 20:08:27.101 69849 INFO tempest.lib.common.rest_client [req-67dc67db-76bb-4079-ae83-7d68537eccf5 req-67dc67db-76bb-4079-ae83-7d68537eccf5 ] Request (ListServersNegativeTestJSON:setUpClass): 200 GET http://10.180.1.21/compute/v2.1/servers 2.367s
2025-05-13 20:08:27.122 69852 INFO tempest.lib.common.rest_client [req-cbebe3df-a8ce-4a78-b2d9-468f1b713566 req-cbebe3df-a8ce-4a78-b2d9-468f1b713566 ] Request (HypervisorAdminTestJSON:test_get_hypervisor_show_details): 200 GET http://10.180.1.21/compute/v2.1/os-hypervisors/1 2.336s
2025-05-13 20:08:27.151 69882 INFO tempest.lib.common.rest_client [req-cf77c5e6-180e-4019-bec5-02e8a96bda41 req-cf77c5e6-180e-4019-bec5-02e8a96bda41 ] Request (QuotasSecurityGroupAdminNegativeTest:tearDownClass): 200 GET http://10.180.1.21:9696/networking/v2.0/security-groups?tenant_id=35b58da1c0334cfeb454c6ab8c65ffb8&name=default 0.491s
2025-05-13 20:08:27.176 69832 INFO tempest.lib.common.rest_client [req-34324767-abbc-431b-8feb-c4d4d22cdd28 req-34324767-abbc-431b-8feb-c4d4d22cdd28 ] Request (MultipleCreateNegativeTestJSON:test_min_count_non_integer): 201 POST http://10.180.1.21/identity/v3/auth/tokens 0.112s
2025-05-13 20:08:27.176 69832 INFO tempest.lib.common.fixed_network [-] (MultipleCreateNegativeTestJSON:test_min_count_non_integer) Found network None available for tenant
2025-05-13 20:08:27.213 69868 INFO tempest.lib.common.rest_client [req-9a7ca3b3-0cb8-4a87-82ad-07e8b4f5e2a2 req-9a7ca3b3-0cb8-4a87-82ad-07e8b4f5e2a2 ] Request (ServerGroupTestJSON:test_create_delete_multiple_server_groups_with_same_name_policy): 200 POST http://10.180.1.21/compute/v2.1/os-server-groups 2.356s
2025-05-13 20:08:27.218 69830 INFO tempest.lib.common.rest_client [req-54e3b8c3-0960-4b7b-a350-3f77b0c0fe91 req-54e3b8c3-0960-4b7b-a350-3f77b0c0fe91 ] Request (ServersAdminNegativeTestJSON:setUpClass): 200 GET http://10.180.1.21/compute/v2.1/servers/8973a3e6-2ff2-46ba-9a13-4c06d667bcae 2.410s
2025-05-13 20:08:27.227 69840 INFO tempest.lib.common.rest_client [req-5675c6e9-06ed-4208-8e48-b9e0e82c22f5 req-5675c6e9-06ed-4208-8e48-b9e0e82c22f5 ] Request (FlavorsV2TestJSON:test_list_flavors_filter_by_min_disk): 200 GET http://10.180.1.21/compute/v2.1/flavors/42 2.327s
2025-05-13 20:08:27.265 69862 INFO tempest.lib.common.rest_client [req-8c5e03f7-d90b-4230-b95c-306f66845849 req-8c5e03f7-d90b-4230-b95c-306f66845849 ] Request (ServersV294TestFqdnHostnames:setUpClass): 201 POST http://10.180.1.21:9696/networking/v2.0/networks 0.463s
2025-05-13 20:08:27.387 69836 INFO tempest.lib.common.rest_client [req-75d5c4c7-e746-4c8b-a167-82f08739c824 req-75d5c4c7-e746-4c8b-a167-82f08739c824 ] Request (ImagesTestJSON:test_create_image_from_stopped_server): 200 GET http://10.180.1.21/compute/v2.1/servers/49ba12d1-86f4-49e2-8bfe-10c82616ae2a 1.906s
2025-05-13 20:08:27.401 69882 INFO tempest.lib.common.rest_client [req-6846a5f5-7bd4-447b-8484-381f410a4c07 req-6846a5f5-7bd4-447b-8484-381f410a4c07 ] Request (QuotasSecurityGroupAdminNegativeTest:tearDownClass): 204 DELETE http://10.180.1.21:9696/networking/v2.0/security-groups/607f9121-8594-4977-bf34-ee443588cc2c 0.250s
2025-05-13 20:08:27.487 69882 INFO tempest.lib.common.rest_client [req-003dd953-2841-4917-b66b-1a5142178c42 req-003dd953-2841-4917-b66b-1a5142178c42 ] Request (QuotasSecurityGroupAdminNegativeTest:tearDownClass): 204 DELETE http://10.180.1.21/identity/v3/projects/35b58da1c0334cfeb454c6ab8c65ffb8 0.085s
2025-05-13 20:08:27.487 69882 INFO tempest.lib.common.dynamic_creds [-] Deleting project and security group for project: 0d0be2dc54764aad8fa6800206dbb987
2025-05-13 20:08:27.533 69878 INFO tempest.lib.common.rest_client [req-1f3bef73-4707-40cf-be50-876a4b6a995e req-1f3bef73-4707-40cf-be50-876a4b6a995e ] Request (ServerActionsTestOtherB:setUpClass): 200 GET http://10.180.1.21/compute/v2.1/servers/9c7eb62e-b80b-4faa-b499-9e886a918114 1.325s
2025-05-13 20:08:27.577 69876 INFO tempest.lib.common.rest_client [req-d286c34f-d5c4-4f6b-ad65-f9d84116fa77 req-d286c34f-d5c4-4f6b-ad65-f9d84116fa77 ] Request (FloatingIPsAssociationTestJSON:setUpClass): 200 PUT http://10.180.1.21:9696/networking/v2.0/routers/bc3be518-fdfb-4b1b-847a-d8b650cf0c1f/add_router_interface 2.438s
2025-05-13 20:08:27.577 69876 INFO tempest.lib.common.dynamic_creds [-] Created isolated network resources for: credentials: Credentials: {'domain_id': 'default', 'domain_name': 'Default', 'username': 'tempest-FloatingIPsAssociationTestJSON-1311896295-project-member', 'project_domain_id': 'default', 'project_domain_name': 'Default', 'project_id': '84553889587e4674925ae599d349c09b', 'project_name': 'tempest-FloatingIPsAssociationTestJSON-1311896295', 'tenant_id': '84553889587e4674925ae599d349c09b', 'tenant_name': 'tempest-FloatingIPsAssociationTestJSON-1311896295', 'user_domain_id': 'default', 'user_domain_name': 'Default', 'user_id': '3c0dd7fcc2004bcbb46c9a76e8fb88f6', 'system': None}, Network: {'id': 'ef70b461-91b3-46b5-bda8-b06c13c43c8d', 'name': 'tempest-FloatingIPsAssociationTestJSON-910530702-network', 'tenant_id': '84553889587e4674925ae599d349c09b', 'admin_state_up': True, 'mtu': 8950, 'status': 'ACTIVE', 'subnets': [], 'shared': False, 'project_id': '84553889587e4674925ae599d349c09b', 'port_security_enabled': True, 'router:external': False, 'provider:network_type': 'vlan', 'provider:physical_network': 'default', 'provider:segmentation_id': 72, 'availability_zone_hints': [], 'availability_zones': [], 'ipv4_address_scope': None, 'ipv6_address_scope': None, 'description': '', 'tags': [], 'created_at': '2025-05-13T20:08:22Z', 'updated_at': '2025-05-13T20:08:22Z', 'revision_number': 1}, Subnet: {'id': '0f017ec1-cb5e-4e41-89a5-5a5a95f337c2', 'name': 'tempest-FloatingIPsAssociationTestJSON-910530702-subnet', 'tenant_id': '84553889587e4674925ae599d349c09b', 'network_id': 'ef70b461-91b3-46b5-bda8-b06c13c43c8d', 'ip_version': 4, 'subnetpool_id': None, 'enable_dhcp': True, 'ipv6_ra_mode': None, 'ipv6_address_mode': None, 'gateway_ip': '192.168.128.1', 'cidr': '192.168.128.0/28', 'allocation_pools': [{'start': '192.168.128.2', 'end': '192.168.128.14'}], 'host_routes': [], 'dns_nameservers': [], 'description': '', 'router:external': False, 'service_types': [], 'tags': [], 'created_at': '2025-05-13T20:08:23Z', 'updated_at': '2025-05-13T20:08:23Z', 'revision_number': 0, 'project_id': '84553889587e4674925ae599d349c09b'}, Router: {'id': 'bc3be518-fdfb-4b1b-847a-d8b650cf0c1f', 'name': 'tempest-FloatingIPsAssociationTestJSON-910530702-router', 'tenant_id': '84553889587e4674925ae599d349c09b', 'admin_state_up': True, 'status': 'ACTIVE', 'external_gateway_info': {'network_id': 'ab8cb95b-56bf-49df-8281-f4ed61b231ac', 'external_fixed_ips': [{'subnet_id': 'a402df8f-9fd2-4b96-b101-d2a46eb45891', 'ip_address': '10.180.180.207'}], 'enable_snat': True}, 'description': '', 'availability_zones': [], 'distributed': False, 'ha': False, 'availability_zone_hints': [], 'routes': [], 'flavor_id': None, 'tags': [], 'created_at': '2025-05-13T20:08:23Z', 'updated_at': '2025-05-13T20:08:24Z', 'revision_number': 2, 'project_id': '84553889587e4674925ae599d349c09b'}
2025-05-13 20:08:27.662 69862 INFO tempest.lib.common.rest_client [req-dc38c80e-d9e6-4f70-8abe-06118f3b6bbd req-dc38c80e-d9e6-4f70-8abe-06118f3b6bbd ] Request (ServersV294TestFqdnHostnames:setUpClass): 201 POST http://10.180.1.21:9696/networking/v2.0/subnets 0.397s
2025-05-13 20:08:27.685 69824 INFO tempest.lib.common.rest_client [req-62a09ac1-65b3-4bdf-a12e-36404c5bfe2a req-62a09ac1-65b3-4bdf-a12e-36404c5bfe2a ] Request (ServerDiagnosticsV248Test:test_get_server_diagnostics): 200 GET http://10.180.1.21/compute/v2.1/servers/0c7c0a79-1ef0-4730-a01f-5c08586125c9 1.320s
2025-05-13 20:08:27.685 69876 INFO tempest.lib.common.rest_client [req-72588b3a-4b74-4c78-9cfe-665b0f93f9fc req-72588b3a-4b74-4c78-9cfe-665b0f93f9fc ] Request (FloatingIPsAssociationTestJSON:setUpClass): 201 POST http://10.180.1.21/identity/v3/auth/tokens 0.104s
2025-05-13 20:08:27.732 69876 INFO tempest.lib.common.rest_client [req-ffff11c3-9b58-448a-bb62-4545265aab27 req-ffff11c3-9b58-448a-bb62-4545265aab27 ] Request (FloatingIPsAssociationTestJSON:setUpClass): 201 POST http://10.180.1.21/identity/v3/auth/tokens 0.041s
2025-05-13 20:08:27.732 69876 INFO tempest.lib.common.fixed_network [-] (FloatingIPsAssociationTestJSON:setUpClass) Found network {'id': 'ef70b461-91b3-46b5-bda8-b06c13c43c8d', 'name': 'tempest-FloatingIPsAssociationTestJSON-910530702-network', 'tenant_id': '84553889587e4674925ae599d349c09b', 'admin_state_up': True, 'mtu': 8950, 'status': 'ACTIVE', 'subnets': [], 'shared': False, 'project_id': '84553889587e4674925ae599d349c09b', 'port_security_enabled': True, 'router:external': False, 'provider:network_type': 'vlan', 'provider:physical_network': 'default', 'provider:segmentation_id': 72, 'availability_zone_hints': [], 'availability_zones': [], 'ipv4_address_scope': None, 'ipv6_address_scope': None, 'description': '', 'tags': [], 'created_at': '2025-05-13T20:08:22Z', 'updated_at': '2025-05-13T20:08:22Z', 'revision_number': 1} available for tenant
2025-05-13 20:08:27.839 69820 INFO tempest.lib.common.rest_client [req-aa1942d7-caa2-4b81-b603-719d180d1110 req-aa1942d7-caa2-4b81-b603-719d180d1110 ] Request (FlavorsV255TestJSON:test_crud_flavor): 200 POST http://10.180.1.21/compute/v2.1/flavors 1.461s
2025-05-13 20:08:27.844 69882 INFO tempest.lib.common.rest_client [req-d080e4fc-1c44-4e0d-85a4-d62f566e6b8e req-d080e4fc-1c44-4e0d-85a4-d62f566e6b8e ] Request (QuotasSecurityGroupAdminNegativeTest:tearDownClass): 200 GET http://10.180.1.21:9696/networking/v2.0/security-groups?tenant_id=0d0be2dc54764aad8fa6800206dbb987&name=default 0.356s
2025-05-13 20:08:27.921 69864 INFO tempest.lib.common.rest_client [req-2b5c3f37-c21d-4618-899f-a336274a3f5e req-2b5c3f37-c21d-4618-899f-a336274a3f5e ] Request (VolumesAssistedSnapshotsTest:test_volume_assisted_snapshot_create_delete): 200 GET http://10.180.1.21/compute/v2.1/servers/292973ce-644b-4494-b2c9-fa8d7122118e 1.477s
2025-05-13 20:08:27.929 69864 INFO tempest.common.waiters [-] State transition "BUILD/None" ==> "BUILD/networking" after 9 second wait
2025-05-13 20:08:27.953 69842 INFO tempest.lib.common.rest_client [req-866b3588-b859-48df-b27c-98de85ab39ff req-866b3588-b859-48df-b27c-98de85ab39ff ] Request (AggregatesAdminNegativeTestJSON:test_aggregate_create_with_existent_aggregate_name): 200 POST http://10.180.1.21/compute/v2.1/os-aggregates 1.408s
2025-05-13 20:08:27.983 69866 INFO tempest.lib.common.rest_client [req-ae8047b8-a21d-4ef6-af0f-2fb5fc345adc req-ae8047b8-a21d-4ef6-af0f-2fb5fc345adc ] Request (FlavorsAdminTestJSON:_run_cleanups): 200 GET http://10.180.1.21/compute/v2.1/flavors/detail 1.418s
2025-05-13 20:08:28.134 69882 INFO tempest.lib.common.rest_client [req-725d1cc2-8a1a-4ea6-9f67-bb09b27c3157 req-725d1cc2-8a1a-4ea6-9f67-bb09b27c3157 ] Request (QuotasSecurityGroupAdminNegativeTest:tearDownClass): 204 DELETE http://10.180.1.21:9696/networking/v2.0/security-groups/b82fd618-b07a-4ab5-ba48-ccb31383961b 0.290s
2025-05-13 20:08:28.135 69826 INFO tempest.lib.common.rest_client [req-ddbd7dac-4d21-43b5-8e46-e3feb9208720 req-ddbd7dac-4d21-43b5-8e46-e3feb9208720 ] Request (QuotasAdminTestJSON:test_get_updated_quotas): 200 GET http://10.180.1.21/compute/v2.1/os-quota-sets/8f6567b57f5e49a88df88a09e9e69670/detail 1.502s
2025-05-13 20:08:28.183 69826 INFO tempest.lib.common.rest_client [req-5badcc12-0a15-49ba-ba5f-b3309f04d620 req-5badcc12-0a15-49ba-ba5f-b3309f04d620 ] Request (QuotasAdminTestJSON:test_get_updated_quotas): 200 GET http://10.180.1.21/identity/v3/domains?name=Default 0.040s
2025-05-13 20:08:28.221 69826 INFO tempest.lib.common.rest_client [req-5c3169a5-b524-4df9-aebb-e6cdc705f013 req-5c3169a5-b524-4df9-aebb-e6cdc705f013 ] Request (QuotasAdminTestJSON:test_get_updated_quotas): 201 POST http://10.180.1.21/identity/v3/users 0.037s
2025-05-13 20:08:28.242 69826 INFO tempest.lib.common.rest_client [req-60044679-3c4d-4a84-8132-7cc78dffc631 req-60044679-3c4d-4a84-8132-7cc78dffc631 ] Request (QuotasAdminTestJSON:test_get_updated_quotas): 200 GET http://10.180.1.21/identity/v3/domains?name=Default 0.020s
2025-05-13 20:08:28.283 69882 INFO tempest.lib.common.rest_client [req-db5acd16-e53a-4b25-a19e-90d33d9d2c3e req-db5acd16-e53a-4b25-a19e-90d33d9d2c3e ] Request (QuotasSecurityGroupAdminNegativeTest:tearDownClass): 204 DELETE http://10.180.1.21/identity/v3/projects/0d0be2dc54764aad8fa6800206dbb987 0.148s
2025-05-13 20:08:28.358 69882 INFO tempest.lib.common.rest_client [req-d46c193d-4d38-4fed-ab78-26d85c118a8a req-d46c193d-4d38-4fed-ab78-26d85c118a8a ] Request (ServersTestMultiNic:setUpClass): 201 POST http://10.180.1.21/identity/v3/auth/tokens 0.073s
2025-05-13 20:08:28.404 69882 INFO tempest.lib.common.rest_client [req-289e0593-5468-4bf1-b040-1677dff3a2a9 req-289e0593-5468-4bf1-b040-1677dff3a2a9 ] Request (ServersTestMultiNic:setUpClass): 201 POST http://10.180.1.21/identity/v3/auth/tokens 0.040s
2025-05-13 20:08:28.436 69882 INFO tempest.lib.common.rest_client [req-f4adad61-c0a4-40da-80fc-dc67c9695de4 req-f4adad61-c0a4-40da-80fc-dc67c9695de4 ] Request (ServersTestMultiNic:setUpClass): 200 GET http://10.180.1.21/identity/v3/domains?name=Default 0.030s
2025-05-13 20:08:28.471 69882 INFO tempest.lib.common.rest_client [req-47743d4c-4ba2-478e-9be2-64f165a773e9 req-47743d4c-4ba2-478e-9be2-64f165a773e9 ] Request (ServersTestMultiNic:setUpClass): 201 POST http://10.180.1.21/identity/v3/projects 0.035s
2025-05-13 20:08:28.537 69882 INFO tempest.lib.common.rest_client [req-be8ed721-03b1-4c8d-a59d-f3b9c38b2bf2 req-be8ed721-03b1-4c8d-a59d-f3b9c38b2bf2 ] Request (ServersTestMultiNic:setUpClass): 201 POST http://10.180.1.21/identity/v3/users 0.065s
2025-05-13 20:08:28.564 69882 INFO tempest.lib.common.rest_client [req-a0dd7bf0-654e-4570-bdac-4ef3ca753928 req-a0dd7bf0-654e-4570-bdac-4ef3ca753928 ] Request (ServersTestMultiNic:setUpClass): 200 GET http://10.180.1.21/identity/v3/roles 0.027s
2025-05-13 20:08:28.588 69875 INFO tempest.lib.common.rest_client [req-c27446fc-cd04-46f7-ae26-2ed780a822ad req-c27446fc-cd04-46f7-ae26-2ed780a822ad ] Request (AttachInterfacesTestJSON:test_create_list_show_delete_interfaces_by_fixed_ip): 200 GET http://10.180.1.21/compute/v2.1/servers/48aa7aba-a938-4622-9201-222fd0b88f76 1.847s
2025-05-13 20:08:28.605 69882 INFO tempest.lib.common.rest_client [req-3dd659aa-72fa-4306-a987-9dc445a728bc req-3dd659aa-72fa-4306-a987-9dc445a728bc ] Request (ServersTestMultiNic:setUpClass): 204 PUT http://10.180.1.21/identity/v3/projects/78f81c0bdac04d3285d9e6f4b6b9e8ca/users/c4162d1bfb724130bc99713102e4931d/roles/49c6b3f2baa0432c94c283ab43c5b978 0.041s
2025-05-13 20:08:28.605 69882 INFO tempest.lib.common.dynamic_creds [-] Dynamic test user c4162d1bfb724130bc99713102e4931d is created with scope project and roles: ['member']
2025-05-13 20:08:28.606 69882 INFO tempest.lib.common.dynamic_creds [-] Acquired dynamic creds: credentials: Credentials: {'domain_id': 'default', 'domain_name': 'Default', 'username': 'tempest-ServersTestMultiNic-1676642349-project-member', 'project_domain_id': 'default', 'project_domain_name': 'Default', 'project_id': '78f81c0bdac04d3285d9e6f4b6b9e8ca', 'project_name': 'tempest-ServersTestMultiNic-1676642349', 'tenant_id': '78f81c0bdac04d3285d9e6f4b6b9e8ca', 'tenant_name': 'tempest-ServersTestMultiNic-1676642349', 'user_domain_id': 'default', 'user_domain_name': 'Default', 'user_id': 'c4162d1bfb724130bc99713102e4931d', 'system': None}, Network: None, Subnet: None, Router: None
2025-05-13 20:08:28.695 69882 INFO tempest.lib.common.rest_client [req-7f8ba9d2-074e-474f-9c76-ea72c330f3ba req-7f8ba9d2-074e-474f-9c76-ea72c330f3ba ] Request (ServersTestMultiNic:setUpClass): 201 POST http://10.180.1.21/identity/v3/auth/tokens 0.089s
2025-05-13 20:08:28.698 69846 INFO tempest.lib.common.rest_client [req-ce0fb743-0fc8-460f-be97-08f7ffe3bf8b req-ce0fb743-0fc8-460f-be97-08f7ffe3bf8b ] Request (DeleteServersAdminTestJSON:test_admin_delete_servers_of_others): 200 GET http://10.180.1.21/compute/v2.1/servers/8ce54145-1b41-4cbd-ba71-c28e6ea44afe 1.853s
2025-05-13 20:08:28.778 69850 INFO tempest.lib.common.rest_client [req-51fa3ff0-694f-4d90-9385-dc14b5afb338 req-51fa3ff0-694f-4d90-9385-dc14b5afb338 ] Request (ServerExternalEventsTest:tearDownClass): 200 GET http://10.180.1.21/compute/v2.1/servers/5aded919-7914-47a3-b7b6-8053eef8f6f6 1.745s
2025-05-13 20:08:28.787 69850 INFO tempest.common.waiters [-] State transition "ACTIVE/deleting" ==> "DELETED/None" after 2 second wait
2025-05-13 20:08:28.837 69862 INFO tempest.lib.common.rest_client [req-48c08b9a-8eae-42dc-a242-7720f077eff4 req-48c08b9a-8eae-42dc-a242-7720f077eff4 ] Request (ServersV294TestFqdnHostnames:setUpClass): 201 POST http://10.180.1.21:9696/networking/v2.0/routers 1.174s
2025-05-13 20:08:28.933 69838 INFO tempest.lib.common.rest_client [req-278c9928-04d4-4ff3-b017-5ae1052e12e0 req-278c9928-04d4-4ff3-b017-5ae1052e12e0 ] Request (FlavorsAccessNegativeTestJSON:test_flavor_non_admin_remove): 200 POST http://10.180.1.21/compute/v2.1/flavors/793452589/action 1.884s
2025-05-13 20:08:29.035 69849 INFO tempest.lib.common.rest_client [req-6e0e51a4-ee72-4cad-bcb6-1587c7fee16d req-6e0e51a4-ee72-4cad-bcb6-1587c7fee16d ] Request (ListServersNegativeTestJSON:setUpClass): 200 GET http://10.180.1.21/compute/v2.1/servers/183f4288-45c2-4a44-826d-29767fbcc075 1.924s
2025-05-13 20:08:29.067 69852 INFO tempest.lib.common.rest_client [req-a2dce835-47da-472e-9577-0383eab17ec0 req-a2dce835-47da-472e-9577-0383eab17ec0 ] Request (HypervisorAdminTestJSON:test_get_hypervisor_stats): 200 GET http://10.180.1.21/compute/v2.1/os-hypervisors/statistics 1.935s
2025-05-13 20:08:29.075 69832 INFO tempest.lib.common.rest_client [req-0c54ae2b-7b9f-49fe-a4ff-bd9e8f07cb51 req-0c54ae2b-7b9f-49fe-a4ff-bd9e8f07cb51 ] Request (MultipleCreateNegativeTestJSON:test_min_count_non_integer): 400 POST http://10.180.1.21/compute/v2.1/servers 1.898s
2025-05-13 20:08:29.128 69868 INFO tempest.lib.common.rest_client [req-71c973cb-be9c-4d04-8b7e-eb3e9b93a11e req-71c973cb-be9c-4d04-8b7e-eb3e9b93a11e ] Request (ServerGroupTestJSON:test_create_delete_multiple_server_groups_with_same_name_policy): 204 DELETE http://10.180.1.21/compute/v2.1/os-server-groups/78d05075-b9ab-424d-a427-73b378045503 1.910s
2025-05-13 20:08:29.154 69840 INFO tempest.lib.common.rest_client [req-e3eff165-3b04-4cd6-8621-3963cef9ea35 req-e3eff165-3b04-4cd6-8621-3963cef9ea35 ] Request (FlavorsV2TestJSON:test_list_flavors_filter_by_min_disk): 200 GET http://10.180.1.21/compute/v2.1/flavors?minDisk=2 1.921s
2025-05-13 20:08:29.226 69852 INFO tempest.lib.common.rest_client [req-2ebb55c1-77f6-4505-9892-03c975262269 req-2ebb55c1-77f6-4505-9892-03c975262269 ] Request (HypervisorAdminTestJSON:tearDownClass): 204 DELETE http://10.180.1.21/identity/v3/users/518390e277514cc78fd3bc9f3abdb5ee 0.152s
2025-05-13 20:08:29.227 69832 INFO tempest.lib.common.rest_client [req-9c4ff437-5e48-41e2-92bd-4985badbbe9e req-9c4ff437-5e48-41e2-92bd-4985badbbe9e ] Request (MultipleCreateNegativeTestJSON:tearDownClass): 204 DELETE http://10.180.1.21/identity/v3/users/0a115243cd404e54a60089e43ff4da43 0.148s
2025-05-13 20:08:29.227 69832 INFO tempest.lib.common.dynamic_creds [-] Deleting project and security group for project: 3f5ac24953234a49a934760c87f7cb89
2025-05-13 20:08:29.259 69855 INFO tempest.lib.common.rest_client [req-26f02c42-4c0e-4b3f-bcd0-33f7bed5da3c req-26f02c42-4c0e-4b3f-bcd0-33f7bed5da3c ] Request (ServerAddressesNegativeTestJSON:setUpClass): 200 GET http://10.180.1.21/compute/v2.1/servers/63cab0cd-7268-4442-aa1a-e6d33cd43500 1.949s
2025-05-13 20:08:29.336 69832 INFO tempest.lib.common.rest_client [req-bf5e899b-4a60-4187-9d08-17780dddcefd req-bf5e899b-4a60-4187-9d08-17780dddcefd ] Request (MultipleCreateNegativeTestJSON:tearDownClass): 201 POST http://10.180.1.21/identity/v3/auth/tokens 0.108s
2025-05-13 20:08:29.367 69852 INFO tempest.lib.common.rest_client [req-09267de3-73c9-4a3d-a243-77efb2d96bb2 req-09267de3-73c9-4a3d-a243-77efb2d96bb2 ] Request (HypervisorAdminTestJSON:tearDownClass): 204 DELETE http://10.180.1.21/identity/v3/users/ca17c9ef04a44a4482366d8f62f5d007 0.141s
2025-05-13 20:08:29.367 69852 INFO tempest.lib.common.dynamic_creds [-] Deleting project and security group for project: a3d8dac6fc2a4aab8ab93e38294b903b
2025-05-13 20:08:29.416 69882 INFO tempest.lib.common.rest_client [req-af3abbda-73ee-4e85-bbf3-0f6e49077b96 req-af3abbda-73ee-4e85-bbf3-0f6e49077b96 ] Request (ServersTestMultiNic:setUpClass): 201 POST http://10.180.1.21:9696/networking/v2.0/networks 0.717s
2025-05-13 20:08:29.442 69852 INFO tempest.lib.common.rest_client [req-7f1d8731-7d36-426a-a652-85bd003dc966 req-7f1d8731-7d36-426a-a652-85bd003dc966 ] Request (HypervisorAdminTestJSON:tearDownClass): 201 POST http://10.180.1.21/identity/v3/auth/tokens 0.074s
2025-05-13 20:08:29.662 69822 INFO tempest.lib.common.rest_client [req-716fd447-808c-4b3d-80d5-116db496079d req-716fd447-808c-4b3d-80d5-116db496079d ] Request (TenantUsagesTestJSON:setUpClass): 200 GET http://10.180.1.21/compute/v2.1/servers/c41fedc9-6b0f-4c7b-aade-cf86c61b038f 2.292s
2025-05-13 20:08:29.753 69852 INFO tempest.lib.common.rest_client [req-5559380a-b675-46b8-a432-a0dd69eed6b2 req-5559380a-b675-46b8-a432-a0dd69eed6b2 ] Request (HypervisorAdminTestJSON:tearDownClass): 200 GET http://10.180.1.21:9696/networking/v2.0/security-groups?tenant_id=a3d8dac6fc2a4aab8ab93e38294b903b&name=default 0.310s
2025-05-13 20:08:29.756 69828 INFO tempest.lib.common.rest_client [req-bb79f5f3-cac4-48ac-a63c-645615f5fb96 req-bb79f5f3-cac4-48ac-a63c-645615f5fb96 ] Request (ServersWithSpecificFlavorTestJSON:test_verify_created_server_ephemeral_disk): 200 GET http://10.180.1.21/compute/v2.1/servers/46ceadf5-a94c-4880-a312-8bc1c8d9db33 2.346s
2025-05-13 20:08:29.771 69832 INFO tempest.lib.common.rest_client [req-e1692e56-1cd9-4f76-bc04-ee28cde19c16 req-e1692e56-1cd9-4f76-bc04-ee28cde19c16 ] Request (MultipleCreateNegativeTestJSON:tearDownClass): 200 GET http://10.180.1.21:9696/networking/v2.0/security-groups?tenant_id=3f5ac24953234a49a934760c87f7cb89&name=default 0.434s
2025-05-13 20:08:29.851 69844 INFO tempest.lib.common.rest_client [req-85e191e7-1c8d-4f3c-82e9-2ca04fa7f5d5 req-85e191e7-1c8d-4f3c-82e9-2ca04fa7f5d5 ] Request (ServersTestJSON:setUpClass): 200 GET http://10.180.1.21/compute/v2.1/servers/d505f6a6-8db2-4835-ac1c-74b30a09b2aa 2.375s
2025-05-13 20:08:29.909 69856 INFO tempest.lib.common.rest_client [req-caff8253-be17-484d-8e40-35fd0d4361cf req-caff8253-be17-484d-8e40-35fd0d4361cf ] Request (ImagesOneServerTestJSON:test_create_delete_image): 200 GET http://10.180.1.21/compute/v2.1/images/8f6c883c-49eb-49e3-af23-6973559faf96 2.373s
2025-05-13 20:08:29.990 69832 INFO tempest.lib.common.rest_client [req-02645381-3135-4d83-b282-6a590dc048a9 req-02645381-3135-4d83-b282-6a590dc048a9 ] Request (MultipleCreateNegativeTestJSON:tearDownClass): 204 DELETE http://10.180.1.21:9696/networking/v2.0/security-groups/8885da6b-31e4-4b08-a775-0ba0938ce36e 0.218s
2025-05-13 20:08:29.995 69852 INFO tempest.lib.common.rest_client [req-ba5b6a43-ae33-4ebc-83cb-58bc928ebfe8 req-ba5b6a43-ae33-4ebc-83cb-58bc928ebfe8 ] Request (HypervisorAdminTestJSON:tearDownClass): 204 DELETE http://10.180.1.21:9696/networking/v2.0/security-groups/813f71ad-3190-4712-a12b-19b2dee3bab7 0.241s
2025-05-13 20:08:30.002 69882 INFO tempest.lib.common.rest_client [req-602459ad-58af-44fc-9a1e-a6806e9e89ca req-602459ad-58af-44fc-9a1e-a6806e9e89ca ] Request (ServersTestMultiNic:setUpClass): 201 POST http://10.180.1.21:9696/networking/v2.0/subnets 0.585s
2025-05-13 20:08:30.020 69872 INFO tempest.lib.common.rest_client [req-b7179884-7d71-496c-81f0-05cc2987ea23 req-b7179884-7d71-496c-81f0-05cc2987ea23 ] Request (FloatingIPsAssociationNegativeTestJSON:test_associate_ip_to_server_with_floating_ip): 202 POST http://10.180.1.21/compute/v2.1/servers/b7967fdc-15d1-4c8e-8b1a-d00bbffa9020/action 3.987s
2025-05-13 20:08:30.119 69832 INFO tempest.lib.common.rest_client [req-21d78715-c7f2-4f54-a50a-1a3cb4ea8dcf req-21d78715-c7f2-4f54-a50a-1a3cb4ea8dcf ] Request (MultipleCreateNegativeTestJSON:tearDownClass): 204 DELETE http://10.180.1.21/identity/v3/projects/3f5ac24953234a49a934760c87f7cb89 0.128s
2025-05-13 20:08:30.145 69860 INFO tempest.lib.common.rest_client [req-f5be7d26-5ace-4913-9cb6-e195f1223c1f req-f5be7d26-5ace-4913-9cb6-e195f1223c1f ] Request (ServerDiagnosticsTest:tearDownClass): 200 GET http://10.180.1.21/compute/v2.1/servers/5a0a3050-d2a0-41e2-a75d-984af183d670 2.320s
2025-05-13 20:08:30.153 69860 INFO tempest.common.waiters [-] State transition "ACTIVE/deleting" ==> "DELETED/None" after 4 second wait
2025-05-13 20:08:30.160 69832 INFO tempest.lib.common.rest_client [req-a2242117-745f-43ca-9416-07d6e179e3bc req-a2242117-745f-43ca-9416-07d6e179e3bc ] Request (ServerRescueNegativeTestJSON:setUpClass): 201 POST http://10.180.1.21/identity/v3/auth/tokens 0.039s
2025-05-13 20:08:30.192 69852 INFO tempest.lib.common.rest_client [req-785cd3f7-8b33-47e7-9a8c-a89a56aed6cb req-785cd3f7-8b33-47e7-9a8c-a89a56aed6cb ] Request (HypervisorAdminTestJSON:tearDownClass): 204 DELETE http://10.180.1.21/identity/v3/projects/a3d8dac6fc2a4aab8ab93e38294b903b 0.196s
2025-05-13 20:08:30.192 69852 INFO tempest.lib.common.dynamic_creds [-] Deleting project and security group for project: 2a9b31898a514869b7203d298436a2b6
2025-05-13 20:08:30.258 69832 INFO tempest.lib.common.rest_client [req-345bdb20-16ce-4158-840c-3ca159e7bd8d req-345bdb20-16ce-4158-840c-3ca159e7bd8d ] Request (ServerRescueNegativeTestJSON:setUpClass): 201 POST http://10.180.1.21/identity/v3/auth/tokens 0.096s
2025-05-13 20:08:30.289 69832 INFO tempest.lib.common.rest_client [req-eef56d81-06ba-456a-aa5f-1df416945e14 req-eef56d81-06ba-456a-aa5f-1df416945e14 ] Request (ServerRescueNegativeTestJSON:setUpClass): 200 GET http://10.180.1.21/identity/v3/domains?name=Default 0.031s
2025-05-13 20:08:30.320 69820 INFO tempest.lib.common.rest_client [req-b9abc364-0cd5-4fb3-a931-df71e8e33188 req-b9abc364-0cd5-4fb3-a931-df71e8e33188 ] Request (FlavorsV255TestJSON:test_crud_flavor): 200 GET http://10.180.1.21/compute/v2.1/flavors/1174345671 2.478s
2025-05-13 20:08:30.357 69832 INFO tempest.lib.common.rest_client [req-d7acd571-1893-4cd0-aa36-faec4ef113e8 req-d7acd571-1893-4cd0-aa36-faec4ef113e8 ] Request (ServerRescueNegativeTestJSON:setUpClass): 201 POST http://10.180.1.21/identity/v3/projects 0.067s
2025-05-13 20:08:30.458 69832 INFO tempest.lib.common.rest_client [req-7aa475c6-3d14-4f18-b960-ff8bbb06b55c req-7aa475c6-3d14-4f18-b960-ff8bbb06b55c ] Request (ServerRescueNegativeTestJSON:setUpClass): 201 POST http://10.180.1.21/identity/v3/users 0.099s
2025-05-13 20:08:30.500 69852 INFO tempest.lib.common.rest_client [req-1edfe7de-bf37-43e9-84ef-910047ab308c req-1edfe7de-bf37-43e9-84ef-910047ab308c ] Request (HypervisorAdminTestJSON:tearDownClass): 200 GET http://10.180.1.21:9696/networking/v2.0/security-groups?tenant_id=2a9b31898a514869b7203d298436a2b6&name=default 0.307s
2025-05-13 20:08:30.502 69832 INFO tempest.lib.common.rest_client [req-aa62fd03-d10b-4ce2-9b19-c77cf165ee30 req-aa62fd03-d10b-4ce2-9b19-c77cf165ee30 ] Request (ServerRescueNegativeTestJSON:setUpClass): 200 GET http://10.180.1.21/identity/v3/roles 0.043s
2025-05-13 20:08:30.525 69862 INFO tempest.lib.common.rest_client [req-a959a450-4e24-4a50-bc04-77f0a2821d2c req-a959a450-4e24-4a50-bc04-77f0a2821d2c ] Request (ServersV294TestFqdnHostnames:setUpClass): 200 PUT http://10.180.1.21:9696/networking/v2.0/routers/c16a3c68-90e5-4cf4-986c-62ea1d6075fd/add_router_interface 1.687s
2025-05-13 20:08:30.525 69862 INFO tempest.lib.common.dynamic_creds [-] Created isolated network resources for: credentials: Credentials: {'domain_id': 'default', 'domain_name': 'Default', 'username': 'tempest-ServersV294TestFqdnHostnames-1976375908-project-member', 'project_domain_id': 'default', 'project_domain_name': 'Default', 'project_id': '357d257f4ad3420fbc4a01578be82754', 'project_name': 'tempest-ServersV294TestFqdnHostnames-1976375908', 'tenant_id': '357d257f4ad3420fbc4a01578be82754', 'tenant_name': 'tempest-ServersV294TestFqdnHostnames-1976375908', 'user_domain_id': 'default', 'user_domain_name': 'Default', 'user_id': '2bd11097162b479b8703e97b99c2f4de', 'system': None}, Network: {'id': '99245d20-262b-4545-9b9c-f5a7377fd64c', 'name': 'tempest-ServersV294TestFqdnHostnames-1599048344-network', 'tenant_id': '357d257f4ad3420fbc4a01578be82754', 'admin_state_up': True, 'mtu': 8950, 'status': 'ACTIVE', 'subnets': [], 'shared': False, 'project_id': '357d257f4ad3420fbc4a01578be82754', 'port_security_enabled': True, 'router:external': False, 'provider:network_type': 'vlan', 'provider:physical_network': 'default', 'provider:segmentation_id': 665, 'availability_zone_hints': [], 'availability_zones': [], 'ipv4_address_scope': None, 'ipv6_address_scope': None, 'description': '', 'tags': [], 'created_at': '2025-05-13T20:08:27Z', 'updated_at': '2025-05-13T20:08:27Z', 'revision_number': 1}, Subnet: {'id': '83ad8204-c65c-4797-8fd9-1e969ce83c72', 'name': 'tempest-ServersV294TestFqdnHostnames-1599048344-subnet', 'tenant_id': '357d257f4ad3420fbc4a01578be82754', 'network_id': '99245d20-262b-4545-9b9c-f5a7377fd64c', 'ip_version': 4, 'subnetpool_id': None, 'enable_dhcp': True, 'ipv6_ra_mode': None, 'ipv6_address_mode': None, 'gateway_ip': '192.168.128.1', 'cidr': '192.168.128.0/28', 'allocation_pools': [{'start': '192.168.128.2', 'end': '192.168.128.14'}], 'host_routes': [], 'dns_nameservers': [], 'description': '', 'router:external': False, 'service_types': [], 'tags': [], 'created_at': '2025-05-13T20:08:27Z', 'updated_at': '2025-05-13T20:08:27Z', 'revision_number': 0, 'project_id': '357d257f4ad3420fbc4a01578be82754'}, Router: {'id': 'c16a3c68-90e5-4cf4-986c-62ea1d6075fd', 'name': 'tempest-ServersV294TestFqdnHostnames-1599048344-router', 'tenant_id': '357d257f4ad3420fbc4a01578be82754', 'admin_state_up': True, 'status': 'ACTIVE', 'external_gateway_info': {'network_id': 'ab8cb95b-56bf-49df-8281-f4ed61b231ac', 'external_fixed_ips': [{'subnet_id': 'a402df8f-9fd2-4b96-b101-d2a46eb45891', 'ip_address': '10.180.180.162'}], 'enable_snat': True}, 'description': '', 'availability_zones': [], 'distributed': False, 'ha': False, 'availability_zone_hints': [], 'routes': [], 'flavor_id': None, 'tags': [], 'created_at': '2025-05-13T20:08:27Z', 'updated_at': '2025-05-13T20:08:28Z', 'revision_number': 2, 'project_id': '357d257f4ad3420fbc4a01578be82754'}
2025-05-13 20:08:30.538 69832 INFO tempest.lib.common.rest_client [req-3b4c040a-64ef-4db1-99af-9b79b9dc7fda req-3b4c040a-64ef-4db1-99af-9b79b9dc7fda ] Request (ServerRescueNegativeTestJSON:setUpClass): 204 PUT http://10.180.1.21/identity/v3/projects/f630f5f07efc4849981029ba67972cef/users/6d27e5686cc44872a5206bbb736a73e5/roles/49c6b3f2baa0432c94c283ab43c5b978 0.035s
2025-05-13 20:08:30.538 69832 INFO tempest.lib.common.dynamic_creds [-] Dynamic test user 6d27e5686cc44872a5206bbb736a73e5 is created with scope project and roles: ['member']
2025-05-13 20:08:30.538 69832 INFO tempest.lib.common.dynamic_creds [-] Acquired dynamic creds: credentials: Credentials: {'domain_id': 'default', 'domain_name': 'Default', 'username': 'tempest-ServerRescueNegativeTestJSON-1517573171-project-member', 'project_domain_id': 'default', 'project_domain_name': 'Default', 'project_id': 'f630f5f07efc4849981029ba67972cef', 'project_name': 'tempest-ServerRescueNegativeTestJSON-1517573171', 'tenant_id': 'f630f5f07efc4849981029ba67972cef', 'tenant_name': 'tempest-ServerRescueNegativeTestJSON-1517573171', 'user_domain_id': 'default', 'user_domain_name': 'Default', 'user_id': '6d27e5686cc44872a5206bbb736a73e5', 'system': None}, Network: None, Subnet: None, Router: None
2025-05-13 20:08:30.590 69870 INFO tempest.lib.common.rest_client [req-727ac60e-d28e-4865-8164-54fe08e75b5c req-727ac60e-d28e-4865-8164-54fe08e75b5c ] Request (ServerDiskConfigTestJSON:test_rebuild_server_with_auto_disk_config): 200 GET http://10.180.1.21/compute/v2.1/servers/766ab89e-b13e-4252-8eb7-18072e1ee8aa 2.665s
2025-05-13 20:08:30.600 69870 INFO tempest.common.waiters [-] State transition "REBUILD/rebuilding" ==> "REBUILD/rebuild_spawning" after 4 second wait
2025-05-13 20:08:30.610 69842 INFO tempest.lib.common.rest_client [req-622d0368-74c0-4b2f-8374-552fd9463547 req-622d0368-74c0-4b2f-8374-552fd9463547 ] Request (AggregatesAdminNegativeTestJSON:test_aggregate_create_with_existent_aggregate_name): 409 POST http://10.180.1.21/compute/v2.1/os-aggregates 2.655s
2025-05-13 20:08:30.618 69862 INFO tempest.lib.common.rest_client [req-8f695e3b-c680-4083-8634-8b528cb8dd92 req-8f695e3b-c680-4083-8634-8b528cb8dd92 ] Request (ServersV294TestFqdnHostnames:setUpClass): 201 POST http://10.180.1.21/identity/v3/auth/tokens 0.090s
2025-05-13 20:08:30.624 69832 INFO tempest.lib.common.rest_client [req-64c02280-3a39-45a8-9964-ee4f770ece70 req-64c02280-3a39-45a8-9964-ee4f770ece70 ] Request (ServerRescueNegativeTestJSON:setUpClass): 201 POST http://10.180.1.21/identity/v3/auth/tokens 0.085s
2025-05-13 20:08:30.630 69866 INFO tempest.lib.common.rest_client [req-cee48064-0374-4586-80f8-48b7ae54d12c req-cee48064-0374-4586-80f8-48b7ae54d12c ] Request (FlavorsAdminTestJSON:test_create_list_flavor_without_extra_data): 200 POST http://10.180.1.21/compute/v2.1/flavors 2.640s
2025-05-13 20:08:30.781 69852 INFO tempest.lib.common.rest_client [req-42627e10-40bb-4d30-9279-323a9484d6c4 req-42627e10-40bb-4d30-9279-323a9484d6c4 ] Request (HypervisorAdminTestJSON:tearDownClass): 204 DELETE http://10.180.1.21:9696/networking/v2.0/security-groups/e856291d-8729-4425-bfaf-5455c4299087 0.281s
2025-05-13 20:08:30.833 69876 INFO tempest.lib.common.rest_client [req-2a6b3f1f-22d8-4498-9d95-0ceb2c400dd6 req-2a6b3f1f-22d8-4498-9d95-0ceb2c400dd6 ] Request (FloatingIPsAssociationTestJSON:setUpClass): 202 POST http://10.180.1.21/compute/v2.1/servers 3.100s
2025-05-13 20:08:30.843 69858 INFO tempest.lib.common.rest_client [req-fb5c57a0-a8ed-497a-a924-045934351663 req-fb5c57a0-a8ed-497a-a924-045934351663 ] Request (MigrationsAdminTest:test_list_migrations_in_flavor_resize_situation): 200 GET http://10.180.1.21/compute/v2.1/servers/5706f0bc-dc72-43db-a689-2003181f0bc6 2.816s
2025-05-13 20:08:30.893 69852 INFO tempest.lib.common.rest_client [req-7245486f-5c01-42f6-b5d8-4428f49bb82d req-7245486f-5c01-42f6-b5d8-4428f49bb82d ] Request (HypervisorAdminTestJSON:tearDownClass): 204 DELETE http://10.180.1.21/identity/v3/projects/2a9b31898a514869b7203d298436a2b6 0.111s
2025-05-13 20:08:30.913 69830 INFO tempest.lib.common.rest_client [req-51b56c69-6988-4f74-b226-c9b4190b0e6e req-51b56c69-6988-4f74-b226-c9b4190b0e6e ] Request (ServersAdminNegativeTestJSON:setUpClass): 200 GET http://10.180.1.21/compute/v2.1/servers/8973a3e6-2ff2-46ba-9a13-4c06d667bcae 2.686s
2025-05-13 20:08:30.996 69852 INFO tempest.lib.common.rest_client [req-c5bb6a6d-a2f4-4ba0-b655-c8855990702f req-c5bb6a6d-a2f4-4ba0-b655-c8855990702f ] Request (QuotasAdminTestV236:setUpClass): 201 POST http://10.180.1.21/identity/v3/auth/tokens 0.102s
2025-05-13 20:08:31.041 69852 INFO tempest.lib.common.rest_client [req-769a0183-2002-4a2c-b1cf-42a1a94fb805 req-769a0183-2002-4a2c-b1cf-42a1a94fb805 ] Request (QuotasAdminTestV236:setUpClass): 201 POST http://10.180.1.21/identity/v3/auth/tokens 0.042s
2025-05-13 20:08:31.101 69852 INFO tempest.lib.common.rest_client [req-b679f0ee-f3f1-4938-acd2-78ef54751735 req-b679f0ee-f3f1-4938-acd2-78ef54751735 ] Request (QuotasAdminTestV236:setUpClass): 200 GET http://10.180.1.21/identity/v3/domains?name=Default 0.058s
2025-05-13 20:08:31.118 69826 INFO tempest.lib.common.rest_client [req-7a1b7bd2-1e11-4709-8033-6dbbc2b96e25 req-7a1b7bd2-1e11-4709-8033-6dbbc2b96e25 ] Request (QuotasAdminTestJSON:test_get_updated_quotas): 200 PUT http://10.180.1.21/compute/v2.1/os-quota-sets/8f6567b57f5e49a88df88a09e9e69670?user_id=384a775477214f5a9cf16713eb3247b0 2.876s
2025-05-13 20:08:31.162 69852 INFO tempest.lib.common.rest_client [req-5bf334f7-1364-4e3e-b0cf-995da4524e91 req-5bf334f7-1364-4e3e-b0cf-995da4524e91 ] Request (QuotasAdminTestV236:setUpClass): 201 POST http://10.180.1.21/identity/v3/projects 0.060s
2025-05-13 20:08:31.264 69852 INFO tempest.lib.common.rest_client [req-fb7cfc30-ed02-4859-bb22-49ba4b760758 req-fb7cfc30-ed02-4859-bb22-49ba4b760758 ] Request (QuotasAdminTestV236:setUpClass): 201 POST http://10.180.1.21/identity/v3/users 0.102s
2025-05-13 20:08:31.290 69852 INFO tempest.lib.common.rest_client [req-9e41f39a-2f4f-4f52-8235-7d7a5d93032c req-9e41f39a-2f4f-4f52-8235-7d7a5d93032c ] Request (QuotasAdminTestV236:setUpClass): 200 GET http://10.180.1.21/identity/v3/roles 0.025s
2025-05-13 20:08:31.297 69832 INFO tempest.lib.common.rest_client [req-7cf9f2fa-2b4e-4260-a335-ebce1587baf2 req-7cf9f2fa-2b4e-4260-a335-ebce1587baf2 ] Request (ServerRescueNegativeTestJSON:setUpClass): 201 POST http://10.180.1.21:9696/networking/v2.0/networks 0.672s
2025-05-13 20:08:31.324 69836 INFO tempest.lib.common.rest_client [req-0db284bb-8463-45b2-9542-de4de64b4664 req-0db284bb-8463-45b2-9542-de4de64b4664 ] Request (ImagesTestJSON:test_create_image_from_stopped_server): 200 GET http://10.180.1.21/compute/v2.1/servers/49ba12d1-86f4-49e2-8bfe-10c82616ae2a 2.926s
2025-05-13 20:08:31.357 69852 INFO tempest.lib.common.rest_client [req-d142acd1-9281-49c1-98f6-c61e5720fe68 req-d142acd1-9281-49c1-98f6-c61e5720fe68 ] Request (QuotasAdminTestV236:setUpClass): 204 PUT http://10.180.1.21/identity/v3/projects/4cf961c5d6d349f99c2cd6360590efbe/users/537142e75bdb4145ae7b5397b7b2222b/roles/49c6b3f2baa0432c94c283ab43c5b978 0.066s
2025-05-13 20:08:31.357 69852 INFO tempest.lib.common.dynamic_creds [-] Dynamic test user 537142e75bdb4145ae7b5397b7b2222b is created with scope project and roles: ['member']
2025-05-13 20:08:31.358 69852 INFO tempest.lib.common.dynamic_creds [-] Acquired dynamic creds: credentials: Credentials: {'domain_id': 'default', 'domain_name': 'Default', 'username': 'tempest-QuotasAdminTestV236-484525866-project-member', 'project_domain_id': 'default', 'project_domain_name': 'Default', 'project_id': '4cf961c5d6d349f99c2cd6360590efbe', 'project_name': 'tempest-QuotasAdminTestV236-484525866', 'tenant_id': '4cf961c5d6d349f99c2cd6360590efbe', 'tenant_name': 'tempest-QuotasAdminTestV236-484525866', 'user_domain_id': 'default', 'user_domain_name': 'Default', 'user_id': '537142e75bdb4145ae7b5397b7b2222b', 'system': None}, Network: None, Subnet: None, Router: None
2025-05-13 20:08:31.358 69852 INFO tempest.lib.common.dynamic_creds [-] Created isolated network resources for: credentials: Credentials: {'domain_id': 'default', 'domain_name': 'Default', 'username': 'tempest-QuotasAdminTestV236-484525866-project-member', 'project_domain_id': 'default', 'project_domain_name': 'Default', 'project_id': '4cf961c5d6d349f99c2cd6360590efbe', 'project_name': 'tempest-QuotasAdminTestV236-484525866', 'tenant_id': '4cf961c5d6d349f99c2cd6360590efbe', 'tenant_name': 'tempest-QuotasAdminTestV236-484525866', 'user_domain_id': 'default', 'user_domain_name': 'Default', 'user_id': '537142e75bdb4145ae7b5397b7b2222b', 'system': None}, Network: None, Subnet: None, Router: None
2025-05-13 20:08:31.457 69824 INFO tempest.lib.common.rest_client [req-e1e10874-4bb7-4c17-a30d-2d67a226596f req-e1e10874-4bb7-4c17-a30d-2d67a226596f ] Request (ServerDiagnosticsV248Test:test_get_server_diagnostics): 200 GET http://10.180.1.21/compute/v2.1/servers/0c7c0a79-1ef0-4730-a01f-5c08586125c9 2.758s
2025-05-13 20:08:31.473 69824 INFO tempest.common.waiters [-] State transition "BUILD/scheduling" ==> "BUILD/None" after 6 second wait
2025-05-13 20:08:31.490 69878 INFO tempest.lib.common.rest_client [req-b757074c-6ae0-4ff6-9ebc-1c02196668fe req-b757074c-6ae0-4ff6-9ebc-1c02196668fe ] Request (ServerActionsTestOtherB:setUpClass): 200 GET http://10.180.1.21/compute/v2.1/servers/9c7eb62e-b80b-4faa-b499-9e886a918114 2.947s
2025-05-13 20:08:31.494 69852 INFO tempest.lib.common.rest_client [req-0f9ac9ae-7384-4482-914b-ac43b1f005af req-0f9ac9ae-7384-4482-914b-ac43b1f005af ] Request (QuotasAdminTestV236:setUpClass): 201 POST http://10.180.1.21/identity/v3/auth/tokens 0.128s
2025-05-13 20:08:31.500 69838 INFO tempest.lib.common.rest_client [req-94afe90f-6a22-4ba2-a7d0-ab44970fa154 req-94afe90f-6a22-4ba2-a7d0-ab44970fa154 ] Request (FlavorsAccessNegativeTestJSON:test_flavor_non_admin_remove): 403 POST http://10.180.1.21/compute/v2.1/flavors/793452589/action 2.565s
2025-05-13 20:08:31.502 69878 INFO tempest.common.waiters [-] State transition "BUILD/spawning" ==> "ACTIVE/None" after 26 second wait
2025-05-13 20:08:31.525 69868 INFO tempest.lib.common.rest_client [req-b1ad01b2-0d5a-473c-93d8-6193785781df req-b1ad01b2-0d5a-473c-93d8-6193785781df ] Request (ServerGroupTestJSON:test_create_delete_multiple_server_groups_with_same_name_policy): 200 GET http://10.180.1.21/compute/v2.1/os-server-groups 2.396s
2025-05-13 20:08:31.555 69840 INFO tempest.lib.common.rest_client [req-0afce207-88e8-41ec-905c-96ea8f076664 req-0afce207-88e8-41ec-905c-96ea8f076664 ] Request (FlavorsV2TestJSON:test_list_flavors_filter_by_min_ram): 200 GET http://10.180.1.21/compute/v2.1/flavors/42 2.395s
2025-05-13 20:08:31.627 69852 INFO tempest.lib.common.rest_client [req-b972776d-7d10-42c1-8fd0-b4ead7aba74d req-b972776d-7d10-42c1-8fd0-b4ead7aba74d ] Request (QuotasAdminTestV236:setUpClass): 201 POST http://10.180.1.21/identity/v3/projects 0.131s
2025-05-13 20:08:31.705 69832 INFO tempest.lib.common.rest_client [req-61012509-8a1a-434c-8d18-4891d77250d4 req-61012509-8a1a-434c-8d18-4891d77250d4 ] Request (ServerRescueNegativeTestJSON:setUpClass): 201 POST http://10.180.1.21:9696/networking/v2.0/subnets 0.408s
2025-05-13 20:08:31.721 69852 INFO tempest.lib.common.rest_client [req-7a9a4f9f-4d59-4ca4-9ef1-03f02325b0f0 req-7a9a4f9f-4d59-4ca4-9ef1-03f02325b0f0 ] Request (QuotasAdminTestV236:setUpClass): 201 POST http://10.180.1.21/identity/v3/users 0.094s
2025-05-13 20:08:31.728 69864 INFO tempest.lib.common.rest_client [req-450e4393-337e-4e8d-a84a-186b9eb8d4d7 req-450e4393-337e-4e8d-a84a-186b9eb8d4d7 ] Request (VolumesAssistedSnapshotsTest:test_volume_assisted_snapshot_create_delete): 200 GET http://10.180.1.21/compute/v2.1/servers/292973ce-644b-4494-b2c9-fa8d7122118e 2.798s
2025-05-13 20:08:31.735 69864 INFO tempest.common.waiters [-] State transition "BUILD/networking" ==> "BUILD/spawning" after 13 second wait
