2025-05-15 10:51:06.335 69723 INFO tempest.lib.common.rest_client [req-6ba5a54d-6b28-41fb-affe-1d9973c7fe75 req-6ba5a54d-6b28-41fb-affe-1d9973c7fe75 ] Request (ServerRescueTestJSONUnderV235:setUpClass): 200 GET http://10.180.1.21/identity/v3/roles 0.056s
2025-05-15 10:51:06.346 69741 INFO tempest.common.waiters [-] State transition "BUILD/spawning" ==> "ACTIVE/None" after 17 second wait
2025-05-15 10:51:06.349 69727 INFO tempest.lib.common.rest_client [req-dcabb9a4-6f69-4cce-b27f-5922d4c1b657 req-dcabb9a4-6f69-4cce-b27f-5922d4c1b657 ] Request (ServersWithSpecificFlavorTestJSON:test_verify_created_server_ephemeral_disk): 200 GET http://10.180.1.21/compute/v2.1/servers/df8e3dea-2e1c-47bc-87e5-2e6419e88b93/os-interface 1.830s
2025-05-15 10:51:06.391 69733 INFO tempest.lib.common.rest_client [req-89d1e35e-7538-49e3-85b6-61dcb9b01a01 req-89d1e35e-7538-49e3-85b6-61dcb9b01a01 ] Request (KeyPairsV22TestJSON:tearDownClass): 201 POST http://10.180.1.21/identity/v3/auth/tokens 0.072s
2025-05-15 10:51:06.411 69723 INFO tempest.lib.common.rest_client [req-dae6a336-9ab3-4f72-a141-3bed07ce7eb3 req-dae6a336-9ab3-4f72-a141-3bed07ce7eb3 ] Request (ServerRescueTestJSONUnderV235:setUpClass): 204 PUT http://10.180.1.21/identity/v3/projects/a53443eb7f944f469243b44cdb5568d9/users/9afe9629d14b449d82a3e6c737400bf7/roles/41236fd1509e4bdabdfd0e21a01fa53b 0.076s
2025-05-15 10:51:06.412 69723 INFO tempest.lib.common.dynamic_creds [-] Dynamic test user 9afe9629d14b449d82a3e6c737400bf7 is created with scope project and roles: ['member']
2025-05-15 10:51:06.412 69723 INFO tempest.lib.common.dynamic_creds [-] Acquired dynamic creds: credentials: Credentials: {'domain_id': 'default', 'domain_name': 'Default', 'username': 'tempest-ServerRescueTestJSONUnderV235-661422964-project-member', 'project_domain_id': 'default', 'project_domain_name': 'Default', 'project_id': 'a53443eb7f944f469243b44cdb5568d9', 'project_name': 'tempest-ServerRescueTestJSONUnderV235-661422964', 'tenant_id': 'a53443eb7f944f469243b44cdb5568d9', 'tenant_name': 'tempest-ServerRescueTestJSONUnderV235-661422964', 'user_domain_id': 'default', 'user_domain_name': 'Default', 'user_id': '9afe9629d14b449d82a3e6c737400bf7', 'system': None}, Network: None, Subnet: None, Router: None
2025-05-15 10:51:06.471 69723 INFO tempest.lib.common.rest_client [req-f12a4d63-cafe-4901-9594-687de6528255 req-f12a4d63-cafe-4901-9594-687de6528255 ] Request (ServerRescueTestJSONUnderV235:setUpClass): 201 POST http://10.180.1.21/identity/v3/auth/tokens 0.059s
2025-05-15 10:51:06.536 69745 INFO tempest.lib.common.rest_client [req-42fc1d34-496a-4725-a4fd-084f40b0b1b5 req-42fc1d34-496a-4725-a4fd-084f40b0b1b5 ] Request (ListImageFiltersTestJSON:setUpClass): 200 GET http://10.180.1.21/compute/v2.1/servers/7003cf16-e687-4358-80f1-6b5854d5df96 1.941s
2025-05-15 10:51:06.552 69771 INFO tempest.lib.common.rest_client [req-e1d2cee8-af65-4863-b166-b3957373d4ab req-e1d2cee8-af65-4863-b166-b3957373d4ab ] Request (MigrationsAdminTest:test_list_migrations_in_flavor_resize_situation): 200 GET http://10.180.1.21/compute/v2.1/servers/2068b009-a493-4a97-adb2-bf90e6d71c12 2.013s
2025-05-15 10:51:06.627 69735 INFO tempest.lib.common.rest_client [req-a9590f3e-14d5-4332-aac3-7badd2e35dde req-a9590f3e-14d5-4332-aac3-7badd2e35dde ] Request (ServersTestManualDisk:setUpClass): 200 GET http://10.180.1.21/compute/v2.1/servers/6f6bf764-5ab6-454b-b0b2-b9c0a213e60c 1.674s
2025-05-15 10:51:06.636 69735 INFO tempest.common.waiters [-] State transition "BUILD/scheduling" ==> "BUILD/None" after 5 second wait
2025-05-15 10:51:06.710 69743 INFO tempest.lib.common.rest_client [req-a6e97681-5993-42b9-bd10-2616f4b58e78 req-a6e97681-5993-42b9-bd10-2616f4b58e78 ] Request (QuotasAdminTestV236:test_get_updated_quotas): 200 GET http://10.180.1.21/compute/v2.1/os-quota-sets/6900ad16421f47bfab454bbf135071df/detail 1.690s
2025-05-15 10:51:06.725 69725 INFO tempest.lib.common.rest_client [req-62bb62f3-239e-4258-a18e-824118765810 req-62bb62f3-239e-4258-a18e-824118765810 ] Request (DeleteServersAdminTestJSON:test_admin_delete_servers_of_others): 200 GET http://10.180.1.21/compute/v2.1/servers/3b6c310f-7ba1-448c-9989-5c1cd63cdeb1 1.677s
2025-05-15 10:51:06.761 69743 INFO tempest.lib.common.rest_client [req-638ef802-7c23-42d6-8f1e-fa2eb856380e req-638ef802-7c23-42d6-8f1e-fa2eb856380e ] Request (QuotasAdminTestV236:test_get_updated_quotas): 200 GET http://10.180.1.21/identity/v3/domains?name=Default 0.046s
2025-05-15 10:51:06.807 69743 INFO tempest.lib.common.rest_client [req-39411ebc-f451-413a-9854-47576a011006 req-39411ebc-f451-413a-9854-47576a011006 ] Request (QuotasAdminTestV236:test_get_updated_quotas): 201 POST http://10.180.1.21/identity/v3/users 0.045s
2025-05-15 10:51:06.814 69767 WARNING tempest.lib.common.ssh [-] Failed to establish authenticated ssh connection to cirros@10.180.180.147 ([Errno None] Unable to connect to port 22 on 10.180.180.147). Number attempts: 1. Retry after 2 seconds.: paramiko.ssh_exception.NoValidConnectionsError: [Errno None] Unable to connect to port 22 on 10.180.180.147
2025-05-15 10:51:06.829 69755 INFO tempest.lib.common.rest_client [req-7c1f442e-7c92-4d3d-987e-8aa30c6652c7 req-7c1f442e-7c92-4d3d-987e-8aa30c6652c7 ] Request (ServersV294TestFqdnHostnames:setUpClass): 200 GET http://10.180.1.21/compute/v2.1/servers/57397a3c-2115-461c-93fe-0f8baf4484af 1.769s
2025-05-15 10:51:06.837 69743 INFO tempest.lib.common.rest_client [req-5ea2920f-d05a-4e1a-9892-6ac7d3c7ef27 req-5ea2920f-d05a-4e1a-9892-6ac7d3c7ef27 ] Request (QuotasAdminTestV236:test_get_updated_quotas): 200 GET http://10.180.1.21/identity/v3/domains?name=Default 0.028s
2025-05-15 10:51:06.840 69759 INFO tempest.lib.common.rest_client [req-671eec5a-84c3-424d-9555-268100324e10 req-671eec5a-84c3-424d-9555-268100324e10 ] Request (ImagesNegativeTestJSON:test_create_image_from_deleted_server): 200 GET http://10.180.1.21/compute/v2.1/servers/03b06284-6fa8-49c1-a1f1-b9fe046c60a6 1.707s
2025-05-15 10:51:06.868 69751 INFO tempest.lib.common.rest_client [req-715c985d-e1cc-4a64-a4f2-bcb6990e332e req-715c985d-e1cc-4a64-a4f2-bcb6990e332e ] Request (FlavorsAdminTestJSON:_run_cleanups): 200 GET http://10.180.1.21/compute/v2.1/flavors/detail 1.541s
2025-05-15 10:51:06.920 69749 INFO tempest.lib.common.rest_client [req-09e207c6-2261-4207-9c1e-1701a7856b87 req-09e207c6-2261-4207-9c1e-1701a7856b87 ] Request (ServersAdminTestJSON:setUpClass): 200 GET http://10.180.1.21/compute/v2.1/servers/a69aa834-a200-486e-9922-61018ae10f90 1.718s
2025-05-15 10:51:06.927 69749 INFO tempest.common.waiters [-] State transition "BUILD/scheduling" ==> "BUILD/None" after 5 second wait
2025-05-15 10:51:06.960 69747 INFO tempest.lib.common.rest_client [req-d88533d8-9738-4e2f-af71-4c3288e5613b req-d88533d8-9738-4e2f-af71-4c3288e5613b ] Request (ServersAdmin275Test:_run_cleanups): 200 GET http://10.180.1.21/compute/v2.1/servers/9dd18afb-5a25-48e4-9250-fe7122031a6c 1.605s
2025-05-15 10:51:07.059 69737 INFO tempest.lib.common.rest_client [req-3aa200f7-5389-4e8f-bd01-2879eaabc570 req-3aa200f7-5389-4e8f-bd01-2879eaabc570 ] Request (TenantUsagesTestJSON:setUpClass): 200 GET http://10.180.1.21/compute/v2.1/servers/d9ae2163-ba21-47c0-9c10-d9cd35fb00f6 1.644s
2025-05-15 10:51:07.177 69733 INFO tempest.lib.common.rest_client [req-9357d53d-8cbb-41e4-9293-e296389c3220 req-9357d53d-8cbb-41e4-9293-e296389c3220 ] Request (KeyPairsV22TestJSON:tearDownClass): 200 GET http://10.180.1.21:9696/networking/v2.0/security-groups?tenant_id=3147ac44a8fa40aba9077331ed50dd6d&name=default 0.786s
2025-05-15 10:51:07.207 69739 INFO tempest.lib.common.rest_client [req-b279b823-69b8-4ade-a6ac-f629dc068c4d req-b279b823-69b8-4ade-a6ac-f629dc068c4d ] Request (ServerActionsV293TestJSON:setUpClass): 200 GET http://10.180.1.21/compute/v2.1/servers/c2e45558-5c57-4300-b255-1709734baa40 1.820s
2025-05-15 10:51:07.263 69719 INFO tempest.lib.common.rest_client [req-6767c125-d8a7-4b09-a5f2-a48b7fe9bdde req-6767c125-d8a7-4b09-a5f2-a48b7fe9bdde ] Request (ServerGroup264TestJSON:tearDownClass): 200 PUT http://10.180.1.21:9696/networking/v2.0/routers/29b765da-2ff4-454f-8b70-04a62020a0a3/remove_router_interface 1.811s
2025-05-15 10:51:07.528 69775 INFO tempest.lib.common.rest_client [req-ff964a27-83d4-47a8-a00c-c0a5cd018723 req-ff964a27-83d4-47a8-a00c-c0a5cd018723 ] Request (ValidationResourcesFixture:setUp): 201 POST http://10.180.1.21:9696/networking/v2.0/floatingips 1.510s
2025-05-15 10:51:07.619 69775 INFO tempest.lib.common.rest_client [req-c176f030-419b-4759-93e8-9243442a938e req-c176f030-419b-4759-93e8-9243442a938e ] Request (AttachVolumeNegativeTest:test_attach_attached_volume_to_different_server): 201 POST http://10.180.1.21/identity/v3/auth/tokens 0.087s
2025-05-15 10:51:07.619 69775 INFO tempest.lib.common.fixed_network [-] (AttachVolumeNegativeTest:test_attach_attached_volume_to_different_server) Found network {'id': '8bbd0a10-2e65-411d-8a62-f5ebaf71e8e4', 'name': 'tempest-AttachVolumeNegativeTest-1453218423-network', 'tenant_id': '5ddf098d312d4b1282b2b2f8d85149f7', 'admin_state_up': True, 'mtu': 8950, 'status': 'ACTIVE', 'subnets': [], 'shared': False, 'project_id': '5ddf098d312d4b1282b2b2f8d85149f7', 'port_security_enabled': True, 'router:external': False, 'provider:network_type': 'vlan', 'provider:physical_network': 'default', 'provider:segmentation_id': 705, 'availability_zone_hints': [], 'availability_zones': [], 'ipv4_address_scope': None, 'ipv6_address_scope': None, 'description': '', 'tags': [], 'created_at': '2025-05-15T10:50:58Z', 'updated_at': '2025-05-15T10:50:58Z', 'revision_number': 1} available for tenant
2025-05-15 10:51:07.637 69723 INFO tempest.lib.common.rest_client [req-df847aa1-4b10-4b66-9c8d-b52516e78fde req-df847aa1-4b10-4b66-9c8d-b52516e78fde ] Request (ServerRescueTestJSONUnderV235:setUpClass): 201 POST http://10.180.1.21:9696/networking/v2.0/networks 1.165s
2025-05-15 10:51:07.833 69779 INFO tempest.lib.common.rest_client [req-c930f98e-155b-45e3-a4cd-7947c7c85644 req-c930f98e-155b-45e3-a4cd-7947c7c85644 ] Request (ServersAdminNegativeTestJSON:setUpClass): 200 GET http://10.180.1.21/compute/v2.1/servers/fe5818f2-9edf-41b1-84e0-2e6c1e5a78cb 2.255s
2025-05-15 10:51:07.839 69762 INFO tempest.lib.common.rest_client [req-1de02f2d-5efc-4f23-9e6a-831ced6b4279 req-1de02f2d-5efc-4f23-9e6a-831ced6b4279 ] Request (SecurityGroupRulesNegativeTestJSON:test_create_security_group_rule_with_invalid_port_range): 200 POST http://10.180.1.21/compute/v2.1/os-security-groups 2.400s
2025-05-15 10:51:07.914 69733 INFO tempest.lib.common.rest_client [req-27d0752a-e5d2-4d29-bf87-fff2cd353d79 req-27d0752a-e5d2-4d29-bf87-fff2cd353d79 ] Request (KeyPairsV22TestJSON:tearDownClass): 204 DELETE http://10.180.1.21:9696/networking/v2.0/security-groups/2065b435-4746-4727-bd08-6ac8643f7d3a 0.735s
2025-05-15 10:51:07.918 69765 INFO tempest.lib.common.rest_client [req-306f1024-25c3-471f-90d1-911eeaa97102 req-306f1024-25c3-471f-90d1-911eeaa97102 ] Request (InstanceActionsNegativeTestJSON:test_get_instance_action_invalid_request): 404 GET http://10.180.1.21/compute/v2.1/servers/da2b0704-38ab-47ef-855f-0df5ee7fcbae/os-instance-actions/999 2.053s
2025-05-15 10:51:08.012 69733 INFO tempest.lib.common.rest_client [req-b17bb082-4994-4429-b124-5dc2d6d5cdc7 req-b17bb082-4994-4429-b124-5dc2d6d5cdc7 ] Request (KeyPairsV22TestJSON:tearDownClass): 204 DELETE http://10.180.1.21/identity/v3/projects/3147ac44a8fa40aba9077331ed50dd6d 0.098s
2025-05-15 10:51:08.090 69733 INFO tempest.lib.common.rest_client [req-cae756e2-1052-45c3-9d3e-c1970fb1541d req-cae756e2-1052-45c3-9d3e-c1970fb1541d ] Request (ListServersNegativeTestJSON:setUpClass): 201 POST http://10.180.1.21/identity/v3/auth/tokens 0.075s
2025-05-15 10:51:08.138 69733 INFO tempest.lib.common.rest_client [req-bedc2345-8e3f-4ae0-94d7-f22a73579771 req-bedc2345-8e3f-4ae0-94d7-f22a73579771 ] Request (ListServersNegativeTestJSON:setUpClass): 201 POST http://10.180.1.21/identity/v3/auth/tokens 0.045s
2025-05-15 10:51:08.154 69727 INFO tempest.lib.common.rest_client [req-8818e818-c46d-437b-ba0d-ecfcac055b0a req-8818e818-c46d-437b-ba0d-ecfcac055b0a ] Request (ServersWithSpecificFlavorTestJSON:test_verify_created_server_ephemeral_disk): 200 PUT http://10.180.1.21:9696/networking/v2.0/floatingips/689ee023-2991-4ca9-ba9e-741e731fd968 1.800s
2025-05-15 10:51:08.160 69723 INFO tempest.lib.common.rest_client [req-5d366360-0463-4745-b639-08dcd37b4cd5 req-5d366360-0463-4745-b639-08dcd37b4cd5 ] Request (ServerRescueTestJSONUnderV235:setUpClass): 201 POST http://10.180.1.21:9696/networking/v2.0/subnets 0.522s
2025-05-15 10:51:08.165 69773 INFO tempest.lib.common.rest_client [req-207b9629-77f4-4182-8a48-97202c2e3706 req-207b9629-77f4-4182-8a48-97202c2e3706 ] Request (ImagesMetadataTestJSON:setUp): 200 PUT http://10.180.1.21/compute/v2.1/images/43781f9c-6137-4922-bd94-509de4676181/metadata 2.173s
2025-05-15 10:51:08.178 69733 INFO tempest.lib.common.rest_client [req-b33a09c7-c5ae-4355-be45-c53c633ee2c3 req-b33a09c7-c5ae-4355-be45-c53c633ee2c3 ] Request (ListServersNegativeTestJSON:setUpClass): 200 GET http://10.180.1.21/identity/v3/domains?name=Default 0.038s
2025-05-15 10:51:08.185 69777 INFO tempest.lib.common.rest_client [req-5b5b7f99-0909-4e95-bb46-fc2c4835c144 req-5b5b7f99-0909-4e95-bb46-fc2c4835c144 ] Request (FlavorsAccessNegativeTestJSON:_run_cleanups): 202 DELETE http://10.180.1.21/compute/v2.1/flavors/1473255155 2.018s
2025-05-15 10:51:08.210 69781 INFO tempest.lib.common.rest_client [req-41e2f7e8-fd76-47e5-9401-3c1cda582f60 req-41e2f7e8-fd76-47e5-9401-3c1cda582f60 ] Request (FloatingIPsAssociationTestJSON:setUpClass): 201 POST http://10.180.1.21:9696/networking/v2.0/routers 2.825s
2025-05-15 10:51:08.214 69753 INFO tempest.lib.common.rest_client [req-f1014e6b-3bbb-4368-ba11-03a94ec02ed9 req-f1014e6b-3bbb-4368-ba11-03a94ec02ed9 ] Request (ServerDiagnosticsNegativeTest:tearDownClass): 404 GET http://10.180.1.21/compute/v2.1/servers/8683cdab-4e16-49d4-b988-96e4eefb057d 1.909s
2025-05-15 10:51:08.221 69733 INFO tempest.lib.common.rest_client [req-d4f34d26-7a69-42c6-9363-e8b7e7147d9a req-d4f34d26-7a69-42c6-9363-e8b7e7147d9a ] Request (ListServersNegativeTestJSON:setUpClass): 201 POST http://10.180.1.21/identity/v3/projects 0.042s
2025-05-15 10:51:08.289 69733 INFO tempest.lib.common.rest_client [req-8f558485-312d-4f00-81fd-5d859984396a req-8f558485-312d-4f00-81fd-5d859984396a ] Request (ListServersNegativeTestJSON:setUpClass): 201 POST http://10.180.1.21/identity/v3/users 0.068s
2025-05-15 10:51:08.317 69733 INFO tempest.lib.common.rest_client [req-477b8379-82c5-4a38-8d50-7625331e0fd3 req-477b8379-82c5-4a38-8d50-7625331e0fd3 ] Request (ListServersNegativeTestJSON:setUpClass): 200 GET http://10.180.1.21/identity/v3/roles 0.027s
2025-05-15 10:51:08.328 69763 INFO tempest.lib.common.rest_client [req-32da877a-ea84-41fe-bdcc-1d6ddd955871 req-32da877a-ea84-41fe-bdcc-1d6ddd955871 ] Request (SecurityGroupRulesTestJSON:test_security_group_rules_delete_when_peer_group_deleted): 200 POST http://10.180.1.21/compute/v2.1/os-security-groups 2.307s
2025-05-15 10:51:08.332 69741 INFO tempest.lib.common.rest_client [req-6d1c7c10-6a0e-4aec-9ddc-497397e3b355 req-6d1c7c10-6a0e-4aec-9ddc-497397e3b355 ] Request (VolumesAssistedSnapshotsTest:test_volume_assisted_snapshot_create_delete): 200 GET http://10.180.1.21/compute/v2.1/servers/90256eb2-af00-45a2-b883-8cbb95046461/os-interface 1.986s
2025-05-15 10:51:08.356 69751 INFO tempest.lib.common.rest_client [req-1a6694c8-8c75-4afc-9e69-250f8c6c5150 req-1a6694c8-8c75-4afc-9e69-250f8c6c5150 ] Request (FlavorsAdminTestJSON:test_is_public_string_variations): 200 POST http://10.180.1.21/compute/v2.1/flavors 1.480s
2025-05-15 10:51:08.398 69753 INFO tempest.lib.common.rest_client [req-d35bea95-177d-434e-b751-f9bb1d86e8a1 req-d35bea95-177d-434e-b751-f9bb1d86e8a1 ] Request (ServerDiagnosticsNegativeTest:tearDownClass): 204 DELETE http://10.180.1.21/identity/v3/users/ea89aa2d6515405682c5e41f6f36eb06 0.183s
2025-05-15 10:51:08.415 69719 INFO tempest.lib.common.rest_client [req-f69c97c8-c772-400a-a32a-23a6a5358b4b req-f69c97c8-c772-400a-a32a-23a6a5358b4b ] Request (ServerGroup264TestJSON:tearDownClass): 204 DELETE http://10.180.1.21:9696/networking/v2.0/routers/29b765da-2ff4-454f-8b70-04a62020a0a3 1.151s
2025-05-15 10:51:08.416 69733 INFO tempest.lib.common.rest_client [req-87d3d508-e0a8-4ccf-8baa-d26a7e817b7d req-87d3d508-e0a8-4ccf-8baa-d26a7e817b7d ] Request (ListServersNegativeTestJSON:setUpClass): 204 PUT http://10.180.1.21/identity/v3/projects/55ff750f74b0453b93e3fce98aa4a960/users/6234d348f6184d7eb782967bdc69d0cd/roles/41236fd1509e4bdabdfd0e21a01fa53b 0.099s
2025-05-15 10:51:08.416 69733 INFO tempest.lib.common.dynamic_creds [-] Dynamic test user 6234d348f6184d7eb782967bdc69d0cd is created with scope project and roles: ['member']
2025-05-15 10:51:08.417 69733 INFO tempest.lib.common.dynamic_creds [-] Acquired dynamic creds: credentials: Credentials: {'domain_id': 'default', 'domain_name': 'Default', 'username': 'tempest-ListServersNegativeTestJSON-82792544-project-member', 'project_domain_id': 'default', 'project_domain_name': 'Default', 'project_id': '55ff750f74b0453b93e3fce98aa4a960', 'project_name': 'tempest-ListServersNegativeTestJSON-82792544', 'tenant_id': '55ff750f74b0453b93e3fce98aa4a960', 'tenant_name': 'tempest-ListServersNegativeTestJSON-82792544', 'user_domain_id': 'default', 'user_domain_name': 'Default', 'user_id': '6234d348f6184d7eb782967bdc69d0cd', 'system': None}, Network: None, Subnet: None, Router: None
2025-05-15 10:51:08.447 69770 INFO tempest.lib.common.rest_client [req-b191ec79-6278-4a26-82f0-22bc8e6e09e8 req-b191ec79-6278-4a26-82f0-22bc8e6e09e8 ] Request (AttachInterfacesTestJSON:test_create_list_show_delete_interfaces_by_fixed_ip): 200 GET http://10.180.1.21/compute/v2.1/servers/c1dc8ac0-7716-40ef-ae8e-7d38abeae12c 1.498s
2025-05-15 10:51:08.569 69733 INFO tempest.lib.common.rest_client [req-a932af5b-5871-4fc8-aa97-9d68c0219501 req-a932af5b-5871-4fc8-aa97-9d68c0219501 ] Request (ListServersNegativeTestJSON:setUpClass): 201 POST http://10.180.1.21/identity/v3/auth/tokens 0.152s
2025-05-15 10:51:08.569 69753 INFO tempest.lib.common.rest_client [req-583635b2-7298-4af0-ae76-fc50228ef51c req-583635b2-7298-4af0-ae76-fc50228ef51c ] Request (ServerDiagnosticsNegativeTest:tearDownClass): 204 DELETE http://10.180.1.21/identity/v3/users/f702811056b34fc1b0a6d88c5c35796b 0.171s
2025-05-15 10:51:08.570 69753 INFO tempest.lib.common.dynamic_creds [-] Deleting project and security group for project: dd73743908a34783bc5e5755b9767622
2025-05-15 10:51:08.632 69743 INFO tempest.lib.common.rest_client [req-31503453-f02b-49c8-8006-c7ba248ddb24 req-31503453-f02b-49c8-8006-c7ba248ddb24 ] Request (QuotasAdminTestV236:test_get_updated_quotas): 200 PUT http://10.180.1.21/compute/v2.1/os-quota-sets/6900ad16421f47bfab454bbf135071df?user_id=0619ec5f4c3d41df9e7ea719fb9e9d56 1.794s
2025-05-15 10:51:08.645 69731 WARNING tempest.lib.common.ssh [-] Failed to establish authenticated ssh connection to cirros@10.180.180.224 ([Errno None] Unable to connect to port 22 on 10.180.180.224). Number attempts: 2. Retry after 3 seconds.: paramiko.ssh_exception.NoValidConnectionsError: [Errno None] Unable to connect to port 22 on 10.180.180.224
2025-05-15 10:51:08.673 69753 INFO tempest.lib.common.rest_client [req-bc555ec2-32d3-4dd9-b4f1-47f72614fd6c req-bc555ec2-32d3-4dd9-b4f1-47f72614fd6c ] Request (ServerDiagnosticsNegativeTest:tearDownClass): 201 POST http://10.180.1.21/identity/v3/auth/tokens 0.104s
2025-05-15 10:51:08.695 69719 INFO tempest.lib.common.rest_client [req-5b3adb12-9469-4a4c-a777-b2fd962cefdb req-5b3adb12-9469-4a4c-a777-b2fd962cefdb ] Request (ServerGroup264TestJSON:tearDownClass): 204 DELETE http://10.180.1.21:9696/networking/v2.0/subnets/cb3729d0-84a2-4d62-ae8e-4ede437b14fb 0.279s
2025-05-15 10:51:08.706 69721 INFO tempest.lib.common.rest_client [req-b952ce98-fec2-4e60-81d1-357b9aa00117 req-b952ce98-fec2-4e60-81d1-357b9aa00117 ] Request (AttachInterfacesUnderV243Test:setUpClass): 201 POST http://10.180.1.21:9696/networking/v2.0/routers 2.715s
2025-05-15 10:51:09.062 69753 INFO tempest.lib.common.rest_client [req-ab38c87c-5bb2-4b12-af46-6be0da853b7c req-ab38c87c-5bb2-4b12-af46-6be0da853b7c ] Request (ServerDiagnosticsNegativeTest:tearDownClass): 200 GET http://10.180.1.21:9696/networking/v2.0/security-groups?tenant_id=dd73743908a34783bc5e5755b9767622&name=default 0.388s
2025-05-15 10:51:09.311 69745 INFO tempest.lib.common.rest_client [req-bd5a60ed-5f6e-4a62-bcdf-e95115df3e51 req-bd5a60ed-5f6e-4a62-bcdf-e95115df3e51 ] Request (ListImageFiltersTestJSON:setUpClass): 200 GET http://10.180.1.21/compute/v2.1/servers/7003cf16-e687-4358-80f1-6b5854d5df96 1.765s
2025-05-15 10:51:09.345 69771 INFO tempest.lib.common.rest_client [req-a3ef2d95-eb8c-4b08-b577-823f7c329423 req-a3ef2d95-eb8c-4b08-b577-823f7c329423 ] Request (MigrationsAdminTest:test_list_migrations_in_flavor_resize_situation): 200 GET http://10.180.1.21/compute/v2.1/servers/2068b009-a493-4a97-adb2-bf90e6d71c12 1.780s
2025-05-15 10:51:09.427 69753 INFO tempest.lib.common.rest_client [req-a1854166-7650-46c2-ba9f-b97650d407cc req-a1854166-7650-46c2-ba9f-b97650d407cc ] Request (ServerDiagnosticsNegativeTest:tearDownClass): 204 DELETE http://10.180.1.21:9696/networking/v2.0/security-groups/501fa15c-f931-4b44-9bab-60f211031980 0.364s
2025-05-15 10:51:09.446 69735 INFO tempest.lib.common.rest_client [req-d463608d-2584-4112-b370-4f18d43be0c4 req-d463608d-2584-4112-b370-4f18d43be0c4 ] Request (ServersTestManualDisk:setUpClass): 200 GET http://10.180.1.21/compute/v2.1/servers/6f6bf764-5ab6-454b-b0b2-b9c0a213e60c 1.808s
2025-05-15 10:51:09.487 69719 INFO tempest.lib.common.rest_client [req-567b900a-7925-4224-b8df-09655bf11ac8 req-567b900a-7925-4224-b8df-09655bf11ac8 ] Request (ServerGroup264TestJSON:tearDownClass): 204 DELETE http://10.180.1.21:9696/networking/v2.0/networks/b97960d6-b749-4cbc-99de-281684945aef 0.791s
2025-05-15 10:51:09.512 69753 INFO tempest.lib.common.rest_client [req-3d12f72c-8ee4-432f-ab97-aa322f57541c req-3d12f72c-8ee4-432f-ab97-aa322f57541c ] Request (ServerDiagnosticsNegativeTest:tearDownClass): 204 DELETE http://10.180.1.21/identity/v3/projects/dd73743908a34783bc5e5755b9767622 0.080s
2025-05-15 10:51:09.512 69753 INFO tempest.lib.common.dynamic_creds [-] Deleting project and security group for project: d10b01fe07344a4b9cb2f85af1c70300
2025-05-15 10:51:09.580 69725 INFO tempest.lib.common.rest_client [req-a98f66e6-166c-4e2d-b9a8-108b782e023f req-a98f66e6-166c-4e2d-b9a8-108b782e023f ] Request (DeleteServersAdminTestJSON:test_admin_delete_servers_of_others): 200 GET http://10.180.1.21/compute/v2.1/servers/3b6c310f-7ba1-448c-9989-5c1cd63cdeb1 1.841s
2025-05-15 10:51:09.641 69719 INFO tempest.lib.common.rest_client [req-04e230ee-813a-478e-acb8-c15fa0e70cd2 req-04e230ee-813a-478e-acb8-c15fa0e70cd2 ] Request (ServerGroup264TestJSON:tearDownClass): 204 DELETE http://10.180.1.21/identity/v3/users/48dfef203304409fa051047debc4e2b5 0.154s
2025-05-15 10:51:09.641 69719 INFO tempest.lib.common.dynamic_creds [-] Deleting project and security group for project: 96096b20ed7d4eaa931fa9ba167074b8
2025-05-15 10:51:09.649 69733 INFO tempest.lib.common.rest_client [req-27745479-5ff7-4e3f-aaa3-461b93472213 req-27745479-5ff7-4e3f-aaa3-461b93472213 ] Request (ListServersNegativeTestJSON:setUpClass): 201 POST http://10.180.1.21:9696/networking/v2.0/networks 1.080s
2025-05-15 10:51:09.689 69755 INFO tempest.lib.common.rest_client [req-172fed9a-291f-475c-ab67-9a15780cd433 req-172fed9a-291f-475c-ab67-9a15780cd433 ] Request (ServersV294TestFqdnHostnames:setUpClass): 200 GET http://10.180.1.21/compute/v2.1/servers/57397a3c-2115-461c-93fe-0f8baf4484af 1.844s
2025-05-15 10:51:09.706 69755 INFO tempest.common.waiters [-] State transition "BUILD/scheduling" ==> "BUILD/None" after 3 second wait
2025-05-15 10:51:09.781 69719 INFO tempest.lib.common.rest_client [req-88a5b3cb-83a9-4e2f-820b-e6c18c51c4a4 req-88a5b3cb-83a9-4e2f-820b-e6c18c51c4a4 ] Request (ServerGroup264TestJSON:tearDownClass): 200 GET http://10.180.1.21:9696/networking/v2.0/security-groups?tenant_id=96096b20ed7d4eaa931fa9ba167074b8&name=default 0.139s
2025-05-15 10:51:09.801 69762 INFO tempest.lib.common.rest_client [req-82e669bc-7311-456d-be8b-3e3fbc609d6a req-82e669bc-7311-456d-be8b-3e3fbc609d6a ] Request (SecurityGroupRulesNegativeTestJSON:test_create_security_group_rule_with_invalid_port_range): 400 POST http://10.180.1.21/compute/v2.1/os-security-group-rules 1.948s
2025-05-15 10:51:09.888 69767 WARNING tempest.lib.common.ssh [-] Failed to establish authenticated ssh connection to cirros@10.180.180.147 ([Errno None] Unable to connect to port 22 on 10.180.180.147). Number attempts: 2. Retry after 3 seconds.: paramiko.ssh_exception.NoValidConnectionsError: [Errno None] Unable to connect to port 22 on 10.180.180.147
2025-05-15 10:51:09.896 69753 INFO tempest.lib.common.rest_client [req-b6a02f82-7589-4345-a277-6d1eb391d987 req-b6a02f82-7589-4345-a277-6d1eb391d987 ] Request (ServerDiagnosticsNegativeTest:tearDownClass): 200 GET http://10.180.1.21:9696/networking/v2.0/security-groups?tenant_id=d10b01fe07344a4b9cb2f85af1c70300&name=default 0.384s
2025-05-15 10:51:09.912 69759 INFO tempest.lib.common.rest_client [req-0d18475f-993f-4f2b-8d40-a55d5a326ae3 req-0d18475f-993f-4f2b-8d40-a55d5a326ae3 ] Request (ImagesNegativeTestJSON:test_create_image_from_deleted_server): 200 GET http://10.180.1.21/compute/v2.1/servers/03b06284-6fa8-49c1-a1f1-b9fe046c60a6 2.058s
2025-05-15 10:51:09.933 69765 INFO tempest.lib.common.rest_client [req-07a6c9eb-2eef-42ad-99ad-b9ab20a6f528 req-07a6c9eb-2eef-42ad-99ad-b9ab20a6f528 ] Request (InstanceActionsNegativeTestJSON:test_list_instance_actions_non_existent_server): 404 GET http://10.180.1.21/compute/v2.1/servers/d06fd1a3-5212-4a24-9289-60f726cace50/os-instance-actions 2.013s
2025-05-15 10:51:10.042 69749 INFO tempest.lib.common.rest_client [req-5142db4c-416c-4b9d-aa11-d1ef40908329 req-5142db4c-416c-4b9d-aa11-d1ef40908329 ] Request (ServersAdminTestJSON:setUpClass): 200 GET http://10.180.1.21/compute/v2.1/servers/a69aa834-a200-486e-9922-61018ae10f90 2.114s
2025-05-15 10:51:10.158 69719 INFO tempest.lib.common.rest_client [req-dc3cc4cd-6f21-4de7-866e-44a02569c736 req-dc3cc4cd-6f21-4de7-866e-44a02569c736 ] Request (ServerGroup264TestJSON:tearDownClass): 204 DELETE http://10.180.1.21:9696/networking/v2.0/security-groups/14e4fb08-8c4c-49a6-a8d0-ccd92a585359 0.376s
2025-05-15 10:51:10.185 69747 INFO tempest.lib.common.rest_client [req-b722fb5e-f398-4e14-ace3-d42b78532caf req-b722fb5e-f398-4e14-ace3-d42b78532caf ] Request (ServersAdmin275Test:_run_cleanups): 200 GET http://10.180.1.21/compute/v2.1/servers/9dd18afb-5a25-48e4-9250-fe7122031a6c 2.206s
2025-05-15 10:51:10.198 69747 INFO tempest.common.waiters [-] State transition "REBUILD/rebuild_spawning" ==> "ACTIVE/None" after 9 second wait
2025-05-15 10:51:10.224 69753 INFO tempest.lib.common.rest_client [req-65d22e80-49b6-4232-b723-c39b56a230f3 req-65d22e80-49b6-4232-b723-c39b56a230f3 ] Request (ServerDiagnosticsNegativeTest:tearDownClass): 204 DELETE http://10.180.1.21:9696/networking/v2.0/security-groups/12848447-efc7-4ad8-bf50-47e34a5f2ea4 0.327s
2025-05-15 10:51:10.266 69741 INFO tempest.lib.common.rest_client [req-314c0581-32a0-4283-aa3d-5d803ab11ba7 req-314c0581-32a0-4283-aa3d-5d803ab11ba7 ] Request (VolumesAssistedSnapshotsTest:test_volume_assisted_snapshot_create_delete): 200 PUT http://10.180.1.21:9696/networking/v2.0/floatingips/df65997c-8e79-4271-965a-34f0c6ee91ee 1.930s
2025-05-15 10:51:10.268 69741 INFO tempest.lib.common.ssh [-] Creating ssh connection to '10.180.180.206:22' as 'cirros' with public key authentication
2025-05-15 10:51:10.272 69737 INFO tempest.lib.common.rest_client [req-5b82bdda-e63a-438a-9a35-ddfe4dae158e req-5b82bdda-e63a-438a-9a35-ddfe4dae158e ] Request (TenantUsagesTestJSON:setUpClass): 200 GET http://10.180.1.21/compute/v2.1/servers/d9ae2163-ba21-47c0-9c10-d9cd35fb00f6 2.201s
2025-05-15 10:51:10.368 69753 INFO tempest.lib.common.rest_client [req-2d7eae49-9fbf-4bcf-a0b0-a8c42d0ed09d req-2d7eae49-9fbf-4bcf-a0b0-a8c42d0ed09d ] Request (ServerDiagnosticsNegativeTest:tearDownClass): 204 DELETE http://10.180.1.21/identity/v3/projects/d10b01fe07344a4b9cb2f85af1c70300 0.142s
2025-05-15 10:51:10.368 69719 INFO tempest.lib.common.rest_client [req-11f7b721-b6c8-4897-8ab3-13de7ade3e11 req-11f7b721-b6c8-4897-8ab3-13de7ade3e11 ] Request (ServerGroup264TestJSON:tearDownClass): 204 DELETE http://10.180.1.21/identity/v3/projects/96096b20ed7d4eaa931fa9ba167074b8 0.210s
2025-05-15 10:51:10.374 69775 INFO tempest.lib.common.rest_client [req-cfb77553-4dc2-4137-8ed2-d4ec1c45f574 req-cfb77553-4dc2-4137-8ed2-d4ec1c45f574 ] Request (AttachVolumeNegativeTest:test_attach_attached_volume_to_different_server): 202 POST http://10.180.1.21/compute/v2.1/servers 2.753s
2025-05-15 10:51:10.407 69733 INFO tempest.lib.common.rest_client [req-8ff81bec-5235-4afd-9732-dcbbde879b45 req-8ff81bec-5235-4afd-9732-dcbbde879b45 ] Request (ListServersNegativeTestJSON:setUpClass): 201 POST http://10.180.1.21:9696/networking/v2.0/subnets 0.757s
2025-05-15 10:51:10.475 69719 INFO tempest.lib.common.rest_client [req-efd01e0a-833f-4350-a3e4-58a2d1adb72c req-efd01e0a-833f-4350-a3e4-58a2d1adb72c ] Request (AttachVolumeShelveTestJSON:setUpClass): 201 POST http://10.180.1.21/identity/v3/auth/tokens 0.104s
2025-05-15 10:51:10.479 69753 INFO tempest.lib.common.rest_client [req-5e7e277b-86ab-4011-87ae-1d3e487f4676 req-5e7e277b-86ab-4011-87ae-1d3e487f4676 ] Request (SecurityGroupsTestJSON:setUpClass): 201 POST http://10.180.1.21/identity/v3/auth/tokens 0.108s
2025-05-15 10:51:10.523 69719 INFO tempest.lib.common.rest_client [req-c4569426-278f-40a1-90ac-5a259c1e05bf req-c4569426-278f-40a1-90ac-5a259c1e05bf ] Request (AttachVolumeShelveTestJSON:setUpClass): 201 POST http://10.180.1.21/identity/v3/auth/tokens 0.045s
2025-05-15 10:51:10.571 69719 INFO tempest.lib.common.rest_client [req-c9b07b56-3a05-4c7a-a964-fd988c2b5b47 req-c9b07b56-3a05-4c7a-a964-fd988c2b5b47 ] Request (AttachVolumeShelveTestJSON:setUpClass): 200 GET http://10.180.1.21/identity/v3/domains?name=Default 0.048s
2025-05-15 10:51:10.618 69719 INFO tempest.lib.common.rest_client [req-f1fc95a5-366d-45b9-9ee9-0aa1ebe8cfdb req-f1fc95a5-366d-45b9-9ee9-0aa1ebe8cfdb ] Request (AttachVolumeShelveTestJSON:setUpClass): 201 POST http://10.180.1.21/identity/v3/projects 0.046s
2025-05-15 10:51:10.658 69727 INFO tempest.lib.common.rest_client [req-9cb1b1e9-3457-4279-a25e-521ed1e5f79f req-9cb1b1e9-3457-4279-a25e-521ed1e5f79f ] Request (ServersWithSpecificFlavorTestJSON:test_verify_created_server_ephemeral_disk): 200 GET http://10.180.1.21/compute/v2.1/servers/df8e3dea-2e1c-47bc-87e5-2e6419e88b93 2.501s
2025-05-15 10:51:10.675 69727 INFO tempest.lib.common.ssh [-] Creating ssh connection to '10.180.180.200:22' as 'cirros' with public key authentication
2025-05-15 10:51:10.694 69777 INFO tempest.lib.common.rest_client [req-9e882b76-522b-40a8-baf7-92247bd9e668 req-9e882b76-522b-40a8-baf7-92247bd9e668 ] Request (FlavorsAccessNegativeTestJSON:_run_cleanups): 200 GET http://10.180.1.21/compute/v2.1/flavors/detail 2.508s
2025-05-15 10:51:10.712 69773 INFO tempest.lib.common.rest_client [req-51e5e835-3c7c-44e5-bfeb-ce05edb4bd14 req-51e5e835-3c7c-44e5-bfeb-ce05edb4bd14 ] Request (ImagesMetadataTestJSON:test_set_image_metadata_item): 200 PUT http://10.180.1.21/compute/v2.1/images/43781f9c-6137-4922-bd94-509de4676181/metadata/os_version 2.546s
2025-05-15 10:51:10.725 69719 INFO tempest.lib.common.rest_client [req-f680f84a-01a6-42f8-8a80-5235572d6709 req-f680f84a-01a6-42f8-8a80-5235572d6709 ] Request (AttachVolumeShelveTestJSON:setUpClass): 201 POST http://10.180.1.21/identity/v3/users 0.105s
2025-05-15 10:51:10.750 69753 INFO tempest.lib.common.rest_client [req-bec888cb-c91e-46de-933f-cd3b192c57ff req-bec888cb-c91e-46de-933f-cd3b192c57ff ] Request (SecurityGroupsTestJSON:setUpClass): 201 POST http://10.180.1.21/identity/v3/auth/tokens 0.269s
2025-05-15 10:51:10.775 69719 INFO tempest.lib.common.rest_client [req-b9a1400c-6411-40e0-a923-83147ce6de9b req-b9a1400c-6411-40e0-a923-83147ce6de9b ] Request (AttachVolumeShelveTestJSON:setUpClass): 200 GET http://10.180.1.21/identity/v3/roles 0.049s
2025-05-15 10:51:10.844 69723 INFO tempest.lib.common.rest_client [req-8fa683cc-0bba-4046-b889-e71ad8603c69 req-8fa683cc-0bba-4046-b889-e71ad8603c69 ] Request (ServerRescueTestJSONUnderV235:setUpClass): 201 POST http://10.180.1.21:9696/networking/v2.0/routers 2.683s
2025-05-15 10:51:10.849 69777 INFO tempest.lib.common.rest_client [req-24e02b3c-cf21-4f25-b57c-0e7509a27a0e req-24e02b3c-cf21-4f25-b57c-0e7509a27a0e ] Request (FlavorsAccessNegativeTestJSON:tearDownClass): 204 DELETE http://10.180.1.21/identity/v3/users/3177491f29ba47aeb3c07c8e724fb2f7 0.143s
2025-05-15 10:51:10.871 69753 INFO tempest.lib.common.rest_client [req-a0499860-6c12-405a-94ef-34d3562eb532 req-a0499860-6c12-405a-94ef-34d3562eb532 ] Request (SecurityGroupsTestJSON:setUpClass): 200 GET http://10.180.1.21/identity/v3/domains?name=Default 0.120s
2025-05-15 10:51:10.934 69719 INFO tempest.lib.common.rest_client [req-0614c2da-164c-409b-b634-bad74ab4e1a3 req-0614c2da-164c-409b-b634-bad74ab4e1a3 ] Request (AttachVolumeShelveTestJSON:setUpClass): 204 PUT http://10.180.1.21/identity/v3/projects/90b365d893784bd2b90412f55fdaaa49/users/e1618e30e61440b58f06566a62719657/roles/41236fd1509e4bdabdfd0e21a01fa53b 0.159s
2025-05-15 10:51:10.934 69719 INFO tempest.lib.common.dynamic_creds [-] Dynamic test user e1618e30e61440b58f06566a62719657 is created with scope project and roles: ['member']
2025-05-15 10:51:10.935 69719 INFO tempest.lib.common.dynamic_creds [-] Acquired dynamic creds: credentials: Credentials: {'domain_id': 'default', 'domain_name': 'Default', 'username': 'tempest-AttachVolumeShelveTestJSON-1928579828-project-member', 'project_domain_id': 'default', 'project_domain_name': 'Default', 'project_id': '90b365d893784bd2b90412f55fdaaa49', 'project_name': 'tempest-AttachVolumeShelveTestJSON-1928579828', 'tenant_id': '90b365d893784bd2b90412f55fdaaa49', 'tenant_name': 'tempest-AttachVolumeShelveTestJSON-1928579828', 'user_domain_id': 'default', 'user_domain_name': 'Default', 'user_id': 'e1618e30e61440b58f06566a62719657', 'system': None}, Network: None, Subnet: None, Router: None
2025-05-15 10:51:11.036 69753 INFO tempest.lib.common.rest_client [req-3608d6ba-b959-4532-912b-64052ee62639 req-3608d6ba-b959-4532-912b-64052ee62639 ] Request (SecurityGroupsTestJSON:setUpClass): 201 POST http://10.180.1.21/identity/v3/projects 0.164s
2025-05-15 10:51:11.065 69777 INFO tempest.lib.common.rest_client [req-3acb7381-bd7b-4bf3-afb2-9c3c9674d66a req-3acb7381-bd7b-4bf3-afb2-9c3c9674d66a ] Request (FlavorsAccessNegativeTestJSON:tearDownClass): 204 DELETE http://10.180.1.21/identity/v3/users/f5ca31d535e040b0be6b865e8125bf9b 0.215s
2025-05-15 10:51:11.107 69719 INFO tempest.lib.common.rest_client [req-09b02560-91a8-4c1c-9533-bd95bdd6a7b2 req-09b02560-91a8-4c1c-9533-bd95bdd6a7b2 ] Request (AttachVolumeShelveTestJSON:setUpClass): 201 POST http://10.180.1.21/identity/v3/auth/tokens 0.172s
2025-05-15 10:51:11.178 69753 INFO tempest.lib.common.rest_client [req-89891466-b54d-4bb4-a8d9-48b5089a8497 req-89891466-b54d-4bb4-a8d9-48b5089a8497 ] Request (SecurityGroupsTestJSON:setUpClass): 201 POST http://10.180.1.21/identity/v3/users 0.140s
2025-05-15 10:51:11.257 69781 INFO tempest.lib.common.rest_client [req-0ee0dabe-8443-4915-8562-1afb50ea5930 req-0ee0dabe-8443-4915-8562-1afb50ea5930 ] Request (FloatingIPsAssociationTestJSON:setUpClass): 200 PUT http://10.180.1.21:9696/networking/v2.0/routers/34fd5b57-7613-4bc5-b847-080e9399fc3a/add_router_interface 3.047s
2025-05-15 10:51:11.258 69781 INFO tempest.lib.common.dynamic_creds [-] Created isolated network resources for: credentials: Credentials: {'domain_id': 'default', 'domain_name': 'Default', 'username': 'tempest-FloatingIPsAssociationTestJSON-1417516499-project-member', 'project_domain_id': 'default', 'project_domain_name': 'Default', 'project_id': '84685f5442fe4077bcb1e5b0941ed777', 'project_name': 'tempest-FloatingIPsAssociationTestJSON-1417516499', 'tenant_id': '84685f5442fe4077bcb1e5b0941ed777', 'tenant_name': 'tempest-FloatingIPsAssociationTestJSON-1417516499', 'user_domain_id': 'default', 'user_domain_name': 'Default', 'user_id': '6275e1812a6f43dfb5989cf037e8d5a4', 'system': None}, Network: {'id': '810c00e9-4b70-4638-8913-eaea2b8970b5', 'name': 'tempest-FloatingIPsAssociationTestJSON-1053593037-network', 'tenant_id': '84685f5442fe4077bcb1e5b0941ed777', 'admin_state_up': True, 'mtu': 8950, 'status': 'ACTIVE', 'subnets': [], 'shared': False, 'project_id': '84685f5442fe4077bcb1e5b0941ed777', 'port_security_enabled': True, 'router:external': False, 'provider:network_type': 'vlan', 'provider:physical_network': 'default', 'provider:segmentation_id': 971, 'availability_zone_hints': [], 'availability_zones': [], 'ipv4_address_scope': None, 'ipv6_address_scope': None, 'description': '', 'tags': [], 'created_at': '2025-05-15T10:51:04Z', 'updated_at': '2025-05-15T10:51:04Z', 'revision_number': 1}, Subnet: {'id': '2e6cd8f5-f19d-405a-bbc7-999c39a40990', 'name': 'tempest-FloatingIPsAssociationTestJSON-1053593037-subnet', 'tenant_id': '84685f5442fe4077bcb1e5b0941ed777', 'network_id': '810c00e9-4b70-4638-8913-eaea2b8970b5', 'ip_version': 4, 'subnetpool_id': None, 'enable_dhcp': True, 'ipv6_ra_mode': None, 'ipv6_address_mode': None, 'gateway_ip': '192.168.128.1', 'cidr': '192.168.128.0/28', 'allocation_pools': [{'start': '192.168.128.2', 'end': '192.168.128.14'}], 'host_routes': [], 'dns_nameservers': [], 'description': '', 'router:external': False, 'service_types': [], 'tags': [], 'created_at': '2025-05-15T10:51:04Z', 'updated_at': '2025-05-15T10:51:04Z', 'revision_number': 0, 'project_id': '84685f5442fe4077bcb1e5b0941ed777'}, Router: {'id': '34fd5b57-7613-4bc5-b847-080e9399fc3a', 'name': 'tempest-FloatingIPsAssociationTestJSON-1053593037-router', 'tenant_id': '84685f5442fe4077bcb1e5b0941ed777', 'admin_state_up': True, 'status': 'ACTIVE', 'external_gateway_info': {'network_id': 'dc67485c-e46f-4291-976b-fba1c9b6d1ff', 'external_fixed_ips': [{'subnet_id': 'a789b9ac-255a-4882-9ce1-7f8a26643120', 'ip_address': '10.180.180.249'}], 'enable_snat': True}, 'description': '', 'availability_zones': [], 'distributed': False, 'ha': False, 'availability_zone_hints': [], 'routes': [], 'flavor_id': None, 'tags': [], 'created_at': '2025-05-15T10:51:05Z', 'updated_at': '2025-05-15T10:51:06Z', 'revision_number': 2, 'project_id': '84685f5442fe4077bcb1e5b0941ed777'}
2025-05-15 10:51:11.270 69739 INFO tempest.lib.common.rest_client [req-f5ac8252-2576-4dbd-9ae8-503a4e2f698c req-f5ac8252-2576-4dbd-9ae8-503a4e2f698c ] Request (ServerActionsV293TestJSON:setUpClass): 200 GET http://10.180.1.21/compute/v2.1/servers/c2e45558-5c57-4300-b255-1709734baa40 3.050s
2025-05-15 10:51:11.278 69777 INFO tempest.lib.common.rest_client [req-abff9022-53b4-4735-8b38-defae58a925d req-abff9022-53b4-4735-8b38-defae58a925d ] Request (FlavorsAccessNegativeTestJSON:tearDownClass): 204 DELETE http://10.180.1.21/identity/v3/users/7fcc75b0cd2f4e82b4c23953fbe07821 0.213s
2025-05-15 10:51:11.278 69777 INFO tempest.lib.common.dynamic_creds [-] Deleting project and security group for project: ae5fea0957ae4d238656ac1f3d71d9fb
2025-05-15 10:51:11.281 69739 INFO tempest.common.waiters [-] State transition "BUILD/spawning" ==> "ACTIVE/None" after 20 second wait
2025-05-15 10:51:11.298 69751 INFO tempest.lib.common.rest_client [req-8079c840-4654-49b7-b608-ea9ea93856d5 req-8079c840-4654-49b7-b608-ea9ea93856d5 ] Request (FlavorsAdminTestJSON:test_is_public_string_variations): 200 POST http://10.180.1.21/compute/v2.1/flavors 2.938s
2025-05-15 10:51:11.311 69763 INFO tempest.lib.common.rest_client [req-00a32254-f9dc-44c9-ae09-2134b36a694c req-00a32254-f9dc-44c9-ae09-2134b36a694c ] Request (SecurityGroupRulesTestJSON:test_security_group_rules_delete_when_peer_group_deleted): 200 POST http://10.180.1.21/compute/v2.1/os-security-groups 2.974s
2025-05-15 10:51:11.391 69753 INFO tempest.lib.common.rest_client [req-2a7a840e-84f0-48b7-af12-15b6aea8900d req-2a7a840e-84f0-48b7-af12-15b6aea8900d ] Request (SecurityGroupsTestJSON:setUpClass): 200 GET http://10.180.1.21/identity/v3/roles 0.213s
2025-05-15 10:51:11.413 69777 INFO tempest.lib.common.rest_client [req-6a859ebe-a453-4868-8d62-8473f91ceebb req-6a859ebe-a453-4868-8d62-8473f91ceebb ] Request (FlavorsAccessNegativeTestJSON:tearDownClass): 201 POST http://10.180.1.21/identity/v3/auth/tokens 0.134s
2025-05-15 10:51:11.460 69781 INFO tempest.lib.common.rest_client [req-44a34fce-e667-4d47-9170-5392bb0a9f87 req-44a34fce-e667-4d47-9170-5392bb0a9f87 ] Request (FloatingIPsAssociationTestJSON:setUpClass): 201 POST http://10.180.1.21/identity/v3/auth/tokens 0.198s
2025-05-15 10:51:11.498 69753 INFO tempest.lib.common.rest_client [req-0b3d3090-014e-4e1b-9ecc-e424a362bb2f req-0b3d3090-014e-4e1b-9ecc-e424a362bb2f ] Request (SecurityGroupsTestJSON:setUpClass): 204 PUT http://10.180.1.21/identity/v3/projects/f32c0bd90dfb461cbdbf76bcb3181343/users/0b77355589da4f29866d2e6d026f4534/roles/41236fd1509e4bdabdfd0e21a01fa53b 0.106s
2025-05-15 10:51:11.498 69753 INFO tempest.lib.common.dynamic_creds [-] Dynamic test user 0b77355589da4f29866d2e6d026f4534 is created with scope project and roles: ['member']
2025-05-15 10:51:11.499 69753 INFO tempest.lib.common.dynamic_creds [-] Acquired dynamic creds: credentials: Credentials: {'domain_id': 'default', 'domain_name': 'Default', 'username': 'tempest-SecurityGroupsTestJSON-768572966-project-member', 'project_domain_id': 'default', 'project_domain_name': 'Default', 'project_id': 'f32c0bd90dfb461cbdbf76bcb3181343', 'project_name': 'tempest-SecurityGroupsTestJSON-768572966', 'tenant_id': 'f32c0bd90dfb461cbdbf76bcb3181343', 'tenant_name': 'tempest-SecurityGroupsTestJSON-768572966', 'user_domain_id': 'default', 'user_domain_name': 'Default', 'user_id': '0b77355589da4f29866d2e6d026f4534', 'system': None}, Network: None, Subnet: None, Router: None
2025-05-15 10:51:11.651 69781 INFO tempest.lib.common.rest_client [req-7bdc4964-f587-422d-9826-62f26970ebe5 req-7bdc4964-f587-422d-9826-62f26970ebe5 ] Request (FloatingIPsAssociationTestJSON:setUpClass): 201 POST http://10.180.1.21/identity/v3/auth/tokens 0.187s
2025-05-15 10:51:11.651 69781 INFO tempest.lib.common.fixed_network [-] (FloatingIPsAssociationTestJSON:setUpClass) Found network {'id': '810c00e9-4b70-4638-8913-eaea2b8970b5', 'name': 'tempest-FloatingIPsAssociationTestJSON-1053593037-network', 'tenant_id': '84685f5442fe4077bcb1e5b0941ed777', 'admin_state_up': True, 'mtu': 8950, 'status': 'ACTIVE', 'subnets': [], 'shared': False, 'project_id': '84685f5442fe4077bcb1e5b0941ed777', 'port_security_enabled': True, 'router:external': False, 'provider:network_type': 'vlan', 'provider:physical_network': 'default', 'provider:segmentation_id': 971, 'availability_zone_hints': [], 'availability_zones': [], 'ipv4_address_scope': None, 'ipv6_address_scope': None, 'description': '', 'tags': [], 'created_at': '2025-05-15T10:51:04Z', 'updated_at': '2025-05-15T10:51:04Z', 'revision_number': 1} available for tenant
2025-05-15 10:51:11.664 69753 INFO tempest.lib.common.rest_client [req-9091467d-8109-4dc5-b1b8-877bb195c229 req-9091467d-8109-4dc5-b1b8-877bb195c229 ] Request (SecurityGroupsTestJSON:setUpClass): 201 POST http://10.180.1.21/identity/v3/auth/tokens 0.165s
2025-05-15 10:51:11.675 69743 INFO tempest.lib.common.rest_client [req-13538024-e343-4038-933b-70af5da97449 req-13538024-e343-4038-933b-70af5da97449 ] Request (QuotasAdminTestV236:test_get_updated_quotas): 200 GET http://10.180.1.21/compute/v2.1/os-quota-sets/6900ad16421f47bfab454bbf135071df?user_id=0619ec5f4c3d41df9e7ea719fb9e9d56 3.041s
2025-05-15 10:51:11.806 69719 INFO tempest.lib.common.rest_client [req-80a261a4-cc72-4eca-87f4-7f87b0f7740e req-80a261a4-cc72-4eca-87f4-7f87b0f7740e ] Request (AttachVolumeShelveTestJSON:setUpClass): 201 POST http://10.180.1.21:9696/networking/v2.0/networks 0.699s
2025-05-15 10:51:11.816 69743 INFO tempest.lib.common.rest_client [req-3013bb47-6515-48b2-a854-ef82312a3c08 req-3013bb47-6515-48b2-a854-ef82312a3c08 ] Request (QuotasAdminTestV236:_run_cleanups): 204 DELETE http://10.180.1.21/identity/v3/users/0619ec5f4c3d41df9e7ea719fb9e9d56 0.138s
2025-05-15 10:51:11.882 69779 INFO tempest.lib.common.rest_client [req-ed2c720a-7006-4a29-80b1-0ba160b82979 req-ed2c720a-7006-4a29-80b1-0ba160b82979 ] Request (ServersAdminNegativeTestJSON:setUpClass): 200 GET http://10.180.1.21/compute/v2.1/servers/fe5818f2-9edf-41b1-84e0-2e6c1e5a78cb 3.030s
2025-05-15 10:51:11.922 69777 INFO tempest.lib.common.rest_client [req-9ff00948-1fe1-4f23-8139-00e0a3e07d3a req-9ff00948-1fe1-4f23-8139-00e0a3e07d3a ] Request (FlavorsAccessNegativeTestJSON:tearDownClass): 200 GET http://10.180.1.21:9696/networking/v2.0/security-groups?tenant_id=ae5fea0957ae4d238656ac1f3d71d9fb&name=default 0.508s
2025-05-15 10:51:11.926 69743 INFO tempest.lib.common.rest_client [req-1fbb4d24-7f77-4041-9c8d-0580e13576c6 req-1fbb4d24-7f77-4041-9c8d-0580e13576c6 ] Request (QuotasAdminTestV236:_run_cleanups): 204 DELETE http://10.180.1.21/identity/v3/projects/6900ad16421f47bfab454bbf135071df 0.110s
2025-05-15 10:51:11.984 69733 INFO tempest.lib.common.rest_client [req-d7674440-b5a5-44a2-8c85-5ba33aecdac1 req-d7674440-b5a5-44a2-8c85-5ba33aecdac1 ] Request (ListServersNegativeTestJSON:setUpClass): 201 POST http://10.180.1.21:9696/networking/v2.0/routers 1.576s
2025-05-15 10:51:12.068 69770 INFO tempest.lib.common.rest_client [req-abc28d3c-fd90-4f4b-9400-169071240377 req-abc28d3c-fd90-4f4b-9400-169071240377 ] Request (AttachInterfacesTestJSON:test_create_list_show_delete_interfaces_by_fixed_ip): 200 GET http://10.180.1.21/compute/v2.1/servers/c1dc8ac0-7716-40ef-ae8e-7d38abeae12c 2.607s
2025-05-15 10:51:12.078 69770 INFO tempest.common.waiters [-] State transition "BUILD/None" ==> "BUILD/spawning" after 16 second wait
2025-05-15 10:51:12.105 69743 INFO tempest.lib.common.rest_client [req-4185f578-d55a-4b16-b47f-414dec513d11 req-4185f578-d55a-4b16-b47f-414dec513d11 ] Request (QuotasAdminTestV236:tearDownClass): 204 DELETE http://10.180.1.21/identity/v3/users/4ba38c9be3244b80a19f7c3b117c48ad 0.171s
2025-05-15 10:51:12.150 69731 WARNING tempest.lib.common.ssh [-] Failed to establish authenticated ssh connection to cirros@10.180.180.224 ([Errno None] Unable to connect to port 22 on 10.180.180.224). Number attempts: 3. Retry after 4 seconds.: paramiko.ssh_exception.NoValidConnectionsError: [Errno None] Unable to connect to port 22 on 10.180.180.224
2025-05-15 10:51:12.192 69765 INFO tempest.lib.common.rest_client [req-0eebb46b-a381-459d-84b4-4bb8433eead8 req-0eebb46b-a381-459d-84b4-4bb8433eead8 ] Request (InstanceActionsNegativeTestJSON:tearDownClass): 204 DELETE http://10.180.1.21/compute/v2.1/servers/da2b0704-38ab-47ef-855f-0df5ee7fcbae 2.257s
2025-05-15 10:51:12.202 69743 INFO tempest.lib.common.rest_client [req-d963490a-18bf-4ae2-ab11-87b4b0af2fb8 req-d963490a-18bf-4ae2-ab11-87b4b0af2fb8 ] Request (QuotasAdminTestV236:tearDownClass): 204 DELETE http://10.180.1.21/identity/v3/users/0f1768cfdf184af183af6a6f075d5a50 0.097s
2025-05-15 10:51:12.203 69743 INFO tempest.lib.common.dynamic_creds [-] Deleting project and security group for project: 54882c773f4440a99346ef9cde43aca2
2025-05-15 10:51:12.268 69743 INFO tempest.lib.common.rest_client [req-3bfda534-c7ce-41aa-ad7a-ae19a0e0a85c req-3bfda534-c7ce-41aa-ad7a-ae19a0e0a85c ] Request (QuotasAdminTestV236:tearDownClass): 201 POST http://10.180.1.21/identity/v3/auth/tokens 0.065s
2025-05-15 10:51:12.271 69747 INFO tempest.lib.common.rest_client [req-59356dd7-ae9b-47db-91c4-8596ed53b5a6 req-59356dd7-ae9b-47db-91c4-8596ed53b5a6 ] Request (ServersAdmin275Test:tearDownClass): 204 DELETE http://10.180.1.21/compute/v2.1/servers/9dd18afb-5a25-48e4-9250-fe7122031a6c 2.065s
2025-05-15 10:51:12.309 69777 INFO tempest.lib.common.rest_client [req-2e6a40a0-8862-439d-be62-44e626a131ee req-2e6a40a0-8862-439d-be62-44e626a131ee ] Request (FlavorsAccessNegativeTestJSON:tearDownClass): 204 DELETE http://10.180.1.21:9696/networking/v2.0/security-groups/d6fd1b4d-d5b7-44c1-8abb-162696bbe46c 0.387s
2025-05-15 10:51:12.390 69777 INFO tempest.lib.common.rest_client [req-30d60c27-03c8-4a87-a12c-cfdfd86b81b7 req-30d60c27-03c8-4a87-a12c-cfdfd86b81b7 ] Request (FlavorsAccessNegativeTestJSON:tearDownClass): 204 DELETE http://10.180.1.21/identity/v3/projects/ae5fea0957ae4d238656ac1f3d71d9fb 0.080s
2025-05-15 10:51:12.391 69777 INFO tempest.lib.common.dynamic_creds [-] Deleting project and security group for project: b1687334b5ca4a1297975d67336d88ae
2025-05-15 10:51:12.477 69762 INFO tempest.lib.common.rest_client [req-93daf30a-eae9-41e7-9338-f288d143ce36 req-93daf30a-eae9-41e7-9338-f288d143ce36 ] Request (SecurityGroupRulesNegativeTestJSON:test_create_security_group_rule_with_invalid_to_port): 200 POST http://10.180.1.21/compute/v2.1/os-security-groups 2.674s
2025-05-15 10:51:12.593 69743 INFO tempest.lib.common.rest_client [req-6715a98e-78ce-45cc-b8ce-86c460f34868 req-6715a98e-78ce-45cc-b8ce-86c460f34868 ] Request (QuotasAdminTestV236:tearDownClass): 200 GET http://10.180.1.21:9696/networking/v2.0/security-groups?tenant_id=54882c773f4440a99346ef9cde43aca2&name=default 0.324s
2025-05-15 10:51:12.633 69777 INFO tempest.lib.common.rest_client [req-d947ea94-45f6-44ea-8fbe-b7e7a0b3b460 req-d947ea94-45f6-44ea-8fbe-b7e7a0b3b460 ] Request (FlavorsAccessNegativeTestJSON:tearDownClass): 200 GET http://10.180.1.21:9696/networking/v2.0/security-groups?tenant_id=b1687334b5ca4a1297975d67336d88ae&name=default 0.242s
2025-05-15 10:51:12.684 69745 INFO tempest.lib.common.rest_client [req-c9930502-a4fb-41c8-899a-bc07a8b37542 req-c9930502-a4fb-41c8-899a-bc07a8b37542 ] Request (ListImageFiltersTestJSON:setUpClass): 200 GET http://10.180.1.21/compute/v2.1/servers/7003cf16-e687-4358-80f1-6b5854d5df96 2.354s
