2025-05-15 10:51:22.869 69743 INFO tempest.lib.common.dynamic_creds [-] Acquired dynamic creds: credentials: Credentials: {'domain_id': 'default', 'domain_name': 'Default', 'username': 'tempest-FloatingIPDetailsTestJSON-1215641446-project-member', 'project_domain_id': 'default', 'project_domain_name': 'Default', 'project_id': '1ebf7e8d75d54604831e19133b915eeb', 'project_name': 'tempest-FloatingIPDetailsTestJSON-1215641446', 'tenant_id': '1ebf7e8d75d54604831e19133b915eeb', 'tenant_name': 'tempest-FloatingIPDetailsTestJSON-1215641446', 'user_domain_id': 'default', 'user_domain_name': 'Default', 'user_id': '8510fd33fb374d59bc649f094c53b591', 'system': None}, Network: None, Subnet: None, Router: None
2025-05-15 10:51:22.877 69739 WARNING tempest.lib.common.ssh [-] Failed to establish authenticated ssh connection to cirros@10.180.180.167 ([Errno None] Unable to connect to port 22 on 10.180.180.167). Number attempts: 2. Retry after 3 seconds.: paramiko.ssh_exception.NoValidConnectionsError: [Errno None] Unable to connect to port 22 on 10.180.180.167
2025-05-15 10:51:22.881 69762 INFO tempest.lib.common.rest_client [req-f76654a0-114c-4982-9174-9974a7f67db3 req-f76654a0-114c-4982-9174-9974a7f67db3 ] Request (SecurityGroupRulesNegativeTestJSON:tearDownClass): 202 DELETE http://10.180.1.21/compute/v2.1/os-security-groups/33edfa55-42eb-4566-b0a2-e9fdd1c1ceb9 1.243s
2025-05-15 10:51:22.940 69743 INFO tempest.lib.common.rest_client [req-5e17dd98-8daa-4f2c-aca8-402de2cf70ac req-5e17dd98-8daa-4f2c-aca8-402de2cf70ac ] Request (FloatingIPDetailsTestJSON:setUpClass): 201 POST http://10.180.1.21/identity/v3/auth/tokens 0.070s
2025-05-15 10:51:22.963 69763 INFO tempest.lib.common.rest_client [req-43f695e0-01bd-4a15-a23d-33d6d53e6b46 req-43f695e0-01bd-4a15-a23d-33d6d53e6b46 ] Request (SecurityGroupRulesTestJSON:test_security_group_rules_list): 200 POST http://10.180.1.21/compute/v2.1/os-security-group-rules 1.300s
2025-05-15 10:51:22.966 69775 INFO tempest.lib.common.rest_client [req-e155a3bb-e552-4343-a23e-98eceea1318b req-e155a3bb-e552-4343-a23e-98eceea1318b ] Request (AttachVolumeNegativeTest:test_attach_attached_volume_to_different_server): 200 GET http://10.180.1.21/compute/v2.1/servers/11028ce0-73e3-483a-bd01-62cfd5713954 1.273s
2025-05-15 10:51:22.978 69773 INFO tempest.lib.common.rest_client [req-30c021eb-791b-4ce5-8ee4-a167e617ae74 req-30c021eb-791b-4ce5-8ee4-a167e617ae74 ] Request (ServerActionsTestOtherA:setUpClass): 200 PUT http://10.180.1.21:9696/networking/v2.0/routers/ace15bff-1dec-4d70-be52-52ba745ee452/add_router_interface 0.982s
2025-05-15 10:51:22.978 69773 INFO tempest.lib.common.dynamic_creds [-] Created isolated network resources for: credentials: Credentials: {'domain_id': 'default', 'domain_name': 'Default', 'username': 'tempest-ServerActionsTestOtherA-443750068-project-member', 'project_domain_id': 'default', 'project_domain_name': 'Default', 'project_id': '44de2a3fad244be683fd7f2cea410ef2', 'project_name': 'tempest-ServerActionsTestOtherA-443750068', 'tenant_id': '44de2a3fad244be683fd7f2cea410ef2', 'tenant_name': 'tempest-ServerActionsTestOtherA-443750068', 'user_domain_id': 'default', 'user_domain_name': 'Default', 'user_id': '0723d8b1ce2e4f02bc02d0e3038ad161', 'system': None}, Network: {'id': '2e919c77-3170-4d6d-9779-978d4cf8fafb', 'name': 'tempest-ServerActionsTestOtherA-1843815499-network', 'tenant_id': '44de2a3fad244be683fd7f2cea410ef2', 'admin_state_up': True, 'mtu': 8950, 'status': 'ACTIVE', 'subnets': [], 'shared': False, 'project_id': '44de2a3fad244be683fd7f2cea410ef2', 'port_security_enabled': True, 'router:external': False, 'provider:network_type': 'vlan', 'provider:physical_network': 'default', 'provider:segmentation_id': 535, 'availability_zone_hints': [], 'availability_zones': [], 'ipv4_address_scope': None, 'ipv6_address_scope': None, 'description': '', 'tags': [], 'created_at': '2025-05-15T10:51:20Z', 'updated_at': '2025-05-15T10:51:20Z', 'revision_number': 1}, Subnet: {'id': '39e08fa9-918a-4e9f-ab9d-18b3acc6f07e', 'name': 'tempest-ServerActionsTestOtherA-1843815499-subnet', 'tenant_id': '44de2a3fad244be683fd7f2cea410ef2', 'network_id': '2e919c77-3170-4d6d-9779-978d4cf8fafb', 'ip_version': 4, 'subnetpool_id': None, 'enable_dhcp': True, 'ipv6_ra_mode': None, 'ipv6_address_mode': None, 'gateway_ip': '192.168.128.1', 'cidr': '192.168.128.0/28', 'allocation_pools': [{'start': '192.168.128.2', 'end': '192.168.128.14'}], 'host_routes': [], 'dns_nameservers': [], 'description': '', 'router:external': False, 'service_types': [], 'tags': [], 'created_at': '2025-05-15T10:51:20Z', 'updated_at': '2025-05-15T10:51:20Z', 'revision_number': 0, 'project_id': '44de2a3fad244be683fd7f2cea410ef2'}, Router: {'id': 'ace15bff-1dec-4d70-be52-52ba745ee452', 'name': 'tempest-ServerActionsTestOtherA-1843815499-router', 'tenant_id': '44de2a3fad244be683fd7f2cea410ef2', 'admin_state_up': True, 'status': 'ACTIVE', 'external_gateway_info': {'network_id': 'dc67485c-e46f-4291-976b-fba1c9b6d1ff', 'external_fixed_ips': [{'subnet_id': 'a789b9ac-255a-4882-9ce1-7f8a26643120', 'ip_address': '10.180.180.219'}], 'enable_snat': True}, 'description': '', 'availability_zones': [], 'distributed': False, 'ha': False, 'availability_zone_hints': [], 'routes': [], 'flavor_id': None, 'tags': [], 'created_at': '2025-05-15T10:51:21Z', 'updated_at': '2025-05-15T10:51:21Z', 'revision_number': 2, 'project_id': '44de2a3fad244be683fd7f2cea410ef2'}
2025-05-15 10:51:23.084 69735 INFO tempest.lib.common.rest_client [req-20f03741-ddf1-4848-9697-592823397677 req-20f03741-ddf1-4848-9697-592823397677 ] Request (ServersTestManualDisk:setUpClass): 200 GET http://10.180.1.21/compute/v2.1/servers/6f6bf764-5ab6-454b-b0b2-b9c0a213e60c 1.310s
2025-05-15 10:51:23.105 69773 INFO tempest.lib.common.rest_client [req-de5b831e-0d46-4923-b4ef-1788d017a427 req-de5b831e-0d46-4923-b4ef-1788d017a427 ] Request (ServerActionsTestOtherA:setUpClass): 201 POST http://10.180.1.21/identity/v3/auth/tokens 0.118s
2025-05-15 10:51:23.509 69770 INFO tempest.lib.common.rest_client [req-c26554b5-7f63-4e1b-8c47-b97b310cefee req-c26554b5-7f63-4e1b-8c47-b97b310cefee ] Request (AttachInterfacesTestJSON:test_create_list_show_delete_interfaces_by_fixed_ip): 200 GET http://10.180.1.21/compute/v2.1/servers/c1dc8ac0-7716-40ef-ae8e-7d38abeae12c 1.718s
2025-05-15 10:51:23.525 69770 INFO tempest.common.waiters [-] State transition "BUILD/spawning" ==> "ACTIVE/None" after 27 second wait
2025-05-15 10:51:23.567 69757 INFO tempest.lib.common.rest_client [req-b86aee33-0b44-4aa2-b5a8-967e5518e91e req-b86aee33-0b44-4aa2-b5a8-967e5518e91e ] Request (QuotaClassesAdmin257Test:_run_cleanups): 200 PUT http://10.180.1.21/compute/v2.1/os-quota-class-sets/default 1.742s
2025-05-15 10:51:23.587 69759 INFO tempest.lib.common.rest_client [req-47200409-9a08-4c7b-a51f-7796922e9475 req-47200409-9a08-4c7b-a51f-7796922e9475 ] Request (ImagesNegativeTestJSON:tearDownClass): 404 GET http://10.180.1.21/compute/v2.1/servers/03b06284-6fa8-49c1-a1f1-b9fe046c60a6 1.649s
2025-05-15 10:51:23.613 69751 INFO tempest.lib.common.rest_client [req-515ea389-da54-4892-80df-56e40b53df5d req-515ea389-da54-4892-80df-56e40b53df5d ] Request (FlavorsAdminTestJSON:test_is_public_string_variations): 200 GET http://10.180.1.21/compute/v2.1/flavors/detail?is_public=yes 1.643s
2025-05-15 10:51:23.687 69757 INFO tempest.lib.common.rest_client [req-7e7d5af5-9fa3-46bb-8cff-ac38202fe410 req-7e7d5af5-9fa3-46bb-8cff-ac38202fe410 ] Request (QuotaClassesAdmin257Test:tearDownClass): 204 DELETE http://10.180.1.21/identity/v3/users/6721a1cb51d146c1b255ffa007aa8d53 0.114s
2025-05-15 10:51:23.848 69771 INFO tempest.lib.common.rest_client [req-2ec792c4-fc47-4ab7-902e-8f3c3e83b112 req-2ec792c4-fc47-4ab7-902e-8f3c3e83b112 ] Request (MigrationsAdminTest:test_list_migrations_in_flavor_resize_situation): 200 GET http://10.180.1.21/compute/v2.1/servers/2068b009-a493-4a97-adb2-bf90e6d71c12 1.712s
2025-05-15 10:51:23.857 69771 INFO tempest.common.waiters [-] State transition "RESIZE/resize_migrating" ==> "RESIZE/resize_migrated" after 26 second wait
2025-05-15 10:51:23.859 69757 INFO tempest.lib.common.rest_client [req-a10367a4-7544-4f33-8fc8-fa21527cdfb7 req-a10367a4-7544-4f33-8fc8-fa21527cdfb7 ] Request (QuotaClassesAdmin257Test:tearDownClass): 204 DELETE http://10.180.1.21/identity/v3/users/abbe69449dc64971a5bd94e01e1e5967 0.170s
2025-05-15 10:51:23.859 69757 INFO tempest.lib.common.dynamic_creds [-] Deleting project and security group for project: dcaffb71f9294f97b775a0ecca738673
2025-05-15 10:51:23.864 69743 INFO tempest.lib.common.rest_client [req-14b62297-d9f8-4a75-9311-193d7cbf1e3d req-14b62297-d9f8-4a75-9311-193d7cbf1e3d ] Request (FloatingIPDetailsTestJSON:setUpClass): 201 POST http://10.180.1.21:9696/networking/v2.0/networks 0.924s
2025-05-15 10:51:23.897 69745 INFO tempest.lib.common.rest_client [req-73fccfb7-0231-459e-b92f-0fc046c5e4c8 req-73fccfb7-0231-459e-b92f-0fc046c5e4c8 ] Request (ListImageFiltersTestJSON:setUpClass): 200 GET http://10.180.1.21/compute/v2.1/images/b9f3fd91-5347-4f59-8b9d-3896a93faf0c 1.667s
2025-05-15 10:51:23.966 69757 INFO tempest.lib.common.rest_client [req-b6a19e65-b67a-4b65-87ea-705693d1ada7 req-b6a19e65-b67a-4b65-87ea-705693d1ada7 ] Request (QuotaClassesAdmin257Test:tearDownClass): 201 POST http://10.180.1.21/identity/v3/auth/tokens 0.106s
2025-05-15 10:51:24.016 69733 INFO tempest.lib.common.rest_client [req-eb329188-2916-4709-9637-28645f0316c4 req-eb329188-2916-4709-9637-28645f0316c4 ] Request (ListServersNegativeTestJSON:setUpClass): 200 GET http://10.180.1.21/compute/v2.1/servers/49ebd426-a2d8-4a16-a648-d672641add81 1.757s
2025-05-15 10:51:24.053 69719 INFO tempest.lib.common.rest_client [req-91cb2d85-42f6-4481-81fb-92e81a7c9922 req-91cb2d85-42f6-4481-81fb-92e81a7c9922 ] Request (AttachVolumeShelveTestJSON:test_attach_volume_shelved_or_offload_server): 202 POST http://10.180.1.21/compute/v2.1/servers 2.344s
2025-05-15 10:51:24.094 69767 WARNING tempest.lib.common.ssh [-] Failed to establish authenticated ssh connection to cirros@10.180.180.147 ([Errno None] Unable to connect to port 22 on 10.180.180.147). Number attempts: 4. Retry after 5 seconds.: paramiko.ssh_exception.NoValidConnectionsError: [Errno None] Unable to connect to port 22 on 10.180.180.147
2025-05-15 10:51:24.136 69725 INFO tempest.lib.common.rest_client [req-a1e38e99-7dee-44a3-b827-fc7b594c9ae3 req-a1e38e99-7dee-44a3-b827-fc7b594c9ae3 ] Request (DeleteServersAdminTestJSON:test_delete_server_while_in_error_state): 200 GET http://10.180.1.21/compute/v2.1/servers/2be94567-64bc-4a1e-94c1-dd58c8c44d87 1.674s
2025-05-15 10:51:24.148 69753 INFO tempest.lib.common.rest_client [req-6e5479b3-9c3f-43b0-85ae-a17196bfa141 req-6e5479b3-9c3f-43b0-85ae-a17196bfa141 ] Request (SecurityGroupsTestJSON:test_list_security_groups_by_server): 200 GET http://10.180.1.21/compute/v2.1/servers/78876af3-91f0-4cdf-bdde-39b4519e54bc 1.607s
2025-05-15 10:51:24.183 69743 INFO tempest.lib.common.rest_client [req-00e9b00a-8921-40d1-8fa6-a520e659d0ac req-00e9b00a-8921-40d1-8fa6-a520e659d0ac ] Request (FloatingIPDetailsTestJSON:setUpClass): 201 POST http://10.180.1.21:9696/networking/v2.0/subnets 0.318s
2025-05-15 10:51:24.244 69749 INFO tempest.lib.common.rest_client [req-6ef3bfd3-74a2-4d28-8229-7a966a93bf45 req-6ef3bfd3-74a2-4d28-8229-7a966a93bf45 ] Request (ServersAdminTestJSON:setUpClass): 200 GET http://10.180.1.21/compute/v2.1/servers/a69aa834-a200-486e-9922-61018ae10f90 1.430s
2025-05-15 10:51:24.250 69755 INFO tempest.lib.common.rest_client [req-9c06ce13-d69f-430e-8a18-75c913da30fb req-9c06ce13-d69f-430e-8a18-75c913da30fb ] Request (ServersV294TestFqdnHostnames:setUpClass): 200 GET http://10.180.1.21/compute/v2.1/servers/57397a3c-2115-461c-93fe-0f8baf4484af 1.444s
2025-05-15 10:51:24.304 69757 INFO tempest.lib.common.rest_client [req-3ff36455-8570-4b76-8ee7-e148b18db843 req-3ff36455-8570-4b76-8ee7-e148b18db843 ] Request (QuotaClassesAdmin257Test:tearDownClass): 200 GET http://10.180.1.21:9696/networking/v2.0/security-groups?tenant_id=dcaffb71f9294f97b775a0ecca738673&name=default 0.337s
2025-05-15 10:51:24.349 69781 INFO tempest.lib.common.rest_client [req-8b86f6c4-60af-42bd-89b5-e779c9e75223 req-8b86f6c4-60af-42bd-89b5-e779c9e75223 ] Request (FloatingIPsAssociationTestJSON:setUpClass): 200 GET http://10.180.1.21/compute/v2.1/servers/97eda364-701c-4a37-b3b8-9e399dad5fd5 1.424s
2025-05-15 10:51:24.419 69727 WARNING tempest.lib.common.ssh [-] Failed to establish authenticated ssh connection to cirros@10.180.180.200 ([Errno None] Unable to connect to port 22 on 10.180.180.200). Number attempts: 3. Retry after 4 seconds.: paramiko.ssh_exception.NoValidConnectionsError: [Errno None] Unable to connect to port 22 on 10.180.180.200
2025-05-15 10:51:24.425 69763 INFO tempest.lib.common.rest_client [req-a971567f-62b6-4202-8e24-badea636b6c4 req-a971567f-62b6-4202-8e24-badea636b6c4 ] Request (SecurityGroupRulesTestJSON:test_security_group_rules_list): 200 GET http://10.180.1.21/compute/v2.1/os-security-groups/cf5bedd0-1efd-4b35-8a88-09b1c52b1e9a 1.458s
2025-05-15 10:51:24.486 69762 INFO tempest.lib.common.rest_client [req-17ad5410-4cfe-4554-b53d-89347ab5c539 req-17ad5410-4cfe-4554-b53d-89347ab5c539 ] Request (SecurityGroupRulesNegativeTestJSON:tearDownClass): 202 DELETE http://10.180.1.21/compute/v2.1/os-security-groups/ce5d5198-dbd7-4a5e-8b8e-b5c0f1be6b15 1.604s
2025-05-15 10:51:24.487 69757 INFO tempest.lib.common.rest_client [req-9aae50ab-eb8f-4846-ad21-1dbd1ecb8f5e req-9aae50ab-eb8f-4846-ad21-1dbd1ecb8f5e ] Request (QuotaClassesAdmin257Test:tearDownClass): 204 DELETE http://10.180.1.21:9696/networking/v2.0/security-groups/3334f755-c962-4c98-983d-9b1303b5733c 0.182s
2025-05-15 10:51:24.569 69723 INFO tempest.lib.common.rest_client [req-1f8d136b-f3c9-4654-88ee-e0e47c022f12 req-1f8d136b-f3c9-4654-88ee-e0e47c022f12 ] Request (ServerRescueTestJSONUnderV235:setUpClass): 200 GET http://10.180.1.21/compute/v2.1/servers/a1468a4f-6462-4943-af0e-dd01f8846ce7 1.482s
2025-05-15 10:51:24.573 69757 INFO tempest.lib.common.rest_client [req-c08b19cc-7d86-4c79-ae3f-a5977d25e6be req-c08b19cc-7d86-4c79-ae3f-a5977d25e6be ] Request (QuotaClassesAdmin257Test:tearDownClass): 204 DELETE http://10.180.1.21/identity/v3/projects/dcaffb71f9294f97b775a0ecca738673 0.085s
2025-05-15 10:51:24.573 69757 INFO tempest.lib.common.dynamic_creds [-] Deleting project and security group for project: bad7fe93c024402ebc0a9612ac3574f7
2025-05-15 10:51:24.608 69737 INFO tempest.lib.common.rest_client [req-b1c6bc30-df0e-4370-801b-ce148a5a4aa1 req-b1c6bc30-df0e-4370-801b-ce148a5a4aa1 ] Request (TenantUsagesTestJSON:setUpClass): 200 GET http://10.180.1.21/compute/v2.1/servers/d9ae2163-ba21-47c0-9c10-d9cd35fb00f6 1.557s
2025-05-15 10:51:24.736 69777 INFO tempest.lib.common.rest_client [req-3fd7eb42-5704-4ddc-a294-620f983c4926 req-3fd7eb42-5704-4ddc-a294-620f983c4926 ] Request (ServerExternalEventsTest:test_create_server_external_events): 200 GET http://10.180.1.21/compute/v2.1/servers/5df06110-ddc7-4d82-a9f0-c4fac929060b 1.547s
2025-05-15 10:51:24.843 69773 INFO tempest.lib.common.rest_client [req-bd0807f2-98df-4f43-80b6-021d5c5db7d6 req-bd0807f2-98df-4f43-80b6-021d5c5db7d6 ] Request (ServerActionsTestOtherA:setUpClass): 200 POST http://10.180.1.21/compute/v2.1/os-keypairs 1.736s
2025-05-15 10:51:24.893 69757 INFO tempest.lib.common.rest_client [req-37d487e5-8bc4-4e2e-a7af-d59ec92114c5 req-37d487e5-8bc4-4e2e-a7af-d59ec92114c5 ] Request (QuotaClassesAdmin257Test:tearDownClass): 200 GET http://10.180.1.21:9696/networking/v2.0/security-groups?tenant_id=bad7fe93c024402ebc0a9612ac3574f7&name=default 0.318s
2025-05-15 10:51:25.012 69747 INFO tempest.lib.common.rest_client [req-7bb01b1b-9db1-41a6-8e9b-cbe806545ba5 req-7bb01b1b-9db1-41a6-8e9b-cbe806545ba5 ] Request (ServersAdmin275Test:tearDownClass): 200 GET http://10.180.1.21/compute/v2.1/servers/9dd18afb-5a25-48e4-9250-fe7122031a6c 1.448s
2025-05-15 10:51:25.044 69751 INFO tempest.lib.common.rest_client [req-c80b98b9-8c63-4111-bf51-1a1d350f4dd6 req-c80b98b9-8c63-4111-bf51-1a1d350f4dd6 ] Request (FlavorsAdminTestJSON:test_is_public_string_variations): 200 GET http://10.180.1.21/compute/v2.1/flavors/detail?is_public=1 1.424s
2025-05-15 10:51:25.053 69741 WARNING tempest.lib.common.ssh [-] Failed to establish authenticated ssh connection to cirros@10.180.180.206 ([Errno None] Unable to connect to port 22 on 10.180.180.206). Number attempts: 3. Retry after 4 seconds.: paramiko.ssh_exception.NoValidConnectionsError: [Errno None] Unable to connect to port 22 on 10.180.180.206
2025-05-15 10:51:25.077 69757 INFO tempest.lib.common.rest_client [req-769e1b22-91ba-4e51-af8e-356598e2c8b8 req-769e1b22-91ba-4e51-af8e-356598e2c8b8 ] Request (QuotaClassesAdmin257Test:tearDownClass): 204 DELETE http://10.180.1.21:9696/networking/v2.0/security-groups/01390b3d-46f5-41cd-8885-a9cfdddaa1e6 0.183s
2025-05-15 10:51:25.089 69770 INFO tempest.lib.common.rest_client [req-ab2efdae-f7e7-4cc7-b6f4-fa808398caad req-ab2efdae-f7e7-4cc7-b6f4-fa808398caad ] Request (AttachInterfacesTestJSON:test_create_list_show_delete_interfaces_by_fixed_ip): 200 GET http://10.180.1.21/compute/v2.1/servers/c1dc8ac0-7716-40ef-ae8e-7d38abeae12c/os-interface 1.563s
2025-05-15 10:51:25.093 69759 INFO tempest.lib.common.rest_client [req-a2c44b7b-d799-4e46-9cf6-95c562f3c943 req-a2c44b7b-d799-4e46-9cf6-95c562f3c943 ] Request (ImagesNegativeTestJSON:tearDownClass): 200 PUT http://10.180.1.21:9696/networking/v2.0/routers/e99f2aa7-6e7d-43a9-bb16-a5c06a92aca7/remove_router_interface 1.506s
2025-05-15 10:51:25.160 69779 INFO tempest.lib.common.rest_client [req-ebf7ab06-c26b-46cc-b8b2-47740015a473 req-ebf7ab06-c26b-46cc-b8b2-47740015a473 ] Request (ServersAdminNegativeTestJSON:test_migrate_server_invalid_state): 200 GET http://10.180.1.21/compute/v2.1/servers/d2e9732f-5ea0-4be9-8000-d78d5acd8961 1.509s
2025-05-15 10:51:25.221 69757 INFO tempest.lib.common.rest_client [req-20a118e8-f25f-408b-aa0b-152a3fdc42e8 req-20a118e8-f25f-408b-aa0b-152a3fdc42e8 ] Request (QuotaClassesAdmin257Test:tearDownClass): 204 DELETE http://10.180.1.21/identity/v3/projects/bad7fe93c024402ebc0a9612ac3574f7 0.143s
2025-05-15 10:51:25.229 69721 INFO tempest.lib.common.rest_client [req-d6d530d6-6914-4377-a498-cb73a21f8a32 req-d6d530d6-6914-4377-a498-cb73a21f8a32 ] Request (AttachInterfacesUnderV243Test:test_add_remove_fixed_ip): 200 GET http://10.180.1.21/compute/v2.1/servers/33b600eb-e4ee-4c29-a2a0-1c80991093ab 1.575s
2025-05-15 10:51:25.267 69765 INFO tempest.lib.common.rest_client [req-ca55e2fe-3aac-49f8-a9ea-0858933323d7 req-ca55e2fe-3aac-49f8-a9ea-0858933323d7 ] Request (InstanceActionsNegativeTestJSON:tearDownClass): 200 GET http://10.180.1.21/compute/v2.1/servers/da2b0704-38ab-47ef-855f-0df5ee7fcbae 1.529s
2025-05-15 10:51:25.306 69757 INFO tempest.lib.common.rest_client [req-16477108-c5dd-4a22-8307-a9da7e21c821 req-16477108-c5dd-4a22-8307-a9da7e21c821 ] Request (ListImageFiltersNegativeTestJSON:setUpClass): 201 POST http://10.180.1.21/identity/v3/auth/tokens 0.082s
2025-05-15 10:51:25.339 69775 INFO tempest.lib.common.rest_client [req-51444db8-dec7-4fe8-93e7-1a84f70f0e3e req-51444db8-dec7-4fe8-93e7-1a84f70f0e3e ] Request (AttachVolumeNegativeTest:test_attach_attached_volume_to_different_server): 200 GET http://10.180.1.21/compute/v2.1/servers/11028ce0-73e3-483a-bd01-62cfd5713954 1.359s
2025-05-15 10:51:25.342 69757 INFO tempest.lib.common.rest_client [req-34fef66b-433e-4b8f-9ddc-54512bf644bd req-34fef66b-433e-4b8f-9ddc-54512bf644bd ] Request (ListImageFiltersNegativeTestJSON:setUpClass): 201 POST http://10.180.1.21/identity/v3/auth/tokens 0.033s
2025-05-15 10:51:25.358 69719 INFO tempest.lib.common.rest_client [req-5070e9f6-f1c5-46d1-b052-45197925d0c3 req-5070e9f6-f1c5-46d1-b052-45197925d0c3 ] Request (AttachVolumeShelveTestJSON:test_attach_volume_shelved_or_offload_server): 200 GET http://10.180.1.21/compute/v2.1/servers/8d8f09c7-5035-4ae0-92ea-3562432e6ceb 1.303s
2025-05-15 10:51:25.383 69757 INFO tempest.lib.common.rest_client [req-f30513c1-ceff-47ae-8e33-a5e33b6ffd3d req-f30513c1-ceff-47ae-8e33-a5e33b6ffd3d ] Request (ListImageFiltersNegativeTestJSON:setUpClass): 200 GET http://10.180.1.21/identity/v3/domains?name=Default 0.040s
2025-05-15 10:51:25.414 69757 INFO tempest.lib.common.rest_client [req-249efbb5-2238-4cd8-84b4-d1bdd74847a5 req-249efbb5-2238-4cd8-84b4-d1bdd74847a5 ] Request (ListImageFiltersNegativeTestJSON:setUpClass): 201 POST http://10.180.1.21/identity/v3/projects 0.031s
2025-05-15 10:51:25.419 69773 INFO tempest.lib.common.rest_client [req-d18359cd-fa0c-43f4-8e1f-54ae6901d16b req-d18359cd-fa0c-43f4-8e1f-54ae6901d16b ] Request (ServerActionsTestOtherA:setUpClass): 201 POST http://10.180.1.21:9696/networking/v2.0/security-groups 0.572s
2025-05-15 10:51:25.475 69757 INFO tempest.lib.common.rest_client [req-c94ba0c2-8dcb-42de-9926-cec75b9705fd req-c94ba0c2-8dcb-42de-9926-cec75b9705fd ] Request (ListImageFiltersNegativeTestJSON:setUpClass): 201 POST http://10.180.1.21/identity/v3/users 0.060s
2025-05-15 10:51:25.501 69757 INFO tempest.lib.common.rest_client [req-10f1b38c-e3da-4dcf-afc0-c968fcdae909 req-10f1b38c-e3da-4dcf-afc0-c968fcdae909 ] Request (ListImageFiltersNegativeTestJSON:setUpClass): 200 GET http://10.180.1.21/identity/v3/roles 0.026s
2025-05-15 10:51:25.537 69757 INFO tempest.lib.common.rest_client [req-0c878d4c-91ac-4335-9e93-c75ecff41fcb req-0c878d4c-91ac-4335-9e93-c75ecff41fcb ] Request (ListImageFiltersNegativeTestJSON:setUpClass): 204 PUT http://10.180.1.21/identity/v3/projects/2c27586368dd453d8f9acda245d1a69b/users/07d271913e5d453ca825b2029262218c/roles/41236fd1509e4bdabdfd0e21a01fa53b 0.035s
2025-05-15 10:51:25.538 69757 INFO tempest.lib.common.dynamic_creds [-] Dynamic test user 07d271913e5d453ca825b2029262218c is created with scope project and roles: ['member']
2025-05-15 10:51:25.538 69757 INFO tempest.lib.common.dynamic_creds [-] Acquired dynamic creds: credentials: Credentials: {'domain_id': 'default', 'domain_name': 'Default', 'username': 'tempest-ListImageFiltersNegativeTestJSON-1232498718-project-member', 'project_domain_id': 'default', 'project_domain_name': 'Default', 'project_id': '2c27586368dd453d8f9acda245d1a69b', 'project_name': 'tempest-ListImageFiltersNegativeTestJSON-1232498718', 'tenant_id': '2c27586368dd453d8f9acda245d1a69b', 'tenant_name': 'tempest-ListImageFiltersNegativeTestJSON-1232498718', 'user_domain_id': 'default', 'user_domain_name': 'Default', 'user_id': '07d271913e5d453ca825b2029262218c', 'system': None}, Network: None, Subnet: None, Router: None
2025-05-15 10:51:25.538 69757 INFO tempest.lib.common.dynamic_creds [-] Created isolated network resources for: credentials: Credentials: {'domain_id': 'default', 'domain_name': 'Default', 'username': 'tempest-ListImageFiltersNegativeTestJSON-1232498718-project-member', 'project_domain_id': 'default', 'project_domain_name': 'Default', 'project_id': '2c27586368dd453d8f9acda245d1a69b', 'project_name': 'tempest-ListImageFiltersNegativeTestJSON-1232498718', 'tenant_id': '2c27586368dd453d8f9acda245d1a69b', 'tenant_name': 'tempest-ListImageFiltersNegativeTestJSON-1232498718', 'user_domain_id': 'default', 'user_domain_name': 'Default', 'user_id': '07d271913e5d453ca825b2029262218c', 'system': None}, Network: None, Subnet: None, Router: None
2025-05-15 10:51:25.624 69757 INFO tempest.lib.common.rest_client [req-218c0eb7-eb20-4391-afea-f78d98c4fada req-218c0eb7-eb20-4391-afea-f78d98c4fada ] Request (ListImageFiltersNegativeTestJSON:setUpClass): 201 POST http://10.180.1.21/identity/v3/auth/tokens 0.080s
2025-05-15 10:51:25.831 69735 INFO tempest.lib.common.rest_client [req-cd54f3b7-e842-44d9-b0a1-96253ce24d35 req-cd54f3b7-e842-44d9-b0a1-96253ce24d35 ] Request (ServersTestManualDisk:setUpClass): 200 GET http://10.180.1.21/compute/v2.1/servers/6f6bf764-5ab6-454b-b0b2-b9c0a213e60c 1.732s
2025-05-15 10:51:25.839 69773 INFO tempest.lib.common.rest_client [req-395ddeab-cb61-4bc1-a93e-d44a3502b3bc req-395ddeab-cb61-4bc1-a93e-d44a3502b3bc ] Request (ServerActionsTestOtherA:setUpClass): 201 POST http://10.180.1.21:9696/networking/v2.0/security-group-rules 0.419s
2025-05-15 10:51:25.840 69735 INFO tempest.common.waiters [-] State transition "BUILD/None" ==> "BUILD/spawning" after 24 second wait
2025-05-15 10:51:25.866 69763 INFO tempest.lib.common.rest_client [req-e35e9234-80b9-4155-b7ee-8e7b523677cc req-e35e9234-80b9-4155-b7ee-8e7b523677cc ] Request (SecurityGroupRulesTestJSON:_run_cleanups): 202 DELETE http://10.180.1.21/compute/v2.1/os-security-group-rules/b4ab4575-6252-4e9a-bac4-528f13f99a66 1.436s
2025-05-15 10:51:26.116 69773 INFO tempest.lib.common.rest_client [req-0286eb6d-de1b-4371-9dac-ef9f4ca9c869 req-0286eb6d-de1b-4371-9dac-ef9f4ca9c869 ] Request (ServerActionsTestOtherA:setUpClass): 201 POST http://10.180.1.21:9696/networking/v2.0/security-group-rules 0.276s
2025-05-15 10:51:26.165 69759 INFO tempest.lib.common.rest_client [req-8f9dfc19-1a2d-4008-afba-cf4abc934939 req-8f9dfc19-1a2d-4008-afba-cf4abc934939 ] Request (ImagesNegativeTestJSON:tearDownClass): 204 DELETE http://10.180.1.21:9696/networking/v2.0/routers/e99f2aa7-6e7d-43a9-bb16-a5c06a92aca7 1.072s
2025-05-15 10:51:26.235 69770 INFO tempest.lib.common.rest_client [req-c3be7b73-8d7a-4edc-bd44-95e82d93300a req-c3be7b73-8d7a-4edc-bd44-95e82d93300a ] Request (AttachInterfacesTestJSON:test_create_list_show_delete_interfaces_by_fixed_ip): 200 PUT http://10.180.1.21:9696/networking/v2.0/floatingips/92276005-674c-4e34-9dfc-1cb32cb99175 1.140s
2025-05-15 10:51:26.377 69762 INFO tempest.lib.common.rest_client [req-ee13dd85-541b-4560-a09e-e1c0978d7712 req-ee13dd85-541b-4560-a09e-e1c0978d7712 ] Request (SecurityGroupRulesNegativeTestJSON:tearDownClass): 202 DELETE http://10.180.1.21/compute/v2.1/os-security-groups/37ce5288-bc21-4bb3-9906-aee704ec64d8 1.891s
2025-05-15 10:51:26.422 69745 INFO tempest.lib.common.rest_client [req-81932fc9-b6d9-41c0-9c3a-76a76c86d519 req-81932fc9-b6d9-41c0-9c3a-76a76c86d519 ] Request (ListImageFiltersTestJSON:setUpClass): 200 GET http://10.180.1.21/compute/v2.1/images/b9f3fd91-5347-4f59-8b9d-3896a93faf0c 1.518s
2025-05-15 10:51:26.446 69771 INFO tempest.lib.common.rest_client [req-acc53989-59df-414f-a744-b8cc8d0f57c8 req-acc53989-59df-414f-a744-b8cc8d0f57c8 ] Request (MigrationsAdminTest:test_list_migrations_in_flavor_resize_situation): 200 GET http://10.180.1.21/compute/v2.1/servers/2068b009-a493-4a97-adb2-bf90e6d71c12 1.588s
2025-05-15 10:51:26.469 69751 INFO tempest.lib.common.rest_client [req-122073c3-4d5c-489e-aa0f-a56f5d906ba6 req-122073c3-4d5c-489e-aa0f-a56f5d906ba6 ] Request (FlavorsAdminTestJSON:_run_cleanups): 202 DELETE http://10.180.1.21/compute/v2.1/flavors/1565500600 1.421s
2025-05-15 10:51:26.554 69733 INFO tempest.lib.common.rest_client [req-e6f82fb0-ac97-40e6-9b0a-4abba5e9d81a req-e6f82fb0-ac97-40e6-9b0a-4abba5e9d81a ] Request (ListServersNegativeTestJSON:setUpClass): 200 GET http://10.180.1.21/compute/v2.1/servers/49ebd426-a2d8-4a16-a648-d672641add81 1.527s
2025-05-15 10:51:26.568 69725 INFO tempest.lib.common.rest_client [req-cb0e71f3-21f4-44a1-8ab5-040c40a85e67 req-cb0e71f3-21f4-44a1-8ab5-040c40a85e67 ] Request (DeleteServersAdminTestJSON:test_delete_server_while_in_error_state): 200 GET http://10.180.1.21/compute/v2.1/servers/2be94567-64bc-4a1e-94c1-dd58c8c44d87 1.422s
2025-05-15 10:51:26.635 69753 INFO tempest.lib.common.rest_client [req-c8d01633-b189-4619-bbcd-779ec75eb04d req-c8d01633-b189-4619-bbcd-779ec75eb04d ] Request (SecurityGroupsTestJSON:test_list_security_groups_by_server): 200 GET http://10.180.1.21/compute/v2.1/servers/78876af3-91f0-4cdf-bdde-39b4519e54bc 1.473s
2025-05-15 10:51:26.648 69759 INFO tempest.lib.common.rest_client [req-30dd660c-f1ac-472f-9193-826014c3e570 req-30dd660c-f1ac-472f-9193-826014c3e570 ] Request (ImagesNegativeTestJSON:tearDownClass): 204 DELETE http://10.180.1.21:9696/networking/v2.0/subnets/5a053607-d683-4a31-9d2f-170ae50e7fee 0.480s
2025-05-15 10:51:26.664 69743 INFO tempest.lib.common.rest_client [req-0477097e-5681-419d-8037-db1b9913cb0a req-0477097e-5681-419d-8037-db1b9913cb0a ] Request (FloatingIPDetailsTestJSON:setUpClass): 201 POST http://10.180.1.21:9696/networking/v2.0/routers 2.481s
2025-05-15 10:51:26.697 69749 INFO tempest.lib.common.rest_client [req-199e7eb9-28b9-44ac-872b-6e1ab102e680 req-199e7eb9-28b9-44ac-872b-6e1ab102e680 ] Request (ServersAdminTestJSON:setUpClass): 200 GET http://10.180.1.21/compute/v2.1/servers/a69aa834-a200-486e-9922-61018ae10f90 1.439s
2025-05-15 10:51:26.710 69749 INFO tempest.common.waiters [-] State transition "BUILD/None" ==> "BUILD/networking" after 25 second wait
2025-05-15 10:51:26.727 69755 INFO tempest.lib.common.rest_client [req-7fa64007-5345-4c62-9497-58b956c64c6d req-7fa64007-5345-4c62-9497-58b956c64c6d ] Request (ServersV294TestFqdnHostnames:setUpClass): 200 GET http://10.180.1.21/compute/v2.1/servers/57397a3c-2115-461c-93fe-0f8baf4484af 1.460s
2025-05-15 10:51:26.833 69781 INFO tempest.lib.common.rest_client [req-ab40d5ca-98f9-4644-9c72-e422e286d8f3 req-ab40d5ca-98f9-4644-9c72-e422e286d8f3 ] Request (FloatingIPsAssociationTestJSON:setUpClass): 200 GET http://10.180.1.21/compute/v2.1/servers/97eda364-701c-4a37-b3b8-9e399dad5fd5 1.472s
2025-05-15 10:51:26.842 69723 INFO tempest.lib.common.rest_client [req-21c010d1-252a-46cd-a7bb-af21fffabac0 req-21c010d1-252a-46cd-a7bb-af21fffabac0 ] Request (ServerRescueTestJSONUnderV235:setUpClass): 200 GET http://10.180.1.21/compute/v2.1/servers/a1468a4f-6462-4943-af0e-dd01f8846ce7 1.260s
2025-05-15 10:51:26.969 69757 INFO tempest.lib.common.rest_client [req-8772b7dd-42e6-417c-a1a1-b2154074c196 req-8772b7dd-42e6-417c-a1a1-b2154074c196 ] Request (ListImageFiltersNegativeTestJSON:test_get_nonexistent_image): 404 GET http://10.180.1.21/compute/v2.1/images/7f45f6af-8cbd-40e8-826d-2b7c14e1297d 1.344s
2025-05-15 10:51:27.070 69777 INFO tempest.lib.common.rest_client [req-2d40559e-4c7b-466a-a3d2-50ca3c878901 req-2d40559e-4c7b-466a-a3d2-50ca3c878901 ] Request (ServerExternalEventsTest:test_create_server_external_events): 200 GET http://10.180.1.21/compute/v2.1/servers/5df06110-ddc7-4d82-a9f0-c4fac929060b 1.321s
2025-05-15 10:51:27.095 69757 INFO tempest.lib.common.rest_client [req-8eb12e59-b30f-41d2-8e59-1e0b8a841914 req-8eb12e59-b30f-41d2-8e59-1e0b8a841914 ] Request (ListImageFiltersNegativeTestJSON:tearDownClass): 204 DELETE http://10.180.1.21/identity/v3/users/07d271913e5d453ca825b2029262218c 0.124s
2025-05-15 10:51:27.095 69757 INFO tempest.lib.common.dynamic_creds [-] Deleting project and security group for project: 2c27586368dd453d8f9acda245d1a69b
2025-05-15 10:51:27.117 69737 INFO tempest.lib.common.rest_client [req-73de414f-ffdf-418c-b0ba-8a78f4be023d req-73de414f-ffdf-418c-b0ba-8a78f4be023d ] Request (TenantUsagesTestJSON:setUpClass): 200 GET http://10.180.1.21/compute/v2.1/servers/d9ae2163-ba21-47c0-9c10-d9cd35fb00f6 1.494s
2025-05-15 10:51:27.175 69757 INFO tempest.lib.common.rest_client [req-61c4453c-2e9b-40a4-9391-cb68b622ca6c req-61c4453c-2e9b-40a4-9391-cb68b622ca6c ] Request (ListImageFiltersNegativeTestJSON:tearDownClass): 201 POST http://10.180.1.21/identity/v3/auth/tokens 0.079s
2025-05-15 10:51:27.237 69747 INFO tempest.lib.common.rest_client [req-e824e47f-dc81-409f-a206-eb1af2ed12bd req-e824e47f-dc81-409f-a206-eb1af2ed12bd ] Request (ServersAdmin275Test:tearDownClass): 200 GET http://10.180.1.21/compute/v2.1/servers/9dd18afb-5a25-48e4-9250-fe7122031a6c 1.212s
2025-05-15 10:51:27.348 69779 INFO tempest.lib.common.rest_client [req-ddd5b385-38a1-4b3f-a01f-202ea63ffecb req-ddd5b385-38a1-4b3f-a01f-202ea63ffecb ] Request (ServersAdminNegativeTestJSON:test_migrate_server_invalid_state): 200 GET http://10.180.1.21/compute/v2.1/servers/d2e9732f-5ea0-4be9-8000-d78d5acd8961 1.174s
2025-05-15 10:51:27.479 69763 INFO tempest.lib.common.rest_client [req-a4540e85-0ca3-4ed6-8673-4089923da539 req-a4540e85-0ca3-4ed6-8673-4089923da539 ] Request (SecurityGroupRulesTestJSON:tearDownClass): 202 DELETE http://10.180.1.21/compute/v2.1/os-security-groups/cf5bedd0-1efd-4b35-8a88-09b1c52b1e9a 1.612s
2025-05-15 10:51:27.605 69721 INFO tempest.lib.common.rest_client [req-380c49ed-a617-4b41-9964-4ebcb199712a req-380c49ed-a617-4b41-9964-4ebcb199712a ] Request (AttachInterfacesUnderV243Test:test_add_remove_fixed_ip): 200 GET http://10.180.1.21/compute/v2.1/servers/33b600eb-e4ee-4c29-a2a0-1c80991093ab 1.366s
2025-05-15 10:51:27.666 69770 INFO tempest.lib.common.rest_client [req-3ab1bcf4-5ad3-4c15-bef3-6fcd2f9449ee req-3ab1bcf4-5ad3-4c15-bef3-6fcd2f9449ee ] Request (AttachInterfacesTestJSON:test_create_list_show_delete_interfaces_by_fixed_ip): 200 GET http://10.180.1.21/compute/v2.1/servers/c1dc8ac0-7716-40ef-ae8e-7d38abeae12c 1.430s
2025-05-15 10:51:27.675 69770 INFO tempest.lib.common.ssh [-] Creating ssh connection to '10.180.180.217:22' as 'cirros' with public key authentication
2025-05-15 10:51:27.684 69759 INFO tempest.lib.common.rest_client [req-9cc72b29-bea7-49be-b610-c6e71c6b6623 req-9cc72b29-bea7-49be-b610-c6e71c6b6623 ] Request (ImagesNegativeTestJSON:tearDownClass): 204 DELETE http://10.180.1.21:9696/networking/v2.0/networks/efe11fff-e10f-4a0c-b776-c984e60d4275 1.034s
2025-05-15 10:51:27.699 69773 INFO tempest.lib.common.rest_client [req-9eacb249-9550-4226-87ad-e156bfc6d4b9 req-9eacb249-9550-4226-87ad-e156bfc6d4b9 ] Request (ServerActionsTestOtherA:setUpClass): 201 POST http://10.180.1.21:9696/networking/v2.0/floatingips 1.582s
2025-05-15 10:51:27.713 69757 INFO tempest.lib.common.rest_client [req-f55cbafe-b5c6-4512-8f18-b514cd116b10 req-f55cbafe-b5c6-4512-8f18-b514cd116b10 ] Request (ListImageFiltersNegativeTestJSON:tearDownClass): 200 GET http://10.180.1.21:9696/networking/v2.0/security-groups?tenant_id=2c27586368dd453d8f9acda245d1a69b&name=default 0.537s
2025-05-15 10:51:27.721 69765 INFO tempest.lib.common.rest_client [req-e5f9e090-5a20-4001-85b1-5a073df961c5 req-e5f9e090-5a20-4001-85b1-5a073df961c5 ] Request (InstanceActionsNegativeTestJSON:tearDownClass): 200 GET http://10.180.1.21/compute/v2.1/servers/da2b0704-38ab-47ef-855f-0df5ee7fcbae 1.440s
2025-05-15 10:51:27.764 69775 INFO tempest.lib.common.rest_client [req-7d851311-14d0-4886-b0fc-38f515c04b78 req-7d851311-14d0-4886-b0fc-38f515c04b78 ] Request (AttachVolumeNegativeTest:test_attach_attached_volume_to_different_server): 200 GET http://10.180.1.21/compute/v2.1/servers/11028ce0-73e3-483a-bd01-62cfd5713954 1.414s
2025-05-15 10:51:27.792 69773 INFO tempest.lib.common.rest_client [req-75a25cdb-a974-4235-a94b-9b02e4981933 req-75a25cdb-a974-4235-a94b-9b02e4981933 ] Request (ServerActionsTestOtherA:setUpClass): 201 POST http://10.180.1.21/identity/v3/auth/tokens 0.090s
2025-05-15 10:51:27.793 69773 INFO tempest.lib.common.fixed_network [-] (ServerActionsTestOtherA:setUpClass) Found network {'id': '2e919c77-3170-4d6d-9779-978d4cf8fafb', 'name': 'tempest-ServerActionsTestOtherA-1843815499-network', 'tenant_id': '44de2a3fad244be683fd7f2cea410ef2', 'admin_state_up': True, 'mtu': 8950, 'status': 'ACTIVE', 'subnets': [], 'shared': False, 'project_id': '44de2a3fad244be683fd7f2cea410ef2', 'port_security_enabled': True, 'router:external': False, 'provider:network_type': 'vlan', 'provider:physical_network': 'default', 'provider:segmentation_id': 535, 'availability_zone_hints': [], 'availability_zones': [], 'ipv4_address_scope': None, 'ipv6_address_scope': None, 'description': '', 'tags': [], 'created_at': '2025-05-15T10:51:20Z', 'updated_at': '2025-05-15T10:51:20Z', 'revision_number': 1} available for tenant
2025-05-15 10:51:27.795 69759 INFO tempest.lib.common.rest_client [req-e9cf8a8f-130a-4e96-ba15-cc3807bad621 req-e9cf8a8f-130a-4e96-ba15-cc3807bad621 ] Request (ImagesNegativeTestJSON:tearDownClass): 204 DELETE http://10.180.1.21/identity/v3/users/56fb720fc9304bb797980791ac6b67a7 0.111s
2025-05-15 10:51:27.795 69759 INFO tempest.lib.common.dynamic_creds [-] Deleting project and security group for project: 97a55e88af2f476eb5f071234e10d06b
2025-05-15 10:51:27.804 69751 INFO tempest.lib.common.rest_client [req-470c47aa-4a35-4335-9a86-7d94c5231344 req-470c47aa-4a35-4335-9a86-7d94c5231344 ] Request (FlavorsAdminTestJSON:_run_cleanups): 200 GET http://10.180.1.21/compute/v2.1/flavors/detail 1.333s
2025-05-15 10:51:27.822 69719 INFO tempest.lib.common.rest_client [req-b60d3a99-be67-4c4c-b96a-330eb2b5a358 req-b60d3a99-be67-4c4c-b96a-330eb2b5a358 ] Request (AttachVolumeShelveTestJSON:test_attach_volume_shelved_or_offload_server): 200 GET http://10.180.1.21/compute/v2.1/servers/8d8f09c7-5035-4ae0-92ea-3562432e6ceb 1.453s
2025-05-15 10:51:27.843 69757 INFO tempest.lib.common.rest_client [req-8206e14f-b416-4598-a0da-6a16166dc5a3 req-8206e14f-b416-4598-a0da-6a16166dc5a3 ] Request (ListImageFiltersNegativeTestJSON:tearDownClass): 204 DELETE http://10.180.1.21:9696/networking/v2.0/security-groups/1dbafb52-a7a0-4530-a7dc-df15067382cb 0.129s
2025-05-15 10:51:27.868 69745 INFO tempest.lib.common.rest_client [req-f6f77293-398a-4e78-a128-31e7504d4d25 req-f6f77293-398a-4e78-a128-31e7504d4d25 ] Request (ListImageFiltersTestJSON:setUpClass): 200 GET http://10.180.1.21/compute/v2.1/images/b9f3fd91-5347-4f59-8b9d-3896a93faf0c 0.439s
2025-05-15 10:51:27.886 69759 INFO tempest.lib.common.rest_client [req-7876ab03-6b3e-4701-aee4-dc51a5e8e1ff req-7876ab03-6b3e-4701-aee4-dc51a5e8e1ff ] Request (ImagesNegativeTestJSON:tearDownClass): 200 GET http://10.180.1.21:9696/networking/v2.0/security-groups?tenant_id=97a55e88af2f476eb5f071234e10d06b&name=default 0.089s
2025-05-15 10:51:27.972 69757 INFO tempest.lib.common.rest_client [req-af1e7fec-9914-4140-924c-05969373a71f req-af1e7fec-9914-4140-924c-05969373a71f ] Request (ListImageFiltersNegativeTestJSON:tearDownClass): 204 DELETE http://10.180.1.21/identity/v3/projects/2c27586368dd453d8f9acda245d1a69b 0.129s
2025-05-15 10:51:28.043 69757 INFO tempest.lib.common.rest_client [req-d614618a-ca5e-4974-8153-6ae3fa7f03b1 req-d614618a-ca5e-4974-8153-6ae3fa7f03b1 ] Request (KeyPairsNegativeTestJSON:setUpClass): 201 POST http://10.180.1.21/identity/v3/auth/tokens 0.070s
2025-05-15 10:51:28.080 69757 INFO tempest.lib.common.rest_client [req-5c5dffde-b340-43db-9144-81fd0f4c5ac2 req-5c5dffde-b340-43db-9144-81fd0f4c5ac2 ] Request (KeyPairsNegativeTestJSON:setUpClass): 201 POST http://10.180.1.21/identity/v3/auth/tokens 0.034s
2025-05-15 10:51:28.090 69735 INFO tempest.lib.common.rest_client [req-726ed479-5a89-44cc-b3e7-160a92ba26f0 req-726ed479-5a89-44cc-b3e7-160a92ba26f0 ] Request (ServersTestManualDisk:setUpClass): 200 GET http://10.180.1.21/compute/v2.1/servers/6f6bf764-5ab6-454b-b0b2-b9c0a213e60c 1.249s
2025-05-15 10:51:28.112 69757 INFO tempest.lib.common.rest_client [req-cc9cf0f2-c3b7-4f3d-9b8b-f8022c48cf1b req-cc9cf0f2-c3b7-4f3d-9b8b-f8022c48cf1b ] Request (KeyPairsNegativeTestJSON:setUpClass): 200 GET http://10.180.1.21/identity/v3/domains?name=Default 0.031s
2025-05-15 10:51:28.126 69771 INFO tempest.lib.common.rest_client [req-f2b94176-7b1e-4e5d-880d-50b82f8eba9f req-f2b94176-7b1e-4e5d-880d-50b82f8eba9f ] Request (MigrationsAdminTest:test_list_migrations_in_flavor_resize_situation): 200 GET http://10.180.1.21/compute/v2.1/servers/2068b009-a493-4a97-adb2-bf90e6d71c12 0.668s
2025-05-15 10:51:28.137 69771 INFO tempest.common.waiters [-] State transition "RESIZE/resize_migrated" ==> "RESIZE/resize_finish" after 31 second wait
2025-05-15 10:51:28.137 69763 INFO tempest.lib.common.rest_client [req-a97767bb-da1d-4fd1-8778-66bedcd9ee3d req-a97767bb-da1d-4fd1-8778-66bedcd9ee3d ] Request (SecurityGroupRulesTestJSON:tearDownClass): 404 DELETE http://10.180.1.21/compute/v2.1/os-security-groups/923a7f02-e736-42de-8abe-2cf8d806009c 0.657s
2025-05-15 10:51:28.151 69757 INFO tempest.lib.common.rest_client [req-08068c0f-b4d0-40cb-93d6-09f5060fad5f req-08068c0f-b4d0-40cb-93d6-09f5060fad5f ] Request (KeyPairsNegativeTestJSON:setUpClass): 201 POST http://10.180.1.21/identity/v3/projects 0.039s
2025-05-15 10:51:28.211 69759 INFO tempest.lib.common.rest_client [req-abc89741-4de5-4ccb-a9ec-42653ae99da2 req-abc89741-4de5-4ccb-a9ec-42653ae99da2 ] Request (ImagesNegativeTestJSON:tearDownClass): 204 DELETE http://10.180.1.21:9696/networking/v2.0/security-groups/82e9d903-7c87-4299-bc36-6ab88db29652 0.325s
2025-05-15 10:51:28.226 69757 INFO tempest.lib.common.rest_client [req-cd8a6732-a08b-4a88-bf10-2c0f80b0c89d req-cd8a6732-a08b-4a88-bf10-2c0f80b0c89d ] Request (KeyPairsNegativeTestJSON:setUpClass): 201 POST http://10.180.1.21/identity/v3/users 0.074s
2025-05-15 10:51:28.235 69733 INFO tempest.lib.common.rest_client [req-ceaf6163-34ea-4ff6-ae02-be49ee8e970b req-ceaf6163-34ea-4ff6-ae02-be49ee8e970b ] Request (ListServersNegativeTestJSON:setUpClass): 200 GET http://10.180.1.21/compute/v2.1/servers/49ebd426-a2d8-4a16-a648-d672641add81 0.666s
2025-05-15 10:51:28.250 69725 INFO tempest.lib.common.rest_client [req-8d08f431-4c96-4329-aa1d-3dcc59d4d5d0 req-8d08f431-4c96-4329-aa1d-3dcc59d4d5d0 ] Request (DeleteServersAdminTestJSON:test_delete_server_while_in_error_state): 200 GET http://10.180.1.21/compute/v2.1/servers/2be94567-64bc-4a1e-94c1-dd58c8c44d87 0.668s
2025-05-15 10:51:28.264 69757 INFO tempest.lib.common.rest_client [req-5acc75b5-cab6-4a00-9d7b-54126ab337a3 req-5acc75b5-cab6-4a00-9d7b-54126ab337a3 ] Request (KeyPairsNegativeTestJSON:setUpClass): 200 GET http://10.180.1.21/identity/v3/roles 0.037s
2025-05-15 10:51:28.297 69759 INFO tempest.lib.common.rest_client [req-518ed9a6-347e-466f-b8b8-0dfc427bff0e req-518ed9a6-347e-466f-b8b8-0dfc427bff0e ] Request (ImagesNegativeTestJSON:tearDownClass): 204 DELETE http://10.180.1.21/identity/v3/projects/97a55e88af2f476eb5f071234e10d06b 0.085s
2025-05-15 10:51:28.318 69753 INFO tempest.lib.common.rest_client [req-88da5aeb-9309-4563-bc4a-eb86f7f2ffe5 req-88da5aeb-9309-4563-bc4a-eb86f7f2ffe5 ] Request (SecurityGroupsTestJSON:test_list_security_groups_by_server): 200 GET http://10.180.1.21/compute/v2.1/servers/78876af3-91f0-4cdf-bdde-39b4519e54bc 0.667s
2025-05-15 10:51:28.327 69759 INFO tempest.lib.common.rest_client [req-e0996636-c893-4e07-b7c9-be517d52e90a req-e0996636-c893-4e07-b7c9-be517d52e90a ] Request (ImagesOneServerTestJSON:setUpClass): 201 POST http://10.180.1.21/identity/v3/auth/tokens 0.028s
2025-05-15 10:51:28.356 69757 INFO tempest.lib.common.rest_client [req-dab6149b-26d4-41d7-987a-a78f418d93a2 req-dab6149b-26d4-41d7-987a-a78f418d93a2 ] Request (KeyPairsNegativeTestJSON:setUpClass): 204 PUT http://10.180.1.21/identity/v3/projects/b00501fb668c4f02ad04ab569dbdcc77/users/ff37351cd0fa40ecbefa5c1b85922846/roles/41236fd1509e4bdabdfd0e21a01fa53b 0.092s
2025-05-15 10:51:28.356 69757 INFO tempest.lib.common.dynamic_creds [-] Dynamic test user ff37351cd0fa40ecbefa5c1b85922846 is created with scope project and roles: ['member']
2025-05-15 10:51:28.357 69757 INFO tempest.lib.common.dynamic_creds [-] Acquired dynamic creds: credentials: Credentials: {'domain_id': 'default', 'domain_name': 'Default', 'username': 'tempest-KeyPairsNegativeTestJSON-137395960-project-member', 'project_domain_id': 'default', 'project_domain_name': 'Default', 'project_id': 'b00501fb668c4f02ad04ab569dbdcc77', 'project_name': 'tempest-KeyPairsNegativeTestJSON-137395960', 'tenant_id': 'b00501fb668c4f02ad04ab569dbdcc77', 'tenant_name': 'tempest-KeyPairsNegativeTestJSON-137395960', 'user_domain_id': 'default', 'user_domain_name': 'Default', 'user_id': 'ff37351cd0fa40ecbefa5c1b85922846', 'system': None}, Network: None, Subnet: None, Router: None
2025-05-15 10:51:28.357 69757 INFO tempest.lib.common.dynamic_creds [-] Created isolated network resources for: credentials: Credentials: {'domain_id': 'default', 'domain_name': 'Default', 'username': 'tempest-KeyPairsNegativeTestJSON-137395960-project-member', 'project_domain_id': 'default', 'project_domain_name': 'Default', 'project_id': 'b00501fb668c4f02ad04ab569dbdcc77', 'project_name': 'tempest-KeyPairsNegativeTestJSON-137395960', 'tenant_id': 'b00501fb668c4f02ad04ab569dbdcc77', 'tenant_name': 'tempest-KeyPairsNegativeTestJSON-137395960', 'user_domain_id': 'default', 'user_domain_name': 'Default', 'user_id': 'ff37351cd0fa40ecbefa5c1b85922846', 'system': None}, Network: None, Subnet: None, Router: None
2025-05-15 10:51:28.392 69759 INFO tempest.lib.common.rest_client [req-d0890ddf-902b-45e1-bbb7-00ab460b92e9 req-d0890ddf-902b-45e1-bbb7-00ab460b92e9 ] Request (ImagesOneServerTestJSON:setUpClass): 201 POST http://10.180.1.21/identity/v3/auth/tokens 0.062s
2025-05-15 10:51:28.408 69755 INFO tempest.lib.common.rest_client [req-c8a97f1e-d4ee-4637-8dee-19cda655eb43 req-c8a97f1e-d4ee-4637-8dee-19cda655eb43 ] Request (ServersV294TestFqdnHostnames:setUpClass): 200 GET http://10.180.1.21/compute/v2.1/servers/57397a3c-2115-461c-93fe-0f8baf4484af 0.659s
2025-05-15 10:51:28.418 69759 INFO tempest.lib.common.rest_client [req-addd1ec1-3706-48f7-89e7-6b34f71ec3a1 req-addd1ec1-3706-48f7-89e7-6b34f71ec3a1 ] Request (ImagesOneServerTestJSON:setUpClass): 200 GET http://10.180.1.21/identity/v3/domains?name=Default 0.025s
2025-05-15 10:51:28.453 69759 INFO tempest.lib.common.rest_client [req-f978f170-80c7-4239-b16a-e18886afd56a req-f978f170-80c7-4239-b16a-e18886afd56a ] Request (ImagesOneServerTestJSON:setUpClass): 201 POST http://10.180.1.21/identity/v3/projects 0.034s
2025-05-15 10:51:28.483 69757 INFO tempest.lib.common.rest_client [req-34c387d7-8b43-4b3c-bec7-0379cdb991fc req-34c387d7-8b43-4b3c-bec7-0379cdb991fc ] Request (KeyPairsNegativeTestJSON:setUpClass): 201 POST http://10.180.1.21/identity/v3/auth/tokens 0.123s
2025-05-15 10:51:28.483 69749 INFO tempest.lib.common.rest_client [req-e037fe1e-c873-4edb-8237-736656cff558 req-e037fe1e-c873-4edb-8237-736656cff558 ] Request (ServersAdminTestJSON:setUpClass): 200 GET http://10.180.1.21/compute/v2.1/servers/a69aa834-a200-486e-9922-61018ae10f90 0.771s
2025-05-15 10:51:28.493 69749 INFO tempest.common.waiters [-] State transition "BUILD/networking" ==> "BUILD/spawning" after 27 second wait
2025-05-15 10:51:28.500 69762 INFO tempest.lib.common.rest_client [req-f2afeae1-aed4-4040-b456-01b6e768344c req-f2afeae1-aed4-4040-b456-01b6e768344c ] Request (SecurityGroupRulesNegativeTestJSON:tearDownClass): 200 PUT http://10.180.1.21:9696/networking/v2.0/routers/531bc22f-113e-466f-8eb9-a2e5fb9e0696/remove_router_interface 2.123s
2025-05-15 10:51:28.519 69751 INFO tempest.lib.common.rest_client [req-4d67921d-d67b-47bc-bedd-182960c21201 req-4d67921d-d67b-47bc-bedd-182960c21201 ] Request (FlavorsAdminTestJSON:_run_cleanups): 202 DELETE http://10.180.1.21/compute/v2.1/flavors/1082611547 0.707s
2025-05-15 10:51:28.532 69759 INFO tempest.lib.common.rest_client [req-494952e7-25f6-4ab8-bc14-498f7682c028 req-494952e7-25f6-4ab8-bc14-498f7682c028 ] Request (ImagesOneServerTestJSON:setUpClass): 201 POST http://10.180.1.21/identity/v3/users 0.078s
2025-05-15 10:51:28.561 69759 INFO tempest.lib.common.rest_client [req-4496c17b-8d52-4b79-9f82-6f487cf4d241 req-4496c17b-8d52-4b79-9f82-6f487cf4d241 ] Request (ImagesOneServerTestJSON:setUpClass): 200 GET http://10.180.1.21/identity/v3/roles 0.029s
2025-05-15 10:51:28.621 69781 INFO tempest.lib.common.rest_client [req-525f7320-125a-4609-90a5-416952315262 req-525f7320-125a-4609-90a5-416952315262 ] Request (FloatingIPsAssociationTestJSON:setUpClass): 200 GET http://10.180.1.21/compute/v2.1/servers/97eda364-701c-4a37-b3b8-9e399dad5fd5 0.778s
2025-05-15 10:51:28.675 69759 INFO tempest.lib.common.rest_client [req-f79a38c3-57b3-47d4-85df-4cb774b77704 req-f79a38c3-57b3-47d4-85df-4cb774b77704 ] Request (ImagesOneServerTestJSON:setUpClass): 204 PUT http://10.180.1.21/identity/v3/projects/39e24d958a7e4044b92bf29ce18b1355/users/4b47ffeaf52f4d30adc84ffa459d87d5/roles/41236fd1509e4bdabdfd0e21a01fa53b 0.113s
2025-05-15 10:51:28.675 69759 INFO tempest.lib.common.dynamic_creds [-] Dynamic test user 4b47ffeaf52f4d30adc84ffa459d87d5 is created with scope project and roles: ['member']
2025-05-15 10:51:28.675 69759 INFO tempest.lib.common.dynamic_creds [-] Acquired dynamic creds: credentials: Credentials: {'domain_id': 'default', 'domain_name': 'Default', 'username': 'tempest-ImagesOneServerTestJSON-612662026-project-member', 'project_domain_id': 'default', 'project_domain_name': 'Default', 'project_id': '39e24d958a7e4044b92bf29ce18b1355', 'project_name': 'tempest-ImagesOneServerTestJSON-612662026', 'tenant_id': '39e24d958a7e4044b92bf29ce18b1355', 'tenant_name': 'tempest-ImagesOneServerTestJSON-612662026', 'user_domain_id': 'default', 'user_domain_name': 'Default', 'user_id': '4b47ffeaf52f4d30adc84ffa459d87d5', 'system': None}, Network: None, Subnet: None, Router: None
2025-05-15 10:51:28.676 69731 INFO paramiko.transport [-] Connected (version 2.0, client dropbear_2020.81)
2025-05-15 10:51:28.760 69723 INFO tempest.lib.common.rest_client [req-d673ae93-91b8-40b9-9838-ebb78f889c47 req-d673ae93-91b8-40b9-9838-ebb78f889c47 ] Request (ServerRescueTestJSONUnderV235:setUpClass): 200 GET http://10.180.1.21/compute/v2.1/servers/a1468a4f-6462-4943-af0e-dd01f8846ce7 0.902s
2025-05-15 10:51:28.770 69723 INFO tempest.common.waiters [-] State transition "BUILD/scheduling" ==> "BUILD/None" after 8 second wait
2025-05-15 10:51:28.787 69731 INFO paramiko.transport [-] Authentication (publickey) successful!
2025-05-15 10:51:28.787 69731 INFO tempest.lib.common.ssh [-] ssh connection to cirros@10.180.180.224 successfully created
2025-05-15 10:51:28.831 69759 INFO tempest.lib.common.rest_client [req-d9aff51e-9844-44d8-af99-d3159686a856 req-d9aff51e-9844-44d8-af99-d3159686a856 ] Request (ImagesOneServerTestJSON:setUpClass): 201 POST http://10.180.1.21/identity/v3/auth/tokens 0.155s
2025-05-15 10:51:28.887 69777 INFO tempest.lib.common.rest_client [req-f3774046-db82-4f6a-93ee-48d781b372d9 req-f3774046-db82-4f6a-93ee-48d781b372d9 ] Request (ServerExternalEventsTest:test_create_server_external_events): 200 GET http://10.180.1.21/compute/v2.1/servers/5df06110-ddc7-4d82-a9f0-c4fac929060b 0.805s
