2025-05-15 10:52:53.124 69733 INFO tempest.lib.common.rest_client [req-b52096db-8c0e-4de1-a92a-973e1756b9f9 req-b52096db-8c0e-4de1-a92a-973e1756b9f9 ] Request (ListServersNegativeTestJSON:tearDownClass): 200 GET http://10.180.1.21/compute/v2.1/servers/ce36ec6e-aa3a-4413-897a-1aad2173662b 0.735s
2025-05-15 10:52:53.124 69775 INFO tempest.lib.common.rest_client [req-c472c008-a606-44f2-82ec-e26e368279a5 req-c472c008-a606-44f2-82ec-e26e368279a5 ] Request (AttachVolumeNegativeTest:test_attach_attached_volume_to_different_server): 200 GET http://10.180.1.21/compute/v2.1/servers/41bacac6-0187-4a9d-b413-63da35c48d40 0.646s
2025-05-15 10:52:53.245 69771 INFO tempest.lib.common.rest_client [req-17aa514d-3486-4e51-ac9b-ae409aeb5d9f req-17aa514d-3486-4e51-ac9b-ae409aeb5d9f ] Request (MigrationsAdminTest:test_resize_server_revert_deleted_flavor): 200 GET http://10.180.1.21/compute/v2.1/servers/49d8a5f5-3cd6-4ebf-8a49-c7e1116f2de6 0.685s
2025-05-15 10:52:53.324 69779 INFO tempest.lib.common.rest_client [req-df5f12ce-45ac-4b69-a0d0-06109731be14 req-df5f12ce-45ac-4b69-a0d0-06109731be14 ] Request (ServersAdminNegativeTestJSON:tearDownClass): 200 GET http://10.180.1.21/compute/v2.1/servers/fe5818f2-9edf-41b1-84e0-2e6c1e5a78cb 0.738s
2025-05-15 10:52:53.340 69781 INFO tempest.lib.common.rest_client [req-8736d2b6-6ec1-40eb-a503-7f46083e6345 req-8736d2b6-6ec1-40eb-a503-7f46083e6345 ] Request (FloatingIPsAssociationTestJSON:test_associate_already_associated_floating_ip): 200 GET http://10.180.1.21/compute/v2.1/servers/11957fcf-7b3b-46fd-917b-30f9f873b982 0.858s
2025-05-15 10:52:53.347 69781 INFO tempest.common.waiters [-] State transition "BUILD/None" ==> "BUILD/spawning" after 59 second wait
2025-05-15 10:52:53.393 69725 INFO tempest.lib.common.rest_client [req-7f95b61c-a861-43ec-bb35-2ee5d722415f req-7f95b61c-a861-43ec-bb35-2ee5d722415f ] Request (DeleteServersAdminTestJSON:test_delete_server_while_in_error_state): 200 GET http://10.180.1.21/compute/v2.1/servers/2be94567-64bc-4a1e-94c1-dd58c8c44d87 0.729s
2025-05-15 10:52:53.411 69762 INFO tempest.lib.common.rest_client [req-4f7f87a2-7fe9-44f0-8a62-4e5af565a558 req-4f7f87a2-7fe9-44f0-8a62-4e5af565a558 ] Request (ServersTestMultiNic:_run_cleanups): 200 GET http://10.180.1.21/compute/v2.1/servers/4316fbf8-b3c3-4330-b8fc-a3195dc9b0dc 0.671s
2025-05-15 10:52:53.456 69735 INFO tempest.lib.common.rest_client [req-4bdd52d8-2912-4b4c-89cf-4158267124e2 req-4bdd52d8-2912-4b4c-89cf-4158267124e2 ] Request (ServersTestManualDisk:tearDownClass): 200 GET http://10.180.1.21/compute/v2.1/servers/6f6bf764-5ab6-454b-b0b2-b9c0a213e60c 0.686s
2025-05-15 10:52:53.469 69727 INFO tempest.lib.common.rest_client [req-740379e3-cedb-4c42-9597-07af896363bc req-740379e3-cedb-4c42-9597-07af896363bc ] Request (ServersWithSpecificFlavorTestJSON:test_verify_created_server_ephemeral_disk): 200 GET http://10.180.1.21/compute/v2.1/servers/f8f6f147-d160-4942-b0a1-70f8d885ee53 0.646s
2025-05-15 10:52:53.525 69767 INFO tempest.lib.common.rest_client [req-aa832bd0-7351-4180-9486-72f96242790d req-aa832bd0-7351-4180-9486-72f96242790d ] Request (InstanceActionsTestJSON:setUpClass): 200 GET http://10.180.1.21/compute/v2.1/servers/6f2a6cfc-4db9-4d29-9546-10ae7cf5b2ce 0.659s
2025-05-15 10:52:53.544 69755 INFO tempest.lib.common.rest_client [req-8781d523-f58d-4de4-bbf6-66b43769f4fe req-8781d523-f58d-4de4-bbf6-66b43769f4fe ] Request (VolumesGetTestJSON:tearDownClass): 202 DELETE http://10.180.1.21/compute/v2.1/os-volumes/fd3c82d7-3f90-43e3-9e87-6c86eee36b79 0.699s
2025-05-15 10:52:53.564 69741 INFO tempest.lib.common.rest_client [req-08ad7cdc-6532-4759-ab41-ace9cc6489a4 req-08ad7cdc-6532-4759-ab41-ace9cc6489a4 ] Request (VolumesAssistedSnapshotsTest:test_volume_assisted_snapshot_create_delete): 200 GET http://10.180.1.21/volume/v3/volumes/51c4c6d7-699b-4cf9-8836-e75480aaeabc 0.049s
2025-05-15 10:52:53.592 69763 INFO tempest.lib.common.rest_client [req-a55fc941-830e-49e1-8395-b81b488f168b req-a55fc941-830e-49e1-8395-b81b488f168b ] Request (ServerAddressesNegativeTestJSON:tearDownClass): 200 GET http://10.180.1.21/compute/v2.1/servers/2d81a037-fa27-45eb-824c-3bc181e8968c 0.688s
2025-05-15 10:52:53.601 69763 INFO tempest.common.waiters [-] State transition "ACTIVE/deleting" ==> "DELETED/None" after 4 second wait
2025-05-15 10:52:53.617 69745 INFO tempest.lib.common.rest_client [req-efe78a2e-64aa-42a4-b15d-13ac8db5ab25 req-efe78a2e-64aa-42a4-b15d-13ac8db5ab25 ] Request (ListImageFiltersTestJSON:tearDownClass): 200 GET http://10.180.1.21/compute/v2.1/servers/7003cf16-e687-4358-80f1-6b5854d5df96 0.588s
2025-05-15 10:52:53.649 69751 INFO tempest.lib.common.rest_client [req-d1c020c7-e4e6-46e8-bb73-ad0555a46d85 req-d1c020c7-e4e6-46e8-bb73-ad0555a46d85 ] Request (ServerDiagnosticsV248Test:test_get_server_diagnostics): 200 GET http://10.180.1.21/compute/v2.1/servers/a7ed6dc1-a1ea-4c33-a194-ee09c1703788 0.501s
2025-05-15 10:52:53.710 69749 INFO tempest.lib.common.rest_client [req-dca16f66-e78a-4542-8605-a02b1f06412b req-dca16f66-e78a-4542-8605-a02b1f06412b ] Request (ServersAdminTestJSON:test_inject_network_info): 200 GET http://10.180.1.21/compute/v2.1/servers/38d879e2-43f0-4c06-b7a4-a5eb38d585a0 0.466s
2025-05-15 10:52:53.727 69731 INFO tempest.lib.common.rest_client [req-aa61c16b-3a8c-4196-aa9f-b2cf5896434d req-aa61c16b-3a8c-4196-aa9f-b2cf5896434d ] Request (VolumesAdminNegativeTest:test_update_attached_volume_with_nonexistent_volume_in_uri): 200 GET http://10.180.1.21/compute/v2.1/servers/0d2be239-eafb-43bb-b8a9-b8e9f53d8920 0.562s
2025-05-15 10:52:53.736 69731 INFO tempest.common.waiters [-] State transition "BUILD/spawning" ==> "ACTIVE/None" after 61 second wait
2025-05-15 10:52:53.752 69755 INFO tempest.lib.common.rest_client [req-b1d5f591-7eb7-419c-9663-f5d33f086e38 req-b1d5f591-7eb7-419c-9663-f5d33f086e38 ] Request (VolumesGetTestJSON:tearDownClass): 404 GET http://10.180.1.21/compute/v2.1/os-volumes/fd3c82d7-3f90-43e3-9e87-6c86eee36b79 0.208s
2025-05-15 10:52:53.781 69770 INFO tempest.lib.common.rest_client [req-9adcf289-746b-49c5-8e4b-20405d5c1c42 req-9adcf289-746b-49c5-8e4b-20405d5c1c42 ] Request (AttachInterfacesTestJSON:_run_cleanups): 200 GET http://10.180.1.21/compute/v2.1/servers/c1dc8ac0-7716-40ef-ae8e-7d38abeae12c 0.504s
2025-05-15 10:52:53.880 69755 INFO tempest.lib.common.rest_client [req-125620ec-190d-41b7-95c3-628e6e198ea6 req-125620ec-190d-41b7-95c3-628e6e198ea6 ] Request (VolumesGetTestJSON:tearDownClass): 204 DELETE http://10.180.1.21/identity/v3/users/82f0adcf60104d30a0d31ba7dbcfad1d 0.127s
2025-05-15 10:52:53.880 69755 INFO tempest.lib.common.dynamic_creds [-] Deleting project and security group for project: 3f3f9a743b8d4f19a69fb10796baa98d
2025-05-15 10:52:53.887 69731 INFO tempest.lib.common.rest_client [req-dd02f37c-5879-42bf-8d06-deedeea6cf38 req-dd02f37c-5879-42bf-8d06-deedeea6cf38 ] Request (VolumesAdminNegativeTest:test_update_attached_volume_with_nonexistent_volume_in_uri): 202 POST http://10.180.1.21/volume/v3/volumes 0.151s
2025-05-15 10:52:53.931 69731 INFO tempest.lib.common.rest_client [req-82155fbb-7a15-4187-87b0-33e2dfa8e32f req-82155fbb-7a15-4187-87b0-33e2dfa8e32f ] Request (VolumesAdminNegativeTest:test_update_attached_volume_with_nonexistent_volume_in_uri): 200 GET http://10.180.1.21/volume/v3/volumes/6ab4c02f-9ef3-4559-a8ce-7a510cd9a6bf 0.030s
2025-05-15 10:52:53.958 69765 INFO tempest.lib.common.rest_client [req-68d26829-58a1-41f2-b566-b49fb8fcd2e7 req-68d26829-58a1-41f2-b566-b49fb8fcd2e7 ] Request (ServerRescueTestJSON:setUpClass): 200 GET http://10.180.1.21/compute/v2.1/servers/a572b063-eb76-4524-9008-58dfb766cc17 0.171s
2025-05-15 10:52:53.975 69755 INFO tempest.lib.common.rest_client [req-8027e73e-921a-4ee6-a486-1260f7062ab4 req-8027e73e-921a-4ee6-a486-1260f7062ab4 ] Request (VolumesGetTestJSON:tearDownClass): 201 POST http://10.180.1.21/identity/v3/auth/tokens 0.094s
2025-05-15 10:52:54.056 69753 INFO tempest.lib.common.rest_client [req-b4b4a176-3b79-464f-8d66-f7515af95699 req-b4b4a176-3b79-464f-8d66-f7515af95699 ] Request (SecurityGroupsTestJSON:test_server_security_groups): 200 GET http://10.180.1.21/compute/v2.1/servers/312f7261-371a-47ec-87c9-e3a1b6b191fa 0.126s
2025-05-15 10:52:54.101 69747 INFO tempest.lib.common.rest_client [req-52ecf02e-2e53-4908-860c-d8171985938c req-52ecf02e-2e53-4908-860c-d8171985938c ] Request (FloatingIPsAssociationNegativeTestJSON:setUpClass): 200 GET http://10.180.1.21/compute/v2.1/servers/0998af2d-3756-4997-ac22-2e3b07e876fb 0.201s
2025-05-15 10:52:54.120 69743 INFO tempest.lib.common.rest_client [req-a50f8295-fe31-4d4b-89bc-dde2d40802a8 req-a50f8295-fe31-4d4b-89bc-dde2d40802a8 ] Request (InstanceActionsV221TestJSON:test_get_list_deleted_instance_actions): 200 GET http://10.180.1.21/compute/v2.1/servers/5ad3e254-1e47-4f35-8cdc-9c20cacdef92 0.135s
2025-05-15 10:52:54.168 69759 INFO tempest.lib.common.rest_client [req-0bb85cf5-0276-4d11-b805-71e0fb83715b req-0bb85cf5-0276-4d11-b805-71e0fb83715b ] Request (ImagesOneServerTestJSON:test_create_delete_image): 200 GET http://10.180.1.21/compute/v2.1/images/39840722-9b78-4d5f-ac6d-47688b5f593c 0.132s
2025-05-15 10:52:54.183 69723 INFO tempest.lib.common.rest_client [req-63d121aa-10f8-4314-a840-033cb5a78376 req-63d121aa-10f8-4314-a840-033cb5a78376 ] Request (ServerRescueTestJSONUnderV235:tearDownClass): 200 GET http://10.180.1.21/compute/v2.1/servers/a1468a4f-6462-4943-af0e-dd01f8846ce7 0.165s
2025-05-15 10:52:54.260 69775 INFO tempest.lib.common.rest_client [req-f9450efc-5c87-490c-ba5d-431eb47889e2 req-f9450efc-5c87-490c-ba5d-431eb47889e2 ] Request (AttachVolumeNegativeTest:test_attach_attached_volume_to_different_server): 200 GET http://10.180.1.21/compute/v2.1/servers/41bacac6-0187-4a9d-b413-63da35c48d40 0.122s
2025-05-15 10:52:54.271 69733 INFO tempest.lib.common.rest_client [req-a141aad3-deab-4dca-9ef7-44c86178d654 req-a141aad3-deab-4dca-9ef7-44c86178d654 ] Request (ListServersNegativeTestJSON:tearDownClass): 200 GET http://10.180.1.21/compute/v2.1/servers/ce36ec6e-aa3a-4413-897a-1aad2173662b 0.139s
2025-05-15 10:52:54.303 69755 INFO tempest.lib.common.rest_client [req-3d71b46a-23c5-48ab-93df-55ccb9fe00e5 req-3d71b46a-23c5-48ab-93df-55ccb9fe00e5 ] Request (VolumesGetTestJSON:tearDownClass): 200 GET http://10.180.1.21:9696/networking/v2.0/security-groups?tenant_id=3f3f9a743b8d4f19a69fb10796baa98d&name=default 0.327s
2025-05-15 10:52:54.315 69759 INFO tempest.lib.common.rest_client [req-fd4df4ca-50ce-404a-9b03-e4db40ed9738 req-fd4df4ca-50ce-404a-9b03-e4db40ed9738 ] Request (ImagesOneServerTestJSON:test_create_delete_image): 200 GET http://10.180.1.21/compute/v2.1/images/39840722-9b78-4d5f-ac6d-47688b5f593c 0.141s
2025-05-15 10:52:54.349 69771 INFO tempest.lib.common.rest_client [req-3c90f6be-cb02-4d43-a2c8-341935e9ec85 req-3c90f6be-cb02-4d43-a2c8-341935e9ec85 ] Request (MigrationsAdminTest:test_resize_server_revert_deleted_flavor): 200 GET http://10.180.1.21/compute/v2.1/servers/49d8a5f5-3cd6-4ebf-8a49-c7e1116f2de6 0.096s
2025-05-15 10:52:54.427 69779 INFO tempest.lib.common.rest_client [req-b0d80383-0841-4828-bd3d-3c4bf30ac18c req-b0d80383-0841-4828-bd3d-3c4bf30ac18c ] Request (ServersAdminNegativeTestJSON:tearDownClass): 200 GET http://10.180.1.21/compute/v2.1/servers/fe5818f2-9edf-41b1-84e0-2e6c1e5a78cb 0.093s
2025-05-15 10:52:54.459 69755 INFO tempest.lib.common.rest_client [req-9983edab-f897-43c3-ab3c-273cfcb17ceb req-9983edab-f897-43c3-ab3c-273cfcb17ceb ] Request (VolumesGetTestJSON:tearDownClass): 204 DELETE http://10.180.1.21:9696/networking/v2.0/security-groups/052dbb77-8634-41ae-b795-075f0c4c2a82 0.156s
2025-05-15 10:52:54.531 69759 INFO tempest.lib.common.rest_client [req-d9c29e37-5002-4a01-b4df-4ac0b55ffa1a req-d9c29e37-5002-4a01-b4df-4ac0b55ffa1a ] Request (ImagesOneServerTestJSON:test_create_delete_image): 200 GET http://10.180.1.21/compute/v2.1/servers/f5a96bee-5345-483c-bf76-dbe3956fdeec 0.213s
2025-05-15 10:52:54.554 69781 INFO tempest.lib.common.rest_client [req-52ecc772-0843-420e-891d-67539c51f0a6 req-52ecc772-0843-420e-891d-67539c51f0a6 ] Request (FloatingIPsAssociationTestJSON:test_associate_already_associated_floating_ip): 200 GET http://10.180.1.21/compute/v2.1/servers/11957fcf-7b3b-46fd-917b-30f9f873b982 0.205s
2025-05-15 10:52:54.555 69755 INFO tempest.lib.common.rest_client [req-6d8d779d-eaa2-4d05-8931-d3ef38d47021 req-6d8d779d-eaa2-4d05-8931-d3ef38d47021 ] Request (VolumesGetTestJSON:tearDownClass): 204 DELETE http://10.180.1.21/identity/v3/projects/3f3f9a743b8d4f19a69fb10796baa98d 0.095s
2025-05-15 10:52:54.612 69741 INFO tempest.lib.common.rest_client [req-3831b610-7d12-41f2-aa02-97de5a368de4 req-3831b610-7d12-41f2-aa02-97de5a368de4 ] Request (VolumesAssistedSnapshotsTest:test_volume_assisted_snapshot_create_delete): 200 GET http://10.180.1.21/volume/v3/volumes/51c4c6d7-699b-4cf9-8836-e75480aaeabc 0.038s
2025-05-15 10:52:54.619 69741 INFO tempest.common.waiters [-] Attachment 33b53615-f386-4569-9aa6-6c1116ec6cba created for volume 51c4c6d7-699b-4cf9-8836-e75480aaeabc to server 90256eb2-af00-45a2-b883-8cbb95046461 after waiting for 7.619253 seconds
2025-05-15 10:52:54.636 69762 INFO tempest.lib.common.rest_client [req-c2221191-b937-4c23-8dbe-6bded130c469 req-c2221191-b937-4c23-8dbe-6bded130c469 ] Request (ServersTestMultiNic:_run_cleanups): 200 GET http://10.180.1.21/compute/v2.1/servers/4316fbf8-b3c3-4330-b8fc-a3195dc9b0dc 0.216s
2025-05-15 10:52:54.638 69725 INFO tempest.lib.common.rest_client [req-50b63e84-c091-4dd4-b1ae-b8bc8acdc31a req-50b63e84-c091-4dd4-b1ae-b8bc8acdc31a ] Request (DeleteServersAdminTestJSON:test_delete_server_while_in_error_state): 200 GET http://10.180.1.21/compute/v2.1/servers/2be94567-64bc-4a1e-94c1-dd58c8c44d87 0.234s
2025-05-15 10:52:54.664 69741 INFO tempest.lib.common.rest_client [req-2c995569-1fcc-424a-bec8-0217ba0028bf req-2c995569-1fcc-424a-bec8-0217ba0028bf ] Request (VolumesAssistedSnapshotsTest:test_volume_assisted_snapshot_create_delete): 200 GET http://10.180.1.21/volume/v3/volumes/51c4c6d7-699b-4cf9-8836-e75480aaeabc 0.045s
2025-05-15 10:52:54.672 69741 INFO tempest.common.waiters [-] volume 51c4c6d7-699b-4cf9-8836-e75480aaeabc reached in-use after waiting for 0.672271 seconds
2025-05-15 10:52:54.711 69727 INFO tempest.lib.common.rest_client [req-0e9ad376-12f3-4443-b6bb-e8665f353894 req-0e9ad376-12f3-4443-b6bb-e8665f353894 ] Request (ServersWithSpecificFlavorTestJSON:test_verify_created_server_ephemeral_disk): 200 GET http://10.180.1.21/compute/v2.1/servers/f8f6f147-d160-4942-b0a1-70f8d885ee53 0.232s
2025-05-15 10:52:54.716 69735 INFO tempest.lib.common.rest_client [req-aed2b776-b267-440c-8e50-645879bed8aa req-aed2b776-b267-440c-8e50-645879bed8aa ] Request (ServersTestManualDisk:tearDownClass): 200 GET http://10.180.1.21/compute/v2.1/servers/6f6bf764-5ab6-454b-b0b2-b9c0a213e60c 0.247s
2025-05-15 10:52:54.731 69735 INFO tempest.common.waiters [-] State transition "ACTIVE/deleting" ==> "DELETED/None" after 4 second wait
2025-05-15 10:52:54.775 69767 INFO tempest.lib.common.rest_client [req-ae6ca434-5a42-4a5b-8ea4-25b0024e1610 req-ae6ca434-5a42-4a5b-8ea4-25b0024e1610 ] Request (InstanceActionsTestJSON:setUpClass): 200 GET http://10.180.1.21/compute/v2.1/servers/6f2a6cfc-4db9-4d29-9546-10ae7cf5b2ce 0.237s
2025-05-15 10:52:54.785 69763 INFO tempest.lib.common.rest_client [req-ac29e3eb-6882-4e8e-a1a8-8371baf7f230 req-ac29e3eb-6882-4e8e-a1a8-8371baf7f230 ] Request (ServerAddressesNegativeTestJSON:tearDownClass): 200 GET http://10.180.1.21/compute/v2.1/servers/2d81a037-fa27-45eb-824c-3bc181e8968c 0.182s
2025-05-15 10:52:54.851 69751 INFO tempest.lib.common.rest_client [req-1078510b-61ed-4e8d-957c-de28dc5a5685 req-1078510b-61ed-4e8d-957c-de28dc5a5685 ] Request (ServerDiagnosticsV248Test:test_get_server_diagnostics): 200 GET http://10.180.1.21/compute/v2.1/servers/a7ed6dc1-a1ea-4c33-a194-ee09c1703788 0.190s
2025-05-15 10:52:54.860 69751 INFO tempest.common.waiters [-] State transition "BUILD/None" ==> "BUILD/networking" after 59 second wait
2025-05-15 10:52:54.865 69745 INFO tempest.lib.common.rest_client [req-31fe6c98-3b07-4cf0-b258-2e201e79e398 req-31fe6c98-3b07-4cf0-b258-2e201e79e398 ] Request (ListImageFiltersTestJSON:tearDownClass): 200 GET http://10.180.1.21/compute/v2.1/servers/7003cf16-e687-4358-80f1-6b5854d5df96 0.238s
2025-05-15 10:52:54.924 69749 INFO tempest.lib.common.rest_client [req-3e2c0faa-6294-4242-a6c2-db3a8350b25a req-3e2c0faa-6294-4242-a6c2-db3a8350b25a ] Request (ServersAdminTestJSON:test_inject_network_info): 200 GET http://10.180.1.21/compute/v2.1/servers/38d879e2-43f0-4c06-b7a4-a5eb38d585a0 0.205s
2025-05-15 10:52:54.931 69749 INFO tempest.common.waiters [-] State transition "BUILD/scheduling" ==> "BUILD/None" after 9 second wait
2025-05-15 10:52:54.971 69731 INFO tempest.lib.common.rest_client [req-48902251-db96-45c6-95c0-afd27407b119 req-48902251-db96-45c6-95c0-afd27407b119 ] Request (VolumesAdminNegativeTest:test_update_attached_volume_with_nonexistent_volume_in_uri): 200 GET http://10.180.1.21/volume/v3/volumes/6ab4c02f-9ef3-4559-a8ce-7a510cd9a6bf 0.030s
2025-05-15 10:52:54.979 69731 INFO tempest.common.waiters [-] volume 6ab4c02f-9ef3-4559-a8ce-7a510cd9a6bf reached available after waiting for 1.979819 seconds
2025-05-15 10:52:54.994 69770 INFO tempest.lib.common.rest_client [req-7dbc6020-7631-41fc-b4fc-9ace522b1ac6 req-7dbc6020-7631-41fc-b4fc-9ace522b1ac6 ] Request (AttachInterfacesTestJSON:_run_cleanups): 200 GET http://10.180.1.21/compute/v2.1/servers/c1dc8ac0-7716-40ef-ae8e-7d38abeae12c 0.202s
2025-05-15 10:52:55.050 69741 INFO tempest.lib.common.rest_client [req-c6a8515e-12ae-4865-a74b-e8e9e583fd42 req-c6a8515e-12ae-4865-a74b-e8e9e583fd42 ] Request (VolumesAssistedSnapshotsTest:test_volume_assisted_snapshot_create_delete): 200 POST http://10.180.1.21/compute/v2.1/os-assisted-volume-snapshots 0.377s
2025-05-15 10:52:55.095 69731 INFO tempest.lib.common.rest_client [req-df9531e3-66c9-4c81-bfda-1709dfc36ce8 req-df9531e3-66c9-4c81-bfda-1709dfc36ce8 ] Request (VolumesAdminNegativeTest:test_update_attached_volume_with_nonexistent_volume_in_uri): 404 PUT http://10.180.1.21/compute/v2.1/servers/0d2be239-eafb-43bb-b8a9-b8e9f53d8920/os-volume_attachments/a4774def-38b1-4294-90f6-becf0a6eaf02 0.115s
2025-05-15 10:52:55.124 69741 INFO tempest.lib.common.rest_client [req-21cd3e29-50f0-4590-81f8-3bd2230016f9 req-21cd3e29-50f0-4590-81f8-3bd2230016f9 ] Request (VolumesAssistedSnapshotsTest:test_volume_assisted_snapshot_create_delete): 204 DELETE http://10.180.1.21/compute/v2.1/os-assisted-volume-snapshots/None?delete_info=%7B%22volume_id%22%3A+%2251c4c6d7-699b-4cf9-8836-e75480aaeabc%22%7D 0.074s
2025-05-15 10:52:55.139 69731 INFO tempest.lib.common.rest_client [req-ffa11129-b62b-427a-95eb-308f3407d2c1 req-ffa11129-b62b-427a-95eb-308f3407d2c1 ] Request (VolumesAdminNegativeTest:tearDownClass): 202 DELETE http://10.180.1.21/volume/v3/volumes/6ab4c02f-9ef3-4559-a8ce-7a510cd9a6bf 0.042s
2025-05-15 10:52:55.151 69765 INFO tempest.lib.common.rest_client [req-a6317a86-2f20-42dc-9fb7-d1422f268cc7 req-a6317a86-2f20-42dc-9fb7-d1422f268cc7 ] Request (ServerRescueTestJSON:setUpClass): 200 GET http://10.180.1.21/compute/v2.1/servers/a572b063-eb76-4524-9008-58dfb766cc17 0.179s
2025-05-15 10:52:55.162 69741 INFO tempest.lib.common.rest_client [req-e0aa5954-6238-46e7-b9e4-2c49206e9353 req-e0aa5954-6238-46e7-b9e4-2c49206e9353 ] Request (VolumesAssistedSnapshotsTest:_run_cleanups): 200 GET http://10.180.1.21/volume/v3/volumes/51c4c6d7-699b-4cf9-8836-e75480aaeabc 0.037s
2025-05-15 10:52:55.178 69731 INFO tempest.lib.common.rest_client [req-9858322d-a944-4480-a60d-c257e5a5ac4a req-9858322d-a944-4480-a60d-c257e5a5ac4a ] Request (VolumesAdminNegativeTest:tearDownClass): 200 GET http://10.180.1.21/volume/v3/volumes/6ab4c02f-9ef3-4559-a8ce-7a510cd9a6bf 0.038s
2025-05-15 10:52:55.186 69753 INFO tempest.lib.common.rest_client [req-d40e0e04-bb49-438b-870b-3c879d910337 req-d40e0e04-bb49-438b-870b-3c879d910337 ] Request (SecurityGroupsTestJSON:test_server_security_groups): 200 GET http://10.180.1.21/compute/v2.1/servers/312f7261-371a-47ec-87c9-e3a1b6b191fa 0.120s
2025-05-15 10:52:55.247 69743 INFO tempest.lib.common.rest_client [req-7f7ffb54-159f-4402-9b4f-d51c68966a22 req-7f7ffb54-159f-4402-9b4f-d51c68966a22 ] Request (InstanceActionsV221TestJSON:test_get_list_deleted_instance_actions): 200 GET http://10.180.1.21/compute/v2.1/servers/5ad3e254-1e47-4f35-8cdc-9c20cacdef92 0.109s
2025-05-15 10:52:55.296 69747 INFO tempest.lib.common.rest_client [req-89b4dd24-ff35-4d89-a53d-0a46e3213e12 req-89b4dd24-ff35-4d89-a53d-0a46e3213e12 ] Request (FloatingIPsAssociationNegativeTestJSON:setUpClass): 200 GET http://10.180.1.21/compute/v2.1/servers/0998af2d-3756-4997-ac22-2e3b07e876fb 0.185s
2025-05-15 10:52:55.357 69723 INFO tempest.lib.common.rest_client [req-863dd767-e8fb-47a1-8c7e-a235f6e44b9b req-863dd767-e8fb-47a1-8c7e-a235f6e44b9b ] Request (ServerRescueTestJSONUnderV235:tearDownClass): 200 GET http://10.180.1.21/compute/v2.1/servers/a1468a4f-6462-4943-af0e-dd01f8846ce7 0.160s
2025-05-15 10:52:55.383 69741 INFO tempest.lib.common.rest_client [req-8d515082-6550-4dd0-a60f-18a6c2087b45 req-8d515082-6550-4dd0-a60f-18a6c2087b45 ] Request (VolumesAssistedSnapshotsTest:_run_cleanups): 202 DELETE http://10.180.1.21/compute/v2.1/servers/90256eb2-af00-45a2-b883-8cbb95046461/os-volume_attachments/51c4c6d7-699b-4cf9-8836-e75480aaeabc 0.212s
2025-05-15 10:52:55.408 69775 INFO tempest.lib.common.rest_client [req-9a2072b5-da33-4471-8f52-91e2dd8035df req-9a2072b5-da33-4471-8f52-91e2dd8035df ] Request (AttachVolumeNegativeTest:test_attach_attached_volume_to_different_server): 200 GET http://10.180.1.21/compute/v2.1/servers/41bacac6-0187-4a9d-b413-63da35c48d40 0.139s
2025-05-15 10:52:55.441 69733 INFO tempest.lib.common.rest_client [req-d9453bfa-a577-4adc-af32-8b201c96134f req-d9453bfa-a577-4adc-af32-8b201c96134f ] Request (ListServersNegativeTestJSON:tearDownClass): 200 GET http://10.180.1.21/compute/v2.1/servers/ce36ec6e-aa3a-4413-897a-1aad2173662b 0.160s
2025-05-15 10:52:55.460 69771 INFO tempest.lib.common.rest_client [req-9d53f747-88d3-4e7c-b9ec-cf5d4726e0b2 req-9d53f747-88d3-4e7c-b9ec-cf5d4726e0b2 ] Request (MigrationsAdminTest:test_resize_server_revert_deleted_flavor): 200 GET http://10.180.1.21/compute/v2.1/servers/49d8a5f5-3cd6-4ebf-8a49-c7e1116f2de6 0.102s
2025-05-15 10:52:55.469 69741 INFO tempest.lib.common.rest_client [req-5d7eae28-5fd0-43a6-9c5b-27315db805fa req-5d7eae28-5fd0-43a6-9c5b-27315db805fa ] Request (VolumesAssistedSnapshotsTest:_run_cleanups): 200 GET http://10.180.1.21/compute/v2.1/servers/90256eb2-af00-45a2-b883-8cbb95046461/os-volume_attachments 0.086s
2025-05-15 10:52:55.520 69779 INFO tempest.lib.common.rest_client [req-c4869861-a821-423d-9ed4-9ba05fa4e4f9 req-c4869861-a821-423d-9ed4-9ba05fa4e4f9 ] Request (ServersAdminNegativeTestJSON:tearDownClass): 200 GET http://10.180.1.21/compute/v2.1/servers/fe5818f2-9edf-41b1-84e0-2e6c1e5a78cb 0.082s
2025-05-15 10:52:55.665 69759 INFO tempest.lib.common.rest_client [req-005d305a-38a0-4105-b789-493dcab3be4a req-005d305a-38a0-4105-b789-493dcab3be4a ] Request (ImagesOneServerTestJSON:test_create_delete_image): 200 GET http://10.180.1.21/compute/v2.1/servers/f5a96bee-5345-483c-bf76-dbe3956fdeec 0.123s
2025-05-15 10:52:55.675 69759 INFO tempest.common.waiters [-] State transition "ACTIVE/image_uploading" ==> "ACTIVE/None" after 1 second wait
2025-05-15 10:52:55.684 69781 INFO tempest.lib.common.rest_client [req-6c6e0762-2ab7-47a2-9708-446861c49b65 req-6c6e0762-2ab7-47a2-9708-446861c49b65 ] Request (FloatingIPsAssociationTestJSON:test_associate_already_associated_floating_ip): 200 GET http://10.180.1.21/compute/v2.1/servers/11957fcf-7b3b-46fd-917b-30f9f873b982 0.121s
2025-05-15 10:52:55.724 69762 INFO tempest.lib.common.rest_client [req-7de12e9e-1eb3-4fdd-be6d-05dd3fba94bd req-7de12e9e-1eb3-4fdd-be6d-05dd3fba94bd ] Request (ServersTestMultiNic:_run_cleanups): 200 GET http://10.180.1.21/compute/v2.1/servers/4316fbf8-b3c3-4330-b8fc-a3195dc9b0dc 0.074s
2025-05-15 10:52:55.744 69725 INFO tempest.lib.common.rest_client [req-370c88a8-6ad8-4f8b-bfb1-6e8b6201b9fb req-370c88a8-6ad8-4f8b-bfb1-6e8b6201b9fb ] Request (DeleteServersAdminTestJSON:test_delete_server_while_in_error_state): 200 GET http://10.180.1.21/compute/v2.1/servers/2be94567-64bc-4a1e-94c1-dd58c8c44d87 0.091s
2025-05-15 10:52:55.766 69759 INFO tempest.lib.common.rest_client [req-5fd068ca-6e15-4e36-a7f6-ca8be0829987 req-5fd068ca-6e15-4e36-a7f6-ca8be0829987 ] Request (ImagesOneServerTestJSON:test_create_delete_image): 200 GET http://10.180.1.21/compute/v2.1/images/080cf791-deb9-45e0-96cd-252fc7c4f56a 0.091s
2025-05-15 10:52:55.791 69727 INFO tempest.lib.common.rest_client [req-b6427852-64bf-4391-8940-ee14fe189b77 req-b6427852-64bf-4391-8940-ee14fe189b77 ] Request (ServersWithSpecificFlavorTestJSON:test_verify_created_server_ephemeral_disk): 200 GET http://10.180.1.21/compute/v2.1/servers/f8f6f147-d160-4942-b0a1-70f8d885ee53 0.071s
2025-05-15 10:52:55.806 69759 INFO tempest.lib.common.rest_client [req-c11d699a-1ae7-4f6e-8f23-4f1fc7765aa8 req-c11d699a-1ae7-4f6e-8f23-4f1fc7765aa8 ] Request (ImagesOneServerTestJSON:test_create_delete_image): 200 GET http://10.180.1.21/compute/v2.1/flavors/42 0.036s
2025-05-15 10:52:55.824 69735 INFO tempest.lib.common.rest_client [req-024bcaba-9e0b-4190-8bc7-e50fe223f9c5 req-024bcaba-9e0b-4190-8bc7-e50fe223f9c5 ] Request (ServersTestManualDisk:tearDownClass): 200 GET http://10.180.1.21/compute/v2.1/servers/6f6bf764-5ab6-454b-b0b2-b9c0a213e60c 0.091s
2025-05-15 10:52:55.860 69767 INFO tempest.lib.common.rest_client [req-af8f6e4a-72e7-4717-9918-6729abc6c86e req-af8f6e4a-72e7-4717-9918-6729abc6c86e ] Request (InstanceActionsTestJSON:setUpClass): 200 GET http://10.180.1.21/compute/v2.1/servers/6f2a6cfc-4db9-4d29-9546-10ae7cf5b2ce 0.076s
2025-05-15 10:52:55.888 69763 INFO tempest.lib.common.rest_client [req-c8a6a49c-a48b-4ee5-bda4-f3db5bd74764 req-c8a6a49c-a48b-4ee5-bda4-f3db5bd74764 ] Request (ServerAddressesNegativeTestJSON:tearDownClass): 200 GET http://10.180.1.21/compute/v2.1/servers/2d81a037-fa27-45eb-824c-3bc181e8968c 0.087s
2025-05-15 10:52:55.939 69751 INFO tempest.lib.common.rest_client [req-28ba7e4a-7f8a-4cfb-bba5-ca2461ce266f req-28ba7e4a-7f8a-4cfb-bba5-ca2461ce266f ] Request (ServerDiagnosticsV248Test:test_get_server_diagnostics): 200 GET http://10.180.1.21/compute/v2.1/servers/a7ed6dc1-a1ea-4c33-a194-ee09c1703788 0.077s
2025-05-15 10:52:55.947 69751 INFO tempest.common.waiters [-] State transition "BUILD/networking" ==> "BUILD/block_device_mapping" after 60 second wait
2025-05-15 10:52:55.954 69759 INFO tempest.lib.common.rest_client [req-79f30c44-4cd7-4302-a75b-12c84e31300b req-79f30c44-4cd7-4302-a75b-12c84e31300b ] Request (ImagesOneServerTestJSON:test_create_delete_image): 204 DELETE http://10.180.1.21/compute/v2.1/images/39840722-9b78-4d5f-ac6d-47688b5f593c 0.145s
2025-05-15 10:52:55.995 69745 INFO tempest.lib.common.rest_client [req-569ec6a7-ff35-4bf0-b27b-fab1c1a5c29b req-569ec6a7-ff35-4bf0-b27b-fab1c1a5c29b ] Request (ListImageFiltersTestJSON:tearDownClass): 200 GET http://10.180.1.21/compute/v2.1/servers/7003cf16-e687-4358-80f1-6b5854d5df96 0.120s
2025-05-15 10:52:56.008 69749 INFO tempest.lib.common.rest_client [req-b5b973b3-a67d-4975-8709-6f79bc87d498 req-b5b973b3-a67d-4975-8709-6f79bc87d498 ] Request (ServersAdminTestJSON:test_inject_network_info): 200 GET http://10.180.1.21/compute/v2.1/servers/38d879e2-43f0-4c06-b7a4-a5eb38d585a0 0.074s
2025-05-15 10:52:56.014 69759 INFO tempest.lib.common.rest_client [req-8854e532-33cd-4ebd-9567-754cf9a413a4 req-8854e532-33cd-4ebd-9567-754cf9a413a4 ] Request (ImagesOneServerTestJSON:test_create_delete_image): 404 GET http://10.180.1.21/compute/v2.1/images/39840722-9b78-4d5f-ac6d-47688b5f593c 0.059s
2025-05-15 10:52:56.068 69770 INFO tempest.lib.common.rest_client [req-4eaf8974-6f4b-42c6-ad62-0fe8dd68ef11 req-4eaf8974-6f4b-42c6-ad62-0fe8dd68ef11 ] Request (AttachInterfacesTestJSON:_run_cleanups): 200 GET http://10.180.1.21/compute/v2.1/servers/c1dc8ac0-7716-40ef-ae8e-7d38abeae12c 0.061s
2025-05-15 10:52:56.207 69731 INFO tempest.lib.common.rest_client [req-7553f547-9e62-49ca-b421-db03f852ee7b req-7553f547-9e62-49ca-b421-db03f852ee7b ] Request (VolumesAdminNegativeTest:tearDownClass): 404 GET http://10.180.1.21/volume/v3/volumes/6ab4c02f-9ef3-4559-a8ce-7a510cd9a6bf 0.017s
2025-05-15 10:52:56.280 69765 INFO tempest.lib.common.rest_client [req-9f6b06ac-54e4-470a-8d59-c8ccf61aec4c req-9f6b06ac-54e4-470a-8d59-c8ccf61aec4c ] Request (ServerRescueTestJSON:setUpClass): 200 GET http://10.180.1.21/compute/v2.1/servers/a572b063-eb76-4524-9008-58dfb766cc17 0.121s
2025-05-15 10:52:56.336 69753 INFO tempest.lib.common.rest_client [req-01038876-182e-4754-8970-bb128c471a12 req-01038876-182e-4754-8970-bb128c471a12 ] Request (SecurityGroupsTestJSON:test_server_security_groups): 200 GET http://10.180.1.21/compute/v2.1/servers/312f7261-371a-47ec-87c9-e3a1b6b191fa 0.140s
2025-05-15 10:52:56.414 69731 INFO tempest.lib.common.rest_client [req-bac471a1-939d-49c4-ac98-9dcbd2e325eb req-bac471a1-939d-49c4-ac98-9dcbd2e325eb ] Request (VolumesAdminNegativeTest:tearDownClass): 204 DELETE http://10.180.1.21/compute/v2.1/servers/0d2be239-eafb-43bb-b8a9-b8e9f53d8920 0.207s
2025-05-15 10:52:56.429 69759 INFO tempest.lib.common.rest_client [req-c54d4e88-1ff0-478f-a063-e9f4f8e8f1c9 req-c54d4e88-1ff0-478f-a063-e9f4f8e8f1c9 ] Request (ImagesOneServerTestJSON:test_create_image_specify_multibyte_character_image_name): 202 POST http://10.180.1.21/compute/v2.1/servers/f5a96bee-5345-483c-bf76-dbe3956fdeec/action 0.413s
2025-05-15 10:52:56.467 69743 INFO tempest.lib.common.rest_client [req-5802fb83-5b36-4340-8b1f-4746a5c79685 req-5802fb83-5b36-4340-8b1f-4746a5c79685 ] Request (InstanceActionsV221TestJSON:test_get_list_deleted_instance_actions): 200 GET http://10.180.1.21/compute/v2.1/servers/5ad3e254-1e47-4f35-8cdc-9c20cacdef92 0.208s
2025-05-15 10:52:56.526 69747 INFO tempest.lib.common.rest_client [req-0bf9577f-769a-4cac-a8fe-bf888b4e9897 req-0bf9577f-769a-4cac-a8fe-bf888b4e9897 ] Request (FloatingIPsAssociationNegativeTestJSON:setUpClass): 200 GET http://10.180.1.21/compute/v2.1/servers/0998af2d-3756-4997-ac22-2e3b07e876fb 0.222s
2025-05-15 10:52:56.537 69723 INFO tempest.lib.common.rest_client [req-37c5e028-8c78-4b61-972d-a2f7e26e04c7 req-37c5e028-8c78-4b61-972d-a2f7e26e04c7 ] Request (ServerRescueTestJSONUnderV235:tearDownClass): 200 GET http://10.180.1.21/compute/v2.1/servers/a1468a4f-6462-4943-af0e-dd01f8846ce7 0.171s
2025-05-15 10:52:56.607 69775 INFO tempest.lib.common.rest_client [req-face1dcf-e4a5-4871-9f02-e7eb7235b0ad req-face1dcf-e4a5-4871-9f02-e7eb7235b0ad ] Request (AttachVolumeNegativeTest:test_attach_attached_volume_to_different_server): 200 GET http://10.180.1.21/compute/v2.1/servers/41bacac6-0187-4a9d-b413-63da35c48d40 0.189s
2025-05-15 10:52:56.647 69759 INFO tempest.lib.common.rest_client [req-71f234cb-b720-4498-a29d-363d747fc156 req-71f234cb-b720-4498-a29d-363d747fc156 ] Request (ImagesOneServerTestJSON:test_create_image_specify_multibyte_character_image_name): 200 GET http://10.180.1.21/compute/v2.1/images/e86ee923-fa03-43b3-b817-35bc8f8d26fa 0.217s
2025-05-15 10:52:56.700 69731 INFO tempest.lib.common.rest_client [req-0c49d46b-e26d-4b81-b554-22748fd33d55 req-0c49d46b-e26d-4b81-b554-22748fd33d55 ] Request (VolumesAdminNegativeTest:tearDownClass): 200 GET http://10.180.1.21/compute/v2.1/servers/0d2be239-eafb-43bb-b8a9-b8e9f53d8920 0.285s
2025-05-15 10:52:56.715 69733 INFO tempest.lib.common.rest_client [req-4e2c409a-697d-4a5b-9c3c-85e3c5d34394 req-4e2c409a-697d-4a5b-9c3c-85e3c5d34394 ] Request (ListServersNegativeTestJSON:tearDownClass): 200 GET http://10.180.1.21/compute/v2.1/servers/ce36ec6e-aa3a-4413-897a-1aad2173662b 0.265s
2025-05-15 10:52:56.750 69741 INFO tempest.lib.common.rest_client [req-af926e89-779c-4ed0-bc29-c944d6268048 req-af926e89-779c-4ed0-bc29-c944d6268048 ] Request (VolumesAssistedSnapshotsTest:_run_cleanups): 200 GET http://10.180.1.21/compute/v2.1/servers/90256eb2-af00-45a2-b883-8cbb95046461/os-volume_attachments 0.279s
2025-05-15 10:52:56.760 69771 INFO tempest.lib.common.rest_client [req-d3bbdc6a-f9ea-48dd-8ef8-f7f46095a284 req-d3bbdc6a-f9ea-48dd-8ef8-f7f46095a284 ] Request (MigrationsAdminTest:test_resize_server_revert_deleted_flavor): 200 GET http://10.180.1.21/compute/v2.1/servers/49d8a5f5-3cd6-4ebf-8a49-c7e1116f2de6 0.293s
2025-05-15 10:52:56.816 69779 INFO tempest.lib.common.rest_client [req-0f18ffab-e612-491f-9dfc-8378f3f30acf req-0f18ffab-e612-491f-9dfc-8378f3f30acf ] Request (ServersAdminNegativeTestJSON:tearDownClass): 200 GET http://10.180.1.21/compute/v2.1/servers/fe5818f2-9edf-41b1-84e0-2e6c1e5a78cb 0.288s
2025-05-15 10:52:56.892 69762 INFO tempest.lib.common.rest_client [req-6f200b10-3734-49ee-bf2a-a7e4053b4fe3 req-6f200b10-3734-49ee-bf2a-a7e4053b4fe3 ] Request (ServersTestMultiNic:_run_cleanups): 200 GET http://10.180.1.21/compute/v2.1/servers/4316fbf8-b3c3-4330-b8fc-a3195dc9b0dc 0.159s
2025-05-15 10:52:56.935 69781 INFO tempest.lib.common.rest_client [req-9d592e83-af6c-48aa-a1f2-85e05b625267 req-9d592e83-af6c-48aa-a1f2-85e05b625267 ] Request (FloatingIPsAssociationTestJSON:test_associate_already_associated_floating_ip): 200 GET http://10.180.1.21/compute/v2.1/servers/11957fcf-7b3b-46fd-917b-30f9f873b982 0.241s
2025-05-15 10:52:56.954 69725 INFO tempest.lib.common.rest_client [req-ea3848fe-d76f-4758-ad1a-42c2ee82713d req-ea3848fe-d76f-4758-ad1a-42c2ee82713d ] Request (DeleteServersAdminTestJSON:test_delete_server_while_in_error_state): 200 GET http://10.180.1.21/compute/v2.1/servers/2be94567-64bc-4a1e-94c1-dd58c8c44d87 0.200s
2025-05-15 10:52:56.987 69727 INFO tempest.lib.common.rest_client [req-3a0d3337-65e6-4b27-81c1-cba8de5e6994 req-3a0d3337-65e6-4b27-81c1-cba8de5e6994 ] Request (ServersWithSpecificFlavorTestJSON:test_verify_created_server_ephemeral_disk): 200 GET http://10.180.1.21/compute/v2.1/servers/f8f6f147-d160-4942-b0a1-70f8d885ee53 0.189s
2025-05-15 10:52:57.017 69735 INFO tempest.lib.common.rest_client [req-1602bc9e-e54b-4fe9-9251-e6beefbd7d83 req-1602bc9e-e54b-4fe9-9251-e6beefbd7d83 ] Request (ServersTestManualDisk:tearDownClass): 200 GET http://10.180.1.21/compute/v2.1/servers/6f6bf764-5ab6-454b-b0b2-b9c0a213e60c 0.184s
2025-05-15 10:52:57.039 69767 INFO tempest.lib.common.rest_client [req-55b0a030-55cb-40bd-be5f-01c9cd8d7aaf req-55b0a030-55cb-40bd-be5f-01c9cd8d7aaf ] Request (InstanceActionsTestJSON:setUpClass): 200 GET http://10.180.1.21/compute/v2.1/servers/6f2a6cfc-4db9-4d29-9546-10ae7cf5b2ce 0.169s
2025-05-15 10:52:57.080 69763 INFO tempest.lib.common.rest_client [req-7fe42930-1aa4-4379-aa21-eb1d4d7050bc req-7fe42930-1aa4-4379-aa21-eb1d4d7050bc ] Request (ServerAddressesNegativeTestJSON:tearDownClass): 200 GET http://10.180.1.21/compute/v2.1/servers/2d81a037-fa27-45eb-824c-3bc181e8968c 0.183s
2025-05-15 10:52:57.094 69751 INFO tempest.lib.common.rest_client [req-49049a22-008c-4f04-a79e-db1999001db5 req-49049a22-008c-4f04-a79e-db1999001db5 ] Request (ServerDiagnosticsV248Test:test_get_server_diagnostics): 200 GET http://10.180.1.21/compute/v2.1/servers/a7ed6dc1-a1ea-4c33-a194-ee09c1703788 0.145s
2025-05-15 10:52:57.102 69751 INFO tempest.common.waiters [-] State transition "BUILD/block_device_mapping" ==> "BUILD/spawning" after 62 second wait
2025-05-15 10:52:57.150 69745 INFO tempest.lib.common.rest_client [req-88383088-2ba3-42e2-b9f7-3e6b284466b8 req-88383088-2ba3-42e2-b9f7-3e6b284466b8 ] Request (ListImageFiltersTestJSON:tearDownClass): 200 GET http://10.180.1.21/compute/v2.1/servers/7003cf16-e687-4358-80f1-6b5854d5df96 0.148s
2025-05-15 10:52:57.165 69749 INFO tempest.lib.common.rest_client [req-19646ef5-92d2-4e89-a094-9380cf06f6e5 req-19646ef5-92d2-4e89-a094-9380cf06f6e5 ] Request (ServersAdminTestJSON:test_inject_network_info): 200 GET http://10.180.1.21/compute/v2.1/servers/38d879e2-43f0-4c06-b7a4-a5eb38d585a0 0.147s
2025-05-15 10:52:57.211 69770 INFO tempest.lib.common.rest_client [req-a59a6026-d034-4db9-a230-d0fa2720b92a req-a59a6026-d034-4db9-a230-d0fa2720b92a ] Request (AttachInterfacesTestJSON:_run_cleanups): 200 GET http://10.180.1.21/compute/v2.1/servers/c1dc8ac0-7716-40ef-ae8e-7d38abeae12c 0.135s
2025-05-15 10:52:57.344 69721 WARNING tempest.lib.common.ssh [-] Failed to establish authenticated ssh connection to cirros@10.180.180.177 ([Errno None] Unable to connect to port 22 on 10.180.180.177). Number attempts: 7. Retry after 8 seconds.: paramiko.ssh_exception.NoValidConnectionsError: [Errno None] Unable to connect to port 22 on 10.180.180.177
2025-05-15 10:52:57.404 69753 INFO tempest.lib.common.rest_client [req-70ca89b5-2eb7-4bae-98b1-106bc794e0a5 req-70ca89b5-2eb7-4bae-98b1-106bc794e0a5 ] Request (SecurityGroupsTestJSON:test_server_security_groups): 200 GET http://10.180.1.21/compute/v2.1/servers/312f7261-371a-47ec-87c9-e3a1b6b191fa 0.059s
2025-05-15 10:52:57.406 69765 INFO tempest.lib.common.rest_client [req-11885db2-ce09-4766-a931-b805903a6d65 req-11885db2-ce09-4766-a931-b805903a6d65 ] Request (ServerRescueTestJSON:setUpClass): 200 GET http://10.180.1.21/compute/v2.1/servers/a572b063-eb76-4524-9008-58dfb766cc17 0.116s
2025-05-15 10:52:57.536 69743 INFO tempest.lib.common.rest_client [req-7597acc6-6812-420f-9499-a4e8a2c05725 req-7597acc6-6812-420f-9499-a4e8a2c05725 ] Request (InstanceActionsV221TestJSON:test_get_list_deleted_instance_actions): 200 GET http://10.180.1.21/compute/v2.1/servers/5ad3e254-1e47-4f35-8cdc-9c20cacdef92 0.059s
2025-05-15 10:52:57.548 69743 INFO tempest.common.waiters [-] State transition "BUILD/None" ==> "BUILD/networking" after 60 second wait
2025-05-15 10:52:57.613 69723 INFO tempest.lib.common.rest_client [req-69435a0e-91fe-44ed-ada0-1324555aad2e req-69435a0e-91fe-44ed-ada0-1324555aad2e ] Request (ServerRescueTestJSONUnderV235:tearDownClass): 200 GET http://10.180.1.21/compute/v2.1/servers/a1468a4f-6462-4943-af0e-dd01f8846ce7 0.067s
2025-05-15 10:52:57.656 69747 INFO tempest.lib.common.rest_client [req-f07f38c1-8ff2-41ae-998b-92ce2b2b2599 req-f07f38c1-8ff2-41ae-998b-92ce2b2b2599 ] Request (FloatingIPsAssociationNegativeTestJSON:setUpClass): 200 GET http://10.180.1.21/compute/v2.1/servers/0998af2d-3756-4997-ac22-2e3b07e876fb 0.120s
2025-05-15 10:52:57.689 69775 INFO tempest.lib.common.rest_client [req-a88509e7-1637-4d4e-aa9d-6f4321ba601a req-a88509e7-1637-4d4e-aa9d-6f4321ba601a ] Request (AttachVolumeNegativeTest:test_attach_attached_volume_to_different_server): 200 GET http://10.180.1.21/compute/v2.1/servers/41bacac6-0187-4a9d-b413-63da35c48d40 0.073s
2025-05-15 10:52:57.700 69759 INFO tempest.lib.common.rest_client [req-f75f363a-15c1-45e9-b25d-3ab47d50200d req-f75f363a-15c1-45e9-b25d-3ab47d50200d ] Request (ImagesOneServerTestJSON:test_create_image_specify_multibyte_character_image_name): 200 GET http://10.180.1.21/compute/v2.1/images/e86ee923-fa03-43b3-b817-35bc8f8d26fa 0.048s
2025-05-15 10:52:57.795 69733 INFO tempest.lib.common.rest_client [req-83852cdd-07ba-4fcd-9190-17b44160fd04 req-83852cdd-07ba-4fcd-9190-17b44160fd04 ] Request (ListServersNegativeTestJSON:tearDownClass): 200 GET http://10.180.1.21/compute/v2.1/servers/ce36ec6e-aa3a-4413-897a-1aad2173662b 0.070s
2025-05-15 10:52:57.813 69731 INFO tempest.lib.common.rest_client [req-a76fef7c-b23f-4ed3-97ec-e209f28ae5db req-a76fef7c-b23f-4ed3-97ec-e209f28ae5db ] Request (VolumesAdminNegativeTest:tearDownClass): 200 GET http://10.180.1.21/compute/v2.1/servers/0d2be239-eafb-43bb-b8a9-b8e9f53d8920 0.105s
2025-05-15 10:52:57.831 69741 INFO tempest.lib.common.rest_client [req-02ab8d38-e57d-4479-a5ab-7f0b17b31096 req-02ab8d38-e57d-4479-a5ab-7f0b17b31096 ] Request (VolumesAssistedSnapshotsTest:_run_cleanups): 200 GET http://10.180.1.21/compute/v2.1/servers/90256eb2-af00-45a2-b883-8cbb95046461/os-volume_attachments 0.079s
2025-05-15 10:52:57.865 69771 INFO tempest.lib.common.rest_client [req-8d6e0765-62b9-49d5-9348-0676fcd5bc4f req-8d6e0765-62b9-49d5-9348-0676fcd5bc4f ] Request (MigrationsAdminTest:test_resize_server_revert_deleted_flavor): 200 GET http://10.180.1.21/compute/v2.1/servers/49d8a5f5-3cd6-4ebf-8a49-c7e1116f2de6 0.094s
2025-05-15 10:52:57.894 69779 INFO tempest.lib.common.rest_client [req-835c9cdc-9843-4514-8638-05f577890146 req-835c9cdc-9843-4514-8638-05f577890146 ] Request (ServersAdminNegativeTestJSON:tearDownClass): 200 GET http://10.180.1.21/compute/v2.1/servers/fe5818f2-9edf-41b1-84e0-2e6c1e5a78cb 0.069s
2025-05-15 10:52:57.965 69762 INFO tempest.lib.common.rest_client [req-9a1f3224-65c1-4824-9643-bc82c2b9c6e2 req-9a1f3224-65c1-4824-9643-bc82c2b9c6e2 ] Request (ServersTestMultiNic:_run_cleanups): 200 GET http://10.180.1.21/compute/v2.1/servers/4316fbf8-b3c3-4330-b8fc-a3195dc9b0dc 0.062s
2025-05-15 10:52:58.045 69725 INFO tempest.lib.common.rest_client [req-d5dead69-c83d-4a19-9383-6e5e04e881c8 req-d5dead69-c83d-4a19-9383-6e5e04e881c8 ] Request (DeleteServersAdminTestJSON:test_delete_server_while_in_error_state): 200 GET http://10.180.1.21/compute/v2.1/servers/2be94567-64bc-4a1e-94c1-dd58c8c44d87 0.083s
2025-05-15 10:52:58.062 69781 INFO tempest.lib.common.rest_client [req-389dd0be-b896-44fb-a53d-eb35b6586f0a req-389dd0be-b896-44fb-a53d-eb35b6586f0a ] Request (FloatingIPsAssociationTestJSON:test_associate_already_associated_floating_ip): 200 GET http://10.180.1.21/compute/v2.1/servers/11957fcf-7b3b-46fd-917b-30f9f873b982 0.119s
2025-05-15 10:52:58.098 69727 INFO tempest.lib.common.rest_client [req-055eae61-a8e9-4a25-97ae-787310baaef6 req-055eae61-a8e9-4a25-97ae-787310baaef6 ] Request (ServersWithSpecificFlavorTestJSON:test_verify_created_server_ephemeral_disk): 200 GET http://10.180.1.21/compute/v2.1/servers/f8f6f147-d160-4942-b0a1-70f8d885ee53 0.103s
2025-05-15 10:52:58.136 69735 INFO tempest.lib.common.rest_client [req-2887d907-238c-474f-b642-5f157c4865d9 req-2887d907-238c-474f-b642-5f157c4865d9 ] Request (ServersTestManualDisk:tearDownClass): 200 GET http://10.180.1.21/compute/v2.1/servers/6f6bf764-5ab6-454b-b0b2-b9c0a213e60c 0.111s
2025-05-15 10:52:58.166 69767 INFO tempest.lib.common.rest_client [req-b7c6e6b5-61a3-4e9d-b9d9-61fb1217b6e0 req-b7c6e6b5-61a3-4e9d-b9d9-61fb1217b6e0 ] Request (InstanceActionsTestJSON:setUpClass): 200 GET http://10.180.1.21/compute/v2.1/servers/6f2a6cfc-4db9-4d29-9546-10ae7cf5b2ce 0.120s
2025-05-15 10:52:58.171 69719 INFO paramiko.transport [-] Connected (version 2.0, client dropbear_2020.81)
2025-05-15 10:52:58.174 69739 WARNING tempest.lib.common.ssh [-] Failed to establish authenticated ssh connection to cirros@10.180.180.167 ([Errno None] Unable to connect to port 22 on 10.180.180.167). Number attempts: 11. Retry after 12 seconds.: paramiko.ssh_exception.NoValidConnectionsError: [Errno None] Unable to connect to port 22 on 10.180.180.167
2025-05-15 10:52:58.205 69763 INFO tempest.lib.common.rest_client [req-9d977e22-96de-4ec4-a2c9-09d26ad289e3 req-9d977e22-96de-4ec4-a2c9-09d26ad289e3 ] Request (ServerAddressesNegativeTestJSON:tearDownClass): 200 GET http://10.180.1.21/compute/v2.1/servers/2d81a037-fa27-45eb-824c-3bc181e8968c 0.117s
2025-05-15 10:52:58.231 69719 INFO paramiko.transport [-] Authentication (publickey) successful!
2025-05-15 10:52:58.232 69719 INFO tempest.lib.common.ssh [-] ssh connection to cirros@10.180.180.192 successfully created
2025-05-15 10:52:58.246 69751 INFO tempest.lib.common.rest_client [req-f6e87878-a566-4da8-999a-c4bf2c121f67 req-f6e87878-a566-4da8-999a-c4bf2c121f67 ] Request (ServerDiagnosticsV248Test:test_get_server_diagnostics): 200 GET http://10.180.1.21/compute/v2.1/servers/a7ed6dc1-a1ea-4c33-a194-ee09c1703788 0.142s
2025-05-15 10:52:58.287 69745 INFO tempest.lib.common.rest_client [req-bb5d4060-8484-46d2-8ef9-8e5a3a4efb44 req-bb5d4060-8484-46d2-8ef9-8e5a3a4efb44 ] Request (ListImageFiltersTestJSON:tearDownClass): 200 GET http://10.180.1.21/compute/v2.1/servers/7003cf16-e687-4358-80f1-6b5854d5df96 0.129s
2025-05-15 10:52:58.300 69749 INFO tempest.lib.common.rest_client [req-5d800626-7479-4be5-ad1d-d39db5ea4fad req-5d800626-7479-4be5-ad1d-d39db5ea4fad ] Request (ServersAdminTestJSON:test_inject_network_info): 200 GET http://10.180.1.21/compute/v2.1/servers/38d879e2-43f0-4c06-b7a4-a5eb38d585a0 0.126s
2025-05-15 10:52:58.320 69773 WARNING tempest.lib.common.ssh [-] Failed to establish authenticated ssh connection to cirros@10.180.180.181 ([Errno None] Unable to connect to port 22 on 10.180.180.181). Number attempts: 5. Retry after 6 seconds.: paramiko.ssh_exception.NoValidConnectionsError: [Errno None] Unable to connect to port 22 on 10.180.180.181
2025-05-15 10:52:58.325 69719 INFO tempest.lib.common.rest_client [req-14c4ec67-e823-49a6-9789-abb397aaf1c3 req-14c4ec67-e823-49a6-9789-abb397aaf1c3 ] Request (AttachVolumeShelveTestJSON:test_attach_volume_shelved_or_offload_server): 200 GET http://10.180.1.21/compute/v2.1/servers/8d8f09c7-5035-4ae0-92ea-3562432e6ceb/ips 0.093s
2025-05-15 10:52:58.349 69770 INFO tempest.lib.common.rest_client [req-2f6688d8-ca5c-4726-9bae-0e4ea7bf05bc req-2f6688d8-ca5c-4726-9bae-0e4ea7bf05bc ] Request (AttachInterfacesTestJSON:_run_cleanups): 200 GET http://10.180.1.21/compute/v2.1/servers/c1dc8ac0-7716-40ef-ae8e-7d38abeae12c 0.129s
2025-05-15 10:52:58.473 69719 INFO tempest.lib.common.rest_client [req-7fb535a6-a7b0-406c-b823-83eae14009d0 req-7fb535a6-a7b0-406c-b823-83eae14009d0 ] Request (AttachVolumeShelveTestJSON:test_attach_volume_shelved_or_offload_server): 202 POST http://10.180.1.21/volume/v3/volumes 0.145s
2025-05-15 10:52:58.482 69753 INFO tempest.lib.common.rest_client [req-a5f120ce-a315-4cda-a2f1-ccc1f7437d70 req-a5f120ce-a315-4cda-a2f1-ccc1f7437d70 ] Request (SecurityGroupsTestJSON:test_server_security_groups): 200 GET http://10.180.1.21/compute/v2.1/servers/312f7261-371a-47ec-87c9-e3a1b6b191fa 0.069s
2025-05-15 10:52:58.507 69719 INFO tempest.lib.common.rest_client [req-766fca51-c489-4d2d-85f4-3c7bac756cf3 req-766fca51-c489-4d2d-85f4-3c7bac756cf3 ] Request (AttachVolumeShelveTestJSON:test_attach_volume_shelved_or_offload_server): 200 GET http://10.180.1.21/volume/v3/volumes/a0645e01-5aa0-4126-aba9-c18f277d4da6 0.027s
2025-05-15 10:52:58.523 69765 INFO tempest.lib.common.rest_client [req-744aa7d6-8966-4029-a1c4-2b309190355a req-744aa7d6-8966-4029-a1c4-2b309190355a ] Request (ServerRescueTestJSON:setUpClass): 200 GET http://10.180.1.21/compute/v2.1/servers/a572b063-eb76-4524-9008-58dfb766cc17 0.108s
2025-05-15 10:52:58.699 69723 INFO tempest.lib.common.rest_client [req-de503180-c0d5-4331-88bf-1be61c5ce6da req-de503180-c0d5-4331-88bf-1be61c5ce6da ] Request (ServerRescueTestJSONUnderV235:tearDownClass): 200 GET http://10.180.1.21/compute/v2.1/servers/a1468a4f-6462-4943-af0e-dd01f8846ce7 0.078s
2025-05-15 10:52:58.782 69743 INFO tempest.lib.common.rest_client [req-3f7bdef8-edd1-4954-9b17-2cf6542b9f30 req-3f7bdef8-edd1-4954-9b17-2cf6542b9f30 ] Request (InstanceActionsV221TestJSON:test_get_list_deleted_instance_actions): 200 GET http://10.180.1.21/compute/v2.1/servers/5ad3e254-1e47-4f35-8cdc-9c20cacdef92 0.233s
2025-05-15 10:52:58.791 69743 INFO tempest.common.waiters [-] State transition "BUILD/networking" ==> "BUILD/block_device_mapping" after 61 second wait
2025-05-15 10:52:58.874 69775 INFO tempest.lib.common.rest_client [req-21853c9b-b82d-4124-8180-f222c7a0d981 req-21853c9b-b82d-4124-8180-f222c7a0d981 ] Request (AttachVolumeNegativeTest:test_attach_attached_volume_to_different_server): 200 GET http://10.180.1.21/compute/v2.1/servers/41bacac6-0187-4a9d-b413-63da35c48d40 0.176s
2025-05-15 10:52:58.899 69747 INFO tempest.lib.common.rest_client [req-c65b86be-51c6-400a-b394-2cd34799b639 req-c65b86be-51c6-400a-b394-2cd34799b639 ] Request (FloatingIPsAssociationNegativeTestJSON:setUpClass): 200 GET http://10.180.1.21/compute/v2.1/servers/0998af2d-3756-4997-ac22-2e3b07e876fb 0.233s
2025-05-15 10:52:58.907 69747 INFO tempest.common.waiters [-] State transition "BUILD/spawning" ==> "ACTIVE/None" after 65 second wait
2025-05-15 10:52:58.938 69759 INFO tempest.lib.common.rest_client [req-662be227-5155-4c93-8c15-ab88d7ecff3e req-662be227-5155-4c93-8c15-ab88d7ecff3e ] Request (ImagesOneServerTestJSON:test_create_image_specify_multibyte_character_image_name): 200 GET http://10.180.1.21/compute/v2.1/images/e86ee923-fa03-43b3-b817-35bc8f8d26fa 0.233s
2025-05-15 10:52:58.985 69733 INFO tempest.lib.common.rest_client [req-b3ba315e-4f22-455d-98b7-a97330d3c6cb req-b3ba315e-4f22-455d-98b7-a97330d3c6cb ] Request (ListServersNegativeTestJSON:tearDownClass): 200 GET http://10.180.1.21/compute/v2.1/servers/ce36ec6e-aa3a-4413-897a-1aad2173662b 0.180s
2025-05-15 10:52:59.001 69731 INFO tempest.lib.common.rest_client [req-c70f002f-bb50-4e20-881d-915a2d77c2f2 req-c70f002f-bb50-4e20-881d-915a2d77c2f2 ] Request (VolumesAdminNegativeTest:tearDownClass): 200 GET http://10.180.1.21/compute/v2.1/servers/0d2be239-eafb-43bb-b8a9-b8e9f53d8920 0.176s
2025-05-15 10:52:59.020 69741 INFO tempest.lib.common.rest_client [req-1611c1cf-42c3-451a-af26-517c611d4be6 req-1611c1cf-42c3-451a-af26-517c611d4be6 ] Request (VolumesAssistedSnapshotsTest:_run_cleanups): 200 GET http://10.180.1.21/compute/v2.1/servers/90256eb2-af00-45a2-b883-8cbb95046461/os-volume_attachments 0.186s
2025-05-15 10:52:59.053 69741 INFO tempest.lib.common.rest_client [req-86b00ee5-bdd5-4694-b83f-3eee5430eb5b req-86b00ee5-bdd5-4694-b83f-3eee5430eb5b ] Request (VolumesAssistedSnapshotsTest:_run_cleanups): 200 GET http://10.180.1.21/volume/v3/volumes/51c4c6d7-699b-4cf9-8836-e75480aaeabc 0.031s
2025-05-15 10:52:59.054 69771 INFO tempest.lib.common.rest_client [req-4762a0d3-c4f0-499e-a753-91a2361b80d5 req-4762a0d3-c4f0-499e-a753-91a2361b80d5 ] Request (MigrationsAdminTest:test_resize_server_revert_deleted_flavor): 200 GET http://10.180.1.21/compute/v2.1/servers/49d8a5f5-3cd6-4ebf-8a49-c7e1116f2de6 0.181s
2025-05-15 10:52:59.060 69741 INFO tempest.common.waiters [-] volume 51c4c6d7-699b-4cf9-8836-e75480aaeabc reached available after waiting for 0.060252 seconds
