2025-05-15 10:52:46.380 69767 INFO tempest.lib.common.rest_client [req-148827b0-8d34-43d1-96e6-25309cb4c180 req-148827b0-8d34-43d1-96e6-25309cb4c180 ] Request (ServersTestJSON:tearDownClass): 204 DELETE http://10.180.1.21:9696/networking/v2.0/subnets/59547179-d0c4-4bab-af7e-7bbe0e226850 0.378s
2025-05-15 10:52:46.395 69755 INFO tempest.lib.common.rest_client [req-bafd5945-54fd-434e-a7d2-0146e8fbd4fa req-bafd5945-54fd-434e-a7d2-0146e8fbd4fa ] Request (ServersV294TestFqdnHostnames:tearDownClass): 204 DELETE http://10.180.1.21:9696/networking/v2.0/floatingips/3058668a-405c-4ef3-b981-76229f130cd9 0.494s
2025-05-15 10:52:46.552 69779 INFO tempest.lib.common.rest_client [req-67330405-bb00-4815-8101-1997bafc4903 req-67330405-bb00-4815-8101-1997bafc4903 ] Request (ServersAdminNegativeTestJSON:tearDownClass): 200 GET http://10.180.1.21/compute/v2.1/servers/fe5818f2-9edf-41b1-84e0-2e6c1e5a78cb 1.135s
2025-05-15 10:52:46.637 69735 INFO tempest.lib.common.rest_client [req-e3d989e1-fd11-41f0-8c87-ca587caf6f8b req-e3d989e1-fd11-41f0-8c87-ca587caf6f8b ] Request (ServersTestManualDisk:test_list_servers): 200 GET http://10.180.1.21/compute/v2.1/servers 1.185s
2025-05-15 10:52:46.728 69781 INFO tempest.lib.common.rest_client [req-18afaece-f870-45df-82ac-8b2040163c73 req-18afaece-f870-45df-82ac-8b2040163c73 ] Request (FloatingIPsAssociationTestJSON:test_associate_already_associated_floating_ip): 200 GET http://10.180.1.21/compute/v2.1/servers/11957fcf-7b3b-46fd-917b-30f9f873b982 1.224s
2025-05-15 10:52:46.809 69771 INFO tempest.lib.common.rest_client [req-0efa7289-d0fe-420a-a230-7378ada65a3b req-0efa7289-d0fe-420a-a230-7378ada65a3b ] Request (MigrationsAdminTest:test_resize_server_revert_deleted_flavor): 200 GET http://10.180.1.21/compute/v2.1/servers/49d8a5f5-3cd6-4ebf-8a49-c7e1116f2de6 1.221s
2025-05-15 10:52:46.885 69767 INFO tempest.lib.common.rest_client [req-98cceea1-4047-43ab-8e87-67eb9ecfd193 req-98cceea1-4047-43ab-8e87-67eb9ecfd193 ] Request (ServersTestJSON:tearDownClass): 204 DELETE http://10.180.1.21:9696/networking/v2.0/networks/88b8082a-c523-4967-9066-83f94d78749f 0.505s
2025-05-15 10:52:46.899 69725 INFO tempest.lib.common.rest_client [req-6012ba5f-0acd-4c1b-86be-93d36b09ac52 req-6012ba5f-0acd-4c1b-86be-93d36b09ac52 ] Request (DeleteServersAdminTestJSON:test_delete_server_while_in_error_state): 200 GET http://10.180.1.21/compute/v2.1/servers/2be94567-64bc-4a1e-94c1-dd58c8c44d87 1.223s
2025-05-15 10:52:46.972 69762 INFO tempest.lib.common.rest_client [req-26586fae-f584-47d8-b485-c2bf8a2b454d req-26586fae-f584-47d8-b485-c2bf8a2b454d ] Request (ServersTestMultiNic:_run_cleanups): 200 GET http://10.180.1.21/compute/v2.1/servers/4316fbf8-b3c3-4330-b8fc-a3195dc9b0dc 1.254s
2025-05-15 10:52:46.979 69762 INFO tempest.common.waiters [-] State transition "ACTIVE/deleting" ==> "DELETED/None" after 4 second wait
2025-05-15 10:52:47.036 69727 INFO tempest.lib.common.rest_client [req-ee7ae255-7ad6-4f7d-97db-c080e2bf41a5 req-ee7ae255-7ad6-4f7d-97db-c080e2bf41a5 ] Request (ServersWithSpecificFlavorTestJSON:test_verify_created_server_ephemeral_disk): 200 GET http://10.180.1.21/compute/v2.1/servers/f8f6f147-d160-4942-b0a1-70f8d885ee53 1.221s
2025-05-15 10:52:47.042 69767 INFO tempest.lib.common.rest_client [req-a25df358-ce49-4dd7-8a98-6b4b039f916b req-a25df358-ce49-4dd7-8a98-6b4b039f916b ] Request (ServersTestJSON:tearDownClass): 204 DELETE http://10.180.1.21/identity/v3/users/e567e17e771e458b85fcbd062b34fe03 0.157s
2025-05-15 10:52:47.043 69767 INFO tempest.lib.common.dynamic_creds [-] Deleting project and security group for project: 0e3f32e08927430796d472f4468ad51d
2025-05-15 10:52:47.068 69763 INFO tempest.lib.common.rest_client [req-d232cf4d-44c1-4302-a72a-56bacf08a852 req-d232cf4d-44c1-4302-a72a-56bacf08a852 ] Request (ServerAddressesNegativeTestJSON:test_list_server_addresses_by_network_neg): 404 GET http://10.180.1.21/compute/v2.1/servers/2d81a037-fa27-45eb-824c-3bc181e8968c/ips/invalid 1.132s
2025-05-15 10:52:47.097 69767 INFO tempest.lib.common.rest_client [req-23557bbc-e263-4930-99f1-e18f96cef62f req-23557bbc-e263-4930-99f1-e18f96cef62f ] Request (ServersTestJSON:tearDownClass): 200 GET http://10.180.1.21:9696/networking/v2.0/security-groups?tenant_id=0e3f32e08927430796d472f4468ad51d&name=default 0.054s
2025-05-15 10:52:47.205 69741 INFO tempest.lib.common.rest_client [req-ff7222dd-b171-4ebc-8abd-5e8d1b507244 req-ff7222dd-b171-4ebc-8abd-5e8d1b507244 ] Request (VolumesAssistedSnapshotsTest:test_volume_assisted_snapshot_create_delete): 200 POST http://10.180.1.21/compute/v2.1/servers/90256eb2-af00-45a2-b883-8cbb95046461/os-volume_attachments 2.561s
2025-05-15 10:52:47.234 69731 INFO tempest.lib.common.rest_client [req-3b1bd0fb-a3c3-4b8b-9d9f-ce4e207c964c req-3b1bd0fb-a3c3-4b8b-9d9f-ce4e207c964c ] Request (VolumesAdminNegativeTest:test_update_attached_volume_with_nonexistent_volume_in_uri): 200 GET http://10.180.1.21/compute/v2.1/servers/0d2be239-eafb-43bb-b8a9-b8e9f53d8920 1.138s
2025-05-15 10:52:47.242 69767 INFO tempest.lib.common.rest_client [req-1b33ce2c-db46-414e-ba53-80c3233cc562 req-1b33ce2c-db46-414e-ba53-80c3233cc562 ] Request (ServersTestJSON:tearDownClass): 204 DELETE http://10.180.1.21:9696/networking/v2.0/security-groups/ebdab9b5-d239-4890-b9ff-b4c9fb4ade09 0.144s
2025-05-15 10:52:47.245 69741 INFO tempest.lib.common.rest_client [req-2605631c-c737-4022-b95c-a5a5c0276992 req-2605631c-c737-4022-b95c-a5a5c0276992 ] Request (VolumesAssistedSnapshotsTest:test_volume_assisted_snapshot_create_delete): 200 GET http://10.180.1.21/volume/v3/volumes/51c4c6d7-699b-4cf9-8836-e75480aaeabc 0.038s
2025-05-15 10:52:47.279 69745 INFO tempest.lib.common.rest_client [req-a660ad34-7eac-4181-aef0-25a60c97a719 req-a660ad34-7eac-4181-aef0-25a60c97a719 ] Request (ListImageFiltersTestJSON:tearDownClass): 200 GET http://10.180.1.21/compute/v2.1/servers/7003cf16-e687-4358-80f1-6b5854d5df96 1.174s
2025-05-15 10:52:47.305 69751 INFO tempest.lib.common.rest_client [req-83a7c9d7-3f78-43d2-86da-7abc54695e63 req-83a7c9d7-3f78-43d2-86da-7abc54695e63 ] Request (ServerDiagnosticsV248Test:test_get_server_diagnostics): 200 GET http://10.180.1.21/compute/v2.1/servers/a7ed6dc1-a1ea-4c33-a194-ee09c1703788 1.099s
2025-05-15 10:52:47.352 69767 INFO tempest.lib.common.rest_client [req-db5cb9b8-868a-4245-96a4-e0425e7071d6 req-db5cb9b8-868a-4245-96a4-e0425e7071d6 ] Request (ServersTestJSON:tearDownClass): 204 DELETE http://10.180.1.21/identity/v3/projects/0e3f32e08927430796d472f4468ad51d 0.109s
2025-05-15 10:52:47.387 69749 INFO tempest.lib.common.rest_client [req-01cd73c0-966d-47a8-8838-8d8ef26296bf req-01cd73c0-966d-47a8-8838-8d8ef26296bf ] Request (ServersAdminTestJSON:test_inject_network_info): 200 GET http://10.180.1.21/compute/v2.1/servers/38d879e2-43f0-4c06-b7a4-a5eb38d585a0 1.089s
2025-05-15 10:52:47.401 69755 INFO tempest.lib.common.rest_client [req-10a4380b-78ef-4c4b-b12c-20a4a7446ead req-10a4380b-78ef-4c4b-b12c-20a4a7446ead ] Request (ServersV294TestFqdnHostnames:tearDownClass): 200 PUT http://10.180.1.21:9696/networking/v2.0/routers/9f77ed19-fcfa-4369-9d1b-2adb046ac610/remove_router_interface 1.005s
2025-05-15 10:52:47.409 69747 INFO tempest.lib.common.rest_client [req-354fa717-55ca-4ad0-86c2-96d3c163aadb req-354fa717-55ca-4ad0-86c2-96d3c163aadb ] Request (FloatingIPsAssociationNegativeTestJSON:setUpClass): 200 GET http://10.180.1.21/compute/v2.1/servers/0998af2d-3756-4997-ac22-2e3b07e876fb 1.183s
2025-05-15 10:52:47.420 69747 INFO tempest.common.waiters [-] State transition "BUILD/networking" ==> "BUILD/spawning" after 54 second wait
2025-05-15 10:52:47.435 69767 INFO tempest.lib.common.rest_client [req-e98d8b64-0ec5-47d7-b8e9-6a62dd231c89 req-e98d8b64-0ec5-47d7-b8e9-6a62dd231c89 ] Request (InstanceActionsTestJSON:setUpClass): 201 POST http://10.180.1.21/identity/v3/auth/tokens 0.082s
2025-05-15 10:52:47.463 69765 INFO tempest.lib.common.rest_client [req-0af201bb-ae96-407c-b907-9e0381d06cd8 req-0af201bb-ae96-407c-b907-9e0381d06cd8 ] Request (ServerRescueTestJSON:setUpClass): 200 GET http://10.180.1.21/compute/v2.1/servers/a572b063-eb76-4524-9008-58dfb766cc17 1.145s
2025-05-15 10:52:47.475 69767 INFO tempest.lib.common.rest_client [req-a18195a2-1da3-48e3-9ad4-b61b4e76d468 req-a18195a2-1da3-48e3-9ad4-b61b4e76d468 ] Request (InstanceActionsTestJSON:setUpClass): 201 POST http://10.180.1.21/identity/v3/auth/tokens 0.037s
2025-05-15 10:52:47.520 69767 INFO tempest.lib.common.rest_client [req-1d870d48-215a-47d4-a49d-0af919d1621a req-1d870d48-215a-47d4-a49d-0af919d1621a ] Request (InstanceActionsTestJSON:setUpClass): 200 GET http://10.180.1.21/identity/v3/domains?name=Default 0.044s
2025-05-15 10:52:47.557 69767 INFO tempest.lib.common.rest_client [req-f2ce994a-b217-4d0f-959b-4948f76149ee req-f2ce994a-b217-4d0f-959b-4948f76149ee ] Request (InstanceActionsTestJSON:setUpClass): 201 POST http://10.180.1.21/identity/v3/projects 0.036s
2025-05-15 10:52:47.571 69770 INFO tempest.lib.common.rest_client [req-b90f6a11-09cd-4d3f-8fee-1501ae9a85b8 req-b90f6a11-09cd-4d3f-8fee-1501ae9a85b8 ] Request (AttachInterfacesTestJSON:_run_cleanups): 200 GET http://10.180.1.21/compute/v2.1/servers/c1dc8ac0-7716-40ef-ae8e-7d38abeae12c 1.062s
2025-05-15 10:52:47.575 69743 INFO tempest.lib.common.rest_client [req-0a28151c-427d-4978-986b-9c640b505f45 req-0a28151c-427d-4978-986b-9c640b505f45 ] Request (InstanceActionsV221TestJSON:test_get_list_deleted_instance_actions): 200 GET http://10.180.1.21/compute/v2.1/servers/5ad3e254-1e47-4f35-8cdc-9c20cacdef92 1.046s
2025-05-15 10:52:47.584 69770 INFO tempest.common.waiters [-] State transition "ACTIVE/deleting" ==> "DELETED/None" after 4 second wait
2025-05-15 10:52:47.643 69767 INFO tempest.lib.common.rest_client [req-b793d21e-7155-430a-be2e-cb3f3a5346c8 req-b793d21e-7155-430a-be2e-cb3f3a5346c8 ] Request (InstanceActionsTestJSON:setUpClass): 201 POST http://10.180.1.21/identity/v3/users 0.085s
2025-05-15 10:52:47.657 69753 INFO tempest.lib.common.rest_client [req-f16fb514-a8b9-4cd7-86d7-7ab5671b0681 req-f16fb514-a8b9-4cd7-86d7-7ab5671b0681 ] Request (SecurityGroupsTestJSON:test_server_security_groups): 200 GET http://10.180.1.21/compute/v2.1/servers/312f7261-371a-47ec-87c9-e3a1b6b191fa 0.610s
2025-05-15 10:52:47.666 69763 INFO tempest.lib.common.rest_client [req-1b22fb71-c769-4828-8bb5-de0e0d9b7228 req-1b22fb71-c769-4828-8bb5-de0e0d9b7228 ] Request (ServerAddressesNegativeTestJSON:test_list_server_addresses_invalid_server_id): 404 GET http://10.180.1.21/compute/v2.1/servers/999/ips 0.596s
2025-05-15 10:52:47.670 69767 INFO tempest.lib.common.rest_client [req-761b13cc-4352-4c6d-a4eb-c3b92ad672b7 req-761b13cc-4352-4c6d-a4eb-c3b92ad672b7 ] Request (InstanceActionsTestJSON:setUpClass): 200 GET http://10.180.1.21/identity/v3/roles 0.026s
2025-05-15 10:52:47.709 69767 INFO tempest.lib.common.rest_client [req-5ad0fe38-b676-45bc-8fa4-019424a82d2e req-5ad0fe38-b676-45bc-8fa4-019424a82d2e ] Request (InstanceActionsTestJSON:setUpClass): 204 PUT http://10.180.1.21/identity/v3/projects/afede57db26a48e9bd05a277ad91488b/users/c58653b0f3ff45be92b383e1d32fdf23/roles/41236fd1509e4bdabdfd0e21a01fa53b 0.039s
2025-05-15 10:52:47.709 69767 INFO tempest.lib.common.dynamic_creds [-] Dynamic test user c58653b0f3ff45be92b383e1d32fdf23 is created with scope project and roles: ['member']
2025-05-15 10:52:47.709 69767 INFO tempest.lib.common.dynamic_creds [-] Acquired dynamic creds: credentials: Credentials: {'domain_id': 'default', 'domain_name': 'Default', 'username': 'tempest-InstanceActionsTestJSON-696156259-project-member', 'project_domain_id': 'default', 'project_domain_name': 'Default', 'project_id': 'afede57db26a48e9bd05a277ad91488b', 'project_name': 'tempest-InstanceActionsTestJSON-696156259', 'tenant_id': 'afede57db26a48e9bd05a277ad91488b', 'tenant_name': 'tempest-InstanceActionsTestJSON-696156259', 'user_domain_id': 'default', 'user_domain_name': 'Default', 'user_id': 'c58653b0f3ff45be92b383e1d32fdf23', 'system': None}, Network: None, Subnet: None, Router: None
2025-05-15 10:52:47.772 69723 INFO tempest.lib.common.rest_client [req-8367bff9-e108-47f0-a92a-afb0a508e11c req-8367bff9-e108-47f0-a92a-afb0a508e11c ] Request (ServerRescueTestJSONUnderV235:tearDownClass): 200 GET http://10.180.1.21/compute/v2.1/servers/a1468a4f-6462-4943-af0e-dd01f8846ce7 0.609s
2025-05-15 10:52:47.786 69767 INFO tempest.lib.common.rest_client [req-b59925d4-935f-40ee-8f9c-0fdc598186b7 req-b59925d4-935f-40ee-8f9c-0fdc598186b7 ] Request (InstanceActionsTestJSON:setUpClass): 201 POST http://10.180.1.21/identity/v3/auth/tokens 0.076s
2025-05-15 10:52:47.833 69759 INFO tempest.lib.common.rest_client [req-1ad8a96b-0ac7-449e-be21-45aea5c7b562 req-1ad8a96b-0ac7-449e-be21-45aea5c7b562 ] Request (ImagesOneServerTestJSON:test_create_delete_image): 200 GET http://10.180.1.21/compute/v2.1/images/39840722-9b78-4d5f-ac6d-47688b5f593c 0.625s
2025-05-15 10:52:47.961 69733 INFO tempest.lib.common.rest_client [req-8b1223de-20bf-40dc-9656-521db593908c req-8b1223de-20bf-40dc-9656-521db593908c ] Request (ListServersNegativeTestJSON:tearDownClass): 200 GET http://10.180.1.21/compute/v2.1/servers/ce36ec6e-aa3a-4413-897a-1aad2173662b 0.675s
2025-05-15 10:52:48.026 69735 INFO tempest.lib.common.rest_client [req-314405eb-4778-4408-ba14-f7b321ba792a req-314405eb-4778-4408-ba14-f7b321ba792a ] Request (ServersTestManualDisk:test_list_servers_with_detail): 200 GET http://10.180.1.21/compute/v2.1/servers/detail 1.378s
2025-05-15 10:52:48.068 69775 INFO tempest.lib.common.rest_client [req-e75bd4a4-8e3f-4088-b520-66e374fbc3c4 req-e75bd4a4-8e3f-4088-b520-66e374fbc3c4 ] Request (AttachVolumeNegativeTest:test_attach_attached_volume_to_different_server): 200 GET http://10.180.1.21/compute/v2.1/servers/41bacac6-0187-4a9d-b413-63da35c48d40 0.723s
2025-05-15 10:52:48.143 69767 INFO tempest.lib.common.rest_client [req-dfcc2803-94ab-48a1-a79d-890458e0c960 req-dfcc2803-94ab-48a1-a79d-890458e0c960 ] Request (InstanceActionsTestJSON:setUpClass): 201 POST http://10.180.1.21:9696/networking/v2.0/networks 0.357s
2025-05-15 10:52:48.179 69763 INFO tempest.lib.common.rest_client [req-36aad990-64d8-4e2a-8bd7-a811dfe8f2b5 req-36aad990-64d8-4e2a-8bd7-a811dfe8f2b5 ] Request (ServerAddressesNegativeTestJSON:tearDownClass): 204 DELETE http://10.180.1.21/compute/v2.1/servers/2d81a037-fa27-45eb-824c-3bc181e8968c 0.506s
2025-05-15 10:52:48.285 69741 INFO tempest.lib.common.rest_client [req-3f452bdd-819e-42b3-a300-f4022c0ff156 req-3f452bdd-819e-42b3-a300-f4022c0ff156 ] Request (VolumesAssistedSnapshotsTest:test_volume_assisted_snapshot_create_delete): 200 GET http://10.180.1.21/volume/v3/volumes/51c4c6d7-699b-4cf9-8836-e75480aaeabc 0.030s
2025-05-15 10:52:48.304 69773 WARNING tempest.lib.common.ssh [-] Failed to establish authenticated ssh connection to cirros@10.180.180.181 ([Errno None] Unable to connect to port 22 on 10.180.180.181). Number attempts: 3. Retry after 4 seconds.: paramiko.ssh_exception.NoValidConnectionsError: [Errno None] Unable to connect to port 22 on 10.180.180.181
2025-05-15 10:52:48.311 69767 INFO tempest.lib.common.rest_client [req-2b9869ed-6bd5-4be6-bb04-7a0e37e08bd9 req-2b9869ed-6bd5-4be6-bb04-7a0e37e08bd9 ] Request (InstanceActionsTestJSON:setUpClass): 201 POST http://10.180.1.21:9696/networking/v2.0/subnets 0.168s
2025-05-15 10:52:48.545 69781 INFO tempest.lib.common.rest_client [req-3548da72-c21e-404c-bd0e-d5e201bb3708 req-3548da72-c21e-404c-bd0e-d5e201bb3708 ] Request (FloatingIPsAssociationTestJSON:test_associate_already_associated_floating_ip): 200 GET http://10.180.1.21/compute/v2.1/servers/11957fcf-7b3b-46fd-917b-30f9f873b982 0.809s
2025-05-15 10:52:48.550 69779 INFO tempest.lib.common.rest_client [req-0bf08411-8b12-4e46-8c4f-052842bdc3fd req-0bf08411-8b12-4e46-8c4f-052842bdc3fd ] Request (ServersAdminNegativeTestJSON:tearDownClass): 200 GET http://10.180.1.21/compute/v2.1/servers/fe5818f2-9edf-41b1-84e0-2e6c1e5a78cb 0.985s
2025-05-15 10:52:48.639 69771 INFO tempest.lib.common.rest_client [req-fd1b42c5-5d93-4c74-8334-22d5ba523bcc req-fd1b42c5-5d93-4c74-8334-22d5ba523bcc ] Request (MigrationsAdminTest:test_resize_server_revert_deleted_flavor): 200 GET http://10.180.1.21/compute/v2.1/servers/49d8a5f5-3cd6-4ebf-8a49-c7e1116f2de6 0.817s
2025-05-15 10:52:48.681 69725 INFO tempest.lib.common.rest_client [req-b39c2779-c49e-4486-a879-256a8cdf0cd1 req-b39c2779-c49e-4486-a879-256a8cdf0cd1 ] Request (DeleteServersAdminTestJSON:test_delete_server_while_in_error_state): 200 GET http://10.180.1.21/compute/v2.1/servers/2be94567-64bc-4a1e-94c1-dd58c8c44d87 0.774s
2025-05-15 10:52:48.696 69735 INFO tempest.lib.common.rest_client [req-815f0a4f-2163-44ff-8a5b-9eeba2f86bc6 req-815f0a4f-2163-44ff-8a5b-9eeba2f86bc6 ] Request (ServersTestManualDisk:test_verify_created_server_vcpus): 200 GET http://10.180.1.21/compute/v2.1/flavors/42 0.659s
2025-05-15 10:52:48.699 69735 INFO tempest.lib.common.ssh [-] Creating ssh connection to '10.180.180.189:22' as 'cirros' with public key authentication
2025-05-15 10:52:48.703 69735 INFO paramiko.transport [-] Connected (version 2.0, client dropbear_2020.81)
2025-05-15 10:52:48.764 69735 INFO paramiko.transport [-] Authentication (publickey) successful!
2025-05-15 10:52:48.765 69735 INFO tempest.lib.common.ssh [-] ssh connection to cirros@10.180.180.189 successfully created
2025-05-15 10:52:48.776 69762 INFO tempest.lib.common.rest_client [req-013804f5-c996-46e6-bec7-5971711fb126 req-013804f5-c996-46e6-bec7-5971711fb126 ] Request (ServersTestMultiNic:_run_cleanups): 200 GET http://10.180.1.21/compute/v2.1/servers/4316fbf8-b3c3-4330-b8fc-a3195dc9b0dc 0.795s
2025-05-15 10:52:48.822 69727 INFO tempest.lib.common.rest_client [req-9e7a15d9-3187-407a-8c59-5d86c0dd7d26 req-9e7a15d9-3187-407a-8c59-5d86c0dd7d26 ] Request (ServersWithSpecificFlavorTestJSON:test_verify_created_server_ephemeral_disk): 200 GET http://10.180.1.21/compute/v2.1/servers/f8f6f147-d160-4942-b0a1-70f8d885ee53 0.770s
2025-05-15 10:52:48.973 69755 INFO tempest.lib.common.rest_client [req-9748e0a0-8cb5-4dd4-84fc-024b44e6a1e5 req-9748e0a0-8cb5-4dd4-84fc-024b44e6a1e5 ] Request (ServersV294TestFqdnHostnames:tearDownClass): 204 DELETE http://10.180.1.21:9696/networking/v2.0/routers/9f77ed19-fcfa-4369-9d1b-2adb046ac610 1.572s
2025-05-15 10:52:49.026 69767 INFO tempest.lib.common.rest_client [req-96d7ec4e-d6d3-4aee-9d90-78af1a2b15d4 req-96d7ec4e-d6d3-4aee-9d90-78af1a2b15d4 ] Request (InstanceActionsTestJSON:setUpClass): 201 POST http://10.180.1.21:9696/networking/v2.0/routers 0.714s
2025-05-15 10:52:49.082 69763 INFO tempest.lib.common.rest_client [req-4bac013f-410d-46cb-a742-229a7c84a457 req-4bac013f-410d-46cb-a742-229a7c84a457 ] Request (ServerAddressesNegativeTestJSON:tearDownClass): 200 GET http://10.180.1.21/compute/v2.1/servers/2d81a037-fa27-45eb-824c-3bc181e8968c 0.903s
2025-05-15 10:52:49.174 69731 INFO tempest.lib.common.rest_client [req-689ec6b9-2bf2-41fc-8fd0-9d1735903821 req-689ec6b9-2bf2-41fc-8fd0-9d1735903821 ] Request (VolumesAdminNegativeTest:test_update_attached_volume_with_nonexistent_volume_in_uri): 200 GET http://10.180.1.21/compute/v2.1/servers/0d2be239-eafb-43bb-b8a9-b8e9f53d8920 0.931s
2025-05-15 10:52:49.198 69745 INFO tempest.lib.common.rest_client [req-5df67bba-5ab2-48a5-ac71-cea23950d445 req-5df67bba-5ab2-48a5-ac71-cea23950d445 ] Request (ListImageFiltersTestJSON:tearDownClass): 200 GET http://10.180.1.21/compute/v2.1/servers/7003cf16-e687-4358-80f1-6b5854d5df96 0.908s
2025-05-15 10:52:49.206 69745 INFO tempest.common.waiters [-] State transition "ACTIVE/deleting" ==> "DELETED/None" after 4 second wait
2025-05-15 10:52:49.217 69755 INFO tempest.lib.common.rest_client [req-4effe788-549e-45e6-b9a3-c3b3596b70c8 req-4effe788-549e-45e6-b9a3-c3b3596b70c8 ] Request (ServersV294TestFqdnHostnames:tearDownClass): 204 DELETE http://10.180.1.21:9696/networking/v2.0/subnets/1ad917ab-43cd-4be8-b39b-ab6f39117c09 0.243s
2025-05-15 10:52:49.285 69751 INFO tempest.lib.common.rest_client [req-072cc348-de7f-42a3-aae0-ce1ecbc6e1bb req-072cc348-de7f-42a3-aae0-ce1ecbc6e1bb ] Request (ServerDiagnosticsV248Test:test_get_server_diagnostics): 200 GET http://10.180.1.21/compute/v2.1/servers/a7ed6dc1-a1ea-4c33-a194-ee09c1703788 0.966s
2025-05-15 10:52:49.291 69749 INFO tempest.lib.common.rest_client [req-6e576620-7494-493b-ba9d-f6db5a53f4b5 req-6e576620-7494-493b-ba9d-f6db5a53f4b5 ] Request (ServersAdminTestJSON:test_inject_network_info): 200 GET http://10.180.1.21/compute/v2.1/servers/38d879e2-43f0-4c06-b7a4-a5eb38d585a0 0.896s
2025-05-15 10:52:49.343 69741 INFO tempest.lib.common.rest_client [req-4420dd72-7954-402f-a4f5-1f923c5c64b6 req-4420dd72-7954-402f-a4f5-1f923c5c64b6 ] Request (VolumesAssistedSnapshotsTest:test_volume_assisted_snapshot_create_delete): 200 GET http://10.180.1.21/volume/v3/volumes/51c4c6d7-699b-4cf9-8836-e75480aaeabc 0.043s
2025-05-15 10:52:49.379 69765 INFO tempest.lib.common.rest_client [req-d47b2961-5af8-4b4a-a12f-5c7811eb6508 req-d47b2961-5af8-4b4a-a12f-5c7811eb6508 ] Request (ServerRescueTestJSON:setUpClass): 200 GET http://10.180.1.21/compute/v2.1/servers/a572b063-eb76-4524-9008-58dfb766cc17 0.904s
2025-05-15 10:52:49.389 69765 INFO tempest.common.waiters [-] State transition "BUILD/None" ==> "BUILD/networking" after 55 second wait
2025-05-15 10:52:49.465 69770 INFO tempest.lib.common.rest_client [req-f6d6d7f2-75ef-48cd-821b-cf213c7d7cbd req-f6d6d7f2-75ef-48cd-821b-cf213c7d7cbd ] Request (AttachInterfacesTestJSON:_run_cleanups): 200 GET http://10.180.1.21/compute/v2.1/servers/c1dc8ac0-7716-40ef-ae8e-7d38abeae12c 0.880s
2025-05-15 10:52:49.471 69747 INFO tempest.lib.common.rest_client [req-b6812a25-0311-4964-b18c-3ba0b0db1056 req-b6812a25-0311-4964-b18c-3ba0b0db1056 ] Request (FloatingIPsAssociationNegativeTestJSON:setUpClass): 200 GET http://10.180.1.21/compute/v2.1/servers/0998af2d-3756-4997-ac22-2e3b07e876fb 1.050s
2025-05-15 10:52:49.561 69753 INFO tempest.lib.common.rest_client [req-4771a922-7048-4b74-9f5b-454223037d4f req-4771a922-7048-4b74-9f5b-454223037d4f ] Request (SecurityGroupsTestJSON:test_server_security_groups): 200 GET http://10.180.1.21/compute/v2.1/servers/312f7261-371a-47ec-87c9-e3a1b6b191fa 0.891s
2025-05-15 10:52:49.572 69743 INFO tempest.lib.common.rest_client [req-b38cbdb7-ec43-4c53-84e9-005ffef06945 req-b38cbdb7-ec43-4c53-84e9-005ffef06945 ] Request (InstanceActionsV221TestJSON:test_get_list_deleted_instance_actions): 200 GET http://10.180.1.21/compute/v2.1/servers/5ad3e254-1e47-4f35-8cdc-9c20cacdef92 0.981s
2025-05-15 10:52:49.649 69723 INFO tempest.lib.common.rest_client [req-4c32fa3b-cc3c-4b37-b9ae-1250937b7133 req-4c32fa3b-cc3c-4b37-b9ae-1250937b7133 ] Request (ServerRescueTestJSONUnderV235:tearDownClass): 200 GET http://10.180.1.21/compute/v2.1/servers/a1468a4f-6462-4943-af0e-dd01f8846ce7 0.865s
2025-05-15 10:52:49.676 69755 INFO tempest.lib.common.rest_client [req-dd40a4ec-9f53-4f31-bc67-dce0143dbb77 req-dd40a4ec-9f53-4f31-bc67-dce0143dbb77 ] Request (ServersV294TestFqdnHostnames:tearDownClass): 204 DELETE http://10.180.1.21:9696/networking/v2.0/networks/dc031ea2-0001-44e3-8739-91b2d6b1e499 0.459s
2025-05-15 10:52:49.680 69735 INFO tempest.lib.common.rest_client [req-f490564a-99ef-4687-8ccd-20d965041ca2 req-f490564a-99ef-4687-8ccd-20d965041ca2 ] Request (ServersTestManualDisk:tearDownClass): 204 DELETE http://10.180.1.21/compute/v2.1/servers/6f6bf764-5ab6-454b-b0b2-b9c0a213e60c 0.901s
2025-05-15 10:52:49.709 69759 INFO tempest.lib.common.rest_client [req-eaa746bf-3f7c-465a-b24b-46b1c381cad1 req-eaa746bf-3f7c-465a-b24b-46b1c381cad1 ] Request (ImagesOneServerTestJSON:test_create_delete_image): 200 GET http://10.180.1.21/compute/v2.1/images/39840722-9b78-4d5f-ac6d-47688b5f593c 0.871s
2025-05-15 10:52:49.766 69733 INFO tempest.lib.common.rest_client [req-67055da9-0105-4a7c-9d71-f49d7a21678a req-67055da9-0105-4a7c-9d71-f49d7a21678a ] Request (ListServersNegativeTestJSON:tearDownClass): 200 GET http://10.180.1.21/compute/v2.1/servers/ce36ec6e-aa3a-4413-897a-1aad2173662b 0.796s
2025-05-15 10:52:49.783 69775 INFO tempest.lib.common.rest_client [req-fbeca8db-92b6-4f25-a385-44f0e89e4b08 req-fbeca8db-92b6-4f25-a385-44f0e89e4b08 ] Request (AttachVolumeNegativeTest:test_attach_attached_volume_to_different_server): 200 GET http://10.180.1.21/compute/v2.1/servers/41bacac6-0187-4a9d-b413-63da35c48d40 0.707s
2025-05-15 10:52:49.828 69755 INFO tempest.lib.common.rest_client [req-3f009fcd-3673-4afd-bd8f-de9e6cf2fc84 req-3f009fcd-3673-4afd-bd8f-de9e6cf2fc84 ] Request (ServersV294TestFqdnHostnames:tearDownClass): 204 DELETE http://10.180.1.21/identity/v3/users/758da62a7cce48b19643379c1ddcda88 0.151s
2025-05-15 10:52:49.828 69755 INFO tempest.lib.common.dynamic_creds [-] Deleting project and security group for project: ecdb031169cc4df4b4e0db4d16c2cde9
2025-05-15 10:52:49.837 69721 WARNING tempest.lib.common.ssh [-] Failed to establish authenticated ssh connection to cirros@10.180.180.177 ([Errno None] Unable to connect to port 22 on 10.180.180.177). Number attempts: 6. Retry after 7 seconds.: paramiko.ssh_exception.NoValidConnectionsError: [Errno None] Unable to connect to port 22 on 10.180.180.177
2025-05-15 10:52:49.873 69781 INFO tempest.lib.common.rest_client [req-63c6e054-0ac2-4468-b4ca-e5d41e8bc4df req-63c6e054-0ac2-4468-b4ca-e5d41e8bc4df ] Request (FloatingIPsAssociationTestJSON:test_associate_already_associated_floating_ip): 200 GET http://10.180.1.21/compute/v2.1/servers/11957fcf-7b3b-46fd-917b-30f9f873b982 0.319s
2025-05-15 10:52:49.899 69779 INFO tempest.lib.common.rest_client [req-e7f3f139-5f1f-4ab7-948f-247956e7df62 req-e7f3f139-5f1f-4ab7-948f-247956e7df62 ] Request (ServersAdminNegativeTestJSON:tearDownClass): 200 GET http://10.180.1.21/compute/v2.1/servers/fe5818f2-9edf-41b1-84e0-2e6c1e5a78cb 0.337s
2025-05-15 10:52:49.950 69755 INFO tempest.lib.common.rest_client [req-88b1489e-b9b5-4069-bf14-d7ffce02611d req-88b1489e-b9b5-4069-bf14-d7ffce02611d ] Request (ServersV294TestFqdnHostnames:tearDownClass): 200 GET http://10.180.1.21:9696/networking/v2.0/security-groups?tenant_id=ecdb031169cc4df4b4e0db4d16c2cde9&name=default 0.121s
2025-05-15 10:52:49.963 69771 INFO tempest.lib.common.rest_client [req-131dcff2-b718-4eab-9c75-1450d54638e3 req-131dcff2-b718-4eab-9c75-1450d54638e3 ] Request (MigrationsAdminTest:test_resize_server_revert_deleted_flavor): 200 GET http://10.180.1.21/compute/v2.1/servers/49d8a5f5-3cd6-4ebf-8a49-c7e1116f2de6 0.308s
2025-05-15 10:52:50.042 69725 INFO tempest.lib.common.rest_client [req-58a69478-05b0-4ea3-8200-9174f8a35e32 req-58a69478-05b0-4ea3-8200-9174f8a35e32 ] Request (DeleteServersAdminTestJSON:test_delete_server_while_in_error_state): 200 GET http://10.180.1.21/compute/v2.1/servers/2be94567-64bc-4a1e-94c1-dd58c8c44d87 0.350s
2025-05-15 10:52:50.067 69735 INFO tempest.lib.common.rest_client [req-fc0c4f0b-d251-4148-aa94-3e18af5ad9a5 req-fc0c4f0b-d251-4148-aa94-3e18af5ad9a5 ] Request (ServersTestManualDisk:tearDownClass): 200 GET http://10.180.1.21/compute/v2.1/servers/6f6bf764-5ab6-454b-b0b2-b9c0a213e60c 0.385s
2025-05-15 10:52:50.147 69762 INFO tempest.lib.common.rest_client [req-9463b153-19e3-4ca6-8898-4ac574cb25cd req-9463b153-19e3-4ca6-8898-4ac574cb25cd ] Request (ServersTestMultiNic:_run_cleanups): 200 GET http://10.180.1.21/compute/v2.1/servers/4316fbf8-b3c3-4330-b8fc-a3195dc9b0dc 0.361s
2025-05-15 10:52:50.149 69727 INFO tempest.lib.common.rest_client [req-23bc36fa-187d-4836-983e-4917f35120e9 req-23bc36fa-187d-4836-983e-4917f35120e9 ] Request (ServersWithSpecificFlavorTestJSON:test_verify_created_server_ephemeral_disk): 200 GET http://10.180.1.21/compute/v2.1/servers/f8f6f147-d160-4942-b0a1-70f8d885ee53 0.318s
2025-05-15 10:52:50.149 69755 INFO tempest.lib.common.rest_client [req-ab05c8c2-86e0-425b-b517-5b82f533b8c5 req-ab05c8c2-86e0-425b-b517-5b82f533b8c5 ] Request (ServersV294TestFqdnHostnames:tearDownClass): 204 DELETE http://10.180.1.21:9696/networking/v2.0/security-groups/e53f7a6d-2f57-46ac-9680-4c562e545e98 0.198s
2025-05-15 10:52:50.275 69755 INFO tempest.lib.common.rest_client [req-18cd289c-311f-4067-a300-07cbd89f0c58 req-18cd289c-311f-4067-a300-07cbd89f0c58 ] Request (ServersV294TestFqdnHostnames:tearDownClass): 204 DELETE http://10.180.1.21/identity/v3/projects/ecdb031169cc4df4b4e0db4d16c2cde9 0.125s
2025-05-15 10:52:50.342 69755 INFO tempest.lib.common.rest_client [req-c9dc6a2c-3a73-4e56-8179-4ab7fe2df0f9 req-c9dc6a2c-3a73-4e56-8179-4ab7fe2df0f9 ] Request (VolumesGetTestJSON:setUpClass): 201 POST http://10.180.1.21/identity/v3/auth/tokens 0.066s
2025-05-15 10:52:50.351 69763 INFO tempest.lib.common.rest_client [req-fd06e92b-28a2-499f-97a1-bf017ff48745 req-fd06e92b-28a2-499f-97a1-bf017ff48745 ] Request (ServerAddressesNegativeTestJSON:tearDownClass): 200 GET http://10.180.1.21/compute/v2.1/servers/2d81a037-fa27-45eb-824c-3bc181e8968c 0.260s
2025-05-15 10:52:50.386 69767 INFO tempest.lib.common.rest_client [req-130ebcf0-45be-485c-a705-b509630db3d6 req-130ebcf0-45be-485c-a705-b509630db3d6 ] Request (InstanceActionsTestJSON:setUpClass): 200 PUT http://10.180.1.21:9696/networking/v2.0/routers/f57341d1-4a04-4dc6-8dc0-3f713cf23a43/add_router_interface 1.359s
2025-05-15 10:52:50.386 69767 INFO tempest.lib.common.dynamic_creds [-] Created isolated network resources for: credentials: Credentials: {'domain_id': 'default', 'domain_name': 'Default', 'username': 'tempest-InstanceActionsTestJSON-696156259-project-member', 'project_domain_id': 'default', 'project_domain_name': 'Default', 'project_id': 'afede57db26a48e9bd05a277ad91488b', 'project_name': 'tempest-InstanceActionsTestJSON-696156259', 'tenant_id': 'afede57db26a48e9bd05a277ad91488b', 'tenant_name': 'tempest-InstanceActionsTestJSON-696156259', 'user_domain_id': 'default', 'user_domain_name': 'Default', 'user_id': 'c58653b0f3ff45be92b383e1d32fdf23', 'system': None}, Network: {'id': 'edcbcd68-6bc3-4c99-9bd4-c09fb04d8b05', 'name': 'tempest-InstanceActionsTestJSON-498342770-network', 'tenant_id': 'afede57db26a48e9bd05a277ad91488b', 'admin_state_up': True, 'mtu': 8950, 'status': 'ACTIVE', 'subnets': [], 'shared': False, 'project_id': 'afede57db26a48e9bd05a277ad91488b', 'port_security_enabled': True, 'router:external': False, 'provider:network_type': 'vlan', 'provider:physical_network': 'default', 'provider:segmentation_id': 284, 'availability_zone_hints': [], 'availability_zones': [], 'ipv4_address_scope': None, 'ipv6_address_scope': None, 'description': '', 'tags': [], 'created_at': '2025-05-15T10:52:48Z', 'updated_at': '2025-05-15T10:52:48Z', 'revision_number': 1}, Subnet: {'id': '53537aa6-4fd9-4f04-aff6-b17d94da917d', 'name': 'tempest-InstanceActionsTestJSON-498342770-subnet', 'tenant_id': 'afede57db26a48e9bd05a277ad91488b', 'network_id': 'edcbcd68-6bc3-4c99-9bd4-c09fb04d8b05', 'ip_version': 4, 'subnetpool_id': None, 'enable_dhcp': True, 'ipv6_ra_mode': None, 'ipv6_address_mode': None, 'gateway_ip': '192.168.128.1', 'cidr': '192.168.128.0/28', 'allocation_pools': [{'start': '192.168.128.2', 'end': '192.168.128.14'}], 'host_routes': [], 'dns_nameservers': [], 'description': '', 'router:external': False, 'service_types': [], 'tags': [], 'created_at': '2025-05-15T10:52:48Z', 'updated_at': '2025-05-15T10:52:48Z', 'revision_number': 0, 'project_id': 'afede57db26a48e9bd05a277ad91488b'}, Router: {'id': 'f57341d1-4a04-4dc6-8dc0-3f713cf23a43', 'name': 'tempest-InstanceActionsTestJSON-498342770-router', 'tenant_id': 'afede57db26a48e9bd05a277ad91488b', 'admin_state_up': True, 'status': 'ACTIVE', 'external_gateway_info': {'network_id': 'dc67485c-e46f-4291-976b-fba1c9b6d1ff', 'external_fixed_ips': [{'subnet_id': 'a789b9ac-255a-4882-9ce1-7f8a26643120', 'ip_address': '10.180.180.171'}], 'enable_snat': True}, 'description': '', 'availability_zones': [], 'distributed': False, 'ha': False, 'availability_zone_hints': [], 'routes': [], 'flavor_id': None, 'tags': [], 'created_at': '2025-05-15T10:52:48Z', 'updated_at': '2025-05-15T10:52:48Z', 'revision_number': 2, 'project_id': 'afede57db26a48e9bd05a277ad91488b'}
2025-05-15 10:52:50.387 69755 INFO tempest.lib.common.rest_client [req-e9fe1410-9082-40ec-b164-a382ac2a2ce7 req-e9fe1410-9082-40ec-b164-a382ac2a2ce7 ] Request (VolumesGetTestJSON:setUpClass): 201 POST http://10.180.1.21/identity/v3/auth/tokens 0.040s
2025-05-15 10:52:50.404 69741 INFO tempest.lib.common.rest_client [req-f9adfd73-d77b-4e47-bca6-f058a63582c2 req-f9adfd73-d77b-4e47-bca6-f058a63582c2 ] Request (VolumesAssistedSnapshotsTest:test_volume_assisted_snapshot_create_delete): 200 GET http://10.180.1.21/volume/v3/volumes/51c4c6d7-699b-4cf9-8836-e75480aaeabc 0.048s
2025-05-15 10:52:50.420 69731 INFO tempest.lib.common.rest_client [req-0cc90c00-84f9-4b3b-b32b-b1ebf7266d1a req-0cc90c00-84f9-4b3b-b32b-b1ebf7266d1a ] Request (VolumesAdminNegativeTest:test_update_attached_volume_with_nonexistent_volume_in_uri): 200 GET http://10.180.1.21/compute/v2.1/servers/0d2be239-eafb-43bb-b8a9-b8e9f53d8920 0.236s
2025-05-15 10:52:50.421 69755 INFO tempest.lib.common.rest_client [req-f5f31872-a742-44b9-870e-f0a004b464a2 req-f5f31872-a742-44b9-870e-f0a004b464a2 ] Request (VolumesGetTestJSON:setUpClass): 200 GET http://10.180.1.21/identity/v3/domains?name=Default 0.033s
2025-05-15 10:52:50.449 69755 INFO tempest.lib.common.rest_client [req-54113b14-583a-48ae-8035-4779255fa80f req-54113b14-583a-48ae-8035-4779255fa80f ] Request (VolumesGetTestJSON:setUpClass): 201 POST http://10.180.1.21/identity/v3/projects 0.028s
2025-05-15 10:52:50.462 69745 INFO tempest.lib.common.rest_client [req-55e4dad2-daa5-4fc5-9494-f41ff9a8dc2a req-55e4dad2-daa5-4fc5-9494-f41ff9a8dc2a ] Request (ListImageFiltersTestJSON:tearDownClass): 200 GET http://10.180.1.21/compute/v2.1/servers/7003cf16-e687-4358-80f1-6b5854d5df96 0.254s
2025-05-15 10:52:50.475 69767 INFO tempest.lib.common.rest_client [req-d755665f-11fa-49c4-ab05-59b72fa5ddca req-d755665f-11fa-49c4-ab05-59b72fa5ddca ] Request (InstanceActionsTestJSON:setUpClass): 201 POST http://10.180.1.21/identity/v3/auth/tokens 0.086s
2025-05-15 10:52:50.491 69751 INFO tempest.lib.common.rest_client [req-838cb78e-367e-4830-bd1d-81f7be768bca req-838cb78e-367e-4830-bd1d-81f7be768bca ] Request (ServerDiagnosticsV248Test:test_get_server_diagnostics): 200 GET http://10.180.1.21/compute/v2.1/servers/a7ed6dc1-a1ea-4c33-a194-ee09c1703788 0.191s
2025-05-15 10:52:50.533 69755 INFO tempest.lib.common.rest_client [req-e9c23888-8914-4c1d-b3e5-de0f12f6ff60 req-e9c23888-8914-4c1d-b3e5-de0f12f6ff60 ] Request (VolumesGetTestJSON:setUpClass): 201 POST http://10.180.1.21/identity/v3/users 0.083s
2025-05-15 10:52:50.560 69755 INFO tempest.lib.common.rest_client [req-263e3ebd-ae1b-41b5-b966-6638dc278d2b req-263e3ebd-ae1b-41b5-b966-6638dc278d2b ] Request (VolumesGetTestJSON:setUpClass): 200 GET http://10.180.1.21/identity/v3/roles 0.025s
2025-05-15 10:52:50.561 69749 INFO tempest.lib.common.rest_client [req-d8d76196-c640-47e6-badb-188cc9405c56 req-d8d76196-c640-47e6-badb-188cc9405c56 ] Request (ServersAdminTestJSON:test_inject_network_info): 200 GET http://10.180.1.21/compute/v2.1/servers/38d879e2-43f0-4c06-b7a4-a5eb38d585a0 0.255s
2025-05-15 10:52:50.567 69767 INFO tempest.lib.common.rest_client [req-975f62f1-541b-4c6a-8b74-095642a1f42d req-975f62f1-541b-4c6a-8b74-095642a1f42d ] Request (InstanceActionsTestJSON:setUpClass): 201 POST http://10.180.1.21/identity/v3/auth/tokens 0.088s
2025-05-15 10:52:50.567 69767 INFO tempest.lib.common.fixed_network [-] (InstanceActionsTestJSON:setUpClass) Found network {'id': 'edcbcd68-6bc3-4c99-9bd4-c09fb04d8b05', 'name': 'tempest-InstanceActionsTestJSON-498342770-network', 'tenant_id': 'afede57db26a48e9bd05a277ad91488b', 'admin_state_up': True, 'mtu': 8950, 'status': 'ACTIVE', 'subnets': [], 'shared': False, 'project_id': 'afede57db26a48e9bd05a277ad91488b', 'port_security_enabled': True, 'router:external': False, 'provider:network_type': 'vlan', 'provider:physical_network': 'default', 'provider:segmentation_id': 284, 'availability_zone_hints': [], 'availability_zones': [], 'ipv4_address_scope': None, 'ipv6_address_scope': None, 'description': '', 'tags': [], 'created_at': '2025-05-15T10:52:48Z', 'updated_at': '2025-05-15T10:52:48Z', 'revision_number': 1} available for tenant
2025-05-15 10:52:50.592 69755 INFO tempest.lib.common.rest_client [req-508d26d6-bfdd-4f42-a082-4a8810c0ef0a req-508d26d6-bfdd-4f42-a082-4a8810c0ef0a ] Request (VolumesGetTestJSON:setUpClass): 204 PUT http://10.180.1.21/identity/v3/projects/3f3f9a743b8d4f19a69fb10796baa98d/users/82f0adcf60104d30a0d31ba7dbcfad1d/roles/41236fd1509e4bdabdfd0e21a01fa53b 0.032s
2025-05-15 10:52:50.592 69755 INFO tempest.lib.common.dynamic_creds [-] Dynamic test user 82f0adcf60104d30a0d31ba7dbcfad1d is created with scope project and roles: ['member']
2025-05-15 10:52:50.593 69755 INFO tempest.lib.common.dynamic_creds [-] Acquired dynamic creds: credentials: Credentials: {'domain_id': 'default', 'domain_name': 'Default', 'username': 'tempest-VolumesGetTestJSON-385438187-project-member', 'project_domain_id': 'default', 'project_domain_name': 'Default', 'project_id': '3f3f9a743b8d4f19a69fb10796baa98d', 'project_name': 'tempest-VolumesGetTestJSON-385438187', 'tenant_id': '3f3f9a743b8d4f19a69fb10796baa98d', 'tenant_name': 'tempest-VolumesGetTestJSON-385438187', 'user_domain_id': 'default', 'user_domain_name': 'Default', 'user_id': '82f0adcf60104d30a0d31ba7dbcfad1d', 'system': None}, Network: None, Subnet: None, Router: None
2025-05-15 10:52:50.593 69755 INFO tempest.lib.common.dynamic_creds [-] Created isolated network resources for: credentials: Credentials: {'domain_id': 'default', 'domain_name': 'Default', 'username': 'tempest-VolumesGetTestJSON-385438187-project-member', 'project_domain_id': 'default', 'project_domain_name': 'Default', 'project_id': '3f3f9a743b8d4f19a69fb10796baa98d', 'project_name': 'tempest-VolumesGetTestJSON-385438187', 'tenant_id': '3f3f9a743b8d4f19a69fb10796baa98d', 'tenant_name': 'tempest-VolumesGetTestJSON-385438187', 'user_domain_id': 'default', 'user_domain_name': 'Default', 'user_id': '82f0adcf60104d30a0d31ba7dbcfad1d', 'system': None}, Network: None, Subnet: None, Router: None
2025-05-15 10:52:50.664 69770 INFO tempest.lib.common.rest_client [req-ef79049b-2d0b-4b9b-b54b-46cf112a79a1 req-ef79049b-2d0b-4b9b-b54b-46cf112a79a1 ] Request (AttachInterfacesTestJSON:_run_cleanups): 200 GET http://10.180.1.21/compute/v2.1/servers/c1dc8ac0-7716-40ef-ae8e-7d38abeae12c 0.185s
2025-05-15 10:52:50.687 69755 INFO tempest.lib.common.rest_client [req-e95560d8-0480-42bc-8ecd-130984135c76 req-e95560d8-0480-42bc-8ecd-130984135c76 ] Request (VolumesGetTestJSON:setUpClass): 201 POST http://10.180.1.21/identity/v3/auth/tokens 0.090s
2025-05-15 10:52:50.693 69765 INFO tempest.lib.common.rest_client [req-d32d2bca-0d05-474b-9059-bed5e589ada8 req-d32d2bca-0d05-474b-9059-bed5e589ada8 ] Request (ServerRescueTestJSON:setUpClass): 200 GET http://10.180.1.21/compute/v2.1/servers/a572b063-eb76-4524-9008-58dfb766cc17 0.303s
2025-05-15 10:52:50.702 69765 INFO tempest.common.waiters [-] State transition "BUILD/networking" ==> "BUILD/spawning" after 56 second wait
2025-05-15 10:52:50.824 69747 INFO tempest.lib.common.rest_client [req-97c82c37-7a94-4a79-8ddc-c55aedef5cf0 req-97c82c37-7a94-4a79-8ddc-c55aedef5cf0 ] Request (FloatingIPsAssociationNegativeTestJSON:setUpClass): 200 GET http://10.180.1.21/compute/v2.1/servers/0998af2d-3756-4997-ac22-2e3b07e876fb 0.333s
2025-05-15 10:52:50.909 69753 INFO tempest.lib.common.rest_client [req-408ccc5b-62cf-4df2-8f03-faf013c4b8ee req-408ccc5b-62cf-4df2-8f03-faf013c4b8ee ] Request (SecurityGroupsTestJSON:test_server_security_groups): 200 GET http://10.180.1.21/compute/v2.1/servers/312f7261-371a-47ec-87c9-e3a1b6b191fa 0.335s
2025-05-15 10:52:50.993 69743 INFO tempest.lib.common.rest_client [req-fb0ad0fb-5cbd-49c3-9225-920de183870f req-fb0ad0fb-5cbd-49c3-9225-920de183870f ] Request (InstanceActionsV221TestJSON:test_get_list_deleted_instance_actions): 200 GET http://10.180.1.21/compute/v2.1/servers/5ad3e254-1e47-4f35-8cdc-9c20cacdef92 0.405s
2025-05-15 10:52:51.095 69723 INFO tempest.lib.common.rest_client [req-fc602f58-6a91-4b9e-b932-6d1593627a9d req-fc602f58-6a91-4b9e-b932-6d1593627a9d ] Request (ServerRescueTestJSONUnderV235:tearDownClass): 200 GET http://10.180.1.21/compute/v2.1/servers/a1468a4f-6462-4943-af0e-dd01f8846ce7 0.435s
2025-05-15 10:52:51.261 69767 INFO tempest.lib.common.rest_client [req-a875dbac-aed3-455e-997e-ee8d669bebc1 req-a875dbac-aed3-455e-997e-ee8d669bebc1 ] Request (InstanceActionsTestJSON:setUpClass): 202 POST http://10.180.1.21/compute/v2.1/servers 0.692s
2025-05-15 10:52:51.301 69759 INFO tempest.lib.common.rest_client [req-04271cac-0c04-47ee-83e3-0e91e7627299 req-04271cac-0c04-47ee-83e3-0e91e7627299 ] Request (ImagesOneServerTestJSON:test_create_delete_image): 200 GET http://10.180.1.21/compute/v2.1/images/39840722-9b78-4d5f-ac6d-47688b5f593c 0.583s
2025-05-15 10:52:51.381 69733 INFO tempest.lib.common.rest_client [req-d716dc84-a132-4b7e-b1a0-f06c54538d66 req-d716dc84-a132-4b7e-b1a0-f06c54538d66 ] Request (ListServersNegativeTestJSON:tearDownClass): 200 GET http://10.180.1.21/compute/v2.1/servers/ce36ec6e-aa3a-4413-897a-1aad2173662b 0.600s
2025-05-15 10:52:51.383 69755 INFO tempest.lib.common.rest_client [req-7a4014e9-9c87-4fde-a9aa-ad729a7db213 req-7a4014e9-9c87-4fde-a9aa-ad729a7db213 ] Request (VolumesGetTestJSON:test_volume_create_get_delete): 200 POST http://10.180.1.21/compute/v2.1/os-volumes 0.694s
2025-05-15 10:52:51.452 69741 INFO tempest.lib.common.rest_client [req-f0176e48-72a9-4c8b-8438-e7aa64824e4f req-f0176e48-72a9-4c8b-8438-e7aa64824e4f ] Request (VolumesAssistedSnapshotsTest:test_volume_assisted_snapshot_create_delete): 200 GET http://10.180.1.21/volume/v3/volumes/51c4c6d7-699b-4cf9-8836-e75480aaeabc 0.040s
2025-05-15 10:52:51.465 69775 INFO tempest.lib.common.rest_client [req-978cd487-1126-462f-96de-2041f7df47ec req-978cd487-1126-462f-96de-2041f7df47ec ] Request (AttachVolumeNegativeTest:test_attach_attached_volume_to_different_server): 200 GET http://10.180.1.21/compute/v2.1/servers/41bacac6-0187-4a9d-b413-63da35c48d40 0.668s
2025-05-15 10:52:51.470 69781 INFO tempest.lib.common.rest_client [req-27d8e794-2564-49f1-aafd-ae1b6d65fd2b req-27d8e794-2564-49f1-aafd-ae1b6d65fd2b ] Request (FloatingIPsAssociationTestJSON:test_associate_already_associated_floating_ip): 200 GET http://10.180.1.21/compute/v2.1/servers/11957fcf-7b3b-46fd-917b-30f9f873b982 0.587s
2025-05-15 10:52:51.551 69771 INFO tempest.lib.common.rest_client [req-762773ff-8321-4643-953e-d4859d6d5461 req-762773ff-8321-4643-953e-d4859d6d5461 ] Request (MigrationsAdminTest:test_resize_server_revert_deleted_flavor): 200 GET http://10.180.1.21/compute/v2.1/servers/49d8a5f5-3cd6-4ebf-8a49-c7e1116f2de6 0.577s
2025-05-15 10:52:51.569 69779 INFO tempest.lib.common.rest_client [req-e3125d71-2969-40eb-9541-4ce6661f5696 req-e3125d71-2969-40eb-9541-4ce6661f5696 ] Request (ServersAdminNegativeTestJSON:tearDownClass): 200 GET http://10.180.1.21/compute/v2.1/servers/fe5818f2-9edf-41b1-84e0-2e6c1e5a78cb 0.654s
2025-05-15 10:52:51.586 69779 INFO tempest.common.waiters [-] State transition "ACTIVE/deleting" ==> "DELETED/None" after 5 second wait
2025-05-15 10:52:51.652 69725 INFO tempest.lib.common.rest_client [req-d961d84f-cefe-4cdf-a416-6e409c1c432b req-d961d84f-cefe-4cdf-a416-6e409c1c432b ] Request (DeleteServersAdminTestJSON:test_delete_server_while_in_error_state): 200 GET http://10.180.1.21/compute/v2.1/servers/2be94567-64bc-4a1e-94c1-dd58c8c44d87 0.599s
2025-05-15 10:52:51.662 69719 WARNING tempest.lib.common.ssh [-] Failed to establish authenticated ssh connection to cirros@10.180.180.192 ([Errno None] Unable to connect to port 22 on 10.180.180.192). Number attempts: 5. Retry after 6 seconds.: paramiko.ssh_exception.NoValidConnectionsError: [Errno None] Unable to connect to port 22 on 10.180.180.192
2025-05-15 10:52:51.730 69762 INFO tempest.lib.common.rest_client [req-54ea6a89-574c-4db4-b91e-59def9c052da req-54ea6a89-574c-4db4-b91e-59def9c052da ] Request (ServersTestMultiNic:_run_cleanups): 200 GET http://10.180.1.21/compute/v2.1/servers/4316fbf8-b3c3-4330-b8fc-a3195dc9b0dc 0.572s
2025-05-15 10:52:51.760 69735 INFO tempest.lib.common.rest_client [req-441d0a47-b6c0-4aaa-ba60-34d9a1ac32b1 req-441d0a47-b6c0-4aaa-ba60-34d9a1ac32b1 ] Request (ServersTestManualDisk:tearDownClass): 200 GET http://10.180.1.21/compute/v2.1/servers/6f6bf764-5ab6-454b-b0b2-b9c0a213e60c 0.677s
2025-05-15 10:52:51.808 69727 INFO tempest.lib.common.rest_client [req-0c7c3bdd-3827-4c17-a72e-79c867a0d59d req-0c7c3bdd-3827-4c17-a72e-79c867a0d59d ] Request (ServersWithSpecificFlavorTestJSON:test_verify_created_server_ephemeral_disk): 200 GET http://10.180.1.21/compute/v2.1/servers/f8f6f147-d160-4942-b0a1-70f8d885ee53 0.648s
2025-05-15 10:52:51.854 69767 INFO tempest.lib.common.rest_client [req-c949cd05-cca3-41f1-8d0d-89bededcd663 req-c949cd05-cca3-41f1-8d0d-89bededcd663 ] Request (InstanceActionsTestJSON:setUpClass): 200 GET http://10.180.1.21/compute/v2.1/servers/6f2a6cfc-4db9-4d29-9546-10ae7cf5b2ce 0.591s
2025-05-15 10:52:51.893 69763 INFO tempest.lib.common.rest_client [req-ba475fe7-1337-419e-b4f6-f0aa22882a24 req-ba475fe7-1337-419e-b4f6-f0aa22882a24 ] Request (ServerAddressesNegativeTestJSON:tearDownClass): 200 GET http://10.180.1.21/compute/v2.1/servers/2d81a037-fa27-45eb-824c-3bc181e8968c 0.532s
2025-05-15 10:52:51.895 69755 INFO tempest.lib.common.rest_client [req-5d83925b-1584-4280-ab68-223fe50bed69 req-5d83925b-1584-4280-ab68-223fe50bed69 ] Request (VolumesGetTestJSON:test_volume_create_get_delete): 200 GET http://10.180.1.21/compute/v2.1/os-volumes/fd3c82d7-3f90-43e3-9e87-6c86eee36b79 0.508s
2025-05-15 10:52:51.897 69755 INFO tempest.common.waiters [-] volume fd3c82d7-3f90-43e3-9e87-6c86eee36b79 reached available after waiting for 0.897849 seconds
2025-05-15 10:52:52.018 69745 INFO tempest.lib.common.rest_client [req-85ff9ec9-bd89-41f2-bada-ff150eaf8496 req-85ff9ec9-bd89-41f2-bada-ff150eaf8496 ] Request (ListImageFiltersTestJSON:tearDownClass): 200 GET http://10.180.1.21/compute/v2.1/servers/7003cf16-e687-4358-80f1-6b5854d5df96 0.545s
2025-05-15 10:52:52.137 69751 INFO tempest.lib.common.rest_client [req-b3714166-3836-413a-88e5-d6b2e01aabb0 req-b3714166-3836-413a-88e5-d6b2e01aabb0 ] Request (ServerDiagnosticsV248Test:test_get_server_diagnostics): 200 GET http://10.180.1.21/compute/v2.1/servers/a7ed6dc1-a1ea-4c33-a194-ee09c1703788 0.628s
2025-05-15 10:52:52.156 69731 INFO tempest.lib.common.rest_client [req-889f6306-e889-45ae-abff-e2f95c8aa1ff req-889f6306-e889-45ae-abff-e2f95c8aa1ff ] Request (VolumesAdminNegativeTest:test_update_attached_volume_with_nonexistent_volume_in_uri): 200 GET http://10.180.1.21/compute/v2.1/servers/0d2be239-eafb-43bb-b8a9-b8e9f53d8920 0.727s
2025-05-15 10:52:52.232 69749 INFO tempest.lib.common.rest_client [req-a74dcace-d146-4163-90a9-302ff46a317c req-a74dcace-d146-4163-90a9-302ff46a317c ] Request (ServersAdminTestJSON:test_inject_network_info): 200 GET http://10.180.1.21/compute/v2.1/servers/38d879e2-43f0-4c06-b7a4-a5eb38d585a0 0.659s
2025-05-15 10:52:52.264 69770 INFO tempest.lib.common.rest_client [req-64eac263-cab8-4a41-9409-42e1102615ce req-64eac263-cab8-4a41-9409-42e1102615ce ] Request (AttachInterfacesTestJSON:_run_cleanups): 200 GET http://10.180.1.21/compute/v2.1/servers/c1dc8ac0-7716-40ef-ae8e-7d38abeae12c 0.589s
2025-05-15 10:52:52.506 69741 INFO tempest.lib.common.rest_client [req-43419536-761a-4244-9b3b-ec3ef6fc4681 req-43419536-761a-4244-9b3b-ec3ef6fc4681 ] Request (VolumesAssistedSnapshotsTest:test_volume_assisted_snapshot_create_delete): 200 GET http://10.180.1.21/volume/v3/volumes/51c4c6d7-699b-4cf9-8836-e75480aaeabc 0.045s
2025-05-15 10:52:52.777 69765 INFO tempest.lib.common.rest_client [req-0b2af17f-4c01-4174-b7f9-27f9edbb02ea req-0b2af17f-4c01-4174-b7f9-27f9edbb02ea ] Request (ServerRescueTestJSON:setUpClass): 200 GET http://10.180.1.21/compute/v2.1/servers/a572b063-eb76-4524-9008-58dfb766cc17 1.074s
2025-05-15 10:52:52.811 69773 WARNING tempest.lib.common.ssh [-] Failed to establish authenticated ssh connection to cirros@10.180.180.181 ([Errno None] Unable to connect to port 22 on 10.180.180.181). Number attempts: 4. Retry after 5 seconds.: paramiko.ssh_exception.NoValidConnectionsError: [Errno None] Unable to connect to port 22 on 10.180.180.181
2025-05-15 10:52:52.836 69755 INFO tempest.lib.common.rest_client [req-57e8dc9c-8adf-4964-9168-d15c26e2b2aa req-57e8dc9c-8adf-4964-9168-d15c26e2b2aa ] Request (VolumesGetTestJSON:test_volume_create_get_delete): 200 GET http://10.180.1.21/compute/v2.1/os-volumes/fd3c82d7-3f90-43e3-9e87-6c86eee36b79 0.938s
2025-05-15 10:52:52.889 69747 INFO tempest.lib.common.rest_client [req-6405afea-9ba6-4e2e-baec-e3e1159d56c5 req-6405afea-9ba6-4e2e-baec-e3e1159d56c5 ] Request (FloatingIPsAssociationNegativeTestJSON:setUpClass): 200 GET http://10.180.1.21/compute/v2.1/servers/0998af2d-3756-4997-ac22-2e3b07e876fb 1.056s
2025-05-15 10:52:52.917 69753 INFO tempest.lib.common.rest_client [req-391952bc-8998-47bc-bd16-71abbb1155c1 req-391952bc-8998-47bc-bd16-71abbb1155c1 ] Request (SecurityGroupsTestJSON:test_server_security_groups): 200 GET http://10.180.1.21/compute/v2.1/servers/312f7261-371a-47ec-87c9-e3a1b6b191fa 0.997s
2025-05-15 10:52:52.973 69743 INFO tempest.lib.common.rest_client [req-7fb19ca6-5edd-4023-962e-93015798e0e9 req-7fb19ca6-5edd-4023-962e-93015798e0e9 ] Request (InstanceActionsV221TestJSON:test_get_list_deleted_instance_actions): 200 GET http://10.180.1.21/compute/v2.1/servers/5ad3e254-1e47-4f35-8cdc-9c20cacdef92 0.967s
2025-05-15 10:52:53.006 69723 INFO tempest.lib.common.rest_client [req-f34d6d36-7e1d-4ecc-ad6d-b5ae920bb353 req-f34d6d36-7e1d-4ecc-ad6d-b5ae920bb353 ] Request (ServerRescueTestJSONUnderV235:tearDownClass): 200 GET http://10.180.1.21/compute/v2.1/servers/a1468a4f-6462-4943-af0e-dd01f8846ce7 0.902s
2025-05-15 10:52:53.029 69759 INFO tempest.lib.common.rest_client [req-5d80f3c1-c5ae-4652-ab88-32d3cdc4adc5 req-5d80f3c1-c5ae-4652-ab88-32d3cdc4adc5 ] Request (ImagesOneServerTestJSON:test_create_delete_image): 200 GET http://10.180.1.21/compute/v2.1/images/39840722-9b78-4d5f-ac6d-47688b5f593c 0.717s
