2025-05-15 10:50:19.375 69777 INFO tempest.lib.common.rest_client [req-8989cb71-7fa2-4251-8b4c-87f2d797c42c req-8989cb71-7fa2-4251-8b4c-87f2d797c42c ] Request (FlavorsAccessNegativeTestJSON:setUpClass): 201 POST http://10.180.1.21/identity/v3/projects 0.936s
2025-05-15 10:50:19.442 69775 INFO tempest.lib.common.rest_client [req-fc36d81b-b23a-4c07-a216-6855da40e2bd req-fc36d81b-b23a-4c07-a216-6855da40e2bd ] Request (HypervisorAdminTestJSON:setUpClass): 201 POST http://10.180.1.21/identity/v3/auth/tokens 0.899s
2025-05-15 10:50:19.479 69735 INFO tempest.lib.common.rest_client [req-f0dbd760-5293-4c1b-8199-8a34a71a5f3e req-f0dbd760-5293-4c1b-8199-8a34a71a5f3e ] Request (FlavorsV255TestJSON:test_crud_flavor): 200 POST http://10.180.1.21/compute/v2.1/flavors 1.499s
2025-05-15 10:50:19.515 69781 INFO tempest.lib.common.rest_client [req-380b0827-f24b-499a-a70f-e6036cc5c27c req-380b0827-f24b-499a-a70f-e6036cc5c27c ] Request (FlavorMetadataValidation:setUpClass): 201 POST http://10.180.1.21/identity/v3/auth/tokens 0.971s
2025-05-15 10:50:19.515 69759 INFO tempest.lib.common.rest_client [req-cf07f96f-eb52-4a94-8d1f-0155c7d4504b req-cf07f96f-eb52-4a94-8d1f-0155c7d4504b ] Request (ImagesNegativeTestJSON:test_create_image_from_deleted_server): 201 POST http://10.180.1.21/identity/v3/auth/tokens 0.911s
2025-05-15 10:50:19.515 69759 INFO tempest.lib.common.fixed_network [-] (ImagesNegativeTestJSON:test_create_image_from_deleted_server) Found network {'id': 'efe11fff-e10f-4a0c-b776-c984e60d4275', 'name': 'tempest-ImagesNegativeTestJSON-1600038047-network', 'tenant_id': '97a55e88af2f476eb5f071234e10d06b', 'admin_state_up': True, 'mtu': 8950, 'status': 'ACTIVE', 'subnets': [], 'shared': False, 'project_id': '97a55e88af2f476eb5f071234e10d06b', 'port_security_enabled': True, 'router:external': False, 'provider:network_type': 'vlan', 'provider:physical_network': 'default', 'provider:segmentation_id': 449, 'availability_zone_hints': [], 'availability_zones': [], 'ipv4_address_scope': None, 'ipv6_address_scope': None, 'description': '', 'tags': [], 'created_at': '2025-05-15T10:50:14Z', 'updated_at': '2025-05-15T10:50:14Z', 'revision_number': 1} available for tenant
2025-05-15 10:50:19.566 69727 INFO tempest.lib.common.rest_client [req-1ea1ab51-5b4e-49b9-a125-9986b031ae07 req-1ea1ab51-5b4e-49b9-a125-9986b031ae07 ] Request (ServersWithSpecificFlavorTestJSON:setUpClass): 201 POST http://10.180.1.21:9696/networking/v2.0/subnets 0.259s
2025-05-15 10:50:19.579 69771 INFO tempest.lib.common.rest_client [req-6b275f77-80dc-485f-aee9-41a90cbf3d2b req-6b275f77-80dc-485f-aee9-41a90cbf3d2b ] Request (MigrationsAdminTest:setUpClass): 201 POST http://10.180.1.21/identity/v3/auth/tokens 0.962s
2025-05-15 10:50:19.580 69763 INFO tempest.lib.common.rest_client [req-55b84998-4475-4309-9a49-c59b1a87e36a req-55b84998-4475-4309-9a49-c59b1a87e36a ] Request (FlavorsExtraSpecsNegativeTestJSON:setUpClass): 201 POST http://10.180.1.21/identity/v3/auth/tokens 0.893s
2025-05-15 10:50:19.634 69747 INFO tempest.lib.common.rest_client [req-45245d2b-1e6d-469e-a816-029e4622a405 req-45245d2b-1e6d-469e-a816-029e4622a405 ] Request (ServersAdmin275Test:test_rebuild_update_server_275): 201 POST http://10.180.1.21/identity/v3/auth/tokens 0.746s
2025-05-15 10:50:19.634 69747 INFO tempest.lib.common.fixed_network [-] (ServersAdmin275Test:test_rebuild_update_server_275) Found network None available for tenant
2025-05-15 10:50:19.736 69755 INFO tempest.lib.common.rest_client [req-9d7f26f0-82df-4593-8da7-1828a83c5770 req-9d7f26f0-82df-4593-8da7-1828a83c5770 ] Request (KeyPairsV210TestJSON:tearDownClass): 204 DELETE http://10.180.1.21/identity/v3/projects/1d9ec92718134b14b239fd3d200639e0 0.620s
2025-05-15 10:50:19.737 69755 INFO tempest.lib.common.dynamic_creds [-] Deleting project and security group for project: ffd4cc9b824e43999537625e55ec349a
2025-05-15 10:50:19.773 69767 INFO tempest.lib.common.rest_client [req-bccd12fc-1707-40e1-a988-6a5196c2e2b9 req-bccd12fc-1707-40e1-a988-6a5196c2e2b9 ] Request (AZAdminNegativeTestJSON:tearDownClass): 204 DELETE http://10.180.1.21/identity/v3/projects/fb67f91bc8c44e96967c5c0ddfda0f1f 0.650s
2025-05-15 10:50:19.818 69745 INFO tempest.lib.common.rest_client [req-e770cb15-e0a0-4655-9979-d0593f0476cd req-e770cb15-e0a0-4655-9979-d0593f0476cd ] Request (ListImageFiltersTestJSON:setUpClass): 201 POST http://10.180.1.21/image/v2/images 5.606s
2025-05-15 10:50:19.838 69731 INFO tempest.lib.common.rest_client [req-f923ea80-31f5-4554-813b-aafaf7415d39 req-f923ea80-31f5-4554-813b-aafaf7415d39 ] Request (VolumesAdminNegativeTest:setUpClass): 201 POST http://10.180.1.21/identity/v3/projects 0.607s
2025-05-15 10:50:19.868 69725 INFO tempest.lib.common.rest_client [req-dc04f704-03fa-41c3-b1aa-f5be55083971 req-dc04f704-03fa-41c3-b1aa-f5be55083971 ] Request (AggregatesAdminNegativeTestJSON:tearDownClass): 204 DELETE http://10.180.1.21/identity/v3/projects/431a5da3386e4443942afc9881f5fe74 0.696s
2025-05-15 10:50:19.868 69725 INFO tempest.lib.common.dynamic_creds [-] Deleting project and security group for project: 478aa461352a4396806c3667822d2fe8
2025-05-15 10:50:19.900 69755 INFO tempest.lib.common.rest_client [req-c2d242c4-b19d-4ad9-953a-47d53d6fd531 req-c2d242c4-b19d-4ad9-953a-47d53d6fd531 ] Request (KeyPairsV210TestJSON:tearDownClass): 200 GET http://10.180.1.21:9696/networking/v2.0/security-groups?tenant_id=ffd4cc9b824e43999537625e55ec349a&name=default 0.163s
2025-05-15 10:50:19.954 69741 INFO tempest.lib.common.rest_client [req-0a1118fe-7bdd-4422-b20c-e2f86c046bb7 req-0a1118fe-7bdd-4422-b20c-e2f86c046bb7 ] Request (VolumesAssistedSnapshotsTest:setUpClass): 201 POST http://10.180.1.21/identity/v3/users 0.645s
2025-05-15 10:50:19.962 69737 INFO tempest.lib.common.rest_client [req-10daae89-12d5-4a4b-b194-2b7ac7344c02 req-10daae89-12d5-4a4b-b194-2b7ac7344c02 ] Request (HostsAdminNegativeTestJSON:test_list_hosts_with_non_admin_user): 403 GET http://10.180.1.21/compute/v2.1/os-hosts 1.678s
2025-05-15 10:50:19.978 69767 INFO tempest.lib.common.rest_client [req-e130dc0b-8579-4ce2-8b5d-e2b4860eb164 req-e130dc0b-8579-4ce2-8b5d-e2b4860eb164 ] Request (ServersTestJSON:setUpClass): 201 POST http://10.180.1.21/identity/v3/auth/tokens 0.202s
2025-05-15 10:50:19.981 69777 INFO tempest.lib.common.rest_client [req-b0e79ed0-a7a4-419b-ba3c-8c209d50d8b7 req-b0e79ed0-a7a4-419b-ba3c-8c209d50d8b7 ] Request (FlavorsAccessNegativeTestJSON:setUpClass): 201 POST http://10.180.1.21/identity/v3/users 0.606s
2025-05-15 10:50:19.991 69725 INFO tempest.lib.common.rest_client [req-bfb6fbdd-f380-4472-8e3b-632a39319977 req-bfb6fbdd-f380-4472-8e3b-632a39319977 ] Request (AggregatesAdminNegativeTestJSON:tearDownClass): 200 GET http://10.180.1.21:9696/networking/v2.0/security-groups?tenant_id=478aa461352a4396806c3667822d2fe8&name=default 0.122s
2025-05-15 10:50:19.994 69719 INFO tempest.lib.common.rest_client [req-ff6c4fbe-e090-4d5a-b673-71a328790032 req-ff6c4fbe-e090-4d5a-b673-71a328790032 ] Request (FlavorsV261TestJSON:test_crud_flavor): 200 GET http://10.180.1.21/compute/v2.1/flavors 1.461s
2025-05-15 10:50:20.002 69741 INFO tempest.lib.common.rest_client [req-3433291b-6823-4b83-a8c3-62f0d57e9221 req-3433291b-6823-4b83-a8c3-62f0d57e9221 ] Request (VolumesAssistedSnapshotsTest:setUpClass): 200 GET http://10.180.1.21/identity/v3/roles 0.048s
2025-05-15 10:50:20.016 69731 INFO tempest.lib.common.rest_client [req-63b99af6-68a4-43ae-ac49-8870e8931718 req-63b99af6-68a4-43ae-ac49-8870e8931718 ] Request (VolumesAdminNegativeTest:setUpClass): 201 POST http://10.180.1.21/identity/v3/users 0.176s
2025-05-15 10:50:20.032 69777 INFO tempest.lib.common.rest_client [req-0d7f5bd3-0fe2-4ca6-9323-6b751def8170 req-0d7f5bd3-0fe2-4ca6-9323-6b751def8170 ] Request (FlavorsAccessNegativeTestJSON:setUpClass): 200 GET http://10.180.1.21/identity/v3/roles 0.050s
2025-05-15 10:50:20.035 69755 INFO tempest.lib.common.rest_client [req-db82ef75-10e9-400f-8dd0-9df2f420f4c1 req-db82ef75-10e9-400f-8dd0-9df2f420f4c1 ] Request (KeyPairsV210TestJSON:tearDownClass): 204 DELETE http://10.180.1.21:9696/networking/v2.0/security-groups/a9c0fdaf-25ad-4970-bbf0-a4fcd3c03eb8 0.134s
2025-05-15 10:50:20.057 69767 INFO tempest.lib.common.rest_client [req-395f7ff8-9412-4e7c-b809-d53055e706d1 req-395f7ff8-9412-4e7c-b809-d53055e706d1 ] Request (ServersTestJSON:setUpClass): 201 POST http://10.180.1.21/identity/v3/auth/tokens 0.077s
2025-05-15 10:50:20.079 69741 INFO tempest.lib.common.rest_client [req-b5c2974b-a863-41df-a9fc-cdc8b24d3566 req-b5c2974b-a863-41df-a9fc-cdc8b24d3566 ] Request (VolumesAssistedSnapshotsTest:setUpClass): 204 PUT http://10.180.1.21/identity/v3/projects/863cd8924a60488b93b9ffca62d7f1f4/users/e5cb3d65179f4cdabfc66e2caa5a27d7/roles/54cdafa64b4f4f05abd0de6d102faded 0.075s
2025-05-15 10:50:20.079 69731 INFO tempest.lib.common.rest_client [req-267bf352-4dd8-43a8-b25e-94a8e8acdbcd req-267bf352-4dd8-43a8-b25e-94a8e8acdbcd ] Request (VolumesAdminNegativeTest:setUpClass): 200 GET http://10.180.1.21/identity/v3/roles 0.062s
2025-05-15 10:50:20.092 69723 INFO tempest.lib.common.rest_client [req-1cb5c324-0633-431a-8460-7cf4f4169511 req-1cb5c324-0633-431a-8460-7cf4f4169511 ] Request (ServerDiagnosticsTest:test_get_server_diagnostics): 200 GET http://10.180.1.21/compute/v2.1/servers/9b9e992b-3f6a-4e56-8c9d-944507c869a6 1.423s
2025-05-15 10:50:20.097 69729 INFO tempest.lib.common.rest_client [req-c19a316c-41c8-4364-963c-7f9e1f7c147b req-c19a316c-41c8-4364-963c-7f9e1f7c147b ] Request (QuotasAdminTestV257:test_get_updated_quotas): 200 GET http://10.180.1.21/compute/v2.1/os-quota-sets/46f96f3c2c2b4775b964d39afe7010d5/detail 1.608s
2025-05-15 10:50:20.101 69725 INFO tempest.lib.common.rest_client [req-9acc9150-316e-4195-92ae-4e2587971784 req-9acc9150-316e-4195-92ae-4e2587971784 ] Request (AggregatesAdminNegativeTestJSON:tearDownClass): 204 DELETE http://10.180.1.21:9696/networking/v2.0/security-groups/41d64361-281f-4453-b2cc-9c30406d9a61 0.110s
2025-05-15 10:50:20.104 69723 INFO tempest.common.waiters [-] State transition "BUILD/scheduling" ==> "BUILD/None" after 5 second wait
2025-05-15 10:50:20.135 69777 INFO tempest.lib.common.rest_client [req-f565ec93-7dd6-473b-8ef5-d94611255f53 req-f565ec93-7dd6-473b-8ef5-d94611255f53 ] Request (FlavorsAccessNegativeTestJSON:setUpClass): 204 PUT http://10.180.1.21/identity/v3/projects/1fd378adc0e44df4823e8b5c14d2ac70/users/7fcc75b0cd2f4e82b4c23953fbe07821/roles/41236fd1509e4bdabdfd0e21a01fa53b 0.102s
2025-05-15 10:50:20.135 69777 INFO tempest.lib.common.dynamic_creds [-] Dynamic test user 7fcc75b0cd2f4e82b4c23953fbe07821 is created with scope project and roles: ['member']
2025-05-15 10:50:20.135 69777 INFO tempest.lib.common.dynamic_creds [-] Acquired dynamic creds: credentials: Credentials: {'domain_id': 'default', 'domain_name': 'Default', 'username': 'tempest-FlavorsAccessNegativeTestJSON-1691279746-project-member', 'project_domain_id': 'default', 'project_domain_name': 'Default', 'project_id': '1fd378adc0e44df4823e8b5c14d2ac70', 'project_name': 'tempest-FlavorsAccessNegativeTestJSON-1691279746', 'tenant_id': '1fd378adc0e44df4823e8b5c14d2ac70', 'tenant_name': 'tempest-FlavorsAccessNegativeTestJSON-1691279746', 'user_domain_id': 'default', 'user_domain_name': 'Default', 'user_id': '7fcc75b0cd2f4e82b4c23953fbe07821', 'system': None}, Network: None, Subnet: None, Router: None
2025-05-15 10:50:20.136 69777 INFO tempest.lib.common.dynamic_creds [-] Created isolated network resources for: credentials: Credentials: {'domain_id': 'default', 'domain_name': 'Default', 'username': 'tempest-FlavorsAccessNegativeTestJSON-1691279746-project-member', 'project_domain_id': 'default', 'project_domain_name': 'Default', 'project_id': '1fd378adc0e44df4823e8b5c14d2ac70', 'project_name': 'tempest-FlavorsAccessNegativeTestJSON-1691279746', 'tenant_id': '1fd378adc0e44df4823e8b5c14d2ac70', 'tenant_name': 'tempest-FlavorsAccessNegativeTestJSON-1691279746', 'user_domain_id': 'default', 'user_domain_name': 'Default', 'user_id': '7fcc75b0cd2f4e82b4c23953fbe07821', 'system': None}, Network: None, Subnet: None, Router: None
2025-05-15 10:50:20.164 69755 INFO tempest.lib.common.rest_client [req-cb1cb0f2-b339-4531-ac18-54d6c5802c29 req-cb1cb0f2-b339-4531-ac18-54d6c5802c29 ] Request (KeyPairsV210TestJSON:tearDownClass): 204 DELETE http://10.180.1.21/identity/v3/projects/ffd4cc9b824e43999537625e55ec349a 0.128s
2025-05-15 10:50:20.166 69755 INFO tempest.test [-] raised in LiveAutoBlockMigrationV225Test.setUpClass. Invoking tearDownClass.
2025-05-15 10:50:20.217 69741 INFO tempest.lib.common.rest_client [req-e8b19e07-826f-40e1-823f-0a689ca313e4 req-e8b19e07-826f-40e1-823f-0a689ca313e4 ] Request (VolumesAssistedSnapshotsTest:setUpClass): 200 GET http://10.180.1.21/identity/v3/roles 0.138s
2025-05-15 10:50:20.241 69767 INFO tempest.lib.common.rest_client [req-c610ada6-5cd4-4fc3-b5c5-d3a7afc5aab1 req-c610ada6-5cd4-4fc3-b5c5-d3a7afc5aab1 ] Request (ServersTestJSON:setUpClass): 200 GET http://10.180.1.21/identity/v3/domains?name=Default 0.184s
2025-05-15 10:50:20.251 69731 INFO tempest.lib.common.rest_client [req-7ad6797c-6d93-4ba2-8342-86d487c69901 req-7ad6797c-6d93-4ba2-8342-86d487c69901 ] Request (VolumesAdminNegativeTest:setUpClass): 204 PUT http://10.180.1.21/identity/v3/projects/4db4f72d3f07483caab3e5e0800b365e/users/66c74f614c784d539cf4cf81e4543f6f/roles/54cdafa64b4f4f05abd0de6d102faded 0.171s
2025-05-15 10:50:20.355 69751 INFO tempest.lib.common.rest_client [req-d779126b-094e-43c3-a607-cb2b3c511bf8 req-d779126b-094e-43c3-a607-cb2b3c511bf8 ] Request (FlavorsAdminTestJSON:test_create_flavor_using_string_ram): 200 POST http://10.180.1.21/compute/v2.1/flavors 1.658s
2025-05-15 10:50:20.369 69739 INFO tempest.lib.common.rest_client [req-bde6d32d-9745-4c49-8c27-6704197525e0 req-bde6d32d-9745-4c49-8c27-6704197525e0 ] Request (ServerActionsV293TestJSON:setUpClass): 201 POST http://10.180.1.21/compute/v2.1/os-keypairs 1.621s
2025-05-15 10:50:20.373 69727 INFO tempest.lib.common.rest_client [req-f7c82927-ad6d-49c0-882f-89dea96382bb req-f7c82927-ad6d-49c0-882f-89dea96382bb ] Request (ServersWithSpecificFlavorTestJSON:setUpClass): 201 POST http://10.180.1.21:9696/networking/v2.0/routers 0.806s
2025-05-15 10:50:20.379 69729 INFO tempest.lib.common.rest_client [req-ab7ccb62-20d1-49d8-a57e-e54bf0b8023e req-ab7ccb62-20d1-49d8-a57e-e54bf0b8023e ] Request (QuotasAdminTestV257:test_get_updated_quotas): 200 GET http://10.180.1.21/identity/v3/domains?name=Default 0.278s
2025-05-15 10:50:20.418 69725 INFO tempest.lib.common.rest_client [req-d90e39ef-5c52-425f-96d6-490fbf3ea234 req-d90e39ef-5c52-425f-96d6-490fbf3ea234 ] Request (AggregatesAdminNegativeTestJSON:tearDownClass): 204 DELETE http://10.180.1.21/identity/v3/projects/478aa461352a4396806c3667822d2fe8 0.316s
2025-05-15 10:50:20.443 69777 INFO tempest.lib.common.rest_client [req-9fe1b130-9bc8-43c0-b1a9-a187993ac5d9 req-9fe1b130-9bc8-43c0-b1a9-a187993ac5d9 ] Request (FlavorsAccessNegativeTestJSON:setUpClass): 201 POST http://10.180.1.21/identity/v3/auth/tokens 0.304s
2025-05-15 10:50:20.444 69777 WARNING tempest.lib.common.rest_client [-] Deprecated: "tenant_id" property is deprecated for removal, use "project_id" instead
2025-05-15 10:50:20.481 69739 INFO tempest.lib.common.rest_client [req-76c8b05a-c64c-4a21-9eaf-f26d5a2eceb9 req-76c8b05a-c64c-4a21-9eaf-f26d5a2eceb9 ] Request (ServerActionsV293TestJSON:setUpClass): 201 POST http://10.180.1.21:9696/networking/v2.0/security-groups 0.111s
2025-05-15 10:50:20.487 69755 INFO tempest.lib.common.rest_client [req-f23ffd0d-6988-4399-9b76-9a7dcfbe41eb req-f23ffd0d-6988-4399-9b76-9a7dcfbe41eb ] Request (QuotasAdminNegativeTest:setUpClass): 201 POST http://10.180.1.21/identity/v3/auth/tokens 0.318s
2025-05-15 10:50:20.504 69741 INFO tempest.lib.common.rest_client [req-70b251d0-229c-42b5-921a-68677c36110b req-70b251d0-229c-42b5-921a-68677c36110b ] Request (VolumesAssistedSnapshotsTest:setUpClass): 204 PUT http://10.180.1.21/identity/v3/projects/863cd8924a60488b93b9ffca62d7f1f4/users/e5cb3d65179f4cdabfc66e2caa5a27d7/roles/54cdafa64b4f4f05abd0de6d102faded 0.287s
2025-05-15 10:50:20.505 69741 INFO tempest.lib.common.dynamic_creds [-] Dynamic test user e5cb3d65179f4cdabfc66e2caa5a27d7 is created with scope project and roles: ['admin']
2025-05-15 10:50:20.505 69741 INFO tempest.lib.common.dynamic_creds [-] Acquired dynamic creds: credentials: Credentials: {'domain_id': 'default', 'domain_name': 'Default', 'username': 'tempest-VolumesAssistedSnapshotsTest-190380491-project-admin', 'project_domain_id': 'default', 'project_domain_name': 'Default', 'project_id': '863cd8924a60488b93b9ffca62d7f1f4', 'project_name': 'tempest-VolumesAssistedSnapshotsTest-190380491', 'tenant_id': '863cd8924a60488b93b9ffca62d7f1f4', 'tenant_name': 'tempest-VolumesAssistedSnapshotsTest-190380491', 'user_domain_id': 'default', 'user_domain_name': 'Default', 'user_id': 'e5cb3d65179f4cdabfc66e2caa5a27d7', 'system': None}, Network: None, Subnet: None, Router: None
2025-05-15 10:50:20.524 69767 INFO tempest.lib.common.rest_client [req-71d32cba-99f8-499c-b9fd-21a20cc35a5b req-71d32cba-99f8-499c-b9fd-21a20cc35a5b ] Request (ServersTestJSON:setUpClass): 201 POST http://10.180.1.21/identity/v3/projects 0.282s
2025-05-15 10:50:20.598 69731 INFO tempest.lib.common.rest_client [req-dc216be4-a506-420a-9a22-43ab07322384 req-dc216be4-a506-420a-9a22-43ab07322384 ] Request (VolumesAdminNegativeTest:setUpClass): 200 GET http://10.180.1.21/identity/v3/roles 0.346s
2025-05-15 10:50:20.625 69739 INFO tempest.lib.common.rest_client [req-c6765e8e-4e25-4b2e-9778-7a25418a8df0 req-c6765e8e-4e25-4b2e-9778-7a25418a8df0 ] Request (ServerActionsV293TestJSON:setUpClass): 201 POST http://10.180.1.21:9696/networking/v2.0/security-group-rules 0.143s
2025-05-15 10:50:20.668 69721 INFO tempest.lib.common.rest_client [req-739e13e5-dfe0-497f-909c-91565bf1c1e9 req-739e13e5-dfe0-497f-909c-91565bf1c1e9 ] Request (InstanceUsageAuditLogTestJSON:test_get_instance_usage_audit_log): 200 GET http://10.180.1.21/compute/v2.1/os-instance_usage_audit_log/2025-05-15%2010%3A50%3A18 1.748s
2025-05-15 10:50:20.697 69725 INFO tempest.lib.common.rest_client [req-313b95c2-fbbc-4ac8-b469-5ced80cc2b97 req-313b95c2-fbbc-4ac8-b469-5ced80cc2b97 ] Request (DeleteServersAdminTestJSON:setUpClass): 201 POST http://10.180.1.21/identity/v3/auth/tokens 0.277s
2025-05-15 10:50:20.701 69773 INFO tempest.lib.common.rest_client [req-9d2f20ba-1d1e-48e9-aed9-56cf030f6cda req-9d2f20ba-1d1e-48e9-aed9-56cf030f6cda ] Request (ServicesAdminNegativeV253TestJSON:test_disable_log_reason_with_invalid_service_id): 404 PUT http://10.180.1.21/compute/v2.1/os-services/bd14c68b-4dd3-42da-8f38-01899e5b6ffe 1.728s
2025-05-15 10:50:20.701 69729 INFO tempest.lib.common.rest_client [req-0b501e2f-6bea-4214-ad1e-722fd98e8a02 req-0b501e2f-6bea-4214-ad1e-722fd98e8a02 ] Request (QuotasAdminTestV257:test_get_updated_quotas): 201 POST http://10.180.1.21/identity/v3/users 0.320s
2025-05-15 10:50:20.725 69755 INFO tempest.lib.common.rest_client [req-df08b506-adac-442b-9dd9-95739037d112 req-df08b506-adac-442b-9dd9-95739037d112 ] Request (QuotasAdminNegativeTest:setUpClass): 201 POST http://10.180.1.21/identity/v3/auth/tokens 0.235s
2025-05-15 10:50:20.727 69767 INFO tempest.lib.common.rest_client [req-54f00749-8e3e-43b9-b923-a2b27e104d86 req-54f00749-8e3e-43b9-b923-a2b27e104d86 ] Request (ServersTestJSON:setUpClass): 201 POST http://10.180.1.21/identity/v3/users 0.203s
2025-05-15 10:50:20.742 69731 INFO tempest.lib.common.rest_client [req-bed94595-8ffa-471d-a27a-e5796dec6962 req-bed94595-8ffa-471d-a27a-e5796dec6962 ] Request (VolumesAdminNegativeTest:setUpClass): 204 PUT http://10.180.1.21/identity/v3/projects/4db4f72d3f07483caab3e5e0800b365e/users/66c74f614c784d539cf4cf81e4543f6f/roles/54cdafa64b4f4f05abd0de6d102faded 0.144s
2025-05-15 10:50:20.743 69731 INFO tempest.lib.common.dynamic_creds [-] Dynamic test user 66c74f614c784d539cf4cf81e4543f6f is created with scope project and roles: ['admin']
2025-05-15 10:50:20.743 69731 INFO tempest.lib.common.dynamic_creds [-] Acquired dynamic creds: credentials: Credentials: {'domain_id': 'default', 'domain_name': 'Default', 'username': 'tempest-VolumesAdminNegativeTest-1927131287-project-admin', 'project_domain_id': 'default', 'project_domain_name': 'Default', 'project_id': '4db4f72d3f07483caab3e5e0800b365e', 'project_name': 'tempest-VolumesAdminNegativeTest-1927131287', 'tenant_id': '4db4f72d3f07483caab3e5e0800b365e', 'tenant_name': 'tempest-VolumesAdminNegativeTest-1927131287', 'user_domain_id': 'default', 'user_domain_name': 'Default', 'user_id': '66c74f614c784d539cf4cf81e4543f6f', 'system': None}, Network: None, Subnet: None, Router: None
2025-05-15 10:50:20.794 69729 INFO tempest.lib.common.rest_client [req-012d7c72-86cb-4858-9ce2-356608e345df req-012d7c72-86cb-4858-9ce2-356608e345df ] Request (QuotasAdminTestV257:test_get_updated_quotas): 200 GET http://10.180.1.21/identity/v3/domains?name=Default 0.093s
2025-05-15 10:50:20.801 69739 INFO tempest.lib.common.rest_client [req-c10f9a7b-1508-46d4-a6e9-96cfb12887c7 req-c10f9a7b-1508-46d4-a6e9-96cfb12887c7 ] Request (ServerActionsV293TestJSON:setUpClass): 201 POST http://10.180.1.21:9696/networking/v2.0/security-group-rules 0.176s
2025-05-15 10:50:20.842 69725 INFO tempest.lib.common.rest_client [req-ab914c89-4717-452f-8deb-f04ad957b962 req-ab914c89-4717-452f-8deb-f04ad957b962 ] Request (DeleteServersAdminTestJSON:setUpClass): 201 POST http://10.180.1.21/identity/v3/auth/tokens 0.138s
2025-05-15 10:50:20.864 69755 INFO tempest.lib.common.rest_client [req-8beb42bf-6ab1-41f2-a040-e18289c74f2a req-8beb42bf-6ab1-41f2-a040-e18289c74f2a ] Request (QuotasAdminNegativeTest:setUpClass): 200 GET http://10.180.1.21/identity/v3/domains?name=Default 0.139s
2025-05-15 10:50:20.867 69741 INFO tempest.lib.common.rest_client [req-f6104cb1-d799-4dd2-8417-c25facca08c4 req-f6104cb1-d799-4dd2-8417-c25facca08c4 ] Request (VolumesAssistedSnapshotsTest:setUpClass): 201 POST http://10.180.1.21:9696/networking/v2.0/networks 0.361s
2025-05-15 10:50:20.888 69767 INFO tempest.lib.common.rest_client [req-137f7feb-aa1e-4533-be50-9c70297c478e req-137f7feb-aa1e-4533-be50-9c70297c478e ] Request (ServersTestJSON:setUpClass): 200 GET http://10.180.1.21/identity/v3/roles 0.160s
2025-05-15 10:50:20.909 69749 INFO tempest.lib.common.rest_client [req-65c4829b-729f-4740-9403-e0c297caca01 req-65c4829b-729f-4740-9403-e0c297caca01 ] Request (HostsAdminTestJSON:test_list_hosts): 200 GET http://10.180.1.21/compute/v2.1/os-hosts 1.838s
2025-05-15 10:50:20.930 69725 INFO tempest.lib.common.rest_client [req-13544be4-b917-4e71-8fc4-6ef0a9d19d1c req-13544be4-b917-4e71-8fc4-6ef0a9d19d1c ] Request (DeleteServersAdminTestJSON:setUpClass): 200 GET http://10.180.1.21/identity/v3/domains?name=Default 0.088s
2025-05-15 10:50:20.960 69755 INFO tempest.lib.common.rest_client [req-7320427c-f3bc-408d-8da5-bc362fc384f4 req-7320427c-f3bc-408d-8da5-bc362fc384f4 ] Request (QuotasAdminNegativeTest:setUpClass): 201 POST http://10.180.1.21/identity/v3/projects 0.096s
2025-05-15 10:50:21.036 69767 INFO tempest.lib.common.rest_client [req-0b882867-03c2-4b9e-bc59-999a0fccf003 req-0b882867-03c2-4b9e-bc59-999a0fccf003 ] Request (ServersTestJSON:setUpClass): 204 PUT http://10.180.1.21/identity/v3/projects/0e3f32e08927430796d472f4468ad51d/users/e567e17e771e458b85fcbd062b34fe03/roles/41236fd1509e4bdabdfd0e21a01fa53b 0.147s
2025-05-15 10:50:21.036 69767 INFO tempest.lib.common.dynamic_creds [-] Dynamic test user e567e17e771e458b85fcbd062b34fe03 is created with scope project and roles: ['member']
2025-05-15 10:50:21.036 69767 INFO tempest.lib.common.dynamic_creds [-] Acquired dynamic creds: credentials: Credentials: {'domain_id': 'default', 'domain_name': 'Default', 'username': 'tempest-ServersTestJSON-1857919709-project-member', 'project_domain_id': 'default', 'project_domain_name': 'Default', 'project_id': '0e3f32e08927430796d472f4468ad51d', 'project_name': 'tempest-ServersTestJSON-1857919709', 'tenant_id': '0e3f32e08927430796d472f4468ad51d', 'tenant_name': 'tempest-ServersTestJSON-1857919709', 'user_domain_id': 'default', 'user_domain_name': 'Default', 'user_id': 'e567e17e771e458b85fcbd062b34fe03', 'system': None}, Network: None, Subnet: None, Router: None
2025-05-15 10:50:21.058 69731 INFO tempest.lib.common.rest_client [req-e28aaf5d-95be-4c87-8e3e-f1fa5b660efb req-e28aaf5d-95be-4c87-8e3e-f1fa5b660efb ] Request (VolumesAdminNegativeTest:setUpClass): 201 POST http://10.180.1.21:9696/networking/v2.0/networks 0.315s
2025-05-15 10:50:21.088 69762 INFO tempest.lib.common.rest_client [req-7e23bed1-8fc8-4125-8325-dc09c9786743 req-7e23bed1-8fc8-4125-8325-dc09c9786743 ] Request (ServicesAdminNegativeTestJSON:test_get_service_by_invalid_params): 200 GET http://10.180.1.21/compute/v2.1/os-services 2.005s
2025-05-15 10:50:21.131 69725 INFO tempest.lib.common.rest_client [req-d120bf6c-87fc-44ac-8a64-2e00150ef4ee req-d120bf6c-87fc-44ac-8a64-2e00150ef4ee ] Request (DeleteServersAdminTestJSON:setUpClass): 201 POST http://10.180.1.21/identity/v3/projects 0.200s
2025-05-15 10:50:21.189 69755 INFO tempest.lib.common.rest_client [req-73d384dc-b39b-4dce-8df8-e1e5ba1af884 req-73d384dc-b39b-4dce-8df8-e1e5ba1af884 ] Request (QuotasAdminNegativeTest:setUpClass): 201 POST http://10.180.1.21/identity/v3/users 0.228s
2025-05-15 10:50:21.214 69753 INFO tempest.lib.common.rest_client [req-de114316-1596-482a-a149-a865dd07c808 req-de114316-1596-482a-a149-a865dd07c808 ] Request (ServerDiagnosticsNegativeTest:test_get_server_diagnostics_by_non_admin): 202 POST http://10.180.1.21/compute/v2.1/servers 2.231s
2025-05-15 10:50:21.218 69767 INFO tempest.lib.common.rest_client [req-1f5b2c51-6686-4e7f-b151-e8f5bfc7a22d req-1f5b2c51-6686-4e7f-b151-e8f5bfc7a22d ] Request (ServersTestJSON:setUpClass): 201 POST http://10.180.1.21/identity/v3/auth/tokens 0.181s
2025-05-15 10:50:21.240 69733 INFO tempest.lib.common.rest_client [req-dc567dd4-1d50-4a86-81e2-ca163cefa74d req-dc567dd4-1d50-4a86-81e2-ca163cefa74d ] Request (AZAdminV2TestJSON:test_get_availability_zone_list_detail): 200 GET http://10.180.1.21/compute/v2.1/os-availability-zone/detail 1.962s
2025-05-15 10:50:21.244 69725 INFO tempest.lib.common.rest_client [req-7150336b-0f72-45ea-a7d9-610d802b5897 req-7150336b-0f72-45ea-a7d9-610d802b5897 ] Request (DeleteServersAdminTestJSON:setUpClass): 201 POST http://10.180.1.21/identity/v3/users 0.112s
2025-05-15 10:50:21.261 69741 INFO tempest.lib.common.rest_client [req-e22a1964-7d4e-4666-9da9-544d84d76bb4 req-e22a1964-7d4e-4666-9da9-544d84d76bb4 ] Request (VolumesAssistedSnapshotsTest:setUpClass): 201 POST http://10.180.1.21:9696/networking/v2.0/subnets 0.394s
2025-05-15 10:50:21.261 69755 INFO tempest.lib.common.rest_client [req-1fcd15b2-f702-460a-81e2-9a3a7554ebbb req-1fcd15b2-f702-460a-81e2-9a3a7554ebbb ] Request (QuotasAdminNegativeTest:setUpClass): 200 GET http://10.180.1.21/identity/v3/roles 0.071s
2025-05-15 10:50:21.299 69779 INFO tempest.lib.common.rest_client [req-19d9b34b-23a5-4997-8186-221a5732456d req-19d9b34b-23a5-4997-8186-221a5732456d ] Request (FlavorsExtraSpecsTestJSON:setUpClass): 200 POST http://10.180.1.21/compute/v2.1/flavors 2.140s
2025-05-15 10:50:21.344 69725 INFO tempest.lib.common.rest_client [req-3996ab6d-5d60-42c7-985b-ca79a34c4a16 req-3996ab6d-5d60-42c7-985b-ca79a34c4a16 ] Request (DeleteServersAdminTestJSON:setUpClass): 200 GET http://10.180.1.21/identity/v3/roles 0.100s
2025-05-15 10:50:21.419 69765 INFO tempest.lib.common.rest_client [req-71abe506-471f-496a-a3b7-7e876da2a0aa req-71abe506-471f-496a-a3b7-7e876da2a0aa ] Request (HypervisorAdminUnderV252Test:test_get_hypervisor_show_servers): 200 GET http://10.180.1.21/compute/v2.1/os-hypervisors 2.107s
2025-05-15 10:50:21.442 69733 INFO tempest.lib.common.rest_client [req-925c6853-a2dc-43ba-a57e-97dd089eac6d req-925c6853-a2dc-43ba-a57e-97dd089eac6d ] Request (AZAdminV2TestJSON:tearDownClass): 204 DELETE http://10.180.1.21/identity/v3/users/9de9cc28748d4ae38d92cba85e5f28e7 0.196s
2025-05-15 10:50:21.467 69755 INFO tempest.lib.common.rest_client [req-8482f5c6-35b3-42bf-8e70-4a315ae6d126 req-8482f5c6-35b3-42bf-8e70-4a315ae6d126 ] Request (QuotasAdminNegativeTest:setUpClass): 204 PUT http://10.180.1.21/identity/v3/projects/8ff66fd95b2049c696cab956836f91b2/users/fb383cd49ee343b7ac32de0bf93aae77/roles/41236fd1509e4bdabdfd0e21a01fa53b 0.205s
2025-05-15 10:50:21.468 69755 INFO tempest.lib.common.dynamic_creds [-] Dynamic test user fb383cd49ee343b7ac32de0bf93aae77 is created with scope project and roles: ['member']
2025-05-15 10:50:21.468 69755 INFO tempest.lib.common.dynamic_creds [-] Acquired dynamic creds: credentials: Credentials: {'domain_id': 'default', 'domain_name': 'Default', 'username': 'tempest-QuotasAdminNegativeTest-57004412-project-member', 'project_domain_id': 'default', 'project_domain_name': 'Default', 'project_id': '8ff66fd95b2049c696cab956836f91b2', 'project_name': 'tempest-QuotasAdminNegativeTest-57004412', 'tenant_id': '8ff66fd95b2049c696cab956836f91b2', 'tenant_name': 'tempest-QuotasAdminNegativeTest-57004412', 'user_domain_id': 'default', 'user_domain_name': 'Default', 'user_id': 'fb383cd49ee343b7ac32de0bf93aae77', 'system': None}, Network: None, Subnet: None, Router: None
2025-05-15 10:50:21.468 69755 INFO tempest.lib.common.dynamic_creds [-] Created isolated network resources for: credentials: Credentials: {'domain_id': 'default', 'domain_name': 'Default', 'username': 'tempest-QuotasAdminNegativeTest-57004412-project-member', 'project_domain_id': 'default', 'project_domain_name': 'Default', 'project_id': '8ff66fd95b2049c696cab956836f91b2', 'project_name': 'tempest-QuotasAdminNegativeTest-57004412', 'tenant_id': '8ff66fd95b2049c696cab956836f91b2', 'tenant_name': 'tempest-QuotasAdminNegativeTest-57004412', 'user_domain_id': 'default', 'user_domain_name': 'Default', 'user_id': 'fb383cd49ee343b7ac32de0bf93aae77', 'system': None}, Network: None, Subnet: None, Router: None
2025-05-15 10:50:21.490 69731 INFO tempest.lib.common.rest_client [req-116c20ab-659f-4ae9-bbfa-86831ed4712b req-116c20ab-659f-4ae9-bbfa-86831ed4712b ] Request (VolumesAdminNegativeTest:setUpClass): 201 POST http://10.180.1.21:9696/networking/v2.0/subnets 0.431s
2025-05-15 10:50:21.644 69739 INFO tempest.lib.common.rest_client [req-d1f5b477-d633-4617-bdd8-1476d2a8a5cd req-d1f5b477-d633-4617-bdd8-1476d2a8a5cd ] Request (ServerActionsV293TestJSON:setUpClass): 201 POST http://10.180.1.21:9696/networking/v2.0/floatingips 0.842s
2025-05-15 10:50:21.664 69725 INFO tempest.lib.common.rest_client [req-922038f8-7df2-43f5-9cff-47fb0c733b22 req-922038f8-7df2-43f5-9cff-47fb0c733b22 ] Request (DeleteServersAdminTestJSON:setUpClass): 204 PUT http://10.180.1.21/identity/v3/projects/5f7393cc0d004ca5a33c35e722a3f13b/users/7657c805582043b7837a4b6538abd3d1/roles/41236fd1509e4bdabdfd0e21a01fa53b 0.319s
2025-05-15 10:50:21.664 69725 INFO tempest.lib.common.dynamic_creds [-] Dynamic test user 7657c805582043b7837a4b6538abd3d1 is created with scope project and roles: ['member']
2025-05-15 10:50:21.664 69725 INFO tempest.lib.common.dynamic_creds [-] Acquired dynamic creds: credentials: Credentials: {'domain_id': 'default', 'domain_name': 'Default', 'username': 'tempest-DeleteServersAdminTestJSON-817436744-project-member', 'project_domain_id': 'default', 'project_domain_name': 'Default', 'project_id': '5f7393cc0d004ca5a33c35e722a3f13b', 'project_name': 'tempest-DeleteServersAdminTestJSON-817436744', 'tenant_id': '5f7393cc0d004ca5a33c35e722a3f13b', 'tenant_name': 'tempest-DeleteServersAdminTestJSON-817436744', 'user_domain_id': 'default', 'user_domain_name': 'Default', 'user_id': '7657c805582043b7837a4b6538abd3d1', 'system': None}, Network: None, Subnet: None, Router: None
2025-05-15 10:50:21.664 69725 INFO tempest.lib.common.dynamic_creds [-] Created isolated network resources for: credentials: Credentials: {'domain_id': 'default', 'domain_name': 'Default', 'username': 'tempest-DeleteServersAdminTestJSON-817436744-project-member', 'project_domain_id': 'default', 'project_domain_name': 'Default', 'project_id': '5f7393cc0d004ca5a33c35e722a3f13b', 'project_name': 'tempest-DeleteServersAdminTestJSON-817436744', 'tenant_id': '5f7393cc0d004ca5a33c35e722a3f13b', 'tenant_name': 'tempest-DeleteServersAdminTestJSON-817436744', 'user_domain_id': 'default', 'user_domain_name': 'Default', 'user_id': '7657c805582043b7837a4b6538abd3d1', 'system': None}, Network: None, Subnet: None, Router: None
2025-05-15 10:50:21.692 69775 INFO tempest.lib.common.rest_client [req-45e4acb6-46b4-4e6b-94b7-ad1b19c4e4ee req-45e4acb6-46b4-4e6b-94b7-ad1b19c4e4ee ] Request (HypervisorAdminTestJSON:test_get_hypervisor_list): 200 GET http://10.180.1.21/compute/v2.1/os-hypervisors 2.248s
2025-05-15 10:50:21.735 69755 INFO tempest.lib.common.rest_client [req-ec4b8998-2271-408a-b57b-684f6f9de174 req-ec4b8998-2271-408a-b57b-684f6f9de174 ] Request (QuotasAdminNegativeTest:setUpClass): 201 POST http://10.180.1.21/identity/v3/auth/tokens 0.261s
2025-05-15 10:50:21.816 69733 INFO tempest.lib.common.rest_client [req-d94ad183-eeb4-499d-a5a5-1825a4f6ed89 req-d94ad183-eeb4-499d-a5a5-1825a4f6ed89 ] Request (AZAdminV2TestJSON:tearDownClass): 204 DELETE http://10.180.1.21/identity/v3/users/efcec5acf1a249d28064c80f990b56fa 0.374s
2025-05-15 10:50:21.817 69733 INFO tempest.lib.common.dynamic_creds [-] Deleting project and security group for project: 0477ae8340354776beb8b50414cde9cb
2025-05-15 10:50:21.849 69727 INFO tempest.lib.common.rest_client [req-6b39f952-262f-4daa-a711-bbaa1cb52fc2 req-6b39f952-262f-4daa-a711-bbaa1cb52fc2 ] Request (ServersWithSpecificFlavorTestJSON:setUpClass): 200 PUT http://10.180.1.21:9696/networking/v2.0/routers/f1fdf043-14f4-4e54-9b31-e4fbf58fb055/add_router_interface 1.475s
2025-05-15 10:50:21.849 69727 INFO tempest.lib.common.dynamic_creds [-] Created isolated network resources for: credentials: Credentials: {'domain_id': 'default', 'domain_name': 'Default', 'username': 'tempest-ServersWithSpecificFlavorTestJSON-149792924-project-admin', 'project_domain_id': 'default', 'project_domain_name': 'Default', 'project_id': '983fc9c582f24a5e88088be58e2bf4eb', 'project_name': 'tempest-ServersWithSpecificFlavorTestJSON-149792924', 'tenant_id': '983fc9c582f24a5e88088be58e2bf4eb', 'tenant_name': 'tempest-ServersWithSpecificFlavorTestJSON-149792924', 'user_domain_id': 'default', 'user_domain_name': 'Default', 'user_id': 'ab8f1276c88b4035a9101a179f4df2b5', 'system': None}, Network: {'id': 'a9173116-859c-4822-b573-bd1da03e4ed0', 'name': 'tempest-ServersWithSpecificFlavorTestJSON-183717622-network', 'tenant_id': '983fc9c582f24a5e88088be58e2bf4eb', 'admin_state_up': True, 'mtu': 8950, 'status': 'ACTIVE', 'subnets': [], 'shared': False, 'project_id': '983fc9c582f24a5e88088be58e2bf4eb', 'port_security_enabled': True, 'router:external': False, 'provider:network_type': 'vlan', 'provider:physical_network': 'default', 'provider:segmentation_id': 813, 'availability_zone_hints': [], 'availability_zones': [], 'ipv4_address_scope': None, 'ipv6_address_scope': None, 'description': '', 'tags': [], 'created_at': '2025-05-15T10:50:19Z', 'updated_at': '2025-05-15T10:50:19Z', 'revision_number': 1}, Subnet: {'id': '406b681e-49c7-4b0f-a0c1-da87d542c058', 'name': 'tempest-ServersWithSpecificFlavorTestJSON-183717622-subnet', 'tenant_id': '983fc9c582f24a5e88088be58e2bf4eb', 'network_id': 'a9173116-859c-4822-b573-bd1da03e4ed0', 'ip_version': 4, 'subnetpool_id': None, 'enable_dhcp': True, 'ipv6_ra_mode': None, 'ipv6_address_mode': None, 'gateway_ip': '192.168.128.1', 'cidr': '192.168.128.0/28', 'allocation_pools': [{'start': '192.168.128.2', 'end': '192.168.128.14'}], 'host_routes': [], 'dns_nameservers': [], 'description': '', 'router:external': False, 'service_types': [], 'tags': [], 'created_at': '2025-05-15T10:50:19Z', 'updated_at': '2025-05-15T10:50:19Z', 'revision_number': 0, 'project_id': '983fc9c582f24a5e88088be58e2bf4eb'}, Router: {'id': 'f1fdf043-14f4-4e54-9b31-e4fbf58fb055', 'name': 'tempest-ServersWithSpecificFlavorTestJSON-183717622-router', 'tenant_id': '983fc9c582f24a5e88088be58e2bf4eb', 'admin_state_up': True, 'status': 'ACTIVE', 'external_gateway_info': {'network_id': 'dc67485c-e46f-4291-976b-fba1c9b6d1ff', 'external_fixed_ips': [{'subnet_id': 'a789b9ac-255a-4882-9ce1-7f8a26643120', 'ip_address': '10.180.180.157'}], 'enable_snat': True}, 'description': '', 'availability_zones': [], 'distributed': False, 'ha': False, 'availability_zone_hints': [], 'routes': [], 'flavor_id': None, 'tags': [], 'created_at': '2025-05-15T10:50:19Z', 'updated_at': '2025-05-15T10:50:20Z', 'revision_number': 2, 'project_id': '983fc9c582f24a5e88088be58e2bf4eb'}
2025-05-15 10:50:21.888 69739 INFO tempest.lib.common.rest_client [req-da6600b8-d948-458f-827e-c39f2a2ccd0c req-da6600b8-d948-458f-827e-c39f2a2ccd0c ] Request (ServerActionsV293TestJSON:setUpClass): 201 POST http://10.180.1.21/identity/v3/auth/tokens 0.240s
2025-05-15 10:50:21.888 69739 INFO tempest.lib.common.fixed_network [-] (ServerActionsV293TestJSON:setUpClass) Found network {'id': 'bc3c2b31-ea7b-4d79-8b61-018d066d2ef5', 'name': 'tempest-ServerActionsV293TestJSON-1334404710-network', 'tenant_id': '2e2781e158624a6783b480ca42ff6729', 'admin_state_up': True, 'mtu': 8950, 'status': 'ACTIVE', 'subnets': [], 'shared': False, 'project_id': '2e2781e158624a6783b480ca42ff6729', 'port_security_enabled': True, 'router:external': False, 'provider:network_type': 'vlan', 'provider:physical_network': 'default', 'provider:segmentation_id': 661, 'availability_zone_hints': [], 'availability_zones': [], 'ipv4_address_scope': None, 'ipv6_address_scope': None, 'description': '', 'tags': [], 'created_at': '2025-05-15T10:50:14Z', 'updated_at': '2025-05-15T10:50:14Z', 'revision_number': 1} available for tenant
2025-05-15 10:50:21.902 69725 INFO tempest.lib.common.rest_client [req-db17b0b9-7f7f-40a8-9ef0-0fb8f68c36ca req-db17b0b9-7f7f-40a8-9ef0-0fb8f68c36ca ] Request (DeleteServersAdminTestJSON:setUpClass): 201 POST http://10.180.1.21/identity/v3/auth/tokens 0.231s
2025-05-15 10:50:21.999 69735 INFO tempest.lib.common.rest_client [req-1e5cfc23-77ad-483a-87f8-336da6348b0e req-1e5cfc23-77ad-483a-87f8-336da6348b0e ] Request (FlavorsV255TestJSON:test_crud_flavor): 200 GET http://10.180.1.21/compute/v2.1/flavors/1853412826 2.516s
2025-05-15 10:50:22.029 69755 INFO tempest.lib.common.rest_client [req-9b65054d-1a43-47c0-a20c-912dbe87d2f4 req-9b65054d-1a43-47c0-a20c-912dbe87d2f4 ] Request (QuotasAdminNegativeTest:setUpClass): 201 POST http://10.180.1.21/identity/v3/projects 0.291s
2025-05-15 10:50:22.084 69733 INFO tempest.lib.common.rest_client [req-e4f7d346-fcf3-4817-8e61-4f947d2e5a15 req-e4f7d346-fcf3-4817-8e61-4f947d2e5a15 ] Request (AZAdminV2TestJSON:tearDownClass): 201 POST http://10.180.1.21/identity/v3/auth/tokens 0.267s
2025-05-15 10:50:22.112 69725 INFO tempest.lib.common.rest_client [req-f904af24-bd52-4ba1-aa40-02836459f1b7 req-f904af24-bd52-4ba1-aa40-02836459f1b7 ] Request (DeleteServersAdminTestJSON:setUpClass): 201 POST http://10.180.1.21/identity/v3/projects 0.209s
2025-05-15 10:50:22.118 69727 INFO tempest.lib.common.rest_client [req-59b93bf8-79b6-4201-82ce-7e9513c01016 req-59b93bf8-79b6-4201-82ce-7e9513c01016 ] Request (ServersWithSpecificFlavorTestJSON:setUpClass): 201 POST http://10.180.1.21/identity/v3/auth/tokens 0.266s
2025-05-15 10:50:22.140 69767 INFO tempest.lib.common.rest_client [req-dd4e7742-4995-4889-b2e5-897af5f404b7 req-dd4e7742-4995-4889-b2e5-897af5f404b7 ] Request (ServersTestJSON:setUpClass): 201 POST http://10.180.1.21:9696/networking/v2.0/networks 0.922s
2025-05-15 10:50:22.242 69755 INFO tempest.lib.common.rest_client [req-93ed79b2-dd5f-43eb-8d98-0f076d7738aa req-93ed79b2-dd5f-43eb-8d98-0f076d7738aa ] Request (QuotasAdminNegativeTest:setUpClass): 201 POST http://10.180.1.21/identity/v3/users 0.212s
2025-05-15 10:50:22.264 69781 INFO tempest.lib.common.rest_client [req-3732d246-2d09-4065-9734-98aa11d7fb07 req-3732d246-2d09-4065-9734-98aa11d7fb07 ] Request (FlavorMetadataValidation:test_flavor_update_with_custom_namespace): 200 POST http://10.180.1.21/compute/v2.1/flavors 2.748s
2025-05-15 10:50:22.282 69725 INFO tempest.lib.common.rest_client [req-93279e59-8fbf-42c4-b67d-016aece43114 req-93279e59-8fbf-42c4-b67d-016aece43114 ] Request (DeleteServersAdminTestJSON:setUpClass): 201 POST http://10.180.1.21/identity/v3/users 0.169s
2025-05-15 10:50:22.310 69757 INFO tempest.lib.common.rest_client [req-1bcda089-b6e7-4db5-a94c-de1c68a4c842 req-1bcda089-b6e7-4db5-a94c-de1c68a4c842 ] Request (NetworksTest:test_get_network): 200 GET http://10.180.1.21/compute/v2.1/os-networks 2.935s
2025-05-15 10:50:22.315 69755 INFO tempest.lib.common.rest_client [req-22e720d8-b6f2-4d58-809d-6edebd5472f4 req-22e720d8-b6f2-4d58-809d-6edebd5472f4 ] Request (QuotasAdminNegativeTest:setUpClass): 200 GET http://10.180.1.21/identity/v3/roles 0.072s
2025-05-15 10:50:22.350 69725 INFO tempest.lib.common.rest_client [req-13ebed92-c129-4fab-9a0e-128796d04bd1 req-13ebed92-c129-4fab-9a0e-128796d04bd1 ] Request (DeleteServersAdminTestJSON:setUpClass): 200 GET http://10.180.1.21/identity/v3/roles 0.067s
2025-05-15 10:50:22.444 69733 INFO tempest.lib.common.rest_client [req-daf3c9c2-ff31-41b0-b429-93f453816fb3 req-daf3c9c2-ff31-41b0-b429-93f453816fb3 ] Request (AZAdminV2TestJSON:tearDownClass): 200 GET http://10.180.1.21:9696/networking/v2.0/security-groups?tenant_id=0477ae8340354776beb8b50414cde9cb&name=default 0.359s
2025-05-15 10:50:22.447 69763 INFO tempest.lib.common.rest_client [req-e7fbc500-f83f-4bd6-960b-7454dd7431b5 req-e7fbc500-f83f-4bd6-960b-7454dd7431b5 ] Request (FlavorsExtraSpecsNegativeTestJSON:setUpClass): 200 POST http://10.180.1.21/compute/v2.1/flavors 2.866s
2025-05-15 10:50:22.460 69755 INFO tempest.lib.common.rest_client [req-0bcd4b42-0371-4f6e-86cc-29a4a63b5c85 req-0bcd4b42-0371-4f6e-86cc-29a4a63b5c85 ] Request (QuotasAdminNegativeTest:setUpClass): 204 PUT http://10.180.1.21/identity/v3/projects/e594cf1b58714321b28ebe970e350fd0/users/1d4f60f30f5149989e1411ea30de2501/roles/54cdafa64b4f4f05abd0de6d102faded 0.145s
2025-05-15 10:50:22.464 69745 INFO tempest.lib.common.rest_client [req-74721b4e-4752-47ff-a8ca-1d54b9ff9fdc req-74721b4e-4752-47ff-a8ca-1d54b9ff9fdc ] Request (ListImageFiltersTestJSON:setUpClass): 204 PUT http://10.180.1.21/image/v2/images/21c7b466-1aa2-43e9-b514-c1e1e87c2342/file 1.644s
2025-05-15 10:50:22.473 69767 INFO tempest.lib.common.rest_client [req-a275b0d6-a32e-4b35-8c9e-9895ed16b773 req-a275b0d6-a32e-4b35-8c9e-9895ed16b773 ] Request (ServersTestJSON:setUpClass): 201 POST http://10.180.1.21:9696/networking/v2.0/subnets 0.332s
2025-05-15 10:50:22.522 69725 INFO tempest.lib.common.rest_client [req-1f40bf0f-6b9f-4c1e-ad46-539058ad1d48 req-1f40bf0f-6b9f-4c1e-ad46-539058ad1d48 ] Request (DeleteServersAdminTestJSON:setUpClass): 204 PUT http://10.180.1.21/identity/v3/projects/319418a97bc341cf9009fd94cf502801/users/8f01984292df42d593ba5a87e6675cff/roles/54cdafa64b4f4f05abd0de6d102faded 0.172s
2025-05-15 10:50:22.599 69755 INFO tempest.lib.common.rest_client [req-3e23d207-3f3c-49d9-b3f6-ae3648e4fb32 req-3e23d207-3f3c-49d9-b3f6-ae3648e4fb32 ] Request (QuotasAdminNegativeTest:setUpClass): 200 GET http://10.180.1.21/identity/v3/roles 0.139s
2025-05-15 10:50:22.640 69725 INFO tempest.lib.common.rest_client [req-be432a0b-e557-4a3f-8222-fecef4bd27fc req-be432a0b-e557-4a3f-8222-fecef4bd27fc ] Request (DeleteServersAdminTestJSON:setUpClass): 200 GET http://10.180.1.21/identity/v3/roles 0.117s
2025-05-15 10:50:22.647 69755 INFO tempest.lib.common.rest_client [req-fd890678-8bd3-4ad0-93d2-460e06f85c11 req-fd890678-8bd3-4ad0-93d2-460e06f85c11 ] Request (QuotasAdminNegativeTest:setUpClass): 204 PUT http://10.180.1.21/identity/v3/projects/e594cf1b58714321b28ebe970e350fd0/users/1d4f60f30f5149989e1411ea30de2501/roles/54cdafa64b4f4f05abd0de6d102faded 0.047s
2025-05-15 10:50:22.647 69755 INFO tempest.lib.common.dynamic_creds [-] Dynamic test user 1d4f60f30f5149989e1411ea30de2501 is created with scope project and roles: ['admin']
2025-05-15 10:50:22.647 69755 INFO tempest.lib.common.dynamic_creds [-] Acquired dynamic creds: credentials: Credentials: {'domain_id': 'default', 'domain_name': 'Default', 'username': 'tempest-QuotasAdminNegativeTest-1187794000-project-admin', 'project_domain_id': 'default', 'project_domain_name': 'Default', 'project_id': 'e594cf1b58714321b28ebe970e350fd0', 'project_name': 'tempest-QuotasAdminNegativeTest-1187794000', 'tenant_id': 'e594cf1b58714321b28ebe970e350fd0', 'tenant_name': 'tempest-QuotasAdminNegativeTest-1187794000', 'user_domain_id': 'default', 'user_domain_name': 'Default', 'user_id': '1d4f60f30f5149989e1411ea30de2501', 'system': None}, Network: None, Subnet: None, Router: None
2025-05-15 10:50:22.647 69755 INFO tempest.lib.common.dynamic_creds [-] Created isolated network resources for: credentials: Credentials: {'domain_id': 'default', 'domain_name': 'Default', 'username': 'tempest-QuotasAdminNegativeTest-1187794000-project-admin', 'project_domain_id': 'default', 'project_domain_name': 'Default', 'project_id': 'e594cf1b58714321b28ebe970e350fd0', 'project_name': 'tempest-QuotasAdminNegativeTest-1187794000', 'tenant_id': 'e594cf1b58714321b28ebe970e350fd0', 'tenant_name': 'tempest-QuotasAdminNegativeTest-1187794000', 'user_domain_id': 'default', 'user_domain_name': 'Default', 'user_id': '1d4f60f30f5149989e1411ea30de2501', 'system': None}, Network: None, Subnet: None, Router: None
2025-05-15 10:50:22.659 69733 INFO tempest.lib.common.rest_client [req-a82328fd-8909-4167-ac39-13ce7126f2cd req-a82328fd-8909-4167-ac39-13ce7126f2cd ] Request (AZAdminV2TestJSON:tearDownClass): 204 DELETE http://10.180.1.21:9696/networking/v2.0/security-groups/e53e375b-b09c-4b94-b79f-c0a6281b3f35 0.214s
2025-05-15 10:50:22.666 69771 INFO tempest.lib.common.rest_client [req-2f3f42a9-b82a-4b5a-a2cc-1b4f93b5a307 req-2f3f42a9-b82a-4b5a-a2cc-1b4f93b5a307 ] Request (MigrationsAdminTest:test_list_migrations): 200 GET http://10.180.1.21/compute/v2.1/os-migrations 3.080s
2025-05-15 10:50:22.694 69725 INFO tempest.lib.common.rest_client [req-3496ecfa-008c-41fe-854e-d46167947854 req-3496ecfa-008c-41fe-854e-d46167947854 ] Request (DeleteServersAdminTestJSON:setUpClass): 204 PUT http://10.180.1.21/identity/v3/projects/319418a97bc341cf9009fd94cf502801/users/8f01984292df42d593ba5a87e6675cff/roles/54cdafa64b4f4f05abd0de6d102faded 0.053s
2025-05-15 10:50:22.694 69725 INFO tempest.lib.common.dynamic_creds [-] Dynamic test user 8f01984292df42d593ba5a87e6675cff is created with scope project and roles: ['admin']
2025-05-15 10:50:22.694 69725 INFO tempest.lib.common.dynamic_creds [-] Acquired dynamic creds: credentials: Credentials: {'domain_id': 'default', 'domain_name': 'Default', 'username': 'tempest-DeleteServersAdminTestJSON-1202686643-project-admin', 'project_domain_id': 'default', 'project_domain_name': 'Default', 'project_id': '319418a97bc341cf9009fd94cf502801', 'project_name': 'tempest-DeleteServersAdminTestJSON-1202686643', 'tenant_id': '319418a97bc341cf9009fd94cf502801', 'tenant_name': 'tempest-DeleteServersAdminTestJSON-1202686643', 'user_domain_id': 'default', 'user_domain_name': 'Default', 'user_id': '8f01984292df42d593ba5a87e6675cff', 'system': None}, Network: None, Subnet: None, Router: None
2025-05-15 10:50:22.694 69725 INFO tempest.lib.common.dynamic_creds [-] Created isolated network resources for: credentials: Credentials: {'domain_id': 'default', 'domain_name': 'Default', 'username': 'tempest-DeleteServersAdminTestJSON-1202686643-project-admin', 'project_domain_id': 'default', 'project_domain_name': 'Default', 'project_id': '319418a97bc341cf9009fd94cf502801', 'project_name': 'tempest-DeleteServersAdminTestJSON-1202686643', 'tenant_id': '319418a97bc341cf9009fd94cf502801', 'tenant_name': 'tempest-DeleteServersAdminTestJSON-1202686643', 'user_domain_id': 'default', 'user_domain_name': 'Default', 'user_id': '8f01984292df42d593ba5a87e6675cff', 'system': None}, Network: None, Subnet: None, Router: None
2025-05-15 10:50:22.766 69755 INFO tempest.lib.common.rest_client [req-99590e3f-d547-46fe-8b6f-7a3ca8b0de14 req-99590e3f-d547-46fe-8b6f-7a3ca8b0de14 ] Request (QuotasAdminNegativeTest:setUpClass): 201 POST http://10.180.1.21/identity/v3/auth/tokens 0.115s
2025-05-15 10:50:22.767 69755 WARNING tempest.lib.common.rest_client [-] Deprecated: "tenant_id" property is deprecated for removal, use "project_id" instead
2025-05-15 10:50:22.856 69733 INFO tempest.lib.common.rest_client [req-c2d7b51e-df2a-4516-92e1-46ffccf06e15 req-c2d7b51e-df2a-4516-92e1-46ffccf06e15 ] Request (AZAdminV2TestJSON:tearDownClass): 204 DELETE http://10.180.1.21/identity/v3/projects/0477ae8340354776beb8b50414cde9cb 0.196s
2025-05-15 10:50:22.856 69733 INFO tempest.lib.common.dynamic_creds [-] Deleting project and security group for project: 8ad9686b8897473eb1866db00e7d5fde
2025-05-15 10:50:22.888 69771 INFO tempest.lib.common.rest_client [req-124bd965-5129-4f73-ad9c-2f34953ccdac req-124bd965-5129-4f73-ad9c-2f34953ccdac ] Request (MigrationsAdminTest:test_list_migrations_in_flavor_resize_situation): 201 POST http://10.180.1.21/identity/v3/auth/tokens 0.212s
2025-05-15 10:50:22.888 69771 INFO tempest.lib.common.fixed_network [-] (MigrationsAdminTest:test_list_migrations_in_flavor_resize_situation) Found network None available for tenant
2025-05-15 10:50:22.927 69725 INFO tempest.lib.common.rest_client [req-0af2bf3f-4d15-4092-a2a8-111c8b566f59 req-0af2bf3f-4d15-4092-a2a8-111c8b566f59 ] Request (DeleteServersAdminTestJSON:setUpClass): 201 POST http://10.180.1.21/identity/v3/auth/tokens 0.228s
2025-05-15 10:50:22.975 69739 INFO tempest.lib.common.rest_client [req-05d59bbb-031d-47aa-a36c-ca92e4746d7d req-05d59bbb-031d-47aa-a36c-ca92e4746d7d ] Request (ServerActionsV293TestJSON:setUpClass): 202 POST http://10.180.1.21/volume/v3/volumes 1.086s
2025-05-15 10:50:22.989 69725 INFO tempest.lib.common.rest_client [req-19cd0c9c-7f35-4133-bb98-0049015b3dd0 req-19cd0c9c-7f35-4133-bb98-0049015b3dd0 ] Request (DeleteServersAdminTestJSON:test_admin_delete_servers_of_others): 201 POST http://10.180.1.21/identity/v3/auth/tokens 0.055s
