2025-05-15 10:50:46.797 69775 INFO tempest.lib.common.rest_client [req-dc0720b3-752f-41dc-b438-f8e459775eda req-dc0720b3-752f-41dc-b438-f8e459775eda ] Request (HypervisorAdminNegativeUnderV252Test:tearDownClass): 204 DELETE http://10.180.1.21/identity/v3/projects/56cc93f5aa30431cbac1d532153078bb 0.103s
2025-05-15 10:50:46.797 69775 INFO tempest.lib.common.dynamic_creds [-] Deleting project and security group for project: 07f554eff4384efdbd819fc5bc750a61
2025-05-15 10:50:46.798 69749 INFO tempest.lib.common.rest_client [req-9fc9476b-4817-468c-956c-726a33f47513 req-9fc9476b-4817-468c-956c-726a33f47513 ] Request (ServersAdminTestJSON:setUpClass): 201 POST http://10.180.1.21/identity/v3/auth/tokens 0.098s
2025-05-15 10:50:46.817 69771 INFO tempest.lib.common.rest_client [req-2d471483-e964-4c8d-95b6-4c85e00efc6d req-2d471483-e964-4c8d-95b6-4c85e00efc6d ] Request (MigrationsAdminTest:test_list_migrations_in_flavor_resize_situation): 200 GET http://10.180.1.21/compute/v2.1/servers/2068b009-a493-4a97-adb2-bf90e6d71c12 4.390s
2025-05-15 10:50:46.844 69777 INFO tempest.lib.common.rest_client [req-3224bbdc-a2d3-4b12-9340-313a4a0d335b req-3224bbdc-a2d3-4b12-9340-313a4a0d335b ] Request (FlavorsAccessNegativeTestJSON:_run_cleanups): 200 GET http://10.180.1.21/compute/v2.1/flavors/detail 4.407s
2025-05-15 10:50:46.890 69749 INFO tempest.lib.common.rest_client [req-7ab026ea-ffbc-49d7-8831-bd8f6b415cba req-7ab026ea-ffbc-49d7-8831-bd8f6b415cba ] Request (ServersAdminTestJSON:setUpClass): 201 POST http://10.180.1.21/identity/v3/projects 0.091s
2025-05-15 10:50:46.928 69775 INFO tempest.lib.common.rest_client [req-5da24987-501b-40b5-b398-93ce72bab06b req-5da24987-501b-40b5-b398-93ce72bab06b ] Request (HypervisorAdminNegativeUnderV252Test:tearDownClass): 200 GET http://10.180.1.21:9696/networking/v2.0/security-groups?tenant_id=07f554eff4384efdbd819fc5bc750a61&name=default 0.131s
2025-05-15 10:50:46.988 69749 INFO tempest.lib.common.rest_client [req-c12d124e-2c43-4f20-beee-c95b8a50f802 req-c12d124e-2c43-4f20-beee-c95b8a50f802 ] Request (ServersAdminTestJSON:setUpClass): 201 POST http://10.180.1.21/identity/v3/users 0.097s
2025-05-15 10:50:47.013 69749 INFO tempest.lib.common.rest_client [req-50527846-d949-4cff-9492-eb490a943143 req-50527846-d949-4cff-9492-eb490a943143 ] Request (ServersAdminTestJSON:setUpClass): 200 GET http://10.180.1.21/identity/v3/roles 0.025s
2025-05-15 10:50:47.046 69749 INFO tempest.lib.common.rest_client [req-e5a83734-bff2-4211-b3a5-50755b113427 req-e5a83734-bff2-4211-b3a5-50755b113427 ] Request (ServersAdminTestJSON:setUpClass): 204 PUT http://10.180.1.21/identity/v3/projects/28287b348b444f5aad3ca44ebbae1dee/users/6a500e329fa14a809fab6cb1ec657c89/roles/54cdafa64b4f4f05abd0de6d102faded 0.032s
2025-05-15 10:50:47.072 69725 INFO tempest.lib.common.rest_client [req-252af467-5832-43b8-9b05-f25b2b339d84 req-252af467-5832-43b8-9b05-f25b2b339d84 ] Request (DeleteServersAdminTestJSON:test_admin_delete_servers_of_others): 200 GET http://10.180.1.21/compute/v2.1/servers/3b6c310f-7ba1-448c-9989-5c1cd63cdeb1 4.564s
2025-05-15 10:50:47.112 69749 INFO tempest.lib.common.rest_client [req-2a7559ab-1f35-44c3-89e6-e68f9453f8fd req-2a7559ab-1f35-44c3-89e6-e68f9453f8fd ] Request (ServersAdminTestJSON:setUpClass): 200 GET http://10.180.1.21/identity/v3/roles 0.066s
2025-05-15 10:50:47.143 69749 INFO tempest.lib.common.rest_client [req-bb416de0-90da-4100-a1dc-1bcf628958a8 req-bb416de0-90da-4100-a1dc-1bcf628958a8 ] Request (ServersAdminTestJSON:setUpClass): 204 PUT http://10.180.1.21/identity/v3/projects/28287b348b444f5aad3ca44ebbae1dee/users/6a500e329fa14a809fab6cb1ec657c89/roles/54cdafa64b4f4f05abd0de6d102faded 0.030s
2025-05-15 10:50:47.143 69749 INFO tempest.lib.common.dynamic_creds [-] Dynamic test user 6a500e329fa14a809fab6cb1ec657c89 is created with scope project and roles: ['admin']
2025-05-15 10:50:47.143 69749 INFO tempest.lib.common.dynamic_creds [-] Acquired dynamic creds: credentials: Credentials: {'domain_id': 'default', 'domain_name': 'Default', 'username': 'tempest-ServersAdminTestJSON-322072546-project-admin', 'project_domain_id': 'default', 'project_domain_name': 'Default', 'project_id': '28287b348b444f5aad3ca44ebbae1dee', 'project_name': 'tempest-ServersAdminTestJSON-322072546', 'tenant_id': '28287b348b444f5aad3ca44ebbae1dee', 'tenant_name': 'tempest-ServersAdminTestJSON-322072546', 'user_domain_id': 'default', 'user_domain_name': 'Default', 'user_id': '6a500e329fa14a809fab6cb1ec657c89', 'system': None}, Network: None, Subnet: None, Router: None
2025-05-15 10:50:47.163 69729 INFO tempest.lib.common.rest_client [req-02c2b22a-6ea4-4846-ae1b-883dbfc7940e req-02c2b22a-6ea4-4846-ae1b-883dbfc7940e ] Request (FloatingIPsNegativeTestJSON:test_delete_nonexistent_floating_ip): 404 DELETE http://10.180.1.21/compute/v2.1/os-floating-ips/428961c2-17c7-4164-bca0-2781ac554595 4.634s
2025-05-15 10:50:47.282 69775 INFO tempest.lib.common.rest_client [req-7c220a88-b3a0-4cbd-82d4-c405466ff424 req-7c220a88-b3a0-4cbd-82d4-c405466ff424 ] Request (HypervisorAdminNegativeUnderV252Test:tearDownClass): 204 DELETE http://10.180.1.21:9696/networking/v2.0/security-groups/44368f3e-77a4-42e6-a01d-52422cd1b1f9 0.354s
2025-05-15 10:50:47.331 69735 INFO tempest.lib.common.rest_client [req-4b3e16dd-c1a0-491b-8150-d47d3d60f336 req-4b3e16dd-c1a0-491b-8150-d47d3d60f336 ] Request (ServersTestManualDisk:setUpClass): 201 POST http://10.180.1.21:9696/networking/v2.0/routers 2.894s
2025-05-15 10:50:47.420 69775 INFO tempest.lib.common.rest_client [req-c3c706ed-288b-4bb4-97c0-19085e6088ac req-c3c706ed-288b-4bb4-97c0-19085e6088ac ] Request (HypervisorAdminNegativeUnderV252Test:tearDownClass): 204 DELETE http://10.180.1.21/identity/v3/projects/07f554eff4384efdbd819fc5bc750a61 0.136s
2025-05-15 10:50:47.442 69727 INFO tempest.lib.common.rest_client [req-06af6fed-61a5-4a5d-ad6a-1298c35a15e2 req-06af6fed-61a5-4a5d-ad6a-1298c35a15e2 ] Request (ServersWithSpecificFlavorTestJSON:test_verify_created_server_ephemeral_disk): 200 GET http://10.180.1.21/compute/v2.1/servers/df8e3dea-2e1c-47bc-87e5-2e6419e88b93 4.852s
2025-05-15 10:50:47.450 69727 INFO tempest.common.waiters [-] State transition "BUILD/None" ==> "BUILD/block_device_mapping" after 9 second wait
2025-05-15 10:50:47.489 69775 INFO tempest.lib.common.rest_client [req-3cf881d9-5d1f-4c3b-a1bf-3c6e030caf49 req-3cf881d9-5d1f-4c3b-a1bf-3c6e030caf49 ] Request (ListImagesTestJSON:setUpClass): 201 POST http://10.180.1.21/identity/v3/auth/tokens 0.067s
2025-05-15 10:50:47.522 69765 INFO tempest.lib.common.rest_client [req-cade779d-5c8c-461e-ac65-29f72dcb9296 req-cade779d-5c8c-461e-ac65-29f72dcb9296 ] Request (InstanceActionsNegativeTestJSON:setUpClass): 200 GET http://10.180.1.21/compute/v2.1/servers/da2b0704-38ab-47ef-855f-0df5ee7fcbae 4.860s
2025-05-15 10:50:47.540 69775 INFO tempest.lib.common.rest_client [req-79d76f00-47d7-4ccb-94b6-5f3ae9f93d8f req-79d76f00-47d7-4ccb-94b6-5f3ae9f93d8f ] Request (ListImagesTestJSON:setUpClass): 201 POST http://10.180.1.21/identity/v3/auth/tokens 0.047s
2025-05-15 10:50:47.582 69775 INFO tempest.lib.common.rest_client [req-131ffc51-7293-4cec-ae33-7a5349934453 req-131ffc51-7293-4cec-ae33-7a5349934453 ] Request (ListImagesTestJSON:setUpClass): 200 GET http://10.180.1.21/identity/v3/domains?name=Default 0.041s
2025-05-15 10:50:47.632 69775 INFO tempest.lib.common.rest_client [req-e9c165a1-f731-43b7-94be-e5cddc017688 req-e9c165a1-f731-43b7-94be-e5cddc017688 ] Request (ListImagesTestJSON:setUpClass): 201 POST http://10.180.1.21/identity/v3/projects 0.050s
2025-05-15 10:50:47.702 69770 INFO tempest.lib.common.rest_client [req-358ae38a-3f84-4898-82f3-5810b3d629d2 req-358ae38a-3f84-4898-82f3-5810b3d629d2 ] Request (ValidationResourcesFixture:setUp): 200 POST http://10.180.1.21/compute/v2.1/os-keypairs 5.028s
2025-05-15 10:50:47.742 69775 INFO tempest.lib.common.rest_client [req-b80e8870-cb88-471b-9dda-cd1c570d5872 req-b80e8870-cb88-471b-9dda-cd1c570d5872 ] Request (ListImagesTestJSON:setUpClass): 201 POST http://10.180.1.21/identity/v3/users 0.108s
2025-05-15 10:50:47.774 69775 INFO tempest.lib.common.rest_client [req-16b1edb6-0536-4f5e-af3a-bc093675aec4 req-16b1edb6-0536-4f5e-af3a-bc093675aec4 ] Request (ListImagesTestJSON:setUpClass): 200 GET http://10.180.1.21/identity/v3/roles 0.031s
2025-05-15 10:50:47.817 69775 INFO tempest.lib.common.rest_client [req-cc0c639d-235d-4b69-a864-50a4c2778f84 req-cc0c639d-235d-4b69-a864-50a4c2778f84 ] Request (ListImagesTestJSON:setUpClass): 204 PUT http://10.180.1.21/identity/v3/projects/335bba7b719947c0ab15376826f0db2c/users/5aba5e19cba14f52b6fc3d44f1448670/roles/41236fd1509e4bdabdfd0e21a01fa53b 0.042s
2025-05-15 10:50:47.817 69775 INFO tempest.lib.common.dynamic_creds [-] Dynamic test user 5aba5e19cba14f52b6fc3d44f1448670 is created with scope project and roles: ['member']
2025-05-15 10:50:47.817 69775 INFO tempest.lib.common.dynamic_creds [-] Acquired dynamic creds: credentials: Credentials: {'domain_id': 'default', 'domain_name': 'Default', 'username': 'tempest-ListImagesTestJSON-1253514973-project-member', 'project_domain_id': 'default', 'project_domain_name': 'Default', 'project_id': '335bba7b719947c0ab15376826f0db2c', 'project_name': 'tempest-ListImagesTestJSON-1253514973', 'tenant_id': '335bba7b719947c0ab15376826f0db2c', 'tenant_name': 'tempest-ListImagesTestJSON-1253514973', 'user_domain_id': 'default', 'user_domain_name': 'Default', 'user_id': '5aba5e19cba14f52b6fc3d44f1448670', 'system': None}, Network: None, Subnet: None, Router: None
2025-05-15 10:50:47.818 69775 INFO tempest.lib.common.dynamic_creds [-] Created isolated network resources for: credentials: Credentials: {'domain_id': 'default', 'domain_name': 'Default', 'username': 'tempest-ListImagesTestJSON-1253514973-project-member', 'project_domain_id': 'default', 'project_domain_name': 'Default', 'project_id': '335bba7b719947c0ab15376826f0db2c', 'project_name': 'tempest-ListImagesTestJSON-1253514973', 'tenant_id': '335bba7b719947c0ab15376826f0db2c', 'tenant_name': 'tempest-ListImagesTestJSON-1253514973', 'user_domain_id': 'default', 'user_domain_name': 'Default', 'user_id': '5aba5e19cba14f52b6fc3d44f1448670', 'system': None}, Network: None, Subnet: None, Router: None
2025-05-15 10:50:47.835 69723 INFO tempest.lib.common.rest_client [req-e73c8a82-5240-4279-a290-fd7da06e3c97 req-e73c8a82-5240-4279-a290-fd7da06e3c97 ] Request (ServerDiagnosticsTest:tearDownClass): 204 DELETE http://10.180.1.21/compute/v2.1/servers/9b9e992b-3f6a-4e56-8c9d-944507c869a6 4.833s
2025-05-15 10:50:47.876 69749 INFO tempest.lib.common.rest_client [req-7907645c-fab3-458a-93a4-09dfd6e35d14 req-7907645c-fab3-458a-93a4-09dfd6e35d14 ] Request (ServersAdminTestJSON:setUpClass): 201 POST http://10.180.1.21:9696/networking/v2.0/networks 0.732s
2025-05-15 10:50:47.937 69775 INFO tempest.lib.common.rest_client [req-d6f51331-2313-4d7c-b394-dac2204533f2 req-d6f51331-2313-4d7c-b394-dac2204533f2 ] Request (ListImagesTestJSON:setUpClass): 201 POST http://10.180.1.21/identity/v3/auth/tokens 0.115s
2025-05-15 10:50:48.031 69770 INFO tempest.lib.common.rest_client [req-9be51e79-3b5c-4d92-b9ec-2072ee795614 req-9be51e79-3b5c-4d92-b9ec-2072ee795614 ] Request (ValidationResourcesFixture:setUp): 201 POST http://10.180.1.21:9696/networking/v2.0/security-groups 0.327s
2025-05-15 10:50:48.312 69770 INFO tempest.lib.common.rest_client [req-3040b17c-7254-4526-9c41-ba0f23d202f4 req-3040b17c-7254-4526-9c41-ba0f23d202f4 ] Request (ValidationResourcesFixture:setUp): 201 POST http://10.180.1.21:9696/networking/v2.0/security-group-rules 0.280s
2025-05-15 10:50:48.340 69762 INFO tempest.lib.common.rest_client [req-6a3af290-9f26-4649-b6cf-79e785005d8e req-6a3af290-9f26-4649-b6cf-79e785005d8e ] Request (SecurityGroupRulesNegativeTestJSON:test_create_security_group_rule_duplicate): 200 POST http://10.180.1.21/compute/v2.1/os-security-group-rules 5.060s
2025-05-15 10:50:48.483 69719 INFO tempest.lib.common.rest_client [req-d6caf9ff-bb52-466e-9b95-4d4f18aa4b40 req-d6caf9ff-bb52-466e-9b95-4d4f18aa4b40 ] Request (AZV2TestJSON:test_get_availability_zone_list_with_non_admin_user): 200 GET http://10.180.1.21/compute/v2.1/os-availability-zone 4.852s
2025-05-15 10:50:48.527 69749 INFO tempest.lib.common.rest_client [req-ff062973-69b4-4dbc-bd97-d575f2d175ce req-ff062973-69b4-4dbc-bd97-d575f2d175ce ] Request (ServersAdminTestJSON:setUpClass): 201 POST http://10.180.1.21:9696/networking/v2.0/subnets 0.648s
2025-05-15 10:50:48.598 69747 INFO tempest.lib.common.rest_client [req-bb074e56-34eb-4bc5-8f07-b04fe1b3a847 req-bb074e56-34eb-4bc5-8f07-b04fe1b3a847 ] Request (ServersAdmin275Test:test_rebuild_update_server_275): 200 GET http://10.180.1.21/compute/v2.1/servers/9dd18afb-5a25-48e4-9250-fe7122031a6c 4.645s
2025-05-15 10:50:48.654 69770 INFO tempest.lib.common.rest_client [req-7c0d70dc-c6d9-4ae3-bddf-7344b73b8294 req-7c0d70dc-c6d9-4ae3-bddf-7344b73b8294 ] Request (ValidationResourcesFixture:setUp): 201 POST http://10.180.1.21:9696/networking/v2.0/security-group-rules 0.341s
2025-05-15 10:50:48.684 69719 INFO tempest.lib.common.rest_client [req-02578e7b-147d-4f50-814e-ce9a30f33886 req-02578e7b-147d-4f50-814e-ce9a30f33886 ] Request (AZV2TestJSON:tearDownClass): 204 DELETE http://10.180.1.21/identity/v3/users/d39810b6f8ce4b7a8aa946f556265b91 0.194s
2025-05-15 10:50:48.684 69719 INFO tempest.lib.common.dynamic_creds [-] Deleting project and security group for project: 633176a242b4444496f9a73457326e15
2025-05-15 10:50:48.750 69719 INFO tempest.lib.common.rest_client [req-64d79f07-6f91-4952-9006-fb20d9e82f92 req-64d79f07-6f91-4952-9006-fb20d9e82f92 ] Request (AZV2TestJSON:tearDownClass): 201 POST http://10.180.1.21/identity/v3/auth/tokens 0.065s
2025-05-15 10:50:49.084 69779 INFO tempest.lib.common.rest_client [req-698ed3c3-3283-4e78-8749-fe4d0b654489 req-698ed3c3-3283-4e78-8749-fe4d0b654489 ] Request (ServersAdminNegativeTestJSON:setUpClass): 202 POST http://10.180.1.21/compute/v2.1/servers 4.959s
2025-05-15 10:50:49.391 69719 INFO tempest.lib.common.rest_client [req-0b38b7dc-43e9-4f05-9722-53d4bfd4a397 req-0b38b7dc-43e9-4f05-9722-53d4bfd4a397 ] Request (AZV2TestJSON:tearDownClass): 200 GET http://10.180.1.21:9696/networking/v2.0/security-groups?tenant_id=633176a242b4444496f9a73457326e15&name=default 0.640s
2025-05-15 10:50:49.441 69731 INFO tempest.lib.common.rest_client [req-86b1ecac-5e5d-472c-9bbc-96934b473f47 req-86b1ecac-5e5d-472c-9bbc-96934b473f47 ] Request (VolumesAdminNegativeTest:test_update_attached_volume_with_nonexistent_volume_in_body): 200 GET http://10.180.1.21/compute/v2.1/servers/f7e38fa3-14c9-44a8-9234-45abec23187c 5.087s
2025-05-15 10:50:49.503 69737 INFO tempest.lib.common.rest_client [req-9000b65d-cf0a-4b39-a84e-032b4bfbe86b req-9000b65d-cf0a-4b39-a84e-032b4bfbe86b ] Request (HypervisorAdminV228Test:test_get_list_hypervisor_details): 200 GET http://10.180.1.21/compute/v2.1/os-hypervisors/1 5.111s
2025-05-15 10:50:49.570 69773 INFO tempest.lib.common.rest_client [req-9a1d8a7e-635a-454c-b862-59b477136ae1 req-9a1d8a7e-635a-454c-b862-59b477136ae1 ] Request (ImagesMetadataTestJSON:test_delete_image_metadata_item): 200 GET http://10.180.1.21/compute/v2.1/images/43781f9c-6137-4922-bd94-509de4676181/metadata 4.965s
2025-05-15 10:50:49.616 69737 INFO tempest.lib.common.rest_client [req-14adad14-7d68-4e75-b758-c2cfa23796be req-14adad14-7d68-4e75-b758-c2cfa23796be ] Request (HypervisorAdminV228Test:tearDownClass): 204 DELETE http://10.180.1.21/identity/v3/users/cef4c1d0d7b744dfb5db45c3c42ed0d1 0.106s
2025-05-15 10:50:49.637 69729 INFO tempest.lib.common.rest_client [req-0a07161a-353c-4503-8a9e-9c51527a8a85 req-0a07161a-353c-4503-8a9e-9c51527a8a85 ] Request (FloatingIPsNegativeTestJSON:tearDownClass): 200 PUT http://10.180.1.21:9696/networking/v2.0/routers/1b47f701-a912-4738-ac9e-61ffd129f5bb/remove_router_interface 2.473s
2025-05-15 10:50:49.670 69741 INFO tempest.lib.common.rest_client [req-bb677b55-729f-4b0d-9b1f-356c2095c0df req-bb677b55-729f-4b0d-9b1f-356c2095c0df ] Request (VolumesAssistedSnapshotsTest:test_volume_assisted_snapshot_create_delete): 200 GET http://10.180.1.21/compute/v2.1/servers/90256eb2-af00-45a2-b883-8cbb95046461 5.037s
2025-05-15 10:50:49.671 69719 INFO tempest.lib.common.rest_client [req-6d500980-422b-463d-963c-a71730410b2f req-6d500980-422b-463d-963c-a71730410b2f ] Request (AZV2TestJSON:tearDownClass): 204 DELETE http://10.180.1.21:9696/networking/v2.0/security-groups/2d25bf6f-7204-40e6-8172-e2b6989dd9b8 0.280s
2025-05-15 10:50:49.693 69751 INFO tempest.lib.common.rest_client [req-a89ca191-9b52-49da-8b80-958503372fcf req-a89ca191-9b52-49da-8b80-958503372fcf ] Request (FlavorsAdminTestJSON:test_create_list_flavor_without_extra_data): 200 POST http://10.180.1.21/compute/v2.1/flavors 5.045s
2025-05-15 10:50:49.801 69737 INFO tempest.lib.common.rest_client [req-ec980223-db8a-4002-a507-f3ba2f9b142d req-ec980223-db8a-4002-a507-f3ba2f9b142d ] Request (HypervisorAdminV228Test:tearDownClass): 204 DELETE http://10.180.1.21/identity/v3/users/07a8c3b9369c47a6ab74aa7ed72475b2 0.185s
2025-05-15 10:50:49.802 69737 INFO tempest.lib.common.dynamic_creds [-] Deleting project and security group for project: c3971623cdb94a1cbabe04241e4c80f7
2025-05-15 10:50:49.823 69753 INFO tempest.lib.common.rest_client [req-d064d17e-3770-4028-8d2e-8a7d98b7d1c0 req-d064d17e-3770-4028-8d2e-8a7d98b7d1c0 ] Request (ServerDiagnosticsNegativeTest:tearDownClass): 204 DELETE http://10.180.1.21/compute/v2.1/servers/8683cdab-4e16-49d4-b988-96e4eefb057d 5.144s
2025-05-15 10:50:49.896 69737 INFO tempest.lib.common.rest_client [req-50009bc6-b802-4d2f-99f9-d2a1f3a0cfe5 req-50009bc6-b802-4d2f-99f9-d2a1f3a0cfe5 ] Request (HypervisorAdminV228Test:tearDownClass): 201 POST http://10.180.1.21/identity/v3/auth/tokens 0.094s
2025-05-15 10:50:49.922 69719 INFO tempest.lib.common.rest_client [req-819213c9-bb13-48eb-bcfa-856013c843fd req-819213c9-bb13-48eb-bcfa-856013c843fd ] Request (AZV2TestJSON:tearDownClass): 204 DELETE http://10.180.1.21/identity/v3/projects/633176a242b4444496f9a73457326e15 0.251s
2025-05-15 10:50:50.017 69719 INFO tempest.lib.common.rest_client [req-6a01ac6c-209d-42d3-aee1-e25bc995e6e0 req-6a01ac6c-209d-42d3-aee1-e25bc995e6e0 ] Request (ServerGroup264TestJSON:setUpClass): 201 POST http://10.180.1.21/identity/v3/auth/tokens 0.092s
2025-05-15 10:50:50.061 69719 INFO tempest.lib.common.rest_client [req-dbab6546-e4d5-427a-81d4-8b30fdc05a85 req-dbab6546-e4d5-427a-81d4-8b30fdc05a85 ] Request (ServerGroup264TestJSON:setUpClass): 201 POST http://10.180.1.21/identity/v3/auth/tokens 0.041s
2025-05-15 10:50:50.090 69719 INFO tempest.lib.common.rest_client [req-fc63b40b-39da-41b3-b72a-88c57ba2965d req-fc63b40b-39da-41b3-b72a-88c57ba2965d ] Request (ServerGroup264TestJSON:setUpClass): 200 GET http://10.180.1.21/identity/v3/domains?name=Default 0.028s
2025-05-15 10:50:50.126 69719 INFO tempest.lib.common.rest_client [req-734e04eb-7acf-49d3-9c52-f08cc49879b0 req-734e04eb-7acf-49d3-9c52-f08cc49879b0 ] Request (ServerGroup264TestJSON:setUpClass): 201 POST http://10.180.1.21/identity/v3/projects 0.035s
2025-05-15 10:50:50.204 69719 INFO tempest.lib.common.rest_client [req-f3469285-54e4-4690-b2c7-80c3914774a5 req-f3469285-54e4-4690-b2c7-80c3914774a5 ] Request (ServerGroup264TestJSON:setUpClass): 201 POST http://10.180.1.21/identity/v3/users 0.077s
2025-05-15 10:50:50.241 69719 INFO tempest.lib.common.rest_client [req-d1fe793b-e8e1-4575-b131-0e679b213982 req-d1fe793b-e8e1-4575-b131-0e679b213982 ] Request (ServerGroup264TestJSON:setUpClass): 200 GET http://10.180.1.21/identity/v3/roles 0.037s
2025-05-15 10:50:50.274 69719 INFO tempest.lib.common.rest_client [req-9d48e063-79ed-44db-acf2-a4c0107ec1bc req-9d48e063-79ed-44db-acf2-a4c0107ec1bc ] Request (ServerGroup264TestJSON:setUpClass): 204 PUT http://10.180.1.21/identity/v3/projects/96096b20ed7d4eaa931fa9ba167074b8/users/48dfef203304409fa051047debc4e2b5/roles/41236fd1509e4bdabdfd0e21a01fa53b 0.032s
2025-05-15 10:50:50.275 69719 INFO tempest.lib.common.dynamic_creds [-] Dynamic test user 48dfef203304409fa051047debc4e2b5 is created with scope project and roles: ['member']
2025-05-15 10:50:50.275 69719 INFO tempest.lib.common.dynamic_creds [-] Acquired dynamic creds: credentials: Credentials: {'domain_id': 'default', 'domain_name': 'Default', 'username': 'tempest-ServerGroup264TestJSON-200066463-project-member', 'project_domain_id': 'default', 'project_domain_name': 'Default', 'project_id': '96096b20ed7d4eaa931fa9ba167074b8', 'project_name': 'tempest-ServerGroup264TestJSON-200066463', 'tenant_id': '96096b20ed7d4eaa931fa9ba167074b8', 'tenant_name': 'tempest-ServerGroup264TestJSON-200066463', 'user_domain_id': 'default', 'user_domain_name': 'Default', 'user_id': '48dfef203304409fa051047debc4e2b5', 'system': None}, Network: None, Subnet: None, Router: None
2025-05-15 10:50:50.343 69781 INFO tempest.lib.common.rest_client [req-d18eac0f-1770-45b2-a25a-c28ef5366339 req-d18eac0f-1770-45b2-a25a-c28ef5366339 ] Request (SecurityGroupsTestAdminJSON:test_list_security_groups_list_all_tenants_filter): 200 GET http://10.180.1.21/compute/v2.1/os-security-groups?all_tenants=true 8.022s
2025-05-15 10:50:50.344 69719 INFO tempest.lib.common.rest_client [req-e37dace2-4335-46e4-b485-7c8ed7989224 req-e37dace2-4335-46e4-b485-7c8ed7989224 ] Request (ServerGroup264TestJSON:setUpClass): 201 POST http://10.180.1.21/identity/v3/auth/tokens 0.069s
2025-05-15 10:50:50.347 69767 INFO tempest.lib.common.rest_client [req-85f73606-f86a-4181-bbb7-d7f50ef70dbb req-85f73606-f86a-4181-bbb7-d7f50ef70dbb ] Request (ServersTestJSON:setUpClass): 200 GET http://10.180.1.21/compute/v2.1/servers/6e5efac3-e29f-4168-b45c-e6e81e46d263 5.087s
2025-05-15 10:50:50.417 69770 INFO tempest.lib.common.rest_client [req-9626cd55-bff8-42aa-ae98-97b660e79ac2 req-9626cd55-bff8-42aa-ae98-97b660e79ac2 ] Request (ValidationResourcesFixture:setUp): 201 POST http://10.180.1.21:9696/networking/v2.0/floatingips 1.762s
2025-05-15 10:50:50.513 69721 INFO tempest.lib.common.rest_client [req-bb7d7ee8-f3df-4f3b-a609-911fe61a5782 req-bb7d7ee8-f3df-4f3b-a609-911fe61a5782 ] Request (QuotasAdminTestJSON:test_get_updated_quotas): 200 GET http://10.180.1.21/compute/v2.1/os-quota-sets/87b06d74de1142d5896986c2f64879a4/detail 5.161s
2025-05-15 10:50:50.526 69770 INFO tempest.lib.common.rest_client [req-0330c074-4ff9-48d0-b3a4-d4751d77fe5e req-0330c074-4ff9-48d0-b3a4-d4751d77fe5e ] Request (AttachInterfacesTestJSON:test_create_list_show_delete_interfaces_by_fixed_ip): 201 POST http://10.180.1.21/identity/v3/auth/tokens 0.104s
2025-05-15 10:50:50.527 69770 INFO tempest.lib.common.fixed_network [-] (AttachInterfacesTestJSON:test_create_list_show_delete_interfaces_by_fixed_ip) Found network {'id': 'b5ff883e-6cca-41df-b9b0-c9fd5bfb37db', 'name': 'tempest-AttachInterfacesTestJSON-63402159-network', 'tenant_id': '88bc526a7b714e3b9020af814e510d26', 'admin_state_up': True, 'mtu': 8950, 'status': 'ACTIVE', 'subnets': [], 'shared': False, 'project_id': '88bc526a7b714e3b9020af814e510d26', 'port_security_enabled': True, 'router:external': False, 'provider:network_type': 'vlan', 'provider:physical_network': 'default', 'provider:segmentation_id': 794, 'availability_zone_hints': [], 'availability_zones': [], 'ipv4_address_scope': None, 'ipv6_address_scope': None, 'description': '', 'tags': [], 'created_at': '2025-05-15T10:50:35Z', 'updated_at': '2025-05-15T10:50:35Z', 'revision_number': 1} available for tenant
2025-05-15 10:50:50.557 69721 INFO tempest.lib.common.rest_client [req-f4e57f3b-f8fa-4f4a-a0ce-e83b263f38f3 req-f4e57f3b-f8fa-4f4a-a0ce-e83b263f38f3 ] Request (QuotasAdminTestJSON:test_get_updated_quotas): 200 GET http://10.180.1.21/identity/v3/domains?name=Default 0.038s
2025-05-15 10:50:50.589 69721 INFO tempest.lib.common.rest_client [req-a7da5ab0-22c9-428f-8db7-0a5afd2e5349 req-a7da5ab0-22c9-428f-8db7-0a5afd2e5349 ] Request (QuotasAdminTestJSON:test_get_updated_quotas): 201 POST http://10.180.1.21/identity/v3/users 0.031s
2025-05-15 10:50:50.611 69721 INFO tempest.lib.common.rest_client [req-40fe1b14-ed3a-4891-b9bc-be186e2b5d2d req-40fe1b14-ed3a-4891-b9bc-be186e2b5d2d ] Request (QuotasAdminTestJSON:test_get_updated_quotas): 200 GET http://10.180.1.21/identity/v3/domains?name=Default 0.022s
2025-05-15 10:50:50.691 69737 INFO tempest.lib.common.rest_client [req-ff071cc6-f16b-4ea0-a755-2a333a9a35d4 req-ff071cc6-f16b-4ea0-a755-2a333a9a35d4 ] Request (HypervisorAdminV228Test:tearDownClass): 200 GET http://10.180.1.21:9696/networking/v2.0/security-groups?tenant_id=c3971623cdb94a1cbabe04241e4c80f7&name=default 0.794s
2025-05-15 10:50:50.823 69735 INFO tempest.lib.common.rest_client [req-18557370-0398-41bb-93b2-8a3d4bfa7215 req-18557370-0398-41bb-93b2-8a3d4bfa7215 ] Request (ServersTestManualDisk:setUpClass): 200 PUT http://10.180.1.21:9696/networking/v2.0/routers/a688f858-512f-41ff-b8be-ef01e2f1f86d/add_router_interface 3.492s
2025-05-15 10:50:50.823 69735 INFO tempest.lib.common.dynamic_creds [-] Created isolated network resources for: credentials: Credentials: {'domain_id': 'default', 'domain_name': 'Default', 'username': 'tempest-ServersTestManualDisk-61822466-project-member', 'project_domain_id': 'default', 'project_domain_name': 'Default', 'project_id': '5479e55756984e5db34ffebc730914ab', 'project_name': 'tempest-ServersTestManualDisk-61822466', 'tenant_id': '5479e55756984e5db34ffebc730914ab', 'tenant_name': 'tempest-ServersTestManualDisk-61822466', 'user_domain_id': 'default', 'user_domain_name': 'Default', 'user_id': '12cbaf2eb186467eb2a6e4942ef48840', 'system': None}, Network: {'id': 'c133dc4b-d55d-4dde-8304-6cea0aaab941', 'name': 'tempest-ServersTestManualDisk-461620165-network', 'tenant_id': '5479e55756984e5db34ffebc730914ab', 'admin_state_up': True, 'mtu': 8950, 'status': 'ACTIVE', 'subnets': [], 'shared': False, 'project_id': '5479e55756984e5db34ffebc730914ab', 'port_security_enabled': True, 'router:external': False, 'provider:network_type': 'vlan', 'provider:physical_network': 'default', 'provider:segmentation_id': 797, 'availability_zone_hints': [], 'availability_zones': [], 'ipv4_address_scope': None, 'ipv6_address_scope': None, 'description': '', 'tags': [], 'created_at': '2025-05-15T10:50:44Z', 'updated_at': '2025-05-15T10:50:44Z', 'revision_number': 1}, Subnet: {'id': '410c5011-2a7b-49bd-8733-bafd6ef3a66b', 'name': 'tempest-ServersTestManualDisk-461620165-subnet', 'tenant_id': '5479e55756984e5db34ffebc730914ab', 'network_id': 'c133dc4b-d55d-4dde-8304-6cea0aaab941', 'ip_version': 4, 'subnetpool_id': None, 'enable_dhcp': True, 'ipv6_ra_mode': None, 'ipv6_address_mode': None, 'gateway_ip': '192.168.128.1', 'cidr': '192.168.128.0/28', 'allocation_pools': [{'start': '192.168.128.2', 'end': '192.168.128.14'}], 'host_routes': [], 'dns_nameservers': [], 'description': '', 'router:external': False, 'service_types': [], 'tags': [], 'created_at': '2025-05-15T10:50:44Z', 'updated_at': '2025-05-15T10:50:44Z', 'revision_number': 0, 'project_id': '5479e55756984e5db34ffebc730914ab'}, Router: {'id': 'a688f858-512f-41ff-b8be-ef01e2f1f86d', 'name': 'tempest-ServersTestManualDisk-461620165-router', 'tenant_id': '5479e55756984e5db34ffebc730914ab', 'admin_state_up': True, 'status': 'ACTIVE', 'external_gateway_info': {'network_id': 'dc67485c-e46f-4291-976b-fba1c9b6d1ff', 'external_fixed_ips': [{'subnet_id': 'a789b9ac-255a-4882-9ce1-7f8a26643120', 'ip_address': '10.180.180.212'}], 'enable_snat': True}, 'description': '', 'availability_zones': [], 'distributed': False, 'ha': False, 'availability_zone_hints': [], 'routes': [], 'flavor_id': None, 'tags': [], 'created_at': '2025-05-15T10:50:44Z', 'updated_at': '2025-05-15T10:50:46Z', 'revision_number': 2, 'project_id': '5479e55756984e5db34ffebc730914ab'}
2025-05-15 10:50:50.961 69735 INFO tempest.lib.common.rest_client [req-fa9ac6a4-5f0a-4cb7-919a-c0c7da22cc81 req-fa9ac6a4-5f0a-4cb7-919a-c0c7da22cc81 ] Request (ServersTestManualDisk:setUpClass): 201 POST http://10.180.1.21/identity/v3/auth/tokens 0.130s
2025-05-15 10:50:50.996 69745 INFO tempest.lib.common.rest_client [req-f1d0cc7f-fcf8-4da6-8a2c-81ca8c50ff78 req-f1d0cc7f-fcf8-4da6-8a2c-81ca8c50ff78 ] Request (ListImageFiltersTestJSON:setUpClass): 202 POST http://10.180.1.21/compute/v2.1/servers 5.693s
2025-05-15 10:50:51.068 69737 INFO tempest.lib.common.rest_client [req-0976d590-d06b-4cd3-913e-22b011faae38 req-0976d590-d06b-4cd3-913e-22b011faae38 ] Request (HypervisorAdminV228Test:tearDownClass): 204 DELETE http://10.180.1.21:9696/networking/v2.0/security-groups/40e053b3-b83f-4a08-9630-0776fd9b433b 0.377s
2025-05-15 10:50:51.117 69729 INFO tempest.lib.common.rest_client [req-e4345682-2bea-4670-8c35-e8786f006410 req-e4345682-2bea-4670-8c35-e8786f006410 ] Request (FloatingIPsNegativeTestJSON:tearDownClass): 204 DELETE http://10.180.1.21:9696/networking/v2.0/routers/1b47f701-a912-4738-ac9e-61ffd129f5bb 1.479s
2025-05-15 10:50:51.154 69759 INFO tempest.lib.common.rest_client [req-66eafec2-cd89-4d39-a70b-f19ae08137a7 req-66eafec2-cd89-4d39-a70b-f19ae08137a7 ] Request (ImagesNegativeTestJSON:test_create_image_from_deleted_server): 204 DELETE http://10.180.1.21/compute/v2.1/servers/03b06284-6fa8-49c1-a1f1-b9fe046c60a6 5.466s
2025-05-15 10:50:51.192 69737 INFO tempest.lib.common.rest_client [req-46e42284-85aa-4934-b235-a52ca81a02dc req-46e42284-85aa-4934-b235-a52ca81a02dc ] Request (HypervisorAdminV228Test:tearDownClass): 204 DELETE http://10.180.1.21/identity/v3/projects/c3971623cdb94a1cbabe04241e4c80f7 0.124s
2025-05-15 10:50:51.193 69737 INFO tempest.lib.common.dynamic_creds [-] Deleting project and security group for project: e5c930cee29c4c8ba698cbdb8a58e406
2025-05-15 10:50:51.264 69739 INFO tempest.lib.common.rest_client [req-347103e9-e9e6-4556-8689-ca826facf2c3 req-347103e9-e9e6-4556-8689-ca826facf2c3 ] Request (ServerActionsV293TestJSON:setUpClass): 200 GET http://10.180.1.21/compute/v2.1/servers/c2e45558-5c57-4300-b255-1709734baa40 5.293s
2025-05-15 10:50:51.310 69733 INFO tempest.lib.common.rest_client [req-90b6eeed-e625-4e35-8337-fd53e353bce1 req-90b6eeed-e625-4e35-8337-fd53e353bce1 ] Request (KeyPairsV22TestJSON:test_keypairsv22_create_list_show): 201 POST http://10.180.1.21/compute/v2.1/os-keypairs 5.297s
2025-05-15 10:50:51.381 69763 INFO tempest.lib.common.rest_client [req-8b428b5a-5c59-4c74-a706-2e09e265125b req-8b428b5a-5c59-4c74-a706-2e09e265125b ] Request (SecurityGroupRulesTestJSON:test_security_group_rules_create): 200 POST http://10.180.1.21/compute/v2.1/os-security-groups 5.837s
2025-05-15 10:50:51.385 69749 INFO tempest.lib.common.rest_client [req-bbcdf5b1-150a-43e6-a88c-b4b5c2d2e585 req-bbcdf5b1-150a-43e6-a88c-b4b5c2d2e585 ] Request (ServersAdminTestJSON:setUpClass): 201 POST http://10.180.1.21:9696/networking/v2.0/routers 2.858s
2025-05-15 10:50:51.410 69777 INFO tempest.lib.common.rest_client [req-7e5569eb-489e-420a-b722-59e4f0df942c req-7e5569eb-489e-420a-b722-59e4f0df942c ] Request (FlavorsAccessNegativeTestJSON:test_flavor_non_admin_remove): 200 POST http://10.180.1.21/compute/v2.1/flavors 4.556s
2025-05-15 10:50:51.523 69755 INFO tempest.lib.common.rest_client [req-992b0034-1edd-4e51-91bd-1721c728b38d req-992b0034-1edd-4e51-91bd-1721c728b38d ] Request (QuotasAdminNegativeTest:_run_cleanups): 200 PUT http://10.180.1.21/compute/v2.1/os-quota-sets/8ff66fd95b2049c696cab956836f91b2 5.053s
2025-05-15 10:50:51.591 69729 INFO tempest.lib.common.rest_client [req-5636612b-7f78-46ed-b239-fe08bdf26217 req-5636612b-7f78-46ed-b239-fe08bdf26217 ] Request (FloatingIPsNegativeTestJSON:tearDownClass): 204 DELETE http://10.180.1.21:9696/networking/v2.0/subnets/d444c3b8-0fe7-4e93-a63a-e1e09fd4508f 0.473s
2025-05-15 10:50:51.625 69723 INFO tempest.lib.common.rest_client [req-3c1a3b2a-8d18-4547-9ac9-95e5c7d537a9 req-3c1a3b2a-8d18-4547-9ac9-95e5c7d537a9 ] Request (ServerDiagnosticsTest:tearDownClass): 200 GET http://10.180.1.21/compute/v2.1/servers/9b9e992b-3f6a-4e56-8c9d-944507c869a6 3.789s
2025-05-15 10:50:51.650 69719 INFO tempest.lib.common.rest_client [req-75e5071f-efcb-4e35-bc52-dbe55a5f0821 req-75e5071f-efcb-4e35-bc52-dbe55a5f0821 ] Request (ServerGroup264TestJSON:setUpClass): 201 POST http://10.180.1.21:9696/networking/v2.0/networks 1.305s
2025-05-15 10:50:51.701 69771 INFO tempest.lib.common.rest_client [req-dea572cd-9823-48bf-96b2-bdc1285d49f8 req-dea572cd-9823-48bf-96b2-bdc1285d49f8 ] Request (MigrationsAdminTest:test_list_migrations_in_flavor_resize_situation): 200 GET http://10.180.1.21/compute/v2.1/servers/2068b009-a493-4a97-adb2-bf90e6d71c12 3.873s
2025-05-15 10:50:51.704 69737 INFO tempest.lib.common.rest_client [req-9a5fb59f-3a76-44d3-9299-9c147708178b req-9a5fb59f-3a76-44d3-9299-9c147708178b ] Request (HypervisorAdminV228Test:tearDownClass): 200 GET http://10.180.1.21:9696/networking/v2.0/security-groups?tenant_id=e5c930cee29c4c8ba698cbdb8a58e406&name=default 0.511s
2025-05-15 10:50:51.712 69771 INFO tempest.common.waiters [-] State transition "BUILD/spawning" ==> "ACTIVE/None" after 26 second wait
2025-05-15 10:50:51.783 69775 INFO tempest.lib.common.rest_client [req-cc49603e-7ca5-49fd-ac66-4bd758a6e533 req-cc49603e-7ca5-49fd-ac66-4bd758a6e533 ] Request (ListImagesTestJSON:test_get_image): 200 GET http://10.180.1.21/compute/v2.1/images/080cf791-deb9-45e0-96cd-252fc7c4f56a 3.845s
2025-05-15 10:50:51.852 69729 INFO tempest.lib.common.rest_client [req-bac35e0e-3f51-4664-86a5-933795f5286d req-bac35e0e-3f51-4664-86a5-933795f5286d ] Request (FloatingIPsNegativeTestJSON:tearDownClass): 204 DELETE http://10.180.1.21:9696/networking/v2.0/networks/06ef520f-e070-47fd-b692-fbffc1686b74 0.260s
2025-05-15 10:50:51.888 69762 INFO tempest.lib.common.rest_client [req-00fef0a0-9446-4265-a4c0-7825b19ea44b req-00fef0a0-9446-4265-a4c0-7825b19ea44b ] Request (SecurityGroupRulesNegativeTestJSON:test_create_security_group_rule_duplicate): 400 POST http://10.180.1.21/compute/v2.1/os-security-group-rules 3.546s
2025-05-15 10:50:52.024 69729 INFO tempest.lib.common.rest_client [req-0f6f6d9c-4d00-49eb-b25d-18b44076c230 req-0f6f6d9c-4d00-49eb-b25d-18b44076c230 ] Request (FloatingIPsNegativeTestJSON:tearDownClass): 204 DELETE http://10.180.1.21/identity/v3/users/e96502ed4f6c40cdb9c5aa0ad39dacda 0.172s
2025-05-15 10:50:52.024 69729 INFO tempest.lib.common.dynamic_creds [-] Deleting project and security group for project: 1e760bc75f624e84b93fc78f351601d5
2025-05-15 10:50:52.068 69729 INFO tempest.lib.common.rest_client [req-3a89fc8a-b086-4754-afa8-f0d08499b238 req-3a89fc8a-b086-4754-afa8-f0d08499b238 ] Request (FloatingIPsNegativeTestJSON:tearDownClass): 200 GET http://10.180.1.21:9696/networking/v2.0/security-groups?tenant_id=1e760bc75f624e84b93fc78f351601d5&name=default 0.044s
2025-05-15 10:50:52.120 69737 INFO tempest.lib.common.rest_client [req-f3f1fc89-7ac0-4c60-8976-2b168670fdc7 req-f3f1fc89-7ac0-4c60-8976-2b168670fdc7 ] Request (HypervisorAdminV228Test:tearDownClass): 204 DELETE http://10.180.1.21:9696/networking/v2.0/security-groups/135791dd-5462-424a-b3ca-bd5438c04a2d 0.416s
2025-05-15 10:50:52.189 69729 INFO tempest.lib.common.rest_client [req-442d0436-c54f-4962-aa42-49a0486ef9bb req-442d0436-c54f-4962-aa42-49a0486ef9bb ] Request (FloatingIPsNegativeTestJSON:tearDownClass): 204 DELETE http://10.180.1.21:9696/networking/v2.0/security-groups/0a23750b-10b1-487e-8c75-aa80de78dafe 0.120s
2025-05-15 10:50:52.199 69725 INFO tempest.lib.common.rest_client [req-7e7ff7e8-c767-4813-a03d-4d17d448d96f req-7e7ff7e8-c767-4813-a03d-4d17d448d96f ] Request (DeleteServersAdminTestJSON:test_admin_delete_servers_of_others): 200 GET http://10.180.1.21/compute/v2.1/servers/3b6c310f-7ba1-448c-9989-5c1cd63cdeb1 4.117s
2025-05-15 10:50:52.214 69725 INFO tempest.common.waiters [-] State transition "BUILD/spawning" ==> "ACTIVE/None" after 27 second wait
2025-05-15 10:50:52.215 69727 INFO tempest.lib.common.rest_client [req-22266930-bf89-432f-adff-3712b2589206 req-22266930-bf89-432f-adff-3712b2589206 ] Request (ServersWithSpecificFlavorTestJSON:test_verify_created_server_ephemeral_disk): 200 GET http://10.180.1.21/compute/v2.1/servers/df8e3dea-2e1c-47bc-87e5-2e6419e88b93 3.763s
2025-05-15 10:50:52.227 69727 INFO tempest.common.waiters [-] State transition "BUILD/block_device_mapping" ==> "BUILD/spawning" after 14 second wait
2025-05-15 10:50:52.320 69737 INFO tempest.lib.common.rest_client [req-e24e10a3-58d8-4d01-9f96-685a29c56870 req-e24e10a3-58d8-4d01-9f96-685a29c56870 ] Request (HypervisorAdminV228Test:tearDownClass): 204 DELETE http://10.180.1.21/identity/v3/projects/e5c930cee29c4c8ba698cbdb8a58e406 0.199s
2025-05-15 10:50:52.352 69779 INFO tempest.lib.common.rest_client [req-a29d6218-6989-489f-ae7a-4c324d08284d req-a29d6218-6989-489f-ae7a-4c324d08284d ] Request (ServersAdminNegativeTestJSON:setUpClass): 200 GET http://10.180.1.21/compute/v2.1/servers/fe5818f2-9edf-41b1-84e0-2e6c1e5a78cb 3.263s
2025-05-15 10:50:52.360 69737 INFO tempest.lib.common.rest_client [req-5f218562-8c48-4cf0-b8df-29545ed68cd8 req-5f218562-8c48-4cf0-b8df-29545ed68cd8 ] Request (TenantUsagesTestJSON:setUpClass): 201 POST http://10.180.1.21/identity/v3/auth/tokens 0.038s
2025-05-15 10:50:52.409 69729 INFO tempest.lib.common.rest_client [req-0da564ad-b6e8-4ed9-9100-998b5e37dc1b req-0da564ad-b6e8-4ed9-9100-998b5e37dc1b ] Request (FloatingIPsNegativeTestJSON:tearDownClass): 204 DELETE http://10.180.1.21/identity/v3/projects/1e760bc75f624e84b93fc78f351601d5 0.219s
2025-05-15 10:50:52.476 69737 INFO tempest.lib.common.rest_client [req-bfc5f080-027d-4d80-8367-133261c20e72 req-bfc5f080-027d-4d80-8367-133261c20e72 ] Request (TenantUsagesTestJSON:setUpClass): 201 POST http://10.180.1.21/identity/v3/auth/tokens 0.113s
2025-05-15 10:50:52.484 69729 INFO tempest.lib.common.rest_client [req-460575d0-c781-43ac-a58a-ebe3ccf1b3ea req-460575d0-c781-43ac-a58a-ebe3ccf1b3ea ] Request (AbsoluteLimitsNegativeTestJSON:setUpClass): 201 POST http://10.180.1.21/identity/v3/auth/tokens 0.073s
2025-05-15 10:50:52.507 69737 INFO tempest.lib.common.rest_client [req-b31830e3-7096-442f-b2c0-2188f97dd1a2 req-b31830e3-7096-442f-b2c0-2188f97dd1a2 ] Request (TenantUsagesTestJSON:setUpClass): 200 GET http://10.180.1.21/identity/v3/domains?name=Default 0.030s
2025-05-15 10:50:52.513 69765 INFO tempest.lib.common.rest_client [req-361b54bf-6669-4def-a6c0-b57248b9e94e req-361b54bf-6669-4def-a6c0-b57248b9e94e ] Request (InstanceActionsNegativeTestJSON:setUpClass): 200 GET http://10.180.1.21/compute/v2.1/servers/da2b0704-38ab-47ef-855f-0df5ee7fcbae 3.981s
2025-05-15 10:50:52.521 69729 INFO tempest.lib.common.rest_client [req-cf1674e8-43aa-4eee-827a-c225ba5bc103 req-cf1674e8-43aa-4eee-827a-c225ba5bc103 ] Request (AbsoluteLimitsNegativeTestJSON:setUpClass): 201 POST http://10.180.1.21/identity/v3/auth/tokens 0.034s
2025-05-15 10:50:52.524 69765 INFO tempest.common.waiters [-] State transition "BUILD/None" ==> "BUILD/spawning" after 11 second wait
2025-05-15 10:50:52.534 69719 INFO tempest.lib.common.rest_client [req-1d5fbe24-b2be-42d8-8805-aa1f5987b524 req-1d5fbe24-b2be-42d8-8805-aa1f5987b524 ] Request (ServerGroup264TestJSON:setUpClass): 201 POST http://10.180.1.21:9696/networking/v2.0/subnets 0.883s
2025-05-15 10:50:52.564 69737 INFO tempest.lib.common.rest_client [req-d33f3b14-2fb4-4835-8528-4381a1157600 req-d33f3b14-2fb4-4835-8528-4381a1157600 ] Request (TenantUsagesTestJSON:setUpClass): 201 POST http://10.180.1.21/identity/v3/projects 0.056s
2025-05-15 10:50:52.568 69729 INFO tempest.lib.common.rest_client [req-69d6af98-bd9f-442e-a205-e703fa82666e req-69d6af98-bd9f-442e-a205-e703fa82666e ] Request (AbsoluteLimitsNegativeTestJSON:setUpClass): 200 GET http://10.180.1.21/identity/v3/domains?name=Default 0.046s
2025-05-15 10:50:52.621 69747 INFO tempest.lib.common.rest_client [req-32e76cbd-ab56-410d-a8e3-05b212278d98 req-32e76cbd-ab56-410d-a8e3-05b212278d98 ] Request (ServersAdmin275Test:test_rebuild_update_server_275): 200 GET http://10.180.1.21/compute/v2.1/servers/9dd18afb-5a25-48e4-9250-fe7122031a6c 3.001s
2025-05-15 10:50:52.645 69751 INFO tempest.lib.common.rest_client [req-018e24d8-265a-415a-b545-fd773f327c77 req-018e24d8-265a-415a-b545-fd773f327c77 ] Request (FlavorsAdminTestJSON:test_create_list_flavor_without_extra_data): 200 GET http://10.180.1.21/compute/v2.1/flavors/341823151 2.949s
2025-05-15 10:50:52.681 69773 INFO tempest.lib.common.rest_client [req-e76e7809-f2f2-475e-a581-63b7dc4e2ecc req-e76e7809-f2f2-475e-a581-63b7dc4e2ecc ] Request (ImagesMetadataTestJSON:setUp): 200 PUT http://10.180.1.21/compute/v2.1/images/43781f9c-6137-4922-bd94-509de4676181/metadata 3.109s
2025-05-15 10:50:52.692 69729 INFO tempest.lib.common.rest_client [req-5618795f-5917-4ee5-af84-0660371c53f5 req-5618795f-5917-4ee5-af84-0660371c53f5 ] Request (AbsoluteLimitsNegativeTestJSON:setUpClass): 201 POST http://10.180.1.21/identity/v3/projects 0.124s
2025-05-15 10:50:52.700 69737 INFO tempest.lib.common.rest_client [req-d1af27f6-95c5-4328-b534-89079abdc92a req-d1af27f6-95c5-4328-b534-89079abdc92a ] Request (TenantUsagesTestJSON:setUpClass): 201 POST http://10.180.1.21/identity/v3/users 0.135s
2025-05-15 10:50:52.777 69737 INFO tempest.lib.common.rest_client [req-c9609af2-0535-4f70-b18f-030b0d338287 req-c9609af2-0535-4f70-b18f-030b0d338287 ] Request (TenantUsagesTestJSON:setUpClass): 200 GET http://10.180.1.21/identity/v3/roles 0.076s
2025-05-15 10:50:52.784 69729 INFO tempest.lib.common.rest_client [req-1814e88a-bdb8-4643-9406-c2a4080a0bdb req-1814e88a-bdb8-4643-9406-c2a4080a0bdb ] Request (AbsoluteLimitsNegativeTestJSON:setUpClass): 201 POST http://10.180.1.21/identity/v3/users 0.091s
2025-05-15 10:50:52.808 69737 INFO tempest.lib.common.rest_client [req-b789421e-ef96-4911-ba0f-c94dffc440a5 req-b789421e-ef96-4911-ba0f-c94dffc440a5 ] Request (TenantUsagesTestJSON:setUpClass): 204 PUT http://10.180.1.21/identity/v3/projects/9176835eb43941d7ae728e3f145d02c8/users/83551681b76b4daa98e34c86a993f856/roles/41236fd1509e4bdabdfd0e21a01fa53b 0.031s
2025-05-15 10:50:52.808 69737 INFO tempest.lib.common.dynamic_creds [-] Dynamic test user 83551681b76b4daa98e34c86a993f856 is created with scope project and roles: ['member']
2025-05-15 10:50:52.809 69737 INFO tempest.lib.common.dynamic_creds [-] Acquired dynamic creds: credentials: Credentials: {'domain_id': 'default', 'domain_name': 'Default', 'username': 'tempest-TenantUsagesTestJSON-1297945936-project-member', 'project_domain_id': 'default', 'project_domain_name': 'Default', 'project_id': '9176835eb43941d7ae728e3f145d02c8', 'project_name': 'tempest-TenantUsagesTestJSON-1297945936', 'tenant_id': '9176835eb43941d7ae728e3f145d02c8', 'tenant_name': 'tempest-TenantUsagesTestJSON-1297945936', 'user_domain_id': 'default', 'user_domain_name': 'Default', 'user_id': '83551681b76b4daa98e34c86a993f856', 'system': None}, Network: None, Subnet: None, Router: None
2025-05-15 10:50:52.809 69737 INFO tempest.lib.common.dynamic_creds [-] Created isolated network resources for: credentials: Credentials: {'domain_id': 'default', 'domain_name': 'Default', 'username': 'tempest-TenantUsagesTestJSON-1297945936-project-member', 'project_domain_id': 'default', 'project_domain_name': 'Default', 'project_id': '9176835eb43941d7ae728e3f145d02c8', 'project_name': 'tempest-TenantUsagesTestJSON-1297945936', 'tenant_id': '9176835eb43941d7ae728e3f145d02c8', 'tenant_name': 'tempest-TenantUsagesTestJSON-1297945936', 'user_domain_id': 'default', 'user_domain_name': 'Default', 'user_id': '83551681b76b4daa98e34c86a993f856', 'system': None}, Network: None, Subnet: None, Router: None
2025-05-15 10:50:52.811 69729 INFO tempest.lib.common.rest_client [req-8e3edb7c-ed86-49b4-a6cb-ec4297e733c5 req-8e3edb7c-ed86-49b4-a6cb-ec4297e733c5 ] Request (AbsoluteLimitsNegativeTestJSON:setUpClass): 200 GET http://10.180.1.21/identity/v3/roles 0.026s
2025-05-15 10:50:52.886 69729 INFO tempest.lib.common.rest_client [req-3f142efe-10ad-4720-b889-27b2b4117bd0 req-3f142efe-10ad-4720-b889-27b2b4117bd0 ] Request (AbsoluteLimitsNegativeTestJSON:setUpClass): 204 PUT http://10.180.1.21/identity/v3/projects/dac9be703fac4ad79791a8fc63c88ffe/users/8fb90c720a03468e8c68439497204b19/roles/41236fd1509e4bdabdfd0e21a01fa53b 0.072s
2025-05-15 10:50:52.886 69729 INFO tempest.lib.common.dynamic_creds [-] Dynamic test user 8fb90c720a03468e8c68439497204b19 is created with scope project and roles: ['member']
2025-05-15 10:50:52.887 69729 INFO tempest.lib.common.dynamic_creds [-] Acquired dynamic creds: credentials: Credentials: {'domain_id': 'default', 'domain_name': 'Default', 'username': 'tempest-AbsoluteLimitsNegativeTestJSON-1984086662-project-member', 'project_domain_id': 'default', 'project_domain_name': 'Default', 'project_id': 'dac9be703fac4ad79791a8fc63c88ffe', 'project_name': 'tempest-AbsoluteLimitsNegativeTestJSON-1984086662', 'tenant_id': 'dac9be703fac4ad79791a8fc63c88ffe', 'tenant_name': 'tempest-AbsoluteLimitsNegativeTestJSON-1984086662', 'user_domain_id': 'default', 'user_domain_name': 'Default', 'user_id': '8fb90c720a03468e8c68439497204b19', 'system': None}, Network: None, Subnet: None, Router: None
2025-05-15 10:50:52.887 69729 INFO tempest.lib.common.dynamic_creds [-] Created isolated network resources for: credentials: Credentials: {'domain_id': 'default', 'domain_name': 'Default', 'username': 'tempest-AbsoluteLimitsNegativeTestJSON-1984086662-project-member', 'project_domain_id': 'default', 'project_domain_name': 'Default', 'project_id': 'dac9be703fac4ad79791a8fc63c88ffe', 'project_name': 'tempest-AbsoluteLimitsNegativeTestJSON-1984086662', 'tenant_id': 'dac9be703fac4ad79791a8fc63c88ffe', 'tenant_name': 'tempest-AbsoluteLimitsNegativeTestJSON-1984086662', 'user_domain_id': 'default', 'user_domain_name': 'Default', 'user_id': '8fb90c720a03468e8c68439497204b19', 'system': None}, Network: None, Subnet: None, Router: None
2025-05-15 10:50:52.934 69737 INFO tempest.lib.common.rest_client [req-a6ffa93b-b4a0-429d-b3a2-3145e101fda2 req-a6ffa93b-b4a0-429d-b3a2-3145e101fda2 ] Request (TenantUsagesTestJSON:setUpClass): 201 POST http://10.180.1.21/identity/v3/auth/tokens 0.120s
2025-05-15 10:50:52.961 69781 INFO tempest.lib.common.rest_client [req-b4e3df1a-4277-44e9-80fe-e833789472b2 req-b4e3df1a-4277-44e9-80fe-e833789472b2 ] Request (SecurityGroupsTestAdminJSON:test_list_security_groups_list_all_tenants_filter): 200 GET http://10.180.1.21/compute/v2.1/os-security-groups?all_tenants=true 2.606s
2025-05-15 10:50:52.983 69729 INFO tempest.lib.common.rest_client [req-6b39aa53-2425-4767-854c-32ad8ecd5f37 req-6b39aa53-2425-4767-854c-32ad8ecd5f37 ] Request (AbsoluteLimitsNegativeTestJSON:setUpClass): 201 POST http://10.180.1.21/identity/v3/auth/tokens 0.093s
2025-05-15 10:50:52.984 69753 INFO tempest.lib.common.rest_client [req-fd6d1c3e-63c4-4e63-a748-d4a89bcba50a req-fd6d1c3e-63c4-4e63-a748-d4a89bcba50a ] Request (ServerDiagnosticsNegativeTest:tearDownClass): 200 GET http://10.180.1.21/compute/v2.1/servers/8683cdab-4e16-49d4-b988-96e4eefb057d 3.160s
2025-05-15 10:50:53.037 69737 INFO tempest.lib.common.rest_client [req-b3b73e2b-b31e-43cd-a4bd-f4e57b71fb67 req-b3b73e2b-b31e-43cd-a4bd-f4e57b71fb67 ] Request (TenantUsagesTestJSON:setUpClass): 201 POST http://10.180.1.21/identity/v3/projects 0.102s
2025-05-15 10:50:53.114 69737 INFO tempest.lib.common.rest_client [req-cec69008-4290-4766-9ecd-e887d914d66a req-cec69008-4290-4766-9ecd-e887d914d66a ] Request (TenantUsagesTestJSON:setUpClass): 201 POST http://10.180.1.21/identity/v3/users 0.077s
2025-05-15 10:50:53.125 69749 INFO tempest.lib.common.rest_client [req-3112b128-e970-4e30-8821-55813e23bf67 req-3112b128-e970-4e30-8821-55813e23bf67 ] Request (ServersAdminTestJSON:setUpClass): 200 PUT http://10.180.1.21:9696/networking/v2.0/routers/f9ff3f02-eca6-472c-a049-3f9bfb5e528a/add_router_interface 1.739s
