2025-05-15 10:51:29.177 69762 INFO tempest.lib.common.rest_client [req-1b6ee0e0-4c35-4152-aae0-d4c98206077a req-1b6ee0e0-4c35-4152-aae0-d4c98206077a ] Request (SecurityGroupRulesNegativeTestJSON:tearDownClass): 204 DELETE http://10.180.1.21:9696/networking/v2.0/routers/531bc22f-113e-466f-8eb9-a2e5fb9e0696 0.675s
2025-05-15 10:51:29.178 69731 INFO tempest.lib.common.rest_client [req-cc22ce3e-06e0-4b93-bbef-af6b858d929c req-cc22ce3e-06e0-4b93-bbef-af6b858d929c ] Request (VolumesAdminNegativeTest:test_update_attached_volume_with_nonexistent_volume_in_body): 202 POST http://10.180.1.21/volume/v3/volumes 0.390s
2025-05-15 10:51:29.212 69737 INFO tempest.lib.common.rest_client [req-baa4e3f1-3664-41e8-b67e-47b531678b4e req-baa4e3f1-3664-41e8-b67e-47b531678b4e ] Request (TenantUsagesTestJSON:setUpClass): 200 GET http://10.180.1.21/compute/v2.1/servers/d9ae2163-ba21-47c0-9c10-d9cd35fb00f6 1.082s
2025-05-15 10:51:29.220 69731 INFO tempest.lib.common.rest_client [req-54084f63-24f4-49ef-aabf-39588d7ea38f req-54084f63-24f4-49ef-aabf-39588d7ea38f ] Request (VolumesAdminNegativeTest:test_update_attached_volume_with_nonexistent_volume_in_body): 200 GET http://10.180.1.21/volume/v3/volumes/e8d21958-c4ea-4753-acd0-8999ad26e2dc 0.031s
2025-05-15 10:51:29.404 69773 INFO tempest.lib.common.rest_client [req-9401ea01-f7d2-4bda-8ecd-d7ac5547768c req-9401ea01-f7d2-4bda-8ecd-d7ac5547768c ] Request (ServerActionsTestOtherA:setUpClass): 202 POST http://10.180.1.21/compute/v2.1/servers 1.609s
2025-05-15 10:51:29.452 69762 INFO tempest.lib.common.rest_client [req-2f79cc96-41e8-4c29-8ce2-f8f93016df2a req-2f79cc96-41e8-4c29-8ce2-f8f93016df2a ] Request (SecurityGroupRulesNegativeTestJSON:tearDownClass): 204 DELETE http://10.180.1.21:9696/networking/v2.0/subnets/b9da40ff-66cb-4d3c-95b2-75dbb6216bdc 0.275s
2025-05-15 10:51:29.469 69739 WARNING tempest.lib.common.ssh [-] Failed to establish authenticated ssh connection to cirros@10.180.180.167 ([Errno None] Unable to connect to port 22 on 10.180.180.167). Number attempts: 3. Retry after 4 seconds.: paramiko.ssh_exception.NoValidConnectionsError: [Errno None] Unable to connect to port 22 on 10.180.180.167
2025-05-15 10:51:29.670 69747 INFO tempest.lib.common.rest_client [req-f0c66a4e-0e47-419f-9216-897ec7a8fb19 req-f0c66a4e-0e47-419f-9216-897ec7a8fb19 ] Request (ServersAdmin275Test:tearDownClass): 200 GET http://10.180.1.21/compute/v2.1/servers/9dd18afb-5a25-48e4-9250-fe7122031a6c 1.411s
2025-05-15 10:51:29.745 69763 INFO tempest.lib.common.rest_client [req-8e2869b2-0118-463d-886f-6a02227b1713 req-8e2869b2-0118-463d-886f-6a02227b1713 ] Request (SecurityGroupRulesTestJSON:tearDownClass): 202 DELETE http://10.180.1.21/compute/v2.1/os-security-groups/47d22fb8-e358-44a9-bb0c-dc6313f03908 1.607s
2025-05-15 10:51:29.786 69779 INFO tempest.lib.common.rest_client [req-6a27d399-5d7b-4e6e-9538-1de98e861f5a req-6a27d399-5d7b-4e6e-9538-1de98e861f5a ] Request (ServersAdminNegativeTestJSON:test_migrate_server_invalid_state): 200 GET http://10.180.1.21/compute/v2.1/servers/d2e9732f-5ea0-4be9-8000-d78d5acd8961 1.429s
2025-05-15 10:51:29.816 69751 INFO tempest.lib.common.rest_client [req-4943ded0-050a-4b4f-b1ef-57b6c53611d6 req-4943ded0-050a-4b4f-b1ef-57b6c53611d6 ] Request (FlavorsAdminTestJSON:_run_cleanups): 200 GET http://10.180.1.21/compute/v2.1/flavors/detail 1.296s
2025-05-15 10:51:29.933 69762 INFO tempest.lib.common.rest_client [req-6b066d46-d2ec-44d6-9ff4-f50d21f1b044 req-6b066d46-d2ec-44d6-9ff4-f50d21f1b044 ] Request (SecurityGroupRulesNegativeTestJSON:tearDownClass): 204 DELETE http://10.180.1.21:9696/networking/v2.0/networks/48855b9c-93fc-4906-849c-1522bc4e42c7 0.480s
2025-05-15 10:51:29.940 69721 INFO tempest.lib.common.rest_client [req-63e19fe2-16b9-4a3c-b247-547d32143972 req-63e19fe2-16b9-4a3c-b247-547d32143972 ] Request (AttachInterfacesUnderV243Test:test_add_remove_fixed_ip): 200 GET http://10.180.1.21/compute/v2.1/servers/33b600eb-e4ee-4c29-a2a0-1c80991093ab 1.324s
2025-05-15 10:51:29.951 69757 INFO tempest.lib.common.rest_client [req-1381c09a-be62-4310-a235-e658749319a5 req-1381c09a-be62-4310-a235-e658749319a5 ] Request (KeyPairsNegativeTestJSON:test_create_keypair_invalid_name): 400 POST http://10.180.1.21/compute/v2.1/os-keypairs 1.466s
2025-05-15 10:51:29.952 69759 INFO tempest.lib.common.rest_client [req-ece57503-5585-4a88-b248-1b32739ce473 req-ece57503-5585-4a88-b248-1b32739ce473 ] Request (ImagesOneServerTestJSON:setUpClass): 201 POST http://10.180.1.21:9696/networking/v2.0/networks 1.120s
2025-05-15 10:51:29.989 69743 INFO tempest.lib.common.rest_client [req-6f6b8cfc-7b4d-4855-a525-b16d6e473e55 req-6f6b8cfc-7b4d-4855-a525-b16d6e473e55 ] Request (FloatingIPDetailsTestJSON:setUpClass): 200 PUT http://10.180.1.21:9696/networking/v2.0/routers/1bf81400-34cf-4c78-90a6-88066cd95eec/add_router_interface 3.324s
2025-05-15 10:51:29.989 69743 INFO tempest.lib.common.dynamic_creds [-] Created isolated network resources for: credentials: Credentials: {'domain_id': 'default', 'domain_name': 'Default', 'username': 'tempest-FloatingIPDetailsTestJSON-1215641446-project-member', 'project_domain_id': 'default', 'project_domain_name': 'Default', 'project_id': '1ebf7e8d75d54604831e19133b915eeb', 'project_name': 'tempest-FloatingIPDetailsTestJSON-1215641446', 'tenant_id': '1ebf7e8d75d54604831e19133b915eeb', 'tenant_name': 'tempest-FloatingIPDetailsTestJSON-1215641446', 'user_domain_id': 'default', 'user_domain_name': 'Default', 'user_id': '8510fd33fb374d59bc649f094c53b591', 'system': None}, Network: {'id': 'dc26ec4e-0b93-4fe3-89b1-7689e2809654', 'name': 'tempest-FloatingIPDetailsTestJSON-1836866507-network', 'tenant_id': '1ebf7e8d75d54604831e19133b915eeb', 'admin_state_up': True, 'mtu': 8950, 'status': 'ACTIVE', 'subnets': [], 'shared': False, 'project_id': '1ebf7e8d75d54604831e19133b915eeb', 'port_security_enabled': True, 'router:external': False, 'provider:network_type': 'vlan', 'provider:physical_network': 'default', 'provider:segmentation_id': 738, 'availability_zone_hints': [], 'availability_zones': [], 'ipv4_address_scope': None, 'ipv6_address_scope': None, 'description': '', 'tags': [], 'created_at': '2025-05-15T10:51:23Z', 'updated_at': '2025-05-15T10:51:23Z', 'revision_number': 1}, Subnet: {'id': '4da72984-25be-448d-8927-aab3f21152b8', 'name': 'tempest-FloatingIPDetailsTestJSON-1836866507-subnet', 'tenant_id': '1ebf7e8d75d54604831e19133b915eeb', 'network_id': 'dc26ec4e-0b93-4fe3-89b1-7689e2809654', 'ip_version': 4, 'subnetpool_id': None, 'enable_dhcp': True, 'ipv6_ra_mode': None, 'ipv6_address_mode': None, 'gateway_ip': '192.168.128.1', 'cidr': '192.168.128.0/28', 'allocation_pools': [{'start': '192.168.128.2', 'end': '192.168.128.14'}], 'host_routes': [], 'dns_nameservers': [], 'description': '', 'router:external': False, 'service_types': [], 'tags': [], 'created_at': '2025-05-15T10:51:23Z', 'updated_at': '2025-05-15T10:51:23Z', 'revision_number': 0, 'project_id': '1ebf7e8d75d54604831e19133b915eeb'}, Router: {'id': '1bf81400-34cf-4c78-90a6-88066cd95eec', 'name': 'tempest-FloatingIPDetailsTestJSON-1836866507-router', 'tenant_id': '1ebf7e8d75d54604831e19133b915eeb', 'admin_state_up': True, 'status': 'ACTIVE', 'external_gateway_info': {'network_id': 'dc67485c-e46f-4291-976b-fba1c9b6d1ff', 'external_fixed_ips': [{'subnet_id': 'a789b9ac-255a-4882-9ce1-7f8a26643120', 'ip_address': '10.180.180.203'}], 'enable_snat': True}, 'description': '', 'availability_zones': [], 'distributed': False, 'ha': False, 'availability_zone_hints': [], 'routes': [], 'flavor_id': None, 'tags': [], 'created_at': '2025-05-15T10:51:24Z', 'updated_at': '2025-05-15T10:51:25Z', 'revision_number': 2, 'project_id': '1ebf7e8d75d54604831e19133b915eeb'}
2025-05-15 10:51:30.035 69762 INFO tempest.lib.common.rest_client [req-c2ec967e-8fd4-4696-855e-8fdcbec043ae req-c2ec967e-8fd4-4696-855e-8fdcbec043ae ] Request (SecurityGroupRulesNegativeTestJSON:tearDownClass): 204 DELETE http://10.180.1.21/identity/v3/users/27ae9c053ff148b7b4ee560acd65d224 0.100s
2025-05-15 10:51:30.035 69762 INFO tempest.lib.common.dynamic_creds [-] Deleting project and security group for project: 4ac33b1400f140f1b9961c7c54aabe20
2025-05-15 10:51:30.045 69765 INFO tempest.lib.common.rest_client [req-4a473b49-e2bd-42b2-b1e5-01300389b4ca req-4a473b49-e2bd-42b2-b1e5-01300389b4ca ] Request (InstanceActionsNegativeTestJSON:tearDownClass): 200 GET http://10.180.1.21/compute/v2.1/servers/da2b0704-38ab-47ef-855f-0df5ee7fcbae 1.315s
2025-05-15 10:51:30.054 69775 INFO tempest.lib.common.rest_client [req-82872b8c-3c77-4450-9ca2-c071d3bdb306 req-82872b8c-3c77-4450-9ca2-c071d3bdb306 ] Request (AttachVolumeNegativeTest:test_attach_attached_volume_to_different_server): 200 GET http://10.180.1.21/compute/v2.1/servers/11028ce0-73e3-483a-bd01-62cfd5713954 1.280s
2025-05-15 10:51:30.089 69762 INFO tempest.lib.common.rest_client [req-e90f6bb1-039e-4f50-a0d6-23468fe1f29e req-e90f6bb1-039e-4f50-a0d6-23468fe1f29e ] Request (SecurityGroupRulesNegativeTestJSON:tearDownClass): 200 GET http://10.180.1.21:9696/networking/v2.0/security-groups?tenant_id=4ac33b1400f140f1b9961c7c54aabe20&name=default 0.053s
2025-05-15 10:51:30.096 69743 INFO tempest.lib.common.rest_client [req-fff3b45d-5a24-4b81-8701-b0ef0bd05d45 req-fff3b45d-5a24-4b81-8701-b0ef0bd05d45 ] Request (FloatingIPDetailsTestJSON:setUpClass): 201 POST http://10.180.1.21/identity/v3/auth/tokens 0.102s
2025-05-15 10:51:30.101 69745 INFO tempest.lib.common.rest_client [req-6ec0dc49-8092-4377-8d8e-7309eac20e99 req-6ec0dc49-8092-4377-8d8e-7309eac20e99 ] Request (ListImageFiltersTestJSON:setUpClass): 200 GET http://10.180.1.21/compute/v2.1/images/b9f3fd91-5347-4f59-8b9d-3896a93faf0c 1.229s
2025-05-15 10:51:30.121 69719 INFO tempest.lib.common.rest_client [req-7492eb7d-a791-4663-8257-d826ab55b70a req-7492eb7d-a791-4663-8257-d826ab55b70a ] Request (AttachVolumeShelveTestJSON:test_attach_volume_shelved_or_offload_server): 200 GET http://10.180.1.21/compute/v2.1/servers/8d8f09c7-5035-4ae0-92ea-3562432e6ceb 1.287s
2025-05-15 10:51:30.273 69731 INFO tempest.lib.common.rest_client [req-83295600-fbcf-4f28-a4a8-0ea73db7b222 req-83295600-fbcf-4f28-a4a8-0ea73db7b222 ] Request (VolumesAdminNegativeTest:test_update_attached_volume_with_nonexistent_volume_in_body): 200 GET http://10.180.1.21/volume/v3/volumes/e8d21958-c4ea-4753-acd0-8999ad26e2dc 0.040s
2025-05-15 10:51:30.275 69735 INFO tempest.lib.common.rest_client [req-5a76cfb1-d941-4667-89a9-a35c0f868401 req-5a76cfb1-d941-4667-89a9-a35c0f868401 ] Request (ServersTestManualDisk:setUpClass): 200 GET http://10.180.1.21/compute/v2.1/servers/6f6bf764-5ab6-454b-b0b2-b9c0a213e60c 1.176s
2025-05-15 10:51:30.289 69731 INFO tempest.common.waiters [-] volume e8d21958-c4ea-4753-acd0-8999ad26e2dc reached available after waiting for 1.289321 seconds
2025-05-15 10:51:30.295 69771 INFO tempest.lib.common.rest_client [req-0f67d2ff-27b8-4728-a8ec-5e14b9786795 req-0f67d2ff-27b8-4728-a8ec-5e14b9786795 ] Request (MigrationsAdminTest:test_list_migrations_in_flavor_resize_situation): 200 GET http://10.180.1.21/compute/v2.1/servers/2068b009-a493-4a97-adb2-bf90e6d71c12 1.157s
2025-05-15 10:51:30.305 69762 INFO tempest.lib.common.rest_client [req-1f14fc6a-dcee-40ad-8224-cb087a53af76 req-1f14fc6a-dcee-40ad-8224-cb087a53af76 ] Request (SecurityGroupRulesNegativeTestJSON:tearDownClass): 204 DELETE http://10.180.1.21:9696/networking/v2.0/security-groups/add87acd-553d-474a-a1ca-c81d581f05ae 0.215s
2025-05-15 10:51:30.354 69759 INFO tempest.lib.common.rest_client [req-7f083711-53cf-4335-b872-34fb5c35133a req-7f083711-53cf-4335-b872-34fb5c35133a ] Request (ImagesOneServerTestJSON:setUpClass): 201 POST http://10.180.1.21:9696/networking/v2.0/subnets 0.401s
2025-05-15 10:51:30.368 69733 INFO tempest.lib.common.rest_client [req-a7773aa1-0d05-4d30-9c4f-53bd7f3d6add req-a7773aa1-0d05-4d30-9c4f-53bd7f3d6add ] Request (ListServersNegativeTestJSON:setUpClass): 200 GET http://10.180.1.21/compute/v2.1/servers/49ebd426-a2d8-4a16-a648-d672641add81 1.118s
2025-05-15 10:51:30.398 69725 INFO tempest.lib.common.rest_client [req-c80433ba-d45c-4944-b7ae-34e1b4036df5 req-c80433ba-d45c-4944-b7ae-34e1b4036df5 ] Request (DeleteServersAdminTestJSON:test_delete_server_while_in_error_state): 200 GET http://10.180.1.21/compute/v2.1/servers/2be94567-64bc-4a1e-94c1-dd58c8c44d87 1.131s
2025-05-15 10:51:30.428 69753 INFO tempest.lib.common.rest_client [req-0881937e-ebaa-46d4-894b-55edcbcc1c6e req-0881937e-ebaa-46d4-894b-55edcbcc1c6e ] Request (SecurityGroupsTestJSON:test_list_security_groups_by_server): 200 GET http://10.180.1.21/compute/v2.1/servers/78876af3-91f0-4cdf-bdde-39b4519e54bc 1.096s
2025-05-15 10:51:30.472 69773 INFO tempest.lib.common.rest_client [req-65a6272a-6bdc-4b97-ac2d-3ff144c0e1ea req-65a6272a-6bdc-4b97-ac2d-3ff144c0e1ea ] Request (ServerActionsTestOtherA:setUpClass): 200 GET http://10.180.1.21/compute/v2.1/servers/57172c5b-44e2-4828-a73c-9a2657864eb9 1.066s
2025-05-15 10:51:30.475 69762 INFO tempest.lib.common.rest_client [req-6878c2c1-b4d3-4311-963d-646e39a6165a req-6878c2c1-b4d3-4311-963d-646e39a6165a ] Request (SecurityGroupRulesNegativeTestJSON:tearDownClass): 204 DELETE http://10.180.1.21/identity/v3/projects/4ac33b1400f140f1b9961c7c54aabe20 0.170s
2025-05-15 10:51:30.543 69762 INFO tempest.lib.common.rest_client [req-faece12e-d9c5-4292-ae84-38d98000a861 req-faece12e-d9c5-4292-ae84-38d98000a861 ] Request (ServersTestMultiNic:setUpClass): 201 POST http://10.180.1.21/identity/v3/auth/tokens 0.066s
2025-05-15 10:51:30.582 69762 INFO tempest.lib.common.rest_client [req-395bafbe-9f6a-4496-b213-bae58a0ce25f req-395bafbe-9f6a-4496-b213-bae58a0ce25f ] Request (ServersTestMultiNic:setUpClass): 201 POST http://10.180.1.21/identity/v3/auth/tokens 0.036s
2025-05-15 10:51:30.610 69762 INFO tempest.lib.common.rest_client [req-be5f3551-03cd-465e-adf4-662294b2e0c4 req-be5f3551-03cd-465e-adf4-662294b2e0c4 ] Request (ServersTestMultiNic:setUpClass): 200 GET http://10.180.1.21/identity/v3/domains?name=Default 0.028s
2025-05-15 10:51:30.652 69762 INFO tempest.lib.common.rest_client [req-72ddb666-95be-4f17-ab67-5df1635ebd1e req-72ddb666-95be-4f17-ab67-5df1635ebd1e ] Request (ServersTestMultiNic:setUpClass): 201 POST http://10.180.1.21/identity/v3/projects 0.041s
2025-05-15 10:51:30.673 69749 INFO tempest.lib.common.rest_client [req-83b52569-c126-4b1f-a15d-c913a95e300d req-83b52569-c126-4b1f-a15d-c913a95e300d ] Request (ServersAdminTestJSON:setUpClass): 200 GET http://10.180.1.21/compute/v2.1/servers/a69aa834-a200-486e-9922-61018ae10f90 1.178s
2025-05-15 10:51:30.726 69755 INFO tempest.lib.common.rest_client [req-3ee2a3cc-ea22-41e1-a0d5-7ddc64be1e8f req-3ee2a3cc-ea22-41e1-a0d5-7ddc64be1e8f ] Request (ServersV294TestFqdnHostnames:setUpClass): 200 GET http://10.180.1.21/compute/v2.1/servers/57397a3c-2115-461c-93fe-0f8baf4484af 1.305s
2025-05-15 10:51:30.739 69755 INFO tempest.common.waiters [-] State transition "BUILD/None" ==> "BUILD/spawning" after 24 second wait
2025-05-15 10:51:30.750 69762 INFO tempest.lib.common.rest_client [req-8d0b7bb0-e40a-4b89-9edc-ca9146ad188f req-8d0b7bb0-e40a-4b89-9edc-ca9146ad188f ] Request (ServersTestMultiNic:setUpClass): 201 POST http://10.180.1.21/identity/v3/users 0.097s
2025-05-15 10:51:30.752 69770 WARNING tempest.lib.common.ssh [-] Failed to establish authenticated ssh connection to cirros@10.180.180.217 ([Errno None] Unable to connect to port 22 on 10.180.180.217). Number attempts: 1. Retry after 2 seconds.: paramiko.ssh_exception.NoValidConnectionsError: [Errno None] Unable to connect to port 22 on 10.180.180.217
2025-05-15 10:51:30.763 69781 INFO tempest.lib.common.rest_client [req-0fdb5ad1-4599-40bb-b222-2e75f3bf1784 req-0fdb5ad1-4599-40bb-b222-2e75f3bf1784 ] Request (FloatingIPsAssociationTestJSON:setUpClass): 200 GET http://10.180.1.21/compute/v2.1/servers/97eda364-701c-4a37-b3b8-9e399dad5fd5 1.121s
2025-05-15 10:51:30.794 69762 INFO tempest.lib.common.rest_client [req-0b6aa627-10b9-4088-8554-4e234460b3ad req-0b6aa627-10b9-4088-8554-4e234460b3ad ] Request (ServersTestMultiNic:setUpClass): 200 GET http://10.180.1.21/identity/v3/roles 0.044s
2025-05-15 10:51:30.838 69762 INFO tempest.lib.common.rest_client [req-e95058a7-718f-448e-aa6a-ace1c39a1ef8 req-e95058a7-718f-448e-aa6a-ace1c39a1ef8 ] Request (ServersTestMultiNic:setUpClass): 204 PUT http://10.180.1.21/identity/v3/projects/7cf0035dbf0740158086e393174a0e56/users/84419c93c15a404baa80ab2b3f1f37ce/roles/41236fd1509e4bdabdfd0e21a01fa53b 0.043s
2025-05-15 10:51:30.838 69762 INFO tempest.lib.common.dynamic_creds [-] Dynamic test user 84419c93c15a404baa80ab2b3f1f37ce is created with scope project and roles: ['member']
2025-05-15 10:51:30.838 69762 INFO tempest.lib.common.dynamic_creds [-] Acquired dynamic creds: credentials: Credentials: {'domain_id': 'default', 'domain_name': 'Default', 'username': 'tempest-ServersTestMultiNic-935857896-project-member', 'project_domain_id': 'default', 'project_domain_name': 'Default', 'project_id': '7cf0035dbf0740158086e393174a0e56', 'project_name': 'tempest-ServersTestMultiNic-935857896', 'tenant_id': '7cf0035dbf0740158086e393174a0e56', 'tenant_name': 'tempest-ServersTestMultiNic-935857896', 'user_domain_id': 'default', 'user_domain_name': 'Default', 'user_id': '84419c93c15a404baa80ab2b3f1f37ce', 'system': None}, Network: None, Subnet: None, Router: None
2025-05-15 10:51:30.858 69723 INFO tempest.lib.common.rest_client [req-3478247b-f0df-41a0-b19d-9af43a44c63f req-3478247b-f0df-41a0-b19d-9af43a44c63f ] Request (ServerRescueTestJSONUnderV235:setUpClass): 200 GET http://10.180.1.21/compute/v2.1/servers/a1468a4f-6462-4943-af0e-dd01f8846ce7 1.083s
2025-05-15 10:51:30.882 69751 INFO tempest.lib.common.rest_client [req-ec1f41a2-6dd7-4772-9c5e-2d81ec424de2 req-ec1f41a2-6dd7-4772-9c5e-2d81ec424de2 ] Request (FlavorsAdminTestJSON:test_list_non_public_flavor): 200 POST http://10.180.1.21/compute/v2.1/flavors 1.058s
2025-05-15 10:51:30.926 69762 INFO tempest.lib.common.rest_client [req-73414d34-107d-4f27-b891-43f3179dabc8 req-73414d34-107d-4f27-b891-43f3179dabc8 ] Request (ServersTestMultiNic:setUpClass): 201 POST http://10.180.1.21/identity/v3/auth/tokens 0.087s
2025-05-15 10:51:30.954 69777 INFO tempest.lib.common.rest_client [req-dd9d17f9-271d-4841-aa87-e7f45b0d80f2 req-dd9d17f9-271d-4841-aa87-e7f45b0d80f2 ] Request (ServerExternalEventsTest:test_create_server_external_events): 200 GET http://10.180.1.21/compute/v2.1/servers/5df06110-ddc7-4d82-a9f0-c4fac929060b 1.048s
2025-05-15 10:51:30.984 69763 INFO tempest.lib.common.rest_client [req-983d81da-3721-4ec0-9733-55022e88ff70 req-983d81da-3721-4ec0-9733-55022e88ff70 ] Request (SecurityGroupRulesTestJSON:tearDownClass): 202 DELETE http://10.180.1.21/compute/v2.1/os-security-groups/5e9b93e3-967c-4c7f-b27a-9dfc87be522e 1.239s
2025-05-15 10:51:31.002 69757 INFO tempest.lib.common.rest_client [req-385ceecd-aee0-4bba-b6d8-9757641b133e req-385ceecd-aee0-4bba-b6d8-9757641b133e ] Request (KeyPairsNegativeTestJSON:test_create_keypair_when_public_key_bits_exceeds_maximum): 400 POST http://10.180.1.21/compute/v2.1/os-keypairs 1.045s
2025-05-15 10:51:31.240 69762 INFO tempest.lib.common.rest_client [req-1f685a43-9fd9-434a-8e9a-9f07bd5805df req-1f685a43-9fd9-434a-8e9a-9f07bd5805df ] Request (ServersTestMultiNic:setUpClass): 201 POST http://10.180.1.21:9696/networking/v2.0/networks 0.314s
2025-05-15 10:51:31.258 69737 INFO tempest.lib.common.rest_client [req-2b103808-3e0f-4f69-8876-cb8df21642c5 req-2b103808-3e0f-4f69-8876-cb8df21642c5 ] Request (TenantUsagesTestJSON:setUpClass): 200 GET http://10.180.1.21/compute/v2.1/servers/d9ae2163-ba21-47c0-9c10-d9cd35fb00f6 1.033s
2025-05-15 10:51:31.266 69737 INFO tempest.common.waiters [-] State transition "BUILD/spawning" ==> "ACTIVE/None" after 33 second wait
2025-05-15 10:51:31.403 69762 INFO tempest.lib.common.rest_client [req-6f52981b-71fa-4502-ae53-5c00df840966 req-6f52981b-71fa-4502-ae53-5c00df840966 ] Request (ServersTestMultiNic:setUpClass): 201 POST http://10.180.1.21:9696/networking/v2.0/subnets 0.162s
2025-05-15 10:51:32.029 69727 WARNING tempest.lib.common.ssh [-] Failed to establish authenticated ssh connection to cirros@10.180.180.200 ([Errno None] Unable to connect to port 22 on 10.180.180.200). Number attempts: 4. Retry after 5 seconds.: paramiko.ssh_exception.NoValidConnectionsError: [Errno None] Unable to connect to port 22 on 10.180.180.200
2025-05-15 10:51:32.102 69759 INFO tempest.lib.common.rest_client [req-66a4e5e9-57b3-4010-a623-acf0a48c47d2 req-66a4e5e9-57b3-4010-a623-acf0a48c47d2 ] Request (ImagesOneServerTestJSON:setUpClass): 201 POST http://10.180.1.21:9696/networking/v2.0/routers 1.748s
2025-05-15 10:51:32.669 69741 WARNING tempest.lib.common.ssh [-] Failed to establish authenticated ssh connection to cirros@10.180.180.206 ([Errno None] Unable to connect to port 22 on 10.180.180.206). Number attempts: 4. Retry after 5 seconds.: paramiko.ssh_exception.NoValidConnectionsError: [Errno None] Unable to connect to port 22 on 10.180.180.206
2025-05-15 10:51:32.669 69767 WARNING tempest.lib.common.ssh [-] Failed to establish authenticated ssh connection to cirros@10.180.180.147 ([Errno None] Unable to connect to port 22 on 10.180.180.147). Number attempts: 5. Retry after 6 seconds.: paramiko.ssh_exception.NoValidConnectionsError: [Errno None] Unable to connect to port 22 on 10.180.180.147
2025-05-15 10:51:32.757 69743 INFO tempest.lib.common.rest_client [req-3d254749-0c22-4c22-9e3b-05cf3f8a4871 req-3d254749-0c22-4c22-9e3b-05cf3f8a4871 ] Request (FloatingIPDetailsTestJSON:setUpClass): 200 POST http://10.180.1.21/compute/v2.1/os-floating-ips 2.659s
2025-05-15 10:51:32.866 69747 INFO tempest.lib.common.rest_client [req-af8a2517-78be-44ed-ba11-3147a67d9d03 req-af8a2517-78be-44ed-ba11-3147a67d9d03 ] Request (ServersAdmin275Test:tearDownClass): 200 GET http://10.180.1.21/compute/v2.1/servers/9dd18afb-5a25-48e4-9250-fe7122031a6c 2.181s
2025-05-15 10:51:32.947 69779 INFO tempest.lib.common.rest_client [req-b1ca9d70-dc30-4c43-8c4e-fc415598e19f req-b1ca9d70-dc30-4c43-8c4e-fc415598e19f ] Request (ServersAdminNegativeTestJSON:test_migrate_server_invalid_state): 200 GET http://10.180.1.21/compute/v2.1/servers/d2e9732f-5ea0-4be9-8000-d78d5acd8961 2.149s
2025-05-15 10:51:32.958 69731 INFO tempest.lib.common.rest_client [req-f1b32af5-33e5-4d33-aa3d-a994eeaf54b9 req-f1b32af5-33e5-4d33-aa3d-a994eeaf54b9 ] Request (VolumesAdminNegativeTest:test_update_attached_volume_with_nonexistent_volume_in_body): 200 POST http://10.180.1.21/compute/v2.1/servers/f7e38fa3-14c9-44a8-9234-45abec23187c/os-volume_attachments 2.667s
2025-05-15 10:51:32.973 69759 INFO tempest.lib.common.rest_client [req-e9020966-56e1-4732-ba4d-cbca13ff45f0 req-e9020966-56e1-4732-ba4d-cbca13ff45f0 ] Request (ImagesOneServerTestJSON:setUpClass): 200 PUT http://10.180.1.21:9696/networking/v2.0/routers/af5a5704-4837-403b-bef5-fd18fec0b396/add_router_interface 0.871s
2025-05-15 10:51:32.974 69759 INFO tempest.lib.common.dynamic_creds [-] Created isolated network resources for: credentials: Credentials: {'domain_id': 'default', 'domain_name': 'Default', 'username': 'tempest-ImagesOneServerTestJSON-612662026-project-member', 'project_domain_id': 'default', 'project_domain_name': 'Default', 'project_id': '39e24d958a7e4044b92bf29ce18b1355', 'project_name': 'tempest-ImagesOneServerTestJSON-612662026', 'tenant_id': '39e24d958a7e4044b92bf29ce18b1355', 'tenant_name': 'tempest-ImagesOneServerTestJSON-612662026', 'user_domain_id': 'default', 'user_domain_name': 'Default', 'user_id': '4b47ffeaf52f4d30adc84ffa459d87d5', 'system': None}, Network: {'id': 'e02c5c76-6c9f-4a84-8b32-760e8f61fdeb', 'name': 'tempest-ImagesOneServerTestJSON-627771084-network', 'tenant_id': '39e24d958a7e4044b92bf29ce18b1355', 'admin_state_up': True, 'mtu': 8950, 'status': 'ACTIVE', 'subnets': [], 'shared': False, 'project_id': '39e24d958a7e4044b92bf29ce18b1355', 'port_security_enabled': True, 'router:external': False, 'provider:network_type': 'vlan', 'provider:physical_network': 'default', 'provider:segmentation_id': 65, 'availability_zone_hints': [], 'availability_zones': [], 'ipv4_address_scope': None, 'ipv6_address_scope': None, 'description': '', 'tags': [], 'created_at': '2025-05-15T10:51:29Z', 'updated_at': '2025-05-15T10:51:29Z', 'revision_number': 1}, Subnet: {'id': 'c9382f18-a0b7-479e-b73b-3de2aa208cd3', 'name': 'tempest-ImagesOneServerTestJSON-627771084-subnet', 'tenant_id': '39e24d958a7e4044b92bf29ce18b1355', 'network_id': 'e02c5c76-6c9f-4a84-8b32-760e8f61fdeb', 'ip_version': 4, 'subnetpool_id': None, 'enable_dhcp': True, 'ipv6_ra_mode': None, 'ipv6_address_mode': None, 'gateway_ip': '192.168.128.1', 'cidr': '192.168.128.0/28', 'allocation_pools': [{'start': '192.168.128.2', 'end': '192.168.128.14'}], 'host_routes': [], 'dns_nameservers': [], 'description': '', 'router:external': False, 'service_types': [], 'tags': [], 'created_at': '2025-05-15T10:51:30Z', 'updated_at': '2025-05-15T10:51:30Z', 'revision_number': 0, 'project_id': '39e24d958a7e4044b92bf29ce18b1355'}, Router: {'id': 'af5a5704-4837-403b-bef5-fd18fec0b396', 'name': 'tempest-ImagesOneServerTestJSON-627771084-router', 'tenant_id': '39e24d958a7e4044b92bf29ce18b1355', 'admin_state_up': True, 'status': 'ACTIVE', 'external_gateway_info': {'network_id': 'dc67485c-e46f-4291-976b-fba1c9b6d1ff', 'external_fixed_ips': [{'subnet_id': 'a789b9ac-255a-4882-9ce1-7f8a26643120', 'ip_address': '10.180.180.243'}], 'enable_snat': True}, 'description': '', 'availability_zones': [], 'distributed': False, 'ha': False, 'availability_zone_hints': [], 'routes': [], 'flavor_id': None, 'tags': [], 'created_at': '2025-05-15T10:51:30Z', 'updated_at': '2025-05-15T10:51:31Z', 'revision_number': 2, 'project_id': '39e24d958a7e4044b92bf29ce18b1355'}
2025-05-15 10:51:32.982 69751 INFO tempest.lib.common.rest_client [req-9fe671df-f41f-4f98-9280-36b510788367 req-9fe671df-f41f-4f98-9280-36b510788367 ] Request (FlavorsAdminTestJSON:test_list_non_public_flavor): 200 GET http://10.180.1.21/compute/v2.1/flavors/detail 2.092s
2025-05-15 10:51:33.011 69731 INFO tempest.lib.common.rest_client [req-a5d58235-286c-4014-ae31-c54bad16930e req-a5d58235-286c-4014-ae31-c54bad16930e ] Request (VolumesAdminNegativeTest:test_update_attached_volume_with_nonexistent_volume_in_body): 200 GET http://10.180.1.21/volume/v3/volumes/e8d21958-c4ea-4753-acd0-8999ad26e2dc 0.052s
2025-05-15 10:51:33.086 69721 INFO tempest.lib.common.rest_client [req-2f6d35fa-9331-4aed-b89a-866b68bcc9dc req-2f6d35fa-9331-4aed-b89a-866b68bcc9dc ] Request (AttachInterfacesUnderV243Test:test_add_remove_fixed_ip): 200 GET http://10.180.1.21/compute/v2.1/servers/33b600eb-e4ee-4c29-a2a0-1c80991093ab 2.133s
2025-05-15 10:51:33.107 69759 INFO tempest.lib.common.rest_client [req-41847d8e-f9fc-47d4-863a-44f09229acb3 req-41847d8e-f9fc-47d4-863a-44f09229acb3 ] Request (ImagesOneServerTestJSON:setUpClass): 201 POST http://10.180.1.21/identity/v3/auth/tokens 0.128s
2025-05-15 10:51:33.129 69757 INFO tempest.lib.common.rest_client [req-5b678d72-d263-4602-9e4f-41865c7e01a2 req-5b678d72-d263-4602-9e4f-41865c7e01a2 ] Request (KeyPairsNegativeTestJSON:test_create_keypair_with_duplicate_name): 200 POST http://10.180.1.21/compute/v2.1/os-keypairs 2.126s
2025-05-15 10:51:33.153 69759 INFO tempest.lib.common.rest_client [req-dcdf5fbf-10b6-4753-ba4e-1384a1c1ed08 req-dcdf5fbf-10b6-4753-ba4e-1384a1c1ed08 ] Request (ImagesOneServerTestJSON:setUpClass): 201 POST http://10.180.1.21/identity/v3/auth/tokens 0.040s
2025-05-15 10:51:33.153 69759 INFO tempest.lib.common.fixed_network [-] (ImagesOneServerTestJSON:setUpClass) Found network {'id': 'e02c5c76-6c9f-4a84-8b32-760e8f61fdeb', 'name': 'tempest-ImagesOneServerTestJSON-627771084-network', 'tenant_id': '39e24d958a7e4044b92bf29ce18b1355', 'admin_state_up': True, 'mtu': 8950, 'status': 'ACTIVE', 'subnets': [], 'shared': False, 'project_id': '39e24d958a7e4044b92bf29ce18b1355', 'port_security_enabled': True, 'router:external': False, 'provider:network_type': 'vlan', 'provider:physical_network': 'default', 'provider:segmentation_id': 65, 'availability_zone_hints': [], 'availability_zones': [], 'ipv4_address_scope': None, 'ipv6_address_scope': None, 'description': '', 'tags': [], 'created_at': '2025-05-15T10:51:29Z', 'updated_at': '2025-05-15T10:51:29Z', 'revision_number': 1} available for tenant
2025-05-15 10:51:33.219 69765 INFO tempest.lib.common.rest_client [req-9eb0f92d-7505-4b73-a7ee-518fff473aca req-9eb0f92d-7505-4b73-a7ee-518fff473aca ] Request (InstanceActionsNegativeTestJSON:tearDownClass): 200 GET http://10.180.1.21/compute/v2.1/servers/da2b0704-38ab-47ef-855f-0df5ee7fcbae 2.163s
2025-05-15 10:51:33.296 69763 INFO tempest.lib.common.rest_client [req-9bd2d395-82fe-4298-b54c-c45aa94cc4c9 req-9bd2d395-82fe-4298-b54c-c45aa94cc4c9 ] Request (SecurityGroupRulesTestJSON:tearDownClass): 202 DELETE http://10.180.1.21/compute/v2.1/os-security-groups/08d69f07-e8e6-41a1-a89f-8c4e169d2b46 2.311s
2025-05-15 10:51:33.299 69775 INFO tempest.lib.common.rest_client [req-9a8a5229-2b17-4b61-bdce-5b9d89f05655 req-9a8a5229-2b17-4b61-bdce-5b9d89f05655 ] Request (AttachVolumeNegativeTest:test_attach_attached_volume_to_different_server): 200 GET http://10.180.1.21/compute/v2.1/servers/11028ce0-73e3-483a-bd01-62cfd5713954 2.235s
2025-05-15 10:51:33.309 69775 INFO tempest.common.waiters [-] State transition "BUILD/None" ==> "BUILD/networking" after 21 second wait
2025-05-15 10:51:33.334 69745 INFO tempest.lib.common.rest_client [req-fca8196c-9526-4f4d-a6ab-f4d6e3d00b48 req-fca8196c-9526-4f4d-a6ab-f4d6e3d00b48 ] Request (ListImageFiltersTestJSON:setUpClass): 200 GET http://10.180.1.21/compute/v2.1/images/b9f3fd91-5347-4f59-8b9d-3896a93faf0c 2.226s
2025-05-15 10:51:33.375 69719 INFO tempest.lib.common.rest_client [req-e418ea1e-ae94-4d3b-914d-0bec825b1985 req-e418ea1e-ae94-4d3b-914d-0bec825b1985 ] Request (AttachVolumeShelveTestJSON:test_attach_volume_shelved_or_offload_server): 200 GET http://10.180.1.21/compute/v2.1/servers/8d8f09c7-5035-4ae0-92ea-3562432e6ceb 2.241s
2025-05-15 10:51:33.390 69762 INFO tempest.lib.common.rest_client [req-ec851673-7036-414a-9557-72be490b3b2b req-ec851673-7036-414a-9557-72be490b3b2b ] Request (ServersTestMultiNic:setUpClass): 201 POST http://10.180.1.21:9696/networking/v2.0/routers 1.986s
2025-05-15 10:51:33.456 69737 INFO tempest.lib.common.rest_client [req-4381f952-5a57-4b71-b8b2-ee7058484fc3 req-4381f952-5a57-4b71-b8b2-ee7058484fc3 ] Request (TenantUsagesTestJSON:test_get_usage_tenant): 200 GET http://10.180.1.21/compute/v2.1/os-simple-tenant-usage/9176835eb43941d7ae728e3f145d02c8?start=2025-05-14T10%3A51%3A31.266365&end=2025-05-16T10%3A51%3A31.266365 2.189s
2025-05-15 10:51:33.589 69735 INFO tempest.lib.common.rest_client [req-dc01641d-cfe6-4254-b73d-c1df62017459 req-dc01641d-cfe6-4254-b73d-c1df62017459 ] Request (ServersTestManualDisk:setUpClass): 200 GET http://10.180.1.21/compute/v2.1/servers/6f6bf764-5ab6-454b-b0b2-b9c0a213e60c 2.297s
2025-05-15 10:51:33.660 69733 INFO tempest.lib.common.rest_client [req-7c4b9812-c005-444e-921e-a5a95db9ed20 req-7c4b9812-c005-444e-921e-a5a95db9ed20 ] Request (ListServersNegativeTestJSON:setUpClass): 200 GET http://10.180.1.21/compute/v2.1/servers/49ebd426-a2d8-4a16-a648-d672641add81 2.282s
2025-05-15 10:51:33.693 69771 INFO tempest.lib.common.rest_client [req-c08e1c54-e6c7-4b5a-9a60-f4fbc4bfcb7a req-c08e1c54-e6c7-4b5a-9a60-f4fbc4bfcb7a ] Request (MigrationsAdminTest:test_list_migrations_in_flavor_resize_situation): 200 GET http://10.180.1.21/compute/v2.1/servers/2068b009-a493-4a97-adb2-bf90e6d71c12 2.379s
2025-05-15 10:51:33.707 69771 INFO tempest.common.waiters [-] State transition "RESIZE/resize_finish" ==> "VERIFY_RESIZE/None" after 36 second wait
2025-05-15 10:51:33.737 69725 INFO tempest.lib.common.rest_client [req-5b7b4553-1362-4a44-aac5-4f342f6c6006 req-5b7b4553-1362-4a44-aac5-4f342f6c6006 ] Request (DeleteServersAdminTestJSON:test_delete_server_while_in_error_state): 200 GET http://10.180.1.21/compute/v2.1/servers/2be94567-64bc-4a1e-94c1-dd58c8c44d87 2.323s
2025-05-15 10:51:33.804 69753 INFO tempest.lib.common.rest_client [req-66847aee-8bd3-4bc9-ad53-793b5011c0b9 req-66847aee-8bd3-4bc9-ad53-793b5011c0b9 ] Request (SecurityGroupsTestJSON:test_list_security_groups_by_server): 200 GET http://10.180.1.21/compute/v2.1/servers/78876af3-91f0-4cdf-bdde-39b4519e54bc 2.362s
2025-05-15 10:51:33.821 69770 WARNING tempest.lib.common.ssh [-] Failed to establish authenticated ssh connection to cirros@10.180.180.217 ([Errno None] Unable to connect to port 22 on 10.180.180.217). Number attempts: 2. Retry after 3 seconds.: paramiko.ssh_exception.NoValidConnectionsError: [Errno None] Unable to connect to port 22 on 10.180.180.217
2025-05-15 10:51:33.827 69773 INFO tempest.lib.common.rest_client [req-f4ed3b1b-d33e-4ddc-855a-357151308851 req-f4ed3b1b-d33e-4ddc-855a-357151308851 ] Request (ServerActionsTestOtherA:setUpClass): 200 GET http://10.180.1.21/compute/v2.1/servers/57172c5b-44e2-4828-a73c-9a2657864eb9 2.346s
2025-05-15 10:51:34.031 69755 INFO tempest.lib.common.rest_client [req-b3dd92c0-0b97-4f80-aec6-8e23f9ccdc67 req-b3dd92c0-0b97-4f80-aec6-8e23f9ccdc67 ] Request (ServersV294TestFqdnHostnames:setUpClass): 200 GET http://10.180.1.21/compute/v2.1/servers/57397a3c-2115-461c-93fe-0f8baf4484af 2.290s
2025-05-15 10:51:34.090 69731 INFO tempest.lib.common.rest_client [req-75df0006-f6da-432f-8a8f-921b1cd9eb42 req-75df0006-f6da-432f-8a8f-921b1cd9eb42 ] Request (VolumesAdminNegativeTest:test_update_attached_volume_with_nonexistent_volume_in_body): 200 GET http://10.180.1.21/volume/v3/volumes/e8d21958-c4ea-4753-acd0-8999ad26e2dc 0.068s
2025-05-15 10:51:34.120 69781 INFO tempest.lib.common.rest_client [req-85f1c210-58a2-489c-8c30-886817988881 req-85f1c210-58a2-489c-8c30-886817988881 ] Request (FloatingIPsAssociationTestJSON:setUpClass): 200 GET http://10.180.1.21/compute/v2.1/servers/97eda364-701c-4a37-b3b8-9e399dad5fd5 2.345s
2025-05-15 10:51:34.123 69749 INFO tempest.lib.common.rest_client [req-16aa0235-93d2-4a8a-b52c-b8da3679d12e req-16aa0235-93d2-4a8a-b52c-b8da3679d12e ] Request (ServersAdminTestJSON:setUpClass): 200 GET http://10.180.1.21/compute/v2.1/servers/a69aa834-a200-486e-9922-61018ae10f90 2.441s
2025-05-15 10:51:34.226 69777 INFO tempest.lib.common.rest_client [req-a4317ac8-ce0f-4149-adfb-dab332a5fc90 req-a4317ac8-ce0f-4149-adfb-dab332a5fc90 ] Request (ServerExternalEventsTest:test_create_server_external_events): 200 GET http://10.180.1.21/compute/v2.1/servers/5df06110-ddc7-4d82-a9f0-c4fac929060b 2.263s
2025-05-15 10:51:34.240 69777 INFO tempest.common.waiters [-] State transition "BUILD/scheduling" ==> "BUILD/None" after 14 second wait
2025-05-15 10:51:34.244 69723 INFO tempest.lib.common.rest_client [req-b6bde2a9-5a0c-4415-adfa-5600878869cb req-b6bde2a9-5a0c-4415-adfa-5600878869cb ] Request (ServerRescueTestJSONUnderV235:setUpClass): 200 GET http://10.180.1.21/compute/v2.1/servers/a1468a4f-6462-4943-af0e-dd01f8846ce7 2.372s
2025-05-15 10:51:34.279 69751 INFO tempest.lib.common.rest_client [req-bee77b14-50ab-453b-b683-feafd726ba6c req-bee77b14-50ab-453b-b683-feafd726ba6c ] Request (FlavorsAdminTestJSON:test_list_non_public_flavor): 200 GET http://10.180.1.21/compute/v2.1/flavors/detail 1.290s
2025-05-15 10:51:34.358 69757 INFO tempest.lib.common.rest_client [req-e63cc313-88ce-44c7-ae81-29d4faff4f5d req-e63cc313-88ce-44c7-ae81-29d4faff4f5d ] Request (KeyPairsNegativeTestJSON:test_create_keypair_with_duplicate_name): 409 POST http://10.180.1.21/compute/v2.1/os-keypairs 1.227s
2025-05-15 10:51:34.383 69762 INFO tempest.lib.common.rest_client [req-0c30489b-437c-46f7-a616-dd8de991df3d req-0c30489b-437c-46f7-a616-dd8de991df3d ] Request (ServersTestMultiNic:setUpClass): 200 PUT http://10.180.1.21:9696/networking/v2.0/routers/05a567d9-db61-40d1-bd0c-27576a6ee1e4/add_router_interface 0.993s
2025-05-15 10:51:34.384 69762 INFO tempest.lib.common.dynamic_creds [-] Created isolated network resources for: credentials: Credentials: {'domain_id': 'default', 'domain_name': 'Default', 'username': 'tempest-ServersTestMultiNic-935857896-project-member', 'project_domain_id': 'default', 'project_domain_name': 'Default', 'project_id': '7cf0035dbf0740158086e393174a0e56', 'project_name': 'tempest-ServersTestMultiNic-935857896', 'tenant_id': '7cf0035dbf0740158086e393174a0e56', 'tenant_name': 'tempest-ServersTestMultiNic-935857896', 'user_domain_id': 'default', 'user_domain_name': 'Default', 'user_id': '84419c93c15a404baa80ab2b3f1f37ce', 'system': None}, Network: {'id': 'f62255cf-68c0-4a4f-86db-ff17b6177fe3', 'name': 'tempest-ServersTestMultiNic-655437292-network', 'tenant_id': '7cf0035dbf0740158086e393174a0e56', 'admin_state_up': True, 'mtu': 8950, 'status': 'ACTIVE', 'subnets': [], 'shared': False, 'project_id': '7cf0035dbf0740158086e393174a0e56', 'port_security_enabled': True, 'router:external': False, 'provider:network_type': 'vlan', 'provider:physical_network': 'default', 'provider:segmentation_id': 281, 'availability_zone_hints': [], 'availability_zones': [], 'ipv4_address_scope': None, 'ipv6_address_scope': None, 'description': '', 'tags': [], 'created_at': '2025-05-15T10:51:31Z', 'updated_at': '2025-05-15T10:51:31Z', 'revision_number': 1}, Subnet: {'id': '435e7956-e672-4762-af4f-d85bf91d6147', 'name': 'tempest-ServersTestMultiNic-655437292-subnet', 'tenant_id': '7cf0035dbf0740158086e393174a0e56', 'network_id': 'f62255cf-68c0-4a4f-86db-ff17b6177fe3', 'ip_version': 4, 'subnetpool_id': None, 'enable_dhcp': True, 'ipv6_ra_mode': None, 'ipv6_address_mode': None, 'gateway_ip': '192.168.128.1', 'cidr': '192.168.128.0/28', 'allocation_pools': [{'start': '192.168.128.2', 'end': '192.168.128.14'}], 'host_routes': [], 'dns_nameservers': [], 'description': '', 'router:external': False, 'service_types': [], 'tags': [], 'created_at': '2025-05-15T10:51:31Z', 'updated_at': '2025-05-15T10:51:31Z', 'revision_number': 0, 'project_id': '7cf0035dbf0740158086e393174a0e56'}, Router: {'id': '05a567d9-db61-40d1-bd0c-27576a6ee1e4', 'name': 'tempest-ServersTestMultiNic-655437292-router', 'tenant_id': '7cf0035dbf0740158086e393174a0e56', 'admin_state_up': True, 'status': 'ACTIVE', 'external_gateway_info': {'network_id': 'dc67485c-e46f-4291-976b-fba1c9b6d1ff', 'external_fixed_ips': [{'subnet_id': 'a789b9ac-255a-4882-9ce1-7f8a26643120', 'ip_address': '10.180.180.152'}], 'enable_snat': True}, 'description': '', 'availability_zones': [], 'distributed': False, 'ha': False, 'availability_zone_hints': [], 'routes': [], 'flavor_id': None, 'tags': [], 'created_at': '2025-05-15T10:51:31Z', 'updated_at': '2025-05-15T10:51:32Z', 'revision_number': 2, 'project_id': '7cf0035dbf0740158086e393174a0e56'}
2025-05-15 10:51:34.486 69762 INFO tempest.lib.common.rest_client [req-af33ac3d-0f61-478d-9bf4-0d08c93c9557 req-af33ac3d-0f61-478d-9bf4-0d08c93c9557 ] Request (ServersTestMultiNic:setUpClass): 201 POST http://10.180.1.21/identity/v3/auth/tokens 0.093s
2025-05-15 10:51:34.837 69762 INFO tempest.lib.common.rest_client [req-2f1beff8-f1a1-4e70-925d-b5e27ce75802 req-2f1beff8-f1a1-4e70-925d-b5e27ce75802 ] Request (ServersTestMultiNic:test_verify_duplicate_network_nics): 201 POST http://10.180.1.21:9696/networking/v2.0/networks 0.349s
2025-05-15 10:51:34.954 69759 INFO tempest.lib.common.rest_client [req-3ac6774a-5512-450d-818d-4c95d735d9b9 req-3ac6774a-5512-450d-818d-4c95d735d9b9 ] Request (ImagesOneServerTestJSON:setUpClass): 202 POST http://10.180.1.21/compute/v2.1/servers 1.800s
2025-05-15 10:51:35.161 69731 INFO tempest.lib.common.rest_client [req-902dc03c-7533-4b01-8ba7-d8034aba0686 req-902dc03c-7533-4b01-8ba7-d8034aba0686 ] Request (VolumesAdminNegativeTest:test_update_attached_volume_with_nonexistent_volume_in_body): 200 GET http://10.180.1.21/volume/v3/volumes/e8d21958-c4ea-4753-acd0-8999ad26e2dc 0.050s
2025-05-15 10:51:35.228 69762 INFO tempest.lib.common.rest_client [req-164b738b-71b1-4755-9ae5-ebbdd855e04b req-164b738b-71b1-4755-9ae5-ebbdd855e04b ] Request (ServersTestMultiNic:test_verify_duplicate_network_nics): 201 POST http://10.180.1.21:9696/networking/v2.0/subnets 0.390s
2025-05-15 10:51:35.231 69763 INFO tempest.lib.common.rest_client [req-46116705-c35c-43aa-92c5-62f426f9ab51 req-46116705-c35c-43aa-92c5-62f426f9ab51 ] Request (SecurityGroupRulesTestJSON:tearDownClass): 202 DELETE http://10.180.1.21/compute/v2.1/os-security-groups/d30cb196-801a-4e20-897e-0908f627d762 1.935s
2025-05-15 10:51:35.271 69743 INFO tempest.lib.common.rest_client [req-066e362c-fd6f-4322-bfc5-95a2862277fa req-066e362c-fd6f-4322-bfc5-95a2862277fa ] Request (FloatingIPDetailsTestJSON:setUpClass): 200 POST http://10.180.1.21/compute/v2.1/os-floating-ips 2.509s
2025-05-15 10:51:35.279 69737 INFO tempest.lib.common.rest_client [req-9a6d49f1-9cfd-4dbc-893f-b73b52395547 req-9a6d49f1-9cfd-4dbc-893f-b73b52395547 ] Request (TenantUsagesTestJSON:test_get_usage_tenant_with_non_admin_user): 200 GET http://10.180.1.21/compute/v2.1/os-simple-tenant-usage/9176835eb43941d7ae728e3f145d02c8?start=2025-05-14T10%3A51%3A31.266365&end=2025-05-16T10%3A51%3A31.266365 1.817s
2025-05-15 10:51:35.356 69771 INFO tempest.lib.common.rest_client [req-49228a9f-4cf8-488e-851b-64dc7d3cba09 req-49228a9f-4cf8-488e-851b-64dc7d3cba09 ] Request (MigrationsAdminTest:test_list_migrations_in_flavor_resize_situation): 204 POST http://10.180.1.21/compute/v2.1/servers/2068b009-a493-4a97-adb2-bf90e6d71c12/action 1.648s
2025-05-15 10:51:35.366 69747 INFO tempest.lib.common.rest_client [req-758a75b9-571e-4508-b8ef-0b8007939397 req-758a75b9-571e-4508-b8ef-0b8007939397 ] Request (ServersAdmin275Test:tearDownClass): 200 GET http://10.180.1.21/compute/v2.1/servers/9dd18afb-5a25-48e4-9250-fe7122031a6c 1.487s
2025-05-15 10:51:35.384 69762 INFO tempest.lib.common.rest_client [req-34eb057d-c9f6-4f28-a60c-aacebf7165b1 req-34eb057d-c9f6-4f28-a60c-aacebf7165b1 ] Request (ServersTestMultiNic:test_verify_duplicate_network_nics): 201 POST http://10.180.1.21:9696/networking/v2.0/networks 0.155s
2025-05-15 10:51:35.434 69779 INFO tempest.lib.common.rest_client [req-33ab25bc-7117-438c-843a-d5fd3d07c53f req-33ab25bc-7117-438c-843a-d5fd3d07c53f ] Request (ServersAdminNegativeTestJSON:test_migrate_server_invalid_state): 200 GET http://10.180.1.21/compute/v2.1/servers/d2e9732f-5ea0-4be9-8000-d78d5acd8961 1.478s
2025-05-15 10:51:35.450 69721 INFO tempest.lib.common.rest_client [req-1ee1d4ff-fd08-4400-941f-485e39f828f3 req-1ee1d4ff-fd08-4400-941f-485e39f828f3 ] Request (AttachInterfacesUnderV243Test:test_add_remove_fixed_ip): 200 GET http://10.180.1.21/compute/v2.1/servers/33b600eb-e4ee-4c29-a2a0-1c80991093ab 1.352s
2025-05-15 10:51:35.483 69751 INFO tempest.lib.common.rest_client [req-593a227b-fd92-4d14-9c0a-049e8dc8ce3c req-593a227b-fd92-4d14-9c0a-049e8dc8ce3c ] Request (FlavorsAdminTestJSON:_run_cleanups): 202 DELETE http://10.180.1.21/compute/v2.1/flavors/1690537152 1.198s
2025-05-15 10:51:35.539 69765 INFO tempest.lib.common.rest_client [req-13f1b831-deb2-4d54-8789-8f3487b50a9a req-13f1b831-deb2-4d54-8789-8f3487b50a9a ] Request (InstanceActionsNegativeTestJSON:tearDownClass): 200 GET http://10.180.1.21/compute/v2.1/servers/da2b0704-38ab-47ef-855f-0df5ee7fcbae 1.307s
2025-05-15 10:51:35.591 69745 INFO tempest.lib.common.rest_client [req-b152e673-7b9b-439e-85ee-c1ef722a25fd req-b152e673-7b9b-439e-85ee-c1ef722a25fd ] Request (ListImageFiltersTestJSON:setUpClass): 200 GET http://10.180.1.21/compute/v2.1/images/b9f3fd91-5347-4f59-8b9d-3896a93faf0c 1.253s
2025-05-15 10:51:35.611 69757 INFO tempest.lib.common.rest_client [req-91df8927-d7a2-41c4-b0e3-4efc7b5c3dff req-91df8927-d7a2-41c4-b0e3-4efc7b5c3dff ] Request (KeyPairsNegativeTestJSON:test_create_keypair_with_duplicate_name): 202 DELETE http://10.180.1.21/compute/v2.1/os-keypairs/tempest-keypair-1595934897 1.253s
2025-05-15 10:51:35.623 69762 INFO tempest.lib.common.rest_client [req-39d4ed32-4207-41cd-99f8-8703906d98a6 req-39d4ed32-4207-41cd-99f8-8703906d98a6 ] Request (ServersTestMultiNic:test_verify_duplicate_network_nics): 201 POST http://10.180.1.21:9696/networking/v2.0/subnets 0.239s
2025-05-15 10:51:35.646 69775 INFO tempest.lib.common.rest_client [req-c578e1e5-986a-4e40-aeea-57feee808176 req-c578e1e5-986a-4e40-aeea-57feee808176 ] Request (AttachVolumeNegativeTest:test_attach_attached_volume_to_different_server): 200 GET http://10.180.1.21/compute/v2.1/servers/11028ce0-73e3-483a-bd01-62cfd5713954 1.332s
2025-05-15 10:51:35.655 69775 INFO tempest.common.waiters [-] State transition "BUILD/networking" ==> "BUILD/spawning" after 23 second wait
2025-05-15 10:51:35.671 69762 INFO tempest.lib.common.rest_client [req-56f05463-bac0-448b-b4f4-d3d6649b190d req-56f05463-bac0-448b-b4f4-d3d6649b190d ] Request (ServersTestMultiNic:test_verify_duplicate_network_nics): 201 POST http://10.180.1.21/identity/v3/auth/tokens 0.044s
2025-05-15 10:51:35.672 69762 INFO tempest.lib.common.fixed_network [-] (ServersTestMultiNic:test_verify_duplicate_network_nics) Found network {'id': 'f62255cf-68c0-4a4f-86db-ff17b6177fe3', 'name': 'tempest-ServersTestMultiNic-655437292-network', 'tenant_id': '7cf0035dbf0740158086e393174a0e56', 'admin_state_up': True, 'mtu': 8950, 'status': 'ACTIVE', 'subnets': [], 'shared': False, 'project_id': '7cf0035dbf0740158086e393174a0e56', 'port_security_enabled': True, 'router:external': False, 'provider:network_type': 'vlan', 'provider:physical_network': 'default', 'provider:segmentation_id': 281, 'availability_zone_hints': [], 'availability_zones': [], 'ipv4_address_scope': None, 'ipv6_address_scope': None, 'description': '', 'tags': [], 'created_at': '2025-05-15T10:51:31Z', 'updated_at': '2025-05-15T10:51:31Z', 'revision_number': 1} available for tenant
2025-05-15 10:51:35.688 69719 INFO tempest.lib.common.rest_client [req-3bbc120b-5276-4981-9dfb-89156da1b345 req-3bbc120b-5276-4981-9dfb-89156da1b345 ] Request (AttachVolumeShelveTestJSON:test_attach_volume_shelved_or_offload_server): 200 GET http://10.180.1.21/compute/v2.1/servers/8d8f09c7-5035-4ae0-92ea-3562432e6ceb 1.303s
2025-05-15 10:51:35.758 69733 INFO tempest.lib.common.rest_client [req-f9503b36-c23b-48e5-8b03-97e09219984e req-f9503b36-c23b-48e5-8b03-97e09219984e ] Request (ListServersNegativeTestJSON:setUpClass): 200 GET http://10.180.1.21/compute/v2.1/servers/49ebd426-a2d8-4a16-a648-d672641add81 1.080s
2025-05-15 10:51:35.801 69735 INFO tempest.lib.common.rest_client [req-4357bb8f-5fd5-4720-9181-5a2f191efeda req-4357bb8f-5fd5-4720-9181-5a2f191efeda ] Request (ServersTestManualDisk:setUpClass): 200 GET http://10.180.1.21/compute/v2.1/servers/6f6bf764-5ab6-454b-b0b2-b9c0a213e60c 1.202s
2025-05-15 10:51:35.837 69725 INFO tempest.lib.common.rest_client [req-959c3a8a-30a7-425d-b19d-7d130f887a67 req-959c3a8a-30a7-425d-b19d-7d130f887a67 ] Request (DeleteServersAdminTestJSON:test_delete_server_while_in_error_state): 200 GET http://10.180.1.21/compute/v2.1/servers/2be94567-64bc-4a1e-94c1-dd58c8c44d87 1.087s
2025-05-15 10:51:35.865 69753 INFO tempest.lib.common.rest_client [req-0ac0c963-df60-4ba1-9082-621b3ae83915 req-0ac0c963-df60-4ba1-9082-621b3ae83915 ] Request (SecurityGroupsTestJSON:test_list_security_groups_by_server): 200 GET http://10.180.1.21/compute/v2.1/servers/78876af3-91f0-4cdf-bdde-39b4519e54bc 1.042s
2025-05-15 10:51:35.913 69773 INFO tempest.lib.common.rest_client [req-534c43a5-de7e-4cf6-a0eb-0daff648d8f0 req-534c43a5-de7e-4cf6-a0eb-0daff648d8f0 ] Request (ServerActionsTestOtherA:setUpClass): 200 GET http://10.180.1.21/compute/v2.1/servers/57172c5b-44e2-4828-a73c-9a2657864eb9 1.073s
2025-05-15 10:51:36.168 69759 INFO tempest.lib.common.rest_client [req-a146adf4-60da-4361-9d0d-16013577b28d req-a146adf4-60da-4361-9d0d-16013577b28d ] Request (ImagesOneServerTestJSON:setUpClass): 200 GET http://10.180.1.21/compute/v2.1/servers/f5a96bee-5345-483c-bf76-dbe3956fdeec 1.212s
2025-05-15 10:51:36.224 69731 INFO tempest.lib.common.rest_client [req-edf5b148-d755-42f4-90cd-d0c173b4d14a req-edf5b148-d755-42f4-90cd-d0c173b4d14a ] Request (VolumesAdminNegativeTest:test_update_attached_volume_with_nonexistent_volume_in_body): 200 GET http://10.180.1.21/volume/v3/volumes/e8d21958-c4ea-4753-acd0-8999ad26e2dc 0.047s
2025-05-15 10:51:36.264 69781 INFO tempest.lib.common.rest_client [req-69c530c7-273c-4fdd-a862-040731476cce req-69c530c7-273c-4fdd-a862-040731476cce ] Request (FloatingIPsAssociationTestJSON:setUpClass): 200 GET http://10.180.1.21/compute/v2.1/servers/97eda364-701c-4a37-b3b8-9e399dad5fd5 1.134s
2025-05-15 10:51:36.279 69781 INFO tempest.common.waiters [-] State transition "BUILD/None" ==> "BUILD/networking" after 20 second wait
2025-05-15 10:51:36.492 69755 INFO tempest.lib.common.rest_client [req-14669160-44eb-48e2-a613-1b69e47fd68d req-14669160-44eb-48e2-a613-1b69e47fd68d ] Request (ServersV294TestFqdnHostnames:setUpClass): 200 GET http://10.180.1.21/compute/v2.1/servers/57397a3c-2115-461c-93fe-0f8baf4484af 1.443s
2025-05-15 10:51:36.529 69749 INFO tempest.lib.common.rest_client [req-d2ed2693-f178-4f0d-85c6-d39fd4caed35 req-d2ed2693-f178-4f0d-85c6-d39fd4caed35 ] Request (ServersAdminTestJSON:setUpClass): 200 GET http://10.180.1.21/compute/v2.1/servers/a69aa834-a200-486e-9922-61018ae10f90 1.394s
2025-05-15 10:51:36.603 69777 INFO tempest.lib.common.rest_client [req-a34f6451-a327-446c-8e0b-40873026f1f0 req-a34f6451-a327-446c-8e0b-40873026f1f0 ] Request (ServerExternalEventsTest:test_create_server_external_events): 200 GET http://10.180.1.21/compute/v2.1/servers/5df06110-ddc7-4d82-a9f0-c4fac929060b 1.361s
2025-05-15 10:51:36.682 69723 INFO tempest.lib.common.rest_client [req-d6634a6e-173c-4d8b-98e6-be969e183a60 req-d6634a6e-173c-4d8b-98e6-be969e183a60 ] Request (ServerRescueTestJSONUnderV235:setUpClass): 200 GET http://10.180.1.21/compute/v2.1/servers/a1468a4f-6462-4943-af0e-dd01f8846ce7 1.423s
2025-05-15 10:51:36.740 69763 INFO tempest.lib.common.rest_client [req-b4279fd6-44e7-400d-90d4-928cf3de14f9 req-b4279fd6-44e7-400d-90d4-928cf3de14f9 ] Request (SecurityGroupRulesTestJSON:tearDownClass): 202 DELETE http://10.180.1.21/compute/v2.1/os-security-groups/4388066b-4f1f-4302-824f-62153f6386f1 1.507s
