2025-05-15 10:51:12.795 69743 INFO tempest.lib.common.rest_client [req-70603840-85cc-46b0-a394-d7c9509771cf req-70603840-85cc-46b0-a394-d7c9509771cf ] Request (QuotasAdminTestV236:tearDownClass): 204 DELETE http://10.180.1.21:9696/networking/v2.0/security-groups/9d484da8-f1bb-44f4-afb0-e0d752c5c27c 0.201s
2025-05-15 10:51:12.798 69721 INFO tempest.lib.common.rest_client [req-eeeb3127-0cbe-4c19-a085-46c7c1f1c6f0 req-eeeb3127-0cbe-4c19-a085-46c7c1f1c6f0 ] Request (AttachInterfacesUnderV243Test:setUpClass): 200 PUT http://10.180.1.21:9696/networking/v2.0/routers/577f4f99-380e-41e0-9acf-2b5f8f53e70e/add_router_interface 4.092s
2025-05-15 10:51:12.798 69721 INFO tempest.lib.common.dynamic_creds [-] Created isolated network resources for: credentials: Credentials: {'domain_id': 'default', 'domain_name': 'Default', 'username': 'tempest-AttachInterfacesUnderV243Test-1163208639-project-member', 'project_domain_id': 'default', 'project_domain_name': 'Default', 'project_id': '58871a95bced4137bf5f9d4e30a78831', 'project_name': 'tempest-AttachInterfacesUnderV243Test-1163208639', 'tenant_id': '58871a95bced4137bf5f9d4e30a78831', 'tenant_name': 'tempest-AttachInterfacesUnderV243Test-1163208639', 'user_domain_id': 'default', 'user_domain_name': 'Default', 'user_id': '54dde46e0dd14f9e940c3ad2b921ada9', 'system': None}, Network: {'id': '4218ba84-48ca-48a5-9a57-b7b58d743e33', 'name': 'tempest-AttachInterfacesUnderV243Test-1640949808-network', 'tenant_id': '58871a95bced4137bf5f9d4e30a78831', 'admin_state_up': True, 'mtu': 8950, 'status': 'ACTIVE', 'subnets': [], 'shared': False, 'project_id': '58871a95bced4137bf5f9d4e30a78831', 'port_security_enabled': True, 'router:external': False, 'provider:network_type': 'vlan', 'provider:physical_network': 'default', 'provider:segmentation_id': 793, 'availability_zone_hints': [], 'availability_zones': [], 'ipv4_address_scope': None, 'ipv6_address_scope': None, 'description': '', 'tags': [], 'created_at': '2025-05-15T10:51:05Z', 'updated_at': '2025-05-15T10:51:05Z', 'revision_number': 1}, Subnet: {'id': '9939961b-6a65-4422-b699-2ffbeedec552', 'name': 'tempest-AttachInterfacesUnderV243Test-1640949808-subnet', 'tenant_id': '58871a95bced4137bf5f9d4e30a78831', 'network_id': '4218ba84-48ca-48a5-9a57-b7b58d743e33', 'ip_version': 4, 'subnetpool_id': None, 'enable_dhcp': True, 'ipv6_ra_mode': None, 'ipv6_address_mode': None, 'gateway_ip': '192.168.128.1', 'cidr': '192.168.128.0/28', 'allocation_pools': [{'start': '192.168.128.2', 'end': '192.168.128.14'}], 'host_routes': [], 'dns_nameservers': [], 'description': '', 'router:external': False, 'service_types': [], 'tags': [], 'created_at': '2025-05-15T10:51:05Z', 'updated_at': '2025-05-15T10:51:05Z', 'revision_number': 0, 'project_id': '58871a95bced4137bf5f9d4e30a78831'}, Router: {'id': '577f4f99-380e-41e0-9acf-2b5f8f53e70e', 'name': 'tempest-AttachInterfacesUnderV243Test-1640949808-router', 'tenant_id': '58871a95bced4137bf5f9d4e30a78831', 'admin_state_up': True, 'status': 'ACTIVE', 'external_gateway_info': {'network_id': 'dc67485c-e46f-4291-976b-fba1c9b6d1ff', 'external_fixed_ips': [{'subnet_id': 'a789b9ac-255a-4882-9ce1-7f8a26643120', 'ip_address': '10.180.180.138'}], 'enable_snat': True}, 'description': '', 'availability_zones': [], 'distributed': False, 'ha': False, 'availability_zone_hints': [], 'routes': [], 'flavor_id': None, 'tags': [], 'created_at': '2025-05-15T10:51:06Z', 'updated_at': '2025-05-15T10:51:07Z', 'revision_number': 2, 'project_id': '58871a95bced4137bf5f9d4e30a78831'}
2025-05-15 10:51:12.837 69777 INFO tempest.lib.common.rest_client [req-0a70b79b-9fb1-45f8-8b75-5f11a8749bab req-0a70b79b-9fb1-45f8-8b75-5f11a8749bab ] Request (FlavorsAccessNegativeTestJSON:tearDownClass): 204 DELETE http://10.180.1.21:9696/networking/v2.0/security-groups/8ddad28e-116d-4d35-80a1-2c54af80e3c5 0.204s
2025-05-15 10:51:12.868 69753 INFO tempest.lib.common.rest_client [req-fdacfc2d-998f-48a7-8314-7da653d34157 req-fdacfc2d-998f-48a7-8314-7da653d34157 ] Request (SecurityGroupsTestJSON:setUpClass): 201 POST http://10.180.1.21:9696/networking/v2.0/networks 1.204s
2025-05-15 10:51:12.869 69775 INFO tempest.lib.common.rest_client [req-858687fc-0787-417b-9ce0-a5600ab74a61 req-858687fc-0787-417b-9ce0-a5600ab74a61 ] Request (AttachVolumeNegativeTest:test_attach_attached_volume_to_different_server): 200 GET http://10.180.1.21/compute/v2.1/servers/11028ce0-73e3-483a-bd01-62cfd5713954 2.492s
2025-05-15 10:51:12.928 69771 INFO tempest.lib.common.rest_client [req-39b77df9-2d01-4ed5-8f4a-2ed34142868c req-39b77df9-2d01-4ed5-8f4a-2ed34142868c ] Request (MigrationsAdminTest:test_list_migrations_in_flavor_resize_situation): 200 GET http://10.180.1.21/compute/v2.1/servers/2068b009-a493-4a97-adb2-bf90e6d71c12 2.569s
2025-05-15 10:51:12.944 69721 INFO tempest.lib.common.rest_client [req-16c2ef7a-dfea-4028-b4bf-114bf53a68c1 req-16c2ef7a-dfea-4028-b4bf-114bf53a68c1 ] Request (AttachInterfacesUnderV243Test:setUpClass): 201 POST http://10.180.1.21/identity/v3/auth/tokens 0.141s
2025-05-15 10:51:12.959 69735 INFO tempest.lib.common.rest_client [req-38b07841-6e3f-4556-9e43-e355cc5cb024 req-38b07841-6e3f-4556-9e43-e355cc5cb024 ] Request (ServersTestManualDisk:setUpClass): 200 GET http://10.180.1.21/compute/v2.1/servers/6f6bf764-5ab6-454b-b0b2-b9c0a213e60c 2.502s
2025-05-15 10:51:13.006 69743 INFO tempest.lib.common.rest_client [req-c1668153-dac0-446d-8970-62b6b3c4c959 req-c1668153-dac0-446d-8970-62b6b3c4c959 ] Request (QuotasAdminTestV236:tearDownClass): 204 DELETE http://10.180.1.21/identity/v3/projects/54882c773f4440a99346ef9cde43aca2 0.211s
2025-05-15 10:51:13.007 69743 INFO tempest.lib.common.dynamic_creds [-] Deleting project and security group for project: 56e6667952ab4d8e864a6017b1aac44e
2025-05-15 10:51:13.038 69719 INFO tempest.lib.common.rest_client [req-ef4a092c-f29e-41e0-a65e-ae892d28ca07 req-ef4a092c-f29e-41e0-a65e-ae892d28ca07 ] Request (AttachVolumeShelveTestJSON:setUpClass): 201 POST http://10.180.1.21:9696/networking/v2.0/subnets 1.231s
2025-05-15 10:51:13.045 69725 INFO tempest.lib.common.rest_client [req-da3c193d-7048-4338-9a1e-7826f67bae75 req-da3c193d-7048-4338-9a1e-7826f67bae75 ] Request (DeleteServersAdminTestJSON:test_admin_delete_servers_of_others): 200 GET http://10.180.1.21/compute/v2.1/servers/3b6c310f-7ba1-448c-9989-5c1cd63cdeb1 2.450s
2025-05-15 10:51:13.089 69777 INFO tempest.lib.common.rest_client [req-0d073b52-aa4a-4b98-983a-e92044acca84 req-0d073b52-aa4a-4b98-983a-e92044acca84 ] Request (FlavorsAccessNegativeTestJSON:tearDownClass): 204 DELETE http://10.180.1.21/identity/v3/projects/b1687334b5ca4a1297975d67336d88ae 0.251s
2025-05-15 10:51:13.090 69777 INFO tempest.lib.common.dynamic_creds [-] Deleting project and security group for project: 1fd378adc0e44df4823e8b5c14d2ac70
2025-05-15 10:51:13.095 69773 INFO tempest.lib.common.rest_client [req-a0449875-e688-43f7-bd22-91c4aeef70e3 req-a0449875-e688-43f7-bd22-91c4aeef70e3 ] Request (ImagesMetadataTestJSON:test_set_image_metadata_item): 200 GET http://10.180.1.21/compute/v2.1/images/43781f9c-6137-4922-bd94-509de4676181/metadata 2.383s
2025-05-15 10:51:13.099 69755 INFO tempest.lib.common.rest_client [req-d1f0c99b-8a5e-4c47-8990-7ab30534c76f req-d1f0c99b-8a5e-4c47-8990-7ab30534c76f ] Request (ServersV294TestFqdnHostnames:setUpClass): 200 GET http://10.180.1.21/compute/v2.1/servers/57397a3c-2115-461c-93fe-0f8baf4484af 2.391s
2025-05-15 10:51:13.119 69759 INFO tempest.lib.common.rest_client [req-b57c3e1a-8b4a-4384-ad87-df6b8b66a6d8 req-b57c3e1a-8b4a-4384-ad87-df6b8b66a6d8 ] Request (ImagesNegativeTestJSON:test_create_image_from_deleted_server): 404 GET http://10.180.1.21/compute/v2.1/servers/03b06284-6fa8-49c1-a1f1-b9fe046c60a6 2.195s
2025-05-15 10:51:13.209 69749 INFO tempest.lib.common.rest_client [req-2ce69522-39ae-457f-bc31-6577e4f6546c req-2ce69522-39ae-457f-bc31-6577e4f6546c ] Request (ServersAdminTestJSON:setUpClass): 200 GET http://10.180.1.21/compute/v2.1/servers/a69aa834-a200-486e-9922-61018ae10f90 2.154s
2025-05-15 10:51:13.317 69737 INFO tempest.lib.common.rest_client [req-14b7a8f5-6bfa-4324-88ed-c2ab3e78473e req-14b7a8f5-6bfa-4324-88ed-c2ab3e78473e ] Request (TenantUsagesTestJSON:setUpClass): 200 GET http://10.180.1.21/compute/v2.1/servers/d9ae2163-ba21-47c0-9c10-d9cd35fb00f6 2.032s
2025-05-15 10:51:13.331 69739 INFO tempest.lib.common.rest_client [req-d747c398-0c7d-4cca-8c85-d8390cd010e6 req-d747c398-0c7d-4cca-8c85-d8390cd010e6 ] Request (ServerActionsV293TestJSON:setUpClass): 200 GET http://10.180.1.21/compute/v2.1/servers/c2e45558-5c57-4300-b255-1709734baa40/os-interface 2.049s
2025-05-15 10:51:13.342 69751 INFO tempest.lib.common.rest_client [req-ced59a91-6568-476e-adca-5b08ada9e7c2 req-ced59a91-6568-476e-adca-5b08ada9e7c2 ] Request (FlavorsAdminTestJSON:test_is_public_string_variations): 200 GET http://10.180.1.21/compute/v2.1/flavors/detail?is_public=f 2.041s
2025-05-15 10:51:13.436 69743 INFO tempest.lib.common.rest_client [req-0488fd87-8b88-4002-a024-5b80d2df9c5a req-0488fd87-8b88-4002-a024-5b80d2df9c5a ] Request (QuotasAdminTestV236:tearDownClass): 200 GET http://10.180.1.21:9696/networking/v2.0/security-groups?tenant_id=56e6667952ab4d8e864a6017b1aac44e&name=default 0.429s
2025-05-15 10:51:13.600 69777 INFO tempest.lib.common.rest_client [req-bd364260-147c-4297-95ad-649d80c37c93 req-bd364260-147c-4297-95ad-649d80c37c93 ] Request (FlavorsAccessNegativeTestJSON:tearDownClass): 200 GET http://10.180.1.21:9696/networking/v2.0/security-groups?tenant_id=1fd378adc0e44df4823e8b5c14d2ac70&name=default 0.509s
2025-05-15 10:51:13.651 69753 INFO tempest.lib.common.rest_client [req-0a6b10b7-48bc-4396-85a4-fa73adbce255 req-0a6b10b7-48bc-4396-85a4-fa73adbce255 ] Request (SecurityGroupsTestJSON:setUpClass): 201 POST http://10.180.1.21:9696/networking/v2.0/subnets 0.782s
2025-05-15 10:51:13.776 69743 INFO tempest.lib.common.rest_client [req-7cd9fc20-1f6e-420a-b629-5064b6462dcf req-7cd9fc20-1f6e-420a-b629-5064b6462dcf ] Request (QuotasAdminTestV236:tearDownClass): 204 DELETE http://10.180.1.21:9696/networking/v2.0/security-groups/f4466324-e6a0-44ee-8dc8-0d147a4a8632 0.339s
2025-05-15 10:51:13.969 69743 INFO tempest.lib.common.rest_client [req-118fb815-4070-4838-8e30-4fb8b90db481 req-118fb815-4070-4838-8e30-4fb8b90db481 ] Request (QuotasAdminTestV236:tearDownClass): 204 DELETE http://10.180.1.21/identity/v3/projects/56e6667952ab4d8e864a6017b1aac44e 0.193s
2025-05-15 10:51:14.023 69777 INFO tempest.lib.common.rest_client [req-b6162623-7a51-4af0-b3d7-234531f2b3b7 req-b6162623-7a51-4af0-b3d7-234531f2b3b7 ] Request (FlavorsAccessNegativeTestJSON:tearDownClass): 204 DELETE http://10.180.1.21:9696/networking/v2.0/security-groups/ceb12ad7-ab46-4dbc-b76c-c8e351549538 0.423s
2025-05-15 10:51:14.039 69763 INFO tempest.lib.common.rest_client [req-ac140f90-4a0c-41c1-a7bb-5e42b9ee0129 req-ac140f90-4a0c-41c1-a7bb-5e42b9ee0129 ] Request (SecurityGroupRulesTestJSON:test_security_group_rules_delete_when_peer_group_deleted): 200 POST http://10.180.1.21/compute/v2.1/os-security-group-rules 2.723s
2025-05-15 10:51:14.064 69743 INFO tempest.lib.common.rest_client [req-2d87b781-4da7-4004-a15b-c72bfc818eae req-2d87b781-4da7-4004-a15b-c72bfc818eae ] Request (TenantUsagesNegativeTestJSON:setUpClass): 201 POST http://10.180.1.21/identity/v3/auth/tokens 0.093s
2025-05-15 10:51:14.179 69777 INFO tempest.lib.common.rest_client [req-7d7bf095-35a1-42aa-a164-8096df61e37f req-7d7bf095-35a1-42aa-a164-8096df61e37f ] Request (FlavorsAccessNegativeTestJSON:tearDownClass): 204 DELETE http://10.180.1.21/identity/v3/projects/1fd378adc0e44df4823e8b5c14d2ac70 0.155s
2025-05-15 10:51:14.180 69777 INFO tempest.test [-] raised in LiveMigrationNegativeTest.setUpClass. Invoking tearDownClass.
2025-05-15 10:51:14.223 69729 INFO tempest.lib.common.rest_client [req-fdb39e17-6604-4b68-9fab-e9f61a05786b req-fdb39e17-6604-4b68-9fab-e9f61a05786b ] Request (AbsoluteLimitsNegativeTestJSON:test_max_metadata_exceed_limit): 200 GET http://10.180.1.21/compute/v2.1/limits 2.293s
2025-05-15 10:51:14.262 69743 INFO tempest.lib.common.rest_client [req-6b8c6ceb-fd22-4e92-9fa7-29033bd8eb36 req-6b8c6ceb-fd22-4e92-9fa7-29033bd8eb36 ] Request (TenantUsagesNegativeTestJSON:setUpClass): 201 POST http://10.180.1.21/identity/v3/auth/tokens 0.195s
2025-05-15 10:51:14.267 69777 INFO tempest.lib.common.rest_client [req-a096b32d-46e2-4fb3-afff-7fb367931cab req-a096b32d-46e2-4fb3-afff-7fb367931cab ] Request (ServerExternalEventsTest:setUpClass): 201 POST http://10.180.1.21/identity/v3/auth/tokens 0.085s
2025-05-15 10:51:14.291 69743 INFO tempest.lib.common.rest_client [req-93e84fb4-9480-43c3-9a56-0fb7beae0d8d req-93e84fb4-9480-43c3-9a56-0fb7beae0d8d ] Request (TenantUsagesNegativeTestJSON:setUpClass): 200 GET http://10.180.1.21/identity/v3/domains?name=Default 0.028s
2025-05-15 10:51:14.315 69729 INFO tempest.lib.common.rest_client [req-ae1e92c3-3ac2-4e8d-9ae9-667752b77622 req-ae1e92c3-3ac2-4e8d-9ae9-667752b77622 ] Request (AbsoluteLimitsNegativeTestJSON:test_max_metadata_exceed_limit): 201 POST http://10.180.1.21/identity/v3/auth/tokens 0.077s
2025-05-15 10:51:14.315 69729 INFO tempest.lib.common.fixed_network [-] (AbsoluteLimitsNegativeTestJSON:test_max_metadata_exceed_limit) Found network None available for tenant
2025-05-15 10:51:14.322 69777 INFO tempest.lib.common.rest_client [req-10322804-cbbd-41f1-ba0b-5d5ee1487c17 req-10322804-cbbd-41f1-ba0b-5d5ee1487c17 ] Request (ServerExternalEventsTest:setUpClass): 201 POST http://10.180.1.21/identity/v3/auth/tokens 0.052s
2025-05-15 10:51:14.348 69743 INFO tempest.lib.common.rest_client [req-e108bb4c-5ce0-414e-a42e-010c30f41631 req-e108bb4c-5ce0-414e-a42e-010c30f41631 ] Request (TenantUsagesNegativeTestJSON:setUpClass): 201 POST http://10.180.1.21/identity/v3/projects 0.057s
2025-05-15 10:51:14.350 69777 INFO tempest.lib.common.rest_client [req-a7ce45e9-d1b0-42a2-aeda-fb74adc3ced6 req-a7ce45e9-d1b0-42a2-aeda-fb74adc3ced6 ] Request (ServerExternalEventsTest:setUpClass): 200 GET http://10.180.1.21/identity/v3/domains?name=Default 0.028s
2025-05-15 10:51:14.400 69781 INFO tempest.lib.common.rest_client [req-98d01df1-f765-4ef8-9b8a-a1fd5b19789d req-98d01df1-f765-4ef8-9b8a-a1fd5b19789d ] Request (FloatingIPsAssociationTestJSON:setUpClass): 202 POST http://10.180.1.21/compute/v2.1/servers 2.747s
2025-05-15 10:51:14.426 69777 INFO tempest.lib.common.rest_client [req-dba567a4-ac5f-4ff3-8a34-4aa464dd48a9 req-dba567a4-ac5f-4ff3-8a34-4aa464dd48a9 ] Request (ServerExternalEventsTest:setUpClass): 201 POST http://10.180.1.21/identity/v3/projects 0.075s
2025-05-15 10:51:14.429 69743 INFO tempest.lib.common.rest_client [req-74687052-1b4c-4ec0-9b2e-c78dbadda618 req-74687052-1b4c-4ec0-9b2e-c78dbadda618 ] Request (TenantUsagesNegativeTestJSON:setUpClass): 201 POST http://10.180.1.21/identity/v3/users 0.080s
2025-05-15 10:51:14.492 69743 INFO tempest.lib.common.rest_client [req-e54804c6-0ea2-4270-b916-0b0f6bc8c1fb req-e54804c6-0ea2-4270-b916-0b0f6bc8c1fb ] Request (TenantUsagesNegativeTestJSON:setUpClass): 200 GET http://10.180.1.21/identity/v3/roles 0.062s
2025-05-15 10:51:14.524 69777 INFO tempest.lib.common.rest_client [req-b115ae6c-9933-47d1-a944-55e653b1cf09 req-b115ae6c-9933-47d1-a944-55e653b1cf09 ] Request (ServerExternalEventsTest:setUpClass): 201 POST http://10.180.1.21/identity/v3/users 0.098s
2025-05-15 10:51:14.542 69743 INFO tempest.lib.common.rest_client [req-1a996ce7-90af-4a4d-ae42-4e224b6b30a8 req-1a996ce7-90af-4a4d-ae42-4e224b6b30a8 ] Request (TenantUsagesNegativeTestJSON:setUpClass): 204 PUT http://10.180.1.21/identity/v3/projects/4a1a6a4965d845b698e06e8825cd5819/users/4b2d03a78c0346939b20d455afa70b2a/roles/41236fd1509e4bdabdfd0e21a01fa53b 0.049s
2025-05-15 10:51:14.542 69743 INFO tempest.lib.common.dynamic_creds [-] Dynamic test user 4b2d03a78c0346939b20d455afa70b2a is created with scope project and roles: ['member']
2025-05-15 10:51:14.543 69743 INFO tempest.lib.common.dynamic_creds [-] Acquired dynamic creds: credentials: Credentials: {'domain_id': 'default', 'domain_name': 'Default', 'username': 'tempest-TenantUsagesNegativeTestJSON-1638412660-project-member', 'project_domain_id': 'default', 'project_domain_name': 'Default', 'project_id': '4a1a6a4965d845b698e06e8825cd5819', 'project_name': 'tempest-TenantUsagesNegativeTestJSON-1638412660', 'tenant_id': '4a1a6a4965d845b698e06e8825cd5819', 'tenant_name': 'tempest-TenantUsagesNegativeTestJSON-1638412660', 'user_domain_id': 'default', 'user_domain_name': 'Default', 'user_id': '4b2d03a78c0346939b20d455afa70b2a', 'system': None}, Network: None, Subnet: None, Router: None
2025-05-15 10:51:14.543 69743 INFO tempest.lib.common.dynamic_creds [-] Created isolated network resources for: credentials: Credentials: {'domain_id': 'default', 'domain_name': 'Default', 'username': 'tempest-TenantUsagesNegativeTestJSON-1638412660-project-member', 'project_domain_id': 'default', 'project_domain_name': 'Default', 'project_id': '4a1a6a4965d845b698e06e8825cd5819', 'project_name': 'tempest-TenantUsagesNegativeTestJSON-1638412660', 'tenant_id': '4a1a6a4965d845b698e06e8825cd5819', 'tenant_name': 'tempest-TenantUsagesNegativeTestJSON-1638412660', 'user_domain_id': 'default', 'user_domain_name': 'Default', 'user_id': '4b2d03a78c0346939b20d455afa70b2a', 'system': None}, Network: None, Subnet: None, Router: None
2025-05-15 10:51:14.561 69777 INFO tempest.lib.common.rest_client [req-ec663ca3-4e85-4f1f-91ee-9ecf4719709f req-ec663ca3-4e85-4f1f-91ee-9ecf4719709f ] Request (ServerExternalEventsTest:setUpClass): 200 GET http://10.180.1.21/identity/v3/roles 0.036s
2025-05-15 10:51:14.623 69747 INFO tempest.lib.common.rest_client [req-44752878-0a57-4ce9-b708-9f5083c30466 req-44752878-0a57-4ce9-b708-9f5083c30466 ] Request (ServersAdmin275Test:tearDownClass): 200 GET http://10.180.1.21/compute/v2.1/servers/9dd18afb-5a25-48e4-9250-fe7122031a6c 2.351s
2025-05-15 10:51:14.646 69777 INFO tempest.lib.common.rest_client [req-7c141958-10a0-430f-9c55-a8909f2248da req-7c141958-10a0-430f-9c55-a8909f2248da ] Request (ServerExternalEventsTest:setUpClass): 204 PUT http://10.180.1.21/identity/v3/projects/997f21e394ca4fb0b64f97003278b1b4/users/3e03018a16db4b9c89b5395feb9d819c/roles/41236fd1509e4bdabdfd0e21a01fa53b 0.084s
2025-05-15 10:51:14.646 69777 INFO tempest.lib.common.dynamic_creds [-] Dynamic test user 3e03018a16db4b9c89b5395feb9d819c is created with scope project and roles: ['member']
2025-05-15 10:51:14.646 69777 INFO tempest.lib.common.dynamic_creds [-] Acquired dynamic creds: credentials: Credentials: {'domain_id': 'default', 'domain_name': 'Default', 'username': 'tempest-ServerExternalEventsTest-483864047-project-member', 'project_domain_id': 'default', 'project_domain_name': 'Default', 'project_id': '997f21e394ca4fb0b64f97003278b1b4', 'project_name': 'tempest-ServerExternalEventsTest-483864047', 'tenant_id': '997f21e394ca4fb0b64f97003278b1b4', 'tenant_name': 'tempest-ServerExternalEventsTest-483864047', 'user_domain_id': 'default', 'user_domain_name': 'Default', 'user_id': '3e03018a16db4b9c89b5395feb9d819c', 'system': None}, Network: None, Subnet: None, Router: None
2025-05-15 10:51:14.646 69777 INFO tempest.lib.common.dynamic_creds [-] Created isolated network resources for: credentials: Credentials: {'domain_id': 'default', 'domain_name': 'Default', 'username': 'tempest-ServerExternalEventsTest-483864047-project-member', 'project_domain_id': 'default', 'project_domain_name': 'Default', 'project_id': '997f21e394ca4fb0b64f97003278b1b4', 'project_name': 'tempest-ServerExternalEventsTest-483864047', 'tenant_id': '997f21e394ca4fb0b64f97003278b1b4', 'tenant_name': 'tempest-ServerExternalEventsTest-483864047', 'user_domain_id': 'default', 'user_domain_name': 'Default', 'user_id': '3e03018a16db4b9c89b5395feb9d819c', 'system': None}, Network: None, Subnet: None, Router: None
2025-05-15 10:51:14.682 69743 INFO tempest.lib.common.rest_client [req-5b9e55fd-cc63-430c-9345-827575a8bc68 req-5b9e55fd-cc63-430c-9345-827575a8bc68 ] Request (TenantUsagesNegativeTestJSON:setUpClass): 201 POST http://10.180.1.21/identity/v3/auth/tokens 0.130s
2025-05-15 10:51:14.747 69777 INFO tempest.lib.common.rest_client [req-4fe1a12b-7e0e-4b25-a913-a95415899d79 req-4fe1a12b-7e0e-4b25-a913-a95415899d79 ] Request (ServerExternalEventsTest:setUpClass): 201 POST http://10.180.1.21/identity/v3/auth/tokens 0.095s
2025-05-15 10:51:14.751 69727 WARNING tempest.lib.common.ssh [-] Failed to establish authenticated ssh connection to cirros@10.180.180.200 ([Errno None] Unable to connect to port 22 on 10.180.180.200). Number attempts: 1. Retry after 2 seconds.: paramiko.ssh_exception.NoValidConnectionsError: [Errno None] Unable to connect to port 22 on 10.180.180.200
2025-05-15 10:51:14.779 69743 INFO tempest.lib.common.rest_client [req-96f960f3-933b-4519-bc1b-68aaa4239c57 req-96f960f3-933b-4519-bc1b-68aaa4239c57 ] Request (TenantUsagesNegativeTestJSON:setUpClass): 201 POST http://10.180.1.21/identity/v3/projects 0.096s
2025-05-15 10:51:14.787 69762 INFO tempest.lib.common.rest_client [req-15c501e3-7848-485b-9892-6e90c3c4250f req-15c501e3-7848-485b-9892-6e90c3c4250f ] Request (SecurityGroupRulesNegativeTestJSON:test_create_security_group_rule_with_invalid_to_port): 400 POST http://10.180.1.21/compute/v2.1/os-security-group-rules 2.306s
2025-05-15 10:51:14.793 69777 INFO tempest.lib.common.rest_client [req-30fda633-b2f8-47e5-9701-f96aed68b6fb req-30fda633-b2f8-47e5-9701-f96aed68b6fb ] Request (ServerExternalEventsTest:setUpClass): 201 POST http://10.180.1.21/identity/v3/projects 0.046s
2025-05-15 10:51:14.872 69777 INFO tempest.lib.common.rest_client [req-7e3d9a4f-619e-45ba-ad73-a4d45335b8ba req-7e3d9a4f-619e-45ba-ad73-a4d45335b8ba ] Request (ServerExternalEventsTest:setUpClass): 201 POST http://10.180.1.21/identity/v3/users 0.076s
2025-05-15 10:51:14.873 69743 INFO tempest.lib.common.rest_client [req-e7e5caa5-de66-4f21-9254-417540ea2eee req-e7e5caa5-de66-4f21-9254-417540ea2eee ] Request (TenantUsagesNegativeTestJSON:setUpClass): 201 POST http://10.180.1.21/identity/v3/users 0.092s
2025-05-15 10:51:14.894 69777 INFO tempest.lib.common.rest_client [req-eba610d7-9a4a-44d9-97d0-02b085a0597a req-eba610d7-9a4a-44d9-97d0-02b085a0597a ] Request (ServerExternalEventsTest:setUpClass): 200 GET http://10.180.1.21/identity/v3/roles 0.021s
2025-05-15 10:51:14.895 69743 INFO tempest.lib.common.rest_client [req-607647cc-2a72-4fe3-8cd5-7141eb0b0a96 req-607647cc-2a72-4fe3-8cd5-7141eb0b0a96 ] Request (TenantUsagesNegativeTestJSON:setUpClass): 200 GET http://10.180.1.21/identity/v3/roles 0.021s
2025-05-15 10:51:14.927 69777 INFO tempest.lib.common.rest_client [req-901b209d-79fb-40a8-8d93-c392c20cf1c3 req-901b209d-79fb-40a8-8d93-c392c20cf1c3 ] Request (ServerExternalEventsTest:setUpClass): 204 PUT http://10.180.1.21/identity/v3/projects/d98db7ff0b654ac1ac162e2d1b7e7649/users/f6842ee013d24ee79de298e7ad8f8d31/roles/54cdafa64b4f4f05abd0de6d102faded 0.032s
2025-05-15 10:51:14.928 69743 INFO tempest.lib.common.rest_client [req-6e335b6a-0cdd-4849-ae93-7b2358a4da1b req-6e335b6a-0cdd-4849-ae93-7b2358a4da1b ] Request (TenantUsagesNegativeTestJSON:setUpClass): 204 PUT http://10.180.1.21/identity/v3/projects/0f4134890b0a4dcba642c4bc5504fac6/users/2aec4e55cc384a0f9cd19bdd95fd9f2e/roles/54cdafa64b4f4f05abd0de6d102faded 0.033s
2025-05-15 10:51:14.984 69765 INFO tempest.lib.common.rest_client [req-5c397895-ccf5-4036-8c63-84290955772e req-5c397895-ccf5-4036-8c63-84290955772e ] Request (InstanceActionsNegativeTestJSON:tearDownClass): 200 GET http://10.180.1.21/compute/v2.1/servers/da2b0704-38ab-47ef-855f-0df5ee7fcbae 2.790s
2025-05-15 10:51:14.986 69777 INFO tempest.lib.common.rest_client [req-31079316-192e-4a37-816f-4dfde561fbcb req-31079316-192e-4a37-816f-4dfde561fbcb ] Request (ServerExternalEventsTest:setUpClass): 200 GET http://10.180.1.21/identity/v3/roles 0.058s
2025-05-15 10:51:15.008 69777 INFO tempest.lib.common.rest_client [req-09a84ea0-d13c-4d91-afa0-94cb97039845 req-09a84ea0-d13c-4d91-afa0-94cb97039845 ] Request (ServerExternalEventsTest:setUpClass): 204 PUT http://10.180.1.21/identity/v3/projects/d98db7ff0b654ac1ac162e2d1b7e7649/users/f6842ee013d24ee79de298e7ad8f8d31/roles/54cdafa64b4f4f05abd0de6d102faded 0.021s
2025-05-15 10:51:15.008 69777 INFO tempest.lib.common.dynamic_creds [-] Dynamic test user f6842ee013d24ee79de298e7ad8f8d31 is created with scope project and roles: ['admin']
2025-05-15 10:51:15.008 69777 INFO tempest.lib.common.dynamic_creds [-] Acquired dynamic creds: credentials: Credentials: {'domain_id': 'default', 'domain_name': 'Default', 'username': 'tempest-ServerExternalEventsTest-1221148090-project-admin', 'project_domain_id': 'default', 'project_domain_name': 'Default', 'project_id': 'd98db7ff0b654ac1ac162e2d1b7e7649', 'project_name': 'tempest-ServerExternalEventsTest-1221148090', 'tenant_id': 'd98db7ff0b654ac1ac162e2d1b7e7649', 'tenant_name': 'tempest-ServerExternalEventsTest-1221148090', 'user_domain_id': 'default', 'user_domain_name': 'Default', 'user_id': 'f6842ee013d24ee79de298e7ad8f8d31', 'system': None}, Network: None, Subnet: None, Router: None
2025-05-15 10:51:15.008 69777 INFO tempest.lib.common.dynamic_creds [-] Created isolated network resources for: credentials: Credentials: {'domain_id': 'default', 'domain_name': 'Default', 'username': 'tempest-ServerExternalEventsTest-1221148090-project-admin', 'project_domain_id': 'default', 'project_domain_name': 'Default', 'project_id': 'd98db7ff0b654ac1ac162e2d1b7e7649', 'project_name': 'tempest-ServerExternalEventsTest-1221148090', 'tenant_id': 'd98db7ff0b654ac1ac162e2d1b7e7649', 'tenant_name': 'tempest-ServerExternalEventsTest-1221148090', 'user_domain_id': 'default', 'user_domain_name': 'Default', 'user_id': 'f6842ee013d24ee79de298e7ad8f8d31', 'system': None}, Network: None, Subnet: None, Router: None
2025-05-15 10:51:15.015 69743 INFO tempest.lib.common.rest_client [req-260c1ffa-72e3-4930-94fd-73bc44e1edc8 req-260c1ffa-72e3-4930-94fd-73bc44e1edc8 ] Request (TenantUsagesNegativeTestJSON:setUpClass): 200 GET http://10.180.1.21/identity/v3/roles 0.086s
2025-05-15 10:51:15.050 69733 INFO tempest.lib.common.rest_client [req-b3e79568-ac2d-48c9-903e-9efa1d61caf3 req-b3e79568-ac2d-48c9-903e-9efa1d61caf3 ] Request (ListServersNegativeTestJSON:setUpClass): 200 PUT http://10.180.1.21:9696/networking/v2.0/routers/7e6d5723-2d99-4239-9ff1-c3ec1d1da828/add_router_interface 3.065s
2025-05-15 10:51:15.050 69733 INFO tempest.lib.common.dynamic_creds [-] Created isolated network resources for: credentials: Credentials: {'domain_id': 'default', 'domain_name': 'Default', 'username': 'tempest-ListServersNegativeTestJSON-82792544-project-member', 'project_domain_id': 'default', 'project_domain_name': 'Default', 'project_id': '55ff750f74b0453b93e3fce98aa4a960', 'project_name': 'tempest-ListServersNegativeTestJSON-82792544', 'tenant_id': '55ff750f74b0453b93e3fce98aa4a960', 'tenant_name': 'tempest-ListServersNegativeTestJSON-82792544', 'user_domain_id': 'default', 'user_domain_name': 'Default', 'user_id': '6234d348f6184d7eb782967bdc69d0cd', 'system': None}, Network: {'id': '68a673e7-b30d-4cdf-b8b1-20402cbb8cf4', 'name': 'tempest-ListServersNegativeTestJSON-1343192852-network', 'tenant_id': '55ff750f74b0453b93e3fce98aa4a960', 'admin_state_up': True, 'mtu': 8950, 'status': 'ACTIVE', 'subnets': [], 'shared': False, 'project_id': '55ff750f74b0453b93e3fce98aa4a960', 'port_security_enabled': True, 'router:external': False, 'provider:network_type': 'vlan', 'provider:physical_network': 'default', 'provider:segmentation_id': 764, 'availability_zone_hints': [], 'availability_zones': [], 'ipv4_address_scope': None, 'ipv6_address_scope': None, 'description': '', 'tags': [], 'created_at': '2025-05-15T10:51:09Z', 'updated_at': '2025-05-15T10:51:09Z', 'revision_number': 1}, Subnet: {'id': '94928e12-9217-4a20-9981-98641e063b49', 'name': 'tempest-ListServersNegativeTestJSON-1343192852-subnet', 'tenant_id': '55ff750f74b0453b93e3fce98aa4a960', 'network_id': '68a673e7-b30d-4cdf-b8b1-20402cbb8cf4', 'ip_version': 4, 'subnetpool_id': None, 'enable_dhcp': True, 'ipv6_ra_mode': None, 'ipv6_address_mode': None, 'gateway_ip': '192.168.128.1', 'cidr': '192.168.128.0/28', 'allocation_pools': [{'start': '192.168.128.2', 'end': '192.168.128.14'}], 'host_routes': [], 'dns_nameservers': [], 'description': '', 'router:external': False, 'service_types': [], 'tags': [], 'created_at': '2025-05-15T10:51:09Z', 'updated_at': '2025-05-15T10:51:09Z', 'revision_number': 0, 'project_id': '55ff750f74b0453b93e3fce98aa4a960'}, Router: {'id': '7e6d5723-2d99-4239-9ff1-c3ec1d1da828', 'name': 'tempest-ListServersNegativeTestJSON-1343192852-router', 'tenant_id': '55ff750f74b0453b93e3fce98aa4a960', 'admin_state_up': True, 'status': 'ACTIVE', 'external_gateway_info': {'network_id': 'dc67485c-e46f-4291-976b-fba1c9b6d1ff', 'external_fixed_ips': [{'subnet_id': 'a789b9ac-255a-4882-9ce1-7f8a26643120', 'ip_address': '10.180.180.151'}], 'enable_snat': True}, 'description': '', 'availability_zones': [], 'distributed': False, 'ha': False, 'availability_zone_hints': [], 'routes': [], 'flavor_id': None, 'tags': [], 'created_at': '2025-05-15T10:51:10Z', 'updated_at': '2025-05-15T10:51:11Z', 'revision_number': 2, 'project_id': '55ff750f74b0453b93e3fce98aa4a960'}
2025-05-15 10:51:15.058 69739 INFO tempest.lib.common.rest_client [req-0aaf914e-28d8-46f2-a246-d8624a74ca3d req-0aaf914e-28d8-46f2-a246-d8624a74ca3d ] Request (ServerActionsV293TestJSON:setUpClass): 200 PUT http://10.180.1.21:9696/networking/v2.0/floatingips/49d9b9f4-fa96-4021-b5aa-c65b38f1065b 1.724s
2025-05-15 10:51:15.101 69777 INFO tempest.lib.common.rest_client [req-1ac43b8a-a7d9-4c17-9650-b9c29abb4815 req-1ac43b8a-a7d9-4c17-9650-b9c29abb4815 ] Request (ServerExternalEventsTest:setUpClass): 201 POST http://10.180.1.21/identity/v3/auth/tokens 0.086s
2025-05-15 10:51:15.157 69743 INFO tempest.lib.common.rest_client [req-d738b880-e57f-482c-8b13-7553d9ef502d req-d738b880-e57f-482c-8b13-7553d9ef502d ] Request (TenantUsagesNegativeTestJSON:setUpClass): 204 PUT http://10.180.1.21/identity/v3/projects/0f4134890b0a4dcba642c4bc5504fac6/users/2aec4e55cc384a0f9cd19bdd95fd9f2e/roles/54cdafa64b4f4f05abd0de6d102faded 0.141s
2025-05-15 10:51:15.157 69743 INFO tempest.lib.common.dynamic_creds [-] Dynamic test user 2aec4e55cc384a0f9cd19bdd95fd9f2e is created with scope project and roles: ['admin']
2025-05-15 10:51:15.157 69743 INFO tempest.lib.common.dynamic_creds [-] Acquired dynamic creds: credentials: Credentials: {'domain_id': 'default', 'domain_name': 'Default', 'username': 'tempest-TenantUsagesNegativeTestJSON-151882819-project-admin', 'project_domain_id': 'default', 'project_domain_name': 'Default', 'project_id': '0f4134890b0a4dcba642c4bc5504fac6', 'project_name': 'tempest-TenantUsagesNegativeTestJSON-151882819', 'tenant_id': '0f4134890b0a4dcba642c4bc5504fac6', 'tenant_name': 'tempest-TenantUsagesNegativeTestJSON-151882819', 'user_domain_id': 'default', 'user_domain_name': 'Default', 'user_id': '2aec4e55cc384a0f9cd19bdd95fd9f2e', 'system': None}, Network: None, Subnet: None, Router: None
2025-05-15 10:51:15.158 69721 INFO tempest.lib.common.rest_client [req-234f1d65-3bd8-4896-82f0-fe2f00f6f85b req-234f1d65-3bd8-4896-82f0-fe2f00f6f85b ] Request (ValidationResourcesFixture:setUp): 200 POST http://10.180.1.21/compute/v2.1/os-keypairs 2.206s
2025-05-15 10:51:15.158 69743 INFO tempest.lib.common.dynamic_creds [-] Created isolated network resources for: credentials: Credentials: {'domain_id': 'default', 'domain_name': 'Default', 'username': 'tempest-TenantUsagesNegativeTestJSON-151882819-project-admin', 'project_domain_id': 'default', 'project_domain_name': 'Default', 'project_id': '0f4134890b0a4dcba642c4bc5504fac6', 'project_name': 'tempest-TenantUsagesNegativeTestJSON-151882819', 'tenant_id': '0f4134890b0a4dcba642c4bc5504fac6', 'tenant_name': 'tempest-TenantUsagesNegativeTestJSON-151882819', 'user_domain_id': 'default', 'user_domain_name': 'Default', 'user_id': '2aec4e55cc384a0f9cd19bdd95fd9f2e', 'system': None}, Network: None, Subnet: None, Router: None
2025-05-15 10:51:15.197 69733 INFO tempest.lib.common.rest_client [req-69f3e67f-281b-47f0-8d49-e95ef33ab6a1 req-69f3e67f-281b-47f0-8d49-e95ef33ab6a1 ] Request (ListServersNegativeTestJSON:setUpClass): 201 POST http://10.180.1.21/identity/v3/auth/tokens 0.144s
2025-05-15 10:51:15.238 69777 INFO tempest.lib.common.rest_client [req-bdd74388-eb56-4dd1-9dbc-dd45bd6bc4c0 req-bdd74388-eb56-4dd1-9dbc-dd45bd6bc4c0 ] Request (ServerExternalEventsTest:setUpClass): 201 POST http://10.180.1.21/identity/v3/projects 0.137s
2025-05-15 10:51:15.278 69743 INFO tempest.lib.common.rest_client [req-ba407217-a7c8-4f31-b20b-e08ffea3d122 req-ba407217-a7c8-4f31-b20b-e08ffea3d122 ] Request (TenantUsagesNegativeTestJSON:setUpClass): 201 POST http://10.180.1.21/identity/v3/auth/tokens 0.114s
2025-05-15 10:51:15.286 69779 INFO tempest.lib.common.rest_client [req-a692da15-dee1-4f1d-928d-68f8d2d1d601 req-a692da15-dee1-4f1d-928d-68f8d2d1d601 ] Request (ServersAdminNegativeTestJSON:setUpClass): 200 GET http://10.180.1.21/compute/v2.1/servers/fe5818f2-9edf-41b1-84e0-2e6c1e5a78cb 2.391s
2025-05-15 10:51:15.296 69733 INFO tempest.lib.common.rest_client [req-540921fe-48fc-4e30-9ada-093f2fd7bb99 req-540921fe-48fc-4e30-9ada-093f2fd7bb99 ] Request (ListServersNegativeTestJSON:setUpClass): 201 POST http://10.180.1.21/identity/v3/auth/tokens 0.092s
2025-05-15 10:51:15.296 69733 INFO tempest.lib.common.fixed_network [-] (ListServersNegativeTestJSON:setUpClass) Found network {'id': '68a673e7-b30d-4cdf-b8b1-20402cbb8cf4', 'name': 'tempest-ListServersNegativeTestJSON-1343192852-network', 'tenant_id': '55ff750f74b0453b93e3fce98aa4a960', 'admin_state_up': True, 'mtu': 8950, 'status': 'ACTIVE', 'subnets': [], 'shared': False, 'project_id': '55ff750f74b0453b93e3fce98aa4a960', 'port_security_enabled': True, 'router:external': False, 'provider:network_type': 'vlan', 'provider:physical_network': 'default', 'provider:segmentation_id': 764, 'availability_zone_hints': [], 'availability_zones': [], 'ipv4_address_scope': None, 'ipv6_address_scope': None, 'description': '', 'tags': [], 'created_at': '2025-05-15T10:51:09Z', 'updated_at': '2025-05-15T10:51:09Z', 'revision_number': 1} available for tenant
2025-05-15 10:51:15.301 69779 INFO tempest.common.waiters [-] State transition "BUILD/spawning" ==> "ACTIVE/None" after 23 second wait
2025-05-15 10:51:15.340 69777 INFO tempest.lib.common.rest_client [req-a3453766-f525-4141-bcdd-860ca7644205 req-a3453766-f525-4141-bcdd-860ca7644205 ] Request (ServerExternalEventsTest:setUpClass): 201 POST http://10.180.1.21/identity/v3/users 0.101s
2025-05-15 10:51:15.368 69777 INFO tempest.lib.common.rest_client [req-6182c3a5-a3c2-4879-b279-fe0b29b689ba req-6182c3a5-a3c2-4879-b279-fe0b29b689ba ] Request (ServerExternalEventsTest:setUpClass): 200 GET http://10.180.1.21/identity/v3/roles 0.027s
2025-05-15 10:51:15.397 69721 INFO tempest.lib.common.rest_client [req-f71225db-14bb-448a-8b21-49828feeb468 req-f71225db-14bb-448a-8b21-49828feeb468 ] Request (ValidationResourcesFixture:setUp): 201 POST http://10.180.1.21:9696/networking/v2.0/security-groups 0.237s
2025-05-15 10:51:15.398 69777 INFO tempest.lib.common.rest_client [req-9106bd9e-a87e-4df4-8e17-6f3fe09e99e4 req-9106bd9e-a87e-4df4-8e17-6f3fe09e99e4 ] Request (ServerExternalEventsTest:setUpClass): 204 PUT http://10.180.1.21/identity/v3/projects/4c7dd43340f041528257a4cdfdbb070a/users/cd9856750da44ad5851a5b653a35632b/roles/79b1f48727f646e79fa5999cf97e19a6 0.030s
2025-05-15 10:51:15.411 69741 WARNING tempest.lib.common.ssh [-] Failed to establish authenticated ssh connection to cirros@10.180.180.206 ([Errno None] Unable to connect to port 22 on 10.180.180.206). Number attempts: 1. Retry after 2 seconds.: paramiko.ssh_exception.NoValidConnectionsError: [Errno None] Unable to connect to port 22 on 10.180.180.206
2025-05-15 10:51:15.412 69770 INFO tempest.lib.common.rest_client [req-a1b44b63-47ab-4177-a08b-68c6794d0831 req-a1b44b63-47ab-4177-a08b-68c6794d0831 ] Request (AttachInterfacesTestJSON:test_create_list_show_delete_interfaces_by_fixed_ip): 200 GET http://10.180.1.21/compute/v2.1/servers/c1dc8ac0-7716-40ef-ae8e-7d38abeae12c 2.333s
2025-05-15 10:51:15.435 69759 INFO tempest.lib.common.rest_client [req-20c8821d-d4fe-474f-9129-94fe84990227 req-20c8821d-d4fe-474f-9129-94fe84990227 ] Request (ImagesNegativeTestJSON:test_create_image_from_deleted_server): 404 POST http://10.180.1.21/compute/v2.1/servers/03b06284-6fa8-49c1-a1f1-b9fe046c60a6/action 2.314s
2025-05-15 10:51:15.440 69723 INFO tempest.lib.common.rest_client [req-4b16df93-cfb8-4861-94ec-d8be7317df9d req-4b16df93-cfb8-4861-94ec-d8be7317df9d ] Request (ServerRescueTestJSONUnderV235:setUpClass): 200 PUT http://10.180.1.21:9696/networking/v2.0/routers/1fa1db40-e2a5-4fbf-ac3e-b497672b0776/add_router_interface 4.595s
2025-05-15 10:51:15.440 69723 INFO tempest.lib.common.dynamic_creds [-] Created isolated network resources for: credentials: Credentials: {'domain_id': 'default', 'domain_name': 'Default', 'username': 'tempest-ServerRescueTestJSONUnderV235-661422964-project-member', 'project_domain_id': 'default', 'project_domain_name': 'Default', 'project_id': 'a53443eb7f944f469243b44cdb5568d9', 'project_name': 'tempest-ServerRescueTestJSONUnderV235-661422964', 'tenant_id': 'a53443eb7f944f469243b44cdb5568d9', 'tenant_name': 'tempest-ServerRescueTestJSONUnderV235-661422964', 'user_domain_id': 'default', 'user_domain_name': 'Default', 'user_id': '9afe9629d14b449d82a3e6c737400bf7', 'system': None}, Network: {'id': '75871856-e2a9-4974-832a-a3bf28ca40fc', 'name': 'tempest-ServerRescueTestJSONUnderV235-1930972817-network', 'tenant_id': 'a53443eb7f944f469243b44cdb5568d9', 'admin_state_up': True, 'mtu': 8950, 'status': 'ACTIVE', 'subnets': [], 'shared': False, 'project_id': 'a53443eb7f944f469243b44cdb5568d9', 'port_security_enabled': True, 'router:external': False, 'provider:network_type': 'vlan', 'provider:physical_network': 'default', 'provider:segmentation_id': 595, 'availability_zone_hints': [], 'availability_zones': [], 'ipv4_address_scope': None, 'ipv6_address_scope': None, 'description': '', 'tags': [], 'created_at': '2025-05-15T10:51:07Z', 'updated_at': '2025-05-15T10:51:07Z', 'revision_number': 1}, Subnet: {'id': 'e9c6840b-667a-404e-835d-8d47df7c4042', 'name': 'tempest-ServerRescueTestJSONUnderV235-1930972817-subnet', 'tenant_id': 'a53443eb7f944f469243b44cdb5568d9', 'network_id': '75871856-e2a9-4974-832a-a3bf28ca40fc', 'ip_version': 4, 'subnetpool_id': None, 'enable_dhcp': False, 'ipv6_ra_mode': None, 'ipv6_address_mode': None, 'gateway_ip': '192.168.128.1', 'cidr': '192.168.128.0/28', 'allocation_pools': [{'start': '192.168.128.2', 'end': '192.168.128.14'}], 'host_routes': [], 'dns_nameservers': [], 'description': '', 'router:external': False, 'service_types': [], 'tags': [], 'created_at': '2025-05-15T10:51:07Z', 'updated_at': '2025-05-15T10:51:07Z', 'revision_number': 0, 'project_id': 'a53443eb7f944f469243b44cdb5568d9'}, Router: {'id': '1fa1db40-e2a5-4fbf-ac3e-b497672b0776', 'name': 'tempest-ServerRescueTestJSONUnderV235-1930972817-router', 'tenant_id': 'a53443eb7f944f469243b44cdb5568d9', 'admin_state_up': True, 'status': 'ACTIVE', 'external_gateway_info': {'network_id': 'dc67485c-e46f-4291-976b-fba1c9b6d1ff', 'external_fixed_ips': [{'subnet_id': 'a789b9ac-255a-4882-9ce1-7f8a26643120', 'ip_address': '10.180.180.214'}], 'enable_snat': True}, 'description': '', 'availability_zones': [], 'distributed': False, 'ha': False, 'availability_zone_hints': [], 'routes': [], 'flavor_id': None, 'tags': [], 'created_at': '2025-05-15T10:51:08Z', 'updated_at': '2025-05-15T10:51:09Z', 'revision_number': 2, 'project_id': 'a53443eb7f944f469243b44cdb5568d9'}
2025-05-15 10:51:15.454 69751 INFO tempest.lib.common.rest_client [req-45d45fba-c839-4fd3-87f0-fe8f0dc696ed req-45d45fba-c839-4fd3-87f0-fe8f0dc696ed ] Request (FlavorsAdminTestJSON:test_is_public_string_variations): 200 GET http://10.180.1.21/compute/v2.1/flavors/detail?is_public=false 2.110s
2025-05-15 10:51:15.466 69777 INFO tempest.lib.common.rest_client [req-872a609d-d47c-4d29-bb8d-fa53ff326de2 req-872a609d-d47c-4d29-bb8d-fa53ff326de2 ] Request (ServerExternalEventsTest:setUpClass): 200 GET http://10.180.1.21/identity/v3/roles 0.067s
2025-05-15 10:51:15.500 69777 INFO tempest.lib.common.rest_client [req-30122681-f7ed-43cb-a6af-0299a50674d3 req-30122681-f7ed-43cb-a6af-0299a50674d3 ] Request (ServerExternalEventsTest:setUpClass): 204 PUT http://10.180.1.21/identity/v3/projects/4c7dd43340f041528257a4cdfdbb070a/users/cd9856750da44ad5851a5b653a35632b/roles/54cdafa64b4f4f05abd0de6d102faded 0.033s
2025-05-15 10:51:15.501 69777 INFO tempest.lib.common.dynamic_creds [-] Dynamic test user cd9856750da44ad5851a5b653a35632b is created with scope project and roles: ['service', 'admin']
2025-05-15 10:51:15.501 69777 INFO tempest.lib.common.dynamic_creds [-] Acquired dynamic creds: credentials: Credentials: {'domain_id': 'default', 'domain_name': 'Default', 'username': 'tempest-ServerExternalEventsTest-462654027-project', 'project_domain_id': 'default', 'project_domain_name': 'Default', 'project_id': '4c7dd43340f041528257a4cdfdbb070a', 'project_name': 'tempest-ServerExternalEventsTest-462654027', 'tenant_id': '4c7dd43340f041528257a4cdfdbb070a', 'tenant_name': 'tempest-ServerExternalEventsTest-462654027', 'user_domain_id': 'default', 'user_domain_name': 'Default', 'user_id': 'cd9856750da44ad5851a5b653a35632b', 'system': None}, Network: None, Subnet: None, Router: None
2025-05-15 10:51:15.501 69777 INFO tempest.lib.common.dynamic_creds [-] Created isolated network resources for: credentials: Credentials: {'domain_id': 'default', 'domain_name': 'Default', 'username': 'tempest-ServerExternalEventsTest-462654027-project', 'project_domain_id': 'default', 'project_domain_name': 'Default', 'project_id': '4c7dd43340f041528257a4cdfdbb070a', 'project_name': 'tempest-ServerExternalEventsTest-462654027', 'tenant_id': '4c7dd43340f041528257a4cdfdbb070a', 'tenant_name': 'tempest-ServerExternalEventsTest-462654027', 'user_domain_id': 'default', 'user_domain_name': 'Default', 'user_id': 'cd9856750da44ad5851a5b653a35632b', 'system': None}, Network: None, Subnet: None, Router: None
2025-05-15 10:51:15.542 69721 INFO tempest.lib.common.rest_client [req-d24da560-ab8f-4a03-a00c-30729570ecf8 req-d24da560-ab8f-4a03-a00c-30729570ecf8 ] Request (ValidationResourcesFixture:setUp): 201 POST http://10.180.1.21:9696/networking/v2.0/security-group-rules 0.145s
2025-05-15 10:51:15.545 69773 INFO tempest.lib.common.rest_client [req-cf2b5d39-d6ae-49a1-909d-db860efc514b req-cf2b5d39-d6ae-49a1-909d-db860efc514b ] Request (ImagesMetadataTestJSON:setUp): 200 PUT http://10.180.1.21/compute/v2.1/images/43781f9c-6137-4922-bd94-509de4676181/metadata 2.447s
2025-05-15 10:51:15.563 69723 INFO tempest.lib.common.rest_client [req-b2c9eac2-565c-4875-a9e9-f57800b65f4b req-b2c9eac2-565c-4875-a9e9-f57800b65f4b ] Request (ServerRescueTestJSONUnderV235:setUpClass): 201 POST http://10.180.1.21/identity/v3/auth/tokens 0.116s
2025-05-15 10:51:15.600 69745 INFO tempest.lib.common.rest_client [req-51b7bc70-9493-4bbb-bbf8-4233934be92f req-51b7bc70-9493-4bbb-bbf8-4233934be92f ] Request (ListImageFiltersTestJSON:setUpClass): 200 GET http://10.180.1.21/compute/v2.1/servers/7003cf16-e687-4358-80f1-6b5854d5df96 1.903s
2025-05-15 10:51:15.617 69777 INFO tempest.lib.common.rest_client [req-3efe3b7c-1ac0-4bfa-8dda-044eecff9e57 req-3efe3b7c-1ac0-4bfa-8dda-044eecff9e57 ] Request (ServerExternalEventsTest:setUpClass): 201 POST http://10.180.1.21/identity/v3/auth/tokens 0.113s
2025-05-15 10:51:15.618 69745 INFO tempest.common.waiters [-] State transition "BUILD/spawning" ==> "ACTIVE/None" after 21 second wait
2025-05-15 10:51:15.626 69775 INFO tempest.lib.common.rest_client [req-1fcb4367-028f-4de7-a8d9-ecdc67e6b27d req-1fcb4367-028f-4de7-a8d9-ecdc67e6b27d ] Request (AttachVolumeNegativeTest:test_attach_attached_volume_to_different_server): 200 GET http://10.180.1.21/compute/v2.1/servers/11028ce0-73e3-483a-bd01-62cfd5713954 1.745s
2025-05-15 10:51:15.631 69723 INFO tempest.lib.common.rest_client [req-3d943bc7-1764-439a-8d21-4282b16ea7fc req-3d943bc7-1764-439a-8d21-4282b16ea7fc ] Request (ServerRescueTestJSONUnderV235:setUpClass): 201 POST http://10.180.1.21/identity/v3/auth/tokens 0.062s
2025-05-15 10:51:15.632 69723 INFO tempest.lib.common.fixed_network [-] (ServerRescueTestJSONUnderV235:setUpClass) Found network {'id': '75871856-e2a9-4974-832a-a3bf28ca40fc', 'name': 'tempest-ServerRescueTestJSONUnderV235-1930972817-network', 'tenant_id': 'a53443eb7f944f469243b44cdb5568d9', 'admin_state_up': True, 'mtu': 8950, 'status': 'ACTIVE', 'subnets': [], 'shared': False, 'project_id': 'a53443eb7f944f469243b44cdb5568d9', 'port_security_enabled': True, 'router:external': False, 'provider:network_type': 'vlan', 'provider:physical_network': 'default', 'provider:segmentation_id': 595, 'availability_zone_hints': [], 'availability_zones': [], 'ipv4_address_scope': None, 'ipv6_address_scope': None, 'description': '', 'tags': [], 'created_at': '2025-05-15T10:51:07Z', 'updated_at': '2025-05-15T10:51:07Z', 'revision_number': 1} available for tenant
2025-05-15 10:51:15.683 69721 INFO tempest.lib.common.rest_client [req-03d38fc0-97f5-4094-9f2d-e332340d9ba6 req-03d38fc0-97f5-4094-9f2d-e332340d9ba6 ] Request (ValidationResourcesFixture:setUp): 201 POST http://10.180.1.21:9696/networking/v2.0/security-group-rules 0.140s
2025-05-15 10:51:15.716 69777 INFO tempest.lib.common.rest_client [req-fd5a08d1-ae88-45db-adc9-0873103dccba req-fd5a08d1-ae88-45db-adc9-0873103dccba ] Request (ServerExternalEventsTest:test_create_server_external_events): 201 POST http://10.180.1.21/identity/v3/auth/tokens 0.093s
2025-05-15 10:51:15.717 69777 INFO tempest.lib.common.fixed_network [-] (ServerExternalEventsTest:test_create_server_external_events) Found network None available for tenant
2025-05-15 10:51:15.720 69719 INFO tempest.lib.common.rest_client [req-3489e84c-9333-424b-b417-42f9ba1d0aba req-3489e84c-9333-424b-b417-42f9ba1d0aba ] Request (AttachVolumeShelveTestJSON:setUpClass): 201 POST http://10.180.1.21:9696/networking/v2.0/routers 2.680s
2025-05-15 10:51:15.735 69735 INFO tempest.lib.common.rest_client [req-a13db4cf-c4ac-4b10-b4c2-aead57d150ba req-a13db4cf-c4ac-4b10-b4c2-aead57d150ba ] Request (ServersTestManualDisk:setUpClass): 200 GET http://10.180.1.21/compute/v2.1/servers/6f6bf764-5ab6-454b-b0b2-b9c0a213e60c 1.759s
2025-05-15 10:51:15.830 69753 INFO tempest.lib.common.rest_client [req-08fbce00-bcbe-4ab9-a348-ef779571ff85 req-08fbce00-bcbe-4ab9-a348-ef779571ff85 ] Request (SecurityGroupsTestJSON:setUpClass): 201 POST http://10.180.1.21:9696/networking/v2.0/routers 2.178s
2025-05-15 10:51:15.841 69771 INFO tempest.lib.common.rest_client [req-44bbdcd7-594d-4cb0-8a42-4e1d59423d91 req-44bbdcd7-594d-4cb0-8a42-4e1d59423d91 ] Request (MigrationsAdminTest:test_list_migrations_in_flavor_resize_situation): 200 GET http://10.180.1.21/compute/v2.1/servers/2068b009-a493-4a97-adb2-bf90e6d71c12 1.898s
2025-05-15 10:51:15.957 69725 INFO tempest.lib.common.rest_client [req-ca19fe76-3f6e-45dc-a3e4-07953d075f6b req-ca19fe76-3f6e-45dc-a3e4-07953d075f6b ] Request (DeleteServersAdminTestJSON:test_admin_delete_servers_of_others): 200 GET http://10.180.1.21/compute/v2.1/servers/3b6c310f-7ba1-448c-9989-5c1cd63cdeb1 1.900s
2025-05-15 10:51:16.062 69755 INFO tempest.lib.common.rest_client [req-698f9f64-f219-4d21-b14c-810bd1a86a01 req-698f9f64-f219-4d21-b14c-810bd1a86a01 ] Request (ServersV294TestFqdnHostnames:setUpClass): 200 GET http://10.180.1.21/compute/v2.1/servers/57397a3c-2115-461c-93fe-0f8baf4484af 1.951s
2025-05-15 10:51:16.065 69763 INFO tempest.lib.common.rest_client [req-db211839-5881-402a-8e3e-63d4d3c56434 req-db211839-5881-402a-8e3e-63d4d3c56434 ] Request (SecurityGroupRulesTestJSON:test_security_group_rules_delete_when_peer_group_deleted): 202 DELETE http://10.180.1.21/compute/v2.1/os-security-groups/923a7f02-e736-42de-8abe-2cf8d806009c 2.024s
2025-05-15 10:51:16.145 69749 INFO tempest.lib.common.rest_client [req-4e2fcf6c-5680-4fd8-8061-8c8a4a26ce96 req-4e2fcf6c-5680-4fd8-8061-8c8a4a26ce96 ] Request (ServersAdminTestJSON:setUpClass): 200 GET http://10.180.1.21/compute/v2.1/servers/a69aa834-a200-486e-9922-61018ae10f90 1.923s
2025-05-15 10:51:16.233 69737 INFO tempest.lib.common.rest_client [req-0abfd90f-5562-4e38-983b-d8b429b29571 req-0abfd90f-5562-4e38-983b-d8b429b29571 ] Request (TenantUsagesTestJSON:setUpClass): 200 GET http://10.180.1.21/compute/v2.1/servers/d9ae2163-ba21-47c0-9c10-d9cd35fb00f6 1.903s
2025-05-15 10:51:16.322 69781 INFO tempest.lib.common.rest_client [req-3f4091a7-b383-439f-b697-f33af2de7528 req-3f4091a7-b383-439f-b697-f33af2de7528 ] Request (FloatingIPsAssociationTestJSON:setUpClass): 200 GET http://10.180.1.21/compute/v2.1/servers/97eda364-701c-4a37-b3b8-9e399dad5fd5 1.920s
2025-05-15 10:51:16.375 69729 INFO tempest.lib.common.rest_client [req-c4c2afe5-7cbb-4af5-b00c-46331c5d15bf req-c4c2afe5-7cbb-4af5-b00c-46331c5d15bf ] Request (AbsoluteLimitsNegativeTestJSON:test_max_metadata_exceed_limit): 403 POST http://10.180.1.21/compute/v2.1/servers 2.058s
2025-05-15 10:51:16.383 69762 INFO tempest.lib.common.rest_client [req-8563dd67-2cee-4888-ba2b-e6f4f9d8677f req-8563dd67-2cee-4888-ba2b-e6f4f9d8677f ] Request (SecurityGroupRulesNegativeTestJSON:test_create_security_group_rule_with_non_existent_id): 404 POST http://10.180.1.21/compute/v2.1/os-security-group-rules 1.594s
2025-05-15 10:51:16.478 69767 WARNING tempest.lib.common.ssh [-] Failed to establish authenticated ssh connection to cirros@10.180.180.147 ([Errno None] Unable to connect to port 22 on 10.180.180.147). Number attempts: 3. Retry after 4 seconds.: paramiko.ssh_exception.NoValidConnectionsError: [Errno None] Unable to connect to port 22 on 10.180.180.147
