2025-04-03 10:36:36.449 69886 INFO tempest.lib.common.rest_client [req-d5429c32-7ab3-4f64-9100-a4dd424d0e03 req-d5429c32-7ab3-4f64-9100-a4dd424d0e03 ] Request (ServerActionsTestOtherA:setUpClass): 201 POST http://10.180.1.21:9696/networking/v2.0/security-group-rules 0.204s
2025-04-03 10:36:36.455 69830 INFO tempest.lib.common.rest_client [req-74d24ac1-f2ce-4486-a4f5-e478f71c03bf req-74d24ac1-f2ce-4486-a4f5-e478f71c03bf ] Request (ImagesNegativeTestJSON:test_create_image_from_deleted_server): 200 GET http://10.180.1.21/compute/v2.1/servers/50b06b01-5d51-4d98-b148-ebc6d28b78fe 1.090s
2025-04-03 10:36:36.455 69842 INFO tempest.lib.common.rest_client [req-abe04797-eb07-49ea-ba97-cf918906b24e req-abe04797-eb07-49ea-ba97-cf918906b24e ] Request (ServerGroupTestJSON:test_create_delete_server_group_with_affinity_policy): 200 POST http://10.180.1.21/compute/v2.1/os-server-groups 1.008s
2025-04-03 10:36:36.487 69826 INFO tempest.lib.common.rest_client [req-031292bb-fe63-4ccf-92fe-31d39caed097 req-031292bb-fe63-4ccf-92fe-31d39caed097 ] Request (ImagesMetadataNegativeTestJSON:setUpClass): 201 POST http://10.180.1.21/identity/v3/auth/tokens 0.045s
2025-04-03 10:36:36.488 69854 INFO tempest.lib.common.rest_client [req-ec064f03-74e6-4e6f-9c3c-332b789dbb2e req-ec064f03-74e6-4e6f-9c3c-332b789dbb2e ] Request (ImagesMetadataTestJSON:test_list_image_metadata): 200 GET http://10.180.1.21/compute/v2.1/images/a1c6cc88-48ce-4dac-98f1-2185f62b071e/metadata 1.026s
2025-04-03 10:36:36.494 69834 INFO tempest.lib.common.rest_client [req-1aaacab3-9af6-4f5b-8c14-ef1df5c9f169 req-1aaacab3-9af6-4f5b-8c14-ef1df5c9f169 ] Request (AggregatesAdminNegativeTestJSON:test_aggregate_remove_host_as_user): 403 POST http://10.180.1.21/compute/v2.1/os-aggregates/7/action 0.925s
2025-04-03 10:36:36.515 69826 INFO tempest.lib.common.rest_client [req-4fc8a17b-5c06-48ee-ba43-2f78976fc0a3 req-4fc8a17b-5c06-48ee-ba43-2f78976fc0a3 ] Request (ImagesMetadataNegativeTestJSON:setUpClass): 200 GET http://10.180.1.21/identity/v3/domains?name=Default 0.028s
2025-04-03 10:36:36.525 69846 INFO tempest.lib.common.rest_client [req-01fa15d9-7ae4-4f78-919e-8adf6f2b9265 req-01fa15d9-7ae4-4f78-919e-8adf6f2b9265 ] Request (ServerPasswordTestJSON:setUpClass): 200 GET http://10.180.1.21/compute/v2.1/servers/dd446be4-4742-446e-b692-8064b7ddbf9f 0.979s
2025-04-03 10:36:36.532 69846 INFO tempest.common.waiters [-] State transition "BUILD/scheduling" ==> "BUILD/None" after 18 second wait
2025-04-03 10:36:36.541 69880 INFO tempest.lib.common.rest_client [req-cd905d42-0091-41dc-8566-2aac421353bb req-cd905d42-0091-41dc-8566-2aac421353bb ] Request (FlavorsV2TestJSON:test_list_flavors_with_detail): 200 GET http://10.180.1.21/compute/v2.1/flavors/42 0.765s
2025-04-03 10:36:36.543 69826 INFO tempest.lib.common.rest_client [req-8a739650-f1d8-4b72-9aa4-4644f53d3789 req-8a739650-f1d8-4b72-9aa4-4644f53d3789 ] Request (ImagesMetadataNegativeTestJSON:setUpClass): 201 POST http://10.180.1.21/identity/v3/projects 0.027s
2025-04-03 10:36:36.610 69866 INFO tempest.lib.common.rest_client [req-6fdbefbd-f1bb-4346-bdd5-ecc588f3a045 req-6fdbefbd-f1bb-4346-bdd5-ecc588f3a045 ] Request (FloatingIPsAssociationTestJSON:setUpClass): 200 GET http://10.180.1.21/compute/v2.1/servers/ece644b7-8ddc-41b1-8925-cf431a09dd55 0.824s
2025-04-03 10:36:36.612 69826 INFO tempest.lib.common.rest_client [req-09486240-dca0-40a7-83cf-36e13c0b9717 req-09486240-dca0-40a7-83cf-36e13c0b9717 ] Request (ImagesMetadataNegativeTestJSON:setUpClass): 201 POST http://10.180.1.21/identity/v3/users 0.068s
2025-04-03 10:36:36.661 69879 INFO tempest.lib.common.rest_client [req-694b23de-0293-43d5-a6ee-59b9dc3a4a4a req-694b23de-0293-43d5-a6ee-59b9dc3a4a4a ] Request (ImagesTestJSON:test_create_image_from_stopped_server): 200 GET http://10.180.1.21/compute/v2.1/images/eabb152f-7f1e-40a4-9b8e-5510003c66f4 0.847s
2025-04-03 10:36:36.675 69826 INFO tempest.lib.common.rest_client [req-f6f186bb-9136-483f-986f-cbe4ccbbe0f1 req-f6f186bb-9136-483f-986f-cbe4ccbbe0f1 ] Request (ImagesMetadataNegativeTestJSON:setUpClass): 200 GET http://10.180.1.21/identity/v3/roles 0.063s
2025-04-03 10:36:36.677 69868 INFO tempest.lib.common.rest_client [req-5ba03e19-e79b-4dbc-97a0-9fc5cdea39a4 req-5ba03e19-e79b-4dbc-97a0-9fc5cdea39a4 ] Request (AttachInterfacesUnderV243Test:setUpClass): 201 POST http://10.180.1.21:9696/networking/v2.0/routers 1.208s
2025-04-03 10:36:36.754 69826 INFO tempest.lib.common.rest_client [req-d327d188-00e5-472f-82d8-aab46b04b586 req-d327d188-00e5-472f-82d8-aab46b04b586 ] Request (ImagesMetadataNegativeTestJSON:setUpClass): 204 PUT http://10.180.1.21/identity/v3/projects/b7dd884a3910491aaa097400bfb7d5a3/users/69484f0b3d68426caae6a3ef9d8ff5c7/roles/1db800b8c8e64f3cad1ff79f46651bdb 0.078s
2025-04-03 10:36:36.754 69826 INFO tempest.lib.common.dynamic_creds [-] Dynamic test user 69484f0b3d68426caae6a3ef9d8ff5c7 is created with scope project and roles: ['member']
2025-04-03 10:36:36.755 69826 INFO tempest.lib.common.dynamic_creds [-] Acquired dynamic creds: credentials: Credentials: {'domain_id': 'default', 'domain_name': 'Default', 'username': 'tempest-ImagesMetadataNegativeTestJSON-647972827-project-member', 'project_domain_id': 'default', 'project_domain_name': 'Default', 'project_id': 'b7dd884a3910491aaa097400bfb7d5a3', 'project_name': 'tempest-ImagesMetadataNegativeTestJSON-647972827', 'tenant_id': 'b7dd884a3910491aaa097400bfb7d5a3', 'tenant_name': 'tempest-ImagesMetadataNegativeTestJSON-647972827', 'user_domain_id': 'default', 'user_domain_name': 'Default', 'user_id': '69484f0b3d68426caae6a3ef9d8ff5c7', 'system': None}, Network: None, Subnet: None, Router: None
2025-04-03 10:36:36.755 69826 INFO tempest.lib.common.dynamic_creds [-] Created isolated network resources for: credentials: Credentials: {'domain_id': 'default', 'domain_name': 'Default', 'username': 'tempest-ImagesMetadataNegativeTestJSON-647972827-project-member', 'project_domain_id': 'default', 'project_domain_name': 'Default', 'project_id': 'b7dd884a3910491aaa097400bfb7d5a3', 'project_name': 'tempest-ImagesMetadataNegativeTestJSON-647972827', 'tenant_id': 'b7dd884a3910491aaa097400bfb7d5a3', 'tenant_name': 'tempest-ImagesMetadataNegativeTestJSON-647972827', 'user_domain_id': 'default', 'user_domain_name': 'Default', 'user_id': '69484f0b3d68426caae6a3ef9d8ff5c7', 'system': None}, Network: None, Subnet: None, Router: None
2025-04-03 10:36:36.762 69840 INFO tempest.lib.common.rest_client [req-01064488-49e2-4518-bf68-1ddef84b8d08 req-01064488-49e2-4518-bf68-1ddef84b8d08 ] Request (MigrationsAdminTest:test_list_migrations_in_flavor_resize_situation): 200 GET http://10.180.1.21/compute/v2.1/servers/641c34b8-2560-464b-88eb-6e61f2775493 1.029s
2025-04-03 10:36:36.781 69857 INFO tempest.lib.common.rest_client [req-b14c554a-ef9e-4300-ba55-324ebec108e6 req-b14c554a-ef9e-4300-ba55-324ebec108e6 ] Request (FloatingIPsAssociationNegativeTestJSON:setUpClass): 200 GET http://10.180.1.21/compute/v2.1/servers/681d9cc1-a5cd-4341-b87c-736ff44faef3 0.952s
2025-04-03 10:36:36.849 69880 INFO tempest.lib.common.rest_client [req-7ed182b7-386f-4f3c-a09b-2fc5267c2b24 req-7ed182b7-386f-4f3c-a09b-2fc5267c2b24 ] Request (FlavorsV2TestJSON:tearDownClass): 204 DELETE http://10.180.1.21/identity/v3/users/8a29ca2f093f4635a2cbf412ea249634 0.303s
2025-04-03 10:36:36.849 69880 INFO tempest.lib.common.dynamic_creds [-] Deleting project and security group for project: ccbc44497485464cbe9f5fb8b7cd76c5
2025-04-03 10:36:36.934 69826 INFO tempest.lib.common.rest_client [req-28358e89-75df-4544-94a0-ffa8736467f9 req-28358e89-75df-4544-94a0-ffa8736467f9 ] Request (ImagesMetadataNegativeTestJSON:setUpClass): 201 POST http://10.180.1.21/identity/v3/auth/tokens 0.172s
2025-04-03 10:36:36.932 69864 INFO tempest.lib.common.rest_client [req-b138e765-80ac-4c3e-9fc7-545bef5045ba req-b138e765-80ac-4c3e-9fc7-545bef5045ba ] Request (ServersAdminTestJSON:setUpClass): 200 GET http://10.180.1.21/compute/v2.1/servers/9d274c37-1cf5-4545-b94e-ea7b442cf591 1.043s
2025-04-03 10:36:36.969 69848 INFO tempest.lib.common.rest_client [req-57a0c8f6-a006-45fb-abfa-ffd8ede8a537 req-57a0c8f6-a006-45fb-abfa-ffd8ede8a537 ] Request (QuotaClassesAdminTestJSON:test_update_default_quotas): 200 PUT http://10.180.1.21/compute/v2.1/os-quota-class-sets/default 1.079s
2025-04-03 10:36:36.983 69880 INFO tempest.lib.common.rest_client [req-89b73036-1c82-440b-a711-28bf3bc7a6dd req-89b73036-1c82-440b-a711-28bf3bc7a6dd ] Request (FlavorsV2TestJSON:tearDownClass): 201 POST http://10.180.1.21/identity/v3/auth/tokens 0.133s
2025-04-03 10:36:36.985 69872 INFO tempest.lib.common.rest_client [req-9de571fe-2a1e-4790-a07f-9376a42a8e09 req-9de571fe-2a1e-4790-a07f-9376a42a8e09 ] Request (FlavorsAdminTestJSON:test_is_public_string_variations): 200 GET http://10.180.1.21/compute/v2.1/flavors/detail?is_public=0 1.081s
2025-04-03 10:36:37.033 69832 INFO tempest.lib.common.rest_client [req-efa877b5-b940-4b24-9dc2-a9162e3a9187 req-efa877b5-b940-4b24-9dc2-a9162e3a9187 ] Request (AttachInterfacesV270Test:test_create_get_list_interfaces): 200 GET http://10.180.1.21/compute/v2.1/servers/08443e88-21f9-4f66-8994-d8af6d544309 1.132s
2025-04-03 10:36:37.074 69870 INFO tempest.lib.common.rest_client [req-4ab3cf27-11be-4fb1-bcb7-de009f84f2dc req-4ab3cf27-11be-4fb1-bcb7-de009f84f2dc ] Request (MultipleCreateTestJSON:test_multiple_create): 200 GET http://10.180.1.21/compute/v2.1/servers/2268a6a7-acbf-4df5-9755-21e1612399f0 1.118s
2025-04-03 10:36:37.171 69862 INFO tempest.lib.common.rest_client [req-7e2bd959-1de0-48d1-b971-601b96188351 req-7e2bd959-1de0-48d1-b971-601b96188351 ] Request (VolumesAssistedSnapshotsTest:test_volume_assisted_snapshot_create_delete): 200 GET http://10.180.1.21/compute/v2.1/servers/be8ac0d5-bb6e-4460-ba21-b70b973e496b/os-interface 1.120s
2025-04-03 10:36:37.243 69824 INFO tempest.lib.common.rest_client [req-48cd4110-2992-4c39-a269-7da673715361 req-48cd4110-2992-4c39-a269-7da673715361 ] Request (TenantUsagesTestJSON:setUpClass): 200 GET http://10.180.1.21/compute/v2.1/servers/abda8eec-b811-493c-b1cc-bb5c2c351083 1.220s
2025-04-03 10:36:37.252 69824 INFO tempest.common.waiters [-] State transition "BUILD/None" ==> "BUILD/block_device_mapping" after 20 second wait
2025-04-03 10:36:37.328 69860 INFO tempest.lib.common.rest_client [req-15ab409d-a2fb-4b9e-ad4e-00831cf8bb19 req-15ab409d-a2fb-4b9e-ad4e-00831cf8bb19 ] Request (ServerExternalEventsTest:test_create_server_external_events): 200 GET http://10.180.1.21/compute/v2.1/servers/f872aae0-26dd-4099-aef7-910bbe554df9 1.229s
2025-04-03 10:36:37.341 69860 INFO tempest.common.waiters [-] State transition "BUILD/scheduling" ==> "BUILD/None" after 18 second wait
2025-04-03 10:36:37.365 69880 INFO tempest.lib.common.rest_client [req-36eea430-a8ef-48c2-8bf3-d47236f03207 req-36eea430-a8ef-48c2-8bf3-d47236f03207 ] Request (FlavorsV2TestJSON:tearDownClass): 200 GET http://10.180.1.21:9696/networking/v2.0/security-groups?tenant_id=ccbc44497485464cbe9f5fb8b7cd76c5&name=default 0.381s
2025-04-03 10:36:37.393 69844 INFO tempest.lib.common.rest_client [req-f17606d1-71fb-4dbb-9683-ccf34de93a4c req-f17606d1-71fb-4dbb-9683-ccf34de93a4c ] Request (SecurityGroupsTestJSON:test_list_security_groups_by_server): 200 GET http://10.180.1.21/compute/v2.1/servers/54366b5d-6ffa-4094-8b77-259668b00cc7 1.239s
2025-04-03 10:36:37.425 69828 INFO tempest.lib.common.rest_client [req-ccc0da94-fc44-48fe-81ec-4cab07749aad req-ccc0da94-fc44-48fe-81ec-4cab07749aad ] Request (ListImageFiltersTestJSON:setUpClass): 200 GET http://10.180.1.21/compute/v2.1/servers/9c4c4fa9-2bc6-4394-bc81-4443a52b50b1 1.352s
2025-04-03 10:36:37.441 69886 INFO tempest.lib.common.rest_client [req-99395a87-b72a-4ac7-b25e-1b41f88ea861 req-99395a87-b72a-4ac7-b25e-1b41f88ea861 ] Request (ServerActionsTestOtherA:setUpClass): 201 POST http://10.180.1.21:9696/networking/v2.0/floatingips 0.991s
2025-04-03 10:36:37.477 69852 INFO tempest.lib.common.rest_client [req-250bbb4e-7a0a-4196-9598-d5bff2a9e85f req-250bbb4e-7a0a-4196-9598-d5bff2a9e85f ] Request (DeleteServersAdminTestJSON:test_admin_delete_servers_of_others): 200 GET http://10.180.1.21/compute/v2.1/servers/c233b1d7-033a-4205-811a-ed51d821e0e9 1.241s
2025-04-03 10:36:37.486 69838 INFO tempest.lib.common.rest_client [req-d64ab50f-2b4c-4173-a64c-cde6984dcdde req-d64ab50f-2b4c-4173-a64c-cde6984dcdde ] Request (QuotasAdminNegativeTest:test_update_quota_normal_user): 403 PUT http://10.180.1.21/compute/v2.1/os-quota-sets/50ba6f3fa8b244a68281f8800f30fdc2 1.119s
2025-04-03 10:36:37.489 69880 INFO tempest.lib.common.rest_client [req-a0faabe2-77fc-4ea8-bf7d-989c987ac68f req-a0faabe2-77fc-4ea8-bf7d-989c987ac68f ] Request (FlavorsV2TestJSON:tearDownClass): 204 DELETE http://10.180.1.21:9696/networking/v2.0/security-groups/68bc5612-b14f-47cf-b674-1e66b742c09b 0.123s
2025-04-03 10:36:37.508 69874 INFO tempest.lib.common.rest_client [req-4d0b5d68-5ce1-416c-adf2-c6592fdc4b83 req-4d0b5d68-5ce1-416c-adf2-c6592fdc4b83 ] Request (ImagesOneServerTestJSON:setUpClass): 200 GET http://10.180.1.21/compute/v2.1/servers/9fbdeceb-931d-4f57-aaab-b38610875157 1.204s
2025-04-03 10:36:37.519 69874 INFO tempest.common.waiters [-] State transition "BUILD/scheduling" ==> "BUILD/None" after 10 second wait
2025-04-03 10:36:37.532 69886 INFO tempest.lib.common.rest_client [req-e99ccd6a-803c-49fd-b47b-4af0a0a2cce9 req-e99ccd6a-803c-49fd-b47b-4af0a0a2cce9 ] Request (ServerActionsTestOtherA:setUpClass): 201 POST http://10.180.1.21/identity/v3/auth/tokens 0.087s
2025-04-03 10:36:37.532 69886 INFO tempest.lib.common.fixed_network [-] (ServerActionsTestOtherA:setUpClass) Found network {'id': 'b4478cdc-f9da-4bf9-9f40-ed16e9417b11', 'name': 'tempest-ServerActionsTestOtherA-270382232-network', 'tenant_id': '41b52067dd744666b4ca4c519fb9c2e3', 'admin_state_up': True, 'mtu': 8950, 'status': 'ACTIVE', 'subnets': [], 'shared': False, 'project_id': '41b52067dd744666b4ca4c519fb9c2e3', 'port_security_enabled': True, 'router:external': False, 'provider:network_type': 'vlan', 'provider:physical_network': 'default', 'provider:segmentation_id': 899, 'availability_zone_hints': [], 'availability_zones': [], 'ipv4_address_scope': None, 'ipv6_address_scope': None, 'description': '', 'tags': [], 'created_at': '2025-04-03T10:36:31Z', 'updated_at': '2025-04-03T10:36:31Z', 'revision_number': 1} available for tenant
2025-04-03 10:36:37.561 69850 INFO tempest.lib.common.rest_client [req-c1be11a1-4075-44bc-8687-3219aaf7a42e req-c1be11a1-4075-44bc-8687-3219aaf7a42e ] Request (ServersAdmin275Test:test_rebuild_update_server_275): 200 GET http://10.180.1.21/compute/v2.1/servers/e20d7d56-118a-4f11-8f47-9c9e66322319 1.185s
2025-04-03 10:36:37.578 69880 INFO tempest.lib.common.rest_client [req-b562bbd0-a700-4884-b92d-9f990dc49e11 req-b562bbd0-a700-4884-b92d-9f990dc49e11 ] Request (FlavorsV2TestJSON:tearDownClass): 204 DELETE http://10.180.1.21/identity/v3/projects/ccbc44497485464cbe9f5fb8b7cd76c5 0.088s
2025-04-03 10:36:37.629 69859 INFO tempest.lib.common.rest_client [req-fba9e3aa-1872-46b9-9eeb-6398d9a68c8f req-fba9e3aa-1872-46b9-9eeb-6398d9a68c8f ] Request (VolumesAdminNegativeTest:test_update_attached_volume_with_nonexistent_volume_in_body): 200 GET http://10.180.1.21/compute/v2.1/servers/aa107d30-b28e-41fe-8825-0cb34833cbdd 1.201s
2025-04-03 10:36:37.640 69838 INFO tempest.lib.common.rest_client [req-57fafc91-f3db-4f6a-9733-8221d7aea566 req-57fafc91-f3db-4f6a-9733-8221d7aea566 ] Request (QuotasAdminNegativeTest:tearDownClass): 204 DELETE http://10.180.1.21/identity/v3/users/8c528f5ce29e44a5ab1793a78441ebcf 0.150s
2025-04-03 10:36:37.646 69880 INFO tempest.lib.common.rest_client [req-4ee27ffb-3784-41d2-b059-f24a4f456f3f req-4ee27ffb-3784-41d2-b059-f24a4f456f3f ] Request (AttachVolumeTestJSON:setUpClass): 201 POST http://10.180.1.21/identity/v3/auth/tokens 0.066s
2025-04-03 10:36:37.686 69842 INFO tempest.lib.common.rest_client [req-9941efac-ce2e-442a-a2d8-79bb9464239b req-9941efac-ce2e-442a-a2d8-79bb9464239b ] Request (ServerGroupTestJSON:test_create_delete_server_group_with_affinity_policy): 204 DELETE http://10.180.1.21/compute/v2.1/os-server-groups/156c3139-5a20-4079-b1cb-507d3d30d2ef 1.228s
2025-04-03 10:36:37.720 69880 INFO tempest.lib.common.rest_client [req-a8d66103-4c87-4252-9662-151c28547981 req-a8d66103-4c87-4252-9662-151c28547981 ] Request (AttachVolumeTestJSON:setUpClass): 201 POST http://10.180.1.21/identity/v3/auth/tokens 0.071s
2025-04-03 10:36:37.745 69880 INFO tempest.lib.common.rest_client [req-8ed37bac-4d18-4997-9191-2c07148a9119 req-8ed37bac-4d18-4997-9191-2c07148a9119 ] Request (AttachVolumeTestJSON:setUpClass): 200 GET http://10.180.1.21/identity/v3/domains?name=Default 0.025s
2025-04-03 10:36:37.768 69838 INFO tempest.lib.common.rest_client [req-cbb121a3-5705-4e40-9d81-6fe7f4b04569 req-cbb121a3-5705-4e40-9d81-6fe7f4b04569 ] Request (QuotasAdminNegativeTest:tearDownClass): 204 DELETE http://10.180.1.21/identity/v3/users/421445d0c68640ae8e320923401fc3f2 0.128s
2025-04-03 10:36:37.768 69838 INFO tempest.lib.common.dynamic_creds [-] Deleting project and security group for project: 50ba6f3fa8b244a68281f8800f30fdc2
2025-04-03 10:36:37.815 69880 INFO tempest.lib.common.rest_client [req-8f73d4b8-573e-476b-a0db-91a0725dab53 req-8f73d4b8-573e-476b-a0db-91a0725dab53 ] Request (AttachVolumeTestJSON:setUpClass): 201 POST http://10.180.1.21/identity/v3/projects 0.070s
2025-04-03 10:36:37.829 69838 INFO tempest.lib.common.rest_client [req-8819a815-34ee-4086-a809-9ab6e2d7f7d5 req-8819a815-34ee-4086-a809-9ab6e2d7f7d5 ] Request (QuotasAdminNegativeTest:tearDownClass): 201 POST http://10.180.1.21/identity/v3/auth/tokens 0.060s
2025-04-03 10:36:37.842 69854 INFO tempest.lib.common.rest_client [req-aa1c7a9f-ced0-4a0a-a81f-1b46f299aaea req-aa1c7a9f-ced0-4a0a-a81f-1b46f299aaea ] Request (ImagesMetadataTestJSON:setUp): 200 PUT http://10.180.1.21/compute/v2.1/images/a1c6cc88-48ce-4dac-98f1-2185f62b071e/metadata 1.353s
2025-04-03 10:36:37.894 69880 INFO tempest.lib.common.rest_client [req-1e499f87-9972-466a-a3ab-2bd8df507c3f req-1e499f87-9972-466a-a3ab-2bd8df507c3f ] Request (AttachVolumeTestJSON:setUpClass): 201 POST http://10.180.1.21/identity/v3/users 0.078s
2025-04-03 10:36:37.932 69880 INFO tempest.lib.common.rest_client [req-66b704a2-c86e-4a9f-9bd7-5b827b92241d req-66b704a2-c86e-4a9f-9bd7-5b827b92241d ] Request (AttachVolumeTestJSON:setUpClass): 200 GET http://10.180.1.21/identity/v3/roles 0.037s
2025-04-03 10:36:37.960 69880 INFO tempest.lib.common.rest_client [req-bf3cd17c-98df-4abb-b57c-c7448f2978c6 req-bf3cd17c-98df-4abb-b57c-c7448f2978c6 ] Request (AttachVolumeTestJSON:setUpClass): 204 PUT http://10.180.1.21/identity/v3/projects/e3adf90401a944a69d94d6f227dc57bc/users/4410ae2a17264f338947f556e782cb8b/roles/1db800b8c8e64f3cad1ff79f46651bdb 0.027s
2025-04-03 10:36:37.960 69880 INFO tempest.lib.common.dynamic_creds [-] Dynamic test user 4410ae2a17264f338947f556e782cb8b is created with scope project and roles: ['member']
2025-04-03 10:36:37.960 69880 INFO tempest.lib.common.dynamic_creds [-] Acquired dynamic creds: credentials: Credentials: {'domain_id': 'default', 'domain_name': 'Default', 'username': 'tempest-AttachVolumeTestJSON-2079313698-project-member', 'project_domain_id': 'default', 'project_domain_name': 'Default', 'project_id': 'e3adf90401a944a69d94d6f227dc57bc', 'project_name': 'tempest-AttachVolumeTestJSON-2079313698', 'tenant_id': 'e3adf90401a944a69d94d6f227dc57bc', 'tenant_name': 'tempest-AttachVolumeTestJSON-2079313698', 'user_domain_id': 'default', 'user_domain_name': 'Default', 'user_id': '4410ae2a17264f338947f556e782cb8b', 'system': None}, Network: None, Subnet: None, Router: None
2025-04-03 10:36:37.968 69834 INFO tempest.lib.common.rest_client [req-2cdce9d4-c1ff-46af-bd48-1664861a4b1f req-2cdce9d4-c1ff-46af-bd48-1664861a4b1f ] Request (AggregatesAdminNegativeTestJSON:_run_cleanups): 200 POST http://10.180.1.21/compute/v2.1/os-aggregates/7/action 1.473s
2025-04-03 10:36:38.027 69880 INFO tempest.lib.common.rest_client [req-fbdcb8ac-051e-4cea-a087-fe618380243a req-fbdcb8ac-051e-4cea-a087-fe618380243a ] Request (AttachVolumeTestJSON:setUpClass): 201 POST http://10.180.1.21/identity/v3/auth/tokens 0.067s
2025-04-03 10:36:38.059 69838 INFO tempest.lib.common.rest_client [req-f5a3a5f6-385d-41da-b24f-2b3c1ad91d21 req-f5a3a5f6-385d-41da-b24f-2b3c1ad91d21 ] Request (QuotasAdminNegativeTest:tearDownClass): 200 GET http://10.180.1.21:9696/networking/v2.0/security-groups?tenant_id=50ba6f3fa8b244a68281f8800f30fdc2&name=default 0.229s
2025-04-03 10:36:38.090 69826 INFO tempest.lib.common.rest_client [req-1cb2a008-1865-4463-b944-de03d86f03b9 req-1cb2a008-1865-4463-b944-de03d86f03b9 ] Request (ImagesMetadataNegativeTestJSON:test_delete_nonexistent_image_metadata_item): 404 DELETE http://10.180.1.21/compute/v2.1/images/79be3a1c-7dfc-406c-a821-54321bec53c2/metadata/os_distro 1.154s
2025-04-03 10:36:38.108 69848 INFO tempest.lib.common.rest_client [req-3719d624-e6ab-4ad4-b8c2-90719629a439 req-3719d624-e6ab-4ad4-b8c2-90719629a439 ] Request (QuotaClassesAdminTestJSON:test_update_default_quotas): 200 GET http://10.180.1.21/compute/v2.1/os-quota-class-sets/default 1.134s
2025-04-03 10:36:38.135 69872 INFO tempest.lib.common.rest_client [req-09d958ad-808e-4a55-876f-52577aeb7977 req-09d958ad-808e-4a55-876f-52577aeb7977 ] Request (FlavorsAdminTestJSON:test_is_public_string_variations): 200 GET http://10.180.1.21/compute/v2.1/flavors/detail?is_public=t 1.147s
2025-04-03 10:36:38.155 69838 INFO tempest.lib.common.rest_client [req-f0c26acc-5742-4195-add3-e4d274928542 req-f0c26acc-5742-4195-add3-e4d274928542 ] Request (QuotasAdminNegativeTest:tearDownClass): 204 DELETE http://10.180.1.21:9696/networking/v2.0/security-groups/cccaaa33-4baa-4fa2-8d54-f65ac0c766cf 0.095s
2025-04-03 10:36:38.226 69838 INFO tempest.lib.common.rest_client [req-426dcb09-5f2b-4bd6-b444-db2ae032d990 req-426dcb09-5f2b-4bd6-b444-db2ae032d990 ] Request (QuotasAdminNegativeTest:tearDownClass): 204 DELETE http://10.180.1.21/identity/v3/projects/50ba6f3fa8b244a68281f8800f30fdc2 0.071s
2025-04-03 10:36:38.227 69838 INFO tempest.lib.common.dynamic_creds [-] Deleting project and security group for project: f44039b43c5d4a9d9fb744f7776f7664
2025-04-03 10:36:38.237 69882 INFO tempest.lib.common.rest_client [req-7b7ead23-d54d-4c0b-a9d8-cb73150f4351 req-7b7ead23-d54d-4c0b-a9d8-cb73150f4351 ] Request (SecurityGroupRulesTestJSON:test_security_group_rules_create): 200 POST http://10.180.1.21/compute/v2.1/os-security-group-rules 1.852s
2025-04-03 10:36:38.372 69836 INFO tempest.lib.common.rest_client [req-6fee4639-e2fb-4ca7-b993-9f6d1a9310bd req-6fee4639-e2fb-4ca7-b993-9f6d1a9310bd ] Request (ServerDiagnosticsNegativeTest:tearDownClass): 200 GET http://10.180.1.21/compute/v2.1/servers/d45b0d94-073c-4199-9109-186206a863bd 1.175s
2025-04-03 10:36:38.384 69884 INFO tempest.lib.common.rest_client [req-666b426c-81b0-4123-9fb6-6e2f4b8345bb req-666b426c-81b0-4123-9fb6-6e2f4b8345bb ] Request (ServersWithSpecificFlavorTestJSON:test_verify_created_server_ephemeral_disk): 200 GET http://10.180.1.21/compute/v2.1/servers/53fa68d5-4517-49da-a742-d6c4800aecef 1.281s
2025-04-03 10:36:38.393 69884 INFO tempest.common.waiters [-] State transition "BUILD/spawning" ==> "ACTIVE/None" after 25 second wait
2025-04-03 10:36:38.406 69838 INFO tempest.lib.common.rest_client [req-b4904433-4329-4fc9-a2ad-b4f33a18fe2a req-b4904433-4329-4fc9-a2ad-b4f33a18fe2a ] Request (QuotasAdminNegativeTest:tearDownClass): 200 GET http://10.180.1.21:9696/networking/v2.0/security-groups?tenant_id=f44039b43c5d4a9d9fb744f7776f7664&name=default 0.179s
2025-04-03 10:36:38.454 69846 INFO tempest.lib.common.rest_client [req-843aeefa-1fee-438d-ae71-dc4d828a918d req-843aeefa-1fee-438d-ae71-dc4d828a918d ] Request (ServerPasswordTestJSON:setUpClass): 200 GET http://10.180.1.21/compute/v2.1/servers/dd446be4-4742-446e-b692-8064b7ddbf9f 0.921s
2025-04-03 10:36:38.483 69830 INFO tempest.lib.common.rest_client [req-df23f5aa-2f1d-4e1f-a149-17cd2e400ee7 req-df23f5aa-2f1d-4e1f-a149-17cd2e400ee7 ] Request (ImagesNegativeTestJSON:test_create_image_from_deleted_server): 200 GET http://10.180.1.21/compute/v2.1/servers/50b06b01-5d51-4d98-b148-ebc6d28b78fe 1.016s
2025-04-03 10:36:38.498 69838 INFO tempest.lib.common.rest_client [req-a5e6f445-6132-406f-bc69-ceb8ba78fc73 req-a5e6f445-6132-406f-bc69-ceb8ba78fc73 ] Request (QuotasAdminNegativeTest:tearDownClass): 204 DELETE http://10.180.1.21:9696/networking/v2.0/security-groups/e6a5e58a-7f5b-4672-bfdb-814eeac870e6 0.091s
2025-04-03 10:36:38.582 69866 INFO tempest.lib.common.rest_client [req-90e9f235-1fe1-4dd3-a013-70e8da3e75d3 req-90e9f235-1fe1-4dd3-a013-70e8da3e75d3 ] Request (FloatingIPsAssociationTestJSON:setUpClass): 200 GET http://10.180.1.21/compute/v2.1/servers/ece644b7-8ddc-41b1-8925-cf431a09dd55 0.960s
2025-04-03 10:36:38.625 69879 INFO tempest.lib.common.rest_client [req-14f46560-4955-41f7-b4d1-638daca7837c req-14f46560-4955-41f7-b4d1-638daca7837c ] Request (ImagesTestJSON:test_create_image_from_stopped_server): 200 GET http://10.180.1.21/compute/v2.1/images/eabb152f-7f1e-40a4-9b8e-5510003c66f4 0.955s
2025-04-03 10:36:38.636 69838 INFO tempest.lib.common.rest_client [req-db014eef-34a8-40fb-8d42-d4d493287465 req-db014eef-34a8-40fb-8d42-d4d493287465 ] Request (QuotasAdminNegativeTest:tearDownClass): 204 DELETE http://10.180.1.21/identity/v3/projects/f44039b43c5d4a9d9fb744f7776f7664 0.136s
2025-04-03 10:36:38.637 69842 INFO tempest.lib.common.rest_client [req-c1904843-1339-4edb-88e8-b101bd5ee69c req-c1904843-1339-4edb-88e8-b101bd5ee69c ] Request (ServerGroupTestJSON:test_create_delete_server_group_with_affinity_policy): 200 GET http://10.180.1.21/compute/v2.1/os-server-groups 0.950s
2025-04-03 10:36:38.637 69838 INFO tempest.test [-] raised in TestVolumeSwap.setUpClass. Invoking tearDownClass.
2025-04-03 10:36:38.725 69838 INFO tempest.lib.common.rest_client [req-15d24e11-8b4a-41c8-9402-1da3d9db3310 req-15d24e11-8b4a-41c8-9402-1da3d9db3310 ] Request (ImagesOneServerNegativeTestJSON:setUpClass): 201 POST http://10.180.1.21/identity/v3/auth/tokens 0.084s
2025-04-03 10:36:38.768 69838 INFO tempest.lib.common.rest_client [req-70a1dff4-ad36-4a42-9992-20c4911465f5 req-70a1dff4-ad36-4a42-9992-20c4911465f5 ] Request (ImagesOneServerNegativeTestJSON:setUpClass): 201 POST http://10.180.1.21/identity/v3/auth/tokens 0.035s
2025-04-03 10:36:38.810 69838 INFO tempest.lib.common.rest_client [req-ebc0d94d-f611-4cb0-b2d0-cc835e319b30 req-ebc0d94d-f611-4cb0-b2d0-cc835e319b30 ] Request (ImagesOneServerNegativeTestJSON:setUpClass): 200 GET http://10.180.1.21/identity/v3/domains?name=Default 0.041s
2025-04-03 10:36:38.861 69838 INFO tempest.lib.common.rest_client [req-0295d3df-2106-4e59-a473-28357340ecc8 req-0295d3df-2106-4e59-a473-28357340ecc8 ] Request (ImagesOneServerNegativeTestJSON:setUpClass): 201 POST http://10.180.1.21/identity/v3/projects 0.051s
2025-04-03 10:36:38.869 69880 INFO tempest.lib.common.rest_client [req-e0876957-1803-4e0f-8f7d-4b5c4028e00e req-e0876957-1803-4e0f-8f7d-4b5c4028e00e ] Request (AttachVolumeTestJSON:setUpClass): 201 POST http://10.180.1.21:9696/networking/v2.0/networks 0.840s
2025-04-03 10:36:38.909 69840 INFO tempest.lib.common.rest_client [req-e2888500-8a39-422a-8b46-8a48f4efaf6c req-e2888500-8a39-422a-8b46-8a48f4efaf6c ] Request (MigrationsAdminTest:test_list_migrations_in_flavor_resize_situation): 200 GET http://10.180.1.21/compute/v2.1/servers/641c34b8-2560-464b-88eb-6e61f2775493 1.131s
2025-04-03 10:36:38.948 69838 INFO tempest.lib.common.rest_client [req-dac05d05-6682-4f5a-97f7-217c5b5eb624 req-dac05d05-6682-4f5a-97f7-217c5b5eb624 ] Request (ImagesOneServerNegativeTestJSON:setUpClass): 201 POST http://10.180.1.21/identity/v3/users 0.086s
2025-04-03 10:36:38.953 69886 INFO tempest.lib.common.rest_client [req-cbe6063c-7d4f-4327-b42e-dbcc6a132493 req-cbe6063c-7d4f-4327-b42e-dbcc6a132493 ] Request (ServerActionsTestOtherA:setUpClass): 202 POST http://10.180.1.21/compute/v2.1/servers 1.420s
2025-04-03 10:36:38.979 69862 INFO tempest.lib.common.rest_client [req-7e434764-33d4-432c-b106-f44dbe44f4e9 req-7e434764-33d4-432c-b106-f44dbe44f4e9 ] Request (VolumesAssistedSnapshotsTest:test_volume_assisted_snapshot_create_delete): 200 PUT http://10.180.1.21:9696/networking/v2.0/floatingips/3b9391b0-91c6-4631-81b8-dcaf1da81c5f 1.806s
2025-04-03 10:36:38.980 69838 INFO tempest.lib.common.rest_client [req-2a766d22-3660-46f5-b61b-549af7e88597 req-2a766d22-3660-46f5-b61b-549af7e88597 ] Request (ImagesOneServerNegativeTestJSON:setUpClass): 200 GET http://10.180.1.21/identity/v3/roles 0.031s
2025-04-03 10:36:38.981 69862 INFO tempest.lib.common.ssh [-] Creating ssh connection to '10.180.180.240:22' as 'cirros' with public key authentication
2025-04-03 10:36:38.993 69857 INFO tempest.lib.common.rest_client [req-614a059f-a80f-414c-94d6-16c70029a129 req-614a059f-a80f-414c-94d6-16c70029a129 ] Request (FloatingIPsAssociationNegativeTestJSON:setUpClass): 200 GET http://10.180.1.21/compute/v2.1/servers/681d9cc1-a5cd-4341-b87c-736ff44faef3 1.198s
2025-04-03 10:36:39.007 69857 INFO tempest.common.waiters [-] State transition "BUILD/scheduling" ==> "BUILD/None" after 11 second wait
2025-04-03 10:36:39.016 69838 INFO tempest.lib.common.rest_client [req-372687f1-a185-4738-a7ca-27b499d79f42 req-372687f1-a185-4738-a7ca-27b499d79f42 ] Request (ImagesOneServerNegativeTestJSON:setUpClass): 204 PUT http://10.180.1.21/identity/v3/projects/9b0612adfae94b8cb4548c9246a5f5ff/users/082c57d8f1834aa2af94161c267f81bf/roles/1db800b8c8e64f3cad1ff79f46651bdb 0.035s
2025-04-03 10:36:39.016 69838 INFO tempest.lib.common.dynamic_creds [-] Dynamic test user 082c57d8f1834aa2af94161c267f81bf is created with scope project and roles: ['member']
2025-04-03 10:36:39.016 69838 INFO tempest.lib.common.dynamic_creds [-] Acquired dynamic creds: credentials: Credentials: {'domain_id': 'default', 'domain_name': 'Default', 'username': 'tempest-ImagesOneServerNegativeTestJSON-1949881093-project-member', 'project_domain_id': 'default', 'project_domain_name': 'Default', 'project_id': '9b0612adfae94b8cb4548c9246a5f5ff', 'project_name': 'tempest-ImagesOneServerNegativeTestJSON-1949881093', 'tenant_id': '9b0612adfae94b8cb4548c9246a5f5ff', 'tenant_name': 'tempest-ImagesOneServerNegativeTestJSON-1949881093', 'user_domain_id': 'default', 'user_domain_name': 'Default', 'user_id': '082c57d8f1834aa2af94161c267f81bf', 'system': None}, Network: None, Subnet: None, Router: None
2025-04-03 10:36:39.074 69864 INFO tempest.lib.common.rest_client [req-1047e7e1-6792-4707-91ce-33bf5b688d45 req-1047e7e1-6792-4707-91ce-33bf5b688d45 ] Request (ServersAdminTestJSON:setUpClass): 200 GET http://10.180.1.21/compute/v2.1/servers/9d274c37-1cf5-4545-b94e-ea7b442cf591 1.127s
2025-04-03 10:36:39.097 69838 INFO tempest.lib.common.rest_client [req-8458fb35-1dde-4e78-a1e9-c2736a3a52a7 req-8458fb35-1dde-4e78-a1e9-c2736a3a52a7 ] Request (ImagesOneServerNegativeTestJSON:setUpClass): 201 POST http://10.180.1.21/identity/v3/auth/tokens 0.080s
2025-04-03 10:36:39.110 69834 INFO tempest.lib.common.rest_client [req-612c4983-bd49-4fd7-a102-c19bbbbfd28c req-612c4983-bd49-4fd7-a102-c19bbbbfd28c ] Request (AggregatesAdminNegativeTestJSON:_run_cleanups): 200 DELETE http://10.180.1.21/compute/v2.1/os-aggregates/7 1.140s
2025-04-03 10:36:39.182 69832 INFO tempest.lib.common.rest_client [req-83060125-eb65-4e77-9dc2-c9745d686fce req-83060125-eb65-4e77-9dc2-c9745d686fce ] Request (AttachInterfacesV270Test:test_create_get_list_interfaces): 200 GET http://10.180.1.21/compute/v2.1/servers/08443e88-21f9-4f66-8994-d8af6d544309 1.129s
2025-04-03 10:36:39.229 69854 INFO tempest.lib.common.rest_client [req-4858c459-9555-4db9-abc6-525a32984b6d req-4858c459-9555-4db9-abc6-525a32984b6d ] Request (ImagesMetadataTestJSON:test_set_image_metadata): 200 PUT http://10.180.1.21/compute/v2.1/images/a1c6cc88-48ce-4dac-98f1-2185f62b071e/metadata 1.386s
2025-04-03 10:36:39.237 69880 INFO tempest.lib.common.rest_client [req-6ed9319d-889d-4334-badb-cb053456bc93 req-6ed9319d-889d-4334-badb-cb053456bc93 ] Request (AttachVolumeTestJSON:setUpClass): 201 POST http://10.180.1.21:9696/networking/v2.0/subnets 0.367s
2025-04-03 10:36:39.249 69826 INFO tempest.lib.common.rest_client [req-38cd1b54-ff64-4e54-b2ca-59d337b92cdf req-38cd1b54-ff64-4e54-b2ca-59d337b92cdf ] Request (ImagesMetadataNegativeTestJSON:test_get_nonexistent_image_metadata_item): 404 GET http://10.180.1.21/compute/v2.1/images/d68bac9d-31e0-486a-9259-6a421b1b2cde/metadata/os_version 1.157s
2025-04-03 10:36:39.257 69870 INFO tempest.lib.common.rest_client [req-96219b08-a5df-4e36-99b6-8bbef18634cb req-96219b08-a5df-4e36-99b6-8bbef18634cb ] Request (MultipleCreateTestJSON:test_multiple_create): 200 GET http://10.180.1.21/compute/v2.1/servers/2268a6a7-acbf-4df5-9755-21e1612399f0 1.173s
2025-04-03 10:36:39.293 69872 INFO tempest.lib.common.rest_client [req-b01251de-4ddc-439d-9bc7-a5539af0b8c0 req-b01251de-4ddc-439d-9bc7-a5539af0b8c0 ] Request (FlavorsAdminTestJSON:test_is_public_string_variations): 200 GET http://10.180.1.21/compute/v2.1/flavors/detail?is_public=true 1.152s
2025-04-03 10:36:39.343 69848 INFO tempest.lib.common.rest_client [req-24c06c52-7730-458e-a460-979ff987526d req-24c06c52-7730-458e-a460-979ff987526d ] Request (QuotaClassesAdminTestJSON:_run_cleanups): 200 PUT http://10.180.1.21/compute/v2.1/os-quota-class-sets/default 1.233s
2025-04-03 10:36:39.431 69848 INFO tempest.lib.common.rest_client [req-ccef6920-8fd2-4a1a-8d20-de2638e446cf req-ccef6920-8fd2-4a1a-8d20-de2638e446cf ] Request (QuotaClassesAdminTestJSON:tearDownClass): 204 DELETE http://10.180.1.21/identity/v3/users/9b3a5c94990640f8980047a8cf3426d8 0.081s
2025-04-03 10:36:39.536 69824 INFO tempest.lib.common.rest_client [req-ccdf4ff4-6f11-4370-996c-acdcb63d79f6 req-ccdf4ff4-6f11-4370-996c-acdcb63d79f6 ] Request (TenantUsagesTestJSON:setUpClass): 200 GET http://10.180.1.21/compute/v2.1/servers/abda8eec-b811-493c-b1cc-bb5c2c351083 1.283s
2025-04-03 10:36:39.537 69848 INFO tempest.lib.common.rest_client [req-0e63466e-7301-4105-b54d-87230840e37d req-0e63466e-7301-4105-b54d-87230840e37d ] Request (QuotaClassesAdminTestJSON:tearDownClass): 204 DELETE http://10.180.1.21/identity/v3/users/c198b569a9ac4f4ca233ac5d9df6a7de 0.106s
2025-04-03 10:36:39.537 69848 INFO tempest.lib.common.dynamic_creds [-] Deleting project and security group for project: f48469f092dd48b2846504f3f11f285d
2025-04-03 10:36:39.545 69824 INFO tempest.common.waiters [-] State transition "BUILD/block_device_mapping" ==> "BUILD/spawning" after 22 second wait
2025-04-03 10:36:39.586 69868 INFO tempest.lib.common.rest_client [req-b548d69e-4db7-42d1-87a4-6e50d21a0c94 req-b548d69e-4db7-42d1-87a4-6e50d21a0c94 ] Request (AttachInterfacesUnderV243Test:setUpClass): 200 PUT http://10.180.1.21:9696/networking/v2.0/routers/62a026f2-738d-442d-9cdc-00b94e12900d/add_router_interface 2.908s
2025-04-03 10:36:39.586 69868 INFO tempest.lib.common.dynamic_creds [-] Created isolated network resources for: credentials: Credentials: {'domain_id': 'default', 'domain_name': 'Default', 'username': 'tempest-AttachInterfacesUnderV243Test-812043974-project-member', 'project_domain_id': 'default', 'project_domain_name': 'Default', 'project_id': 'a47c5675ad45484abaed6b7a877bbdcb', 'project_name': 'tempest-AttachInterfacesUnderV243Test-812043974', 'tenant_id': 'a47c5675ad45484abaed6b7a877bbdcb', 'tenant_name': 'tempest-AttachInterfacesUnderV243Test-812043974', 'user_domain_id': 'default', 'user_domain_name': 'Default', 'user_id': 'a1707795e6264612a3d54b20a03da16e', 'system': None}, Network: {'id': '24fb34ff-d4d9-4199-9125-83bae9717cd7', 'name': 'tempest-AttachInterfacesUnderV243Test-344247226-network', 'tenant_id': 'a47c5675ad45484abaed6b7a877bbdcb', 'admin_state_up': True, 'mtu': 8950, 'status': 'ACTIVE', 'subnets': [], 'shared': False, 'project_id': 'a47c5675ad45484abaed6b7a877bbdcb', 'port_security_enabled': True, 'router:external': False, 'provider:network_type': 'vlan', 'provider:physical_network': 'default', 'provider:segmentation_id': 949, 'availability_zone_hints': [], 'availability_zones': [], 'ipv4_address_scope': None, 'ipv6_address_scope': None, 'description': '', 'tags': [], 'created_at': '2025-04-03T10:36:35Z', 'updated_at': '2025-04-03T10:36:35Z', 'revision_number': 1}, Subnet: {'id': '8f18d21e-f8a3-4774-a205-5a0cbb3198f0', 'name': 'tempest-AttachInterfacesUnderV243Test-344247226-subnet', 'tenant_id': 'a47c5675ad45484abaed6b7a877bbdcb', 'network_id': '24fb34ff-d4d9-4199-9125-83bae9717cd7', 'ip_version': 4, 'subnetpool_id': None, 'enable_dhcp': True, 'ipv6_ra_mode': None, 'ipv6_address_mode': None, 'gateway_ip': '192.168.128.1', 'cidr': '192.168.128.0/28', 'allocation_pools': [{'start': '192.168.128.2', 'end': '192.168.128.14'}], 'host_routes': [], 'dns_nameservers': [], 'description': '', 'router:external': False, 'service_types': [], 'tags': [], 'created_at': '2025-04-03T10:36:35Z', 'updated_at': '2025-04-03T10:36:35Z', 'revision_number': 0, 'project_id': 'a47c5675ad45484abaed6b7a877bbdcb'}, Router: {'id': '62a026f2-738d-442d-9cdc-00b94e12900d', 'name': 'tempest-AttachInterfacesUnderV243Test-344247226-router', 'tenant_id': 'a47c5675ad45484abaed6b7a877bbdcb', 'admin_state_up': True, 'status': 'ACTIVE', 'external_gateway_info': {'network_id': '81ba5463-3aef-458f-97a1-2241c55910f2', 'external_fixed_ips': [{'subnet_id': '931862af-4908-4440-b3cd-a8c014edec7d', 'ip_address': '10.180.180.245'}], 'enable_snat': True}, 'description': '', 'availability_zones': [], 'distributed': False, 'ha': False, 'availability_zone_hints': [], 'routes': [], 'flavor_id': None, 'tags': [], 'created_at': '2025-04-03T10:36:35Z', 'updated_at': '2025-04-03T10:36:36Z', 'revision_number': 2, 'project_id': 'a47c5675ad45484abaed6b7a877bbdcb'}
2025-04-03 10:36:39.606 69860 INFO tempest.lib.common.rest_client [req-10c37fb2-831c-47ee-ba3d-1f33e6924a36 req-10c37fb2-831c-47ee-ba3d-1f33e6924a36 ] Request (ServerExternalEventsTest:test_create_server_external_events): 200 GET http://10.180.1.21/compute/v2.1/servers/f872aae0-26dd-4099-aef7-910bbe554df9 1.264s
2025-04-03 10:36:39.617 69848 INFO tempest.lib.common.rest_client [req-98652ae0-6043-4c94-ad56-38cf2a706681 req-98652ae0-6043-4c94-ad56-38cf2a706681 ] Request (QuotaClassesAdminTestJSON:tearDownClass): 201 POST http://10.180.1.21/identity/v3/auth/tokens 0.079s
2025-04-03 10:36:39.652 69882 INFO tempest.lib.common.rest_client [req-9d4d637e-2698-44b1-9dbd-972e2e46e57f req-9d4d637e-2698-44b1-9dbd-972e2e46e57f ] Request (SecurityGroupRulesTestJSON:test_security_group_rules_create_with_optional_cidr): 200 POST http://10.180.1.21/compute/v2.1/os-security-groups 1.410s
2025-04-03 10:36:39.707 69868 INFO tempest.lib.common.rest_client [req-99916943-3c7b-43ed-a3bd-8466f08963b2 req-99916943-3c7b-43ed-a3bd-8466f08963b2 ] Request (AttachInterfacesUnderV243Test:setUpClass): 201 POST http://10.180.1.21/identity/v3/auth/tokens 0.117s
2025-04-03 10:36:39.752 69884 INFO tempest.lib.common.rest_client [req-6595a1d4-b349-4465-a9d0-e5c51da50b61 req-6595a1d4-b349-4465-a9d0-e5c51da50b61 ] Request (ServersWithSpecificFlavorTestJSON:test_verify_created_server_ephemeral_disk): 200 GET http://10.180.1.21/compute/v2.1/servers/53fa68d5-4517-49da-a742-d6c4800aecef/os-interface 1.359s
2025-04-03 10:36:39.811 69838 INFO tempest.lib.common.rest_client [req-3f895f67-8d4f-4147-90a3-54a00ba9119a req-3f895f67-8d4f-4147-90a3-54a00ba9119a ] Request (ImagesOneServerNegativeTestJSON:setUpClass): 201 POST http://10.180.1.21:9696/networking/v2.0/networks 0.713s
2025-04-03 10:36:39.909 69844 INFO tempest.lib.common.rest_client [req-20c09f92-19f6-4ab1-b893-dcb6a5318160 req-20c09f92-19f6-4ab1-b893-dcb6a5318160 ] Request (SecurityGroupsTestJSON:test_list_security_groups_by_server): 200 GET http://10.180.1.21/compute/v2.1/servers/54366b5d-6ffa-4094-8b77-259668b00cc7 1.506s
2025-04-03 10:36:39.917 69844 INFO tempest.common.waiters [-] State transition "BUILD/None" ==> "BUILD/block_device_mapping" after 21 second wait
2025-04-03 10:36:39.987 69852 INFO tempest.lib.common.rest_client [req-a38d4bf2-6a6e-4d2d-8ef1-ba5eca5647f7 req-a38d4bf2-6a6e-4d2d-8ef1-ba5eca5647f7 ] Request (DeleteServersAdminTestJSON:test_admin_delete_servers_of_others): 200 GET http://10.180.1.21/compute/v2.1/servers/c233b1d7-033a-4205-811a-ed51d821e0e9 1.498s
2025-04-03 10:36:40.049 69874 INFO tempest.lib.common.rest_client [req-bbf372eb-89f6-4593-af06-0cee0b37828e req-bbf372eb-89f6-4593-af06-0cee0b37828e ] Request (ImagesOneServerTestJSON:setUpClass): 200 GET http://10.180.1.21/compute/v2.1/servers/9fbdeceb-931d-4f57-aaab-b38610875157 1.529s
2025-04-03 10:36:40.104 69850 INFO tempest.lib.common.rest_client [req-6cfd198e-855c-4096-909f-6cd9de8242cc req-6cfd198e-855c-4096-909f-6cd9de8242cc ] Request (ServersAdmin275Test:test_rebuild_update_server_275): 200 GET http://10.180.1.21/compute/v2.1/servers/e20d7d56-118a-4f11-8f47-9c9e66322319 1.528s
2025-04-03 10:36:40.315 69828 INFO tempest.lib.common.rest_client [req-8aea50e7-b3a4-45fb-ad84-840544c0b173 req-8aea50e7-b3a4-45fb-ad84-840544c0b173 ] Request (ListImageFiltersTestJSON:setUpClass): 200 GET http://10.180.1.21/compute/v2.1/servers/9c4c4fa9-2bc6-4394-bc81-4443a52b50b1 1.876s
2025-04-03 10:36:40.367 69848 INFO tempest.lib.common.rest_client [req-d1461d38-31bf-462f-a0c3-f1d29494e89f req-d1461d38-31bf-462f-a0c3-f1d29494e89f ] Request (QuotaClassesAdminTestJSON:tearDownClass): 200 GET http://10.180.1.21:9696/networking/v2.0/security-groups?tenant_id=f48469f092dd48b2846504f3f11f285d&name=default 0.750s
2025-04-03 10:36:40.400 69842 INFO tempest.lib.common.rest_client [req-43546cec-dd9e-4e50-a5fc-c9896b47d315 req-43546cec-dd9e-4e50-a5fc-c9896b47d315 ] Request (ServerGroupTestJSON:test_create_delete_server_group_with_anti_affinity_policy): 200 POST http://10.180.1.21/compute/v2.1/os-server-groups 1.758s
2025-04-03 10:36:40.475 69848 INFO tempest.lib.common.rest_client [req-45a50b78-75dd-4648-8f4c-fd18f7df055d req-45a50b78-75dd-4648-8f4c-fd18f7df055d ] Request (QuotaClassesAdminTestJSON:tearDownClass): 204 DELETE http://10.180.1.21:9696/networking/v2.0/security-groups/92d77623-aa37-4d58-b853-3ca511bfe290 0.107s
2025-04-03 10:36:40.519 69859 INFO tempest.lib.common.rest_client [req-23b84d77-574d-439f-ba12-d1a78de0ab19 req-23b84d77-574d-439f-ba12-d1a78de0ab19 ] Request (VolumesAdminNegativeTest:test_update_attached_volume_with_nonexistent_volume_in_body): 200 GET http://10.180.1.21/compute/v2.1/servers/aa107d30-b28e-41fe-8825-0cb34833cbdd 1.869s
2025-04-03 10:36:40.564 69848 INFO tempest.lib.common.rest_client [req-da9a6fea-8ee3-43ca-9397-7e217ccab7da req-da9a6fea-8ee3-43ca-9397-7e217ccab7da ] Request (QuotaClassesAdminTestJSON:tearDownClass): 204 DELETE http://10.180.1.21/identity/v3/projects/f48469f092dd48b2846504f3f11f285d 0.088s
2025-04-03 10:36:40.564 69848 INFO tempest.lib.common.dynamic_creds [-] Deleting project and security group for project: 2a7f0e0dfd6946d2a52110808e37d998
2025-04-03 10:36:40.601 69886 INFO tempest.lib.common.rest_client [req-6a134d69-d069-4b43-b945-09802c35d41d req-6a134d69-d069-4b43-b945-09802c35d41d ] Request (ServerActionsTestOtherA:setUpClass): 200 GET http://10.180.1.21/compute/v2.1/servers/72265512-6ea5-4279-a0a7-059100f0b5bb 1.646s
2025-04-03 10:36:40.625 69834 INFO tempest.lib.common.rest_client [req-ae8c9100-e46d-486d-b203-547f5ff16d7f req-ae8c9100-e46d-486d-b203-547f5ff16d7f ] Request (AggregatesAdminNegativeTestJSON:test_aggregate_remove_nonexistent_host): 200 POST http://10.180.1.21/compute/v2.1/os-aggregates 1.514s
2025-04-03 10:36:40.635 69876 INFO tempest.lib.common.rest_client [req-b4436b54-818f-4e4f-a46e-103a195661ce req-b4436b54-818f-4e4f-a46e-103a195661ce ] Request (ServerDiagnosticsV248Test:test_get_server_diagnostics): 200 GET http://10.180.1.21/compute/v2.1/servers/5ba55a32-cfcf-46aa-b04d-57403995c01d/diagnostics 2.027s
2025-04-03 10:36:40.673 69848 INFO tempest.lib.common.rest_client [req-35f383d6-320d-4f20-b50e-e6331a5f7d5e req-35f383d6-320d-4f20-b50e-e6331a5f7d5e ] Request (QuotaClassesAdminTestJSON:tearDownClass): 200 GET http://10.180.1.21:9696/networking/v2.0/security-groups?tenant_id=2a7f0e0dfd6946d2a52110808e37d998&name=default 0.108s
2025-04-03 10:36:40.677 69826 INFO tempest.lib.common.rest_client [req-b8afe395-98dc-4216-a98b-7f01c8ec7876 req-b8afe395-98dc-4216-a98b-7f01c8ec7876 ] Request (ImagesMetadataNegativeTestJSON:test_list_nonexistent_image_metadata): 404 GET http://10.180.1.21/compute/v2.1/images/d78e971e-30a2-4746-8a62-da1e9e42aee7/metadata 1.427s
2025-04-03 10:36:40.681 69854 INFO tempest.lib.common.rest_client [req-6f2c0296-df07-4fac-96bf-36a754ad4ed9 req-6f2c0296-df07-4fac-96bf-36a754ad4ed9 ] Request (ImagesMetadataTestJSON:test_set_image_metadata): 200 GET http://10.180.1.21/compute/v2.1/images/a1c6cc88-48ce-4dac-98f1-2185f62b071e/metadata 1.450s
2025-04-03 10:36:40.702 69872 INFO tempest.lib.common.rest_client [req-f9096d05-4030-48f2-a747-39a52103bf92 req-f9096d05-4030-48f2-a747-39a52103bf92 ] Request (FlavorsAdminTestJSON:test_is_public_string_variations): 200 GET http://10.180.1.21/compute/v2.1/flavors/detail?is_public=yes 1.397s
2025-04-03 10:36:40.762 69846 INFO tempest.lib.common.rest_client [req-68334a66-01a9-470b-8a41-743807157b27 req-68334a66-01a9-470b-8a41-743807157b27 ] Request (ServerPasswordTestJSON:setUpClass): 200 GET http://10.180.1.21/compute/v2.1/servers/dd446be4-4742-446e-b692-8064b7ddbf9f 1.296s
2025-04-03 10:36:40.779 69836 INFO tempest.lib.common.rest_client [req-88b2fcfd-065d-48ba-b658-7261f10b465c req-88b2fcfd-065d-48ba-b658-7261f10b465c ] Request (ServerDiagnosticsNegativeTest:tearDownClass): 200 GET http://10.180.1.21/compute/v2.1/servers/d45b0d94-073c-4199-9109-186206a863bd 1.398s
2025-04-03 10:36:40.779 69848 INFO tempest.lib.common.rest_client [req-28ef59ac-e164-495b-931e-e32c767119f3 req-28ef59ac-e164-495b-931e-e32c767119f3 ] Request (QuotaClassesAdminTestJSON:tearDownClass): 204 DELETE http://10.180.1.21:9696/networking/v2.0/security-groups/7bef7263-102c-4018-b7d6-946f34c32007 0.106s
2025-04-03 10:36:40.826 69830 INFO tempest.lib.common.rest_client [req-9283fe97-885d-40e5-87da-3fbd8dbaca04 req-9283fe97-885d-40e5-87da-3fbd8dbaca04 ] Request (ImagesNegativeTestJSON:test_create_image_from_deleted_server): 200 GET http://10.180.1.21/compute/v2.1/servers/50b06b01-5d51-4d98-b148-ebc6d28b78fe 1.333s
2025-04-03 10:36:40.854 69879 INFO tempest.lib.common.rest_client [req-30394350-d245-409c-b69a-50c6b7fcc808 req-30394350-d245-409c-b69a-50c6b7fcc808 ] Request (ImagesTestJSON:test_create_image_from_stopped_server): 200 GET http://10.180.1.21/compute/v2.1/images/eabb152f-7f1e-40a4-9b8e-5510003c66f4 1.222s
2025-04-03 10:36:40.872 69866 INFO tempest.lib.common.rest_client [req-c2a4973c-1a92-41e3-998e-6e3aa6121bb8 req-c2a4973c-1a92-41e3-998e-6e3aa6121bb8 ] Request (FloatingIPsAssociationTestJSON:setUpClass): 200 GET http://10.180.1.21/compute/v2.1/servers/ece644b7-8ddc-41b1-8925-cf431a09dd55 1.281s
2025-04-03 10:36:40.875 69838 INFO tempest.lib.common.rest_client [req-9ce3ed49-a796-4224-bb8d-41c8c58ba73a req-9ce3ed49-a796-4224-bb8d-41c8c58ba73a ] Request (ImagesOneServerNegativeTestJSON:setUpClass): 201 POST http://10.180.1.21:9696/networking/v2.0/subnets 1.064s
2025-04-03 10:36:40.912 69848 INFO tempest.lib.common.rest_client [req-ac128c55-74bd-41a2-8bef-ce702b8db27b req-ac128c55-74bd-41a2-8bef-ce702b8db27b ] Request (QuotaClassesAdminTestJSON:tearDownClass): 204 DELETE http://10.180.1.21/identity/v3/projects/2a7f0e0dfd6946d2a52110808e37d998 0.129s
2025-04-03 10:36:40.990 69848 INFO tempest.lib.common.rest_client [req-a663a8e2-cf80-4d46-a885-0ecc4e4cb658 req-a663a8e2-cf80-4d46-a885-0ecc4e4cb658 ] Request (ExtensionsTest:setUpClass): 201 POST http://10.180.1.21/identity/v3/auth/tokens 0.076s
2025-04-03 10:36:41.025 69848 INFO tempest.lib.common.rest_client [req-e86eb80a-bc10-4421-8108-715ca1e9633c req-e86eb80a-bc10-4421-8108-715ca1e9633c ] Request (ExtensionsTest:setUpClass): 201 POST http://10.180.1.21/identity/v3/auth/tokens 0.031s
2025-04-03 10:36:41.054 69848 INFO tempest.lib.common.rest_client [req-6b42ccba-8650-48a2-941b-03fef08d62ae req-6b42ccba-8650-48a2-941b-03fef08d62ae ] Request (ExtensionsTest:setUpClass): 200 GET http://10.180.1.21/identity/v3/domains?name=Default 0.028s
2025-04-03 10:36:41.070 69868 INFO tempest.lib.common.rest_client [req-a20be269-935e-4dcd-bedc-4bf36e440deb req-a20be269-935e-4dcd-bedc-4bf36e440deb ] Request (ValidationResourcesFixture:setUp): 200 POST http://10.180.1.21/compute/v2.1/os-keypairs 1.359s
2025-04-03 10:36:41.088 69848 INFO tempest.lib.common.rest_client [req-aa3220b6-cba7-4460-89f3-536a17197676 req-aa3220b6-cba7-4460-89f3-536a17197676 ] Request (ExtensionsTest:setUpClass): 201 POST http://10.180.1.21/identity/v3/projects 0.033s
2025-04-03 10:36:41.169 69848 INFO tempest.lib.common.rest_client [req-bf9e75f7-3f37-400e-a870-04c8acfacf9a req-bf9e75f7-3f37-400e-a870-04c8acfacf9a ] Request (ExtensionsTest:setUpClass): 201 POST http://10.180.1.21/identity/v3/users 0.080s
2025-04-03 10:36:41.195 69848 INFO tempest.lib.common.rest_client [req-f65450d9-0aa8-4e98-b5d7-7306e0fa78c8 req-f65450d9-0aa8-4e98-b5d7-7306e0fa78c8 ] Request (ExtensionsTest:setUpClass): 200 GET http://10.180.1.21/identity/v3/roles 0.025s
2025-04-03 10:36:41.238 69848 INFO tempest.lib.common.rest_client [req-162ab945-3838-4211-ac3f-84c8b58fe8f3 req-162ab945-3838-4211-ac3f-84c8b58fe8f3 ] Request (ExtensionsTest:setUpClass): 204 PUT http://10.180.1.21/identity/v3/projects/762ed05ae1914f59a9b4c1eb018716a0/users/be799912fb5040c392803890e0d424d7/roles/1db800b8c8e64f3cad1ff79f46651bdb 0.042s
2025-04-03 10:36:41.238 69848 INFO tempest.lib.common.dynamic_creds [-] Dynamic test user be799912fb5040c392803890e0d424d7 is created with scope project and roles: ['member']
