2025-04-03 10:39:03.114 69868 INFO tempest.lib.common.rest_client [req-8bc3373e-8dda-4ea4-aa9b-3de529eb530d req-8bc3373e-8dda-4ea4-aa9b-3de529eb530d ] Request (AttachInterfacesUnderV243Test:_run_cleanups): 200 GET http://10.180.1.21/compute/v2.1/servers/cb544004-1a86-4dda-bc77-cc92aed5ffc1 0.059s
2025-04-03 10:39:03.143 69828 INFO tempest.lib.common.rest_client [req-591b4a7d-eb4d-4aec-8577-0fbac380b432 req-591b4a7d-eb4d-4aec-8577-0fbac380b432 ] Request (ListImageFiltersTestJSON:tearDownClass): 204 DELETE http://10.180.1.21/compute/v2.1/images/8850b556-5111-4c48-a2e5-3914b64d7844 0.082s
2025-04-03 10:39:03.171 69836 INFO tempest.lib.common.rest_client [req-fd858131-ce8b-43ce-bd51-1ab31eefc3e5 req-fd858131-ce8b-43ce-bd51-1ab31eefc3e5 ] Request (ServersTestMultiNic:_run_cleanups): 200 GET http://10.180.1.21/compute/v2.1/servers/c7269b00-2769-4ef1-baba-ddd097bfaaec 0.074s
2025-04-03 10:39:03.191 69864 INFO tempest.lib.common.rest_client [req-8868eec6-9b0d-4b63-9feb-c3d103c8d12f req-8868eec6-9b0d-4b63-9feb-c3d103c8d12f ] Request (ServersAdminTestJSON:test_inject_network_info): 200 GET http://10.180.1.21/compute/v2.1/servers/244db566-fe89-4193-bb1e-e78f4e3da30c 0.085s
2025-04-03 10:39:03.219 69828 INFO tempest.lib.common.rest_client [req-56706f0a-c2c7-45e4-869b-18283dfd38ca req-56706f0a-c2c7-45e4-869b-18283dfd38ca ] Request (ListImageFiltersTestJSON:tearDownClass): 204 DELETE http://10.180.1.21/compute/v2.1/images/e6a1617c-868b-4645-936e-21afd146a2e9 0.076s
2025-04-03 10:39:03.237 69857 INFO tempest.lib.common.rest_client [req-3a5e98ed-c473-40bb-b7d6-5b362eb93815 req-3a5e98ed-c473-40bb-b7d6-5b362eb93815 ] Request (ServerDiskConfigTestJSON:test_rebuild_server_with_auto_disk_config): 200 GET http://10.180.1.21/compute/v2.1/servers/d7e83c49-723d-4b08-97be-300eb257f91e 0.088s
2025-04-03 10:39:03.265 69852 INFO tempest.lib.common.rest_client [req-72990387-d18b-429e-9af9-ef6e1e0b27f2 req-72990387-d18b-429e-9af9-ef6e1e0b27f2 ] Request (ServerDiagnosticsTest:test_get_server_diagnostics): 200 GET http://10.180.1.21/compute/v2.1/servers/b7b4e987-7c86-4cbf-ad96-bfe2decb43ca 0.099s
2025-04-03 10:39:03.285 69828 INFO tempest.lib.common.rest_client [req-238d2283-78df-4fd7-a5d5-a00ef4d9a0d1 req-238d2283-78df-4fd7-a5d5-a00ef4d9a0d1 ] Request (ListImageFiltersTestJSON:tearDownClass): 204 DELETE http://10.180.1.21/compute/v2.1/images/d8e0f0c3-2ea3-4000-bb83-d49ca37a5393 0.065s
2025-04-03 10:39:03.320 69844 INFO tempest.lib.common.rest_client [req-7986de77-d5af-4acf-b979-4db61e4431d0 req-7986de77-d5af-4acf-b979-4db61e4431d0 ] Request (SecurityGroupsTestJSON:test_server_security_groups): 200 GET http://10.180.1.21/compute/v2.1/servers/51dc5901-e644-458f-820c-52a0b3711c3d 0.084s
2025-04-03 10:39:03.367 69886 INFO tempest.lib.common.rest_client [req-73a179d0-b189-469c-85c8-7a2b50b42c73 req-73a179d0-b189-469c-85c8-7a2b50b42c73 ] Request (ServerActionsTestOtherA:test_rebuild_server_in_stop_state): 200 GET http://10.180.1.21/compute/v2.1/servers/509562e4-a7a3-48b1-9d9e-73194c08a595 0.083s
2025-04-03 10:39:03.381 69880 INFO tempest.lib.common.rest_client [req-c5aa2995-5774-4192-b61c-852ada953c10 req-c5aa2995-5774-4192-b61c-852ada953c10 ] Request (AttachVolumeTestJSON:test_attach_detach_volume): 200 GET http://10.180.1.21/compute/v2.1/servers/3195279f-4bf6-4583-8c01-f6706f7e6e4c 0.117s
2025-04-03 10:39:03.388 69880 INFO tempest.common.waiters [-] State transition "SHUTOFF/powering-on" ==> "ACTIVE/None" after 5 second wait
2025-04-03 10:39:03.388 69880 INFO tempest.lib.common.ssh [-] Creating ssh connection to '10.180.180.162:22' as 'cirros' with public key authentication
2025-04-03 10:39:03.394 69828 INFO tempest.lib.common.rest_client [req-1dfe3466-ed60-4393-9cdc-e765fc64c8d6 req-1dfe3466-ed60-4393-9cdc-e765fc64c8d6 ] Request (ListImageFiltersTestJSON:tearDownClass): 204 DELETE http://10.180.1.21/identity/v3/users/277fde31f2bd4a32a2f3a7dc129a9baf 0.109s
2025-04-03 10:39:03.395 69828 INFO tempest.lib.common.dynamic_creds [-] Deleting project and security group for project: 1589a1066730491285ff36b275b84ea7
2025-04-03 10:39:03.411 69879 INFO tempest.lib.common.rest_client [req-de02671e-14aa-49b4-bb48-a8085c12eb72 req-de02671e-14aa-49b4-bb48-a8085c12eb72 ] Request (ImagesTestJSON:test_create_server_from_snapshot): 200 GET http://10.180.1.21/compute/v2.1/servers/5c1c011a-cb40-4576-aadd-f2e2c09706e7 0.099s
2025-04-03 10:39:03.427 69838 INFO tempest.lib.common.rest_client [req-b3b01f86-1da1-426c-ad88-b5c79784356f req-b3b01f86-1da1-426c-ad88-b5c79784356f ] Request (ImagesOneServerNegativeTestJSON:_run_cleanups): 200 GET http://10.180.1.21/compute/v2.1/servers/401039d5-31da-4704-846c-776683258ac2 0.066s
2025-04-03 10:39:03.448 69828 INFO tempest.lib.common.rest_client [req-fcb57898-ecdb-461a-83cc-e933b04dc2c7 req-fcb57898-ecdb-461a-83cc-e933b04dc2c7 ] Request (ListImageFiltersTestJSON:tearDownClass): 201 POST http://10.180.1.21/identity/v3/auth/tokens 0.053s
2025-04-03 10:39:03.472 69884 INFO tempest.lib.common.rest_client [req-b873e9f3-3bcc-4c81-aceb-3df59bc30948 req-b873e9f3-3bcc-4c81-aceb-3df59bc30948 ] Request (ServersWithSpecificFlavorTestJSON:test_verify_created_server_ephemeral_disk): 200 GET http://10.180.1.21/compute/v2.1/servers/a2f033d3-5efd-44f6-95b9-89e91f113c8b 0.049s
2025-04-03 10:39:03.512 69870 INFO tempest.lib.common.rest_client [req-13a711fa-2f13-48cb-974b-888d7b7d6526 req-13a711fa-2f13-48cb-974b-888d7b7d6526 ] Request (MultipleCreateTestJSON:test_multiple_create_with_reservation_return): 200 GET http://10.180.1.21/compute/v2.1/servers/9615573d-9b6e-4532-827f-374ad484eb19 0.116s
2025-04-03 10:39:03.530 69840 INFO tempest.lib.common.rest_client [req-61829c00-f5d6-45f4-ba3c-4431f8c8acc3 req-61829c00-f5d6-45f4-ba3c-4431f8c8acc3 ] Request (MigrationsAdminTest:test_resize_server_revert_deleted_flavor): 200 GET http://10.180.1.21/compute/v2.1/servers/7048c4aa-f136-415f-99d0-7e4361ecfbb7 0.086s
2025-04-03 10:39:03.552 69828 INFO tempest.lib.common.rest_client [req-cdd23402-a48b-4b0e-8458-5c69a435da5c req-cdd23402-a48b-4b0e-8458-5c69a435da5c ] Request (ListImageFiltersTestJSON:tearDownClass): 200 GET http://10.180.1.21:9696/networking/v2.0/security-groups?tenant_id=1589a1066730491285ff36b275b84ea7&name=default 0.104s
2025-04-03 10:39:03.569 69850 INFO tempest.lib.common.rest_client [req-40361b58-f494-4a6f-a397-1407a54e9651 req-40361b58-f494-4a6f-a397-1407a54e9651 ] Request (ServersTestJSON:setUpClass): 200 GET http://10.180.1.21/compute/v2.1/servers/01467b61-eca8-40f8-afe1-9fa5c944709f 0.071s
2025-04-03 10:39:03.580 69850 INFO tempest.common.waiters [-] State transition "BUILD/None" ==> "BUILD/networking" after 69 second wait
2025-04-03 10:39:03.612 69834 INFO tempest.lib.common.rest_client [req-2df703be-7aab-4d91-a3ea-058cb25537f5 req-2df703be-7aab-4d91-a3ea-058cb25537f5 ] Request (ServersAdminNegativeTestJSON:test_migrate_server_invalid_state): 200 GET http://10.180.1.21/compute/v2.1/servers/cb1be988-3e06-4c56-b271-81bd11a7921a 0.058s
2025-04-03 10:39:03.671 69828 INFO tempest.lib.common.rest_client [req-429dc385-d25a-466c-b9e6-2e8bdf196cb3 req-429dc385-d25a-466c-b9e6-2e8bdf196cb3 ] Request (ListImageFiltersTestJSON:tearDownClass): 204 DELETE http://10.180.1.21:9696/networking/v2.0/security-groups/dba52dd6-05d0-4283-ba0e-107ad8c10157 0.119s
2025-04-03 10:39:03.679 69830 INFO tempest.lib.common.rest_client [req-a6000f49-d133-42fb-be48-7e92a2a4a13e req-a6000f49-d133-42fb-be48-7e92a2a4a13e ] Request (ServersTestFqdnHostnames:tearDownClass): 200 GET http://10.180.1.21/compute/v2.1/servers/d99c2263-2e5e-4c3e-9f2a-6b10263e684b 0.067s
2025-04-03 10:39:03.741 69828 INFO tempest.lib.common.rest_client [req-b3ac6dc1-83b8-4e78-9b51-e55647747fc9 req-b3ac6dc1-83b8-4e78-9b51-e55647747fc9 ] Request (ListImageFiltersTestJSON:tearDownClass): 204 DELETE http://10.180.1.21/identity/v3/projects/1589a1066730491285ff36b275b84ea7 0.069s
2025-04-03 10:39:03.742 69828 INFO tempest.test [-] raised in ServerPersonalityTestJSON.setUpClass. Invoking tearDownClass.
2025-04-03 10:39:03.806 69828 INFO tempest.lib.common.rest_client [req-d280f710-8f03-4d0c-bfc7-1eff2dbbb033 req-d280f710-8f03-4d0c-bfc7-1eff2dbbb033 ] Request (ServerRescueNegativeTestJSON:setUpClass): 201 POST http://10.180.1.21/identity/v3/auth/tokens 0.062s
2025-04-03 10:39:03.835 69828 INFO tempest.lib.common.rest_client [req-73b3489d-8c8c-4e7b-a3e1-45aaf0cabffb req-73b3489d-8c8c-4e7b-a3e1-45aaf0cabffb ] Request (ServerRescueNegativeTestJSON:setUpClass): 201 POST http://10.180.1.21/identity/v3/auth/tokens 0.026s
2025-04-03 10:39:03.860 69828 INFO tempest.lib.common.rest_client [req-366c8491-0286-4f64-bfe9-a7c686f0f47a req-366c8491-0286-4f64-bfe9-a7c686f0f47a ] Request (ServerRescueNegativeTestJSON:setUpClass): 200 GET http://10.180.1.21/identity/v3/domains?name=Default 0.025s
2025-04-03 10:39:03.876 69832 INFO tempest.lib.common.rest_client [req-82a51e51-7603-43a7-bb5b-58a543fb7baf req-82a51e51-7603-43a7-bb5b-58a543fb7baf ] Request (ServerActionsV293TestJSON:setUpClass): 200 GET http://10.180.1.21/compute/v2.1/servers/3f232a91-ec92-4245-a40b-8d884f6c347c 0.075s
2025-04-03 10:39:03.891 69828 INFO tempest.lib.common.rest_client [req-28b52f5b-2bc9-4c7a-b092-477ade49a9de req-28b52f5b-2bc9-4c7a-b092-477ade49a9de ] Request (ServerRescueNegativeTestJSON:setUpClass): 201 POST http://10.180.1.21/identity/v3/projects 0.030s
2025-04-03 10:39:03.915 69859 INFO tempest.lib.common.rest_client [req-0ea0b070-fca2-426f-88b4-9636e6b48d9d req-0ea0b070-fca2-426f-88b4-9636e6b48d9d ] Request (VolumesAdminNegativeTest:test_update_attached_volume_with_nonexistent_volume_in_uri): 200 GET http://10.180.1.21/compute/v2.1/servers/451b651f-2d82-4777-93fb-5e16e248e292 0.065s
2025-04-03 10:39:03.949 69828 INFO tempest.lib.common.rest_client [req-6a03690f-b34b-4f8f-88f2-d3bc589d5f66 req-6a03690f-b34b-4f8f-88f2-d3bc589d5f66 ] Request (ServerRescueNegativeTestJSON:setUpClass): 201 POST http://10.180.1.21/identity/v3/users 0.058s
2025-04-03 10:39:03.982 69828 INFO tempest.lib.common.rest_client [req-6004416e-f34a-41b4-be64-a1e84c032243 req-6004416e-f34a-41b4-be64-a1e84c032243 ] Request (ServerRescueNegativeTestJSON:setUpClass): 200 GET http://10.180.1.21/identity/v3/roles 0.032s
2025-04-03 10:39:04.037 69828 INFO tempest.lib.common.rest_client [req-7166e60d-c9e4-4b48-8b09-940167bc8827 req-7166e60d-c9e4-4b48-8b09-940167bc8827 ] Request (ServerRescueNegativeTestJSON:setUpClass): 204 PUT http://10.180.1.21/identity/v3/projects/ed8fc530ac2c448995c823574bc84ccf/users/0eb48f5ca73845a183c8c6a14f3e957e/roles/1db800b8c8e64f3cad1ff79f46651bdb 0.054s
2025-04-03 10:39:04.037 69828 INFO tempest.lib.common.dynamic_creds [-] Dynamic test user 0eb48f5ca73845a183c8c6a14f3e957e is created with scope project and roles: ['member']
2025-04-03 10:39:04.037 69828 INFO tempest.lib.common.dynamic_creds [-] Acquired dynamic creds: credentials: Credentials: {'domain_id': 'default', 'domain_name': 'Default', 'username': 'tempest-ServerRescueNegativeTestJSON-106874270-project-member', 'project_domain_id': 'default', 'project_domain_name': 'Default', 'project_id': 'ed8fc530ac2c448995c823574bc84ccf', 'project_name': 'tempest-ServerRescueNegativeTestJSON-106874270', 'tenant_id': 'ed8fc530ac2c448995c823574bc84ccf', 'tenant_name': 'tempest-ServerRescueNegativeTestJSON-106874270', 'user_domain_id': 'default', 'user_domain_name': 'Default', 'user_id': '0eb48f5ca73845a183c8c6a14f3e957e', 'system': None}, Network: None, Subnet: None, Router: None
2025-04-03 10:39:04.039 69866 INFO tempest.lib.common.rest_client [req-5fad379a-c9b2-4240-8e0f-15d3c0bfcc0d req-5fad379a-c9b2-4240-8e0f-15d3c0bfcc0d ] Request (FloatingIPsAssociationTestJSON:tearDownClass): 200 GET http://10.180.1.21/compute/v2.1/servers/96c862da-b830-47ef-aed7-4faa84c970b9 0.095s
2025-04-03 10:39:04.099 69854 INFO tempest.lib.common.rest_client [req-73197d7f-81c6-4d8b-989b-cfeba6efbd72 req-73197d7f-81c6-4d8b-989b-cfeba6efbd72 ] Request (AttachVolumeShelveTestJSON:test_attach_volume_shelved_or_offload_server): 200 GET http://10.180.1.21/compute/v2.1/servers/34aef67d-2f88-4adf-a5b0-778945e300ec 0.240s
2025-04-03 10:39:04.105 69874 INFO tempest.lib.common.rest_client [req-2cca6ebe-d1ac-4e77-b5f1-2b75e3869fba req-2cca6ebe-d1ac-4e77-b5f1-2b75e3869fba ] Request (ServerMetadataNegativeTestJSON:setUpClass): 200 GET http://10.180.1.21/compute/v2.1/servers/c212fc55-c74a-4580-a49f-c4e373401eb8 0.064s
2025-04-03 10:39:04.111 69854 INFO tempest.common.waiters [-] State transition "ACTIVE/shelving_image_pending_upload" ==> "ACTIVE/shelving_image_uploading" after 5 second wait
2025-04-03 10:39:04.123 69828 INFO tempest.lib.common.rest_client [req-4fa1d7c2-4b74-4a1f-a18e-96c7bcd02c34 req-4fa1d7c2-4b74-4a1f-a18e-96c7bcd02c34 ] Request (ServerRescueNegativeTestJSON:setUpClass): 201 POST http://10.180.1.21/identity/v3/auth/tokens 0.085s
2025-04-03 10:39:04.192 69868 INFO tempest.lib.common.rest_client [req-c4f5bcef-321e-4bd3-8316-be2bc2cabd5a req-c4f5bcef-321e-4bd3-8316-be2bc2cabd5a ] Request (AttachInterfacesUnderV243Test:_run_cleanups): 200 GET http://10.180.1.21/compute/v2.1/servers/cb544004-1a86-4dda-bc77-cc92aed5ffc1 0.070s
2025-04-03 10:39:04.248 69836 INFO tempest.lib.common.rest_client [req-b919098b-a5ab-49ad-a238-5f36aea0bb04 req-b919098b-a5ab-49ad-a238-5f36aea0bb04 ] Request (ServersTestMultiNic:_run_cleanups): 200 GET http://10.180.1.21/compute/v2.1/servers/c7269b00-2769-4ef1-baba-ddd097bfaaec 0.070s
2025-04-03 10:39:04.271 69824 INFO tempest.lib.common.rest_client [req-77f9dd50-03c5-48bd-a1f4-75d45367131a req-77f9dd50-03c5-48bd-a1f4-75d45367131a ] Request (ListServersNegativeTestJSON:setUpClass): 200 GET http://10.180.1.21/compute/v2.1/servers/7f81370f-e4e9-4ce9-8777-cb1256604808 0.177s
2025-04-03 10:39:04.299 69864 INFO tempest.lib.common.rest_client [req-d9e738bd-ba2c-4205-978c-79ae327aff1d req-d9e738bd-ba2c-4205-978c-79ae327aff1d ] Request (ServersAdminTestJSON:test_inject_network_info): 200 GET http://10.180.1.21/compute/v2.1/servers/244db566-fe89-4193-bb1e-e78f4e3da30c 0.099s
2025-04-03 10:39:04.332 69857 INFO tempest.lib.common.rest_client [req-93fffa85-986e-41c1-9656-eff50c7cc121 req-93fffa85-986e-41c1-9656-eff50c7cc121 ] Request (ServerDiskConfigTestJSON:test_rebuild_server_with_auto_disk_config): 200 GET http://10.180.1.21/compute/v2.1/servers/d7e83c49-723d-4b08-97be-300eb257f91e 0.086s
2025-04-03 10:39:04.351 69852 INFO tempest.lib.common.rest_client [req-e184b635-bfad-459a-84a7-651d880adcb6 req-e184b635-bfad-459a-84a7-651d880adcb6 ] Request (ServerDiagnosticsTest:test_get_server_diagnostics): 200 GET http://10.180.1.21/compute/v2.1/servers/b7b4e987-7c86-4cbf-ad96-bfe2decb43ca 0.078s
2025-04-03 10:39:04.410 69844 INFO tempest.lib.common.rest_client [req-f40eb2ed-c810-498d-8798-b46d823c7451 req-f40eb2ed-c810-498d-8798-b46d823c7451 ] Request (SecurityGroupsTestJSON:test_server_security_groups): 200 GET http://10.180.1.21/compute/v2.1/servers/51dc5901-e644-458f-820c-52a0b3711c3d 0.082s
2025-04-03 10:39:04.437 69886 INFO tempest.lib.common.rest_client [req-c00b6645-a800-4f1f-bdb7-b1448337f821 req-c00b6645-a800-4f1f-bdb7-b1448337f821 ] Request (ServerActionsTestOtherA:test_rebuild_server_in_stop_state): 200 GET http://10.180.1.21/compute/v2.1/servers/509562e4-a7a3-48b1-9d9e-73194c08a595 0.061s
2025-04-03 10:39:04.469 69828 INFO tempest.lib.common.rest_client [req-6fe1ad32-98f6-41cb-a35e-e20d25579798 req-6fe1ad32-98f6-41cb-a35e-e20d25579798 ] Request (ServerRescueNegativeTestJSON:setUpClass): 201 POST http://10.180.1.21:9696/networking/v2.0/networks 0.345s
2025-04-03 10:39:04.471 69879 INFO tempest.lib.common.rest_client [req-8decdbb2-0f67-47af-8b0c-10dd6790b6e9 req-8decdbb2-0f67-47af-8b0c-10dd6790b6e9 ] Request (ImagesTestJSON:test_create_server_from_snapshot): 200 GET http://10.180.1.21/compute/v2.1/servers/5c1c011a-cb40-4576-aadd-f2e2c09706e7 0.053s
2025-04-03 10:39:04.499 69838 INFO tempest.lib.common.rest_client [req-8526f7c1-df61-4672-ba06-bc39af4b9107 req-8526f7c1-df61-4672-ba06-bc39af4b9107 ] Request (ImagesOneServerNegativeTestJSON:_run_cleanups): 200 GET http://10.180.1.21/compute/v2.1/servers/401039d5-31da-4704-846c-776683258ac2 0.064s
2025-04-03 10:39:04.550 69884 INFO tempest.lib.common.rest_client [req-87bf97c2-7e71-46c2-b41b-6d9e9388be29 req-87bf97c2-7e71-46c2-b41b-6d9e9388be29 ] Request (ServersWithSpecificFlavorTestJSON:test_verify_created_server_ephemeral_disk): 200 GET http://10.180.1.21/compute/v2.1/servers/a2f033d3-5efd-44f6-95b9-89e91f113c8b 0.070s
2025-04-03 10:39:04.609 69840 INFO tempest.lib.common.rest_client [req-b8ebdc96-66be-4a43-8995-e41e7791189c req-b8ebdc96-66be-4a43-8995-e41e7791189c ] Request (MigrationsAdminTest:test_resize_server_revert_deleted_flavor): 200 GET http://10.180.1.21/compute/v2.1/servers/7048c4aa-f136-415f-99d0-7e4361ecfbb7 0.071s
2025-04-03 10:39:04.641 69870 INFO tempest.lib.common.rest_client [req-5fbc2b62-6f33-4aa3-8e59-6f8e51907eb2 req-5fbc2b62-6f33-4aa3-8e59-6f8e51907eb2 ] Request (MultipleCreateTestJSON:test_multiple_create_with_reservation_return): 200 GET http://10.180.1.21/compute/v2.1/servers/9615573d-9b6e-4532-827f-374ad484eb19 0.120s
2025-04-03 10:39:04.699 69834 INFO tempest.lib.common.rest_client [req-9fa6644b-ebcb-4684-a502-9ee676da0f88 req-9fa6644b-ebcb-4684-a502-9ee676da0f88 ] Request (ServersAdminNegativeTestJSON:test_migrate_server_invalid_state): 200 GET http://10.180.1.21/compute/v2.1/servers/cb1be988-3e06-4c56-b271-81bd11a7921a 0.077s
2025-04-03 10:39:04.711 69828 INFO tempest.lib.common.rest_client [req-023afb2e-24b3-4736-9bca-0664dfcbbbaf req-023afb2e-24b3-4736-9bca-0664dfcbbbaf ] Request (ServerRescueNegativeTestJSON:setUpClass): 201 POST http://10.180.1.21:9696/networking/v2.0/subnets 0.241s
2025-04-03 10:39:04.782 69830 INFO tempest.lib.common.rest_client [req-9d0f5e5f-d558-4601-95f9-bf4c57c7870d req-9d0f5e5f-d558-4601-95f9-bf4c57c7870d ] Request (ServersTestFqdnHostnames:tearDownClass): 200 GET http://10.180.1.21/compute/v2.1/servers/d99c2263-2e5e-4c3e-9f2a-6b10263e684b 0.094s
2025-04-03 10:39:04.803 69850 INFO tempest.lib.common.rest_client [req-343303f3-ed45-4d13-af2c-84d82ccac0d9 req-343303f3-ed45-4d13-af2c-84d82ccac0d9 ] Request (ServersTestJSON:setUpClass): 200 GET http://10.180.1.21/compute/v2.1/servers/01467b61-eca8-40f8-afe1-9fa5c944709f 0.223s
2025-04-03 10:39:04.814 69850 INFO tempest.common.waiters [-] State transition "BUILD/networking" ==> "BUILD/spawning" after 70 second wait
2025-04-03 10:39:04.955 69832 INFO tempest.lib.common.rest_client [req-3fc5b50a-45d4-408d-9bc8-da8a26348f0e req-3fc5b50a-45d4-408d-9bc8-da8a26348f0e ] Request (ServerActionsV293TestJSON:setUpClass): 200 GET http://10.180.1.21/compute/v2.1/servers/3f232a91-ec92-4245-a40b-8d884f6c347c 0.068s
2025-04-03 10:39:04.983 69859 INFO tempest.lib.common.rest_client [req-6751ee23-5b85-458b-8ddf-1451a4640a77 req-6751ee23-5b85-458b-8ddf-1451a4640a77 ] Request (VolumesAdminNegativeTest:test_update_attached_volume_with_nonexistent_volume_in_uri): 200 GET http://10.180.1.21/compute/v2.1/servers/451b651f-2d82-4777-93fb-5e16e248e292 0.060s
2025-04-03 10:39:05.116 69866 INFO tempest.lib.common.rest_client [req-179e4c3f-2938-4c5e-b753-b332cef6416a req-179e4c3f-2938-4c5e-b753-b332cef6416a ] Request (FloatingIPsAssociationTestJSON:tearDownClass): 200 GET http://10.180.1.21/compute/v2.1/servers/96c862da-b830-47ef-aed7-4faa84c970b9 0.068s
2025-04-03 10:39:05.184 69874 INFO tempest.lib.common.rest_client [req-c643ac04-0cda-4238-89aa-ed94ec231ece req-c643ac04-0cda-4238-89aa-ed94ec231ece ] Request (ServerMetadataNegativeTestJSON:setUpClass): 200 GET http://10.180.1.21/compute/v2.1/servers/c212fc55-c74a-4580-a49f-c4e373401eb8 0.065s
2025-04-03 10:39:05.191 69874 INFO tempest.common.waiters [-] State transition "BUILD/scheduling" ==> "BUILD/None" after 24 second wait
2025-04-03 10:39:05.274 69854 INFO tempest.lib.common.rest_client [req-d513f26c-988a-4725-9f92-e745ea31ef2b req-d513f26c-988a-4725-9f92-e745ea31ef2b ] Request (AttachVolumeShelveTestJSON:test_attach_volume_shelved_or_offload_server): 200 GET http://10.180.1.21/compute/v2.1/servers/34aef67d-2f88-4adf-a5b0-778945e300ec 0.161s
2025-04-03 10:39:05.275 69868 INFO tempest.lib.common.rest_client [req-7173298b-bdc2-47fc-b474-85cda63019a3 req-7173298b-bdc2-47fc-b474-85cda63019a3 ] Request (AttachInterfacesUnderV243Test:_run_cleanups): 200 GET http://10.180.1.21/compute/v2.1/servers/cb544004-1a86-4dda-bc77-cc92aed5ffc1 0.072s
2025-04-03 10:39:05.357 69836 INFO tempest.lib.common.rest_client [req-c7f851bf-bbdb-4255-b8e8-08c67599929a req-c7f851bf-bbdb-4255-b8e8-08c67599929a ] Request (ServersTestMultiNic:_run_cleanups): 200 GET http://10.180.1.21/compute/v2.1/servers/c7269b00-2769-4ef1-baba-ddd097bfaaec 0.096s
2025-04-03 10:39:05.414 69864 INFO tempest.lib.common.rest_client [req-38b6e05b-40b9-4dc8-9b0e-29e05467e864 req-38b6e05b-40b9-4dc8-9b0e-29e05467e864 ] Request (ServersAdminTestJSON:test_inject_network_info): 200 GET http://10.180.1.21/compute/v2.1/servers/244db566-fe89-4193-bb1e-e78f4e3da30c 0.100s
2025-04-03 10:39:05.448 69824 INFO tempest.lib.common.rest_client [req-e6900f48-2e06-4be8-ac08-d20db060af75 req-e6900f48-2e06-4be8-ac08-d20db060af75 ] Request (ListServersNegativeTestJSON:setUpClass): 200 GET http://10.180.1.21/compute/v2.1/servers/7f81370f-e4e9-4ce9-8777-cb1256604808 0.165s
2025-04-03 10:39:05.469 69857 INFO tempest.lib.common.rest_client [req-5388982c-d20c-49ec-815c-502b76ff98b5 req-5388982c-d20c-49ec-815c-502b76ff98b5 ] Request (ServerDiskConfigTestJSON:test_rebuild_server_with_auto_disk_config): 200 GET http://10.180.1.21/compute/v2.1/servers/d7e83c49-723d-4b08-97be-300eb257f91e 0.129s
2025-04-03 10:39:05.524 69852 INFO tempest.lib.common.rest_client [req-061d8855-0be6-4cec-a001-f41a9d2affc8 req-061d8855-0be6-4cec-a001-f41a9d2affc8 ] Request (ServerDiagnosticsTest:test_get_server_diagnostics): 200 GET http://10.180.1.21/compute/v2.1/servers/b7b4e987-7c86-4cbf-ad96-bfe2decb43ca 0.164s
2025-04-03 10:39:05.538 69844 INFO tempest.lib.common.rest_client [req-ee7d8357-a359-4bcb-b1d4-d246b74e1ed8 req-ee7d8357-a359-4bcb-b1d4-d246b74e1ed8 ] Request (SecurityGroupsTestJSON:test_server_security_groups): 200 GET http://10.180.1.21/compute/v2.1/servers/51dc5901-e644-458f-820c-52a0b3711c3d 0.118s
2025-04-03 10:39:05.588 69886 INFO tempest.lib.common.rest_client [req-98597b82-498b-4e5a-886a-dac417960696 req-98597b82-498b-4e5a-886a-dac417960696 ] Request (ServerActionsTestOtherA:test_rebuild_server_in_stop_state): 200 GET http://10.180.1.21/compute/v2.1/servers/509562e4-a7a3-48b1-9d9e-73194c08a595 0.141s
2025-04-03 10:39:05.599 69879 INFO tempest.lib.common.rest_client [req-399399b2-4294-41fb-b4b9-c5321d8df765 req-399399b2-4294-41fb-b4b9-c5321d8df765 ] Request (ImagesTestJSON:test_create_server_from_snapshot): 200 GET http://10.180.1.21/compute/v2.1/servers/5c1c011a-cb40-4576-aadd-f2e2c09706e7 0.110s
2025-04-03 10:39:05.653 69838 INFO tempest.lib.common.rest_client [req-268fa130-edb9-4da4-8101-3b952674961b req-268fa130-edb9-4da4-8101-3b952674961b ] Request (ImagesOneServerNegativeTestJSON:_run_cleanups): 200 GET http://10.180.1.21/compute/v2.1/servers/401039d5-31da-4704-846c-776683258ac2 0.146s
2025-04-03 10:39:05.653 69884 INFO tempest.lib.common.rest_client [req-a7afb11a-1128-460d-9f50-208862aadfba req-a7afb11a-1128-460d-9f50-208862aadfba ] Request (ServersWithSpecificFlavorTestJSON:test_verify_created_server_ephemeral_disk): 200 GET http://10.180.1.21/compute/v2.1/servers/a2f033d3-5efd-44f6-95b9-89e91f113c8b 0.094s
2025-04-03 10:39:05.705 69828 INFO tempest.lib.common.rest_client [req-0741d197-e79d-4fc8-a890-44f837a63be8 req-0741d197-e79d-4fc8-a890-44f837a63be8 ] Request (ServerRescueNegativeTestJSON:setUpClass): 201 POST http://10.180.1.21:9696/networking/v2.0/routers 0.993s
2025-04-03 10:39:05.723 69840 INFO tempest.lib.common.rest_client [req-634c56e4-565b-4266-aaf7-7902d2743589 req-634c56e4-565b-4266-aaf7-7902d2743589 ] Request (MigrationsAdminTest:test_resize_server_revert_deleted_flavor): 200 GET http://10.180.1.21/compute/v2.1/servers/7048c4aa-f136-415f-99d0-7e4361ecfbb7 0.102s
2025-04-03 10:39:05.783 69834 INFO tempest.lib.common.rest_client [req-4c0d35a2-82f5-4cba-aee6-b063477814af req-4c0d35a2-82f5-4cba-aee6-b063477814af ] Request (ServersAdminNegativeTestJSON:test_migrate_server_invalid_state): 200 GET http://10.180.1.21/compute/v2.1/servers/cb1be988-3e06-4c56-b271-81bd11a7921a 0.072s
2025-04-03 10:39:05.784 69870 INFO tempest.lib.common.rest_client [req-1b46dea8-5504-4d4e-bdb7-9fc55c794368 req-1b46dea8-5504-4d4e-bdb7-9fc55c794368 ] Request (MultipleCreateTestJSON:test_multiple_create_with_reservation_return): 200 GET http://10.180.1.21/compute/v2.1/servers/9615573d-9b6e-4532-827f-374ad484eb19 0.134s
2025-04-03 10:39:05.865 69830 INFO tempest.lib.common.rest_client [req-0efc1943-27b9-4924-a637-67092359f27a req-0efc1943-27b9-4924-a637-67092359f27a ] Request (ServersTestFqdnHostnames:tearDownClass): 200 GET http://10.180.1.21/compute/v2.1/servers/d99c2263-2e5e-4c3e-9f2a-6b10263e684b 0.071s
2025-04-03 10:39:05.956 69850 INFO tempest.lib.common.rest_client [req-d06322b2-72ef-4c39-b90b-cdf2a2995abc req-d06322b2-72ef-4c39-b90b-cdf2a2995abc ] Request (ServersTestJSON:setUpClass): 200 GET http://10.180.1.21/compute/v2.1/servers/01467b61-eca8-40f8-afe1-9fa5c944709f 0.140s
2025-04-03 10:39:06.021 69832 INFO tempest.lib.common.rest_client [req-b49c1cc5-b531-47c4-afb6-b42bc857268e req-b49c1cc5-b531-47c4-afb6-b42bc857268e ] Request (ServerActionsV293TestJSON:setUpClass): 200 GET http://10.180.1.21/compute/v2.1/servers/3f232a91-ec92-4245-a40b-8d884f6c347c 0.056s
2025-04-03 10:39:06.046 69859 INFO tempest.lib.common.rest_client [req-6001a4b8-07a8-44e3-92ac-c447e2dea019 req-6001a4b8-07a8-44e3-92ac-c447e2dea019 ] Request (VolumesAdminNegativeTest:test_update_attached_volume_with_nonexistent_volume_in_uri): 200 GET http://10.180.1.21/compute/v2.1/servers/451b651f-2d82-4777-93fb-5e16e248e292 0.055s
2025-04-03 10:39:06.202 69866 INFO tempest.lib.common.rest_client [req-ca70cebb-e1b4-4b73-9cda-538cf78db3fa req-ca70cebb-e1b4-4b73-9cda-538cf78db3fa ] Request (FloatingIPsAssociationTestJSON:tearDownClass): 200 GET http://10.180.1.21/compute/v2.1/servers/96c862da-b830-47ef-aed7-4faa84c970b9 0.079s
2025-04-03 10:39:06.250 69874 INFO tempest.lib.common.rest_client [req-8ef958c7-ec5b-44f9-b42d-6b5df4c3dba6 req-8ef958c7-ec5b-44f9-b42d-6b5df4c3dba6 ] Request (ServerMetadataNegativeTestJSON:setUpClass): 200 GET http://10.180.1.21/compute/v2.1/servers/c212fc55-c74a-4580-a49f-c4e373401eb8 0.057s
2025-04-03 10:39:06.355 69868 INFO tempest.lib.common.rest_client [req-559d083e-3207-4fd2-bdda-14d89151b9b6 req-559d083e-3207-4fd2-bdda-14d89151b9b6 ] Request (AttachInterfacesUnderV243Test:_run_cleanups): 200 GET http://10.180.1.21/compute/v2.1/servers/cb544004-1a86-4dda-bc77-cc92aed5ffc1 0.071s
2025-04-03 10:39:06.411 69854 INFO tempest.lib.common.rest_client [req-1b8cdb54-49ac-410a-b0b3-c85626be36e5 req-1b8cdb54-49ac-410a-b0b3-c85626be36e5 ] Request (AttachVolumeShelveTestJSON:test_attach_volume_shelved_or_offload_server): 200 GET http://10.180.1.21/compute/v2.1/servers/34aef67d-2f88-4adf-a5b0-778945e300ec 0.121s
2025-04-03 10:39:06.437 69836 INFO tempest.lib.common.rest_client [req-9a229ce9-50d5-453e-8cb5-4377a2e0b5cd req-9a229ce9-50d5-453e-8cb5-4377a2e0b5cd ] Request (ServersTestMultiNic:_run_cleanups): 200 GET http://10.180.1.21/compute/v2.1/servers/c7269b00-2769-4ef1-baba-ddd097bfaaec 0.071s
2025-04-03 10:39:06.477 69864 INFO tempest.lib.common.rest_client [req-c3b71f30-2ba4-42ff-af00-9b4f8753110a req-c3b71f30-2ba4-42ff-af00-9b4f8753110a ] Request (ServersAdminTestJSON:test_inject_network_info): 200 GET http://10.180.1.21/compute/v2.1/servers/244db566-fe89-4193-bb1e-e78f4e3da30c 0.053s
2025-04-03 10:39:06.545 69882 WARNING tempest.lib.common.ssh [-] Failed to establish authenticated ssh connection to cirros@10.180.180.179 ([Errno None] Unable to connect to port 22 on 10.180.180.179). Number attempts: 6. Retry after 7 seconds.: paramiko.ssh_exception.NoValidConnectionsError: [Errno None] Unable to connect to port 22 on 10.180.180.179
2025-04-03 10:39:06.558 69857 INFO tempest.lib.common.rest_client [req-28e25444-3dbc-4614-a214-a28ee16c05ed req-28e25444-3dbc-4614-a214-a28ee16c05ed ] Request (ServerDiskConfigTestJSON:test_rebuild_server_with_auto_disk_config): 200 GET http://10.180.1.21/compute/v2.1/servers/d7e83c49-723d-4b08-97be-300eb257f91e 0.077s
2025-04-03 10:39:06.588 69824 INFO tempest.lib.common.rest_client [req-283a600c-7193-4e8e-b93d-76e5c4b7db7d req-283a600c-7193-4e8e-b93d-76e5c4b7db7d ] Request (ListServersNegativeTestJSON:setUpClass): 200 GET http://10.180.1.21/compute/v2.1/servers/7f81370f-e4e9-4ce9-8777-cb1256604808 0.127s
2025-04-03 10:39:06.596 69824 INFO tempest.common.waiters [-] State transition "BUILD/spawning" ==> "ACTIVE/None" after 92 second wait
2025-04-03 10:39:06.644 69852 INFO tempest.lib.common.rest_client [req-14db78ec-2398-4b4c-8885-ae532b53a072 req-14db78ec-2398-4b4c-8885-ae532b53a072 ] Request (ServerDiagnosticsTest:test_get_server_diagnostics): 200 GET http://10.180.1.21/compute/v2.1/servers/b7b4e987-7c86-4cbf-ad96-bfe2decb43ca 0.110s
2025-04-03 10:39:06.666 69844 INFO tempest.lib.common.rest_client [req-e018727c-de3e-4c8e-a1ec-86ab4736bfc5 req-e018727c-de3e-4c8e-a1ec-86ab4736bfc5 ] Request (SecurityGroupsTestJSON:test_server_security_groups): 200 GET http://10.180.1.21/compute/v2.1/servers/51dc5901-e644-458f-820c-52a0b3711c3d 0.119s
2025-04-03 10:39:06.726 69886 INFO tempest.lib.common.rest_client [req-5c6a34a7-a2d0-40c8-a6a0-c045ee09d8f0 req-5c6a34a7-a2d0-40c8-a6a0-c045ee09d8f0 ] Request (ServerActionsTestOtherA:test_rebuild_server_in_stop_state): 200 GET http://10.180.1.21/compute/v2.1/servers/509562e4-a7a3-48b1-9d9e-73194c08a595 0.127s
2025-04-03 10:39:06.783 69879 INFO tempest.lib.common.rest_client [req-ef0c7057-788c-478a-b570-1c50130d1682 req-ef0c7057-788c-478a-b570-1c50130d1682 ] Request (ImagesTestJSON:test_create_server_from_snapshot): 200 GET http://10.180.1.21/compute/v2.1/servers/5c1c011a-cb40-4576-aadd-f2e2c09706e7 0.174s
2025-04-03 10:39:06.846 69884 INFO tempest.lib.common.rest_client [req-2006e42c-e4c1-4149-9de0-19f53c08249f req-2006e42c-e4c1-4149-9de0-19f53c08249f ] Request (ServersWithSpecificFlavorTestJSON:test_verify_created_server_ephemeral_disk): 200 GET http://10.180.1.21/compute/v2.1/servers/a2f033d3-5efd-44f6-95b9-89e91f113c8b 0.181s
2025-04-03 10:39:06.908 69838 INFO tempest.lib.common.rest_client [req-b2e53835-e52f-4bd9-8131-7880d99ff604 req-b2e53835-e52f-4bd9-8131-7880d99ff604 ] Request (ImagesOneServerNegativeTestJSON:_run_cleanups): 200 GET http://10.180.1.21/compute/v2.1/servers/401039d5-31da-4704-846c-776683258ac2 0.243s
2025-04-03 10:39:06.957 69828 INFO tempest.lib.common.rest_client [req-090c4a7b-234d-4b88-88bc-49c6b216f45a req-090c4a7b-234d-4b88-88bc-49c6b216f45a ] Request (ServerRescueNegativeTestJSON:setUpClass): 200 PUT http://10.180.1.21:9696/networking/v2.0/routers/917b00ba-e0a0-4d3b-9239-2389d8333c86/add_router_interface 1.251s
2025-04-03 10:39:06.957 69828 INFO tempest.lib.common.dynamic_creds [-] Created isolated network resources for: credentials: Credentials: {'domain_id': 'default', 'domain_name': 'Default', 'username': 'tempest-ServerRescueNegativeTestJSON-106874270-project-member', 'project_domain_id': 'default', 'project_domain_name': 'Default', 'project_id': 'ed8fc530ac2c448995c823574bc84ccf', 'project_name': 'tempest-ServerRescueNegativeTestJSON-106874270', 'tenant_id': 'ed8fc530ac2c448995c823574bc84ccf', 'tenant_name': 'tempest-ServerRescueNegativeTestJSON-106874270', 'user_domain_id': 'default', 'user_domain_name': 'Default', 'user_id': '0eb48f5ca73845a183c8c6a14f3e957e', 'system': None}, Network: {'id': '650a6806-1d19-4212-82e7-b4a31622481b', 'name': 'tempest-ServerRescueNegativeTestJSON-938580315-network', 'tenant_id': 'ed8fc530ac2c448995c823574bc84ccf', 'admin_state_up': True, 'mtu': 8950, 'status': 'ACTIVE', 'subnets': [], 'shared': False, 'project_id': 'ed8fc530ac2c448995c823574bc84ccf', 'port_security_enabled': True, 'router:external': False, 'provider:network_type': 'vlan', 'provider:physical_network': 'default', 'provider:segmentation_id': 666, 'availability_zone_hints': [], 'availability_zones': [], 'ipv4_address_scope': None, 'ipv6_address_scope': None, 'description': '', 'tags': [], 'created_at': '2025-04-03T10:39:04Z', 'updated_at': '2025-04-03T10:39:04Z', 'revision_number': 1}, Subnet: {'id': '22147ff7-c7b0-4af8-af96-fffd8571e5ed', 'name': 'tempest-ServerRescueNegativeTestJSON-938580315-subnet', 'tenant_id': 'ed8fc530ac2c448995c823574bc84ccf', 'network_id': '650a6806-1d19-4212-82e7-b4a31622481b', 'ip_version': 4, 'subnetpool_id': None, 'enable_dhcp': True, 'ipv6_ra_mode': None, 'ipv6_address_mode': None, 'gateway_ip': '192.168.128.1', 'cidr': '192.168.128.0/28', 'allocation_pools': [{'start': '192.168.128.2', 'end': '192.168.128.14'}], 'host_routes': [], 'dns_nameservers': [], 'description': '', 'router:external': False, 'service_types': [], 'tags': [], 'created_at': '2025-04-03T10:39:04Z', 'updated_at': '2025-04-03T10:39:04Z', 'revision_number': 0, 'project_id': 'ed8fc530ac2c448995c823574bc84ccf'}, Router: {'id': '917b00ba-e0a0-4d3b-9239-2389d8333c86', 'name': 'tempest-ServerRescueNegativeTestJSON-938580315-router', 'tenant_id': 'ed8fc530ac2c448995c823574bc84ccf', 'admin_state_up': True, 'status': 'ACTIVE', 'external_gateway_info': {'network_id': '81ba5463-3aef-458f-97a1-2241c55910f2', 'external_fixed_ips': [{'subnet_id': '931862af-4908-4440-b3cd-a8c014edec7d', 'ip_address': '10.180.180.132'}], 'enable_snat': True}, 'description': '', 'availability_zones': [], 'distributed': False, 'ha': False, 'availability_zone_hints': [], 'routes': [], 'flavor_id': None, 'tags': [], 'created_at': '2025-04-03T10:39:04Z', 'updated_at': '2025-04-03T10:39:05Z', 'revision_number': 2, 'project_id': 'ed8fc530ac2c448995c823574bc84ccf'}
2025-04-03 10:39:07.026 69840 INFO tempest.lib.common.rest_client [req-4e49431a-e484-41ed-8af5-e589ba52131c req-4e49431a-e484-41ed-8af5-e589ba52131c ] Request (MigrationsAdminTest:test_resize_server_revert_deleted_flavor): 200 GET http://10.180.1.21/compute/v2.1/servers/7048c4aa-f136-415f-99d0-7e4361ecfbb7 0.292s
2025-04-03 10:39:07.035 69840 INFO tempest.common.waiters [-] State transition "BUILD/None" ==> "BUILD/block_device_mapping" after 64 second wait
2025-04-03 10:39:07.081 69828 INFO tempest.lib.common.rest_client [req-f216c32a-52e5-4112-a6bb-2694263746ff req-f216c32a-52e5-4112-a6bb-2694263746ff ] Request (ServerRescueNegativeTestJSON:setUpClass): 201 POST http://10.180.1.21/identity/v3/auth/tokens 0.113s
2025-04-03 10:39:07.086 69834 INFO tempest.lib.common.rest_client [req-58874497-39e7-4267-bfa0-ab05922fb083 req-58874497-39e7-4267-bfa0-ab05922fb083 ] Request (ServersAdminNegativeTestJSON:test_migrate_server_invalid_state): 200 GET http://10.180.1.21/compute/v2.1/servers/cb1be988-3e06-4c56-b271-81bd11a7921a 0.294s
2025-04-03 10:39:07.093 69824 INFO tempest.lib.common.rest_client [req-3ab1c726-3284-4a43-aacc-5984dca1e6ee req-3ab1c726-3284-4a43-aacc-5984dca1e6ee ] Request (ListServersNegativeTestJSON:setUpClass): 200 GET http://10.180.1.21/compute/v2.1/servers/d8406646-e0a4-40db-b223-b703b7049610 0.496s
2025-04-03 10:39:07.121 69828 INFO tempest.lib.common.rest_client [req-afc9ac56-d4f3-4255-8992-0de9d58af82a req-afc9ac56-d4f3-4255-8992-0de9d58af82a ] Request (ServerRescueNegativeTestJSON:setUpClass): 201 POST http://10.180.1.21/identity/v3/auth/tokens 0.035s
2025-04-03 10:39:07.121 69828 INFO tempest.lib.common.fixed_network [-] (ServerRescueNegativeTestJSON:setUpClass) Found network {'id': '650a6806-1d19-4212-82e7-b4a31622481b', 'name': 'tempest-ServerRescueNegativeTestJSON-938580315-network', 'tenant_id': 'ed8fc530ac2c448995c823574bc84ccf', 'admin_state_up': True, 'mtu': 8950, 'status': 'ACTIVE', 'subnets': [], 'shared': False, 'project_id': 'ed8fc530ac2c448995c823574bc84ccf', 'port_security_enabled': True, 'router:external': False, 'provider:network_type': 'vlan', 'provider:physical_network': 'default', 'provider:segmentation_id': 666, 'availability_zone_hints': [], 'availability_zones': [], 'ipv4_address_scope': None, 'ipv6_address_scope': None, 'description': '', 'tags': [], 'created_at': '2025-04-03T10:39:04Z', 'updated_at': '2025-04-03T10:39:04Z', 'revision_number': 1} available for tenant
2025-04-03 10:39:07.179 69830 INFO tempest.lib.common.rest_client [req-a92228b6-76b0-4105-97ba-16add916c712 req-a92228b6-76b0-4105-97ba-16add916c712 ] Request (ServersTestFqdnHostnames:tearDownClass): 200 GET http://10.180.1.21/compute/v2.1/servers/d99c2263-2e5e-4c3e-9f2a-6b10263e684b 0.307s
2025-04-03 10:39:07.243 69870 INFO tempest.lib.common.rest_client [req-cccb2cca-bfb0-4c78-b9fb-79cc535386c3 req-cccb2cca-bfb0-4c78-b9fb-79cc535386c3 ] Request (MultipleCreateTestJSON:test_multiple_create_with_reservation_return): 200 GET http://10.180.1.21/compute/v2.1/servers/9615573d-9b6e-4532-827f-374ad484eb19 0.452s
2025-04-03 10:39:07.332 69850 INFO tempest.lib.common.rest_client [req-5fbcc65a-d157-4b1f-ab98-bf14c1eab363 req-5fbcc65a-d157-4b1f-ab98-bf14c1eab363 ] Request (ServersTestJSON:setUpClass): 200 GET http://10.180.1.21/compute/v2.1/servers/01467b61-eca8-40f8-afe1-9fa5c944709f 0.368s
2025-04-03 10:39:07.334 69832 INFO tempest.lib.common.rest_client [req-6b701eb7-3d41-4b30-9cea-971495c45df2 req-6b701eb7-3d41-4b30-9cea-971495c45df2 ] Request (ServerActionsV293TestJSON:setUpClass): 200 GET http://10.180.1.21/compute/v2.1/servers/3f232a91-ec92-4245-a40b-8d884f6c347c 0.302s
2025-04-03 10:39:07.394 69859 INFO tempest.lib.common.rest_client [req-63acf51f-37db-4f06-9519-33842c61dcf7 req-63acf51f-37db-4f06-9519-33842c61dcf7 ] Request (VolumesAdminNegativeTest:test_update_attached_volume_with_nonexistent_volume_in_uri): 200 GET http://10.180.1.21/compute/v2.1/servers/451b651f-2d82-4777-93fb-5e16e248e292 0.338s
2025-04-03 10:39:07.445 69824 INFO tempest.lib.common.rest_client [req-b3d095f7-d5ce-4f92-9d4c-a77fba32cba3 req-b3d095f7-d5ce-4f92-9d4c-a77fba32cba3 ] Request (ListServersNegativeTestJSON:setUpClass): 200 GET http://10.180.1.21/compute/v2.1/servers/d5bc29a0-8e36-4e5b-8917-edd158cf74de 0.340s
2025-04-03 10:39:07.504 69866 INFO tempest.lib.common.rest_client [req-5e581081-0f0e-4282-bfaa-6b78734b6ecb req-5e581081-0f0e-4282-bfaa-6b78734b6ecb ] Request (FloatingIPsAssociationTestJSON:tearDownClass): 200 GET http://10.180.1.21/compute/v2.1/servers/96c862da-b830-47ef-aed7-4faa84c970b9 0.290s
2025-04-03 10:39:07.561 69874 INFO tempest.lib.common.rest_client [req-7c4f185b-b32d-4f24-be6f-f306ddce70e9 req-7c4f185b-b32d-4f24-be6f-f306ddce70e9 ] Request (ServerMetadataNegativeTestJSON:setUpClass): 200 GET http://10.180.1.21/compute/v2.1/servers/c212fc55-c74a-4580-a49f-c4e373401eb8 0.303s
2025-04-03 10:39:07.621 69868 INFO tempest.lib.common.rest_client [req-6d02e34c-b9f6-439a-8aa3-c171547136e9 req-6d02e34c-b9f6-439a-8aa3-c171547136e9 ] Request (AttachInterfacesUnderV243Test:_run_cleanups): 200 GET http://10.180.1.21/compute/v2.1/servers/cb544004-1a86-4dda-bc77-cc92aed5ffc1 0.255s
2025-04-03 10:39:07.728 69854 INFO tempest.lib.common.rest_client [req-1575691d-8a86-44fa-94c0-feb57d9612cc req-1575691d-8a86-44fa-94c0-feb57d9612cc ] Request (AttachVolumeShelveTestJSON:test_attach_volume_shelved_or_offload_server): 200 GET http://10.180.1.21/compute/v2.1/servers/34aef67d-2f88-4adf-a5b0-778945e300ec 0.306s
2025-04-03 10:39:07.798 69836 INFO tempest.lib.common.rest_client [req-e07e3516-6355-4589-8f94-4ce0647bdadf req-e07e3516-6355-4589-8f94-4ce0647bdadf ] Request (ServersTestMultiNic:_run_cleanups): 200 GET http://10.180.1.21/compute/v2.1/servers/c7269b00-2769-4ef1-baba-ddd097bfaaec 0.349s
2025-04-03 10:39:07.843 69828 INFO tempest.lib.common.rest_client [req-4c8d11af-bd80-4aab-9b08-fcc36f707e52 req-4c8d11af-bd80-4aab-9b08-fcc36f707e52 ] Request (ServerRescueNegativeTestJSON:setUpClass): 202 POST http://10.180.1.21/compute/v2.1/servers 0.721s
2025-04-03 10:39:07.900 69864 INFO tempest.lib.common.rest_client [req-af219469-dc31-4213-bb9e-e5dd8a0a54f3 req-af219469-dc31-4213-bb9e-e5dd8a0a54f3 ] Request (ServersAdminTestJSON:test_inject_network_info): 200 GET http://10.180.1.21/compute/v2.1/servers/244db566-fe89-4193-bb1e-e78f4e3da30c 0.412s
2025-04-03 10:39:07.905 69824 INFO tempest.lib.common.rest_client [req-c5af62c6-a7f4-45d9-a69f-076d088988a7 req-c5af62c6-a7f4-45d9-a69f-076d088988a7 ] Request (ListServersNegativeTestJSON:setUpClass): 204 DELETE http://10.180.1.21/compute/v2.1/servers/d5bc29a0-8e36-4e5b-8917-edd158cf74de 0.453s
2025-04-03 10:39:07.962 69857 INFO tempest.lib.common.rest_client [req-28a3eee5-e652-4bab-8c6c-d9faff8d9fc6 req-28a3eee5-e652-4bab-8c6c-d9faff8d9fc6 ] Request (ServerDiskConfigTestJSON:test_rebuild_server_with_auto_disk_config): 200 GET http://10.180.1.21/compute/v2.1/servers/d7e83c49-723d-4b08-97be-300eb257f91e 0.395s
2025-04-03 10:39:07.965 69852 INFO tempest.lib.common.rest_client [req-0847fe1d-d7d8-4fe1-a41f-cb96a5caf273 req-0847fe1d-d7d8-4fe1-a41f-cb96a5caf273 ] Request (ServerDiagnosticsTest:test_get_server_diagnostics): 200 GET http://10.180.1.21/compute/v2.1/servers/b7b4e987-7c86-4cbf-ad96-bfe2decb43ca 0.309s
2025-04-03 10:39:08.018 69886 INFO tempest.lib.common.rest_client [req-81722830-fda1-4c81-b987-47665ee86b4d req-81722830-fda1-4c81-b987-47665ee86b4d ] Request (ServerActionsTestOtherA:test_rebuild_server_in_stop_state): 200 GET http://10.180.1.21/compute/v2.1/servers/509562e4-a7a3-48b1-9d9e-73194c08a595 0.282s
2025-04-03 10:39:08.023 69844 INFO tempest.lib.common.rest_client [req-212c98f6-2fc1-4619-93a0-f5d9f37bd638 req-212c98f6-2fc1-4619-93a0-f5d9f37bd638 ] Request (SecurityGroupsTestJSON:test_server_security_groups): 200 GET http://10.180.1.21/compute/v2.1/servers/51dc5901-e644-458f-820c-52a0b3711c3d 0.346s
2025-04-03 10:39:08.068 69828 INFO tempest.lib.common.rest_client [req-859ffbc0-d5a2-49da-bf4c-5141d56ebc1f req-859ffbc0-d5a2-49da-bf4c-5141d56ebc1f ] Request (ServerRescueNegativeTestJSON:setUpClass): 200 GET http://10.180.1.21/compute/v2.1/servers/43b5e7a3-0cf1-4b10-9bc3-86a49456a62a 0.223s
2025-04-03 10:39:08.089 69879 INFO tempest.lib.common.rest_client [req-b9c8ca0b-392f-4897-920d-5781ec10b83b req-b9c8ca0b-392f-4897-920d-5781ec10b83b ] Request (ImagesTestJSON:test_create_server_from_snapshot): 200 GET http://10.180.1.21/compute/v2.1/servers/5c1c011a-cb40-4576-aadd-f2e2c09706e7 0.298s
2025-04-03 10:39:08.111 69828 INFO tempest.lib.common.rest_client [req-5abb0ff7-0243-4513-8e1f-48d93a9213fc req-5abb0ff7-0243-4513-8e1f-48d93a9213fc ] Request (ServerRescueNegativeTestJSON:setUpClass): 201 POST http://10.180.1.21/identity/v3/auth/tokens 0.031s
2025-04-03 10:39:08.111 69828 INFO tempest.lib.common.fixed_network [-] (ServerRescueNegativeTestJSON:setUpClass) Found network {'id': '650a6806-1d19-4212-82e7-b4a31622481b', 'name': 'tempest-ServerRescueNegativeTestJSON-938580315-network', 'tenant_id': 'ed8fc530ac2c448995c823574bc84ccf', 'admin_state_up': True, 'mtu': 8950, 'status': 'ACTIVE', 'subnets': [], 'shared': False, 'project_id': 'ed8fc530ac2c448995c823574bc84ccf', 'port_security_enabled': True, 'router:external': False, 'provider:network_type': 'vlan', 'provider:physical_network': 'default', 'provider:segmentation_id': 666, 'availability_zone_hints': [], 'availability_zones': [], 'ipv4_address_scope': None, 'ipv6_address_scope': None, 'description': '', 'tags': [], 'created_at': '2025-04-03T10:39:04Z', 'updated_at': '2025-04-03T10:39:04Z', 'revision_number': 1} available for tenant
2025-04-03 10:39:08.133 69884 INFO tempest.lib.common.rest_client [req-d6a2d19d-f7e6-499f-9ce0-c9b627b11aee req-d6a2d19d-f7e6-499f-9ce0-c9b627b11aee ] Request (ServersWithSpecificFlavorTestJSON:test_verify_created_server_ephemeral_disk): 200 GET http://10.180.1.21/compute/v2.1/servers/a2f033d3-5efd-44f6-95b9-89e91f113c8b 0.277s
2025-04-03 10:39:08.196 69838 INFO tempest.lib.common.rest_client [req-3e4254cb-63aa-4e8e-ac02-71e6357fada6 req-3e4254cb-63aa-4e8e-ac02-71e6357fada6 ] Request (ImagesOneServerNegativeTestJSON:_run_cleanups): 200 GET http://10.180.1.21/compute/v2.1/servers/401039d5-31da-4704-846c-776683258ac2 0.278s
2025-04-03 10:39:08.225 69824 INFO tempest.lib.common.rest_client [req-635ff4a1-590f-441d-8375-3568efa51a61 req-635ff4a1-590f-441d-8375-3568efa51a61 ] Request (ListServersNegativeTestJSON:setUpClass): 200 GET http://10.180.1.21/compute/v2.1/servers/d5bc29a0-8e36-4e5b-8917-edd158cf74de 0.319s
2025-04-03 10:39:08.290 69834 INFO tempest.lib.common.rest_client [req-ea90b3bf-ad6b-4ce9-b7c3-c7b9b8152bf1 req-ea90b3bf-ad6b-4ce9-b7c3-c7b9b8152bf1 ] Request (ServersAdminNegativeTestJSON:test_migrate_server_invalid_state): 200 GET http://10.180.1.21/compute/v2.1/servers/cb1be988-3e06-4c56-b271-81bd11a7921a 0.196s
2025-04-03 10:39:08.390 69840 INFO tempest.lib.common.rest_client [req-7641303b-24e6-4b60-bdcd-bf6a25e78d4e req-7641303b-24e6-4b60-bdcd-bf6a25e78d4e ] Request (MigrationsAdminTest:test_resize_server_revert_deleted_flavor): 200 GET http://10.180.1.21/compute/v2.1/servers/7048c4aa-f136-415f-99d0-7e4361ecfbb7 0.354s
2025-04-03 10:39:08.403 69840 INFO tempest.common.waiters [-] State transition "BUILD/block_device_mapping" ==> "BUILD/spawning" after 65 second wait
2025-04-03 10:39:08.478 69830 INFO tempest.lib.common.rest_client [req-bf388d0f-e1cb-44bd-bcf0-3cb6d82096c1 req-bf388d0f-e1cb-44bd-bcf0-3cb6d82096c1 ] Request (ServersTestFqdnHostnames:tearDownClass): 200 GET http://10.180.1.21/compute/v2.1/servers/d99c2263-2e5e-4c3e-9f2a-6b10263e684b 0.288s
2025-04-03 10:39:08.640 69870 INFO tempest.lib.common.rest_client [req-e2146153-6fc1-428c-8f72-b55ae9f07e81 req-e2146153-6fc1-428c-8f72-b55ae9f07e81 ] Request (MultipleCreateTestJSON:test_multiple_create_with_reservation_return): 200 GET http://10.180.1.21/compute/v2.1/servers/9615573d-9b6e-4532-827f-374ad484eb19 0.387s
2025-04-03 10:39:08.667 69828 INFO tempest.lib.common.rest_client [req-b8a3562d-de45-475f-9861-66514a243461 req-b8a3562d-de45-475f-9861-66514a243461 ] Request (ServerRescueNegativeTestJSON:setUpClass): 202 POST http://10.180.1.21/compute/v2.1/servers 0.555s
2025-04-03 10:39:08.733 69832 INFO tempest.lib.common.rest_client [req-dfabd02f-1bd6-4e8b-9d2c-90e6be1faa46 req-dfabd02f-1bd6-4e8b-9d2c-90e6be1faa46 ] Request (ServerActionsV293TestJSON:setUpClass): 200 GET http://10.180.1.21/compute/v2.1/servers/3f232a91-ec92-4245-a40b-8d884f6c347c 0.384s
2025-04-03 10:39:08.750 69832 INFO tempest.common.waiters [-] State transition "BUILD/scheduling" ==> "BUILD/None" after 24 second wait
2025-04-03 10:39:08.789 69850 INFO tempest.lib.common.rest_client [req-e740e3e9-1f60-4825-91a1-26ff61316605 req-e740e3e9-1f60-4825-91a1-26ff61316605 ] Request (ServersTestJSON:setUpClass): 200 GET http://10.180.1.21/compute/v2.1/servers/01467b61-eca8-40f8-afe1-9fa5c944709f 0.447s
2025-04-03 10:39:08.792 69859 INFO tempest.lib.common.rest_client [req-ca2a6c2b-f5de-4dd8-b607-7429e9c5fb07 req-ca2a6c2b-f5de-4dd8-b607-7429e9c5fb07 ] Request (VolumesAdminNegativeTest:test_update_attached_volume_with_nonexistent_volume_in_uri): 200 GET http://10.180.1.21/compute/v2.1/servers/451b651f-2d82-4777-93fb-5e16e248e292 0.386s
2025-04-03 10:39:08.852 69874 INFO tempest.lib.common.rest_client [req-2a212fd1-dc88-4871-a2e8-617001487b82 req-2a212fd1-dc88-4871-a2e8-617001487b82 ] Request (ServerMetadataNegativeTestJSON:setUpClass): 200 GET http://10.180.1.21/compute/v2.1/servers/c212fc55-c74a-4580-a49f-c4e373401eb8 0.282s
2025-04-03 10:39:08.866 69866 INFO tempest.lib.common.rest_client [req-2c030c07-58a6-4589-bfcf-2e61b8010621 req-2c030c07-58a6-4589-bfcf-2e61b8010621 ] Request (FloatingIPsAssociationTestJSON:tearDownClass): 200 GET http://10.180.1.21/compute/v2.1/servers/96c862da-b830-47ef-aed7-4faa84c970b9 0.351s
2025-04-03 10:39:08.919 69828 INFO tempest.lib.common.rest_client [req-1d9ad20d-c8f6-4e0f-91db-efe714731ca6 req-1d9ad20d-c8f6-4e0f-91db-efe714731ca6 ] Request (ServerRescueNegativeTestJSON:setUpClass): 200 GET http://10.180.1.21/compute/v2.1/servers/a9c24000-bc98-4902-adbf-8686b70a638e 0.250s
2025-04-03 10:39:08.923 69868 INFO tempest.lib.common.rest_client [req-75c80acf-7304-4401-8465-537257c65991 req-75c80acf-7304-4401-8465-537257c65991 ] Request (AttachInterfacesUnderV243Test:_run_cleanups): 200 GET http://10.180.1.21/compute/v2.1/servers/cb544004-1a86-4dda-bc77-cc92aed5ffc1 0.294s
2025-04-03 10:39:08.986 69836 INFO tempest.lib.common.rest_client [req-30193636-375e-49e9-8aa1-d82102183668 req-30193636-375e-49e9-8aa1-d82102183668 ] Request (ServersTestMultiNic:_run_cleanups): 200 GET http://10.180.1.21/compute/v2.1/servers/c7269b00-2769-4ef1-baba-ddd097bfaaec 0.177s
2025-04-03 10:39:09.031 69854 INFO tempest.lib.common.rest_client [req-6e8cec4d-ceeb-4379-b97d-ae719c9a095c req-6e8cec4d-ceeb-4379-b97d-ae719c9a095c ] Request (AttachVolumeShelveTestJSON:test_attach_volume_shelved_or_offload_server): 200 GET http://10.180.1.21/compute/v2.1/servers/34aef67d-2f88-4adf-a5b0-778945e300ec 0.293s
2025-04-03 10:39:09.048 69864 INFO tempest.lib.common.rest_client [req-ad623b62-c2c2-4e3b-a65f-56dcf090baae req-ad623b62-c2c2-4e3b-a65f-56dcf090baae ] Request (ServersAdminTestJSON:test_inject_network_info): 200 GET http://10.180.1.21/compute/v2.1/servers/244db566-fe89-4193-bb1e-e78f4e3da30c 0.140s
2025-04-03 10:39:09.088 69857 INFO tempest.lib.common.rest_client [req-6de36dae-c624-42b0-8ffe-9feb0470b277 req-6de36dae-c624-42b0-8ffe-9feb0470b277 ] Request (ServerDiskConfigTestJSON:test_rebuild_server_with_auto_disk_config): 200 GET http://10.180.1.21/compute/v2.1/servers/d7e83c49-723d-4b08-97be-300eb257f91e 0.114s
2025-04-03 10:39:09.109 69852 INFO tempest.lib.common.rest_client [req-4b72cc1b-b200-48b1-854b-34601a1d2d56 req-4b72cc1b-b200-48b1-854b-34601a1d2d56 ] Request (ServerDiagnosticsTest:test_get_server_diagnostics): 200 GET http://10.180.1.21/compute/v2.1/servers/b7b4e987-7c86-4cbf-ad96-bfe2decb43ca 0.132s
2025-04-03 10:39:09.138 69844 INFO tempest.lib.common.rest_client [req-a2d54a26-ac6d-4bc6-a74b-b963d55e9c12 req-a2d54a26-ac6d-4bc6-a74b-b963d55e9c12 ] Request (SecurityGroupsTestJSON:test_server_security_groups): 404 GET http://10.180.1.21/compute/v2.1/servers/51dc5901-e644-458f-820c-52a0b3711c3d 0.105s
