2025-04-03 10:38:16.424 69879 INFO tempest.lib.common.rest_client [req-efe6c255-469d-4fa5-8bca-f2f9283eb09b req-efe6c255-469d-4fa5-8bca-f2f9283eb09b ] Request (ImagesTestJSON:test_create_image_from_suspended_server): 200 GET http://10.180.1.21/compute/v2.1/images/3e97b57b-63b2-4ee0-8c6d-35216a011e1a 0.207s
2025-04-03 10:38:16.444 69838 INFO tempest.lib.common.rest_client [req-f15bd640-badf-4179-afd4-abdd6b4e71a2 req-f15bd640-badf-4179-afd4-abdd6b4e71a2 ] Request (ImagesOneServerNegativeTestJSON:_run_cleanups): 200 GET http://10.180.1.21/compute/v2.1/servers/db5619bb-270c-460e-8efe-41dfcded358a 0.225s
2025-04-03 10:38:16.499 69874 INFO tempest.lib.common.rest_client [req-991fdf18-488d-4bd2-8efd-f2f140ee0ebb req-991fdf18-488d-4bd2-8efd-f2f140ee0ebb ] Request (ImagesOneServerTestJSON:tearDownClass): 200 GET http://10.180.1.21/compute/v2.1/servers/9fbdeceb-931d-4f57-aaab-b38610875157 0.189s
2025-04-03 10:38:16.535 69842 INFO tempest.lib.common.rest_client [req-16a4ad93-506f-4ac2-8cd6-2c8a3470c287 req-16a4ad93-506f-4ac2-8cd6-2c8a3470c287 ] Request (ServerGroupTestJSON:_run_cleanups): 200 GET http://10.180.1.21/compute/v2.1/servers/32d03bb0-0bcf-478d-9e2d-5d6bd98987a0 0.165s
2025-04-03 10:38:16.593 69824 INFO tempest.lib.common.rest_client [req-d4d88d8a-c391-4807-a14d-e2ea9b873e30 req-d4d88d8a-c391-4807-a14d-e2ea9b873e30 ] Request (ListServersNegativeTestJSON:setUpClass): 200 GET http://10.180.1.21/compute/v2.1/servers/7f81370f-e4e9-4ce9-8777-cb1256604808 0.069s
2025-04-03 10:38:16.604 69824 INFO tempest.common.waiters [-] State transition "BUILD/scheduling" ==> "BUILD/None" after 42 second wait
2025-04-03 10:38:16.624 69868 WARNING tempest.lib.common.ssh [-] Failed to establish authenticated ssh connection to cirros@10.180.180.169 ([Errno None] Unable to connect to port 22 on 10.180.180.169). Number attempts: 4. Retry after 5 seconds.: paramiko.ssh_exception.NoValidConnectionsError: [Errno None] Unable to connect to port 22 on 10.180.180.169
2025-04-03 10:38:16.635 69864 INFO tempest.lib.common.rest_client [req-bea2ce82-eaaa-43b5-906d-9d2304b24ddd req-bea2ce82-eaaa-43b5-906d-9d2304b24ddd ] Request (ServersAdminTestJSON:test_create_server_with_scheduling_hint): 200 GET http://10.180.1.21/compute/v2.1/servers/da8f860b-8dbe-48fa-a1e1-a151640780c6 0.074s
2025-04-03 10:38:16.875 69852 INFO tempest.lib.common.rest_client [req-0e3e94dd-0cca-407b-8d9c-ba5f91ff0de6 req-0e3e94dd-0cca-407b-8d9c-ba5f91ff0de6 ] Request (DeleteServersAdminTestJSON:test_delete_server_while_in_error_state): 200 GET http://10.180.1.21/compute/v2.1/servers/eaadf005-0757-427a-8dc4-2ab33e8e75e9 0.089s
2025-04-03 10:38:16.932 69836 INFO tempest.lib.common.rest_client [req-1da65273-d78c-43b1-a4e5-c4f014849fbc req-1da65273-d78c-43b1-a4e5-c4f014849fbc ] Request (ServersTestMultiNic:test_verify_duplicate_network_nics): 200 GET http://10.180.1.21/compute/v2.1/servers/c7269b00-2769-4ef1-baba-ddd097bfaaec 0.125s
2025-04-03 10:38:16.939 69884 INFO tempest.lib.common.rest_client [req-e24746cb-d83d-4b10-b0a4-65b3936daca5 req-e24746cb-d83d-4b10-b0a4-65b3936daca5 ] Request (ServersWithSpecificFlavorTestJSON:test_verify_created_server_ephemeral_disk): 200 GET http://10.180.1.21/compute/v2.1/servers/a2f033d3-5efd-44f6-95b9-89e91f113c8b 0.084s
2025-04-03 10:38:17.003 69870 INFO tempest.lib.common.rest_client [req-1f9cf488-0e11-415c-b401-bca0f2c658b8 req-1f9cf488-0e11-415c-b401-bca0f2c658b8 ] Request (MultipleCreateTestJSON:test_multiple_create_with_reservation_return): 200 GET http://10.180.1.21/compute/v2.1/servers/9615573d-9b6e-4532-827f-374ad484eb19 0.054s
2025-04-03 10:38:17.070 69882 INFO tempest.lib.common.rest_client [req-9a5d9119-e6aa-4d21-b0d4-5bdcda1fcf63 req-9a5d9119-e6aa-4d21-b0d4-5bdcda1fcf63 ] Request (ServerActionsTestJSON:setUpClass): 200 GET http://10.180.1.21/compute/v2.1/servers/8d13982f-a851-4b56-aa16-c08776b0f61b 0.059s
2025-04-03 10:38:17.072 69880 WARNING tempest.lib.common.ssh [-] Failed to establish authenticated ssh connection to cirros@10.180.180.162 ([Errno None] Unable to connect to port 22 on 10.180.180.162). Number attempts: 2. Retry after 3 seconds.: paramiko.ssh_exception.NoValidConnectionsError: [Errno None] Unable to connect to port 22 on 10.180.180.162
2025-04-03 10:38:17.091 69854 INFO tempest.lib.common.rest_client [req-4df05ce3-904d-47e1-80a1-a238901d9d9f req-4df05ce3-904d-47e1-80a1-a238901d9d9f ] Request (AttachVolumeShelveTestJSON:test_attach_volume_shelved_or_offload_server): 200 GET http://10.180.1.21/compute/v2.1/servers/34aef67d-2f88-4adf-a5b0-778945e300ec 0.169s
2025-04-03 10:38:17.160 69828 INFO tempest.lib.common.rest_client [req-2ed7b4b0-5f83-4f39-91b1-14ffa057cbac req-2ed7b4b0-5f83-4f39-91b1-14ffa057cbac ] Request (ListImageFiltersTestJSON:tearDownClass): 200 GET http://10.180.1.21/compute/v2.1/servers/9c4c4fa9-2bc6-4394-bc81-4443a52b50b1 0.070s
2025-04-03 10:38:17.340 69840 INFO tempest.lib.common.rest_client [req-2dea9142-40c4-4f8f-8f14-e065359b3664 req-2dea9142-40c4-4f8f-8f14-e065359b3664 ] Request (MigrationsAdminTest:test_resize_server_revert_deleted_flavor): 200 GET http://10.180.1.21/compute/v2.1/servers/7048c4aa-f136-415f-99d0-7e4361ecfbb7 0.062s
2025-04-03 10:38:17.405 69850 INFO tempest.lib.common.rest_client [req-6cd1d891-dddb-4555-a894-1c6f6f5a4e89 req-6cd1d891-dddb-4555-a894-1c6f6f5a4e89 ] Request (ServersTestJSON:setUpClass): 200 GET http://10.180.1.21/compute/v2.1/servers/01467b61-eca8-40f8-afe1-9fa5c944709f 0.125s
2025-04-03 10:38:17.413 69832 INFO tempest.lib.common.rest_client [req-b78a3ebc-7f9a-4e39-83c2-4a5873d335f8 req-b78a3ebc-7f9a-4e39-83c2-4a5873d335f8 ] Request (AttachInterfacesV270Test:tearDownClass): 200 PUT http://10.180.1.21:9696/networking/v2.0/routers/f859b98c-3ff9-49c9-88db-f1fa4511d7b3/remove_router_interface 1.542s
2025-04-03 10:38:17.442 69830 INFO tempest.lib.common.rest_client [req-0b84e7a5-67e7-49c1-a5de-b69b0037f0a0 req-0b84e7a5-67e7-49c1-a5de-b69b0037f0a0 ] Request (ServersTestFqdnHostnames:test_create_server_with_fqdn_name): 200 GET http://10.180.1.21/compute/v2.1/servers/d99c2263-2e5e-4c3e-9f2a-6b10263e684b 0.218s
2025-04-03 10:38:17.494 69844 INFO tempest.lib.common.rest_client [req-de32d514-de2f-40cf-af69-d8ef32fbf931 req-de32d514-de2f-40cf-af69-d8ef32fbf931 ] Request (SecurityGroupsTestJSON:test_server_security_groups): 200 GET http://10.180.1.21/compute/v2.1/servers/51dc5901-e644-458f-820c-52a0b3711c3d 0.150s
2025-04-03 10:38:17.504 69844 INFO tempest.common.waiters [-] State transition "BUILD/None" ==> "BUILD/networking" after 66 second wait
2025-04-03 10:38:17.507 69866 INFO tempest.lib.common.rest_client [req-1417a0ec-fbfc-4b1a-9619-546883e23ab3 req-1417a0ec-fbfc-4b1a-9619-546883e23ab3 ] Request (FloatingIPsAssociationTestJSON:test_associate_already_associated_floating_ip): 200 GET http://10.180.1.21/compute/v2.1/servers/96c862da-b830-47ef-aed7-4faa84c970b9 0.132s
2025-04-03 10:38:17.536 69879 INFO tempest.lib.common.rest_client [req-fa9462cc-95ec-41c2-aac3-c8f18c8509d9 req-fa9462cc-95ec-41c2-aac3-c8f18c8509d9 ] Request (ImagesTestJSON:test_create_image_from_suspended_server): 200 GET http://10.180.1.21/compute/v2.1/images/3e97b57b-63b2-4ee0-8c6d-35216a011e1a 0.104s
2025-04-03 10:38:17.566 69834 INFO tempest.lib.common.rest_client [req-63f2cdd7-022f-4268-a148-eb6d535d983b req-63f2cdd7-022f-4268-a148-eb6d535d983b ] Request (ServersAdminNegativeTestJSON:test_migrate_server_invalid_state): 200 GET http://10.180.1.21/compute/v2.1/servers/cb1be988-3e06-4c56-b271-81bd11a7921a 0.169s
2025-04-03 10:38:17.597 69838 INFO tempest.lib.common.rest_client [req-59bc23a1-2f80-4667-b7b0-41d9623c4cd3 req-59bc23a1-2f80-4667-b7b0-41d9623c4cd3 ] Request (ImagesOneServerNegativeTestJSON:_run_cleanups): 200 GET http://10.180.1.21/compute/v2.1/servers/db5619bb-270c-460e-8efe-41dfcded358a 0.144s
2025-04-03 10:38:17.643 69874 INFO tempest.lib.common.rest_client [req-16a4d3f0-141d-4d6b-9b1f-1578f35ab829 req-16a4d3f0-141d-4d6b-9b1f-1578f35ab829 ] Request (ImagesOneServerTestJSON:tearDownClass): 200 GET http://10.180.1.21/compute/v2.1/servers/9fbdeceb-931d-4f57-aaab-b38610875157 0.136s
2025-04-03 10:38:17.666 69842 INFO tempest.lib.common.rest_client [req-fab6143c-d899-43bd-9589-c12326692a2b req-fab6143c-d899-43bd-9589-c12326692a2b ] Request (ServerGroupTestJSON:_run_cleanups): 200 GET http://10.180.1.21/compute/v2.1/servers/32d03bb0-0bcf-478d-9e2d-5d6bd98987a0 0.121s
2025-04-03 10:38:17.752 69864 INFO tempest.lib.common.rest_client [req-9610ac25-614d-42bb-8b52-b95fce380f63 req-9610ac25-614d-42bb-8b52-b95fce380f63 ] Request (ServersAdminTestJSON:test_create_server_with_scheduling_hint): 200 GET http://10.180.1.21/compute/v2.1/servers/da8f860b-8dbe-48fa-a1e1-a151640780c6 0.106s
2025-04-03 10:38:17.781 69857 INFO tempest.lib.common.rest_client [req-51629225-cea6-40e3-abe3-f9b9e3ff220e req-51629225-cea6-40e3-abe3-f9b9e3ff220e ] Request (ServerDiskConfigTestJSON:setUpClass): 200 PUT http://10.180.1.21:9696/networking/v2.0/routers/8cf91845-e416-41a2-846c-779692e57e44/add_router_interface 1.667s
2025-04-03 10:38:17.781 69857 INFO tempest.lib.common.dynamic_creds [-] Created isolated network resources for: credentials: Credentials: {'domain_id': 'default', 'domain_name': 'Default', 'username': 'tempest-ServerDiskConfigTestJSON-146039362-project-member', 'project_domain_id': 'default', 'project_domain_name': 'Default', 'project_id': '4d84bf2411f54f5aa26c933c819acda7', 'project_name': 'tempest-ServerDiskConfigTestJSON-146039362', 'tenant_id': '4d84bf2411f54f5aa26c933c819acda7', 'tenant_name': 'tempest-ServerDiskConfigTestJSON-146039362', 'user_domain_id': 'default', 'user_domain_name': 'Default', 'user_id': 'ac12e64c968a41ef821f06dfaf1f6146', 'system': None}, Network: {'id': '692d2706-78cc-4a6f-b9ed-e6c099303ed2', 'name': 'tempest-ServerDiskConfigTestJSON-1587083089-network', 'tenant_id': '4d84bf2411f54f5aa26c933c819acda7', 'admin_state_up': True, 'mtu': 8950, 'status': 'ACTIVE', 'subnets': [], 'shared': False, 'project_id': '4d84bf2411f54f5aa26c933c819acda7', 'port_security_enabled': True, 'router:external': False, 'provider:network_type': 'vlan', 'provider:physical_network': 'default', 'provider:segmentation_id': 122, 'availability_zone_hints': [], 'availability_zones': [], 'ipv4_address_scope': None, 'ipv6_address_scope': None, 'description': '', 'tags': [], 'created_at': '2025-04-03T10:38:14Z', 'updated_at': '2025-04-03T10:38:14Z', 'revision_number': 1}, Subnet: {'id': '0326edfa-e143-4b35-a8b9-b1d101661725', 'name': 'tempest-ServerDiskConfigTestJSON-1587083089-subnet', 'tenant_id': '4d84bf2411f54f5aa26c933c819acda7', 'network_id': '692d2706-78cc-4a6f-b9ed-e6c099303ed2', 'ip_version': 4, 'subnetpool_id': None, 'enable_dhcp': True, 'ipv6_ra_mode': None, 'ipv6_address_mode': None, 'gateway_ip': '192.168.128.1', 'cidr': '192.168.128.0/28', 'allocation_pools': [{'start': '192.168.128.2', 'end': '192.168.128.14'}], 'host_routes': [], 'dns_nameservers': [], 'description': '', 'router:external': False, 'service_types': [], 'tags': [], 'created_at': '2025-04-03T10:38:15Z', 'updated_at': '2025-04-03T10:38:15Z', 'revision_number': 0, 'project_id': '4d84bf2411f54f5aa26c933c819acda7'}, Router: {'id': '8cf91845-e416-41a2-846c-779692e57e44', 'name': 'tempest-ServerDiskConfigTestJSON-1587083089-router', 'tenant_id': '4d84bf2411f54f5aa26c933c819acda7', 'admin_state_up': True, 'status': 'ACTIVE', 'external_gateway_info': {'network_id': '81ba5463-3aef-458f-97a1-2241c55910f2', 'external_fixed_ips': [{'subnet_id': '931862af-4908-4440-b3cd-a8c014edec7d', 'ip_address': '10.180.180.224'}], 'enable_snat': True}, 'description': '', 'availability_zones': [], 'distributed': False, 'ha': False, 'availability_zone_hints': [], 'routes': [], 'flavor_id': None, 'tags': [], 'created_at': '2025-04-03T10:38:15Z', 'updated_at': '2025-04-03T10:38:15Z', 'revision_number': 2, 'project_id': '4d84bf2411f54f5aa26c933c819acda7'}
2025-04-03 10:38:17.886 69857 INFO tempest.lib.common.rest_client [req-3d94aeaf-0595-40cd-8f3f-cd19313944f6 req-3d94aeaf-0595-40cd-8f3f-cd19313944f6 ] Request (ServerDiskConfigTestJSON:setUpClass): 201 POST http://10.180.1.21/identity/v3/auth/tokens 0.102s
2025-04-03 10:38:17.928 69857 INFO tempest.lib.common.rest_client [req-ba2d0311-ffa1-415e-81b4-fded548dca67 req-ba2d0311-ffa1-415e-81b4-fded548dca67 ] Request (ServerDiskConfigTestJSON:test_rebuild_server_with_auto_disk_config): 201 POST http://10.180.1.21/identity/v3/auth/tokens 0.038s
2025-04-03 10:38:17.928 69857 INFO tempest.lib.common.fixed_network [-] (ServerDiskConfigTestJSON:test_rebuild_server_with_auto_disk_config) Found network {'id': '692d2706-78cc-4a6f-b9ed-e6c099303ed2', 'name': 'tempest-ServerDiskConfigTestJSON-1587083089-network', 'tenant_id': '4d84bf2411f54f5aa26c933c819acda7', 'admin_state_up': True, 'mtu': 8950, 'status': 'ACTIVE', 'subnets': [], 'shared': False, 'project_id': '4d84bf2411f54f5aa26c933c819acda7', 'port_security_enabled': True, 'router:external': False, 'provider:network_type': 'vlan', 'provider:physical_network': 'default', 'provider:segmentation_id': 122, 'availability_zone_hints': [], 'availability_zones': [], 'ipv4_address_scope': None, 'ipv6_address_scope': None, 'description': '', 'tags': [], 'created_at': '2025-04-03T10:38:14Z', 'updated_at': '2025-04-03T10:38:14Z', 'revision_number': 1} available for tenant
2025-04-03 10:38:17.959 69824 INFO tempest.lib.common.rest_client [req-b1e89ece-b80b-4f5c-bff3-15d19823ef26 req-b1e89ece-b80b-4f5c-bff3-15d19823ef26 ] Request (ListServersNegativeTestJSON:setUpClass): 200 GET http://10.180.1.21/compute/v2.1/servers/7f81370f-e4e9-4ce9-8777-cb1256604808 0.354s
2025-04-03 10:38:17.982 69852 INFO tempest.lib.common.rest_client [req-70f3f044-6f60-48f7-97cd-740ac3c290c8 req-70f3f044-6f60-48f7-97cd-740ac3c290c8 ] Request (DeleteServersAdminTestJSON:test_delete_server_while_in_error_state): 200 GET http://10.180.1.21/compute/v2.1/servers/eaadf005-0757-427a-8dc4-2ab33e8e75e9 0.097s
2025-04-03 10:38:18.064 69836 INFO tempest.lib.common.rest_client [req-e65a208e-bc8e-4927-9203-53bebc13ee5a req-e65a208e-bc8e-4927-9203-53bebc13ee5a ] Request (ServersTestMultiNic:test_verify_duplicate_network_nics): 200 GET http://10.180.1.21/compute/v2.1/servers/c7269b00-2769-4ef1-baba-ddd097bfaaec 0.123s
2025-04-03 10:38:18.132 69884 INFO tempest.lib.common.rest_client [req-cd605c2b-2873-434d-b6ad-bcad8b54c768 req-cd605c2b-2873-434d-b6ad-bcad8b54c768 ] Request (ServersWithSpecificFlavorTestJSON:test_verify_created_server_ephemeral_disk): 200 GET http://10.180.1.21/compute/v2.1/servers/a2f033d3-5efd-44f6-95b9-89e91f113c8b 0.183s
2025-04-03 10:38:18.203 69870 INFO tempest.lib.common.rest_client [req-f342f3e4-fa72-4406-96b4-37abd5377286 req-f342f3e4-fa72-4406-96b4-37abd5377286 ] Request (MultipleCreateTestJSON:test_multiple_create_with_reservation_return): 200 GET http://10.180.1.21/compute/v2.1/servers/9615573d-9b6e-4532-827f-374ad484eb19 0.192s
2025-04-03 10:38:18.272 69882 INFO tempest.lib.common.rest_client [req-1af9b2bd-b253-4b9a-98ca-fddb6d4f53e8 req-1af9b2bd-b253-4b9a-98ca-fddb6d4f53e8 ] Request (ServerActionsTestJSON:setUpClass): 200 GET http://10.180.1.21/compute/v2.1/servers/8d13982f-a851-4b56-aa16-c08776b0f61b 0.194s
2025-04-03 10:38:18.394 69854 INFO tempest.lib.common.rest_client [req-4835f7dc-d105-4560-a0b7-22d945ca46cd req-4835f7dc-d105-4560-a0b7-22d945ca46cd ] Request (AttachVolumeShelveTestJSON:test_attach_volume_shelved_or_offload_server): 200 GET http://10.180.1.21/compute/v2.1/servers/34aef67d-2f88-4adf-a5b0-778945e300ec 0.291s
2025-04-03 10:38:18.490 69828 INFO tempest.lib.common.rest_client [req-e98b549d-583b-4089-bda5-2863836670ef req-e98b549d-583b-4089-bda5-2863836670ef ] Request (ListImageFiltersTestJSON:tearDownClass): 200 GET http://10.180.1.21/compute/v2.1/servers/9c4c4fa9-2bc6-4394-bc81-4443a52b50b1 0.320s
2025-04-03 10:38:18.494 69832 INFO tempest.lib.common.rest_client [req-1f31ce29-a943-4214-9910-4aac14290728 req-1f31ce29-a943-4214-9910-4aac14290728 ] Request (AttachInterfacesV270Test:tearDownClass): 204 DELETE http://10.180.1.21:9696/networking/v2.0/routers/f859b98c-3ff9-49c9-88db-f1fa4511d7b3 1.081s
2025-04-03 10:38:18.580 69840 INFO tempest.lib.common.rest_client [req-6d960460-847c-487b-8f7d-e2b2b0f7ca63 req-6d960460-847c-487b-8f7d-e2b2b0f7ca63 ] Request (MigrationsAdminTest:test_resize_server_revert_deleted_flavor): 200 GET http://10.180.1.21/compute/v2.1/servers/7048c4aa-f136-415f-99d0-7e4361ecfbb7 0.231s
2025-04-03 10:38:18.655 69832 INFO tempest.lib.common.rest_client [req-24092661-db55-4df6-8d14-ac65ad890f27 req-24092661-db55-4df6-8d14-ac65ad890f27 ] Request (AttachInterfacesV270Test:tearDownClass): 204 DELETE http://10.180.1.21:9696/networking/v2.0/subnets/755a1d91-fbdb-429f-a7fc-d01ad1f62f39 0.161s
2025-04-03 10:38:18.701 69850 INFO tempest.lib.common.rest_client [req-2c66f026-50d9-41df-8440-21fde8db54fc req-2c66f026-50d9-41df-8440-21fde8db54fc ] Request (ServersTestJSON:setUpClass): 200 GET http://10.180.1.21/compute/v2.1/servers/01467b61-eca8-40f8-afe1-9fa5c944709f 0.284s
2025-04-03 10:38:18.720 69857 INFO tempest.lib.common.rest_client [req-aac926fa-745c-4bf2-b1d3-03f2f47dff6b req-aac926fa-745c-4bf2-b1d3-03f2f47dff6b ] Request (ServerDiskConfigTestJSON:test_rebuild_server_with_auto_disk_config): 202 POST http://10.180.1.21/compute/v2.1/servers 0.791s
2025-04-03 10:38:18.939 69830 INFO tempest.lib.common.rest_client [req-52e0e604-9016-4c73-8e97-e4513309da01 req-52e0e604-9016-4c73-8e97-e4513309da01 ] Request (ServersTestFqdnHostnames:test_create_server_with_fqdn_name): 200 GET http://10.180.1.21/compute/v2.1/servers/d99c2263-2e5e-4c3e-9f2a-6b10263e684b 0.489s
2025-04-03 10:38:18.940 69844 INFO tempest.lib.common.rest_client [req-61f77192-e52a-4cfd-99ca-3937e518d773 req-61f77192-e52a-4cfd-99ca-3937e518d773 ] Request (SecurityGroupsTestJSON:test_server_security_groups): 200 GET http://10.180.1.21/compute/v2.1/servers/51dc5901-e644-458f-820c-52a0b3711c3d 0.435s
2025-04-03 10:38:18.952 69844 INFO tempest.common.waiters [-] State transition "BUILD/networking" ==> "BUILD/block_device_mapping" after 67 second wait
2025-04-03 10:38:18.999 69879 INFO tempest.lib.common.rest_client [req-b32128e4-4c69-47a9-b6ec-e1c0a14edba8 req-b32128e4-4c69-47a9-b6ec-e1c0a14edba8 ] Request (ImagesTestJSON:test_create_image_from_suspended_server): 200 GET http://10.180.1.21/compute/v2.1/images/3e97b57b-63b2-4ee0-8c6d-35216a011e1a 0.459s
2025-04-03 10:38:19.031 69866 INFO tempest.lib.common.rest_client [req-97aaafc7-0bb1-4e9e-842c-77c92ac572c4 req-97aaafc7-0bb1-4e9e-842c-77c92ac572c4 ] Request (FloatingIPsAssociationTestJSON:test_associate_already_associated_floating_ip): 200 GET http://10.180.1.21/compute/v2.1/servers/96c862da-b830-47ef-aed7-4faa84c970b9 0.513s
2025-04-03 10:38:19.070 69834 INFO tempest.lib.common.rest_client [req-e0532697-eea5-4939-aac3-7c54582fccd2 req-e0532697-eea5-4939-aac3-7c54582fccd2 ] Request (ServersAdminNegativeTestJSON:test_migrate_server_invalid_state): 200 GET http://10.180.1.21/compute/v2.1/servers/cb1be988-3e06-4c56-b271-81bd11a7921a 0.495s
2025-04-03 10:38:19.109 69838 INFO tempest.lib.common.rest_client [req-95aa9c15-9d03-4a79-b7e2-a3ca61d3e9d1 req-95aa9c15-9d03-4a79-b7e2-a3ca61d3e9d1 ] Request (ImagesOneServerNegativeTestJSON:_run_cleanups): 200 GET http://10.180.1.21/compute/v2.1/servers/db5619bb-270c-460e-8efe-41dfcded358a 0.502s
2025-04-03 10:38:19.143 69874 INFO tempest.lib.common.rest_client [req-dc3aa29d-2791-41d8-b51a-b4f9abb9f4d1 req-dc3aa29d-2791-41d8-b51a-b4f9abb9f4d1 ] Request (ImagesOneServerTestJSON:tearDownClass): 200 GET http://10.180.1.21/compute/v2.1/servers/9fbdeceb-931d-4f57-aaab-b38610875157 0.489s
2025-04-03 10:38:19.144 69832 INFO tempest.lib.common.rest_client [req-001220ed-9bd6-40aa-bfe4-69666b9f479b req-001220ed-9bd6-40aa-bfe4-69666b9f479b ] Request (AttachInterfacesV270Test:tearDownClass): 204 DELETE http://10.180.1.21:9696/networking/v2.0/networks/8974d31d-596f-410a-bfc3-5c7adb80b35a 0.489s
2025-04-03 10:38:19.174 69842 INFO tempest.lib.common.rest_client [req-8e2b7a15-d3c0-4f1a-8d70-36c305d31bcf req-8e2b7a15-d3c0-4f1a-8d70-36c305d31bcf ] Request (ServerGroupTestJSON:_run_cleanups): 200 GET http://10.180.1.21/compute/v2.1/servers/32d03bb0-0bcf-478d-9e2d-5d6bd98987a0 0.496s
2025-04-03 10:38:19.186 69857 INFO tempest.lib.common.rest_client [req-10c9141b-b1b0-45bd-9064-c6d3fb10b831 req-10c9141b-b1b0-45bd-9064-c6d3fb10b831 ] Request (ServerDiskConfigTestJSON:test_rebuild_server_with_auto_disk_config): 200 GET http://10.180.1.21/compute/v2.1/servers/d7e83c49-723d-4b08-97be-300eb257f91e 0.464s
2025-04-03 10:38:19.233 69832 INFO tempest.lib.common.rest_client [req-522da053-f1dc-42d7-a96d-08149af9c7c5 req-522da053-f1dc-42d7-a96d-08149af9c7c5 ] Request (AttachInterfacesV270Test:tearDownClass): 204 DELETE http://10.180.1.21/identity/v3/users/13abc66bb8ac495f8397886e69116ed6 0.087s
2025-04-03 10:38:19.233 69832 INFO tempest.lib.common.dynamic_creds [-] Deleting project and security group for project: 5207f41e94144b12ab1de213731347b7
2025-04-03 10:38:19.238 69864 INFO tempest.lib.common.rest_client [req-f938ffaa-e50e-49be-885b-9bacd51e8fb5 req-f938ffaa-e50e-49be-885b-9bacd51e8fb5 ] Request (ServersAdminTestJSON:test_create_server_with_scheduling_hint): 200 GET http://10.180.1.21/compute/v2.1/servers/da8f860b-8dbe-48fa-a1e1-a151640780c6 0.477s
2025-04-03 10:38:19.248 69824 INFO tempest.lib.common.rest_client [req-32f23109-2486-4916-a7b9-dc85ab065fdc req-32f23109-2486-4916-a7b9-dc85ab065fdc ] Request (ListServersNegativeTestJSON:setUpClass): 200 GET http://10.180.1.21/compute/v2.1/servers/7f81370f-e4e9-4ce9-8777-cb1256604808 0.281s
2025-04-03 10:38:19.264 69832 INFO tempest.lib.common.rest_client [req-a48ef1ee-3f6f-4d36-a3bb-77dfe73302a3 req-a48ef1ee-3f6f-4d36-a3bb-77dfe73302a3 ] Request (AttachInterfacesV270Test:tearDownClass): 200 GET http://10.180.1.21:9696/networking/v2.0/security-groups?tenant_id=5207f41e94144b12ab1de213731347b7&name=default 0.031s
2025-04-03 10:38:19.316 69836 INFO tempest.lib.common.rest_client [req-f89066a8-9dc3-4099-8603-3d3302489c74 req-f89066a8-9dc3-4099-8603-3d3302489c74 ] Request (ServersTestMultiNic:test_verify_duplicate_network_nics): 200 GET http://10.180.1.21/compute/v2.1/servers/c7269b00-2769-4ef1-baba-ddd097bfaaec 0.244s
2025-04-03 10:38:19.326 69852 INFO tempest.lib.common.rest_client [req-f2c68764-064b-4945-9986-ac210dd1b166 req-f2c68764-064b-4945-9986-ac210dd1b166 ] Request (DeleteServersAdminTestJSON:test_delete_server_while_in_error_state): 200 GET http://10.180.1.21/compute/v2.1/servers/eaadf005-0757-427a-8dc4-2ab33e8e75e9 0.333s
2025-04-03 10:38:19.402 69870 INFO tempest.lib.common.rest_client [req-604ae132-6f28-423c-a271-d525deb269db req-604ae132-6f28-423c-a271-d525deb269db ] Request (MultipleCreateTestJSON:test_multiple_create_with_reservation_return): 200 GET http://10.180.1.21/compute/v2.1/servers/9615573d-9b6e-4532-827f-374ad484eb19 0.183s
2025-04-03 10:38:19.422 69884 INFO tempest.lib.common.rest_client [req-41e8f3b7-2339-40b7-b433-e9a1f0562621 req-41e8f3b7-2339-40b7-b433-e9a1f0562621 ] Request (ServersWithSpecificFlavorTestJSON:test_verify_created_server_ephemeral_disk): 200 GET http://10.180.1.21/compute/v2.1/servers/a2f033d3-5efd-44f6-95b9-89e91f113c8b 0.281s
2025-04-03 10:38:19.434 69832 INFO tempest.lib.common.rest_client [req-076f5ef9-cb22-407a-a79d-879fd3acee3a req-076f5ef9-cb22-407a-a79d-879fd3acee3a ] Request (AttachInterfacesV270Test:tearDownClass): 204 DELETE http://10.180.1.21:9696/networking/v2.0/security-groups/99e9e6e3-beeb-4449-ad6b-772723544abd 0.170s
2025-04-03 10:38:19.471 69882 INFO tempest.lib.common.rest_client [req-38930b4b-d116-4d39-9192-a27683a84831 req-38930b4b-d116-4d39-9192-a27683a84831 ] Request (ServerActionsTestJSON:setUpClass): 200 GET http://10.180.1.21/compute/v2.1/servers/8d13982f-a851-4b56-aa16-c08776b0f61b 0.182s
2025-04-03 10:38:19.548 69854 INFO tempest.lib.common.rest_client [req-4002655b-9634-46da-9c35-643bbc42480b req-4002655b-9634-46da-9c35-643bbc42480b ] Request (AttachVolumeShelveTestJSON:test_attach_volume_shelved_or_offload_server): 200 GET http://10.180.1.21/compute/v2.1/servers/34aef67d-2f88-4adf-a5b0-778945e300ec 0.142s
2025-04-03 10:38:19.558 69854 INFO tempest.common.waiters [-] State transition "BUILD/spawning" ==> "ACTIVE/None" after 77 second wait
2025-04-03 10:38:19.560 69832 INFO tempest.lib.common.rest_client [req-25e4c1e2-f605-4950-b910-fd9c2906851c req-25e4c1e2-f605-4950-b910-fd9c2906851c ] Request (AttachInterfacesV270Test:tearDownClass): 204 DELETE http://10.180.1.21/identity/v3/projects/5207f41e94144b12ab1de213731347b7 0.125s
2025-04-03 10:38:19.577 69828 INFO tempest.lib.common.rest_client [req-210035a2-88ab-4616-827a-531c25abad1e req-210035a2-88ab-4616-827a-531c25abad1e ] Request (ListImageFiltersTestJSON:tearDownClass): 200 GET http://10.180.1.21/compute/v2.1/servers/9c4c4fa9-2bc6-4394-bc81-4443a52b50b1 0.076s
2025-04-03 10:38:19.627 69832 INFO tempest.lib.common.rest_client [req-7c0924bf-790e-4c71-b240-c9977ad2eb66 req-7c0924bf-790e-4c71-b240-c9977ad2eb66 ] Request (ServerActionsV293TestJSON:setUpClass): 201 POST http://10.180.1.21/identity/v3/auth/tokens 0.065s
2025-04-03 10:38:19.632 69854 INFO tempest.lib.common.rest_client [req-5e0f6b41-6689-45b4-a217-fa8bd0872f5f req-5e0f6b41-6689-45b4-a217-fa8bd0872f5f ] Request (AttachVolumeShelveTestJSON:test_attach_volume_shelved_or_offload_server): 200 GET http://10.180.1.21/compute/v2.1/servers/34aef67d-2f88-4adf-a5b0-778945e300ec/os-interface 0.074s
2025-04-03 10:38:19.646 69840 INFO tempest.lib.common.rest_client [req-09e9a4f5-2f5d-4fdb-a800-280a73e481ed req-09e9a4f5-2f5d-4fdb-a800-280a73e481ed ] Request (MigrationsAdminTest:test_resize_server_revert_deleted_flavor): 200 GET http://10.180.1.21/compute/v2.1/servers/7048c4aa-f136-415f-99d0-7e4361ecfbb7 0.055s
2025-04-03 10:38:19.658 69832 INFO tempest.lib.common.rest_client [req-48537a1d-966a-439c-aff6-be127c2921b6 req-48537a1d-966a-439c-aff6-be127c2921b6 ] Request (ServerActionsV293TestJSON:setUpClass): 201 POST http://10.180.1.21/identity/v3/auth/tokens 0.028s
2025-04-03 10:38:19.686 69832 INFO tempest.lib.common.rest_client [req-211c3f0f-e1c3-4882-96f8-692d7fc9fed0 req-211c3f0f-e1c3-4882-96f8-692d7fc9fed0 ] Request (ServerActionsV293TestJSON:setUpClass): 200 GET http://10.180.1.21/identity/v3/domains?name=Default 0.028s
2025-04-03 10:38:19.728 69832 INFO tempest.lib.common.rest_client [req-fd8dfdd1-2ce7-4171-b1b9-6987733fae37 req-fd8dfdd1-2ce7-4171-b1b9-6987733fae37 ] Request (ServerActionsV293TestJSON:setUpClass): 201 POST http://10.180.1.21/identity/v3/projects 0.041s
2025-04-03 10:38:19.800 69850 INFO tempest.lib.common.rest_client [req-9a7290c7-d457-4f5d-8c68-fa79adedaecc req-9a7290c7-d457-4f5d-8c68-fa79adedaecc ] Request (ServersTestJSON:setUpClass): 200 GET http://10.180.1.21/compute/v2.1/servers/01467b61-eca8-40f8-afe1-9fa5c944709f 0.088s
2025-04-03 10:38:19.825 69832 INFO tempest.lib.common.rest_client [req-8accffbb-aa79-405a-9c5f-a601029c7478 req-8accffbb-aa79-405a-9c5f-a601029c7478 ] Request (ServerActionsV293TestJSON:setUpClass): 201 POST http://10.180.1.21/identity/v3/users 0.096s
2025-04-03 10:38:19.852 69832 INFO tempest.lib.common.rest_client [req-1237599e-8063-4083-9a08-29ac7b83dc48 req-1237599e-8063-4083-9a08-29ac7b83dc48 ] Request (ServerActionsV293TestJSON:setUpClass): 200 GET http://10.180.1.21/identity/v3/roles 0.026s
2025-04-03 10:38:19.890 69832 INFO tempest.lib.common.rest_client [req-3a482a35-b4b3-4f9d-8824-00a36988adb3 req-3a482a35-b4b3-4f9d-8824-00a36988adb3 ] Request (ServerActionsV293TestJSON:setUpClass): 204 PUT http://10.180.1.21/identity/v3/projects/33458d3ae0a047b4b719e3f3c0eefb97/users/98885af2efa546cbba7d5773007dfc46/roles/1db800b8c8e64f3cad1ff79f46651bdb 0.038s
2025-04-03 10:38:19.891 69832 INFO tempest.lib.common.dynamic_creds [-] Dynamic test user 98885af2efa546cbba7d5773007dfc46 is created with scope project and roles: ['member']
2025-04-03 10:38:19.891 69832 INFO tempest.lib.common.dynamic_creds [-] Acquired dynamic creds: credentials: Credentials: {'domain_id': 'default', 'domain_name': 'Default', 'username': 'tempest-ServerActionsV293TestJSON-1166940701-project-member', 'project_domain_id': 'default', 'project_domain_name': 'Default', 'project_id': '33458d3ae0a047b4b719e3f3c0eefb97', 'project_name': 'tempest-ServerActionsV293TestJSON-1166940701', 'tenant_id': '33458d3ae0a047b4b719e3f3c0eefb97', 'tenant_name': 'tempest-ServerActionsV293TestJSON-1166940701', 'user_domain_id': 'default', 'user_domain_name': 'Default', 'user_id': '98885af2efa546cbba7d5773007dfc46', 'system': None}, Network: None, Subnet: None, Router: None
2025-04-03 10:38:19.892 69886 WARNING tempest.lib.common.ssh [-] Failed to establish authenticated ssh connection to cirros@10.180.180.249 ([Errno None] Unable to connect to port 22 on 10.180.180.249). Number attempts: 6. Retry after 7 seconds.: paramiko.ssh_exception.NoValidConnectionsError: [Errno None] Unable to connect to port 22 on 10.180.180.249
2025-04-03 10:38:19.950 69832 INFO tempest.lib.common.rest_client [req-a65602ec-8c45-4f3e-b076-02495e292974 req-a65602ec-8c45-4f3e-b076-02495e292974 ] Request (ServerActionsV293TestJSON:setUpClass): 201 POST http://10.180.1.21/identity/v3/auth/tokens 0.059s
2025-04-03 10:38:20.162 69830 INFO tempest.lib.common.rest_client [req-b940ceae-15c1-42d4-8cae-b31ee8c19eac req-b940ceae-15c1-42d4-8cae-b31ee8c19eac ] Request (ServersTestFqdnHostnames:test_create_server_with_fqdn_name): 200 GET http://10.180.1.21/compute/v2.1/servers/d99c2263-2e5e-4c3e-9f2a-6b10263e684b 0.215s
2025-04-03 10:38:20.169 69830 INFO tempest.common.waiters [-] State transition "BUILD/spawning" ==> "ACTIVE/None" after 76 second wait
2025-04-03 10:38:20.173 69844 INFO tempest.lib.common.rest_client [req-041aa851-30a8-4611-bcdf-bb090903125f req-041aa851-30a8-4611-bcdf-bb090903125f ] Request (SecurityGroupsTestJSON:test_server_security_groups): 200 GET http://10.180.1.21/compute/v2.1/servers/51dc5901-e644-458f-820c-52a0b3711c3d 0.220s
2025-04-03 10:38:20.182 69844 INFO tempest.common.waiters [-] State transition "BUILD/block_device_mapping" ==> "BUILD/spawning" after 69 second wait
2025-04-03 10:38:20.220 69879 INFO tempest.lib.common.rest_client [req-f2608708-7e3b-41e3-9fe3-eb5c154d5ae4 req-f2608708-7e3b-41e3-9fe3-eb5c154d5ae4 ] Request (ImagesTestJSON:test_create_image_from_suspended_server): 200 GET http://10.180.1.21/compute/v2.1/images/3e97b57b-63b2-4ee0-8c6d-35216a011e1a 0.217s
2025-04-03 10:38:20.252 69866 INFO tempest.lib.common.rest_client [req-c6141f4b-b734-400a-9065-10a11d419777 req-c6141f4b-b734-400a-9065-10a11d419777 ] Request (FloatingIPsAssociationTestJSON:test_associate_already_associated_floating_ip): 200 GET http://10.180.1.21/compute/v2.1/servers/96c862da-b830-47ef-aed7-4faa84c970b9 0.213s
2025-04-03 10:38:20.302 69834 INFO tempest.lib.common.rest_client [req-7d6a04f5-4a2c-4c84-8fbd-999f1f308d66 req-7d6a04f5-4a2c-4c84-8fbd-999f1f308d66 ] Request (ServersAdminNegativeTestJSON:test_migrate_server_invalid_state): 200 GET http://10.180.1.21/compute/v2.1/servers/cb1be988-3e06-4c56-b271-81bd11a7921a 0.222s
2025-04-03 10:38:20.324 69832 INFO tempest.lib.common.rest_client [req-86e8c466-e75c-462f-b795-a4add2d11d74 req-86e8c466-e75c-462f-b795-a4add2d11d74 ] Request (ServerActionsV293TestJSON:setUpClass): 201 POST http://10.180.1.21:9696/networking/v2.0/networks 0.374s
2025-04-03 10:38:20.340 69838 INFO tempest.lib.common.rest_client [req-71d86ce6-9bcd-4289-a222-234cabc50be8 req-71d86ce6-9bcd-4289-a222-234cabc50be8 ] Request (ImagesOneServerNegativeTestJSON:_run_cleanups): 200 GET http://10.180.1.21/compute/v2.1/servers/db5619bb-270c-460e-8efe-41dfcded358a 0.221s
2025-04-03 10:38:20.380 69854 INFO tempest.lib.common.rest_client [req-4e96c593-58a1-4984-b0a2-39a48a791578 req-4e96c593-58a1-4984-b0a2-39a48a791578 ] Request (AttachVolumeShelveTestJSON:test_attach_volume_shelved_or_offload_server): 200 PUT http://10.180.1.21:9696/networking/v2.0/floatingips/af35656b-2f1b-40c1-ba47-b2a45dffe87c 0.746s
2025-04-03 10:38:20.381 69854 INFO tempest.lib.common.ssh [-] Creating ssh connection to '10.180.180.231:22' as 'cirros' with public key authentication
2025-04-03 10:38:20.391 69874 INFO tempest.lib.common.rest_client [req-16120608-a8aa-46e4-90d3-f539042ed512 req-16120608-a8aa-46e4-90d3-f539042ed512 ] Request (ImagesOneServerTestJSON:tearDownClass): 200 GET http://10.180.1.21/compute/v2.1/servers/9fbdeceb-931d-4f57-aaab-b38610875157 0.234s
2025-04-03 10:38:20.440 69830 INFO tempest.lib.common.rest_client [req-25d04776-c1b4-4f0c-bbfb-ea59c371ebda req-25d04776-c1b4-4f0c-bbfb-ea59c371ebda ] Request (ServersTestFqdnHostnames:test_create_server_with_fqdn_name): 200 GET http://10.180.1.21/compute/v2.1/servers/d99c2263-2e5e-4c3e-9f2a-6b10263e684b/os-interface 0.270s
2025-04-03 10:38:20.485 69842 INFO tempest.lib.common.rest_client [req-0ed3b1b5-dc66-4a9e-ae9a-7df5d95bb19e req-0ed3b1b5-dc66-4a9e-ae9a-7df5d95bb19e ] Request (ServerGroupTestJSON:_run_cleanups): 200 GET http://10.180.1.21/compute/v2.1/servers/32d03bb0-0bcf-478d-9e2d-5d6bd98987a0 0.300s
2025-04-03 10:38:20.543 69857 INFO tempest.lib.common.rest_client [req-6fdc2489-92c1-4411-ae0b-d0486ea1fdc6 req-6fdc2489-92c1-4411-ae0b-d0486ea1fdc6 ] Request (ServerDiskConfigTestJSON:test_rebuild_server_with_auto_disk_config): 200 GET http://10.180.1.21/compute/v2.1/servers/d7e83c49-723d-4b08-97be-300eb257f91e 0.348s
2025-04-03 10:38:20.546 69864 INFO tempest.lib.common.rest_client [req-ee609638-d80c-43aa-b2d7-a1a6fd13bf62 req-ee609638-d80c-43aa-b2d7-a1a6fd13bf62 ] Request (ServersAdminTestJSON:test_create_server_with_scheduling_hint): 200 GET http://10.180.1.21/compute/v2.1/servers/da8f860b-8dbe-48fa-a1e1-a151640780c6 0.293s
2025-04-03 10:38:20.571 69832 INFO tempest.lib.common.rest_client [req-a0ff04e7-85b2-4bd0-9d30-0d128cb4d49c req-a0ff04e7-85b2-4bd0-9d30-0d128cb4d49c ] Request (ServerActionsV293TestJSON:setUpClass): 201 POST http://10.180.1.21:9696/networking/v2.0/subnets 0.246s
2025-04-03 10:38:20.577 69880 WARNING tempest.lib.common.ssh [-] Failed to establish authenticated ssh connection to cirros@10.180.180.162 ([Errno None] Unable to connect to port 22 on 10.180.180.162). Number attempts: 3. Retry after 4 seconds.: paramiko.ssh_exception.NoValidConnectionsError: [Errno None] Unable to connect to port 22 on 10.180.180.162
2025-04-03 10:38:20.605 69836 INFO tempest.lib.common.rest_client [req-4ff7f931-d35a-428b-a32a-d64cd01bb0c7 req-4ff7f931-d35a-428b-a32a-d64cd01bb0c7 ] Request (ServersTestMultiNic:test_verify_duplicate_network_nics): 200 GET http://10.180.1.21/compute/v2.1/servers/c7269b00-2769-4ef1-baba-ddd097bfaaec 0.273s
2025-04-03 10:38:20.629 69824 INFO tempest.lib.common.rest_client [req-54c006d2-4272-4286-b679-c11cb6f641ab req-54c006d2-4272-4286-b679-c11cb6f641ab ] Request (ListServersNegativeTestJSON:setUpClass): 200 GET http://10.180.1.21/compute/v2.1/servers/7f81370f-e4e9-4ce9-8777-cb1256604808 0.370s
2025-04-03 10:38:20.700 69870 INFO tempest.lib.common.rest_client [req-7ac04471-6dfc-401c-a831-61b3d262998b req-7ac04471-6dfc-401c-a831-61b3d262998b ] Request (MultipleCreateTestJSON:test_multiple_create_with_reservation_return): 200 GET http://10.180.1.21/compute/v2.1/servers/9615573d-9b6e-4532-827f-374ad484eb19 0.285s
2025-04-03 10:38:20.705 69852 INFO tempest.lib.common.rest_client [req-447f88df-2932-44ad-adb2-e3a72ed5e592 req-447f88df-2932-44ad-adb2-e3a72ed5e592 ] Request (DeleteServersAdminTestJSON:test_delete_server_while_in_error_state): 200 GET http://10.180.1.21/compute/v2.1/servers/eaadf005-0757-427a-8dc4-2ab33e8e75e9 0.358s
2025-04-03 10:38:20.779 69884 INFO tempest.lib.common.rest_client [req-69ea7133-6aa3-4b82-bafe-2cce173a116d req-69ea7133-6aa3-4b82-bafe-2cce173a116d ] Request (ServersWithSpecificFlavorTestJSON:test_verify_created_server_ephemeral_disk): 200 GET http://10.180.1.21/compute/v2.1/servers/a2f033d3-5efd-44f6-95b9-89e91f113c8b 0.344s
2025-04-03 10:38:20.781 69882 INFO tempest.lib.common.rest_client [req-c162b7b4-3cb3-4dc0-ade2-466538329bba req-c162b7b4-3cb3-4dc0-ade2-466538329bba ] Request (ServerActionsTestJSON:setUpClass): 200 GET http://10.180.1.21/compute/v2.1/servers/8d13982f-a851-4b56-aa16-c08776b0f61b 0.301s
2025-04-03 10:38:20.839 69840 INFO tempest.lib.common.rest_client [req-3d31c32c-375b-455a-8b81-042f271fa927 req-3d31c32c-375b-455a-8b81-042f271fa927 ] Request (MigrationsAdminTest:test_resize_server_revert_deleted_flavor): 200 GET http://10.180.1.21/compute/v2.1/servers/7048c4aa-f136-415f-99d0-7e4361ecfbb7 0.184s
2025-04-03 10:38:20.876 69828 INFO tempest.lib.common.rest_client [req-f5c80b7a-5256-47bb-9bde-3e02c8582998 req-f5c80b7a-5256-47bb-9bde-3e02c8582998 ] Request (ListImageFiltersTestJSON:tearDownClass): 200 GET http://10.180.1.21/compute/v2.1/servers/9c4c4fa9-2bc6-4394-bc81-4443a52b50b1 0.287s
2025-04-03 10:38:20.890 69850 INFO tempest.lib.common.rest_client [req-91365406-7fda-4302-80b9-0809a0636fc8 req-91365406-7fda-4302-80b9-0809a0636fc8 ] Request (ServersTestJSON:setUpClass): 200 GET http://10.180.1.21/compute/v2.1/servers/01467b61-eca8-40f8-afe1-9fa5c944709f 0.081s
2025-04-03 10:38:21.036 69830 INFO tempest.lib.common.rest_client [req-162fbc6f-fb65-4347-81af-e422171c7ce8 req-162fbc6f-fb65-4347-81af-e422171c7ce8 ] Request (ServersTestFqdnHostnames:test_create_server_with_fqdn_name): 200 PUT http://10.180.1.21:9696/networking/v2.0/floatingips/7a033489-5643-48d7-9fdd-5a47f50a033d 0.591s
2025-04-03 10:38:21.038 69830 INFO tempest.lib.common.ssh [-] Creating ssh connection to '10.180.180.129:22' as 'cirros' with public key authentication
2025-04-03 10:38:21.273 69879 INFO tempest.lib.common.rest_client [req-f15b301b-4846-46ee-bb0a-5dd634647b45 req-f15b301b-4846-46ee-bb0a-5dd634647b45 ] Request (ImagesTestJSON:test_create_image_from_suspended_server): 200 GET http://10.180.1.21/compute/v2.1/images/3e97b57b-63b2-4ee0-8c6d-35216a011e1a 0.044s
2025-04-03 10:38:21.292 69844 INFO tempest.lib.common.rest_client [req-d396d4d9-1590-4702-b7e9-bf59eaf89f6a req-d396d4d9-1590-4702-b7e9-bf59eaf89f6a ] Request (SecurityGroupsTestJSON:test_server_security_groups): 200 GET http://10.180.1.21/compute/v2.1/servers/51dc5901-e644-458f-820c-52a0b3711c3d 0.107s
2025-04-03 10:38:21.295 69832 INFO tempest.lib.common.rest_client [req-ff543786-764e-4be1-87a8-dd6500728913 req-ff543786-764e-4be1-87a8-dd6500728913 ] Request (ServerActionsV293TestJSON:setUpClass): 201 POST http://10.180.1.21:9696/networking/v2.0/routers 0.723s
2025-04-03 10:38:21.342 69866 INFO tempest.lib.common.rest_client [req-fdd69192-cfc6-476b-8e1f-92e7d69c4fb4 req-fdd69192-cfc6-476b-8e1f-92e7d69c4fb4 ] Request (FloatingIPsAssociationTestJSON:test_associate_already_associated_floating_ip): 200 GET http://10.180.1.21/compute/v2.1/servers/96c862da-b830-47ef-aed7-4faa84c970b9 0.082s
2025-04-03 10:38:21.370 69834 INFO tempest.lib.common.rest_client [req-f4cc62c0-7661-48fa-a697-d60de1036e0f req-f4cc62c0-7661-48fa-a697-d60de1036e0f ] Request (ServersAdminNegativeTestJSON:test_migrate_server_invalid_state): 200 GET http://10.180.1.21/compute/v2.1/servers/cb1be988-3e06-4c56-b271-81bd11a7921a 0.059s
2025-04-03 10:38:21.426 69862 WARNING tempest.lib.common.ssh [-] Failed to establish authenticated ssh connection to cirros@10.180.180.240 ([Errno None] Unable to connect to port 22 on 10.180.180.240). Number attempts: 11. Retry after 12 seconds.: paramiko.ssh_exception.NoValidConnectionsError: [Errno None] Unable to connect to port 22 on 10.180.180.240
2025-04-03 10:38:21.428 69838 INFO tempest.lib.common.rest_client [req-5d7aac85-86e6-42ac-8b23-b2605dbd0901 req-5d7aac85-86e6-42ac-8b23-b2605dbd0901 ] Request (ImagesOneServerNegativeTestJSON:_run_cleanups): 200 GET http://10.180.1.21/compute/v2.1/servers/db5619bb-270c-460e-8efe-41dfcded358a 0.076s
2025-04-03 10:38:21.456 69874 INFO tempest.lib.common.rest_client [req-7f67590a-1ab8-4cf0-ac16-2c4a0291a728 req-7f67590a-1ab8-4cf0-ac16-2c4a0291a728 ] Request (ImagesOneServerTestJSON:tearDownClass): 200 GET http://10.180.1.21/compute/v2.1/servers/9fbdeceb-931d-4f57-aaab-b38610875157 0.057s
2025-04-03 10:38:21.567 69842 INFO tempest.lib.common.rest_client [req-7f129fd4-113a-4a3a-99e5-5d58df549210 req-7f129fd4-113a-4a3a-99e5-5d58df549210 ] Request (ServerGroupTestJSON:_run_cleanups): 200 GET http://10.180.1.21/compute/v2.1/servers/32d03bb0-0bcf-478d-9e2d-5d6bd98987a0 0.073s
2025-04-03 10:38:21.615 69857 INFO tempest.lib.common.rest_client [req-c0bf5c45-8201-483b-940a-b870300f1a2d req-c0bf5c45-8201-483b-940a-b870300f1a2d ] Request (ServerDiskConfigTestJSON:test_rebuild_server_with_auto_disk_config): 200 GET http://10.180.1.21/compute/v2.1/servers/d7e83c49-723d-4b08-97be-300eb257f91e 0.059s
2025-04-03 10:38:21.620 69864 INFO tempest.lib.common.rest_client [req-5fb81282-0f90-4c67-a795-0b3b2a5ab83b req-5fb81282-0f90-4c67-a795-0b3b2a5ab83b ] Request (ServersAdminTestJSON:test_create_server_with_scheduling_hint): 200 GET http://10.180.1.21/compute/v2.1/servers/da8f860b-8dbe-48fa-a1e1-a151640780c6 0.064s
2025-04-03 10:38:21.678 69836 INFO tempest.lib.common.rest_client [req-6b98f951-1bd7-48a7-8fe6-9056a84a0229 req-6b98f951-1bd7-48a7-8fe6-9056a84a0229 ] Request (ServersTestMultiNic:test_verify_duplicate_network_nics): 200 GET http://10.180.1.21/compute/v2.1/servers/c7269b00-2769-4ef1-baba-ddd097bfaaec 0.061s
2025-04-03 10:38:21.724 69824 INFO tempest.lib.common.rest_client [req-7e47c5f8-73c7-4c76-bef7-66212eeda012 req-7e47c5f8-73c7-4c76-bef7-66212eeda012 ] Request (ListServersNegativeTestJSON:setUpClass): 200 GET http://10.180.1.21/compute/v2.1/servers/7f81370f-e4e9-4ce9-8777-cb1256604808 0.083s
2025-04-03 10:38:21.775 69870 INFO tempest.lib.common.rest_client [req-a6dd9e3c-f569-4c7f-8a10-39bfe918d86e req-a6dd9e3c-f569-4c7f-8a10-39bfe918d86e ] Request (MultipleCreateTestJSON:test_multiple_create_with_reservation_return): 200 GET http://10.180.1.21/compute/v2.1/servers/9615573d-9b6e-4532-827f-374ad484eb19 0.063s
2025-04-03 10:38:21.782 69870 INFO tempest.common.waiters [-] State transition "BUILD/scheduling" ==> "BUILD/None" after 46 second wait
2025-04-03 10:38:21.792 69852 INFO tempest.lib.common.rest_client [req-33839ad2-de9c-4b27-8ab5-613aa5d92f02 req-33839ad2-de9c-4b27-8ab5-613aa5d92f02 ] Request (DeleteServersAdminTestJSON:test_delete_server_while_in_error_state): 200 GET http://10.180.1.21/compute/v2.1/servers/eaadf005-0757-427a-8dc4-2ab33e8e75e9 0.076s
2025-04-03 10:38:21.853 69884 INFO tempest.lib.common.rest_client [req-aee8d055-c36d-4cdd-87dc-36d30e164fae req-aee8d055-c36d-4cdd-87dc-36d30e164fae ] Request (ServersWithSpecificFlavorTestJSON:test_verify_created_server_ephemeral_disk): 200 GET http://10.180.1.21/compute/v2.1/servers/a2f033d3-5efd-44f6-95b9-89e91f113c8b 0.066s
2025-04-03 10:38:21.858 69882 INFO tempest.lib.common.rest_client [req-c4d6a3e3-afe7-424b-b6dd-4652d83b043a req-c4d6a3e3-afe7-424b-b6dd-4652d83b043a ] Request (ServerActionsTestJSON:setUpClass): 200 GET http://10.180.1.21/compute/v2.1/servers/8d13982f-a851-4b56-aa16-c08776b0f61b 0.067s
2025-04-03 10:38:21.865 69882 INFO tempest.common.waiters [-] State transition "BUILD/None" ==> "BUILD/networking" after 67 second wait
2025-04-03 10:38:21.914 69840 INFO tempest.lib.common.rest_client [req-0cdde2b9-60c8-4bc4-88b0-89209e0866e9 req-0cdde2b9-60c8-4bc4-88b0-89209e0866e9 ] Request (MigrationsAdminTest:test_resize_server_revert_deleted_flavor): 200 GET http://10.180.1.21/compute/v2.1/servers/7048c4aa-f136-415f-99d0-7e4361ecfbb7 0.066s
2025-04-03 10:38:21.962 69828 INFO tempest.lib.common.rest_client [req-1d628062-c57b-4c81-a516-9244abf5b065 req-1d628062-c57b-4c81-a516-9244abf5b065 ] Request (ListImageFiltersTestJSON:tearDownClass): 200 GET http://10.180.1.21/compute/v2.1/servers/9c4c4fa9-2bc6-4394-bc81-4443a52b50b1 0.078s
2025-04-03 10:38:21.978 69850 INFO tempest.lib.common.rest_client [req-b63cf11c-f81f-4e2a-992b-251fd5bbb42a req-b63cf11c-f81f-4e2a-992b-251fd5bbb42a ] Request (ServersTestJSON:setUpClass): 200 GET http://10.180.1.21/compute/v2.1/servers/01467b61-eca8-40f8-afe1-9fa5c944709f 0.078s
2025-04-03 10:38:22.130 69868 WARNING tempest.lib.common.ssh [-] Failed to establish authenticated ssh connection to cirros@10.180.180.169 ([Errno None] Unable to connect to port 22 on 10.180.180.169). Number attempts: 5. Retry after 6 seconds.: paramiko.ssh_exception.NoValidConnectionsError: [Errno None] Unable to connect to port 22 on 10.180.180.169
2025-04-03 10:38:22.169 69832 INFO tempest.lib.common.rest_client [req-9de9e584-8340-4c15-849e-60830a77c3bd req-9de9e584-8340-4c15-849e-60830a77c3bd ] Request (ServerActionsV293TestJSON:setUpClass): 200 PUT http://10.180.1.21:9696/networking/v2.0/routers/afa6242f-b841-41a7-88df-b44403a7064b/add_router_interface 0.873s
2025-04-03 10:38:22.169 69832 INFO tempest.lib.common.dynamic_creds [-] Created isolated network resources for: credentials: Credentials: {'domain_id': 'default', 'domain_name': 'Default', 'username': 'tempest-ServerActionsV293TestJSON-1166940701-project-member', 'project_domain_id': 'default', 'project_domain_name': 'Default', 'project_id': '33458d3ae0a047b4b719e3f3c0eefb97', 'project_name': 'tempest-ServerActionsV293TestJSON-1166940701', 'tenant_id': '33458d3ae0a047b4b719e3f3c0eefb97', 'tenant_name': 'tempest-ServerActionsV293TestJSON-1166940701', 'user_domain_id': 'default', 'user_domain_name': 'Default', 'user_id': '98885af2efa546cbba7d5773007dfc46', 'system': None}, Network: {'id': '1b5cdea2-a0bd-4547-b348-5ebbaade6c2e', 'name': 'tempest-ServerActionsV293TestJSON-1497969376-network', 'tenant_id': '33458d3ae0a047b4b719e3f3c0eefb97', 'admin_state_up': True, 'mtu': 8950, 'status': 'ACTIVE', 'subnets': [], 'shared': False, 'project_id': '33458d3ae0a047b4b719e3f3c0eefb97', 'port_security_enabled': True, 'router:external': False, 'provider:network_type': 'vlan', 'provider:physical_network': 'default', 'provider:segmentation_id': 549, 'availability_zone_hints': [], 'availability_zones': [], 'ipv4_address_scope': None, 'ipv6_address_scope': None, 'description': '', 'tags': [], 'created_at': '2025-04-03T10:38:20Z', 'updated_at': '2025-04-03T10:38:20Z', 'revision_number': 1}, Subnet: {'id': '837f7150-1e16-4451-a960-09052f5ce855', 'name': 'tempest-ServerActionsV293TestJSON-1497969376-subnet', 'tenant_id': '33458d3ae0a047b4b719e3f3c0eefb97', 'network_id': '1b5cdea2-a0bd-4547-b348-5ebbaade6c2e', 'ip_version': 4, 'subnetpool_id': None, 'enable_dhcp': True, 'ipv6_ra_mode': None, 'ipv6_address_mode': None, 'gateway_ip': '192.168.128.1', 'cidr': '192.168.128.0/28', 'allocation_pools': [{'start': '192.168.128.2', 'end': '192.168.128.14'}], 'host_routes': [], 'dns_nameservers': [], 'description': '', 'router:external': False, 'service_types': [], 'tags': [], 'created_at': '2025-04-03T10:38:20Z', 'updated_at': '2025-04-03T10:38:20Z', 'revision_number': 0, 'project_id': '33458d3ae0a047b4b719e3f3c0eefb97'}, Router: {'id': 'afa6242f-b841-41a7-88df-b44403a7064b', 'name': 'tempest-ServerActionsV293TestJSON-1497969376-router', 'tenant_id': '33458d3ae0a047b4b719e3f3c0eefb97', 'admin_state_up': True, 'status': 'ACTIVE', 'external_gateway_info': {'network_id': '81ba5463-3aef-458f-97a1-2241c55910f2', 'external_fixed_ips': [{'subnet_id': '931862af-4908-4440-b3cd-a8c014edec7d', 'ip_address': '10.180.180.168'}], 'enable_snat': True}, 'description': '', 'availability_zones': [], 'distributed': False, 'ha': False, 'availability_zone_hints': [], 'routes': [], 'flavor_id': None, 'tags': [], 'created_at': '2025-04-03T10:38:20Z', 'updated_at': '2025-04-03T10:38:21Z', 'revision_number': 2, 'project_id': '33458d3ae0a047b4b719e3f3c0eefb97'}
2025-04-03 10:38:22.274 69832 INFO tempest.lib.common.rest_client [req-ada0cd7a-f0eb-486c-ad0c-a5a3f28ccaa2 req-ada0cd7a-f0eb-486c-ad0c-a5a3f28ccaa2 ] Request (ServerActionsV293TestJSON:setUpClass): 201 POST http://10.180.1.21/identity/v3/auth/tokens 0.101s
2025-04-03 10:38:22.329 69879 INFO tempest.lib.common.rest_client [req-e8d79c2b-d61f-475e-8cf6-712174cf4071 req-e8d79c2b-d61f-475e-8cf6-712174cf4071 ] Request (ImagesTestJSON:test_create_image_from_suspended_server): 200 GET http://10.180.1.21/compute/v2.1/images/3e97b57b-63b2-4ee0-8c6d-35216a011e1a 0.053s
2025-04-03 10:38:22.416 69832 INFO tempest.lib.common.rest_client [req-b5494c25-00b7-4248-bd8d-78fe37e88290 req-b5494c25-00b7-4248-bd8d-78fe37e88290 ] Request (ServerActionsV293TestJSON:setUpClass): 201 POST http://10.180.1.21/compute/v2.1/os-keypairs 0.141s
2025-04-03 10:38:22.476 69866 INFO tempest.lib.common.rest_client [req-f15540aa-367f-4ff1-a31f-d5b1cb880544 req-f15540aa-367f-4ff1-a31f-d5b1cb880544 ] Request (FloatingIPsAssociationTestJSON:test_associate_already_associated_floating_ip): 200 GET http://10.180.1.21/compute/v2.1/servers/96c862da-b830-47ef-aed7-4faa84c970b9 0.126s
2025-04-03 10:38:22.477 69844 INFO tempest.lib.common.rest_client [req-eb5e99bf-ac69-46d6-bac5-99a643e911ca req-eb5e99bf-ac69-46d6-bac5-99a643e911ca ] Request (SecurityGroupsTestJSON:test_server_security_groups): 200 GET http://10.180.1.21/compute/v2.1/servers/51dc5901-e644-458f-820c-52a0b3711c3d 0.176s
2025-04-03 10:38:22.544 69834 INFO tempest.lib.common.rest_client [req-453104a8-42bf-47df-a763-687473b495f2 req-453104a8-42bf-47df-a763-687473b495f2 ] Request (ServersAdminNegativeTestJSON:test_migrate_server_invalid_state): 200 GET http://10.180.1.21/compute/v2.1/servers/cb1be988-3e06-4c56-b271-81bd11a7921a 0.163s
2025-04-03 10:38:22.551 69838 INFO tempest.lib.common.rest_client [req-bdc0cedc-b45a-452a-923c-fadbaa6ffeae req-bdc0cedc-b45a-452a-923c-fadbaa6ffeae ] Request (ImagesOneServerNegativeTestJSON:_run_cleanups): 200 GET http://10.180.1.21/compute/v2.1/servers/db5619bb-270c-460e-8efe-41dfcded358a 0.114s
2025-04-03 10:38:22.555 69832 INFO tempest.lib.common.rest_client [req-fc76302c-5d7b-4c11-b1a5-e81d1bd6542e req-fc76302c-5d7b-4c11-b1a5-e81d1bd6542e ] Request (ServerActionsV293TestJSON:setUpClass): 201 POST http://10.180.1.21:9696/networking/v2.0/security-groups 0.136s
2025-04-03 10:38:22.623 69874 INFO tempest.lib.common.rest_client [req-ca8d1cf4-a980-479a-a27d-19ce7fde3cb1 req-ca8d1cf4-a980-479a-a27d-19ce7fde3cb1 ] Request (ImagesOneServerTestJSON:tearDownClass): 200 GET http://10.180.1.21/compute/v2.1/servers/9fbdeceb-931d-4f57-aaab-b38610875157 0.158s
