2025-04-03 10:36:24.966 69854 INFO tempest.lib.common.dynamic_creds [-] Acquired dynamic creds: credentials: Credentials: {'domain_id': 'default', 'domain_name': 'Default', 'username': 'tempest-ImagesMetadataTestJSON-1024650278-project-member', 'project_domain_id': 'default', 'project_domain_name': 'Default', 'project_id': '7db9a5afcc924cd79484a63de25d00ec', 'project_name': 'tempest-ImagesMetadataTestJSON-1024650278', 'tenant_id': '7db9a5afcc924cd79484a63de25d00ec', 'tenant_name': 'tempest-ImagesMetadataTestJSON-1024650278', 'user_domain_id': 'default', 'user_domain_name': 'Default', 'user_id': '55c0b3fe6ad44ddb963546f3541ff25c', 'system': None}, Network: None, Subnet: None, Router: None
2025-04-03 10:36:24.966 69854 INFO tempest.lib.common.dynamic_creds [-] Created isolated network resources for: credentials: Credentials: {'domain_id': 'default', 'domain_name': 'Default', 'username': 'tempest-ImagesMetadataTestJSON-1024650278-project-member', 'project_domain_id': 'default', 'project_domain_name': 'Default', 'project_id': '7db9a5afcc924cd79484a63de25d00ec', 'project_name': 'tempest-ImagesMetadataTestJSON-1024650278', 'tenant_id': '7db9a5afcc924cd79484a63de25d00ec', 'tenant_name': 'tempest-ImagesMetadataTestJSON-1024650278', 'user_domain_id': 'default', 'user_domain_name': 'Default', 'user_id': '55c0b3fe6ad44ddb963546f3541ff25c', 'system': None}, Network: None, Subnet: None, Router: None
2025-04-03 10:36:25.006 69859 INFO tempest.lib.common.rest_client [req-8da4cb6a-a038-4a27-ab4a-3904228e87f0 req-8da4cb6a-a038-4a27-ab4a-3904228e87f0 ] Request (VolumesAdminNegativeTest:setUpClass): 201 POST http://10.180.1.21:9696/networking/v2.0/networks 0.404s
2025-04-03 10:36:25.065 69854 INFO tempest.lib.common.rest_client [req-25f03498-2d38-4bbd-adc1-55ff77da10ff req-25f03498-2d38-4bbd-adc1-55ff77da10ff ] Request (ImagesMetadataTestJSON:setUpClass): 201 POST http://10.180.1.21/identity/v3/auth/tokens 0.096s
2025-04-03 10:36:25.443 69857 INFO tempest.lib.common.rest_client [req-7e64b806-9d47-45bc-b9b2-57c92c28ab95 req-7e64b806-9d47-45bc-b9b2-57c92c28ab95 ] Request (FloatingIPsAssociationNegativeTestJSON:setUpClass): 202 POST http://10.180.1.21/compute/v2.1/servers 3.042s
2025-04-03 10:36:25.517 69859 INFO tempest.lib.common.rest_client [req-b4e027ff-c2d1-4c1b-89a5-3699bf3782b3 req-b4e027ff-c2d1-4c1b-89a5-3699bf3782b3 ] Request (VolumesAdminNegativeTest:setUpClass): 201 POST http://10.180.1.21:9696/networking/v2.0/subnets 0.510s
2025-04-03 10:36:25.538 69824 INFO tempest.lib.common.rest_client [req-696fcdc2-3c6f-4aa5-a75b-350b2dfdc973 req-696fcdc2-3c6f-4aa5-a75b-350b2dfdc973 ] Request (TenantUsagesTestJSON:setUpClass): 200 GET http://10.180.1.21/compute/v2.1/servers/abda8eec-b811-493c-b1cc-bb5c2c351083 2.825s
2025-04-03 10:36:25.548 69824 INFO tempest.common.waiters [-] State transition "BUILD/scheduling" ==> "BUILD/None" after 8 second wait
2025-04-03 10:36:25.623 69854 INFO tempest.lib.common.rest_client [req-b89e7784-de8c-4d84-8d92-b51cc8042b8f req-b89e7784-de8c-4d84-8d92-b51cc8042b8f ] Request (ImagesMetadataTestJSON:setUpClass): 201 POST http://10.180.1.21/image/v2/images 0.557s
2025-04-03 10:36:25.705 69866 INFO tempest.lib.common.rest_client [req-8912fb74-cf1a-499d-bacb-0de3391ad575 req-8912fb74-cf1a-499d-bacb-0de3391ad575 ] Request (FloatingIPsAssociationTestJSON:setUpClass): 202 POST http://10.180.1.21/compute/v2.1/servers 3.066s
2025-04-03 10:36:26.075 69886 INFO tempest.lib.common.rest_client [req-ec782ca9-534f-4db4-8a61-a72ec9dbeb34 req-ec782ca9-534f-4db4-8a61-a72ec9dbeb34 ] Request (SecurityGroupRulesNegativeTestJSON:tearDownClass): 202 DELETE http://10.180.1.21/compute/v2.1/os-security-groups/275fd253-6177-4024-93b6-658f76f8f3a1 3.258s
2025-04-03 10:36:26.108 69834 INFO tempest.lib.common.rest_client [req-d80352f6-2035-48be-b2f6-2132114baf41 req-d80352f6-2035-48be-b2f6-2132114baf41 ] Request (AggregatesAdminNegativeTestJSON:_run_cleanups): 200 DELETE http://10.180.1.21/compute/v2.1/os-aggregates/5 3.284s
2025-04-03 10:36:26.204 69882 INFO tempest.lib.common.rest_client [req-f853b56b-63e5-4e5b-ba93-b44b281008a2 req-f853b56b-63e5-4e5b-ba93-b44b281008a2 ] Request (QuotasAdminTestJSON:test_update_all_quota_resources_for_tenant): 200 GET http://10.180.1.21/compute/v2.1/os-quota-sets/d0620a12ae814d7c989c9e5c24c9b2d7/defaults 3.309s
2025-04-03 10:36:26.212 69842 INFO tempest.lib.common.rest_client [req-a00a7686-d619-4790-9157-326df57bffc2 req-a00a7686-d619-4790-9157-326df57bffc2 ] Request (ServerGroupTestJSON:setUpClass): 201 POST http://10.180.1.21:9696/networking/v2.0/routers 1.832s
2025-04-03 10:36:26.308 69832 INFO tempest.lib.common.rest_client [req-549acbc8-942b-42bf-acd4-535435e995ae req-549acbc8-942b-42bf-acd4-535435e995ae ] Request (AttachInterfacesV270Test:test_create_get_list_interfaces): 202 POST http://10.180.1.21/compute/v2.1/servers 3.571s
2025-04-03 10:36:26.358 69836 INFO tempest.lib.common.rest_client [req-433af15c-4c86-496f-915e-07b0040d0fc8 req-433af15c-4c86-496f-915e-07b0040d0fc8 ] Request (ServerDiagnosticsNegativeTest:test_get_server_diagnostics_by_non_admin): 403 GET http://10.180.1.21/compute/v2.1/servers/d45b0d94-073c-4199-9109-186206a863bd/diagnostics 3.313s
2025-04-03 10:36:26.421 69880 INFO tempest.lib.common.rest_client [req-bd261d7b-c828-4144-8ca5-69c3b98fb3cb req-bd261d7b-c828-4144-8ca5-69c3b98fb3cb ] Request (FlavorsV2TestJSON:test_list_flavors_detailed_using_marker): 200 GET http://10.180.1.21/compute/v2.1/flavors/detail?marker=42 3.264s
2025-04-03 10:36:26.456 69872 INFO tempest.lib.common.rest_client [req-a8669248-4e92-496a-abc9-f008863c1251 req-a8669248-4e92-496a-abc9-f008863c1251 ] Request (FlavorsAdminTestJSON:test_create_server_with_non_public_flavor): 200 POST http://10.180.1.21/compute/v2.1/flavors 3.272s
2025-04-03 10:36:26.522 69870 INFO tempest.lib.common.rest_client [req-2404c16b-81aa-440c-8cc7-f6d95d9dce4d req-2404c16b-81aa-440c-8cc7-f6d95d9dce4d ] Request (MultipleCreateTestJSON:test_multiple_create): 200 GET http://10.180.1.21/compute/v2.1/servers/2268a6a7-acbf-4df5-9755-21e1612399f0 3.161s
2025-04-03 10:36:26.529 69870 INFO tempest.common.waiters [-] State transition "BUILD/scheduling" ==> "BUILD/None" after 7 second wait
2025-04-03 10:36:26.541 69860 INFO tempest.lib.common.rest_client [req-503c6785-a685-4cb4-92f0-209702135719 req-503c6785-a685-4cb4-92f0-209702135719 ] Request (ServerExternalEventsTest:test_create_server_external_events): 200 GET http://10.180.1.21/compute/v2.1/servers/f872aae0-26dd-4099-aef7-910bbe554df9 3.614s
2025-04-03 10:36:26.569 69868 INFO tempest.lib.common.rest_client [req-39f080a1-262d-4eaa-b60e-82dbb150d42c req-39f080a1-262d-4eaa-b60e-82dbb150d42c ] Request (FlavorsAccessNegativeTestJSON:_run_cleanups): 200 GET http://10.180.1.21/compute/v2.1/flavors/detail 3.159s
2025-04-03 10:36:26.660 69838 INFO tempest.lib.common.rest_client [req-76e80959-9f1a-48d8-87d7-8d8d85539547 req-76e80959-9f1a-48d8-87d7-8d8d85539547 ] Request (QuotasAdminNegativeTest:test_create_server_when_instances_quota_is_full): 200 GET http://10.180.1.21/compute/v2.1/os-quota-sets/50ba6f3fa8b244a68281f8800f30fdc2 3.265s
2025-04-03 10:36:26.685 69854 INFO tempest.lib.common.rest_client [req-1e82b871-158d-4698-8d0e-974a9f165d40 req-1e82b871-158d-4698-8d0e-974a9f165d40 ] Request (ImagesMetadataTestJSON:setUpClass): 204 PUT http://10.180.1.21/image/v2/images/a1c6cc88-48ce-4dac-98f1-2185f62b071e/file 1.061s
2025-04-03 10:36:26.755 69844 INFO tempest.lib.common.rest_client [req-c129e466-1524-4cea-a8d7-45c175f3824d req-c129e466-1524-4cea-a8d7-45c175f3824d ] Request (SecurityGroupsTestJSON:test_list_security_groups_by_server): 200 GET http://10.180.1.21/compute/v2.1/servers/54366b5d-6ffa-4094-8b77-259668b00cc7 2.809s
2025-04-03 10:36:26.763 69844 INFO tempest.common.waiters [-] State transition "BUILD/scheduling" ==> "BUILD/None" after 8 second wait
2025-04-03 10:36:26.840 69852 INFO tempest.lib.common.rest_client [req-64f92174-0ea6-4c15-b34c-880840f61371 req-64f92174-0ea6-4c15-b34c-880840f61371 ] Request (DeleteServersAdminTestJSON:test_admin_delete_servers_of_others): 200 GET http://10.180.1.21/compute/v2.1/servers/c233b1d7-033a-4205-811a-ed51d821e0e9 2.908s
2025-04-03 10:36:26.946 69850 INFO tempest.lib.common.rest_client [req-dd9ef488-e70f-4cad-9d37-a0c8a96f6304 req-dd9ef488-e70f-4cad-9d37-a0c8a96f6304 ] Request (ServersAdmin275Test:test_rebuild_update_server_275): 200 GET http://10.180.1.21/compute/v2.1/servers/e20d7d56-118a-4f11-8f47-9c9e66322319 2.795s
2025-04-03 10:36:27.011 69879 INFO tempest.lib.common.rest_client [req-bd263968-24d2-4a4c-a54c-4cba259a3cce req-bd263968-24d2-4a4c-a54c-4cba259a3cce ] Request (ImagesTestJSON:test_create_image_from_stopped_server): 200 GET http://10.180.1.21/compute/v2.1/servers/a685c596-6398-4303-99ee-9e902779fa61 2.863s
2025-04-03 10:36:27.018 69879 INFO tempest.common.waiters [-] State transition "BUILD/spawning" ==> "ACTIVE/None" after 26 second wait
2025-04-03 10:36:27.040 69874 INFO tempest.lib.common.rest_client [req-cb827a92-9dd2-47df-bf7e-fdaf6ad57a6a req-cb827a92-9dd2-47df-bf7e-fdaf6ad57a6a ] Request (ImagesOneServerTestJSON:setUpClass): 200 GET http://10.180.1.21/compute/v2.1/servers/9fbdeceb-931d-4f57-aaab-b38610875157 2.674s
2025-04-03 10:36:27.347 69862 INFO tempest.lib.common.rest_client [req-85c47fcc-b1d4-47e4-8b5e-e8b44cae8c2e req-85c47fcc-b1d4-47e4-8b5e-e8b44cae8c2e ] Request (VolumesAssistedSnapshotsTest:test_volume_assisted_snapshot_create_delete): 200 GET http://10.180.1.21/compute/v2.1/servers/be8ac0d5-bb6e-4460-ba21-b70b973e496b 2.872s
2025-04-03 10:36:27.541 69884 INFO tempest.lib.common.rest_client [req-80363769-4669-4e36-bb21-a162098da146 req-80363769-4669-4e36-bb21-a162098da146 ] Request (ServersWithSpecificFlavorTestJSON:test_verify_created_server_ephemeral_disk): 200 GET http://10.180.1.21/compute/v2.1/servers/53fa68d5-4517-49da-a742-d6c4800aecef 2.884s
2025-04-03 10:36:27.949 69864 INFO tempest.lib.common.rest_client [req-be8d5d13-6490-4b29-9a75-87fac0af67ac req-be8d5d13-6490-4b29-9a75-87fac0af67ac ] Request (ServersAdminTestJSON:setUpClass): 202 POST http://10.180.1.21/compute/v2.1/servers 3.575s
2025-04-03 10:36:27.994 69864 INFO tempest.lib.common.rest_client [req-da7167c2-bfd7-415d-909f-c8836b817e08 req-da7167c2-bfd7-415d-909f-c8836b817e08 ] Request (ServersAdminTestJSON:setUpClass): 201 POST http://10.180.1.21/identity/v3/auth/tokens 0.039s
2025-04-03 10:36:27.995 69864 INFO tempest.lib.common.fixed_network [-] (ServersAdminTestJSON:setUpClass) Found network {'id': 'c95dbff8-c33d-434d-8057-13a801ce085f', 'name': 'tempest-ServersAdminTestJSON-650988061-network', 'tenant_id': 'e94d28e18b7f49b4abfe292817da0d3f', 'admin_state_up': True, 'mtu': 8950, 'status': 'ACTIVE', 'subnets': [], 'shared': False, 'project_id': 'e94d28e18b7f49b4abfe292817da0d3f', 'port_security_enabled': True, 'router:external': False, 'provider:network_type': 'vlan', 'provider:physical_network': 'default', 'provider:segmentation_id': 797, 'availability_zone_hints': [], 'availability_zones': [], 'ipv4_address_scope': None, 'ipv6_address_scope': None, 'description': '', 'tags': [], 'created_at': '2025-04-03T10:36:10Z', 'updated_at': '2025-04-03T10:36:10Z', 'revision_number': 1} available for tenant
2025-04-03 10:36:28.013 69830 INFO tempest.lib.common.rest_client [req-29d79067-9b9c-44bf-a521-701014fffcf3 req-29d79067-9b9c-44bf-a521-701014fffcf3 ] Request (ImagesNegativeTestJSON:test_create_image_from_deleted_server): 200 GET http://10.180.1.21/compute/v2.1/servers/50b06b01-5d51-4d98-b148-ebc6d28b78fe 3.271s
2025-04-03 10:36:28.021 69842 INFO tempest.lib.common.rest_client [req-2e18b05f-48d5-49e2-b68f-e38e262297be req-2e18b05f-48d5-49e2-b68f-e38e262297be ] Request (ServerGroupTestJSON:setUpClass): 200 PUT http://10.180.1.21:9696/networking/v2.0/routers/e38cf6aa-2b9c-4738-87fd-dcf3e5ac4dce/add_router_interface 1.809s
2025-04-03 10:36:28.022 69842 INFO tempest.lib.common.dynamic_creds [-] Created isolated network resources for: credentials: Credentials: {'domain_id': 'default', 'domain_name': 'Default', 'username': 'tempest-ServerGroupTestJSON-377625122-project-member', 'project_domain_id': 'default', 'project_domain_name': 'Default', 'project_id': '14a0860497854875a5e636ab3462ab07', 'project_name': 'tempest-ServerGroupTestJSON-377625122', 'tenant_id': '14a0860497854875a5e636ab3462ab07', 'tenant_name': 'tempest-ServerGroupTestJSON-377625122', 'user_domain_id': 'default', 'user_domain_name': 'Default', 'user_id': 'a85327e69add4bd59a605e1e4465611a', 'system': None}, Network: {'id': '3a42dc9b-8428-4cb6-8f91-e87db37b3a76', 'name': 'tempest-ServerGroupTestJSON-1791266794-network', 'tenant_id': '14a0860497854875a5e636ab3462ab07', 'admin_state_up': True, 'mtu': 8950, 'status': 'ACTIVE', 'subnets': [], 'shared': False, 'project_id': '14a0860497854875a5e636ab3462ab07', 'port_security_enabled': True, 'router:external': False, 'provider:network_type': 'vlan', 'provider:physical_network': 'default', 'provider:segmentation_id': 904, 'availability_zone_hints': [], 'availability_zones': [], 'ipv4_address_scope': None, 'ipv6_address_scope': None, 'description': '', 'tags': [], 'created_at': '2025-04-03T10:36:23Z', 'updated_at': '2025-04-03T10:36:23Z', 'revision_number': 1}, Subnet: {'id': '37843a35-1016-4212-b85a-1b44df218a8c', 'name': 'tempest-ServerGroupTestJSON-1791266794-subnet', 'tenant_id': '14a0860497854875a5e636ab3462ab07', 'network_id': '3a42dc9b-8428-4cb6-8f91-e87db37b3a76', 'ip_version': 4, 'subnetpool_id': None, 'enable_dhcp': True, 'ipv6_ra_mode': None, 'ipv6_address_mode': None, 'gateway_ip': '192.168.128.1', 'cidr': '192.168.128.0/28', 'allocation_pools': [{'start': '192.168.128.2', 'end': '192.168.128.14'}], 'host_routes': [], 'dns_nameservers': [], 'description': '', 'router:external': False, 'service_types': [], 'tags': [], 'created_at': '2025-04-03T10:36:24Z', 'updated_at': '2025-04-03T10:36:24Z', 'revision_number': 0, 'project_id': '14a0860497854875a5e636ab3462ab07'}, Router: {'id': 'e38cf6aa-2b9c-4738-87fd-dcf3e5ac4dce', 'name': 'tempest-ServerGroupTestJSON-1791266794-router', 'tenant_id': '14a0860497854875a5e636ab3462ab07', 'admin_state_up': True, 'status': 'ACTIVE', 'external_gateway_info': {'network_id': '81ba5463-3aef-458f-97a1-2241c55910f2', 'external_fixed_ips': [{'subnet_id': '931862af-4908-4440-b3cd-a8c014edec7d', 'ip_address': '10.180.180.167'}], 'enable_snat': True}, 'description': '', 'availability_zones': [], 'distributed': False, 'ha': False, 'availability_zone_hints': [], 'routes': [], 'flavor_id': None, 'tags': [], 'created_at': '2025-04-03T10:36:24Z', 'updated_at': '2025-04-03T10:36:25Z', 'revision_number': 2, 'project_id': '14a0860497854875a5e636ab3462ab07'}
2025-04-03 10:36:28.104 69842 INFO tempest.lib.common.rest_client [req-e34aeb2d-6c80-4bde-8706-1359c0f74606 req-e34aeb2d-6c80-4bde-8706-1359c0f74606 ] Request (ServerGroupTestJSON:setUpClass): 201 POST http://10.180.1.21/identity/v3/auth/tokens 0.078s
2025-04-03 10:36:28.116 69859 INFO tempest.lib.common.rest_client [req-28a6c4ac-1878-4f29-b5ca-d9d3dd9e01f3 req-28a6c4ac-1878-4f29-b5ca-d9d3dd9e01f3 ] Request (VolumesAdminNegativeTest:setUpClass): 201 POST http://10.180.1.21:9696/networking/v2.0/routers 2.599s
2025-04-03 10:36:28.215 69840 INFO tempest.lib.common.rest_client [req-a4bf22d5-e29b-46cb-9f68-cce1e1d30b59 req-a4bf22d5-e29b-46cb-9f68-cce1e1d30b59 ] Request (MigrationsAdminTest:test_list_migrations_in_flavor_resize_situation): 200 GET http://10.180.1.21/compute/v2.1/servers/641c34b8-2560-464b-88eb-6e61f2775493 3.126s
2025-04-03 10:36:28.273 69846 INFO tempest.lib.common.rest_client [req-ee00cb3b-56fd-485c-b939-5dc186e6ce90 req-ee00cb3b-56fd-485c-b939-5dc186e6ce90 ] Request (ServerPasswordTestJSON:setUpClass): 200 GET http://10.180.1.21/compute/v2.1/servers/dd446be4-4742-446e-b692-8064b7ddbf9f 3.107s
2025-04-03 10:36:28.336 69857 INFO tempest.lib.common.rest_client [req-b5952eed-72f7-4905-ba0c-1651a9744614 req-b5952eed-72f7-4905-ba0c-1651a9744614 ] Request (FloatingIPsAssociationNegativeTestJSON:setUpClass): 200 GET http://10.180.1.21/compute/v2.1/servers/681d9cc1-a5cd-4341-b87c-736ff44faef3 2.891s
2025-04-03 10:36:28.341 69886 INFO tempest.lib.common.rest_client [req-70ffbb3c-5c88-4060-b67d-6fbfa150d157 req-70ffbb3c-5c88-4060-b67d-6fbfa150d157 ] Request (SecurityGroupRulesNegativeTestJSON:tearDownClass): 200 PUT http://10.180.1.21:9696/networking/v2.0/routers/7e8a11e0-e441-4098-ac98-93de739eed63/remove_router_interface 2.265s
2025-04-03 10:36:28.423 69866 INFO tempest.lib.common.rest_client [req-7530df52-ed62-436d-89f6-1b4e6684ca6d req-7530df52-ed62-436d-89f6-1b4e6684ca6d ] Request (FloatingIPsAssociationTestJSON:setUpClass): 200 GET http://10.180.1.21/compute/v2.1/servers/ece644b7-8ddc-41b1-8925-cf431a09dd55 2.716s
2025-04-03 10:36:28.476 69828 INFO tempest.lib.common.rest_client [req-46f146fb-e0c5-4963-98be-9c08f0e25498 req-46f146fb-e0c5-4963-98be-9c08f0e25498 ] Request (ListImageFiltersTestJSON:setUpClass): 200 GET http://10.180.1.21/compute/v2.1/servers/9c4c4fa9-2bc6-4394-bc81-4443a52b50b1 2.527s
2025-04-03 10:36:28.490 69834 INFO tempest.lib.common.rest_client [req-2f8606b6-b769-498d-84d6-2c0678e959a7 req-2f8606b6-b769-498d-84d6-2c0678e959a7 ] Request (AggregatesAdminNegativeTestJSON:test_aggregate_delete_with_invalid_id): 404 DELETE http://10.180.1.21/compute/v2.1/os-aggregates/-1 2.380s
2025-04-03 10:36:28.591 69876 INFO tempest.lib.common.rest_client [req-85dce536-ba0a-4d8c-93cc-4b806742a674 req-85dce536-ba0a-4d8c-93cc-4b806742a674 ] Request (ServerDiagnosticsV248Test:test_get_server_diagnostics): 200 GET http://10.180.1.21/compute/v2.1/servers/5ba55a32-cfcf-46aa-b04d-57403995c01d/diagnostics 3.729s
2025-04-03 10:36:28.669 69882 INFO tempest.lib.common.rest_client [req-e1ee353d-c29f-4c47-a2c2-6c43360a03ef req-e1ee353d-c29f-4c47-a2c2-6c43360a03ef ] Request (QuotasAdminTestJSON:test_update_all_quota_resources_for_tenant): 200 PUT http://10.180.1.21/compute/v2.1/os-quota-sets/d0620a12ae814d7c989c9e5c24c9b2d7 2.462s
2025-04-03 10:36:28.682 69832 INFO tempest.lib.common.rest_client [req-dd690c7e-675d-41d0-a23f-e21e2ff251ad req-dd690c7e-675d-41d0-a23f-e21e2ff251ad ] Request (AttachInterfacesV270Test:test_create_get_list_interfaces): 200 GET http://10.180.1.21/compute/v2.1/servers/08443e88-21f9-4f66-8994-d8af6d544309 2.372s
2025-04-03 10:36:28.701 69880 INFO tempest.lib.common.rest_client [req-a5ea5800-60d9-4a89-b103-aa823cf103ba req-a5ea5800-60d9-4a89-b103-aa823cf103ba ] Request (FlavorsV2TestJSON:test_list_flavors_filter_by_min_disk): 200 GET http://10.180.1.21/compute/v2.1/flavors/42 2.272s
2025-04-03 10:36:28.716 69872 INFO tempest.lib.common.rest_client [req-97b9aa43-7315-4be7-bc0a-7caf03caef57 req-97b9aa43-7315-4be7-bc0a-7caf03caef57 ] Request (FlavorsAdminTestJSON:test_create_server_with_non_public_flavor): 400 POST http://10.180.1.21/compute/v2.1/servers 2.257s
2025-04-03 10:36:28.762 69836 INFO tempest.lib.common.rest_client [req-db20beea-aa10-4559-877c-89d938042bce req-db20beea-aa10-4559-877c-89d938042bce ] Request (ServerDiagnosticsNegativeTest:tearDownClass): 204 DELETE http://10.180.1.21/compute/v2.1/servers/d45b0d94-073c-4199-9109-186206a863bd 2.394s
2025-04-03 10:36:28.776 69886 INFO tempest.lib.common.rest_client [req-8c182f77-4bf8-421d-ba82-32c1c6d065ca req-8c182f77-4bf8-421d-ba82-32c1c6d065ca ] Request (SecurityGroupRulesNegativeTestJSON:tearDownClass): 204 DELETE http://10.180.1.21:9696/networking/v2.0/routers/7e8a11e0-e441-4098-ac98-93de739eed63 0.435s
2025-04-03 10:36:28.777 69824 INFO tempest.lib.common.rest_client [req-a30415d9-b1b5-483b-aa5a-d8dcf64b145d req-a30415d9-b1b5-483b-aa5a-d8dcf64b145d ] Request (TenantUsagesTestJSON:setUpClass): 200 GET http://10.180.1.21/compute/v2.1/servers/abda8eec-b811-493c-b1cc-bb5c2c351083 2.228s
2025-04-03 10:36:28.784 69868 INFO tempest.lib.common.rest_client [req-3fa0484b-fabc-4220-92b5-a6d5341691d5 req-3fa0484b-fabc-4220-92b5-a6d5341691d5 ] Request (FlavorsAccessNegativeTestJSON:test_remove_flavor_access_not_found): 200 POST http://10.180.1.21/compute/v2.1/flavors 2.205s
2025-04-03 10:36:28.828 69854 INFO tempest.lib.common.rest_client [req-05a58f7b-9796-4ff3-893a-e143203de58a req-05a58f7b-9796-4ff3-893a-e143203de58a ] Request (ImagesMetadataTestJSON:setUpClass): 200 GET http://10.180.1.21/compute/v2.1/images/a1c6cc88-48ce-4dac-98f1-2185f62b071e 2.142s
2025-04-03 10:36:28.861 69838 INFO tempest.lib.common.rest_client [req-0dfa6057-76d4-4e3d-800e-12d25a51504b req-0dfa6057-76d4-4e3d-800e-12d25a51504b ] Request (QuotasAdminNegativeTest:test_create_server_when_instances_quota_is_full): 200 PUT http://10.180.1.21/compute/v2.1/os-quota-sets/50ba6f3fa8b244a68281f8800f30fdc2 2.198s
2025-04-03 10:36:28.896 69879 INFO tempest.lib.common.rest_client [req-ae44a2c8-9de8-4e07-a278-74609ad5c053 req-ae44a2c8-9de8-4e07-a278-74609ad5c053 ] Request (ImagesTestJSON:test_create_image_from_stopped_server): 202 POST http://10.180.1.21/compute/v2.1/servers/a685c596-6398-4303-99ee-9e902779fa61/action 1.877s
2025-04-03 10:36:28.931 69870 INFO tempest.lib.common.rest_client [req-682a1102-2a06-496a-847b-14ad26469937 req-682a1102-2a06-496a-847b-14ad26469937 ] Request (MultipleCreateTestJSON:test_multiple_create): 200 GET http://10.180.1.21/compute/v2.1/servers/2268a6a7-acbf-4df5-9755-21e1612399f0 1.401s
2025-04-03 10:36:28.953 69838 INFO tempest.lib.common.rest_client [req-4edf8ed2-6df2-4526-a8fd-3203b7920aa3 req-4edf8ed2-6df2-4526-a8fd-3203b7920aa3 ] Request (QuotasAdminNegativeTest:test_create_server_when_instances_quota_is_full): 201 POST http://10.180.1.21/identity/v3/auth/tokens 0.083s
2025-04-03 10:36:28.953 69838 INFO tempest.lib.common.fixed_network [-] (QuotasAdminNegativeTest:test_create_server_when_instances_quota_is_full) Found network None available for tenant
2025-04-03 10:36:28.960 69860 INFO tempest.lib.common.rest_client [req-753376bf-10b2-4ede-a4a4-d7ac666dac61 req-753376bf-10b2-4ede-a4a4-d7ac666dac61 ] Request (ServerExternalEventsTest:test_create_server_external_events): 200 GET http://10.180.1.21/compute/v2.1/servers/f872aae0-26dd-4099-aef7-910bbe554df9 1.402s
2025-04-03 10:36:29.005 69886 INFO tempest.lib.common.rest_client [req-d157dfe9-6a6d-4d97-a5a6-4f6748795a80 req-d157dfe9-6a6d-4d97-a5a6-4f6748795a80 ] Request (SecurityGroupRulesNegativeTestJSON:tearDownClass): 204 DELETE http://10.180.1.21:9696/networking/v2.0/subnets/34a2a46b-a3f4-48c7-bfab-9fda493672e1 0.228s
2025-04-03 10:36:29.008 69844 INFO tempest.lib.common.rest_client [req-44e8e513-0379-47be-8128-081e4e461f06 req-44e8e513-0379-47be-8128-081e4e461f06 ] Request (SecurityGroupsTestJSON:test_list_security_groups_by_server): 200 GET http://10.180.1.21/compute/v2.1/servers/54366b5d-6ffa-4094-8b77-259668b00cc7 1.243s
2025-04-03 10:36:29.061 69852 INFO tempest.lib.common.rest_client [req-8f5b62c9-01ed-4e83-85a4-07f135555d2b req-8f5b62c9-01ed-4e83-85a4-07f135555d2b ] Request (DeleteServersAdminTestJSON:test_admin_delete_servers_of_others): 200 GET http://10.180.1.21/compute/v2.1/servers/c233b1d7-033a-4205-811a-ed51d821e0e9 1.210s
2025-04-03 10:36:29.072 69852 INFO tempest.common.waiters [-] State transition "ACTIVE/deleting" ==> "DELETED/None" after 3 second wait
2025-04-03 10:36:29.098 69850 INFO tempest.lib.common.rest_client [req-1f394cb7-5b3e-41a1-9294-ef615df7f41d req-1f394cb7-5b3e-41a1-9294-ef615df7f41d ] Request (ServersAdmin275Test:test_rebuild_update_server_275): 200 GET http://10.180.1.21/compute/v2.1/servers/e20d7d56-118a-4f11-8f47-9c9e66322319 1.128s
2025-04-03 10:36:29.117 69859 INFO tempest.lib.common.rest_client [req-58e163fd-df71-44db-a689-039c11c3c667 req-58e163fd-df71-44db-a689-039c11c3c667 ] Request (VolumesAdminNegativeTest:setUpClass): 200 PUT http://10.180.1.21:9696/networking/v2.0/routers/868b1fe7-3202-4691-9d14-44829819f089/add_router_interface 1.000s
2025-04-03 10:36:29.117 69859 INFO tempest.lib.common.dynamic_creds [-] Created isolated network resources for: credentials: Credentials: {'domain_id': 'default', 'domain_name': 'Default', 'username': 'tempest-VolumesAdminNegativeTest-544254897-project-admin', 'project_domain_id': 'default', 'project_domain_name': 'Default', 'project_id': 'afd6912865644fb3bfe7932312f5b581', 'project_name': 'tempest-VolumesAdminNegativeTest-544254897', 'tenant_id': 'afd6912865644fb3bfe7932312f5b581', 'tenant_name': 'tempest-VolumesAdminNegativeTest-544254897', 'user_domain_id': 'default', 'user_domain_name': 'Default', 'user_id': '769416509bc9422fbdf0933335f6c12b', 'system': None}, Network: {'id': 'a78ffa00-bf4a-4101-9203-52de00398bc8', 'name': 'tempest-VolumesAdminNegativeTest-774297876-network', 'tenant_id': 'afd6912865644fb3bfe7932312f5b581', 'admin_state_up': True, 'mtu': 8950, 'status': 'ACTIVE', 'subnets': [], 'shared': False, 'project_id': 'afd6912865644fb3bfe7932312f5b581', 'port_security_enabled': True, 'router:external': False, 'provider:network_type': 'vlan', 'provider:physical_network': 'default', 'provider:segmentation_id': 418, 'availability_zone_hints': [], 'availability_zones': [], 'ipv4_address_scope': None, 'ipv6_address_scope': None, 'description': '', 'tags': [], 'created_at': '2025-04-03T10:36:24Z', 'updated_at': '2025-04-03T10:36:24Z', 'revision_number': 1}, Subnet: {'id': '4f553f8e-6443-4014-b233-1c985582f417', 'name': 'tempest-VolumesAdminNegativeTest-774297876-subnet', 'tenant_id': 'afd6912865644fb3bfe7932312f5b581', 'network_id': 'a78ffa00-bf4a-4101-9203-52de00398bc8', 'ip_version': 4, 'subnetpool_id': None, 'enable_dhcp': True, 'ipv6_ra_mode': None, 'ipv6_address_mode': None, 'gateway_ip': '192.168.128.1', 'cidr': '192.168.128.0/28', 'allocation_pools': [{'start': '192.168.128.2', 'end': '192.168.128.14'}], 'host_routes': [], 'dns_nameservers': [], 'description': '', 'router:external': False, 'service_types': [], 'tags': [], 'created_at': '2025-04-03T10:36:25Z', 'updated_at': '2025-04-03T10:36:25Z', 'revision_number': 0, 'project_id': 'afd6912865644fb3bfe7932312f5b581'}, Router: {'id': '868b1fe7-3202-4691-9d14-44829819f089', 'name': 'tempest-VolumesAdminNegativeTest-774297876-router', 'tenant_id': 'afd6912865644fb3bfe7932312f5b581', 'admin_state_up': True, 'status': 'ACTIVE', 'external_gateway_info': {'network_id': '81ba5463-3aef-458f-97a1-2241c55910f2', 'external_fixed_ips': [{'subnet_id': '931862af-4908-4440-b3cd-a8c014edec7d', 'ip_address': '10.180.180.227'}], 'enable_snat': True}, 'description': '', 'availability_zones': [], 'distributed': False, 'ha': False, 'availability_zone_hints': [], 'routes': [], 'flavor_id': None, 'tags': [], 'created_at': '2025-04-03T10:36:25Z', 'updated_at': '2025-04-03T10:36:27Z', 'revision_number': 2, 'project_id': 'afd6912865644fb3bfe7932312f5b581'}
2025-04-03 10:36:29.169 69874 INFO tempest.lib.common.rest_client [req-421a7313-79ff-4622-ac9b-90cc10561c49 req-421a7313-79ff-4622-ac9b-90cc10561c49 ] Request (ImagesOneServerTestJSON:setUpClass): 200 GET http://10.180.1.21/compute/v2.1/servers/9fbdeceb-931d-4f57-aaab-b38610875157 1.113s
2025-04-03 10:36:29.220 69859 INFO tempest.lib.common.rest_client [req-10e3accb-0005-45d9-a039-884d9aeafb81 req-10e3accb-0005-45d9-a039-884d9aeafb81 ] Request (VolumesAdminNegativeTest:setUpClass): 201 POST http://10.180.1.21/identity/v3/auth/tokens 0.101s
2025-04-03 10:36:29.285 69842 INFO tempest.lib.common.rest_client [req-114b1bcf-4082-43ba-b9fb-840fbc5c6c06 req-114b1bcf-4082-43ba-b9fb-840fbc5c6c06 ] Request (ServerGroupTestJSON:setUp): 200 POST http://10.180.1.21/compute/v2.1/os-server-groups 1.180s
2025-04-03 10:36:29.448 69862 INFO tempest.lib.common.rest_client [req-b3d200c9-0f4b-44a1-845a-7deb77727d8b req-b3d200c9-0f4b-44a1-845a-7deb77727d8b ] Request (VolumesAssistedSnapshotsTest:test_volume_assisted_snapshot_create_delete): 200 GET http://10.180.1.21/compute/v2.1/servers/be8ac0d5-bb6e-4460-ba21-b70b973e496b 1.082s
2025-04-03 10:36:29.481 69834 INFO tempest.lib.common.rest_client [req-e9bfd13b-504e-49b4-8b63-ee4e4599610e req-e9bfd13b-504e-49b4-8b63-ee4e4599610e ] Request (AggregatesAdminNegativeTestJSON:test_aggregate_get_details_as_user): 200 POST http://10.180.1.21/compute/v2.1/os-aggregates 0.989s
2025-04-03 10:36:29.544 69886 INFO tempest.lib.common.rest_client [req-20566e86-7de5-4830-b303-e61aa9ef42ed req-20566e86-7de5-4830-b303-e61aa9ef42ed ] Request (SecurityGroupRulesNegativeTestJSON:tearDownClass): 204 DELETE http://10.180.1.21:9696/networking/v2.0/networks/a8efc05d-cbde-4abd-8c13-1eb1673dc720 0.539s
2025-04-03 10:36:29.594 69864 INFO tempest.lib.common.rest_client [req-4cf5ad32-c910-4a11-862a-03052d2084d0 req-4cf5ad32-c910-4a11-862a-03052d2084d0 ] Request (ServersAdminTestJSON:setUpClass): 202 POST http://10.180.1.21/compute/v2.1/servers 1.599s
2025-04-03 10:36:29.653 69884 INFO tempest.lib.common.rest_client [req-d021f1b4-1954-4c99-8ec2-de3913adb12c req-d021f1b4-1954-4c99-8ec2-de3913adb12c ] Request (ServersWithSpecificFlavorTestJSON:test_verify_created_server_ephemeral_disk): 200 GET http://10.180.1.21/compute/v2.1/servers/53fa68d5-4517-49da-a742-d6c4800aecef 1.103s
2025-04-03 10:36:29.688 69880 INFO tempest.lib.common.rest_client [req-4d4623bc-22dd-438d-a529-9caea6e6fdfd req-4d4623bc-22dd-438d-a529-9caea6e6fdfd ] Request (FlavorsV2TestJSON:test_list_flavors_filter_by_min_disk): 200 GET http://10.180.1.21/compute/v2.1/flavors?minDisk=2 0.984s
2025-04-03 10:36:29.711 69872 INFO tempest.lib.common.rest_client [req-e5e56911-3851-441c-bbc0-df63cc19ad41 req-e5e56911-3851-441c-bbc0-df63cc19ad41 ] Request (FlavorsAdminTestJSON:_run_cleanups): 202 DELETE http://10.180.1.21/compute/v2.1/flavors/111203312 0.994s
2025-04-03 10:36:29.720 69886 INFO tempest.lib.common.rest_client [req-0d17acc0-e51f-4182-9ac5-2e698112818c req-0d17acc0-e51f-4182-9ac5-2e698112818c ] Request (SecurityGroupRulesNegativeTestJSON:tearDownClass): 204 DELETE http://10.180.1.21/identity/v3/users/fe5015d9f33b4ecb98e315436065f9fa 0.174s
2025-04-03 10:36:29.720 69886 INFO tempest.lib.common.dynamic_creds [-] Deleting project and security group for project: ad90bdf1500247d0ada8ddc9a2ac6ba8
2025-04-03 10:36:29.773 69886 INFO tempest.lib.common.rest_client [req-6d330588-1b9e-42d0-b6c3-3732c829d357 req-6d330588-1b9e-42d0-b6c3-3732c829d357 ] Request (SecurityGroupRulesNegativeTestJSON:tearDownClass): 200 GET http://10.180.1.21:9696/networking/v2.0/security-groups?tenant_id=ad90bdf1500247d0ada8ddc9a2ac6ba8&name=default 0.052s
2025-04-03 10:36:29.848 69882 INFO tempest.lib.common.rest_client [req-ea749463-46ca-4322-b9c9-693b9db64e0c req-ea749463-46ca-4322-b9c9-693b9db64e0c ] Request (QuotasAdminTestJSON:_run_cleanups): 200 PUT http://10.180.1.21/compute/v2.1/os-quota-sets/d0620a12ae814d7c989c9e5c24c9b2d7 1.177s
2025-04-03 10:36:29.903 69886 INFO tempest.lib.common.rest_client [req-9b94f695-2998-43f4-99b7-cdc95fcd86d0 req-9b94f695-2998-43f4-99b7-cdc95fcd86d0 ] Request (SecurityGroupRulesNegativeTestJSON:tearDownClass): 204 DELETE http://10.180.1.21:9696/networking/v2.0/security-groups/b5370cd7-a71a-452c-a2a6-3436e5c13469 0.129s
2025-04-03 10:36:29.921 69836 INFO tempest.lib.common.rest_client [req-03671ebe-6577-4098-9435-715a0cbfbc23 req-03671ebe-6577-4098-9435-715a0cbfbc23 ] Request (ServerDiagnosticsNegativeTest:tearDownClass): 200 GET http://10.180.1.21/compute/v2.1/servers/d45b0d94-073c-4199-9109-186206a863bd 1.158s
2025-04-03 10:36:30.019 69882 INFO tempest.lib.common.rest_client [req-45738c03-a0c9-47e2-b581-7c99f54bc815 req-45738c03-a0c9-47e2-b581-7c99f54bc815 ] Request (QuotasAdminTestJSON:tearDownClass): 204 DELETE http://10.180.1.21/identity/v3/users/70b0079fc24e48fe87a1ef64dec388b8 0.166s
2025-04-03 10:36:30.067 69868 INFO tempest.lib.common.rest_client [req-5708c959-a2fc-4466-8ad8-61cbc09fad6f req-5708c959-a2fc-4466-8ad8-61cbc09fad6f ] Request (FlavorsAccessNegativeTestJSON:test_remove_flavor_access_not_found): 404 POST http://10.180.1.21/compute/v2.1/flavors/251601190/action 1.280s
2025-04-03 10:36:30.097 69826 INFO tempest.lib.common.rest_client [req-a9599290-96e5-48e1-a581-3dc39bd56988 req-a9599290-96e5-48e1-a581-3dc39bd56988 ] Request (QuotasAdminTestV257:test_get_updated_quotas): 200 GET http://10.180.1.21/identity/v3/domains?name=Default 0.212s
2025-04-03 10:36:30.196 69886 INFO tempest.lib.common.rest_client [req-a9b47a65-f5b4-4c7e-b07f-e13c62c7a25d req-a9b47a65-f5b4-4c7e-b07f-e13c62c7a25d ] Request (SecurityGroupRulesNegativeTestJSON:tearDownClass): 204 DELETE http://10.180.1.21/identity/v3/projects/ad90bdf1500247d0ada8ddc9a2ac6ba8 0.293s
2025-04-03 10:36:30.208 69882 INFO tempest.lib.common.rest_client [req-c2f814db-6069-4839-9af5-3becfa80f778 req-c2f814db-6069-4839-9af5-3becfa80f778 ] Request (QuotasAdminTestJSON:tearDownClass): 204 DELETE http://10.180.1.21/identity/v3/users/c46199dc9e3e4ef9a1299b28d4d44620 0.189s
2025-04-03 10:36:30.208 69882 INFO tempest.lib.common.dynamic_creds [-] Deleting project and security group for project: a1f6d9ccb0c74e4f80a3e40506f5be62
2025-04-03 10:36:30.252 69879 INFO tempest.lib.common.rest_client [req-9042ca28-0f05-4c55-8b0f-9c4e3d6a6ba2 req-9042ca28-0f05-4c55-8b0f-9c4e3d6a6ba2 ] Request (ImagesTestJSON:test_create_image_from_stopped_server): 200 GET http://10.180.1.21/compute/v2.1/servers/a685c596-6398-4303-99ee-9e902779fa61 1.356s
2025-04-03 10:36:30.266 69886 INFO tempest.lib.common.rest_client [req-94b7d78f-d07f-4b4d-b77f-14b526291026 req-94b7d78f-d07f-4b4d-b77f-14b526291026 ] Request (ServerActionsTestOtherA:setUpClass): 201 POST http://10.180.1.21/identity/v3/auth/tokens 0.068s
2025-04-03 10:36:30.289 69882 INFO tempest.lib.common.rest_client [req-609c82b1-b0c9-41b7-8f52-22d3cd41c477 req-609c82b1-b0c9-41b7-8f52-22d3cd41c477 ] Request (QuotasAdminTestJSON:tearDownClass): 201 POST http://10.180.1.21/identity/v3/auth/tokens 0.080s
2025-04-03 10:36:30.300 69826 INFO tempest.lib.common.rest_client [req-4d955d16-5a9f-4fb1-9105-f356a3129a42 req-4d955d16-5a9f-4fb1-9105-f356a3129a42 ] Request (QuotasAdminTestV257:test_get_updated_quotas): 201 POST http://10.180.1.21/identity/v3/projects 0.201s
2025-04-03 10:36:30.332 69854 INFO tempest.lib.common.rest_client [req-f64848de-d427-4be0-939c-a5001ee916c3 req-f64848de-d427-4be0-939c-a5001ee916c3 ] Request (ImagesMetadataTestJSON:setUp): 200 PUT http://10.180.1.21/compute/v2.1/images/a1c6cc88-48ce-4dac-98f1-2185f62b071e/metadata 1.500s
2025-04-03 10:36:30.354 69886 INFO tempest.lib.common.rest_client [req-c50fbce0-97ef-4ff6-b15a-1c8da1916c71 req-c50fbce0-97ef-4ff6-b15a-1c8da1916c71 ] Request (ServerActionsTestOtherA:setUpClass): 201 POST http://10.180.1.21/identity/v3/auth/tokens 0.085s
2025-04-03 10:36:30.412 69826 INFO tempest.lib.common.rest_client [req-542fbe57-32ad-490c-9f35-9946933796d5 req-542fbe57-32ad-490c-9f35-9946933796d5 ] Request (QuotasAdminTestV257:test_get_updated_quotas): 200 GET http://10.180.1.21/identity/v3/domains?name=Default 0.112s
2025-04-03 10:36:30.421 69886 INFO tempest.lib.common.rest_client [req-02cd7be3-0a7e-4c7e-8984-4716ac46f56e req-02cd7be3-0a7e-4c7e-8984-4716ac46f56e ] Request (ServerActionsTestOtherA:setUpClass): 200 GET http://10.180.1.21/identity/v3/domains?name=Default 0.067s
2025-04-03 10:36:30.431 69830 INFO tempest.lib.common.rest_client [req-8effb279-0c9d-4249-b4da-14050339aacd req-8effb279-0c9d-4249-b4da-14050339aacd ] Request (ImagesNegativeTestJSON:test_create_image_from_deleted_server): 200 GET http://10.180.1.21/compute/v2.1/servers/50b06b01-5d51-4d98-b148-ebc6d28b78fe 1.407s
2025-04-03 10:36:30.444 69830 INFO tempest.common.waiters [-] State transition "ACTIVE/deleting" ==> "DELETED/None" after 2 second wait
2025-04-03 10:36:30.457 69886 INFO tempest.lib.common.rest_client [req-843a281b-f5d4-484c-b71b-906b9dfff620 req-843a281b-f5d4-484c-b71b-906b9dfff620 ] Request (ServerActionsTestOtherA:setUpClass): 201 POST http://10.180.1.21/identity/v3/projects 0.035s
2025-04-03 10:36:30.465 69838 INFO tempest.lib.common.rest_client [req-088ef696-9163-484d-92c5-131836e99ab3 req-088ef696-9163-484d-92c5-131836e99ab3 ] Request (QuotasAdminNegativeTest:test_create_server_when_instances_quota_is_full): 403 POST http://10.180.1.21/compute/v2.1/servers 1.511s
2025-04-03 10:36:30.522 69886 INFO tempest.lib.common.rest_client [req-662113dc-e72b-420d-98cd-de6a1cc99266 req-662113dc-e72b-420d-98cd-de6a1cc99266 ] Request (ServerActionsTestOtherA:setUpClass): 201 POST http://10.180.1.21/identity/v3/users 0.064s
2025-04-03 10:36:30.545 69886 INFO tempest.lib.common.rest_client [req-54f558fc-8ef8-48aa-9fd7-f4ff116bccba req-54f558fc-8ef8-48aa-9fd7-f4ff116bccba ] Request (ServerActionsTestOtherA:setUpClass): 200 GET http://10.180.1.21/identity/v3/roles 0.022s
2025-04-03 10:36:30.572 69840 INFO tempest.lib.common.rest_client [req-e95665dd-9975-46ee-90b2-01f72d71f77e req-e95665dd-9975-46ee-90b2-01f72d71f77e ] Request (MigrationsAdminTest:test_list_migrations_in_flavor_resize_situation): 200 GET http://10.180.1.21/compute/v2.1/servers/641c34b8-2560-464b-88eb-6e61f2775493 1.348s
2025-04-03 10:36:30.576 69886 INFO tempest.lib.common.rest_client [req-fcff6886-5829-4c2d-ab2c-ca17b1cccfbc req-fcff6886-5829-4c2d-ab2c-ca17b1cccfbc ] Request (ServerActionsTestOtherA:setUpClass): 204 PUT http://10.180.1.21/identity/v3/projects/41b52067dd744666b4ca4c519fb9c2e3/users/85545902bb224c73bc709fb8de8b55ec/roles/1db800b8c8e64f3cad1ff79f46651bdb 0.030s
2025-04-03 10:36:30.576 69886 INFO tempest.lib.common.dynamic_creds [-] Dynamic test user 85545902bb224c73bc709fb8de8b55ec is created with scope project and roles: ['member']
2025-04-03 10:36:30.576 69886 INFO tempest.lib.common.dynamic_creds [-] Acquired dynamic creds: credentials: Credentials: {'domain_id': 'default', 'domain_name': 'Default', 'username': 'tempest-ServerActionsTestOtherA-389553511-project-member', 'project_domain_id': 'default', 'project_domain_name': 'Default', 'project_id': '41b52067dd744666b4ca4c519fb9c2e3', 'project_name': 'tempest-ServerActionsTestOtherA-389553511', 'tenant_id': '41b52067dd744666b4ca4c519fb9c2e3', 'tenant_name': 'tempest-ServerActionsTestOtherA-389553511', 'user_domain_id': 'default', 'user_domain_name': 'Default', 'user_id': '85545902bb224c73bc709fb8de8b55ec', 'system': None}, Network: None, Subnet: None, Router: None
2025-04-03 10:36:30.578 69882 INFO tempest.lib.common.rest_client [req-2bd97f95-c600-4e0c-a6ce-e61b9d5a8502 req-2bd97f95-c600-4e0c-a6ce-e61b9d5a8502 ] Request (QuotasAdminTestJSON:tearDownClass): 200 GET http://10.180.1.21:9696/networking/v2.0/security-groups?tenant_id=a1f6d9ccb0c74e4f80a3e40506f5be62&name=default 0.289s
2025-04-03 10:36:30.589 69859 INFO tempest.lib.common.rest_client [req-f36bd4d3-24be-4b97-9fa4-92b98e744255 req-f36bd4d3-24be-4b97-9fa4-92b98e744255 ] Request (VolumesAdminNegativeTest:test_update_attached_volume_with_nonexistent_volume_in_body): 200 POST http://10.180.1.21/compute/v2.1/os-keypairs 1.366s
2025-04-03 10:36:30.642 69846 INFO tempest.lib.common.rest_client [req-8555011c-45f5-4830-9012-a8efdf8901b9 req-8555011c-45f5-4830-9012-a8efdf8901b9 ] Request (ServerPasswordTestJSON:setUpClass): 200 GET http://10.180.1.21/compute/v2.1/servers/dd446be4-4742-446e-b692-8064b7ddbf9f 1.360s
2025-04-03 10:36:30.647 69842 INFO tempest.lib.common.rest_client [req-c9e79fee-f09c-45d5-b654-71f48717015d req-c9e79fee-f09c-45d5-b654-71f48717015d ] Request (ServerGroupTestJSON:test_create_delete_multiple_server_groups_with_same_name_policy): 200 POST http://10.180.1.21/compute/v2.1/os-server-groups 1.360s
2025-04-03 10:36:30.650 69886 INFO tempest.lib.common.rest_client [req-330c99e5-3d2a-46ec-8682-6100b0dfd38e req-330c99e5-3d2a-46ec-8682-6100b0dfd38e ] Request (ServerActionsTestOtherA:setUpClass): 201 POST http://10.180.1.21/identity/v3/auth/tokens 0.073s
2025-04-03 10:36:30.722 69866 INFO tempest.lib.common.rest_client [req-eadd8c09-fce5-4654-9bd8-bcadeae08e92 req-eadd8c09-fce5-4654-9bd8-bcadeae08e92 ] Request (FloatingIPsAssociationTestJSON:setUpClass): 200 GET http://10.180.1.21/compute/v2.1/servers/ece644b7-8ddc-41b1-8925-cf431a09dd55 1.285s
2025-04-03 10:36:30.725 69857 INFO tempest.lib.common.rest_client [req-6a0e4a1c-d236-4aec-9f81-7c8b893321f3 req-6a0e4a1c-d236-4aec-9f81-7c8b893321f3 ] Request (FloatingIPsAssociationNegativeTestJSON:setUpClass): 200 GET http://10.180.1.21/compute/v2.1/servers/681d9cc1-a5cd-4341-b87c-736ff44faef3 1.370s
2025-04-03 10:36:30.729 69834 INFO tempest.lib.common.rest_client [req-c7065876-6afa-4820-a72f-866494e72484 req-c7065876-6afa-4820-a72f-866494e72484 ] Request (AggregatesAdminNegativeTestJSON:test_aggregate_get_details_as_user): 403 GET http://10.180.1.21/compute/v2.1/os-aggregates/6 1.245s
2025-04-03 10:36:30.740 69882 INFO tempest.lib.common.rest_client [req-dec8eecf-f536-4161-809f-6d83038d113e req-dec8eecf-f536-4161-809f-6d83038d113e ] Request (QuotasAdminTestJSON:tearDownClass): 204 DELETE http://10.180.1.21:9696/networking/v2.0/security-groups/105c043c-d42b-46b9-b743-d5c0f51e26fa 0.161s
2025-04-03 10:36:30.794 69864 INFO tempest.lib.common.rest_client [req-4abddad6-2eb2-42db-8313-1051bed342be req-4abddad6-2eb2-42db-8313-1051bed342be ] Request (ServersAdminTestJSON:setUpClass): 200 GET http://10.180.1.21/compute/v2.1/servers/9d274c37-1cf5-4545-b94e-ea7b442cf591 1.198s
2025-04-03 10:36:30.800 69828 INFO tempest.lib.common.rest_client [req-bb91b656-35ae-48c2-b426-1f31d7a2eade req-bb91b656-35ae-48c2-b426-1f31d7a2eade ] Request (ListImageFiltersTestJSON:setUpClass): 200 GET http://10.180.1.21/compute/v2.1/servers/9c4c4fa9-2bc6-4394-bc81-4443a52b50b1 1.312s
2025-04-03 10:36:30.802 69859 INFO tempest.lib.common.rest_client [req-6294fae6-fb38-44b3-bf8d-8315c26f6b95 req-6294fae6-fb38-44b3-bf8d-8315c26f6b95 ] Request (VolumesAdminNegativeTest:test_update_attached_volume_with_nonexistent_volume_in_body): 201 POST http://10.180.1.21:9696/networking/v2.0/security-groups 0.211s
2025-04-03 10:36:30.807 69828 INFO tempest.common.waiters [-] State transition "BUILD/None" ==> "BUILD/networking" after 17 second wait
2025-04-03 10:36:30.813 69880 INFO tempest.lib.common.rest_client [req-9369859a-d14d-4c30-9348-815bcbe9a408 req-9369859a-d14d-4c30-9348-815bcbe9a408 ] Request (FlavorsV2TestJSON:test_list_flavors_filter_by_min_ram): 200 GET http://10.180.1.21/compute/v2.1/flavors/42 1.120s
2025-04-03 10:36:30.832 69882 INFO tempest.lib.common.rest_client [req-6a827107-ca8d-49aa-8ff2-ec3400d864dc req-6a827107-ca8d-49aa-8ff2-ec3400d864dc ] Request (QuotasAdminTestJSON:tearDownClass): 204 DELETE http://10.180.1.21/identity/v3/projects/a1f6d9ccb0c74e4f80a3e40506f5be62 0.092s
2025-04-03 10:36:30.832 69882 INFO tempest.lib.common.dynamic_creds [-] Deleting project and security group for project: d0620a12ae814d7c989c9e5c24c9b2d7
2025-04-03 10:36:30.844 69872 INFO tempest.lib.common.rest_client [req-a17cbc0b-1d1a-4839-b503-835ed995c599 req-a17cbc0b-1d1a-4839-b503-835ed995c599 ] Request (FlavorsAdminTestJSON:_run_cleanups): 200 GET http://10.180.1.21/compute/v2.1/flavors/detail 1.128s
2025-04-03 10:36:30.885 69832 INFO tempest.lib.common.rest_client [req-93eb9958-0596-490b-a2b4-47f8ea05dd82 req-93eb9958-0596-490b-a2b4-47f8ea05dd82 ] Request (AttachInterfacesV270Test:test_create_get_list_interfaces): 200 GET http://10.180.1.21/compute/v2.1/servers/08443e88-21f9-4f66-8994-d8af6d544309 1.188s
2025-04-03 10:36:30.946 69870 INFO tempest.lib.common.rest_client [req-e3b748d0-7d89-4c94-af9b-e69ad8aed43d req-e3b748d0-7d89-4c94-af9b-e69ad8aed43d ] Request (MultipleCreateTestJSON:test_multiple_create): 200 GET http://10.180.1.21/compute/v2.1/servers/2268a6a7-acbf-4df5-9755-21e1612399f0 1.003s
2025-04-03 10:36:30.951 69824 INFO tempest.lib.common.rest_client [req-6f0819e0-e82f-4175-a29f-1a3e989fbf34 req-6f0819e0-e82f-4175-a29f-1a3e989fbf34 ] Request (TenantUsagesTestJSON:setUpClass): 200 GET http://10.180.1.21/compute/v2.1/servers/abda8eec-b811-493c-b1cc-bb5c2c351083 1.164s
2025-04-03 10:36:31.005 69860 INFO tempest.lib.common.rest_client [req-18082593-7c8b-4e2b-9981-61ec2baa094d req-18082593-7c8b-4e2b-9981-61ec2baa094d ] Request (ServerExternalEventsTest:test_create_server_external_events): 200 GET http://10.180.1.21/compute/v2.1/servers/f872aae0-26dd-4099-aef7-910bbe554df9 1.027s
2025-04-03 10:36:31.021 69868 INFO tempest.lib.common.rest_client [req-777f5f4e-d1cd-4b9a-a56c-49fb4d36ea65 req-777f5f4e-d1cd-4b9a-a56c-49fb4d36ea65 ] Request (FlavorsAccessNegativeTestJSON:_run_cleanups): 202 DELETE http://10.180.1.21/compute/v2.1/flavors/251601190 0.953s
2025-04-03 10:36:31.058 69844 INFO tempest.lib.common.rest_client [req-4e8c1627-ed56-42f8-b601-407d55161b63 req-4e8c1627-ed56-42f8-b601-407d55161b63 ] Request (SecurityGroupsTestJSON:test_list_security_groups_by_server): 200 GET http://10.180.1.21/compute/v2.1/servers/54366b5d-6ffa-4094-8b77-259668b00cc7 1.039s
2025-04-03 10:36:31.079 69852 INFO tempest.lib.common.rest_client [req-ff74b7e6-36cb-416c-af43-ae69ca4bb197 req-ff74b7e6-36cb-416c-af43-ae69ca4bb197 ] Request (DeleteServersAdminTestJSON:test_admin_delete_servers_of_others): 200 GET http://10.180.1.21/compute/v2.1/servers/c233b1d7-033a-4205-811a-ed51d821e0e9 1.006s
2025-04-03 10:36:31.132 69874 INFO tempest.lib.common.rest_client [req-f9e09ef2-f04c-441d-a193-508d4eb74d7c req-f9e09ef2-f04c-441d-a193-508d4eb74d7c ] Request (ImagesOneServerTestJSON:setUpClass): 200 GET http://10.180.1.21/compute/v2.1/servers/9fbdeceb-931d-4f57-aaab-b38610875157 0.955s
2025-04-03 10:36:31.182 69850 INFO tempest.lib.common.rest_client [req-1ad5b175-3380-4a59-9027-307650915b1c req-1ad5b175-3380-4a59-9027-307650915b1c ] Request (ServersAdmin275Test:test_rebuild_update_server_275): 200 GET http://10.180.1.21/compute/v2.1/servers/e20d7d56-118a-4f11-8f47-9c9e66322319 1.072s
2025-04-03 10:36:31.224 69859 INFO tempest.lib.common.rest_client [req-43f25a86-33b8-436b-a423-1e2a38641499 req-43f25a86-33b8-436b-a423-1e2a38641499 ] Request (VolumesAdminNegativeTest:test_update_attached_volume_with_nonexistent_volume_in_body): 201 POST http://10.180.1.21:9696/networking/v2.0/security-group-rules 0.422s
2025-04-03 10:36:31.286 69854 INFO tempest.lib.common.rest_client [req-6233e109-fc3a-46ee-8a81-d39d88187a4c req-6233e109-fc3a-46ee-8a81-d39d88187a4c ] Request (ImagesMetadataTestJSON:test_delete_image_metadata_item): 204 DELETE http://10.180.1.21/compute/v2.1/images/a1c6cc88-48ce-4dac-98f1-2185f62b071e/metadata/os_version 0.953s
2025-04-03 10:36:31.293 69882 INFO tempest.lib.common.rest_client [req-a3a5b24b-dfd6-4c3d-babb-035e93f023a7 req-a3a5b24b-dfd6-4c3d-babb-035e93f023a7 ] Request (QuotasAdminTestJSON:tearDownClass): 200 GET http://10.180.1.21:9696/networking/v2.0/security-groups?tenant_id=d0620a12ae814d7c989c9e5c24c9b2d7&name=default 0.460s
2025-04-03 10:36:31.343 69886 INFO tempest.lib.common.rest_client [req-69af82cb-4c4e-4cca-b1f9-73ea7d4e55cd req-69af82cb-4c4e-4cca-b1f9-73ea7d4e55cd ] Request (ServerActionsTestOtherA:setUpClass): 201 POST http://10.180.1.21:9696/networking/v2.0/networks 0.692s
2025-04-03 10:36:31.381 69859 INFO tempest.lib.common.rest_client [req-ce9fbb02-98b0-47b0-91db-0af57600f50d req-ce9fbb02-98b0-47b0-91db-0af57600f50d ] Request (VolumesAdminNegativeTest:test_update_attached_volume_with_nonexistent_volume_in_body): 201 POST http://10.180.1.21:9696/networking/v2.0/security-group-rules 0.156s
2025-04-03 10:36:31.444 69826 INFO tempest.lib.common.rest_client [req-1c6e86a5-1c54-4982-acd7-8cb4cf38da4f req-1c6e86a5-1c54-4982-acd7-8cb4cf38da4f ] Request (QuotasAdminTestV257:test_get_updated_quotas): 200 PUT http://10.180.1.21/compute/v2.1/os-quota-sets/72e00c5d093f4f899b763645864035fd 1.032s
2025-04-03 10:36:31.477 69862 INFO tempest.lib.common.rest_client [req-ed59106f-e1a1-4a97-95fd-bc9e3d09fe45 req-ed59106f-e1a1-4a97-95fd-bc9e3d09fe45 ] Request (VolumesAssistedSnapshotsTest:test_volume_assisted_snapshot_create_delete): 200 GET http://10.180.1.21/compute/v2.1/servers/be8ac0d5-bb6e-4460-ba21-b70b973e496b 1.018s
2025-04-03 10:36:31.501 69882 INFO tempest.lib.common.rest_client [req-107c1289-0232-4c81-92d6-87b579153fa6 req-107c1289-0232-4c81-92d6-87b579153fa6 ] Request (QuotasAdminTestJSON:tearDownClass): 204 DELETE http://10.180.1.21:9696/networking/v2.0/security-groups/13c20f8c-10e2-4afb-ba37-9b8e850e47c8 0.207s
2025-04-03 10:36:31.576 69842 INFO tempest.lib.common.rest_client [req-910ec65e-8913-4303-9a65-f8992ebafb59 req-910ec65e-8913-4303-9a65-f8992ebafb59 ] Request (ServerGroupTestJSON:test_create_delete_multiple_server_groups_with_same_name_policy): 200 POST http://10.180.1.21/compute/v2.1/os-server-groups 0.927s
2025-04-03 10:36:31.640 69838 INFO tempest.lib.common.rest_client [req-74bfe512-8763-458a-8172-f2d00b26368e req-74bfe512-8763-458a-8172-f2d00b26368e ] Request (QuotasAdminNegativeTest:_run_cleanups): 200 PUT http://10.180.1.21/compute/v2.1/os-quota-sets/50ba6f3fa8b244a68281f8800f30fdc2 1.174s
2025-04-03 10:36:31.652 69886 INFO tempest.lib.common.rest_client [req-d6907d69-79cf-463f-8f76-c60e149164b5 req-d6907d69-79cf-463f-8f76-c60e149164b5 ] Request (ServerActionsTestOtherA:setUpClass): 201 POST http://10.180.1.21:9696/networking/v2.0/subnets 0.307s
2025-04-03 10:36:31.677 69834 INFO tempest.lib.common.rest_client [req-6bb88b65-af6c-4342-8c1b-112f8ef859b0 req-6bb88b65-af6c-4342-8c1b-112f8ef859b0 ] Request (AggregatesAdminNegativeTestJSON:_run_cleanups): 200 DELETE http://10.180.1.21/compute/v2.1/os-aggregates/6 0.948s
2025-04-03 10:36:31.699 69882 INFO tempest.lib.common.rest_client [req-48d32e56-6d9a-48ec-88e7-14b7cfbdf3a0 req-48d32e56-6d9a-48ec-88e7-14b7cfbdf3a0 ] Request (QuotasAdminTestJSON:tearDownClass): 204 DELETE http://10.180.1.21/identity/v3/projects/d0620a12ae814d7c989c9e5c24c9b2d7 0.198s
2025-04-03 10:36:31.711 69880 INFO tempest.lib.common.rest_client [req-d8262b71-35ca-41cc-98fa-6a414cca3e22 req-d8262b71-35ca-41cc-98fa-6a414cca3e22 ] Request (FlavorsV2TestJSON:test_list_flavors_filter_by_min_ram): 200 GET http://10.180.1.21/compute/v2.1/flavors?minRam=193 0.894s
2025-04-03 10:36:31.737 69872 INFO tempest.lib.common.rest_client [req-cf28ae31-3238-4888-af5c-76cff227f87b req-cf28ae31-3238-4888-af5c-76cff227f87b ] Request (FlavorsAdminTestJSON:test_is_public_string_variations): 200 POST http://10.180.1.21/compute/v2.1/flavors 0.887s
