2025-04-03 10:36:57.916 69838 INFO tempest.lib.common.rest_client [req-52b12138-702a-40e3-a42c-2e5ce29c942e req-52b12138-702a-40e3-a42c-2e5ce29c942e ] Request (ImagesOneServerNegativeTestJSON:setUpClass): 200 GET http://10.180.1.21/compute/v2.1/servers/db5619bb-270c-460e-8efe-41dfcded358a 0.740s
2025-04-03 10:36:57.947 69836 INFO tempest.lib.common.rest_client [req-4e12ce69-2230-49a6-8853-71d096c3e793 req-4e12ce69-2230-49a6-8853-71d096c3e793 ] Request (FloatingIPsNegativeTestJSON:setUpClass): 201 POST http://10.180.1.21/identity/v3/auth/tokens 0.031s
2025-04-03 10:36:57.966 69882 INFO tempest.lib.common.rest_client [req-5e433d91-e481-410b-835e-5e41a2e8dda7 req-5e433d91-e481-410b-835e-5e41a2e8dda7 ] Request (SecurityGroupRulesTestJSON:tearDownClass): 202 DELETE http://10.180.1.21/compute/v2.1/os-security-groups/94280fb2-e66c-4626-92f6-c99aadef7257 0.898s
2025-04-03 10:36:57.986 69836 INFO tempest.lib.common.rest_client [req-35750baf-93f9-49ad-9990-d33e1517ce77 req-35750baf-93f9-49ad-9990-d33e1517ce77 ] Request (FloatingIPsNegativeTestJSON:setUpClass): 200 GET http://10.180.1.21/identity/v3/domains?name=Default 0.038s
2025-04-03 10:36:58.024 69836 INFO tempest.lib.common.rest_client [req-c16acd6d-90d3-4c42-a282-d8a9e6f95ff9 req-c16acd6d-90d3-4c42-a282-d8a9e6f95ff9 ] Request (FloatingIPsNegativeTestJSON:setUpClass): 201 POST http://10.180.1.21/identity/v3/projects 0.038s
2025-04-03 10:36:58.026 69848 INFO tempest.lib.common.rest_client [req-c2a72211-41a3-4e6f-87bb-f08ef6caee1a req-c2a72211-41a3-4e6f-87bb-f08ef6caee1a ] Request (VolumesTestJSON:test_volume_list_with_detail_param_offset_and_limit): 200 GET http://10.180.1.21/compute/v2.1/os-volumes/detail?offset=1&limit=1 0.738s
2025-04-03 10:36:58.026 69832 INFO tempest.lib.common.rest_client [req-241056e4-54c0-49b4-b590-76a89b9e8358 req-241056e4-54c0-49b4-b590-76a89b9e8358 ] Request (AttachInterfacesV270Test:test_create_get_list_interfaces): 200 GET http://10.180.1.21/compute/v2.1/servers/08443e88-21f9-4f66-8994-d8af6d544309 0.787s
2025-04-03 10:36:58.120 69836 INFO tempest.lib.common.rest_client [req-28898a56-a2ce-4d96-b480-a88a2be5a520 req-28898a56-a2ce-4d96-b480-a88a2be5a520 ] Request (FloatingIPsNegativeTestJSON:setUpClass): 201 POST http://10.180.1.21/identity/v3/users 0.095s
2025-04-03 10:36:58.154 69836 INFO tempest.lib.common.rest_client [req-338acdb7-09cb-43ce-8c78-cef1d15f9474 req-338acdb7-09cb-43ce-8c78-cef1d15f9474 ] Request (FloatingIPsNegativeTestJSON:setUpClass): 200 GET http://10.180.1.21/identity/v3/roles 0.033s
2025-04-03 10:36:58.156 69870 INFO tempest.lib.common.rest_client [req-0f4d9173-91f8-4ec3-bb14-52e63ca4813a req-0f4d9173-91f8-4ec3-bb14-52e63ca4813a ] Request (MultipleCreateTestJSON:_run_cleanups): 204 DELETE http://10.180.1.21/compute/v2.1/servers/2268a6a7-acbf-4df5-9755-21e1612399f0 0.789s
2025-04-03 10:36:58.194 69836 INFO tempest.lib.common.rest_client [req-b74ca04c-ace6-46ee-9ff0-853641705e6f req-b74ca04c-ace6-46ee-9ff0-853641705e6f ] Request (FloatingIPsNegativeTestJSON:setUpClass): 204 PUT http://10.180.1.21/identity/v3/projects/1a26dcc377854f1c93ffa0451a13e4db/users/e4076e12d6924188bd4f9ed4c8590f2a/roles/1db800b8c8e64f3cad1ff79f46651bdb 0.039s
2025-04-03 10:36:58.194 69836 INFO tempest.lib.common.dynamic_creds [-] Dynamic test user e4076e12d6924188bd4f9ed4c8590f2a is created with scope project and roles: ['member']
2025-04-03 10:36:58.194 69836 INFO tempest.lib.common.dynamic_creds [-] Acquired dynamic creds: credentials: Credentials: {'domain_id': 'default', 'domain_name': 'Default', 'username': 'tempest-FloatingIPsNegativeTestJSON-1692407318-project-member', 'project_domain_id': 'default', 'project_domain_name': 'Default', 'project_id': '1a26dcc377854f1c93ffa0451a13e4db', 'project_name': 'tempest-FloatingIPsNegativeTestJSON-1692407318', 'tenant_id': '1a26dcc377854f1c93ffa0451a13e4db', 'tenant_name': 'tempest-FloatingIPsNegativeTestJSON-1692407318', 'user_domain_id': 'default', 'user_domain_name': 'Default', 'user_id': 'e4076e12d6924188bd4f9ed4c8590f2a', 'system': None}, Network: None, Subnet: None, Router: None
2025-04-03 10:36:58.309 69840 INFO tempest.lib.common.rest_client [req-3ba969e9-b1be-453b-8e5c-bcfd6f4dc9da req-3ba969e9-b1be-453b-8e5c-bcfd6f4dc9da ] Request (MigrationsAdminTest:test_list_migrations_in_flavor_resize_situation): 200 GET http://10.180.1.21/compute/v2.1/servers/641c34b8-2560-464b-88eb-6e61f2775493 0.942s
2025-04-03 10:36:58.384 69836 INFO tempest.lib.common.rest_client [req-9139f1f2-ca73-476f-912b-048fce2d2157 req-9139f1f2-ca73-476f-912b-048fce2d2157 ] Request (FloatingIPsNegativeTestJSON:setUpClass): 201 POST http://10.180.1.21/identity/v3/auth/tokens 0.188s
2025-04-03 10:36:58.421 69872 INFO tempest.lib.common.rest_client [req-8bf0177b-897b-4559-90ef-1a96c173f9ad req-8bf0177b-897b-4559-90ef-1a96c173f9ad ] Request (QuotasTestJSON:test_compare_tenant_quotas_with_default_quotas): 200 GET http://10.180.1.21/compute/v2.1/os-quota-sets/f6993842a3044df487321e2ea9e81a2d/defaults 1.019s
2025-04-03 10:36:58.472 69828 INFO tempest.lib.common.rest_client [req-20a93901-b68e-4fe4-9aa9-25db40707ac9 req-20a93901-b68e-4fe4-9aa9-25db40707ac9 ] Request (ListImageFiltersTestJSON:setUpClass): 200 GET http://10.180.1.21/compute/v2.1/images/889d2639-7bfc-42f7-98fe-401016c4fc57 0.987s
2025-04-03 10:36:58.555 69874 INFO tempest.lib.common.rest_client [req-b40e166f-1480-42b8-adb7-4596fddf9385 req-b40e166f-1480-42b8-adb7-4596fddf9385 ] Request (ImagesOneServerTestJSON:setUpClass): 200 GET http://10.180.1.21/compute/v2.1/servers/9fbdeceb-931d-4f57-aaab-b38610875157 1.134s
2025-04-03 10:36:58.562 69874 INFO tempest.common.waiters [-] State transition "BUILD/None" ==> "BUILD/spawning" after 31 second wait
2025-04-03 10:36:58.658 69868 INFO tempest.lib.common.rest_client [req-047993e4-d32e-4289-bf0e-5bd4a83e13fc req-047993e4-d32e-4289-bf0e-5bd4a83e13fc ] Request (AttachInterfacesUnderV243Test:test_add_remove_fixed_ip): 200 GET http://10.180.1.21/compute/v2.1/servers/cb544004-1a86-4dda-bc77-cc92aed5ffc1 1.109s
2025-04-03 10:36:58.692 69860 INFO tempest.lib.common.rest_client [req-96064533-d18a-4a93-b66d-c1d5a00f14c2 req-96064533-d18a-4a93-b66d-c1d5a00f14c2 ] Request (ServerExternalEventsTest:test_create_server_external_events): 200 GET http://10.180.1.21/compute/v2.1/servers/f872aae0-26dd-4099-aef7-910bbe554df9 1.187s
2025-04-03 10:36:58.776 69859 INFO tempest.lib.common.rest_client [req-4056c6a9-6601-485a-9b08-978bad0e30b0 req-4056c6a9-6601-485a-9b08-978bad0e30b0 ] Request (VolumesAdminNegativeTest:test_update_attached_volume_with_nonexistent_volume_in_body): 200 GET http://10.180.1.21/compute/v2.1/servers/aa107d30-b28e-41fe-8825-0cb34833cbdd 1.168s
2025-04-03 10:36:58.833 69854 INFO tempest.lib.common.rest_client [req-e7322077-9edb-42b5-a7f8-e2ed16547fc2 req-e7322077-9edb-42b5-a7f8-e2ed16547fc2 ] Request (ValidationResourcesFixture:setUp): 201 POST http://10.180.1.21/compute/v2.1/os-keypairs 1.193s
2025-04-03 10:36:58.853 69844 INFO tempest.lib.common.rest_client [req-ef338a29-699c-427f-bd55-3a0f220a916b req-ef338a29-699c-427f-bd55-3a0f220a916b ] Request (SecurityGroupsTestJSON:test_security_group_create_get_delete): 200 GET http://10.180.1.21/compute/v2.1/os-security-groups/3c19e87a-bfec-42ee-909a-af07046c1c45 1.022s
2025-04-03 10:36:58.916 69852 INFO tempest.lib.common.rest_client [req-31a2488a-719d-4be3-baad-04b7e1ec32ae req-31a2488a-719d-4be3-baad-04b7e1ec32ae ] Request (DeleteServersAdminTestJSON:test_delete_server_while_in_error_state): 200 GET http://10.180.1.21/compute/v2.1/servers/eaadf005-0757-427a-8dc4-2ab33e8e75e9 1.010s
2025-04-03 10:36:58.926 69836 INFO tempest.lib.common.rest_client [req-5776c0ac-9cc0-49f6-98ce-b6ae84bdfd17 req-5776c0ac-9cc0-49f6-98ce-b6ae84bdfd17 ] Request (FloatingIPsNegativeTestJSON:setUpClass): 201 POST http://10.180.1.21:9696/networking/v2.0/networks 0.542s
2025-04-03 10:36:58.959 69848 INFO tempest.lib.common.rest_client [req-303dff95-b76d-4099-988e-bd0ae3883bc6 req-303dff95-b76d-4099-988e-bd0ae3883bc6 ] Request (VolumesTestJSON:test_volume_list_with_details): 200 GET http://10.180.1.21/compute/v2.1/os-volumes/detail 0.928s
2025-04-03 10:36:59.035 69848 INFO tempest.lib.common.rest_client [req-2864faf1-47c8-4568-91cb-1b2aaf7374aa req-2864faf1-47c8-4568-91cb-1b2aaf7374aa ] Request (VolumesTestJSON:tearDownClass): 202 DELETE http://10.180.1.21/volume/v3/volumes/091b8ac4-e336-4891-bef5-6b6c86a06cc4 0.066s
2025-04-03 10:36:59.065 69886 INFO tempest.lib.common.rest_client [req-de486edf-fefc-4203-b9de-7af391bd3455 req-de486edf-fefc-4203-b9de-7af391bd3455 ] Request (ServerActionsTestOtherA:setUpClass): 200 GET http://10.180.1.21/compute/v2.1/servers/72265512-6ea5-4279-a0a7-059100f0b5bb 0.931s
2025-04-03 10:36:59.072 69854 INFO tempest.lib.common.rest_client [req-12984602-c26a-4ece-908e-6b60dd5dbd99 req-12984602-c26a-4ece-908e-6b60dd5dbd99 ] Request (ValidationResourcesFixture:setUp): 201 POST http://10.180.1.21:9696/networking/v2.0/security-groups 0.237s
2025-04-03 10:36:59.078 69848 INFO tempest.lib.common.rest_client [req-41947bb7-ae47-4e8b-a4eb-e2dcd9723288 req-41947bb7-ae47-4e8b-a4eb-e2dcd9723288 ] Request (VolumesTestJSON:tearDownClass): 200 GET http://10.180.1.21/volume/v3/volumes/091b8ac4-e336-4891-bef5-6b6c86a06cc4 0.043s
2025-04-03 10:36:59.084 69882 INFO tempest.lib.common.rest_client [req-4398a912-ad83-4a9a-b873-0d8924b493a7 req-4398a912-ad83-4a9a-b873-0d8924b493a7 ] Request (SecurityGroupRulesTestJSON:tearDownClass): 202 DELETE http://10.180.1.21/compute/v2.1/os-security-groups/91abdd01-517c-4bc0-a05b-4f80e2bb83ee 1.118s
2025-04-03 10:36:59.247 69846 INFO tempest.lib.common.rest_client [req-e41e69f9-9d68-438d-96d9-f55c84f62a6c req-e41e69f9-9d68-438d-96d9-f55c84f62a6c ] Request (ServerPasswordTestJSON:setUpClass): 200 GET http://10.180.1.21/compute/v2.1/servers/dd446be4-4742-446e-b692-8064b7ddbf9f 1.073s
2025-04-03 10:36:59.281 69836 INFO tempest.lib.common.rest_client [req-c2bd29ea-98f1-464c-83de-c191e3306ecf req-c2bd29ea-98f1-464c-83de-c191e3306ecf ] Request (FloatingIPsNegativeTestJSON:setUpClass): 201 POST http://10.180.1.21:9696/networking/v2.0/subnets 0.354s
2025-04-03 10:36:59.293 69854 INFO tempest.lib.common.rest_client [req-7b56ce75-a8cf-4119-89b4-9049a7d4348a req-7b56ce75-a8cf-4119-89b4-9049a7d4348a ] Request (ValidationResourcesFixture:setUp): 201 POST http://10.180.1.21:9696/networking/v2.0/security-group-rules 0.220s
2025-04-03 10:36:59.295 69870 INFO tempest.lib.common.rest_client [req-239c9380-9165-47af-ba88-bce416cf8d39 req-239c9380-9165-47af-ba88-bce416cf8d39 ] Request (MultipleCreateTestJSON:_run_cleanups): 200 GET http://10.180.1.21/compute/v2.1/servers/2f5b78cc-c97d-439f-a536-df4279294d89 1.138s
2025-04-03 10:36:59.328 69834 INFO tempest.lib.common.rest_client [req-ea287b63-4b1d-4413-97dc-77cf23c1401e req-ea287b63-4b1d-4413-97dc-77cf23c1401e ] Request (ServersAdminNegativeTestJSON:setUpClass): 200 GET http://10.180.1.21/compute/v2.1/servers/1452a941-6ef3-41d9-9221-01055f0a9cf2 1.134s
2025-04-03 10:36:59.362 69830 INFO tempest.lib.common.rest_client [req-8689b9c1-e863-4f07-9e49-0f2180a4bf95 req-8689b9c1-e863-4f07-9e49-0f2180a4bf95 ] Request (ServersTestFqdnHostnames:setUpClass): 200 PUT http://10.180.1.21:9696/networking/v2.0/routers/f97dfa39-98e7-4911-bbcb-5c627f5fb578/add_router_interface 1.875s
2025-04-03 10:36:59.362 69830 INFO tempest.lib.common.dynamic_creds [-] Created isolated network resources for: credentials: Credentials: {'domain_id': 'default', 'domain_name': 'Default', 'username': 'tempest-ServersTestFqdnHostnames-969656061-project-member', 'project_domain_id': 'default', 'project_domain_name': 'Default', 'project_id': '32e21a2055664b919faf6c01c0f33ebf', 'project_name': 'tempest-ServersTestFqdnHostnames-969656061', 'tenant_id': '32e21a2055664b919faf6c01c0f33ebf', 'tenant_name': 'tempest-ServersTestFqdnHostnames-969656061', 'user_domain_id': 'default', 'user_domain_name': 'Default', 'user_id': 'f44f9ebbcdb448b2bd39cdc636c80931', 'system': None}, Network: {'id': '25c9ee0a-8753-4825-b1f3-4fe13e3316ad', 'name': 'tempest-ServersTestFqdnHostnames-1084657955-network', 'tenant_id': '32e21a2055664b919faf6c01c0f33ebf', 'admin_state_up': True, 'mtu': 8950, 'status': 'ACTIVE', 'subnets': [], 'shared': False, 'project_id': '32e21a2055664b919faf6c01c0f33ebf', 'port_security_enabled': True, 'router:external': False, 'provider:network_type': 'vlan', 'provider:physical_network': 'default', 'provider:segmentation_id': 628, 'availability_zone_hints': [], 'availability_zones': [], 'ipv4_address_scope': None, 'ipv6_address_scope': None, 'description': '', 'tags': [], 'created_at': '2025-04-03T10:36:55Z', 'updated_at': '2025-04-03T10:36:55Z', 'revision_number': 1}, Subnet: {'id': 'b6ab0962-b8eb-4aac-a892-5f868573de93', 'name': 'tempest-ServersTestFqdnHostnames-1084657955-subnet', 'tenant_id': '32e21a2055664b919faf6c01c0f33ebf', 'network_id': '25c9ee0a-8753-4825-b1f3-4fe13e3316ad', 'ip_version': 4, 'subnetpool_id': None, 'enable_dhcp': True, 'ipv6_ra_mode': None, 'ipv6_address_mode': None, 'gateway_ip': '192.168.128.1', 'cidr': '192.168.128.0/28', 'allocation_pools': [{'start': '192.168.128.2', 'end': '192.168.128.14'}], 'host_routes': [], 'dns_nameservers': [], 'description': '', 'router:external': False, 'service_types': [], 'tags': [], 'created_at': '2025-04-03T10:36:55Z', 'updated_at': '2025-04-03T10:36:55Z', 'revision_number': 0, 'project_id': '32e21a2055664b919faf6c01c0f33ebf'}, Router: {'id': 'f97dfa39-98e7-4911-bbcb-5c627f5fb578', 'name': 'tempest-ServersTestFqdnHostnames-1084657955-router', 'tenant_id': '32e21a2055664b919faf6c01c0f33ebf', 'admin_state_up': True, 'status': 'ACTIVE', 'external_gateway_info': {'network_id': '81ba5463-3aef-458f-97a1-2241c55910f2', 'external_fixed_ips': [{'subnet_id': '931862af-4908-4440-b3cd-a8c014edec7d', 'ip_address': '10.180.180.182'}], 'enable_snat': True}, 'description': '', 'availability_zones': [], 'distributed': False, 'ha': False, 'availability_zone_hints': [], 'routes': [], 'flavor_id': None, 'tags': [], 'created_at': '2025-04-03T10:36:55Z', 'updated_at': '2025-04-03T10:36:56Z', 'revision_number': 2, 'project_id': '32e21a2055664b919faf6c01c0f33ebf'}
2025-04-03 10:36:59.374 69880 INFO tempest.lib.common.rest_client [req-b5f314a3-9f56-47fa-9454-2832f94d1149 req-b5f314a3-9f56-47fa-9454-2832f94d1149 ] Request (AttachVolumeTestJSON:test_attach_detach_volume): 200 GET http://10.180.1.21/compute/v2.1/servers/3195279f-4bf6-4583-8c01-f6706f7e6e4c 1.136s
2025-04-03 10:36:59.406 69854 INFO tempest.lib.common.rest_client [req-00702112-f4ae-4f10-b5ef-e1d41bb6ba03 req-00702112-f4ae-4f10-b5ef-e1d41bb6ba03 ] Request (ValidationResourcesFixture:setUp): 201 POST http://10.180.1.21:9696/networking/v2.0/security-group-rules 0.113s
2025-04-03 10:36:59.445 69876 INFO tempest.lib.common.rest_client [req-5198e97e-18f6-4aac-99c8-7768936e283d req-5198e97e-18f6-4aac-99c8-7768936e283d ] Request (ServerDiagnosticsV248Test:tearDownClass): 200 GET http://10.180.1.21/compute/v2.1/servers/5ba55a32-cfcf-46aa-b04d-57403995c01d 1.155s
2025-04-03 10:36:59.469 69824 INFO tempest.lib.common.rest_client [req-e7fcf44c-0547-4267-bbba-467815084a4d req-e7fcf44c-0547-4267-bbba-467815084a4d ] Request (TenantUsagesTestJSON:tearDownClass): 200 GET http://10.180.1.21/compute/v2.1/servers/abda8eec-b811-493c-b1cc-bb5c2c351083 1.096s
2025-04-03 10:36:59.486 69830 INFO tempest.lib.common.rest_client [req-2f82d986-1383-4ea7-909b-71fa357fc602 req-2f82d986-1383-4ea7-909b-71fa357fc602 ] Request (ServersTestFqdnHostnames:setUpClass): 201 POST http://10.180.1.21/identity/v3/auth/tokens 0.120s
2025-04-03 10:36:59.518 69872 INFO tempest.lib.common.rest_client [req-c35b41c1-9d5d-4fe7-834f-b9c59d408da3 req-c35b41c1-9d5d-4fe7-834f-b9c59d408da3 ] Request (QuotasTestJSON:test_compare_tenant_quotas_with_default_quotas): 200 GET http://10.180.1.21/compute/v2.1/os-quota-sets/f6993842a3044df487321e2ea9e81a2d 1.094s
2025-04-03 10:36:59.557 69866 INFO tempest.lib.common.rest_client [req-2501a2d7-b894-44cc-8c68-b0f65d974170 req-2501a2d7-b894-44cc-8c68-b0f65d974170 ] Request (FloatingIPsAssociationTestJSON:setUpClass): 200 GET http://10.180.1.21/compute/v2.1/servers/ece644b7-8ddc-41b1-8925-cf431a09dd55 1.120s
2025-04-03 10:36:59.646 69879 INFO tempest.lib.common.rest_client [req-366a68a5-9a1c-463a-893e-6b1c6eb9e532 req-366a68a5-9a1c-463a-893e-6b1c6eb9e532 ] Request (ImagesTestJSON:test_create_image_from_suspended_server): 200 GET http://10.180.1.21/compute/v2.1/servers/06836907-5cac-4292-946f-9678ee77f257 1.132s
2025-04-03 10:36:59.682 69850 INFO tempest.lib.common.rest_client [req-46637e5d-4777-4300-b2cd-1e64b80a9058 req-46637e5d-4777-4300-b2cd-1e64b80a9058 ] Request (ServersAdmin275Test:_run_cleanups): 200 GET http://10.180.1.21/compute/v2.1/servers/e20d7d56-118a-4f11-8f47-9c9e66322319 1.209s
2025-04-03 10:36:59.694 69850 INFO tempest.common.waiters [-] State transition "REBUILD/rebuilding" ==> "REBUILD/rebuild_spawning" after 2 second wait
2025-04-03 10:36:59.743 69842 INFO tempest.lib.common.rest_client [req-07c4f600-77f8-4017-b7ff-37ab475e9d73 req-07c4f600-77f8-4017-b7ff-37ab475e9d73 ] Request (ServerGroupTestJSON:test_create_server_with_scheduler_hint_group): 200 GET http://10.180.1.21/compute/v2.1/servers/32d03bb0-0bcf-478d-9e2d-5d6bd98987a0 1.176s
2025-04-03 10:36:59.766 69857 INFO tempest.lib.common.rest_client [req-64430468-1934-4bb0-9cd9-910d4d5056f8 req-64430468-1934-4bb0-9cd9-910d4d5056f8 ] Request (FloatingIPsAssociationNegativeTestJSON:setUpClass): 200 GET http://10.180.1.21/compute/v2.1/servers/681d9cc1-a5cd-4341-b87c-736ff44faef3 1.189s
2025-04-03 10:36:59.822 69864 INFO tempest.lib.common.rest_client [req-4072b9f8-9b81-4903-b526-64c968d5578f req-4072b9f8-9b81-4903-b526-64c968d5578f ] Request (ServersAdminTestJSON:setUpClass): 200 GET http://10.180.1.21/compute/v2.1/servers/9d274c37-1cf5-4545-b94e-ea7b442cf591 1.178s
2025-04-03 10:36:59.898 69838 INFO tempest.lib.common.rest_client [req-ec758625-ece4-414b-bb8d-f468d0435f6b req-ec758625-ece4-414b-bb8d-f468d0435f6b ] Request (ImagesOneServerNegativeTestJSON:setUpClass): 200 GET http://10.180.1.21/compute/v2.1/servers/db5619bb-270c-460e-8efe-41dfcded358a 0.971s
2025-04-03 10:37:00.033 69844 INFO tempest.lib.common.rest_client [req-edfeb5e3-71cc-4e7a-b46a-cf84f8e601b9 req-edfeb5e3-71cc-4e7a-b46a-cf84f8e601b9 ] Request (SecurityGroupsTestJSON:test_security_group_create_get_delete): 202 DELETE http://10.180.1.21/compute/v2.1/os-security-groups/3c19e87a-bfec-42ee-909a-af07046c1c45 1.178s
2025-04-03 10:37:00.110 69848 INFO tempest.lib.common.rest_client [req-6f08736f-a62e-4853-b981-4915fcbc49d2 req-6f08736f-a62e-4853-b981-4915fcbc49d2 ] Request (VolumesTestJSON:tearDownClass): 404 GET http://10.180.1.21/volume/v3/volumes/091b8ac4-e336-4891-bef5-6b6c86a06cc4 0.021s
2025-04-03 10:37:00.163 69848 INFO tempest.lib.common.rest_client [req-02dde18a-2e52-4ae9-b0d2-389e25876de5 req-02dde18a-2e52-4ae9-b0d2-389e25876de5 ] Request (VolumesTestJSON:tearDownClass): 202 DELETE http://10.180.1.21/volume/v3/volumes/e5bd1aae-0816-4e5a-b28f-635d3ca78f25 0.052s
2025-04-03 10:37:00.194 69848 INFO tempest.lib.common.rest_client [req-090f9606-0770-48fd-99aa-c2fad86b48ce req-090f9606-0770-48fd-99aa-c2fad86b48ce ] Request (VolumesTestJSON:tearDownClass): 200 GET http://10.180.1.21/volume/v3/volumes/e5bd1aae-0816-4e5a-b28f-635d3ca78f25 0.031s
2025-04-03 10:37:00.229 69832 INFO tempest.lib.common.rest_client [req-7f72af76-e2ba-411a-8186-b35340da7b5c req-7f72af76-e2ba-411a-8186-b35340da7b5c ] Request (AttachInterfacesV270Test:test_create_get_list_interfaces): 200 GET http://10.180.1.21/compute/v2.1/servers/08443e88-21f9-4f66-8994-d8af6d544309 1.183s
2025-04-03 10:37:00.336 69862 WARNING tempest.lib.common.ssh [-] Failed to establish authenticated ssh connection to cirros@10.180.180.240 ([Errno None] Unable to connect to port 22 on 10.180.180.240). Number attempts: 4. Retry after 5 seconds.: paramiko.ssh_exception.NoValidConnectionsError: [Errno None] Unable to connect to port 22 on 10.180.180.240
2025-04-03 10:37:00.409 69854 INFO tempest.lib.common.rest_client [req-dfc30892-7128-451c-8f5b-3daf1071224a req-dfc30892-7128-451c-8f5b-3daf1071224a ] Request (ValidationResourcesFixture:setUp): 201 POST http://10.180.1.21:9696/networking/v2.0/floatingips 1.002s
2025-04-03 10:37:00.471 69854 INFO tempest.lib.common.rest_client [req-96b52a2a-5dcc-4df7-85cd-f3e38d4de028 req-96b52a2a-5dcc-4df7-85cd-f3e38d4de028 ] Request (AttachVolumeShelveTestJSON:test_attach_volume_shelved_or_offload_server): 201 POST http://10.180.1.21/identity/v3/auth/tokens 0.055s
2025-04-03 10:37:00.472 69854 INFO tempest.lib.common.fixed_network [-] (AttachVolumeShelveTestJSON:test_attach_volume_shelved_or_offload_server) Found network {'id': '3e6b776b-f964-4ca6-8daf-b4c7d1c4c5a2', 'name': 'tempest-AttachVolumeShelveTestJSON-1241291412-network', 'tenant_id': 'ecd878888f5c4b0e9dcb639b2d5b5698', 'admin_state_up': True, 'mtu': 8950, 'status': 'ACTIVE', 'subnets': [], 'shared': False, 'project_id': 'ecd878888f5c4b0e9dcb639b2d5b5698', 'port_security_enabled': True, 'router:external': False, 'provider:network_type': 'vlan', 'provider:physical_network': 'default', 'provider:segmentation_id': 490, 'availability_zone_hints': [], 'availability_zones': [], 'ipv4_address_scope': None, 'ipv6_address_scope': None, 'description': '', 'tags': [], 'created_at': '2025-04-03T10:36:53Z', 'updated_at': '2025-04-03T10:36:53Z', 'revision_number': 1} available for tenant
2025-04-03 10:37:00.546 69840 INFO tempest.lib.common.rest_client [req-1c76bf3b-f1c5-4762-81fc-28cc07c29775 req-1c76bf3b-f1c5-4762-81fc-28cc07c29775 ] Request (MigrationsAdminTest:test_list_migrations_in_flavor_resize_situation): 200 GET http://10.180.1.21/compute/v2.1/servers/641c34b8-2560-464b-88eb-6e61f2775493 1.224s
2025-04-03 10:37:00.580 69828 INFO tempest.lib.common.rest_client [req-40587528-621e-4450-91b3-3bfb031f7ba2 req-40587528-621e-4450-91b3-3bfb031f7ba2 ] Request (ListImageFiltersTestJSON:setUpClass): 200 GET http://10.180.1.21/compute/v2.1/images/889d2639-7bfc-42f7-98fe-401016c4fc57 1.102s
2025-04-03 10:37:00.634 69882 INFO tempest.lib.common.rest_client [req-0603ea88-ffc8-41dc-953c-99d940d1b79a req-0603ea88-ffc8-41dc-953c-99d940d1b79a ] Request (SecurityGroupRulesTestJSON:tearDownClass): 202 DELETE http://10.180.1.21/compute/v2.1/os-security-groups/414279b2-0687-477c-8d98-f3c561a78eda 1.549s
2025-04-03 10:37:00.666 69830 INFO tempest.lib.common.rest_client [req-9936825f-cfdf-4668-afdf-6a9a9739b69d req-9936825f-cfdf-4668-afdf-6a9a9739b69d ] Request (ServersTestFqdnHostnames:test_create_server_with_fqdn_name): 200 POST http://10.180.1.21/compute/v2.1/os-keypairs 1.177s
2025-04-03 10:37:00.707 69872 INFO tempest.lib.common.rest_client [req-bf744120-1da6-445b-9e70-1204d0561b1f req-bf744120-1da6-445b-9e70-1204d0561b1f ] Request (QuotasTestJSON:test_get_default_quotas): 200 GET http://10.180.1.21/compute/v2.1/os-quota-sets/f6993842a3044df487321e2ea9e81a2d/defaults 1.183s
2025-04-03 10:37:00.766 69868 INFO tempest.lib.common.rest_client [req-42bb193d-04c9-40f3-94d3-fd06b0d6fc7c req-42bb193d-04c9-40f3-94d3-fd06b0d6fc7c ] Request (AttachInterfacesUnderV243Test:test_add_remove_fixed_ip): 200 GET http://10.180.1.21/compute/v2.1/servers/cb544004-1a86-4dda-bc77-cc92aed5ffc1 1.098s
2025-04-03 10:37:00.861 69860 INFO tempest.lib.common.rest_client [req-ce421aca-7509-4ae8-a3de-b16482639976 req-ce421aca-7509-4ae8-a3de-b16482639976 ] Request (ServerExternalEventsTest:test_create_server_external_events): 200 GET http://10.180.1.21/compute/v2.1/servers/f872aae0-26dd-4099-aef7-910bbe554df9 1.157s
2025-04-03 10:37:00.871 69874 INFO tempest.lib.common.rest_client [req-8862dce1-c33f-4a44-96ed-be9974aaead5 req-8862dce1-c33f-4a44-96ed-be9974aaead5 ] Request (ImagesOneServerTestJSON:setUpClass): 200 GET http://10.180.1.21/compute/v2.1/servers/9fbdeceb-931d-4f57-aaab-b38610875157 1.309s
2025-04-03 10:37:00.923 69859 INFO tempest.lib.common.rest_client [req-4198c3cf-a27a-4136-9448-dfbe49de0dc0 req-4198c3cf-a27a-4136-9448-dfbe49de0dc0 ] Request (VolumesAdminNegativeTest:test_update_attached_volume_with_nonexistent_volume_in_body): 200 GET http://10.180.1.21/compute/v2.1/servers/aa107d30-b28e-41fe-8825-0cb34833cbdd 1.135s
2025-04-03 10:37:00.947 69844 INFO tempest.lib.common.rest_client [req-14c0e845-341e-4f0a-aff9-20c5df6fac1e req-14c0e845-341e-4f0a-aff9-20c5df6fac1e ] Request (SecurityGroupsTestJSON:test_security_group_create_get_delete): 404 GET http://10.180.1.21/compute/v2.1/os-security-groups/3c19e87a-bfec-42ee-909a-af07046c1c45 0.913s
2025-04-03 10:37:00.950 69852 INFO tempest.lib.common.rest_client [req-a000329e-9f24-42da-9233-1cc038de25ac req-a000329e-9f24-42da-9233-1cc038de25ac ] Request (DeleteServersAdminTestJSON:test_delete_server_while_in_error_state): 200 GET http://10.180.1.21/compute/v2.1/servers/eaadf005-0757-427a-8dc4-2ab33e8e75e9 1.024s
2025-04-03 10:37:00.953 69830 INFO tempest.lib.common.rest_client [req-b6677e03-1813-4cfe-9927-1157701e38ce req-b6677e03-1813-4cfe-9927-1157701e38ce ] Request (ServersTestFqdnHostnames:test_create_server_with_fqdn_name): 201 POST http://10.180.1.21:9696/networking/v2.0/security-groups 0.285s
2025-04-03 10:37:01.013 69886 INFO tempest.lib.common.rest_client [req-c465d2b9-515c-404f-a54e-a9618d353805 req-c465d2b9-515c-404f-a54e-a9618d353805 ] Request (ServerActionsTestOtherA:setUpClass): 200 GET http://10.180.1.21/compute/v2.1/servers/72265512-6ea5-4279-a0a7-059100f0b5bb 0.932s
2025-04-03 10:37:01.058 69836 INFO tempest.lib.common.rest_client [req-d2bbbb3b-3bb0-4d8d-80a0-abb8ddbf1f80 req-d2bbbb3b-3bb0-4d8d-80a0-abb8ddbf1f80 ] Request (FloatingIPsNegativeTestJSON:setUpClass): 201 POST http://10.180.1.21:9696/networking/v2.0/routers 1.776s
2025-04-03 10:37:01.069 69830 INFO tempest.lib.common.rest_client [req-bac20547-3be4-48e7-b2d6-72368d45a765 req-bac20547-3be4-48e7-b2d6-72368d45a765 ] Request (ServersTestFqdnHostnames:test_create_server_with_fqdn_name): 201 POST http://10.180.1.21:9696/networking/v2.0/security-group-rules 0.115s
2025-04-03 10:37:01.071 69870 INFO tempest.lib.common.rest_client [req-47e01729-d2aa-4764-b7f3-e03b330fc436 req-47e01729-d2aa-4764-b7f3-e03b330fc436 ] Request (MultipleCreateTestJSON:_run_cleanups): 200 GET http://10.180.1.21/compute/v2.1/servers/2f5b78cc-c97d-439f-a536-df4279294d89 0.767s
2025-04-03 10:37:01.085 69846 INFO tempest.lib.common.rest_client [req-a18d55ec-dde4-4eb5-a45b-f301a15c2deb req-a18d55ec-dde4-4eb5-a45b-f301a15c2deb ] Request (ServerPasswordTestJSON:setUpClass): 200 GET http://10.180.1.21/compute/v2.1/servers/dd446be4-4742-446e-b692-8064b7ddbf9f 0.829s
2025-04-03 10:37:01.127 69834 INFO tempest.lib.common.rest_client [req-66f907da-0f9b-46f2-b52f-668d7ec4c8e3 req-66f907da-0f9b-46f2-b52f-668d7ec4c8e3 ] Request (ServersAdminNegativeTestJSON:setUpClass): 200 GET http://10.180.1.21/compute/v2.1/servers/1452a941-6ef3-41d9-9221-01055f0a9cf2 0.787s
2025-04-03 10:37:01.142 69880 INFO tempest.lib.common.rest_client [req-f4a8033b-1b90-4fb2-af40-a27e5d7773e7 req-f4a8033b-1b90-4fb2-af40-a27e5d7773e7 ] Request (AttachVolumeTestJSON:test_attach_detach_volume): 200 GET http://10.180.1.21/compute/v2.1/servers/3195279f-4bf6-4583-8c01-f6706f7e6e4c 0.749s
2025-04-03 10:37:01.165 69830 INFO tempest.lib.common.rest_client [req-291bd04b-a85a-41e3-b4bb-402b6ea45661 req-291bd04b-a85a-41e3-b4bb-402b6ea45661 ] Request (ServersTestFqdnHostnames:test_create_server_with_fqdn_name): 201 POST http://10.180.1.21:9696/networking/v2.0/security-group-rules 0.095s
2025-04-03 10:37:01.225 69848 INFO tempest.lib.common.rest_client [req-d77b85a7-48b2-4520-b848-1a349c522609 req-d77b85a7-48b2-4520-b848-1a349c522609 ] Request (VolumesTestJSON:tearDownClass): 404 GET http://10.180.1.21/volume/v3/volumes/e5bd1aae-0816-4e5a-b28f-635d3ca78f25 0.018s
2025-04-03 10:37:01.227 69876 INFO tempest.lib.common.rest_client [req-7ffcc614-1b5e-4b46-89a5-487b2e5c8883 req-7ffcc614-1b5e-4b46-89a5-487b2e5c8883 ] Request (ServerDiagnosticsV248Test:tearDownClass): 200 GET http://10.180.1.21/compute/v2.1/servers/5ba55a32-cfcf-46aa-b04d-57403995c01d 0.770s
2025-04-03 10:37:01.279 69848 INFO tempest.lib.common.rest_client [req-cc53e6c6-188d-4a91-b025-9eb2e72b2b3c req-cc53e6c6-188d-4a91-b025-9eb2e72b2b3c ] Request (VolumesTestJSON:tearDownClass): 202 DELETE http://10.180.1.21/volume/v3/volumes/96c57a9f-156d-4821-90ec-20ac2b8b67bb 0.054s
2025-04-03 10:37:01.298 69824 INFO tempest.lib.common.rest_client [req-8adaccf4-442a-45ec-961b-90b5a5d7f6b0 req-8adaccf4-442a-45ec-961b-90b5a5d7f6b0 ] Request (TenantUsagesTestJSON:tearDownClass): 200 GET http://10.180.1.21/compute/v2.1/servers/abda8eec-b811-493c-b1cc-bb5c2c351083 0.819s
2025-04-03 10:37:01.317 69848 INFO tempest.lib.common.rest_client [req-baafc1ee-285a-4747-9cf5-ccab35d9be91 req-baafc1ee-285a-4747-9cf5-ccab35d9be91 ] Request (VolumesTestJSON:tearDownClass): 200 GET http://10.180.1.21/volume/v3/volumes/96c57a9f-156d-4821-90ec-20ac2b8b67bb 0.037s
2025-04-03 10:37:01.370 69866 INFO tempest.lib.common.rest_client [req-bb353903-5935-419e-a746-e176641855bf req-bb353903-5935-419e-a746-e176641855bf ] Request (FloatingIPsAssociationTestJSON:setUpClass): 200 GET http://10.180.1.21/compute/v2.1/servers/ece644b7-8ddc-41b1-8925-cf431a09dd55 0.802s
2025-04-03 10:37:01.548 69882 INFO tempest.lib.common.rest_client [req-0e9a4d3e-9d15-4a41-a38f-91cf6657d63d req-0e9a4d3e-9d15-4a41-a38f-91cf6657d63d ] Request (SecurityGroupRulesTestJSON:tearDownClass): 202 DELETE http://10.180.1.21/compute/v2.1/os-security-groups/ae39c554-f201-4086-846d-2379f62534fe 0.914s
2025-04-03 10:37:01.651 69879 INFO tempest.lib.common.rest_client [req-c01165ee-a23e-4434-a318-f0de56806e72 req-c01165ee-a23e-4434-a318-f0de56806e72 ] Request (ImagesTestJSON:test_create_image_from_suspended_server): 200 GET http://10.180.1.21/compute/v2.1/servers/06836907-5cac-4292-946f-9678ee77f257 0.994s
2025-04-03 10:37:01.768 69854 INFO tempest.lib.common.rest_client [req-02a3700e-4d94-4ff0-b5e5-8137e79a7fa7 req-02a3700e-4d94-4ff0-b5e5-8137e79a7fa7 ] Request (AttachVolumeShelveTestJSON:test_attach_volume_shelved_or_offload_server): 202 POST http://10.180.1.21/compute/v2.1/servers 1.295s
2025-04-03 10:37:01.778 69850 INFO tempest.lib.common.rest_client [req-b74353d3-9fe8-48e3-8ffd-61e348a14fa1 req-b74353d3-9fe8-48e3-8ffd-61e348a14fa1 ] Request (ServersAdmin275Test:_run_cleanups): 200 GET http://10.180.1.21/compute/v2.1/servers/e20d7d56-118a-4f11-8f47-9c9e66322319 1.083s
2025-04-03 10:37:01.821 69872 INFO tempest.lib.common.rest_client [req-feb51f22-107f-40ee-99e2-961674ddbe8d req-feb51f22-107f-40ee-99e2-961674ddbe8d ] Request (QuotasTestJSON:test_get_quotas): 200 GET http://10.180.1.21/compute/v2.1/os-quota-sets/f6993842a3044df487321e2ea9e81a2d 1.107s
2025-04-03 10:37:01.888 69857 INFO tempest.lib.common.rest_client [req-698861a0-4bfc-4e09-adef-a0e214591c12 req-698861a0-4bfc-4e09-adef-a0e214591c12 ] Request (FloatingIPsAssociationNegativeTestJSON:setUpClass): 200 GET http://10.180.1.21/compute/v2.1/servers/681d9cc1-a5cd-4341-b87c-736ff44faef3 1.110s
2025-04-03 10:37:01.889 69842 INFO tempest.lib.common.rest_client [req-bce8cb51-02a5-4766-8657-8701698218b9 req-bce8cb51-02a5-4766-8657-8701698218b9 ] Request (ServerGroupTestJSON:test_create_server_with_scheduler_hint_group): 200 GET http://10.180.1.21/compute/v2.1/servers/32d03bb0-0bcf-478d-9e2d-5d6bd98987a0 1.133s
2025-04-03 10:37:01.969 69838 INFO tempest.lib.common.rest_client [req-4244d9cf-4cc9-42da-8747-29cc9bf8d56f req-4244d9cf-4cc9-42da-8747-29cc9bf8d56f ] Request (ImagesOneServerNegativeTestJSON:setUpClass): 200 GET http://10.180.1.21/compute/v2.1/servers/db5619bb-270c-460e-8efe-41dfcded358a 1.059s
2025-04-03 10:37:01.991 69864 INFO tempest.lib.common.rest_client [req-f9742f48-5f51-4da7-a530-c646c5625786 req-f9742f48-5f51-4da7-a530-c646c5625786 ] Request (ServersAdminTestJSON:setUpClass): 200 GET http://10.180.1.21/compute/v2.1/servers/9d274c37-1cf5-4545-b94e-ea7b442cf591 1.161s
2025-04-03 10:37:02.090 69832 INFO tempest.lib.common.rest_client [req-046ab8a3-cce3-47d5-839b-8cfe81e0649e req-046ab8a3-cce3-47d5-839b-8cfe81e0649e ] Request (AttachInterfacesV270Test:test_create_get_list_interfaces): 200 GET http://10.180.1.21/compute/v2.1/servers/08443e88-21f9-4f66-8994-d8af6d544309 0.849s
2025-04-03 10:37:02.093 69830 INFO tempest.lib.common.rest_client [req-e07e8527-0a07-4ba1-b153-912dde24e7af req-e07e8527-0a07-4ba1-b153-912dde24e7af ] Request (ServersTestFqdnHostnames:test_create_server_with_fqdn_name): 201 POST http://10.180.1.21:9696/networking/v2.0/floatingips 0.928s
2025-04-03 10:37:02.138 69830 INFO tempest.lib.common.rest_client [req-0f511d7b-f40d-4e36-a503-c575554b1300 req-0f511d7b-f40d-4e36-a503-c575554b1300 ] Request (ServersTestFqdnHostnames:test_create_server_with_fqdn_name): 201 POST http://10.180.1.21/identity/v3/auth/tokens 0.037s
2025-04-03 10:37:02.138 69830 INFO tempest.lib.common.fixed_network [-] (ServersTestFqdnHostnames:test_create_server_with_fqdn_name) Found network {'id': '25c9ee0a-8753-4825-b1f3-4fe13e3316ad', 'name': 'tempest-ServersTestFqdnHostnames-1084657955-network', 'tenant_id': '32e21a2055664b919faf6c01c0f33ebf', 'admin_state_up': True, 'mtu': 8950, 'status': 'ACTIVE', 'subnets': [], 'shared': False, 'project_id': '32e21a2055664b919faf6c01c0f33ebf', 'port_security_enabled': True, 'router:external': False, 'provider:network_type': 'vlan', 'provider:physical_network': 'default', 'provider:segmentation_id': 628, 'availability_zone_hints': [], 'availability_zones': [], 'ipv4_address_scope': None, 'ipv6_address_scope': None, 'description': '', 'tags': [], 'created_at': '2025-04-03T10:36:55Z', 'updated_at': '2025-04-03T10:36:55Z', 'revision_number': 1} available for tenant
2025-04-03 10:37:02.159 69844 INFO tempest.lib.common.rest_client [req-9d018bfc-4078-4848-a29d-318e39a9db53 req-9d018bfc-4078-4848-a29d-318e39a9db53 ] Request (SecurityGroupsTestJSON:test_security_groups_create_list_delete): 200 POST http://10.180.1.21/compute/v2.1/os-security-groups 1.209s
2025-04-03 10:37:02.201 69828 INFO tempest.lib.common.rest_client [req-a9c9c8d0-2e03-424d-8c87-b660eac8996d req-a9c9c8d0-2e03-424d-8c87-b660eac8996d ] Request (ListImageFiltersTestJSON:setUpClass): 200 GET http://10.180.1.21/compute/v2.1/images/889d2639-7bfc-42f7-98fe-401016c4fc57 0.617s
2025-04-03 10:37:02.265 69854 INFO tempest.lib.common.rest_client [req-71154655-4414-4ce2-895f-bbf5e6504491 req-71154655-4414-4ce2-895f-bbf5e6504491 ] Request (AttachVolumeShelveTestJSON:test_attach_volume_shelved_or_offload_server): 200 GET http://10.180.1.21/compute/v2.1/servers/34aef67d-2f88-4adf-a5b0-778945e300ec 0.495s
2025-04-03 10:37:02.343 69868 INFO tempest.lib.common.rest_client [req-9a1b3932-c0e4-4293-9dd4-0718048eb3c1 req-9a1b3932-c0e4-4293-9dd4-0718048eb3c1 ] Request (AttachInterfacesUnderV243Test:test_add_remove_fixed_ip): 200 GET http://10.180.1.21/compute/v2.1/servers/cb544004-1a86-4dda-bc77-cc92aed5ffc1 0.568s
2025-04-03 10:37:02.344 69848 INFO tempest.lib.common.rest_client [req-7e2fdd84-21e6-4408-90b1-06aca308710b req-7e2fdd84-21e6-4408-90b1-06aca308710b ] Request (VolumesTestJSON:tearDownClass): 404 GET http://10.180.1.21/volume/v3/volumes/96c57a9f-156d-4821-90ec-20ac2b8b67bb 0.018s
2025-04-03 10:37:02.359 69836 INFO tempest.lib.common.rest_client [req-dfd22915-0a39-48a3-afae-80d6097c3493 req-dfd22915-0a39-48a3-afae-80d6097c3493 ] Request (FloatingIPsNegativeTestJSON:setUpClass): 200 PUT http://10.180.1.21:9696/networking/v2.0/routers/e77e552e-62ed-4e06-9448-4c7d4f7d39cd/add_router_interface 1.300s
2025-04-03 10:37:02.359 69836 INFO tempest.lib.common.dynamic_creds [-] Created isolated network resources for: credentials: Credentials: {'domain_id': 'default', 'domain_name': 'Default', 'username': 'tempest-FloatingIPsNegativeTestJSON-1692407318-project-member', 'project_domain_id': 'default', 'project_domain_name': 'Default', 'project_id': '1a26dcc377854f1c93ffa0451a13e4db', 'project_name': 'tempest-FloatingIPsNegativeTestJSON-1692407318', 'tenant_id': '1a26dcc377854f1c93ffa0451a13e4db', 'tenant_name': 'tempest-FloatingIPsNegativeTestJSON-1692407318', 'user_domain_id': 'default', 'user_domain_name': 'Default', 'user_id': 'e4076e12d6924188bd4f9ed4c8590f2a', 'system': None}, Network: {'id': '5e765cdd-311b-431e-9ce2-d864fd56014a', 'name': 'tempest-FloatingIPsNegativeTestJSON-1070797254-network', 'tenant_id': '1a26dcc377854f1c93ffa0451a13e4db', 'admin_state_up': True, 'mtu': 8950, 'status': 'ACTIVE', 'subnets': [], 'shared': False, 'project_id': '1a26dcc377854f1c93ffa0451a13e4db', 'port_security_enabled': True, 'router:external': False, 'provider:network_type': 'vlan', 'provider:physical_network': 'default', 'provider:segmentation_id': 496, 'availability_zone_hints': [], 'availability_zones': [], 'ipv4_address_scope': None, 'ipv6_address_scope': None, 'description': '', 'tags': [], 'created_at': '2025-04-03T10:36:58Z', 'updated_at': '2025-04-03T10:36:58Z', 'revision_number': 1}, Subnet: {'id': '6235009e-bfb8-432f-8e17-92a2756aaa69', 'name': 'tempest-FloatingIPsNegativeTestJSON-1070797254-subnet', 'tenant_id': '1a26dcc377854f1c93ffa0451a13e4db', 'network_id': '5e765cdd-311b-431e-9ce2-d864fd56014a', 'ip_version': 4, 'subnetpool_id': None, 'enable_dhcp': True, 'ipv6_ra_mode': None, 'ipv6_address_mode': None, 'gateway_ip': '192.168.128.1', 'cidr': '192.168.128.0/28', 'allocation_pools': [{'start': '192.168.128.2', 'end': '192.168.128.14'}], 'host_routes': [], 'dns_nameservers': [], 'description': '', 'router:external': False, 'service_types': [], 'tags': [], 'created_at': '2025-04-03T10:36:58Z', 'updated_at': '2025-04-03T10:36:58Z', 'revision_number': 0, 'project_id': '1a26dcc377854f1c93ffa0451a13e4db'}, Router: {'id': 'e77e552e-62ed-4e06-9448-4c7d4f7d39cd', 'name': 'tempest-FloatingIPsNegativeTestJSON-1070797254-router', 'tenant_id': '1a26dcc377854f1c93ffa0451a13e4db', 'admin_state_up': True, 'status': 'ACTIVE', 'external_gateway_info': {'network_id': '81ba5463-3aef-458f-97a1-2241c55910f2', 'external_fixed_ips': [{'subnet_id': '931862af-4908-4440-b3cd-a8c014edec7d', 'ip_address': '10.180.180.130'}], 'enable_snat': True}, 'description': '', 'availability_zones': [], 'distributed': False, 'ha': False, 'availability_zone_hints': [], 'routes': [], 'flavor_id': None, 'tags': [], 'created_at': '2025-04-03T10:36:59Z', 'updated_at': '2025-04-03T10:37:00Z', 'revision_number': 2, 'project_id': '1a26dcc377854f1c93ffa0451a13e4db'}
2025-04-03 10:37:02.370 69840 INFO tempest.lib.common.rest_client [req-16ee2e19-cd0b-4582-9928-c9a1fd736cc0 req-16ee2e19-cd0b-4582-9928-c9a1fd736cc0 ] Request (MigrationsAdminTest:test_list_migrations_in_flavor_resize_situation): 200 GET http://10.180.1.21/compute/v2.1/servers/641c34b8-2560-464b-88eb-6e61f2775493 0.813s
2025-04-03 10:37:02.420 69872 INFO tempest.lib.common.rest_client [req-c18b4a40-d7f4-40c4-992b-6369402dc82e req-c18b4a40-d7f4-40c4-992b-6369402dc82e ] Request (QuotasTestJSON:test_get_quotas): 200 GET http://10.180.1.21/compute/v2.1/os-quota-sets/f6993842a3044df487321e2ea9e81a2d?user_id=84ad013281274130bee80c6f743cc49a 0.597s
2025-04-03 10:37:02.479 69848 INFO tempest.lib.common.rest_client [req-d51b55c1-1e21-4d4b-b09f-09839dd18aee req-d51b55c1-1e21-4d4b-b09f-09839dd18aee ] Request (VolumesTestJSON:tearDownClass): 204 DELETE http://10.180.1.21/identity/v3/users/3ba018f9522644379dfab3d5e490d613 0.134s
2025-04-03 10:37:02.479 69848 INFO tempest.lib.common.dynamic_creds [-] Deleting project and security group for project: 88ce58eb69404397812e17986b3e2f78
2025-04-03 10:37:02.487 69836 INFO tempest.lib.common.rest_client [req-b7fb92eb-7b37-48aa-9058-0bf07d0cbe31 req-b7fb92eb-7b37-48aa-9058-0bf07d0cbe31 ] Request (FloatingIPsNegativeTestJSON:setUpClass): 201 POST http://10.180.1.21/identity/v3/auth/tokens 0.122s
2025-04-03 10:37:02.528 69860 INFO tempest.lib.common.rest_client [req-dc430b30-dcc6-418b-8b96-39913ca95f0b req-dc430b30-dcc6-418b-8b96-39913ca95f0b ] Request (ServerExternalEventsTest:test_create_server_external_events): 200 GET http://10.180.1.21/compute/v2.1/servers/f872aae0-26dd-4099-aef7-910bbe554df9 0.657s
2025-04-03 10:37:02.529 69874 INFO tempest.lib.common.rest_client [req-5182817a-2951-4bef-9d59-b87e998c4ed4 req-5182817a-2951-4bef-9d59-b87e998c4ed4 ] Request (ImagesOneServerTestJSON:setUpClass): 200 GET http://10.180.1.21/compute/v2.1/servers/9fbdeceb-931d-4f57-aaab-b38610875157 0.645s
2025-04-03 10:37:02.591 69848 INFO tempest.lib.common.rest_client [req-98366191-d01f-40f9-8094-5a06fe593050 req-98366191-d01f-40f9-8094-5a06fe593050 ] Request (VolumesTestJSON:tearDownClass): 201 POST http://10.180.1.21/identity/v3/auth/tokens 0.111s
2025-04-03 10:37:02.600 69852 INFO tempest.lib.common.rest_client [req-c2d67c63-7ed9-4347-9007-607a30a82726 req-c2d67c63-7ed9-4347-9007-607a30a82726 ] Request (DeleteServersAdminTestJSON:test_delete_server_while_in_error_state): 200 GET http://10.180.1.21/compute/v2.1/servers/eaadf005-0757-427a-8dc4-2ab33e8e75e9 0.639s
2025-04-03 10:37:02.609 69859 INFO tempest.lib.common.rest_client [req-c3f8ae23-ecf1-4c1e-bbd0-b6cc59c8632a req-c3f8ae23-ecf1-4c1e-bbd0-b6cc59c8632a ] Request (VolumesAdminNegativeTest:test_update_attached_volume_with_nonexistent_volume_in_body): 200 GET http://10.180.1.21/compute/v2.1/servers/aa107d30-b28e-41fe-8825-0cb34833cbdd 0.677s
2025-04-03 10:37:02.654 69872 INFO tempest.lib.common.rest_client [req-a2ece30c-ffb5-42b9-915e-6ab7aa71a844 req-a2ece30c-ffb5-42b9-915e-6ab7aa71a844 ] Request (QuotasTestJSON:tearDownClass): 204 DELETE http://10.180.1.21/identity/v3/users/84ad013281274130bee80c6f743cc49a 0.221s
2025-04-03 10:37:02.656 69872 INFO tempest.lib.common.dynamic_creds [-] Deleting project and security group for project: f6993842a3044df487321e2ea9e81a2d
2025-04-03 10:37:02.677 69886 INFO tempest.lib.common.rest_client [req-acad8fd9-43be-476c-b13f-47adddf8e8ba req-acad8fd9-43be-476c-b13f-47adddf8e8ba ] Request (ServerActionsTestOtherA:setUpClass): 200 GET http://10.180.1.21/compute/v2.1/servers/72265512-6ea5-4279-a0a7-059100f0b5bb 0.657s
2025-04-03 10:37:02.700 69870 INFO tempest.lib.common.rest_client [req-beae27fd-f2b4-4850-b7db-14f3fcf0b7af req-beae27fd-f2b4-4850-b7db-14f3fcf0b7af ] Request (MultipleCreateTestJSON:_run_cleanups): 200 GET http://10.180.1.21/compute/v2.1/servers/2f5b78cc-c97d-439f-a536-df4279294d89 0.621s
2025-04-03 10:37:02.711 69870 INFO tempest.common.waiters [-] State transition "ACTIVE/deleting" ==> "DELETED/None" after 3 second wait
2025-04-03 10:37:02.748 69872 INFO tempest.lib.common.rest_client [req-65620a05-1f2d-4259-813a-58b2163cb2bf req-65620a05-1f2d-4259-813a-58b2163cb2bf ] Request (QuotasTestJSON:tearDownClass): 201 POST http://10.180.1.21/identity/v3/auth/tokens 0.092s
2025-04-03 10:37:02.793 69834 INFO tempest.lib.common.rest_client [req-6a4bca36-8c2f-4d47-8cc1-a1f00c61dfc5 req-6a4bca36-8c2f-4d47-8cc1-a1f00c61dfc5 ] Request (ServersAdminNegativeTestJSON:setUpClass): 200 GET http://10.180.1.21/compute/v2.1/servers/1452a941-6ef3-41d9-9221-01055f0a9cf2 0.655s
2025-04-03 10:37:02.924 69848 INFO tempest.lib.common.rest_client [req-6d4f645a-ff1b-49b6-a4ac-6693f91e9909 req-6d4f645a-ff1b-49b6-a4ac-6693f91e9909 ] Request (VolumesTestJSON:tearDownClass): 200 GET http://10.180.1.21:9696/networking/v2.0/security-groups?tenant_id=88ce58eb69404397812e17986b3e2f78&name=default 0.332s
2025-04-03 10:37:02.939 69846 INFO tempest.lib.common.rest_client [req-f10d361e-d320-4f4d-ac7b-86bc6972fce3 req-f10d361e-d320-4f4d-ac7b-86bc6972fce3 ] Request (ServerPasswordTestJSON:setUpClass): 200 GET http://10.180.1.21/compute/v2.1/servers/dd446be4-4742-446e-b692-8064b7ddbf9f 0.843s
2025-04-03 10:37:03.000 69880 INFO tempest.lib.common.rest_client [req-facc57e3-4f62-437b-88f6-e617d95691da req-facc57e3-4f62-437b-88f6-e617d95691da ] Request (AttachVolumeTestJSON:test_attach_detach_volume): 200 GET http://10.180.1.21/compute/v2.1/servers/3195279f-4bf6-4583-8c01-f6706f7e6e4c 0.847s
2025-04-03 10:37:03.092 69884 WARNING tempest.lib.common.ssh [-] Failed to establish authenticated ssh connection to cirros@10.180.180.131 ([Errno None] Unable to connect to port 22 on 10.180.180.131). Number attempts: 4. Retry after 5 seconds.: paramiko.ssh_exception.NoValidConnectionsError: [Errno None] Unable to connect to port 22 on 10.180.180.131
2025-04-03 10:37:03.098 69844 INFO tempest.lib.common.rest_client [req-9f375bd5-7234-4c95-92ee-ce9961115767 req-9f375bd5-7234-4c95-92ee-ce9961115767 ] Request (SecurityGroupsTestJSON:test_security_groups_create_list_delete): 200 POST http://10.180.1.21/compute/v2.1/os-security-groups 0.934s
2025-04-03 10:37:03.112 69872 INFO tempest.lib.common.rest_client [req-31855162-bb55-4c89-8b4c-1a4c02cc5d47 req-31855162-bb55-4c89-8b4c-1a4c02cc5d47 ] Request (QuotasTestJSON:tearDownClass): 200 GET http://10.180.1.21:9696/networking/v2.0/security-groups?tenant_id=f6993842a3044df487321e2ea9e81a2d&name=default 0.363s
2025-04-03 10:37:03.172 69848 INFO tempest.lib.common.rest_client [req-eb149b74-23b0-4022-b616-f5a95c7b4037 req-eb149b74-23b0-4022-b616-f5a95c7b4037 ] Request (VolumesTestJSON:tearDownClass): 204 DELETE http://10.180.1.21:9696/networking/v2.0/security-groups/0d1df3e6-7d8a-4c35-94dc-01abf4eaae70 0.247s
2025-04-03 10:37:03.196 69876 INFO tempest.lib.common.rest_client [req-faff7329-e6bf-4576-aff2-abe3c34a684b req-faff7329-e6bf-4576-aff2-abe3c34a684b ] Request (ServerDiagnosticsV248Test:tearDownClass): 200 GET http://10.180.1.21/compute/v2.1/servers/5ba55a32-cfcf-46aa-b04d-57403995c01d 0.957s
2025-04-03 10:37:03.215 69872 INFO tempest.lib.common.rest_client [req-466dd6bd-e1bb-4aef-b52a-5151f65f1314 req-466dd6bd-e1bb-4aef-b52a-5151f65f1314 ] Request (QuotasTestJSON:tearDownClass): 204 DELETE http://10.180.1.21:9696/networking/v2.0/security-groups/b8770e82-07c7-482d-9ab8-63075a5711fc 0.103s
2025-04-03 10:37:03.260 69848 INFO tempest.lib.common.rest_client [req-90d70277-1b3d-4057-ae03-544427607871 req-90d70277-1b3d-4057-ae03-544427607871 ] Request (VolumesTestJSON:tearDownClass): 204 DELETE http://10.180.1.21/identity/v3/projects/88ce58eb69404397812e17986b3e2f78 0.088s
2025-04-03 10:37:03.274 69824 INFO tempest.lib.common.rest_client [req-dac39296-e87a-4cac-83b5-6bfe941eaa51 req-dac39296-e87a-4cac-83b5-6bfe941eaa51 ] Request (TenantUsagesTestJSON:tearDownClass): 200 GET http://10.180.1.21/compute/v2.1/servers/abda8eec-b811-493c-b1cc-bb5c2c351083 0.960s
2025-04-03 10:37:03.334 69866 INFO tempest.lib.common.rest_client [req-d8d61823-6a05-4d81-a7dc-ce50ea26aa14 req-d8d61823-6a05-4d81-a7dc-ce50ea26aa14 ] Request (FloatingIPsAssociationTestJSON:setUpClass): 200 GET http://10.180.1.21/compute/v2.1/servers/ece644b7-8ddc-41b1-8925-cf431a09dd55 0.952s
2025-04-03 10:37:03.342 69872 INFO tempest.lib.common.rest_client [req-83002f71-4530-4348-bd3b-ec714bfe24b3 req-83002f71-4530-4348-bd3b-ec714bfe24b3 ] Request (QuotasTestJSON:tearDownClass): 204 DELETE http://10.180.1.21/identity/v3/projects/f6993842a3044df487321e2ea9e81a2d 0.126s
2025-04-03 10:37:03.474 69882 INFO tempest.lib.common.rest_client [req-435e0c52-c09a-4e19-ac07-1d9685a768ca req-435e0c52-c09a-4e19-ac07-1d9685a768ca ] Request (SecurityGroupRulesTestJSON:tearDownClass): 200 PUT http://10.180.1.21:9696/networking/v2.0/routers/24cddd45-08df-4ad7-a7b8-f7ca8748d472/remove_router_interface 1.925s
2025-04-03 10:37:03.480 69830 INFO tempest.lib.common.rest_client [req-fa0fc78d-f807-424f-942d-433b99501882 req-fa0fc78d-f807-424f-942d-433b99501882 ] Request (ServersTestFqdnHostnames:test_create_server_with_fqdn_name): 202 POST http://10.180.1.21/compute/v2.1/servers 1.339s
2025-04-03 10:37:03.553 69836 INFO tempest.lib.common.rest_client [req-e5f5fb25-5c7b-4c47-9923-76e7353b11c5 req-e5f5fb25-5c7b-4c47-9923-76e7353b11c5 ] Request (FloatingIPsNegativeTestJSON:setUpClass): 200 GET http://10.180.1.21/compute/v2.1/os-floating-ips 1.064s
2025-04-03 10:37:03.562 69879 INFO tempest.lib.common.rest_client [req-9b728132-b561-462b-a137-b95fb1d007ad req-9b728132-b561-462b-a137-b95fb1d007ad ] Request (ImagesTestJSON:test_create_image_from_suspended_server): 200 GET http://10.180.1.21/compute/v2.1/servers/06836907-5cac-4292-946f-9678ee77f257 0.899s
2025-04-03 10:37:03.656 69850 INFO tempest.lib.common.rest_client [req-f212d948-cfd0-4ffe-8b53-d31a401fa5c8 req-f212d948-cfd0-4ffe-8b53-d31a401fa5c8 ] Request (ServersAdmin275Test:_run_cleanups): 200 GET http://10.180.1.21/compute/v2.1/servers/e20d7d56-118a-4f11-8f47-9c9e66322319 0.864s
2025-04-03 10:37:03.684 69857 INFO tempest.lib.common.rest_client [req-a4dc26e5-8c59-49f7-8228-0d24c29ae042 req-a4dc26e5-8c59-49f7-8228-0d24c29ae042 ] Request (FloatingIPsAssociationNegativeTestJSON:setUpClass): 200 GET http://10.180.1.21/compute/v2.1/servers/681d9cc1-a5cd-4341-b87c-736ff44faef3 0.788s
2025-04-03 10:37:03.697 69857 INFO tempest.common.waiters [-] State transition "BUILD/None" ==> "BUILD/networking" after 35 second wait
2025-04-03 10:37:03.738 69842 INFO tempest.lib.common.rest_client [req-f77e9edb-a03f-4226-a2f8-8a664abfbfbc req-f77e9edb-a03f-4226-a2f8-8a664abfbfbc ] Request (ServerGroupTestJSON:test_create_server_with_scheduler_hint_group): 200 GET http://10.180.1.21/compute/v2.1/servers/32d03bb0-0bcf-478d-9e2d-5d6bd98987a0 0.835s
2025-04-03 10:37:03.754 69838 INFO tempest.lib.common.rest_client [req-6bbf8523-7ace-46b1-aea2-42326e3299f2 req-6bbf8523-7ace-46b1-aea2-42326e3299f2 ] Request (ImagesOneServerNegativeTestJSON:setUpClass): 200 GET http://10.180.1.21/compute/v2.1/servers/db5619bb-270c-460e-8efe-41dfcded358a 0.774s
2025-04-03 10:37:03.890 69844 INFO tempest.lib.common.rest_client [req-7efc7d76-755f-4a4c-8aad-bd8d575b8883 req-7efc7d76-755f-4a4c-8aad-bd8d575b8883 ] Request (SecurityGroupsTestJSON:test_security_groups_create_list_delete): 200 POST http://10.180.1.21/compute/v2.1/os-security-groups 0.785s
2025-04-03 10:37:03.951 69832 INFO tempest.lib.common.rest_client [req-2fcf58fa-281e-4939-a192-71708751f6ea req-2fcf58fa-281e-4939-a192-71708751f6ea ] Request (AttachInterfacesV270Test:test_create_get_list_interfaces): 200 GET http://10.180.1.21/compute/v2.1/servers/08443e88-21f9-4f66-8994-d8af6d544309 0.845s
