2025-04-03 10:38:49.456 69850 INFO tempest.lib.common.rest_client [req-f72d727d-885c-4b37-acc4-f6cd356641c2 req-f72d727d-885c-4b37-acc4-f6cd356641c2 ] Request (ServersTestJSON:setUpClass): 200 GET http://10.180.1.21/compute/v2.1/servers/01467b61-eca8-40f8-afe1-9fa5c944709f 0.291s
2025-04-03 10:38:49.483 69868 INFO tempest.lib.common.rest_client [req-77facf42-49fd-4ed7-b43b-3771b022ffd3 req-77facf42-49fd-4ed7-b43b-3771b022ffd3 ] Request (AttachInterfacesUnderV243Test:test_add_remove_fixed_ip): 200 GET http://10.180.1.21/compute/v2.1/servers/cb544004-1a86-4dda-bc77-cc92aed5ffc1/ips 0.282s
2025-04-03 10:38:49.488 69834 INFO tempest.lib.common.rest_client [req-aaca505c-756d-4494-886a-40d0ee99babd req-aaca505c-756d-4494-886a-40d0ee99babd ] Request (ServersAdminNegativeTestJSON:test_migrate_server_invalid_state): 200 GET http://10.180.1.21/compute/v2.1/servers/cb1be988-3e06-4c56-b271-81bd11a7921a 0.314s
2025-04-03 10:38:49.545 69828 INFO tempest.lib.common.rest_client [req-8fdcefc2-0aab-4f02-9574-bc02084ff4f4 req-8fdcefc2-0aab-4f02-9574-bc02084ff4f4 ] Request (ListImageFiltersTestJSON:tearDownClass): 200 GET http://10.180.1.21/compute/v2.1/servers/abdf466d-cf63-4a7d-a9de-dc1c68e6d9bf 0.255s
2025-04-03 10:38:49.545 69832 INFO tempest.lib.common.rest_client [req-9d5d1dde-d967-4c07-ba56-dbd88f1ce418 req-9d5d1dde-d967-4c07-ba56-dbd88f1ce418 ] Request (ServerActionsV293TestJSON:setUpClass): 200 GET http://10.180.1.21/compute/v2.1/servers/3f232a91-ec92-4245-a40b-8d884f6c347c 0.307s
2025-04-03 10:38:49.602 69854 WARNING tempest.lib.common.ssh [-] Failed to establish authenticated ssh connection to cirros@10.180.180.231 ([Errno None] Unable to connect to port 22 on 10.180.180.231). Number attempts: 6. Retry after 7 seconds.: paramiko.ssh_exception.NoValidConnectionsError: [Errno None] Unable to connect to port 22 on 10.180.180.231
2025-04-03 10:38:49.604 69866 INFO tempest.lib.common.rest_client [req-75a230fd-500c-46e0-9552-627012a26218 req-75a230fd-500c-46e0-9552-627012a26218 ] Request (FloatingIPsAssociationTestJSON:tearDownClass): 204 DELETE http://10.180.1.21/compute/v2.1/servers/96c862da-b830-47ef-aed7-4faa84c970b9 0.174s
2025-04-03 10:38:49.642 69868 INFO tempest.lib.common.rest_client [req-fa706475-4324-46cc-b677-6786dc087ad6 req-fa706475-4324-46cc-b677-6786dc087ad6 ] Request (AttachInterfacesUnderV243Test:test_add_remove_fixed_ip): 200 GET http://10.180.1.21/compute/v2.1/servers/cb544004-1a86-4dda-bc77-cc92aed5ffc1 0.157s
2025-04-03 10:38:49.647 69880 INFO tempest.lib.common.rest_client [req-2195b21e-f966-426d-b45f-10f5092ba3e8 req-2195b21e-f966-426d-b45f-10f5092ba3e8 ] Request (AttachVolumeTestJSON:test_attach_detach_volume): 200 GET http://10.180.1.21/volume/v3/volumes/0383f47f-ed5b-46c7-b75f-8f6498424e35 0.582s
2025-04-03 10:38:49.659 69866 INFO tempest.lib.common.rest_client [req-f94e9dff-6c13-43f2-bb04-78a453e170b4 req-f94e9dff-6c13-43f2-bb04-78a453e170b4 ] Request (FloatingIPsAssociationTestJSON:tearDownClass): 200 GET http://10.180.1.21/compute/v2.1/servers/96c862da-b830-47ef-aed7-4faa84c970b9 0.054s
2025-04-03 10:38:49.671 69859 INFO tempest.lib.common.rest_client [req-6a746f2b-60ff-4b12-94e2-b55fbe2eb315 req-6a746f2b-60ff-4b12-94e2-b55fbe2eb315 ] Request (VolumesAdminNegativeTest:test_update_attached_volume_with_nonexistent_volume_in_body): 200 GET http://10.180.1.21/volume/v3/volumes/ee9951a1-4cce-4c99-a4ed-3d3d19bdfbb1 0.449s
2025-04-03 10:38:49.678 69868 INFO tempest.lib.common.rest_client [req-602a94d3-b7eb-4b2e-9dc1-91023e8a75f0 req-602a94d3-b7eb-4b2e-9dc1-91023e8a75f0 ] Request (AttachInterfacesUnderV243Test:test_add_remove_fixed_ip): 202 POST http://10.180.1.21/compute/v2.1/servers/cb544004-1a86-4dda-bc77-cc92aed5ffc1/action 0.028s
2025-04-03 10:38:49.704 69868 INFO tempest.lib.common.rest_client [req-4ad28cd1-257e-4f1e-9a45-7638d6d406fe req-4ad28cd1-257e-4f1e-9a45-7638d6d406fe ] Request (AttachInterfacesUnderV243Test:test_add_remove_fixed_ip): 200 GET http://10.180.1.21/compute/v2.1/servers/cb544004-1a86-4dda-bc77-cc92aed5ffc1/ips 0.025s
2025-04-03 10:38:49.834 69836 INFO tempest.lib.common.rest_client [req-0494fc9e-0571-412a-9133-69351a22e389 req-0494fc9e-0571-412a-9133-69351a22e389 ] Request (ServersTestMultiNic:_run_cleanups): 200 GET http://10.180.1.21/compute/v2.1/servers/c7269b00-2769-4ef1-baba-ddd097bfaaec 0.062s
2025-04-03 10:38:49.840 69836 INFO tempest.common.waiters [-] State transition "ACTIVE/deleting" ==> "DELETED/None" after 4 second wait
2025-04-03 10:38:49.877 69874 INFO tempest.lib.common.rest_client [req-2a72dc70-a026-4011-b9ac-7441ded12d7a req-2a72dc70-a026-4011-b9ac-7441ded12d7a ] Request (ServerMetadataNegativeTestJSON:setUpClass): 200 GET http://10.180.1.21/compute/v2.1/servers/c212fc55-c74a-4580-a49f-c4e373401eb8 0.051s
2025-04-03 10:38:49.914 69864 INFO tempest.lib.common.rest_client [req-2d184f9d-c812-4928-903c-c221b1e05f8a req-2d184f9d-c812-4928-903c-c221b1e05f8a ] Request (ServersAdminTestJSON:test_inject_network_info): 200 GET http://10.180.1.21/compute/v2.1/servers/244db566-fe89-4193-bb1e-e78f4e3da30c 0.049s
2025-04-03 10:38:49.969 69857 INFO tempest.lib.common.rest_client [req-3efbc3a2-1493-43d8-9d4f-36b422e8e056 req-3efbc3a2-1493-43d8-9d4f-36b422e8e056 ] Request (ServerDiskConfigTestJSON:test_rebuild_server_with_auto_disk_config): 200 GET http://10.180.1.21/compute/v2.1/servers/d7e83c49-723d-4b08-97be-300eb257f91e 0.052s
2025-04-03 10:38:50.014 69852 INFO tempest.lib.common.rest_client [req-c5df032f-edcd-4640-a891-773e894ec1c3 req-c5df032f-edcd-4640-a891-773e894ec1c3 ] Request (ServerDiagnosticsTest:test_get_server_diagnostics): 200 GET http://10.180.1.21/compute/v2.1/servers/b7b4e987-7c86-4cbf-ad96-bfe2decb43ca 0.050s
2025-04-03 10:38:50.022 69882 WARNING tempest.lib.common.ssh [-] Failed to establish authenticated ssh connection to cirros@10.180.180.179 ([Errno None] Unable to connect to port 22 on 10.180.180.179). Number attempts: 3. Retry after 4 seconds.: paramiko.ssh_exception.NoValidConnectionsError: [Errno None] Unable to connect to port 22 on 10.180.180.179
2025-04-03 10:38:50.105 69844 INFO tempest.lib.common.rest_client [req-2f44a767-00bc-4356-86d7-4b467e94f35c req-2f44a767-00bc-4356-86d7-4b467e94f35c ] Request (SecurityGroupsTestJSON:test_server_security_groups): 200 GET http://10.180.1.21/compute/v2.1/servers/51dc5901-e644-458f-820c-52a0b3711c3d 0.064s
2025-04-03 10:38:50.126 69838 INFO tempest.lib.common.rest_client [req-58b54922-4451-40a2-bc98-197b2eed520f req-58b54922-4451-40a2-bc98-197b2eed520f ] Request (ImagesOneServerNegativeTestJSON:_run_cleanups): 404 GET http://10.180.1.21/compute/v2.1/servers/db5619bb-270c-460e-8efe-41dfcded358a 0.023s
2025-04-03 10:38:50.148 69830 WARNING tempest.lib.common.ssh [-] Failed to establish authenticated ssh connection to cirros@10.180.180.129 ([Errno None] Unable to connect to port 22 on 10.180.180.129). Number attempts: 6. Retry after 7 seconds.: paramiko.ssh_exception.NoValidConnectionsError: [Errno None] Unable to connect to port 22 on 10.180.180.129
2025-04-03 10:38:50.166 69838 INFO tempest.lib.common.rest_client [req-f92ecb62-7e54-4cb8-a1c9-4151e4c8202f req-f92ecb62-7e54-4cb8-a1c9-4151e4c8202f ] Request (ImagesOneServerNegativeTestJSON:_run_cleanups): 200 POST http://10.180.1.21/compute/v2.1/os-keypairs 0.038s
2025-04-03 10:38:50.229 69879 INFO tempest.lib.common.rest_client [req-4cd0466f-fbf4-46c5-aa94-1de942de0b9a req-4cd0466f-fbf4-46c5-aa94-1de942de0b9a ] Request (ImagesTestJSON:test_create_server_from_snapshot): 200 GET http://10.180.1.21/compute/v2.1/servers/5c1c011a-cb40-4576-aadd-f2e2c09706e7 0.076s
2025-04-03 10:38:50.264 69824 INFO tempest.lib.common.rest_client [req-a26f8182-1439-4819-919b-2683587def99 req-a26f8182-1439-4819-919b-2683587def99 ] Request (ListServersNegativeTestJSON:setUpClass): 200 GET http://10.180.1.21/compute/v2.1/servers/7f81370f-e4e9-4ce9-8777-cb1256604808 0.052s
2025-04-03 10:38:50.264 69838 INFO tempest.lib.common.rest_client [req-098aec8e-64c0-4f57-a576-c260971844ec req-098aec8e-64c0-4f57-a576-c260971844ec ] Request (ImagesOneServerNegativeTestJSON:_run_cleanups): 201 POST http://10.180.1.21:9696/networking/v2.0/security-groups 0.096s
2025-04-03 10:38:50.334 69870 INFO tempest.lib.common.rest_client [req-df86c9bf-419a-4161-8e73-65cd0f6f4dff req-df86c9bf-419a-4161-8e73-65cd0f6f4dff ] Request (MultipleCreateTestJSON:test_multiple_create_with_reservation_return): 200 GET http://10.180.1.21/compute/v2.1/servers/9615573d-9b6e-4532-827f-374ad484eb19 0.061s
2025-04-03 10:38:50.346 69838 INFO tempest.lib.common.rest_client [req-013cf71c-2943-4f98-aacc-7ca1f3a8b17e req-013cf71c-2943-4f98-aacc-7ca1f3a8b17e ] Request (ImagesOneServerNegativeTestJSON:_run_cleanups): 201 POST http://10.180.1.21:9696/networking/v2.0/security-group-rules 0.081s
2025-04-03 10:38:50.413 69884 INFO tempest.lib.common.rest_client [req-d20db645-2321-4ee3-9599-b046a6e1fb79 req-d20db645-2321-4ee3-9599-b046a6e1fb79 ] Request (ServersWithSpecificFlavorTestJSON:test_verify_created_server_ephemeral_disk): 200 GET http://10.180.1.21/compute/v2.1/servers/a2f033d3-5efd-44f6-95b9-89e91f113c8b 0.072s
2025-04-03 10:38:50.444 69838 INFO tempest.lib.common.rest_client [req-1a33af57-d381-4c7e-b72b-4a1cfeff84d6 req-1a33af57-d381-4c7e-b72b-4a1cfeff84d6 ] Request (ImagesOneServerNegativeTestJSON:_run_cleanups): 201 POST http://10.180.1.21:9696/networking/v2.0/security-group-rules 0.098s
2025-04-03 10:38:50.485 69840 INFO tempest.lib.common.rest_client [req-d18782f2-2dc5-4587-bbfe-25bf6c4fa4d7 req-d18782f2-2dc5-4587-bbfe-25bf6c4fa4d7 ] Request (MigrationsAdminTest:test_resize_server_revert_deleted_flavor): 200 GET http://10.180.1.21/compute/v2.1/servers/7048c4aa-f136-415f-99d0-7e4361ecfbb7 0.079s
2025-04-03 10:38:50.532 69850 INFO tempest.lib.common.rest_client [req-8090a2ca-9669-4f29-a93a-e068283970f3 req-8090a2ca-9669-4f29-a93a-e068283970f3 ] Request (ServersTestJSON:setUpClass): 200 GET http://10.180.1.21/compute/v2.1/servers/01467b61-eca8-40f8-afe1-9fa5c944709f 0.067s
2025-04-03 10:38:50.582 69834 INFO tempest.lib.common.rest_client [req-289d05e5-095f-4736-b763-746dccf5f055 req-289d05e5-095f-4736-b763-746dccf5f055 ] Request (ServersAdminNegativeTestJSON:test_migrate_server_invalid_state): 200 GET http://10.180.1.21/compute/v2.1/servers/cb1be988-3e06-4c56-b271-81bd11a7921a 0.083s
2025-04-03 10:38:50.616 69828 INFO tempest.lib.common.rest_client [req-9732a4ba-7eaf-4ada-b537-1eb9b34f48c1 req-9732a4ba-7eaf-4ada-b537-1eb9b34f48c1 ] Request (ListImageFiltersTestJSON:tearDownClass): 200 GET http://10.180.1.21/compute/v2.1/servers/abdf466d-cf63-4a7d-a9de-dc1c68e6d9bf 0.062s
2025-04-03 10:38:50.654 69832 INFO tempest.lib.common.rest_client [req-6655df11-e028-4966-a75c-777a33623a2e req-6655df11-e028-4966-a75c-777a33623a2e ] Request (ServerActionsV293TestJSON:setUpClass): 200 GET http://10.180.1.21/compute/v2.1/servers/3f232a91-ec92-4245-a40b-8d884f6c347c 0.093s
2025-04-03 10:38:50.694 69880 INFO tempest.lib.common.rest_client [req-0335df62-5981-4fd2-8452-1409c4cef72a req-0335df62-5981-4fd2-8452-1409c4cef72a ] Request (AttachVolumeTestJSON:test_attach_detach_volume): 200 GET http://10.180.1.21/volume/v3/volumes/0383f47f-ed5b-46c7-b75f-8f6498424e35 0.037s
2025-04-03 10:38:50.727 69859 INFO tempest.lib.common.rest_client [req-17e809c0-def6-4cf0-a00b-7d9661704b8f req-17e809c0-def6-4cf0-a00b-7d9661704b8f ] Request (VolumesAdminNegativeTest:test_update_attached_volume_with_nonexistent_volume_in_body): 200 GET http://10.180.1.21/volume/v3/volumes/ee9951a1-4cce-4c99-a4ed-3d3d19bdfbb1 0.048s
2025-04-03 10:38:50.745 69868 INFO tempest.lib.common.rest_client [req-685b7672-16b4-4681-95b2-1eb6fc0fd4a1 req-685b7672-16b4-4681-95b2-1eb6fc0fd4a1 ] Request (AttachInterfacesUnderV243Test:test_add_remove_fixed_ip): 200 GET http://10.180.1.21/compute/v2.1/servers/cb544004-1a86-4dda-bc77-cc92aed5ffc1/ips 0.039s
2025-04-03 10:38:50.748 69866 INFO tempest.lib.common.rest_client [req-f4a1a91d-9804-4cfa-8265-e8398afae58b req-f4a1a91d-9804-4cfa-8265-e8398afae58b ] Request (FloatingIPsAssociationTestJSON:tearDownClass): 200 GET http://10.180.1.21/compute/v2.1/servers/96c862da-b830-47ef-aed7-4faa84c970b9 0.081s
2025-04-03 10:38:50.756 69866 INFO tempest.common.waiters [-] State transition "ACTIVE/deleting" ==> "DELETED/None" after 1 second wait
2025-04-03 10:38:50.887 69838 INFO tempest.lib.common.rest_client [req-e3e24ac6-f625-423e-8b7a-3b2e5709f35a req-e3e24ac6-f625-423e-8b7a-3b2e5709f35a ] Request (ImagesOneServerNegativeTestJSON:_run_cleanups): 201 POST http://10.180.1.21:9696/networking/v2.0/floatingips 0.442s
2025-04-03 10:38:50.948 69836 INFO tempest.lib.common.rest_client [req-5b0965cd-8efe-4c61-8a5c-1ec3c62963fe req-5b0965cd-8efe-4c61-8a5c-1ec3c62963fe ] Request (ServersTestMultiNic:_run_cleanups): 200 GET http://10.180.1.21/compute/v2.1/servers/c7269b00-2769-4ef1-baba-ddd097bfaaec 0.103s
2025-04-03 10:38:50.953 69874 INFO tempest.lib.common.rest_client [req-3b203eb3-7ab2-40a5-ad9e-11b72807c4ff req-3b203eb3-7ab2-40a5-ad9e-11b72807c4ff ] Request (ServerMetadataNegativeTestJSON:setUpClass): 200 GET http://10.180.1.21/compute/v2.1/servers/c212fc55-c74a-4580-a49f-c4e373401eb8 0.068s
2025-04-03 10:38:50.967 69838 INFO tempest.lib.common.rest_client [req-263bb7f4-189c-4f5f-a0dd-9919d38fec4f req-263bb7f4-189c-4f5f-a0dd-9919d38fec4f ] Request (ImagesOneServerNegativeTestJSON:_run_cleanups): 201 POST http://10.180.1.21/identity/v3/auth/tokens 0.077s
2025-04-03 10:38:50.967 69838 INFO tempest.lib.common.fixed_network [-] (ImagesOneServerNegativeTestJSON:_run_cleanups) Found network {'id': '4e51b150-0e92-47a2-b925-b5ba7c46370f', 'name': 'tempest-ImagesOneServerNegativeTestJSON-646477125-network', 'tenant_id': '9b0612adfae94b8cb4548c9246a5f5ff', 'admin_state_up': True, 'mtu': 8950, 'status': 'ACTIVE', 'subnets': [], 'shared': False, 'project_id': '9b0612adfae94b8cb4548c9246a5f5ff', 'port_security_enabled': True, 'router:external': False, 'provider:network_type': 'vlan', 'provider:physical_network': 'default', 'provider:segmentation_id': 245, 'availability_zone_hints': [], 'availability_zones': [], 'ipv4_address_scope': None, 'ipv6_address_scope': None, 'description': '', 'tags': [], 'created_at': '2025-04-03T10:36:39Z', 'updated_at': '2025-04-03T10:36:39Z', 'revision_number': 1} available for tenant
2025-04-03 10:38:51.024 69864 INFO tempest.lib.common.rest_client [req-4d60ce54-7a6a-4a41-a962-19d0bc78bdb3 req-4d60ce54-7a6a-4a41-a962-19d0bc78bdb3 ] Request (ServersAdminTestJSON:test_inject_network_info): 200 GET http://10.180.1.21/compute/v2.1/servers/244db566-fe89-4193-bb1e-e78f4e3da30c 0.102s
2025-04-03 10:38:51.076 69857 INFO tempest.lib.common.rest_client [req-62610e62-df11-4c4e-9366-48d7a1844ff0 req-62610e62-df11-4c4e-9366-48d7a1844ff0 ] Request (ServerDiskConfigTestJSON:test_rebuild_server_with_auto_disk_config): 200 GET http://10.180.1.21/compute/v2.1/servers/d7e83c49-723d-4b08-97be-300eb257f91e 0.098s
2025-04-03 10:38:51.132 69852 INFO tempest.lib.common.rest_client [req-40324b2e-eab8-4bd2-925a-12306e542cf0 req-40324b2e-eab8-4bd2-925a-12306e542cf0 ] Request (ServerDiagnosticsTest:test_get_server_diagnostics): 200 GET http://10.180.1.21/compute/v2.1/servers/b7b4e987-7c86-4cbf-ad96-bfe2decb43ca 0.109s
2025-04-03 10:38:51.190 69844 INFO tempest.lib.common.rest_client [req-94aa4e76-6417-4e19-bee7-b1c30c229cf4 req-94aa4e76-6417-4e19-bee7-b1c30c229cf4 ] Request (SecurityGroupsTestJSON:test_server_security_groups): 200 GET http://10.180.1.21/compute/v2.1/servers/51dc5901-e644-458f-820c-52a0b3711c3d 0.078s
2025-04-03 10:38:51.311 69879 INFO tempest.lib.common.rest_client [req-e8140109-8ecb-4fca-a938-cd776b57f8f7 req-e8140109-8ecb-4fca-a938-cd776b57f8f7 ] Request (ImagesTestJSON:test_create_server_from_snapshot): 200 GET http://10.180.1.21/compute/v2.1/servers/5c1c011a-cb40-4576-aadd-f2e2c09706e7 0.075s
2025-04-03 10:38:51.325 69838 INFO tempest.lib.common.rest_client [req-9dc43cfa-40cc-41e5-bd98-73ffc749ab4b req-9dc43cfa-40cc-41e5-bd98-73ffc749ab4b ] Request (ImagesOneServerNegativeTestJSON:_run_cleanups): 202 POST http://10.180.1.21/compute/v2.1/servers 0.357s
2025-04-03 10:38:51.369 69838 INFO tempest.lib.common.rest_client [req-843f3422-b944-4de8-bcbb-6b8df1222025 req-843f3422-b944-4de8-bcbb-6b8df1222025 ] Request (ImagesOneServerNegativeTestJSON:_run_cleanups): 200 GET http://10.180.1.21/compute/v2.1/servers/401039d5-31da-4704-846c-776683258ac2 0.042s
2025-04-03 10:38:51.372 69824 INFO tempest.lib.common.rest_client [req-909458e1-6674-40b9-9614-b0914bb4e35a req-909458e1-6674-40b9-9614-b0914bb4e35a ] Request (ListServersNegativeTestJSON:setUpClass): 200 GET http://10.180.1.21/compute/v2.1/servers/7f81370f-e4e9-4ce9-8777-cb1256604808 0.102s
2025-04-03 10:38:51.418 69870 INFO tempest.lib.common.rest_client [req-a9c31b1b-c527-42a3-b302-39336d047fcc req-a9c31b1b-c527-42a3-b302-39336d047fcc ] Request (MultipleCreateTestJSON:test_multiple_create_with_reservation_return): 200 GET http://10.180.1.21/compute/v2.1/servers/9615573d-9b6e-4532-827f-374ad484eb19 0.075s
2025-04-03 10:38:51.478 69884 INFO tempest.lib.common.rest_client [req-f6fface9-15c2-4f03-9e25-91d80200b6d1 req-f6fface9-15c2-4f03-9e25-91d80200b6d1 ] Request (ServersWithSpecificFlavorTestJSON:test_verify_created_server_ephemeral_disk): 200 GET http://10.180.1.21/compute/v2.1/servers/a2f033d3-5efd-44f6-95b9-89e91f113c8b 0.057s
2025-04-03 10:38:51.545 69840 INFO tempest.lib.common.rest_client [req-7dea700a-cf26-4751-a948-6a1a5077f398 req-7dea700a-cf26-4751-a948-6a1a5077f398 ] Request (MigrationsAdminTest:test_resize_server_revert_deleted_flavor): 200 GET http://10.180.1.21/compute/v2.1/servers/7048c4aa-f136-415f-99d0-7e4361ecfbb7 0.047s
2025-04-03 10:38:51.592 69850 INFO tempest.lib.common.rest_client [req-75cadd8e-dcaa-48f0-9d1b-dae918391021 req-75cadd8e-dcaa-48f0-9d1b-dae918391021 ] Request (ServersTestJSON:setUpClass): 200 GET http://10.180.1.21/compute/v2.1/servers/01467b61-eca8-40f8-afe1-9fa5c944709f 0.050s
2025-04-03 10:38:51.640 69834 INFO tempest.lib.common.rest_client [req-5925b306-9b8b-4dbe-b499-73b845250e54 req-5925b306-9b8b-4dbe-b499-73b845250e54 ] Request (ServersAdminNegativeTestJSON:test_migrate_server_invalid_state): 200 GET http://10.180.1.21/compute/v2.1/servers/cb1be988-3e06-4c56-b271-81bd11a7921a 0.050s
2025-04-03 10:38:51.681 69828 INFO tempest.lib.common.rest_client [req-7fbec2b5-36a3-4344-bb54-3a06d08c4c60 req-7fbec2b5-36a3-4344-bb54-3a06d08c4c60 ] Request (ListImageFiltersTestJSON:tearDownClass): 200 GET http://10.180.1.21/compute/v2.1/servers/abdf466d-cf63-4a7d-a9de-dc1c68e6d9bf 0.056s
2025-04-03 10:38:51.722 69832 INFO tempest.lib.common.rest_client [req-448eb924-0ede-47a7-bb8a-306b6f4a9843 req-448eb924-0ede-47a7-bb8a-306b6f4a9843 ] Request (ServerActionsV293TestJSON:setUpClass): 200 GET http://10.180.1.21/compute/v2.1/servers/3f232a91-ec92-4245-a40b-8d884f6c347c 0.055s
2025-04-03 10:38:51.736 69880 INFO tempest.lib.common.rest_client [req-61d54fd4-2061-4d80-ad7d-7153bc6609e7 req-61d54fd4-2061-4d80-ad7d-7153bc6609e7 ] Request (AttachVolumeTestJSON:test_attach_detach_volume): 200 GET http://10.180.1.21/volume/v3/volumes/0383f47f-ed5b-46c7-b75f-8f6498424e35 0.030s
2025-04-03 10:38:51.759 69859 INFO tempest.lib.common.rest_client [req-b325e611-e8a8-471b-a4f1-996d2a203dfe req-b325e611-e8a8-471b-a4f1-996d2a203dfe ] Request (VolumesAdminNegativeTest:test_update_attached_volume_with_nonexistent_volume_in_body): 200 GET http://10.180.1.21/volume/v3/volumes/ee9951a1-4cce-4c99-a4ed-3d3d19bdfbb1 0.022s
2025-04-03 10:38:51.782 69868 INFO tempest.lib.common.rest_client [req-d9249faa-c153-4c00-98ff-b9d30f5760ec req-d9249faa-c153-4c00-98ff-b9d30f5760ec ] Request (AttachInterfacesUnderV243Test:test_add_remove_fixed_ip): 200 GET http://10.180.1.21/compute/v2.1/servers/cb544004-1a86-4dda-bc77-cc92aed5ffc1/ips 0.035s
2025-04-03 10:38:51.819 69866 INFO tempest.lib.common.rest_client [req-ff81238f-39d6-48e3-9da4-dd6106582836 req-ff81238f-39d6-48e3-9da4-dd6106582836 ] Request (FloatingIPsAssociationTestJSON:tearDownClass): 200 GET http://10.180.1.21/compute/v2.1/servers/96c862da-b830-47ef-aed7-4faa84c970b9 0.061s
2025-04-03 10:38:51.854 69868 INFO tempest.lib.common.rest_client [req-17c71812-cf31-49e1-bd61-4789b8e1a072 req-17c71812-cf31-49e1-bd61-4789b8e1a072 ] Request (AttachInterfacesUnderV243Test:_run_cleanups): 204 DELETE http://10.180.1.21/compute/v2.1/servers/cb544004-1a86-4dda-bc77-cc92aed5ffc1 0.070s
2025-04-03 10:38:51.978 69868 INFO tempest.lib.common.rest_client [req-7b3cb52c-496f-429d-b36f-d7537c5e73b0 req-7b3cb52c-496f-429d-b36f-d7537c5e73b0 ] Request (AttachInterfacesUnderV243Test:_run_cleanups): 200 GET http://10.180.1.21/compute/v2.1/servers/cb544004-1a86-4dda-bc77-cc92aed5ffc1 0.124s
2025-04-03 10:38:52.021 69874 INFO tempest.lib.common.rest_client [req-b634afd5-99aa-4f08-b5a8-00ebd95bc766 req-b634afd5-99aa-4f08-b5a8-00ebd95bc766 ] Request (ServerMetadataNegativeTestJSON:setUpClass): 200 GET http://10.180.1.21/compute/v2.1/servers/c212fc55-c74a-4580-a49f-c4e373401eb8 0.059s
2025-04-03 10:38:52.025 69836 INFO tempest.lib.common.rest_client [req-5a5c79cc-24a0-4be0-99cb-b5883c551775 req-5a5c79cc-24a0-4be0-99cb-b5883c551775 ] Request (ServersTestMultiNic:_run_cleanups): 200 GET http://10.180.1.21/compute/v2.1/servers/c7269b00-2769-4ef1-baba-ddd097bfaaec 0.068s
2025-04-03 10:38:52.077 69864 INFO tempest.lib.common.rest_client [req-8cde7474-8f60-4dbc-9b26-187c4d4eb7f6 req-8cde7474-8f60-4dbc-9b26-187c4d4eb7f6 ] Request (ServersAdminTestJSON:test_inject_network_info): 200 GET http://10.180.1.21/compute/v2.1/servers/244db566-fe89-4193-bb1e-e78f4e3da30c 0.045s
2025-04-03 10:38:52.152 69857 INFO tempest.lib.common.rest_client [req-624a22e5-5e12-42e2-9734-06d8d6e6a43f req-624a22e5-5e12-42e2-9734-06d8d6e6a43f ] Request (ServerDiskConfigTestJSON:test_rebuild_server_with_auto_disk_config): 200 GET http://10.180.1.21/compute/v2.1/servers/d7e83c49-723d-4b08-97be-300eb257f91e 0.066s
2025-04-03 10:38:52.197 69852 INFO tempest.lib.common.rest_client [req-af1fec49-14a0-4b44-aa57-24752646f964 req-af1fec49-14a0-4b44-aa57-24752646f964 ] Request (ServerDiagnosticsTest:test_get_server_diagnostics): 200 GET http://10.180.1.21/compute/v2.1/servers/b7b4e987-7c86-4cbf-ad96-bfe2decb43ca 0.057s
2025-04-03 10:38:52.269 69844 INFO tempest.lib.common.rest_client [req-b2c2ab83-766c-4b35-8f34-9c3f6d3be75e req-b2c2ab83-766c-4b35-8f34-9c3f6d3be75e ] Request (SecurityGroupsTestJSON:test_server_security_groups): 200 GET http://10.180.1.21/compute/v2.1/servers/51dc5901-e644-458f-820c-52a0b3711c3d 0.068s
2025-04-03 10:38:52.383 69879 INFO tempest.lib.common.rest_client [req-87cac328-1d1d-4227-ab34-648d39ee4931 req-87cac328-1d1d-4227-ab34-648d39ee4931 ] Request (ImagesTestJSON:test_create_server_from_snapshot): 200 GET http://10.180.1.21/compute/v2.1/servers/5c1c011a-cb40-4576-aadd-f2e2c09706e7 0.065s
2025-04-03 10:38:52.432 69824 INFO tempest.lib.common.rest_client [req-c593906e-fa87-42f1-b488-eca10e5522f1 req-c593906e-fa87-42f1-b488-eca10e5522f1 ] Request (ListServersNegativeTestJSON:setUpClass): 200 GET http://10.180.1.21/compute/v2.1/servers/7f81370f-e4e9-4ce9-8777-cb1256604808 0.051s
2025-04-03 10:38:52.433 69838 INFO tempest.lib.common.rest_client [req-f35d2ae0-1d8e-44ce-91ba-0e930e086188 req-f35d2ae0-1d8e-44ce-91ba-0e930e086188 ] Request (ImagesOneServerNegativeTestJSON:_run_cleanups): 200 GET http://10.180.1.21/compute/v2.1/servers/401039d5-31da-4704-846c-776683258ac2 0.056s
2025-04-03 10:38:52.474 69870 INFO tempest.lib.common.rest_client [req-8fa755d3-e5dd-4dff-92e8-c6611db44ebe req-8fa755d3-e5dd-4dff-92e8-c6611db44ebe ] Request (MultipleCreateTestJSON:test_multiple_create_with_reservation_return): 200 GET http://10.180.1.21/compute/v2.1/servers/9615573d-9b6e-4532-827f-374ad484eb19 0.045s
2025-04-03 10:38:52.534 69884 INFO tempest.lib.common.rest_client [req-d7e5331d-25be-41fa-ab2f-3ff29d6f7962 req-d7e5331d-25be-41fa-ab2f-3ff29d6f7962 ] Request (ServersWithSpecificFlavorTestJSON:test_verify_created_server_ephemeral_disk): 200 GET http://10.180.1.21/compute/v2.1/servers/a2f033d3-5efd-44f6-95b9-89e91f113c8b 0.047s
2025-04-03 10:38:52.601 69840 INFO tempest.lib.common.rest_client [req-baddace6-8be8-4773-8d55-b979175548f4 req-baddace6-8be8-4773-8d55-b979175548f4 ] Request (MigrationsAdminTest:test_resize_server_revert_deleted_flavor): 200 GET http://10.180.1.21/compute/v2.1/servers/7048c4aa-f136-415f-99d0-7e4361ecfbb7 0.045s
2025-04-03 10:38:52.645 69850 INFO tempest.lib.common.rest_client [req-63d8e89d-9790-45a9-b377-702acd69beec req-63d8e89d-9790-45a9-b377-702acd69beec ] Request (ServersTestJSON:setUpClass): 200 GET http://10.180.1.21/compute/v2.1/servers/01467b61-eca8-40f8-afe1-9fa5c944709f 0.046s
2025-04-03 10:38:52.695 69834 INFO tempest.lib.common.rest_client [req-76e416fb-075a-4980-8a7d-9df61a11c970 req-76e416fb-075a-4980-8a7d-9df61a11c970 ] Request (ServersAdminNegativeTestJSON:test_migrate_server_invalid_state): 200 GET http://10.180.1.21/compute/v2.1/servers/cb1be988-3e06-4c56-b271-81bd11a7921a 0.047s
2025-04-03 10:38:52.760 69828 INFO tempest.lib.common.rest_client [req-6c73af85-3153-4384-a51b-34b235d2e0a1 req-6c73af85-3153-4384-a51b-34b235d2e0a1 ] Request (ListImageFiltersTestJSON:tearDownClass): 200 GET http://10.180.1.21/compute/v2.1/servers/abdf466d-cf63-4a7d-a9de-dc1c68e6d9bf 0.071s
2025-04-03 10:38:52.775 69880 INFO tempest.lib.common.rest_client [req-995e45d8-5bf3-406f-8c42-5f007314d2a8 req-995e45d8-5bf3-406f-8c42-5f007314d2a8 ] Request (AttachVolumeTestJSON:test_attach_detach_volume): 200 GET http://10.180.1.21/volume/v3/volumes/0383f47f-ed5b-46c7-b75f-8f6498424e35 0.029s
2025-04-03 10:38:52.796 69859 INFO tempest.lib.common.rest_client [req-67ebcae4-1141-4aa4-9a78-f312cd8ca258 req-67ebcae4-1141-4aa4-9a78-f312cd8ca258 ] Request (VolumesAdminNegativeTest:test_update_attached_volume_with_nonexistent_volume_in_body): 200 GET http://10.180.1.21/volume/v3/volumes/ee9951a1-4cce-4c99-a4ed-3d3d19bdfbb1 0.028s
2025-04-03 10:38:52.797 69832 INFO tempest.lib.common.rest_client [req-267985c6-a6d0-4414-9ed3-5f8a4508080b req-267985c6-a6d0-4414-9ed3-5f8a4508080b ] Request (ServerActionsV293TestJSON:setUpClass): 200 GET http://10.180.1.21/compute/v2.1/servers/3f232a91-ec92-4245-a40b-8d884f6c347c 0.064s
2025-04-03 10:38:52.802 69859 INFO tempest.common.waiters [-] Attachment 0c045194-8c14-496b-8b12-129c13df7acb created for volume ee9951a1-4cce-4c99-a4ed-3d3d19bdfbb1 to server aa107d30-b28e-41fe-8825-0cb34833cbdd after waiting for 9.802511 seconds
2025-04-03 10:38:52.838 69859 INFO tempest.lib.common.rest_client [req-0f72dffa-11a2-4367-89ff-be83c46c9c69 req-0f72dffa-11a2-4367-89ff-be83c46c9c69 ] Request (VolumesAdminNegativeTest:test_update_attached_volume_with_nonexistent_volume_in_body): 200 GET http://10.180.1.21/volume/v3/volumes/ee9951a1-4cce-4c99-a4ed-3d3d19bdfbb1 0.036s
2025-04-03 10:38:52.844 69859 INFO tempest.common.waiters [-] volume ee9951a1-4cce-4c99-a4ed-3d3d19bdfbb1 reached in-use after waiting for 0.844963 seconds
2025-04-03 10:38:52.930 69866 INFO tempest.lib.common.rest_client [req-51b3b2bd-5bde-42e1-a33b-fc992421e25c req-51b3b2bd-5bde-42e1-a33b-fc992421e25c ] Request (FloatingIPsAssociationTestJSON:tearDownClass): 200 GET http://10.180.1.21/compute/v2.1/servers/96c862da-b830-47ef-aed7-4faa84c970b9 0.103s
2025-04-03 10:38:53.034 69859 INFO tempest.lib.common.rest_client [req-77f7c47b-f66f-47dd-8f0d-4d88eabdf16f req-77f7c47b-f66f-47dd-8f0d-4d88eabdf16f ] Request (VolumesAdminNegativeTest:test_update_attached_volume_with_nonexistent_volume_in_body): 400 PUT http://10.180.1.21/compute/v2.1/servers/aa107d30-b28e-41fe-8825-0cb34833cbdd/os-volume_attachments/ee9951a1-4cce-4c99-a4ed-3d3d19bdfbb1 0.188s
2025-04-03 10:38:53.065 69859 INFO tempest.lib.common.rest_client [req-8178f8e2-faf7-4aac-9f7d-38f683cb7075 req-8178f8e2-faf7-4aac-9f7d-38f683cb7075 ] Request (VolumesAdminNegativeTest:_run_cleanups): 200 GET http://10.180.1.21/volume/v3/volumes/ee9951a1-4cce-4c99-a4ed-3d3d19bdfbb1 0.031s
2025-04-03 10:38:53.091 69874 INFO tempest.lib.common.rest_client [req-c3b44d1a-4d5e-4fa2-bdb9-fef6ea740380 req-c3b44d1a-4d5e-4fa2-bdb9-fef6ea740380 ] Request (ServerMetadataNegativeTestJSON:setUpClass): 200 GET http://10.180.1.21/compute/v2.1/servers/c212fc55-c74a-4580-a49f-c4e373401eb8 0.062s
2025-04-03 10:38:53.134 69868 INFO tempest.lib.common.rest_client [req-ad20f909-6a15-4be6-a23a-c2cfe768b22a req-ad20f909-6a15-4be6-a23a-c2cfe768b22a ] Request (AttachInterfacesUnderV243Test:_run_cleanups): 200 GET http://10.180.1.21/compute/v2.1/servers/cb544004-1a86-4dda-bc77-cc92aed5ffc1 0.147s
2025-04-03 10:38:53.164 69836 INFO tempest.lib.common.rest_client [req-e2e218e4-1559-4596-8754-61f702bb6467 req-e2e218e4-1559-4596-8754-61f702bb6467 ] Request (ServersTestMultiNic:_run_cleanups): 200 GET http://10.180.1.21/compute/v2.1/servers/c7269b00-2769-4ef1-baba-ddd097bfaaec 0.131s
2025-04-03 10:38:53.226 69864 INFO tempest.lib.common.rest_client [req-28a615b2-fd05-404d-be1f-1db0abe7e79c req-28a615b2-fd05-404d-be1f-1db0abe7e79c ] Request (ServersAdminTestJSON:test_inject_network_info): 200 GET http://10.180.1.21/compute/v2.1/servers/244db566-fe89-4193-bb1e-e78f4e3da30c 0.141s
2025-04-03 10:38:53.286 69859 INFO tempest.lib.common.rest_client [req-ad7763a4-5e21-4475-a62a-180288e598a9 req-ad7763a4-5e21-4475-a62a-180288e598a9 ] Request (VolumesAdminNegativeTest:_run_cleanups): 202 DELETE http://10.180.1.21/compute/v2.1/servers/aa107d30-b28e-41fe-8825-0cb34833cbdd/os-volume_attachments/ee9951a1-4cce-4c99-a4ed-3d3d19bdfbb1 0.213s
2025-04-03 10:38:53.287 69857 INFO tempest.lib.common.rest_client [req-6835d3b9-35ff-4a5f-b84e-f29eb3ef461c req-6835d3b9-35ff-4a5f-b84e-f29eb3ef461c ] Request (ServerDiskConfigTestJSON:test_rebuild_server_with_auto_disk_config): 200 GET http://10.180.1.21/compute/v2.1/servers/d7e83c49-723d-4b08-97be-300eb257f91e 0.122s
2025-04-03 10:38:53.348 69844 INFO tempest.lib.common.rest_client [req-c0a979a9-56d7-411f-9d5f-6a6163e5a23a req-c0a979a9-56d7-411f-9d5f-6a6163e5a23a ] Request (SecurityGroupsTestJSON:test_server_security_groups): 200 GET http://10.180.1.21/compute/v2.1/servers/51dc5901-e644-458f-820c-52a0b3711c3d 0.072s
2025-04-03 10:38:53.360 69852 INFO tempest.lib.common.rest_client [req-9de0eada-8926-4de9-8430-4182fb81101e req-9de0eada-8926-4de9-8430-4182fb81101e ] Request (ServerDiagnosticsTest:test_get_server_diagnostics): 200 GET http://10.180.1.21/compute/v2.1/servers/b7b4e987-7c86-4cbf-ad96-bfe2decb43ca 0.154s
2025-04-03 10:38:53.382 69859 INFO tempest.lib.common.rest_client [req-580d3bd7-1615-4f58-a8a4-1219a1e9b6fc req-580d3bd7-1615-4f58-a8a4-1219a1e9b6fc ] Request (VolumesAdminNegativeTest:_run_cleanups): 200 GET http://10.180.1.21/compute/v2.1/servers/aa107d30-b28e-41fe-8825-0cb34833cbdd/os-volume_attachments 0.095s
2025-04-03 10:38:53.451 69879 INFO tempest.lib.common.rest_client [req-d093b160-38f8-4a1d-b1fc-1d7af77ede23 req-d093b160-38f8-4a1d-b1fc-1d7af77ede23 ] Request (ImagesTestJSON:test_create_server_from_snapshot): 200 GET http://10.180.1.21/compute/v2.1/servers/5c1c011a-cb40-4576-aadd-f2e2c09706e7 0.060s
2025-04-03 10:38:53.493 69824 INFO tempest.lib.common.rest_client [req-acc453b5-d07b-43a1-8b4d-d860a1077319 req-acc453b5-d07b-43a1-8b4d-d860a1077319 ] Request (ListServersNegativeTestJSON:setUpClass): 200 GET http://10.180.1.21/compute/v2.1/servers/7f81370f-e4e9-4ce9-8777-cb1256604808 0.052s
2025-04-03 10:38:53.518 69838 INFO tempest.lib.common.rest_client [req-2684b0f5-66ab-4d67-b2e8-1e6bc4fa234e req-2684b0f5-66ab-4d67-b2e8-1e6bc4fa234e ] Request (ImagesOneServerNegativeTestJSON:_run_cleanups): 200 GET http://10.180.1.21/compute/v2.1/servers/401039d5-31da-4704-846c-776683258ac2 0.078s
2025-04-03 10:38:53.553 69870 INFO tempest.lib.common.rest_client [req-e79ab1f8-2f6d-42b6-913f-61211f3a022e req-e79ab1f8-2f6d-42b6-913f-61211f3a022e ] Request (MultipleCreateTestJSON:test_multiple_create_with_reservation_return): 200 GET http://10.180.1.21/compute/v2.1/servers/9615573d-9b6e-4532-827f-374ad484eb19 0.071s
2025-04-03 10:38:53.605 69884 INFO tempest.lib.common.rest_client [req-70129c23-3c44-455f-9679-c13a27232fd9 req-70129c23-3c44-455f-9679-c13a27232fd9 ] Request (ServersWithSpecificFlavorTestJSON:test_verify_created_server_ephemeral_disk): 200 GET http://10.180.1.21/compute/v2.1/servers/a2f033d3-5efd-44f6-95b9-89e91f113c8b 0.062s
2025-04-03 10:38:53.620 69862 WARNING tempest.lib.common.ssh [-] Failed to establish authenticated ssh connection to cirros@10.180.180.240 ([Errno None] Unable to connect to port 22 on 10.180.180.240). Number attempts: 13. Retry after 14 seconds.: paramiko.ssh_exception.NoValidConnectionsError: [Errno None] Unable to connect to port 22 on 10.180.180.240
2025-04-03 10:38:53.661 69840 INFO tempest.lib.common.rest_client [req-125000c1-e2b4-4c91-bb2a-db9973a6d270 req-125000c1-e2b4-4c91-bb2a-db9973a6d270 ] Request (MigrationsAdminTest:test_resize_server_revert_deleted_flavor): 200 GET http://10.180.1.21/compute/v2.1/servers/7048c4aa-f136-415f-99d0-7e4361ecfbb7 0.051s
2025-04-03 10:38:53.709 69850 INFO tempest.lib.common.rest_client [req-10171407-9351-4559-9f15-ece0ef47767c req-10171407-9351-4559-9f15-ece0ef47767c ] Request (ServersTestJSON:setUpClass): 200 GET http://10.180.1.21/compute/v2.1/servers/01467b61-eca8-40f8-afe1-9fa5c944709f 0.057s
2025-04-03 10:38:53.753 69834 INFO tempest.lib.common.rest_client [req-cbe366c1-7970-4957-81a4-b6ce841b1781 req-cbe366c1-7970-4957-81a4-b6ce841b1781 ] Request (ServersAdminNegativeTestJSON:test_migrate_server_invalid_state): 200 GET http://10.180.1.21/compute/v2.1/servers/cb1be988-3e06-4c56-b271-81bd11a7921a 0.049s
2025-04-03 10:38:53.810 69880 INFO tempest.lib.common.rest_client [req-159620e6-e0c8-4fe1-8a87-29054793adaa req-159620e6-e0c8-4fe1-8a87-29054793adaa ] Request (AttachVolumeTestJSON:test_attach_detach_volume): 200 GET http://10.180.1.21/volume/v3/volumes/0383f47f-ed5b-46c7-b75f-8f6498424e35 0.027s
2025-04-03 10:38:53.828 69828 INFO tempest.lib.common.rest_client [req-d92dbe14-0c3a-453f-886f-4f8544c40ca6 req-d92dbe14-0c3a-453f-886f-4f8544c40ca6 ] Request (ListImageFiltersTestJSON:tearDownClass): 200 GET http://10.180.1.21/compute/v2.1/servers/abdf466d-cf63-4a7d-a9de-dc1c68e6d9bf 0.060s
2025-04-03 10:38:53.860 69832 INFO tempest.lib.common.rest_client [req-aa7e1f09-a238-4046-9073-68135a2172c0 req-aa7e1f09-a238-4046-9073-68135a2172c0 ] Request (ServerActionsV293TestJSON:setUpClass): 200 GET http://10.180.1.21/compute/v2.1/servers/3f232a91-ec92-4245-a40b-8d884f6c347c 0.053s
2025-04-03 10:38:54.006 69866 INFO tempest.lib.common.rest_client [req-9da143b5-c7cd-483a-8ddc-08532418a09b req-9da143b5-c7cd-483a-8ddc-08532418a09b ] Request (FloatingIPsAssociationTestJSON:tearDownClass): 200 GET http://10.180.1.21/compute/v2.1/servers/96c862da-b830-47ef-aed7-4faa84c970b9 0.066s
2025-04-03 10:38:54.164 69874 INFO tempest.lib.common.rest_client [req-b60f327a-d07d-4cac-ba01-d5a247bc58c8 req-b60f327a-d07d-4cac-ba01-d5a247bc58c8 ] Request (ServerMetadataNegativeTestJSON:setUpClass): 200 GET http://10.180.1.21/compute/v2.1/servers/c212fc55-c74a-4580-a49f-c4e373401eb8 0.061s
2025-04-03 10:38:54.252 69836 INFO tempest.lib.common.rest_client [req-b2333ed4-54ea-4d11-99de-5b6c3d6da9f5 req-b2333ed4-54ea-4d11-99de-5b6c3d6da9f5 ] Request (ServersTestMultiNic:_run_cleanups): 200 GET http://10.180.1.21/compute/v2.1/servers/c7269b00-2769-4ef1-baba-ddd097bfaaec 0.081s
2025-04-03 10:38:54.283 69868 INFO tempest.lib.common.rest_client [req-c43e6e9a-f0d0-474c-bce7-f7d7b61bcb9f req-c43e6e9a-f0d0-474c-bce7-f7d7b61bcb9f ] Request (AttachInterfacesUnderV243Test:_run_cleanups): 200 GET http://10.180.1.21/compute/v2.1/servers/cb544004-1a86-4dda-bc77-cc92aed5ffc1 0.141s
2025-04-03 10:38:54.299 69864 INFO tempest.lib.common.rest_client [req-b16a4cfd-7ff1-4533-971d-4eae9bc196ce req-b16a4cfd-7ff1-4533-971d-4eae9bc196ce ] Request (ServersAdminTestJSON:test_inject_network_info): 200 GET http://10.180.1.21/compute/v2.1/servers/244db566-fe89-4193-bb1e-e78f4e3da30c 0.065s
2025-04-03 10:38:54.357 69857 INFO tempest.lib.common.rest_client [req-97f645ed-a285-463f-8bb7-9911f30e94c0 req-97f645ed-a285-463f-8bb7-9911f30e94c0 ] Request (ServerDiskConfigTestJSON:test_rebuild_server_with_auto_disk_config): 200 GET http://10.180.1.21/compute/v2.1/servers/d7e83c49-723d-4b08-97be-300eb257f91e 0.059s
2025-04-03 10:38:54.428 69852 INFO tempest.lib.common.rest_client [req-af7e00ec-41d2-4ff5-bf94-9292ba500d1f req-af7e00ec-41d2-4ff5-bf94-9292ba500d1f ] Request (ServerDiagnosticsTest:test_get_server_diagnostics): 200 GET http://10.180.1.21/compute/v2.1/servers/b7b4e987-7c86-4cbf-ad96-bfe2decb43ca 0.058s
2025-04-03 10:38:54.432 69844 INFO tempest.lib.common.rest_client [req-7a608518-b09c-4e79-af11-fd13dee831d2 req-7a608518-b09c-4e79-af11-fd13dee831d2 ] Request (SecurityGroupsTestJSON:test_server_security_groups): 200 GET http://10.180.1.21/compute/v2.1/servers/51dc5901-e644-458f-820c-52a0b3711c3d 0.072s
2025-04-03 10:38:54.456 69859 INFO tempest.lib.common.rest_client [req-4f27f181-25ef-4bef-b109-199bf83df6d6 req-4f27f181-25ef-4bef-b109-199bf83df6d6 ] Request (VolumesAdminNegativeTest:_run_cleanups): 200 GET http://10.180.1.21/compute/v2.1/servers/aa107d30-b28e-41fe-8825-0cb34833cbdd/os-volume_attachments 0.071s
2025-04-03 10:38:54.520 69879 INFO tempest.lib.common.rest_client [req-7bf3669d-6b4a-4c2f-b61e-1ef2e471d971 req-7bf3669d-6b4a-4c2f-b61e-1ef2e471d971 ] Request (ImagesTestJSON:test_create_server_from_snapshot): 200 GET http://10.180.1.21/compute/v2.1/servers/5c1c011a-cb40-4576-aadd-f2e2c09706e7 0.054s
2025-04-03 10:38:54.530 69882 WARNING tempest.lib.common.ssh [-] Failed to establish authenticated ssh connection to cirros@10.180.180.179 ([Errno None] Unable to connect to port 22 on 10.180.180.179). Number attempts: 4. Retry after 5 seconds.: paramiko.ssh_exception.NoValidConnectionsError: [Errno None] Unable to connect to port 22 on 10.180.180.179
2025-04-03 10:38:54.580 69838 INFO tempest.lib.common.rest_client [req-1d091885-c97f-49ba-9470-33c44f4c4ff8 req-1d091885-c97f-49ba-9470-33c44f4c4ff8 ] Request (ImagesOneServerNegativeTestJSON:_run_cleanups): 200 GET http://10.180.1.21/compute/v2.1/servers/401039d5-31da-4704-846c-776683258ac2 0.051s
2025-04-03 10:38:54.626 69870 INFO tempest.lib.common.rest_client [req-27c41c68-24ff-4f57-9ad2-2f7c4b472eba req-27c41c68-24ff-4f57-9ad2-2f7c4b472eba ] Request (MultipleCreateTestJSON:test_multiple_create_with_reservation_return): 200 GET http://10.180.1.21/compute/v2.1/servers/9615573d-9b6e-4532-827f-374ad484eb19 0.062s
2025-04-03 10:38:54.672 69884 INFO tempest.lib.common.rest_client [req-e9340168-f881-4d00-afe8-bea11d457cbc req-e9340168-f881-4d00-afe8-bea11d457cbc ] Request (ServersWithSpecificFlavorTestJSON:test_verify_created_server_ephemeral_disk): 200 GET http://10.180.1.21/compute/v2.1/servers/a2f033d3-5efd-44f6-95b9-89e91f113c8b 0.056s
2025-04-03 10:38:54.738 69840 INFO tempest.lib.common.rest_client [req-65b2391b-bf0b-48a4-91fc-472d1e1663b4 req-65b2391b-bf0b-48a4-91fc-472d1e1663b4 ] Request (MigrationsAdminTest:test_resize_server_revert_deleted_flavor): 200 GET http://10.180.1.21/compute/v2.1/servers/7048c4aa-f136-415f-99d0-7e4361ecfbb7 0.067s
2025-04-03 10:38:54.743 69824 INFO tempest.lib.common.rest_client [req-f26a0f45-1030-4490-90a0-53dca52accf3 req-f26a0f45-1030-4490-90a0-53dca52accf3 ] Request (ListServersNegativeTestJSON:setUpClass): 200 GET http://10.180.1.21/compute/v2.1/servers/7f81370f-e4e9-4ce9-8777-cb1256604808 0.242s
2025-04-03 10:38:54.791 69850 INFO tempest.lib.common.rest_client [req-7e53dc57-374e-426b-8830-0b7526756aa5 req-7e53dc57-374e-426b-8830-0b7526756aa5 ] Request (ServersTestJSON:setUpClass): 200 GET http://10.180.1.21/compute/v2.1/servers/01467b61-eca8-40f8-afe1-9fa5c944709f 0.073s
2025-04-03 10:38:54.838 69834 INFO tempest.lib.common.rest_client [req-98b2fadb-27eb-4866-9410-092cf22a41dd req-98b2fadb-27eb-4866-9410-092cf22a41dd ] Request (ServersAdminNegativeTestJSON:test_migrate_server_invalid_state): 200 GET http://10.180.1.21/compute/v2.1/servers/cb1be988-3e06-4c56-b271-81bd11a7921a 0.078s
2025-04-03 10:38:54.847 69880 INFO tempest.lib.common.rest_client [req-58b2406d-d201-42cb-8931-8c787a4db34d req-58b2406d-d201-42cb-8931-8c787a4db34d ] Request (AttachVolumeTestJSON:test_attach_detach_volume): 200 GET http://10.180.1.21/volume/v3/volumes/0383f47f-ed5b-46c7-b75f-8f6498424e35 0.029s
2025-04-03 10:38:54.912 69828 INFO tempest.lib.common.rest_client [req-682df482-177d-4f83-8996-7da0cdffe287 req-682df482-177d-4f83-8996-7da0cdffe287 ] Request (ListImageFiltersTestJSON:tearDownClass): 200 GET http://10.180.1.21/compute/v2.1/servers/abdf466d-cf63-4a7d-a9de-dc1c68e6d9bf 0.076s
2025-04-03 10:38:54.940 69832 INFO tempest.lib.common.rest_client [req-db5f57db-e1ee-4d19-87b7-4af279ea9acf req-db5f57db-e1ee-4d19-87b7-4af279ea9acf ] Request (ServerActionsV293TestJSON:setUpClass): 200 GET http://10.180.1.21/compute/v2.1/servers/3f232a91-ec92-4245-a40b-8d884f6c347c 0.069s
2025-04-03 10:38:55.075 69866 INFO tempest.lib.common.rest_client [req-818a5526-588e-49c5-816e-93d452b6ac48 req-818a5526-588e-49c5-816e-93d452b6ac48 ] Request (FloatingIPsAssociationTestJSON:tearDownClass): 200 GET http://10.180.1.21/compute/v2.1/servers/96c862da-b830-47ef-aed7-4faa84c970b9 0.062s
2025-04-03 10:38:55.216 69874 INFO tempest.lib.common.rest_client [req-cf29bdb9-1727-4fa3-9c7a-d6429036fe25 req-cf29bdb9-1727-4fa3-9c7a-d6429036fe25 ] Request (ServerMetadataNegativeTestJSON:setUpClass): 200 GET http://10.180.1.21/compute/v2.1/servers/c212fc55-c74a-4580-a49f-c4e373401eb8 0.045s
2025-04-03 10:38:55.319 69836 INFO tempest.lib.common.rest_client [req-f8b79529-239f-487a-8b06-c870f4dbc00e req-f8b79529-239f-487a-8b06-c870f4dbc00e ] Request (ServersTestMultiNic:_run_cleanups): 200 GET http://10.180.1.21/compute/v2.1/servers/c7269b00-2769-4ef1-baba-ddd097bfaaec 0.057s
2025-04-03 10:38:55.341 69868 INFO tempest.lib.common.rest_client [req-17ab5189-3c4a-428b-a135-7216a5dd5e0b req-17ab5189-3c4a-428b-a135-7216a5dd5e0b ] Request (AttachInterfacesUnderV243Test:_run_cleanups): 200 GET http://10.180.1.21/compute/v2.1/servers/cb544004-1a86-4dda-bc77-cc92aed5ffc1 0.049s
2025-04-03 10:38:55.364 69864 INFO tempest.lib.common.rest_client [req-1e04b342-7bde-41e3-b9aa-19e4e55de987 req-1e04b342-7bde-41e3-b9aa-19e4e55de987 ] Request (ServersAdminTestJSON:test_inject_network_info): 200 GET http://10.180.1.21/compute/v2.1/servers/244db566-fe89-4193-bb1e-e78f4e3da30c 0.057s
2025-04-03 10:38:55.420 69857 INFO tempest.lib.common.rest_client [req-9bb9bff1-d365-479d-b4ed-72086a18bb33 req-9bb9bff1-d365-479d-b4ed-72086a18bb33 ] Request (ServerDiskConfigTestJSON:test_rebuild_server_with_auto_disk_config): 200 GET http://10.180.1.21/compute/v2.1/servers/d7e83c49-723d-4b08-97be-300eb257f91e 0.053s
2025-04-03 10:38:55.495 69852 INFO tempest.lib.common.rest_client [req-dbfbbe81-397a-4a65-8cd6-a6c36d147fb0 req-dbfbbe81-397a-4a65-8cd6-a6c36d147fb0 ] Request (ServerDiagnosticsTest:test_get_server_diagnostics): 200 GET http://10.180.1.21/compute/v2.1/servers/b7b4e987-7c86-4cbf-ad96-bfe2decb43ca 0.059s
2025-04-03 10:38:55.503 69844 INFO tempest.lib.common.rest_client [req-edb3cc94-6b42-4169-8a42-579b0a876af9 req-edb3cc94-6b42-4169-8a42-579b0a876af9 ] Request (SecurityGroupsTestJSON:test_server_security_groups): 200 GET http://10.180.1.21/compute/v2.1/servers/51dc5901-e644-458f-820c-52a0b3711c3d 0.061s
2025-04-03 10:38:55.520 69859 INFO tempest.lib.common.rest_client [req-f8735d3c-55d6-42a9-9599-ebbdea46cf8d req-f8735d3c-55d6-42a9-9599-ebbdea46cf8d ] Request (VolumesAdminNegativeTest:_run_cleanups): 200 GET http://10.180.1.21/compute/v2.1/servers/aa107d30-b28e-41fe-8825-0cb34833cbdd/os-volume_attachments 0.061s
2025-04-03 10:38:55.586 69879 INFO tempest.lib.common.rest_client [req-6cf0fe31-c003-41b8-b210-4754a1570870 req-6cf0fe31-c003-41b8-b210-4754a1570870 ] Request (ImagesTestJSON:test_create_server_from_snapshot): 200 GET http://10.180.1.21/compute/v2.1/servers/5c1c011a-cb40-4576-aadd-f2e2c09706e7 0.057s
2025-04-03 10:38:55.639 69838 INFO tempest.lib.common.rest_client [req-4a851a97-fc38-4e38-811b-ae273f893081 req-4a851a97-fc38-4e38-811b-ae273f893081 ] Request (ImagesOneServerNegativeTestJSON:_run_cleanups): 200 GET http://10.180.1.21/compute/v2.1/servers/401039d5-31da-4704-846c-776683258ac2 0.049s
2025-04-03 10:38:55.679 69870 INFO tempest.lib.common.rest_client [req-374ba5c4-7feb-4ea0-bd48-3c0891171c0a req-374ba5c4-7feb-4ea0-bd48-3c0891171c0a ] Request (MultipleCreateTestJSON:test_multiple_create_with_reservation_return): 200 GET http://10.180.1.21/compute/v2.1/servers/9615573d-9b6e-4532-827f-374ad484eb19 0.046s
2025-04-03 10:38:55.735 69884 INFO tempest.lib.common.rest_client [req-5d66ffd5-f82c-43c8-83c9-16993df13425 req-5d66ffd5-f82c-43c8-83c9-16993df13425 ] Request (ServersWithSpecificFlavorTestJSON:test_verify_created_server_ephemeral_disk): 200 GET http://10.180.1.21/compute/v2.1/servers/a2f033d3-5efd-44f6-95b9-89e91f113c8b 0.047s
2025-04-03 10:38:55.809 69840 INFO tempest.lib.common.rest_client [req-142a8c12-2826-49af-bdfe-0b06a868a24b req-142a8c12-2826-49af-bdfe-0b06a868a24b ] Request (MigrationsAdminTest:test_resize_server_revert_deleted_flavor): 200 GET http://10.180.1.21/compute/v2.1/servers/7048c4aa-f136-415f-99d0-7e4361ecfbb7 0.056s
2025-04-03 10:38:55.857 69850 INFO tempest.lib.common.rest_client [req-b650f47a-f854-485f-a461-f4df54b43cf7 req-b650f47a-f854-485f-a461-f4df54b43cf7 ] Request (ServersTestJSON:setUpClass): 200 GET http://10.180.1.21/compute/v2.1/servers/01467b61-eca8-40f8-afe1-9fa5c944709f 0.056s
2025-04-03 10:38:55.884 69824 INFO tempest.lib.common.rest_client [req-51421174-aa40-4a29-8a5f-aba59af6771b req-51421174-aa40-4a29-8a5f-aba59af6771b ] Request (ListServersNegativeTestJSON:setUpClass): 200 GET http://10.180.1.21/compute/v2.1/servers/7f81370f-e4e9-4ce9-8777-cb1256604808 0.133s
2025-04-03 10:38:55.891 69824 INFO tempest.common.waiters [-] State transition "BUILD/None" ==> "BUILD/networking" after 81 second wait
2025-04-03 10:38:55.896 69880 INFO tempest.lib.common.rest_client [req-40294804-6583-49cd-81d0-bea67345c3e1 req-40294804-6583-49cd-81d0-bea67345c3e1 ] Request (AttachVolumeTestJSON:test_attach_detach_volume): 200 GET http://10.180.1.21/volume/v3/volumes/0383f47f-ed5b-46c7-b75f-8f6498424e35 0.039s
2025-04-03 10:38:55.904 69880 INFO tempest.common.waiters [-] Attachment 67eed9d0-4c2b-4ac9-85bf-31d30c4caeb5 created for volume 0383f47f-ed5b-46c7-b75f-8f6498424e35 to server 3195279f-4bf6-4583-8c01-f6706f7e6e4c after waiting for 7.904059 seconds
2025-04-03 10:38:55.913 69834 INFO tempest.lib.common.rest_client [req-a2e69278-deac-4886-bfb4-15f7ac9f64ba req-a2e69278-deac-4886-bfb4-15f7ac9f64ba ] Request (ServersAdminNegativeTestJSON:test_migrate_server_invalid_state): 200 GET http://10.180.1.21/compute/v2.1/servers/cb1be988-3e06-4c56-b271-81bd11a7921a 0.065s
2025-04-03 10:38:55.932 69880 INFO tempest.lib.common.rest_client [req-226698d5-bc4f-4bfa-9a29-943d0230cff6 req-226698d5-bc4f-4bfa-9a29-943d0230cff6 ] Request (AttachVolumeTestJSON:test_attach_detach_volume): 200 GET http://10.180.1.21/volume/v3/volumes/0383f47f-ed5b-46c7-b75f-8f6498424e35 0.027s
2025-04-03 10:38:55.935 69886 INFO paramiko.transport [-] Connected (version 2.0, client dropbear_2020.81)
2025-04-03 10:38:55.940 69880 INFO tempest.common.waiters [-] volume 0383f47f-ed5b-46c7-b75f-8f6498424e35 reached in-use after waiting for 0.940699 seconds
2025-04-03 10:38:55.993 69828 INFO tempest.lib.common.rest_client [req-6378d563-0542-461e-8253-bf92b6793dd4 req-6378d563-0542-461e-8253-bf92b6793dd4 ] Request (ListImageFiltersTestJSON:tearDownClass): 200 GET http://10.180.1.21/compute/v2.1/servers/abdf466d-cf63-4a7d-a9de-dc1c68e6d9bf 0.069s
2025-04-03 10:38:56.011 69880 INFO tempest.lib.common.rest_client [req-6c713e51-c938-441b-addc-612904a0f349 req-6c713e51-c938-441b-addc-612904a0f349 ] Request (AttachVolumeTestJSON:test_attach_detach_volume): 202 POST http://10.180.1.21/compute/v2.1/servers/3195279f-4bf6-4583-8c01-f6706f7e6e4c/action 0.070s
2025-04-03 10:38:56.041 69886 INFO paramiko.transport [-] Authentication (publickey) successful!
2025-04-03 10:38:56.041 69886 INFO tempest.lib.common.ssh [-] ssh connection to cirros@10.180.180.249 successfully created
2025-04-03 10:38:56.048 69832 INFO tempest.lib.common.rest_client [req-67e2f6d2-1fcf-4525-af5a-c00164dc6e04 req-67e2f6d2-1fcf-4525-af5a-c00164dc6e04 ] Request (ServerActionsV293TestJSON:setUpClass): 200 GET http://10.180.1.21/compute/v2.1/servers/3f232a91-ec92-4245-a40b-8d884f6c347c 0.096s
2025-04-03 10:38:56.159 69886 INFO tempest.lib.common.rest_client [req-c8bb8430-9f7a-4c51-b981-5b0dcfa5c8c9 req-c8bb8430-9f7a-4c51-b981-5b0dcfa5c8c9 ] Request (ServerActionsTestOtherA:setUp): 200 GET http://10.180.1.21/compute/v2.1/servers/72265512-6ea5-4279-a0a7-059100f0b5bb 0.117s
2025-04-03 10:38:56.216 69866 INFO tempest.lib.common.rest_client [req-efb4d963-68d4-4115-9f68-0277d170649c req-efb4d963-68d4-4115-9f68-0277d170649c ] Request (FloatingIPsAssociationTestJSON:tearDownClass): 200 GET http://10.180.1.21/compute/v2.1/servers/96c862da-b830-47ef-aed7-4faa84c970b9 0.132s
2025-04-03 10:38:56.237 69886 INFO tempest.lib.common.rest_client [req-3ffbe597-a10c-4c28-b56b-ab9460b36245 req-3ffbe597-a10c-4c28-b56b-ab9460b36245 ] Request (ServerActionsTestOtherA:test_rebuild_server_in_stop_state): 201 POST http://10.180.1.21/identity/v3/auth/tokens 0.065s
2025-04-03 10:38:56.238 69886 INFO tempest.lib.common.fixed_network [-] (ServerActionsTestOtherA:test_rebuild_server_in_stop_state) Found network {'id': 'b4478cdc-f9da-4bf9-9f40-ed16e9417b11', 'name': 'tempest-ServerActionsTestOtherA-270382232-network', 'tenant_id': '41b52067dd744666b4ca4c519fb9c2e3', 'admin_state_up': True, 'mtu': 8950, 'status': 'ACTIVE', 'subnets': [], 'shared': False, 'project_id': '41b52067dd744666b4ca4c519fb9c2e3', 'port_security_enabled': True, 'router:external': False, 'provider:network_type': 'vlan', 'provider:physical_network': 'default', 'provider:segmentation_id': 899, 'availability_zone_hints': [], 'availability_zones': [], 'ipv4_address_scope': None, 'ipv6_address_scope': None, 'description': '', 'tags': [], 'created_at': '2025-04-03T10:36:31Z', 'updated_at': '2025-04-03T10:36:31Z', 'revision_number': 1} available for tenant
