2025-04-03 10:38:29.683 69852 INFO tempest.lib.common.rest_client [req-65a996c3-7857-42c3-969b-e624edb1d3a7 req-65a996c3-7857-42c3-969b-e624edb1d3a7 ] Request (DeleteServersAdminTestJSON:test_delete_server_while_in_error_state): 200 GET http://10.180.1.21/compute/v2.1/servers/eaadf005-0757-427a-8dc4-2ab33e8e75e9 0.105s
2025-04-03 10:38:29.702 69840 INFO tempest.lib.common.rest_client [req-286923d3-2629-4712-82a3-452183332d3e req-286923d3-2629-4712-82a3-452183332d3e ] Request (MigrationsAdminTest:test_resize_server_revert_deleted_flavor): 200 GET http://10.180.1.21/compute/v2.1/servers/7048c4aa-f136-415f-99d0-7e4361ecfbb7 0.113s
2025-04-03 10:38:29.761 69828 INFO tempest.lib.common.rest_client [req-3b4ff594-27bf-4656-b6d8-afa98bdc8c37 req-3b4ff594-27bf-4656-b6d8-afa98bdc8c37 ] Request (ListImageFiltersTestJSON:tearDownClass): 200 GET http://10.180.1.21/compute/v2.1/servers/9c4c4fa9-2bc6-4394-bc81-4443a52b50b1 0.123s
2025-04-03 10:38:29.809 69850 INFO tempest.lib.common.rest_client [req-cbbeb0e0-4024-49aa-b185-ae5df9e4450c req-cbbeb0e0-4024-49aa-b185-ae5df9e4450c ] Request (ServersTestJSON:setUpClass): 200 GET http://10.180.1.21/compute/v2.1/servers/01467b61-eca8-40f8-afe1-9fa5c944709f 0.168s
2025-04-03 10:38:30.098 69866 INFO tempest.lib.common.rest_client [req-dd476e45-55e7-4c70-81c3-5bf0b88a3024 req-dd476e45-55e7-4c70-81c3-5bf0b88a3024 ] Request (FloatingIPsAssociationTestJSON:test_associate_already_associated_floating_ip): 200 GET http://10.180.1.21/compute/v2.1/servers/96c862da-b830-47ef-aed7-4faa84c970b9 0.079s
2025-04-03 10:38:30.108 69866 INFO tempest.common.waiters [-] State transition "BUILD/None" ==> "BUILD/networking" after 62 second wait
2025-04-03 10:38:30.160 69834 INFO tempest.lib.common.rest_client [req-adeb3ed2-e24b-46a3-b92c-a6faf010c3d0 req-adeb3ed2-e24b-46a3-b92c-a6faf010c3d0 ] Request (ServersAdminNegativeTestJSON:test_migrate_server_invalid_state): 200 GET http://10.180.1.21/compute/v2.1/servers/cb1be988-3e06-4c56-b271-81bd11a7921a 0.091s
2025-04-03 10:38:30.172 69844 INFO tempest.lib.common.rest_client [req-7f96c43f-d6c1-409d-adfb-0df69270c04d req-7f96c43f-d6c1-409d-adfb-0df69270c04d ] Request (SecurityGroupsTestJSON:test_server_security_groups): 202 POST http://10.180.1.21/compute/v2.1/servers/51dc5901-e644-458f-820c-52a0b3711c3d/action 0.557s
2025-04-03 10:38:30.238 69832 INFO tempest.lib.common.rest_client [req-132d66c2-6e0f-4b0d-b54e-b904c4dfe93f req-132d66c2-6e0f-4b0d-b54e-b904c4dfe93f ] Request (ServerActionsV293TestJSON:setUpClass): 200 GET http://10.180.1.21/volume/v3/volumes/16adfe1c-5aed-4970-a380-b997317b09b0 0.028s
2025-04-03 10:38:30.261 69844 INFO tempest.lib.common.rest_client [req-7d371285-74c1-43d1-9c8f-1204a356aee4 req-7d371285-74c1-43d1-9c8f-1204a356aee4 ] Request (SecurityGroupsTestJSON:test_server_security_groups): 400 DELETE http://10.180.1.21/compute/v2.1/os-security-groups/588499a7-c679-4d4f-a942-afbc2a5f3516 0.088s
2025-04-03 10:38:30.328 69844 INFO tempest.lib.common.rest_client [req-48340b74-0a1e-4aa3-92e0-67fafdadeebb req-48340b74-0a1e-4aa3-92e0-67fafdadeebb ] Request (SecurityGroupsTestJSON:test_server_security_groups): 202 POST http://10.180.1.21/compute/v2.1/servers/51dc5901-e644-458f-820c-52a0b3711c3d/action 0.067s
2025-04-03 10:38:30.392 69874 INFO tempest.lib.common.rest_client [req-ef8f539c-0f58-40f6-88c9-0fd59338ff52 req-ef8f539c-0f58-40f6-88c9-0fd59338ff52 ] Request (ImagesOneServerTestJSON:tearDownClass): 200 GET http://10.180.1.21/compute/v2.1/servers/9fbdeceb-931d-4f57-aaab-b38610875157 0.087s
2025-04-03 10:38:30.397 69882 INFO tempest.lib.common.rest_client [req-7a68b4bf-549a-4453-93c6-8c473a90f598 req-7a68b4bf-549a-4453-93c6-8c473a90f598 ] Request (ServerActionsTestJSON:setUpClass): 200 GET http://10.180.1.21/compute/v2.1/servers/8d13982f-a851-4b56-aa16-c08776b0f61b 0.154s
2025-04-03 10:38:30.446 69864 INFO tempest.lib.common.rest_client [req-02a4158f-ea36-4da8-adea-223d90bce59d req-02a4158f-ea36-4da8-adea-223d90bce59d ] Request (ServersAdminTestJSON:test_create_server_with_scheduling_hint): 200 GET http://10.180.1.21/compute/v2.1/servers/da8f860b-8dbe-48fa-a1e1-a151640780c6 0.097s
2025-04-03 10:38:30.506 69838 INFO tempest.lib.common.rest_client [req-aa42a832-3c72-4767-9cd2-74616e30d84e req-aa42a832-3c72-4767-9cd2-74616e30d84e ] Request (ImagesOneServerNegativeTestJSON:_run_cleanups): 200 GET http://10.180.1.21/compute/v2.1/servers/db5619bb-270c-460e-8efe-41dfcded358a 0.096s
2025-04-03 10:38:30.523 69844 INFO tempest.lib.common.rest_client [req-1a1c4af7-5545-45b2-8109-b98a67a4e12e req-1a1c4af7-5545-45b2-8109-b98a67a4e12e ] Request (SecurityGroupsTestJSON:test_server_security_groups): 200 GET http://10.180.1.21/compute/v2.1/servers/51dc5901-e644-458f-820c-52a0b3711c3d 0.194s
2025-04-03 10:38:30.556 69857 INFO tempest.lib.common.rest_client [req-2b51a71b-3c81-449a-9361-0b260412bad9 req-2b51a71b-3c81-449a-9361-0b260412bad9 ] Request (ServerDiskConfigTestJSON:test_rebuild_server_with_auto_disk_config): 200 GET http://10.180.1.21/compute/v2.1/servers/d7e83c49-723d-4b08-97be-300eb257f91e 0.113s
2025-04-03 10:38:30.573 69879 INFO tempest.lib.common.rest_client [req-adb4e792-9671-4c94-9896-df92682f6bc5 req-adb4e792-9671-4c94-9896-df92682f6bc5 ] Request (ImagesTestJSON:test_create_server_from_snapshot): 200 GET http://10.180.1.21/compute/v2.1/servers/5c1c011a-cb40-4576-aadd-f2e2c09706e7 0.128s
2025-04-03 10:38:30.593 69880 WARNING tempest.lib.common.ssh [-] Failed to establish authenticated ssh connection to cirros@10.180.180.162 ([Errno None] Unable to connect to port 22 on 10.180.180.162). Number attempts: 5. Retry after 6 seconds.: paramiko.ssh_exception.NoValidConnectionsError: [Errno None] Unable to connect to port 22 on 10.180.180.162
2025-04-03 10:38:30.655 69824 INFO tempest.lib.common.rest_client [req-683ae6ed-51f5-4c8f-8089-50eba6d07e59 req-683ae6ed-51f5-4c8f-8089-50eba6d07e59 ] Request (ListServersNegativeTestJSON:setUpClass): 200 GET http://10.180.1.21/compute/v2.1/servers/7f81370f-e4e9-4ce9-8777-cb1256604808 0.059s
2025-04-03 10:38:30.719 69884 INFO tempest.lib.common.rest_client [req-23324e30-db42-4edf-8937-1cf3546b7cfc req-23324e30-db42-4edf-8937-1cf3546b7cfc ] Request (ServersWithSpecificFlavorTestJSON:test_verify_created_server_ephemeral_disk): 200 GET http://10.180.1.21/compute/v2.1/servers/a2f033d3-5efd-44f6-95b9-89e91f113c8b 0.079s
2025-04-03 10:38:30.727 69836 INFO tempest.lib.common.rest_client [req-89907d56-c20e-493c-96c8-0414eb491a7d req-89907d56-c20e-493c-96c8-0414eb491a7d ] Request (ServersTestMultiNic:test_verify_duplicate_network_nics): 200 GET http://10.180.1.21/compute/v2.1/servers/c7269b00-2769-4ef1-baba-ddd097bfaaec 0.182s
2025-04-03 10:38:30.786 69870 INFO tempest.lib.common.rest_client [req-64872b96-1103-4596-916a-d1f64d818dd7 req-64872b96-1103-4596-916a-d1f64d818dd7 ] Request (MultipleCreateTestJSON:test_multiple_create_with_reservation_return): 200 GET http://10.180.1.21/compute/v2.1/servers/9615573d-9b6e-4532-827f-374ad484eb19 0.118s
2025-04-03 10:38:30.815 69852 INFO tempest.lib.common.rest_client [req-feb80b92-f277-4e96-911b-1e9be2ee3ea9 req-feb80b92-f277-4e96-911b-1e9be2ee3ea9 ] Request (DeleteServersAdminTestJSON:test_delete_server_while_in_error_state): 200 GET http://10.180.1.21/compute/v2.1/servers/eaadf005-0757-427a-8dc4-2ab33e8e75e9 0.124s
2025-04-03 10:38:30.856 69840 INFO tempest.lib.common.rest_client [req-85775ae6-5c4d-4d18-87f4-7e6304f86f62 req-85775ae6-5c4d-4d18-87f4-7e6304f86f62 ] Request (MigrationsAdminTest:test_resize_server_revert_deleted_flavor): 200 GET http://10.180.1.21/compute/v2.1/servers/7048c4aa-f136-415f-99d0-7e4361ecfbb7 0.145s
2025-04-03 10:38:30.901 69828 INFO tempest.lib.common.rest_client [req-44e10a6d-f86d-44a4-97ca-b13e71fb25dc req-44e10a6d-f86d-44a4-97ca-b13e71fb25dc ] Request (ListImageFiltersTestJSON:tearDownClass): 200 GET http://10.180.1.21/compute/v2.1/servers/9c4c4fa9-2bc6-4394-bc81-4443a52b50b1 0.132s
2025-04-03 10:38:30.929 69850 INFO tempest.lib.common.rest_client [req-a8992055-7302-48a3-82e6-96add84b7c43 req-a8992055-7302-48a3-82e6-96add84b7c43 ] Request (ServersTestJSON:setUpClass): 200 GET http://10.180.1.21/compute/v2.1/servers/01467b61-eca8-40f8-afe1-9fa5c944709f 0.111s
2025-04-03 10:38:30.937 69850 INFO tempest.common.waiters [-] State transition "BUILD/scheduling" ==> "BUILD/None" after 36 second wait
2025-04-03 10:38:31.221 69834 INFO tempest.lib.common.rest_client [req-7f413186-fd50-4b67-a3aa-8b3100d80164 req-7f413186-fd50-4b67-a3aa-8b3100d80164 ] Request (ServersAdminNegativeTestJSON:test_migrate_server_invalid_state): 200 GET http://10.180.1.21/compute/v2.1/servers/cb1be988-3e06-4c56-b271-81bd11a7921a 0.052s
2025-04-03 10:38:31.222 69866 INFO tempest.lib.common.rest_client [req-4acae3fe-b697-44ef-8a70-3ec0723e0126 req-4acae3fe-b697-44ef-8a70-3ec0723e0126 ] Request (FloatingIPsAssociationTestJSON:test_associate_already_associated_floating_ip): 200 GET http://10.180.1.21/compute/v2.1/servers/96c862da-b830-47ef-aed7-4faa84c970b9 0.113s
2025-04-03 10:38:31.229 69866 INFO tempest.common.waiters [-] State transition "BUILD/networking" ==> "BUILD/spawning" after 63 second wait
2025-04-03 10:38:31.275 69832 INFO tempest.lib.common.rest_client [req-ffd43356-c6d5-4788-9466-d2f1351b0777 req-ffd43356-c6d5-4788-9466-d2f1351b0777 ] Request (ServerActionsV293TestJSON:setUpClass): 200 GET http://10.180.1.21/volume/v3/volumes/16adfe1c-5aed-4970-a380-b997317b09b0 0.025s
2025-04-03 10:38:31.427 69859 WARNING tempest.lib.common.ssh [-] Failed to establish authenticated ssh connection to cirros@10.180.180.135 ([Errno None] Unable to connect to port 22 on 10.180.180.135). Number attempts: 8. Retry after 9 seconds.: paramiko.ssh_exception.NoValidConnectionsError: [Errno None] Unable to connect to port 22 on 10.180.180.135
2025-04-03 10:38:31.462 69874 INFO tempest.lib.common.rest_client [req-c5bb0b58-cab3-4d2f-82a4-ee3aa76d1dd3 req-c5bb0b58-cab3-4d2f-82a4-ee3aa76d1dd3 ] Request (ImagesOneServerTestJSON:tearDownClass): 200 GET http://10.180.1.21/compute/v2.1/servers/9fbdeceb-931d-4f57-aaab-b38610875157 0.060s
2025-04-03 10:38:31.501 69882 INFO tempest.lib.common.rest_client [req-459dbf25-0df5-47e1-8b78-9ca15c7dd619 req-459dbf25-0df5-47e1-8b78-9ca15c7dd619 ] Request (ServerActionsTestJSON:setUpClass): 200 GET http://10.180.1.21/compute/v2.1/servers/8d13982f-a851-4b56-aa16-c08776b0f61b 0.095s
2025-04-03 10:38:31.515 69864 INFO tempest.lib.common.rest_client [req-079e44f7-b2d1-4c24-864c-3ec951a63cf7 req-079e44f7-b2d1-4c24-864c-3ec951a63cf7 ] Request (ServersAdminTestJSON:test_create_server_with_scheduling_hint): 200 GET http://10.180.1.21/compute/v2.1/servers/da8f860b-8dbe-48fa-a1e1-a151640780c6 0.060s
2025-04-03 10:38:31.577 69838 INFO tempest.lib.common.rest_client [req-1c36412d-4211-451d-a394-34f3cd48d004 req-1c36412d-4211-451d-a394-34f3cd48d004 ] Request (ImagesOneServerNegativeTestJSON:_run_cleanups): 200 GET http://10.180.1.21/compute/v2.1/servers/db5619bb-270c-460e-8efe-41dfcded358a 0.064s
2025-04-03 10:38:31.627 69857 INFO tempest.lib.common.rest_client [req-ead6c620-cc3c-4fbc-9090-49c17d9eae33 req-ead6c620-cc3c-4fbc-9090-49c17d9eae33 ] Request (ServerDiskConfigTestJSON:test_rebuild_server_with_auto_disk_config): 200 GET http://10.180.1.21/compute/v2.1/servers/d7e83c49-723d-4b08-97be-300eb257f91e 0.060s
2025-04-03 10:38:31.637 69844 INFO tempest.lib.common.rest_client [req-77bc4b73-85d5-4607-b51f-a26ab2dc8c47 req-77bc4b73-85d5-4607-b51f-a26ab2dc8c47 ] Request (SecurityGroupsTestJSON:test_server_security_groups): 200 GET http://10.180.1.21/compute/v2.1/servers/51dc5901-e644-458f-820c-52a0b3711c3d 0.104s
2025-04-03 10:38:31.676 69879 INFO tempest.lib.common.rest_client [req-93a458cb-b0bc-414a-b6c1-73d4c765b057 req-93a458cb-b0bc-414a-b6c1-73d4c765b057 ] Request (ImagesTestJSON:test_create_server_from_snapshot): 200 GET http://10.180.1.21/compute/v2.1/servers/5c1c011a-cb40-4576-aadd-f2e2c09706e7 0.094s
2025-04-03 10:38:31.745 69824 INFO tempest.lib.common.rest_client [req-abe017f1-65d0-43af-9f86-76305e7dea24 req-abe017f1-65d0-43af-9f86-76305e7dea24 ] Request (ListServersNegativeTestJSON:setUpClass): 200 GET http://10.180.1.21/compute/v2.1/servers/7f81370f-e4e9-4ce9-8777-cb1256604808 0.073s
2025-04-03 10:38:31.794 69884 INFO tempest.lib.common.rest_client [req-994e1bbd-f0da-46a0-a7c1-ae08c5c9002a req-994e1bbd-f0da-46a0-a7c1-ae08c5c9002a ] Request (ServersWithSpecificFlavorTestJSON:test_verify_created_server_ephemeral_disk): 200 GET http://10.180.1.21/compute/v2.1/servers/a2f033d3-5efd-44f6-95b9-89e91f113c8b 0.065s
2025-04-03 10:38:31.846 69870 INFO tempest.lib.common.rest_client [req-4bf01ff6-0c1a-4278-aa6a-368a267385a6 req-4bf01ff6-0c1a-4278-aa6a-368a267385a6 ] Request (MultipleCreateTestJSON:test_multiple_create_with_reservation_return): 200 GET http://10.180.1.21/compute/v2.1/servers/9615573d-9b6e-4532-827f-374ad484eb19 0.051s
2025-04-03 10:38:31.861 69836 INFO tempest.lib.common.rest_client [req-22ccf103-590c-454a-8c98-ebb8f94c9732 req-22ccf103-590c-454a-8c98-ebb8f94c9732 ] Request (ServersTestMultiNic:test_verify_duplicate_network_nics): 200 GET http://10.180.1.21/compute/v2.1/servers/c7269b00-2769-4ef1-baba-ddd097bfaaec 0.124s
2025-04-03 10:38:31.914 69852 INFO tempest.lib.common.rest_client [req-3fb600ea-3bab-474d-ab1f-905f95112a1a req-3fb600ea-3bab-474d-ab1f-905f95112a1a ] Request (DeleteServersAdminTestJSON:test_delete_server_while_in_error_state): 200 GET http://10.180.1.21/compute/v2.1/servers/eaadf005-0757-427a-8dc4-2ab33e8e75e9 0.087s
2025-04-03 10:38:31.920 69840 INFO tempest.lib.common.rest_client [req-f4facd8a-7bd9-4a93-8903-c25e985a2dd4 req-f4facd8a-7bd9-4a93-8903-c25e985a2dd4 ] Request (MigrationsAdminTest:test_resize_server_revert_deleted_flavor): 200 GET http://10.180.1.21/compute/v2.1/servers/7048c4aa-f136-415f-99d0-7e4361ecfbb7 0.057s
2025-04-03 10:38:31.942 69828 INFO tempest.lib.common.rest_client [req-ae650ab9-da6c-42d6-8a46-3de305769d36 req-ae650ab9-da6c-42d6-8a46-3de305769d36 ] Request (ListImageFiltersTestJSON:tearDownClass): 404 GET http://10.180.1.21/compute/v2.1/servers/9c4c4fa9-2bc6-4394-bc81-4443a52b50b1 0.027s
2025-04-03 10:38:32.004 69850 INFO tempest.lib.common.rest_client [req-ff525311-3a13-4773-bd5a-878f416c6cde req-ff525311-3a13-4773-bd5a-878f416c6cde ] Request (ServersTestJSON:setUpClass): 200 GET http://10.180.1.21/compute/v2.1/servers/01467b61-eca8-40f8-afe1-9fa5c944709f 0.065s
2025-04-03 10:38:32.045 69828 INFO tempest.lib.common.rest_client [req-6972985e-7c7d-48b7-aae8-58065b6fa27d req-6972985e-7c7d-48b7-aae8-58065b6fa27d ] Request (ListImageFiltersTestJSON:tearDownClass): 204 DELETE http://10.180.1.21/compute/v2.1/servers/abdf466d-cf63-4a7d-a9de-dc1c68e6d9bf 0.103s
2025-04-03 10:38:32.268 69828 INFO tempest.lib.common.rest_client [req-f436d832-224f-48e6-bb21-ebc3dffa0bd0 req-f436d832-224f-48e6-bb21-ebc3dffa0bd0 ] Request (ListImageFiltersTestJSON:tearDownClass): 200 GET http://10.180.1.21/compute/v2.1/servers/abdf466d-cf63-4a7d-a9de-dc1c68e6d9bf 0.223s
2025-04-03 10:38:32.285 69834 INFO tempest.lib.common.rest_client [req-f3bfcd6c-26ed-4306-84b5-bd122a577cdd req-f3bfcd6c-26ed-4306-84b5-bd122a577cdd ] Request (ServersAdminNegativeTestJSON:test_migrate_server_invalid_state): 200 GET http://10.180.1.21/compute/v2.1/servers/cb1be988-3e06-4c56-b271-81bd11a7921a 0.056s
2025-04-03 10:38:32.320 69832 INFO tempest.lib.common.rest_client [req-132f5a93-8518-4273-93bd-82378790b48c req-132f5a93-8518-4273-93bd-82378790b48c ] Request (ServerActionsV293TestJSON:setUpClass): 200 GET http://10.180.1.21/volume/v3/volumes/16adfe1c-5aed-4970-a380-b997317b09b0 0.033s
2025-04-03 10:38:32.382 69866 INFO tempest.lib.common.rest_client [req-040c6d8c-ddfb-40d8-813b-b992b39e94e8 req-040c6d8c-ddfb-40d8-813b-b992b39e94e8 ] Request (FloatingIPsAssociationTestJSON:test_associate_already_associated_floating_ip): 200 GET http://10.180.1.21/compute/v2.1/servers/96c862da-b830-47ef-aed7-4faa84c970b9 0.152s
2025-04-03 10:38:32.527 69874 INFO tempest.lib.common.rest_client [req-a0e9042d-5489-4b92-b05f-9d3dafa6a97f req-a0e9042d-5489-4b92-b05f-9d3dafa6a97f ] Request (ImagesOneServerTestJSON:tearDownClass): 200 GET http://10.180.1.21/compute/v2.1/servers/9fbdeceb-931d-4f57-aaab-b38610875157 0.057s
2025-04-03 10:38:32.592 69864 INFO tempest.lib.common.rest_client [req-3e194dd6-1a79-4669-87c1-dc72485ef9a1 req-3e194dd6-1a79-4669-87c1-dc72485ef9a1 ] Request (ServersAdminTestJSON:test_create_server_with_scheduling_hint): 200 GET http://10.180.1.21/compute/v2.1/servers/da8f860b-8dbe-48fa-a1e1-a151640780c6 0.068s
2025-04-03 10:38:32.634 69882 INFO tempest.lib.common.rest_client [req-4b6ce1bb-d627-408f-b9ae-10c7c5d59557 req-4b6ce1bb-d627-408f-b9ae-10c7c5d59557 ] Request (ServerActionsTestJSON:setUpClass): 200 GET http://10.180.1.21/compute/v2.1/servers/8d13982f-a851-4b56-aa16-c08776b0f61b 0.124s
2025-04-03 10:38:32.655 69838 INFO tempest.lib.common.rest_client [req-7e0e18c4-074f-494e-98fd-be5793519030 req-7e0e18c4-074f-494e-98fd-be5793519030 ] Request (ImagesOneServerNegativeTestJSON:_run_cleanups): 200 GET http://10.180.1.21/compute/v2.1/servers/db5619bb-270c-460e-8efe-41dfcded358a 0.066s
2025-04-03 10:38:32.698 69857 INFO tempest.lib.common.rest_client [req-389b5a7a-4d60-421a-8b9c-f535f60f37c9 req-389b5a7a-4d60-421a-8b9c-f535f60f37c9 ] Request (ServerDiskConfigTestJSON:test_rebuild_server_with_auto_disk_config): 200 GET http://10.180.1.21/compute/v2.1/servers/d7e83c49-723d-4b08-97be-300eb257f91e 0.060s
2025-04-03 10:38:32.752 69844 INFO tempest.lib.common.rest_client [req-8236c872-5b3b-4e15-938e-d390ff5677e1 req-8236c872-5b3b-4e15-938e-d390ff5677e1 ] Request (SecurityGroupsTestJSON:test_server_security_groups): 200 GET http://10.180.1.21/compute/v2.1/servers/51dc5901-e644-458f-820c-52a0b3711c3d 0.106s
2025-04-03 10:38:32.758 69879 INFO tempest.lib.common.rest_client [req-86fa11c7-6b7d-42b2-a6cb-a082761479dc req-86fa11c7-6b7d-42b2-a6cb-a082761479dc ] Request (ImagesTestJSON:test_create_server_from_snapshot): 200 GET http://10.180.1.21/compute/v2.1/servers/5c1c011a-cb40-4576-aadd-f2e2c09706e7 0.073s
2025-04-03 10:38:32.805 69824 INFO tempest.lib.common.rest_client [req-b0e718fd-de3f-4eef-a1ce-1746013287b1 req-b0e718fd-de3f-4eef-a1ce-1746013287b1 ] Request (ListServersNegativeTestJSON:setUpClass): 200 GET http://10.180.1.21/compute/v2.1/servers/7f81370f-e4e9-4ce9-8777-cb1256604808 0.047s
2025-04-03 10:38:32.850 69884 INFO tempest.lib.common.rest_client [req-1ebc088f-2093-4c29-b23a-06ffcc710809 req-1ebc088f-2093-4c29-b23a-06ffcc710809 ] Request (ServersWithSpecificFlavorTestJSON:test_verify_created_server_ephemeral_disk): 200 GET http://10.180.1.21/compute/v2.1/servers/a2f033d3-5efd-44f6-95b9-89e91f113c8b 0.047s
2025-04-03 10:38:32.906 69870 INFO tempest.lib.common.rest_client [req-2f97aab7-46eb-4074-b67e-1de54d3d4f75 req-2f97aab7-46eb-4074-b67e-1de54d3d4f75 ] Request (MultipleCreateTestJSON:test_multiple_create_with_reservation_return): 200 GET http://10.180.1.21/compute/v2.1/servers/9615573d-9b6e-4532-827f-374ad484eb19 0.049s
2025-04-03 10:38:32.982 69852 INFO tempest.lib.common.rest_client [req-b0e0b04c-ea7f-4221-b61f-97c4159fe35f req-b0e0b04c-ea7f-4221-b61f-97c4159fe35f ] Request (DeleteServersAdminTestJSON:test_delete_server_while_in_error_state): 200 GET http://10.180.1.21/compute/v2.1/servers/eaadf005-0757-427a-8dc4-2ab33e8e75e9 0.059s
2025-04-03 10:38:33.005 69836 INFO tempest.lib.common.rest_client [req-fb25cf9e-535f-4bfa-bd44-6e2b9fabfea4 req-fb25cf9e-535f-4bfa-bd44-6e2b9fabfea4 ] Request (ServersTestMultiNic:test_verify_duplicate_network_nics): 200 GET http://10.180.1.21/compute/v2.1/servers/c7269b00-2769-4ef1-baba-ddd097bfaaec 0.137s
2025-04-03 10:38:33.027 69840 INFO tempest.lib.common.rest_client [req-798daaf2-8494-4c2e-9c5a-b77d30c35d44 req-798daaf2-8494-4c2e-9c5a-b77d30c35d44 ] Request (MigrationsAdminTest:test_resize_server_revert_deleted_flavor): 200 GET http://10.180.1.21/compute/v2.1/servers/7048c4aa-f136-415f-99d0-7e4361ecfbb7 0.099s
2025-04-03 10:38:33.066 69850 INFO tempest.lib.common.rest_client [req-e966cfa6-40c4-430b-b42c-23c573a6a602 req-e966cfa6-40c4-430b-b42c-23c573a6a602 ] Request (ServersTestJSON:setUpClass): 200 GET http://10.180.1.21/compute/v2.1/servers/01467b61-eca8-40f8-afe1-9fa5c944709f 0.054s
2025-04-03 10:38:33.081 69854 WARNING tempest.lib.common.ssh [-] Failed to establish authenticated ssh connection to cirros@10.180.180.231 ([Errno None] Unable to connect to port 22 on 10.180.180.231). Number attempts: 3. Retry after 4 seconds.: paramiko.ssh_exception.NoValidConnectionsError: [Errno None] Unable to connect to port 22 on 10.180.180.231
2025-04-03 10:38:33.351 69834 INFO tempest.lib.common.rest_client [req-ddc4db75-dbc5-45d1-8789-261f1c9ce2e8 req-ddc4db75-dbc5-45d1-8789-261f1c9ce2e8 ] Request (ServersAdminNegativeTestJSON:test_migrate_server_invalid_state): 200 GET http://10.180.1.21/compute/v2.1/servers/cb1be988-3e06-4c56-b271-81bd11a7921a 0.058s
2025-04-03 10:38:33.357 69832 INFO tempest.lib.common.rest_client [req-e219b828-35be-417f-aca5-bcc3a2822631 req-e219b828-35be-417f-aca5-bcc3a2822631 ] Request (ServerActionsV293TestJSON:setUpClass): 200 GET http://10.180.1.21/volume/v3/volumes/16adfe1c-5aed-4970-a380-b997317b09b0 0.027s
2025-04-03 10:38:33.398 69828 INFO tempest.lib.common.rest_client [req-0644f10e-3dd9-49ac-b39c-e9624d8c90bc req-0644f10e-3dd9-49ac-b39c-e9624d8c90bc ] Request (ListImageFiltersTestJSON:tearDownClass): 200 GET http://10.180.1.21/compute/v2.1/servers/abdf466d-cf63-4a7d-a9de-dc1c68e6d9bf 0.119s
2025-04-03 10:38:33.475 69866 INFO tempest.lib.common.rest_client [req-1eb53ab3-6ec7-4b49-bc39-c4bee232e080 req-1eb53ab3-6ec7-4b49-bc39-c4bee232e080 ] Request (FloatingIPsAssociationTestJSON:test_associate_already_associated_floating_ip): 200 GET http://10.180.1.21/compute/v2.1/servers/96c862da-b830-47ef-aed7-4faa84c970b9 0.085s
2025-04-03 10:38:33.593 69874 INFO tempest.lib.common.rest_client [req-2f80ab38-1b89-45c1-b39b-f749e6925e45 req-2f80ab38-1b89-45c1-b39b-f749e6925e45 ] Request (ImagesOneServerTestJSON:tearDownClass): 200 GET http://10.180.1.21/compute/v2.1/servers/9fbdeceb-931d-4f57-aaab-b38610875157 0.052s
2025-04-03 10:38:33.627 69830 WARNING tempest.lib.common.ssh [-] Failed to establish authenticated ssh connection to cirros@10.180.180.129 ([Errno None] Unable to connect to port 22 on 10.180.180.129). Number attempts: 3. Retry after 4 seconds.: paramiko.ssh_exception.NoValidConnectionsError: [Errno None] Unable to connect to port 22 on 10.180.180.129
2025-04-03 10:38:33.663 69864 INFO tempest.lib.common.rest_client [req-fd8e6bb7-d4fa-4542-92b2-f998ed5cfd82 req-fd8e6bb7-d4fa-4542-92b2-f998ed5cfd82 ] Request (ServersAdminTestJSON:test_create_server_with_scheduling_hint): 200 GET http://10.180.1.21/compute/v2.1/servers/da8f860b-8dbe-48fa-a1e1-a151640780c6 0.064s
2025-04-03 10:38:33.729 69838 INFO tempest.lib.common.rest_client [req-5e94566a-b5f1-4985-90d2-7bfae1884433 req-5e94566a-b5f1-4985-90d2-7bfae1884433 ] Request (ImagesOneServerNegativeTestJSON:_run_cleanups): 200 GET http://10.180.1.21/compute/v2.1/servers/db5619bb-270c-460e-8efe-41dfcded358a 0.067s
2025-04-03 10:38:33.792 69857 INFO tempest.lib.common.rest_client [req-d24240c1-6867-486b-9b87-ffa5016c7d6d req-d24240c1-6867-486b-9b87-ffa5016c7d6d ] Request (ServerDiskConfigTestJSON:test_rebuild_server_with_auto_disk_config): 200 GET http://10.180.1.21/compute/v2.1/servers/d7e83c49-723d-4b08-97be-300eb257f91e 0.085s
2025-04-03 10:38:33.796 69882 INFO tempest.lib.common.rest_client [req-c90acbe6-bf1e-416b-a35f-96353ed128ca req-c90acbe6-bf1e-416b-a35f-96353ed128ca ] Request (ServerActionsTestJSON:setUpClass): 200 GET http://10.180.1.21/compute/v2.1/servers/8d13982f-a851-4b56-aa16-c08776b0f61b 0.154s
2025-04-03 10:38:33.848 69879 INFO tempest.lib.common.rest_client [req-ffee31c1-49ef-4be3-a36a-0c54263a26ab req-ffee31c1-49ef-4be3-a36a-0c54263a26ab ] Request (ImagesTestJSON:test_create_server_from_snapshot): 200 GET http://10.180.1.21/compute/v2.1/servers/5c1c011a-cb40-4576-aadd-f2e2c09706e7 0.082s
2025-04-03 10:38:33.902 69824 INFO tempest.lib.common.rest_client [req-9b04e3c2-1bb5-486f-bd87-06cdbd22af83 req-9b04e3c2-1bb5-486f-bd87-06cdbd22af83 ] Request (ListServersNegativeTestJSON:setUpClass): 200 GET http://10.180.1.21/compute/v2.1/servers/7f81370f-e4e9-4ce9-8777-cb1256604808 0.090s
2025-04-03 10:38:33.961 69884 INFO tempest.lib.common.rest_client [req-305bfb51-0f84-4f56-ac92-cb66e2b92d44 req-305bfb51-0f84-4f56-ac92-cb66e2b92d44 ] Request (ServersWithSpecificFlavorTestJSON:test_verify_created_server_ephemeral_disk): 200 GET http://10.180.1.21/compute/v2.1/servers/a2f033d3-5efd-44f6-95b9-89e91f113c8b 0.105s
2025-04-03 10:38:33.993 69844 INFO tempest.lib.common.rest_client [req-6f357e6a-9224-4ded-8087-071ba4088449 req-6f357e6a-9224-4ded-8087-071ba4088449 ] Request (SecurityGroupsTestJSON:test_server_security_groups): 200 GET http://10.180.1.21/compute/v2.1/servers/51dc5901-e644-458f-820c-52a0b3711c3d 0.233s
2025-04-03 10:38:34.004 69844 INFO tempest.common.waiters [-] State transition "HARD_REBOOT/rebooting_hard" ==> "HARD_REBOOT/reboot_pending_hard" after 4 second wait
2025-04-03 10:38:34.022 69870 INFO tempest.lib.common.rest_client [req-357dea4d-3f95-4032-aa96-2f0e4a955b04 req-357dea4d-3f95-4032-aa96-2f0e4a955b04 ] Request (MultipleCreateTestJSON:test_multiple_create_with_reservation_return): 200 GET http://10.180.1.21/compute/v2.1/servers/9615573d-9b6e-4532-827f-374ad484eb19 0.108s
2025-04-03 10:38:34.081 69852 INFO tempest.lib.common.rest_client [req-8d8f1253-cf68-4007-8961-8420dc5288e0 req-8d8f1253-cf68-4007-8961-8420dc5288e0 ] Request (DeleteServersAdminTestJSON:test_delete_server_while_in_error_state): 200 GET http://10.180.1.21/compute/v2.1/servers/eaadf005-0757-427a-8dc4-2ab33e8e75e9 0.090s
2025-04-03 10:38:34.137 69840 INFO tempest.lib.common.rest_client [req-45850d9a-f7f6-4eb2-90a4-897ce2fc3f3c req-45850d9a-f7f6-4eb2-90a4-897ce2fc3f3c ] Request (MigrationsAdminTest:test_resize_server_revert_deleted_flavor): 200 GET http://10.180.1.21/compute/v2.1/servers/7048c4aa-f136-415f-99d0-7e4361ecfbb7 0.102s
2025-04-03 10:38:34.185 69836 INFO tempest.lib.common.rest_client [req-b9acd95a-2c21-465b-9a3f-0309988cbad7 req-b9acd95a-2c21-465b-9a3f-0309988cbad7 ] Request (ServersTestMultiNic:test_verify_duplicate_network_nics): 200 GET http://10.180.1.21/compute/v2.1/servers/c7269b00-2769-4ef1-baba-ddd097bfaaec 0.171s
2025-04-03 10:38:34.217 69850 INFO tempest.lib.common.rest_client [req-ebad146f-0e4b-4e8a-ad2d-484d1b4e5499 req-ebad146f-0e4b-4e8a-ad2d-484d1b4e5499 ] Request (ServersTestJSON:setUpClass): 200 GET http://10.180.1.21/compute/v2.1/servers/01467b61-eca8-40f8-afe1-9fa5c944709f 0.143s
2025-04-03 10:38:34.397 69832 INFO tempest.lib.common.rest_client [req-c953ba95-ef6e-41b8-a14b-bf80f87a39ab req-c953ba95-ef6e-41b8-a14b-bf80f87a39ab ] Request (ServerActionsV293TestJSON:setUpClass): 200 GET http://10.180.1.21/volume/v3/volumes/16adfe1c-5aed-4970-a380-b997317b09b0 0.033s
2025-04-03 10:38:34.419 69834 INFO tempest.lib.common.rest_client [req-fd9bb8bc-4d56-4eda-ab65-2caecd25c486 req-fd9bb8bc-4d56-4eda-ab65-2caecd25c486 ] Request (ServersAdminNegativeTestJSON:test_migrate_server_invalid_state): 200 GET http://10.180.1.21/compute/v2.1/servers/cb1be988-3e06-4c56-b271-81bd11a7921a 0.060s
2025-04-03 10:38:34.611 69828 INFO tempest.lib.common.rest_client [req-06bc2136-400f-4df1-a59d-a9420681956e req-06bc2136-400f-4df1-a59d-a9420681956e ] Request (ListImageFiltersTestJSON:tearDownClass): 200 GET http://10.180.1.21/compute/v2.1/servers/abdf466d-cf63-4a7d-a9de-dc1c68e6d9bf 0.205s
2025-04-03 10:38:34.637 69866 INFO tempest.lib.common.rest_client [req-58668ee7-d097-43f9-9085-4a5a65b83754 req-58668ee7-d097-43f9-9085-4a5a65b83754 ] Request (FloatingIPsAssociationTestJSON:test_associate_already_associated_floating_ip): 200 GET http://10.180.1.21/compute/v2.1/servers/96c862da-b830-47ef-aed7-4faa84c970b9 0.153s
2025-04-03 10:38:34.650 69874 INFO tempest.lib.common.rest_client [req-2c529c4f-28d3-434f-84ba-a91e29a29fc4 req-2c529c4f-28d3-434f-84ba-a91e29a29fc4 ] Request (ImagesOneServerTestJSON:tearDownClass): 404 GET http://10.180.1.21/compute/v2.1/servers/9fbdeceb-931d-4f57-aaab-b38610875157 0.049s
2025-04-03 10:38:34.749 69864 INFO tempest.lib.common.rest_client [req-f24e1d9c-fab3-44d8-a395-f4cf86897977 req-f24e1d9c-fab3-44d8-a395-f4cf86897977 ] Request (ServersAdminTestJSON:test_create_server_with_scheduling_hint): 200 GET http://10.180.1.21/compute/v2.1/servers/da8f860b-8dbe-48fa-a1e1-a151640780c6 0.076s
2025-04-03 10:38:34.884 69857 INFO tempest.lib.common.rest_client [req-4a780d17-5264-4835-aca8-ef3d51425de9 req-4a780d17-5264-4835-aca8-ef3d51425de9 ] Request (ServerDiskConfigTestJSON:test_rebuild_server_with_auto_disk_config): 200 GET http://10.180.1.21/compute/v2.1/servers/d7e83c49-723d-4b08-97be-300eb257f91e 0.083s
2025-04-03 10:38:34.974 69882 INFO tempest.lib.common.rest_client [req-7c3dba90-4095-4a73-8b92-baeda8645ba7 req-7c3dba90-4095-4a73-8b92-baeda8645ba7 ] Request (ServerActionsTestJSON:setUpClass): 200 GET http://10.180.1.21/compute/v2.1/servers/8d13982f-a851-4b56-aa16-c08776b0f61b 0.170s
2025-04-03 10:38:34.984 69838 INFO tempest.lib.common.rest_client [req-19c73743-b91a-48d6-819e-1cb5f495226e req-19c73743-b91a-48d6-819e-1cb5f495226e ] Request (ImagesOneServerNegativeTestJSON:_run_cleanups): 200 GET http://10.180.1.21/compute/v2.1/servers/db5619bb-270c-460e-8efe-41dfcded358a 0.242s
2025-04-03 10:38:35.020 69879 INFO tempest.lib.common.rest_client [req-e4a9e034-91db-4eee-bcd7-973b2c98b93b req-e4a9e034-91db-4eee-bcd7-973b2c98b93b ] Request (ImagesTestJSON:test_create_server_from_snapshot): 200 GET http://10.180.1.21/compute/v2.1/servers/5c1c011a-cb40-4576-aadd-f2e2c09706e7 0.163s
2025-04-03 10:38:35.062 69824 INFO tempest.lib.common.rest_client [req-8d8f6933-349b-4c5f-9008-27f0c3a2a9ca req-8d8f6933-349b-4c5f-9008-27f0c3a2a9ca ] Request (ListServersNegativeTestJSON:setUpClass): 200 GET http://10.180.1.21/compute/v2.1/servers/7f81370f-e4e9-4ce9-8777-cb1256604808 0.151s
2025-04-03 10:38:35.074 69884 INFO tempest.lib.common.rest_client [req-884dd3f6-da98-41b3-9062-00dc4d75d78c req-884dd3f6-da98-41b3-9062-00dc4d75d78c ] Request (ServersWithSpecificFlavorTestJSON:test_verify_created_server_ephemeral_disk): 200 GET http://10.180.1.21/compute/v2.1/servers/a2f033d3-5efd-44f6-95b9-89e91f113c8b 0.105s
2025-04-03 10:38:35.141 69870 INFO tempest.lib.common.rest_client [req-ef196d05-0dab-4c07-a6e3-9ec03af1a54e req-ef196d05-0dab-4c07-a6e3-9ec03af1a54e ] Request (MultipleCreateTestJSON:test_multiple_create_with_reservation_return): 200 GET http://10.180.1.21/compute/v2.1/servers/9615573d-9b6e-4532-827f-374ad484eb19 0.111s
2025-04-03 10:38:35.206 69852 INFO tempest.lib.common.rest_client [req-a08afaf9-292e-4157-959b-b23ae60001e4 req-a08afaf9-292e-4157-959b-b23ae60001e4 ] Request (DeleteServersAdminTestJSON:test_delete_server_while_in_error_state): 200 GET http://10.180.1.21/compute/v2.1/servers/eaadf005-0757-427a-8dc4-2ab33e8e75e9 0.116s
2025-04-03 10:38:35.255 69840 INFO tempest.lib.common.rest_client [req-233dca33-5f69-4cb5-a546-60b0cdc84a36 req-233dca33-5f69-4cb5-a546-60b0cdc84a36 ] Request (MigrationsAdminTest:test_resize_server_revert_deleted_flavor): 200 GET http://10.180.1.21/compute/v2.1/servers/7048c4aa-f136-415f-99d0-7e4361ecfbb7 0.108s
2025-04-03 10:38:35.265 69844 INFO tempest.lib.common.rest_client [req-80be43b0-0ffc-4639-b71f-b6f58a34ae41 req-80be43b0-0ffc-4639-b71f-b6f58a34ae41 ] Request (SecurityGroupsTestJSON:test_server_security_groups): 200 GET http://10.180.1.21/compute/v2.1/servers/51dc5901-e644-458f-820c-52a0b3711c3d 0.260s
2025-04-03 10:38:35.272 69844 INFO tempest.common.waiters [-] State transition "HARD_REBOOT/reboot_pending_hard" ==> "ACTIVE/None" after 5 second wait
2025-04-03 10:38:35.327 69850 INFO tempest.lib.common.rest_client [req-eb1803eb-f9bd-4143-9bb6-30cdbba7b619 req-eb1803eb-f9bd-4143-9bb6-30cdbba7b619 ] Request (ServersTestJSON:setUpClass): 200 GET http://10.180.1.21/compute/v2.1/servers/01467b61-eca8-40f8-afe1-9fa5c944709f 0.102s
2025-04-03 10:38:35.354 69836 INFO tempest.lib.common.rest_client [req-b5913e8b-1692-4008-aa90-892698adbfa0 req-b5913e8b-1692-4008-aa90-892698adbfa0 ] Request (ServersTestMultiNic:test_verify_duplicate_network_nics): 200 GET http://10.180.1.21/compute/v2.1/servers/c7269b00-2769-4ef1-baba-ddd097bfaaec 0.160s
2025-04-03 10:38:35.433 69832 INFO tempest.lib.common.rest_client [req-b631b74f-e35f-40de-8e57-23cf76a0f06f req-b631b74f-e35f-40de-8e57-23cf76a0f06f ] Request (ServerActionsV293TestJSON:setUpClass): 200 GET http://10.180.1.21/volume/v3/volumes/16adfe1c-5aed-4970-a380-b997317b09b0 0.027s
2025-04-03 10:38:35.479 69834 INFO tempest.lib.common.rest_client [req-24be8424-f29f-4901-af04-24ac5253ac4c req-24be8424-f29f-4901-af04-24ac5253ac4c ] Request (ServersAdminNegativeTestJSON:test_migrate_server_invalid_state): 200 GET http://10.180.1.21/compute/v2.1/servers/cb1be988-3e06-4c56-b271-81bd11a7921a 0.050s
2025-04-03 10:38:35.683 69828 INFO tempest.lib.common.rest_client [req-f5a83b34-07c6-486b-957b-2bba5fc54972 req-f5a83b34-07c6-486b-957b-2bba5fc54972 ] Request (ListImageFiltersTestJSON:tearDownClass): 200 GET http://10.180.1.21/compute/v2.1/servers/abdf466d-cf63-4a7d-a9de-dc1c68e6d9bf 0.059s
2025-04-03 10:38:35.691 69828 INFO tempest.common.waiters [-] State transition "ACTIVE/deleting" ==> "DELETED/None" after 3 second wait
2025-04-03 10:38:35.808 69844 INFO tempest.lib.common.rest_client [req-40790826-4f5e-4038-99cc-02469d77208e req-40790826-4f5e-4038-99cc-02469d77208e ] Request (SecurityGroupsTestJSON:test_server_security_groups): 202 POST http://10.180.1.21/compute/v2.1/servers/51dc5901-e644-458f-820c-52a0b3711c3d/action 0.536s
2025-04-03 10:38:35.824 69866 INFO tempest.lib.common.rest_client [req-aff44dda-8058-44de-8a48-627a20fc6814 req-aff44dda-8058-44de-8a48-627a20fc6814 ] Request (FloatingIPsAssociationTestJSON:test_associate_already_associated_floating_ip): 200 GET http://10.180.1.21/compute/v2.1/servers/96c862da-b830-47ef-aed7-4faa84c970b9 0.179s
2025-04-03 10:38:35.872 69864 INFO tempest.lib.common.rest_client [req-543f7b11-0cfc-4d40-855f-101c9098a4af req-543f7b11-0cfc-4d40-855f-101c9098a4af ] Request (ServersAdminTestJSON:test_create_server_with_scheduling_hint): 200 GET http://10.180.1.21/compute/v2.1/servers/da8f860b-8dbe-48fa-a1e1-a151640780c6 0.115s
2025-04-03 10:38:35.873 69844 INFO tempest.lib.common.rest_client [req-73f5e067-4810-4f37-8a1a-79bb31f76dda req-73f5e067-4810-4f37-8a1a-79bb31f76dda ] Request (SecurityGroupsTestJSON:test_server_security_groups): 400 DELETE http://10.180.1.21/compute/v2.1/os-security-groups/20c8da13-e4da-484e-9398-2fe76dfeb0fe 0.064s
2025-04-03 10:38:35.910 69886 WARNING tempest.lib.common.ssh [-] Failed to establish authenticated ssh connection to cirros@10.180.180.249 ([Errno None] Unable to connect to port 22 on 10.180.180.249). Number attempts: 8. Retry after 9 seconds.: paramiko.ssh_exception.NoValidConnectionsError: [Errno None] Unable to connect to port 22 on 10.180.180.249
2025-04-03 10:38:35.943 69857 INFO tempest.lib.common.rest_client [req-be6984fa-b8cd-456d-8503-e30c9a94e4d7 req-be6984fa-b8cd-456d-8503-e30c9a94e4d7 ] Request (ServerDiskConfigTestJSON:test_rebuild_server_with_auto_disk_config): 200 GET http://10.180.1.21/compute/v2.1/servers/d7e83c49-723d-4b08-97be-300eb257f91e 0.050s
2025-04-03 10:38:35.945 69844 INFO tempest.lib.common.rest_client [req-ff89a4ab-48d4-43c7-855d-86e8349599a2 req-ff89a4ab-48d4-43c7-855d-86e8349599a2 ] Request (SecurityGroupsTestJSON:test_server_security_groups): 204 DELETE http://10.180.1.21/compute/v2.1/servers/51dc5901-e644-458f-820c-52a0b3711c3d 0.072s
2025-04-03 10:38:35.980 69874 INFO tempest.lib.common.rest_client [req-80eccb15-115d-468d-92d8-1d055e062b1b req-80eccb15-115d-468d-92d8-1d055e062b1b ] Request (ImagesOneServerTestJSON:tearDownClass): 200 PUT http://10.180.1.21:9696/networking/v2.0/routers/1d5e21e1-423f-4a26-8e2d-7577d4dcdd12/remove_router_interface 1.329s
2025-04-03 10:38:36.065 69844 INFO tempest.lib.common.rest_client [req-4f3cf2a8-00da-4ce2-ae04-be43aaf9d48c req-4f3cf2a8-00da-4ce2-ae04-be43aaf9d48c ] Request (SecurityGroupsTestJSON:test_server_security_groups): 200 GET http://10.180.1.21/compute/v2.1/servers/51dc5901-e644-458f-820c-52a0b3711c3d 0.119s
2025-04-03 10:38:36.127 69838 INFO tempest.lib.common.rest_client [req-ebf0a5e6-e9a6-4c13-a360-bd1536f380fc req-ebf0a5e6-e9a6-4c13-a360-bd1536f380fc ] Request (ImagesOneServerNegativeTestJSON:_run_cleanups): 200 GET http://10.180.1.21/compute/v2.1/servers/db5619bb-270c-460e-8efe-41dfcded358a 0.134s
2025-04-03 10:38:36.142 69868 WARNING tempest.lib.common.ssh [-] Failed to establish authenticated ssh connection to cirros@10.180.180.169 ([Errno None] Unable to connect to port 22 on 10.180.180.169). Number attempts: 7. Retry after 8 seconds.: paramiko.ssh_exception.NoValidConnectionsError: [Errno None] Unable to connect to port 22 on 10.180.180.169
2025-04-03 10:38:36.165 69882 INFO tempest.lib.common.rest_client [req-816491bf-27da-4571-babc-1f265ac1712f req-816491bf-27da-4571-babc-1f265ac1712f ] Request (ServerActionsTestJSON:setUpClass): 200 GET http://10.180.1.21/compute/v2.1/servers/8d13982f-a851-4b56-aa16-c08776b0f61b 0.180s
2025-04-03 10:38:36.174 69882 INFO tempest.common.waiters [-] State transition "BUILD/spawning" ==> "ACTIVE/None" after 82 second wait
2025-04-03 10:38:36.191 69879 INFO tempest.lib.common.rest_client [req-84f7fe0d-2f67-498f-9e4a-814f4a7ecaa9 req-84f7fe0d-2f67-498f-9e4a-814f4a7ecaa9 ] Request (ImagesTestJSON:test_create_server_from_snapshot): 200 GET http://10.180.1.21/compute/v2.1/servers/5c1c011a-cb40-4576-aadd-f2e2c09706e7 0.157s
2025-04-03 10:38:36.243 69824 INFO tempest.lib.common.rest_client [req-564425bc-d65f-4f9d-abf6-92f11b313931 req-564425bc-d65f-4f9d-abf6-92f11b313931 ] Request (ListServersNegativeTestJSON:setUpClass): 200 GET http://10.180.1.21/compute/v2.1/servers/7f81370f-e4e9-4ce9-8777-cb1256604808 0.168s
2025-04-03 10:38:36.255 69884 INFO tempest.lib.common.rest_client [req-2259dbc0-557c-4c71-a144-bb66afe8765d req-2259dbc0-557c-4c71-a144-bb66afe8765d ] Request (ServersWithSpecificFlavorTestJSON:test_verify_created_server_ephemeral_disk): 200 GET http://10.180.1.21/compute/v2.1/servers/a2f033d3-5efd-44f6-95b9-89e91f113c8b 0.168s
2025-04-03 10:38:36.331 69870 INFO tempest.lib.common.rest_client [req-985a8327-b693-4dd1-a5b0-ddb7a3d4f2e6 req-985a8327-b693-4dd1-a5b0-ddb7a3d4f2e6 ] Request (MultipleCreateTestJSON:test_multiple_create_with_reservation_return): 200 GET http://10.180.1.21/compute/v2.1/servers/9615573d-9b6e-4532-827f-374ad484eb19 0.182s
2025-04-03 10:38:36.372 69882 INFO tempest.lib.common.rest_client [req-63eb306e-4509-49da-8ccf-168660143ffa req-63eb306e-4509-49da-8ccf-168660143ffa ] Request (ServerActionsTestJSON:setUpClass): 200 GET http://10.180.1.21/compute/v2.1/servers/8d13982f-a851-4b56-aa16-c08776b0f61b/os-interface 0.197s
2025-04-03 10:38:36.409 69852 INFO tempest.lib.common.rest_client [req-636b6723-674c-444c-b46a-36cb7cf2ff25 req-636b6723-674c-444c-b46a-36cb7cf2ff25 ] Request (DeleteServersAdminTestJSON:test_delete_server_while_in_error_state): 200 GET http://10.180.1.21/compute/v2.1/servers/eaadf005-0757-427a-8dc4-2ab33e8e75e9 0.195s
2025-04-03 10:38:36.452 69840 INFO tempest.lib.common.rest_client [req-611698c4-0afa-48ac-b1b6-a3ee3e248db1 req-611698c4-0afa-48ac-b1b6-a3ee3e248db1 ] Request (MigrationsAdminTest:test_resize_server_revert_deleted_flavor): 200 GET http://10.180.1.21/compute/v2.1/servers/7048c4aa-f136-415f-99d0-7e4361ecfbb7 0.182s
2025-04-03 10:38:36.477 69832 INFO tempest.lib.common.rest_client [req-3cad814d-319f-48a8-be81-82a7f10917d9 req-3cad814d-319f-48a8-be81-82a7f10917d9 ] Request (ServerActionsV293TestJSON:setUpClass): 200 GET http://10.180.1.21/volume/v3/volumes/16adfe1c-5aed-4970-a380-b997317b09b0 0.035s
2025-04-03 10:38:36.486 69850 INFO tempest.lib.common.rest_client [req-467de176-3c1c-47d6-8257-8650f7e340b3 req-467de176-3c1c-47d6-8257-8650f7e340b3 ] Request (ServersTestJSON:setUpClass): 200 GET http://10.180.1.21/compute/v2.1/servers/01467b61-eca8-40f8-afe1-9fa5c944709f 0.149s
2025-04-03 10:38:36.546 69874 INFO tempest.lib.common.rest_client [req-38cfe0fd-f93b-47e0-8fd8-94b1d3e9d04c req-38cfe0fd-f93b-47e0-8fd8-94b1d3e9d04c ] Request (ImagesOneServerTestJSON:tearDownClass): 204 DELETE http://10.180.1.21:9696/networking/v2.0/routers/1d5e21e1-423f-4a26-8e2d-7577d4dcdd12 0.565s
2025-04-03 10:38:36.555 69834 INFO tempest.lib.common.rest_client [req-7ab384fd-e216-4caa-a927-b3a61612c6bb req-7ab384fd-e216-4caa-a927-b3a61612c6bb ] Request (ServersAdminNegativeTestJSON:test_migrate_server_invalid_state): 200 GET http://10.180.1.21/compute/v2.1/servers/cb1be988-3e06-4c56-b271-81bd11a7921a 0.066s
2025-04-03 10:38:36.567 69836 INFO tempest.lib.common.rest_client [req-21a92808-536a-48f3-9ab7-7148b76ae271 req-21a92808-536a-48f3-9ab7-7148b76ae271 ] Request (ServersTestMultiNic:test_verify_duplicate_network_nics): 200 GET http://10.180.1.21/compute/v2.1/servers/c7269b00-2769-4ef1-baba-ddd097bfaaec 0.204s
2025-04-03 10:38:36.773 69874 INFO tempest.lib.common.rest_client [req-7ba03b2f-d197-4072-bf88-3f98f0f2e123 req-7ba03b2f-d197-4072-bf88-3f98f0f2e123 ] Request (ImagesOneServerTestJSON:tearDownClass): 204 DELETE http://10.180.1.21:9696/networking/v2.0/subnets/31f1326b-9c53-4406-83e2-cba0a2680d4e 0.227s
2025-04-03 10:38:36.787 69828 INFO tempest.lib.common.rest_client [req-f9ac4d64-897b-4d00-af7b-b3e6463f839a req-f9ac4d64-897b-4d00-af7b-b3e6463f839a ] Request (ListImageFiltersTestJSON:tearDownClass): 200 GET http://10.180.1.21/compute/v2.1/servers/abdf466d-cf63-4a7d-a9de-dc1c68e6d9bf 0.091s
2025-04-03 10:38:36.971 69864 INFO tempest.lib.common.rest_client [req-7b33b761-963c-4b4f-aabe-e3ad215a2775 req-7b33b761-963c-4b4f-aabe-e3ad215a2775 ] Request (ServersAdminTestJSON:test_create_server_with_scheduling_hint): 200 GET http://10.180.1.21/compute/v2.1/servers/da8f860b-8dbe-48fa-a1e1-a151640780c6 0.090s
2025-04-03 10:38:36.983 69864 INFO tempest.common.waiters [-] State transition "BUILD/None" ==> "BUILD/networking" after 65 second wait
2025-04-03 10:38:37.040 69862 WARNING tempest.lib.common.ssh [-] Failed to establish authenticated ssh connection to cirros@10.180.180.240 ([Errno None] Unable to connect to port 22 on 10.180.180.240). Number attempts: 12. Retry after 13 seconds.: paramiko.ssh_exception.NoValidConnectionsError: [Errno None] Unable to connect to port 22 on 10.180.180.240
2025-04-03 10:38:37.050 69857 INFO tempest.lib.common.rest_client [req-b6c1bd42-c902-4c46-ade4-7c6d3be40046 req-b6c1bd42-c902-4c46-ade4-7c6d3be40046 ] Request (ServerDiskConfigTestJSON:test_rebuild_server_with_auto_disk_config): 200 GET http://10.180.1.21/compute/v2.1/servers/d7e83c49-723d-4b08-97be-300eb257f91e 0.098s
2025-04-03 10:38:37.100 69880 WARNING tempest.lib.common.ssh [-] Failed to establish authenticated ssh connection to cirros@10.180.180.162 ([Errno None] Unable to connect to port 22 on 10.180.180.162). Number attempts: 6. Retry after 7 seconds.: paramiko.ssh_exception.NoValidConnectionsError: [Errno None] Unable to connect to port 22 on 10.180.180.162
2025-04-03 10:38:37.213 69844 INFO tempest.lib.common.rest_client [req-52093eeb-f176-45bb-84f6-5ac207bff7e7 req-52093eeb-f176-45bb-84f6-5ac207bff7e7 ] Request (SecurityGroupsTestJSON:test_server_security_groups): 200 GET http://10.180.1.21/compute/v2.1/servers/51dc5901-e644-458f-820c-52a0b3711c3d 0.140s
2025-04-03 10:38:37.230 69866 INFO tempest.lib.common.rest_client [req-318aca6d-ead8-4ffb-8f91-f978ea72cb0b req-318aca6d-ead8-4ffb-8f91-f978ea72cb0b ] Request (FloatingIPsAssociationTestJSON:test_associate_already_associated_floating_ip): 200 GET http://10.180.1.21/compute/v2.1/servers/96c862da-b830-47ef-aed7-4faa84c970b9 0.398s
2025-04-03 10:38:37.294 69838 INFO tempest.lib.common.rest_client [req-51559c45-46b8-468e-afea-110c9f71f12e req-51559c45-46b8-468e-afea-110c9f71f12e ] Request (ImagesOneServerNegativeTestJSON:_run_cleanups): 200 GET http://10.180.1.21/compute/v2.1/servers/db5619bb-270c-460e-8efe-41dfcded358a 0.153s
2025-04-03 10:38:37.308 69882 INFO tempest.lib.common.rest_client [req-682b96a8-1300-4f9e-b125-fe467e0bc2e4 req-682b96a8-1300-4f9e-b125-fe467e0bc2e4 ] Request (ServerActionsTestJSON:setUpClass): 200 PUT http://10.180.1.21:9696/networking/v2.0/floatingips/bf84ad5d-e0b2-4f8c-8ca2-e9ed116528a6 0.933s
2025-04-03 10:38:37.308 69879 INFO tempest.lib.common.rest_client [req-7b042fa2-2850-4f1b-8824-4ca7918a994f req-7b042fa2-2850-4f1b-8824-4ca7918a994f ] Request (ImagesTestJSON:test_create_server_from_snapshot): 200 GET http://10.180.1.21/compute/v2.1/servers/5c1c011a-cb40-4576-aadd-f2e2c09706e7 0.104s
2025-04-03 10:38:37.309 69882 INFO tempest.lib.common.ssh [-] Creating ssh connection to '10.180.180.179:22' as 'cirros' with public key authentication
2025-04-03 10:38:37.358 69824 INFO tempest.lib.common.rest_client [req-90119716-a919-457b-a12a-ab1de7ca2658 req-90119716-a919-457b-a12a-ab1de7ca2658 ] Request (ListServersNegativeTestJSON:setUpClass): 200 GET http://10.180.1.21/compute/v2.1/servers/7f81370f-e4e9-4ce9-8777-cb1256604808 0.102s
2025-04-03 10:38:37.378 69884 INFO tempest.lib.common.rest_client [req-4ceee670-80ef-4ac8-b741-60017c59e05c req-4ceee670-80ef-4ac8-b741-60017c59e05c ] Request (ServersWithSpecificFlavorTestJSON:test_verify_created_server_ephemeral_disk): 200 GET http://10.180.1.21/compute/v2.1/servers/a2f033d3-5efd-44f6-95b9-89e91f113c8b 0.113s
2025-04-03 10:38:37.420 69874 INFO tempest.lib.common.rest_client [req-084344a7-30ac-49ae-b872-2744d7d1e6f0 req-084344a7-30ac-49ae-b872-2744d7d1e6f0 ] Request (ImagesOneServerTestJSON:tearDownClass): 204 DELETE http://10.180.1.21:9696/networking/v2.0/networks/ee897c5a-62ac-4f24-8caa-a1dbf5ebfd28 0.646s
2025-04-03 10:38:37.435 69870 INFO tempest.lib.common.rest_client [req-339409fe-1032-462b-947c-eb2f035c5b37 req-339409fe-1032-462b-947c-eb2f035c5b37 ] Request (MultipleCreateTestJSON:test_multiple_create_with_reservation_return): 200 GET http://10.180.1.21/compute/v2.1/servers/9615573d-9b6e-4532-827f-374ad484eb19 0.088s
2025-04-03 10:38:37.515 69852 INFO tempest.lib.common.rest_client [req-c0cf1bbe-cc02-4767-8766-aa42ee623c36 req-c0cf1bbe-cc02-4767-8766-aa42ee623c36 ] Request (DeleteServersAdminTestJSON:test_delete_server_while_in_error_state): 200 GET http://10.180.1.21/compute/v2.1/servers/eaadf005-0757-427a-8dc4-2ab33e8e75e9 0.094s
2025-04-03 10:38:37.518 69840 INFO tempest.lib.common.rest_client [req-5b3a3335-83d1-4059-99c6-b9b8510e88c4 req-5b3a3335-83d1-4059-99c6-b9b8510e88c4 ] Request (MigrationsAdminTest:test_resize_server_revert_deleted_flavor): 200 GET http://10.180.1.21/compute/v2.1/servers/7048c4aa-f136-415f-99d0-7e4361ecfbb7 0.057s
2025-04-03 10:38:37.526 69832 INFO tempest.lib.common.rest_client [req-b0f9f8d7-3ddf-46ec-a93c-c50fac6640bc req-b0f9f8d7-3ddf-46ec-a93c-c50fac6640bc ] Request (ServerActionsV293TestJSON:setUpClass): 200 GET http://10.180.1.21/volume/v3/volumes/16adfe1c-5aed-4970-a380-b997317b09b0 0.038s
2025-04-03 10:38:37.530 69840 INFO tempest.common.waiters [-] State transition "BUILD/scheduling" ==> "BUILD/None" after 34 second wait
2025-04-03 10:38:37.559 69874 INFO tempest.lib.common.rest_client [req-3058b857-6535-49cd-9793-29577d3c4c11 req-3058b857-6535-49cd-9793-29577d3c4c11 ] Request (ImagesOneServerTestJSON:tearDownClass): 204 DELETE http://10.180.1.21/identity/v3/users/ee737f60e64949cf85aefd74f202267b 0.138s
2025-04-03 10:38:37.559 69874 INFO tempest.lib.common.dynamic_creds [-] Deleting project and security group for project: ad812be0dad14ec1b2de63841760995d
2025-04-03 10:38:37.587 69854 WARNING tempest.lib.common.ssh [-] Failed to establish authenticated ssh connection to cirros@10.180.180.231 ([Errno None] Unable to connect to port 22 on 10.180.180.231). Number attempts: 4. Retry after 5 seconds.: paramiko.ssh_exception.NoValidConnectionsError: [Errno None] Unable to connect to port 22 on 10.180.180.231
2025-04-03 10:38:37.595 69874 INFO tempest.lib.common.rest_client [req-ceb625b6-3a40-4feb-af8e-96c445ca8c62 req-ceb625b6-3a40-4feb-af8e-96c445ca8c62 ] Request (ImagesOneServerTestJSON:tearDownClass): 200 GET http://10.180.1.21:9696/networking/v2.0/security-groups?tenant_id=ad812be0dad14ec1b2de63841760995d&name=default 0.035s
2025-04-03 10:38:37.595 69850 INFO tempest.lib.common.rest_client [req-bff01f71-32ea-433a-b896-1626b7fa6bc5 req-bff01f71-32ea-433a-b896-1626b7fa6bc5 ] Request (ServersTestJSON:setUpClass): 200 GET http://10.180.1.21/compute/v2.1/servers/01467b61-eca8-40f8-afe1-9fa5c944709f 0.097s
2025-04-03 10:38:37.635 69834 INFO tempest.lib.common.rest_client [req-34da56dc-21de-4115-b4f7-ff85e78899a2 req-34da56dc-21de-4115-b4f7-ff85e78899a2 ] Request (ServersAdminNegativeTestJSON:test_migrate_server_invalid_state): 200 GET http://10.180.1.21/compute/v2.1/servers/cb1be988-3e06-4c56-b271-81bd11a7921a 0.067s
2025-04-03 10:38:37.697 69874 INFO tempest.lib.common.rest_client [req-196a649b-da3d-4996-867b-cfe4e775ec74 req-196a649b-da3d-4996-867b-cfe4e775ec74 ] Request (ImagesOneServerTestJSON:tearDownClass): 204 DELETE http://10.180.1.21:9696/networking/v2.0/security-groups/f140365e-2848-4938-ba34-06e4b21ec256 0.102s
2025-04-03 10:38:37.813 69836 INFO tempest.lib.common.rest_client [req-7ba794d1-7f9e-4c0b-ac5c-0c31e01ee433 req-7ba794d1-7f9e-4c0b-ac5c-0c31e01ee433 ] Request (ServersTestMultiNic:test_verify_duplicate_network_nics): 200 GET http://10.180.1.21/compute/v2.1/servers/c7269b00-2769-4ef1-baba-ddd097bfaaec 0.238s
2025-04-03 10:38:37.817 69874 INFO tempest.lib.common.rest_client [req-5f9b17a5-7373-4637-bd56-08f0145e5f53 req-5f9b17a5-7373-4637-bd56-08f0145e5f53 ] Request (ImagesOneServerTestJSON:tearDownClass): 204 DELETE http://10.180.1.21/identity/v3/projects/ad812be0dad14ec1b2de63841760995d 0.119s
2025-04-03 10:38:37.885 69828 INFO tempest.lib.common.rest_client [req-daac4bde-d8a5-45d8-a031-cd2cbf45b661 req-daac4bde-d8a5-45d8-a031-cd2cbf45b661 ] Request (ListImageFiltersTestJSON:tearDownClass): 200 GET http://10.180.1.21/compute/v2.1/servers/abdf466d-cf63-4a7d-a9de-dc1c68e6d9bf 0.090s
