2025-04-03 11:07:57.389 69445 INFO tempest.lib.common.dynamic_creds [-] Acquired dynamic creds: credentials: Credentials: {'domain_id': 'default', 'domain_name': 'Default', 'username': 'tempest-VolumesAdminNegativeTest-1959910758-project-member', 'project_domain_id': 'default', 'project_domain_name': 'Default', 'project_id': '308db5d289f54b24a504eb3d161d18b0', 'project_name': 'tempest-VolumesAdminNegativeTest-1959910758', 'tenant_id': '308db5d289f54b24a504eb3d161d18b0', 'tenant_name': 'tempest-VolumesAdminNegativeTest-1959910758', 'user_domain_id': 'default', 'user_domain_name': 'Default', 'user_id': '2dff039e22fe4e9580d6c722728a9efa', 'system': None}, Network: None, Subnet: None, Router: None
2025-04-03 11:07:57.397 69463 INFO tempest.lib.common.rest_client [req-620be1e6-8b8f-4a88-b891-a7ef15b801f9 req-620be1e6-8b8f-4a88-b891-a7ef15b801f9 ] Request (ServerAddressesNegativeTestJSON:setUpClass): 200 GET http://10.180.1.21/compute/v2.1/servers/428edf2e-d26a-4e01-ae66-669d2fe45fdc 0.057s
2025-04-03 11:07:57.417 69485 INFO tempest.lib.common.rest_client [req-6a568910-319b-497f-a773-663db3727159 req-6a568910-319b-497f-a773-663db3727159 ] Request (ServerShowV247Test:test_update_rebuild_list_server): 200 GET http://10.180.1.21/compute/v2.1/servers/ffc3165f-2ec7-4c31-b269-8f3abe31e071 0.054s
2025-04-03 11:07:57.441 69445 INFO tempest.lib.common.rest_client [req-10209c24-9c8e-4386-b826-dd48d6b1f04b req-10209c24-9c8e-4386-b826-dd48d6b1f04b ] Request (VolumesAdminNegativeTest:setUpClass): 201 POST http://10.180.1.21/identity/v3/auth/tokens 0.051s
2025-04-03 11:07:57.465 69459 INFO tempest.lib.common.rest_client [req-a6de5f86-4937-473e-a1fc-d0886e57bdd5 req-a6de5f86-4937-473e-a1fc-d0886e57bdd5 ] Request (FloatingIPsAssociationTestJSON:tearDownClass): 200 GET http://10.180.1.21/compute/v2.1/servers/bd392da0-64d6-4adf-a17d-7dd31958707d 0.053s
2025-04-03 11:07:57.467 69455 INFO tempest.lib.common.rest_client [req-d94246f3-8256-4082-8b80-faa7e56d27a9 req-d94246f3-8256-4082-8b80-faa7e56d27a9 ] Request (AttachInterfacesV270Test:test_create_get_list_interfaces): 200 GET http://10.180.1.21/compute/v2.1/servers/993cd28f-d6b8-427c-a41a-0e90cdbe37e3 0.051s
2025-04-03 11:07:57.516 69461 INFO tempest.lib.common.rest_client [req-ae8f6421-c36c-4a36-8dbc-d8d93f999b7a req-ae8f6421-c36c-4a36-8dbc-d8d93f999b7a ] Request (ServersTestBootFromVolume:setUpClass): 200 GET http://10.180.1.21/compute/v2.1/servers/e9bfd787-f99b-4fa0-9ae2-2d2071f3fbf2 0.058s
2025-04-03 11:07:57.518 69449 INFO tempest.lib.common.rest_client [req-c202a3fb-3947-4008-9fae-f7b8a176b0d6 req-c202a3fb-3947-4008-9fae-f7b8a176b0d6 ] Request (SecurityGroupsTestJSON:test_list_security_groups_by_server): 200 GET http://10.180.1.21/compute/v2.1/servers/1dd8eb3f-6434-4ad0-80f6-ab4c43e3e439 0.060s
2025-04-03 11:07:57.589 69507 INFO tempest.lib.common.rest_client [req-5c6ee5c1-da4f-4226-9812-b8c207e275c8 req-5c6ee5c1-da4f-4226-9812-b8c207e275c8 ] Request (ServersAdmin275Test:tearDownClass): 200 GET http://10.180.1.21/compute/v2.1/servers/dc28dceb-ec90-4b24-804a-b2bf31fcd959 0.064s
2025-04-03 11:07:57.659 69481 INFO tempest.lib.common.rest_client [req-6059ba92-6137-4d9d-9a9d-57a2e03f468a req-6059ba92-6137-4d9d-9a9d-57a2e03f468a ] Request (ImagesOneServerNegativeTestJSON:_run_cleanups): 200 GET http://10.180.1.21/compute/v2.1/servers/83bb977b-7bc8-44f6-9e4f-80e1e1126a7f 0.057s
2025-04-03 11:07:57.693 69497 INFO tempest.lib.common.rest_client [req-e64e2c14-9a81-4868-9ee1-d38e2e2026fd req-e64e2c14-9a81-4868-9ee1-d38e2e2026fd ] Request (ServerActionsTestOtherB:setUpClass): 200 GET http://10.180.1.21/compute/v2.1/servers/d8180779-0929-4896-b981-4f4985d091e9 0.054s
2025-04-03 11:07:57.694 69445 INFO tempest.lib.common.rest_client [req-a4281670-7526-4b53-92fc-7a121ac21f1d req-a4281670-7526-4b53-92fc-7a121ac21f1d ] Request (VolumesAdminNegativeTest:setUpClass): 201 POST http://10.180.1.21:9696/networking/v2.0/networks 0.253s
2025-04-03 11:07:57.836 69477 INFO tempest.lib.common.rest_client [req-125542b0-e01c-44a3-a830-eae265923229 req-125542b0-e01c-44a3-a830-eae265923229 ] Request (ListServersNegativeTestJSON:setUpClass): 200 GET http://10.180.1.21/compute/v2.1/servers/78fa9c07-d7d4-4157-ba56-224b1c1d1dfd 0.067s
2025-04-03 11:07:57.850 69489 INFO tempest.lib.common.rest_client [req-d9645dd8-b93c-4575-8cfb-84a11fad4459 req-d9645dd8-b93c-4575-8cfb-84a11fad4459 ] Request (MigrationsAdminTest:test_list_migrations_in_flavor_resize_situation): 200 GET http://10.180.1.21/compute/v2.1/servers/927ea571-50ec-4f5e-a5b8-fb0edf599adf 0.058s
2025-04-03 11:07:57.890 69465 INFO tempest.lib.common.rest_client [req-ae48822f-9dcf-40c2-abf9-b89822d50190 req-ae48822f-9dcf-40c2-abf9-b89822d50190 ] Request (DeleteServersTestJSON:test_delete_active_server): 200 GET http://10.180.1.21/compute/v2.1/servers/e8b09d88-5527-4c74-9db6-081da24373e8 0.062s
2025-04-03 11:07:57.912 69445 INFO tempest.lib.common.rest_client [req-bf46105f-25b2-4679-aaa6-a8026ef02d73 req-bf46105f-25b2-4679-aaa6-a8026ef02d73 ] Request (VolumesAdminNegativeTest:setUpClass): 201 POST http://10.180.1.21:9696/networking/v2.0/subnets 0.217s
2025-04-03 11:07:57.951 69495 INFO tempest.lib.common.rest_client [req-2734322a-1a90-4129-9825-01fa9147a0b0 req-2734322a-1a90-4129-9825-01fa9147a0b0 ] Request (ServerActionsTestJSON:setUpClass): 200 GET http://10.180.1.21/compute/v2.1/servers/ae4fca65-67fe-48c2-b1d7-90e957ef15fc 0.064s
2025-04-03 11:07:58.139 69479 INFO tempest.lib.common.rest_client [req-8babcb7c-7ebe-495f-87b2-a033e841d7c7 req-8babcb7c-7ebe-495f-87b2-a033e841d7c7 ] Request (ServerDiagnosticsNegativeTest:tearDownClass): 200 GET http://10.180.1.21/compute/v2.1/servers/fa29c571-2476-4217-b835-43af51cd645a 0.129s
2025-04-03 11:07:58.190 69487 INFO tempest.lib.common.rest_client [req-ab531aac-8ea6-4224-b64a-be651496a7ad req-ab531aac-8ea6-4224-b64a-be651496a7ad ] Request (DeleteServersAdminTestJSON:test_delete_server_while_in_error_state): 200 GET http://10.180.1.21/compute/v2.1/servers/43f2bf3a-8396-4a47-8184-ceb5e9343453 0.135s
2025-04-03 11:07:58.243 69447 INFO tempest.lib.common.rest_client [req-3f947b83-b71e-480b-b2e5-39ddaed25573 req-3f947b83-b71e-480b-b2e5-39ddaed25573 ] Request (ServersAdminNegativeTestJSON:test_migrate_server_invalid_state): 200 GET http://10.180.1.21/compute/v2.1/servers/f60780d7-d486-40a9-9868-226ff1a1beb0 0.126s
2025-04-03 11:07:58.246 69453 INFO tempest.lib.common.rest_client [req-2dfdf910-9969-420a-a625-493c25066e48 req-2dfdf910-9969-420a-a625-493c25066e48 ] Request (AttachVolumeTestJSON:test_attach_detach_volume): 200 GET http://10.180.1.21/compute/v2.1/servers/d59bc90a-d340-4e5f-b395-e320de617c16 0.270s
2025-04-03 11:07:58.301 69483 INFO tempest.lib.common.rest_client [req-3fc14121-8ee9-4353-a310-1965032071cc req-3fc14121-8ee9-4353-a310-1965032071cc ] Request (ImagesOneServerTestJSON:setUpClass): 200 GET http://10.180.1.21/compute/v2.1/servers/7d162860-00ee-4b0b-95f8-9632c4eabfad 0.180s
2025-04-03 11:07:58.309 69451 INFO tempest.lib.common.rest_client [req-ed0b0d5b-9858-4a9c-9df4-193585731320 req-ed0b0d5b-9858-4a9c-9df4-193585731320 ] Request (InstanceActionsTestJSON:setUpClass): 200 GET http://10.180.1.21/compute/v2.1/servers/20ac28fe-a75f-4538-a345-39e7872fad30 0.144s
2025-04-03 11:07:58.350 69491 INFO tempest.lib.common.rest_client [req-c85f6e4a-de4a-4513-be90-a7fc9a1b88fc req-c85f6e4a-de4a-4513-be90-a7fc9a1b88fc ] Request (ServerRescueTestJSON:setUpClass): 200 GET http://10.180.1.21/compute/v2.1/servers/cb9cea3a-dd62-46b9-82af-20c557fd1f1a 0.123s
2025-04-03 11:07:58.369 69457 INFO tempest.lib.common.rest_client [req-f831f318-df44-47f3-9981-431b214bee64 req-f831f318-df44-47f3-9981-431b214bee64 ] Request (ServersListShow298Test:test_list_show_update_rebuild_server_298): 200 GET http://10.180.1.21/compute/v2.1/servers/863b790c-aaa5-4d1b-912a-cb3672a2f5c0 0.136s
2025-04-03 11:07:58.397 69502 INFO tempest.lib.common.rest_client [req-cd51dd89-1527-424d-af01-155983e06f3f req-cd51dd89-1527-424d-af01-155983e06f3f ] Request (FloatingIPsAssociationNegativeTestJSON:tearDownClass): 404 GET http://10.180.1.21/compute/v2.1/servers/87995305-0f03-4676-addb-d78645b767f7 0.110s
2025-04-03 11:07:58.433 69503 INFO tempest.lib.common.rest_client [req-56d8c1d1-c0c7-4ebf-90ae-05c2fa515c96 req-56d8c1d1-c0c7-4ebf-90ae-05c2fa515c96 ] Request (ServerGroupTestJSON:test_create_server_with_scheduler_hint_group): 200 GET http://10.180.1.21/compute/v2.1/servers/ea8141ad-8ef4-4f36-a2d1-fec122122133 0.154s
2025-04-03 11:07:58.464 69471 INFO tempest.lib.common.rest_client [req-dd0b7b34-96ea-4bd0-a804-d23bce147ed7 req-dd0b7b34-96ea-4bd0-a804-d23bce147ed7 ] Request (MultipleCreateTestJSON:test_multiple_create_with_reservation_return): 200 GET http://10.180.1.21/compute/v2.1/servers/89811bdf-64e1-49b2-8c3e-97bcd6812c5b 0.140s
2025-04-03 11:07:58.483 69493 INFO tempest.lib.common.rest_client [req-563a38d3-0bb7-4cfb-a57c-a91000e77630 req-563a38d3-0bb7-4cfb-a57c-a91000e77630 ] Request (ServersAaction247Test:test_create_backup): 200 GET http://10.180.1.21/compute/v2.1/servers/53c3c1dd-93f7-42ea-b423-6be5de3db37d 0.144s
2025-04-03 11:07:58.515 69467 INFO tempest.lib.common.rest_client [req-d9588920-f44d-467d-8d76-684507976fcc req-d9588920-f44d-467d-8d76-684507976fcc ] Request (ServersTestMultiNic:test_verify_duplicate_network_nics): 200 GET http://10.180.1.21/compute/v2.1/servers/4166a211-8c3d-4e89-bf43-f134631eb018 0.138s
2025-04-03 11:07:58.537 69463 INFO tempest.lib.common.rest_client [req-b36494da-28f2-470e-9550-a65c6b9c37fe req-b36494da-28f2-470e-9550-a65c6b9c37fe ] Request (ServerAddressesNegativeTestJSON:setUpClass): 200 GET http://10.180.1.21/compute/v2.1/servers/428edf2e-d26a-4e01-ae66-669d2fe45fdc 0.132s
2025-04-03 11:07:58.566 69485 INFO tempest.lib.common.rest_client [req-8aa35198-8429-482c-ad71-ee9f367f29d9 req-8aa35198-8429-482c-ad71-ee9f367f29d9 ] Request (ServerShowV247Test:test_update_rebuild_list_server): 200 GET http://10.180.1.21/compute/v2.1/servers/ffc3165f-2ec7-4c31-b269-8f3abe31e071 0.137s
2025-04-03 11:07:58.605 69459 INFO tempest.lib.common.rest_client [req-80d7086d-2c0a-48e6-817d-b4c984a2868b req-80d7086d-2c0a-48e6-817d-b4c984a2868b ] Request (FloatingIPsAssociationTestJSON:tearDownClass): 200 GET http://10.180.1.21/compute/v2.1/servers/bd392da0-64d6-4adf-a17d-7dd31958707d 0.131s
2025-04-03 11:07:58.628 69455 INFO tempest.lib.common.rest_client [req-816ebbc1-bc57-4003-bfdb-ae7446378a07 req-816ebbc1-bc57-4003-bfdb-ae7446378a07 ] Request (AttachInterfacesV270Test:test_create_get_list_interfaces): 200 GET http://10.180.1.21/compute/v2.1/servers/993cd28f-d6b8-427c-a41a-0e90cdbe37e3 0.150s
2025-04-03 11:07:58.664 69449 INFO tempest.lib.common.rest_client [req-8f8aacdf-c593-41f8-b3d2-7f640f29c731 req-8f8aacdf-c593-41f8-b3d2-7f640f29c731 ] Request (SecurityGroupsTestJSON:test_list_security_groups_by_server): 200 GET http://10.180.1.21/compute/v2.1/servers/1dd8eb3f-6434-4ad0-80f6-ab4c43e3e439 0.136s
2025-04-03 11:07:58.678 69461 INFO tempest.lib.common.rest_client [req-6e455ef2-8624-410f-b99c-e458ff0d443c req-6e455ef2-8624-410f-b99c-e458ff0d443c ] Request (ServersTestBootFromVolume:setUpClass): 200 GET http://10.180.1.21/compute/v2.1/servers/e9bfd787-f99b-4fa0-9ae2-2d2071f3fbf2 0.151s
2025-04-03 11:07:58.750 69481 INFO tempest.lib.common.rest_client [req-2011aa43-42ae-4dbd-a871-afe87b8f0199 req-2011aa43-42ae-4dbd-a871-afe87b8f0199 ] Request (ImagesOneServerNegativeTestJSON:_run_cleanups): 200 GET http://10.180.1.21/compute/v2.1/servers/83bb977b-7bc8-44f6-9e4f-80e1e1126a7f 0.083s
2025-04-03 11:07:58.753 69507 INFO tempest.lib.common.rest_client [req-7aa7a01c-a876-42c7-bdd4-24e2e3090e62 req-7aa7a01c-a876-42c7-bdd4-24e2e3090e62 ] Request (ServersAdmin275Test:tearDownClass): 200 GET http://10.180.1.21/compute/v2.1/servers/dc28dceb-ec90-4b24-804a-b2bf31fcd959 0.153s
2025-04-03 11:07:58.803 69497 INFO tempest.lib.common.rest_client [req-5c985c8b-128d-4ae7-9afd-5dd616da99af req-5c985c8b-128d-4ae7-9afd-5dd616da99af ] Request (ServerActionsTestOtherB:setUpClass): 200 GET http://10.180.1.21/compute/v2.1/servers/d8180779-0929-4896-b981-4f4985d091e9 0.102s
2025-04-03 11:07:58.839 69445 INFO tempest.lib.common.rest_client [req-c8b453ce-c597-4779-b7b9-7b888f21326f req-c8b453ce-c597-4779-b7b9-7b888f21326f ] Request (VolumesAdminNegativeTest:setUpClass): 201 POST http://10.180.1.21:9696/networking/v2.0/routers 0.927s
2025-04-03 11:07:58.921 69489 INFO tempest.lib.common.rest_client [req-ac07fae8-1b4a-4595-b0a4-6486e53666ff req-ac07fae8-1b4a-4595-b0a4-6486e53666ff ] Request (MigrationsAdminTest:test_list_migrations_in_flavor_resize_situation): 200 GET http://10.180.1.21/compute/v2.1/servers/927ea571-50ec-4f5e-a5b8-fb0edf599adf 0.064s
2025-04-03 11:07:58.947 69477 INFO tempest.lib.common.rest_client [req-dc3cda85-5d97-4565-862f-a0634450ab24 req-dc3cda85-5d97-4565-862f-a0634450ab24 ] Request (ListServersNegativeTestJSON:setUpClass): 200 GET http://10.180.1.21/compute/v2.1/servers/78fa9c07-d7d4-4157-ba56-224b1c1d1dfd 0.099s
2025-04-03 11:07:58.983 69465 INFO tempest.lib.common.rest_client [req-4d12f4d8-fe3b-4931-be70-f1195e12db3f req-4d12f4d8-fe3b-4931-be70-f1195e12db3f ] Request (DeleteServersTestJSON:test_delete_active_server): 200 GET http://10.180.1.21/compute/v2.1/servers/e8b09d88-5527-4c74-9db6-081da24373e8 0.083s
2025-04-03 11:07:59.029 69495 INFO tempest.lib.common.rest_client [req-5cc46bee-3b51-43a5-9ffb-706c7e1a7384 req-5cc46bee-3b51-43a5-9ffb-706c7e1a7384 ] Request (ServerActionsTestJSON:setUpClass): 200 GET http://10.180.1.21/compute/v2.1/servers/ae4fca65-67fe-48c2-b1d7-90e957ef15fc 0.070s
2025-04-03 11:07:59.120 69502 INFO tempest.lib.common.rest_client [req-1700f366-8d04-4b1f-96a5-d0e9694bb0d3 req-1700f366-8d04-4b1f-96a5-d0e9694bb0d3 ] Request (FloatingIPsAssociationNegativeTestJSON:tearDownClass): 200 PUT http://10.180.1.21:9696/networking/v2.0/routers/282cacef-b7f9-4fad-ba05-ee0875427e23/remove_router_interface 0.722s
2025-04-03 11:07:59.204 69479 INFO tempest.lib.common.rest_client [req-5551ba6f-349c-4f0c-9a5d-c869e4073c52 req-5551ba6f-349c-4f0c-9a5d-c869e4073c52 ] Request (ServerDiagnosticsNegativeTest:tearDownClass): 200 GET http://10.180.1.21/compute/v2.1/servers/fa29c571-2476-4217-b835-43af51cd645a 0.056s
2025-04-03 11:07:59.250 69487 INFO tempest.lib.common.rest_client [req-ac674550-a3cb-4018-a639-be8e8cfec11b req-ac674550-a3cb-4018-a639-be8e8cfec11b ] Request (DeleteServersAdminTestJSON:test_delete_server_while_in_error_state): 200 GET http://10.180.1.21/compute/v2.1/servers/43f2bf3a-8396-4a47-8184-ceb5e9343453 0.052s
2025-04-03 11:07:59.320 69447 INFO tempest.lib.common.rest_client [req-76e33c35-f45c-46a0-8267-1a1ba0d538e8 req-76e33c35-f45c-46a0-8267-1a1ba0d538e8 ] Request (ServersAdminNegativeTestJSON:test_migrate_server_invalid_state): 200 GET http://10.180.1.21/compute/v2.1/servers/f60780d7-d486-40a9-9868-226ff1a1beb0 0.068s
2025-04-03 11:07:59.324 69453 INFO tempest.lib.common.rest_client [req-7aa34ccf-d3a4-4bca-b479-d89578e4d97a req-7aa34ccf-d3a4-4bca-b479-d89578e4d97a ] Request (AttachVolumeTestJSON:test_attach_detach_volume): 200 GET http://10.180.1.21/compute/v2.1/servers/d59bc90a-d340-4e5f-b395-e320de617c16 0.071s
2025-04-03 11:07:59.370 69483 INFO tempest.lib.common.rest_client [req-d99a1ca5-2626-4560-907b-d01220eb3355 req-d99a1ca5-2626-4560-907b-d01220eb3355 ] Request (ImagesOneServerTestJSON:setUpClass): 200 GET http://10.180.1.21/compute/v2.1/servers/7d162860-00ee-4b0b-95f8-9632c4eabfad 0.062s
2025-04-03 11:07:59.381 69451 INFO tempest.lib.common.rest_client [req-d132a6c6-3170-44e2-9fd1-cb89c04df90c req-d132a6c6-3170-44e2-9fd1-cb89c04df90c ] Request (InstanceActionsTestJSON:setUpClass): 200 GET http://10.180.1.21/compute/v2.1/servers/20ac28fe-a75f-4538-a345-39e7872fad30 0.065s
2025-04-03 11:07:59.425 69491 INFO tempest.lib.common.rest_client [req-eaaf82f6-703f-41ff-8624-ca5032de8ad2 req-eaaf82f6-703f-41ff-8624-ca5032de8ad2 ] Request (ServerRescueTestJSON:setUpClass): 200 GET http://10.180.1.21/compute/v2.1/servers/cb9cea3a-dd62-46b9-82af-20c557fd1f1a 0.062s
2025-04-03 11:07:59.447 69457 INFO tempest.lib.common.rest_client [req-9115f189-fe3c-429b-9ca9-b230982b6d1c req-9115f189-fe3c-429b-9ca9-b230982b6d1c ] Request (ServersListShow298Test:test_list_show_update_rebuild_server_298): 200 GET http://10.180.1.21/compute/v2.1/servers/863b790c-aaa5-4d1b-912a-cb3672a2f5c0 0.065s
2025-04-03 11:07:59.502 69502 INFO tempest.lib.common.rest_client [req-0bd1e71d-c271-40b4-ab7b-53d16eddeb72 req-0bd1e71d-c271-40b4-ab7b-53d16eddeb72 ] Request (FloatingIPsAssociationNegativeTestJSON:tearDownClass): 204 DELETE http://10.180.1.21:9696/networking/v2.0/routers/282cacef-b7f9-4fad-ba05-ee0875427e23 0.381s
2025-04-03 11:07:59.504 69503 INFO tempest.lib.common.rest_client [req-43fab523-431d-4955-aed0-a8d1dc59a0cc req-43fab523-431d-4955-aed0-a8d1dc59a0cc ] Request (ServerGroupTestJSON:test_create_server_with_scheduler_hint_group): 200 GET http://10.180.1.21/compute/v2.1/servers/ea8141ad-8ef4-4f36-a2d1-fec122122133 0.063s
2025-04-03 11:07:59.527 69471 INFO tempest.lib.common.rest_client [req-581ad790-d83f-4343-a4a7-77d2323071f1 req-581ad790-d83f-4343-a4a7-77d2323071f1 ] Request (MultipleCreateTestJSON:test_multiple_create_with_reservation_return): 200 GET http://10.180.1.21/compute/v2.1/servers/89811bdf-64e1-49b2-8c3e-97bcd6812c5b 0.056s
2025-04-03 11:07:59.561 69493 INFO tempest.lib.common.rest_client [req-292ed7af-78c3-461c-9fdc-b955c1b10446 req-292ed7af-78c3-461c-9fdc-b955c1b10446 ] Request (ServersAaction247Test:test_create_backup): 200 GET http://10.180.1.21/compute/v2.1/servers/53c3c1dd-93f7-42ea-b423-6be5de3db37d 0.065s
2025-04-03 11:07:59.576 69467 INFO tempest.lib.common.rest_client [req-c51c3598-7edf-4c14-8289-f7a37b1990ad req-c51c3598-7edf-4c14-8289-f7a37b1990ad ] Request (ServersTestMultiNic:test_verify_duplicate_network_nics): 200 GET http://10.180.1.21/compute/v2.1/servers/4166a211-8c3d-4e89-bf43-f134631eb018 0.053s
2025-04-03 11:07:59.625 69463 INFO tempest.lib.common.rest_client [req-bddf82a1-fe43-479c-856d-a933ae1177b4 req-bddf82a1-fe43-479c-856d-a933ae1177b4 ] Request (ServerAddressesNegativeTestJSON:setUpClass): 200 GET http://10.180.1.21/compute/v2.1/servers/428edf2e-d26a-4e01-ae66-669d2fe45fdc 0.079s
2025-04-03 11:07:59.635 69485 INFO tempest.lib.common.rest_client [req-23530fa4-dcd6-44c3-8643-6e418b5ad9f5 req-23530fa4-dcd6-44c3-8643-6e418b5ad9f5 ] Request (ServerShowV247Test:test_update_rebuild_list_server): 200 GET http://10.180.1.21/compute/v2.1/servers/ffc3165f-2ec7-4c31-b269-8f3abe31e071 0.059s
2025-04-03 11:07:59.678 69502 INFO tempest.lib.common.rest_client [req-ef51fbcf-85d9-4fae-8998-01fd31f14dda req-ef51fbcf-85d9-4fae-8998-01fd31f14dda ] Request (FloatingIPsAssociationNegativeTestJSON:tearDownClass): 204 DELETE http://10.180.1.21:9696/networking/v2.0/subnets/4c351368-bba1-4e17-97d1-eff05d61271d 0.176s
2025-04-03 11:07:59.680 69445 INFO tempest.lib.common.rest_client [req-7c482f75-93cc-486d-940b-f5b526618a59 req-7c482f75-93cc-486d-940b-f5b526618a59 ] Request (VolumesAdminNegativeTest:setUpClass): 200 PUT http://10.180.1.21:9696/networking/v2.0/routers/be0d43a1-4c02-4a16-aadd-8ae847b7467b/add_router_interface 0.840s
2025-04-03 11:07:59.680 69445 INFO tempest.lib.common.dynamic_creds [-] Created isolated network resources for: credentials: Credentials: {'domain_id': 'default', 'domain_name': 'Default', 'username': 'tempest-VolumesAdminNegativeTest-1959910758-project-member', 'project_domain_id': 'default', 'project_domain_name': 'Default', 'project_id': '308db5d289f54b24a504eb3d161d18b0', 'project_name': 'tempest-VolumesAdminNegativeTest-1959910758', 'tenant_id': '308db5d289f54b24a504eb3d161d18b0', 'tenant_name': 'tempest-VolumesAdminNegativeTest-1959910758', 'user_domain_id': 'default', 'user_domain_name': 'Default', 'user_id': '2dff039e22fe4e9580d6c722728a9efa', 'system': None}, Network: {'id': 'a09bc819-8b89-4ef1-a214-c5fd3435085e', 'name': 'tempest-VolumesAdminNegativeTest-1961994272-network', 'tenant_id': '308db5d289f54b24a504eb3d161d18b0', 'admin_state_up': True, 'mtu': 8950, 'status': 'ACTIVE', 'subnets': [], 'shared': False, 'project_id': '308db5d289f54b24a504eb3d161d18b0', 'port_security_enabled': True, 'router:external': False, 'provider:network_type': 'vlan', 'provider:physical_network': 'default', 'provider:segmentation_id': 577, 'availability_zone_hints': [], 'availability_zones': [], 'ipv4_address_scope': None, 'ipv6_address_scope': None, 'description': '', 'tags': [], 'created_at': '2025-04-03T11:07:57Z', 'updated_at': '2025-04-03T11:07:57Z', 'revision_number': 1}, Subnet: {'id': '021b4cbb-e75d-43a9-838d-9430509a89c2', 'name': 'tempest-VolumesAdminNegativeTest-1961994272-subnet', 'tenant_id': '308db5d289f54b24a504eb3d161d18b0', 'network_id': 'a09bc819-8b89-4ef1-a214-c5fd3435085e', 'ip_version': 4, 'subnetpool_id': None, 'enable_dhcp': True, 'ipv6_ra_mode': None, 'ipv6_address_mode': None, 'gateway_ip': '192.168.128.1', 'cidr': '192.168.128.0/28', 'allocation_pools': [{'start': '192.168.128.2', 'end': '192.168.128.14'}], 'host_routes': [], 'dns_nameservers': [], 'description': '', 'router:external': False, 'service_types': [], 'tags': [], 'created_at': '2025-04-03T11:07:57Z', 'updated_at': '2025-04-03T11:07:57Z', 'revision_number': 0, 'project_id': '308db5d289f54b24a504eb3d161d18b0'}, Router: {'id': 'be0d43a1-4c02-4a16-aadd-8ae847b7467b', 'name': 'tempest-VolumesAdminNegativeTest-1961994272-router', 'tenant_id': '308db5d289f54b24a504eb3d161d18b0', 'admin_state_up': True, 'status': 'ACTIVE', 'external_gateway_info': {'network_id': 'd7b27c2a-33e0-4809-beeb-3e702b27e17f', 'external_fixed_ips': [{'subnet_id': 'd4319742-fa53-4226-8485-fdc8aa6ad57b', 'ip_address': '10.180.180.192'}], 'enable_snat': True}, 'description': '', 'availability_zones': [], 'distributed': False, 'ha': False, 'availability_zone_hints': [], 'routes': [], 'flavor_id': None, 'tags': [], 'created_at': '2025-04-03T11:07:57Z', 'updated_at': '2025-04-03T11:07:58Z', 'revision_number': 2, 'project_id': '308db5d289f54b24a504eb3d161d18b0'}
2025-04-03 11:07:59.714 69459 INFO tempest.lib.common.rest_client [req-f1325102-26e4-457c-9c72-b291904c02d5 req-f1325102-26e4-457c-9c72-b291904c02d5 ] Request (FloatingIPsAssociationTestJSON:tearDownClass): 200 GET http://10.180.1.21/compute/v2.1/servers/bd392da0-64d6-4adf-a17d-7dd31958707d 0.102s
2025-04-03 11:07:59.718 69455 INFO tempest.lib.common.rest_client [req-7859c838-819a-4823-aeb7-98e406cb0ca8 req-7859c838-819a-4823-aeb7-98e406cb0ca8 ] Request (AttachInterfacesV270Test:test_create_get_list_interfaces): 200 GET http://10.180.1.21/compute/v2.1/servers/993cd28f-d6b8-427c-a41a-0e90cdbe37e3 0.074s
2025-04-03 11:07:59.769 69445 INFO tempest.lib.common.rest_client [req-9cabd564-6805-4328-a298-8193349c7421 req-9cabd564-6805-4328-a298-8193349c7421 ] Request (VolumesAdminNegativeTest:setUpClass): 201 POST http://10.180.1.21/identity/v3/auth/tokens 0.086s
2025-04-03 11:07:59.775 69461 INFO tempest.lib.common.rest_client [req-b94f8c86-7443-42b4-85a3-6b1e4acf2fee req-b94f8c86-7443-42b4-85a3-6b1e4acf2fee ] Request (ServersTestBootFromVolume:setUpClass): 200 GET http://10.180.1.21/compute/v2.1/servers/e9bfd787-f99b-4fa0-9ae2-2d2071f3fbf2 0.089s
2025-04-03 11:07:59.776 69449 INFO tempest.lib.common.rest_client [req-3167306e-be56-43d3-88e4-0c5f32d803ba req-3167306e-be56-43d3-88e4-0c5f32d803ba ] Request (SecurityGroupsTestJSON:test_list_security_groups_by_server): 200 GET http://10.180.1.21/compute/v2.1/servers/1dd8eb3f-6434-4ad0-80f6-ab4c43e3e439 0.100s
2025-04-03 11:07:59.816 69445 INFO tempest.lib.common.rest_client [req-47a95cac-1047-4283-b783-0012d870ad76 req-47a95cac-1047-4283-b783-0012d870ad76 ] Request (VolumesAdminNegativeTest:setUpClass): 201 POST http://10.180.1.21/identity/v3/projects 0.046s
2025-04-03 11:07:59.839 69481 INFO tempest.lib.common.rest_client [req-39e4826e-cea8-4d93-a41a-8927e56cc18a req-39e4826e-cea8-4d93-a41a-8927e56cc18a ] Request (ImagesOneServerNegativeTestJSON:_run_cleanups): 200 GET http://10.180.1.21/compute/v2.1/servers/83bb977b-7bc8-44f6-9e4f-80e1e1126a7f 0.078s
2025-04-03 11:07:59.850 69507 INFO tempest.lib.common.rest_client [req-ce39238a-2162-4d61-b2f1-bc4ad3f3cdc9 req-ce39238a-2162-4d61-b2f1-bc4ad3f3cdc9 ] Request (ServersAdmin275Test:tearDownClass): 200 GET http://10.180.1.21/compute/v2.1/servers/dc28dceb-ec90-4b24-804a-b2bf31fcd959 0.080s
2025-04-03 11:07:59.887 69445 INFO tempest.lib.common.rest_client [req-7f689700-9303-4fd0-86cd-a4d6e1c6a7ff req-7f689700-9303-4fd0-86cd-a4d6e1c6a7ff ] Request (VolumesAdminNegativeTest:setUpClass): 201 POST http://10.180.1.21/identity/v3/users 0.071s
2025-04-03 11:07:59.896 69497 INFO tempest.lib.common.rest_client [req-7a6d9619-9c17-4c19-96c1-34d29c1be0ea req-7a6d9619-9c17-4c19-96c1-34d29c1be0ea ] Request (ServerActionsTestOtherB:setUpClass): 200 GET http://10.180.1.21/compute/v2.1/servers/d8180779-0929-4896-b981-4f4985d091e9 0.083s
2025-04-03 11:07:59.915 69445 INFO tempest.lib.common.rest_client [req-310878df-9dad-4fee-bf52-1dc3095a2c45 req-310878df-9dad-4fee-bf52-1dc3095a2c45 ] Request (VolumesAdminNegativeTest:setUpClass): 200 GET http://10.180.1.21/identity/v3/roles 0.027s
2025-04-03 11:07:59.954 69445 INFO tempest.lib.common.rest_client [req-26f5e681-0bcc-4557-9f40-261e580a7a7e req-26f5e681-0bcc-4557-9f40-261e580a7a7e ] Request (VolumesAdminNegativeTest:setUpClass): 204 PUT http://10.180.1.21/identity/v3/projects/99ba4069219743d98878ef601015d85b/users/e791d8e8ccc84de38e3c6cb1fecbe8b1/roles/10a129a942aa4c888a04261a8a793dab 0.039s
2025-04-03 11:07:59.989 69502 INFO tempest.lib.common.rest_client [req-985e924f-c5df-4367-9441-071775a54053 req-985e924f-c5df-4367-9441-071775a54053 ] Request (FloatingIPsAssociationNegativeTestJSON:tearDownClass): 204 DELETE http://10.180.1.21:9696/networking/v2.0/networks/4909476d-e988-4491-b8fb-95d705dbd998 0.311s
2025-04-03 11:08:00.012 69445 INFO tempest.lib.common.rest_client [req-981f9def-db6d-42cb-be4d-f7163de3ffd3 req-981f9def-db6d-42cb-be4d-f7163de3ffd3 ] Request (VolumesAdminNegativeTest:setUpClass): 200 GET http://10.180.1.21/identity/v3/roles 0.057s
2025-04-03 11:08:00.017 69489 INFO tempest.lib.common.rest_client [req-ea44892e-84eb-4b0e-8c5b-2e1754e02f71 req-ea44892e-84eb-4b0e-8c5b-2e1754e02f71 ] Request (MigrationsAdminTest:test_list_migrations_in_flavor_resize_situation): 200 GET http://10.180.1.21/compute/v2.1/servers/927ea571-50ec-4f5e-a5b8-fb0edf599adf 0.085s
2025-04-03 11:08:00.032 69445 INFO tempest.lib.common.rest_client [req-943f5153-bb2f-4141-9f36-fc6e4c2fe5c2 req-943f5153-bb2f-4141-9f36-fc6e4c2fe5c2 ] Request (VolumesAdminNegativeTest:setUpClass): 204 PUT http://10.180.1.21/identity/v3/projects/99ba4069219743d98878ef601015d85b/users/e791d8e8ccc84de38e3c6cb1fecbe8b1/roles/10a129a942aa4c888a04261a8a793dab 0.019s
2025-04-03 11:08:00.032 69477 INFO tempest.lib.common.rest_client [req-f84f46d9-fe72-4b99-bad6-757483bedf78 req-f84f46d9-fe72-4b99-bad6-757483bedf78 ] Request (ListServersNegativeTestJSON:setUpClass): 200 GET http://10.180.1.21/compute/v2.1/servers/78fa9c07-d7d4-4157-ba56-224b1c1d1dfd 0.076s
2025-04-03 11:08:00.032 69445 INFO tempest.lib.common.dynamic_creds [-] Dynamic test user e791d8e8ccc84de38e3c6cb1fecbe8b1 is created with scope project and roles: ['admin']
2025-04-03 11:08:00.032 69445 INFO tempest.lib.common.dynamic_creds [-] Acquired dynamic creds: credentials: Credentials: {'domain_id': 'default', 'domain_name': 'Default', 'username': 'tempest-VolumesAdminNegativeTest-209677487-project-admin', 'project_domain_id': 'default', 'project_domain_name': 'Default', 'project_id': '99ba4069219743d98878ef601015d85b', 'project_name': 'tempest-VolumesAdminNegativeTest-209677487', 'tenant_id': '99ba4069219743d98878ef601015d85b', 'tenant_name': 'tempest-VolumesAdminNegativeTest-209677487', 'user_domain_id': 'default', 'user_domain_name': 'Default', 'user_id': 'e791d8e8ccc84de38e3c6cb1fecbe8b1', 'system': None}, Network: None, Subnet: None, Router: None
2025-04-03 11:08:00.073 69465 INFO tempest.lib.common.rest_client [req-b9d8af18-93b6-4c0f-8573-dec2a8b2b3ab req-b9d8af18-93b6-4c0f-8573-dec2a8b2b3ab ] Request (DeleteServersTestJSON:test_delete_active_server): 200 GET http://10.180.1.21/compute/v2.1/servers/e8b09d88-5527-4c74-9db6-081da24373e8 0.081s
2025-04-03 11:08:00.093 69502 INFO tempest.lib.common.rest_client [req-948053d8-26bb-4f0f-ae0f-ad3446b94215 req-948053d8-26bb-4f0f-ae0f-ad3446b94215 ] Request (FloatingIPsAssociationNegativeTestJSON:tearDownClass): 204 DELETE http://10.180.1.21/identity/v3/users/b536178792604235a293dd016ae97fd9 0.103s
2025-04-03 11:08:00.093 69502 INFO tempest.lib.common.dynamic_creds [-] Deleting project and security group for project: fe7d86f8fd2a4e7fad0ae5e66472d664
2025-04-03 11:08:00.102 69495 INFO tempest.lib.common.rest_client [req-3daa94e8-0f7b-42d8-a7cb-4293c53803a6 req-3daa94e8-0f7b-42d8-a7cb-4293c53803a6 ] Request (ServerActionsTestJSON:setUpClass): 200 GET http://10.180.1.21/compute/v2.1/servers/ae4fca65-67fe-48c2-b1d7-90e957ef15fc 0.065s
2025-04-03 11:08:00.120 69502 INFO tempest.lib.common.rest_client [req-48fac0e2-f2aa-4b7b-aae5-fe7832ebd477 req-48fac0e2-f2aa-4b7b-aae5-fe7832ebd477 ] Request (FloatingIPsAssociationNegativeTestJSON:tearDownClass): 200 GET http://10.180.1.21:9696/networking/v2.0/security-groups?tenant_id=fe7d86f8fd2a4e7fad0ae5e66472d664&name=default 0.027s
2025-04-03 11:08:00.195 69502 INFO tempest.lib.common.rest_client [req-1f347ac6-d8e9-4255-b660-30b40b310865 req-1f347ac6-d8e9-4255-b660-30b40b310865 ] Request (FloatingIPsAssociationNegativeTestJSON:tearDownClass): 204 DELETE http://10.180.1.21:9696/networking/v2.0/security-groups/a9fdaa23-2e99-422f-99f0-e19c217b5a1f 0.074s
2025-04-03 11:08:00.223 69445 INFO tempest.lib.common.rest_client [req-a4323d6a-d938-406d-8a76-dbb947b5f22d req-a4323d6a-d938-406d-8a76-dbb947b5f22d ] Request (VolumesAdminNegativeTest:setUpClass): 201 POST http://10.180.1.21:9696/networking/v2.0/networks 0.191s
2025-04-03 11:08:00.276 69479 INFO tempest.lib.common.rest_client [req-e3bdabe0-28c1-4fc7-ac57-9e4107131b05 req-e3bdabe0-28c1-4fc7-ac57-9e4107131b05 ] Request (ServerDiagnosticsNegativeTest:tearDownClass): 200 GET http://10.180.1.21/compute/v2.1/servers/fa29c571-2476-4217-b835-43af51cd645a 0.062s
2025-04-03 11:08:00.283 69479 INFO tempest.common.waiters [-] State transition "ACTIVE/deleting" ==> "DELETED/None" after 5 second wait
2025-04-03 11:08:00.318 69487 INFO tempest.lib.common.rest_client [req-f95d492b-7e2d-44e6-ac52-ed4c268122bc req-f95d492b-7e2d-44e6-ac52-ed4c268122bc ] Request (DeleteServersAdminTestJSON:test_delete_server_while_in_error_state): 200 GET http://10.180.1.21/compute/v2.1/servers/43f2bf3a-8396-4a47-8184-ceb5e9343453 0.057s
2025-04-03 11:08:00.354 69502 INFO tempest.lib.common.rest_client [req-d5b6845a-eda6-408f-a128-d96e7d00cf45 req-d5b6845a-eda6-408f-a128-d96e7d00cf45 ] Request (FloatingIPsAssociationNegativeTestJSON:tearDownClass): 204 DELETE http://10.180.1.21/identity/v3/projects/fe7d86f8fd2a4e7fad0ae5e66472d664 0.157s
2025-04-03 11:08:00.385 69453 INFO tempest.lib.common.rest_client [req-c21d9a50-be3d-4110-bc54-77e0acac6a43 req-c21d9a50-be3d-4110-bc54-77e0acac6a43 ] Request (AttachVolumeTestJSON:test_attach_detach_volume): 200 GET http://10.180.1.21/compute/v2.1/servers/d59bc90a-d340-4e5f-b395-e320de617c16 0.049s
2025-04-03 11:08:00.391 69447 INFO tempest.lib.common.rest_client [req-14fc73cb-b1d8-416e-89f8-bc279ee21c51 req-14fc73cb-b1d8-416e-89f8-bc279ee21c51 ] Request (ServersAdminNegativeTestJSON:test_migrate_server_invalid_state): 200 GET http://10.180.1.21/compute/v2.1/servers/f60780d7-d486-40a9-9868-226ff1a1beb0 0.062s
2025-04-03 11:08:00.393 69445 INFO tempest.lib.common.rest_client [req-aad0747c-3dfb-47de-b8df-78a76660e351 req-aad0747c-3dfb-47de-b8df-78a76660e351 ] Request (VolumesAdminNegativeTest:setUpClass): 201 POST http://10.180.1.21:9696/networking/v2.0/subnets 0.169s
2025-04-03 11:08:00.434 69502 INFO tempest.lib.common.rest_client [req-1f3573ba-4b44-4e3f-bc1b-36fb2b4ddafd req-1f3573ba-4b44-4e3f-bc1b-36fb2b4ddafd ] Request (ServerPasswordTestJSON:setUpClass): 201 POST http://10.180.1.21/identity/v3/auth/tokens 0.078s
2025-04-03 11:08:00.456 69483 INFO tempest.lib.common.rest_client [req-e8d8cacb-b5d2-4e54-a10b-ba0c63a6f7ea req-e8d8cacb-b5d2-4e54-a10b-ba0c63a6f7ea ] Request (ImagesOneServerTestJSON:setUpClass): 200 GET http://10.180.1.21/compute/v2.1/servers/7d162860-00ee-4b0b-95f8-9632c4eabfad 0.074s
2025-04-03 11:08:00.458 69451 INFO tempest.lib.common.rest_client [req-e57f1e0e-f55d-4966-8dba-049a35fb2f42 req-e57f1e0e-f55d-4966-8dba-049a35fb2f42 ] Request (InstanceActionsTestJSON:setUpClass): 200 GET http://10.180.1.21/compute/v2.1/servers/20ac28fe-a75f-4538-a345-39e7872fad30 0.064s
2025-04-03 11:08:00.479 69502 INFO tempest.lib.common.rest_client [req-96a88fc4-21ec-4f07-9e58-94fb91fe6de9 req-96a88fc4-21ec-4f07-9e58-94fb91fe6de9 ] Request (ServerPasswordTestJSON:setUpClass): 201 POST http://10.180.1.21/identity/v3/auth/tokens 0.038s
2025-04-03 11:08:00.503 69502 INFO tempest.lib.common.rest_client [req-e9905566-d59e-43e5-b375-85ef392dc510 req-e9905566-d59e-43e5-b375-85ef392dc510 ] Request (ServerPasswordTestJSON:setUpClass): 200 GET http://10.180.1.21/identity/v3/domains?name=Default 0.023s
2025-04-03 11:08:00.511 69491 INFO tempest.lib.common.rest_client [req-d2903fc2-e532-4276-990f-667be91e0615 req-d2903fc2-e532-4276-990f-667be91e0615 ] Request (ServerRescueTestJSON:setUpClass): 200 GET http://10.180.1.21/compute/v2.1/servers/cb9cea3a-dd62-46b9-82af-20c557fd1f1a 0.077s
2025-04-03 11:08:00.520 69491 INFO tempest.common.waiters [-] State transition "BUILD/None" ==> "BUILD/networking" after 49 second wait
2025-04-03 11:08:00.539 69502 INFO tempest.lib.common.rest_client [req-8cebca5d-2838-48f9-a3ba-10bfb3dd1ba5 req-8cebca5d-2838-48f9-a3ba-10bfb3dd1ba5 ] Request (ServerPasswordTestJSON:setUpClass): 201 POST http://10.180.1.21/identity/v3/projects 0.036s
2025-04-03 11:08:00.548 69457 INFO tempest.lib.common.rest_client [req-89011316-bdf3-4181-b744-4dbcc9e343f2 req-89011316-bdf3-4181-b744-4dbcc9e343f2 ] Request (ServersListShow298Test:test_list_show_update_rebuild_server_298): 200 GET http://10.180.1.21/compute/v2.1/servers/863b790c-aaa5-4d1b-912a-cb3672a2f5c0 0.083s
2025-04-03 11:08:00.572 69503 INFO tempest.lib.common.rest_client [req-d148bbe3-8cd0-4b2c-8c69-9bf51b3d6264 req-d148bbe3-8cd0-4b2c-8c69-9bf51b3d6264 ] Request (ServerGroupTestJSON:test_create_server_with_scheduler_hint_group): 200 GET http://10.180.1.21/compute/v2.1/servers/ea8141ad-8ef4-4f36-a2d1-fec122122133 0.059s
2025-04-03 11:08:00.602 69471 INFO tempest.lib.common.rest_client [req-1cbf34b0-6698-4ef0-8170-6134ec3bdc84 req-1cbf34b0-6698-4ef0-8170-6134ec3bdc84 ] Request (MultipleCreateTestJSON:test_multiple_create_with_reservation_return): 200 GET http://10.180.1.21/compute/v2.1/servers/89811bdf-64e1-49b2-8c3e-97bcd6812c5b 0.066s
2025-04-03 11:08:00.614 69502 INFO tempest.lib.common.rest_client [req-932e4b0c-a01d-4a63-aa13-f579c6d558a6 req-932e4b0c-a01d-4a63-aa13-f579c6d558a6 ] Request (ServerPasswordTestJSON:setUpClass): 201 POST http://10.180.1.21/identity/v3/users 0.075s
2025-04-03 11:08:00.627 69493 INFO tempest.lib.common.rest_client [req-4971d833-c0f4-463b-9d9e-78b52fdaf736 req-4971d833-c0f4-463b-9d9e-78b52fdaf736 ] Request (ServersAaction247Test:test_create_backup): 200 GET http://10.180.1.21/compute/v2.1/servers/53c3c1dd-93f7-42ea-b423-6be5de3db37d 0.053s
2025-04-03 11:08:00.636 69502 INFO tempest.lib.common.rest_client [req-23ed6b63-2878-41c4-97d9-eb470b9e1c01 req-23ed6b63-2878-41c4-97d9-eb470b9e1c01 ] Request (ServerPasswordTestJSON:setUpClass): 200 GET http://10.180.1.21/identity/v3/roles 0.021s
2025-04-03 11:08:00.655 69467 INFO tempest.lib.common.rest_client [req-988935e1-dd37-4fb6-9371-ca1028dab88c req-988935e1-dd37-4fb6-9371-ca1028dab88c ] Request (ServersTestMultiNic:test_verify_duplicate_network_nics): 200 GET http://10.180.1.21/compute/v2.1/servers/4166a211-8c3d-4e89-bf43-f134631eb018 0.070s
2025-04-03 11:08:00.673 69502 INFO tempest.lib.common.rest_client [req-599c8f80-ab70-4e15-8c09-dbc1b76b944a req-599c8f80-ab70-4e15-8c09-dbc1b76b944a ] Request (ServerPasswordTestJSON:setUpClass): 204 PUT http://10.180.1.21/identity/v3/projects/18ab4c8edc6843debc4933cfacbe8b8f/users/3d3c4cc945cd4d2385adf706da54a70b/roles/dcb24088e0004b4c91e3c0943d1c2bf1 0.037s
2025-04-03 11:08:00.674 69502 INFO tempest.lib.common.dynamic_creds [-] Dynamic test user 3d3c4cc945cd4d2385adf706da54a70b is created with scope project and roles: ['member']
2025-04-03 11:08:00.674 69502 INFO tempest.lib.common.dynamic_creds [-] Acquired dynamic creds: credentials: Credentials: {'domain_id': 'default', 'domain_name': 'Default', 'username': 'tempest-ServerPasswordTestJSON-18856832-project-member', 'project_domain_id': 'default', 'project_domain_name': 'Default', 'project_id': '18ab4c8edc6843debc4933cfacbe8b8f', 'project_name': 'tempest-ServerPasswordTestJSON-18856832', 'tenant_id': '18ab4c8edc6843debc4933cfacbe8b8f', 'tenant_name': 'tempest-ServerPasswordTestJSON-18856832', 'user_domain_id': 'default', 'user_domain_name': 'Default', 'user_id': '3d3c4cc945cd4d2385adf706da54a70b', 'system': None}, Network: None, Subnet: None, Router: None
2025-04-03 11:08:00.692 69463 INFO tempest.lib.common.rest_client [req-182f1c88-129e-4ede-ae18-d81417eddf24 req-182f1c88-129e-4ede-ae18-d81417eddf24 ] Request (ServerAddressesNegativeTestJSON:setUpClass): 200 GET http://10.180.1.21/compute/v2.1/servers/428edf2e-d26a-4e01-ae66-669d2fe45fdc 0.057s
2025-04-03 11:08:00.719 69485 INFO tempest.lib.common.rest_client [req-37e9ba67-8f28-41a5-bceb-46a2f85abc10 req-37e9ba67-8f28-41a5-bceb-46a2f85abc10 ] Request (ServerShowV247Test:test_update_rebuild_list_server): 200 GET http://10.180.1.21/compute/v2.1/servers/ffc3165f-2ec7-4c31-b269-8f3abe31e071 0.074s
2025-04-03 11:08:00.749 69502 INFO tempest.lib.common.rest_client [req-1983fbd9-8061-47d5-9a55-b7cdbc3fa340 req-1983fbd9-8061-47d5-9a55-b7cdbc3fa340 ] Request (ServerPasswordTestJSON:setUpClass): 201 POST http://10.180.1.21/identity/v3/auth/tokens 0.075s
2025-04-03 11:08:00.793 69459 INFO tempest.lib.common.rest_client [req-327d7b14-05ef-4702-8f49-d672e616aea5 req-327d7b14-05ef-4702-8f49-d672e616aea5 ] Request (FloatingIPsAssociationTestJSON:tearDownClass): 200 GET http://10.180.1.21/compute/v2.1/servers/bd392da0-64d6-4adf-a17d-7dd31958707d 0.068s
2025-04-03 11:08:00.800 69455 INFO tempest.lib.common.rest_client [req-f6ade12a-92d1-460b-a86b-dee9372c9e81 req-f6ade12a-92d1-460b-a86b-dee9372c9e81 ] Request (AttachInterfacesV270Test:test_create_get_list_interfaces): 200 GET http://10.180.1.21/compute/v2.1/servers/993cd28f-d6b8-427c-a41a-0e90cdbe37e3 0.067s
2025-04-03 11:08:00.850 69461 INFO tempest.lib.common.rest_client [req-0818edb8-4cc6-4f37-8dc6-20f5beb358f1 req-0818edb8-4cc6-4f37-8dc6-20f5beb358f1 ] Request (ServersTestBootFromVolume:setUpClass): 200 GET http://10.180.1.21/compute/v2.1/servers/e9bfd787-f99b-4fa0-9ae2-2d2071f3fbf2 0.065s
2025-04-03 11:08:00.886 69449 INFO tempest.lib.common.rest_client [req-0d6da3c1-3bd2-4f0e-81ee-08924a03754f req-0d6da3c1-3bd2-4f0e-81ee-08924a03754f ] Request (SecurityGroupsTestJSON:test_list_security_groups_by_server): 200 GET http://10.180.1.21/compute/v2.1/servers/1dd8eb3f-6434-4ad0-80f6-ab4c43e3e439 0.098s
2025-04-03 11:08:00.932 69481 INFO tempest.lib.common.rest_client [req-fbb9f378-7a68-4f2b-8d79-eace33509928 req-fbb9f378-7a68-4f2b-8d79-eace33509928 ] Request (ImagesOneServerNegativeTestJSON:_run_cleanups): 200 GET http://10.180.1.21/compute/v2.1/servers/83bb977b-7bc8-44f6-9e4f-80e1e1126a7f 0.084s
2025-04-03 11:08:00.962 69469 WARNING tempest.lib.common.ssh [-] Failed to establish authenticated ssh connection to cirros@10.180.180.244 ([Errno None] Unable to connect to port 22 on 10.180.180.244). Number attempts: 4. Retry after 5 seconds.: paramiko.ssh_exception.NoValidConnectionsError: [Errno None] Unable to connect to port 22 on 10.180.180.244
2025-04-03 11:08:00.993 69497 INFO tempest.lib.common.rest_client [req-3500f79b-e9cc-4288-9538-e8681708fd27 req-3500f79b-e9cc-4288-9538-e8681708fd27 ] Request (ServerActionsTestOtherB:setUpClass): 200 GET http://10.180.1.21/compute/v2.1/servers/d8180779-0929-4896-b981-4f4985d091e9 0.086s
2025-04-03 11:08:01.046 69502 INFO tempest.lib.common.rest_client [req-e706e457-c2c8-4499-a55d-f923ec8cadc4 req-e706e457-c2c8-4499-a55d-f923ec8cadc4 ] Request (ServerPasswordTestJSON:setUpClass): 201 POST http://10.180.1.21:9696/networking/v2.0/networks 0.297s
2025-04-03 11:08:01.084 69489 INFO tempest.lib.common.rest_client [req-cb33c5d9-2143-48a1-8433-607ece5343e1 req-cb33c5d9-2143-48a1-8433-607ece5343e1 ] Request (MigrationsAdminTest:test_list_migrations_in_flavor_resize_situation): 200 GET http://10.180.1.21/compute/v2.1/servers/927ea571-50ec-4f5e-a5b8-fb0edf599adf 0.057s
2025-04-03 11:08:01.152 69477 INFO tempest.lib.common.rest_client [req-3a0340e6-5f24-4cbd-b396-b7865f1e78f0 req-3a0340e6-5f24-4cbd-b396-b7865f1e78f0 ] Request (ListServersNegativeTestJSON:setUpClass): 200 GET http://10.180.1.21/compute/v2.1/servers/78fa9c07-d7d4-4157-ba56-224b1c1d1dfd 0.112s
2025-04-03 11:08:01.155 69505 WARNING tempest.lib.common.ssh [-] Failed to establish authenticated ssh connection to cirros@10.180.180.140 ([Errno None] Unable to connect to port 22 on 10.180.180.140). Number attempts: 5. Retry after 6 seconds.: paramiko.ssh_exception.NoValidConnectionsError: [Errno None] Unable to connect to port 22 on 10.180.180.140
2025-04-03 11:08:01.187 69507 INFO tempest.lib.common.rest_client [req-eecc5a9e-6402-49fe-a223-866b883e9e77 req-eecc5a9e-6402-49fe-a223-866b883e9e77 ] Request (ServersAdmin275Test:tearDownClass): 200 GET http://10.180.1.21/compute/v2.1/servers/dc28dceb-ec90-4b24-804a-b2bf31fcd959 0.324s
2025-04-03 11:08:01.211 69465 INFO tempest.lib.common.rest_client [req-87464663-442e-495b-91e0-61c346e9c4cf req-87464663-442e-495b-91e0-61c346e9c4cf ] Request (DeleteServersTestJSON:test_delete_active_server): 200 GET http://10.180.1.21/compute/v2.1/servers/e8b09d88-5527-4c74-9db6-081da24373e8 0.128s
2025-04-03 11:08:01.229 69502 INFO tempest.lib.common.rest_client [req-f849a9b7-3ca8-4d21-b86b-0e69c68edae0 req-f849a9b7-3ca8-4d21-b86b-0e69c68edae0 ] Request (ServerPasswordTestJSON:setUpClass): 201 POST http://10.180.1.21:9696/networking/v2.0/subnets 0.181s
2025-04-03 11:08:01.256 69495 INFO tempest.lib.common.rest_client [req-26ea137d-fe0c-4d88-b747-9b99226936ff req-26ea137d-fe0c-4d88-b747-9b99226936ff ] Request (ServerActionsTestJSON:setUpClass): 200 GET http://10.180.1.21/compute/v2.1/servers/ae4fca65-67fe-48c2-b1d7-90e957ef15fc 0.147s
2025-04-03 11:08:01.351 69479 INFO tempest.lib.common.rest_client [req-4665268b-2ef4-41b0-8ed4-c1d755e75f35 req-4665268b-2ef4-41b0-8ed4-c1d755e75f35 ] Request (ServerDiagnosticsNegativeTest:tearDownClass): 200 GET http://10.180.1.21/compute/v2.1/servers/fa29c571-2476-4217-b835-43af51cd645a 0.066s
2025-04-03 11:08:01.397 69487 INFO tempest.lib.common.rest_client [req-9c5b0c64-732d-4762-920e-ad24915e5780 req-9c5b0c64-732d-4762-920e-ad24915e5780 ] Request (DeleteServersAdminTestJSON:test_delete_server_while_in_error_state): 200 GET http://10.180.1.21/compute/v2.1/servers/43f2bf3a-8396-4a47-8184-ceb5e9343453 0.069s
2025-04-03 11:08:01.462 69447 INFO tempest.lib.common.rest_client [req-f5d08e14-5870-40a4-bd13-439327df8386 req-f5d08e14-5870-40a4-bd13-439327df8386 ] Request (ServersAdminNegativeTestJSON:test_migrate_server_invalid_state): 200 GET http://10.180.1.21/compute/v2.1/servers/f60780d7-d486-40a9-9868-226ff1a1beb0 0.062s
2025-04-03 11:08:01.469 69453 INFO tempest.lib.common.rest_client [req-ea9ef72c-0b9e-4b86-ab39-b40d46cd872f req-ea9ef72c-0b9e-4b86-ab39-b40d46cd872f ] Request (AttachVolumeTestJSON:test_attach_detach_volume): 200 GET http://10.180.1.21/compute/v2.1/servers/d59bc90a-d340-4e5f-b395-e320de617c16 0.069s
2025-04-03 11:08:01.530 69483 INFO tempest.lib.common.rest_client [req-c1f75bc2-7cb0-4b63-b071-dc5b09661f64 req-c1f75bc2-7cb0-4b63-b071-dc5b09661f64 ] Request (ImagesOneServerTestJSON:setUpClass): 200 GET http://10.180.1.21/compute/v2.1/servers/7d162860-00ee-4b0b-95f8-9632c4eabfad 0.065s
2025-04-03 11:08:01.554 69451 INFO tempest.lib.common.rest_client [req-f98b2c88-7b5e-4b2e-a7c4-7bfad5425d25 req-f98b2c88-7b5e-4b2e-a7c4-7bfad5425d25 ] Request (InstanceActionsTestJSON:setUpClass): 200 GET http://10.180.1.21/compute/v2.1/servers/20ac28fe-a75f-4538-a345-39e7872fad30 0.087s
2025-04-03 11:08:01.597 69445 INFO tempest.lib.common.rest_client [req-38a7b20e-732b-42c5-82d8-3a896f733026 req-38a7b20e-732b-42c5-82d8-3a896f733026 ] Request (VolumesAdminNegativeTest:setUpClass): 201 POST http://10.180.1.21:9696/networking/v2.0/routers 1.203s
2025-04-03 11:08:01.656 69457 INFO tempest.lib.common.rest_client [req-b7229bd9-1af3-4d82-9436-c057dfa7de9e req-b7229bd9-1af3-4d82-9436-c057dfa7de9e ] Request (ServersListShow298Test:test_list_show_update_rebuild_server_298): 200 GET http://10.180.1.21/compute/v2.1/servers/863b790c-aaa5-4d1b-912a-cb3672a2f5c0 0.089s
2025-04-03 11:08:01.720 69503 INFO tempest.lib.common.rest_client [req-5684f2e9-e2ad-471c-a8cd-726b19df403a req-5684f2e9-e2ad-471c-a8cd-726b19df403a ] Request (ServerGroupTestJSON:test_create_server_with_scheduler_hint_group): 200 GET http://10.180.1.21/compute/v2.1/servers/ea8141ad-8ef4-4f36-a2d1-fec122122133 0.135s
2025-04-03 11:08:01.734 69491 INFO tempest.lib.common.rest_client [req-438f845f-f2e0-490b-ae71-2a38bc78d6a8 req-438f845f-f2e0-490b-ae71-2a38bc78d6a8 ] Request (ServerRescueTestJSON:setUpClass): 200 GET http://10.180.1.21/compute/v2.1/servers/cb9cea3a-dd62-46b9-82af-20c557fd1f1a 0.213s
2025-04-03 11:08:01.744 69491 INFO tempest.common.waiters [-] State transition "BUILD/networking" ==> "BUILD/block_device_mapping" after 50 second wait
2025-04-03 11:08:01.790 69471 INFO tempest.lib.common.rest_client [req-5f4fd2ce-b213-4203-833e-8811fd45da78 req-5f4fd2ce-b213-4203-833e-8811fd45da78 ] Request (MultipleCreateTestJSON:test_multiple_create_with_reservation_return): 200 GET http://10.180.1.21/compute/v2.1/servers/89811bdf-64e1-49b2-8c3e-97bcd6812c5b 0.176s
2025-04-03 11:08:01.818 69493 INFO tempest.lib.common.rest_client [req-1c0b60bb-14c1-4a7c-90ab-ec76b1fe8c9a req-1c0b60bb-14c1-4a7c-90ab-ec76b1fe8c9a ] Request (ServersAaction247Test:test_create_backup): 200 GET http://10.180.1.21/compute/v2.1/servers/53c3c1dd-93f7-42ea-b423-6be5de3db37d 0.180s
2025-04-03 11:08:01.868 69467 INFO tempest.lib.common.rest_client [req-8af9af83-917e-4318-8e16-8df086cf2041 req-8af9af83-917e-4318-8e16-8df086cf2041 ] Request (ServersTestMultiNic:test_verify_duplicate_network_nics): 200 GET http://10.180.1.21/compute/v2.1/servers/4166a211-8c3d-4e89-bf43-f134631eb018 0.203s
2025-04-03 11:08:01.874 69463 INFO tempest.lib.common.rest_client [req-959236c7-bbb2-4d5d-a6c3-f0c51351ba75 req-959236c7-bbb2-4d5d-a6c3-f0c51351ba75 ] Request (ServerAddressesNegativeTestJSON:setUpClass): 200 GET http://10.180.1.21/compute/v2.1/servers/428edf2e-d26a-4e01-ae66-669d2fe45fdc 0.174s
2025-04-03 11:08:01.953 69459 INFO tempest.lib.common.rest_client [req-b8d5b619-96e5-49ed-adcb-532c572540e3 req-b8d5b619-96e5-49ed-adcb-532c572540e3 ] Request (FloatingIPsAssociationTestJSON:tearDownClass): 200 GET http://10.180.1.21/compute/v2.1/servers/bd392da0-64d6-4adf-a17d-7dd31958707d 0.147s
2025-04-03 11:08:01.966 69485 INFO tempest.lib.common.rest_client [req-40a2d234-f235-4cd4-84e4-ddcf93d11e09 req-40a2d234-f235-4cd4-84e4-ddcf93d11e09 ] Request (ServerShowV247Test:test_update_rebuild_list_server): 200 GET http://10.180.1.21/compute/v2.1/servers/ffc3165f-2ec7-4c31-b269-8f3abe31e071 0.231s
2025-04-03 11:08:01.977 69502 INFO tempest.lib.common.rest_client [req-dd29774b-0365-4ca8-a25a-6684958ad3b8 req-dd29774b-0365-4ca8-a25a-6684958ad3b8 ] Request (ServerPasswordTestJSON:setUpClass): 201 POST http://10.180.1.21:9696/networking/v2.0/routers 0.748s
2025-04-03 11:08:02.034 69455 INFO tempest.lib.common.rest_client [req-ed2d1139-f8f4-46e8-a5b7-d1a9c6fd7f7e req-ed2d1139-f8f4-46e8-a5b7-d1a9c6fd7f7e ] Request (AttachInterfacesV270Test:test_create_get_list_interfaces): 200 GET http://10.180.1.21/compute/v2.1/servers/993cd28f-d6b8-427c-a41a-0e90cdbe37e3 0.222s
2025-04-03 11:08:02.035 69461 INFO tempest.lib.common.rest_client [req-8eb0d5e9-1f3a-4a5d-a945-18418aa40bd7 req-8eb0d5e9-1f3a-4a5d-a945-18418aa40bd7 ] Request (ServersTestBootFromVolume:setUpClass): 200 GET http://10.180.1.21/compute/v2.1/servers/e9bfd787-f99b-4fa0-9ae2-2d2071f3fbf2 0.173s
2025-04-03 11:08:02.094 69449 INFO tempest.lib.common.rest_client [req-5bfde33d-af39-4374-9529-d1e38282f640 req-5bfde33d-af39-4374-9529-d1e38282f640 ] Request (SecurityGroupsTestJSON:test_list_security_groups_by_server): 200 GET http://10.180.1.21/compute/v2.1/servers/1dd8eb3f-6434-4ad0-80f6-ab4c43e3e439 0.193s
2025-04-03 11:08:02.102 69481 INFO tempest.lib.common.rest_client [req-7b20fd5d-0c9f-4e79-90f6-a5ecc48b9c4e req-7b20fd5d-0c9f-4e79-90f6-a5ecc48b9c4e ] Request (ImagesOneServerNegativeTestJSON:_run_cleanups): 200 GET http://10.180.1.21/compute/v2.1/servers/83bb977b-7bc8-44f6-9e4f-80e1e1126a7f 0.160s
2025-04-03 11:08:02.151 69497 INFO tempest.lib.common.rest_client [req-e299a847-8f5a-4ab0-88a4-bb0214f60865 req-e299a847-8f5a-4ab0-88a4-bb0214f60865 ] Request (ServerActionsTestOtherB:setUpClass): 200 GET http://10.180.1.21/compute/v2.1/servers/d8180779-0929-4896-b981-4f4985d091e9 0.149s
2025-04-03 11:08:02.153 69489 INFO tempest.lib.common.rest_client [req-24c506d0-4f0c-4fcd-a6c7-4114d76353ff req-24c506d0-4f0c-4fcd-a6c7-4114d76353ff ] Request (MigrationsAdminTest:test_list_migrations_in_flavor_resize_situation): 200 GET http://10.180.1.21/compute/v2.1/servers/927ea571-50ec-4f5e-a5b8-fb0edf599adf 0.060s
2025-04-03 11:08:02.244 69477 INFO tempest.lib.common.rest_client [req-99016c58-89be-49b9-9d02-2008e087fc25 req-99016c58-89be-49b9-9d02-2008e087fc25 ] Request (ListServersNegativeTestJSON:setUpClass): 200 GET http://10.180.1.21/compute/v2.1/servers/78fa9c07-d7d4-4157-ba56-224b1c1d1dfd 0.078s
