2025-04-03 11:08:51.003 69479 INFO tempest.lib.common.rest_client [req-b32b46b1-014a-407e-976d-ab55ce86d723 req-b32b46b1-014a-407e-976d-ab55ce86d723 ] Request (FloatingIPsTestJSON:tearDownClass): 204 DELETE http://10.180.1.21:9696/networking/v2.0/security-groups/8e1c37dd-8e3b-4a3e-854e-bf474a8f1725 0.100s
2025-04-03 11:08:51.027 69483 INFO tempest.lib.common.rest_client [req-4ad83072-0657-46aa-990a-496548056cdc req-4ad83072-0657-46aa-990a-496548056cdc ] Request (ImagesOneServerTestJSON:test_create_image_specify_multibyte_character_image_name): 200 GET http://10.180.1.21/compute/v2.1/images/9b53ebb7-4145-4a68-a133-67e57074673e 0.087s
2025-04-03 11:08:51.086 69481 INFO tempest.lib.common.rest_client [req-7613b2e1-987e-410a-9253-54f761f80716 req-7613b2e1-987e-410a-9253-54f761f80716 ] Request (ImagesOneServerNegativeTestJSON:_run_cleanups): 200 GET http://10.180.1.21/compute/v2.1/servers/ca6fc799-0159-4372-87ee-28c3392ce959 0.145s
2025-04-03 11:08:51.102 69455 INFO tempest.lib.common.rest_client [req-8b38e26c-e434-480d-ac3e-f5ff74420880 req-8b38e26c-e434-480d-ac3e-f5ff74420880 ] Request (AttachInterfacesV270Test:tearDownClass): 200 GET http://10.180.1.21/compute/v2.1/servers/993cd28f-d6b8-427c-a41a-0e90cdbe37e3 0.274s
2025-04-03 11:08:51.131 69479 INFO tempest.lib.common.rest_client [req-747ab69d-ee29-40fa-b406-d8c46448bde5 req-747ab69d-ee29-40fa-b406-d8c46448bde5 ] Request (FloatingIPsTestJSON:tearDownClass): 204 DELETE http://10.180.1.21/identity/v3/projects/543482bc271b4cfbae7b009508509bc2 0.127s
2025-04-03 11:08:51.143 69451 INFO tempest.lib.common.rest_client [req-fa8b590b-c2c3-4b4d-bec8-061b139e89c0 req-fa8b590b-c2c3-4b4d-bec8-061b139e89c0 ] Request (InstanceActionsTestJSON:setUpClass): 200 GET http://10.180.1.21/compute/v2.1/servers/20ac28fe-a75f-4538-a345-39e7872fad30 0.124s
2025-04-03 11:08:51.198 69467 INFO tempest.lib.common.rest_client [req-7b366305-8426-4181-824c-ddba615dc4da req-7b366305-8426-4181-824c-ddba615dc4da ] Request (ServersTestMultiNic:test_verify_duplicate_network_nics): 200 GET http://10.180.1.21/compute/v2.1/servers/4166a211-8c3d-4e89-bf43-f134631eb018 0.072s
2025-04-03 11:08:51.211 69479 INFO tempest.lib.common.rest_client [req-e37c9780-08fd-4675-ae42-b639e38eb55d req-e37c9780-08fd-4675-ae42-b639e38eb55d ] Request (ImagesDeleteNegativeTestJSON:setUpClass): 201 POST http://10.180.1.21/identity/v3/auth/tokens 0.078s
2025-04-03 11:08:51.240 69487 INFO tempest.lib.common.rest_client [req-9dbe1158-8afb-4918-88a1-cf5a93b17b63 req-9dbe1158-8afb-4918-88a1-cf5a93b17b63 ] Request (DeleteServersAdminTestJSON:test_delete_server_while_in_error_state): 200 GET http://10.180.1.21/compute/v2.1/servers/43f2bf3a-8396-4a47-8184-ceb5e9343453 0.162s
2025-04-03 11:08:51.255 69479 INFO tempest.lib.common.rest_client [req-11366aa2-e4c6-4e85-832c-ac335600de21 req-11366aa2-e4c6-4e85-832c-ac335600de21 ] Request (ImagesDeleteNegativeTestJSON:setUpClass): 201 POST http://10.180.1.21/identity/v3/auth/tokens 0.042s
2025-04-03 11:08:51.280 69479 INFO tempest.lib.common.rest_client [req-1515d2e9-f440-4228-b727-e8957d285c81 req-1515d2e9-f440-4228-b727-e8957d285c81 ] Request (ImagesDeleteNegativeTestJSON:setUpClass): 200 GET http://10.180.1.21/identity/v3/domains?name=Default 0.025s
2025-04-03 11:08:51.327 69479 INFO tempest.lib.common.rest_client [req-826ff935-b6f2-40c6-ad84-7f64fe2b5554 req-826ff935-b6f2-40c6-ad84-7f64fe2b5554 ] Request (ImagesDeleteNegativeTestJSON:setUpClass): 201 POST http://10.180.1.21/identity/v3/projects 0.046s
2025-04-03 11:08:51.393 69479 INFO tempest.lib.common.rest_client [req-674987d0-5d2c-452c-9559-d5b099cdc808 req-674987d0-5d2c-452c-9559-d5b099cdc808 ] Request (ImagesDeleteNegativeTestJSON:setUpClass): 201 POST http://10.180.1.21/identity/v3/users 0.065s
2025-04-03 11:08:51.412 69463 INFO tempest.lib.common.rest_client [req-d8b5e5f7-6d8b-4949-9349-59c5336d9892 req-d8b5e5f7-6d8b-4949-9349-59c5336d9892 ] Request (ServerAddressesNegativeTestJSON:setUpClass): 200 GET http://10.180.1.21/compute/v2.1/servers/428edf2e-d26a-4e01-ae66-669d2fe45fdc 0.126s
2025-04-03 11:08:51.418 69479 INFO tempest.lib.common.rest_client [req-3c8d4e68-8707-4e4e-b294-34ed54c21ae7 req-3c8d4e68-8707-4e4e-b294-34ed54c21ae7 ] Request (ImagesDeleteNegativeTestJSON:setUpClass): 200 GET http://10.180.1.21/identity/v3/roles 0.025s
2025-04-03 11:08:51.421 69463 INFO tempest.common.waiters [-] State transition "BUILD/block_device_mapping" ==> "BUILD/spawning" after 73 second wait
2025-04-03 11:08:51.422 69489 INFO tempest.lib.common.rest_client [req-9661e83a-2203-4d08-8f92-608144f20935 req-9661e83a-2203-4d08-8f92-608144f20935 ] Request (MigrationsAdminTest:test_list_migrations_in_flavor_resize_situation): 200 GET http://10.180.1.21/compute/v2.1/servers/927ea571-50ec-4f5e-a5b8-fb0edf599adf 0.135s
2025-04-03 11:08:51.446 69479 INFO tempest.lib.common.rest_client [req-6b6129ac-09fc-49e9-a040-a79df29eae39 req-6b6129ac-09fc-49e9-a040-a79df29eae39 ] Request (ImagesDeleteNegativeTestJSON:setUpClass): 204 PUT http://10.180.1.21/identity/v3/projects/870963a5e1d24dfd8f9fcc91b23d2413/users/81f47e2be0e64bf1b3c7f8c4e4cb76af/roles/dcb24088e0004b4c91e3c0943d1c2bf1 0.027s
2025-04-03 11:08:51.446 69479 INFO tempest.lib.common.dynamic_creds [-] Dynamic test user 81f47e2be0e64bf1b3c7f8c4e4cb76af is created with scope project and roles: ['member']
2025-04-03 11:08:51.446 69479 INFO tempest.lib.common.dynamic_creds [-] Acquired dynamic creds: credentials: Credentials: {'domain_id': 'default', 'domain_name': 'Default', 'username': 'tempest-ImagesDeleteNegativeTestJSON-1072744417-project-member', 'project_domain_id': 'default', 'project_domain_name': 'Default', 'project_id': '870963a5e1d24dfd8f9fcc91b23d2413', 'project_name': 'tempest-ImagesDeleteNegativeTestJSON-1072744417', 'tenant_id': '870963a5e1d24dfd8f9fcc91b23d2413', 'tenant_name': 'tempest-ImagesDeleteNegativeTestJSON-1072744417', 'user_domain_id': 'default', 'user_domain_name': 'Default', 'user_id': '81f47e2be0e64bf1b3c7f8c4e4cb76af', 'system': None}, Network: None, Subnet: None, Router: None
2025-04-03 11:08:51.447 69479 INFO tempest.lib.common.dynamic_creds [-] Created isolated network resources for: credentials: Credentials: {'domain_id': 'default', 'domain_name': 'Default', 'username': 'tempest-ImagesDeleteNegativeTestJSON-1072744417-project-member', 'project_domain_id': 'default', 'project_domain_name': 'Default', 'project_id': '870963a5e1d24dfd8f9fcc91b23d2413', 'project_name': 'tempest-ImagesDeleteNegativeTestJSON-1072744417', 'tenant_id': '870963a5e1d24dfd8f9fcc91b23d2413', 'tenant_name': 'tempest-ImagesDeleteNegativeTestJSON-1072744417', 'user_domain_id': 'default', 'user_domain_name': 'Default', 'user_id': '81f47e2be0e64bf1b3c7f8c4e4cb76af', 'system': None}, Network: None, Subnet: None, Router: None
2025-04-03 11:08:51.462 69491 INFO tempest.lib.common.rest_client [req-d8974a63-d785-466e-8db4-b09c9faecbf8 req-d8974a63-d785-466e-8db4-b09c9faecbf8 ] Request (ServerRescueTestJSON:test_rescue_unrescue_instance): 200 GET http://10.180.1.21/compute/v2.1/servers/58fcd76a-24cc-400e-a836-5ca27ef7c6b7 0.115s
2025-04-03 11:08:51.485 69465 INFO tempest.lib.common.rest_client [req-2df8adf3-c4c7-46c6-8db2-ce59047cc52a req-2df8adf3-c4c7-46c6-8db2-ce59047cc52a ] Request (DeleteServersTestJSON:test_delete_active_server): 200 GET http://10.180.1.21/compute/v2.1/servers/e8b09d88-5527-4c74-9db6-081da24373e8 0.124s
2025-04-03 11:08:51.522 69457 INFO tempest.lib.common.rest_client [req-8e58a95e-2668-4de1-b26f-b934d8013e72 req-8e58a95e-2668-4de1-b26f-b934d8013e72 ] Request (ServersListShow298Test:test_list_show_update_rebuild_server_298): 200 GET http://10.180.1.21/compute/v2.1/servers/863b790c-aaa5-4d1b-912a-cb3672a2f5c0 0.074s
2025-04-03 11:08:51.528 69479 INFO tempest.lib.common.rest_client [req-6ee0a22d-d441-433f-9e8f-91560f076822 req-6ee0a22d-d441-433f-9e8f-91560f076822 ] Request (ImagesDeleteNegativeTestJSON:setUpClass): 201 POST http://10.180.1.21/identity/v3/auth/tokens 0.077s
2025-04-03 11:08:51.558 69477 INFO tempest.lib.common.rest_client [req-6caa88d5-3c2e-49ff-ab0e-791462b809e6 req-6caa88d5-3c2e-49ff-ab0e-791462b809e6 ] Request (ListServersNegativeTestJSON:tearDownClass): 200 GET http://10.180.1.21/compute/v2.1/servers/fd6a7bbc-282f-4b48-bb24-b54b02ba0b79 0.065s
2025-04-03 11:08:51.596 69479 INFO tempest.lib.common.rest_client [req-8e6bf8be-4902-4146-8399-8bbf561d4796 req-8e6bf8be-4902-4146-8399-8bbf561d4796 ] Request (ImagesDeleteNegativeTestJSON:test_delete_image_blank_id): 404 DELETE http://10.180.1.21/compute/v2.1/images/ 0.066s
2025-04-03 11:08:51.622 69485 INFO tempest.lib.common.rest_client [req-239882b8-c75b-4ea9-a1c4-0cc33db519a6 req-239882b8-c75b-4ea9-a1c4-0cc33db519a6 ] Request (ServerShowV247Test:test_update_rebuild_list_server): 200 GET http://10.180.1.21/compute/v2.1/servers/ffc3165f-2ec7-4c31-b269-8f3abe31e071 0.060s
2025-04-03 11:08:51.642 69479 INFO tempest.lib.common.rest_client [req-b7788f90-df8c-4337-bc75-0c980155ec15 req-b7788f90-df8c-4337-bc75-0c980155ec15 ] Request (ImagesDeleteNegativeTestJSON:test_delete_image_negative_image_id): 404 DELETE http://10.180.1.21/compute/v2.1/images/-1 0.045s
2025-04-03 11:08:51.702 69503 INFO tempest.lib.common.rest_client [req-a7746049-cce5-4d3a-b39a-058b9a8a70fc req-a7746049-cce5-4d3a-b39a-058b9a8a70fc ] Request (ServerGroupTestJSON:test_create_server_with_scheduler_hint_group): 200 GET http://10.180.1.21/compute/v2.1/servers/ea8141ad-8ef4-4f36-a2d1-fec122122133 0.136s
2025-04-03 11:08:51.702 69493 INFO tempest.lib.common.rest_client [req-ef22990c-e37c-44fc-8a03-76e4843e0775 req-ef22990c-e37c-44fc-8a03-76e4843e0775 ] Request (ServersAaction247Test:test_create_backup): 200 GET http://10.180.1.21/compute/v2.1/servers/53c3c1dd-93f7-42ea-b423-6be5de3db37d 0.087s
2025-04-03 11:08:51.725 69479 INFO tempest.lib.common.rest_client [req-1413f708-3c78-49ac-b448-7ee66daaa4d8 req-1413f708-3c78-49ac-b448-7ee66daaa4d8 ] Request (ImagesDeleteNegativeTestJSON:test_delete_image_non_hex_string_id): 404 DELETE http://10.180.1.21/compute/v2.1/images/ec0257d5-a704-42ad-893c-f31dd1ab749j 0.081s
2025-04-03 11:08:51.763 69445 INFO tempest.lib.common.rest_client [req-f725a3f1-af6e-4caf-a675-8d989aeecb72 req-f725a3f1-af6e-4caf-a675-8d989aeecb72 ] Request (VolumesAdminNegativeTest:test_update_attached_volume_with_nonexistent_volume_in_body): 200 GET http://10.180.1.21/compute/v2.1/servers/73c9ad6c-38ab-4cec-a80c-d874507a5180 0.137s
2025-04-03 11:08:51.785 69447 INFO tempest.lib.common.rest_client [req-2866d6de-f690-42da-bba5-38cd555f1106 req-2866d6de-f690-42da-bba5-38cd555f1106 ] Request (ServersAdminNegativeTestJSON:tearDownClass): 200 GET http://10.180.1.21/compute/v2.1/servers/f60780d7-d486-40a9-9868-226ff1a1beb0 0.107s
2025-04-03 11:08:51.803 69479 INFO tempest.lib.common.rest_client [req-7b48c7c7-e119-4659-b160-b43cd164617a req-7b48c7c7-e119-4659-b160-b43cd164617a ] Request (ImagesDeleteNegativeTestJSON:test_delete_image_with_id_over_character_limit): 404 DELETE http://10.180.1.21/compute/v2.1/images/92749659-45eb-4de3-9754-b0642e9038ae1 0.077s
2025-04-03 11:08:51.823 69471 INFO tempest.lib.common.rest_client [req-4991953f-68bc-4dba-80c4-3e9392300358 req-4991953f-68bc-4dba-80c4-3e9392300358 ] Request (MultipleCreateTestJSON:test_multiple_create_with_reservation_return): 200 GET http://10.180.1.21/compute/v2.1/servers/89811bdf-64e1-49b2-8c3e-97bcd6812c5b 0.139s
2025-04-03 11:08:51.853 69449 INFO tempest.lib.common.rest_client [req-5287701d-b305-45c9-b7a7-001b76efc73f req-5287701d-b305-45c9-b7a7-001b76efc73f ] Request (SecurityGroupsTestJSON:test_list_security_groups_by_server): 200 GET http://10.180.1.21/compute/v2.1/servers/1dd8eb3f-6434-4ad0-80f6-ab4c43e3e439 0.118s
2025-04-03 11:08:51.861 69449 INFO tempest.common.waiters [-] State transition "BUILD/None" ==> "BUILD/networking" after 71 second wait
2025-04-03 11:08:51.869 69479 INFO tempest.lib.common.rest_client [req-12f9b32d-e5ad-459d-b1d0-dc732cbd0c17 req-12f9b32d-e5ad-459d-b1d0-dc732cbd0c17 ] Request (ImagesDeleteNegativeTestJSON:test_delete_image_with_invalid_image_id): 404 DELETE http://10.180.1.21/compute/v2.1/images/tempest-invalid-1030701761 0.064s
2025-04-03 11:08:51.878 69497 INFO tempest.lib.common.rest_client [req-a332fc5a-db0a-473b-b6cf-93f033384482 req-a332fc5a-db0a-473b-b6cf-93f033384482 ] Request (ServerActionsTestOtherB:setUpClass): 200 GET http://10.180.1.21/compute/v2.1/servers/d8180779-0929-4896-b981-4f4985d091e9 0.117s
2025-04-03 11:08:51.896 69479 INFO tempest.lib.common.rest_client [req-f52c765f-49cf-4980-bdd6-fce591f92885 req-f52c765f-49cf-4980-bdd6-fce591f92885 ] Request (ImagesDeleteNegativeTestJSON:test_delete_non_existent_image): 404 DELETE http://10.180.1.21/compute/v2.1/images/652a4c43-f6a0-49ce-b4c0-0af4dd92c99e 0.025s
2025-04-03 11:08:51.931 69459 INFO tempest.lib.common.rest_client [req-d238c758-cdd7-4669-96ae-0b79f848bfc9 req-d238c758-cdd7-4669-96ae-0b79f848bfc9 ] Request (FloatingIPsAssociationTestJSON:tearDownClass): 200 GET http://10.180.1.21/compute/v2.1/servers/32e1ce61-06ee-4dd1-9bce-b91dcaa8a4e1 0.088s
2025-04-03 11:08:52.014 69479 INFO tempest.lib.common.rest_client [req-40484fa7-c4dd-4f10-835d-33e22005d97c req-40484fa7-c4dd-4f10-835d-33e22005d97c ] Request (ImagesDeleteNegativeTestJSON:tearDownClass): 204 DELETE http://10.180.1.21/identity/v3/users/81f47e2be0e64bf1b3c7f8c4e4cb76af 0.112s
2025-04-03 11:08:52.014 69479 INFO tempest.lib.common.dynamic_creds [-] Deleting project and security group for project: 870963a5e1d24dfd8f9fcc91b23d2413
2025-04-03 11:08:52.059 69502 INFO tempest.lib.common.rest_client [req-d42ce046-eba3-4949-b5dd-303f8ba670ae req-d42ce046-eba3-4949-b5dd-303f8ba670ae ] Request (ServerPasswordTestJSON:setUpClass): 200 GET http://10.180.1.21/compute/v2.1/servers/34b1e823-8d0a-4b0c-b8fe-878cc9e000e3 0.064s
2025-04-03 11:08:52.075 69483 INFO tempest.lib.common.rest_client [req-cee0c896-b3ee-4ff2-921b-72e37efc3f70 req-cee0c896-b3ee-4ff2-921b-72e37efc3f70 ] Request (ImagesOneServerTestJSON:test_create_image_specify_multibyte_character_image_name): 200 GET http://10.180.1.21/compute/v2.1/images/9b53ebb7-4145-4a68-a133-67e57074673e 0.043s
2025-04-03 11:08:52.079 69479 INFO tempest.lib.common.rest_client [req-5ac21663-761d-4b02-ac47-77a9f98a1308 req-5ac21663-761d-4b02-ac47-77a9f98a1308 ] Request (ImagesDeleteNegativeTestJSON:tearDownClass): 201 POST http://10.180.1.21/identity/v3/auth/tokens 0.064s
2025-04-03 11:08:52.110 69483 INFO tempest.lib.common.rest_client [req-e073ad70-98c9-47f8-a9f6-8d14ccc252ed req-e073ad70-98c9-47f8-a9f6-8d14ccc252ed ] Request (ImagesOneServerTestJSON:test_create_image_specify_multibyte_character_image_name): 200 GET http://10.180.1.21/compute/v2.1/images/9b53ebb7-4145-4a68-a133-67e57074673e 0.031s
2025-04-03 11:08:52.158 69481 INFO tempest.lib.common.rest_client [req-5da16847-9f2f-4ac3-ad78-a525c26dd89d req-5da16847-9f2f-4ac3-ad78-a525c26dd89d ] Request (ImagesOneServerNegativeTestJSON:_run_cleanups): 200 GET http://10.180.1.21/compute/v2.1/servers/ca6fc799-0159-4372-87ee-28c3392ce959 0.061s
2025-04-03 11:08:52.245 69455 INFO tempest.lib.common.rest_client [req-08b3e62c-0337-48c9-ae66-93f7df0f293a req-08b3e62c-0337-48c9-ae66-93f7df0f293a ] Request (AttachInterfacesV270Test:tearDownClass): 200 GET http://10.180.1.21/compute/v2.1/servers/993cd28f-d6b8-427c-a41a-0e90cdbe37e3 0.132s
2025-04-03 11:08:52.249 69479 INFO tempest.lib.common.rest_client [req-9300b831-142e-4efc-9693-043b83a4243b req-9300b831-142e-4efc-9693-043b83a4243b ] Request (ImagesDeleteNegativeTestJSON:tearDownClass): 200 GET http://10.180.1.21:9696/networking/v2.0/security-groups?tenant_id=870963a5e1d24dfd8f9fcc91b23d2413&name=default 0.170s
2025-04-03 11:08:52.288 69483 INFO tempest.lib.common.rest_client [req-ab4a97e9-76f3-47d5-832c-717f420d9d55 req-ab4a97e9-76f3-47d5-832c-717f420d9d55 ] Request (ImagesOneServerTestJSON:test_create_image_specify_multibyte_character_image_name): 200 GET http://10.180.1.21/compute/v2.1/servers/7d162860-00ee-4b0b-95f8-9632c4eabfad 0.175s
2025-04-03 11:08:52.309 69451 INFO tempest.lib.common.rest_client [req-f640452f-aefb-4c0a-b8ab-36b2473fafdd req-f640452f-aefb-4c0a-b8ab-36b2473fafdd ] Request (InstanceActionsTestJSON:setUpClass): 200 GET http://10.180.1.21/compute/v2.1/servers/20ac28fe-a75f-4538-a345-39e7872fad30 0.149s
2025-04-03 11:08:52.358 69467 INFO tempest.lib.common.rest_client [req-1ce9c6fd-d370-41f5-9266-82d68fc2be2e req-1ce9c6fd-d370-41f5-9266-82d68fc2be2e ] Request (ServersTestMultiNic:test_verify_duplicate_network_nics): 200 GET http://10.180.1.21/compute/v2.1/servers/4166a211-8c3d-4e89-bf43-f134631eb018 0.149s
2025-04-03 11:08:52.370 69479 INFO tempest.lib.common.rest_client [req-4aa9b968-ec3c-48e0-b397-21cda47be780 req-4aa9b968-ec3c-48e0-b397-21cda47be780 ] Request (ImagesDeleteNegativeTestJSON:tearDownClass): 204 DELETE http://10.180.1.21:9696/networking/v2.0/security-groups/05afc975-db3f-4cb5-8a2a-d576da5a02c2 0.121s
2025-04-03 11:08:52.437 69487 INFO tempest.lib.common.rest_client [req-e1a569d6-4153-47a2-acdf-e040962a9eb8 req-e1a569d6-4153-47a2-acdf-e040962a9eb8 ] Request (DeleteServersAdminTestJSON:test_delete_server_while_in_error_state): 200 GET http://10.180.1.21/compute/v2.1/servers/43f2bf3a-8396-4a47-8184-ceb5e9343453 0.188s
2025-04-03 11:08:52.464 69479 INFO tempest.lib.common.rest_client [req-8fd057ff-7f00-41fc-a609-630356a0049a req-8fd057ff-7f00-41fc-a609-630356a0049a ] Request (ImagesDeleteNegativeTestJSON:tearDownClass): 204 DELETE http://10.180.1.21/identity/v3/projects/870963a5e1d24dfd8f9fcc91b23d2413 0.094s
2025-04-03 11:08:52.550 69463 INFO tempest.lib.common.rest_client [req-e2b0bf46-90d9-4ce6-98d5-4442aa7a3c80 req-e2b0bf46-90d9-4ce6-98d5-4442aa7a3c80 ] Request (ServerAddressesNegativeTestJSON:setUpClass): 200 GET http://10.180.1.21/compute/v2.1/servers/428edf2e-d26a-4e01-ae66-669d2fe45fdc 0.128s
2025-04-03 11:08:52.566 69489 INFO tempest.lib.common.rest_client [req-2af64dbe-f2ea-4b9a-9c79-98902038971b req-2af64dbe-f2ea-4b9a-9c79-98902038971b ] Request (MigrationsAdminTest:test_list_migrations_in_flavor_resize_situation): 200 GET http://10.180.1.21/compute/v2.1/servers/927ea571-50ec-4f5e-a5b8-fb0edf599adf 0.136s
2025-04-03 11:08:52.611 69491 INFO tempest.lib.common.rest_client [req-e3a7172b-01cc-401a-863b-67143351aad9 req-e3a7172b-01cc-401a-863b-67143351aad9 ] Request (ServerRescueTestJSON:test_rescue_unrescue_instance): 200 GET http://10.180.1.21/compute/v2.1/servers/58fcd76a-24cc-400e-a836-5ca27ef7c6b7 0.142s
2025-04-03 11:08:52.631 69465 INFO tempest.lib.common.rest_client [req-b6523fff-60dd-4695-809e-70fd93abdc60 req-b6523fff-60dd-4695-809e-70fd93abdc60 ] Request (DeleteServersTestJSON:test_delete_active_server): 200 GET http://10.180.1.21/compute/v2.1/servers/e8b09d88-5527-4c74-9db6-081da24373e8 0.139s
2025-04-03 11:08:52.676 69457 INFO tempest.lib.common.rest_client [req-0ae503cd-6ad1-41c9-83e4-b82837b93266 req-0ae503cd-6ad1-41c9-83e4-b82837b93266 ] Request (ServersListShow298Test:test_list_show_update_rebuild_server_298): 200 GET http://10.180.1.21/compute/v2.1/servers/863b790c-aaa5-4d1b-912a-cb3672a2f5c0 0.141s
2025-04-03 11:08:52.687 69477 INFO tempest.lib.common.rest_client [req-8bb2f6f4-ecf6-472c-8aaf-2e695feae820 req-8bb2f6f4-ecf6-472c-8aaf-2e695feae820 ] Request (ListServersNegativeTestJSON:tearDownClass): 200 GET http://10.180.1.21/compute/v2.1/servers/fd6a7bbc-282f-4b48-bb24-b54b02ba0b79 0.117s
2025-04-03 11:08:52.728 69485 INFO tempest.lib.common.rest_client [req-0732075c-1f89-4bd7-bca5-a95bd4732336 req-0732075c-1f89-4bd7-bca5-a95bd4732336 ] Request (ServerShowV247Test:test_update_rebuild_list_server): 200 GET http://10.180.1.21/compute/v2.1/servers/ffc3165f-2ec7-4c31-b269-8f3abe31e071 0.097s
2025-04-03 11:08:52.805 69493 INFO tempest.lib.common.rest_client [req-6f0f133b-6842-4830-b0a5-5fed0181ab5a req-6f0f133b-6842-4830-b0a5-5fed0181ab5a ] Request (ServersAaction247Test:test_create_backup): 200 GET http://10.180.1.21/compute/v2.1/servers/53c3c1dd-93f7-42ea-b423-6be5de3db37d 0.092s
2025-04-03 11:08:52.838 69503 INFO tempest.lib.common.rest_client [req-e4c660aa-da8c-4891-a41e-f3e79ff76814 req-e4c660aa-da8c-4891-a41e-f3e79ff76814 ] Request (ServerGroupTestJSON:test_create_server_with_scheduler_hint_group): 200 GET http://10.180.1.21/compute/v2.1/servers/ea8141ad-8ef4-4f36-a2d1-fec122122133 0.128s
2025-04-03 11:08:52.865 69445 INFO tempest.lib.common.rest_client [req-d2934c56-c7db-4c56-ac27-70cf9abf472c req-d2934c56-c7db-4c56-ac27-70cf9abf472c ] Request (VolumesAdminNegativeTest:test_update_attached_volume_with_nonexistent_volume_in_body): 200 GET http://10.180.1.21/compute/v2.1/servers/73c9ad6c-38ab-4cec-a80c-d874507a5180 0.091s
2025-04-03 11:08:52.895 69447 INFO tempest.lib.common.rest_client [req-f83085b0-ce67-4bb2-98b1-2a6e52265009 req-f83085b0-ce67-4bb2-98b1-2a6e52265009 ] Request (ServersAdminNegativeTestJSON:tearDownClass): 200 GET http://10.180.1.21/compute/v2.1/servers/f60780d7-d486-40a9-9868-226ff1a1beb0 0.097s
2025-04-03 11:08:52.917 69505 WARNING tempest.lib.common.ssh [-] Failed to establish authenticated ssh connection to cirros@10.180.180.140 ([Errno None] Unable to connect to port 22 on 10.180.180.140). Number attempts: 10. Retry after 11 seconds.: paramiko.ssh_exception.NoValidConnectionsError: [Errno None] Unable to connect to port 22 on 10.180.180.140
2025-04-03 11:08:52.926 69471 INFO tempest.lib.common.rest_client [req-b2d9bf21-1d54-499f-bfe2-093a05296f5e req-b2d9bf21-1d54-499f-bfe2-093a05296f5e ] Request (MultipleCreateTestJSON:test_multiple_create_with_reservation_return): 200 GET http://10.180.1.21/compute/v2.1/servers/89811bdf-64e1-49b2-8c3e-97bcd6812c5b 0.093s
2025-04-03 11:08:52.975 69497 INFO tempest.lib.common.rest_client [req-baea5c56-c720-4e93-bd9a-227733652cfa req-baea5c56-c720-4e93-bd9a-227733652cfa ] Request (ServerActionsTestOtherB:setUpClass): 200 GET http://10.180.1.21/compute/v2.1/servers/d8180779-0929-4896-b981-4f4985d091e9 0.089s
2025-04-03 11:08:53.023 69449 INFO tempest.lib.common.rest_client [req-2cf77c40-35c8-4017-986f-5ff25a5c09a4 req-2cf77c40-35c8-4017-986f-5ff25a5c09a4 ] Request (SecurityGroupsTestJSON:test_list_security_groups_by_server): 200 GET http://10.180.1.21/compute/v2.1/servers/1dd8eb3f-6434-4ad0-80f6-ab4c43e3e439 0.160s
2025-04-03 11:08:53.029 69449 INFO tempest.common.waiters [-] State transition "BUILD/networking" ==> "BUILD/spawning" after 73 second wait
2025-04-03 11:08:53.033 69459 INFO tempest.lib.common.rest_client [req-e653e883-4d19-4fc5-82ba-3bd58e155d0b req-e653e883-4d19-4fc5-82ba-3bd58e155d0b ] Request (FloatingIPsAssociationTestJSON:tearDownClass): 200 GET http://10.180.1.21/compute/v2.1/servers/32e1ce61-06ee-4dd1-9bce-b91dcaa8a4e1 0.094s
2025-04-03 11:08:53.108 69453 WARNING tempest.lib.common.ssh [-] Failed to establish authenticated ssh connection to cirros@10.180.180.242 ([Errno None] Unable to connect to port 22 on 10.180.180.242). Number attempts: 6. Retry after 7 seconds.: paramiko.ssh_exception.NoValidConnectionsError: [Errno None] Unable to connect to port 22 on 10.180.180.242
2025-04-03 11:08:53.115 69502 INFO tempest.lib.common.rest_client [req-06738423-c9cd-498c-b749-5e41ce3d72c8 req-06738423-c9cd-498c-b749-5e41ce3d72c8 ] Request (ServerPasswordTestJSON:setUpClass): 200 GET http://10.180.1.21/compute/v2.1/servers/34b1e823-8d0a-4b0c-b8fe-878cc9e000e3 0.048s
2025-04-03 11:08:53.229 69481 INFO tempest.lib.common.rest_client [req-42eecb6a-1e23-4a9c-8c02-dcee8005b6b9 req-42eecb6a-1e23-4a9c-8c02-dcee8005b6b9 ] Request (ImagesOneServerNegativeTestJSON:_run_cleanups): 200 GET http://10.180.1.21/compute/v2.1/servers/ca6fc799-0159-4372-87ee-28c3392ce959 0.055s
2025-04-03 11:08:53.320 69455 INFO tempest.lib.common.rest_client [req-86751f39-3dd7-439b-a2a4-bac518375021 req-86751f39-3dd7-439b-a2a4-bac518375021 ] Request (AttachInterfacesV270Test:tearDownClass): 200 GET http://10.180.1.21/compute/v2.1/servers/993cd28f-d6b8-427c-a41a-0e90cdbe37e3 0.062s
2025-04-03 11:08:53.372 69451 INFO tempest.lib.common.rest_client [req-e067ce8a-2c72-484f-ab4a-0242f97b1a3d req-e067ce8a-2c72-484f-ab4a-0242f97b1a3d ] Request (InstanceActionsTestJSON:setUpClass): 200 GET http://10.180.1.21/compute/v2.1/servers/20ac28fe-a75f-4538-a345-39e7872fad30 0.050s
2025-04-03 11:08:53.415 69483 INFO tempest.lib.common.rest_client [req-60e30035-0593-4ed6-a35e-0390758f0993 req-60e30035-0593-4ed6-a35e-0390758f0993 ] Request (ImagesOneServerTestJSON:test_create_image_specify_multibyte_character_image_name): 200 GET http://10.180.1.21/compute/v2.1/servers/7d162860-00ee-4b0b-95f8-9632c4eabfad 0.119s
2025-04-03 11:08:53.416 69467 INFO tempest.lib.common.rest_client [req-b361827c-a12e-42ba-a9b0-f4d57d0542fb req-b361827c-a12e-42ba-a9b0-f4d57d0542fb ] Request (ServersTestMultiNic:test_verify_duplicate_network_nics): 200 GET http://10.180.1.21/compute/v2.1/servers/4166a211-8c3d-4e89-bf43-f134631eb018 0.050s
2025-04-03 11:08:53.534 69487 INFO tempest.lib.common.rest_client [req-a4be1e12-1d7f-4b14-bb43-7a03596cec8a req-a4be1e12-1d7f-4b14-bb43-7a03596cec8a ] Request (DeleteServersAdminTestJSON:test_delete_server_while_in_error_state): 200 GET http://10.180.1.21/compute/v2.1/servers/43f2bf3a-8396-4a47-8184-ceb5e9343453 0.089s
2025-04-03 11:08:53.675 69489 INFO tempest.lib.common.rest_client [req-5aecc308-6bcb-446a-8b2d-4c668e713907 req-5aecc308-6bcb-446a-8b2d-4c668e713907 ] Request (MigrationsAdminTest:test_list_migrations_in_flavor_resize_situation): 200 GET http://10.180.1.21/compute/v2.1/servers/927ea571-50ec-4f5e-a5b8-fb0edf599adf 0.099s
2025-04-03 11:08:53.678 69463 INFO tempest.lib.common.rest_client [req-aca6ec50-cd2a-43b6-b7fa-88a4440df9c0 req-aca6ec50-cd2a-43b6-b7fa-88a4440df9c0 ] Request (ServerAddressesNegativeTestJSON:setUpClass): 200 GET http://10.180.1.21/compute/v2.1/servers/428edf2e-d26a-4e01-ae66-669d2fe45fdc 0.112s
2025-04-03 11:08:53.728 69491 INFO tempest.lib.common.rest_client [req-b999fa5f-88cd-43fa-989e-341d4a97b489 req-b999fa5f-88cd-43fa-989e-341d4a97b489 ] Request (ServerRescueTestJSON:test_rescue_unrescue_instance): 200 GET http://10.180.1.21/compute/v2.1/servers/58fcd76a-24cc-400e-a836-5ca27ef7c6b7 0.108s
2025-04-03 11:08:53.748 69465 INFO tempest.lib.common.rest_client [req-196afd7c-86eb-4d11-ae65-942b13f2ba09 req-196afd7c-86eb-4d11-ae65-942b13f2ba09 ] Request (DeleteServersTestJSON:test_delete_active_server): 200 GET http://10.180.1.21/compute/v2.1/servers/e8b09d88-5527-4c74-9db6-081da24373e8 0.108s
2025-04-03 11:08:53.798 69457 INFO tempest.lib.common.rest_client [req-fdbd35f8-0eba-484e-aedb-59bbf5a31e30 req-fdbd35f8-0eba-484e-aedb-59bbf5a31e30 ] Request (ServersListShow298Test:test_list_show_update_rebuild_server_298): 200 GET http://10.180.1.21/compute/v2.1/servers/863b790c-aaa5-4d1b-912a-cb3672a2f5c0 0.110s
2025-04-03 11:08:53.806 69477 INFO tempest.lib.common.rest_client [req-3e75d0a9-aa97-4b67-93e0-82fe67b4ae12 req-3e75d0a9-aa97-4b67-93e0-82fe67b4ae12 ] Request (ListServersNegativeTestJSON:tearDownClass): 200 GET http://10.180.1.21/compute/v2.1/servers/fd6a7bbc-282f-4b48-bb24-b54b02ba0b79 0.110s
2025-04-03 11:08:53.854 69485 INFO tempest.lib.common.rest_client [req-87eeeb72-54ae-43ce-8d1f-29eb5768903b req-87eeeb72-54ae-43ce-8d1f-29eb5768903b ] Request (ServerShowV247Test:test_update_rebuild_list_server): 200 GET http://10.180.1.21/compute/v2.1/servers/ffc3165f-2ec7-4c31-b269-8f3abe31e071 0.115s
2025-04-03 11:08:53.878 69493 INFO tempest.lib.common.rest_client [req-34499caa-59f6-4bc8-bdd9-9a2e3bf66a7c req-34499caa-59f6-4bc8-bdd9-9a2e3bf66a7c ] Request (ServersAaction247Test:test_create_backup): 200 GET http://10.180.1.21/compute/v2.1/servers/53c3c1dd-93f7-42ea-b423-6be5de3db37d 0.061s
2025-04-03 11:08:53.933 69445 INFO tempest.lib.common.rest_client [req-eea56c8e-b47b-4705-ae0a-696dabb28410 req-eea56c8e-b47b-4705-ae0a-696dabb28410 ] Request (VolumesAdminNegativeTest:test_update_attached_volume_with_nonexistent_volume_in_body): 200 GET http://10.180.1.21/compute/v2.1/servers/73c9ad6c-38ab-4cec-a80c-d874507a5180 0.060s
2025-04-03 11:08:53.957 69461 WARNING tempest.lib.common.ssh [-] Failed to establish authenticated ssh connection to cirros@10.180.180.240 ([Errno None] Unable to connect to port 22 on 10.180.180.240). Number attempts: 1. Retry after 2 seconds.: paramiko.ssh_exception.NoValidConnectionsError: [Errno None] Unable to connect to port 22 on 10.180.180.240
2025-04-03 11:08:53.985 69503 INFO tempest.lib.common.rest_client [req-a9332cb6-ad37-4e90-b430-1f5052bf5814 req-a9332cb6-ad37-4e90-b430-1f5052bf5814 ] Request (ServerGroupTestJSON:test_create_server_with_scheduler_hint_group): 200 GET http://10.180.1.21/compute/v2.1/servers/ea8141ad-8ef4-4f36-a2d1-fec122122133 0.138s
2025-04-03 11:08:53.988 69447 INFO tempest.lib.common.rest_client [req-5604213b-4994-4167-b0a8-cde1e5d88397 req-5604213b-4994-4167-b0a8-cde1e5d88397 ] Request (ServersAdminNegativeTestJSON:tearDownClass): 200 GET http://10.180.1.21/compute/v2.1/servers/f60780d7-d486-40a9-9868-226ff1a1beb0 0.086s
2025-04-03 11:08:53.994 69503 INFO tempest.common.waiters [-] State transition "BUILD/spawning" ==> "ACTIVE/None" after 83 second wait
2025-04-03 11:08:54.036 69497 INFO tempest.lib.common.rest_client [req-4d1115ce-9edb-4c79-bdbc-2549d515df5a req-4d1115ce-9edb-4c79-bdbc-2549d515df5a ] Request (ServerActionsTestOtherB:setUpClass): 200 GET http://10.180.1.21/compute/v2.1/servers/d8180779-0929-4896-b981-4f4985d091e9 0.053s
2025-04-03 11:08:54.043 69471 INFO tempest.lib.common.rest_client [req-ba72a0e9-d557-42c0-8c38-98c7b4b23723 req-ba72a0e9-d557-42c0-8c38-98c7b4b23723 ] Request (MultipleCreateTestJSON:test_multiple_create_with_reservation_return): 200 GET http://10.180.1.21/compute/v2.1/servers/89811bdf-64e1-49b2-8c3e-97bcd6812c5b 0.110s
2025-04-03 11:08:54.067 69503 INFO tempest.lib.common.rest_client [req-7e1c2bf1-5bbd-47cc-9c3b-9fb05f07b21a req-7e1c2bf1-5bbd-47cc-9c3b-9fb05f07b21a ] Request (ServerGroupTestJSON:test_create_server_with_scheduler_hint_group): 200 GET http://10.180.1.21/compute/v2.1/os-server-groups/6a9cb5e1-c010-41fe-a497-d2360a44a788 0.073s
2025-04-03 11:08:54.118 69459 INFO tempest.lib.common.rest_client [req-faec79c8-4b65-44d5-bc6c-a3df92d91c78 req-faec79c8-4b65-44d5-bc6c-a3df92d91c78 ] Request (FloatingIPsAssociationTestJSON:tearDownClass): 200 GET http://10.180.1.21/compute/v2.1/servers/32e1ce61-06ee-4dd1-9bce-b91dcaa8a4e1 0.078s
2025-04-03 11:08:54.127 69449 INFO tempest.lib.common.rest_client [req-e95122ac-bd14-4442-9d6b-836e41b2d0c5 req-e95122ac-bd14-4442-9d6b-836e41b2d0c5 ] Request (SecurityGroupsTestJSON:test_list_security_groups_by_server): 200 GET http://10.180.1.21/compute/v2.1/servers/1dd8eb3f-6434-4ad0-80f6-ab4c43e3e439 0.096s
2025-04-03 11:08:54.172 69502 INFO tempest.lib.common.rest_client [req-83f53983-a02b-4ea3-a8c8-e4dcbbcc0476 req-83f53983-a02b-4ea3-a8c8-e4dcbbcc0476 ] Request (ServerPasswordTestJSON:setUpClass): 200 GET http://10.180.1.21/compute/v2.1/servers/34b1e823-8d0a-4b0c-b8fe-878cc9e000e3 0.047s
2025-04-03 11:08:54.191 69503 INFO tempest.lib.common.rest_client [req-498f1cc1-2424-4488-a98b-00bbea8aee06 req-498f1cc1-2424-4488-a98b-00bbea8aee06 ] Request (ServerGroupTestJSON:_run_cleanups): 204 DELETE http://10.180.1.21/compute/v2.1/servers/ea8141ad-8ef4-4f36-a2d1-fec122122133 0.122s
2025-04-03 11:08:54.282 69503 INFO tempest.lib.common.rest_client [req-13a2377d-06c5-4700-ad14-6ddcec1dc29f req-13a2377d-06c5-4700-ad14-6ddcec1dc29f ] Request (ServerGroupTestJSON:_run_cleanups): 200 GET http://10.180.1.21/compute/v2.1/servers/ea8141ad-8ef4-4f36-a2d1-fec122122133 0.090s
2025-04-03 11:08:54.290 69481 INFO tempest.lib.common.rest_client [req-4715c30d-9124-49d6-a47d-ae15672f628f req-4715c30d-9124-49d6-a47d-ae15672f628f ] Request (ImagesOneServerNegativeTestJSON:_run_cleanups): 200 GET http://10.180.1.21/compute/v2.1/servers/ca6fc799-0159-4372-87ee-28c3392ce959 0.052s
2025-04-03 11:08:54.386 69455 INFO tempest.lib.common.rest_client [req-48f84ee7-fa45-4cc6-8845-2e486dcdb1f2 req-48f84ee7-fa45-4cc6-8845-2e486dcdb1f2 ] Request (AttachInterfacesV270Test:tearDownClass): 200 GET http://10.180.1.21/compute/v2.1/servers/993cd28f-d6b8-427c-a41a-0e90cdbe37e3 0.056s
2025-04-03 11:08:54.427 69451 INFO tempest.lib.common.rest_client [req-f57ebb69-e476-4212-ad64-bb1241874f4f req-f57ebb69-e476-4212-ad64-bb1241874f4f ] Request (InstanceActionsTestJSON:setUpClass): 200 GET http://10.180.1.21/compute/v2.1/servers/20ac28fe-a75f-4538-a345-39e7872fad30 0.048s
2025-04-03 11:08:54.487 69467 INFO tempest.lib.common.rest_client [req-bd33c58b-f6c5-4956-9ac9-0aaad10e55fe req-bd33c58b-f6c5-4956-9ac9-0aaad10e55fe ] Request (ServersTestMultiNic:test_verify_duplicate_network_nics): 200 GET http://10.180.1.21/compute/v2.1/servers/4166a211-8c3d-4e89-bf43-f134631eb018 0.063s
2025-04-03 11:08:54.495 69467 INFO tempest.common.waiters [-] State transition "BUILD/None" ==> "BUILD/networking" after 72 second wait
2025-04-03 11:08:54.520 69483 INFO tempest.lib.common.rest_client [req-f18d7e8b-491e-4f6d-8afe-112157bffba1 req-f18d7e8b-491e-4f6d-8afe-112157bffba1 ] Request (ImagesOneServerTestJSON:test_create_image_specify_multibyte_character_image_name): 200 GET http://10.180.1.21/compute/v2.1/servers/7d162860-00ee-4b0b-95f8-9632c4eabfad 0.096s
2025-04-03 11:08:54.663 69487 INFO tempest.lib.common.rest_client [req-849ac87c-8ceb-4954-af9a-401dad84ff3c req-849ac87c-8ceb-4954-af9a-401dad84ff3c ] Request (DeleteServersAdminTestJSON:test_delete_server_while_in_error_state): 200 GET http://10.180.1.21/compute/v2.1/servers/43f2bf3a-8396-4a47-8184-ceb5e9343453 0.121s
2025-04-03 11:08:54.794 69489 INFO tempest.lib.common.rest_client [req-9d3dcc75-73fd-4c08-8f44-0056b9d54e34 req-9d3dcc75-73fd-4c08-8f44-0056b9d54e34 ] Request (MigrationsAdminTest:test_list_migrations_in_flavor_resize_situation): 200 GET http://10.180.1.21/compute/v2.1/servers/927ea571-50ec-4f5e-a5b8-fb0edf599adf 0.112s
2025-04-03 11:08:54.808 69463 INFO tempest.lib.common.rest_client [req-2898f9d5-e616-4246-8680-14057b0030ff req-2898f9d5-e616-4246-8680-14057b0030ff ] Request (ServerAddressesNegativeTestJSON:setUpClass): 200 GET http://10.180.1.21/compute/v2.1/servers/428edf2e-d26a-4e01-ae66-669d2fe45fdc 0.120s
2025-04-03 11:08:54.858 69491 INFO tempest.lib.common.rest_client [req-b2e7ab15-9b51-45a5-9db2-a67c99da4b3d req-b2e7ab15-9b51-45a5-9db2-a67c99da4b3d ] Request (ServerRescueTestJSON:test_rescue_unrescue_instance): 200 GET http://10.180.1.21/compute/v2.1/servers/58fcd76a-24cc-400e-a836-5ca27ef7c6b7 0.120s
2025-04-03 11:08:54.892 69465 INFO tempest.lib.common.rest_client [req-c58bf945-862e-4c49-873a-688d337af754 req-c58bf945-862e-4c49-873a-688d337af754 ] Request (DeleteServersTestJSON:test_delete_active_server): 200 GET http://10.180.1.21/compute/v2.1/servers/e8b09d88-5527-4c74-9db6-081da24373e8 0.136s
2025-04-03 11:08:54.944 69457 INFO tempest.lib.common.rest_client [req-a78fede5-0467-45a3-b0f7-09b74df6a4fb req-a78fede5-0467-45a3-b0f7-09b74df6a4fb ] Request (ServersListShow298Test:test_list_show_update_rebuild_server_298): 200 GET http://10.180.1.21/compute/v2.1/servers/863b790c-aaa5-4d1b-912a-cb3672a2f5c0 0.129s
2025-04-03 11:08:54.971 69477 INFO tempest.lib.common.rest_client [req-ab7e37f8-de5f-4f35-888f-c21e2e734978 req-ab7e37f8-de5f-4f35-888f-c21e2e734978 ] Request (ListServersNegativeTestJSON:tearDownClass): 200 GET http://10.180.1.21/compute/v2.1/servers/fd6a7bbc-282f-4b48-bb24-b54b02ba0b79 0.156s
2025-04-03 11:08:55.013 69485 INFO tempest.lib.common.rest_client [req-14d069eb-7148-4dbc-b552-17dfb3997078 req-14d069eb-7148-4dbc-b552-17dfb3997078 ] Request (ServerShowV247Test:test_update_rebuild_list_server): 200 GET http://10.180.1.21/compute/v2.1/servers/ffc3165f-2ec7-4c31-b269-8f3abe31e071 0.149s
2025-04-03 11:08:55.038 69493 INFO tempest.lib.common.rest_client [req-1f6a2b40-0d5d-4dc0-a3b7-f6892ac52c5b req-1f6a2b40-0d5d-4dc0-a3b7-f6892ac52c5b ] Request (ServersAaction247Test:test_create_backup): 200 GET http://10.180.1.21/compute/v2.1/servers/53c3c1dd-93f7-42ea-b423-6be5de3db37d 0.149s
2025-04-03 11:08:55.047 69493 INFO tempest.common.waiters [-] State transition "BUILD/spawning" ==> "ACTIVE/None" after 83 second wait
2025-04-03 11:08:55.083 69445 INFO tempest.lib.common.rest_client [req-f60fe8b3-a7c4-4eb0-8a82-de4428e59f67 req-f60fe8b3-a7c4-4eb0-8a82-de4428e59f67 ] Request (VolumesAdminNegativeTest:test_update_attached_volume_with_nonexistent_volume_in_body): 200 GET http://10.180.1.21/compute/v2.1/servers/73c9ad6c-38ab-4cec-a80c-d874507a5180 0.139s
2025-04-03 11:08:55.107 69447 INFO tempest.lib.common.rest_client [req-d9e9596f-e97b-41ff-a7af-060b82305511 req-d9e9596f-e97b-41ff-a7af-060b82305511 ] Request (ServersAdminNegativeTestJSON:tearDownClass): 200 GET http://10.180.1.21/compute/v2.1/servers/f60780d7-d486-40a9-9868-226ff1a1beb0 0.109s
2025-04-03 11:08:55.149 69497 INFO tempest.lib.common.rest_client [req-2597fd7d-8140-4ec4-ac5f-b67ccdc02f13 req-2597fd7d-8140-4ec4-ac5f-b67ccdc02f13 ] Request (ServerActionsTestOtherB:setUpClass): 200 GET http://10.180.1.21/compute/v2.1/servers/d8180779-0929-4896-b981-4f4985d091e9 0.104s
2025-04-03 11:08:55.215 69471 INFO tempest.lib.common.rest_client [req-989ecc31-0d04-4dd3-9c85-ed78e206c80a req-989ecc31-0d04-4dd3-9c85-ed78e206c80a ] Request (MultipleCreateTestJSON:test_multiple_create_with_reservation_return): 200 GET http://10.180.1.21/compute/v2.1/servers/89811bdf-64e1-49b2-8c3e-97bcd6812c5b 0.163s
2025-04-03 11:08:55.294 69459 INFO tempest.lib.common.rest_client [req-394476e9-d84a-4b5a-8740-4b7535a9fe21 req-394476e9-d84a-4b5a-8740-4b7535a9fe21 ] Request (FloatingIPsAssociationTestJSON:tearDownClass): 200 GET http://10.180.1.21/compute/v2.1/servers/32e1ce61-06ee-4dd1-9bce-b91dcaa8a4e1 0.167s
2025-04-03 11:08:55.407 69449 INFO tempest.lib.common.rest_client [req-b951f473-89a6-4ff5-b108-807edf5075d5 req-b951f473-89a6-4ff5-b108-807edf5075d5 ] Request (SecurityGroupsTestJSON:test_list_security_groups_by_server): 200 GET http://10.180.1.21/compute/v2.1/servers/1dd8eb3f-6434-4ad0-80f6-ab4c43e3e439 0.272s
2025-04-03 11:08:55.464 69502 INFO tempest.lib.common.rest_client [req-18571845-3d70-4114-aaef-8c569a5cb546 req-18571845-3d70-4114-aaef-8c569a5cb546 ] Request (ServerPasswordTestJSON:setUpClass): 200 GET http://10.180.1.21/compute/v2.1/servers/34b1e823-8d0a-4b0c-b8fe-878cc9e000e3 0.284s
2025-04-03 11:08:55.641 69503 INFO tempest.lib.common.rest_client [req-9ce151af-7376-48ac-8428-000a5f4c11f6 req-9ce151af-7376-48ac-8428-000a5f4c11f6 ] Request (ServerGroupTestJSON:_run_cleanups): 200 GET http://10.180.1.21/compute/v2.1/servers/ea8141ad-8ef4-4f36-a2d1-fec122122133 0.351s
2025-04-03 11:08:55.643 69493 INFO tempest.lib.common.rest_client [req-9646128a-d2e7-479c-9610-8bce02908e95 req-9646128a-d2e7-479c-9610-8bce02908e95 ] Request (ServersAaction247Test:test_create_backup): 202 POST http://10.180.1.21/compute/v2.1/servers/53c3c1dd-93f7-42ea-b423-6be5de3db37d/action 0.595s
2025-04-03 11:08:55.692 69481 INFO tempest.lib.common.rest_client [req-a6facf83-4781-4881-852f-25fb5d29baf2 req-a6facf83-4781-4881-852f-25fb5d29baf2 ] Request (ImagesOneServerNegativeTestJSON:_run_cleanups): 200 GET http://10.180.1.21/compute/v2.1/servers/ca6fc799-0159-4372-87ee-28c3392ce959 0.393s
2025-04-03 11:08:55.715 69455 INFO tempest.lib.common.rest_client [req-2b1251b6-2641-4e32-923d-f203ff7d262a req-2b1251b6-2641-4e32-923d-f203ff7d262a ] Request (AttachInterfacesV270Test:tearDownClass): 200 GET http://10.180.1.21/compute/v2.1/servers/993cd28f-d6b8-427c-a41a-0e90cdbe37e3 0.320s
2025-04-03 11:08:55.751 69451 INFO tempest.lib.common.rest_client [req-cc5657b3-3510-4c22-ae36-ff801833ef0c req-cc5657b3-3510-4c22-ae36-ff801833ef0c ] Request (InstanceActionsTestJSON:setUpClass): 200 GET http://10.180.1.21/compute/v2.1/servers/20ac28fe-a75f-4538-a345-39e7872fad30 0.316s
2025-04-03 11:08:55.840 69467 INFO tempest.lib.common.rest_client [req-887580a8-b583-446f-8adc-f7c83122b7d0 req-887580a8-b583-446f-8adc-f7c83122b7d0 ] Request (ServersTestMultiNic:test_verify_duplicate_network_nics): 200 GET http://10.180.1.21/compute/v2.1/servers/4166a211-8c3d-4e89-bf43-f134631eb018 0.345s
2025-04-03 11:08:55.849 69467 INFO tempest.common.waiters [-] State transition "BUILD/networking" ==> "BUILD/spawning" after 73 second wait
2025-04-03 11:08:55.854 69483 INFO tempest.lib.common.rest_client [req-345d6e16-1c96-46da-bb66-a365d8418a53 req-345d6e16-1c96-46da-bb66-a365d8418a53 ] Request (ImagesOneServerTestJSON:test_create_image_specify_multibyte_character_image_name): 200 GET http://10.180.1.21/compute/v2.1/servers/7d162860-00ee-4b0b-95f8-9632c4eabfad 0.323s
2025-04-03 11:08:55.863 69483 INFO tempest.common.waiters [-] State transition "ACTIVE/image_uploading" ==> "ACTIVE/None" after 3 second wait
2025-04-03 11:08:55.918 69493 INFO tempest.lib.common.rest_client [req-befbf34e-46ca-4c2d-bb19-e995ed0db982 req-befbf34e-46ca-4c2d-bb19-e995ed0db982 ] Request (ServersAaction247Test:tearDownClass): 204 DELETE http://10.180.1.21/compute/v2.1/servers/53c3c1dd-93f7-42ea-b423-6be5de3db37d 0.264s
2025-04-03 11:08:55.976 69487 INFO tempest.lib.common.rest_client [req-fd6f68a5-3b8c-4628-ba49-9f9aaa6b87b3 req-fd6f68a5-3b8c-4628-ba49-9f9aaa6b87b3 ] Request (DeleteServersAdminTestJSON:test_delete_server_while_in_error_state): 200 GET http://10.180.1.21/compute/v2.1/servers/43f2bf3a-8396-4a47-8184-ceb5e9343453 0.306s
2025-04-03 11:08:55.984 69487 INFO tempest.common.waiters [-] State transition "BUILD/spawning" ==> "ACTIVE/None" after 84 second wait
2025-04-03 11:08:56.026 69489 INFO tempest.lib.common.rest_client [req-a24a6edd-c523-43d3-a207-fd0ae4021b6a req-a24a6edd-c523-43d3-a207-fd0ae4021b6a ] Request (MigrationsAdminTest:test_list_migrations_in_flavor_resize_situation): 200 GET http://10.180.1.21/compute/v2.1/servers/927ea571-50ec-4f5e-a5b8-fb0edf599adf 0.222s
2025-04-03 11:08:56.060 69475 WARNING tempest.lib.common.ssh [-] Failed to establish authenticated ssh connection to cirros@10.180.180.245 ([Errno None] Unable to connect to port 22 on 10.180.180.245). Number attempts: 10. Retry after 11 seconds.: paramiko.ssh_exception.NoValidConnectionsError: [Errno None] Unable to connect to port 22 on 10.180.180.245
2025-04-03 11:08:56.106 69463 INFO tempest.lib.common.rest_client [req-88891cc0-df14-42a1-b5e8-f85b61d05ee9 req-88891cc0-df14-42a1-b5e8-f85b61d05ee9 ] Request (ServerAddressesNegativeTestJSON:setUpClass): 200 GET http://10.180.1.21/compute/v2.1/servers/428edf2e-d26a-4e01-ae66-669d2fe45fdc 0.286s
2025-04-03 11:08:56.123 69483 INFO tempest.lib.common.rest_client [req-cc517e30-ffc0-43d4-9e1d-81d7612f41f4 req-cc517e30-ffc0-43d4-9e1d-81d7612f41f4 ] Request (ImagesOneServerTestJSON:tearDownClass): 204 DELETE http://10.180.1.21/compute/v2.1/images/9b53ebb7-4145-4a68-a133-67e57074673e 0.258s
2025-04-03 11:08:56.162 69491 INFO tempest.lib.common.rest_client [req-e86c07ff-5f36-4daf-aa5a-f375fd4f9aa5 req-e86c07ff-5f36-4daf-aa5a-f375fd4f9aa5 ] Request (ServerRescueTestJSON:test_rescue_unrescue_instance): 200 GET http://10.180.1.21/compute/v2.1/servers/58fcd76a-24cc-400e-a836-5ca27ef7c6b7 0.294s
2025-04-03 11:08:56.183 69465 INFO tempest.lib.common.rest_client [req-599e942b-949e-4e9d-b48b-0257f63f1092 req-599e942b-949e-4e9d-b48b-0257f63f1092 ] Request (DeleteServersTestJSON:test_delete_active_server): 200 GET http://10.180.1.21/compute/v2.1/servers/e8b09d88-5527-4c74-9db6-081da24373e8 0.280s
2025-04-03 11:08:56.221 69493 INFO tempest.lib.common.rest_client [req-96190bbe-6ed2-4150-9931-b26839ba12cb req-96190bbe-6ed2-4150-9931-b26839ba12cb ] Request (ServersAaction247Test:tearDownClass): 200 GET http://10.180.1.21/compute/v2.1/servers/53c3c1dd-93f7-42ea-b423-6be5de3db37d 0.302s
2025-04-03 11:08:56.242 69457 INFO tempest.lib.common.rest_client [req-05f4bb0f-1828-4d1f-bbe8-cd67396f392d req-05f4bb0f-1828-4d1f-bbe8-cd67396f392d ] Request (ServersListShow298Test:test_list_show_update_rebuild_server_298): 200 GET http://10.180.1.21/compute/v2.1/servers/863b790c-aaa5-4d1b-912a-cb3672a2f5c0 0.283s
2025-04-03 11:08:56.287 69477 INFO tempest.lib.common.rest_client [req-444180be-41b3-4243-9be6-38a700c594ee req-444180be-41b3-4243-9be6-38a700c594ee ] Request (ListServersNegativeTestJSON:tearDownClass): 200 GET http://10.180.1.21/compute/v2.1/servers/fd6a7bbc-282f-4b48-bb24-b54b02ba0b79 0.304s
2025-04-03 11:08:56.298 69487 INFO tempest.lib.common.rest_client [req-55c598c0-ba35-4621-a2be-d6c12b322c62 req-55c598c0-ba35-4621-a2be-d6c12b322c62 ] Request (DeleteServersAdminTestJSON:test_delete_server_while_in_error_state): 202 POST http://10.180.1.21/compute/v2.1/servers/43f2bf3a-8396-4a47-8184-ceb5e9343453/action 0.314s
2025-04-03 11:08:56.355 69485 INFO tempest.lib.common.rest_client [req-38b0e62d-c405-46bc-969b-e04522569ef3 req-38b0e62d-c405-46bc-969b-e04522569ef3 ] Request (ServerShowV247Test:test_update_rebuild_list_server): 200 GET http://10.180.1.21/compute/v2.1/servers/ffc3165f-2ec7-4c31-b269-8f3abe31e071 0.330s
2025-04-03 11:08:56.363 69445 INFO tempest.lib.common.rest_client [req-22be4760-3f33-4e65-8c49-0ea8ddb91c4f req-22be4760-3f33-4e65-8c49-0ea8ddb91c4f ] Request (VolumesAdminNegativeTest:test_update_attached_volume_with_nonexistent_volume_in_body): 200 GET http://10.180.1.21/compute/v2.1/servers/73c9ad6c-38ab-4cec-a80c-d874507a5180 0.267s
2025-04-03 11:08:56.389 69483 INFO tempest.lib.common.rest_client [req-9aadf86e-b701-4c3f-ae52-82b44e93e48a req-9aadf86e-b701-4c3f-ae52-82b44e93e48a ] Request (ImagesOneServerTestJSON:tearDownClass): 404 DELETE http://10.180.1.21/compute/v2.1/images/d0f1ccbc-b19f-4c69-89de-8e1945a575bb 0.266s
2025-04-03 11:08:56.423 69447 INFO tempest.lib.common.rest_client [req-f7210701-e3f2-4463-b074-fed49e8e26b4 req-f7210701-e3f2-4463-b074-fed49e8e26b4 ] Request (ServersAdminNegativeTestJSON:tearDownClass): 200 GET http://10.180.1.21/compute/v2.1/servers/f60780d7-d486-40a9-9868-226ff1a1beb0 0.302s
2025-04-03 11:08:56.442 69497 INFO tempest.lib.common.rest_client [req-8225d633-83ea-4821-b7a4-2941fe0c29a6 req-8225d633-83ea-4821-b7a4-2941fe0c29a6 ] Request (ServerActionsTestOtherB:setUpClass): 200 GET http://10.180.1.21/compute/v2.1/servers/d8180779-0929-4896-b981-4f4985d091e9 0.281s
2025-04-03 11:08:56.483 69471 INFO tempest.lib.common.rest_client [req-16fcf7d2-88e9-4599-a92e-f23489660902 req-16fcf7d2-88e9-4599-a92e-f23489660902 ] Request (MultipleCreateTestJSON:test_multiple_create_with_reservation_return): 200 GET http://10.180.1.21/compute/v2.1/servers/89811bdf-64e1-49b2-8c3e-97bcd6812c5b 0.261s
2025-04-03 11:08:56.491 69471 INFO tempest.common.waiters [-] State transition "BUILD/scheduling" ==> "BUILD/None" after 65 second wait
2025-04-03 11:08:56.543 69459 INFO tempest.lib.common.rest_client [req-95ea4f6f-e027-4cfd-b56a-21e9ad8dae9e req-95ea4f6f-e027-4cfd-b56a-21e9ad8dae9e ] Request (FloatingIPsAssociationTestJSON:tearDownClass): 200 GET http://10.180.1.21/compute/v2.1/servers/32e1ce61-06ee-4dd1-9bce-b91dcaa8a4e1 0.234s
2025-04-03 11:08:56.579 69487 INFO tempest.lib.common.rest_client [req-2e2d6f34-13e9-4139-9f7a-a35092e17744 req-2e2d6f34-13e9-4139-9f7a-a35092e17744 ] Request (DeleteServersAdminTestJSON:test_delete_server_while_in_error_state): 200 GET http://10.180.1.21/compute/v2.1/servers/43f2bf3a-8396-4a47-8184-ceb5e9343453 0.281s
2025-04-03 11:08:56.616 69483 INFO tempest.lib.common.rest_client [req-d6c242c9-7971-4580-b8f3-1f119023b515 req-d6c242c9-7971-4580-b8f3-1f119023b515 ] Request (ImagesOneServerTestJSON:tearDownClass): 204 DELETE http://10.180.1.21/compute/v2.1/servers/7d162860-00ee-4b0b-95f8-9632c4eabfad 0.226s
2025-04-03 11:08:56.664 69502 INFO tempest.lib.common.rest_client [req-5f5d91f9-2a62-4ba9-b9ac-2baac466e7f1 req-5f5d91f9-2a62-4ba9-b9ac-2baac466e7f1 ] Request (ServerPasswordTestJSON:setUpClass): 200 GET http://10.180.1.21/compute/v2.1/servers/34b1e823-8d0a-4b0c-b8fe-878cc9e000e3 0.188s
2025-04-03 11:08:56.676 69449 INFO tempest.lib.common.rest_client [req-da77f4d0-6aa9-42ad-a331-c409c7c0b58f req-da77f4d0-6aa9-42ad-a331-c409c7c0b58f ] Request (SecurityGroupsTestJSON:test_list_security_groups_by_server): 200 GET http://10.180.1.21/compute/v2.1/servers/1dd8eb3f-6434-4ad0-80f6-ab4c43e3e439 0.258s
2025-04-03 11:08:56.731 69487 INFO tempest.lib.common.rest_client [req-51f5b195-bcfe-4d65-b43a-7223ac70f57f req-51f5b195-bcfe-4d65-b43a-7223ac70f57f ] Request (DeleteServersAdminTestJSON:test_delete_server_while_in_error_state): 204 DELETE http://10.180.1.21/compute/v2.1/servers/43f2bf3a-8396-4a47-8184-ceb5e9343453 0.143s
2025-04-03 11:08:56.760 69483 INFO tempest.lib.common.rest_client [req-fcd60169-c85f-4c2e-82ab-c5174ae81146 req-fcd60169-c85f-4c2e-82ab-c5174ae81146 ] Request (ImagesOneServerTestJSON:tearDownClass): 200 GET http://10.180.1.21/compute/v2.1/servers/7d162860-00ee-4b0b-95f8-9632c4eabfad 0.143s
2025-04-03 11:08:56.805 69481 INFO tempest.lib.common.rest_client [req-dc05f4ac-e124-4ab7-a029-12a591036b27 req-dc05f4ac-e124-4ab7-a029-12a591036b27 ] Request (ImagesOneServerNegativeTestJSON:_run_cleanups): 200 GET http://10.180.1.21/compute/v2.1/servers/ca6fc799-0159-4372-87ee-28c3392ce959 0.104s
2025-04-03 11:08:56.829 69503 INFO tempest.lib.common.rest_client [req-4e4d5ed9-4612-4674-8c91-8b31de2c7fec req-4e4d5ed9-4612-4674-8c91-8b31de2c7fec ] Request (ServerGroupTestJSON:_run_cleanups): 200 GET http://10.180.1.21/compute/v2.1/servers/ea8141ad-8ef4-4f36-a2d1-fec122122133 0.179s
2025-04-03 11:08:56.860 69455 INFO tempest.lib.common.rest_client [req-f7a352c0-c960-492a-bcfc-7e501dca7103 req-f7a352c0-c960-492a-bcfc-7e501dca7103 ] Request (AttachInterfacesV270Test:tearDownClass): 200 GET http://10.180.1.21/compute/v2.1/servers/993cd28f-d6b8-427c-a41a-0e90cdbe37e3 0.135s
2025-04-03 11:08:56.913 69451 INFO tempest.lib.common.rest_client [req-fd8f8fbf-af03-4aa6-baa3-430fb75f030e req-fd8f8fbf-af03-4aa6-baa3-430fb75f030e ] Request (InstanceActionsTestJSON:setUpClass): 200 GET http://10.180.1.21/compute/v2.1/servers/20ac28fe-a75f-4538-a345-39e7872fad30 0.145s
2025-04-03 11:08:56.928 69487 INFO tempest.lib.common.rest_client [req-d4d9719c-589e-4a6b-a7d5-c315855f0806 req-d4d9719c-589e-4a6b-a7d5-c315855f0806 ] Request (DeleteServersAdminTestJSON:test_delete_server_while_in_error_state): 200 GET http://10.180.1.21/compute/v2.1/servers/43f2bf3a-8396-4a47-8184-ceb5e9343453 0.197s
