2025-04-03 11:08:02.295 69507 INFO tempest.lib.common.rest_client [req-14816807-61c4-468d-88ca-12ddcce4edb6 req-14816807-61c4-468d-88ca-12ddcce4edb6 ] Request (ServersAdmin275Test:tearDownClass): 200 GET http://10.180.1.21/compute/v2.1/servers/dc28dceb-ec90-4b24-804a-b2bf31fcd959 0.092s
2025-04-03 11:08:02.299 69465 INFO tempest.lib.common.rest_client [req-d4c361b0-cdee-4dfa-ba05-b80c5cdb976f req-d4c361b0-cdee-4dfa-ba05-b80c5cdb976f ] Request (DeleteServersTestJSON:test_delete_active_server): 200 GET http://10.180.1.21/compute/v2.1/servers/e8b09d88-5527-4c74-9db6-081da24373e8 0.079s
2025-04-03 11:08:02.374 69495 INFO tempest.lib.common.rest_client [req-2d7e6678-c634-4fd8-b25e-1c3728b41cd3 req-2d7e6678-c634-4fd8-b25e-1c3728b41cd3 ] Request (ServerActionsTestJSON:setUpClass): 200 GET http://10.180.1.21/compute/v2.1/servers/ae4fca65-67fe-48c2-b1d7-90e957ef15fc 0.107s
2025-04-03 11:08:02.440 69479 INFO tempest.lib.common.rest_client [req-6cad3a34-1b49-451a-9c0e-182a88560151 req-6cad3a34-1b49-451a-9c0e-182a88560151 ] Request (ServerDiagnosticsNegativeTest:tearDownClass): 200 GET http://10.180.1.21/compute/v2.1/servers/fa29c571-2476-4217-b835-43af51cd645a 0.082s
2025-04-03 11:08:02.471 69487 INFO tempest.lib.common.rest_client [req-a861e01c-031a-4b2b-b730-8ebca5c3a707 req-a861e01c-031a-4b2b-b730-8ebca5c3a707 ] Request (DeleteServersAdminTestJSON:test_delete_server_while_in_error_state): 200 GET http://10.180.1.21/compute/v2.1/servers/43f2bf3a-8396-4a47-8184-ceb5e9343453 0.066s
2025-04-03 11:08:02.524 69447 INFO tempest.lib.common.rest_client [req-d431c075-b8c0-48d0-a71a-1a689b82193b req-d431c075-b8c0-48d0-a71a-1a689b82193b ] Request (ServersAdminNegativeTestJSON:test_migrate_server_invalid_state): 200 GET http://10.180.1.21/compute/v2.1/servers/f60780d7-d486-40a9-9868-226ff1a1beb0 0.052s
2025-04-03 11:08:02.547 69453 INFO tempest.lib.common.rest_client [req-b3dbc226-0927-45d4-8b53-8492c543f131 req-b3dbc226-0927-45d4-8b53-8492c543f131 ] Request (AttachVolumeTestJSON:test_attach_detach_volume): 200 GET http://10.180.1.21/compute/v2.1/servers/d59bc90a-d340-4e5f-b395-e320de617c16 0.067s
2025-04-03 11:08:02.601 69483 INFO tempest.lib.common.rest_client [req-0f4290d9-50c5-4e9a-bd41-492af2920e5d req-0f4290d9-50c5-4e9a-bd41-492af2920e5d ] Request (ImagesOneServerTestJSON:setUpClass): 200 GET http://10.180.1.21/compute/v2.1/servers/7d162860-00ee-4b0b-95f8-9632c4eabfad 0.063s
2025-04-03 11:08:02.648 69451 INFO tempest.lib.common.rest_client [req-cb39332d-3013-4a4e-8438-17686dd02ceb req-cb39332d-3013-4a4e-8438-17686dd02ceb ] Request (InstanceActionsTestJSON:setUpClass): 200 GET http://10.180.1.21/compute/v2.1/servers/20ac28fe-a75f-4538-a345-39e7872fad30 0.082s
2025-04-03 11:08:02.657 69445 INFO tempest.lib.common.rest_client [req-abce8890-695a-48d4-ba09-5c4b3f18e697 req-abce8890-695a-48d4-ba09-5c4b3f18e697 ] Request (VolumesAdminNegativeTest:setUpClass): 200 PUT http://10.180.1.21:9696/networking/v2.0/routers/c417b23c-ea4c-41a9-8e56-99d52d9df7e5/add_router_interface 1.059s
2025-04-03 11:08:02.657 69445 INFO tempest.lib.common.dynamic_creds [-] Created isolated network resources for: credentials: Credentials: {'domain_id': 'default', 'domain_name': 'Default', 'username': 'tempest-VolumesAdminNegativeTest-209677487-project-admin', 'project_domain_id': 'default', 'project_domain_name': 'Default', 'project_id': '99ba4069219743d98878ef601015d85b', 'project_name': 'tempest-VolumesAdminNegativeTest-209677487', 'tenant_id': '99ba4069219743d98878ef601015d85b', 'tenant_name': 'tempest-VolumesAdminNegativeTest-209677487', 'user_domain_id': 'default', 'user_domain_name': 'Default', 'user_id': 'e791d8e8ccc84de38e3c6cb1fecbe8b1', 'system': None}, Network: {'id': '6ef6760b-a7b2-47ec-b2b1-2460d823b987', 'name': 'tempest-VolumesAdminNegativeTest-245237207-network', 'tenant_id': '99ba4069219743d98878ef601015d85b', 'admin_state_up': True, 'mtu': 8950, 'status': 'ACTIVE', 'subnets': [], 'shared': False, 'project_id': '99ba4069219743d98878ef601015d85b', 'port_security_enabled': True, 'router:external': False, 'provider:network_type': 'vlan', 'provider:physical_network': 'default', 'provider:segmentation_id': 537, 'availability_zone_hints': [], 'availability_zones': [], 'ipv4_address_scope': None, 'ipv6_address_scope': None, 'description': '', 'tags': [], 'created_at': '2025-04-03T11:08:00Z', 'updated_at': '2025-04-03T11:08:00Z', 'revision_number': 1}, Subnet: {'id': '3d89f60d-9814-48b0-a90d-0bee1bc6b34f', 'name': 'tempest-VolumesAdminNegativeTest-245237207-subnet', 'tenant_id': '99ba4069219743d98878ef601015d85b', 'network_id': '6ef6760b-a7b2-47ec-b2b1-2460d823b987', 'ip_version': 4, 'subnetpool_id': None, 'enable_dhcp': True, 'ipv6_ra_mode': None, 'ipv6_address_mode': None, 'gateway_ip': '192.168.128.1', 'cidr': '192.168.128.0/28', 'allocation_pools': [{'start': '192.168.128.2', 'end': '192.168.128.14'}], 'host_routes': [], 'dns_nameservers': [], 'description': '', 'router:external': False, 'service_types': [], 'tags': [], 'created_at': '2025-04-03T11:08:00Z', 'updated_at': '2025-04-03T11:08:00Z', 'revision_number': 0, 'project_id': '99ba4069219743d98878ef601015d85b'}, Router: {'id': 'c417b23c-ea4c-41a9-8e56-99d52d9df7e5', 'name': 'tempest-VolumesAdminNegativeTest-245237207-router', 'tenant_id': '99ba4069219743d98878ef601015d85b', 'admin_state_up': True, 'status': 'ACTIVE', 'external_gateway_info': {'network_id': 'd7b27c2a-33e0-4809-beeb-3e702b27e17f', 'external_fixed_ips': [{'subnet_id': 'd4319742-fa53-4226-8485-fdc8aa6ad57b', 'ip_address': '10.180.180.230'}], 'enable_snat': True}, 'description': '', 'availability_zones': [], 'distributed': False, 'ha': False, 'availability_zone_hints': [], 'routes': [], 'flavor_id': None, 'tags': [], 'created_at': '2025-04-03T11:08:00Z', 'updated_at': '2025-04-03T11:08:00Z', 'revision_number': 2, 'project_id': '99ba4069219743d98878ef601015d85b'}
2025-04-03 11:08:02.740 69457 INFO tempest.lib.common.rest_client [req-4ef2442d-b940-4cfa-a857-55487414e69f req-4ef2442d-b940-4cfa-a857-55487414e69f ] Request (ServersListShow298Test:test_list_show_update_rebuild_server_298): 200 GET http://10.180.1.21/compute/v2.1/servers/863b790c-aaa5-4d1b-912a-cb3672a2f5c0 0.069s
2025-04-03 11:08:02.764 69445 INFO tempest.lib.common.rest_client [req-e8580327-616e-46cd-8d93-d8203359e9a2 req-e8580327-616e-46cd-8d93-d8203359e9a2 ] Request (VolumesAdminNegativeTest:setUpClass): 201 POST http://10.180.1.21/identity/v3/auth/tokens 0.103s
2025-04-03 11:08:02.794 69503 INFO tempest.lib.common.rest_client [req-26928cd3-fe7e-4923-8a94-b49443e61fe7 req-26928cd3-fe7e-4923-8a94-b49443e61fe7 ] Request (ServerGroupTestJSON:test_create_server_with_scheduler_hint_group): 200 GET http://10.180.1.21/compute/v2.1/servers/ea8141ad-8ef4-4f36-a2d1-fec122122133 0.063s
2025-04-03 11:08:02.849 69491 INFO tempest.lib.common.rest_client [req-8552adcb-93ab-4b01-b753-8142d6c49e45 req-8552adcb-93ab-4b01-b753-8142d6c49e45 ] Request (ServerRescueTestJSON:setUpClass): 200 GET http://10.180.1.21/compute/v2.1/servers/cb9cea3a-dd62-46b9-82af-20c557fd1f1a 0.103s
2025-04-03 11:08:02.857 69491 INFO tempest.common.waiters [-] State transition "BUILD/block_device_mapping" ==> "BUILD/spawning" after 51 second wait
2025-04-03 11:08:02.877 69502 INFO tempest.lib.common.rest_client [req-46d0c5e4-0714-429f-a841-0a16b4260da9 req-46d0c5e4-0714-429f-a841-0a16b4260da9 ] Request (ServerPasswordTestJSON:setUpClass): 200 PUT http://10.180.1.21:9696/networking/v2.0/routers/3a7b3e06-43e9-458a-8cea-e179dd12a16a/add_router_interface 0.899s
2025-04-03 11:08:02.878 69502 INFO tempest.lib.common.dynamic_creds [-] Created isolated network resources for: credentials: Credentials: {'domain_id': 'default', 'domain_name': 'Default', 'username': 'tempest-ServerPasswordTestJSON-18856832-project-member', 'project_domain_id': 'default', 'project_domain_name': 'Default', 'project_id': '18ab4c8edc6843debc4933cfacbe8b8f', 'project_name': 'tempest-ServerPasswordTestJSON-18856832', 'tenant_id': '18ab4c8edc6843debc4933cfacbe8b8f', 'tenant_name': 'tempest-ServerPasswordTestJSON-18856832', 'user_domain_id': 'default', 'user_domain_name': 'Default', 'user_id': '3d3c4cc945cd4d2385adf706da54a70b', 'system': None}, Network: {'id': '303e7ee3-e55c-406d-8ab2-1d42046d4f4c', 'name': 'tempest-ServerPasswordTestJSON-1970814424-network', 'tenant_id': '18ab4c8edc6843debc4933cfacbe8b8f', 'admin_state_up': True, 'mtu': 8950, 'status': 'ACTIVE', 'subnets': [], 'shared': False, 'project_id': '18ab4c8edc6843debc4933cfacbe8b8f', 'port_security_enabled': True, 'router:external': False, 'provider:network_type': 'vlan', 'provider:physical_network': 'default', 'provider:segmentation_id': 641, 'availability_zone_hints': [], 'availability_zones': [], 'ipv4_address_scope': None, 'ipv6_address_scope': None, 'description': '', 'tags': [], 'created_at': '2025-04-03T11:08:00Z', 'updated_at': '2025-04-03T11:08:00Z', 'revision_number': 1}, Subnet: {'id': 'd59665cf-f184-4b15-8986-de212cc27aca', 'name': 'tempest-ServerPasswordTestJSON-1970814424-subnet', 'tenant_id': '18ab4c8edc6843debc4933cfacbe8b8f', 'network_id': '303e7ee3-e55c-406d-8ab2-1d42046d4f4c', 'ip_version': 4, 'subnetpool_id': None, 'enable_dhcp': True, 'ipv6_ra_mode': None, 'ipv6_address_mode': None, 'gateway_ip': '192.168.128.1', 'cidr': '192.168.128.0/28', 'allocation_pools': [{'start': '192.168.128.2', 'end': '192.168.128.14'}], 'host_routes': [], 'dns_nameservers': [], 'description': '', 'router:external': False, 'service_types': [], 'tags': [], 'created_at': '2025-04-03T11:08:01Z', 'updated_at': '2025-04-03T11:08:01Z', 'revision_number': 0, 'project_id': '18ab4c8edc6843debc4933cfacbe8b8f'}, Router: {'id': '3a7b3e06-43e9-458a-8cea-e179dd12a16a', 'name': 'tempest-ServerPasswordTestJSON-1970814424-router', 'tenant_id': '18ab4c8edc6843debc4933cfacbe8b8f', 'admin_state_up': True, 'status': 'ACTIVE', 'external_gateway_info': {'network_id': 'd7b27c2a-33e0-4809-beeb-3e702b27e17f', 'external_fixed_ips': [{'subnet_id': 'd4319742-fa53-4226-8485-fdc8aa6ad57b', 'ip_address': '10.180.180.181'}], 'enable_snat': True}, 'description': '', 'availability_zones': [], 'distributed': False, 'ha': False, 'availability_zone_hints': [], 'routes': [], 'flavor_id': None, 'tags': [], 'created_at': '2025-04-03T11:08:01Z', 'updated_at': '2025-04-03T11:08:01Z', 'revision_number': 2, 'project_id': '18ab4c8edc6843debc4933cfacbe8b8f'}
2025-04-03 11:08:02.900 69471 INFO tempest.lib.common.rest_client [req-6d9a8890-bc1c-4e17-ba07-bfca787e123c req-6d9a8890-bc1c-4e17-ba07-bfca787e123c ] Request (MultipleCreateTestJSON:test_multiple_create_with_reservation_return): 200 GET http://10.180.1.21/compute/v2.1/servers/89811bdf-64e1-49b2-8c3e-97bcd6812c5b 0.100s
2025-04-03 11:08:02.947 69445 INFO tempest.lib.common.rest_client [req-ed24b6d1-8298-4dc9-8718-314dcfafedd0 req-ed24b6d1-8298-4dc9-8718-314dcfafedd0 ] Request (VolumesAdminNegativeTest:test_update_attached_volume_with_nonexistent_volume_in_body): 200 POST http://10.180.1.21/compute/v2.1/os-keypairs 0.180s
2025-04-03 11:08:02.955 69493 INFO tempest.lib.common.rest_client [req-599ed168-8653-49ba-ae2a-862ba3df1645 req-599ed168-8653-49ba-ae2a-862ba3df1645 ] Request (ServersAaction247Test:test_create_backup): 200 GET http://10.180.1.21/compute/v2.1/servers/53c3c1dd-93f7-42ea-b423-6be5de3db37d 0.125s
2025-04-03 11:08:02.956 69502 INFO tempest.lib.common.rest_client [req-ad0d0cc2-ac55-4774-a87c-bedfd8044f6f req-ad0d0cc2-ac55-4774-a87c-bedfd8044f6f ] Request (ServerPasswordTestJSON:setUpClass): 201 POST http://10.180.1.21/identity/v3/auth/tokens 0.074s
2025-04-03 11:08:02.984 69502 INFO tempest.lib.common.rest_client [req-b32b95e8-068b-492e-a9da-d746d592be00 req-b32b95e8-068b-492e-a9da-d746d592be00 ] Request (ServerPasswordTestJSON:setUpClass): 201 POST http://10.180.1.21/identity/v3/auth/tokens 0.024s
2025-04-03 11:08:02.984 69502 INFO tempest.lib.common.fixed_network [-] (ServerPasswordTestJSON:setUpClass) Found network {'id': '303e7ee3-e55c-406d-8ab2-1d42046d4f4c', 'name': 'tempest-ServerPasswordTestJSON-1970814424-network', 'tenant_id': '18ab4c8edc6843debc4933cfacbe8b8f', 'admin_state_up': True, 'mtu': 8950, 'status': 'ACTIVE', 'subnets': [], 'shared': False, 'project_id': '18ab4c8edc6843debc4933cfacbe8b8f', 'port_security_enabled': True, 'router:external': False, 'provider:network_type': 'vlan', 'provider:physical_network': 'default', 'provider:segmentation_id': 641, 'availability_zone_hints': [], 'availability_zones': [], 'ipv4_address_scope': None, 'ipv6_address_scope': None, 'description': '', 'tags': [], 'created_at': '2025-04-03T11:08:00Z', 'updated_at': '2025-04-03T11:08:00Z', 'revision_number': 1} available for tenant
2025-04-03 11:08:03.001 69467 INFO tempest.lib.common.rest_client [req-1071acd1-05f5-49be-80e3-3395c6e360b9 req-1071acd1-05f5-49be-80e3-3395c6e360b9 ] Request (ServersTestMultiNic:test_verify_duplicate_network_nics): 200 GET http://10.180.1.21/compute/v2.1/servers/4166a211-8c3d-4e89-bf43-f134631eb018 0.121s
2025-04-03 11:08:03.014 69463 INFO tempest.lib.common.rest_client [req-de81b46d-a5a0-4d94-aa78-734296915625 req-de81b46d-a5a0-4d94-aa78-734296915625 ] Request (ServerAddressesNegativeTestJSON:setUpClass): 200 GET http://10.180.1.21/compute/v2.1/servers/428edf2e-d26a-4e01-ae66-669d2fe45fdc 0.129s
2025-04-03 11:08:03.066 69459 INFO tempest.lib.common.rest_client [req-912b5e22-f031-4215-8f56-bc6e2c123e5a req-912b5e22-f031-4215-8f56-bc6e2c123e5a ] Request (FloatingIPsAssociationTestJSON:tearDownClass): 200 GET http://10.180.1.21/compute/v2.1/servers/bd392da0-64d6-4adf-a17d-7dd31958707d 0.103s
2025-04-03 11:08:03.074 69485 INFO tempest.lib.common.rest_client [req-851b60d9-f4db-47ff-9375-8a5553fd4a2e req-851b60d9-f4db-47ff-9375-8a5553fd4a2e ] Request (ServerShowV247Test:test_update_rebuild_list_server): 200 GET http://10.180.1.21/compute/v2.1/servers/ffc3165f-2ec7-4c31-b269-8f3abe31e071 0.097s
2025-04-03 11:08:03.092 69445 INFO tempest.lib.common.rest_client [req-477753e2-52d5-4c9a-91b7-2fbaa487b5ea req-477753e2-52d5-4c9a-91b7-2fbaa487b5ea ] Request (VolumesAdminNegativeTest:test_update_attached_volume_with_nonexistent_volume_in_body): 201 POST http://10.180.1.21:9696/networking/v2.0/security-groups 0.143s
2025-04-03 11:08:03.140 69455 INFO tempest.lib.common.rest_client [req-7fb9ae5e-11ea-43e8-9854-6b65b99fd68b req-7fb9ae5e-11ea-43e8-9854-6b65b99fd68b ] Request (AttachInterfacesV270Test:test_create_get_list_interfaces): 200 GET http://10.180.1.21/compute/v2.1/servers/993cd28f-d6b8-427c-a41a-0e90cdbe37e3 0.095s
2025-04-03 11:08:03.201 69461 INFO tempest.lib.common.rest_client [req-4a6ed952-90cf-4dc9-a204-3b9081c53c0e req-4a6ed952-90cf-4dc9-a204-3b9081c53c0e ] Request (ServersTestBootFromVolume:setUpClass): 200 GET http://10.180.1.21/compute/v2.1/servers/e9bfd787-f99b-4fa0-9ae2-2d2071f3fbf2 0.156s
2025-04-03 11:08:03.208 69445 INFO tempest.lib.common.rest_client [req-2b3a7128-356c-45ef-9a94-64ed6625af12 req-2b3a7128-356c-45ef-9a94-64ed6625af12 ] Request (VolumesAdminNegativeTest:test_update_attached_volume_with_nonexistent_volume_in_body): 201 POST http://10.180.1.21:9696/networking/v2.0/security-group-rules 0.116s
2025-04-03 11:08:03.265 69449 INFO tempest.lib.common.rest_client [req-e82d43c8-f128-4b61-ad96-ad08a8d9d310 req-e82d43c8-f128-4b61-ad96-ad08a8d9d310 ] Request (SecurityGroupsTestJSON:test_list_security_groups_by_server): 200 GET http://10.180.1.21/compute/v2.1/servers/1dd8eb3f-6434-4ad0-80f6-ab4c43e3e439 0.161s
2025-04-03 11:08:03.336 69481 INFO tempest.lib.common.rest_client [req-c24a6d3e-3157-4ef0-9aaf-08f18d3dfbef req-c24a6d3e-3157-4ef0-9aaf-08f18d3dfbef ] Request (ImagesOneServerNegativeTestJSON:_run_cleanups): 200 GET http://10.180.1.21/compute/v2.1/servers/83bb977b-7bc8-44f6-9e4f-80e1e1126a7f 0.220s
2025-04-03 11:08:03.350 69445 INFO tempest.lib.common.rest_client [req-fe578a47-c920-4554-87f1-204cead093d4 req-fe578a47-c920-4554-87f1-204cead093d4 ] Request (VolumesAdminNegativeTest:test_update_attached_volume_with_nonexistent_volume_in_body): 201 POST http://10.180.1.21:9696/networking/v2.0/security-group-rules 0.142s
2025-04-03 11:08:03.399 69497 INFO tempest.lib.common.rest_client [req-fed3d5ee-0422-48fc-9ffd-5270faf486dd req-fed3d5ee-0422-48fc-9ffd-5270faf486dd ] Request (ServerActionsTestOtherB:setUpClass): 200 GET http://10.180.1.21/compute/v2.1/servers/d8180779-0929-4896-b981-4f4985d091e9 0.240s
2025-04-03 11:08:03.443 69489 INFO tempest.lib.common.rest_client [req-1db9140f-c945-4327-a023-6aa6144c0c2e req-1db9140f-c945-4327-a023-6aa6144c0c2e ] Request (MigrationsAdminTest:test_list_migrations_in_flavor_resize_situation): 200 GET http://10.180.1.21/compute/v2.1/servers/927ea571-50ec-4f5e-a5b8-fb0edf599adf 0.282s
2025-04-03 11:08:03.499 69477 INFO tempest.lib.common.rest_client [req-6062a913-9636-495f-85a2-411386448100 req-6062a913-9636-495f-85a2-411386448100 ] Request (ListServersNegativeTestJSON:setUpClass): 200 GET http://10.180.1.21/compute/v2.1/servers/78fa9c07-d7d4-4157-ba56-224b1c1d1dfd 0.241s
2025-04-03 11:08:03.530 69502 INFO tempest.lib.common.rest_client [req-4403c79a-7694-462c-b835-6c0747dc24d4 req-4403c79a-7694-462c-b835-6c0747dc24d4 ] Request (ServerPasswordTestJSON:setUpClass): 202 POST http://10.180.1.21/compute/v2.1/servers 0.543s
2025-04-03 11:08:03.578 69465 INFO tempest.lib.common.rest_client [req-8d50683c-028f-4385-ab99-6986fccd9749 req-8d50683c-028f-4385-ab99-6986fccd9749 ] Request (DeleteServersTestJSON:test_delete_active_server): 200 GET http://10.180.1.21/compute/v2.1/servers/e8b09d88-5527-4c74-9db6-081da24373e8 0.268s
2025-04-03 11:08:03.601 69507 INFO tempest.lib.common.rest_client [req-05701211-2c18-4de8-bd10-04fb9e7e96b7 req-05701211-2c18-4de8-bd10-04fb9e7e96b7 ] Request (ServersAdmin275Test:tearDownClass): 200 GET http://10.180.1.21/compute/v2.1/servers/dc28dceb-ec90-4b24-804a-b2bf31fcd959 0.292s
2025-04-03 11:08:03.634 69495 INFO tempest.lib.common.rest_client [req-c7f8387b-0a95-4e77-923f-b97565f9fc7b req-c7f8387b-0a95-4e77-923f-b97565f9fc7b ] Request (ServerActionsTestJSON:setUpClass): 200 GET http://10.180.1.21/compute/v2.1/servers/ae4fca65-67fe-48c2-b1d7-90e957ef15fc 0.245s
2025-04-03 11:08:03.669 69479 INFO tempest.lib.common.rest_client [req-75e0b9ea-feab-4a56-9424-0c2ac51d70c9 req-75e0b9ea-feab-4a56-9424-0c2ac51d70c9 ] Request (ServerDiagnosticsNegativeTest:tearDownClass): 200 GET http://10.180.1.21/compute/v2.1/servers/fa29c571-2476-4217-b835-43af51cd645a 0.216s
2025-04-03 11:08:03.695 69487 INFO tempest.lib.common.rest_client [req-c1b7504a-b482-4ec0-a267-3a442afe35a1 req-c1b7504a-b482-4ec0-a267-3a442afe35a1 ] Request (DeleteServersAdminTestJSON:test_delete_server_while_in_error_state): 200 GET http://10.180.1.21/compute/v2.1/servers/43f2bf3a-8396-4a47-8184-ceb5e9343453 0.211s
2025-04-03 11:08:03.713 69502 INFO tempest.lib.common.rest_client [req-9078236c-ff68-4933-b301-5cf5e3990df7 req-9078236c-ff68-4933-b301-5cf5e3990df7 ] Request (ServerPasswordTestJSON:setUpClass): 200 GET http://10.180.1.21/compute/v2.1/servers/34b1e823-8d0a-4b0c-b8fe-878cc9e000e3 0.181s
2025-04-03 11:08:03.751 69447 INFO tempest.lib.common.rest_client [req-617287bd-fdec-4606-8992-9e19d1642219 req-617287bd-fdec-4606-8992-9e19d1642219 ] Request (ServersAdminNegativeTestJSON:test_migrate_server_invalid_state): 200 GET http://10.180.1.21/compute/v2.1/servers/f60780d7-d486-40a9-9868-226ff1a1beb0 0.212s
2025-04-03 11:08:03.772 69453 INFO tempest.lib.common.rest_client [req-5aa3eaad-87c5-45b0-949a-b878c33c65fb req-5aa3eaad-87c5-45b0-949a-b878c33c65fb ] Request (AttachVolumeTestJSON:test_attach_detach_volume): 200 GET http://10.180.1.21/compute/v2.1/servers/d59bc90a-d340-4e5f-b395-e320de617c16 0.217s
2025-04-03 11:08:03.806 69483 INFO tempest.lib.common.rest_client [req-aa327673-f6f8-4e75-b739-12a146ff1a2b req-aa327673-f6f8-4e75-b739-12a146ff1a2b ] Request (ImagesOneServerTestJSON:setUpClass): 200 GET http://10.180.1.21/compute/v2.1/servers/7d162860-00ee-4b0b-95f8-9632c4eabfad 0.195s
2025-04-03 11:08:03.834 69451 INFO tempest.lib.common.rest_client [req-a5d0fc74-5253-4a2b-9b9e-df5bd5295509 req-a5d0fc74-5253-4a2b-9b9e-df5bd5295509 ] Request (InstanceActionsTestJSON:setUpClass): 200 GET http://10.180.1.21/compute/v2.1/servers/20ac28fe-a75f-4538-a345-39e7872fad30 0.178s
2025-04-03 11:08:03.862 69457 INFO tempest.lib.common.rest_client [req-9cf0d4ff-5e85-486f-b501-8288964ded46 req-9cf0d4ff-5e85-486f-b501-8288964ded46 ] Request (ServersListShow298Test:test_list_show_update_rebuild_server_298): 200 GET http://10.180.1.21/compute/v2.1/servers/863b790c-aaa5-4d1b-912a-cb3672a2f5c0 0.107s
2025-04-03 11:08:03.879 69445 INFO tempest.lib.common.rest_client [req-c78c4f37-a862-484a-a403-68aaa79cd7f3 req-c78c4f37-a862-484a-a403-68aaa79cd7f3 ] Request (VolumesAdminNegativeTest:test_update_attached_volume_with_nonexistent_volume_in_body): 201 POST http://10.180.1.21:9696/networking/v2.0/floatingips 0.527s
2025-04-03 11:08:03.885 69503 INFO tempest.lib.common.rest_client [req-89a1f6e5-b7a3-4a1a-9a6d-e95e4aa1028f req-89a1f6e5-b7a3-4a1a-9a6d-e95e4aa1028f ] Request (ServerGroupTestJSON:test_create_server_with_scheduler_hint_group): 200 GET http://10.180.1.21/compute/v2.1/servers/ea8141ad-8ef4-4f36-a2d1-fec122122133 0.083s
2025-04-03 11:08:03.928 69445 INFO tempest.lib.common.rest_client [req-4f1ef3ee-9b8b-499e-86c2-998aad2c46cb req-4f1ef3ee-9b8b-499e-86c2-998aad2c46cb ] Request (VolumesAdminNegativeTest:test_update_attached_volume_with_nonexistent_volume_in_body): 201 POST http://10.180.1.21/identity/v3/auth/tokens 0.042s
2025-04-03 11:08:03.929 69445 INFO tempest.lib.common.fixed_network [-] (VolumesAdminNegativeTest:test_update_attached_volume_with_nonexistent_volume_in_body) Found network {'id': 'a09bc819-8b89-4ef1-a214-c5fd3435085e', 'name': 'tempest-VolumesAdminNegativeTest-1961994272-network', 'tenant_id': '308db5d289f54b24a504eb3d161d18b0', 'admin_state_up': True, 'mtu': 8950, 'status': 'ACTIVE', 'subnets': [], 'shared': False, 'project_id': '308db5d289f54b24a504eb3d161d18b0', 'port_security_enabled': True, 'router:external': False, 'provider:network_type': 'vlan', 'provider:physical_network': 'default', 'provider:segmentation_id': 577, 'availability_zone_hints': [], 'availability_zones': [], 'ipv4_address_scope': None, 'ipv6_address_scope': None, 'description': '', 'tags': [], 'created_at': '2025-04-03T11:07:57Z', 'updated_at': '2025-04-03T11:07:57Z', 'revision_number': 1} available for tenant
2025-04-03 11:08:03.963 69491 INFO tempest.lib.common.rest_client [req-1c0b5050-3ce3-4dc0-9093-2626c1db2612 req-1c0b5050-3ce3-4dc0-9093-2626c1db2612 ] Request (ServerRescueTestJSON:setUpClass): 200 GET http://10.180.1.21/compute/v2.1/servers/cb9cea3a-dd62-46b9-82af-20c557fd1f1a 0.103s
2025-04-03 11:08:03.977 69471 INFO tempest.lib.common.rest_client [req-93a5e96f-9ed2-4b6c-be3c-b6c1602f9393 req-93a5e96f-9ed2-4b6c-be3c-b6c1602f9393 ] Request (MultipleCreateTestJSON:test_multiple_create_with_reservation_return): 200 GET http://10.180.1.21/compute/v2.1/servers/89811bdf-64e1-49b2-8c3e-97bcd6812c5b 0.069s
2025-04-03 11:08:04.025 69493 INFO tempest.lib.common.rest_client [req-60f266ed-001e-432c-be7f-d21aa09f48b7 req-60f266ed-001e-432c-be7f-d21aa09f48b7 ] Request (ServersAaction247Test:test_create_backup): 200 GET http://10.180.1.21/compute/v2.1/servers/53c3c1dd-93f7-42ea-b423-6be5de3db37d 0.059s
2025-04-03 11:08:04.072 69467 INFO tempest.lib.common.rest_client [req-1d511782-3ab7-4c49-9f45-c8adec0dc570 req-1d511782-3ab7-4c49-9f45-c8adec0dc570 ] Request (ServersTestMultiNic:test_verify_duplicate_network_nics): 200 GET http://10.180.1.21/compute/v2.1/servers/4166a211-8c3d-4e89-bf43-f134631eb018 0.061s
2025-04-03 11:08:04.121 69463 INFO tempest.lib.common.rest_client [req-7a1a8f92-f3f0-418b-9e2c-29103124a5e9 req-7a1a8f92-f3f0-418b-9e2c-29103124a5e9 ] Request (ServerAddressesNegativeTestJSON:setUpClass): 200 GET http://10.180.1.21/compute/v2.1/servers/428edf2e-d26a-4e01-ae66-669d2fe45fdc 0.098s
2025-04-03 11:08:04.180 69459 INFO tempest.lib.common.rest_client [req-b827590f-2f1c-4395-a655-ec9962f2838b req-b827590f-2f1c-4395-a655-ec9962f2838b ] Request (FloatingIPsAssociationTestJSON:tearDownClass): 200 GET http://10.180.1.21/compute/v2.1/servers/bd392da0-64d6-4adf-a17d-7dd31958707d 0.102s
2025-04-03 11:08:04.227 69485 INFO tempest.lib.common.rest_client [req-8afea810-c6fd-4ce7-876d-6a5bb8e0018f req-8afea810-c6fd-4ce7-876d-6a5bb8e0018f ] Request (ServerShowV247Test:test_update_rebuild_list_server): 200 GET http://10.180.1.21/compute/v2.1/servers/ffc3165f-2ec7-4c31-b269-8f3abe31e071 0.137s
2025-04-03 11:08:04.271 69455 INFO tempest.lib.common.rest_client [req-bce45d99-089b-4d86-a1de-c781e1f7e30c req-bce45d99-089b-4d86-a1de-c781e1f7e30c ] Request (AttachInterfacesV270Test:test_create_get_list_interfaces): 200 GET http://10.180.1.21/compute/v2.1/servers/993cd28f-d6b8-427c-a41a-0e90cdbe37e3 0.119s
2025-04-03 11:08:04.290 69475 WARNING tempest.lib.common.ssh [-] Failed to establish authenticated ssh connection to cirros@10.180.180.245 ([Errno None] Unable to connect to port 22 on 10.180.180.245). Number attempts: 5. Retry after 6 seconds.: paramiko.ssh_exception.NoValidConnectionsError: [Errno None] Unable to connect to port 22 on 10.180.180.245
2025-04-03 11:08:04.292 69445 INFO tempest.lib.common.rest_client [req-95a4b6f8-1546-480b-8775-ade06e8a5dfa req-95a4b6f8-1546-480b-8775-ade06e8a5dfa ] Request (VolumesAdminNegativeTest:test_update_attached_volume_with_nonexistent_volume_in_body): 202 POST http://10.180.1.21/compute/v2.1/servers 0.362s
2025-04-03 11:08:04.321 69461 INFO tempest.lib.common.rest_client [req-c0ab1e0c-69b5-494c-82e2-83526f35f1a7 req-c0ab1e0c-69b5-494c-82e2-83526f35f1a7 ] Request (ServersTestBootFromVolume:setUpClass): 200 GET http://10.180.1.21/compute/v2.1/servers/e9bfd787-f99b-4fa0-9ae2-2d2071f3fbf2 0.111s
2025-04-03 11:08:04.344 69449 INFO tempest.lib.common.rest_client [req-aef9ddba-b8c3-4ed1-a7e2-d332c2093494 req-aef9ddba-b8c3-4ed1-a7e2-d332c2093494 ] Request (SecurityGroupsTestJSON:test_list_security_groups_by_server): 200 GET http://10.180.1.21/compute/v2.1/servers/1dd8eb3f-6434-4ad0-80f6-ab4c43e3e439 0.068s
2025-04-03 11:08:04.366 69445 INFO tempest.lib.common.rest_client [req-eae1bd29-7523-42ef-a72a-4d6c17dc6c28 req-eae1bd29-7523-42ef-a72a-4d6c17dc6c28 ] Request (VolumesAdminNegativeTest:test_update_attached_volume_with_nonexistent_volume_in_body): 200 GET http://10.180.1.21/compute/v2.1/servers/73c9ad6c-38ab-4cec-a80c-d874507a5180 0.073s
2025-04-03 11:08:04.425 69481 INFO tempest.lib.common.rest_client [req-2fae8186-9a32-4f7c-b82b-07786cfe391a req-2fae8186-9a32-4f7c-b82b-07786cfe391a ] Request (ImagesOneServerNegativeTestJSON:_run_cleanups): 200 GET http://10.180.1.21/compute/v2.1/servers/83bb977b-7bc8-44f6-9e4f-80e1e1126a7f 0.070s
2025-04-03 11:08:04.465 69497 INFO tempest.lib.common.rest_client [req-5e9cda03-c38b-4692-8aec-a29e8240e9b1 req-5e9cda03-c38b-4692-8aec-a29e8240e9b1 ] Request (ServerActionsTestOtherB:setUpClass): 200 GET http://10.180.1.21/compute/v2.1/servers/d8180779-0929-4896-b981-4f4985d091e9 0.056s
2025-04-03 11:08:04.513 69489 INFO tempest.lib.common.rest_client [req-918186ca-86d3-49ca-94fe-7e4208704d01 req-918186ca-86d3-49ca-94fe-7e4208704d01 ] Request (MigrationsAdminTest:test_list_migrations_in_flavor_resize_situation): 200 GET http://10.180.1.21/compute/v2.1/servers/927ea571-50ec-4f5e-a5b8-fb0edf599adf 0.057s
2025-04-03 11:08:04.576 69477 INFO tempest.lib.common.rest_client [req-2d6e2997-8066-465b-b4f0-52453057b9f7 req-2d6e2997-8066-465b-b4f0-52453057b9f7 ] Request (ListServersNegativeTestJSON:setUpClass): 200 GET http://10.180.1.21/compute/v2.1/servers/78fa9c07-d7d4-4157-ba56-224b1c1d1dfd 0.070s
2025-04-03 11:08:04.644 69465 INFO tempest.lib.common.rest_client [req-2c648e40-4173-4233-97e3-e0e4de227440 req-2c648e40-4173-4233-97e3-e0e4de227440 ] Request (DeleteServersTestJSON:test_delete_active_server): 200 GET http://10.180.1.21/compute/v2.1/servers/e8b09d88-5527-4c74-9db6-081da24373e8 0.057s
2025-04-03 11:08:04.675 69473 WARNING tempest.lib.common.ssh [-] Failed to establish authenticated ssh connection to cirros@10.180.180.174 ([Errno None] Unable to connect to port 22 on 10.180.180.174). Number attempts: 6. Retry after 7 seconds.: paramiko.ssh_exception.NoValidConnectionsError: [Errno None] Unable to connect to port 22 on 10.180.180.174
2025-04-03 11:08:04.686 69507 INFO tempest.lib.common.rest_client [req-3f9c2f77-8fa7-4dde-af9e-1d99acd013fe req-3f9c2f77-8fa7-4dde-af9e-1d99acd013fe ] Request (ServersAdmin275Test:tearDownClass): 200 GET http://10.180.1.21/compute/v2.1/servers/dc28dceb-ec90-4b24-804a-b2bf31fcd959 0.067s
2025-04-03 11:08:04.697 69495 INFO tempest.lib.common.rest_client [req-f6e8e4e8-e6b0-4197-a7ca-27aacd58ee1c req-f6e8e4e8-e6b0-4197-a7ca-27aacd58ee1c ] Request (ServerActionsTestJSON:setUpClass): 200 GET http://10.180.1.21/compute/v2.1/servers/ae4fca65-67fe-48c2-b1d7-90e957ef15fc 0.050s
2025-04-03 11:08:04.736 69479 INFO tempest.lib.common.rest_client [req-5558113c-b45e-46dc-881d-303acf4eb71b req-5558113c-b45e-46dc-881d-303acf4eb71b ] Request (ServerDiagnosticsNegativeTest:tearDownClass): 200 GET http://10.180.1.21/compute/v2.1/servers/fa29c571-2476-4217-b835-43af51cd645a 0.059s
2025-04-03 11:08:04.753 69487 INFO tempest.lib.common.rest_client [req-60cc34b7-4e36-4b02-9858-41352026f185 req-60cc34b7-4e36-4b02-9858-41352026f185 ] Request (DeleteServersAdminTestJSON:test_delete_server_while_in_error_state): 200 GET http://10.180.1.21/compute/v2.1/servers/43f2bf3a-8396-4a47-8184-ceb5e9343453 0.051s
2025-04-03 11:08:04.783 69502 INFO tempest.lib.common.rest_client [req-a94dfc66-4549-41bb-b75e-f00726448b1b req-a94dfc66-4549-41bb-b75e-f00726448b1b ] Request (ServerPasswordTestJSON:setUpClass): 200 GET http://10.180.1.21/compute/v2.1/servers/34b1e823-8d0a-4b0c-b8fe-878cc9e000e3 0.062s
2025-04-03 11:08:04.822 69447 INFO tempest.lib.common.rest_client [req-1fe51643-a096-4d8f-8a80-ec11cfb036e6 req-1fe51643-a096-4d8f-8a80-ec11cfb036e6 ] Request (ServersAdminNegativeTestJSON:test_migrate_server_invalid_state): 200 GET http://10.180.1.21/compute/v2.1/servers/f60780d7-d486-40a9-9868-226ff1a1beb0 0.062s
2025-04-03 11:08:04.946 69483 INFO tempest.lib.common.rest_client [req-20a888d9-ecdb-43d9-b9fc-f6374c6e9454 req-20a888d9-ecdb-43d9-b9fc-f6374c6e9454 ] Request (ImagesOneServerTestJSON:setUpClass): 200 GET http://10.180.1.21/compute/v2.1/servers/7d162860-00ee-4b0b-95f8-9632c4eabfad 0.133s
2025-04-03 11:08:04.955 69483 INFO tempest.common.waiters [-] State transition "BUILD/None" ==> "BUILD/networking" after 51 second wait
2025-04-03 11:08:05.006 69451 INFO tempest.lib.common.rest_client [req-390e8c24-6ca4-45f0-bf21-a2a74da09ca3 req-390e8c24-6ca4-45f0-bf21-a2a74da09ca3 ] Request (InstanceActionsTestJSON:setUpClass): 200 GET http://10.180.1.21/compute/v2.1/servers/20ac28fe-a75f-4538-a345-39e7872fad30 0.157s
2025-04-03 11:08:05.072 69457 INFO tempest.lib.common.rest_client [req-4ce6f64c-a21b-4966-a4a5-c94a7fd9d5dc req-4ce6f64c-a21b-4966-a4a5-c94a7fd9d5dc ] Request (ServersListShow298Test:test_list_show_update_rebuild_server_298): 200 GET http://10.180.1.21/compute/v2.1/servers/863b790c-aaa5-4d1b-912a-cb3672a2f5c0 0.195s
2025-04-03 11:08:05.075 69453 INFO tempest.lib.common.rest_client [req-34833425-a1d0-40da-a6fe-2e541c49a178 req-34833425-a1d0-40da-a6fe-2e541c49a178 ] Request (AttachVolumeTestJSON:test_attach_detach_volume): 200 GET http://10.180.1.21/compute/v2.1/servers/d59bc90a-d340-4e5f-b395-e320de617c16 0.294s
2025-04-03 11:08:05.123 69503 INFO tempest.lib.common.rest_client [req-2153f2bc-8b31-45e5-b340-e185b28e98c9 req-2153f2bc-8b31-45e5-b340-e185b28e98c9 ] Request (ServerGroupTestJSON:test_create_server_with_scheduler_hint_group): 200 GET http://10.180.1.21/compute/v2.1/servers/ea8141ad-8ef4-4f36-a2d1-fec122122133 0.226s
2025-04-03 11:08:05.168 69471 INFO tempest.lib.common.rest_client [req-693f24f0-224b-43c8-8228-e9a580847ca5 req-693f24f0-224b-43c8-8228-e9a580847ca5 ] Request (MultipleCreateTestJSON:test_multiple_create_with_reservation_return): 200 GET http://10.180.1.21/compute/v2.1/servers/89811bdf-64e1-49b2-8c3e-97bcd6812c5b 0.180s
2025-04-03 11:08:05.183 69491 INFO tempest.lib.common.rest_client [req-bb723ebd-11b1-4d19-9faa-d9be1108f0c8 req-bb723ebd-11b1-4d19-9faa-d9be1108f0c8 ] Request (ServerRescueTestJSON:setUpClass): 200 GET http://10.180.1.21/compute/v2.1/servers/cb9cea3a-dd62-46b9-82af-20c557fd1f1a 0.210s
2025-04-03 11:08:05.217 69493 INFO tempest.lib.common.rest_client [req-ac5ceed7-ff1a-4dda-b556-bc21f7a90719 req-ac5ceed7-ff1a-4dda-b556-bc21f7a90719 ] Request (ServersAaction247Test:test_create_backup): 200 GET http://10.180.1.21/compute/v2.1/servers/53c3c1dd-93f7-42ea-b423-6be5de3db37d 0.180s
2025-04-03 11:08:05.235 69467 INFO tempest.lib.common.rest_client [req-f542cdb9-6d30-41bc-9b6b-fbb5743ddc90 req-f542cdb9-6d30-41bc-9b6b-fbb5743ddc90 ] Request (ServersTestMultiNic:test_verify_duplicate_network_nics): 200 GET http://10.180.1.21/compute/v2.1/servers/4166a211-8c3d-4e89-bf43-f134631eb018 0.155s
2025-04-03 11:08:05.274 69463 INFO tempest.lib.common.rest_client [req-f6c7a084-5f52-48e4-ab37-ee633bfaf14a req-f6c7a084-5f52-48e4-ab37-ee633bfaf14a ] Request (ServerAddressesNegativeTestJSON:setUpClass): 200 GET http://10.180.1.21/compute/v2.1/servers/428edf2e-d26a-4e01-ae66-669d2fe45fdc 0.146s
2025-04-03 11:08:05.295 69459 INFO tempest.lib.common.rest_client [req-4bc37a71-d5a5-4ee7-a276-4b2560d4c756 req-4bc37a71-d5a5-4ee7-a276-4b2560d4c756 ] Request (FloatingIPsAssociationTestJSON:tearDownClass): 200 GET http://10.180.1.21/compute/v2.1/servers/bd392da0-64d6-4adf-a17d-7dd31958707d 0.105s
2025-04-03 11:08:05.329 69485 INFO tempest.lib.common.rest_client [req-ae0fc2a2-87fe-4a58-b22c-74ff1d811afa req-ae0fc2a2-87fe-4a58-b22c-74ff1d811afa ] Request (ServerShowV247Test:test_update_rebuild_list_server): 200 GET http://10.180.1.21/compute/v2.1/servers/ffc3165f-2ec7-4c31-b269-8f3abe31e071 0.092s
2025-04-03 11:08:05.345 69455 INFO tempest.lib.common.rest_client [req-d285cc90-22ec-476c-b784-a92bcd1ed61f req-d285cc90-22ec-476c-b784-a92bcd1ed61f ] Request (AttachInterfacesV270Test:test_create_get_list_interfaces): 200 GET http://10.180.1.21/compute/v2.1/servers/993cd28f-d6b8-427c-a41a-0e90cdbe37e3 0.063s
2025-04-03 11:08:05.387 69461 INFO tempest.lib.common.rest_client [req-576627d1-1c85-4a32-b821-feb9598e4726 req-576627d1-1c85-4a32-b821-feb9598e4726 ] Request (ServersTestBootFromVolume:setUpClass): 200 GET http://10.180.1.21/compute/v2.1/servers/e9bfd787-f99b-4fa0-9ae2-2d2071f3fbf2 0.056s
2025-04-03 11:08:05.412 69449 INFO tempest.lib.common.rest_client [req-73d0de55-65b0-4923-857c-687d1d7f5d06 req-73d0de55-65b0-4923-857c-687d1d7f5d06 ] Request (SecurityGroupsTestJSON:test_list_security_groups_by_server): 200 GET http://10.180.1.21/compute/v2.1/servers/1dd8eb3f-6434-4ad0-80f6-ab4c43e3e439 0.050s
2025-04-03 11:08:05.442 69445 INFO tempest.lib.common.rest_client [req-33663eb6-3e00-43db-ae10-89a0f7681b84 req-33663eb6-3e00-43db-ae10-89a0f7681b84 ] Request (VolumesAdminNegativeTest:test_update_attached_volume_with_nonexistent_volume_in_body): 200 GET http://10.180.1.21/compute/v2.1/servers/73c9ad6c-38ab-4cec-a80c-d874507a5180 0.067s
2025-04-03 11:08:05.505 69481 INFO tempest.lib.common.rest_client [req-eb783bd0-059f-4657-b717-1acff7ade3d5 req-eb783bd0-059f-4657-b717-1acff7ade3d5 ] Request (ImagesOneServerNegativeTestJSON:_run_cleanups): 200 GET http://10.180.1.21/compute/v2.1/servers/83bb977b-7bc8-44f6-9e4f-80e1e1126a7f 0.071s
2025-04-03 11:08:05.528 69497 INFO tempest.lib.common.rest_client [req-1baccf89-5aa6-4add-b532-cf06ebc83662 req-1baccf89-5aa6-4add-b532-cf06ebc83662 ] Request (ServerActionsTestOtherB:setUpClass): 200 GET http://10.180.1.21/compute/v2.1/servers/d8180779-0929-4896-b981-4f4985d091e9 0.054s
2025-04-03 11:08:05.568 69489 INFO tempest.lib.common.rest_client [req-0703062b-bc67-46a1-a210-e3d19db13756 req-0703062b-bc67-46a1-a210-e3d19db13756 ] Request (MigrationsAdminTest:test_list_migrations_in_flavor_resize_situation): 200 GET http://10.180.1.21/compute/v2.1/servers/927ea571-50ec-4f5e-a5b8-fb0edf599adf 0.047s
2025-04-03 11:08:05.643 69477 INFO tempest.lib.common.rest_client [req-3599a567-082f-4f7c-a1cb-e28ff26907ab req-3599a567-082f-4f7c-a1cb-e28ff26907ab ] Request (ListServersNegativeTestJSON:setUpClass): 200 GET http://10.180.1.21/compute/v2.1/servers/78fa9c07-d7d4-4157-ba56-224b1c1d1dfd 0.058s
2025-04-03 11:08:05.701 69465 INFO tempest.lib.common.rest_client [req-58a70723-04f0-41d5-8d71-89cabc6c89e0 req-58a70723-04f0-41d5-8d71-89cabc6c89e0 ] Request (DeleteServersTestJSON:test_delete_active_server): 200 GET http://10.180.1.21/compute/v2.1/servers/e8b09d88-5527-4c74-9db6-081da24373e8 0.050s
2025-04-03 11:08:05.754 69495 INFO tempest.lib.common.rest_client [req-c95d4ebb-c497-4bf0-84fb-aba0bc55ccef req-c95d4ebb-c497-4bf0-84fb-aba0bc55ccef ] Request (ServerActionsTestJSON:setUpClass): 200 GET http://10.180.1.21/compute/v2.1/servers/ae4fca65-67fe-48c2-b1d7-90e957ef15fc 0.047s
2025-04-03 11:08:05.766 69507 INFO tempest.lib.common.rest_client [req-52e44127-d168-4d55-85c7-4bbb21545b52 req-52e44127-d168-4d55-85c7-4bbb21545b52 ] Request (ServersAdmin275Test:tearDownClass): 200 GET http://10.180.1.21/compute/v2.1/servers/dc28dceb-ec90-4b24-804a-b2bf31fcd959 0.070s
2025-04-03 11:08:05.812 69479 INFO tempest.lib.common.rest_client [req-4b4ec581-d6b7-4a94-b5d2-0925009422ce req-4b4ec581-d6b7-4a94-b5d2-0925009422ce ] Request (ServerDiagnosticsNegativeTest:tearDownClass): 200 GET http://10.180.1.21/compute/v2.1/servers/fa29c571-2476-4217-b835-43af51cd645a 0.067s
2025-04-03 11:08:05.833 69487 INFO tempest.lib.common.rest_client [req-063f2318-47e5-4b33-821c-ec7641690601 req-063f2318-47e5-4b33-821c-ec7641690601 ] Request (DeleteServersAdminTestJSON:test_delete_server_while_in_error_state): 200 GET http://10.180.1.21/compute/v2.1/servers/43f2bf3a-8396-4a47-8184-ceb5e9343453 0.071s
2025-04-03 11:08:05.866 69502 INFO tempest.lib.common.rest_client [req-0efd7aa7-92d3-40bd-9ca5-2ee199d0d622 req-0efd7aa7-92d3-40bd-9ca5-2ee199d0d622 ] Request (ServerPasswordTestJSON:setUpClass): 200 GET http://10.180.1.21/compute/v2.1/servers/34b1e823-8d0a-4b0c-b8fe-878cc9e000e3 0.072s
2025-04-03 11:08:05.901 69447 INFO tempest.lib.common.rest_client [req-056b4751-0367-4ea1-ad3f-acbb4a30109e req-056b4751-0367-4ea1-ad3f-acbb4a30109e ] Request (ServersAdminNegativeTestJSON:test_migrate_server_invalid_state): 200 GET http://10.180.1.21/compute/v2.1/servers/f60780d7-d486-40a9-9868-226ff1a1beb0 0.064s
2025-04-03 11:08:06.067 69451 INFO tempest.lib.common.rest_client [req-6e31d121-b307-4a04-afb9-8124a7596672 req-6e31d121-b307-4a04-afb9-8124a7596672 ] Request (InstanceActionsTestJSON:setUpClass): 200 GET http://10.180.1.21/compute/v2.1/servers/20ac28fe-a75f-4538-a345-39e7872fad30 0.051s
2025-04-03 11:08:06.106 69483 INFO tempest.lib.common.rest_client [req-c24c8825-1f09-4b07-b9d6-62ba3f166d43 req-c24c8825-1f09-4b07-b9d6-62ba3f166d43 ] Request (ImagesOneServerTestJSON:setUpClass): 200 GET http://10.180.1.21/compute/v2.1/servers/7d162860-00ee-4b0b-95f8-9632c4eabfad 0.147s
2025-04-03 11:08:06.113 69483 INFO tempest.common.waiters [-] State transition "BUILD/networking" ==> "BUILD/spawning" after 53 second wait
2025-04-03 11:08:06.153 69457 INFO tempest.lib.common.rest_client [req-73f7baec-d76c-4b1c-83b2-1afd2c4d9e94 req-73f7baec-d76c-4b1c-83b2-1afd2c4d9e94 ] Request (ServersListShow298Test:test_list_show_update_rebuild_server_298): 200 GET http://10.180.1.21/compute/v2.1/servers/863b790c-aaa5-4d1b-912a-cb3672a2f5c0 0.069s
2025-04-03 11:08:06.155 69453 INFO tempest.lib.common.rest_client [req-cddd2fa5-8067-44e1-a8b0-8c94b176fcb6 req-cddd2fa5-8067-44e1-a8b0-8c94b176fcb6 ] Request (AttachVolumeTestJSON:test_attach_detach_volume): 200 GET http://10.180.1.21/compute/v2.1/servers/d59bc90a-d340-4e5f-b395-e320de617c16 0.065s
2025-04-03 11:08:06.218 69503 INFO tempest.lib.common.rest_client [req-800ab967-5e3d-4b94-b8e4-6501ee7aeff3 req-800ab967-5e3d-4b94-b8e4-6501ee7aeff3 ] Request (ServerGroupTestJSON:test_create_server_with_scheduler_hint_group): 200 GET http://10.180.1.21/compute/v2.1/servers/ea8141ad-8ef4-4f36-a2d1-fec122122133 0.086s
2025-04-03 11:08:06.235 69471 INFO tempest.lib.common.rest_client [req-f4ed328e-d34d-45ac-9c30-be06828eccc6 req-f4ed328e-d34d-45ac-9c30-be06828eccc6 ] Request (MultipleCreateTestJSON:test_multiple_create_with_reservation_return): 200 GET http://10.180.1.21/compute/v2.1/servers/89811bdf-64e1-49b2-8c3e-97bcd6812c5b 0.054s
2025-04-03 11:08:06.291 69493 INFO tempest.lib.common.rest_client [req-f862b08e-96ed-4842-86ed-0fce20fbc8a2 req-f862b08e-96ed-4842-86ed-0fce20fbc8a2 ] Request (ServersAaction247Test:test_create_backup): 200 GET http://10.180.1.21/compute/v2.1/servers/53c3c1dd-93f7-42ea-b423-6be5de3db37d 0.059s
2025-04-03 11:08:06.334 69491 INFO tempest.lib.common.rest_client [req-d3eef590-0c0f-4d66-84f3-417228b66256 req-d3eef590-0c0f-4d66-84f3-417228b66256 ] Request (ServerRescueTestJSON:setUpClass): 200 GET http://10.180.1.21/compute/v2.1/servers/cb9cea3a-dd62-46b9-82af-20c557fd1f1a 0.142s
2025-04-03 11:08:06.364 69467 INFO tempest.lib.common.rest_client [req-32a0c22c-e64b-4f7b-aebb-a490c40219bf req-32a0c22c-e64b-4f7b-aebb-a490c40219bf ] Request (ServersTestMultiNic:test_verify_duplicate_network_nics): 200 GET http://10.180.1.21/compute/v2.1/servers/4166a211-8c3d-4e89-bf43-f134631eb018 0.119s
2025-04-03 11:08:06.400 69463 INFO tempest.lib.common.rest_client [req-6130ac4b-83cd-4d1f-b2a9-b26d6cfee8c2 req-6130ac4b-83cd-4d1f-b2a9-b26d6cfee8c2 ] Request (ServerAddressesNegativeTestJSON:setUpClass): 200 GET http://10.180.1.21/compute/v2.1/servers/428edf2e-d26a-4e01-ae66-669d2fe45fdc 0.117s
2025-04-03 11:08:06.435 69459 INFO tempest.lib.common.rest_client [req-442a3891-dd4c-4304-9229-923d58a4d05a req-442a3891-dd4c-4304-9229-923d58a4d05a ] Request (FloatingIPsAssociationTestJSON:tearDownClass): 200 GET http://10.180.1.21/compute/v2.1/servers/bd392da0-64d6-4adf-a17d-7dd31958707d 0.132s
2025-04-03 11:08:06.455 69485 INFO tempest.lib.common.rest_client [req-2ad8d1b6-f290-4db8-8f96-4f2d59c6fc3c req-2ad8d1b6-f290-4db8-8f96-4f2d59c6fc3c ] Request (ServerShowV247Test:test_update_rebuild_list_server): 200 GET http://10.180.1.21/compute/v2.1/servers/ffc3165f-2ec7-4c31-b269-8f3abe31e071 0.114s
2025-04-03 11:08:06.498 69455 INFO tempest.lib.common.rest_client [req-4b9e6fed-02f6-4c8f-9608-4361a4ef53b2 req-4b9e6fed-02f6-4c8f-9608-4361a4ef53b2 ] Request (AttachInterfacesV270Test:test_create_get_list_interfaces): 200 GET http://10.180.1.21/compute/v2.1/servers/993cd28f-d6b8-427c-a41a-0e90cdbe37e3 0.140s
2025-04-03 11:08:06.502 69461 INFO tempest.lib.common.rest_client [req-85811223-7cc2-4256-a0ae-a8dfd70e4b48 req-85811223-7cc2-4256-a0ae-a8dfd70e4b48 ] Request (ServersTestBootFromVolume:setUpClass): 200 GET http://10.180.1.21/compute/v2.1/servers/e9bfd787-f99b-4fa0-9ae2-2d2071f3fbf2 0.104s
2025-04-03 11:08:06.545 69445 INFO tempest.lib.common.rest_client [req-eab30e12-d685-42d5-b3c9-38ab02cb599a req-eab30e12-d685-42d5-b3c9-38ab02cb599a ] Request (VolumesAdminNegativeTest:test_update_attached_volume_with_nonexistent_volume_in_body): 200 GET http://10.180.1.21/compute/v2.1/servers/73c9ad6c-38ab-4cec-a80c-d874507a5180 0.095s
2025-04-03 11:08:06.549 69449 INFO tempest.lib.common.rest_client [req-abcb83a7-c65e-460c-a76b-8108a7816f6e req-abcb83a7-c65e-460c-a76b-8108a7816f6e ] Request (SecurityGroupsTestJSON:test_list_security_groups_by_server): 200 GET http://10.180.1.21/compute/v2.1/servers/1dd8eb3f-6434-4ad0-80f6-ab4c43e3e439 0.127s
2025-04-03 11:08:06.593 69481 INFO tempest.lib.common.rest_client [req-3cacc666-5983-4a7b-b3fe-c21ed5eb107a req-3cacc666-5983-4a7b-b3fe-c21ed5eb107a ] Request (ImagesOneServerNegativeTestJSON:_run_cleanups): 200 GET http://10.180.1.21/compute/v2.1/servers/83bb977b-7bc8-44f6-9e4f-80e1e1126a7f 0.081s
2025-04-03 11:08:06.597 69497 INFO tempest.lib.common.rest_client [req-866d631c-0552-4a97-a6aa-add4fa9256ba req-866d631c-0552-4a97-a6aa-add4fa9256ba ] Request (ServerActionsTestOtherB:setUpClass): 200 GET http://10.180.1.21/compute/v2.1/servers/d8180779-0929-4896-b981-4f4985d091e9 0.059s
2025-04-03 11:08:06.637 69489 INFO tempest.lib.common.rest_client [req-6e1b605f-ae28-4e15-a1ae-5131799269e1 req-6e1b605f-ae28-4e15-a1ae-5131799269e1 ] Request (MigrationsAdminTest:test_list_migrations_in_flavor_resize_situation): 200 GET http://10.180.1.21/compute/v2.1/servers/927ea571-50ec-4f5e-a5b8-fb0edf599adf 0.061s
2025-04-03 11:08:06.708 69477 INFO tempest.lib.common.rest_client [req-b191f305-bd50-4220-95b3-29b682dbc05d req-b191f305-bd50-4220-95b3-29b682dbc05d ] Request (ListServersNegativeTestJSON:setUpClass): 200 GET http://10.180.1.21/compute/v2.1/servers/78fa9c07-d7d4-4157-ba56-224b1c1d1dfd 0.051s
2025-04-03 11:08:06.756 69465 INFO tempest.lib.common.rest_client [req-d4552bda-06da-43b9-b1cc-1ba7ae8198d7 req-d4552bda-06da-43b9-b1cc-1ba7ae8198d7 ] Request (DeleteServersTestJSON:test_delete_active_server): 200 GET http://10.180.1.21/compute/v2.1/servers/e8b09d88-5527-4c74-9db6-081da24373e8 0.045s
2025-04-03 11:08:06.812 69495 INFO tempest.lib.common.rest_client [req-f00cb36d-1792-4059-9012-e8f9b49bca2a req-f00cb36d-1792-4059-9012-e8f9b49bca2a ] Request (ServerActionsTestJSON:setUpClass): 200 GET http://10.180.1.21/compute/v2.1/servers/ae4fca65-67fe-48c2-b1d7-90e957ef15fc 0.046s
2025-04-03 11:08:06.837 69507 INFO tempest.lib.common.rest_client [req-6f91f29a-5e1c-464a-85d2-0afacb643601 req-6f91f29a-5e1c-464a-85d2-0afacb643601 ] Request (ServersAdmin275Test:tearDownClass): 200 GET http://10.180.1.21/compute/v2.1/servers/dc28dceb-ec90-4b24-804a-b2bf31fcd959 0.054s
2025-04-03 11:08:06.883 69479 INFO tempest.lib.common.rest_client [req-a60599d6-d8ef-495d-8920-5257ca0b2a13 req-a60599d6-d8ef-495d-8920-5257ca0b2a13 ] Request (ServerDiagnosticsNegativeTest:tearDownClass): 200 GET http://10.180.1.21/compute/v2.1/servers/fa29c571-2476-4217-b835-43af51cd645a 0.054s
2025-04-03 11:08:06.886 69487 INFO tempest.lib.common.rest_client [req-8f3d14ac-b344-4cde-bd86-e90f20b3be97 req-8f3d14ac-b344-4cde-bd86-e90f20b3be97 ] Request (DeleteServersAdminTestJSON:test_delete_server_while_in_error_state): 200 GET http://10.180.1.21/compute/v2.1/servers/43f2bf3a-8396-4a47-8184-ceb5e9343453 0.046s
2025-04-03 11:08:06.936 69502 INFO tempest.lib.common.rest_client [req-d10a5267-a96c-493b-ac60-9de2ae051218 req-d10a5267-a96c-493b-ac60-9de2ae051218 ] Request (ServerPasswordTestJSON:setUpClass): 200 GET http://10.180.1.21/compute/v2.1/servers/34b1e823-8d0a-4b0c-b8fe-878cc9e000e3 0.059s
2025-04-03 11:08:06.956 69447 INFO tempest.lib.common.rest_client [req-2d49d664-fd0c-4442-a8b0-a156672b2b24 req-2d49d664-fd0c-4442-a8b0-a156672b2b24 ] Request (ServersAdminNegativeTestJSON:test_migrate_server_invalid_state): 200 GET http://10.180.1.21/compute/v2.1/servers/f60780d7-d486-40a9-9868-226ff1a1beb0 0.048s
2025-04-03 11:08:07.123 69451 INFO tempest.lib.common.rest_client [req-355705ab-4870-4cd6-8300-87d31e078695 req-355705ab-4870-4cd6-8300-87d31e078695 ] Request (InstanceActionsTestJSON:setUpClass): 200 GET http://10.180.1.21/compute/v2.1/servers/20ac28fe-a75f-4538-a345-39e7872fad30 0.047s
2025-04-03 11:08:07.199 69483 INFO tempest.lib.common.rest_client [req-f44e68d8-5335-4c31-8902-55bf6b7d6d7e req-f44e68d8-5335-4c31-8902-55bf6b7d6d7e ] Request (ImagesOneServerTestJSON:setUpClass): 200 GET http://10.180.1.21/compute/v2.1/servers/7d162860-00ee-4b0b-95f8-9632c4eabfad 0.086s
2025-04-03 11:08:07.210 69453 INFO tempest.lib.common.rest_client [req-f77a79ee-99b4-4897-9b23-63a264164f9b req-f77a79ee-99b4-4897-9b23-63a264164f9b ] Request (AttachVolumeTestJSON:test_attach_detach_volume): 200 GET http://10.180.1.21/compute/v2.1/servers/d59bc90a-d340-4e5f-b395-e320de617c16 0.047s
2025-04-03 11:08:07.250 69457 INFO tempest.lib.common.rest_client [req-0718bbf7-1688-4bcc-a53a-b704979019de req-0718bbf7-1688-4bcc-a53a-b704979019de ] Request (ServersListShow298Test:test_list_show_update_rebuild_server_298): 200 GET http://10.180.1.21/compute/v2.1/servers/863b790c-aaa5-4d1b-912a-cb3672a2f5c0 0.085s
2025-04-03 11:08:07.270 69503 INFO tempest.lib.common.rest_client [req-09bec084-68f3-4fd1-b622-beeb4f982e02 req-09bec084-68f3-4fd1-b622-beeb4f982e02 ] Request (ServerGroupTestJSON:test_create_server_with_scheduler_hint_group): 200 GET http://10.180.1.21/compute/v2.1/servers/ea8141ad-8ef4-4f36-a2d1-fec122122133 0.043s
2025-04-03 11:08:07.290 69471 INFO tempest.lib.common.rest_client [req-2915d2bb-398d-4bd8-8728-7a07ec747062 req-2915d2bb-398d-4bd8-8728-7a07ec747062 ] Request (MultipleCreateTestJSON:test_multiple_create_with_reservation_return): 200 GET http://10.180.1.21/compute/v2.1/servers/89811bdf-64e1-49b2-8c3e-97bcd6812c5b 0.047s
2025-04-03 11:08:07.349 69493 INFO tempest.lib.common.rest_client [req-3ab7a065-ee09-4a39-83eb-b0b289ee8779 req-3ab7a065-ee09-4a39-83eb-b0b289ee8779 ] Request (ServersAaction247Test:test_create_backup): 200 GET http://10.180.1.21/compute/v2.1/servers/53c3c1dd-93f7-42ea-b423-6be5de3db37d 0.046s
2025-04-03 11:08:07.417 69467 INFO tempest.lib.common.rest_client [req-64c8a94a-8916-450e-962f-ef546f5e6c85 req-64c8a94a-8916-450e-962f-ef546f5e6c85 ] Request (ServersTestMultiNic:test_verify_duplicate_network_nics): 200 GET http://10.180.1.21/compute/v2.1/servers/4166a211-8c3d-4e89-bf43-f134631eb018 0.045s
2025-04-03 11:08:07.466 69491 INFO tempest.lib.common.rest_client [req-c5694ae1-4c42-455d-863f-0fa9af9a214d req-c5694ae1-4c42-455d-863f-0fa9af9a214d ] Request (ServerRescueTestJSON:setUpClass): 200 GET http://10.180.1.21/compute/v2.1/servers/cb9cea3a-dd62-46b9-82af-20c557fd1f1a 0.121s
2025-04-03 11:08:07.466 69463 INFO tempest.lib.common.rest_client [req-d1f64ca4-4f54-43bd-a598-dc179d5d73b4 req-d1f64ca4-4f54-43bd-a598-dc179d5d73b4 ] Request (ServerAddressesNegativeTestJSON:setUpClass): 200 GET http://10.180.1.21/compute/v2.1/servers/428edf2e-d26a-4e01-ae66-669d2fe45fdc 0.058s
2025-04-03 11:08:07.515 69485 INFO tempest.lib.common.rest_client [req-f30d81c6-d185-43a2-9abe-974cf6b16b92 req-f30d81c6-d185-43a2-9abe-974cf6b16b92 ] Request (ServerShowV247Test:test_update_rebuild_list_server): 200 GET http://10.180.1.21/compute/v2.1/servers/ffc3165f-2ec7-4c31-b269-8f3abe31e071 0.051s
