2025-04-03 11:06:32.851 69457 INFO tempest.lib.common.dynamic_creds [-] Created isolated network resources for: credentials: Credentials: {'domain_id': 'default', 'domain_name': 'Default', 'username': 'tempest-ServerExternalEventsTest-1368641734-project-admin', 'project_domain_id': 'default', 'project_domain_name': 'Default', 'project_id': '6e6efa74fa624097ab06c0b6e78599d9', 'project_name': 'tempest-ServerExternalEventsTest-1368641734', 'tenant_id': '6e6efa74fa624097ab06c0b6e78599d9', 'tenant_name': 'tempest-ServerExternalEventsTest-1368641734', 'user_domain_id': 'default', 'user_domain_name': 'Default', 'user_id': 'ca8280a4b3b441038116816d57929c03', 'system': None}, Network: None, Subnet: None, Router: None
2025-04-03 11:06:32.857 69465 INFO tempest.lib.common.rest_client [req-75b44f44-ac6a-4a94-97fd-75592d5873fa req-75b44f44-ac6a-4a94-97fd-75592d5873fa ] Request (QuotaClassesAdminTestJSON:setUpClass): 201 POST http://10.180.1.21/identity/v3/projects 0.081s
2025-04-03 11:06:32.921 69465 INFO tempest.lib.common.rest_client [req-9c9ffbff-fee5-4342-b403-84f3dd7c6121 req-9c9ffbff-fee5-4342-b403-84f3dd7c6121 ] Request (QuotaClassesAdminTestJSON:setUpClass): 201 POST http://10.180.1.21/identity/v3/users 0.064s
2025-04-03 11:06:32.937 69457 INFO tempest.lib.common.rest_client [req-f56e95a7-ff46-4c43-b922-996f637a658e req-f56e95a7-ff46-4c43-b922-996f637a658e ] Request (ServerExternalEventsTest:setUpClass): 201 POST http://10.180.1.21/identity/v3/auth/tokens 0.080s
2025-04-03 11:06:32.943 69465 INFO tempest.lib.common.rest_client [req-0b01cb49-08be-4828-851a-c29fa98ac183 req-0b01cb49-08be-4828-851a-c29fa98ac183 ] Request (QuotaClassesAdminTestJSON:setUpClass): 200 GET http://10.180.1.21/identity/v3/roles 0.021s
2025-04-03 11:06:32.960 69469 INFO tempest.lib.common.rest_client [req-c9b2292e-f770-418f-848f-17347ffb3ec2 req-c9b2292e-f770-418f-848f-17347ffb3ec2 ] Request (SecurityGroupsNegativeTestJSON:setUpClass): 201 POST http://10.180.1.21:9696/networking/v2.0/networks 0.660s
2025-04-03 11:06:32.969 69457 INFO tempest.lib.common.rest_client [req-93caa6e4-1b61-4e7e-8c75-173b02c22a70 req-93caa6e4-1b61-4e7e-8c75-173b02c22a70 ] Request (ServerExternalEventsTest:setUpClass): 201 POST http://10.180.1.21/identity/v3/projects 0.032s
2025-04-03 11:06:32.972 69465 INFO tempest.lib.common.rest_client [req-148c7856-cd87-4d8c-9c43-efe3184f51ae req-148c7856-cd87-4d8c-9c43-efe3184f51ae ] Request (QuotaClassesAdminTestJSON:setUpClass): 204 PUT http://10.180.1.21/identity/v3/projects/a9cd5e37a3b047b6bd6a2eef6a5110ca/users/3214fe6e784147a18a22ee12cc812259/roles/10a129a942aa4c888a04261a8a793dab 0.029s
2025-04-03 11:06:33.025 69465 INFO tempest.lib.common.rest_client [req-b521b898-7c9e-47ff-8e5c-423df0993bdc req-b521b898-7c9e-47ff-8e5c-423df0993bdc ] Request (QuotaClassesAdminTestJSON:setUpClass): 200 GET http://10.180.1.21/identity/v3/roles 0.052s
2025-04-03 11:06:33.057 69465 INFO tempest.lib.common.rest_client [req-998addf2-9114-41e2-8a58-f4b0d966f941 req-998addf2-9114-41e2-8a58-f4b0d966f941 ] Request (QuotaClassesAdminTestJSON:setUpClass): 204 PUT http://10.180.1.21/identity/v3/projects/a9cd5e37a3b047b6bd6a2eef6a5110ca/users/3214fe6e784147a18a22ee12cc812259/roles/10a129a942aa4c888a04261a8a793dab 0.031s
2025-04-03 11:06:33.057 69465 INFO tempest.lib.common.dynamic_creds [-] Dynamic test user 3214fe6e784147a18a22ee12cc812259 is created with scope project and roles: ['admin']
2025-04-03 11:06:33.057 69465 INFO tempest.lib.common.dynamic_creds [-] Acquired dynamic creds: credentials: Credentials: {'domain_id': 'default', 'domain_name': 'Default', 'username': 'tempest-QuotaClassesAdminTestJSON-426949537-project-admin', 'project_domain_id': 'default', 'project_domain_name': 'Default', 'project_id': 'a9cd5e37a3b047b6bd6a2eef6a5110ca', 'project_name': 'tempest-QuotaClassesAdminTestJSON-426949537', 'tenant_id': 'a9cd5e37a3b047b6bd6a2eef6a5110ca', 'tenant_name': 'tempest-QuotaClassesAdminTestJSON-426949537', 'user_domain_id': 'default', 'user_domain_name': 'Default', 'user_id': '3214fe6e784147a18a22ee12cc812259', 'system': None}, Network: None, Subnet: None, Router: None
2025-04-03 11:06:33.057 69465 INFO tempest.lib.common.dynamic_creds [-] Created isolated network resources for: credentials: Credentials: {'domain_id': 'default', 'domain_name': 'Default', 'username': 'tempest-QuotaClassesAdminTestJSON-426949537-project-admin', 'project_domain_id': 'default', 'project_domain_name': 'Default', 'project_id': 'a9cd5e37a3b047b6bd6a2eef6a5110ca', 'project_name': 'tempest-QuotaClassesAdminTestJSON-426949537', 'tenant_id': 'a9cd5e37a3b047b6bd6a2eef6a5110ca', 'tenant_name': 'tempest-QuotaClassesAdminTestJSON-426949537', 'user_domain_id': 'default', 'user_domain_name': 'Default', 'user_id': '3214fe6e784147a18a22ee12cc812259', 'system': None}, Network: None, Subnet: None, Router: None
2025-04-03 11:06:33.068 69457 INFO tempest.lib.common.rest_client [req-ee55842d-5d41-410b-a611-a08443915b84 req-ee55842d-5d41-410b-a611-a08443915b84 ] Request (ServerExternalEventsTest:setUpClass): 201 POST http://10.180.1.21/identity/v3/users 0.099s
2025-04-03 11:06:33.098 69487 INFO tempest.lib.common.rest_client [req-2d35195a-0dd7-4a4c-bb85-59bff27661bf req-2d35195a-0dd7-4a4c-bb85-59bff27661bf ] Request (DeleteServersAdminTestJSON:test_admin_delete_servers_of_others): 202 POST http://10.180.1.21/compute/v2.1/servers 3.522s
2025-04-03 11:06:33.120 69471 INFO tempest.lib.common.rest_client [req-557484f9-bbfb-45bc-b750-93a69b93f962 req-557484f9-bbfb-45bc-b750-93a69b93f962 ] Request (HypervisorAdminUnderV252Test:test_search_hypervisor): 200 GET http://10.180.1.21/compute/v2.1/os-hypervisors 3.282s
2025-04-03 11:06:33.156 69465 INFO tempest.lib.common.rest_client [req-b35a93a6-acec-40a0-804c-9e85c8c711ca req-b35a93a6-acec-40a0-804c-9e85c8c711ca ] Request (QuotaClassesAdminTestJSON:setUpClass): 201 POST http://10.180.1.21/identity/v3/auth/tokens 0.094s
2025-04-03 11:06:33.179 69457 INFO tempest.lib.common.rest_client [req-e66ede61-7a55-49f5-8ffa-375aaf911dc7 req-e66ede61-7a55-49f5-8ffa-375aaf911dc7 ] Request (ServerExternalEventsTest:setUpClass): 200 GET http://10.180.1.21/identity/v3/roles 0.110s
2025-04-03 11:06:33.205 69469 INFO tempest.lib.common.rest_client [req-d20f4fee-f4d2-45d3-8728-01bee0f995ae req-d20f4fee-f4d2-45d3-8728-01bee0f995ae ] Request (SecurityGroupsNegativeTestJSON:setUpClass): 201 POST http://10.180.1.21:9696/networking/v2.0/subnets 0.243s
2025-04-03 11:06:33.250 69447 INFO tempest.lib.common.rest_client [req-45151edd-404b-40d3-9ed0-8e94422abad4 req-45151edd-404b-40d3-9ed0-8e94422abad4 ] Request (FlavorsV255TestJSON:test_crud_flavor): 200 GET http://10.180.1.21/compute/v2.1/flavors/1665421266 3.378s
2025-04-03 11:06:33.257 69457 INFO tempest.lib.common.rest_client [req-7de10c96-7523-415d-81c9-b9bca855c85f req-7de10c96-7523-415d-81c9-b9bca855c85f ] Request (ServerExternalEventsTest:setUpClass): 204 PUT http://10.180.1.21/identity/v3/projects/0e35c08cbd024823b3eb1ce0ccb82f17/users/c4c6dbcd2d074a3aa49aa654e37ede9f/roles/ed2f3e965fc94c829be3043f1131c864 0.078s
2025-04-03 11:06:33.274 69505 INFO tempest.lib.common.rest_client [req-b3b60acd-b4c6-4049-a8ff-31f811ed12c7 req-b3b60acd-b4c6-4049-a8ff-31f811ed12c7 ] Request (ServersWithSpecificFlavorTestJSON:setUpClass): 201 POST http://10.180.1.21:9696/networking/v2.0/routers 1.448s
2025-04-03 11:06:33.287 69453 INFO tempest.lib.common.rest_client [req-ee26aa08-98c0-4176-8d23-172808b47ef0 req-ee26aa08-98c0-4176-8d23-172808b47ef0 ] Request (HostsAdminTestJSON:test_list_hosts_with_a_blank_zone): 200 GET http://10.180.1.21/compute/v2.1/os-hosts?zone= 3.148s
2025-04-03 11:06:33.306 69477 INFO tempest.lib.common.rest_client [req-c97d19d4-2e00-4fde-993d-bb521c163897 req-c97d19d4-2e00-4fde-993d-bb521c163897 ] Request (FlavorsV2TestJSON:test_list_flavors_detailed_filter_by_min_disk): 200 GET http://10.180.1.21/compute/v2.1/flavors/42 3.154s
2025-04-03 11:06:33.348 69457 INFO tempest.lib.common.rest_client [req-a5f18fbe-b8e1-4c6b-b821-0e53488713fe req-a5f18fbe-b8e1-4c6b-b821-0e53488713fe ] Request (ServerExternalEventsTest:setUpClass): 200 GET http://10.180.1.21/identity/v3/roles 0.090s
2025-04-03 11:06:33.377 69457 INFO tempest.lib.common.rest_client [req-2feecae3-846f-461e-a5d9-b8f95b458558 req-2feecae3-846f-461e-a5d9-b8f95b458558 ] Request (ServerExternalEventsTest:setUpClass): 204 PUT http://10.180.1.21/identity/v3/projects/0e35c08cbd024823b3eb1ce0ccb82f17/users/c4c6dbcd2d074a3aa49aa654e37ede9f/roles/10a129a942aa4c888a04261a8a793dab 0.028s
2025-04-03 11:06:33.377 69457 INFO tempest.lib.common.dynamic_creds [-] Dynamic test user c4c6dbcd2d074a3aa49aa654e37ede9f is created with scope project and roles: ['service', 'admin']
2025-04-03 11:06:33.377 69457 INFO tempest.lib.common.dynamic_creds [-] Acquired dynamic creds: credentials: Credentials: {'domain_id': 'default', 'domain_name': 'Default', 'username': 'tempest-ServerExternalEventsTest-1773526530-project', 'project_domain_id': 'default', 'project_domain_name': 'Default', 'project_id': '0e35c08cbd024823b3eb1ce0ccb82f17', 'project_name': 'tempest-ServerExternalEventsTest-1773526530', 'tenant_id': '0e35c08cbd024823b3eb1ce0ccb82f17', 'tenant_name': 'tempest-ServerExternalEventsTest-1773526530', 'user_domain_id': 'default', 'user_domain_name': 'Default', 'user_id': 'c4c6dbcd2d074a3aa49aa654e37ede9f', 'system': None}, Network: None, Subnet: None, Router: None
2025-04-03 11:06:33.377 69457 INFO tempest.lib.common.dynamic_creds [-] Created isolated network resources for: credentials: Credentials: {'domain_id': 'default', 'domain_name': 'Default', 'username': 'tempest-ServerExternalEventsTest-1773526530-project', 'project_domain_id': 'default', 'project_domain_name': 'Default', 'project_id': '0e35c08cbd024823b3eb1ce0ccb82f17', 'project_name': 'tempest-ServerExternalEventsTest-1773526530', 'tenant_id': '0e35c08cbd024823b3eb1ce0ccb82f17', 'tenant_name': 'tempest-ServerExternalEventsTest-1773526530', 'user_domain_id': 'default', 'user_domain_name': 'Default', 'user_id': 'c4c6dbcd2d074a3aa49aa654e37ede9f', 'system': None}, Network: None, Subnet: None, Router: None
2025-04-03 11:06:33.427 69489 INFO tempest.lib.common.rest_client [req-01c511d6-de9f-417b-bf7b-4b191b61717c req-01c511d6-de9f-417b-bf7b-4b191b61717c ] Request (FlavorsAccessNegativeTestJSON:test_add_flavor_access_duplicate): 200 POST http://10.180.1.21/compute/v2.1/flavors 3.182s
2025-04-03 11:06:33.452 69503 INFO tempest.lib.common.rest_client [req-49961c52-ccd4-489b-b0b0-fef7fa5e2697 req-49961c52-ccd4-489b-b0b0-fef7fa5e2697 ] Request (FlavorsExtraSpecsTestJSON:test_flavor_non_admin_get_all_keys): 200 POST http://10.180.1.21/compute/v2.1/flavors/478630905/os-extra_specs 3.047s
2025-04-03 11:06:33.457 69457 INFO tempest.lib.common.rest_client [req-6c73a5b7-abdc-4310-936b-96ce3c18a5ed req-6c73a5b7-abdc-4310-936b-96ce3c18a5ed ] Request (ServerExternalEventsTest:setUpClass): 201 POST http://10.180.1.21/identity/v3/auth/tokens 0.075s
2025-04-03 11:06:33.471 69485 INFO tempest.lib.common.rest_client [req-734871e6-2940-472a-9b8a-265cbd3f36e3 req-734871e6-2940-472a-9b8a-265cbd3f36e3 ] Request (FlavorsAdminTestJSON:_run_cleanups): 202 DELETE http://10.180.1.21/compute/v2.1/flavors/1684729615 2.995s
2025-04-03 11:06:33.521 69457 INFO tempest.lib.common.rest_client [req-c140a7ed-3bec-46d7-8141-686129a09c1b req-c140a7ed-3bec-46d7-8141-686129a09c1b ] Request (ServerExternalEventsTest:test_create_server_external_events): 201 POST http://10.180.1.21/identity/v3/auth/tokens 0.059s
2025-04-03 11:06:33.522 69457 INFO tempest.lib.common.fixed_network [-] (ServerExternalEventsTest:test_create_server_external_events) Found network None available for tenant
2025-04-03 11:06:33.607 69483 INFO tempest.lib.common.rest_client [req-22e2ccef-878f-4641-891e-dcf98e4e6849 req-22e2ccef-878f-4641-891e-dcf98e4e6849 ] Request (QuotasAdminTestJSON:test_delete_quota): 200 GET http://10.180.1.21/compute/v2.1/os-quota-sets/54cc35cabb8245db8e2bd02e3aba76ba 2.804s
2025-04-03 11:06:33.678 69481 INFO tempest.lib.common.rest_client [req-3fb91e77-223f-434f-a4f7-d737ccffc135 req-3fb91e77-223f-434f-a4f7-d737ccffc135 ] Request (ImagesOneServerNegativeTestJSON:setUpClass): 202 POST http://10.180.1.21/compute/v2.1/servers 3.987s
2025-04-03 11:06:33.709 69461 INFO tempest.lib.common.rest_client [req-44162146-742b-4462-a3e2-2ed09436fda4 req-44162146-742b-4462-a3e2-2ed09436fda4 ] Request (HypervisorAdminNegativeUnderV252Test:test_search_hypervisor_with_non_admin_user): 403 GET http://10.180.1.21/compute/v2.1/os-hypervisors/domain-c8.fc996f14-c53b-4953-92e3-bdfa48f5cc28/search 2.784s
2025-04-03 11:06:33.833 69459 INFO tempest.lib.common.rest_client [req-81922b5e-4fe2-4d3c-b740-c3595b73fdd4 req-81922b5e-4fe2-4d3c-b740-c3595b73fdd4 ] Request (FloatingIPsAssociationTestJSON:setUpClass): 200 GET http://10.180.1.21/compute/v2.1/servers/32e1ce61-06ee-4dd1-9bce-b91dcaa8a4e1 2.693s
2025-04-03 11:06:33.843 69459 INFO tempest.common.waiters [-] State transition "BUILD/None" ==> "BUILD/block_device_mapping" after 3 second wait
2025-04-03 11:06:33.850 69449 INFO tempest.lib.common.rest_client [req-c1042b09-25b8-4c43-971f-9f90a3c5a86a req-c1042b09-25b8-4c43-971f-9f90a3c5a86a ] Request (QuotasAdminNegativeTest:test_create_server_when_cpu_quota_is_full): 200 GET http://10.180.1.21/compute/v2.1/os-quota-sets/28d2b6ea71284908b8e3c231bf159c18 2.782s
2025-04-03 11:06:33.870 69493 INFO tempest.lib.common.rest_client [req-4c65e78b-f4df-4453-9667-eb28f310e92b req-4c65e78b-f4df-4453-9667-eb28f310e92b ] Request (ServicesAdminNegativeTestJSON:test_get_service_by_invalid_params): 200 GET http://10.180.1.21/compute/v2.1/os-services?xxx=nova-compute 2.644s
2025-04-03 11:06:33.916 69502 INFO tempest.lib.common.rest_client [req-560f9dbd-32dc-4523-bd48-61b678c1fa1d req-560f9dbd-32dc-4523-bd48-61b678c1fa1d ] Request (FloatingIPsAssociationNegativeTestJSON:setUpClass): 200 GET http://10.180.1.21/compute/v2.1/servers/87995305-0f03-4676-addb-d78645b767f7 2.694s
2025-04-03 11:06:33.960 69497 INFO tempest.lib.common.rest_client [req-b75087a5-6af9-43f8-939c-1f2dbec01a32 req-b75087a5-6af9-43f8-939c-1f2dbec01a32 ] Request (AggregatesAdminNegativeTestJSON:test_aggregate_add_existent_host): 200 POST http://10.180.1.21/compute/v2.1/os-aggregates 2.407s
2025-04-03 11:06:33.985 69495 INFO tempest.lib.common.rest_client [req-4f06e174-ab64-4148-81fb-a34451c6edec req-4f06e174-ab64-4148-81fb-a34451c6edec ] Request (HypervisorAdminV228Test:test_get_list_hypervisor_details): 200 GET http://10.180.1.21/compute/v2.1/os-hypervisors/1 2.214s
2025-04-03 11:06:33.994 69479 INFO tempest.lib.common.rest_client [req-8f1fa1ae-571c-44c8-a698-0bdfae6688d1 req-8f1fa1ae-571c-44c8-a698-0bdfae6688d1 ] Request (FlavorsAccessTestJSON:test_flavor_access_add_remove): 200 POST http://10.180.1.21/compute/v2.1/flavors/1993787846/action 2.445s
2025-04-03 11:06:34.063 69467 INFO tempest.lib.common.rest_client [req-e441cccd-0b6b-4dc3-8489-dfadcfbb8bc5 req-e441cccd-0b6b-4dc3-8489-dfadcfbb8bc5 ] Request (TenantUsagesTestJSON:setUpClass): 200 GET http://10.180.1.21/compute/v2.1/servers/f57bca06-3394-424d-a62c-dec62eb34742 2.103s
2025-04-03 11:06:34.075 69507 INFO tempest.lib.common.rest_client [req-39fa3fbe-00b8-4679-8620-b48d9d1d2612 req-39fa3fbe-00b8-4679-8620-b48d9d1d2612 ] Request (KeyPairsV210TestJSON:test_admin_manage_keypairs_for_other_users): 200 GET http://10.180.1.21/compute/v2.1/os-keypairs/tempest-keypair-99609748?user_id=ede7a352694d4651a9423e6821475451 2.019s
2025-04-03 11:06:34.099 69475 INFO tempest.lib.common.rest_client [req-2e78cce0-b35c-4441-ae81-5584f2ab0760 req-2e78cce0-b35c-4441-ae81-5584f2ab0760 ] Request (HypervisorAdminTestJSON:test_get_hypervisor_show_details): 200 GET http://10.180.1.21/compute/v2.1/os-hypervisors/1 2.022s
2025-04-03 11:06:34.111 69495 INFO tempest.lib.common.rest_client [req-f1e005bc-6f06-4c53-9818-f477a8137cd2 req-f1e005bc-6f06-4c53-9818-f477a8137cd2 ] Request (HypervisorAdminV228Test:tearDownClass): 204 DELETE http://10.180.1.21/identity/v3/users/7c03d3369852483eac96318ff8a2faf9 0.113s
2025-04-03 11:06:34.262 69463 INFO tempest.lib.common.rest_client [req-bbc82a48-8892-4014-b43c-01c2b85fb1ac req-bbc82a48-8892-4014-b43c-01c2b85fb1ac ] Request (ServicesAdminTestJSON:test_get_service_by_host_name): 200 GET http://10.180.1.21/compute/v2.1/os-services 2.146s
2025-04-03 11:06:34.293 69495 INFO tempest.lib.common.rest_client [req-834b7bb4-83e4-419b-bc24-f2a569048b69 req-834b7bb4-83e4-419b-bc24-f2a569048b69 ] Request (HypervisorAdminV228Test:tearDownClass): 204 DELETE http://10.180.1.21/identity/v3/users/f81b779064db41f3827bb76731ffdee1 0.182s
2025-04-03 11:06:34.293 69495 INFO tempest.lib.common.dynamic_creds [-] Deleting project and security group for project: c2789ce8f5bb4e219d57c23ab360502a
2025-04-03 11:06:34.311 69491 INFO tempest.lib.common.rest_client [req-ed8e4be2-f5cc-4ae3-8629-3fdf00873b47 req-ed8e4be2-f5cc-4ae3-8629-3fdf00873b47 ] Request (ImagesMetadataTestJSON:setUp): 200 PUT http://10.180.1.21/compute/v2.1/images/55974102-2b89-4d42-9300-dc57cef2d0cb/metadata 2.306s
2025-04-03 11:06:34.340 69499 INFO tempest.lib.common.rest_client [req-0cf77f01-cf81-4491-a064-3407e452ec9b req-0cf77f01-cf81-4491-a064-3407e452ec9b ] Request (ServerDiagnosticsTest:test_get_server_diagnostics): 200 GET http://10.180.1.21/compute/v2.1/servers/89b968f2-0192-4c0e-99ae-6bfd5585aded 1.883s
2025-04-03 11:06:34.384 69495 INFO tempest.lib.common.rest_client [req-ad0a2c4d-be0d-41bd-a177-b67a399fdb4d req-ad0a2c4d-be0d-41bd-a177-b67a399fdb4d ] Request (HypervisorAdminV228Test:tearDownClass): 201 POST http://10.180.1.21/identity/v3/auth/tokens 0.088s
2025-04-03 11:06:34.460 69451 INFO tempest.lib.common.rest_client [req-686a29a8-fbfa-42a8-a8f4-d6b1022ac609 req-686a29a8-fbfa-42a8-a8f4-d6b1022ac609 ] Request (ImagesNegativeTestJSON:test_create_image_from_deleted_server): 200 GET http://10.180.1.21/compute/v2.1/servers/8b434f45-36f2-414a-b0c9-3f2ea4e71071 1.861s
2025-04-03 11:06:34.476 69445 INFO tempest.lib.common.rest_client [req-52e76c20-02ad-4894-bb5d-b9f10c82148f req-52e76c20-02ad-4894-bb5d-b9f10c82148f ] Request (ServerDiagnosticsV248Test:test_get_server_diagnostics): 200 GET http://10.180.1.21/compute/v2.1/servers/a46cec90-2d8a-44aa-9270-9fcb61b6d0c7 1.743s
2025-04-03 11:06:34.501 69471 INFO tempest.lib.common.rest_client [req-7826425e-2000-4281-97a2-5e713bc57778 req-7826425e-2000-4281-97a2-5e713bc57778 ] Request (HypervisorAdminUnderV252Test:test_search_hypervisor): 200 GET http://10.180.1.21/compute/v2.1/os-hypervisors/domain-c8.fc996f14-c53b-4953-92e3-bdfa48f5cc28/search 1.377s
2025-04-03 11:06:34.525 69473 INFO tempest.lib.common.rest_client [req-d0542d77-ea58-4236-acfa-e23f1856d50d req-d0542d77-ea58-4236-acfa-e23f1856d50d ] Request (VolumesAssistedSnapshotsTest:setUpClass): 200 PUT http://10.180.1.21:9696/networking/v2.0/routers/8662dfd2-14ad-4799-8d86-17b9a880f65f/add_router_interface 1.890s
2025-04-03 11:06:34.525 69473 INFO tempest.lib.common.dynamic_creds [-] Created isolated network resources for: credentials: Credentials: {'domain_id': 'default', 'domain_name': 'Default', 'username': 'tempest-VolumesAssistedSnapshotsTest-1879567221-project-admin', 'project_domain_id': 'default', 'project_domain_name': 'Default', 'project_id': 'bab4f6c20f7040dab112f821e1136cd6', 'project_name': 'tempest-VolumesAssistedSnapshotsTest-1879567221', 'tenant_id': 'bab4f6c20f7040dab112f821e1136cd6', 'tenant_name': 'tempest-VolumesAssistedSnapshotsTest-1879567221', 'user_domain_id': 'default', 'user_domain_name': 'Default', 'user_id': '1b996f47cb8e4702975002b155b4c94a', 'system': None}, Network: {'id': '66adefdc-9e86-4d9c-83ae-6bec52134117', 'name': 'tempest-VolumesAssistedSnapshotsTest-486869710-network', 'tenant_id': 'bab4f6c20f7040dab112f821e1136cd6', 'admin_state_up': True, 'mtu': 8950, 'status': 'ACTIVE', 'subnets': [], 'shared': False, 'project_id': 'bab4f6c20f7040dab112f821e1136cd6', 'port_security_enabled': True, 'router:external': False, 'provider:network_type': 'vlan', 'provider:physical_network': 'default', 'provider:segmentation_id': 279, 'availability_zone_hints': [], 'availability_zones': [], 'ipv4_address_scope': None, 'ipv6_address_scope': None, 'description': '', 'tags': [], 'created_at': '2025-04-03T11:06:31Z', 'updated_at': '2025-04-03T11:06:31Z', 'revision_number': 1}, Subnet: {'id': '33ca4a47-0959-4eec-bb5d-92527d5b2ef0', 'name': 'tempest-VolumesAssistedSnapshotsTest-486869710-subnet', 'tenant_id': 'bab4f6c20f7040dab112f821e1136cd6', 'network_id': '66adefdc-9e86-4d9c-83ae-6bec52134117', 'ip_version': 4, 'subnetpool_id': None, 'enable_dhcp': True, 'ipv6_ra_mode': None, 'ipv6_address_mode': None, 'gateway_ip': '192.168.128.1', 'cidr': '192.168.128.0/28', 'allocation_pools': [{'start': '192.168.128.2', 'end': '192.168.128.14'}], 'host_routes': [], 'dns_nameservers': [], 'description': '', 'router:external': False, 'service_types': [], 'tags': [], 'created_at': '2025-04-03T11:06:31Z', 'updated_at': '2025-04-03T11:06:31Z', 'revision_number': 0, 'project_id': 'bab4f6c20f7040dab112f821e1136cd6'}, Router: {'id': '8662dfd2-14ad-4799-8d86-17b9a880f65f', 'name': 'tempest-VolumesAssistedSnapshotsTest-486869710-router', 'tenant_id': 'bab4f6c20f7040dab112f821e1136cd6', 'admin_state_up': True, 'status': 'ACTIVE', 'external_gateway_info': {'network_id': 'd7b27c2a-33e0-4809-beeb-3e702b27e17f', 'external_fixed_ips': [{'subnet_id': 'd4319742-fa53-4226-8485-fdc8aa6ad57b', 'ip_address': '10.180.180.184'}], 'enable_snat': True}, 'description': '', 'availability_zones': [], 'distributed': False, 'ha': False, 'availability_zone_hints': [], 'routes': [], 'flavor_id': None, 'tags': [], 'created_at': '2025-04-03T11:06:31Z', 'updated_at': '2025-04-03T11:06:31Z', 'revision_number': 2, 'project_id': 'bab4f6c20f7040dab112f821e1136cd6'}
2025-04-03 11:06:34.539 69447 INFO tempest.lib.common.rest_client [req-68b13ef3-6f8e-48c4-ae24-078118f9d352 req-68b13ef3-6f8e-48c4-ae24-078118f9d352 ] Request (FlavorsV255TestJSON:test_crud_flavor): 200 PUT http://10.180.1.21/compute/v2.1/flavors/1665421266 1.286s
2025-04-03 11:06:34.539 69469 INFO tempest.lib.common.rest_client [req-1de21ad2-ad46-4c37-9d0b-262a452115ce req-1de21ad2-ad46-4c37-9d0b-262a452115ce ] Request (SecurityGroupsNegativeTestJSON:setUpClass): 201 POST http://10.180.1.21:9696/networking/v2.0/routers 1.332s
2025-04-03 11:06:34.553 69487 INFO tempest.lib.common.rest_client [req-75d8d459-3de7-4f2d-8743-dae0c1d6fc60 req-75d8d459-3de7-4f2d-8743-dae0c1d6fc60 ] Request (DeleteServersAdminTestJSON:test_admin_delete_servers_of_others): 200 GET http://10.180.1.21/compute/v2.1/servers/9a5272f3-407b-4a9f-993e-16c75d3ab125 1.451s
2025-04-03 11:06:34.569 69453 INFO tempest.lib.common.rest_client [req-6f88efaf-5d15-4799-aef1-719cadc74623 req-6f88efaf-5d15-4799-aef1-719cadc74623 ] Request (HostsAdminTestJSON:test_list_hosts_with_nonexistent_zone): 200 GET http://10.180.1.21/compute/v2.1/os-hosts?zone=xxx 1.279s
2025-04-03 11:06:34.575 69471 INFO tempest.lib.common.rest_client [req-847310f2-6009-4468-858e-43216c29389b req-847310f2-6009-4468-858e-43216c29389b ] Request (HypervisorAdminUnderV252Test:tearDownClass): 204 DELETE http://10.180.1.21/identity/v3/users/c59405342d9c491b8dcff516cfeef165 0.071s
2025-04-03 11:06:34.600 69477 INFO tempest.lib.common.rest_client [req-a48d7054-b861-4506-af7b-d9ec5d61831f req-a48d7054-b861-4506-af7b-d9ec5d61831f ] Request (FlavorsV2TestJSON:test_list_flavors_detailed_filter_by_min_disk): 200 GET http://10.180.1.21/compute/v2.1/flavors/detail?minDisk=2 1.287s
2025-04-03 11:06:34.629 69473 INFO tempest.lib.common.rest_client [req-71fa1436-031c-49d6-b749-a69f03c56446 req-71fa1436-031c-49d6-b749-a69f03c56446 ] Request (VolumesAssistedSnapshotsTest:setUpClass): 201 POST http://10.180.1.21/identity/v3/auth/tokens 0.101s
2025-04-03 11:06:34.697 69495 INFO tempest.lib.common.rest_client [req-8627366f-506c-43b0-9dba-a839df2bfecf req-8627366f-506c-43b0-9dba-a839df2bfecf ] Request (HypervisorAdminV228Test:tearDownClass): 200 GET http://10.180.1.21:9696/networking/v2.0/security-groups?tenant_id=c2789ce8f5bb4e219d57c23ab360502a&name=default 0.312s
2025-04-03 11:06:34.705 69471 INFO tempest.lib.common.rest_client [req-13b53673-aa77-499e-ac13-77f673a4450a req-13b53673-aa77-499e-ac13-77f673a4450a ] Request (HypervisorAdminUnderV252Test:tearDownClass): 204 DELETE http://10.180.1.21/identity/v3/users/f67f6943de594d30ae2f039159a39a96 0.130s
2025-04-03 11:06:34.705 69471 INFO tempest.lib.common.dynamic_creds [-] Deleting project and security group for project: 5965dd3cad114681ac2455da47fdaf86
2025-04-03 11:06:34.774 69473 INFO tempest.lib.common.rest_client [req-e9941a40-ce10-4d64-abf8-57b78f18f5f6 req-e9941a40-ce10-4d64-abf8-57b78f18f5f6 ] Request (VolumesAssistedSnapshotsTest:setUpClass): 201 POST http://10.180.1.21/identity/v3/projects 0.144s
2025-04-03 11:06:34.790 69503 INFO tempest.lib.common.rest_client [req-b8638d0c-a438-4ce0-93d6-418990a3a2fa req-b8638d0c-a438-4ce0-93d6-418990a3a2fa ] Request (FlavorsExtraSpecsTestJSON:test_flavor_non_admin_get_all_keys): 200 GET http://10.180.1.21/compute/v2.1/flavors/478630905/os-extra_specs 1.336s
2025-04-03 11:06:34.826 69485 INFO tempest.lib.common.rest_client [req-1edb05aa-f690-4275-bad6-591a73ecf695 req-1edb05aa-f690-4275-bad6-591a73ecf695 ] Request (FlavorsAdminTestJSON:_run_cleanups): 200 GET http://10.180.1.21/compute/v2.1/flavors/detail 1.354s
2025-04-03 11:06:34.858 69495 INFO tempest.lib.common.rest_client [req-fa3a403a-cc96-467f-8456-1c82bf14e824 req-fa3a403a-cc96-467f-8456-1c82bf14e824 ] Request (HypervisorAdminV228Test:tearDownClass): 204 DELETE http://10.180.1.21:9696/networking/v2.0/security-groups/0ba1bd8b-1ecd-4a8b-806e-4a9740dc65c4 0.161s
2025-04-03 11:06:34.866 69471 INFO tempest.lib.common.rest_client [req-bb0a0d1c-d84f-41cf-9820-c48a76742556 req-bb0a0d1c-d84f-41cf-9820-c48a76742556 ] Request (HypervisorAdminUnderV252Test:tearDownClass): 201 POST http://10.180.1.21/identity/v3/auth/tokens 0.160s
2025-04-03 11:06:34.901 69473 INFO tempest.lib.common.rest_client [req-5e9efb8c-72ff-4e79-aaf1-604ae50913f0 req-5e9efb8c-72ff-4e79-aaf1-604ae50913f0 ] Request (VolumesAssistedSnapshotsTest:setUpClass): 201 POST http://10.180.1.21/identity/v3/users 0.126s
2025-04-03 11:06:34.906 69489 INFO tempest.lib.common.rest_client [req-e103864d-7af1-4ef5-b2e1-d89b7809f3ef req-e103864d-7af1-4ef5-b2e1-d89b7809f3ef ] Request (FlavorsAccessNegativeTestJSON:test_add_flavor_access_duplicate): 200 POST http://10.180.1.21/compute/v2.1/flavors/1687258846/action 1.475s
2025-04-03 11:06:34.972 69495 INFO tempest.lib.common.rest_client [req-6d47f52b-349f-4151-922f-3c9911784577 req-6d47f52b-349f-4151-922f-3c9911784577 ] Request (HypervisorAdminV228Test:tearDownClass): 204 DELETE http://10.180.1.21/identity/v3/projects/c2789ce8f5bb4e219d57c23ab360502a 0.114s
2025-04-03 11:06:34.972 69495 INFO tempest.lib.common.dynamic_creds [-] Deleting project and security group for project: 68e0cb2c2e444e389e7ce6a40c3d0ed8
2025-04-03 11:06:34.980 69505 INFO tempest.lib.common.rest_client [req-c399e4aa-5ab2-44f7-8d51-116a43bcce5e req-c399e4aa-5ab2-44f7-8d51-116a43bcce5e ] Request (ServersWithSpecificFlavorTestJSON:setUpClass): 200 PUT http://10.180.1.21:9696/networking/v2.0/routers/6ef26c62-9fae-4b1c-82c7-200aebfa7de0/add_router_interface 1.705s
2025-04-03 11:06:34.980 69505 INFO tempest.lib.common.dynamic_creds [-] Created isolated network resources for: credentials: Credentials: {'domain_id': 'default', 'domain_name': 'Default', 'username': 'tempest-ServersWithSpecificFlavorTestJSON-1547980119-project-admin', 'project_domain_id': 'default', 'project_domain_name': 'Default', 'project_id': 'f4880e6bfcfc48149e6873c6c2ce6d88', 'project_name': 'tempest-ServersWithSpecificFlavorTestJSON-1547980119', 'tenant_id': 'f4880e6bfcfc48149e6873c6c2ce6d88', 'tenant_name': 'tempest-ServersWithSpecificFlavorTestJSON-1547980119', 'user_domain_id': 'default', 'user_domain_name': 'Default', 'user_id': '30bd5978aca14895abbfed8b48b36a47', 'system': None}, Network: {'id': '505a15bf-b42a-4534-8d4b-d77aeec9f774', 'name': 'tempest-ServersWithSpecificFlavorTestJSON-1042980360-network', 'tenant_id': 'f4880e6bfcfc48149e6873c6c2ce6d88', 'admin_state_up': True, 'mtu': 8950, 'status': 'ACTIVE', 'subnets': [], 'shared': False, 'project_id': 'f4880e6bfcfc48149e6873c6c2ce6d88', 'port_security_enabled': True, 'router:external': False, 'provider:network_type': 'vlan', 'provider:physical_network': 'default', 'provider:segmentation_id': 545, 'availability_zone_hints': [], 'availability_zones': [], 'ipv4_address_scope': None, 'ipv6_address_scope': None, 'description': '', 'tags': [], 'created_at': '2025-04-03T11:06:31Z', 'updated_at': '2025-04-03T11:06:31Z', 'revision_number': 1}, Subnet: {'id': '5e2a7cf1-167c-4307-a6e0-dd3a90b964da', 'name': 'tempest-ServersWithSpecificFlavorTestJSON-1042980360-subnet', 'tenant_id': 'f4880e6bfcfc48149e6873c6c2ce6d88', 'network_id': '505a15bf-b42a-4534-8d4b-d77aeec9f774', 'ip_version': 4, 'subnetpool_id': None, 'enable_dhcp': True, 'ipv6_ra_mode': None, 'ipv6_address_mode': None, 'gateway_ip': '192.168.128.1', 'cidr': '192.168.128.0/28', 'allocation_pools': [{'start': '192.168.128.2', 'end': '192.168.128.14'}], 'host_routes': [], 'dns_nameservers': [], 'description': '', 'router:external': False, 'service_types': [], 'tags': [], 'created_at': '2025-04-03T11:06:31Z', 'updated_at': '2025-04-03T11:06:31Z', 'revision_number': 0, 'project_id': 'f4880e6bfcfc48149e6873c6c2ce6d88'}, Router: {'id': '6ef26c62-9fae-4b1c-82c7-200aebfa7de0', 'name': 'tempest-ServersWithSpecificFlavorTestJSON-1042980360-router', 'tenant_id': 'f4880e6bfcfc48149e6873c6c2ce6d88', 'admin_state_up': True, 'status': 'ACTIVE', 'external_gateway_info': {'network_id': 'd7b27c2a-33e0-4809-beeb-3e702b27e17f', 'external_fixed_ips': [{'subnet_id': 'd4319742-fa53-4226-8485-fdc8aa6ad57b', 'ip_address': '10.180.180.196'}], 'enable_snat': True}, 'description': '', 'availability_zones': [], 'distributed': False, 'ha': False, 'availability_zone_hints': [], 'routes': [], 'flavor_id': None, 'tags': [], 'created_at': '2025-04-03T11:06:31Z', 'updated_at': '2025-04-03T11:06:32Z', 'revision_number': 2, 'project_id': 'f4880e6bfcfc48149e6873c6c2ce6d88'}
2025-04-03 11:06:35.064 69473 INFO tempest.lib.common.rest_client [req-b3061bba-eeea-41da-8c9e-4264204ee9db req-b3061bba-eeea-41da-8c9e-4264204ee9db ] Request (VolumesAssistedSnapshotsTest:setUpClass): 200 GET http://10.180.1.21/identity/v3/roles 0.162s
2025-04-03 11:06:35.135 69505 INFO tempest.lib.common.rest_client [req-40333007-ab40-43fb-b11e-4b05f9a80733 req-40333007-ab40-43fb-b11e-4b05f9a80733 ] Request (ServersWithSpecificFlavorTestJSON:setUpClass): 201 POST http://10.180.1.21/identity/v3/auth/tokens 0.152s
2025-04-03 11:06:35.148 69471 INFO tempest.lib.common.rest_client [req-21916bc7-d820-469a-b26e-0f7088ed6159 req-21916bc7-d820-469a-b26e-0f7088ed6159 ] Request (HypervisorAdminUnderV252Test:tearDownClass): 200 GET http://10.180.1.21:9696/networking/v2.0/security-groups?tenant_id=5965dd3cad114681ac2455da47fdaf86&name=default 0.282s
2025-04-03 11:06:35.164 69473 INFO tempest.lib.common.rest_client [req-edfcf2cc-cf42-4ba3-a606-7519e42e5603 req-edfcf2cc-cf42-4ba3-a606-7519e42e5603 ] Request (VolumesAssistedSnapshotsTest:setUpClass): 204 PUT http://10.180.1.21/identity/v3/projects/f64f288641314a8bb4205209caaaebbe/users/ddafeeadd9a14768864a73b1d79c1b01/roles/10a129a942aa4c888a04261a8a793dab 0.099s
2025-04-03 11:06:35.188 69483 INFO tempest.lib.common.rest_client [req-6a0616b4-187f-4dc3-8502-73d796309bdb req-6a0616b4-187f-4dc3-8502-73d796309bdb ] Request (QuotasAdminTestJSON:test_delete_quota): 200 PUT http://10.180.1.21/compute/v2.1/os-quota-sets/54cc35cabb8245db8e2bd02e3aba76ba 1.578s
2025-04-03 11:06:35.218 69495 INFO tempest.lib.common.rest_client [req-79b6153d-5868-45f9-b40a-fe7cecaded61 req-79b6153d-5868-45f9-b40a-fe7cecaded61 ] Request (HypervisorAdminV228Test:tearDownClass): 200 GET http://10.180.1.21:9696/networking/v2.0/security-groups?tenant_id=68e0cb2c2e444e389e7ce6a40c3d0ed8&name=default 0.245s
2025-04-03 11:06:35.225 69473 INFO tempest.lib.common.rest_client [req-99eccd27-b4aa-41d2-a7cb-61e5ae5ef5db req-99eccd27-b4aa-41d2-a7cb-61e5ae5ef5db ] Request (VolumesAssistedSnapshotsTest:setUpClass): 200 GET http://10.180.1.21/identity/v3/roles 0.060s
2025-04-03 11:06:35.240 69471 INFO tempest.lib.common.rest_client [req-00c02e0c-a867-4652-a030-d06d5e5a87a3 req-00c02e0c-a867-4652-a030-d06d5e5a87a3 ] Request (HypervisorAdminUnderV252Test:tearDownClass): 204 DELETE http://10.180.1.21:9696/networking/v2.0/security-groups/d3495d13-aa9b-4c30-902c-48b3a28486e5 0.091s
2025-04-03 11:06:35.242 69473 INFO tempest.lib.common.rest_client [req-8df78587-4525-4c14-941e-d022b4c46afa req-8df78587-4525-4c14-941e-d022b4c46afa ] Request (VolumesAssistedSnapshotsTest:setUpClass): 204 PUT http://10.180.1.21/identity/v3/projects/f64f288641314a8bb4205209caaaebbe/users/ddafeeadd9a14768864a73b1d79c1b01/roles/ed2f3e965fc94c829be3043f1131c864 0.017s
2025-04-03 11:06:35.242 69473 INFO tempest.lib.common.dynamic_creds [-] Dynamic test user ddafeeadd9a14768864a73b1d79c1b01 is created with scope project and roles: ['admin', 'service']
2025-04-03 11:06:35.243 69473 INFO tempest.lib.common.dynamic_creds [-] Acquired dynamic creds: credentials: Credentials: {'domain_id': 'default', 'domain_name': 'Default', 'username': 'tempest-VolumesAssistedSnapshotsTest-691228227-project', 'project_domain_id': 'default', 'project_domain_name': 'Default', 'project_id': 'f64f288641314a8bb4205209caaaebbe', 'project_name': 'tempest-VolumesAssistedSnapshotsTest-691228227', 'tenant_id': 'f64f288641314a8bb4205209caaaebbe', 'tenant_name': 'tempest-VolumesAssistedSnapshotsTest-691228227', 'user_domain_id': 'default', 'user_domain_name': 'Default', 'user_id': 'ddafeeadd9a14768864a73b1d79c1b01', 'system': None}, Network: None, Subnet: None, Router: None
2025-04-03 11:06:35.272 69481 INFO tempest.lib.common.rest_client [req-554faea0-d519-4ae7-bada-93d7cca45238 req-554faea0-d519-4ae7-bada-93d7cca45238 ] Request (ImagesOneServerNegativeTestJSON:setUpClass): 200 GET http://10.180.1.21/compute/v2.1/servers/83bb977b-7bc8-44f6-9e4f-80e1e1126a7f 1.590s
2025-04-03 11:06:35.284 69461 INFO tempest.lib.common.rest_client [req-bde9b348-caf3-4a66-8cdd-771ff619ce49 req-bde9b348-caf3-4a66-8cdd-771ff619ce49 ] Request (HypervisorAdminNegativeUnderV252Test:test_search_nonexistent_hypervisor): 404 GET http://10.180.1.21/compute/v2.1/os-hypervisors/nonexistent_hypervisor_name/search 1.567s
2025-04-03 11:06:35.341 69471 INFO tempest.lib.common.rest_client [req-cbe33ba1-519c-47e7-81a5-79e87d532a33 req-cbe33ba1-519c-47e7-81a5-79e87d532a33 ] Request (HypervisorAdminUnderV252Test:tearDownClass): 204 DELETE http://10.180.1.21/identity/v3/projects/5965dd3cad114681ac2455da47fdaf86 0.101s
2025-04-03 11:06:35.341 69471 INFO tempest.lib.common.dynamic_creds [-] Deleting project and security group for project: 3c8b4079f6134a268da94f0726fe23cc
2025-04-03 11:06:35.386 69495 INFO tempest.lib.common.rest_client [req-cfdc099c-e488-472a-9ade-65ac14b4eb04 req-cfdc099c-e488-472a-9ade-65ac14b4eb04 ] Request (HypervisorAdminV228Test:tearDownClass): 204 DELETE http://10.180.1.21:9696/networking/v2.0/security-groups/b9846831-bf5c-4e37-bebd-2107bffad7af 0.167s
2025-04-03 11:06:35.472 69449 INFO tempest.lib.common.rest_client [req-ac89f449-c651-4055-a897-1cdf96737f63 req-ac89f449-c651-4055-a897-1cdf96737f63 ] Request (QuotasAdminNegativeTest:test_create_server_when_cpu_quota_is_full): 200 PUT http://10.180.1.21/compute/v2.1/os-quota-sets/28d2b6ea71284908b8e3c231bf159c18 1.619s
2025-04-03 11:06:35.476 69457 INFO tempest.lib.common.rest_client [req-029d2437-3ce0-42c1-8f8f-459b76675856 req-029d2437-3ce0-42c1-8f8f-459b76675856 ] Request (ServerExternalEventsTest:test_create_server_external_events): 202 POST http://10.180.1.21/compute/v2.1/servers 1.953s
2025-04-03 11:06:35.496 69471 INFO tempest.lib.common.rest_client [req-4d9d81f9-aefd-40fe-af19-a966f3564caa req-4d9d81f9-aefd-40fe-af19-a966f3564caa ] Request (HypervisorAdminUnderV252Test:tearDownClass): 200 GET http://10.180.1.21:9696/networking/v2.0/security-groups?tenant_id=3c8b4079f6134a268da94f0726fe23cc&name=default 0.155s
2025-04-03 11:06:35.500 69493 INFO tempest.lib.common.rest_client [req-7e2fd7ae-9024-4430-99d6-7fb950401aaa req-7e2fd7ae-9024-4430-99d6-7fb950401aaa ] Request (ServicesAdminNegativeTestJSON:test_get_service_by_invalid_service_and_valid_host): 200 GET http://10.180.1.21/compute/v2.1/os-services 1.621s
2025-04-03 11:06:35.504 69495 INFO tempest.lib.common.rest_client [req-e16a055c-9b5a-42d2-a47a-ade5cf294fa7 req-e16a055c-9b5a-42d2-a47a-ade5cf294fa7 ] Request (HypervisorAdminV228Test:tearDownClass): 204 DELETE http://10.180.1.21/identity/v3/projects/68e0cb2c2e444e389e7ce6a40c3d0ed8 0.117s
2025-04-03 11:06:35.549 69449 INFO tempest.lib.common.rest_client [req-f6859bc2-13a6-4dc8-9cd7-bdb935e35df8 req-f6859bc2-13a6-4dc8-9cd7-bdb935e35df8 ] Request (QuotasAdminNegativeTest:test_create_server_when_cpu_quota_is_full): 201 POST http://10.180.1.21/identity/v3/auth/tokens 0.065s
2025-04-03 11:06:35.549 69449 INFO tempest.lib.common.fixed_network [-] (QuotasAdminNegativeTest:test_create_server_when_cpu_quota_is_full) Found network None available for tenant
2025-04-03 11:06:35.554 69473 INFO tempest.lib.common.rest_client [req-fe1063ff-118f-48ea-b8db-5bb202912515 req-fe1063ff-118f-48ea-b8db-5bb202912515 ] Request (VolumesAssistedSnapshotsTest:setUpClass): 201 POST http://10.180.1.21:9696/networking/v2.0/networks 0.310s
2025-04-03 11:06:35.615 69495 INFO tempest.lib.common.rest_client [req-a8b8e3cb-f31b-4b72-81cf-a1364e1879da req-a8b8e3cb-f31b-4b72-81cf-a1364e1879da ] Request (KeyPairsV2TestJSON:setUpClass): 201 POST http://10.180.1.21/identity/v3/auth/tokens 0.107s
2025-04-03 11:06:35.647 69471 INFO tempest.lib.common.rest_client [req-79c5af1d-ca59-4634-baf9-c107ff1c8b22 req-79c5af1d-ca59-4634-baf9-c107ff1c8b22 ] Request (HypervisorAdminUnderV252Test:tearDownClass): 204 DELETE http://10.180.1.21:9696/networking/v2.0/security-groups/24b3ceb0-f982-4df7-81c8-ada39d91a252 0.150s
2025-04-03 11:06:35.655 69479 INFO tempest.lib.common.rest_client [req-41639b2f-6b92-491d-a388-7340510c2d27 req-41639b2f-6b92-491d-a388-7340510c2d27 ] Request (FlavorsAccessTestJSON:test_flavor_access_add_remove): 200 GET http://10.180.1.21/compute/v2.1/flavors/detail 1.660s
2025-04-03 11:06:35.657 69495 INFO tempest.lib.common.rest_client [req-e167024a-24c0-4778-af97-22e7057790ad req-e167024a-24c0-4778-af97-22e7057790ad ] Request (KeyPairsV2TestJSON:setUpClass): 201 POST http://10.180.1.21/identity/v3/auth/tokens 0.040s
2025-04-03 11:06:35.689 69495 INFO tempest.lib.common.rest_client [req-322e32a2-3f6a-4c63-bbf0-8238f37d6e42 req-322e32a2-3f6a-4c63-bbf0-8238f37d6e42 ] Request (KeyPairsV2TestJSON:setUpClass): 200 GET http://10.180.1.21/identity/v3/domains?name=Default 0.032s
2025-04-03 11:06:35.709 69507 INFO tempest.lib.common.rest_client [req-faacb46f-34b1-4dec-9136-710c3ab29f80 req-faacb46f-34b1-4dec-9136-710c3ab29f80 ] Request (KeyPairsV210TestJSON:test_admin_manage_keypairs_for_other_users): 201 POST http://10.180.1.21/compute/v2.1/os-keypairs 1.630s
2025-04-03 11:06:35.723 69475 INFO tempest.lib.common.rest_client [req-0c88d949-fbef-45a9-81bb-28c609add6cd req-0c88d949-fbef-45a9-81bb-28c609add6cd ] Request (HypervisorAdminTestJSON:test_get_hypervisor_stats): 200 GET http://10.180.1.21/compute/v2.1/os-hypervisors/statistics 1.619s
2025-04-03 11:06:35.746 69463 INFO tempest.lib.common.rest_client [req-d5acc991-3973-423e-ba0b-b282cbda1fac req-d5acc991-3973-423e-ba0b-b282cbda1fac ] Request (ServicesAdminTestJSON:test_get_service_by_host_name): 200 GET http://10.180.1.21/compute/v2.1/os-services?host=devstack 1.476s
2025-04-03 11:06:35.750 69471 INFO tempest.lib.common.rest_client [req-67a46a1a-582f-4189-a22f-309a35b3eeb8 req-67a46a1a-582f-4189-a22f-309a35b3eeb8 ] Request (HypervisorAdminUnderV252Test:tearDownClass): 204 DELETE http://10.180.1.21/identity/v3/projects/3c8b4079f6134a268da94f0726fe23cc 0.103s
2025-04-03 11:06:35.751 69471 INFO tempest.test [-] raised in LiveAutoBlockMigrationV225Test.setUpClass. Invoking tearDownClass.
2025-04-03 11:06:35.753 69471 INFO tempest.test [-] raised in SpiceDirectConsoleTestJSON.setUpClass. Invoking tearDownClass.
2025-04-03 11:06:35.823 69495 INFO tempest.lib.common.rest_client [req-89398c67-afe3-4511-92ec-75fd9f468f56 req-89398c67-afe3-4511-92ec-75fd9f468f56 ] Request (KeyPairsV2TestJSON:setUpClass): 201 POST http://10.180.1.21/identity/v3/projects 0.133s
2025-04-03 11:06:35.926 69473 INFO tempest.lib.common.rest_client [req-f1f842ab-00fe-4eba-96ac-e1fc3642bc96 req-f1f842ab-00fe-4eba-96ac-e1fc3642bc96 ] Request (VolumesAssistedSnapshotsTest:setUpClass): 201 POST http://10.180.1.21:9696/networking/v2.0/subnets 0.372s
2025-04-03 11:06:35.962 69497 INFO tempest.lib.common.rest_client [req-59b951e9-1d4d-43aa-a325-ffb8b352caa0 req-59b951e9-1d4d-43aa-a325-ffb8b352caa0 ] Request (AggregatesAdminNegativeTestJSON:test_aggregate_add_existent_host): 200 POST http://10.180.1.21/compute/v2.1/os-aggregates/1/action 2.000s
2025-04-03 11:06:35.973 69475 INFO tempest.lib.common.rest_client [req-3afe35de-3610-4e33-ae41-5bbe2a4bae52 req-3afe35de-3610-4e33-ae41-5bbe2a4bae52 ] Request (HypervisorAdminTestJSON:tearDownClass): 204 DELETE http://10.180.1.21/identity/v3/users/ade1cf6664d24f4790d919bcd8b336c0 0.245s
2025-04-03 11:06:35.978 69471 INFO tempest.lib.common.rest_client [req-5af893f0-3e81-49ce-816a-16679f008a34 req-5af893f0-3e81-49ce-816a-16679f008a34 ] Request (MultipleCreateTestJSON:setUpClass): 201 POST http://10.180.1.21/identity/v3/auth/tokens 0.221s
2025-04-03 11:06:35.997 69447 INFO tempest.lib.common.rest_client [req-ddaeb6d7-2226-49c2-b03c-39a1704a0310 req-ddaeb6d7-2226-49c2-b03c-39a1704a0310 ] Request (FlavorsV255TestJSON:test_crud_flavor): 200 GET http://10.180.1.21/compute/v2.1/flavors/detail 1.452s
2025-04-03 11:06:36.018 69477 INFO tempest.lib.common.rest_client [req-7d5dccbd-76a9-4c14-bc6e-1f92878b8a02 req-7d5dccbd-76a9-4c14-bc6e-1f92878b8a02 ] Request (FlavorsV2TestJSON:test_list_flavors_detailed_filter_by_min_ram): 200 GET http://10.180.1.21/compute/v2.1/flavors/42 1.407s
2025-04-03 11:06:36.048 69503 INFO tempest.lib.common.rest_client [req-3aa769a6-c45c-4661-8b7b-a2aced964a8a req-3aa769a6-c45c-4661-8b7b-a2aced964a8a ] Request (FlavorsExtraSpecsTestJSON:test_flavor_non_admin_get_specific_key): 200 POST http://10.180.1.21/compute/v2.1/flavors/478630905/os-extra_specs 1.242s
2025-04-03 11:06:36.064 69495 INFO tempest.lib.common.rest_client [req-6e95fe0f-e034-4029-8792-a728f20af7f3 req-6e95fe0f-e034-4029-8792-a728f20af7f3 ] Request (KeyPairsV2TestJSON:setUpClass): 201 POST http://10.180.1.21/identity/v3/users 0.240s
2025-04-03 11:06:36.069 69491 INFO tempest.lib.common.rest_client [req-2cec41bb-1d8f-4f64-a2d4-44765da8907a req-2cec41bb-1d8f-4f64-a2d4-44765da8907a ] Request (ImagesMetadataTestJSON:test_delete_image_metadata_item): 204 DELETE http://10.180.1.21/compute/v2.1/images/55974102-2b89-4d42-9300-dc57cef2d0cb/metadata/os_version 1.757s
2025-04-03 11:06:36.070 69485 INFO tempest.lib.common.rest_client [req-c558c826-16d6-4521-8adf-0a5b9de88df0 req-c558c826-16d6-4521-8adf-0a5b9de88df0 ] Request (FlavorsAdminTestJSON:test_create_flavor_verify_entry_in_list_details): 200 POST http://10.180.1.21/compute/v2.1/flavors 1.231s
2025-04-03 11:06:36.087 69475 INFO tempest.lib.common.rest_client [req-49fa4161-6146-4be4-9b56-2fc126f4bbd4 req-49fa4161-6146-4be4-9b56-2fc126f4bbd4 ] Request (HypervisorAdminTestJSON:tearDownClass): 204 DELETE http://10.180.1.21/identity/v3/users/1a453acf7c524aaca0c2b7dd97c55d6b 0.113s
2025-04-03 11:06:36.087 69475 INFO tempest.lib.common.dynamic_creds [-] Deleting project and security group for project: 55de7e334fe442c3b751531d8b8eee55
2025-04-03 11:06:36.126 69471 INFO tempest.lib.common.rest_client [req-c2dc83d2-da0e-43c2-9e06-984d43c07e26 req-c2dc83d2-da0e-43c2-9e06-984d43c07e26 ] Request (MultipleCreateTestJSON:setUpClass): 201 POST http://10.180.1.21/identity/v3/auth/tokens 0.146s
2025-04-03 11:06:36.144 69495 INFO tempest.lib.common.rest_client [req-630f8eed-9801-4df8-8b3f-31db730023d6 req-630f8eed-9801-4df8-8b3f-31db730023d6 ] Request (KeyPairsV2TestJSON:setUpClass): 200 GET http://10.180.1.21/identity/v3/roles 0.079s
2025-04-03 11:06:36.150 69475 INFO tempest.lib.common.rest_client [req-6c5c0e12-83a1-446c-b798-cbb3754ffc9d req-6c5c0e12-83a1-446c-b798-cbb3754ffc9d ] Request (HypervisorAdminTestJSON:tearDownClass): 201 POST http://10.180.1.21/identity/v3/auth/tokens 0.063s
2025-04-03 11:06:36.164 69471 INFO tempest.lib.common.rest_client [req-ca1d060a-54d8-4f8f-96ee-44d293f234cd req-ca1d060a-54d8-4f8f-96ee-44d293f234cd ] Request (MultipleCreateTestJSON:setUpClass): 200 GET http://10.180.1.21/identity/v3/domains?name=Default 0.037s
2025-04-03 11:06:36.189 69495 INFO tempest.lib.common.rest_client [req-8c52f7fd-89a1-44ff-88ed-54e116a799c4 req-8c52f7fd-89a1-44ff-88ed-54e116a799c4 ] Request (KeyPairsV2TestJSON:setUpClass): 204 PUT http://10.180.1.21/identity/v3/projects/7d604c04f4a64bccaddf6a133c586af4/users/7009d64032094ee2b17ad6091635a707/roles/dcb24088e0004b4c91e3c0943d1c2bf1 0.044s
2025-04-03 11:06:36.189 69495 INFO tempest.lib.common.dynamic_creds [-] Dynamic test user 7009d64032094ee2b17ad6091635a707 is created with scope project and roles: ['member']
2025-04-03 11:06:36.190 69495 INFO tempest.lib.common.dynamic_creds [-] Acquired dynamic creds: credentials: Credentials: {'domain_id': 'default', 'domain_name': 'Default', 'username': 'tempest-KeyPairsV2TestJSON-1713189226-project-member', 'project_domain_id': 'default', 'project_domain_name': 'Default', 'project_id': '7d604c04f4a64bccaddf6a133c586af4', 'project_name': 'tempest-KeyPairsV2TestJSON-1713189226', 'tenant_id': '7d604c04f4a64bccaddf6a133c586af4', 'tenant_name': 'tempest-KeyPairsV2TestJSON-1713189226', 'user_domain_id': 'default', 'user_domain_name': 'Default', 'user_id': '7009d64032094ee2b17ad6091635a707', 'system': None}, Network: None, Subnet: None, Router: None
2025-04-03 11:06:36.190 69495 INFO tempest.lib.common.dynamic_creds [-] Created isolated network resources for: credentials: Credentials: {'domain_id': 'default', 'domain_name': 'Default', 'username': 'tempest-KeyPairsV2TestJSON-1713189226-project-member', 'project_domain_id': 'default', 'project_domain_name': 'Default', 'project_id': '7d604c04f4a64bccaddf6a133c586af4', 'project_name': 'tempest-KeyPairsV2TestJSON-1713189226', 'tenant_id': '7d604c04f4a64bccaddf6a133c586af4', 'tenant_name': 'tempest-KeyPairsV2TestJSON-1713189226', 'user_domain_id': 'default', 'user_domain_name': 'Default', 'user_id': '7009d64032094ee2b17ad6091635a707', 'system': None}, Network: None, Subnet: None, Router: None
2025-04-03 11:06:36.197 69469 INFO tempest.lib.common.rest_client [req-746d4c9a-80e4-4423-92d2-bda7217aaf12 req-746d4c9a-80e4-4423-92d2-bda7217aaf12 ] Request (SecurityGroupsNegativeTestJSON:setUpClass): 200 PUT http://10.180.1.21:9696/networking/v2.0/routers/7c83d4a6-5331-4e7d-84b7-51efd73b7a14/add_router_interface 1.657s
2025-04-03 11:06:36.197 69469 INFO tempest.lib.common.dynamic_creds [-] Created isolated network resources for: credentials: Credentials: {'domain_id': 'default', 'domain_name': 'Default', 'username': 'tempest-SecurityGroupsNegativeTestJSON-315040440-project-member', 'project_domain_id': 'default', 'project_domain_name': 'Default', 'project_id': '55f42245d91e4251a766e19157baa878', 'project_name': 'tempest-SecurityGroupsNegativeTestJSON-315040440', 'tenant_id': '55f42245d91e4251a766e19157baa878', 'tenant_name': 'tempest-SecurityGroupsNegativeTestJSON-315040440', 'user_domain_id': 'default', 'user_domain_name': 'Default', 'user_id': '396544f2e5574989881163212ebf06d0', 'system': None}, Network: {'id': 'cfff3fc2-aa94-4f0d-87d6-5d7d97e33344', 'name': 'tempest-SecurityGroupsNegativeTestJSON-896563039-network', 'tenant_id': '55f42245d91e4251a766e19157baa878', 'admin_state_up': True, 'mtu': 8950, 'status': 'ACTIVE', 'subnets': [], 'shared': False, 'project_id': '55f42245d91e4251a766e19157baa878', 'port_security_enabled': True, 'router:external': False, 'provider:network_type': 'vlan', 'provider:physical_network': 'default', 'provider:segmentation_id': 537, 'availability_zone_hints': [], 'availability_zones': [], 'ipv4_address_scope': None, 'ipv6_address_scope': None, 'description': '', 'tags': [], 'created_at': '2025-04-03T11:06:32Z', 'updated_at': '2025-04-03T11:06:32Z', 'revision_number': 1}, Subnet: {'id': 'cac1b083-3c3f-4b15-84c6-f9ab87310116', 'name': 'tempest-SecurityGroupsNegativeTestJSON-896563039-subnet', 'tenant_id': '55f42245d91e4251a766e19157baa878', 'network_id': 'cfff3fc2-aa94-4f0d-87d6-5d7d97e33344', 'ip_version': 4, 'subnetpool_id': None, 'enable_dhcp': True, 'ipv6_ra_mode': None, 'ipv6_address_mode': None, 'gateway_ip': '192.168.128.1', 'cidr': '192.168.128.0/28', 'allocation_pools': [{'start': '192.168.128.2', 'end': '192.168.128.14'}], 'host_routes': [], 'dns_nameservers': [], 'description': '', 'router:external': False, 'service_types': [], 'tags': [], 'created_at': '2025-04-03T11:06:33Z', 'updated_at': '2025-04-03T11:06:33Z', 'revision_number': 0, 'project_id': '55f42245d91e4251a766e19157baa878'}, Router: {'id': '7c83d4a6-5331-4e7d-84b7-51efd73b7a14', 'name': 'tempest-SecurityGroupsNegativeTestJSON-896563039-router', 'tenant_id': '55f42245d91e4251a766e19157baa878', 'admin_state_up': True, 'status': 'ACTIVE', 'external_gateway_info': {'network_id': 'd7b27c2a-33e0-4809-beeb-3e702b27e17f', 'external_fixed_ips': [{'subnet_id': 'd4319742-fa53-4226-8485-fdc8aa6ad57b', 'ip_address': '10.180.180.230'}], 'enable_snat': True}, 'description': '', 'availability_zones': [], 'distributed': False, 'ha': False, 'availability_zone_hints': [], 'routes': [], 'flavor_id': None, 'tags': [], 'created_at': '2025-04-03T11:06:33Z', 'updated_at': '2025-04-03T11:06:34Z', 'revision_number': 2, 'project_id': '55f42245d91e4251a766e19157baa878'}
