2025-04-08 01:29:57.915 69828 INFO tempest.lib.common.rest_client [req-35248b45-6934-455e-b545-904bf05ee2d7 req-35248b45-6934-455e-b545-904bf05ee2d7 ] Request (DeleteServersTestJSON:test_delete_server_while_in_attached_volume): 200 GET http://10.180.1.21/compute/v2.1/servers/7b169415-c41d-4e7e-92f0-b1a052b96fcb 0.800s
2025-04-08 01:29:57.926 69830 INFO tempest.lib.common.rest_client [req-ce74b392-fee1-4455-8d0b-09d665645d87 req-ce74b392-fee1-4455-8d0b-09d665645d87 ] Request (ListServerFiltersTestJSON:tearDownClass): 204 DELETE http://10.180.1.21:9696/networking/v2.0/networks/f59b07d3-a3e6-447f-80d1-5bf68c5ccca2 0.695s
2025-04-08 01:29:57.936 69842 INFO tempest.lib.common.rest_client [req-7363c366-657f-424a-9f94-595b7aab4ef6 req-7363c366-657f-424a-9f94-595b7aab4ef6 ] Request (ServerAddressesNegativeTestJSON:setUpClass): 201 POST http://10.180.1.21/identity/v3/auth/tokens 0.040s
2025-04-08 01:29:57.937 69842 INFO tempest.lib.common.fixed_network [-] (ServerAddressesNegativeTestJSON:setUpClass) Found network {'id': 'c2fe7be8-3a4b-4f9f-873d-3d2d6551a461', 'name': 'tempest-ServerAddressesNegativeTestJSON-1305196557-network', 'tenant_id': 'fcd822b715274f728f32e58184981d9d', 'admin_state_up': True, 'mtu': 8950, 'status': 'ACTIVE', 'subnets': [], 'shared': False, 'project_id': 'fcd822b715274f728f32e58184981d9d', 'port_security_enabled': True, 'router:external': False, 'provider:network_type': 'vlan', 'provider:physical_network': 'default', 'provider:segmentation_id': 608, 'availability_zone_hints': [], 'availability_zones': [], 'ipv4_address_scope': None, 'ipv6_address_scope': None, 'description': '', 'tags': [], 'created_at': '2025-04-08T01:29:52Z', 'updated_at': '2025-04-08T01:29:52Z', 'revision_number': 1} available for tenant
2025-04-08 01:29:58.040 69830 INFO tempest.lib.common.rest_client [req-d51a83f5-0b77-4984-80d5-fab8cfc54497 req-d51a83f5-0b77-4984-80d5-fab8cfc54497 ] Request (ListServerFiltersTestJSON:tearDownClass): 204 DELETE http://10.180.1.21/identity/v3/users/fc8f3c5724c44bb8b85cf02006a95fdd 0.113s
2025-04-08 01:29:58.040 69830 INFO tempest.lib.common.dynamic_creds [-] Deleting project and security group for project: 24e15c261969429fa2a16e83daee88ea
2025-04-08 01:29:58.087 69830 INFO tempest.lib.common.rest_client [req-04aa3a37-4a17-4d93-8651-16c9b0dc6824 req-04aa3a37-4a17-4d93-8651-16c9b0dc6824 ] Request (ListServerFiltersTestJSON:tearDownClass): 200 GET http://10.180.1.21:9696/networking/v2.0/security-groups?tenant_id=24e15c261969429fa2a16e83daee88ea&name=default 0.047s
2025-04-08 01:29:58.157 69810 INFO tempest.lib.common.rest_client [req-b22a9296-c85d-4004-8112-4dc2e7cce788 req-b22a9296-c85d-4004-8112-4dc2e7cce788 ] Request (ServerMetadataNegativeTestJSON:setUpClass): 200 PUT http://10.180.1.21:9696/networking/v2.0/routers/3dbd599b-73ba-4ada-8c03-c5b395a202fe/add_router_interface 2.980s
2025-04-08 01:29:58.157 69810 INFO tempest.lib.common.dynamic_creds [-] Created isolated network resources for: credentials: Credentials: {'domain_id': 'default', 'domain_name': 'Default', 'username': 'tempest-ServerMetadataNegativeTestJSON-757556576-project-member', 'project_domain_id': 'default', 'project_domain_name': 'Default', 'project_id': 'ccb3a85c1c0d49adb3e96b44e26df894', 'project_name': 'tempest-ServerMetadataNegativeTestJSON-757556576', 'tenant_id': 'ccb3a85c1c0d49adb3e96b44e26df894', 'tenant_name': 'tempest-ServerMetadataNegativeTestJSON-757556576', 'user_domain_id': 'default', 'user_domain_name': 'Default', 'user_id': 'ad42fa0b845e44cda818d604b68b137a', 'system': None}, Network: {'id': '98c2527c-0d06-4c4a-baf8-65b8b9d6b472', 'name': 'tempest-ServerMetadataNegativeTestJSON-1975879925-network', 'tenant_id': 'ccb3a85c1c0d49adb3e96b44e26df894', 'admin_state_up': True, 'mtu': 8950, 'status': 'ACTIVE', 'subnets': [], 'shared': False, 'project_id': 'ccb3a85c1c0d49adb3e96b44e26df894', 'port_security_enabled': True, 'router:external': False, 'provider:network_type': 'vlan', 'provider:physical_network': 'default', 'provider:segmentation_id': 508, 'availability_zone_hints': [], 'availability_zones': [], 'ipv4_address_scope': None, 'ipv6_address_scope': None, 'description': '', 'tags': [], 'created_at': '2025-04-08T01:29:52Z', 'updated_at': '2025-04-08T01:29:52Z', 'revision_number': 1}, Subnet: {'id': '3056982c-ec25-4220-a161-9c48987c5dc6', 'name': 'tempest-ServerMetadataNegativeTestJSON-1975879925-subnet', 'tenant_id': 'ccb3a85c1c0d49adb3e96b44e26df894', 'network_id': '98c2527c-0d06-4c4a-baf8-65b8b9d6b472', 'ip_version': 4, 'subnetpool_id': None, 'enable_dhcp': True, 'ipv6_ra_mode': None, 'ipv6_address_mode': None, 'gateway_ip': '192.168.128.1', 'cidr': '192.168.128.0/28', 'allocation_pools': [{'start': '192.168.128.2', 'end': '192.168.128.14'}], 'host_routes': [], 'dns_nameservers': [], 'description': '', 'router:external': False, 'service_types': [], 'tags': [], 'created_at': '2025-04-08T01:29:53Z', 'updated_at': '2025-04-08T01:29:53Z', 'revision_number': 0, 'project_id': 'ccb3a85c1c0d49adb3e96b44e26df894'}, Router: {'id': '3dbd599b-73ba-4ada-8c03-c5b395a202fe', 'name': 'tempest-ServerMetadataNegativeTestJSON-1975879925-router', 'tenant_id': 'ccb3a85c1c0d49adb3e96b44e26df894', 'admin_state_up': True, 'status': 'ACTIVE', 'external_gateway_info': {'network_id': 'bec6d54c-37e2-4ad8-96fd-ef84b3640376', 'external_fixed_ips': [{'subnet_id': 'f6535f07-a419-4a5a-8457-4e781226aeef', 'ip_address': '10.180.180.170'}], 'enable_snat': True}, 'description': '', 'availability_zones': [], 'distributed': False, 'ha': False, 'availability_zone_hints': [], 'routes': [], 'flavor_id': None, 'tags': [], 'created_at': '2025-04-08T01:29:53Z', 'updated_at': '2025-04-08T01:29:53Z', 'revision_number': 2, 'project_id': 'ccb3a85c1c0d49adb3e96b44e26df894'}
2025-04-08 01:29:58.180 69824 INFO tempest.lib.common.rest_client [req-6cac8936-6bbf-470a-8f80-dc696a98d45a req-6cac8936-6bbf-470a-8f80-dc696a98d45a ] Request (SecurityGroupRulesNegativeTestJSON:setUpClass): 201 POST http://10.180.1.21:9696/networking/v2.0/subnets 0.454s
2025-04-08 01:29:58.313 69810 INFO tempest.lib.common.rest_client [req-45775db4-cc4a-4981-bb2c-89b3d51263ed req-45775db4-cc4a-4981-bb2c-89b3d51263ed ] Request (ServerMetadataNegativeTestJSON:setUpClass): 201 POST http://10.180.1.21/identity/v3/auth/tokens 0.150s
2025-04-08 01:29:58.384 69810 INFO tempest.lib.common.rest_client [req-f41563d8-c0e9-4049-97a8-ff272cb9b1de req-f41563d8-c0e9-4049-97a8-ff272cb9b1de ] Request (ServerMetadataNegativeTestJSON:setUpClass): 201 POST http://10.180.1.21/identity/v3/auth/tokens 0.064s
2025-04-08 01:29:58.384 69810 INFO tempest.lib.common.fixed_network [-] (ServerMetadataNegativeTestJSON:setUpClass) Found network {'id': '98c2527c-0d06-4c4a-baf8-65b8b9d6b472', 'name': 'tempest-ServerMetadataNegativeTestJSON-1975879925-network', 'tenant_id': 'ccb3a85c1c0d49adb3e96b44e26df894', 'admin_state_up': True, 'mtu': 8950, 'status': 'ACTIVE', 'subnets': [], 'shared': False, 'project_id': 'ccb3a85c1c0d49adb3e96b44e26df894', 'port_security_enabled': True, 'router:external': False, 'provider:network_type': 'vlan', 'provider:physical_network': 'default', 'provider:segmentation_id': 508, 'availability_zone_hints': [], 'availability_zones': [], 'ipv4_address_scope': None, 'ipv6_address_scope': None, 'description': '', 'tags': [], 'created_at': '2025-04-08T01:29:52Z', 'updated_at': '2025-04-08T01:29:52Z', 'revision_number': 1} available for tenant
2025-04-08 01:29:58.455 69830 INFO tempest.lib.common.rest_client [req-7b00b770-5645-4dc7-b762-98d04f11e959 req-7b00b770-5645-4dc7-b762-98d04f11e959 ] Request (ListServerFiltersTestJSON:tearDownClass): 204 DELETE http://10.180.1.21:9696/networking/v2.0/security-groups/7263f53a-9f11-45d0-bdd0-abf38c128f1a 0.368s
2025-04-08 01:29:58.505 69808 INFO tempest.lib.common.rest_client [req-0108704a-b142-4f14-afef-20a1839fa5e1 req-0108704a-b142-4f14-afef-20a1839fa5e1 ] Request (SecurityGroupsTestJSON:test_security_group_create_get_delete): 200 POST http://10.180.1.21/compute/v2.1/os-security-groups 1.493s
2025-04-08 01:29:58.610 69846 INFO tempest.lib.common.rest_client [req-2c8eff23-d504-4504-b2a7-c19fd851c413 req-2c8eff23-d504-4504-b2a7-c19fd851c413 ] Request (MigrationsAdminTest:test_resize_server_revert_deleted_flavor): 200 GET http://10.180.1.21/compute/v2.1/servers/2bb50809-0b14-4923-97ef-d14abd42ad0b 1.372s
2025-04-08 01:29:58.622 69796 INFO tempest.lib.common.rest_client [req-df76d1bc-97df-4142-99f7-741b71034c16 req-df76d1bc-97df-4142-99f7-741b71034c16 ] Request (ListImageFiltersTestJSON:setUpClass): 202 POST http://10.180.1.21/compute/v2.1/servers/3da619f4-d845-4ec6-aed4-1271d5cf1b0a/action 1.440s
2025-04-08 01:29:58.623 69830 INFO tempest.lib.common.rest_client [req-f0b5a841-5738-4b8c-be2d-8999629488b2 req-f0b5a841-5738-4b8c-be2d-8999629488b2 ] Request (ListServerFiltersTestJSON:tearDownClass): 204 DELETE http://10.180.1.21/identity/v3/projects/24e15c261969429fa2a16e83daee88ea 0.167s
2025-04-08 01:29:58.670 69802 INFO tempest.lib.common.rest_client [req-8d24bf7b-a5a4-4a1b-b4f0-67bba8654eaf req-8d24bf7b-a5a4-4a1b-b4f0-67bba8654eaf ] Request (VolumesAssistedSnapshotsTest:tearDownClass): 200 PUT http://10.180.1.21:9696/networking/v2.0/routers/7c357475-2cbe-454f-baa6-60fd875b30ae/remove_router_interface 3.055s
2025-04-08 01:29:58.698 69830 INFO tempest.lib.common.rest_client [req-aa98cbb3-e8db-4485-96d4-998c335d37ea req-aa98cbb3-e8db-4485-96d4-998c335d37ea ] Request (AttachVolumeNegativeTest:setUpClass): 201 POST http://10.180.1.21/identity/v3/auth/tokens 0.073s
2025-04-08 01:29:58.728 69830 INFO tempest.lib.common.rest_client [req-28bda4c2-38c9-4809-9c69-abf18e7a3bf5 req-28bda4c2-38c9-4809-9c69-abf18e7a3bf5 ] Request (AttachVolumeNegativeTest:setUpClass): 201 POST http://10.180.1.21/identity/v3/auth/tokens 0.027s
2025-04-08 01:29:58.760 69830 INFO tempest.lib.common.rest_client [req-4da0b282-ff49-4fc0-914d-3855313d03e6 req-4da0b282-ff49-4fc0-914d-3855313d03e6 ] Request (AttachVolumeNegativeTest:setUpClass): 200 GET http://10.180.1.21/identity/v3/domains?name=Default 0.031s
2025-04-08 01:29:58.791 69830 INFO tempest.lib.common.rest_client [req-1ba52924-3aa2-4035-8bb3-7f1012003ae4 req-1ba52924-3aa2-4035-8bb3-7f1012003ae4 ] Request (AttachVolumeNegativeTest:setUpClass): 201 POST http://10.180.1.21/identity/v3/projects 0.030s
2025-04-08 01:29:58.867 69830 INFO tempest.lib.common.rest_client [req-0b65d7da-c5a8-4b99-8f8f-b396bd3bb8e3 req-0b65d7da-c5a8-4b99-8f8f-b396bd3bb8e3 ] Request (AttachVolumeNegativeTest:setUpClass): 201 POST http://10.180.1.21/identity/v3/users 0.075s
2025-04-08 01:29:58.881 69826 INFO tempest.lib.common.rest_client [req-b8e96924-e8c4-420e-9845-29d6b6b785e2 req-b8e96924-e8c4-420e-9845-29d6b6b785e2 ] Request (ServerActionsTestJSON:test_lock_unlock_server): 200 GET http://10.180.1.21/compute/v2.1/servers/4095a995-43fe-4f2b-a38d-d83e46c20c7c 1.588s
2025-04-08 01:29:58.893 69830 INFO tempest.lib.common.rest_client [req-39a9dda9-435b-4891-b06a-16c34fcbea77 req-39a9dda9-435b-4891-b06a-16c34fcbea77 ] Request (AttachVolumeNegativeTest:setUpClass): 200 GET http://10.180.1.21/identity/v3/roles 0.026s
2025-04-08 01:29:58.894 69826 INFO tempest.common.waiters [-] State transition "SHUTOFF/powering-on" ==> "ACTIVE/None" after 6 second wait
2025-04-08 01:29:58.895 69804 INFO tempest.lib.common.rest_client [req-e352d3a8-cb3a-4f25-b884-a925615e79e1 req-e352d3a8-cb3a-4f25-b884-a925615e79e1 ] Request (AttachVolumeTestJSON:test_attach_detach_volume): 200 GET http://10.180.1.21/compute/v2.1/servers/fca9abff-1947-4808-8f04-4682cc5f8ddb 1.618s
2025-04-08 01:29:58.935 69830 INFO tempest.lib.common.rest_client [req-62e402d9-12f4-438e-aeb8-726a79cc7420 req-62e402d9-12f4-438e-aeb8-726a79cc7420 ] Request (AttachVolumeNegativeTest:setUpClass): 204 PUT http://10.180.1.21/identity/v3/projects/b89a5e1a770447b18011576243567480/users/4b33c8a5c8de4a0f9d755aceddad6212/roles/b21fd2574ddd4020ac0e131783d5d551 0.041s
2025-04-08 01:29:58.935 69830 INFO tempest.lib.common.dynamic_creds [-] Dynamic test user 4b33c8a5c8de4a0f9d755aceddad6212 is created with scope project and roles: ['member']
2025-04-08 01:29:58.936 69830 INFO tempest.lib.common.dynamic_creds [-] Acquired dynamic creds: credentials: Credentials: {'domain_id': 'default', 'domain_name': 'Default', 'username': 'tempest-AttachVolumeNegativeTest-994910829-project-member', 'project_domain_id': 'default', 'project_domain_name': 'Default', 'project_id': 'b89a5e1a770447b18011576243567480', 'project_name': 'tempest-AttachVolumeNegativeTest-994910829', 'tenant_id': 'b89a5e1a770447b18011576243567480', 'tenant_name': 'tempest-AttachVolumeNegativeTest-994910829', 'user_domain_id': 'default', 'user_domain_name': 'Default', 'user_id': '4b33c8a5c8de4a0f9d755aceddad6212', 'system': None}, Network: None, Subnet: None, Router: None
2025-04-08 01:29:58.971 69834 INFO tempest.lib.common.rest_client [req-e1376d8f-f3e2-4843-8b9c-ad75b6abc102 req-e1376d8f-f3e2-4843-8b9c-ad75b6abc102 ] Request (ServerShowV254Test:test_rebuild_server): 200 GET http://10.180.1.21/compute/v2.1/servers/cdc94932-bb65-4b65-8d3d-5ec9dec7d694 1.478s
2025-04-08 01:29:58.975 69850 INFO tempest.lib.common.rest_client [req-395b499f-297c-4acf-95c6-397aae9124ba req-395b499f-297c-4acf-95c6-397aae9124ba ] Request (ServersTestBootFromVolume:tearDownClass): 200 GET http://10.180.1.21/compute/v2.1/servers/9a2b7ada-5d43-4e03-bcfc-eedb65417c5c 1.591s
2025-04-08 01:29:58.983 69834 INFO tempest.common.waiters [-] State transition "BUILD/spawning" ==> "ACTIVE/None" after 51 second wait
2025-04-08 01:29:58.998 69800 INFO tempest.lib.common.rest_client [req-6c956ee3-ce16-41e8-abb9-3db49bd5544f req-6c956ee3-ce16-41e8-abb9-3db49bd5544f ] Request (ServersTestFqdnHostnames:tearDownClass): 404 GET http://10.180.1.21/compute/v2.1/servers/8251990f-e7b0-42d9-bdb0-34f6b4f08e70 1.428s
2025-04-08 01:29:59.016 69830 INFO tempest.lib.common.rest_client [req-b55dabaf-a108-47fe-abea-6f95d2221b09 req-b55dabaf-a108-47fe-abea-6f95d2221b09 ] Request (AttachVolumeNegativeTest:setUpClass): 201 POST http://10.180.1.21/identity/v3/auth/tokens 0.080s
2025-04-08 01:29:59.056 69836 INFO tempest.lib.common.rest_client [req-9aae95d0-6600-455e-ae3b-d13eed42d0f6 req-9aae95d0-6600-455e-ae3b-d13eed42d0f6 ] Request (ServersTestManualDisk:tearDownClass): 200 GET http://10.180.1.21/compute/v2.1/servers/f92d2111-2ca1-466f-8fea-d482fefcef95 1.407s
2025-04-08 01:29:59.145 69794 INFO tempest.lib.common.rest_client [req-0d96751c-6f39-442a-b804-306800de2d84 req-0d96751c-6f39-442a-b804-306800de2d84 ] Request (AttachInterfacesTestJSON:test_create_list_show_delete_interfaces_by_fixed_ip): 200 GET http://10.180.1.21/compute/v2.1/servers/1c559ad5-c4a3-4efe-9cf9-6cb5d6d0b46a/os-interface 1.393s
2025-04-08 01:29:59.169 69798 INFO tempest.lib.common.rest_client [req-01cd7607-c4b3-4e5c-af1e-dd5f18652013 req-01cd7607-c4b3-4e5c-af1e-dd5f18652013 ] Request (ServersListShow298Test:tearDownClass): 200 GET http://10.180.1.21/compute/v2.1/servers/821a77a7-502f-482d-9e13-5317d69eab1e 1.411s
2025-04-08 01:29:59.193 69790 INFO tempest.lib.common.rest_client [req-13497f4f-1f90-4502-9bb1-4f0c2a21a64d req-13497f4f-1f90-4502-9bb1-4f0c2a21a64d ] Request (ServerActionsTestOtherA:setUpClass): 200 PUT http://10.180.1.21:9696/networking/v2.0/routers/3f2d4d94-ea4d-46b5-b45b-bcd100c4f726/add_router_interface 3.162s
2025-04-08 01:29:59.193 69790 INFO tempest.lib.common.dynamic_creds [-] Created isolated network resources for: credentials: Credentials: {'domain_id': 'default', 'domain_name': 'Default', 'username': 'tempest-ServerActionsTestOtherA-1762626697-project-member', 'project_domain_id': 'default', 'project_domain_name': 'Default', 'project_id': '60909db264b04df18df835697fb7c3d8', 'project_name': 'tempest-ServerActionsTestOtherA-1762626697', 'tenant_id': '60909db264b04df18df835697fb7c3d8', 'tenant_name': 'tempest-ServerActionsTestOtherA-1762626697', 'user_domain_id': 'default', 'user_domain_name': 'Default', 'user_id': 'd846fd1ae7824566a57ce063db8320bb', 'system': None}, Network: {'id': '592ca0d1-b170-40a0-b054-341f8c09aebb', 'name': 'tempest-ServerActionsTestOtherA-1724037096-network', 'tenant_id': '60909db264b04df18df835697fb7c3d8', 'admin_state_up': True, 'mtu': 8950, 'status': 'ACTIVE', 'subnets': [], 'shared': False, 'project_id': '60909db264b04df18df835697fb7c3d8', 'port_security_enabled': True, 'router:external': False, 'provider:network_type': 'vlan', 'provider:physical_network': 'default', 'provider:segmentation_id': 187, 'availability_zone_hints': [], 'availability_zones': [], 'ipv4_address_scope': None, 'ipv6_address_scope': None, 'description': '', 'tags': [], 'created_at': '2025-04-08T01:29:53Z', 'updated_at': '2025-04-08T01:29:53Z', 'revision_number': 1}, Subnet: {'id': 'de1316ea-10d4-415a-bb83-888e394ce075', 'name': 'tempest-ServerActionsTestOtherA-1724037096-subnet', 'tenant_id': '60909db264b04df18df835697fb7c3d8', 'network_id': '592ca0d1-b170-40a0-b054-341f8c09aebb', 'ip_version': 4, 'subnetpool_id': None, 'enable_dhcp': True, 'ipv6_ra_mode': None, 'ipv6_address_mode': None, 'gateway_ip': '192.168.128.1', 'cidr': '192.168.128.0/28', 'allocation_pools': [{'start': '192.168.128.2', 'end': '192.168.128.14'}], 'host_routes': [], 'dns_nameservers': [], 'description': '', 'router:external': False, 'service_types': [], 'tags': [], 'created_at': '2025-04-08T01:29:53Z', 'updated_at': '2025-04-08T01:29:53Z', 'revision_number': 0, 'project_id': '60909db264b04df18df835697fb7c3d8'}, Router: {'id': '3f2d4d94-ea4d-46b5-b45b-bcd100c4f726', 'name': 'tempest-ServerActionsTestOtherA-1724037096-router', 'tenant_id': '60909db264b04df18df835697fb7c3d8', 'admin_state_up': True, 'status': 'ACTIVE', 'external_gateway_info': {'network_id': 'bec6d54c-37e2-4ad8-96fd-ef84b3640376', 'external_fixed_ips': [{'subnet_id': 'f6535f07-a419-4a5a-8457-4e781226aeef', 'ip_address': '10.180.180.137'}], 'enable_snat': True}, 'description': '', 'availability_zones': [], 'distributed': False, 'ha': False, 'availability_zone_hints': [], 'routes': [], 'flavor_id': None, 'tags': [], 'created_at': '2025-04-08T01:29:53Z', 'updated_at': '2025-04-08T01:29:54Z', 'revision_number': 2, 'project_id': '60909db264b04df18df835697fb7c3d8'}
2025-04-08 01:29:59.211 69818 INFO tempest.lib.common.rest_client [req-4baec46e-aa41-4d9d-b87d-4dd18608b23e req-4baec46e-aa41-4d9d-b87d-4dd18608b23e ] Request (InstanceActionsTestJSON:setUpClass): 200 GET http://10.180.1.21/compute/v2.1/servers/0b95e35b-1689-4d92-95c5-4d4b8abcb567 1.423s
2025-04-08 01:29:59.290 69814 INFO tempest.lib.common.rest_client [req-6d1f2c84-3a18-4372-9a05-4721faa37e3a req-6d1f2c84-3a18-4372-9a05-4721faa37e3a ] Request (ServersNegativeTestMultiTenantJSON:setUpClass): 200 GET http://10.180.1.21/compute/v2.1/servers/59bef0c6-2345-4728-8502-cab86260b5b8 1.187s
2025-04-08 01:29:59.304 69790 INFO tempest.lib.common.rest_client [req-1e600fb5-e402-41d9-9a44-330ab1a9c38b req-1e600fb5-e402-41d9-9a44-330ab1a9c38b ] Request (ServerActionsTestOtherA:setUpClass): 201 POST http://10.180.1.21/identity/v3/auth/tokens 0.107s
2025-04-08 01:29:59.347 69806 INFO tempest.lib.common.rest_client [req-1dddec58-22c9-4b8b-b07e-7bd7ad920b4a req-1dddec58-22c9-4b8b-b07e-7bd7ad920b4a ] Request (ImagesTestJSON:test_create_image_from_stopped_server): 200 GET http://10.180.1.21/compute/v2.1/images/a8e77076-ae14-495a-9d8e-dcc971cadfbf 1.128s
2025-04-08 01:29:59.476 69832 INFO tempest.lib.common.rest_client [req-be8fb0c7-b38c-43db-9638-27e1f02925bf req-be8fb0c7-b38c-43db-9638-27e1f02925bf ] Request (ServersV294TestFqdnHostnames:tearDownClass): 200 GET http://10.180.1.21/compute/v2.1/servers/c73704c5-51fd-4459-8c7c-d4097524d3af 1.245s
2025-04-08 01:29:59.783 69802 INFO tempest.lib.common.rest_client [req-5ce152a3-7461-4e80-b156-b464c7301358 req-5ce152a3-7461-4e80-b156-b464c7301358 ] Request (VolumesAssistedSnapshotsTest:tearDownClass): 204 DELETE http://10.180.1.21:9696/networking/v2.0/routers/7c357475-2cbe-454f-baa6-60fd875b30ae 1.113s
2025-04-08 01:29:59.808 69842 INFO tempest.lib.common.rest_client [req-9e198bf5-5ae7-4ef2-a776-b7931eb6d891 req-9e198bf5-5ae7-4ef2-a776-b7931eb6d891 ] Request (ServerAddressesNegativeTestJSON:setUpClass): 202 POST http://10.180.1.21/compute/v2.1/servers 1.870s
2025-04-08 01:30:00.047 69802 INFO tempest.lib.common.rest_client [req-8fb78e6f-3f12-46a4-aeb9-b822e37eeecb req-8fb78e6f-3f12-46a4-aeb9-b822e37eeecb ] Request (VolumesAssistedSnapshotsTest:tearDownClass): 204 DELETE http://10.180.1.21:9696/networking/v2.0/subnets/f4fc7063-beb7-4bd3-bd05-a22ebf71f5c5 0.264s
2025-04-08 01:30:00.058 69810 INFO tempest.lib.common.rest_client [req-642b2261-36b7-406c-ac8b-9ad6a9257fc4 req-642b2261-36b7-406c-ac8b-9ad6a9257fc4 ] Request (ServerMetadataNegativeTestJSON:setUpClass): 202 POST http://10.180.1.21/compute/v2.1/servers 1.672s
2025-04-08 01:30:00.066 69852 INFO tempest.lib.common.rest_client [req-69c87313-7e18-4394-94bb-13821de4811a req-69c87313-7e18-4394-94bb-13821de4811a ] Request (ServerGroupTestJSON:_run_cleanups): 200 GET http://10.180.1.21/compute/v2.1/servers/5cb99bc6-0db5-47ba-9b06-ab3be1f8908e 1.593s
2025-04-08 01:30:00.102 69808 INFO tempest.lib.common.rest_client [req-677ab5b3-19e6-492e-a8d8-f7d9921ff712 req-677ab5b3-19e6-492e-a8d8-f7d9921ff712 ] Request (SecurityGroupsTestJSON:test_security_group_create_get_delete): 200 GET http://10.180.1.21/compute/v2.1/os-security-groups/4681d6ef-8fb8-4ae1-a461-e0f45b7fe7c2 1.592s
2025-04-08 01:30:00.145 69796 INFO tempest.lib.common.rest_client [req-b0edfaa2-6a64-4a8e-8e74-0abdcc7bf8c8 req-b0edfaa2-6a64-4a8e-8e74-0abdcc7bf8c8 ] Request (ListImageFiltersTestJSON:setUpClass): 200 GET http://10.180.1.21/compute/v2.1/images/80deac92-9216-4144-a022-886660d5495b 1.519s
2025-04-08 01:30:00.219 69816 INFO tempest.lib.common.rest_client [req-17df80bb-ff54-42b1-9f42-309f889ea75a req-17df80bb-ff54-42b1-9f42-309f889ea75a ] Request (VolumesAdminNegativeTest:test_update_attached_volume_with_nonexistent_volume_in_uri): 200 GET http://10.180.1.21/compute/v2.1/servers/7bb9ad05-7fca-44f1-9c9b-8bb443b88065 1.564s
2025-04-08 01:30:00.257 69830 INFO tempest.lib.common.rest_client [req-4e258bba-de9a-404a-a6e3-8ba476fc7726 req-4e258bba-de9a-404a-a6e3-8ba476fc7726 ] Request (AttachVolumeNegativeTest:setUpClass): 201 POST http://10.180.1.21:9696/networking/v2.0/networks 1.240s
2025-04-08 01:30:00.306 69820 INFO tempest.lib.common.rest_client [req-1263e840-9c33-4628-bd8e-14259f71475c req-1263e840-9c33-4628-bd8e-14259f71475c ] Request (ServersWithSpecificFlavorTestJSON:test_verify_created_server_ephemeral_disk): 200 GET http://10.180.1.21/compute/v2.1/servers/471fe7bd-9997-4baf-a7e1-ff41be585590 1.564s
2025-04-08 01:30:00.321 69838 INFO tempest.lib.common.rest_client [req-4024c8b4-62da-44e3-9bce-39657ae32120 req-4024c8b4-62da-44e3-9bce-39657ae32120 ] Request (ImagesOneServerNegativeTestJSON:setUpClass): 200 GET http://10.180.1.21/compute/v2.1/servers/a480a382-d8b1-417a-b9d3-c6f0d396071e 1.777s
2025-04-08 01:30:00.402 69840 INFO tempest.lib.common.rest_client [req-3e0d5547-e906-4a68-be60-99b5e4e32c8d req-3e0d5547-e906-4a68-be60-99b5e4e32c8d ] Request (ServersTestMultiNic:test_verify_multiple_nics_order): 200 GET http://10.180.1.21/compute/v2.1/servers/1c62524e-5890-4889-9930-edac26682502 1.559s
2025-04-08 01:30:00.513 69828 INFO tempest.lib.common.rest_client [req-50fcb138-eba9-45d1-8596-d1834d350930 req-50fcb138-eba9-45d1-8596-d1834d350930 ] Request (DeleteServersTestJSON:test_delete_server_while_in_attached_volume): 200 GET http://10.180.1.21/compute/v2.1/servers/7b169415-c41d-4e7e-92f0-b1a052b96fcb 1.586s
2025-04-08 01:30:00.520 69828 INFO tempest.common.waiters [-] State transition "ACTIVE/deleting" ==> "DELETED/None" after 8 second wait
2025-04-08 01:30:00.554 69826 INFO tempest.lib.common.rest_client [req-fae6c1ea-818e-4559-87a2-cc6d7806efd7 req-fae6c1ea-818e-4559-87a2-cc6d7806efd7 ] Request (ServerActionsTestJSON:tearDown): 200 GET http://10.180.1.21/compute/v2.1/servers/4095a995-43fe-4f2b-a38d-d83e46c20c7c 1.656s
2025-04-08 01:30:00.570 69834 INFO tempest.lib.common.rest_client [req-8ced92e0-fee6-484c-b774-51800be79628 req-8ced92e0-fee6-484c-b774-51800be79628 ] Request (ServerShowV254Test:test_rebuild_server): 201 POST http://10.180.1.21/compute/v2.1/os-keypairs 1.583s
2025-04-08 01:30:00.575 69800 INFO tempest.lib.common.rest_client [req-a787800d-5f48-4c5b-8f3e-6907fad92ed4 req-a787800d-5f48-4c5b-8f3e-6907fad92ed4 ] Request (ServersTestFqdnHostnames:tearDownClass): 202 DELETE http://10.180.1.21/compute/v2.1/os-keypairs/tempest-keypair-1774713072 1.577s
2025-04-08 01:30:00.619 69824 INFO tempest.lib.common.rest_client [req-6b8fece2-572d-4217-a1ad-1eb9a36c0777 req-6b8fece2-572d-4217-a1ad-1eb9a36c0777 ] Request (SecurityGroupRulesNegativeTestJSON:setUpClass): 201 POST http://10.180.1.21:9696/networking/v2.0/routers 2.438s
2025-04-08 01:30:00.672 69790 INFO tempest.lib.common.rest_client [req-b5ddb796-7f04-4295-b6ff-94d269cafcc1 req-b5ddb796-7f04-4295-b6ff-94d269cafcc1 ] Request (ServerActionsTestOtherA:setUpClass): 200 POST http://10.180.1.21/compute/v2.1/os-keypairs 1.365s
2025-04-08 01:30:00.701 69846 INFO tempest.lib.common.rest_client [req-e58f6bf0-8dbe-47cf-9c8e-00aec92aa1ce req-e58f6bf0-8dbe-47cf-9c8e-00aec92aa1ce ] Request (MigrationsAdminTest:test_resize_server_revert_deleted_flavor): 200 GET http://10.180.1.21/compute/v2.1/servers/2bb50809-0b14-4923-97ef-d14abd42ad0b 1.077s
2025-04-08 01:30:00.705 69802 INFO tempest.lib.common.rest_client [req-cfa3677e-d464-4ab7-b189-2889e7e18e41 req-cfa3677e-d464-4ab7-b189-2889e7e18e41 ] Request (VolumesAssistedSnapshotsTest:tearDownClass): 204 DELETE http://10.180.1.21:9696/networking/v2.0/networks/9454c039-fe86-4ac6-a733-8c7daba1a57c 0.657s
2025-04-08 01:30:00.835 69842 INFO tempest.lib.common.rest_client [req-52a0a3ab-5f70-4534-b6b0-cbbf4af5f8d1 req-52a0a3ab-5f70-4534-b6b0-cbbf4af5f8d1 ] Request (ServerAddressesNegativeTestJSON:setUpClass): 200 GET http://10.180.1.21/compute/v2.1/servers/a9cbbd16-a3d7-4e4f-a248-69fb2f2f911e 1.026s
2025-04-08 01:30:00.936 69790 INFO tempest.lib.common.rest_client [req-9c97e572-f688-434a-a412-a42d9b552874 req-9c97e572-f688-434a-a412-a42d9b552874 ] Request (ServerActionsTestOtherA:setUpClass): 201 POST http://10.180.1.21:9696/networking/v2.0/security-groups 0.263s
2025-04-08 01:30:00.943 69850 INFO tempest.lib.common.rest_client [req-038b3b76-f9e2-4809-be62-cc442937bca2 req-038b3b76-f9e2-4809-be62-cc442937bca2 ] Request (ServersTestBootFromVolume:tearDownClass): 200 GET http://10.180.1.21/compute/v2.1/servers/9a2b7ada-5d43-4e03-bcfc-eedb65417c5c 0.958s
2025-04-08 01:30:00.992 69800 INFO tempest.lib.common.rest_client [req-df5c39cb-4587-4660-af77-81fc22d736b3 req-df5c39cb-4587-4660-af77-81fc22d736b3 ] Request (ServersTestFqdnHostnames:tearDownClass): 204 DELETE http://10.180.1.21:9696/networking/v2.0/security-groups/4aae52df-cc54-4b13-9be8-c041e31666ae 0.417s
2025-04-08 01:30:01.010 69800 INFO tempest.lib.common.rest_client [req-36b5d978-9dc8-46ce-b177-a3fb544e9d23 req-36b5d978-9dc8-46ce-b177-a3fb544e9d23 ] Request (ServersTestFqdnHostnames:tearDownClass): 404 GET http://10.180.1.21:9696/networking/v2.0/security-groups/4aae52df-cc54-4b13-9be8-c041e31666ae 0.017s
2025-04-08 01:30:01.022 69794 INFO tempest.lib.common.rest_client [req-aa4a0e82-8450-414b-b628-e042699a4c3a req-aa4a0e82-8450-414b-b628-e042699a4c3a ] Request (AttachInterfacesTestJSON:test_create_list_show_delete_interfaces_by_fixed_ip): 200 PUT http://10.180.1.21:9696/networking/v2.0/floatingips/48844726-4fbc-452b-b9b8-84a0ec4500fd 1.874s
2025-04-08 01:30:01.034 69830 INFO tempest.lib.common.rest_client [req-a0aa65f6-e373-4292-9cbf-2230649e34c9 req-a0aa65f6-e373-4292-9cbf-2230649e34c9 ] Request (AttachVolumeNegativeTest:setUpClass): 201 POST http://10.180.1.21:9696/networking/v2.0/subnets 0.777s
2025-04-08 01:30:01.038 69810 INFO tempest.lib.common.rest_client [req-d1afc761-29b7-4c4d-9f9c-32c0a10795f8 req-d1afc761-29b7-4c4d-9f9c-32c0a10795f8 ] Request (ServerMetadataNegativeTestJSON:setUpClass): 200 GET http://10.180.1.21/compute/v2.1/servers/1d38a1d0-fe63-4c28-af50-08f959fd42d0 0.979s
2025-04-08 01:30:01.085 69804 INFO tempest.lib.common.rest_client [req-0407d76f-bf97-481c-998d-37ea9f1d229e req-0407d76f-bf97-481c-998d-37ea9f1d229e ] Request (AttachVolumeTestJSON:test_attach_detach_volume): 200 GET http://10.180.1.21/compute/v2.1/servers/fca9abff-1947-4808-8f04-4682cc5f8ddb 1.177s
2025-04-08 01:30:01.097 69804 INFO tempest.common.waiters [-] State transition "ACTIVE/powering-off" ==> "SHUTOFF/None" after 3 second wait
2025-04-08 01:30:01.142 69836 INFO tempest.lib.common.rest_client [req-f043fd6d-6fbb-4362-a676-8b0b342c50cb req-f043fd6d-6fbb-4362-a676-8b0b342c50cb ] Request (ServersTestManualDisk:tearDownClass): 200 GET http://10.180.1.21/compute/v2.1/servers/f92d2111-2ca1-466f-8fea-d482fefcef95 1.078s
2025-04-08 01:30:01.286 69790 INFO tempest.lib.common.rest_client [req-20fa65db-49e6-4889-b465-d582beb50b0f req-20fa65db-49e6-4889-b465-d582beb50b0f ] Request (ServerActionsTestOtherA:setUpClass): 201 POST http://10.180.1.21:9696/networking/v2.0/security-group-rules 0.349s
2025-04-08 01:30:01.298 69798 INFO tempest.lib.common.rest_client [req-e160b659-b586-4201-9ffc-e1014f88c9ed req-e160b659-b586-4201-9ffc-e1014f88c9ed ] Request (ServersListShow298Test:tearDownClass): 200 GET http://10.180.1.21/compute/v2.1/servers/821a77a7-502f-482d-9e13-5317d69eab1e 1.110s
2025-04-08 01:30:01.435 69818 INFO tempest.lib.common.rest_client [req-a46917d7-e514-4edf-ae76-c2c9dbd6e8dd req-a46917d7-e514-4edf-ae76-c2c9dbd6e8dd ] Request (InstanceActionsTestJSON:setUpClass): 200 GET http://10.180.1.21/compute/v2.1/servers/0b95e35b-1689-4d92-95c5-4d4b8abcb567 1.213s
2025-04-08 01:30:01.468 69808 INFO tempest.lib.common.rest_client [req-449f0c2e-cf49-4f59-8811-bb032176c6ce req-449f0c2e-cf49-4f59-8811-bb032176c6ce ] Request (SecurityGroupsTestJSON:test_security_group_create_get_delete): 202 DELETE http://10.180.1.21/compute/v2.1/os-security-groups/4681d6ef-8fb8-4ae1-a461-e0f45b7fe7c2 1.362s
2025-04-08 01:30:01.515 69806 INFO tempest.lib.common.rest_client [req-7d3316f0-5b9e-4327-9d77-147686d62540 req-7d3316f0-5b9e-4327-9d77-147686d62540 ] Request (ImagesTestJSON:test_create_image_from_stopped_server): 200 GET http://10.180.1.21/compute/v2.1/images/a8e77076-ae14-495a-9d8e-dcc971cadfbf 1.163s
2025-04-08 01:30:01.536 69814 INFO tempest.lib.common.rest_client [req-6078c74b-ee28-417a-be87-730080fd4267 req-6078c74b-ee28-417a-be87-730080fd4267 ] Request (ServersNegativeTestMultiTenantJSON:setUpClass): 200 GET http://10.180.1.21/compute/v2.1/servers/59bef0c6-2345-4728-8502-cab86260b5b8 1.229s
2025-04-08 01:30:01.591 69800 INFO tempest.lib.common.rest_client [req-4c81434e-9bab-4253-ad64-e4ba41f9cb58 req-4c81434e-9bab-4253-ad64-e4ba41f9cb58 ] Request (ServersTestFqdnHostnames:tearDownClass): 204 DELETE http://10.180.1.21:9696/networking/v2.0/floatingips/1fb35633-2a1a-424e-b6e2-8b2d798dc76d 0.580s
2025-04-08 01:30:01.628 69832 INFO tempest.lib.common.rest_client [req-9c62e47a-d939-431b-af40-3e8fcc20b7aa req-9c62e47a-d939-431b-af40-3e8fcc20b7aa ] Request (ServersV294TestFqdnHostnames:tearDownClass): 200 GET http://10.180.1.21/compute/v2.1/servers/c73704c5-51fd-4459-8c7c-d4097524d3af 1.133s
2025-04-08 01:30:01.643 69826 INFO tempest.lib.common.rest_client [req-7abc2d31-9f35-489b-83ec-da3ea82127c0 req-7abc2d31-9f35-489b-83ec-da3ea82127c0 ] Request (ServerActionsTestJSON:_run_cleanups): 202 POST http://10.180.1.21/compute/v2.1/servers/4095a995-43fe-4f2b-a38d-d83e46c20c7c/action 1.077s
2025-04-08 01:30:01.692 69790 INFO tempest.lib.common.rest_client [req-e503b773-e1c4-4c87-b8a6-f3a3518802e8 req-e503b773-e1c4-4c87-b8a6-f3a3518802e8 ] Request (ServerActionsTestOtherA:setUpClass): 201 POST http://10.180.1.21:9696/networking/v2.0/security-group-rules 0.406s
2025-04-08 01:30:01.826 69834 INFO tempest.lib.common.rest_client [req-ec8f91e4-60b8-498c-b115-43f638e8844f req-ec8f91e4-60b8-498c-b115-43f638e8844f ] Request (ServerShowV254Test:test_rebuild_server): 202 POST http://10.180.1.21/compute/v2.1/servers/cdc94932-bb65-4b65-8d3d-5ec9dec7d694/action 1.254s
2025-04-08 01:30:01.856 69794 INFO tempest.lib.common.rest_client [req-29a1815c-0c1a-48e4-9357-aef818e4fee2 req-29a1815c-0c1a-48e4-9357-aef818e4fee2 ] Request (AttachInterfacesTestJSON:test_create_list_show_delete_interfaces_by_fixed_ip): 200 GET http://10.180.1.21/compute/v2.1/servers/1c559ad5-c4a3-4efe-9cf9-6cb5d6d0b46a 0.834s
2025-04-08 01:30:01.869 69794 INFO tempest.lib.common.ssh [-] Creating ssh connection to '10.180.180.178:22' as 'cirros' with public key authentication
2025-04-08 01:30:01.912 69804 INFO tempest.lib.common.rest_client [req-fa36d1c0-3eff-42c3-802c-455a62c04110 req-fa36d1c0-3eff-42c3-802c-455a62c04110 ] Request (AttachVolumeTestJSON:test_attach_detach_volume): 202 POST http://10.180.1.21/compute/v2.1/servers/fca9abff-1947-4808-8f04-4682cc5f8ddb/action 0.815s
2025-04-08 01:30:01.925 69852 INFO tempest.lib.common.rest_client [req-52311e6c-476b-4857-a26d-ac0af10a5ec0 req-52311e6c-476b-4857-a26d-ac0af10a5ec0 ] Request (ServerGroupTestJSON:_run_cleanups): 200 GET http://10.180.1.21/compute/v2.1/servers/5cb99bc6-0db5-47ba-9b06-ab3be1f8908e 0.844s
2025-04-08 01:30:01.933 69852 INFO tempest.common.waiters [-] State transition "ACTIVE/deleting" ==> "DELETED/None" after 4 second wait
2025-04-08 01:30:01.952 69796 INFO tempest.lib.common.rest_client [req-a69286d0-e5f7-429c-bb96-eec8b613e44e req-a69286d0-e5f7-429c-bb96-eec8b613e44e ] Request (ListImageFiltersTestJSON:setUpClass): 200 GET http://10.180.1.21/compute/v2.1/images/80deac92-9216-4144-a022-886660d5495b 0.800s
2025-04-08 01:30:02.037 69816 INFO tempest.lib.common.rest_client [req-106d87ce-694c-4f7d-b365-eedd3fb06d81 req-106d87ce-694c-4f7d-b365-eedd3fb06d81 ] Request (VolumesAdminNegativeTest:test_update_attached_volume_with_nonexistent_volume_in_uri): 200 GET http://10.180.1.21/compute/v2.1/servers/7bb9ad05-7fca-44f1-9c9b-8bb443b88065 0.802s
2025-04-08 01:30:02.044 69820 INFO tempest.lib.common.rest_client [req-4877670c-75b7-41b5-9a71-1743375e322b req-4877670c-75b7-41b5-9a71-1743375e322b ] Request (ServersWithSpecificFlavorTestJSON:test_verify_created_server_ephemeral_disk): 200 GET http://10.180.1.21/compute/v2.1/servers/471fe7bd-9997-4baf-a7e1-ff41be585590 0.727s
2025-04-08 01:30:02.138 69840 INFO tempest.lib.common.rest_client [req-b2ae7f71-7a62-408e-88b1-cee8dda0d6c9 req-b2ae7f71-7a62-408e-88b1-cee8dda0d6c9 ] Request (ServersTestMultiNic:test_verify_multiple_nics_order): 200 GET http://10.180.1.21/compute/v2.1/servers/1c62524e-5890-4889-9930-edac26682502 0.722s
2025-04-08 01:30:02.184 69808 INFO tempest.lib.common.rest_client [req-26cd9c0e-a41b-4326-b211-490f856e92b3 req-26cd9c0e-a41b-4326-b211-490f856e92b3 ] Request (SecurityGroupsTestJSON:test_security_group_create_get_delete): 404 GET http://10.180.1.21/compute/v2.1/os-security-groups/4681d6ef-8fb8-4ae1-a461-e0f45b7fe7c2 0.715s
2025-04-08 01:30:02.214 69830 INFO tempest.lib.common.rest_client [req-7cc3a14d-1a1c-4164-8f61-3b73d9bfd962 req-7cc3a14d-1a1c-4164-8f61-3b73d9bfd962 ] Request (AttachVolumeNegativeTest:setUpClass): 201 POST http://10.180.1.21:9696/networking/v2.0/routers 1.180s
2025-04-08 01:30:02.535 69838 INFO tempest.lib.common.rest_client [req-7d2ac896-3df9-4329-828e-7214216bb5f5 req-7d2ac896-3df9-4329-828e-7214216bb5f5 ] Request (ImagesOneServerNegativeTestJSON:setUpClass): 200 GET http://10.180.1.21/compute/v2.1/servers/a480a382-d8b1-417a-b9d3-c6f0d396071e 1.202s
2025-04-08 01:30:02.539 69828 INFO tempest.lib.common.rest_client [req-e032d051-0177-4848-a697-dcb1961d6187 req-e032d051-0177-4848-a697-dcb1961d6187 ] Request (DeleteServersTestJSON:test_delete_server_while_in_attached_volume): 200 GET http://10.180.1.21/compute/v2.1/servers/7b169415-c41d-4e7e-92f0-b1a052b96fcb 1.016s
2025-04-08 01:30:02.626 69846 INFO tempest.lib.common.rest_client [req-014c9e46-ffd5-4772-bcc8-5356ce19e28d req-014c9e46-ffd5-4772-bcc8-5356ce19e28d ] Request (MigrationsAdminTest:test_resize_server_revert_deleted_flavor): 200 GET http://10.180.1.21/compute/v2.1/servers/2bb50809-0b14-4923-97ef-d14abd42ad0b 0.912s
2025-04-08 01:30:02.719 69834 INFO tempest.lib.common.rest_client [req-46c82f44-6463-4ced-a54d-53e1c22ff0f0 req-46c82f44-6463-4ced-a54d-53e1c22ff0f0 ] Request (ServerShowV254Test:test_rebuild_server): 200 GET http://10.180.1.21/compute/v2.1/servers/cdc94932-bb65-4b65-8d3d-5ec9dec7d694 0.886s
2025-04-08 01:30:02.786 69826 INFO tempest.lib.common.rest_client [req-afe2e548-dabf-4e07-b78b-86d126d18ee8 req-afe2e548-dabf-4e07-b78b-86d126d18ee8 ] Request (ServerActionsTestJSON:setUp): 200 GET http://10.180.1.21/compute/v2.1/servers/4095a995-43fe-4f2b-a38d-d83e46c20c7c 1.142s
2025-04-08 01:30:02.802 69842 INFO tempest.lib.common.rest_client [req-9ef40bc7-8942-42a7-bfad-72a21e5ad4d9 req-9ef40bc7-8942-42a7-bfad-72a21e5ad4d9 ] Request (ServerAddressesNegativeTestJSON:setUpClass): 200 GET http://10.180.1.21/compute/v2.1/servers/a9cbbd16-a3d7-4e4f-a248-69fb2f2f911e 0.953s
2025-04-08 01:30:02.818 69842 INFO tempest.common.waiters [-] State transition "BUILD/scheduling" ==> "BUILD/None" after 2 second wait
2025-04-08 01:30:02.911 69850 INFO tempest.lib.common.rest_client [req-b596d190-5a10-455a-b1db-e81a2bbf9c57 req-b596d190-5a10-455a-b1db-e81a2bbf9c57 ] Request (ServersTestBootFromVolume:tearDownClass): 200 GET http://10.180.1.21/compute/v2.1/servers/9a2b7ada-5d43-4e03-bcfc-eedb65417c5c 0.952s
2025-04-08 01:30:03.005 69810 INFO tempest.lib.common.rest_client [req-03454b68-a1d7-42bd-b45f-c2da59448e65 req-03454b68-a1d7-42bd-b45f-c2da59448e65 ] Request (ServerMetadataNegativeTestJSON:setUpClass): 200 GET http://10.180.1.21/compute/v2.1/servers/1d38a1d0-fe63-4c28-af50-08f959fd42d0 0.956s
2025-04-08 01:30:03.016 69810 INFO tempest.common.waiters [-] State transition "BUILD/scheduling" ==> "BUILD/None" after 2 second wait
2025-04-08 01:30:03.039 69804 INFO tempest.lib.common.rest_client [req-ea22ecdb-74c5-4b71-b967-d86c63a976e4 req-ea22ecdb-74c5-4b71-b967-d86c63a976e4 ] Request (AttachVolumeTestJSON:test_attach_detach_volume): 200 GET http://10.180.1.21/compute/v2.1/servers/fca9abff-1947-4808-8f04-4682cc5f8ddb 1.127s
2025-04-08 01:30:03.108 69836 INFO tempest.lib.common.rest_client [req-4c6e9380-88d9-4d33-92eb-96e908b4d44f req-4c6e9380-88d9-4d33-92eb-96e908b4d44f ] Request (ServersTestManualDisk:tearDownClass): 200 GET http://10.180.1.21/compute/v2.1/servers/f92d2111-2ca1-466f-8fea-d482fefcef95 0.950s
2025-04-08 01:30:03.218 69798 INFO tempest.lib.common.rest_client [req-86ce262c-905e-4ce7-b82e-51ae4d15d8b5 req-86ce262c-905e-4ce7-b82e-51ae4d15d8b5 ] Request (ServersListShow298Test:tearDownClass): 200 GET http://10.180.1.21/compute/v2.1/servers/821a77a7-502f-482d-9e13-5317d69eab1e 0.908s
2025-04-08 01:30:03.313 69818 INFO tempest.lib.common.rest_client [req-23f74f76-96f7-4a08-aa67-c4341f91b07b req-23f74f76-96f7-4a08-aa67-c4341f91b07b ] Request (InstanceActionsTestJSON:setUpClass): 200 GET http://10.180.1.21/compute/v2.1/servers/0b95e35b-1689-4d92-95c5-4d4b8abcb567 0.869s
2025-04-08 01:30:03.313 69800 INFO tempest.lib.common.rest_client [req-a443d93c-3e76-4812-b65a-310b2c37fcaf req-a443d93c-3e76-4812-b65a-310b2c37fcaf ] Request (ServersTestFqdnHostnames:tearDownClass): 200 PUT http://10.180.1.21:9696/networking/v2.0/routers/da2003c8-313d-438b-99c4-71a99694b958/remove_router_interface 1.722s
2025-04-08 01:30:03.324 69790 INFO tempest.lib.common.rest_client [req-5815119a-341a-456a-836a-44802bcb4fbc req-5815119a-341a-456a-836a-44802bcb4fbc ] Request (ServerActionsTestOtherA:setUpClass): 201 POST http://10.180.1.21:9696/networking/v2.0/floatingips 1.632s
2025-04-08 01:30:03.368 69802 INFO tempest.lib.common.rest_client [req-7c341d34-a403-4e3f-92f7-955cf230eb9b req-7c341d34-a403-4e3f-92f7-955cf230eb9b ] Request (VolumesAssistedSnapshotsTest:tearDownClass): 200 PUT http://10.180.1.21:9696/networking/v2.0/routers/af9868ca-c03d-42f0-acca-4426edd4397b/remove_router_interface 2.662s
2025-04-08 01:30:03.372 69806 INFO tempest.lib.common.rest_client [req-8a6db490-5375-4f79-ae7c-1efcb8c09d55 req-8a6db490-5375-4f79-ae7c-1efcb8c09d55 ] Request (ImagesTestJSON:test_create_image_from_stopped_server): 200 GET http://10.180.1.21/compute/v2.1/images/a8e77076-ae14-495a-9d8e-dcc971cadfbf 0.854s
2025-04-08 01:30:03.376 69808 INFO tempest.lib.common.rest_client [req-9a7b8e50-c7a5-4bf9-84f3-73c730f23f7c req-9a7b8e50-c7a5-4bf9-84f3-73c730f23f7c ] Request (SecurityGroupsTestJSON:test_security_groups_create_list_delete): 200 POST http://10.180.1.21/compute/v2.1/os-security-groups 1.191s
2025-04-08 01:30:03.389 69790 INFO tempest.lib.common.rest_client [req-0dc97ad8-73e5-47a1-9203-5f93ef5e933f req-0dc97ad8-73e5-47a1-9203-5f93ef5e933f ] Request (ServerActionsTestOtherA:setUpClass): 201 POST http://10.180.1.21/identity/v3/auth/tokens 0.057s
2025-04-08 01:30:03.390 69790 INFO tempest.lib.common.fixed_network [-] (ServerActionsTestOtherA:setUpClass) Found network {'id': '592ca0d1-b170-40a0-b054-341f8c09aebb', 'name': 'tempest-ServerActionsTestOtherA-1724037096-network', 'tenant_id': '60909db264b04df18df835697fb7c3d8', 'admin_state_up': True, 'mtu': 8950, 'status': 'ACTIVE', 'subnets': [], 'shared': False, 'project_id': '60909db264b04df18df835697fb7c3d8', 'port_security_enabled': True, 'router:external': False, 'provider:network_type': 'vlan', 'provider:physical_network': 'default', 'provider:segmentation_id': 187, 'availability_zone_hints': [], 'availability_zones': [], 'ipv4_address_scope': None, 'ipv6_address_scope': None, 'description': '', 'tags': [], 'created_at': '2025-04-08T01:29:53Z', 'updated_at': '2025-04-08T01:29:53Z', 'revision_number': 1} available for tenant
2025-04-08 01:30:03.498 69832 INFO tempest.lib.common.rest_client [req-e775530b-6a0d-4b22-9f87-ad9fd6ab8f7b req-e775530b-6a0d-4b22-9f87-ad9fd6ab8f7b ] Request (ServersV294TestFqdnHostnames:tearDownClass): 200 GET http://10.180.1.21/compute/v2.1/servers/c73704c5-51fd-4459-8c7c-d4097524d3af 0.850s
2025-04-08 01:30:03.694 69814 INFO tempest.lib.common.rest_client [req-c4e91f84-4bc2-4be4-8498-7336b3410eff req-c4e91f84-4bc2-4be4-8498-7336b3410eff ] Request (ServersNegativeTestMultiTenantJSON:setUpClass): 200 GET http://10.180.1.21/compute/v2.1/servers/59bef0c6-2345-4728-8502-cab86260b5b8 1.145s
2025-04-08 01:30:03.709 69814 INFO tempest.common.waiters [-] State transition "BUILD/None" ==> "BUILD/block_device_mapping" after 27 second wait
2025-04-08 01:30:03.717 69826 INFO tempest.lib.common.rest_client [req-f5fe6cc9-6f19-498b-8d16-317ee05ce2d9 req-f5fe6cc9-6f19-498b-8d16-317ee05ce2d9 ] Request (ServerActionsTestJSON:test_reboot_server_hard): 200 GET http://10.180.1.21/compute/v2.1/servers/4095a995-43fe-4f2b-a38d-d83e46c20c7c 0.922s
2025-04-08 01:30:03.729 69826 INFO tempest.lib.common.ssh [-] Creating ssh connection to '10.180.180.171:22' as 'cirros' with public key authentication
2025-04-08 01:30:03.741 69824 INFO tempest.lib.common.rest_client [req-0a5f9975-d598-4cc5-b6db-2ffa3c48e970 req-0a5f9975-d598-4cc5-b6db-2ffa3c48e970 ] Request (SecurityGroupRulesNegativeTestJSON:setUpClass): 200 PUT http://10.180.1.21:9696/networking/v2.0/routers/27e1bd54-d8e7-4004-85db-4fb5baa64651/add_router_interface 3.121s
2025-04-08 01:30:03.741 69824 INFO tempest.lib.common.dynamic_creds [-] Created isolated network resources for: credentials: Credentials: {'domain_id': 'default', 'domain_name': 'Default', 'username': 'tempest-SecurityGroupRulesNegativeTestJSON-940599142-project-member', 'project_domain_id': 'default', 'project_domain_name': 'Default', 'project_id': 'e752485b35df43dbad77f590291b198d', 'project_name': 'tempest-SecurityGroupRulesNegativeTestJSON-940599142', 'tenant_id': 'e752485b35df43dbad77f590291b198d', 'tenant_name': 'tempest-SecurityGroupRulesNegativeTestJSON-940599142', 'user_domain_id': 'default', 'user_domain_name': 'Default', 'user_id': 'd4b679ab494c4c03876ddeb77dc6bfb4', 'system': None}, Network: {'id': '5f1cdc30-0ba3-40c8-9d5c-84fd48a38685', 'name': 'tempest-SecurityGroupRulesNegativeTestJSON-870095212-network', 'tenant_id': 'e752485b35df43dbad77f590291b198d', 'admin_state_up': True, 'mtu': 8950, 'status': 'ACTIVE', 'subnets': [], 'shared': False, 'project_id': 'e752485b35df43dbad77f590291b198d', 'port_security_enabled': True, 'router:external': False, 'provider:network_type': 'vlan', 'provider:physical_network': 'default', 'provider:segmentation_id': 614, 'availability_zone_hints': [], 'availability_zones': [], 'ipv4_address_scope': None, 'ipv6_address_scope': None, 'description': '', 'tags': [], 'created_at': '2025-04-08T01:29:57Z', 'updated_at': '2025-04-08T01:29:57Z', 'revision_number': 1}, Subnet: {'id': '4c1e705c-6d7b-4763-a18c-749c030efedf', 'name': 'tempest-SecurityGroupRulesNegativeTestJSON-870095212-subnet', 'tenant_id': 'e752485b35df43dbad77f590291b198d', 'network_id': '5f1cdc30-0ba3-40c8-9d5c-84fd48a38685', 'ip_version': 4, 'subnetpool_id': None, 'enable_dhcp': True, 'ipv6_ra_mode': None, 'ipv6_address_mode': None, 'gateway_ip': '192.168.128.1', 'cidr': '192.168.128.0/28', 'allocation_pools': [{'start': '192.168.128.2', 'end': '192.168.128.14'}], 'host_routes': [], 'dns_nameservers': [], 'description': '', 'router:external': False, 'service_types': [], 'tags': [], 'created_at': '2025-04-08T01:29:57Z', 'updated_at': '2025-04-08T01:29:57Z', 'revision_number': 0, 'project_id': 'e752485b35df43dbad77f590291b198d'}, Router: {'id': '27e1bd54-d8e7-4004-85db-4fb5baa64651', 'name': 'tempest-SecurityGroupRulesNegativeTestJSON-870095212-router', 'tenant_id': 'e752485b35df43dbad77f590291b198d', 'admin_state_up': True, 'status': 'ACTIVE', 'external_gateway_info': {'network_id': 'bec6d54c-37e2-4ad8-96fd-ef84b3640376', 'external_fixed_ips': [{'subnet_id': 'f6535f07-a419-4a5a-8457-4e781226aeef', 'ip_address': '10.180.180.177'}], 'enable_snat': True}, 'description': '', 'availability_zones': [], 'distributed': False, 'ha': False, 'availability_zone_hints': [], 'routes': [], 'flavor_id': None, 'tags': [], 'created_at': '2025-04-08T01:29:58Z', 'updated_at': '2025-04-08T01:29:59Z', 'revision_number': 2, 'project_id': 'e752485b35df43dbad77f590291b198d'}
2025-04-08 01:30:03.759 69796 INFO tempest.lib.common.rest_client [req-ea871b28-ef05-41e2-8713-ec1dcb521605 req-ea871b28-ef05-41e2-8713-ec1dcb521605 ] Request (ListImageFiltersTestJSON:setUpClass): 200 GET http://10.180.1.21/compute/v2.1/images/80deac92-9216-4144-a022-886660d5495b 0.803s
2025-04-08 01:30:03.788 69852 INFO tempest.lib.common.rest_client [req-594d5085-5a70-4166-a5d8-089dccd9433b req-594d5085-5a70-4166-a5d8-089dccd9433b ] Request (ServerGroupTestJSON:_run_cleanups): 200 GET http://10.180.1.21/compute/v2.1/servers/5cb99bc6-0db5-47ba-9b06-ab3be1f8908e 0.854s
2025-04-08 01:30:03.825 69816 INFO tempest.lib.common.rest_client [req-88c5a0d7-dea4-43c0-8987-08c12ed3b966 req-88c5a0d7-dea4-43c0-8987-08c12ed3b966 ] Request (VolumesAdminNegativeTest:test_update_attached_volume_with_nonexistent_volume_in_uri): 200 GET http://10.180.1.21/compute/v2.1/servers/7bb9ad05-7fca-44f1-9c9b-8bb443b88065 0.774s
2025-04-08 01:30:03.862 69824 INFO tempest.lib.common.rest_client [req-2dc1d4fd-cd0a-412b-9063-7b7d3c48fcad req-2dc1d4fd-cd0a-412b-9063-7b7d3c48fcad ] Request (SecurityGroupRulesNegativeTestJSON:setUpClass): 201 POST http://10.180.1.21/identity/v3/auth/tokens 0.114s
2025-04-08 01:30:03.866 69820 INFO tempest.lib.common.rest_client [req-235b80b5-038a-4d14-b7b1-4104bd28d122 req-235b80b5-038a-4d14-b7b1-4104bd28d122 ] Request (ServersWithSpecificFlavorTestJSON:test_verify_created_server_ephemeral_disk): 200 GET http://10.180.1.21/compute/v2.1/servers/471fe7bd-9997-4baf-a7e1-ff41be585590 0.812s
2025-04-08 01:30:03.894 69840 INFO tempest.lib.common.rest_client [req-2ef4be5d-5680-4c37-8b4c-f79a9156b9cb req-2ef4be5d-5680-4c37-8b4c-f79a9156b9cb ] Request (ServersTestMultiNic:test_verify_multiple_nics_order): 200 GET http://10.180.1.21/compute/v2.1/servers/1c62524e-5890-4889-9930-edac26682502 0.748s
2025-04-08 01:30:04.151 69808 INFO tempest.lib.common.rest_client [req-da35760c-446b-4f56-809a-afb0e1283f04 req-da35760c-446b-4f56-809a-afb0e1283f04 ] Request (SecurityGroupsTestJSON:test_security_groups_create_list_delete): 200 POST http://10.180.1.21/compute/v2.1/os-security-groups 0.772s
2025-04-08 01:30:04.284 69802 INFO tempest.lib.common.rest_client [req-0e1a4ed8-eb6d-459d-aa21-0f5fc07f1390 req-0e1a4ed8-eb6d-459d-aa21-0f5fc07f1390 ] Request (VolumesAssistedSnapshotsTest:tearDownClass): 204 DELETE http://10.180.1.21:9696/networking/v2.0/routers/af9868ca-c03d-42f0-acca-4426edd4397b 0.916s
2025-04-08 01:30:04.385 69838 INFO tempest.lib.common.rest_client [req-28f73f28-f26c-4f88-9747-665dedbe401b req-28f73f28-f26c-4f88-9747-665dedbe401b ] Request (ImagesOneServerNegativeTestJSON:setUpClass): 200 GET http://10.180.1.21/compute/v2.1/servers/a480a382-d8b1-417a-b9d3-c6f0d396071e 0.837s
2025-04-08 01:30:04.395 69800 INFO tempest.lib.common.rest_client [req-2087180d-c52e-4d07-962f-63817c8deec7 req-2087180d-c52e-4d07-962f-63817c8deec7 ] Request (ServersTestFqdnHostnames:tearDownClass): 204 DELETE http://10.180.1.21:9696/networking/v2.0/routers/da2003c8-313d-438b-99c4-71a99694b958 1.081s
2025-04-08 01:30:04.535 69828 INFO tempest.lib.common.rest_client [req-35d3a26f-1a19-4eb1-b5b1-8482e2249bb9 req-35d3a26f-1a19-4eb1-b5b1-8482e2249bb9 ] Request (DeleteServersTestJSON:test_delete_server_while_in_attached_volume): 200 GET http://10.180.1.21/compute/v2.1/servers/7b169415-c41d-4e7e-92f0-b1a052b96fcb 0.986s
2025-04-08 01:30:04.604 69790 INFO tempest.lib.common.rest_client [req-b801543f-eb63-47c7-8f30-30f7cbcf9e52 req-b801543f-eb63-47c7-8f30-30f7cbcf9e52 ] Request (ServerActionsTestOtherA:setUpClass): 202 POST http://10.180.1.21/compute/v2.1/servers 1.214s
2025-04-08 01:30:04.648 69846 INFO tempest.lib.common.rest_client [req-78ad62d4-663c-41d6-912f-267878af2be2 req-78ad62d4-663c-41d6-912f-267878af2be2 ] Request (MigrationsAdminTest:test_resize_server_revert_deleted_flavor): 200 GET http://10.180.1.21/compute/v2.1/servers/2bb50809-0b14-4923-97ef-d14abd42ad0b 1.010s
