2025-04-08 01:28:38.586 69852 INFO tempest.lib.common.rest_client [req-b73f5e3d-4355-4a24-b06e-fe3a2e90814e req-b73f5e3d-4355-4a24-b06e-fe3a2e90814e ] Request (ServerGroupTestJSON:test_create_server_with_scheduler_hint_group): 200 GET http://10.180.1.21/compute/v2.1/servers/5cb99bc6-0db5-47ba-9b06-ab3be1f8908e 0.446s
2025-04-08 01:28:38.586 69800 WARNING tempest.lib.common.ssh [-] Failed to establish authenticated ssh connection to cirros@10.180.180.228 ([Errno None] Unable to connect to port 22 on 10.180.180.228). Number attempts: 3. Retry after 4 seconds.: paramiko.ssh_exception.NoValidConnectionsError: [Errno None] Unable to connect to port 22 on 10.180.180.228
2025-04-08 01:28:38.651 69794 INFO tempest.lib.common.rest_client [req-7db04612-1b26-493b-b7f9-2da1fc97964a req-7db04612-1b26-493b-b7f9-2da1fc97964a ] Request (AttachInterfacesTestJSON:test_create_list_show_delete_interfaces_by_fixed_ip): 200 GET http://10.180.1.21/compute/v2.1/servers/1c559ad5-c4a3-4efe-9cf9-6cb5d6d0b46a 0.487s
2025-04-08 01:28:38.674 69830 INFO tempest.lib.common.rest_client [req-8d9e1603-f695-4e10-858d-b4fc98e4796e req-8d9e1603-f695-4e10-858d-b4fc98e4796e ] Request (ListServerFiltersTestJSON:tearDownClass): 200 GET http://10.180.1.21/compute/v2.1/servers/e57af8df-0b59-4899-af1c-872051a1c0ff 0.468s
2025-04-08 01:28:38.734 69826 INFO tempest.lib.common.rest_client [req-ce88edf3-4bed-4395-884c-92391817cbc8 req-ce88edf3-4bed-4395-884c-92391817cbc8 ] Request (ServerActionsTestJSON:setUpClass): 200 GET http://10.180.1.21/compute/v2.1/servers/4095a995-43fe-4f2b-a38d-d83e46c20c7c 0.510s
2025-04-08 01:28:38.768 69838 INFO tempest.lib.common.rest_client [req-8332ba8a-5d55-4612-8717-2ee80f70bab0 req-8332ba8a-5d55-4612-8717-2ee80f70bab0 ] Request (ServersAdminNegativeTestJSON:tearDownClass): 200 GET http://10.180.1.21/compute/v2.1/servers/f27e471e-0e79-46a3-a2a4-10072c7f4a92 0.487s
2025-04-08 01:28:38.772 69822 INFO tempest.lib.common.rest_client [req-ea26f761-f494-4560-9bd4-ebfaa6fc8745 req-ea26f761-f494-4560-9bd4-ebfaa6fc8745 ] Request (FlavorsV2TestJSON:tearDownClass): 200 GET http://10.180.1.21:9696/networking/v2.0/security-groups?tenant_id=81c4a8ba7efa4940a12bc68cba67c4d8&name=default 0.602s
2025-04-08 01:28:38.827 69836 INFO tempest.lib.common.rest_client [req-ae97768e-656b-465d-b0fa-721ad9098832 req-ae97768e-656b-465d-b0fa-721ad9098832 ] Request (ServersTestManualDisk:setUpClass): 200 GET http://10.180.1.21/compute/v2.1/servers/f92d2111-2ca1-466f-8fea-d482fefcef95 0.504s
2025-04-08 01:28:38.844 69810 INFO tempest.lib.common.rest_client [req-0fe50005-08a6-488c-abd8-835c74b7de55 req-0fe50005-08a6-488c-abd8-835c74b7de55 ] Request (ServerDiagnosticsV248Test:test_get_server_diagnostics): 200 GET http://10.180.1.21/compute/v2.1/servers/e12f8476-00be-4b15-ac88-05b31bbecdb1 0.462s
2025-04-08 01:28:38.924 69828 INFO tempest.lib.common.rest_client [req-7f8668eb-0e2a-4c28-a38e-8763eac96710 req-7f8668eb-0e2a-4c28-a38e-8763eac96710 ] Request (DeleteServersTestJSON:test_delete_server_while_in_attached_volume): 200 GET http://10.180.1.21/compute/v2.1/servers/7b169415-c41d-4e7e-92f0-b1a052b96fcb 0.475s
2025-04-08 01:28:38.997 69812 INFO tempest.lib.common.rest_client [req-9d4fade4-9710-4c97-90c6-1e0c71c2ee32 req-9d4fade4-9710-4c97-90c6-1e0c71c2ee32 ] Request (InstanceActionsV221TestJSON:test_get_list_deleted_instance_actions): 200 GET http://10.180.1.21/compute/v2.1/servers/08a284de-cadf-450c-ad61-fad59fd85358 0.479s
2025-04-08 01:28:39.022 69804 INFO tempest.lib.common.rest_client [req-b86d2eae-bcfc-47d7-8e8e-5f754204189d req-b86d2eae-bcfc-47d7-8e8e-5f754204189d ] Request (AttachVolumeTestJSON:test_attach_detach_volume): 200 PUT http://10.180.1.21:9696/networking/v2.0/floatingips/a0fa4cd9-f13d-4c22-b66f-c92a32186138 1.242s
2025-04-08 01:28:39.024 69804 INFO tempest.lib.common.ssh [-] Creating ssh connection to '10.180.180.203:22' as 'cirros' with public key authentication
2025-04-08 01:28:39.028 69822 INFO tempest.lib.common.rest_client [req-92e3d79f-90c5-4d0e-89c9-0a7cc2cfc6e0 req-92e3d79f-90c5-4d0e-89c9-0a7cc2cfc6e0 ] Request (FlavorsV2TestJSON:tearDownClass): 204 DELETE http://10.180.1.21:9696/networking/v2.0/security-groups/98d98ab0-318e-448d-9b9a-50771ad2bbc4 0.255s
2025-04-08 01:28:39.035 69818 INFO tempest.lib.common.rest_client [req-ff430c07-4401-4ee3-879e-19f8e2728c9b req-ff430c07-4401-4ee3-879e-19f8e2728c9b ] Request (FloatingIPsAssociationNegativeTestJSON:setUpClass): 200 GET http://10.180.1.21/compute/v2.1/servers/52f865a3-f591-46d5-9fdb-c4abc4616358 0.611s
2025-04-08 01:28:39.047 69818 INFO tempest.common.waiters [-] State transition "BUILD/spawning" ==> "ACTIVE/None" after 59 second wait
2025-04-08 01:28:39.060 69808 INFO tempest.lib.common.rest_client [req-716b9094-0fcc-4908-b0fe-e34dd3cf7e82 req-716b9094-0fcc-4908-b0fe-e34dd3cf7e82 ] Request (SecurityGroupsTestJSON:test_list_security_groups_by_server): 200 GET http://10.180.1.21/compute/v2.1/servers/b9fd194d-c0af-49f6-b185-f99e2ecfdb55 0.494s
2025-04-08 01:28:39.096 69824 INFO tempest.lib.common.rest_client [req-91cc3c29-d97c-410c-ac87-f7d2755b2f32 req-91cc3c29-d97c-410c-ac87-f7d2755b2f32 ] Request (DeleteServersAdminTestJSON:test_delete_server_while_in_error_state): 200 GET http://10.180.1.21/compute/v2.1/servers/8c620fb8-43fd-42ef-a624-f7322147c3b0 0.480s
2025-04-08 01:28:39.098 69802 WARNING tempest.lib.common.ssh [-] Failed to establish authenticated ssh connection to cirros@10.180.180.164 ([Errno None] Unable to connect to port 22 on 10.180.180.164). Number attempts: 8. Retry after 9 seconds.: paramiko.ssh_exception.NoValidConnectionsError: [Errno None] Unable to connect to port 22 on 10.180.180.164
2025-04-08 01:28:39.114 69822 INFO tempest.lib.common.rest_client [req-b958af30-15c6-4402-a5a8-3e81eb8fbdda req-b958af30-15c6-4402-a5a8-3e81eb8fbdda ] Request (FlavorsV2TestJSON:tearDownClass): 204 DELETE http://10.180.1.21/identity/v3/projects/81c4a8ba7efa4940a12bc68cba67c4d8 0.085s
2025-04-08 01:28:39.118 69848 INFO tempest.lib.common.rest_client [req-9fbe2f63-2d99-4327-b1d4-504580ead000 req-9fbe2f63-2d99-4327-b1d4-504580ead000 ] Request (TenantUsagesTestJSON:tearDownClass): 200 GET http://10.180.1.21/compute/v2.1/servers/2d0eae83-e347-4b52-a5d6-322b6e613b28 0.488s
2025-04-08 01:28:39.146 69796 INFO tempest.lib.common.rest_client [req-71ff4525-7e8e-4ede-a7f3-7b6932f858fe req-71ff4525-7e8e-4ede-a7f3-7b6932f858fe ] Request (ListImageFiltersTestJSON:setUpClass): 200 GET http://10.180.1.21/compute/v2.1/servers/0511381c-3185-4825-9464-7b74e05e696f 0.453s
2025-04-08 01:28:39.153 69796 INFO tempest.common.waiters [-] State transition "BUILD/scheduling" ==> "BUILD/None" after 42 second wait
2025-04-08 01:28:39.177 69842 INFO tempest.lib.common.rest_client [req-97a24aa1-12c1-4bef-979a-26b1711920bf req-97a24aa1-12c1-4bef-979a-26b1711920bf ] Request (ImagesOneServerTestJSON:test_create_delete_image): 200 GET http://10.180.1.21/compute/v2.1/images/3abdcd77-b52c-4548-ae41-984fe82c1596 0.450s
2025-04-08 01:28:39.178 69834 INFO tempest.lib.common.rest_client [req-0114c1bf-c546-4430-ba2a-a1d77a6bc014 req-0114c1bf-c546-4430-ba2a-a1d77a6bc014 ] Request (ServerMetadataTestJSON:tearDownClass): 200 GET http://10.180.1.21/compute/v2.1/servers/940e8a8f-5bdc-49fc-8aac-8383d2218376 0.479s
2025-04-08 01:28:39.178 69822 INFO tempest.lib.common.rest_client [req-7711b999-ebe2-4921-8c33-d2a5f4c50ff4 req-7711b999-ebe2-4921-8c33-d2a5f4c50ff4 ] Request (FloatingIPsNegativeTestJSON:setUpClass): 201 POST http://10.180.1.21/identity/v3/auth/tokens 0.063s
2025-04-08 01:28:39.214 69822 INFO tempest.lib.common.rest_client [req-2ef02ee1-06bb-4c4d-8166-841847f16d70 req-2ef02ee1-06bb-4c4d-8166-841847f16d70 ] Request (FloatingIPsNegativeTestJSON:setUpClass): 201 POST http://10.180.1.21/identity/v3/auth/tokens 0.033s
2025-04-08 01:28:39.246 69822 INFO tempest.lib.common.rest_client [req-62c21076-7bec-43f7-9857-34537abb38d5 req-62c21076-7bec-43f7-9857-34537abb38d5 ] Request (FloatingIPsNegativeTestJSON:setUpClass): 200 GET http://10.180.1.21/identity/v3/domains?name=Default 0.032s
2025-04-08 01:28:39.262 69790 INFO tempest.lib.common.rest_client [req-3e10dbe6-73cd-49e0-b2ca-9cb06b63d3f1 req-3e10dbe6-73cd-49e0-b2ca-9cb06b63d3f1 ] Request (MultipleCreateTestJSON:test_multiple_create_with_reservation_return): 200 GET http://10.180.1.21/compute/v2.1/servers/78fdc5c0-51d8-49b9-929f-810f9439c84a 0.468s
2025-04-08 01:28:39.294 69822 INFO tempest.lib.common.rest_client [req-37206851-3666-4395-89ce-7290820e8153 req-37206851-3666-4395-89ce-7290820e8153 ] Request (FloatingIPsNegativeTestJSON:setUpClass): 201 POST http://10.180.1.21/identity/v3/projects 0.047s
2025-04-08 01:28:39.337 69846 INFO tempest.lib.common.rest_client [req-b52e27a4-db7e-4058-9c73-e1f5d78ace4c req-b52e27a4-db7e-4058-9c73-e1f5d78ace4c ] Request (MigrationsAdminTest:test_list_migrations_in_flavor_resize_situation): 200 GET http://10.180.1.21/compute/v2.1/servers/959c58c5-2931-40dd-9afd-d3884a500adb 0.392s
2025-04-08 01:28:39.372 69822 INFO tempest.lib.common.rest_client [req-fb63f6aa-1e83-499e-b67c-5d3cff1ada5b req-fb63f6aa-1e83-499e-b67c-5d3cff1ada5b ] Request (FloatingIPsNegativeTestJSON:setUpClass): 201 POST http://10.180.1.21/identity/v3/users 0.077s
2025-04-08 01:28:39.398 69822 INFO tempest.lib.common.rest_client [req-2862bb26-cab0-4187-a63a-ab264b3e5ff6 req-2862bb26-cab0-4187-a63a-ab264b3e5ff6 ] Request (FloatingIPsNegativeTestJSON:setUpClass): 200 GET http://10.180.1.21/identity/v3/roles 0.026s
2025-04-08 01:28:39.405 69814 INFO tempest.lib.common.rest_client [req-82d19c4f-1416-4ea5-b2c0-c099f0d80363 req-82d19c4f-1416-4ea5-b2c0-c099f0d80363 ] Request (FloatingIPsAssociationTestJSON:tearDownClass): 200 GET http://10.180.1.21/compute/v2.1/servers/06a7d7eb-8f8c-4ad6-8d78-a7305dd2f492 0.365s
2025-04-08 01:28:39.430 69822 INFO tempest.lib.common.rest_client [req-467e6c98-2dfb-48c4-9acd-5eeb373536d8 req-467e6c98-2dfb-48c4-9acd-5eeb373536d8 ] Request (FloatingIPsNegativeTestJSON:setUpClass): 204 PUT http://10.180.1.21/identity/v3/projects/267a127470924c3fbb976c3e09a11627/users/10b17c34aae44319a2dabe2d358f37e0/roles/b21fd2574ddd4020ac0e131783d5d551 0.031s
2025-04-08 01:28:39.430 69822 INFO tempest.lib.common.dynamic_creds [-] Dynamic test user 10b17c34aae44319a2dabe2d358f37e0 is created with scope project and roles: ['member']
2025-04-08 01:28:39.431 69822 INFO tempest.lib.common.dynamic_creds [-] Acquired dynamic creds: credentials: Credentials: {'domain_id': 'default', 'domain_name': 'Default', 'username': 'tempest-FloatingIPsNegativeTestJSON-716476834-project-member', 'project_domain_id': 'default', 'project_domain_name': 'Default', 'project_id': '267a127470924c3fbb976c3e09a11627', 'project_name': 'tempest-FloatingIPsNegativeTestJSON-716476834', 'tenant_id': '267a127470924c3fbb976c3e09a11627', 'tenant_name': 'tempest-FloatingIPsNegativeTestJSON-716476834', 'user_domain_id': 'default', 'user_domain_name': 'Default', 'user_id': '10b17c34aae44319a2dabe2d358f37e0', 'system': None}, Network: None, Subnet: None, Router: None
2025-04-08 01:28:39.493 69798 INFO tempest.lib.common.rest_client [req-fa9f8370-7489-4362-95b9-d9698e005cdd req-fa9f8370-7489-4362-95b9-d9698e005cdd ] Request (ServersListShow298Test:test_list_show_update_rebuild_server_298): 200 GET http://10.180.1.21/compute/v2.1/servers/821a77a7-502f-482d-9e13-5317d69eab1e 0.329s
2025-04-08 01:28:39.494 69822 INFO tempest.lib.common.rest_client [req-5c514a5f-598c-4084-a4e6-be49d49ebc67 req-5c514a5f-598c-4084-a4e6-be49d49ebc67 ] Request (FloatingIPsNegativeTestJSON:setUpClass): 201 POST http://10.180.1.21/identity/v3/auth/tokens 0.063s
2025-04-08 01:28:39.689 69840 INFO tempest.lib.common.rest_client [req-2c7ebcf6-f011-4ca0-905b-3b3d6b2604ed req-2c7ebcf6-f011-4ca0-905b-3b3d6b2604ed ] Request (ServersTestMultiNic:test_verify_duplicate_network_nics): 200 GET http://10.180.1.21/compute/v2.1/servers/98f35e0d-bf83-4da6-a7f4-b8924c01bceb 0.460s
2025-04-08 01:28:39.763 69822 INFO tempest.lib.common.rest_client [req-97e250fc-d791-419a-b4a5-9f74a4167724 req-97e250fc-d791-419a-b4a5-9f74a4167724 ] Request (FloatingIPsNegativeTestJSON:setUpClass): 201 POST http://10.180.1.21:9696/networking/v2.0/networks 0.268s
2025-04-08 01:28:39.770 69806 INFO tempest.lib.common.rest_client [req-8317aa1b-379e-492e-b1de-a8d1b4c7fb76 req-8317aa1b-379e-492e-b1de-a8d1b4c7fb76 ] Request (ImagesTestJSON:test_create_image_from_stopped_server): 200 GET http://10.180.1.21/compute/v2.1/servers/4767f76b-6acb-43be-b46c-18b2ca550d18 0.459s
2025-04-08 01:28:39.944 69850 INFO tempest.lib.common.rest_client [req-cfd82ed8-181f-4624-a46a-13d7d20adeeb req-cfd82ed8-181f-4624-a46a-13d7d20adeeb ] Request (ServersTestBootFromVolume:setUpClass): 200 GET http://10.180.1.21/compute/v2.1/servers/9a2b7ada-5d43-4e03-bcfc-eedb65417c5c 0.360s
2025-04-08 01:28:40.018 69852 INFO tempest.lib.common.rest_client [req-e872849d-232c-468a-a08f-8ef5b8b2d4e2 req-e872849d-232c-468a-a08f-8ef5b8b2d4e2 ] Request (ServerGroupTestJSON:test_create_server_with_scheduler_hint_group): 200 GET http://10.180.1.21/compute/v2.1/servers/5cb99bc6-0db5-47ba-9b06-ab3be1f8908e 0.421s
2025-04-08 01:28:40.037 69822 INFO tempest.lib.common.rest_client [req-7dba06f3-53de-4802-aead-6c21b10fa492 req-7dba06f3-53de-4802-aead-6c21b10fa492 ] Request (FloatingIPsNegativeTestJSON:setUpClass): 201 POST http://10.180.1.21:9696/networking/v2.0/subnets 0.272s
2025-04-08 01:28:40.098 69794 INFO tempest.lib.common.rest_client [req-877c455f-f1d6-4ceb-9c29-0b1be33b8cbb req-877c455f-f1d6-4ceb-9c29-0b1be33b8cbb ] Request (AttachInterfacesTestJSON:test_create_list_show_delete_interfaces_by_fixed_ip): 200 GET http://10.180.1.21/compute/v2.1/servers/1c559ad5-c4a3-4efe-9cf9-6cb5d6d0b46a 0.439s
2025-04-08 01:28:40.455 69830 INFO tempest.lib.common.rest_client [req-4ffb9e9a-3e9a-4b8c-994b-1a8c9178f40b req-4ffb9e9a-3e9a-4b8c-994b-1a8c9178f40b ] Request (ListServerFiltersTestJSON:tearDownClass): 200 GET http://10.180.1.21/compute/v2.1/servers/e57af8df-0b59-4899-af1c-872051a1c0ff 0.772s
2025-04-08 01:28:40.522 69818 INFO tempest.lib.common.rest_client [req-76d13862-40d4-4787-9b1b-a7a15b7b7999 req-76d13862-40d4-4787-9b1b-a7a15b7b7999 ] Request (FloatingIPsAssociationNegativeTestJSON:test_associate_ip_to_server_with_floating_ip): 200 POST http://10.180.1.21/compute/v2.1/os-floating-ips 1.469s
2025-04-08 01:28:40.540 69826 INFO tempest.lib.common.rest_client [req-46c4f87b-c6eb-43b1-a688-d893a3d25eb9 req-46c4f87b-c6eb-43b1-a688-d893a3d25eb9 ] Request (ServerActionsTestJSON:setUpClass): 200 GET http://10.180.1.21/compute/v2.1/servers/4095a995-43fe-4f2b-a38d-d83e46c20c7c 0.796s
2025-04-08 01:28:40.626 69838 INFO tempest.lib.common.rest_client [req-61fd6c2a-c8c9-4d19-a533-134150a24de7 req-61fd6c2a-c8c9-4d19-a533-134150a24de7 ] Request (ServersAdminNegativeTestJSON:tearDownClass): 200 GET http://10.180.1.21/compute/v2.1/servers/f27e471e-0e79-46a3-a2a4-10072c7f4a92 0.845s
2025-04-08 01:28:40.701 69810 INFO tempest.lib.common.rest_client [req-32839d9a-28c3-4044-b9f4-b6c0b50e6986 req-32839d9a-28c3-4044-b9f4-b6c0b50e6986 ] Request (ServerDiagnosticsV248Test:test_get_server_diagnostics): 200 GET http://10.180.1.21/compute/v2.1/servers/e12f8476-00be-4b15-ac88-05b31bbecdb1 0.846s
2025-04-08 01:28:40.732 69836 INFO tempest.lib.common.rest_client [req-ed58e5b4-e087-4793-85d9-14f8bff06531 req-ed58e5b4-e087-4793-85d9-14f8bff06531 ] Request (ServersTestManualDisk:setUpClass): 200 GET http://10.180.1.21/compute/v2.1/servers/f92d2111-2ca1-466f-8fea-d482fefcef95 0.896s
2025-04-08 01:28:40.743 69836 INFO tempest.common.waiters [-] State transition "BUILD/None" ==> "BUILD/spawning" after 57 second wait
2025-04-08 01:28:40.745 69822 INFO tempest.lib.common.rest_client [req-3f9639da-1c74-4531-a1a3-17e8c714620c req-3f9639da-1c74-4531-a1a3-17e8c714620c ] Request (FloatingIPsNegativeTestJSON:setUpClass): 201 POST http://10.180.1.21:9696/networking/v2.0/routers 0.708s
2025-04-08 01:28:40.792 69828 INFO tempest.lib.common.rest_client [req-99bae07c-8abf-43a6-92d4-ac55696ce79b req-99bae07c-8abf-43a6-92d4-ac55696ce79b ] Request (DeleteServersTestJSON:test_delete_server_while_in_attached_volume): 200 GET http://10.180.1.21/compute/v2.1/servers/7b169415-c41d-4e7e-92f0-b1a052b96fcb 0.860s
2025-04-08 01:28:40.799 69812 INFO tempest.lib.common.rest_client [req-40b5ee65-9b1d-4cb5-88ee-538c55785b97 req-40b5ee65-9b1d-4cb5-88ee-538c55785b97 ] Request (InstanceActionsV221TestJSON:test_get_list_deleted_instance_actions): 200 GET http://10.180.1.21/compute/v2.1/servers/08a284de-cadf-450c-ad61-fad59fd85358 0.781s
2025-04-08 01:28:40.847 69824 INFO tempest.lib.common.rest_client [req-1118282a-324e-47ea-9abc-5322097a2ae5 req-1118282a-324e-47ea-9abc-5322097a2ae5 ] Request (DeleteServersAdminTestJSON:test_delete_server_while_in_error_state): 200 GET http://10.180.1.21/compute/v2.1/servers/8c620fb8-43fd-42ef-a624-f7322147c3b0 0.741s
2025-04-08 01:28:40.869 69808 INFO tempest.lib.common.rest_client [req-21f029bf-b6c8-4553-902a-e8a65634f1d3 req-21f029bf-b6c8-4553-902a-e8a65634f1d3 ] Request (SecurityGroupsTestJSON:test_list_security_groups_by_server): 200 GET http://10.180.1.21/compute/v2.1/servers/b9fd194d-c0af-49f6-b185-f99e2ecfdb55 0.801s
2025-04-08 01:28:40.902 69848 INFO tempest.lib.common.rest_client [req-b6b22e79-af1e-4ae1-a870-26efdace8dd3 req-b6b22e79-af1e-4ae1-a870-26efdace8dd3 ] Request (TenantUsagesTestJSON:tearDownClass): 200 GET http://10.180.1.21/compute/v2.1/servers/2d0eae83-e347-4b52-a5d6-322b6e613b28 0.775s
2025-04-08 01:28:40.921 69796 INFO tempest.lib.common.rest_client [req-d77e6826-ebe2-4206-8a3b-06e5fc551dcf req-d77e6826-ebe2-4206-8a3b-06e5fc551dcf ] Request (ListImageFiltersTestJSON:setUpClass): 200 GET http://10.180.1.21/compute/v2.1/servers/0511381c-3185-4825-9464-7b74e05e696f 0.767s
2025-04-08 01:28:40.939 69842 INFO tempest.lib.common.rest_client [req-4042457b-da47-43b5-8130-2df83ce8850c req-4042457b-da47-43b5-8130-2df83ce8850c ] Request (ImagesOneServerTestJSON:test_create_delete_image): 200 GET http://10.180.1.21/compute/v2.1/images/3abdcd77-b52c-4548-ae41-984fe82c1596 0.757s
2025-04-08 01:28:40.997 69834 INFO tempest.lib.common.rest_client [req-40740fab-41b2-4e30-bc0c-44ef3d66b35d req-40740fab-41b2-4e30-bc0c-44ef3d66b35d ] Request (ServerMetadataTestJSON:tearDownClass): 200 GET http://10.180.1.21/compute/v2.1/servers/940e8a8f-5bdc-49fc-8aac-8383d2218376 0.811s
2025-04-08 01:28:41.008 69790 INFO tempest.lib.common.rest_client [req-f5a36209-f4e9-4897-8b3e-ddfaa9c288a6 req-f5a36209-f4e9-4897-8b3e-ddfaa9c288a6 ] Request (MultipleCreateTestJSON:test_multiple_create_with_reservation_return): 200 GET http://10.180.1.21/compute/v2.1/servers/78fdc5c0-51d8-49b9-929f-810f9439c84a 0.739s
2025-04-08 01:28:41.081 69814 INFO tempest.lib.common.rest_client [req-993bd453-47e3-490b-826c-375d3166051a req-993bd453-47e3-490b-826c-375d3166051a ] Request (FloatingIPsAssociationTestJSON:tearDownClass): 200 GET http://10.180.1.21/compute/v2.1/servers/06a7d7eb-8f8c-4ad6-8d78-a7305dd2f492 0.667s
2025-04-08 01:28:41.100 69846 INFO tempest.lib.common.rest_client [req-eef6b1b1-f7b2-4ddc-9e0e-2273ea338ec5 req-eef6b1b1-f7b2-4ddc-9e0e-2273ea338ec5 ] Request (MigrationsAdminTest:test_list_migrations_in_flavor_resize_situation): 200 GET http://10.180.1.21/compute/v2.1/servers/959c58c5-2931-40dd-9afd-d3884a500adb 0.750s
2025-04-08 01:28:41.148 69798 INFO tempest.lib.common.rest_client [req-7b290efc-adc0-405d-8e1a-c4eb129a9e9b req-7b290efc-adc0-405d-8e1a-c4eb129a9e9b ] Request (ServersListShow298Test:test_list_show_update_rebuild_server_298): 200 GET http://10.180.1.21/compute/v2.1/servers/821a77a7-502f-482d-9e13-5317d69eab1e 0.640s
2025-04-08 01:28:41.284 69840 INFO tempest.lib.common.rest_client [req-8c97d6cf-4888-42b8-87c9-6c5d089568e3 req-8c97d6cf-4888-42b8-87c9-6c5d089568e3 ] Request (ServersTestMultiNic:test_verify_duplicate_network_nics): 200 GET http://10.180.1.21/compute/v2.1/servers/98f35e0d-bf83-4da6-a7f4-b8924c01bceb 0.577s
2025-04-08 01:28:41.364 69806 INFO tempest.lib.common.rest_client [req-ec52bebb-1e10-4488-9631-614042a0fb34 req-ec52bebb-1e10-4488-9631-614042a0fb34 ] Request (ImagesTestJSON:test_create_image_from_stopped_server): 200 GET http://10.180.1.21/compute/v2.1/servers/4767f76b-6acb-43be-b46c-18b2ca550d18 0.582s
2025-04-08 01:28:41.530 69850 INFO tempest.lib.common.rest_client [req-6c3b62a8-7429-409d-a6d2-e8fedc5ab74e req-6c3b62a8-7429-409d-a6d2-e8fedc5ab74e ] Request (ServersTestBootFromVolume:setUpClass): 200 GET http://10.180.1.21/compute/v2.1/servers/9a2b7ada-5d43-4e03-bcfc-eedb65417c5c 0.577s
2025-04-08 01:28:41.538 69850 INFO tempest.common.waiters [-] State transition "BUILD/spawning" ==> "ACTIVE/None" after 59 second wait
2025-04-08 01:28:41.562 69822 INFO tempest.lib.common.rest_client [req-7bd2ed2d-31a4-4c83-930e-bba6cd9566dc req-7bd2ed2d-31a4-4c83-930e-bba6cd9566dc ] Request (FloatingIPsNegativeTestJSON:setUpClass): 200 PUT http://10.180.1.21:9696/networking/v2.0/routers/cf49eea9-8ad6-4b57-91a2-0de1d45cd5dd/add_router_interface 0.816s
2025-04-08 01:28:41.562 69822 INFO tempest.lib.common.dynamic_creds [-] Created isolated network resources for: credentials: Credentials: {'domain_id': 'default', 'domain_name': 'Default', 'username': 'tempest-FloatingIPsNegativeTestJSON-716476834-project-member', 'project_domain_id': 'default', 'project_domain_name': 'Default', 'project_id': '267a127470924c3fbb976c3e09a11627', 'project_name': 'tempest-FloatingIPsNegativeTestJSON-716476834', 'tenant_id': '267a127470924c3fbb976c3e09a11627', 'tenant_name': 'tempest-FloatingIPsNegativeTestJSON-716476834', 'user_domain_id': 'default', 'user_domain_name': 'Default', 'user_id': '10b17c34aae44319a2dabe2d358f37e0', 'system': None}, Network: {'id': '7886f869-f695-49b5-8f3e-63b301d3f900', 'name': 'tempest-FloatingIPsNegativeTestJSON-2137103600-network', 'tenant_id': '267a127470924c3fbb976c3e09a11627', 'admin_state_up': True, 'mtu': 8950, 'status': 'ACTIVE', 'subnets': [], 'shared': False, 'project_id': '267a127470924c3fbb976c3e09a11627', 'port_security_enabled': True, 'router:external': False, 'provider:network_type': 'vlan', 'provider:physical_network': 'default', 'provider:segmentation_id': 656, 'availability_zone_hints': [], 'availability_zones': [], 'ipv4_address_scope': None, 'ipv6_address_scope': None, 'description': '', 'tags': [], 'created_at': '2025-04-08T01:28:39Z', 'updated_at': '2025-04-08T01:28:39Z', 'revision_number': 1}, Subnet: {'id': 'a745b354-5b2c-4b03-bc40-f887e00b85d8', 'name': 'tempest-FloatingIPsNegativeTestJSON-2137103600-subnet', 'tenant_id': '267a127470924c3fbb976c3e09a11627', 'network_id': '7886f869-f695-49b5-8f3e-63b301d3f900', 'ip_version': 4, 'subnetpool_id': None, 'enable_dhcp': True, 'ipv6_ra_mode': None, 'ipv6_address_mode': None, 'gateway_ip': '192.168.128.1', 'cidr': '192.168.128.0/28', 'allocation_pools': [{'start': '192.168.128.2', 'end': '192.168.128.14'}], 'host_routes': [], 'dns_nameservers': [], 'description': '', 'router:external': False, 'service_types': [], 'tags': [], 'created_at': '2025-04-08T01:28:39Z', 'updated_at': '2025-04-08T01:28:39Z', 'revision_number': 0, 'project_id': '267a127470924c3fbb976c3e09a11627'}, Router: {'id': 'cf49eea9-8ad6-4b57-91a2-0de1d45cd5dd', 'name': 'tempest-FloatingIPsNegativeTestJSON-2137103600-router', 'tenant_id': '267a127470924c3fbb976c3e09a11627', 'admin_state_up': True, 'status': 'ACTIVE', 'external_gateway_info': {'network_id': 'bec6d54c-37e2-4ad8-96fd-ef84b3640376', 'external_fixed_ips': [{'subnet_id': 'f6535f07-a419-4a5a-8457-4e781226aeef', 'ip_address': '10.180.180.169'}], 'enable_snat': True}, 'description': '', 'availability_zones': [], 'distributed': False, 'ha': False, 'availability_zone_hints': [], 'routes': [], 'flavor_id': None, 'tags': [], 'created_at': '2025-04-08T01:28:40Z', 'updated_at': '2025-04-08T01:28:40Z', 'revision_number': 2, 'project_id': '267a127470924c3fbb976c3e09a11627'}
2025-04-08 01:28:41.605 69852 INFO tempest.lib.common.rest_client [req-276f493e-5e83-455f-a0a1-bcd31368e674 req-276f493e-5e83-455f-a0a1-bcd31368e674 ] Request (ServerGroupTestJSON:test_create_server_with_scheduler_hint_group): 200 GET http://10.180.1.21/compute/v2.1/servers/5cb99bc6-0db5-47ba-9b06-ab3be1f8908e 0.567s
2025-04-08 01:28:41.639 69822 INFO tempest.lib.common.rest_client [req-18aeaa3b-98a6-4a85-bb2e-b1d1956cb225 req-18aeaa3b-98a6-4a85-bb2e-b1d1956cb225 ] Request (FloatingIPsNegativeTestJSON:setUpClass): 201 POST http://10.180.1.21/identity/v3/auth/tokens 0.073s
2025-04-08 01:28:41.656 69794 INFO tempest.lib.common.rest_client [req-2bb27805-150a-4bc0-b966-5b58a9ba2069 req-2bb27805-150a-4bc0-b966-5b58a9ba2069 ] Request (AttachInterfacesTestJSON:test_create_list_show_delete_interfaces_by_fixed_ip): 200 GET http://10.180.1.21/compute/v2.1/servers/1c559ad5-c4a3-4efe-9cf9-6cb5d6d0b46a 0.549s
2025-04-08 01:28:41.659 69816 WARNING tempest.lib.common.ssh [-] Failed to establish authenticated ssh connection to cirros@10.180.180.207 ([Errno None] Unable to connect to port 22 on 10.180.180.207). Number attempts: 3. Retry after 4 seconds.: paramiko.ssh_exception.NoValidConnectionsError: [Errno None] Unable to connect to port 22 on 10.180.180.207
2025-04-08 01:28:41.717 69830 INFO tempest.lib.common.rest_client [req-1cae7ccb-9055-44be-bb40-da35b7e39acb req-1cae7ccb-9055-44be-bb40-da35b7e39acb ] Request (ListServerFiltersTestJSON:tearDownClass): 200 GET http://10.180.1.21/compute/v2.1/servers/e57af8df-0b59-4899-af1c-872051a1c0ff 0.253s
2025-04-08 01:28:41.818 69850 INFO tempest.lib.common.rest_client [req-41f4524f-3ee5-461b-ad7b-dd560d12a84d req-41f4524f-3ee5-461b-ad7b-dd560d12a84d ] Request (ServersTestBootFromVolume:setUpClass): 200 GET http://10.180.1.21/compute/v2.1/servers/9a2b7ada-5d43-4e03-bcfc-eedb65417c5c/os-interface 0.280s
2025-04-08 01:28:41.901 69826 INFO tempest.lib.common.rest_client [req-9c10bbdc-d60d-4faa-b86f-53991855c8dc req-9c10bbdc-d60d-4faa-b86f-53991855c8dc ] Request (ServerActionsTestJSON:setUpClass): 200 GET http://10.180.1.21/compute/v2.1/servers/4095a995-43fe-4f2b-a38d-d83e46c20c7c 0.352s
2025-04-08 01:28:41.977 69838 INFO tempest.lib.common.rest_client [req-a4e3263f-6f93-404c-b69c-13b0a4b0e13a req-a4e3263f-6f93-404c-b69c-13b0a4b0e13a ] Request (ServersAdminNegativeTestJSON:tearDownClass): 200 GET http://10.180.1.21/compute/v2.1/servers/f27e471e-0e79-46a3-a2a4-10072c7f4a92 0.342s
2025-04-08 01:28:42.088 69822 INFO tempest.lib.common.rest_client [req-c8fbfea2-5bd5-473e-b97e-6270af341cc1 req-c8fbfea2-5bd5-473e-b97e-6270af341cc1 ] Request (FloatingIPsNegativeTestJSON:setUpClass): 200 GET http://10.180.1.21/compute/v2.1/os-floating-ips 0.448s
2025-04-08 01:28:42.158 69810 INFO tempest.lib.common.rest_client [req-9943e2aa-2264-45c6-9949-120637e95cd4 req-9943e2aa-2264-45c6-9949-120637e95cd4 ] Request (ServerDiagnosticsV248Test:test_get_server_diagnostics): 200 GET http://10.180.1.21/compute/v2.1/servers/e12f8476-00be-4b15-ac88-05b31bbecdb1 0.442s
2025-04-08 01:28:42.325 69850 INFO tempest.lib.common.rest_client [req-841f97c9-e6ee-4de1-aaf7-400a62e11605 req-841f97c9-e6ee-4de1-aaf7-400a62e11605 ] Request (ServersTestBootFromVolume:setUpClass): 200 PUT http://10.180.1.21:9696/networking/v2.0/floatingips/c13ffd2d-24ba-4f22-8e8b-7f39852f7362 0.505s
2025-04-08 01:28:42.326 69836 INFO tempest.lib.common.rest_client [req-98b72b39-6171-47ed-826a-c30ade4ff9f5 req-98b72b39-6171-47ed-826a-c30ade4ff9f5 ] Request (ServersTestManualDisk:setUpClass): 200 GET http://10.180.1.21/compute/v2.1/servers/f92d2111-2ca1-466f-8fea-d482fefcef95 0.581s
2025-04-08 01:28:42.380 69818 INFO tempest.lib.common.rest_client [req-06405179-b2e3-4779-83e6-0b1c0c731f46 req-06405179-b2e3-4779-83e6-0b1c0c731f46 ] Request (FloatingIPsAssociationNegativeTestJSON:test_associate_ip_to_server_with_floating_ip): 202 POST http://10.180.1.21/compute/v2.1/servers/52f865a3-f591-46d5-9fdb-c4abc4616358/action 1.855s
2025-04-08 01:28:42.412 69828 INFO tempest.lib.common.rest_client [req-45eb4985-c6e5-4575-b4ea-c0b78d2c2424 req-45eb4985-c6e5-4575-b4ea-c0b78d2c2424 ] Request (DeleteServersTestJSON:test_delete_server_while_in_attached_volume): 200 GET http://10.180.1.21/compute/v2.1/servers/7b169415-c41d-4e7e-92f0-b1a052b96fcb 0.607s
2025-04-08 01:28:42.439 69812 INFO tempest.lib.common.rest_client [req-0913841c-0bbe-4582-86ed-d3f86e57d4a3 req-0913841c-0bbe-4582-86ed-d3f86e57d4a3 ] Request (InstanceActionsV221TestJSON:test_get_list_deleted_instance_actions): 200 GET http://10.180.1.21/compute/v2.1/servers/08a284de-cadf-450c-ad61-fad59fd85358 0.628s
2025-04-08 01:28:42.464 69824 INFO tempest.lib.common.rest_client [req-dbd21801-ed60-4c4d-87d2-80d730c27dcd req-dbd21801-ed60-4c4d-87d2-80d730c27dcd ] Request (DeleteServersAdminTestJSON:test_delete_server_while_in_error_state): 200 GET http://10.180.1.21/compute/v2.1/servers/8c620fb8-43fd-42ef-a624-f7322147c3b0 0.606s
2025-04-08 01:28:42.489 69808 INFO tempest.lib.common.rest_client [req-e645896b-4eea-4bde-8f0d-aba3e4bea4c9 req-e645896b-4eea-4bde-8f0d-aba3e4bea4c9 ] Request (SecurityGroupsTestJSON:test_list_security_groups_by_server): 200 GET http://10.180.1.21/compute/v2.1/servers/b9fd194d-c0af-49f6-b185-f99e2ecfdb55 0.609s
2025-04-08 01:28:42.558 69796 INFO tempest.lib.common.rest_client [req-419ca23f-4ecc-4b27-a645-241f26b9afa5 req-419ca23f-4ecc-4b27-a645-241f26b9afa5 ] Request (ListImageFiltersTestJSON:setUpClass): 200 GET http://10.180.1.21/compute/v2.1/servers/0511381c-3185-4825-9464-7b74e05e696f 0.629s
2025-04-08 01:28:42.569 69848 INFO tempest.lib.common.rest_client [req-9cf87f8a-6529-4a0d-8114-c0c15f550c03 req-9cf87f8a-6529-4a0d-8114-c0c15f550c03 ] Request (TenantUsagesTestJSON:tearDownClass): 200 GET http://10.180.1.21/compute/v2.1/servers/2d0eae83-e347-4b52-a5d6-322b6e613b28 0.658s
2025-04-08 01:28:42.609 69842 INFO tempest.lib.common.rest_client [req-446e93a5-a7d3-41f6-8b1b-8acf63984706 req-446e93a5-a7d3-41f6-8b1b-8acf63984706 ] Request (ImagesOneServerTestJSON:test_create_delete_image): 200 GET http://10.180.1.21/compute/v2.1/images/3abdcd77-b52c-4548-ae41-984fe82c1596 0.663s
2025-04-08 01:28:42.645 69834 INFO tempest.lib.common.rest_client [req-350728a2-9621-4eda-9d5f-68b4586c1b7d req-350728a2-9621-4eda-9d5f-68b4586c1b7d ] Request (ServerMetadataTestJSON:tearDownClass): 200 GET http://10.180.1.21/compute/v2.1/servers/940e8a8f-5bdc-49fc-8aac-8383d2218376 0.638s
2025-04-08 01:28:42.677 69790 INFO tempest.lib.common.rest_client [req-7bb6ceb2-b882-4bb2-9a99-7480bdae4db0 req-7bb6ceb2-b882-4bb2-9a99-7480bdae4db0 ] Request (MultipleCreateTestJSON:test_multiple_create_with_reservation_return): 200 GET http://10.180.1.21/compute/v2.1/servers/78fdc5c0-51d8-49b9-929f-810f9439c84a 0.658s
2025-04-08 01:28:42.688 69790 INFO tempest.common.waiters [-] State transition "BUILD/scheduling" ==> "BUILD/None" after 43 second wait
2025-04-08 01:28:42.697 69822 INFO tempest.lib.common.rest_client [req-3d7fee21-e6b9-4ee1-9286-605358175058 req-3d7fee21-e6b9-4ee1-9286-605358175058 ] Request (FloatingIPsNegativeTestJSON:test_allocate_floating_ip_from_nonexistent_pool): 404 POST http://10.180.1.21/compute/v2.1/os-floating-ips 0.605s
2025-04-08 01:28:42.722 69814 INFO tempest.lib.common.rest_client [req-065b194f-6db8-499b-86f5-e2e461118c44 req-065b194f-6db8-499b-86f5-e2e461118c44 ] Request (FloatingIPsAssociationTestJSON:tearDownClass): 200 GET http://10.180.1.21/compute/v2.1/servers/06a7d7eb-8f8c-4ad6-8d78-a7305dd2f492 0.633s
2025-04-08 01:28:42.807 69798 INFO tempest.lib.common.rest_client [req-254fdb19-e272-45a9-96d5-c4ec0a90d1f8 req-254fdb19-e272-45a9-96d5-c4ec0a90d1f8 ] Request (ServersListShow298Test:test_list_show_update_rebuild_server_298): 200 GET http://10.180.1.21/compute/v2.1/servers/821a77a7-502f-482d-9e13-5317d69eab1e 0.642s
2025-04-08 01:28:42.837 69846 INFO tempest.lib.common.rest_client [req-dd5a2910-5632-45ee-898b-6bd306280ac5 req-dd5a2910-5632-45ee-898b-6bd306280ac5 ] Request (MigrationsAdminTest:test_list_migrations_in_flavor_resize_situation): 200 GET http://10.180.1.21/compute/v2.1/servers/959c58c5-2931-40dd-9afd-d3884a500adb 0.723s
2025-04-08 01:28:43.131 69804 WARNING tempest.lib.common.ssh [-] Failed to establish authenticated ssh connection to cirros@10.180.180.203 ([Errno None] Unable to connect to port 22 on 10.180.180.203). Number attempts: 1. Retry after 2 seconds.: paramiko.ssh_exception.NoValidConnectionsError: [Errno None] Unable to connect to port 22 on 10.180.180.203
2025-04-08 01:28:43.344 69850 INFO tempest.lib.common.rest_client [req-1ddf0bb8-0726-4305-8d0d-8074253a8f6e req-1ddf0bb8-0726-4305-8d0d-8074253a8f6e ] Request (ServersTestBootFromVolume:setUpClass): 200 GET http://10.180.1.21/compute/v2.1/servers/9a2b7ada-5d43-4e03-bcfc-eedb65417c5c 1.018s
2025-04-08 01:28:43.356 69850 INFO tempest.lib.common.ssh [-] Creating ssh connection to '10.180.180.226:22' as 'cirros' with public key authentication
2025-04-08 01:28:43.370 69840 INFO tempest.lib.common.rest_client [req-f0c8eea7-8a6b-4066-a69e-708ea549075d req-f0c8eea7-8a6b-4066-a69e-708ea549075d ] Request (ServersTestMultiNic:test_verify_duplicate_network_nics): 200 GET http://10.180.1.21/compute/v2.1/servers/98f35e0d-bf83-4da6-a7f4-b8924c01bceb 1.073s
2025-04-08 01:28:43.420 69806 INFO tempest.lib.common.rest_client [req-5a81a205-4d22-48ad-835f-107f1e22c4b9 req-5a81a205-4d22-48ad-835f-107f1e22c4b9 ] Request (ImagesTestJSON:test_create_image_from_stopped_server): 200 GET http://10.180.1.21/compute/v2.1/servers/4767f76b-6acb-43be-b46c-18b2ca550d18 1.044s
2025-04-08 01:28:43.481 69852 INFO tempest.lib.common.rest_client [req-d3fbb79a-cc32-49bd-90e3-4559fd611505 req-d3fbb79a-cc32-49bd-90e3-4559fd611505 ] Request (ServerGroupTestJSON:test_create_server_with_scheduler_hint_group): 200 GET http://10.180.1.21/compute/v2.1/servers/5cb99bc6-0db5-47ba-9b06-ab3be1f8908e 0.868s
2025-04-08 01:28:43.537 69794 INFO tempest.lib.common.rest_client [req-8a0db104-6c20-4bdc-b91b-6378356a4a9c req-8a0db104-6c20-4bdc-b91b-6378356a4a9c ] Request (AttachInterfacesTestJSON:test_create_list_show_delete_interfaces_by_fixed_ip): 200 GET http://10.180.1.21/compute/v2.1/servers/1c559ad5-c4a3-4efe-9cf9-6cb5d6d0b46a 0.872s
2025-04-08 01:28:43.571 69822 INFO tempest.lib.common.rest_client [req-c5a79ecc-dd86-4dce-9bac-89cdde136518 req-c5a79ecc-dd86-4dce-9bac-89cdde136518 ] Request (FloatingIPsNegativeTestJSON:test_delete_nonexistent_floating_ip): 404 DELETE http://10.180.1.21/compute/v2.1/os-floating-ips/8c112771-9982-4c7a-bacb-46ad5f166532 0.872s
2025-04-08 01:28:43.650 69830 INFO tempest.lib.common.rest_client [req-98ca4e54-b799-45db-a64c-eb696b7bf32f req-98ca4e54-b799-45db-a64c-eb696b7bf32f ] Request (ListServerFiltersTestJSON:tearDownClass): 200 GET http://10.180.1.21/compute/v2.1/servers/e57af8df-0b59-4899-af1c-872051a1c0ff 0.923s
2025-04-08 01:28:43.722 69826 INFO tempest.lib.common.rest_client [req-5cdcddaf-6b3a-4967-b8ba-5c28f4a66970 req-5cdcddaf-6b3a-4967-b8ba-5c28f4a66970 ] Request (ServerActionsTestJSON:setUpClass): 200 GET http://10.180.1.21/compute/v2.1/servers/4095a995-43fe-4f2b-a38d-d83e46c20c7c 0.810s
2025-04-08 01:28:43.785 69838 INFO tempest.lib.common.rest_client [req-b50fc99b-fe3c-4d58-845e-c6cfbccace9f req-b50fc99b-fe3c-4d58-845e-c6cfbccace9f ] Request (ServersAdminNegativeTestJSON:tearDownClass): 200 GET http://10.180.1.21/compute/v2.1/servers/f27e471e-0e79-46a3-a2a4-10072c7f4a92 0.790s
2025-04-08 01:28:43.850 69810 INFO tempest.lib.common.rest_client [req-a7d381e5-6a27-46e6-ab99-ee15a78ed271 req-a7d381e5-6a27-46e6-ab99-ee15a78ed271 ] Request (ServerDiagnosticsV248Test:test_get_server_diagnostics): 200 GET http://10.180.1.21/compute/v2.1/servers/e12f8476-00be-4b15-ac88-05b31bbecdb1 0.674s
2025-04-08 01:28:43.962 69820 WARNING tempest.lib.common.ssh [-] Failed to establish authenticated ssh connection to cirros@10.180.180.147 ([Errno None] Unable to connect to port 22 on 10.180.180.147). Number attempts: 7. Retry after 8 seconds.: paramiko.ssh_exception.NoValidConnectionsError: [Errno None] Unable to connect to port 22 on 10.180.180.147
2025-04-08 01:28:44.006 69836 INFO tempest.lib.common.rest_client [req-a40f9be3-d57a-4725-b12b-0edcf825be26 req-a40f9be3-d57a-4725-b12b-0edcf825be26 ] Request (ServersTestManualDisk:setUpClass): 200 GET http://10.180.1.21/compute/v2.1/servers/f92d2111-2ca1-466f-8fea-d482fefcef95 0.671s
2025-04-08 01:28:44.065 69828 INFO tempest.lib.common.rest_client [req-182344cd-5ff7-4a20-af40-080aa6175da9 req-182344cd-5ff7-4a20-af40-080aa6175da9 ] Request (DeleteServersTestJSON:test_delete_server_while_in_attached_volume): 200 GET http://10.180.1.21/compute/v2.1/servers/7b169415-c41d-4e7e-92f0-b1a052b96fcb 0.644s
2025-04-08 01:28:44.088 69818 INFO tempest.lib.common.rest_client [req-aeb250ac-d724-41c3-adbb-04fcbff95f26 req-aeb250ac-d724-41c3-adbb-04fcbff95f26 ] Request (FloatingIPsAssociationNegativeTestJSON:test_associate_ip_to_server_with_floating_ip): 200 POST http://10.180.1.21/compute/v2.1/os-floating-ips 1.708s
2025-04-08 01:28:44.117 69812 INFO tempest.lib.common.rest_client [req-043bf424-b511-42ca-97b6-1c2acea4895e req-043bf424-b511-42ca-97b6-1c2acea4895e ] Request (InstanceActionsV221TestJSON:test_get_list_deleted_instance_actions): 200 GET http://10.180.1.21/compute/v2.1/servers/08a284de-cadf-450c-ad61-fad59fd85358 0.665s
2025-04-08 01:28:44.142 69824 INFO tempest.lib.common.rest_client [req-a97f439f-4d2b-4e9b-92dc-3bb70343583e req-a97f439f-4d2b-4e9b-92dc-3bb70343583e ] Request (DeleteServersAdminTestJSON:test_delete_server_while_in_error_state): 200 GET http://10.180.1.21/compute/v2.1/servers/8c620fb8-43fd-42ef-a624-f7322147c3b0 0.668s
2025-04-08 01:28:44.167 69808 INFO tempest.lib.common.rest_client [req-5f57fdff-703c-46be-8234-0ceb543d3a05 req-5f57fdff-703c-46be-8234-0ceb543d3a05 ] Request (SecurityGroupsTestJSON:test_list_security_groups_by_server): 200 GET http://10.180.1.21/compute/v2.1/servers/b9fd194d-c0af-49f6-b185-f99e2ecfdb55 0.666s
2025-04-08 01:28:44.201 69796 INFO tempest.lib.common.rest_client [req-187be08b-91d2-4125-824d-69b1af688fac req-187be08b-91d2-4125-824d-69b1af688fac ] Request (ListImageFiltersTestJSON:setUpClass): 200 GET http://10.180.1.21/compute/v2.1/servers/0511381c-3185-4825-9464-7b74e05e696f 0.634s
2025-04-08 01:28:44.230 69848 INFO tempest.lib.common.rest_client [req-10505ba4-19a7-4085-813c-18b167439663 req-10505ba4-19a7-4085-813c-18b167439663 ] Request (TenantUsagesTestJSON:tearDownClass): 200 GET http://10.180.1.21/compute/v2.1/servers/2d0eae83-e347-4b52-a5d6-322b6e613b28 0.653s
2025-04-08 01:28:44.241 69842 INFO tempest.lib.common.rest_client [req-d071f2b5-23bd-4ff8-97c2-9545f5686639 req-d071f2b5-23bd-4ff8-97c2-9545f5686639 ] Request (ImagesOneServerTestJSON:test_create_delete_image): 200 GET http://10.180.1.21/compute/v2.1/images/3abdcd77-b52c-4548-ae41-984fe82c1596 0.624s
2025-04-08 01:28:44.309 69834 INFO tempest.lib.common.rest_client [req-9193d7b3-88af-4290-89a9-a0712627b09e req-9193d7b3-88af-4290-89a9-a0712627b09e ] Request (ServerMetadataTestJSON:tearDownClass): 200 GET http://10.180.1.21/compute/v2.1/servers/940e8a8f-5bdc-49fc-8aac-8383d2218376 0.655s
2025-04-08 01:28:44.317 69790 INFO tempest.lib.common.rest_client [req-e54587d1-d8a1-491b-9279-c3d4eeac4a57 req-e54587d1-d8a1-491b-9279-c3d4eeac4a57 ] Request (MultipleCreateTestJSON:test_multiple_create_with_reservation_return): 200 GET http://10.180.1.21/compute/v2.1/servers/78fdc5c0-51d8-49b9-929f-810f9439c84a 0.628s
2025-04-08 01:28:44.395 69814 INFO tempest.lib.common.rest_client [req-a6ef178f-52a4-4cd0-b124-f6e3b32a2e37 req-a6ef178f-52a4-4cd0-b124-f6e3b32a2e37 ] Request (FloatingIPsAssociationTestJSON:tearDownClass): 200 GET http://10.180.1.21/compute/v2.1/servers/06a7d7eb-8f8c-4ad6-8d78-a7305dd2f492 0.659s
2025-04-08 01:28:44.404 69798 INFO tempest.lib.common.rest_client [req-924dfcb2-3d74-439c-9439-76da2f5cadf0 req-924dfcb2-3d74-439c-9439-76da2f5cadf0 ] Request (ServersListShow298Test:test_list_show_update_rebuild_server_298): 200 GET http://10.180.1.21/compute/v2.1/servers/821a77a7-502f-482d-9e13-5317d69eab1e 0.581s
2025-04-08 01:28:44.493 69822 INFO tempest.lib.common.rest_client [req-048bde8c-fc15-4b78-82a5-54f40e40c8c9 req-048bde8c-fc15-4b78-82a5-54f40e40c8c9 ] Request (FloatingIPsNegativeTestJSON:tearDownClass): 200 PUT http://10.180.1.21:9696/networking/v2.0/routers/cf49eea9-8ad6-4b57-91a2-0de1d45cd5dd/remove_router_interface 0.915s
2025-04-08 01:28:44.612 69846 INFO tempest.lib.common.rest_client [req-df85a337-b4c8-4479-97b6-ea0fb396f896 req-df85a337-b4c8-4479-97b6-ea0fb396f896 ] Request (MigrationsAdminTest:test_list_migrations_in_flavor_resize_situation): 200 GET http://10.180.1.21/compute/v2.1/servers/959c58c5-2931-40dd-9afd-d3884a500adb 0.758s
2025-04-08 01:28:44.814 69818 INFO tempest.lib.common.rest_client [req-d7d18387-6474-4030-a6d7-cfcdc30fd0bf req-d7d18387-6474-4030-a6d7-cfcdc30fd0bf ] Request (FloatingIPsAssociationNegativeTestJSON:test_associate_ip_to_server_with_floating_ip): 400 POST http://10.180.1.21/compute/v2.1/servers/52f865a3-f591-46d5-9fdb-c4abc4616358/action 0.723s
2025-04-08 01:28:44.821 69840 INFO tempest.lib.common.rest_client [req-ab799e17-b6da-4e75-8699-3c785fa1c581 req-ab799e17-b6da-4e75-8699-3c785fa1c581 ] Request (ServersTestMultiNic:test_verify_duplicate_network_nics): 200 GET http://10.180.1.21/compute/v2.1/servers/98f35e0d-bf83-4da6-a7f4-b8924c01bceb 0.442s
2025-04-08 01:28:44.885 69852 INFO tempest.lib.common.rest_client [req-96f3231c-1621-4ae1-a59e-13563c4e9e97 req-96f3231c-1621-4ae1-a59e-13563c4e9e97 ] Request (ServerGroupTestJSON:test_create_server_with_scheduler_hint_group): 200 GET http://10.180.1.21/compute/v2.1/servers/5cb99bc6-0db5-47ba-9b06-ab3be1f8908e 0.391s
2025-04-08 01:28:44.895 69806 INFO tempest.lib.common.rest_client [req-f1707072-4553-4e61-be82-a5c943d90b8a req-f1707072-4553-4e61-be82-a5c943d90b8a ] Request (ImagesTestJSON:test_create_image_from_stopped_server): 200 GET http://10.180.1.21/compute/v2.1/servers/4767f76b-6acb-43be-b46c-18b2ca550d18 0.457s
2025-04-08 01:28:44.965 69794 INFO tempest.lib.common.rest_client [req-ebed47ad-23c8-44ea-8a91-5551074a1f24 req-ebed47ad-23c8-44ea-8a91-5551074a1f24 ] Request (AttachInterfacesTestJSON:test_create_list_show_delete_interfaces_by_fixed_ip): 200 GET http://10.180.1.21/compute/v2.1/servers/1c559ad5-c4a3-4efe-9cf9-6cb5d6d0b46a 0.420s
2025-04-08 01:28:44.969 69830 INFO tempest.lib.common.rest_client [req-d5502461-f92c-495c-b8ee-5af45a13902e req-d5502461-f92c-495c-b8ee-5af45a13902e ] Request (ListServerFiltersTestJSON:tearDownClass): 200 GET http://10.180.1.21/compute/v2.1/servers/e57af8df-0b59-4899-af1c-872051a1c0ff 0.311s
2025-04-08 01:28:44.997 69822 INFO tempest.lib.common.rest_client [req-2ebda5f1-0248-4cb8-a552-3cfde9ebe528 req-2ebda5f1-0248-4cb8-a552-3cfde9ebe528 ] Request (FloatingIPsNegativeTestJSON:tearDownClass): 204 DELETE http://10.180.1.21:9696/networking/v2.0/routers/cf49eea9-8ad6-4b57-91a2-0de1d45cd5dd 0.503s
2025-04-08 01:28:45.040 69826 INFO tempest.lib.common.rest_client [req-c029b823-d7b2-4bf0-af08-c5420adf0337 req-c029b823-d7b2-4bf0-af08-c5420adf0337 ] Request (ServerActionsTestJSON:setUpClass): 200 GET http://10.180.1.21/compute/v2.1/servers/4095a995-43fe-4f2b-a38d-d83e46c20c7c 0.308s
2025-04-08 01:28:45.042 69838 INFO tempest.lib.common.rest_client [req-ac4b4f70-36c3-4350-a1a6-d9bd6ec778b9 req-ac4b4f70-36c3-4350-a1a6-d9bd6ec778b9 ] Request (ServersAdminNegativeTestJSON:tearDownClass): 200 GET http://10.180.1.21/compute/v2.1/servers/f27e471e-0e79-46a3-a2a4-10072c7f4a92 0.248s
2025-04-08 01:28:45.116 69810 INFO tempest.lib.common.rest_client [req-47035f02-d9f8-4997-9e4d-40e471c54c50 req-47035f02-d9f8-4997-9e4d-40e471c54c50 ] Request (ServerDiagnosticsV248Test:test_get_server_diagnostics): 200 GET http://10.180.1.21/compute/v2.1/servers/e12f8476-00be-4b15-ac88-05b31bbecdb1 0.251s
2025-04-08 01:28:45.339 69822 INFO tempest.lib.common.rest_client [req-94399972-7961-4940-bcf8-186639af5adf req-94399972-7961-4940-bcf8-186639af5adf ] Request (FloatingIPsNegativeTestJSON:tearDownClass): 204 DELETE http://10.180.1.21:9696/networking/v2.0/subnets/a745b354-5b2c-4b03-bc40-f887e00b85d8 0.340s
2025-04-08 01:28:45.441 69836 INFO tempest.lib.common.rest_client [req-81b10c58-9a5c-4ae9-9575-866bf8757b8b req-81b10c58-9a5c-4ae9-9575-866bf8757b8b ] Request (ServersTestManualDisk:setUpClass): 200 GET http://10.180.1.21/compute/v2.1/servers/f92d2111-2ca1-466f-8fea-d482fefcef95 0.426s
2025-04-08 01:28:45.527 69828 INFO tempest.lib.common.rest_client [req-9449586e-f6e0-44f4-a29a-6bbf90a92fb1 req-9449586e-f6e0-44f4-a29a-6bbf90a92fb1 ] Request (DeleteServersTestJSON:test_delete_server_while_in_attached_volume): 200 GET http://10.180.1.21/compute/v2.1/servers/7b169415-c41d-4e7e-92f0-b1a052b96fcb 0.451s
2025-04-08 01:28:45.708 69818 INFO tempest.lib.common.rest_client [req-5fe5e85d-06b0-4651-8ddb-c309bf27935c req-5fe5e85d-06b0-4651-8ddb-c309bf27935c ] Request (FloatingIPsAssociationNegativeTestJSON:_run_cleanups): 202 DELETE http://10.180.1.21/compute/v2.1/os-floating-ips/dbdcbe15-75e7-44cd-b417-90294e383672 0.894s
2025-04-08 01:28:45.714 69812 INFO tempest.lib.common.rest_client [req-b3f3e585-3c42-4110-abb6-63595dc6911e req-b3f3e585-3c42-4110-abb6-63595dc6911e ] Request (InstanceActionsV221TestJSON:test_get_list_deleted_instance_actions): 200 GET http://10.180.1.21/compute/v2.1/servers/08a284de-cadf-450c-ad61-fad59fd85358 0.585s
2025-04-08 01:28:45.722 69812 INFO tempest.common.waiters [-] State transition "BUILD/None" ==> "BUILD/block_device_mapping" after 59 second wait
2025-04-08 01:28:45.755 69832 WARNING tempest.lib.common.ssh [-] Failed to establish authenticated ssh connection to cirros@10.180.180.138 ([Errno None] Unable to connect to port 22 on 10.180.180.138). Number attempts: 7. Retry after 8 seconds.: paramiko.ssh_exception.NoValidConnectionsError: [Errno None] Unable to connect to port 22 on 10.180.180.138
2025-04-08 01:28:45.767 69824 INFO tempest.lib.common.rest_client [req-4f8f8ce8-d4a2-4afb-b00c-37ef3559f1f6 req-4f8f8ce8-d4a2-4afb-b00c-37ef3559f1f6 ] Request (DeleteServersAdminTestJSON:test_delete_server_while_in_error_state): 200 GET http://10.180.1.21/compute/v2.1/servers/8c620fb8-43fd-42ef-a624-f7322147c3b0 0.615s
2025-04-08 01:28:45.790 69808 INFO tempest.lib.common.rest_client [req-f05d55dc-2e89-4c36-8b09-1a7219f17cfb req-f05d55dc-2e89-4c36-8b09-1a7219f17cfb ] Request (SecurityGroupsTestJSON:test_list_security_groups_by_server): 200 GET http://10.180.1.21/compute/v2.1/servers/b9fd194d-c0af-49f6-b185-f99e2ecfdb55 0.613s
2025-04-08 01:28:45.829 69796 INFO tempest.lib.common.rest_client [req-8850fdb4-dabb-423b-9998-da46d267bda8 req-8850fdb4-dabb-423b-9998-da46d267bda8 ] Request (ListImageFiltersTestJSON:setUpClass): 200 GET http://10.180.1.21/compute/v2.1/servers/0511381c-3185-4825-9464-7b74e05e696f 0.620s
2025-04-08 01:28:45.864 69842 INFO tempest.lib.common.rest_client [req-5546657e-c974-49bc-b33a-2e3329a96a30 req-5546657e-c974-49bc-b33a-2e3329a96a30 ] Request (ImagesOneServerTestJSON:test_create_delete_image): 200 GET http://10.180.1.21/compute/v2.1/images/3abdcd77-b52c-4548-ae41-984fe82c1596 0.618s
2025-04-08 01:28:45.868 69848 INFO tempest.lib.common.rest_client [req-c8b1a8cc-224f-429b-a562-02341dfe2c97 req-c8b1a8cc-224f-429b-a562-02341dfe2c97 ] Request (TenantUsagesTestJSON:tearDownClass): 200 GET http://10.180.1.21/compute/v2.1/servers/2d0eae83-e347-4b52-a5d6-322b6e613b28 0.630s
2025-04-08 01:28:45.930 69834 INFO tempest.lib.common.rest_client [req-98f46f1b-d17c-4737-af0a-9f86fa85ea42 req-98f46f1b-d17c-4737-af0a-9f86fa85ea42 ] Request (ServerMetadataTestJSON:tearDownClass): 200 GET http://10.180.1.21/compute/v2.1/servers/940e8a8f-5bdc-49fc-8aac-8383d2218376 0.610s
2025-04-08 01:28:45.931 69790 INFO tempest.lib.common.rest_client [req-0d8b84c6-2736-45be-ae12-f1c71761de1b req-0d8b84c6-2736-45be-ae12-f1c71761de1b ] Request (MultipleCreateTestJSON:test_multiple_create_with_reservation_return): 200 GET http://10.180.1.21/compute/v2.1/servers/78fdc5c0-51d8-49b9-929f-810f9439c84a 0.601s
2025-04-08 01:28:46.015 69814 INFO tempest.lib.common.rest_client [req-2606d14f-4776-40df-aa64-b53a14a15655 req-2606d14f-4776-40df-aa64-b53a14a15655 ] Request (FloatingIPsAssociationTestJSON:tearDownClass): 200 GET http://10.180.1.21/compute/v2.1/servers/06a7d7eb-8f8c-4ad6-8d78-a7305dd2f492 0.608s
2025-04-08 01:28:46.032 69798 INFO tempest.lib.common.rest_client [req-a8351cc3-9ef6-4ac5-a168-2178cca688c3 req-a8351cc3-9ef6-4ac5-a168-2178cca688c3 ] Request (ServersListShow298Test:test_list_show_update_rebuild_server_298): 200 GET http://10.180.1.21/compute/v2.1/servers/821a77a7-502f-482d-9e13-5317d69eab1e 0.615s
2025-04-08 01:28:46.034 69822 INFO tempest.lib.common.rest_client [req-9534240b-b622-4009-8d01-9262ee8e3817 req-9534240b-b622-4009-8d01-9262ee8e3817 ] Request (FloatingIPsNegativeTestJSON:tearDownClass): 204 DELETE http://10.180.1.21:9696/networking/v2.0/networks/7886f869-f695-49b5-8f3e-63b301d3f900 0.695s
2025-04-08 01:28:46.117 69822 INFO tempest.lib.common.rest_client [req-34f9cabb-a602-4fe7-89d9-1e4ba568f60a req-34f9cabb-a602-4fe7-89d9-1e4ba568f60a ] Request (FloatingIPsNegativeTestJSON:tearDownClass): 204 DELETE http://10.180.1.21/identity/v3/users/10b17c34aae44319a2dabe2d358f37e0 0.082s
2025-04-08 01:28:46.118 69822 INFO tempest.lib.common.dynamic_creds [-] Deleting project and security group for project: 267a127470924c3fbb976c3e09a11627
2025-04-08 01:28:46.143 69822 INFO tempest.lib.common.rest_client [req-a86015a2-8e13-4a8c-a339-863bfed9f9ab req-a86015a2-8e13-4a8c-a339-863bfed9f9ab ] Request (FloatingIPsNegativeTestJSON:tearDownClass): 200 GET http://10.180.1.21:9696/networking/v2.0/security-groups?tenant_id=267a127470924c3fbb976c3e09a11627&name=default 0.025s
2025-04-08 01:28:46.164 69846 INFO tempest.lib.common.rest_client [req-f1aedfed-f205-46ad-b398-7032e9707669 req-f1aedfed-f205-46ad-b398-7032e9707669 ] Request (MigrationsAdminTest:test_list_migrations_in_flavor_resize_situation): 200 GET http://10.180.1.21/compute/v2.1/servers/959c58c5-2931-40dd-9afd-d3884a500adb 0.544s
2025-04-08 01:28:46.171 69846 INFO tempest.common.waiters [-] State transition "RESIZE/resize_prep" ==> "RESIZE/resize_migrating" after 33 second wait
