2025-04-08 01:28:19.512 69800 INFO tempest.lib.common.rest_client [req-dbb19d6d-84c7-4e1c-bf70-2e05069ae2f4 req-dbb19d6d-84c7-4e1c-bf70-2e05069ae2f4 ] Request (ServersTestFqdnHostnames:test_create_server_with_fqdn_name): 200 GET http://10.180.1.21/compute/v2.1/servers/8251990f-e7b0-42d9-bdb0-34f6b4f08e70 0.819s
2025-04-08 01:28:19.562 69830 INFO tempest.lib.common.rest_client [req-c0ff8d46-61a5-4245-bf07-ecdf44d478fd req-c0ff8d46-61a5-4245-bf07-ecdf44d478fd ] Request (ListServerFiltersTestJSON:test_list_servers_filtered_by_name_regex): 200 GET http://10.180.1.21/compute/v2.1/servers?name=-398503839 0.562s
2025-04-08 01:28:19.571 69804 INFO tempest.lib.common.rest_client [req-3c3be222-e184-4bb1-b3c7-d619073e969d req-3c3be222-e184-4bb1-b3c7-d619073e969d ] Request (AttachVolumeTestJSON:test_attach_detach_volume): 200 GET http://10.180.1.21/compute/v2.1/servers/fca9abff-1947-4808-8f04-4682cc5f8ddb 0.717s
2025-04-08 01:28:19.582 69852 INFO tempest.lib.common.rest_client [req-dc12c962-93b3-4ac7-8572-cefc57801181 req-dc12c962-93b3-4ac7-8572-cefc57801181 ] Request (ServerGroupTestJSON:test_create_delete_multiple_server_groups_with_same_name_policy): 200 GET http://10.180.1.21/compute/v2.1/os-server-groups 0.525s
2025-04-08 01:28:19.648 69826 INFO tempest.lib.common.rest_client [req-5389851e-3bf8-4dde-af3c-4f0992e1c48f req-5389851e-3bf8-4dde-af3c-4f0992e1c48f ] Request (ServerActionsTestJSON:setUpClass): 200 GET http://10.180.1.21/compute/v2.1/servers/4095a995-43fe-4f2b-a38d-d83e46c20c7c 0.609s
2025-04-08 01:28:19.652 69818 INFO tempest.lib.common.rest_client [req-822e5f5b-247b-4af9-82ed-268b33fff73e req-822e5f5b-247b-4af9-82ed-268b33fff73e ] Request (FloatingIPsAssociationNegativeTestJSON:setUpClass): 200 GET http://10.180.1.21/compute/v2.1/servers/52f865a3-f591-46d5-9fdb-c4abc4616358 0.561s
2025-04-08 01:28:19.725 69810 INFO tempest.lib.common.rest_client [req-6c731b2d-8b8d-4823-a52f-a3bcd030b80b req-6c731b2d-8b8d-4823-a52f-a3bcd030b80b ] Request (ServerDiagnosticsV248Test:test_get_server_diagnostics): 200 GET http://10.180.1.21/compute/v2.1/servers/e12f8476-00be-4b15-ac88-05b31bbecdb1 0.573s
2025-04-08 01:28:19.796 69836 INFO tempest.lib.common.rest_client [req-9045ebee-1dfc-406a-8280-6b906847ca30 req-9045ebee-1dfc-406a-8280-6b906847ca30 ] Request (ServersTestManualDisk:setUpClass): 200 GET http://10.180.1.21/compute/v2.1/servers/f92d2111-2ca1-466f-8fea-d482fefcef95 0.591s
2025-04-08 01:28:19.944 69808 INFO tempest.lib.common.rest_client [req-225c5aa6-d5e9-402d-a5c9-56336b6e7bf4 req-225c5aa6-d5e9-402d-a5c9-56336b6e7bf4 ] Request (SecurityGroupsTestJSON:test_list_security_groups_by_server): 200 POST http://10.180.1.21/compute/v2.1/os-security-groups 0.798s
2025-04-08 01:28:19.980 69808 INFO tempest.lib.common.rest_client [req-deede4d1-4118-49af-8f40-538caa1a32c7 req-deede4d1-4118-49af-8f40-538caa1a32c7 ] Request (SecurityGroupsTestJSON:test_list_security_groups_by_server): 201 POST http://10.180.1.21/identity/v3/auth/tokens 0.028s
2025-04-08 01:28:19.981 69808 INFO tempest.lib.common.fixed_network [-] (SecurityGroupsTestJSON:test_list_security_groups_by_server) Found network {'id': 'e63a8f0f-4292-47e5-b231-decd0ad32c87', 'name': 'tempest-SecurityGroupsTestJSON-347331754-network', 'tenant_id': '755f6ff6ae2542c481f7f8ed41432611', 'admin_state_up': True, 'mtu': 8950, 'status': 'ACTIVE', 'subnets': [], 'shared': False, 'project_id': '755f6ff6ae2542c481f7f8ed41432611', 'port_security_enabled': True, 'router:external': False, 'provider:network_type': 'vlan', 'provider:physical_network': 'default', 'provider:segmentation_id': 800, 'availability_zone_hints': [], 'availability_zones': [], 'ipv4_address_scope': None, 'ipv6_address_scope': None, 'description': '', 'tags': [], 'created_at': '2025-04-08T01:28:13Z', 'updated_at': '2025-04-08T01:28:13Z', 'revision_number': 1} available for tenant
2025-04-08 01:28:19.995 69848 INFO tempest.lib.common.rest_client [req-088ed3c6-e70d-4b07-b72c-3d3be6654fe4 req-088ed3c6-e70d-4b07-b72c-3d3be6654fe4 ] Request (TenantUsagesTestJSON:setUpClass): 200 GET http://10.180.1.21/compute/v2.1/servers/2d0eae83-e347-4b52-a5d6-322b6e613b28 0.777s
2025-04-08 01:28:20.003 69848 INFO tempest.common.waiters [-] State transition "BUILD/networking" ==> "BUILD/spawning" after 42 second wait
2025-04-08 01:28:20.038 69834 INFO tempest.lib.common.rest_client [req-d5cccf39-82cb-470d-80d2-fe6aa2fb3bec req-d5cccf39-82cb-470d-80d2-fe6aa2fb3bec ] Request (ServerMetadataTestJSON:test_delete_server_metadata_item): 204 DELETE http://10.180.1.21/compute/v2.1/servers/940e8a8f-5bdc-49fc-8aac-8383d2218376/metadata/key1 0.653s
2025-04-08 01:28:20.171 69846 INFO tempest.lib.common.rest_client [req-ccdcb06d-c503-4e9a-a653-3e41a08e637e req-ccdcb06d-c503-4e9a-a653-3e41a08e637e ] Request (MigrationsAdminTest:test_list_migrations_in_flavor_resize_situation): 200 GET http://10.180.1.21/compute/v2.1/servers/959c58c5-2931-40dd-9afd-d3884a500adb 0.781s
2025-04-08 01:28:20.441 69794 INFO tempest.lib.common.rest_client [req-ff2be8bd-a820-416a-900b-47e039dff96a req-ff2be8bd-a820-416a-900b-47e039dff96a ] Request (SecurityGroupRulesTestJSON:test_security_group_rules_delete_when_peer_group_deleted): 200 POST http://10.180.1.21/compute/v2.1/os-security-group-rules 1.000s
2025-04-08 01:28:20.512 69828 INFO tempest.lib.common.rest_client [req-5a642037-652e-448b-a7a7-62d4ef6d025e req-5a642037-652e-448b-a7a7-62d4ef6d025e ] Request (DeleteServersTestJSON:test_delete_server_while_in_attached_volume): 200 GET http://10.180.1.21/compute/v2.1/servers/7b169415-c41d-4e7e-92f0-b1a052b96fcb 0.963s
2025-04-08 01:28:20.562 69830 INFO tempest.lib.common.rest_client [req-9e5fdb1c-8613-4782-9750-fcbfb7caa408 req-9e5fdb1c-8613-4782-9750-fcbfb7caa408 ] Request (ListServerFiltersTestJSON:test_list_servers_filtered_by_name_wildcard): 200 GET http://10.180.1.21/compute/v2.1/servers?name=-instance 0.991s
2025-04-08 01:28:20.615 69852 INFO tempest.lib.common.rest_client [req-c20cf1b8-6760-4bea-988b-66ed427f58a7 req-c20cf1b8-6760-4bea-988b-66ed427f58a7 ] Request (ServerGroupTestJSON:test_create_delete_server_group_with_affinity_policy): 200 POST http://10.180.1.21/compute/v2.1/os-server-groups 1.029s
2025-04-08 01:28:20.670 69812 INFO tempest.lib.common.rest_client [req-0d517c04-76eb-4b9d-9413-eb8aa28d564f req-0d517c04-76eb-4b9d-9413-eb8aa28d564f ] Request (InstanceActionsV221TestJSON:test_get_list_deleted_instance_actions): 200 GET http://10.180.1.21/compute/v2.1/servers/08a284de-cadf-450c-ad61-fad59fd85358 1.050s
2025-04-08 01:28:20.744 69844 INFO tempest.lib.common.rest_client [req-dd1f223d-51d6-41ab-85dd-11378a87bd94 req-dd1f223d-51d6-41ab-85dd-11378a87bd94 ] Request (ServerAddressesTestJSON:tearDownClass): 200 GET http://10.180.1.21/compute/v2.1/servers/0d536aa2-86c7-434a-8673-9c11c8e89a83 1.049s
2025-04-08 01:28:20.793 69796 INFO tempest.lib.common.rest_client [req-1d2b4562-f68a-4218-9ada-3e9aa8bc9ad2 req-1d2b4562-f68a-4218-9ada-3e9aa8bc9ad2 ] Request (ListImageFiltersTestJSON:setUpClass): 200 GET http://10.180.1.21/compute/v2.1/servers/0511381c-3185-4825-9464-7b74e05e696f 1.044s
2025-04-08 01:28:20.849 69842 INFO tempest.lib.common.rest_client [req-d63cf566-3b72-4718-8281-98d5507afbe4 req-d63cf566-3b72-4718-8281-98d5507afbe4 ] Request (ImagesOneServerTestJSON:setUpClass): 200 GET http://10.180.1.21/compute/v2.1/servers/d3aa1b2b-ff7b-44d5-8cd2-b6c6d870734d 1.077s
2025-04-08 01:28:20.856 69842 INFO tempest.common.waiters [-] State transition "BUILD/None" ==> "BUILD/networking" after 41 second wait
2025-04-08 01:28:20.881 69814 INFO tempest.lib.common.rest_client [req-ec89e0c5-5da5-41b3-b46c-f5900b77de93 req-ec89e0c5-5da5-41b3-b46c-f5900b77de93 ] Request (FloatingIPsAssociationTestJSON:test_associate_disassociate_floating_ip): 202 POST http://10.180.1.21/compute/v2.1/servers/ac03567e-0faa-4105-87c5-f3d4a0a19289/action 1.563s
2025-04-08 01:28:20.904 69824 INFO tempest.lib.common.rest_client [req-d4c1c3a8-c7b8-46fa-b6d5-9fbd09e20206 req-d4c1c3a8-c7b8-46fa-b6d5-9fbd09e20206 ] Request (DeleteServersAdminTestJSON:test_delete_server_while_in_error_state): 200 GET http://10.180.1.21/compute/v2.1/servers/8c620fb8-43fd-42ef-a624-f7322147c3b0 1.105s
2025-04-08 01:28:20.957 69822 INFO tempest.lib.common.rest_client [req-d172e5de-a0c4-490d-be80-169e0f8fb476 req-d172e5de-a0c4-490d-be80-169e0f8fb476 ] Request (ServerExternalEventsTest:tearDownClass): 200 GET http://10.180.1.21/compute/v2.1/servers/687e47c3-01a5-4bcd-a71a-01de53502f4d 1.106s
2025-04-08 01:28:20.968 69850 INFO tempest.lib.common.rest_client [req-97cc93ba-034a-4d07-b2c2-d6865cc45a6e req-97cc93ba-034a-4d07-b2c2-d6865cc45a6e ] Request (ServersTestBootFromVolume:setUpClass): 200 GET http://10.180.1.21/compute/v2.1/servers/9a2b7ada-5d43-4e03-bcfc-eedb65417c5c 1.110s
2025-04-08 01:28:21.017 69790 INFO tempest.lib.common.rest_client [req-89cc0cd1-0dd0-4cb8-87f4-aa53bb1db652 req-89cc0cd1-0dd0-4cb8-87f4-aa53bb1db652 ] Request (MultipleCreateTestJSON:test_multiple_create_with_reservation_return): 200 GET http://10.180.1.21/compute/v2.1/servers/78fdc5c0-51d8-49b9-929f-810f9439c84a 1.109s
2025-04-08 01:28:21.041 69798 INFO tempest.lib.common.rest_client [req-25e2ff7e-3ef1-4b8f-b3fd-8f6a171432f9 req-25e2ff7e-3ef1-4b8f-b3fd-8f6a171432f9 ] Request (ServersListShow298Test:test_list_show_update_rebuild_server_298): 200 GET http://10.180.1.21/compute/v2.1/servers/821a77a7-502f-482d-9e13-5317d69eab1e 1.106s
2025-04-08 01:28:21.066 69834 INFO tempest.lib.common.rest_client [req-3e03de9d-5d5a-45c2-8f16-4957e229bc71 req-3e03de9d-5d5a-45c2-8f16-4957e229bc71 ] Request (ServerMetadataTestJSON:test_delete_server_metadata_item): 200 GET http://10.180.1.21/compute/v2.1/servers/940e8a8f-5bdc-49fc-8aac-8383d2218376/metadata 1.027s
2025-04-08 01:28:21.148 69840 INFO tempest.lib.common.rest_client [req-66d721cb-6b10-4b5a-87bd-de2df31c73ab req-66d721cb-6b10-4b5a-87bd-de2df31c73ab ] Request (ServersTestMultiNic:test_verify_duplicate_network_nics): 200 GET http://10.180.1.21/compute/v2.1/servers/98f35e0d-bf83-4da6-a7f4-b8924c01bceb 0.934s
2025-04-08 01:28:21.244 69838 INFO tempest.lib.common.rest_client [req-7a590a5c-8174-4752-b3cc-3a52c212582a req-7a590a5c-8174-4752-b3cc-3a52c212582a ] Request (ServersAdminNegativeTestJSON:tearDownClass): 200 GET http://10.180.1.21/compute/v2.1/servers/f27e471e-0e79-46a3-a2a4-10072c7f4a92 1.023s
2025-04-08 01:28:21.255 69838 INFO tempest.common.waiters [-] State transition "SUSPENDED/deleting" ==> "DELETED/None" after 2 second wait
2025-04-08 01:28:21.465 69816 INFO tempest.lib.common.rest_client [req-bb68072a-b600-4af6-8f61-9cf6ef38f379 req-bb68072a-b600-4af6-8f61-9cf6ef38f379 ] Request (VolumesAdminNegativeTest:test_update_attached_volume_with_nonexistent_volume_in_body): 200 GET http://10.180.1.21/compute/v2.1/servers/943364ed-68a8-49d5-b165-a19795d43933 1.125s
2025-04-08 01:28:21.702 69794 INFO tempest.lib.common.rest_client [req-051e0e87-865e-4ade-abe0-2e6326a1db3d req-051e0e87-865e-4ade-abe0-2e6326a1db3d ] Request (SecurityGroupRulesTestJSON:test_security_group_rules_delete_when_peer_group_deleted): 202 DELETE http://10.180.1.21/compute/v2.1/os-security-groups/98bcc358-6962-42a3-8c21-9d74fe0ef476 1.258s
2025-04-08 01:28:21.704 69808 INFO tempest.lib.common.rest_client [req-b05ee669-e13c-4776-aa8a-865825b5b881 req-b05ee669-e13c-4776-aa8a-865825b5b881 ] Request (SecurityGroupsTestJSON:test_list_security_groups_by_server): 202 POST http://10.180.1.21/compute/v2.1/servers 1.722s
2025-04-08 01:28:21.751 69806 INFO tempest.lib.common.rest_client [req-3d04c90c-2590-4844-b653-87b9bb11fec7 req-3d04c90c-2590-4844-b653-87b9bb11fec7 ] Request (ImagesTestJSON:test_create_image_from_stopped_server): 200 GET http://10.180.1.21/compute/v2.1/servers/4767f76b-6acb-43be-b46c-18b2ca550d18 1.239s
2025-04-08 01:28:21.798 69830 INFO tempest.lib.common.rest_client [req-17a2d619-fd73-4910-9d66-4bfc983c6186 req-17a2d619-fd73-4910-9d66-4bfc983c6186 ] Request (ListServerFiltersTestJSON:test_list_servers_filtered_by_name_wildcard): 200 GET http://10.180.1.21/compute/v2.1/servers?name=t-ListServerFiltersTestJSON-instance-39850383 1.234s
2025-04-08 01:28:21.824 69800 INFO tempest.lib.common.rest_client [req-38dc6f38-ad95-43b3-8401-bfa1b1624b04 req-38dc6f38-ad95-43b3-8401-bfa1b1624b04 ] Request (ServersTestFqdnHostnames:test_create_server_with_fqdn_name): 200 GET http://10.180.1.21/compute/v2.1/servers/8251990f-e7b0-42d9-bdb0-34f6b4f08e70 1.302s
2025-04-08 01:28:21.843 69804 INFO tempest.lib.common.rest_client [req-ec8642f0-3c3f-4ef6-ac40-8663c8c819cc req-ec8642f0-3c3f-4ef6-ac40-8663c8c819cc ] Request (AttachVolumeTestJSON:test_attach_detach_volume): 200 GET http://10.180.1.21/compute/v2.1/servers/fca9abff-1947-4808-8f04-4682cc5f8ddb 1.264s
2025-04-08 01:28:21.843 69852 INFO tempest.lib.common.rest_client [req-6942a11e-53ba-464f-9ec7-740a1672ecce req-6942a11e-53ba-464f-9ec7-740a1672ecce ] Request (ServerGroupTestJSON:test_create_delete_server_group_with_affinity_policy): 204 DELETE http://10.180.1.21/compute/v2.1/os-server-groups/d85a2960-3570-4974-9f7a-55d4c3e540b3 1.226s
2025-04-08 01:28:21.896 69818 INFO tempest.lib.common.rest_client [req-d8d64668-d797-4820-a09a-7558b5778d1d req-d8d64668-d797-4820-a09a-7558b5778d1d ] Request (FloatingIPsAssociationNegativeTestJSON:setUpClass): 200 GET http://10.180.1.21/compute/v2.1/servers/52f865a3-f591-46d5-9fdb-c4abc4616358 1.234s
2025-04-08 01:28:21.897 69826 INFO tempest.lib.common.rest_client [req-9007bfca-2b4d-4994-95b1-3e446bebf2da req-9007bfca-2b4d-4994-95b1-3e446bebf2da ] Request (ServerActionsTestJSON:setUpClass): 200 GET http://10.180.1.21/compute/v2.1/servers/4095a995-43fe-4f2b-a38d-d83e46c20c7c 1.240s
2025-04-08 01:28:21.950 69836 INFO tempest.lib.common.rest_client [req-6061e3e2-a584-4d00-b85a-7241e8b85963 req-6061e3e2-a584-4d00-b85a-7241e8b85963 ] Request (ServersTestManualDisk:setUpClass): 200 GET http://10.180.1.21/compute/v2.1/servers/f92d2111-2ca1-466f-8fea-d482fefcef95 1.144s
2025-04-08 01:28:21.955 69810 INFO tempest.lib.common.rest_client [req-42ba6637-ab41-4e39-9a85-8c0feac45043 req-42ba6637-ab41-4e39-9a85-8c0feac45043 ] Request (ServerDiagnosticsV248Test:test_get_server_diagnostics): 200 GET http://10.180.1.21/compute/v2.1/servers/e12f8476-00be-4b15-ac88-05b31bbecdb1 1.219s
2025-04-08 01:28:22.013 69814 INFO tempest.lib.common.rest_client [req-20dce38a-bafe-4630-922e-9f15ac65096f req-20dce38a-bafe-4630-922e-9f15ac65096f ] Request (FloatingIPsAssociationTestJSON:tearDownClass): 204 DELETE http://10.180.1.21/compute/v2.1/servers/06a7d7eb-8f8c-4ad6-8d78-a7305dd2f492 1.130s
2025-04-08 01:28:22.076 69848 INFO tempest.lib.common.rest_client [req-2429995a-87b3-4849-8d17-684c4b2a8ae4 req-2429995a-87b3-4849-8d17-684c4b2a8ae4 ] Request (TenantUsagesTestJSON:setUpClass): 200 GET http://10.180.1.21/compute/v2.1/servers/2d0eae83-e347-4b52-a5d6-322b6e613b28 1.073s
2025-04-08 01:28:22.100 69834 INFO tempest.lib.common.rest_client [req-35619eaf-e0a2-40dd-9242-dc3a26b7b322 req-35619eaf-e0a2-40dd-9242-dc3a26b7b322 ] Request (ServerMetadataTestJSON:setUp): 200 PUT http://10.180.1.21/compute/v2.1/servers/940e8a8f-5bdc-49fc-8aac-8383d2218376/metadata 1.031s
2025-04-08 01:28:22.157 69828 INFO tempest.lib.common.rest_client [req-6d48fd5a-b693-4a5a-a6b6-7c8f145f4665 req-6d48fd5a-b693-4a5a-a6b6-7c8f145f4665 ] Request (DeleteServersTestJSON:test_delete_server_while_in_attached_volume): 200 GET http://10.180.1.21/compute/v2.1/servers/7b169415-c41d-4e7e-92f0-b1a052b96fcb 0.637s
2025-04-08 01:28:22.194 69846 INFO tempest.lib.common.rest_client [req-5bb6447a-084d-4b08-acc9-0b9af7fd2490 req-5bb6447a-084d-4b08-acc9-0b9af7fd2490 ] Request (MigrationsAdminTest:test_list_migrations_in_flavor_resize_situation): 200 GET http://10.180.1.21/compute/v2.1/servers/959c58c5-2931-40dd-9afd-d3884a500adb 1.007s
2025-04-08 01:28:22.211 69812 INFO tempest.lib.common.rest_client [req-cfe79eea-10f2-4379-b739-2fc5295194a9 req-cfe79eea-10f2-4379-b739-2fc5295194a9 ] Request (InstanceActionsV221TestJSON:test_get_list_deleted_instance_actions): 200 GET http://10.180.1.21/compute/v2.1/servers/08a284de-cadf-450c-ad61-fad59fd85358 0.528s
2025-04-08 01:28:22.230 69794 INFO tempest.lib.common.rest_client [req-79252db0-7ba0-4949-b062-4fc6ec2c5bba req-79252db0-7ba0-4949-b062-4fc6ec2c5bba ] Request (SecurityGroupRulesTestJSON:test_security_group_rules_delete_when_peer_group_deleted): 200 GET http://10.180.1.21/compute/v2.1/os-security-groups/a32da613-3f52-4aa5-b0ba-6951c0b80570 0.527s
2025-04-08 01:28:22.258 69808 INFO tempest.lib.common.rest_client [req-c73736d8-c548-45f6-bc31-fcb9ea1d47dd req-c73736d8-c548-45f6-bc31-fcb9ea1d47dd ] Request (SecurityGroupsTestJSON:test_list_security_groups_by_server): 200 GET http://10.180.1.21/compute/v2.1/servers/b9fd194d-c0af-49f6-b185-f99e2ecfdb55 0.552s
2025-04-08 01:28:22.303 69844 INFO tempest.lib.common.rest_client [req-ea1b212b-9216-45f3-b5ef-43c81ef839ce req-ea1b212b-9216-45f3-b5ef-43c81ef839ce ] Request (ServerAddressesTestJSON:tearDownClass): 200 GET http://10.180.1.21/compute/v2.1/servers/0d536aa2-86c7-434a-8673-9c11c8e89a83 0.543s
2025-04-08 01:28:22.347 69830 INFO tempest.lib.common.rest_client [req-ad52dc80-6068-40bb-81d7-cb0ac853eb98 req-ad52dc80-6068-40bb-81d7-cb0ac853eb98 ] Request (ListServerFiltersTestJSON:tearDownClass): 204 DELETE http://10.180.1.21/compute/v2.1/servers/e57af8df-0b59-4899-af1c-872051a1c0ff 0.545s
2025-04-08 01:28:22.354 69796 INFO tempest.lib.common.rest_client [req-fd1e0bb6-ee30-4639-a96f-e0e383ce82c9 req-fd1e0bb6-ee30-4639-a96f-e0e383ce82c9 ] Request (ListImageFiltersTestJSON:setUpClass): 200 GET http://10.180.1.21/compute/v2.1/servers/0511381c-3185-4825-9464-7b74e05e696f 0.549s
2025-04-08 01:28:22.357 69852 INFO tempest.lib.common.rest_client [req-a815036c-5375-4bcf-934e-cab5ce8031cd req-a815036c-5375-4bcf-934e-cab5ce8031cd ] Request (ServerGroupTestJSON:test_create_delete_server_group_with_affinity_policy): 200 GET http://10.180.1.21/compute/v2.1/os-server-groups 0.513s
2025-04-08 01:28:22.415 69824 INFO tempest.lib.common.rest_client [req-b60a0c76-e221-465b-87e6-f8d22381af71 req-b60a0c76-e221-465b-87e6-f8d22381af71 ] Request (DeleteServersAdminTestJSON:test_delete_server_while_in_error_state): 200 GET http://10.180.1.21/compute/v2.1/servers/8c620fb8-43fd-42ef-a624-f7322147c3b0 0.499s
2025-04-08 01:28:22.480 69822 INFO tempest.lib.common.rest_client [req-97b53f4f-4a14-41a3-80cf-6dd5db90d552 req-97b53f4f-4a14-41a3-80cf-6dd5db90d552 ] Request (ServerExternalEventsTest:tearDownClass): 200 GET http://10.180.1.21/compute/v2.1/servers/687e47c3-01a5-4bcd-a71a-01de53502f4d 0.513s
2025-04-08 01:28:22.544 69850 INFO tempest.lib.common.rest_client [req-ae933b57-684c-4e0c-8544-8e2af111379b req-ae933b57-684c-4e0c-8544-8e2af111379b ] Request (ServersTestBootFromVolume:setUpClass): 200 GET http://10.180.1.21/compute/v2.1/servers/9a2b7ada-5d43-4e03-bcfc-eedb65417c5c 0.566s
2025-04-08 01:28:22.548 69842 INFO tempest.lib.common.rest_client [req-1ff2a588-1af0-48ef-8ffc-20ddc50da83a req-1ff2a588-1af0-48ef-8ffc-20ddc50da83a ] Request (ImagesOneServerTestJSON:setUpClass): 200 GET http://10.180.1.21/compute/v2.1/servers/d3aa1b2b-ff7b-44d5-8cd2-b6c6d870734d 0.691s
2025-04-08 01:28:22.555 69842 INFO tempest.common.waiters [-] State transition "BUILD/networking" ==> "BUILD/spawning" after 43 second wait
2025-04-08 01:28:22.825 69790 INFO tempest.lib.common.rest_client [req-aaa7c409-8302-4e42-94e6-8d613bc8c31a req-aaa7c409-8302-4e42-94e6-8d613bc8c31a ] Request (MultipleCreateTestJSON:test_multiple_create_with_reservation_return): 200 GET http://10.180.1.21/compute/v2.1/servers/78fdc5c0-51d8-49b9-929f-810f9439c84a 0.798s
2025-04-08 01:28:22.828 69814 INFO tempest.lib.common.rest_client [req-08887249-a675-49ea-ba7d-6e9a34da580a req-08887249-a675-49ea-ba7d-6e9a34da580a ] Request (FloatingIPsAssociationTestJSON:tearDownClass): 200 GET http://10.180.1.21/compute/v2.1/servers/06a7d7eb-8f8c-4ad6-8d78-a7305dd2f492 0.815s
2025-04-08 01:28:22.854 69834 INFO tempest.lib.common.rest_client [req-51919b52-616d-4234-8ff6-9c83c5bfc0bc req-51919b52-616d-4234-8ff6-9c83c5bfc0bc ] Request (ServerMetadataTestJSON:test_get_server_metadata_item): 200 GET http://10.180.1.21/compute/v2.1/servers/940e8a8f-5bdc-49fc-8aac-8383d2218376/metadata/key2 0.753s
2025-04-08 01:28:22.907 69798 INFO tempest.lib.common.rest_client [req-d1204156-ecf9-414e-8ea2-e7b4e2742ab9 req-d1204156-ecf9-414e-8ea2-e7b4e2742ab9 ] Request (ServersListShow298Test:test_list_show_update_rebuild_server_298): 200 GET http://10.180.1.21/compute/v2.1/servers/821a77a7-502f-482d-9e13-5317d69eab1e 0.854s
2025-04-08 01:28:22.925 69840 INFO tempest.lib.common.rest_client [req-a9f52248-7319-4861-b184-86dede485e73 req-a9f52248-7319-4861-b184-86dede485e73 ] Request (ServersTestMultiNic:test_verify_duplicate_network_nics): 200 GET http://10.180.1.21/compute/v2.1/servers/98f35e0d-bf83-4da6-a7f4-b8924c01bceb 0.768s
2025-04-08 01:28:23.005 69838 INFO tempest.lib.common.rest_client [req-0086fd2f-f2dd-409b-b5f2-6510ced54cee req-0086fd2f-f2dd-409b-b5f2-6510ced54cee ] Request (ServersAdminNegativeTestJSON:tearDownClass): 200 GET http://10.180.1.21/compute/v2.1/servers/f27e471e-0e79-46a3-a2a4-10072c7f4a92 0.748s
2025-04-08 01:28:23.251 69794 INFO tempest.lib.common.rest_client [req-e22c7b79-e699-4ec5-ab6b-4e1087b2eb55 req-e22c7b79-e699-4ec5-ab6b-4e1087b2eb55 ] Request (SecurityGroupRulesTestJSON:test_security_group_rules_list): 200 POST http://10.180.1.21/compute/v2.1/os-security-groups 1.016s
2025-04-08 01:28:23.274 69830 INFO tempest.lib.common.rest_client [req-70207ba7-1fca-4d43-b5f8-1182862411dc req-70207ba7-1fca-4d43-b5f8-1182862411dc ] Request (ListServerFiltersTestJSON:tearDownClass): 200 GET http://10.180.1.21/compute/v2.1/servers/e57af8df-0b59-4899-af1c-872051a1c0ff 0.927s
2025-04-08 01:28:23.354 69852 INFO tempest.lib.common.rest_client [req-06ac43e8-02e6-49b5-a6c0-39cafc842ab3 req-06ac43e8-02e6-49b5-a6c0-39cafc842ab3 ] Request (ServerGroupTestJSON:test_create_delete_server_group_with_anti_affinity_policy): 200 POST http://10.180.1.21/compute/v2.1/os-server-groups 0.994s
2025-04-08 01:28:23.421 69806 INFO tempest.lib.common.rest_client [req-e018df3a-60db-49ea-976c-48f97d01a487 req-e018df3a-60db-49ea-976c-48f97d01a487 ] Request (ImagesTestJSON:test_create_image_from_stopped_server): 200 GET http://10.180.1.21/compute/v2.1/servers/4767f76b-6acb-43be-b46c-18b2ca550d18 0.662s
2025-04-08 01:28:23.435 69816 INFO tempest.lib.common.rest_client [req-d8f4a0fa-961e-482a-84f1-b81d14394069 req-d8f4a0fa-961e-482a-84f1-b81d14394069 ] Request (VolumesAdminNegativeTest:test_update_attached_volume_with_nonexistent_volume_in_body): 200 GET http://10.180.1.21/compute/v2.1/servers/943364ed-68a8-49d5-b165-a19795d43933 0.962s
2025-04-08 01:28:23.492 69804 INFO tempest.lib.common.rest_client [req-6ff33d12-d2e5-43a1-8902-461ee4a1a368 req-6ff33d12-d2e5-43a1-8902-461ee4a1a368 ] Request (AttachVolumeTestJSON:test_attach_detach_volume): 200 GET http://10.180.1.21/compute/v2.1/servers/fca9abff-1947-4808-8f04-4682cc5f8ddb 0.641s
2025-04-08 01:28:23.527 69800 INFO tempest.lib.common.rest_client [req-c5df2e83-37a0-485d-9742-3e99b70e8692 req-c5df2e83-37a0-485d-9742-3e99b70e8692 ] Request (ServersTestFqdnHostnames:test_create_server_with_fqdn_name): 200 GET http://10.180.1.21/compute/v2.1/servers/8251990f-e7b0-42d9-bdb0-34f6b4f08e70 0.694s
2025-04-08 01:28:23.534 69800 INFO tempest.common.waiters [-] State transition "BUILD/spawning" ==> "ACTIVE/None" after 46 second wait
2025-04-08 01:28:23.548 69834 INFO tempest.lib.common.rest_client [req-defb98c7-da22-459e-9220-63a0ac38d1e9 req-defb98c7-da22-459e-9220-63a0ac38d1e9 ] Request (ServerMetadataTestJSON:setUp): 200 PUT http://10.180.1.21/compute/v2.1/servers/940e8a8f-5bdc-49fc-8aac-8383d2218376/metadata 0.692s
2025-04-08 01:28:23.580 69818 INFO tempest.lib.common.rest_client [req-97c1d8b7-1daa-4792-90d9-84f62e3387ab req-97c1d8b7-1daa-4792-90d9-84f62e3387ab ] Request (FloatingIPsAssociationNegativeTestJSON:setUpClass): 200 GET http://10.180.1.21/compute/v2.1/servers/52f865a3-f591-46d5-9fdb-c4abc4616358 0.676s
2025-04-08 01:28:23.594 69826 INFO tempest.lib.common.rest_client [req-ca763ecb-a8eb-4436-962b-8c7e9842fab3 req-ca763ecb-a8eb-4436-962b-8c7e9842fab3 ] Request (ServerActionsTestJSON:setUpClass): 200 GET http://10.180.1.21/compute/v2.1/servers/4095a995-43fe-4f2b-a38d-d83e46c20c7c 0.688s
2025-04-08 01:28:23.634 69836 INFO tempest.lib.common.rest_client [req-fb971a12-d144-4afb-9289-d88ed3d73f57 req-fb971a12-d144-4afb-9289-d88ed3d73f57 ] Request (ServersTestManualDisk:setUpClass): 200 GET http://10.180.1.21/compute/v2.1/servers/f92d2111-2ca1-466f-8fea-d482fefcef95 0.676s
2025-04-08 01:28:23.648 69810 INFO tempest.lib.common.rest_client [req-c7877c61-e184-45e6-945d-2a0bacbc67b5 req-c7877c61-e184-45e6-945d-2a0bacbc67b5 ] Request (ServerDiagnosticsV248Test:test_get_server_diagnostics): 200 GET http://10.180.1.21/compute/v2.1/servers/e12f8476-00be-4b15-ac88-05b31bbecdb1 0.682s
2025-04-08 01:28:23.707 69828 INFO tempest.lib.common.rest_client [req-8c1ed1cd-391d-4b65-af05-050e487d9087 req-8c1ed1cd-391d-4b65-af05-050e487d9087 ] Request (DeleteServersTestJSON:test_delete_server_while_in_attached_volume): 200 GET http://10.180.1.21/compute/v2.1/servers/7b169415-c41d-4e7e-92f0-b1a052b96fcb 0.538s
2025-04-08 01:28:23.777 69848 INFO tempest.lib.common.rest_client [req-f5cbf5be-13b2-4770-b0cc-4d13f5062c2f req-f5cbf5be-13b2-4770-b0cc-4d13f5062c2f ] Request (TenantUsagesTestJSON:setUpClass): 200 GET http://10.180.1.21/compute/v2.1/servers/2d0eae83-e347-4b52-a5d6-322b6e613b28 0.692s
2025-04-08 01:28:23.803 69820 WARNING tempest.lib.common.ssh [-] Failed to establish authenticated ssh connection to cirros@10.180.180.147 ([Errno None] Unable to connect to port 22 on 10.180.180.147). Number attempts: 5. Retry after 6 seconds.: paramiko.ssh_exception.NoValidConnectionsError: [Errno None] Unable to connect to port 22 on 10.180.180.147
2025-04-08 01:28:23.842 69812 INFO tempest.lib.common.rest_client [req-794cfce5-3fc1-4e9e-9872-3efbfcd3e61b req-794cfce5-3fc1-4e9e-9872-3efbfcd3e61b ] Request (InstanceActionsV221TestJSON:test_get_list_deleted_instance_actions): 200 GET http://10.180.1.21/compute/v2.1/servers/08a284de-cadf-450c-ad61-fad59fd85358 0.619s
2025-04-08 01:28:23.853 69846 INFO tempest.lib.common.rest_client [req-d929a9e1-f087-4747-bdec-b37471bb527c req-d929a9e1-f087-4747-bdec-b37471bb527c ] Request (MigrationsAdminTest:test_list_migrations_in_flavor_resize_situation): 200 GET http://10.180.1.21/compute/v2.1/servers/959c58c5-2931-40dd-9afd-d3884a500adb 0.650s
2025-04-08 01:28:23.914 69808 INFO tempest.lib.common.rest_client [req-7e1ef00e-8adc-4b0f-be66-2a55aeefb5f5 req-7e1ef00e-8adc-4b0f-be66-2a55aeefb5f5 ] Request (SecurityGroupsTestJSON:test_list_security_groups_by_server): 200 GET http://10.180.1.21/compute/v2.1/servers/b9fd194d-c0af-49f6-b185-f99e2ecfdb55 0.646s
2025-04-08 01:28:23.941 69844 INFO tempest.lib.common.rest_client [req-b389a271-ae44-4281-919a-3d9062fd47db req-b389a271-ae44-4281-919a-3d9062fd47db ] Request (ServerAddressesTestJSON:tearDownClass): 404 GET http://10.180.1.21/compute/v2.1/servers/0d536aa2-86c7-434a-8673-9c11c8e89a83 0.629s
2025-04-08 01:28:23.977 69852 INFO tempest.lib.common.rest_client [req-9b0c802f-3c59-4729-bdd8-c583d593faea req-9b0c802f-3c59-4729-bdd8-c583d593faea ] Request (ServerGroupTestJSON:test_create_delete_server_group_with_anti_affinity_policy): 204 DELETE http://10.180.1.21/compute/v2.1/os-server-groups/4c643bf6-d93a-4d4b-afd2-45dc91d00a88 0.622s
2025-04-08 01:28:24.038 69796 INFO tempest.lib.common.rest_client [req-cc0bd729-1e10-46b8-8217-14606836d812 req-cc0bd729-1e10-46b8-8217-14606836d812 ] Request (ListImageFiltersTestJSON:setUpClass): 200 GET http://10.180.1.21/compute/v2.1/servers/0511381c-3185-4825-9464-7b74e05e696f 0.671s
2025-04-08 01:28:24.107 69824 INFO tempest.lib.common.rest_client [req-8aa12edc-1269-400d-8db6-dde26816479a req-8aa12edc-1269-400d-8db6-dde26816479a ] Request (DeleteServersAdminTestJSON:test_delete_server_while_in_error_state): 200 GET http://10.180.1.21/compute/v2.1/servers/8c620fb8-43fd-42ef-a624-f7322147c3b0 0.682s
2025-04-08 01:28:24.121 69794 INFO tempest.lib.common.rest_client [req-2065722c-38cc-4478-8dd2-369ee7dbe0e5 req-2065722c-38cc-4478-8dd2-369ee7dbe0e5 ] Request (SecurityGroupRulesTestJSON:test_security_group_rules_list): 200 POST http://10.180.1.21/compute/v2.1/os-security-group-rules 0.865s
2025-04-08 01:28:24.203 69822 INFO tempest.lib.common.rest_client [req-7349f455-5584-4a27-8954-b6a64af0bdf2 req-7349f455-5584-4a27-8954-b6a64af0bdf2 ] Request (ServerExternalEventsTest:tearDownClass): 200 GET http://10.180.1.21/compute/v2.1/servers/687e47c3-01a5-4bcd-a71a-01de53502f4d 0.707s
2025-04-08 01:28:24.215 69800 INFO tempest.lib.common.rest_client [req-ae7b83c4-646d-46b3-91d7-3734bea3e407 req-ae7b83c4-646d-46b3-91d7-3734bea3e407 ] Request (ServersTestFqdnHostnames:test_create_server_with_fqdn_name): 200 GET http://10.180.1.21/compute/v2.1/servers/8251990f-e7b0-42d9-bdb0-34f6b4f08e70/os-interface 0.680s
2025-04-08 01:28:24.241 69834 INFO tempest.lib.common.rest_client [req-ec9f650e-1f87-4693-9aeb-e5afcee3aba9 req-ec9f650e-1f87-4693-9aeb-e5afcee3aba9 ] Request (ServerMetadataTestJSON:test_list_server_metadata): 200 GET http://10.180.1.21/compute/v2.1/servers/940e8a8f-5bdc-49fc-8aac-8383d2218376/metadata 0.692s
2025-04-08 01:28:24.278 69850 INFO tempest.lib.common.rest_client [req-cd6ce5bd-eaef-4082-a730-5ef0cd7cc728 req-cd6ce5bd-eaef-4082-a730-5ef0cd7cc728 ] Request (ServersTestBootFromVolume:setUpClass): 200 GET http://10.180.1.21/compute/v2.1/servers/9a2b7ada-5d43-4e03-bcfc-eedb65417c5c 0.725s
2025-04-08 01:28:24.354 69790 INFO tempest.lib.common.rest_client [req-a90da0c5-f1e7-46cf-a611-1aa4a670dc25 req-a90da0c5-f1e7-46cf-a611-1aa4a670dc25 ] Request (MultipleCreateTestJSON:test_multiple_create_with_reservation_return): 200 GET http://10.180.1.21/compute/v2.1/servers/78fdc5c0-51d8-49b9-929f-810f9439c84a 0.517s
2025-04-08 01:28:24.371 69842 INFO tempest.lib.common.rest_client [req-56884f8f-fca5-48a0-9ab1-b151eb6b0015 req-56884f8f-fca5-48a0-9ab1-b151eb6b0015 ] Request (ImagesOneServerTestJSON:setUpClass): 200 GET http://10.180.1.21/compute/v2.1/servers/d3aa1b2b-ff7b-44d5-8cd2-b6c6d870734d 0.815s
2025-04-08 01:28:24.431 69814 INFO tempest.lib.common.rest_client [req-4a25cdb0-b612-4cc0-a775-d62df72675e6 req-4a25cdb0-b612-4cc0-a775-d62df72675e6 ] Request (FloatingIPsAssociationTestJSON:tearDownClass): 200 GET http://10.180.1.21/compute/v2.1/servers/06a7d7eb-8f8c-4ad6-8d78-a7305dd2f492 0.590s
2025-04-08 01:28:24.442 69798 INFO tempest.lib.common.rest_client [req-2fc39f30-3e38-412f-a2ff-cc9ef2630a2c req-2fc39f30-3e38-412f-a2ff-cc9ef2630a2c ] Request (ServersListShow298Test:test_list_show_update_rebuild_server_298): 200 GET http://10.180.1.21/compute/v2.1/servers/821a77a7-502f-482d-9e13-5317d69eab1e 0.524s
2025-04-08 01:28:24.453 69852 INFO tempest.lib.common.rest_client [req-63bf5e10-d8e6-4b4b-8210-63721117884c req-63bf5e10-d8e6-4b4b-8210-63721117884c ] Request (ServerGroupTestJSON:test_create_delete_server_group_with_anti_affinity_policy): 200 GET http://10.180.1.21/compute/v2.1/os-server-groups 0.475s
2025-04-08 01:28:24.488 69840 INFO tempest.lib.common.rest_client [req-9a0b276f-4b55-49a9-8ecb-d5c744b2e2ec req-9a0b276f-4b55-49a9-8ecb-d5c744b2e2ec ] Request (ServersTestMultiNic:test_verify_duplicate_network_nics): 200 GET http://10.180.1.21/compute/v2.1/servers/98f35e0d-bf83-4da6-a7f4-b8924c01bceb 0.554s
2025-04-08 01:28:24.521 69838 INFO tempest.lib.common.rest_client [req-4a61be59-99c3-4d0c-a991-25159c628a73 req-4a61be59-99c3-4d0c-a991-25159c628a73 ] Request (ServersAdminNegativeTestJSON:tearDownClass): 200 GET http://10.180.1.21/compute/v2.1/servers/f27e471e-0e79-46a3-a2a4-10072c7f4a92 0.508s
2025-04-08 01:28:24.547 69852 INFO tempest.lib.common.rest_client [req-0a4f1399-4d4d-4394-92fc-2e98aacb02bd req-0a4f1399-4d4d-4394-92fc-2e98aacb02bd ] Request (ServerGroupTestJSON:test_create_server_with_scheduler_hint_group): 201 POST http://10.180.1.21/identity/v3/auth/tokens 0.085s
2025-04-08 01:28:24.548 69852 INFO tempest.lib.common.fixed_network [-] (ServerGroupTestJSON:test_create_server_with_scheduler_hint_group) Found network {'id': '233c0a28-2e12-424f-8f21-4ab774ce9473', 'name': 'tempest-ServerGroupTestJSON-173627282-network', 'tenant_id': 'a5250b6dcf754d95b57257de02796bbc', 'admin_state_up': True, 'mtu': 8950, 'status': 'ACTIVE', 'subnets': [], 'shared': False, 'project_id': 'a5250b6dcf754d95b57257de02796bbc', 'port_security_enabled': True, 'router:external': False, 'provider:network_type': 'vlan', 'provider:physical_network': 'default', 'provider:segmentation_id': 594, 'availability_zone_hints': [], 'availability_zones': [], 'ipv4_address_scope': None, 'ipv6_address_scope': None, 'description': '', 'tags': [], 'created_at': '2025-04-08T01:28:10Z', 'updated_at': '2025-04-08T01:28:10Z', 'revision_number': 1} available for tenant
2025-04-08 01:28:24.593 69834 INFO tempest.lib.common.rest_client [req-ff9069f8-5483-40c2-bdf2-4f24baa3b62c req-ff9069f8-5483-40c2-bdf2-4f24baa3b62c ] Request (ServerMetadataTestJSON:setUp): 200 PUT http://10.180.1.21/compute/v2.1/servers/940e8a8f-5bdc-49fc-8aac-8383d2218376/metadata 0.350s
2025-04-08 01:28:24.822 69800 INFO tempest.lib.common.rest_client [req-732f34ec-e311-47a7-8d7d-2075e796efec req-732f34ec-e311-47a7-8d7d-2075e796efec ] Request (ServersTestFqdnHostnames:test_create_server_with_fqdn_name): 200 PUT http://10.180.1.21:9696/networking/v2.0/floatingips/1fb35633-2a1a-424e-b6e2-8b2d798dc76d 0.601s
2025-04-08 01:28:24.823 69800 INFO tempest.lib.common.ssh [-] Creating ssh connection to '10.180.180.228:22' as 'cirros' with public key authentication
2025-04-08 01:28:24.841 69830 INFO tempest.lib.common.rest_client [req-34407a0c-8515-4e50-ad35-ea69d9f7496a req-34407a0c-8515-4e50-ad35-ea69d9f7496a ] Request (ListServerFiltersTestJSON:tearDownClass): 200 GET http://10.180.1.21/compute/v2.1/servers/e57af8df-0b59-4899-af1c-872051a1c0ff 0.557s
2025-04-08 01:28:24.911 69794 INFO tempest.lib.common.rest_client [req-e5f14e04-f391-4316-8192-a792f14918a7 req-e5f14e04-f391-4316-8192-a792f14918a7 ] Request (SecurityGroupRulesTestJSON:test_security_group_rules_list): 200 POST http://10.180.1.21/compute/v2.1/os-security-group-rules 0.786s
2025-04-08 01:28:24.926 69806 INFO tempest.lib.common.rest_client [req-b83709ed-758a-487c-ae3d-bbc86d908f9a req-b83709ed-758a-487c-ae3d-bbc86d908f9a ] Request (ImagesTestJSON:test_create_image_from_stopped_server): 200 GET http://10.180.1.21/compute/v2.1/servers/4767f76b-6acb-43be-b46c-18b2ca550d18 0.497s
2025-04-08 01:28:25.035 69804 INFO tempest.lib.common.rest_client [req-20dc8741-7065-45f7-a160-b40c170373cb req-20dc8741-7065-45f7-a160-b40c170373cb ] Request (AttachVolumeTestJSON:test_attach_detach_volume): 200 GET http://10.180.1.21/compute/v2.1/servers/fca9abff-1947-4808-8f04-4682cc5f8ddb 0.531s
2025-04-08 01:28:25.173 69816 INFO tempest.lib.common.rest_client [req-44a92bb8-d322-4fec-8d87-e4174aed5e9d req-44a92bb8-d322-4fec-8d87-e4174aed5e9d ] Request (VolumesAdminNegativeTest:test_update_attached_volume_with_nonexistent_volume_in_body): 200 GET http://10.180.1.21/compute/v2.1/servers/943364ed-68a8-49d5-b165-a19795d43933 0.725s
2025-04-08 01:28:25.264 69818 INFO tempest.lib.common.rest_client [req-21bab104-d372-484e-bddd-4ec4f375b10d req-21bab104-d372-484e-bddd-4ec4f375b10d ] Request (FloatingIPsAssociationNegativeTestJSON:setUpClass): 200 GET http://10.180.1.21/compute/v2.1/servers/52f865a3-f591-46d5-9fdb-c4abc4616358 0.671s
2025-04-08 01:28:25.360 69834 INFO tempest.lib.common.rest_client [req-89ed657d-86e7-4713-a36a-9d1e2c06d4e1 req-89ed657d-86e7-4713-a36a-9d1e2c06d4e1 ] Request (ServerMetadataTestJSON:test_set_server_metadata): 200 PUT http://10.180.1.21/compute/v2.1/servers/940e8a8f-5bdc-49fc-8aac-8383d2218376/metadata 0.766s
2025-04-08 01:28:25.446 69826 INFO tempest.lib.common.rest_client [req-d65f8586-04f7-4346-b702-f5a969f324ba req-d65f8586-04f7-4346-b702-f5a969f324ba ] Request (ServerActionsTestJSON:setUpClass): 200 GET http://10.180.1.21/compute/v2.1/servers/4095a995-43fe-4f2b-a38d-d83e46c20c7c 0.843s
2025-04-08 01:28:25.520 69836 INFO tempest.lib.common.rest_client [req-33b872dd-f8a8-4b5b-9e2e-901b749ca2c4 req-33b872dd-f8a8-4b5b-9e2e-901b749ca2c4 ] Request (ServersTestManualDisk:setUpClass): 200 GET http://10.180.1.21/compute/v2.1/servers/f92d2111-2ca1-466f-8fea-d482fefcef95 0.878s
2025-04-08 01:28:25.553 69844 INFO tempest.lib.common.rest_client [req-b931da89-e1ab-42a1-96d6-3d3a5761938f req-b931da89-e1ab-42a1-96d6-3d3a5761938f ] Request (ServerAddressesTestJSON:tearDownClass): 200 PUT http://10.180.1.21:9696/networking/v2.0/routers/b27daced-a12e-4781-891b-002f86a21ad3/remove_router_interface 1.611s
2025-04-08 01:28:25.575 69810 INFO tempest.lib.common.rest_client [req-2624ac56-cd23-404f-be63-8eb613cd4771 req-2624ac56-cd23-404f-be63-8eb613cd4771 ] Request (ServerDiagnosticsV248Test:test_get_server_diagnostics): 200 GET http://10.180.1.21/compute/v2.1/servers/e12f8476-00be-4b15-ac88-05b31bbecdb1 0.915s
2025-04-08 01:28:25.587 69810 INFO tempest.common.waiters [-] State transition "BUILD/scheduling" ==> "BUILD/None" after 32 second wait
2025-04-08 01:28:25.596 69832 WARNING tempest.lib.common.ssh [-] Failed to establish authenticated ssh connection to cirros@10.180.180.138 ([Errno None] Unable to connect to port 22 on 10.180.180.138). Number attempts: 5. Retry after 6 seconds.: paramiko.ssh_exception.NoValidConnectionsError: [Errno None] Unable to connect to port 22 on 10.180.180.138
2025-04-08 01:28:25.629 69828 INFO tempest.lib.common.rest_client [req-9e75488e-1849-4b71-ad56-211e37272501 req-9e75488e-1849-4b71-ad56-211e37272501 ] Request (DeleteServersTestJSON:test_delete_server_while_in_attached_volume): 200 GET http://10.180.1.21/compute/v2.1/servers/7b169415-c41d-4e7e-92f0-b1a052b96fcb 0.914s
2025-04-08 01:28:25.712 69852 INFO tempest.lib.common.rest_client [req-0f9fc0c4-d617-41f2-8cae-3e0a83e238d6 req-0f9fc0c4-d617-41f2-8cae-3e0a83e238d6 ] Request (ServerGroupTestJSON:test_create_server_with_scheduler_hint_group): 202 POST http://10.180.1.21/compute/v2.1/servers 1.164s
2025-04-08 01:28:25.942 69812 INFO tempest.lib.common.rest_client [req-bea61696-76cc-4947-b687-013b1758548f req-bea61696-76cc-4947-b687-013b1758548f ] Request (InstanceActionsV221TestJSON:test_get_list_deleted_instance_actions): 200 GET http://10.180.1.21/compute/v2.1/servers/08a284de-cadf-450c-ad61-fad59fd85358 1.087s
2025-04-08 01:28:26.049 69848 INFO tempest.lib.common.rest_client [req-4fd26e04-ab1c-40d3-b266-d211dd9d61f9 req-4fd26e04-ab1c-40d3-b266-d211dd9d61f9 ] Request (TenantUsagesTestJSON:setUpClass): 200 GET http://10.180.1.21/compute/v2.1/servers/2d0eae83-e347-4b52-a5d6-322b6e613b28 1.262s
2025-04-08 01:28:26.075 69844 INFO tempest.lib.common.rest_client [req-8baf043f-3f43-4d5f-80de-80266ba71a10 req-8baf043f-3f43-4d5f-80de-80266ba71a10 ] Request (ServerAddressesTestJSON:tearDownClass): 204 DELETE http://10.180.1.21:9696/networking/v2.0/routers/b27daced-a12e-4781-891b-002f86a21ad3 0.522s
2025-04-08 01:28:26.096 69846 INFO tempest.lib.common.rest_client [req-1c2eab80-9892-4969-96cf-9e5dbbfc056d req-1c2eab80-9892-4969-96cf-9e5dbbfc056d ] Request (MigrationsAdminTest:test_list_migrations_in_flavor_resize_situation): 200 GET http://10.180.1.21/compute/v2.1/servers/959c58c5-2931-40dd-9afd-d3884a500adb 1.234s
2025-04-08 01:28:26.112 69794 INFO tempest.lib.common.rest_client [req-c053eb0f-d7bf-4cc0-8ac2-414fbb225214 req-c053eb0f-d7bf-4cc0-8ac2-414fbb225214 ] Request (SecurityGroupRulesTestJSON:test_security_group_rules_list): 200 GET http://10.180.1.21/compute/v2.1/os-security-groups/0dcb9d6d-147c-4340-a1ea-cc72c9d43a69 1.199s
2025-04-08 01:28:26.192 69808 INFO tempest.lib.common.rest_client [req-d713f13f-8e65-4db3-98b5-aaccf5d0cb85 req-d713f13f-8e65-4db3-98b5-aaccf5d0cb85 ] Request (SecurityGroupsTestJSON:test_list_security_groups_by_server): 200 GET http://10.180.1.21/compute/v2.1/servers/b9fd194d-c0af-49f6-b185-f99e2ecfdb55 1.268s
2025-04-08 01:28:26.193 69796 INFO tempest.lib.common.rest_client [req-dc52ab46-5a78-4ffa-83c9-b3ac5a7555cf req-dc52ab46-5a78-4ffa-83c9-b3ac5a7555cf ] Request (ListImageFiltersTestJSON:setUpClass): 200 GET http://10.180.1.21/compute/v2.1/servers/0511381c-3185-4825-9464-7b74e05e696f 1.146s
2025-04-08 01:28:26.210 69844 INFO tempest.lib.common.rest_client [req-8035b5b6-43a1-45f1-a7ce-3602f01fadf1 req-8035b5b6-43a1-45f1-a7ce-3602f01fadf1 ] Request (ServerAddressesTestJSON:tearDownClass): 204 DELETE http://10.180.1.21:9696/networking/v2.0/subnets/de45c810-0d23-4323-a051-5a5759ee6c05 0.135s
2025-04-08 01:28:26.275 69824 INFO tempest.lib.common.rest_client [req-ed0e9450-b222-4c21-bd5c-892249608572 req-ed0e9450-b222-4c21-bd5c-892249608572 ] Request (DeleteServersAdminTestJSON:test_delete_server_while_in_error_state): 200 GET http://10.180.1.21/compute/v2.1/servers/8c620fb8-43fd-42ef-a624-f7322147c3b0 1.156s
2025-04-08 01:28:26.283 69822 INFO tempest.lib.common.rest_client [req-5021e612-9ed6-43e8-ad8a-ccb03680153a req-5021e612-9ed6-43e8-ad8a-ccb03680153a ] Request (ServerExternalEventsTest:tearDownClass): 200 GET http://10.180.1.21/compute/v2.1/servers/687e47c3-01a5-4bcd-a71a-01de53502f4d 1.070s
2025-04-08 01:28:26.322 69834 INFO tempest.lib.common.rest_client [req-7f1c353a-4738-468a-a554-2272b36485bf req-7f1c353a-4738-468a-a554-2272b36485bf ] Request (ServerMetadataTestJSON:test_set_server_metadata): 200 GET http://10.180.1.21/compute/v2.1/servers/940e8a8f-5bdc-49fc-8aac-8383d2218376/metadata 0.961s
2025-04-08 01:28:26.342 69850 INFO tempest.lib.common.rest_client [req-f116476e-120a-4747-ae8d-fbbf8e7f07d1 req-f116476e-120a-4747-ae8d-fbbf8e7f07d1 ] Request (ServersTestBootFromVolume:setUpClass): 200 GET http://10.180.1.21/compute/v2.1/servers/9a2b7ada-5d43-4e03-bcfc-eedb65417c5c 1.051s
2025-04-08 01:28:26.393 69790 INFO tempest.lib.common.rest_client [req-e28c4c0d-028a-4028-8e3c-3f1b7dc9fe4c req-e28c4c0d-028a-4028-8e3c-3f1b7dc9fe4c ] Request (MultipleCreateTestJSON:test_multiple_create_with_reservation_return): 200 GET http://10.180.1.21/compute/v2.1/servers/78fdc5c0-51d8-49b9-929f-810f9439c84a 1.028s
2025-04-08 01:28:26.504 69814 INFO tempest.lib.common.rest_client [req-346b3ca2-3222-4ee3-b46e-d6807f1debba req-346b3ca2-3222-4ee3-b46e-d6807f1debba ] Request (FloatingIPsAssociationTestJSON:tearDownClass): 200 GET http://10.180.1.21/compute/v2.1/servers/06a7d7eb-8f8c-4ad6-8d78-a7305dd2f492 1.064s
2025-04-08 01:28:26.532 69842 INFO tempest.lib.common.rest_client [req-854d5af8-34a3-45b9-9831-7f87dc532927 req-854d5af8-34a3-45b9-9831-7f87dc532927 ] Request (ImagesOneServerTestJSON:setUpClass): 200 GET http://10.180.1.21/compute/v2.1/servers/d3aa1b2b-ff7b-44d5-8cd2-b6c6d870734d 1.152s
2025-04-08 01:28:26.578 69798 INFO tempest.lib.common.rest_client [req-3782b3b1-b1d3-48b7-8ccb-3d40e058bc8e req-3782b3b1-b1d3-48b7-8ccb-3d40e058bc8e ] Request (ServersListShow298Test:test_list_show_update_rebuild_server_298): 200 GET http://10.180.1.21/compute/v2.1/servers/821a77a7-502f-482d-9e13-5317d69eab1e 1.124s
2025-04-08 01:28:26.592 69840 INFO tempest.lib.common.rest_client [req-5083b8ea-4b05-4988-aa89-5ad88a91cb1b req-5083b8ea-4b05-4988-aa89-5ad88a91cb1b ] Request (ServersTestMultiNic:test_verify_duplicate_network_nics): 200 GET http://10.180.1.21/compute/v2.1/servers/98f35e0d-bf83-4da6-a7f4-b8924c01bceb 1.091s
2025-04-08 01:28:26.662 69838 INFO tempest.lib.common.rest_client [req-d7a7f0a4-72af-4dc9-9bf9-d1e23073eec4 req-d7a7f0a4-72af-4dc9-9bf9-d1e23073eec4 ] Request (ServersAdminNegativeTestJSON:tearDownClass): 200 GET http://10.180.1.21/compute/v2.1/servers/f27e471e-0e79-46a3-a2a4-10072c7f4a92 1.131s
2025-04-08 01:28:26.665 69852 INFO tempest.lib.common.rest_client [req-dbd949fd-52ce-4f00-aac5-c15da243c6f6 req-dbd949fd-52ce-4f00-aac5-c15da243c6f6 ] Request (ServerGroupTestJSON:test_create_server_with_scheduler_hint_group): 200 GET http://10.180.1.21/compute/v2.1/servers/5cb99bc6-0db5-47ba-9b06-ab3be1f8908e 0.950s
2025-04-08 01:28:26.730 69806 INFO tempest.lib.common.rest_client [req-832b8f14-92a1-4fdd-a6de-157ccb418ec6 req-832b8f14-92a1-4fdd-a6de-157ccb418ec6 ] Request (ImagesTestJSON:test_create_image_from_stopped_server): 200 GET http://10.180.1.21/compute/v2.1/servers/4767f76b-6acb-43be-b46c-18b2ca550d18 0.789s
2025-04-08 01:28:26.750 69830 INFO tempest.lib.common.rest_client [req-71538577-63b0-46e2-a921-61e40f62279a req-71538577-63b0-46e2-a921-61e40f62279a ] Request (ListServerFiltersTestJSON:tearDownClass): 200 GET http://10.180.1.21/compute/v2.1/servers/e57af8df-0b59-4899-af1c-872051a1c0ff 0.900s
2025-04-08 01:28:26.765 69830 INFO tempest.common.waiters [-] State transition "ACTIVE/deleting" ==> "DELETED/None" after 3 second wait
2025-04-08 01:28:26.801 69844 INFO tempest.lib.common.rest_client [req-f6b9c5b5-c011-4e8c-b6a4-2b202619e75e req-f6b9c5b5-c011-4e8c-b6a4-2b202619e75e ] Request (ServerAddressesTestJSON:tearDownClass): 204 DELETE http://10.180.1.21:9696/networking/v2.0/networks/4fe7cb57-5ce7-4438-8f48-cf5577533da9 0.591s
2025-04-08 01:28:26.873 69844 INFO tempest.lib.common.rest_client [req-21092aca-ea25-44eb-8726-be7f7117a662 req-21092aca-ea25-44eb-8726-be7f7117a662 ] Request (ServerAddressesTestJSON:tearDownClass): 204 DELETE http://10.180.1.21/identity/v3/users/f84bed1ed3a246649e43019e0f15afad 0.071s
2025-04-08 01:28:26.873 69844 INFO tempest.lib.common.dynamic_creds [-] Deleting project and security group for project: 3d4f126b53ca4909ba5616e5870e9859
2025-04-08 01:28:26.897 69844 INFO tempest.lib.common.rest_client [req-d727253a-57c0-4840-a0c9-6b93fc2acec7 req-d727253a-57c0-4840-a0c9-6b93fc2acec7 ] Request (ServerAddressesTestJSON:tearDownClass): 200 GET http://10.180.1.21:9696/networking/v2.0/security-groups?tenant_id=3d4f126b53ca4909ba5616e5870e9859&name=default 0.024s
2025-04-08 01:28:26.907 69804 INFO tempest.lib.common.rest_client [req-7d19ea95-b363-4955-bacb-57978d219fae req-7d19ea95-b363-4955-bacb-57978d219fae ] Request (AttachVolumeTestJSON:test_attach_detach_volume): 200 GET http://10.180.1.21/compute/v2.1/servers/fca9abff-1947-4808-8f04-4682cc5f8ddb 0.863s
2025-04-08 01:28:26.918 69804 INFO tempest.common.waiters [-] State transition "BUILD/None" ==> "BUILD/spawning" after 46 second wait
2025-04-08 01:28:26.977 69794 INFO tempest.lib.common.rest_client [req-ab9bcee8-f8d9-43dc-9d7c-265613b5907b req-ab9bcee8-f8d9-43dc-9d7c-265613b5907b ] Request (SecurityGroupRulesTestJSON:_run_cleanups): 202 DELETE http://10.180.1.21/compute/v2.1/os-security-group-rules/1d92f3e7-1c75-4886-93ce-d564459c0b78 0.857s
2025-04-08 01:28:26.980 69844 INFO tempest.lib.common.rest_client [req-2273f6a5-8aef-41ac-b3f2-e71f5bc9bb0b req-2273f6a5-8aef-41ac-b3f2-e71f5bc9bb0b ] Request (ServerAddressesTestJSON:tearDownClass): 204 DELETE http://10.180.1.21:9696/networking/v2.0/security-groups/696b6f49-fa7f-460a-a27f-a75946887617 0.082s
2025-04-08 01:28:27.046 69818 INFO tempest.lib.common.rest_client [req-234befc7-8ced-4481-a093-8e262c04318b req-234befc7-8ced-4481-a093-8e262c04318b ] Request (FloatingIPsAssociationNegativeTestJSON:setUpClass): 200 GET http://10.180.1.21/compute/v2.1/servers/52f865a3-f591-46d5-9fdb-c4abc4616358 0.767s
2025-04-08 01:28:27.058 69816 INFO tempest.lib.common.rest_client [req-afe997bd-db3d-4c43-b317-dc70a377cff1 req-afe997bd-db3d-4c43-b317-dc70a377cff1 ] Request (VolumesAdminNegativeTest:test_update_attached_volume_with_nonexistent_volume_in_body): 200 GET http://10.180.1.21/compute/v2.1/servers/943364ed-68a8-49d5-b165-a19795d43933 0.875s
2025-04-08 01:28:27.066 69816 INFO tempest.common.waiters [-] State transition "BUILD/spawning" ==> "ACTIVE/None" after 50 second wait
2025-04-08 01:28:27.084 69844 INFO tempest.lib.common.rest_client [req-a6618d3a-3adf-405a-b612-8aaa805e1eff req-a6618d3a-3adf-405a-b612-8aaa805e1eff ] Request (ServerAddressesTestJSON:tearDownClass): 204 DELETE http://10.180.1.21/identity/v3/projects/3d4f126b53ca4909ba5616e5870e9859 0.103s
2025-04-08 01:28:27.107 69826 INFO tempest.lib.common.rest_client [req-625f45ba-7a1b-4a2d-9e07-9da564d9338a req-625f45ba-7a1b-4a2d-9e07-9da564d9338a ] Request (ServerActionsTestJSON:setUpClass): 200 GET http://10.180.1.21/compute/v2.1/servers/4095a995-43fe-4f2b-a38d-d83e46c20c7c 0.653s
2025-04-08 01:28:27.122 69834 INFO tempest.lib.common.rest_client [req-3055443f-3924-4abc-a4e4-0ee1a722cb07 req-3055443f-3924-4abc-a4e4-0ee1a722cb07 ] Request (ServerMetadataTestJSON:setUp): 200 PUT http://10.180.1.21/compute/v2.1/servers/940e8a8f-5bdc-49fc-8aac-8383d2218376/metadata 0.798s
2025-04-08 01:28:27.172 69836 INFO tempest.lib.common.rest_client [req-6dcb480c-e6b5-4914-8c55-37a2e7b219e7 req-6dcb480c-e6b5-4914-8c55-37a2e7b219e7 ] Request (ServersTestManualDisk:setUpClass): 200 GET http://10.180.1.21/compute/v2.1/servers/f92d2111-2ca1-466f-8fea-d482fefcef95 0.644s
2025-04-08 01:28:27.203 69810 INFO tempest.lib.common.rest_client [req-a70c4606-c3cd-4106-9695-e216dff2c2cb req-a70c4606-c3cd-4106-9695-e216dff2c2cb ] Request (ServerDiagnosticsV248Test:test_get_server_diagnostics): 200 GET http://10.180.1.21/compute/v2.1/servers/e12f8476-00be-4b15-ac88-05b31bbecdb1 0.614s
2025-04-08 01:28:27.222 69828 INFO tempest.lib.common.rest_client [req-b680b45e-591c-495d-85a8-87553c578ccd req-b680b45e-591c-495d-85a8-87553c578ccd ] Request (DeleteServersTestJSON:test_delete_server_while_in_attached_volume): 200 GET http://10.180.1.21/compute/v2.1/servers/7b169415-c41d-4e7e-92f0-b1a052b96fcb 0.585s
2025-04-08 01:28:27.266 69812 INFO tempest.lib.common.rest_client [req-65e8a748-4bd1-4d2c-a9ff-7a07ac898a43 req-65e8a748-4bd1-4d2c-a9ff-7a07ac898a43 ] Request (InstanceActionsV221TestJSON:test_get_list_deleted_instance_actions): 200 GET http://10.180.1.21/compute/v2.1/servers/08a284de-cadf-450c-ad61-fad59fd85358 0.306s
2025-04-08 01:28:27.373 69794 INFO tempest.lib.common.rest_client [req-d4a78fef-df1b-446a-9a0d-b40508881415 req-d4a78fef-df1b-446a-9a0d-b40508881415 ] Request (SecurityGroupRulesTestJSON:tearDownClass): 202 DELETE http://10.180.1.21/compute/v2.1/os-security-groups/0dcb9d6d-147c-4340-a1ea-cc72c9d43a69 0.394s
