2025-04-08 01:27:57.187 69836 INFO tempest.lib.common.rest_client [req-b492e1fb-d116-4cfa-918b-191e62894bb5 req-b492e1fb-d116-4cfa-918b-191e62894bb5 ] Request (ServersTestManualDisk:setUpClass): 200 GET http://10.180.1.21/compute/v2.1/servers/f92d2111-2ca1-466f-8fea-d482fefcef95 0.237s
2025-04-08 01:27:57.244 69848 INFO tempest.lib.common.rest_client [req-72f16260-c486-4f76-8e45-e56075e9cbc9 req-72f16260-c486-4f76-8e45-e56075e9cbc9 ] Request (TenantUsagesTestJSON:setUpClass): 200 GET http://10.180.1.21/compute/v2.1/servers/2d0eae83-e347-4b52-a5d6-322b6e613b28 0.239s
2025-04-08 01:27:57.300 69806 INFO tempest.lib.common.rest_client [req-0713d71d-b77e-4832-abe8-4d7ca539c242 req-0713d71d-b77e-4832-abe8-4d7ca539c242 ] Request (HypervisorAdminV253TestBase:test_list_show_detail_hypervisors): 200 GET http://10.180.1.21/compute/v2.1/os-hypervisors?with_servers=True 0.281s
2025-04-08 01:27:57.336 69796 INFO tempest.lib.common.rest_client [req-1f66407a-460d-401c-95fd-f2a28487f08f req-1f66407a-460d-401c-95fd-f2a28487f08f ] Request (ListImageFiltersTestJSON:setUpClass): 202 POST http://10.180.1.21/compute/v2.1/servers 0.410s
2025-04-08 01:27:57.362 69828 INFO tempest.lib.common.rest_client [req-7eef4a35-d2b9-48bb-a45b-b777f02e384e req-7eef4a35-d2b9-48bb-a45b-b777f02e384e ] Request (DeleteServersTestJSON:test_delete_active_server): 200 GET http://10.180.1.21/compute/v2.1/servers/1c9775bf-099d-45a3-9c63-2f2c72918e6a 0.325s
2025-04-08 01:27:57.371 69798 INFO tempest.lib.common.rest_client [req-3160388a-bf21-4094-b851-bdbd010723b7 req-3160388a-bf21-4094-b851-bdbd010723b7 ] Request (HostsAdminNegativeTestJSON:test_update_nonexistent_host): 404 PUT http://10.180.1.21/compute/v2.1/os-hosts/nonexistent_hostname 0.264s
2025-04-08 01:27:57.401 69808 INFO tempest.lib.common.rest_client [req-8df16894-da05-427d-b2a1-90159c1a9f92 req-8df16894-da05-427d-b2a1-90159c1a9f92 ] Request (ServerDiagnosticsTest:tearDownClass): 200 GET http://10.180.1.21/compute/v2.1/servers/a0fa69a8-5af2-465a-b0bd-76c703c8faff 0.331s
2025-04-08 01:27:57.421 69852 INFO tempest.lib.common.rest_client [req-d5b2a433-0b39-4bd2-8fa2-d03e10ca2be4 req-d5b2a433-0b39-4bd2-8fa2-d03e10ca2be4 ] Request (FlavorsAdminTestJSON:test_list_public_flavor_with_other_user): 200 POST http://10.180.1.21/compute/v2.1/flavors 0.288s
2025-04-08 01:27:57.432 69812 INFO tempest.lib.common.rest_client [req-708d127a-787e-416a-844b-ebaf56853951 req-708d127a-787e-416a-844b-ebaf56853951 ] Request (InstanceActionsV221TestJSON:test_get_list_deleted_instance_actions): 200 GET http://10.180.1.21/compute/v2.1/servers/08a284de-cadf-450c-ad61-fad59fd85358 0.325s
2025-04-08 01:27:57.485 69844 INFO tempest.lib.common.rest_client [req-30c696d1-09f8-488f-ba95-e02e82080e27 req-30c696d1-09f8-488f-ba95-e02e82080e27 ] Request (ServerAddressesTestJSON:tearDownClass): 200 GET http://10.180.1.21/compute/v2.1/servers/0d536aa2-86c7-434a-8673-9c11c8e89a83 0.308s
2025-04-08 01:27:57.539 69798 INFO tempest.lib.common.rest_client [req-9227758e-f210-44d8-9efe-60b4e4df1bcd req-9227758e-f210-44d8-9efe-60b4e4df1bcd ] Request (HostsAdminNegativeTestJSON:tearDownClass): 204 DELETE http://10.180.1.21/identity/v3/users/9bc9580299874de693d5a83e3f6bced7 0.167s
2025-04-08 01:27:57.556 69842 INFO tempest.lib.common.rest_client [req-09560488-f741-487e-aa72-e00308caa721 req-09560488-f741-487e-aa72-e00308caa721 ] Request (ImagesOneServerTestJSON:setUpClass): 200 GET http://10.180.1.21/compute/v2.1/servers/d3aa1b2b-ff7b-44d5-8cd2-b6c6d870734d 0.286s
2025-04-08 01:27:57.568 69830 INFO tempest.lib.common.rest_client [req-3c35f5bf-fa70-43ec-811d-3f5cfc1b1bfc req-3c35f5bf-fa70-43ec-811d-3f5cfc1b1bfc ] Request (ListServerFiltersTestJSON:test_list_servers_filter_by_shutoff_status): 200 GET http://10.180.1.21/compute/v2.1/servers/97994bf0-b61e-490d-a0d5-d704a2650f97 0.304s
2025-04-08 01:27:57.576 69806 INFO tempest.lib.common.rest_client [req-2ac8e546-79cc-4837-8234-cf63f404582f req-2ac8e546-79cc-4837-8234-cf63f404582f ] Request (HypervisorAdminV253TestBase:test_list_show_detail_hypervisors): 200 GET http://10.180.1.21/compute/v2.1/os-hypervisors/56b68661-71d4-4bbb-bdee-2ddde7e6f62c 0.273s
2025-04-08 01:27:57.636 69796 INFO tempest.lib.common.rest_client [req-e7decbcb-844a-4931-9ded-2a6ee10f79df req-e7decbcb-844a-4931-9ded-2a6ee10f79df ] Request (ListImageFiltersTestJSON:setUpClass): 200 GET http://10.180.1.21/compute/v2.1/servers/0511381c-3185-4825-9464-7b74e05e696f 0.299s
2025-04-08 01:27:57.642 69798 INFO tempest.lib.common.rest_client [req-bf0bb51e-cd60-42b5-a98b-ef57cfcfcdff req-bf0bb51e-cd60-42b5-a98b-ef57cfcfcdff ] Request (HostsAdminNegativeTestJSON:tearDownClass): 204 DELETE http://10.180.1.21/identity/v3/users/aeaaef20ff82477c85fbcade85f4de2f 0.103s
2025-04-08 01:27:57.643 69824 INFO tempest.lib.common.rest_client [req-e60c9058-7bda-439a-b624-848577ef90fa req-e60c9058-7bda-439a-b624-848577ef90fa ] Request (DeleteServersAdminTestJSON:test_delete_server_while_in_error_state): 200 GET http://10.180.1.21/compute/v2.1/servers/8c620fb8-43fd-42ef-a624-f7322147c3b0 0.312s
2025-04-08 01:27:57.643 69798 INFO tempest.lib.common.dynamic_creds [-] Deleting project and security group for project: 11fbc36666ca4fcc849b016926d9d7a9
2025-04-08 01:27:57.662 69852 INFO tempest.lib.common.rest_client [req-75c15a64-99b9-4434-9a44-c5951477ed66 req-75c15a64-99b9-4434-9a44-c5951477ed66 ] Request (FlavorsAdminTestJSON:test_list_public_flavor_with_other_user): 200 GET http://10.180.1.21/compute/v2.1/flavors/detail 0.237s
2025-04-08 01:27:57.664 69806 INFO tempest.lib.common.rest_client [req-031fc4ba-d0e9-49a6-bb1b-4d15189ab5eb req-031fc4ba-d0e9-49a6-bb1b-4d15189ab5eb ] Request (HypervisorAdminV253TestBase:tearDownClass): 204 DELETE http://10.180.1.21/identity/v3/users/dc9bfd047ffc4da3ba030a0b1ac3defc 0.077s
2025-04-08 01:27:57.710 69798 INFO tempest.lib.common.rest_client [req-89d67d77-876c-4f86-87e8-2fa8164f1a19 req-89d67d77-876c-4f86-87e8-2fa8164f1a19 ] Request (HostsAdminNegativeTestJSON:tearDownClass): 201 POST http://10.180.1.21/identity/v3/auth/tokens 0.067s
2025-04-08 01:27:57.755 69806 INFO tempest.lib.common.rest_client [req-499599a9-966a-4ff6-8b8e-f15beba7120c req-499599a9-966a-4ff6-8b8e-f15beba7120c ] Request (HypervisorAdminV253TestBase:tearDownClass): 204 DELETE http://10.180.1.21/identity/v3/users/bfbaf1730fd54e52a6a99bccb1e90ac1 0.090s
2025-04-08 01:27:57.755 69806 INFO tempest.lib.common.dynamic_creds [-] Deleting project and security group for project: cc3067aecec442fb834d6e6f3490323d
2025-04-08 01:27:57.763 69838 INFO tempest.lib.common.rest_client [req-fd6d6f2d-f143-4bf6-b4df-91b2948f5d4a req-fd6d6f2d-f143-4bf6-b4df-91b2948f5d4a ] Request (ServersAdminNegativeTestJSON:test_migrate_server_invalid_state): 200 GET http://10.180.1.21/compute/v2.1/servers/f27e471e-0e79-46a3-a2a4-10072c7f4a92 0.253s
2025-04-08 01:27:57.797 69822 INFO tempest.lib.common.rest_client [req-9e2a305e-e81c-4b65-99c1-acfe52b3e6ff req-9e2a305e-e81c-4b65-99c1-acfe52b3e6ff ] Request (ServerExternalEventsTest:test_create_server_external_events): 200 GET http://10.180.1.21/compute/v2.1/servers/687e47c3-01a5-4bcd-a71a-01de53502f4d 0.285s
2025-04-08 01:27:57.805 69790 INFO tempest.lib.common.rest_client [req-9fd9ed3b-7e01-4997-8ca4-2ff13e0e3ee8 req-9fd9ed3b-7e01-4997-8ca4-2ff13e0e3ee8 ] Request (MultipleCreateTestJSON:_run_cleanups): 404 GET http://10.180.1.21/compute/v2.1/servers/8e2a554b-0f7b-44ad-a15e-3b374106d672 0.162s
2025-04-08 01:27:57.806 69822 INFO tempest.common.waiters [-] State transition "BUILD/spawning" ==> "ACTIVE/None" after 31 second wait
2025-04-08 01:27:57.815 69852 INFO tempest.lib.common.rest_client [req-51f69161-d306-4e69-a3a8-fa236530d098 req-51f69161-d306-4e69-a3a8-fa236530d098 ] Request (FlavorsAdminTestJSON:_run_cleanups): 202 DELETE http://10.180.1.21/compute/v2.1/flavors/1951482904 0.144s
2025-04-08 01:27:57.823 69806 INFO tempest.lib.common.rest_client [req-fdbd32b4-8a86-485a-a4d4-7c3dc1871ff6 req-fdbd32b4-8a86-485a-a4d4-7c3dc1871ff6 ] Request (HypervisorAdminV253TestBase:tearDownClass): 201 POST http://10.180.1.21/identity/v3/auth/tokens 0.068s
2025-04-08 01:27:57.873 69790 INFO tempest.lib.common.rest_client [req-5c4c47f5-3c1b-47ea-aaa1-1e6fb4302810 req-5c4c47f5-3c1b-47ea-aaa1-1e6fb4302810 ] Request (MultipleCreateTestJSON:test_multiple_create_with_reservation_return): 201 POST http://10.180.1.21/identity/v3/auth/tokens 0.061s
2025-04-08 01:27:57.874 69790 INFO tempest.lib.common.fixed_network [-] (MultipleCreateTestJSON:test_multiple_create_with_reservation_return) Found network {'id': '0a192cdf-08b4-43bd-9568-7b415a89ea98', 'name': 'tempest-MultipleCreateTestJSON-1812249609-network', 'tenant_id': '978bf31cf59d496f9b8767a477f23b4c', 'admin_state_up': True, 'mtu': 8950, 'status': 'ACTIVE', 'subnets': [], 'shared': False, 'project_id': '978bf31cf59d496f9b8767a477f23b4c', 'port_security_enabled': True, 'router:external': False, 'provider:network_type': 'vlan', 'provider:physical_network': 'default', 'provider:segmentation_id': 821, 'availability_zone_hints': [], 'availability_zones': [], 'ipv4_address_scope': None, 'ipv6_address_scope': None, 'description': '', 'tags': [], 'created_at': '2025-04-08T01:26:53Z', 'updated_at': '2025-04-08T01:26:53Z', 'revision_number': 1} available for tenant
2025-04-08 01:27:57.909 69794 INFO tempest.lib.common.rest_client [req-f484d22d-c5cc-401d-b995-601667fb6fc4 req-f484d22d-c5cc-401d-b995-601667fb6fc4 ] Request (ServerDiagnosticsNegativeTest:tearDownClass): 200 GET http://10.180.1.21/compute/v2.1/servers/01b5f9ff-b9cb-4770-92ce-77cc25c29ee0 0.156s
2025-04-08 01:27:57.946 69814 INFO tempest.lib.common.rest_client [req-058c986d-8792-4642-9491-fc4bd4802e98 req-058c986d-8792-4642-9491-fc4bd4802e98 ] Request (FloatingIPsAssociationTestJSON:test_associate_already_associated_floating_ip): 200 GET http://10.180.1.21/compute/v2.1/servers/06a7d7eb-8f8c-4ad6-8d78-a7305dd2f492 0.265s
2025-04-08 01:27:57.946 69820 WARNING tempest.lib.common.ssh [-] Failed to establish authenticated ssh connection to cirros@10.180.180.147 ([Errno None] Unable to connect to port 22 on 10.180.180.147). Number attempts: 1. Retry after 2 seconds.: paramiko.ssh_exception.NoValidConnectionsError: [Errno None] Unable to connect to port 22 on 10.180.180.147
2025-04-08 01:27:57.954 69814 INFO tempest.common.waiters [-] State transition "BUILD/block_device_mapping" ==> "BUILD/spawning" after 27 second wait
2025-04-08 01:27:57.976 69850 INFO tempest.lib.common.rest_client [req-813a5b3f-b810-480c-aa27-b489b5fd9755 req-813a5b3f-b810-480c-aa27-b489b5fd9755 ] Request (ServersTestBootFromVolume:setUpClass): 200 GET http://10.180.1.21/compute/v2.1/servers/9a2b7ada-5d43-4e03-bcfc-eedb65417c5c 0.178s
2025-04-08 01:27:57.998 69852 INFO tempest.lib.common.rest_client [req-d6d5077a-6380-4088-939c-941f0b36c836 req-d6d5077a-6380-4088-939c-941f0b36c836 ] Request (FlavorsAdminTestJSON:_run_cleanups): 200 GET http://10.180.1.21/compute/v2.1/flavors/detail 0.183s
2025-04-08 01:27:58.062 69800 INFO tempest.lib.common.rest_client [req-60c5e74d-1b04-48a5-9d00-58312209bbd4 req-60c5e74d-1b04-48a5-9d00-58312209bbd4 ] Request (ServersTestFqdnHostnames:test_create_server_with_fqdn_name): 200 GET http://10.180.1.21/compute/v2.1/servers/8251990f-e7b0-42d9-bdb0-34f6b4f08e70 0.216s
2025-04-08 01:27:58.065 69806 INFO tempest.lib.common.rest_client [req-df759064-e815-4908-8d91-7196e317758e req-df759064-e815-4908-8d91-7196e317758e ] Request (HypervisorAdminV253TestBase:tearDownClass): 200 GET http://10.180.1.21:9696/networking/v2.0/security-groups?tenant_id=cc3067aecec442fb834d6e6f3490323d&name=default 0.241s
2025-04-08 01:27:58.069 69798 INFO tempest.lib.common.rest_client [req-20e13b4f-3e0c-459b-b83c-234f18835b8c req-20e13b4f-3e0c-459b-b83c-234f18835b8c ] Request (HostsAdminNegativeTestJSON:tearDownClass): 200 GET http://10.180.1.21:9696/networking/v2.0/security-groups?tenant_id=11fbc36666ca4fcc849b016926d9d7a9&name=default 0.359s
2025-04-08 01:27:58.083 69852 INFO tempest.lib.common.rest_client [req-7b139bae-d255-415e-919b-21d2e11b2a3c req-7b139bae-d255-415e-919b-21d2e11b2a3c ] Request (FlavorsAdminTestJSON:tearDownClass): 204 DELETE http://10.180.1.21/identity/v3/users/d5f103d30ad648b28abf5b4a1b216604 0.075s
2025-04-08 01:27:58.106 69822 INFO tempest.lib.common.rest_client [req-9dca8f73-8a29-4fe7-afc9-d68ea8fd6354 req-9dca8f73-8a29-4fe7-afc9-d68ea8fd6354 ] Request (ServerExternalEventsTest:test_create_server_external_events): 200 POST http://10.180.1.21/compute/v2.1/os-server-external-events 0.299s
2025-04-08 01:27:58.157 69806 INFO tempest.lib.common.rest_client [req-9436c3f8-2883-45c9-84db-8dae1d26ec4e req-9436c3f8-2883-45c9-84db-8dae1d26ec4e ] Request (HypervisorAdminV253TestBase:tearDownClass): 204 DELETE http://10.180.1.21:9696/networking/v2.0/security-groups/eb0ff934-6a9b-4fc0-84b8-7b15eb2ee57d 0.091s
2025-04-08 01:27:58.169 69840 INFO tempest.lib.common.rest_client [req-6c6f7bbe-e8ab-4722-9650-f8529c927f61 req-6c6f7bbe-e8ab-4722-9650-f8529c927f61 ] Request (ServersTestMultiNic:test_verify_duplicate_network_nics): 200 GET http://10.180.1.21/compute/v2.1/servers/98f35e0d-bf83-4da6-a7f4-b8924c01bceb 0.268s
2025-04-08 01:27:58.176 69852 INFO tempest.lib.common.rest_client [req-1ae3d290-57bc-4be1-ac6d-3f6f29581b9c req-1ae3d290-57bc-4be1-ac6d-3f6f29581b9c ] Request (FlavorsAdminTestJSON:tearDownClass): 204 DELETE http://10.180.1.21/identity/v3/users/60ecb64547af4b94a3e111083aba1843 0.093s
2025-04-08 01:27:58.176 69852 INFO tempest.lib.common.dynamic_creds [-] Deleting project and security group for project: d1a838b612ab417fb0d7e535b42c7477
2025-04-08 01:27:58.180 69798 INFO tempest.lib.common.rest_client [req-6bcc4ab6-8f20-4e7d-96cc-c1dca37170c7 req-6bcc4ab6-8f20-4e7d-96cc-c1dca37170c7 ] Request (HostsAdminNegativeTestJSON:tearDownClass): 204 DELETE http://10.180.1.21:9696/networking/v2.0/security-groups/133962c9-a614-4c30-b156-af263c5dcd05 0.110s
2025-04-08 01:27:58.219 69804 INFO tempest.lib.common.rest_client [req-5352168f-83eb-468f-b641-add211e8c972 req-5352168f-83eb-468f-b641-add211e8c972 ] Request (AttachVolumeTestJSON:test_attach_detach_volume): 200 GET http://10.180.1.21/compute/v2.1/servers/fca9abff-1947-4808-8f04-4682cc5f8ddb 0.284s
2025-04-08 01:27:58.233 69852 INFO tempest.lib.common.rest_client [req-77636d0a-f20c-495f-9327-9808b35ca7d2 req-77636d0a-f20c-495f-9327-9808b35ca7d2 ] Request (FlavorsAdminTestJSON:tearDownClass): 201 POST http://10.180.1.21/identity/v3/auth/tokens 0.057s
2025-04-08 01:27:58.276 69806 INFO tempest.lib.common.rest_client [req-48fe392b-6767-47cb-951e-f7e7272142a3 req-48fe392b-6767-47cb-951e-f7e7272142a3 ] Request (HypervisorAdminV253TestBase:tearDownClass): 204 DELETE http://10.180.1.21/identity/v3/projects/cc3067aecec442fb834d6e6f3490323d 0.118s
2025-04-08 01:27:58.276 69806 INFO tempest.lib.common.dynamic_creds [-] Deleting project and security group for project: 38197728af3440eaa3679ae85ea7058a
2025-04-08 01:27:58.280 69846 INFO tempest.lib.common.rest_client [req-bc4a7b06-1d81-43ab-bad5-39db9de5997a req-bc4a7b06-1d81-43ab-bad5-39db9de5997a ] Request (MigrationsAdminTest:test_list_migrations_in_flavor_resize_situation): 200 GET http://10.180.1.21/compute/v2.1/servers/959c58c5-2931-40dd-9afd-d3884a500adb 0.297s
2025-04-08 01:27:58.307 69798 INFO tempest.lib.common.rest_client [req-29629615-152f-4bb6-9a68-bb4a19dcc805 req-29629615-152f-4bb6-9a68-bb4a19dcc805 ] Request (HostsAdminNegativeTestJSON:tearDownClass): 204 DELETE http://10.180.1.21/identity/v3/projects/11fbc36666ca4fcc849b016926d9d7a9 0.127s
2025-04-08 01:27:58.308 69798 INFO tempest.lib.common.dynamic_creds [-] Deleting project and security group for project: 577a830a99db4c71b3742f01ca3fc473
2025-04-08 01:27:58.370 69816 INFO tempest.lib.common.rest_client [req-325cc0b3-c6b8-4667-be01-c99ade5833c8 req-325cc0b3-c6b8-4667-be01-c99ade5833c8 ] Request (VolumesAdminNegativeTest:test_update_attached_volume_with_nonexistent_volume_in_body): 200 GET http://10.180.1.21/compute/v2.1/servers/943364ed-68a8-49d5-b165-a19795d43933 0.340s
2025-04-08 01:27:58.442 69798 INFO tempest.lib.common.rest_client [req-02965b6d-2664-4b67-aa3f-dd2e7c367d5b req-02965b6d-2664-4b67-aa3f-dd2e7c367d5b ] Request (HostsAdminNegativeTestJSON:tearDownClass): 200 GET http://10.180.1.21:9696/networking/v2.0/security-groups?tenant_id=577a830a99db4c71b3742f01ca3fc473&name=default 0.134s
2025-04-08 01:27:58.445 69826 INFO tempest.lib.common.rest_client [req-57372ae0-9bc1-4c99-8c1a-61bd80807329 req-57372ae0-9bc1-4c99-8c1a-61bd80807329 ] Request (ServerActionsTestJSON:setUpClass): 200 GET http://10.180.1.21/compute/v2.1/servers/4095a995-43fe-4f2b-a38d-d83e46c20c7c 0.380s
2025-04-08 01:27:58.459 69806 INFO tempest.lib.common.rest_client [req-e7f2ea34-7ecd-44a7-9fd8-bbaf90ac821f req-e7f2ea34-7ecd-44a7-9fd8-bbaf90ac821f ] Request (HypervisorAdminV253TestBase:tearDownClass): 200 GET http://10.180.1.21:9696/networking/v2.0/security-groups?tenant_id=38197728af3440eaa3679ae85ea7058a&name=default 0.183s
2025-04-08 01:27:58.510 69810 INFO tempest.lib.common.rest_client [req-e401cfec-6f45-4b5a-8bbe-720cc0d88d0d req-e401cfec-6f45-4b5a-8bbe-720cc0d88d0d ] Request (ServerDiagnosticsV248Test:test_get_server_diagnostics): 200 GET http://10.180.1.21/compute/v2.1/servers/e12f8476-00be-4b15-ac88-05b31bbecdb1 0.411s
2025-04-08 01:27:58.565 69790 INFO tempest.lib.common.rest_client [req-61c2e243-2562-4ed2-b264-a94f0ea9c7fe req-61c2e243-2562-4ed2-b264-a94f0ea9c7fe ] Request (MultipleCreateTestJSON:test_multiple_create_with_reservation_return): 202 POST http://10.180.1.21/compute/v2.1/servers 0.690s
2025-04-08 01:27:58.567 69818 INFO tempest.lib.common.rest_client [req-5ef6e3cc-40e0-4c9b-940f-48b58a59705a req-5ef6e3cc-40e0-4c9b-940f-48b58a59705a ] Request (FloatingIPsAssociationNegativeTestJSON:setUpClass): 200 GET http://10.180.1.21/compute/v2.1/servers/52f865a3-f591-46d5-9fdb-c4abc4616358 0.459s
2025-04-08 01:27:58.578 69818 INFO tempest.common.waiters [-] State transition "BUILD/scheduling" ==> "BUILD/None" after 18 second wait
2025-04-08 01:27:58.587 69806 INFO tempest.lib.common.rest_client [req-3e31d34b-e3f2-4c2c-b2fc-6a98d5b0c3e0 req-3e31d34b-e3f2-4c2c-b2fc-6a98d5b0c3e0 ] Request (HypervisorAdminV253TestBase:tearDownClass): 204 DELETE http://10.180.1.21:9696/networking/v2.0/security-groups/86dbda4f-74f8-4136-b57b-12dcf351dc96 0.128s
2025-04-08 01:27:58.590 69852 INFO tempest.lib.common.rest_client [req-a1b0cae0-320e-427a-a98c-750e5cf200f2 req-a1b0cae0-320e-427a-a98c-750e5cf200f2 ] Request (FlavorsAdminTestJSON:tearDownClass): 200 GET http://10.180.1.21:9696/networking/v2.0/security-groups?tenant_id=d1a838b612ab417fb0d7e535b42c7477&name=default 0.356s
2025-04-08 01:27:58.594 69798 INFO tempest.lib.common.rest_client [req-f1f68ee2-4c6e-40a8-af4d-b18abd6fc2d9 req-f1f68ee2-4c6e-40a8-af4d-b18abd6fc2d9 ] Request (HostsAdminNegativeTestJSON:tearDownClass): 204 DELETE http://10.180.1.21:9696/networking/v2.0/security-groups/2ab6cb4a-17fc-40a3-b9a9-86c5bc5dcbb2 0.152s
2025-04-08 01:27:58.651 69834 INFO tempest.lib.common.rest_client [req-b354545f-55a6-411f-a4a6-ba34d3df82ea req-b354545f-55a6-411f-a4a6-ba34d3df82ea ] Request (ServerMetadataTestJSON:setUpClass): 200 GET http://10.180.1.21/compute/v2.1/servers/940e8a8f-5bdc-49fc-8aac-8383d2218376 0.507s
2025-04-08 01:27:58.667 69822 INFO tempest.lib.common.rest_client [req-b1257844-851c-4840-b630-f587875d7769 req-b1257844-851c-4840-b630-f587875d7769 ] Request (ServerExternalEventsTest:tearDownClass): 204 DELETE http://10.180.1.21/compute/v2.1/servers/687e47c3-01a5-4bcd-a71a-01de53502f4d 0.558s
2025-04-08 01:27:58.693 69798 INFO tempest.lib.common.rest_client [req-3a597ff1-eeab-424d-b2b6-c2cd4827e6e2 req-3a597ff1-eeab-424d-b2b6-c2cd4827e6e2 ] Request (HostsAdminNegativeTestJSON:tearDownClass): 204 DELETE http://10.180.1.21/identity/v3/projects/577a830a99db4c71b3742f01ca3fc473 0.098s
2025-04-08 01:27:58.715 69806 INFO tempest.lib.common.rest_client [req-79fc746b-4bd5-45fd-be1e-5f5340964570 req-79fc746b-4bd5-45fd-be1e-5f5340964570 ] Request (HypervisorAdminV253TestBase:tearDownClass): 204 DELETE http://10.180.1.21/identity/v3/projects/38197728af3440eaa3679ae85ea7058a 0.127s
2025-04-08 01:27:58.730 69852 INFO tempest.lib.common.rest_client [req-093f0a28-73c5-4f0d-a830-d1992d483f9a req-093f0a28-73c5-4f0d-a830-d1992d483f9a ] Request (FlavorsAdminTestJSON:tearDownClass): 204 DELETE http://10.180.1.21:9696/networking/v2.0/security-groups/78e9b09a-d526-4044-880b-8f880605b030 0.140s
2025-04-08 01:27:58.739 69836 INFO tempest.lib.common.rest_client [req-b0110028-eeef-4204-8c73-f54640e5feed req-b0110028-eeef-4204-8c73-f54640e5feed ] Request (ServersTestManualDisk:setUpClass): 200 GET http://10.180.1.21/compute/v2.1/servers/f92d2111-2ca1-466f-8fea-d482fefcef95 0.544s
2025-04-08 01:27:58.760 69848 INFO tempest.lib.common.rest_client [req-87b3bd77-bcbd-4855-a771-a5a1968747e1 req-87b3bd77-bcbd-4855-a771-a5a1968747e1 ] Request (TenantUsagesTestJSON:setUpClass): 200 GET http://10.180.1.21/compute/v2.1/servers/2d0eae83-e347-4b52-a5d6-322b6e613b28 0.508s
2025-04-08 01:27:58.761 69798 INFO tempest.lib.common.rest_client [req-9b676ea7-13a7-409a-a48d-a73a7d0c2be1 req-9b676ea7-13a7-409a-a48d-a73a7d0c2be1 ] Request (QuotasAdminTestV236:setUpClass): 201 POST http://10.180.1.21/identity/v3/auth/tokens 0.066s
2025-04-08 01:27:58.779 69802 WARNING tempest.lib.common.ssh [-] Failed to establish authenticated ssh connection to cirros@10.180.180.164 ([Errno None] Unable to connect to port 22 on 10.180.180.164). Number attempts: 4. Retry after 5 seconds.: paramiko.ssh_exception.NoValidConnectionsError: [Errno None] Unable to connect to port 22 on 10.180.180.164
2025-04-08 01:27:58.802 69806 INFO tempest.lib.common.rest_client [req-1f22b01a-17b5-4637-ae1a-b9c98fa23918 req-1f22b01a-17b5-4637-ae1a-b9c98fa23918 ] Request (FloatingIPDetailsNegativeTestJSON:setUpClass): 201 POST http://10.180.1.21/identity/v3/auth/tokens 0.084s
2025-04-08 01:27:58.824 69828 INFO tempest.lib.common.rest_client [req-9a2ac480-fcae-4ad6-a47c-eddd0cc7ef91 req-9a2ac480-fcae-4ad6-a47c-eddd0cc7ef91 ] Request (DeleteServersTestJSON:test_delete_active_server): 200 GET http://10.180.1.21/compute/v2.1/servers/1c9775bf-099d-45a3-9c63-2f2c72918e6a 0.453s
2025-04-08 01:27:58.859 69808 INFO tempest.lib.common.rest_client [req-29179809-841d-48ea-838b-2d6bcc5ee7de req-29179809-841d-48ea-838b-2d6bcc5ee7de ] Request (ServerDiagnosticsTest:tearDownClass): 200 GET http://10.180.1.21/compute/v2.1/servers/a0fa69a8-5af2-465a-b0bd-76c703c8faff 0.450s
2025-04-08 01:27:58.862 69852 INFO tempest.lib.common.rest_client [req-9b5bf19d-c27f-4d9e-a245-dc90f0647921 req-9b5bf19d-c27f-4d9e-a245-dc90f0647921 ] Request (FlavorsAdminTestJSON:tearDownClass): 204 DELETE http://10.180.1.21/identity/v3/projects/d1a838b612ab417fb0d7e535b42c7477 0.131s
2025-04-08 01:27:58.862 69852 INFO tempest.lib.common.dynamic_creds [-] Deleting project and security group for project: fef87de7649449888b7ec7b7fcbff0f3
2025-04-08 01:27:58.872 69798 INFO tempest.lib.common.rest_client [req-e66302c5-37aa-49e9-9413-89d0a67f7723 req-e66302c5-37aa-49e9-9413-89d0a67f7723 ] Request (QuotasAdminTestV236:setUpClass): 201 POST http://10.180.1.21/identity/v3/auth/tokens 0.108s
2025-04-08 01:27:58.891 69806 INFO tempest.lib.common.rest_client [req-ea919271-ae82-4041-ae67-103fd71fa2f8 req-ea919271-ae82-4041-ae67-103fd71fa2f8 ] Request (FloatingIPDetailsNegativeTestJSON:setUpClass): 201 POST http://10.180.1.21/identity/v3/auth/tokens 0.085s
2025-04-08 01:27:58.897 69812 INFO tempest.lib.common.rest_client [req-820d2668-9a3d-48ba-bf3c-f8705e4a2a59 req-820d2668-9a3d-48ba-bf3c-f8705e4a2a59 ] Request (InstanceActionsV221TestJSON:test_get_list_deleted_instance_actions): 200 GET http://10.180.1.21/compute/v2.1/servers/08a284de-cadf-450c-ad61-fad59fd85358 0.453s
2025-04-08 01:27:58.910 69798 INFO tempest.lib.common.rest_client [req-413f5e20-e068-4a08-8c0d-8a735cd94413 req-413f5e20-e068-4a08-8c0d-8a735cd94413 ] Request (QuotasAdminTestV236:setUpClass): 200 GET http://10.180.1.21/identity/v3/domains?name=Default 0.037s
2025-04-08 01:27:58.923 69806 INFO tempest.lib.common.rest_client [req-ad0ce6cc-e4d9-4d8d-a2bb-1a516616f3c4 req-ad0ce6cc-e4d9-4d8d-a2bb-1a516616f3c4 ] Request (FloatingIPDetailsNegativeTestJSON:setUpClass): 200 GET http://10.180.1.21/identity/v3/domains?name=Default 0.032s
2025-04-08 01:27:58.940 69790 INFO tempest.lib.common.rest_client [req-79c6c179-411c-404a-aeac-cbd0492965eb req-79c6c179-411c-404a-aeac-cbd0492965eb ] Request (MultipleCreateTestJSON:test_multiple_create_with_reservation_return): 200 GET http://10.180.1.21/compute/v2.1/servers 0.374s
2025-04-08 01:27:58.950 69798 INFO tempest.lib.common.rest_client [req-9ecf442a-7960-4e0a-88a5-ef00351296f1 req-9ecf442a-7960-4e0a-88a5-ef00351296f1 ] Request (QuotasAdminTestV236:setUpClass): 201 POST http://10.180.1.21/identity/v3/projects 0.039s
2025-04-08 01:27:58.956 69844 INFO tempest.lib.common.rest_client [req-ffe84f92-995b-4d2d-b8bd-e37f0feb2241 req-ffe84f92-995b-4d2d-b8bd-e37f0feb2241 ] Request (ServerAddressesTestJSON:tearDownClass): 200 GET http://10.180.1.21/compute/v2.1/servers/0d536aa2-86c7-434a-8673-9c11c8e89a83 0.462s
2025-04-08 01:27:58.961 69806 INFO tempest.lib.common.rest_client [req-e200c657-9835-4fc3-9527-9fd3bbd9a87c req-e200c657-9835-4fc3-9527-9fd3bbd9a87c ] Request (FloatingIPDetailsNegativeTestJSON:setUpClass): 201 POST http://10.180.1.21/identity/v3/projects 0.037s
2025-04-08 01:27:59.011 69842 INFO tempest.lib.common.rest_client [req-01f383d1-0def-4261-b77b-379fd65fba60 req-01f383d1-0def-4261-b77b-379fd65fba60 ] Request (ImagesOneServerTestJSON:setUpClass): 200 GET http://10.180.1.21/compute/v2.1/servers/d3aa1b2b-ff7b-44d5-8cd2-b6c6d870734d 0.445s
2025-04-08 01:27:59.038 69806 INFO tempest.lib.common.rest_client [req-ad19c2c9-f843-4989-8478-0b117e3e0faf req-ad19c2c9-f843-4989-8478-0b117e3e0faf ] Request (FloatingIPDetailsNegativeTestJSON:setUpClass): 201 POST http://10.180.1.21/identity/v3/users 0.077s
2025-04-08 01:27:59.038 69798 INFO tempest.lib.common.rest_client [req-549c2633-d813-418b-ab66-caaccf61318e req-549c2633-d813-418b-ab66-caaccf61318e ] Request (QuotasAdminTestV236:setUpClass): 201 POST http://10.180.1.21/identity/v3/users 0.087s
2025-04-08 01:27:59.060 69806 INFO tempest.lib.common.rest_client [req-5d3ca820-1b54-4e72-b80d-54aeda93c2db req-5d3ca820-1b54-4e72-b80d-54aeda93c2db ] Request (FloatingIPDetailsNegativeTestJSON:setUpClass): 200 GET http://10.180.1.21/identity/v3/roles 0.022s
2025-04-08 01:27:59.073 69798 INFO tempest.lib.common.rest_client [req-7ac7be51-6b45-4a12-9f77-f4ef8c7e17a3 req-7ac7be51-6b45-4a12-9f77-f4ef8c7e17a3 ] Request (QuotasAdminTestV236:setUpClass): 200 GET http://10.180.1.21/identity/v3/roles 0.034s
2025-04-08 01:27:59.087 69806 INFO tempest.lib.common.rest_client [req-a95da0a4-86e8-4e13-9088-89f9a6e34cd8 req-a95da0a4-86e8-4e13-9088-89f9a6e34cd8 ] Request (FloatingIPDetailsNegativeTestJSON:setUpClass): 204 PUT http://10.180.1.21/identity/v3/projects/677b426012834ad0bcb8c81abc7bc942/users/538fa2ce984242afa34e904de188fe3d/roles/b21fd2574ddd4020ac0e131783d5d551 0.026s
2025-04-08 01:27:59.088 69806 INFO tempest.lib.common.dynamic_creds [-] Dynamic test user 538fa2ce984242afa34e904de188fe3d is created with scope project and roles: ['member']
2025-04-08 01:27:59.088 69806 INFO tempest.lib.common.dynamic_creds [-] Acquired dynamic creds: credentials: Credentials: {'domain_id': 'default', 'domain_name': 'Default', 'username': 'tempest-FloatingIPDetailsNegativeTestJSON-897476354-project-member', 'project_domain_id': 'default', 'project_domain_name': 'Default', 'project_id': '677b426012834ad0bcb8c81abc7bc942', 'project_name': 'tempest-FloatingIPDetailsNegativeTestJSON-897476354', 'tenant_id': '677b426012834ad0bcb8c81abc7bc942', 'tenant_name': 'tempest-FloatingIPDetailsNegativeTestJSON-897476354', 'user_domain_id': 'default', 'user_domain_name': 'Default', 'user_id': '538fa2ce984242afa34e904de188fe3d', 'system': None}, Network: None, Subnet: None, Router: None
2025-04-08 01:27:59.092 69796 INFO tempest.lib.common.rest_client [req-c54b7fb7-0808-41d5-b04f-27e48ca54cb6 req-c54b7fb7-0808-41d5-b04f-27e48ca54cb6 ] Request (ListImageFiltersTestJSON:setUpClass): 200 GET http://10.180.1.21/compute/v2.1/servers/0511381c-3185-4825-9464-7b74e05e696f 0.445s
2025-04-08 01:27:59.102 69852 INFO tempest.lib.common.rest_client [req-6ebfe49b-5dbf-40e2-91f8-11c21ecd5a78 req-6ebfe49b-5dbf-40e2-91f8-11c21ecd5a78 ] Request (FlavorsAdminTestJSON:tearDownClass): 200 GET http://10.180.1.21:9696/networking/v2.0/security-groups?tenant_id=fef87de7649449888b7ec7b7fcbff0f3&name=default 0.239s
2025-04-08 01:27:59.111 69798 INFO tempest.lib.common.rest_client [req-81beeeb1-5861-41fd-b09e-ac48666579ee req-81beeeb1-5861-41fd-b09e-ac48666579ee ] Request (QuotasAdminTestV236:setUpClass): 204 PUT http://10.180.1.21/identity/v3/projects/9e08455430ea4b06a2f166fe36e04a28/users/906d464c2f484005b5526f8e827b0a68/roles/b21fd2574ddd4020ac0e131783d5d551 0.037s
2025-04-08 01:27:59.111 69798 INFO tempest.lib.common.dynamic_creds [-] Dynamic test user 906d464c2f484005b5526f8e827b0a68 is created with scope project and roles: ['member']
2025-04-08 01:27:59.111 69798 INFO tempest.lib.common.dynamic_creds [-] Acquired dynamic creds: credentials: Credentials: {'domain_id': 'default', 'domain_name': 'Default', 'username': 'tempest-QuotasAdminTestV236-1846184065-project-member', 'project_domain_id': 'default', 'project_domain_name': 'Default', 'project_id': '9e08455430ea4b06a2f166fe36e04a28', 'project_name': 'tempest-QuotasAdminTestV236-1846184065', 'tenant_id': '9e08455430ea4b06a2f166fe36e04a28', 'tenant_name': 'tempest-QuotasAdminTestV236-1846184065', 'user_domain_id': 'default', 'user_domain_name': 'Default', 'user_id': '906d464c2f484005b5526f8e827b0a68', 'system': None}, Network: None, Subnet: None, Router: None
2025-04-08 01:27:59.111 69798 INFO tempest.lib.common.dynamic_creds [-] Created isolated network resources for: credentials: Credentials: {'domain_id': 'default', 'domain_name': 'Default', 'username': 'tempest-QuotasAdminTestV236-1846184065-project-member', 'project_domain_id': 'default', 'project_domain_name': 'Default', 'project_id': '9e08455430ea4b06a2f166fe36e04a28', 'project_name': 'tempest-QuotasAdminTestV236-1846184065', 'tenant_id': '9e08455430ea4b06a2f166fe36e04a28', 'tenant_name': 'tempest-QuotasAdminTestV236-1846184065', 'user_domain_id': 'default', 'user_domain_name': 'Default', 'user_id': '906d464c2f484005b5526f8e827b0a68', 'system': None}, Network: None, Subnet: None, Router: None
2025-04-08 01:27:59.154 69824 INFO tempest.lib.common.rest_client [req-9f74f1ee-d0b3-41d3-b6d4-59216ab158b9 req-9f74f1ee-d0b3-41d3-b6d4-59216ab158b9 ] Request (DeleteServersAdminTestJSON:test_delete_server_while_in_error_state): 200 GET http://10.180.1.21/compute/v2.1/servers/8c620fb8-43fd-42ef-a624-f7322147c3b0 0.501s
2025-04-08 01:27:59.156 69830 INFO tempest.lib.common.rest_client [req-569fa66f-1c47-4406-a54c-8156dcb57349 req-569fa66f-1c47-4406-a54c-8156dcb57349 ] Request (ListServerFiltersTestJSON:test_list_servers_filter_by_shutoff_status): 200 GET http://10.180.1.21/compute/v2.1/servers/97994bf0-b61e-490d-a0d5-d704a2650f97 0.576s
2025-04-08 01:27:59.160 69806 INFO tempest.lib.common.rest_client [req-e82aaeac-8d5d-4312-b948-5a8f3d8ee4ae req-e82aaeac-8d5d-4312-b948-5a8f3d8ee4ae ] Request (FloatingIPDetailsNegativeTestJSON:setUpClass): 201 POST http://10.180.1.21/identity/v3/auth/tokens 0.071s
2025-04-08 01:27:59.169 69830 INFO tempest.common.waiters [-] State transition "ACTIVE/powering-off" ==> "SHUTOFF/None" after 3 second wait
2025-04-08 01:27:59.201 69798 INFO tempest.lib.common.rest_client [req-3716400e-26cf-4da3-aeff-ab8ac28eea6b req-3716400e-26cf-4da3-aeff-ab8ac28eea6b ] Request (QuotasAdminTestV236:setUpClass): 201 POST http://10.180.1.21/identity/v3/auth/tokens 0.086s
2025-04-08 01:27:59.216 69852 INFO tempest.lib.common.rest_client [req-ee3ff970-afff-4f56-89da-fab62d948e93 req-ee3ff970-afff-4f56-89da-fab62d948e93 ] Request (FlavorsAdminTestJSON:tearDownClass): 204 DELETE http://10.180.1.21:9696/networking/v2.0/security-groups/a57359d2-81d3-455a-9ef2-dd9ac6c3a160 0.114s
2025-04-08 01:27:59.245 69798 INFO tempest.lib.common.rest_client [req-556a65d4-4a90-4b7f-9c6c-1a6878a6674a req-556a65d4-4a90-4b7f-9c6c-1a6878a6674a ] Request (QuotasAdminTestV236:setUpClass): 201 POST http://10.180.1.21/identity/v3/projects 0.043s
2025-04-08 01:27:59.292 69852 INFO tempest.lib.common.rest_client [req-94cd7cab-42bc-44ec-9e2e-273511e56007 req-94cd7cab-42bc-44ec-9e2e-273511e56007 ] Request (FlavorsAdminTestJSON:tearDownClass): 204 DELETE http://10.180.1.21/identity/v3/projects/fef87de7649449888b7ec7b7fcbff0f3 0.075s
2025-04-08 01:27:59.331 69822 INFO tempest.lib.common.rest_client [req-55cd7097-88cb-4a05-a655-b3ab308c901c req-55cd7097-88cb-4a05-a655-b3ab308c901c ] Request (ServerExternalEventsTest:tearDownClass): 200 GET http://10.180.1.21/compute/v2.1/servers/687e47c3-01a5-4bcd-a71a-01de53502f4d 0.663s
2025-04-08 01:27:59.341 69838 INFO tempest.lib.common.rest_client [req-b8dddaae-481b-47ca-94da-544ed115632b req-b8dddaae-481b-47ca-94da-544ed115632b ] Request (ServersAdminNegativeTestJSON:test_migrate_server_invalid_state): 200 GET http://10.180.1.21/compute/v2.1/servers/f27e471e-0e79-46a3-a2a4-10072c7f4a92 0.570s
2025-04-08 01:27:59.360 69798 INFO tempest.lib.common.rest_client [req-0c4971a7-64b0-4007-a251-5d11113a4199 req-0c4971a7-64b0-4007-a251-5d11113a4199 ] Request (QuotasAdminTestV236:setUpClass): 201 POST http://10.180.1.21/identity/v3/users 0.114s
2025-04-08 01:27:59.363 69852 INFO tempest.lib.common.rest_client [req-72cf691b-30a8-49f7-a89d-e0190bfdfb2d req-72cf691b-30a8-49f7-a89d-e0190bfdfb2d ] Request (ServerGroup264TestJSON:setUpClass): 201 POST http://10.180.1.21/identity/v3/auth/tokens 0.068s
2025-04-08 01:27:59.387 69798 INFO tempest.lib.common.rest_client [req-11d50212-662b-4737-a08f-89102ab4c9a0 req-11d50212-662b-4737-a08f-89102ab4c9a0 ] Request (QuotasAdminTestV236:setUpClass): 200 GET http://10.180.1.21/identity/v3/roles 0.026s
2025-04-08 01:27:59.396 69852 INFO tempest.lib.common.rest_client [req-644cf7e7-3b98-4089-9f3b-abfb3b633c4d req-644cf7e7-3b98-4089-9f3b-abfb3b633c4d ] Request (ServerGroup264TestJSON:setUpClass): 201 POST http://10.180.1.21/identity/v3/auth/tokens 0.028s
2025-04-08 01:27:59.401 69794 INFO tempest.lib.common.rest_client [req-868bb207-135d-466d-9f2f-1458a4e6ffd7 req-868bb207-135d-466d-9f2f-1458a4e6ffd7 ] Request (ServerDiagnosticsNegativeTest:tearDownClass): 200 GET http://10.180.1.21/compute/v2.1/servers/01b5f9ff-b9cb-4770-92ce-77cc25c29ee0 0.481s
2025-04-08 01:27:59.415 69798 INFO tempest.lib.common.rest_client [req-a59407c4-cc24-4d73-9f82-78464d5ff903 req-a59407c4-cc24-4d73-9f82-78464d5ff903 ] Request (QuotasAdminTestV236:setUpClass): 204 PUT http://10.180.1.21/identity/v3/projects/97cb7625136d466a99b78e082f36aa21/users/0c547038dc5440b9a51cd3d2d943aa66/roles/4a618edc87d5476eb8b442a8c091b5b8 0.028s
2025-04-08 01:27:59.418 69806 INFO tempest.lib.common.rest_client [req-8a37dc5f-bd84-4405-aa7f-58d2ed35b5aa req-8a37dc5f-bd84-4405-aa7f-58d2ed35b5aa ] Request (FloatingIPDetailsNegativeTestJSON:setUpClass): 201 POST http://10.180.1.21:9696/networking/v2.0/networks 0.258s
2025-04-08 01:27:59.421 69852 INFO tempest.lib.common.rest_client [req-c23bf8d7-489f-4960-9b1f-1d854d34243b req-c23bf8d7-489f-4960-9b1f-1d854d34243b ] Request (ServerGroup264TestJSON:setUpClass): 200 GET http://10.180.1.21/identity/v3/domains?name=Default 0.025s
2025-04-08 01:27:59.471 69798 INFO tempest.lib.common.rest_client [req-f2538147-32bf-4a7e-a67c-a22430e14dc5 req-f2538147-32bf-4a7e-a67c-a22430e14dc5 ] Request (QuotasAdminTestV236:setUpClass): 200 GET http://10.180.1.21/identity/v3/roles 0.055s
2025-04-08 01:27:59.488 69852 INFO tempest.lib.common.rest_client [req-d3833b85-663a-411b-a735-d186427d22a9 req-d3833b85-663a-411b-a735-d186427d22a9 ] Request (ServerGroup264TestJSON:setUpClass): 201 POST http://10.180.1.21/identity/v3/projects 0.066s
2025-04-08 01:27:59.494 69798 INFO tempest.lib.common.rest_client [req-7f22e367-d99a-4572-b4e4-837cfec8a91b req-7f22e367-d99a-4572-b4e4-837cfec8a91b ] Request (QuotasAdminTestV236:setUpClass): 204 PUT http://10.180.1.21/identity/v3/projects/97cb7625136d466a99b78e082f36aa21/users/0c547038dc5440b9a51cd3d2d943aa66/roles/4a618edc87d5476eb8b442a8c091b5b8 0.022s
2025-04-08 01:27:59.494 69798 INFO tempest.lib.common.dynamic_creds [-] Dynamic test user 0c547038dc5440b9a51cd3d2d943aa66 is created with scope project and roles: ['admin']
2025-04-08 01:27:59.494 69798 INFO tempest.lib.common.dynamic_creds [-] Acquired dynamic creds: credentials: Credentials: {'domain_id': 'default', 'domain_name': 'Default', 'username': 'tempest-QuotasAdminTestV236-1009880343-project-admin', 'project_domain_id': 'default', 'project_domain_name': 'Default', 'project_id': '97cb7625136d466a99b78e082f36aa21', 'project_name': 'tempest-QuotasAdminTestV236-1009880343', 'tenant_id': '97cb7625136d466a99b78e082f36aa21', 'tenant_name': 'tempest-QuotasAdminTestV236-1009880343', 'user_domain_id': 'default', 'user_domain_name': 'Default', 'user_id': '0c547038dc5440b9a51cd3d2d943aa66', 'system': None}, Network: None, Subnet: None, Router: None
2025-04-08 01:27:59.494 69798 INFO tempest.lib.common.dynamic_creds [-] Created isolated network resources for: credentials: Credentials: {'domain_id': 'default', 'domain_name': 'Default', 'username': 'tempest-QuotasAdminTestV236-1009880343-project-admin', 'project_domain_id': 'default', 'project_domain_name': 'Default', 'project_id': '97cb7625136d466a99b78e082f36aa21', 'project_name': 'tempest-QuotasAdminTestV236-1009880343', 'tenant_id': '97cb7625136d466a99b78e082f36aa21', 'tenant_name': 'tempest-QuotasAdminTestV236-1009880343', 'user_domain_id': 'default', 'user_domain_name': 'Default', 'user_id': '0c547038dc5440b9a51cd3d2d943aa66', 'system': None}, Network: None, Subnet: None, Router: None
2025-04-08 01:27:59.507 69814 INFO tempest.lib.common.rest_client [req-9dc74661-bfff-45ea-b65f-441ff38b4dde req-9dc74661-bfff-45ea-b65f-441ff38b4dde ] Request (FloatingIPsAssociationTestJSON:test_associate_already_associated_floating_ip): 200 GET http://10.180.1.21/compute/v2.1/servers/06a7d7eb-8f8c-4ad6-8d78-a7305dd2f492 0.552s
2025-04-08 01:27:59.558 69806 INFO tempest.lib.common.rest_client [req-36ea51c0-c1b8-4332-a380-f5fcc2d362b1 req-36ea51c0-c1b8-4332-a380-f5fcc2d362b1 ] Request (FloatingIPDetailsNegativeTestJSON:setUpClass): 201 POST http://10.180.1.21:9696/networking/v2.0/subnets 0.139s
2025-04-08 01:27:59.560 69850 INFO tempest.lib.common.rest_client [req-4f44dd3a-0be6-4aaf-bbcb-d9bb217ddb0a req-4f44dd3a-0be6-4aaf-bbcb-d9bb217ddb0a ] Request (ServersTestBootFromVolume:setUpClass): 200 GET http://10.180.1.21/compute/v2.1/servers/9a2b7ada-5d43-4e03-bcfc-eedb65417c5c 0.576s
2025-04-08 01:27:59.568 69852 INFO tempest.lib.common.rest_client [req-17097f26-6f0a-47cc-a93e-77a853fa294c req-17097f26-6f0a-47cc-a93e-77a853fa294c ] Request (ServerGroup264TestJSON:setUpClass): 201 POST http://10.180.1.21/identity/v3/users 0.079s
2025-04-08 01:27:59.570 69798 INFO tempest.lib.common.rest_client [req-941df79a-1a06-4773-bb06-0ff2466096be req-941df79a-1a06-4773-bb06-0ff2466096be ] Request (QuotasAdminTestV236:setUpClass): 201 POST http://10.180.1.21/identity/v3/auth/tokens 0.073s
2025-04-08 01:27:59.592 69852 INFO tempest.lib.common.rest_client [req-670ec712-aacd-4c04-b0c1-fa033d684553 req-670ec712-aacd-4c04-b0c1-fa033d684553 ] Request (ServerGroup264TestJSON:setUpClass): 200 GET http://10.180.1.21/identity/v3/roles 0.023s
2025-04-08 01:27:59.599 69798 INFO tempest.lib.common.rest_client [req-b732918e-9f3d-4fed-876b-657abf3ce470 req-b732918e-9f3d-4fed-876b-657abf3ce470 ] Request (QuotasAdminTestV236:test_get_updated_quotas): 200 GET http://10.180.1.21/identity/v3/domains?name=Default 0.025s
2025-04-08 01:27:59.618 69852 INFO tempest.lib.common.rest_client [req-dbfcc3c0-a784-4369-a7a6-43676250f36d req-dbfcc3c0-a784-4369-a7a6-43676250f36d ] Request (ServerGroup264TestJSON:setUpClass): 204 PUT http://10.180.1.21/identity/v3/projects/f934543458054726befebd72e4506d5e/users/8f2ae11c27824d7997f541c63c6522a1/roles/b21fd2574ddd4020ac0e131783d5d551 0.026s
2025-04-08 01:27:59.619 69852 INFO tempest.lib.common.dynamic_creds [-] Dynamic test user 8f2ae11c27824d7997f541c63c6522a1 is created with scope project and roles: ['member']
2025-04-08 01:27:59.619 69790 INFO tempest.lib.common.rest_client [req-8eb7a8ef-089d-4622-9874-cd6b8c46ed8f req-8eb7a8ef-089d-4622-9874-cd6b8c46ed8f ] Request (MultipleCreateTestJSON:test_multiple_create_with_reservation_return): 200 GET http://10.180.1.21/compute/v2.1/servers/78fdc5c0-51d8-49b9-929f-810f9439c84a 0.676s
2025-04-08 01:27:59.619 69852 INFO tempest.lib.common.dynamic_creds [-] Acquired dynamic creds: credentials: Credentials: {'domain_id': 'default', 'domain_name': 'Default', 'username': 'tempest-ServerGroup264TestJSON-1855518724-project-member', 'project_domain_id': 'default', 'project_domain_name': 'Default', 'project_id': 'f934543458054726befebd72e4506d5e', 'project_name': 'tempest-ServerGroup264TestJSON-1855518724', 'tenant_id': 'f934543458054726befebd72e4506d5e', 'tenant_name': 'tempest-ServerGroup264TestJSON-1855518724', 'user_domain_id': 'default', 'user_domain_name': 'Default', 'user_id': '8f2ae11c27824d7997f541c63c6522a1', 'system': None}, Network: None, Subnet: None, Router: None
2025-04-08 01:27:59.625 69798 INFO tempest.lib.common.rest_client [req-8d07835b-55ed-4168-8d80-8ae0779218eb req-8d07835b-55ed-4168-8d80-8ae0779218eb ] Request (QuotasAdminTestV236:test_get_updated_quotas): 201 POST http://10.180.1.21/identity/v3/projects 0.025s
2025-04-08 01:27:59.626 69800 INFO tempest.lib.common.rest_client [req-d87090cb-de20-42b2-8fad-cdc0854da699 req-d87090cb-de20-42b2-8fad-cdc0854da699 ] Request (ServersTestFqdnHostnames:test_create_server_with_fqdn_name): 200 GET http://10.180.1.21/compute/v2.1/servers/8251990f-e7b0-42d9-bdb0-34f6b4f08e70 0.550s
2025-04-08 01:27:59.666 69830 INFO tempest.lib.common.rest_client [req-c4fc3539-84ff-4a8a-84f2-2ec42b71bbcc req-c4fc3539-84ff-4a8a-84f2-2ec42b71bbcc ] Request (ListServerFiltersTestJSON:test_list_servers_filter_by_shutoff_status): 200 GET http://10.180.1.21/compute/v2.1/servers?status=shutoff 0.497s
2025-04-08 01:27:59.672 69852 INFO tempest.lib.common.rest_client [req-da0f5062-2a3b-4e96-a9d9-c1d144998b67 req-da0f5062-2a3b-4e96-a9d9-c1d144998b67 ] Request (ServerGroup264TestJSON:setUpClass): 201 POST http://10.180.1.21/identity/v3/auth/tokens 0.053s
2025-04-08 01:27:59.680 69798 INFO tempest.lib.common.rest_client [req-2be33777-ca6f-495a-b50c-d4d133e0fca4 req-2be33777-ca6f-495a-b50c-d4d133e0fca4 ] Request (QuotasAdminTestV236:test_get_updated_quotas): 200 GET http://10.180.1.21/identity/v3/domains?name=Default 0.055s
2025-04-08 01:27:59.682 69840 INFO tempest.lib.common.rest_client [req-5399db84-a330-4463-96d1-772156157402 req-5399db84-a330-4463-96d1-772156157402 ] Request (ServersTestMultiNic:test_verify_duplicate_network_nics): 200 GET http://10.180.1.21/compute/v2.1/servers/98f35e0d-bf83-4da6-a7f4-b8924c01bceb 0.504s
2025-04-08 01:27:59.712 69804 INFO tempest.lib.common.rest_client [req-7d0910d5-0ad4-4324-80bf-5a5427a55ebe req-7d0910d5-0ad4-4324-80bf-5a5427a55ebe ] Request (AttachVolumeTestJSON:test_attach_detach_volume): 200 GET http://10.180.1.21/compute/v2.1/servers/fca9abff-1947-4808-8f04-4682cc5f8ddb 0.483s
2025-04-08 01:27:59.739 69832 WARNING tempest.lib.common.ssh [-] Failed to establish authenticated ssh connection to cirros@10.180.180.138 ([Errno None] Unable to connect to port 22 on 10.180.180.138). Number attempts: 1. Retry after 2 seconds.: paramiko.ssh_exception.NoValidConnectionsError: [Errno None] Unable to connect to port 22 on 10.180.180.138
2025-04-08 01:27:59.744 69846 INFO tempest.lib.common.rest_client [req-68089dc3-1a9e-427c-8973-70806c5022c1 req-68089dc3-1a9e-427c-8973-70806c5022c1 ] Request (MigrationsAdminTest:test_list_migrations_in_flavor_resize_situation): 200 GET http://10.180.1.21/compute/v2.1/servers/959c58c5-2931-40dd-9afd-d3884a500adb 0.448s
2025-04-08 01:27:59.774 69816 INFO tempest.lib.common.rest_client [req-667bdf31-6574-4d67-bde8-1e08bfd671f8 req-667bdf31-6574-4d67-bde8-1e08bfd671f8 ] Request (VolumesAdminNegativeTest:test_update_attached_volume_with_nonexistent_volume_in_body): 200 GET http://10.180.1.21/compute/v2.1/servers/943364ed-68a8-49d5-b165-a19795d43933 0.393s
2025-04-08 01:27:59.799 69826 INFO tempest.lib.common.rest_client [req-2014ddd4-9c77-4692-a41c-d520a3156eb9 req-2014ddd4-9c77-4692-a41c-d520a3156eb9 ] Request (ServerActionsTestJSON:setUpClass): 200 GET http://10.180.1.21/compute/v2.1/servers/4095a995-43fe-4f2b-a38d-d83e46c20c7c 0.343s
2025-04-08 01:27:59.827 69810 INFO tempest.lib.common.rest_client [req-d1bff8fd-f851-4d11-a562-339e4a9786aa req-d1bff8fd-f851-4d11-a562-339e4a9786aa ] Request (ServerDiagnosticsV248Test:test_get_server_diagnostics): 200 GET http://10.180.1.21/compute/v2.1/servers/e12f8476-00be-4b15-ac88-05b31bbecdb1 0.299s
2025-04-08 01:27:59.859 69818 INFO tempest.lib.common.rest_client [req-8d18d6f6-d586-40be-94a7-61bb4ff812b6 req-8d18d6f6-d586-40be-94a7-61bb4ff812b6 ] Request (FloatingIPsAssociationNegativeTestJSON:setUpClass): 200 GET http://10.180.1.21/compute/v2.1/servers/52f865a3-f591-46d5-9fdb-c4abc4616358 0.280s
2025-04-08 01:27:59.891 69834 INFO tempest.lib.common.rest_client [req-7e65c795-ceed-460d-a2dc-962bbed927f4 req-7e65c795-ceed-460d-a2dc-962bbed927f4 ] Request (ServerMetadataTestJSON:setUpClass): 200 GET http://10.180.1.21/compute/v2.1/servers/940e8a8f-5bdc-49fc-8aac-8383d2218376 0.228s
2025-04-08 01:27:59.931 69830 INFO tempest.lib.common.rest_client [req-a96d6625-7130-45c2-b74e-4eb0d18e93db req-a96d6625-7130-45c2-b74e-4eb0d18e93db ] Request (ListServerFiltersTestJSON:test_list_servers_filter_by_shutoff_status): 202 POST http://10.180.1.21/compute/v2.1/servers/97994bf0-b61e-490d-a0d5-d704a2650f97/action 0.263s
2025-04-08 01:27:59.985 69852 INFO tempest.lib.common.rest_client [req-215e5553-7a3f-417a-9a7d-15ef92889b46 req-215e5553-7a3f-417a-9a7d-15ef92889b46 ] Request (ServerGroup264TestJSON:setUpClass): 201 POST http://10.180.1.21:9696/networking/v2.0/networks 0.312s
2025-04-08 01:27:59.987 69836 INFO tempest.lib.common.rest_client [req-1ab544f1-659c-449f-88e3-237165cb6cd3 req-1ab544f1-659c-449f-88e3-237165cb6cd3 ] Request (ServersTestManualDisk:setUpClass): 200 GET http://10.180.1.21/compute/v2.1/servers/f92d2111-2ca1-466f-8fea-d482fefcef95 0.233s
2025-04-08 01:28:00.043 69848 INFO tempest.lib.common.rest_client [req-a3a082af-a5b8-4e64-995c-5f05974ba37e req-a3a082af-a5b8-4e64-995c-5f05974ba37e ] Request (TenantUsagesTestJSON:setUpClass): 200 GET http://10.180.1.21/compute/v2.1/servers/2d0eae83-e347-4b52-a5d6-322b6e613b28 0.271s
2025-04-08 01:28:00.044 69798 INFO tempest.lib.common.rest_client [req-3ded7201-d15b-4966-ae34-b69afbd66caf req-3ded7201-d15b-4966-ae34-b69afbd66caf ] Request (QuotasAdminTestV236:test_get_updated_quotas): 200 PUT http://10.180.1.21/compute/v2.1/os-quota-sets/43f9fd83a574427e889120bf1c9623d1 0.364s
2025-04-08 01:28:00.120 69828 INFO tempest.lib.common.rest_client [req-cc480079-9126-416b-a8d2-903f5c4cbba7 req-cc480079-9126-416b-a8d2-903f5c4cbba7 ] Request (DeleteServersTestJSON:test_delete_active_server): 200 GET http://10.180.1.21/compute/v2.1/servers/1c9775bf-099d-45a3-9c63-2f2c72918e6a 0.283s
2025-04-08 01:28:00.222 69806 INFO tempest.lib.common.rest_client [req-bd5742c3-d9a0-436b-8aa4-81fec8894c06 req-bd5742c3-d9a0-436b-8aa4-81fec8894c06 ] Request (FloatingIPDetailsNegativeTestJSON:setUpClass): 201 POST http://10.180.1.21:9696/networking/v2.0/routers 0.664s
2025-04-08 01:28:00.343 69808 INFO tempest.lib.common.rest_client [req-4e4ac4c2-bb57-4ecb-8c7e-dc539a3a3da4 req-4e4ac4c2-bb57-4ecb-8c7e-dc539a3a3da4 ] Request (ServerDiagnosticsTest:tearDownClass): 200 GET http://10.180.1.21/compute/v2.1/servers/a0fa69a8-5af2-465a-b0bd-76c703c8faff 0.475s
2025-04-08 01:28:00.358 69812 INFO tempest.lib.common.rest_client [req-7e9e288e-4e6e-4cf0-aef8-6a8c3be6360d req-7e9e288e-4e6e-4cf0-aef8-6a8c3be6360d ] Request (InstanceActionsV221TestJSON:test_get_list_deleted_instance_actions): 200 GET http://10.180.1.21/compute/v2.1/servers/08a284de-cadf-450c-ad61-fad59fd85358 0.448s
2025-04-08 01:28:00.437 69852 INFO tempest.lib.common.rest_client [req-489056cd-ee34-46bc-8630-bc9c0d8abcd1 req-489056cd-ee34-46bc-8630-bc9c0d8abcd1 ] Request (ServerGroup264TestJSON:setUpClass): 201 POST http://10.180.1.21:9696/networking/v2.0/subnets 0.451s
2025-04-08 01:28:00.438 69844 INFO tempest.lib.common.rest_client [req-fdab3b2b-4ac7-458f-8958-722ee8a9f6ea req-fdab3b2b-4ac7-458f-8958-722ee8a9f6ea ] Request (ServerAddressesTestJSON:tearDownClass): 200 GET http://10.180.1.21/compute/v2.1/servers/0d536aa2-86c7-434a-8673-9c11c8e89a83 0.474s
2025-04-08 01:28:00.501 69842 INFO tempest.lib.common.rest_client [req-10e9368f-1d62-4aad-baff-82c193de7503 req-10e9368f-1d62-4aad-baff-82c193de7503 ] Request (ImagesOneServerTestJSON:setUpClass): 200 GET http://10.180.1.21/compute/v2.1/servers/d3aa1b2b-ff7b-44d5-8cd2-b6c6d870734d 0.481s
2025-04-08 01:28:00.504 69830 INFO tempest.lib.common.rest_client [req-acb6bd3c-b39a-4c24-87df-51098b2a529b req-acb6bd3c-b39a-4c24-87df-51098b2a529b ] Request (ListServerFiltersTestJSON:test_list_servers_filter_by_shutoff_status): 200 GET http://10.180.1.21/compute/v2.1/servers/97994bf0-b61e-490d-a0d5-d704a2650f97 0.573s
2025-04-08 01:28:00.567 69796 INFO tempest.lib.common.rest_client [req-cf0a4e2c-7c2f-4d8c-989e-788795c5f5b5 req-cf0a4e2c-7c2f-4d8c-989e-788795c5f5b5 ] Request (ListImageFiltersTestJSON:setUpClass): 200 GET http://10.180.1.21/compute/v2.1/servers/0511381c-3185-4825-9464-7b74e05e696f 0.466s
2025-04-08 01:28:00.585 69798 INFO tempest.lib.common.rest_client [req-bc887209-347b-43d6-be4c-22c8d5f5d7f4 req-bc887209-347b-43d6-be4c-22c8d5f5d7f4 ] Request (QuotasAdminTestV236:test_get_updated_quotas): 200 GET http://10.180.1.21/compute/v2.1/os-quota-sets/43f9fd83a574427e889120bf1c9623d1/detail 0.539s
