2025-04-08 01:27:02.585 69830 INFO tempest.lib.common.rest_client [req-7a966943-56f6-4052-885a-e9e4c573ea60 req-7a966943-56f6-4052-885a-e9e4c573ea60 ] Request (QuotasSecurityGroupAdminNegativeTest:setUpClass): 201 POST http://10.180.1.21/identity/v3/projects 0.069s
2025-04-08 01:27:02.626 69850 INFO tempest.lib.common.rest_client [req-5cb3b2d4-228a-46d0-aaa2-08e007db4351 req-5cb3b2d4-228a-46d0-aaa2-08e007db4351 ] Request (InstanceUsageAuditLogNegativeTestJSON:tearDownClass): 204 DELETE http://10.180.1.21/identity/v3/users/269a19049cbc4a26adbd5fe7c61be463 0.169s
2025-04-08 01:27:02.663 69814 INFO tempest.lib.common.rest_client [req-0abb7bf6-0e48-4e39-9d32-f8e721de6076 req-0abb7bf6-0e48-4e39-9d32-f8e721de6076 ] Request (FloatingIPsAssociationTestJSON:setUpClass): 200 GET http://10.180.1.21/compute/v2.1/servers/ac03567e-0faa-4105-87c5-f3d4a0a19289 1.545s
2025-04-08 01:27:02.670 69814 INFO tempest.common.waiters [-] State transition "BUILD/None" ==> "BUILD/networking" after 2 second wait
2025-04-08 01:27:02.705 69796 INFO tempest.lib.common.rest_client [req-0a589717-4dc3-4f42-b08d-bb4cf3494509 req-0a589717-4dc3-4f42-b08d-bb4cf3494509 ] Request (HypervisorAdminV228Test:tearDownClass): 204 DELETE http://10.180.1.21/identity/v3/projects/b91d1312a2544c36a766e4af4ccb47b3 0.123s
2025-04-08 01:27:02.706 69796 INFO tempest.lib.common.dynamic_creds [-] Deleting project and security group for project: 2803ece51c794a059eb9370cf1c6fd1d
2025-04-08 01:27:02.758 69830 INFO tempest.lib.common.rest_client [req-f5ec40bd-bbdf-4fd2-9c0f-f247688bf02d req-f5ec40bd-bbdf-4fd2-9c0f-f247688bf02d ] Request (QuotasSecurityGroupAdminNegativeTest:setUpClass): 201 POST http://10.180.1.21/identity/v3/users 0.171s
2025-04-08 01:27:02.797 69850 INFO tempest.lib.common.rest_client [req-504ca5f6-0c4a-4772-84dc-315d6c314bcd req-504ca5f6-0c4a-4772-84dc-315d6c314bcd ] Request (InstanceUsageAuditLogNegativeTestJSON:tearDownClass): 204 DELETE http://10.180.1.21/identity/v3/users/639101d7867a4e268fd32515aa7bb699 0.170s
2025-04-08 01:27:02.797 69850 INFO tempest.lib.common.dynamic_creds [-] Deleting project and security group for project: 584e3b62e3f148c4b968f2473770d653
2025-04-08 01:27:02.811 69796 INFO tempest.lib.common.rest_client [req-a8fb81b8-e469-4a15-9059-124aaad096fd req-a8fb81b8-e469-4a15-9059-124aaad096fd ] Request (HypervisorAdminV228Test:tearDownClass): 200 GET http://10.180.1.21:9696/networking/v2.0/security-groups?tenant_id=2803ece51c794a059eb9370cf1c6fd1d&name=default 0.105s
2025-04-08 01:27:02.863 69830 INFO tempest.lib.common.rest_client [req-941fdcbf-4afd-4b14-8298-b5e5954eee50 req-941fdcbf-4afd-4b14-8298-b5e5954eee50 ] Request (QuotasSecurityGroupAdminNegativeTest:setUpClass): 200 GET http://10.180.1.21/identity/v3/roles 0.105s
2025-04-08 01:27:02.885 69796 INFO tempest.lib.common.rest_client [req-bc239f7e-0a65-4824-826a-0c6b88be54f3 req-bc239f7e-0a65-4824-826a-0c6b88be54f3 ] Request (HypervisorAdminV228Test:tearDownClass): 204 DELETE http://10.180.1.21:9696/networking/v2.0/security-groups/3ad65bc8-6ade-4b35-a233-373a51b97408 0.074s
2025-04-08 01:27:02.914 69850 INFO tempest.lib.common.rest_client [req-43825768-2602-45d0-8faf-5af0f3ce565c req-43825768-2602-45d0-8faf-5af0f3ce565c ] Request (InstanceUsageAuditLogNegativeTestJSON:tearDownClass): 201 POST http://10.180.1.21/identity/v3/auth/tokens 0.116s
2025-04-08 01:27:02.936 69830 INFO tempest.lib.common.rest_client [req-78d2047e-e7e3-4996-bd19-cb9c4f5ca4ad req-78d2047e-e7e3-4996-bd19-cb9c4f5ca4ad ] Request (QuotasSecurityGroupAdminNegativeTest:setUpClass): 204 PUT http://10.180.1.21/identity/v3/projects/7480316977214c76b5ce42a7f5f699c1/users/f8eeb35131d04ab295584e951f4806ee/roles/4a618edc87d5476eb8b442a8c091b5b8 0.073s
2025-04-08 01:27:02.953 69806 INFO tempest.lib.common.rest_client [req-76993f1a-4ff9-4664-9ab6-6a77ff66e17c req-76993f1a-4ff9-4664-9ab6-6a77ff66e17c ] Request (AggregatesAdminNegativeTestJSON:test_aggregate_add_existent_host): 200 POST http://10.180.1.21/compute/v2.1/os-aggregates/1/action 2.078s
2025-04-08 01:27:03.033 69796 INFO tempest.lib.common.rest_client [req-b26b73b0-c477-48db-b204-7348c6f7d56e req-b26b73b0-c477-48db-b204-7348c6f7d56e ] Request (HypervisorAdminV228Test:tearDownClass): 204 DELETE http://10.180.1.21/identity/v3/projects/2803ece51c794a059eb9370cf1c6fd1d 0.148s
2025-04-08 01:27:03.046 69834 INFO tempest.lib.common.rest_client [req-73bfb425-95fc-45df-8ae8-2f32d897da9b req-73bfb425-95fc-45df-8ae8-2f32d897da9b ] Request (NetworksTest:test_list_all_networks): 200 GET http://10.180.1.21/compute/v2.1/os-networks 1.766s
2025-04-08 01:27:03.078 69826 INFO tempest.lib.common.rest_client [req-3ecc160a-98d3-4f31-a49b-7c08be56cc1a req-3ecc160a-98d3-4f31-a49b-7c08be56cc1a ] Request (QuotasAdminTestV257:test_get_updated_quotas): 200 PUT http://10.180.1.21/compute/v2.1/os-quota-sets/477e6621244a43d2a0259c012a29994a?user_id=5fbb5972e1a34ffd85cd71096c0e1308 1.910s
2025-04-08 01:27:03.088 69830 INFO tempest.lib.common.rest_client [req-61d6f90d-7ce1-46dc-917a-b6bd4ec26d72 req-61d6f90d-7ce1-46dc-917a-b6bd4ec26d72 ] Request (QuotasSecurityGroupAdminNegativeTest:setUpClass): 200 GET http://10.180.1.21/identity/v3/roles 0.150s
2025-04-08 01:27:03.104 69846 INFO tempest.lib.common.rest_client [req-ff9f3b8b-e987-473e-8dc0-ce113216ebcd req-ff9f3b8b-e987-473e-8dc0-ce113216ebcd ] Request (HostsAdminTestJSON:test_list_hosts_with_nonexistent_zone): 200 GET http://10.180.1.21/compute/v2.1/os-hosts?zone=xxx 1.677s
2025-04-08 01:27:03.105 69794 INFO tempest.lib.common.rest_client [req-2a4d9ecc-3012-4e34-9562-6e7b39484923 req-2a4d9ecc-3012-4e34-9562-6e7b39484923 ] Request (ServerDiagnosticsNegativeTest:test_get_server_diagnostics_by_non_admin): 200 GET http://10.180.1.21/compute/v2.1/servers/01b5f9ff-b9cb-4770-92ce-77cc25c29ee0 1.712s
2025-04-08 01:27:03.116 69822 INFO tempest.lib.common.rest_client [req-264e6168-a47d-489d-8c89-009faf367ca9 req-264e6168-a47d-489d-8c89-009faf367ca9 ] Request (KeyPairsV210TestJSON:test_admin_manage_keypairs_for_other_users): 200 GET http://10.180.1.21/compute/v2.1/os-keypairs/tempest-keypair-1792862504?user_id=d427abe05b474599ba34c83791d97c14 1.561s
2025-04-08 01:27:03.121 69796 INFO tempest.lib.common.rest_client [req-aa88b34a-01b0-4f56-8012-e5340d516090 req-aa88b34a-01b0-4f56-8012-e5340d516090 ] Request (FloatingIPDetailsTestJSON:setUpClass): 201 POST http://10.180.1.21/identity/v3/auth/tokens 0.086s
2025-04-08 01:27:03.137 69830 INFO tempest.lib.common.rest_client [req-86fb07ab-2912-444a-8b52-2d053cdc53fd req-86fb07ab-2912-444a-8b52-2d053cdc53fd ] Request (QuotasSecurityGroupAdminNegativeTest:setUpClass): 204 PUT http://10.180.1.21/identity/v3/projects/7480316977214c76b5ce42a7f5f699c1/users/f8eeb35131d04ab295584e951f4806ee/roles/4a618edc87d5476eb8b442a8c091b5b8 0.048s
2025-04-08 01:27:03.137 69830 INFO tempest.lib.common.dynamic_creds [-] Dynamic test user f8eeb35131d04ab295584e951f4806ee is created with scope project and roles: ['admin']
2025-04-08 01:27:03.137 69830 INFO tempest.lib.common.dynamic_creds [-] Acquired dynamic creds: credentials: Credentials: {'domain_id': 'default', 'domain_name': 'Default', 'username': 'tempest-QuotasSecurityGroupAdminNegativeTest-1558569811-project-admin', 'project_domain_id': 'default', 'project_domain_name': 'Default', 'project_id': '7480316977214c76b5ce42a7f5f699c1', 'project_name': 'tempest-QuotasSecurityGroupAdminNegativeTest-1558569811', 'tenant_id': '7480316977214c76b5ce42a7f5f699c1', 'tenant_name': 'tempest-QuotasSecurityGroupAdminNegativeTest-1558569811', 'user_domain_id': 'default', 'user_domain_name': 'Default', 'user_id': 'f8eeb35131d04ab295584e951f4806ee', 'system': None}, Network: None, Subnet: None, Router: None
2025-04-08 01:27:03.137 69830 INFO tempest.lib.common.dynamic_creds [-] Created isolated network resources for: credentials: Credentials: {'domain_id': 'default', 'domain_name': 'Default', 'username': 'tempest-QuotasSecurityGroupAdminNegativeTest-1558569811-project-admin', 'project_domain_id': 'default', 'project_domain_name': 'Default', 'project_id': '7480316977214c76b5ce42a7f5f699c1', 'project_name': 'tempest-QuotasSecurityGroupAdminNegativeTest-1558569811', 'tenant_id': '7480316977214c76b5ce42a7f5f699c1', 'tenant_name': 'tempest-QuotasSecurityGroupAdminNegativeTest-1558569811', 'user_domain_id': 'default', 'user_domain_name': 'Default', 'user_id': 'f8eeb35131d04ab295584e951f4806ee', 'system': None}, Network: None, Subnet: None, Router: None
2025-04-08 01:27:03.141 69792 INFO tempest.lib.common.rest_client [req-a8045203-2cd3-42e7-a9b7-fbeef3efcda6 req-a8045203-2cd3-42e7-a9b7-fbeef3efcda6 ] Request (FlavorsV255TestJSON:test_crud_flavor): 200 PUT http://10.180.1.21/compute/v2.1/flavors/682314315 1.702s
2025-04-08 01:27:03.181 69834 INFO tempest.lib.common.rest_client [req-aac0acbf-60c6-4c82-8ee6-4d3d5f908812 req-aac0acbf-60c6-4c82-8ee6-4d3d5f908812 ] Request (NetworksTest:tearDownClass): 204 DELETE http://10.180.1.21/identity/v3/users/b96f14d6988645a3a66117c6b8a3e3a9 0.132s
2025-04-08 01:27:03.199 69790 INFO tempest.lib.common.rest_client [req-baa43ece-2851-49bb-b2cf-6d0f88c6931e req-baa43ece-2851-49bb-b2cf-6d0f88c6931e ] Request (MultipleCreateTestJSON:test_multiple_create): 200 GET http://10.180.1.21/compute/v2.1/servers/8e2a554b-0f7b-44ad-a15e-3b374106d672 1.631s
2025-04-08 01:27:03.207 69796 INFO tempest.lib.common.rest_client [req-3edee4eb-6f2c-47ef-92bb-57503c4e562c req-3edee4eb-6f2c-47ef-92bb-57503c4e562c ] Request (FloatingIPDetailsTestJSON:setUpClass): 201 POST http://10.180.1.21/identity/v3/auth/tokens 0.081s
2025-04-08 01:27:03.229 69836 INFO tempest.lib.common.rest_client [req-204315a3-d4b4-4a3f-a5e1-bb32447e2abf req-204315a3-d4b4-4a3f-a5e1-bb32447e2abf ] Request (HypervisorAdminNegativeUnderV252Test:test_search_nonexistent_hypervisor): 404 GET http://10.180.1.21/compute/v2.1/os-hypervisors/nonexistent_hypervisor_name/search 1.573s
2025-04-08 01:27:03.248 69802 INFO tempest.lib.common.rest_client [req-8613c078-d568-4326-bc90-9d20df25522c req-8613c078-d568-4326-bc90-9d20df25522c ] Request (VolumesAssistedSnapshotsTest:test_volume_assisted_snapshot_create_delete): 200 GET http://10.180.1.21/volume/v3/volumes/a5de170b-974a-4ba7-947d-d62ca3d0ecd5 0.047s
2025-04-08 01:27:03.253 69830 INFO tempest.lib.common.rest_client [req-8e351f78-544e-4003-87a1-72452be7f04b req-8e351f78-544e-4003-87a1-72452be7f04b ] Request (QuotasSecurityGroupAdminNegativeTest:setUpClass): 201 POST http://10.180.1.21/identity/v3/auth/tokens 0.113s
2025-04-08 01:27:03.254 69830 WARNING tempest.lib.common.rest_client [-] Deprecated: "tenant_id" property is deprecated for removal, use "project_id" instead
2025-04-08 01:27:03.258 69802 INFO tempest.common.waiters [-] volume a5de170b-974a-4ba7-947d-d62ca3d0ecd5 reached available after waiting for 1.258588 seconds
2025-04-08 01:27:03.263 69850 INFO tempest.lib.common.rest_client [req-2522eb1a-2dfc-47b6-9f8e-eddcf488e4d2 req-2522eb1a-2dfc-47b6-9f8e-eddcf488e4d2 ] Request (InstanceUsageAuditLogNegativeTestJSON:tearDownClass): 200 GET http://10.180.1.21:9696/networking/v2.0/security-groups?tenant_id=584e3b62e3f148c4b968f2473770d653&name=default 0.349s
2025-04-08 01:27:03.267 69852 INFO tempest.lib.common.rest_client [req-79b16c20-6388-40fb-a9ee-2acfb85f9d1d req-79b16c20-6388-40fb-a9ee-2acfb85f9d1d ] Request (FlavorsAdminTestJSON:_run_cleanups): 200 GET http://10.180.1.21/compute/v2.1/flavors/detail 1.590s
2025-04-08 01:27:03.350 69834 INFO tempest.lib.common.rest_client [req-f86a329a-7f5e-4d0c-8c5c-b7b617d2b062 req-f86a329a-7f5e-4d0c-8c5c-b7b617d2b062 ] Request (NetworksTest:tearDownClass): 204 DELETE http://10.180.1.21/identity/v3/users/5487cd67931244fe8d85e5219f55cf19 0.168s
2025-04-08 01:27:03.350 69834 INFO tempest.lib.common.dynamic_creds [-] Deleting project and security group for project: 8d2c8023177547b68a8dce2d9ff41e53
2025-04-08 01:27:03.356 69850 INFO tempest.lib.common.rest_client [req-c26e2d0c-96f9-477c-a6a3-94767a73c428 req-c26e2d0c-96f9-477c-a6a3-94767a73c428 ] Request (InstanceUsageAuditLogNegativeTestJSON:tearDownClass): 204 DELETE http://10.180.1.21:9696/networking/v2.0/security-groups/02174a40-9710-46ec-ab14-81aac9530675 0.092s
2025-04-08 01:27:03.399 69848 INFO tempest.lib.common.rest_client [req-9d4d9178-0246-4bef-b102-ea093f7dd685 req-9d4d9178-0246-4bef-b102-ea093f7dd685 ] Request (HypervisorAdminNegativeTestJSON:test_get_hypervisor_uptime_with_non_admin_user): 200 GET http://10.180.1.21/compute/v2.1/os-hypervisors 1.811s
2025-04-08 01:27:03.408 69796 INFO tempest.lib.common.rest_client [req-b652b6b5-69e8-4998-8b34-f98575ff7cd1 req-b652b6b5-69e8-4998-8b34-f98575ff7cd1 ] Request (FloatingIPDetailsTestJSON:setUpClass): 200 GET http://10.180.1.21/identity/v3/domains?name=Default 0.201s
2025-04-08 01:27:03.415 69808 INFO tempest.lib.common.rest_client [req-b8a8a114-e075-448d-ac0b-6bf5e1271f9e req-b8a8a114-e075-448d-ac0b-6bf5e1271f9e ] Request (FlavorMetadataValidation:_run_cleanups): 202 DELETE http://10.180.1.21/compute/v2.1/flavors/1777933969 1.598s
2025-04-08 01:27:03.434 69832 INFO tempest.lib.common.rest_client [req-83a8b45b-90b8-4681-a133-c2e36d3bb813 req-83a8b45b-90b8-4681-a133-c2e36d3bb813 ] Request (HypervisorAdminTestJSON:test_get_hypervisor_show_details): 200 GET http://10.180.1.21/compute/v2.1/os-hypervisors/1 1.598s
2025-04-08 01:27:03.455 69830 INFO tempest.lib.common.rest_client [req-cf6e2c56-66cc-472f-b976-75e58c8fa8af req-cf6e2c56-66cc-472f-b976-75e58c8fa8af ] Request (QuotasSecurityGroupAdminNegativeTest:tearDownClass): 204 DELETE http://10.180.1.21/identity/v3/users/52b90227e6a64d4dbc2994429b3b1a5b 0.196s
2025-04-08 01:27:03.510 69834 INFO tempest.lib.common.rest_client [req-4f46bfba-5f76-43c7-bf08-fd91a5e4e2fe req-4f46bfba-5f76-43c7-bf08-fd91a5e4e2fe ] Request (NetworksTest:tearDownClass): 201 POST http://10.180.1.21/identity/v3/auth/tokens 0.159s
2025-04-08 01:27:03.571 69850 INFO tempest.lib.common.rest_client [req-c4e25e09-2ff3-4f61-b5c2-a1ce9804e7b6 req-c4e25e09-2ff3-4f61-b5c2-a1ce9804e7b6 ] Request (InstanceUsageAuditLogNegativeTestJSON:tearDownClass): 204 DELETE http://10.180.1.21/identity/v3/projects/584e3b62e3f148c4b968f2473770d653 0.215s
2025-04-08 01:27:03.571 69850 INFO tempest.lib.common.dynamic_creds [-] Deleting project and security group for project: abdf13fb96a84c4590cc7646d9128be0
2025-04-08 01:27:03.638 69796 INFO tempest.lib.common.rest_client [req-723f85d3-9ddc-4750-8cc6-1253e4bca972 req-723f85d3-9ddc-4750-8cc6-1253e4bca972 ] Request (FloatingIPDetailsTestJSON:setUpClass): 201 POST http://10.180.1.21/identity/v3/projects 0.229s
2025-04-08 01:27:03.664 69844 INFO tempest.lib.common.rest_client [req-df6c0b11-71e3-4fd6-9a5c-8b31f9caf5e5 req-df6c0b11-71e3-4fd6-9a5c-8b31f9caf5e5 ] Request (TenantUsagesNegativeTestJSON:test_list_usage_all_tenants_with_non_admin_user): 403 GET http://10.180.1.21/compute/v2.1/os-simple-tenant-usage?start=2025-04-07T01%3A26%3A57.965274&end=2025-04-09T01%3A26%3A57.965274&detailed=1 1.822s
2025-04-08 01:27:03.681 69820 INFO tempest.lib.common.rest_client [req-8088b6cd-172d-4f04-8a9f-354650999145 req-8088b6cd-172d-4f04-8a9f-354650999145 ] Request (ServersWithSpecificFlavorTestJSON:test_verify_created_server_ephemeral_disk): 200 GET http://10.180.1.21/compute/v2.1/flavors/42/os-extra_specs 1.745s
2025-04-08 01:27:03.705 69840 INFO tempest.lib.common.rest_client [req-a07de727-1fc7-4558-ae51-6b5298d79d6c req-a07de727-1fc7-4558-ae51-6b5298d79d6c ] Request (FlavorsExtraSpecsTestJSON:test_flavor_non_admin_get_specific_key): 200 POST http://10.180.1.21/compute/v2.1/flavors/1474187970/os-extra_specs 1.649s
2025-04-08 01:27:03.743 69830 INFO tempest.lib.common.rest_client [req-7d572906-b956-4d26-af82-7fa802a3f38e req-7d572906-b956-4d26-af82-7fa802a3f38e ] Request (QuotasSecurityGroupAdminNegativeTest:tearDownClass): 204 DELETE http://10.180.1.21/identity/v3/users/f8eeb35131d04ab295584e951f4806ee 0.287s
2025-04-08 01:27:03.744 69830 INFO tempest.lib.common.dynamic_creds [-] Deleting project and security group for project: 7480316977214c76b5ce42a7f5f699c1
2025-04-08 01:27:03.771 69850 INFO tempest.lib.common.rest_client [req-2433b4f7-fd0a-4444-9ebc-946784f3f067 req-2433b4f7-fd0a-4444-9ebc-946784f3f067 ] Request (InstanceUsageAuditLogNegativeTestJSON:tearDownClass): 200 GET http://10.180.1.21:9696/networking/v2.0/security-groups?tenant_id=abdf13fb96a84c4590cc7646d9128be0&name=default 0.199s
2025-04-08 01:27:03.785 69842 INFO tempest.lib.common.rest_client [req-e5cd2147-10ff-4ebf-8bfe-e5ce40026fdf req-e5cd2147-10ff-4ebf-8bfe-e5ce40026fdf ] Request (SecurityGroupsTestAdminJSON:test_list_security_groups_list_all_tenants_filter): 200 POST http://10.180.1.21/compute/v2.1/os-security-groups 2.064s
2025-04-08 01:27:03.813 69796 INFO tempest.lib.common.rest_client [req-48df19d8-0f0e-416b-bf2f-9f2acfcaa8d9 req-48df19d8-0f0e-416b-bf2f-9f2acfcaa8d9 ] Request (FloatingIPDetailsTestJSON:setUpClass): 201 POST http://10.180.1.21/identity/v3/users 0.175s
2025-04-08 01:27:03.867 69844 INFO tempest.lib.common.rest_client [req-20016a3a-f49f-444a-8a9d-a20b88329597 req-20016a3a-f49f-444a-8a9d-a20b88329597 ] Request (TenantUsagesNegativeTestJSON:tearDownClass): 204 DELETE http://10.180.1.21/identity/v3/users/904e39a9856745aca3e8d3848caf240c 0.202s
2025-04-08 01:27:03.875 69830 INFO tempest.lib.common.rest_client [req-99dfbd03-d48c-4cd2-990f-96c6bb8d5533 req-99dfbd03-d48c-4cd2-990f-96c6bb8d5533 ] Request (QuotasSecurityGroupAdminNegativeTest:tearDownClass): 201 POST http://10.180.1.21/identity/v3/auth/tokens 0.131s
2025-04-08 01:27:03.905 69834 INFO tempest.lib.common.rest_client [req-a9fe023e-f1e3-4d38-9c33-dcf090adfc0a req-a9fe023e-f1e3-4d38-9c33-dcf090adfc0a ] Request (NetworksTest:tearDownClass): 200 GET http://10.180.1.21:9696/networking/v2.0/security-groups?tenant_id=8d2c8023177547b68a8dce2d9ff41e53&name=default 0.394s
2025-04-08 01:27:03.935 69796 INFO tempest.lib.common.rest_client [req-c749508f-dce7-4a25-a274-36a1f2898673 req-c749508f-dce7-4a25-a274-36a1f2898673 ] Request (FloatingIPDetailsTestJSON:setUpClass): 200 GET http://10.180.1.21/identity/v3/roles 0.121s
2025-04-08 01:27:03.987 69850 INFO tempest.lib.common.rest_client [req-3c77e5e5-5301-4782-a82a-fc40b90ce281 req-3c77e5e5-5301-4782-a82a-fc40b90ce281 ] Request (InstanceUsageAuditLogNegativeTestJSON:tearDownClass): 204 DELETE http://10.180.1.21:9696/networking/v2.0/security-groups/596889a6-e940-42e5-874c-46d3a7784b96 0.215s
2025-04-08 01:27:04.010 69844 INFO tempest.lib.common.rest_client [req-f6d08f77-c70f-4025-8475-03e0cc133e6f req-f6d08f77-c70f-4025-8475-03e0cc133e6f ] Request (TenantUsagesNegativeTestJSON:tearDownClass): 204 DELETE http://10.180.1.21/identity/v3/users/55df7dba4f6f41c4870324d3891b13d5 0.143s
2025-04-08 01:27:04.010 69844 INFO tempest.lib.common.dynamic_creds [-] Deleting project and security group for project: 936b0221e29d4f45adbeae30702bd72d
2025-04-08 01:27:04.013 69798 INFO tempest.lib.common.rest_client [req-e1caf3bb-1857-4dd2-a13f-7522e13dbd4c req-e1caf3bb-1857-4dd2-a13f-7522e13dbd4c ] Request (FlavorsAccessNegativeTestJSON:test_add_flavor_access_duplicate): 409 POST http://10.180.1.21/compute/v2.1/flavors/2017142354/action 1.754s
2025-04-08 01:27:04.076 69796 INFO tempest.lib.common.rest_client [req-2243b873-f743-4da8-b453-ea833a1db3d1 req-2243b873-f743-4da8-b453-ea833a1db3d1 ] Request (FloatingIPDetailsTestJSON:setUpClass): 204 PUT http://10.180.1.21/identity/v3/projects/93b26e42887e41b7b9ff9d47d093ce23/users/85090e39225b45848da568f2715852b0/roles/b21fd2574ddd4020ac0e131783d5d551 0.140s
2025-04-08 01:27:04.076 69796 INFO tempest.lib.common.dynamic_creds [-] Dynamic test user 85090e39225b45848da568f2715852b0 is created with scope project and roles: ['member']
2025-04-08 01:27:04.076 69796 INFO tempest.lib.common.dynamic_creds [-] Acquired dynamic creds: credentials: Credentials: {'domain_id': 'default', 'domain_name': 'Default', 'username': 'tempest-FloatingIPDetailsTestJSON-477114469-project-member', 'project_domain_id': 'default', 'project_domain_name': 'Default', 'project_id': '93b26e42887e41b7b9ff9d47d093ce23', 'project_name': 'tempest-FloatingIPDetailsTestJSON-477114469', 'tenant_id': '93b26e42887e41b7b9ff9d47d093ce23', 'tenant_name': 'tempest-FloatingIPDetailsTestJSON-477114469', 'user_domain_id': 'default', 'user_domain_name': 'Default', 'user_id': '85090e39225b45848da568f2715852b0', 'system': None}, Network: None, Subnet: None, Router: None
2025-04-08 01:27:04.100 69812 INFO tempest.lib.common.rest_client [req-873a39a6-7c6e-4017-a889-e2e4db5b0ce6 req-873a39a6-7c6e-4017-a889-e2e4db5b0ce6 ] Request (ImagesMetadataTestJSON:test_delete_image_metadata_item): 204 DELETE http://10.180.1.21/compute/v2.1/images/249f2a18-9bbc-411b-96ef-3909f63c66d8/metadata/os_version 1.706s
2025-04-08 01:27:04.124 69844 INFO tempest.lib.common.rest_client [req-46d3ba54-e78a-4588-9ad5-7ab20f2d6ea7 req-46d3ba54-e78a-4588-9ad5-7ab20f2d6ea7 ] Request (TenantUsagesNegativeTestJSON:tearDownClass): 201 POST http://10.180.1.21/identity/v3/auth/tokens 0.113s
2025-04-08 01:27:04.161 69834 INFO tempest.lib.common.rest_client [req-c31fb425-8378-4c0a-bb41-d118c1920665 req-c31fb425-8378-4c0a-bb41-d118c1920665 ] Request (NetworksTest:tearDownClass): 204 DELETE http://10.180.1.21:9696/networking/v2.0/security-groups/ab7e6e6c-37b0-4f24-a98a-5529764a8923 0.256s
2025-04-08 01:27:04.166 69850 INFO tempest.lib.common.rest_client [req-af0bce79-36fb-456a-874d-7a20ae3fec3b req-af0bce79-36fb-456a-874d-7a20ae3fec3b ] Request (InstanceUsageAuditLogNegativeTestJSON:tearDownClass): 204 DELETE http://10.180.1.21/identity/v3/projects/abdf13fb96a84c4590cc7646d9128be0 0.178s
2025-04-08 01:27:04.227 69796 INFO tempest.lib.common.rest_client [req-7f254824-c471-434d-ba36-7e2dc4374f68 req-7f254824-c471-434d-ba36-7e2dc4374f68 ] Request (FloatingIPDetailsTestJSON:setUpClass): 201 POST http://10.180.1.21/identity/v3/auth/tokens 0.150s
2025-04-08 01:27:04.308 69830 INFO tempest.lib.common.rest_client [req-fdf95738-d41c-4f2b-b891-75dc79235314 req-fdf95738-d41c-4f2b-b891-75dc79235314 ] Request (QuotasSecurityGroupAdminNegativeTest:tearDownClass): 200 GET http://10.180.1.21:9696/networking/v2.0/security-groups?tenant_id=7480316977214c76b5ce42a7f5f699c1&name=default 0.433s
2025-04-08 01:27:04.318 69850 INFO tempest.lib.common.rest_client [req-c3f20395-a748-4653-8ba8-0aee18ae039d req-c3f20395-a748-4653-8ba8-0aee18ae039d ] Request (ListImageFiltersNegativeTestJSON:setUpClass): 201 POST http://10.180.1.21/identity/v3/auth/tokens 0.149s
2025-04-08 01:27:04.353 69834 INFO tempest.lib.common.rest_client [req-4758ce1f-0225-40fd-8e10-7d39794a9922 req-4758ce1f-0225-40fd-8e10-7d39794a9922 ] Request (NetworksTest:tearDownClass): 204 DELETE http://10.180.1.21/identity/v3/projects/8d2c8023177547b68a8dce2d9ff41e53 0.192s
2025-04-08 01:27:04.354 69834 INFO tempest.lib.common.dynamic_creds [-] Deleting project and security group for project: 5079f04f43f049c28a97e2136db05bb4
2025-04-08 01:27:04.438 69850 INFO tempest.lib.common.rest_client [req-86159802-1c41-481b-80ca-d092951a4f0e req-86159802-1c41-481b-80ca-d092951a4f0e ] Request (ListImageFiltersNegativeTestJSON:setUpClass): 201 POST http://10.180.1.21/identity/v3/auth/tokens 0.117s
2025-04-08 01:27:04.460 69850 INFO tempest.lib.common.rest_client [req-b81bd775-26a9-4022-a5ff-e7e5e7583509 req-b81bd775-26a9-4022-a5ff-e7e5e7583509 ] Request (ListImageFiltersNegativeTestJSON:setUpClass): 200 GET http://10.180.1.21/identity/v3/domains?name=Default 0.022s
2025-04-08 01:27:04.495 69850 INFO tempest.lib.common.rest_client [req-6375f1d3-1b82-444b-8fcc-b74606bb7801 req-6375f1d3-1b82-444b-8fcc-b74606bb7801 ] Request (ListImageFiltersNegativeTestJSON:setUpClass): 201 POST http://10.180.1.21/identity/v3/projects 0.034s
2025-04-08 01:27:04.503 69844 INFO tempest.lib.common.rest_client [req-d0055941-b697-4584-9b92-706803d45680 req-d0055941-b697-4584-9b92-706803d45680 ] Request (TenantUsagesNegativeTestJSON:tearDownClass): 200 GET http://10.180.1.21:9696/networking/v2.0/security-groups?tenant_id=936b0221e29d4f45adbeae30702bd72d&name=default 0.378s
2025-04-08 01:27:04.523 69830 INFO tempest.lib.common.rest_client [req-dd2f4bb7-a382-4330-8e8f-2d0e684d9e2c req-dd2f4bb7-a382-4330-8e8f-2d0e684d9e2c ] Request (QuotasSecurityGroupAdminNegativeTest:tearDownClass): 204 DELETE http://10.180.1.21:9696/networking/v2.0/security-groups/488dfa0f-80a7-40e8-b9ed-66749bc139a9 0.215s
2025-04-08 01:27:04.556 69850 INFO tempest.lib.common.rest_client [req-238500e6-afba-4b27-9715-a35fa030ef38 req-238500e6-afba-4b27-9715-a35fa030ef38 ] Request (ListImageFiltersNegativeTestJSON:setUpClass): 201 POST http://10.180.1.21/identity/v3/users 0.060s
2025-04-08 01:27:04.575 69850 INFO tempest.lib.common.rest_client [req-33c8eb6b-726c-4436-a94b-ecf00253f530 req-33c8eb6b-726c-4436-a94b-ecf00253f530 ] Request (ListImageFiltersNegativeTestJSON:setUpClass): 200 GET http://10.180.1.21/identity/v3/roles 0.019s
2025-04-08 01:27:04.598 69850 INFO tempest.lib.common.rest_client [req-db1482ca-785a-4980-a6cf-c00e2bd0d494 req-db1482ca-785a-4980-a6cf-c00e2bd0d494 ] Request (ListImageFiltersNegativeTestJSON:setUpClass): 204 PUT http://10.180.1.21/identity/v3/projects/9af572dbe51140bb82154965ec10d422/users/e488c3cce061496fa4be007f45bfa717/roles/b21fd2574ddd4020ac0e131783d5d551 0.021s
2025-04-08 01:27:04.598 69850 INFO tempest.lib.common.dynamic_creds [-] Dynamic test user e488c3cce061496fa4be007f45bfa717 is created with scope project and roles: ['member']
2025-04-08 01:27:04.598 69850 INFO tempest.lib.common.dynamic_creds [-] Acquired dynamic creds: credentials: Credentials: {'domain_id': 'default', 'domain_name': 'Default', 'username': 'tempest-ListImageFiltersNegativeTestJSON-1579576511-project-member', 'project_domain_id': 'default', 'project_domain_name': 'Default', 'project_id': '9af572dbe51140bb82154965ec10d422', 'project_name': 'tempest-ListImageFiltersNegativeTestJSON-1579576511', 'tenant_id': '9af572dbe51140bb82154965ec10d422', 'tenant_name': 'tempest-ListImageFiltersNegativeTestJSON-1579576511', 'user_domain_id': 'default', 'user_domain_name': 'Default', 'user_id': 'e488c3cce061496fa4be007f45bfa717', 'system': None}, Network: None, Subnet: None, Router: None
2025-04-08 01:27:04.599 69850 INFO tempest.lib.common.dynamic_creds [-] Created isolated network resources for: credentials: Credentials: {'domain_id': 'default', 'domain_name': 'Default', 'username': 'tempest-ListImageFiltersNegativeTestJSON-1579576511-project-member', 'project_domain_id': 'default', 'project_domain_name': 'Default', 'project_id': '9af572dbe51140bb82154965ec10d422', 'project_name': 'tempest-ListImageFiltersNegativeTestJSON-1579576511', 'tenant_id': '9af572dbe51140bb82154965ec10d422', 'tenant_name': 'tempest-ListImageFiltersNegativeTestJSON-1579576511', 'user_domain_id': 'default', 'user_domain_name': 'Default', 'user_id': 'e488c3cce061496fa4be007f45bfa717', 'system': None}, Network: None, Subnet: None, Router: None
2025-04-08 01:27:04.610 69834 INFO tempest.lib.common.rest_client [req-dde430c6-b862-4e3e-8719-a7ceba02456a req-dde430c6-b862-4e3e-8719-a7ceba02456a ] Request (NetworksTest:tearDownClass): 200 GET http://10.180.1.21:9696/networking/v2.0/security-groups?tenant_id=5079f04f43f049c28a97e2136db05bb4&name=default 0.256s
2025-04-08 01:27:04.615 69830 INFO tempest.lib.common.rest_client [req-539763f4-0781-4878-8c16-55d0e0d6632a req-539763f4-0781-4878-8c16-55d0e0d6632a ] Request (QuotasSecurityGroupAdminNegativeTest:tearDownClass): 204 DELETE http://10.180.1.21/identity/v3/projects/7480316977214c76b5ce42a7f5f699c1 0.091s
2025-04-08 01:27:04.616 69830 INFO tempest.lib.common.dynamic_creds [-] Deleting project and security group for project: ab0aba27e66a4c0a9bb6bbef94f6f7f4
2025-04-08 01:27:04.635 69844 INFO tempest.lib.common.rest_client [req-804952ce-7149-4a6c-8c96-e69159451cac req-804952ce-7149-4a6c-8c96-e69159451cac ] Request (TenantUsagesNegativeTestJSON:tearDownClass): 204 DELETE http://10.180.1.21:9696/networking/v2.0/security-groups/f4ebe657-bcc4-48d6-bbdc-d7758c1a6516 0.131s
2025-04-08 01:27:04.674 69850 INFO tempest.lib.common.rest_client [req-b4f67bfa-e433-4b23-be0f-ebb09237aec9 req-b4f67bfa-e433-4b23-be0f-ebb09237aec9 ] Request (ListImageFiltersNegativeTestJSON:setUpClass): 201 POST http://10.180.1.21/identity/v3/auth/tokens 0.070s
2025-04-08 01:27:04.726 69796 INFO tempest.lib.common.rest_client [req-ad23e12d-63b0-40c6-8f1a-780ef15a9edb req-ad23e12d-63b0-40c6-8f1a-780ef15a9edb ] Request (FloatingIPDetailsTestJSON:setUpClass): 201 POST http://10.180.1.21:9696/networking/v2.0/networks 0.499s
2025-04-08 01:27:04.735 69834 INFO tempest.lib.common.rest_client [req-1fc1a694-ea72-43df-aa28-78f98d1a2fe0 req-1fc1a694-ea72-43df-aa28-78f98d1a2fe0 ] Request (NetworksTest:tearDownClass): 204 DELETE http://10.180.1.21:9696/networking/v2.0/security-groups/d30d3734-bd29-4a8c-8125-9e41a5ba1aa5 0.124s
2025-04-08 01:27:04.772 69844 INFO tempest.lib.common.rest_client [req-f1e37635-d06e-4312-8493-06c290209c8d req-f1e37635-d06e-4312-8493-06c290209c8d ] Request (TenantUsagesNegativeTestJSON:tearDownClass): 204 DELETE http://10.180.1.21/identity/v3/projects/936b0221e29d4f45adbeae30702bd72d 0.136s
2025-04-08 01:27:04.772 69844 INFO tempest.lib.common.dynamic_creds [-] Deleting project and security group for project: e07d0aa8b3da4eaaa1dda75dd7768a6f
2025-04-08 01:27:04.796 69834 INFO tempest.lib.common.rest_client [req-1a81b32d-0e8e-4fbf-b787-2941f50003a1 req-1a81b32d-0e8e-4fbf-b787-2941f50003a1 ] Request (NetworksTest:tearDownClass): 204 DELETE http://10.180.1.21/identity/v3/projects/5079f04f43f049c28a97e2136db05bb4 0.060s
2025-04-08 01:27:04.846 69804 INFO tempest.lib.common.rest_client [req-aee1a8bf-d882-45fd-8968-7eade8ccfd41 req-aee1a8bf-d882-45fd-8968-7eade8ccfd41 ] Request (FloatingIPsTestJSON:_run_cleanups): 202 DELETE http://10.180.1.21/compute/v2.1/os-floating-ips/4a86764d-6516-4d57-b8ca-c70abcc7bbf9 2.394s
2025-04-08 01:27:04.860 69834 INFO tempest.lib.common.rest_client [req-41b62f08-7097-4364-8631-735c584c70f6 req-41b62f08-7097-4364-8631-735c584c70f6 ] Request (ImagesDeleteNegativeTestJSON:setUpClass): 201 POST http://10.180.1.21/identity/v3/auth/tokens 0.062s
2025-04-08 01:27:04.864 69830 INFO tempest.lib.common.rest_client [req-e3905957-175e-481a-a8f8-22b642c962cf req-e3905957-175e-481a-a8f8-22b642c962cf ] Request (QuotasSecurityGroupAdminNegativeTest:tearDownClass): 200 GET http://10.180.1.21:9696/networking/v2.0/security-groups?tenant_id=ab0aba27e66a4c0a9bb6bbef94f6f7f4&name=default 0.248s
2025-04-08 01:27:04.870 69816 INFO tempest.lib.common.rest_client [req-835746b0-929c-4e3f-b1f6-833f3fd657d7 req-835746b0-929c-4e3f-b1f6-833f3fd657d7 ] Request (ServicesAdminNegativeTestJSON:test_get_service_by_invalid_service_and_valid_host): 200 GET http://10.180.1.21/compute/v2.1/os-services?host=devstack&binary=xxx 2.384s
2025-04-08 01:27:04.886 69800 INFO tempest.lib.common.rest_client [req-423a2299-ac77-4873-98e7-df554e25b090 req-423a2299-ac77-4873-98e7-df554e25b090 ] Request (KeyPairsNegativeTestJSON:test_create_keypair_with_duplicate_name): 202 DELETE http://10.180.1.21/compute/v2.1/os-keypairs/tempest-keypair-711091247 2.362s
2025-04-08 01:27:04.907 69834 INFO tempest.lib.common.rest_client [req-e0209363-2f44-453b-987b-29885e76a665 req-e0209363-2f44-453b-987b-29885e76a665 ] Request (ImagesDeleteNegativeTestJSON:setUpClass): 201 POST http://10.180.1.21/identity/v3/auth/tokens 0.044s
2025-04-08 01:27:04.934 69834 INFO tempest.lib.common.rest_client [req-15f1f84e-c98a-4cac-93d6-7f8ea2c16cc6 req-15f1f84e-c98a-4cac-93d6-7f8ea2c16cc6 ] Request (ImagesDeleteNegativeTestJSON:setUpClass): 200 GET http://10.180.1.21/identity/v3/domains?name=Default 0.027s
2025-04-08 01:27:04.943 69844 INFO tempest.lib.common.rest_client [req-e0f485c3-34da-4a82-9919-15b387074acd req-e0f485c3-34da-4a82-9919-15b387074acd ] Request (TenantUsagesNegativeTestJSON:tearDownClass): 200 GET http://10.180.1.21:9696/networking/v2.0/security-groups?tenant_id=e07d0aa8b3da4eaaa1dda75dd7768a6f&name=default 0.170s
2025-04-08 01:27:04.969 69834 INFO tempest.lib.common.rest_client [req-2f906ab7-57a3-46d9-a43c-b44887ef8eae req-2f906ab7-57a3-46d9-a43c-b44887ef8eae ] Request (ImagesDeleteNegativeTestJSON:setUpClass): 201 POST http://10.180.1.21/identity/v3/projects 0.034s
2025-04-08 01:27:04.990 69828 INFO tempest.lib.common.rest_client [req-2d90c883-aa89-45c3-a337-90d10162721b req-2d90c883-aa89-45c3-a337-90d10162721b ] Request (DeleteServersTestJSON:test_delete_active_server): 202 POST http://10.180.1.21/compute/v2.1/servers 2.571s
2025-04-08 01:27:04.997 69796 INFO tempest.lib.common.rest_client [req-ebba5b1e-2407-4ec8-8385-e7a64af6e07b req-ebba5b1e-2407-4ec8-8385-e7a64af6e07b ] Request (FloatingIPDetailsTestJSON:setUpClass): 201 POST http://10.180.1.21:9696/networking/v2.0/subnets 0.270s
2025-04-08 01:27:05.016 69830 INFO tempest.lib.common.rest_client [req-74b32cc4-2809-4fd9-99c0-a4022cc398cb req-74b32cc4-2809-4fd9-99c0-a4022cc398cb ] Request (QuotasSecurityGroupAdminNegativeTest:tearDownClass): 204 DELETE http://10.180.1.21:9696/networking/v2.0/security-groups/aa93a20b-9308-4a3f-87b8-70a0955aca5e 0.152s
2025-04-08 01:27:05.039 69834 INFO tempest.lib.common.rest_client [req-52d9897b-a8c5-4751-a197-c3d05c81d2ef req-52d9897b-a8c5-4751-a197-c3d05c81d2ef ] Request (ImagesDeleteNegativeTestJSON:setUpClass): 201 POST http://10.180.1.21/identity/v3/users 0.069s
2025-04-08 01:27:05.059 69806 INFO tempest.lib.common.rest_client [req-1c2dd532-761f-4b3f-8316-f37faf035b70 req-1c2dd532-761f-4b3f-8316-f37faf035b70 ] Request (AggregatesAdminNegativeTestJSON:test_aggregate_add_existent_host): 409 POST http://10.180.1.21/compute/v2.1/os-aggregates/1/action 2.104s
2025-04-08 01:27:05.061 69834 INFO tempest.lib.common.rest_client [req-72bc9c58-c186-48bc-a484-d9c3f0ad041e req-72bc9c58-c186-48bc-a484-d9c3f0ad041e ] Request (ImagesDeleteNegativeTestJSON:setUpClass): 200 GET http://10.180.1.21/identity/v3/roles 0.022s
2025-04-08 01:27:05.077 69844 INFO tempest.lib.common.rest_client [req-9c0b93b9-4809-41bf-935f-3b3020d6aa20 req-9c0b93b9-4809-41bf-935f-3b3020d6aa20 ] Request (TenantUsagesNegativeTestJSON:tearDownClass): 204 DELETE http://10.180.1.21:9696/networking/v2.0/security-groups/caf10193-b229-43bd-a26d-7a228680363c 0.133s
2025-04-08 01:27:05.087 69830 INFO tempest.lib.common.rest_client [req-d243a273-3484-4324-9565-7b78f02a7924 req-d243a273-3484-4324-9565-7b78f02a7924 ] Request (QuotasSecurityGroupAdminNegativeTest:tearDownClass): 204 DELETE http://10.180.1.21/identity/v3/projects/ab0aba27e66a4c0a9bb6bbef94f6f7f4 0.070s
2025-04-08 01:27:05.109 69838 INFO tempest.lib.common.rest_client [req-4c11d5f2-5ad6-4aae-a272-c3448eadda9a req-4c11d5f2-5ad6-4aae-a272-c3448eadda9a ] Request (ServersAdminNegativeTestJSON:setUpClass): 200 GET http://10.180.1.21/compute/v2.1/servers/4359e04e-e11b-4565-9659-a800db1c6bc1 2.583s
2025-04-08 01:27:05.118 69838 INFO tempest.common.waiters [-] State transition "BUILD/block_device_mapping" ==> "BUILD/spawning" after 7 second wait
2025-04-08 01:27:05.129 69834 INFO tempest.lib.common.rest_client [req-3f2d55c0-acdc-4d2b-b06f-d9a8448eee4d req-3f2d55c0-acdc-4d2b-b06f-d9a8448eee4d ] Request (ImagesDeleteNegativeTestJSON:setUpClass): 204 PUT http://10.180.1.21/identity/v3/projects/9d475a9468494f4c955651c4aff1acda/users/16af1c05f3e94abbadfa0a9ca81cdd53/roles/b21fd2574ddd4020ac0e131783d5d551 0.067s
2025-04-08 01:27:05.129 69834 INFO tempest.lib.common.dynamic_creds [-] Dynamic test user 16af1c05f3e94abbadfa0a9ca81cdd53 is created with scope project and roles: ['member']
2025-04-08 01:27:05.130 69834 INFO tempest.lib.common.dynamic_creds [-] Acquired dynamic creds: credentials: Credentials: {'domain_id': 'default', 'domain_name': 'Default', 'username': 'tempest-ImagesDeleteNegativeTestJSON-542599209-project-member', 'project_domain_id': 'default', 'project_domain_name': 'Default', 'project_id': '9d475a9468494f4c955651c4aff1acda', 'project_name': 'tempest-ImagesDeleteNegativeTestJSON-542599209', 'tenant_id': '9d475a9468494f4c955651c4aff1acda', 'tenant_name': 'tempest-ImagesDeleteNegativeTestJSON-542599209', 'user_domain_id': 'default', 'user_domain_name': 'Default', 'user_id': '16af1c05f3e94abbadfa0a9ca81cdd53', 'system': None}, Network: None, Subnet: None, Router: None
2025-04-08 01:27:05.130 69834 INFO tempest.lib.common.dynamic_creds [-] Created isolated network resources for: credentials: Credentials: {'domain_id': 'default', 'domain_name': 'Default', 'username': 'tempest-ImagesDeleteNegativeTestJSON-542599209-project-member', 'project_domain_id': 'default', 'project_domain_name': 'Default', 'project_id': '9d475a9468494f4c955651c4aff1acda', 'project_name': 'tempest-ImagesDeleteNegativeTestJSON-542599209', 'tenant_id': '9d475a9468494f4c955651c4aff1acda', 'tenant_name': 'tempest-ImagesDeleteNegativeTestJSON-542599209', 'user_domain_id': 'default', 'user_domain_name': 'Default', 'user_id': '16af1c05f3e94abbadfa0a9ca81cdd53', 'system': None}, Network: None, Subnet: None, Router: None
2025-04-08 01:27:05.151 69822 INFO tempest.lib.common.rest_client [req-6e277f39-1b4d-460a-afa0-46f6f2fd7052 req-6e277f39-1b4d-460a-afa0-46f6f2fd7052 ] Request (KeyPairsV210TestJSON:test_admin_manage_keypairs_for_other_users): 201 POST http://10.180.1.21/compute/v2.1/os-keypairs 2.031s
2025-04-08 01:27:05.188 69792 INFO tempest.lib.common.rest_client [req-b963e01e-b50c-49d6-9a9d-c2cb809ec095 req-b963e01e-b50c-49d6-9a9d-c2cb809ec095 ] Request (FlavorsV255TestJSON:test_crud_flavor): 200 GET http://10.180.1.21/compute/v2.1/flavors/detail 2.043s
2025-04-08 01:27:05.190 69830 INFO tempest.lib.common.rest_client [req-b764eb20-f040-4fcb-9ee8-73b437adf684 req-b764eb20-f040-4fcb-9ee8-73b437adf684 ] Request (ListServerFiltersTestJSON:setUpClass): 201 POST http://10.180.1.21/identity/v3/auth/tokens 0.101s
2025-04-08 01:27:05.216 69836 INFO tempest.lib.common.rest_client [req-aa208640-38ef-4755-9dd6-d33e08fcc1e8 req-aa208640-38ef-4755-9dd6-d33e08fcc1e8 ] Request (HypervisorAdminNegativeUnderV252Test:test_show_servers_with_non_admin_user): 200 GET http://10.180.1.21/compute/v2.1/os-hypervisors 1.986s
2025-04-08 01:27:05.218 69844 INFO tempest.lib.common.rest_client [req-4489809b-7763-4862-a82b-722e9b25e93e req-4489809b-7763-4862-a82b-722e9b25e93e ] Request (TenantUsagesNegativeTestJSON:tearDownClass): 204 DELETE http://10.180.1.21/identity/v3/projects/e07d0aa8b3da4eaaa1dda75dd7768a6f 0.141s
2025-04-08 01:27:05.220 69844 INFO tempest.test [-] raised in UpdateMultiattachVolumeNegativeTest.setUpClass. Invoking tearDownClass.
2025-04-08 01:27:05.286 69834 INFO tempest.lib.common.rest_client [req-c3e785b5-c84c-40b2-a106-af9466aa5983 req-c3e785b5-c84c-40b2-a106-af9466aa5983 ] Request (ImagesDeleteNegativeTestJSON:setUpClass): 201 POST http://10.180.1.21/identity/v3/auth/tokens 0.150s
2025-04-08 01:27:05.326 69826 INFO tempest.lib.common.rest_client [req-a4c0b6e5-0213-4f6f-9385-00403f68a3c8 req-a4c0b6e5-0213-4f6f-9385-00403f68a3c8 ] Request (QuotasAdminTestV257:test_get_updated_quotas): 200 GET http://10.180.1.21/compute/v2.1/os-quota-sets/477e6621244a43d2a0259c012a29994a?user_id=5fbb5972e1a34ffd85cd71096c0e1308 2.246s
2025-04-08 01:27:05.335 69830 INFO tempest.lib.common.rest_client [req-0c716675-6f41-4088-868e-2deaa779d9d7 req-0c716675-6f41-4088-868e-2deaa779d9d7 ] Request (ListServerFiltersTestJSON:setUpClass): 201 POST http://10.180.1.21/identity/v3/auth/tokens 0.143s
2025-04-08 01:27:05.343 69852 INFO tempest.lib.common.rest_client [req-15a906b4-6afb-4df7-932b-478780d0bf75 req-15a906b4-6afb-4df7-932b-478780d0bf75 ] Request (FlavorsAdminTestJSON:test_create_flavor_verify_entry_in_list_details): 200 POST http://10.180.1.21/compute/v2.1/flavors 2.066s
2025-04-08 01:27:05.360 69844 INFO tempest.lib.common.rest_client [req-3ade8677-31e5-4bcd-8f6e-d0688d1bff73 req-3ade8677-31e5-4bcd-8f6e-d0688d1bff73 ] Request (AbsoluteLimitsTestJSON:setUpClass): 201 POST http://10.180.1.21/identity/v3/auth/tokens 0.137s
2025-04-08 01:27:05.408 69824 INFO tempest.lib.common.rest_client [req-b6240f1f-21ae-4631-8798-55a635814b57 req-b6240f1f-21ae-4631-8798-55a635814b57 ] Request (DeleteServersAdminTestJSON:test_admin_delete_servers_of_others): 200 GET http://10.180.1.21/compute/v2.1/servers/3fda8980-4333-449f-adf5-2d7c151bab7a 2.053s
2025-04-08 01:27:05.414 69848 INFO tempest.lib.common.rest_client [req-20a2da26-35ca-4179-89a9-0fc90b1c9fd2 req-20a2da26-35ca-4179-89a9-0fc90b1c9fd2 ] Request (HypervisorAdminNegativeTestJSON:test_get_hypervisor_uptime_with_non_admin_user): 403 GET http://10.180.1.21/compute/v2.1/os-hypervisors/1/uptime 2.013s
2025-04-08 01:27:05.434 69802 INFO tempest.lib.common.rest_client [req-88af9ec2-245f-408e-bbb1-f32cabe34c9a req-88af9ec2-245f-408e-bbb1-f32cabe34c9a ] Request (VolumesAssistedSnapshotsTest:test_volume_assisted_snapshot_create_delete): 200 POST http://10.180.1.21/compute/v2.1/os-keypairs 2.174s
2025-04-08 01:27:05.440 69826 INFO tempest.lib.common.rest_client [req-c4f9f60e-2724-4216-9c0d-cfd615354a3a req-c4f9f60e-2724-4216-9c0d-cfd615354a3a ] Request (QuotasAdminTestV257:_run_cleanups): 204 DELETE http://10.180.1.21/identity/v3/users/5fbb5972e1a34ffd85cd71096c0e1308 0.112s
2025-04-08 01:27:05.443 69808 INFO tempest.lib.common.rest_client [req-77d8bfc1-c827-4e90-af45-ee715ad5b4e4 req-77d8bfc1-c827-4e90-af45-ee715ad5b4e4 ] Request (FlavorMetadataValidation:_run_cleanups): 200 GET http://10.180.1.21/compute/v2.1/flavors/detail 2.027s
2025-04-08 01:27:05.450 69832 INFO tempest.lib.common.rest_client [req-14f22f13-5329-4175-b0fb-e24730212d32 req-14f22f13-5329-4175-b0fb-e24730212d32 ] Request (HypervisorAdminTestJSON:test_get_hypervisor_stats): 200 GET http://10.180.1.21/compute/v2.1/os-hypervisors/statistics 2.011s
2025-04-08 01:27:05.454 69830 INFO tempest.lib.common.rest_client [req-a4a6f43f-4a5e-4f6e-9b28-086ccb6491ed req-a4a6f43f-4a5e-4f6e-9b28-086ccb6491ed ] Request (ListServerFiltersTestJSON:setUpClass): 200 GET http://10.180.1.21/identity/v3/domains?name=Default 0.118s
2025-04-08 01:27:05.469 69820 INFO tempest.lib.common.rest_client [req-fda98c5b-3dbb-456f-8aab-d0b226441ad2 req-fda98c5b-3dbb-456f-8aab-d0b226441ad2 ] Request (ServersWithSpecificFlavorTestJSON:test_verify_created_server_ephemeral_disk): 200 POST http://10.180.1.21/compute/v2.1/flavors/1713929977/os-extra_specs 1.787s
2025-04-08 01:27:05.487 69840 INFO tempest.lib.common.rest_client [req-b6d51802-30f6-4f13-a417-d4be251d7497 req-b6d51802-30f6-4f13-a417-d4be251d7497 ] Request (FlavorsExtraSpecsTestJSON:test_flavor_non_admin_get_specific_key): 200 GET http://10.180.1.21/compute/v2.1/flavors/1474187970/os-extra_specs/hw:numa_nodes 1.781s
2025-04-08 01:27:05.495 69844 INFO tempest.lib.common.rest_client [req-35ab78f5-59ca-4ea2-8df8-37fb897256df req-35ab78f5-59ca-4ea2-8df8-37fb897256df ] Request (AbsoluteLimitsTestJSON:setUpClass): 201 POST http://10.180.1.21/identity/v3/auth/tokens 0.132s
2025-04-08 01:27:05.528 69830 INFO tempest.lib.common.rest_client [req-738d0d49-a5d6-4f08-a33a-cbb8215f16c1 req-738d0d49-a5d6-4f08-a33a-cbb8215f16c1 ] Request (ListServerFiltersTestJSON:setUpClass): 201 POST http://10.180.1.21/identity/v3/projects 0.074s
2025-04-08 01:27:05.567 69826 INFO tempest.lib.common.rest_client [req-2a2dc7d0-b777-44d9-8481-ff72aa99032e req-2a2dc7d0-b777-44d9-8481-ff72aa99032e ] Request (QuotasAdminTestV257:_run_cleanups): 204 DELETE http://10.180.1.21/identity/v3/projects/477e6621244a43d2a0259c012a29994a 0.126s
2025-04-08 01:27:05.611 69814 INFO tempest.lib.common.rest_client [req-67ce3416-c7ae-413c-9ce5-4fcb2dad78ef req-67ce3416-c7ae-413c-9ce5-4fcb2dad78ef ] Request (FloatingIPsAssociationTestJSON:setUpClass): 200 GET http://10.180.1.21/compute/v2.1/servers/ac03567e-0faa-4105-87c5-f3d4a0a19289 1.940s
2025-04-08 01:27:05.624 69842 INFO tempest.lib.common.rest_client [req-f8fff5a9-863f-48df-af89-a0e686d8ad71 req-f8fff5a9-863f-48df-af89-a0e686d8ad71 ] Request (SecurityGroupsTestAdminJSON:test_list_security_groups_list_all_tenants_filter): 200 POST http://10.180.1.21/compute/v2.1/os-security-groups 1.832s
2025-04-08 01:27:05.629 69814 INFO tempest.common.waiters [-] State transition "BUILD/networking" ==> "BUILD/spawning" after 5 second wait
2025-04-08 01:27:05.657 69832 INFO tempest.lib.common.rest_client [req-51467d04-f5a5-4064-9a11-a24e3c822354 req-51467d04-f5a5-4064-9a11-a24e3c822354 ] Request (HypervisorAdminTestJSON:tearDownClass): 204 DELETE http://10.180.1.21/identity/v3/users/b4ddcf3fe9394cfda705d0f4811e1e33 0.200s
2025-04-08 01:27:05.660 69808 INFO tempest.lib.common.rest_client [req-50d8fc8b-1dbd-435f-a769-ca5828912db4 req-50d8fc8b-1dbd-435f-a769-ca5828912db4 ] Request (FlavorMetadataValidation:tearDownClass): 204 DELETE http://10.180.1.21/identity/v3/users/fea44077ece2410bba34cd588bb3df1b 0.199s
2025-04-08 01:27:05.662 69812 INFO tempest.lib.common.rest_client [req-5bb6a981-e9b0-48c7-b503-3049a1fd3966 req-5bb6a981-e9b0-48c7-b503-3049a1fd3966 ] Request (ImagesMetadataTestJSON:test_delete_image_metadata_item): 200 GET http://10.180.1.21/compute/v2.1/images/249f2a18-9bbc-411b-96ef-3909f63c66d8/metadata 1.562s
2025-04-08 01:27:05.720 69830 INFO tempest.lib.common.rest_client [req-e5db56cf-9e75-4742-8167-eb02293c35a2 req-e5db56cf-9e75-4742-8167-eb02293c35a2 ] Request (ListServerFiltersTestJSON:setUpClass): 201 POST http://10.180.1.21/identity/v3/users 0.191s
2025-04-08 01:27:05.722 69794 INFO tempest.lib.common.rest_client [req-a5c9a50c-e1d6-4cf0-928d-abda44f23348 req-a5c9a50c-e1d6-4cf0-928d-abda44f23348 ] Request (ServerDiagnosticsNegativeTest:test_get_server_diagnostics_by_non_admin): 200 GET http://10.180.1.21/compute/v2.1/servers/01b5f9ff-b9cb-4770-92ce-77cc25c29ee0 1.603s
2025-04-08 01:27:05.732 69844 INFO tempest.lib.common.rest_client [req-861e7472-538d-4bc3-b84d-0ad82be07b70 req-861e7472-538d-4bc3-b84d-0ad82be07b70 ] Request (AbsoluteLimitsTestJSON:setUpClass): 200 GET http://10.180.1.21/identity/v3/domains?name=Default 0.236s
2025-04-08 01:27:05.780 69790 INFO tempest.lib.common.rest_client [req-64345822-3445-4ec5-849e-9e4eea272389 req-64345822-3445-4ec5-849e-9e4eea272389 ] Request (MultipleCreateTestJSON:test_multiple_create): 200 GET http://10.180.1.21/compute/v2.1/servers/8e2a554b-0f7b-44ad-a15e-3b374106d672 1.565s
2025-04-08 01:27:05.784 69826 INFO tempest.lib.common.rest_client [req-e8ea062a-8033-45f0-a2d8-64b82995a919 req-e8ea062a-8033-45f0-a2d8-64b82995a919 ] Request (QuotasAdminTestV257:tearDownClass): 204 DELETE http://10.180.1.21/identity/v3/users/f1108c612a27436c80964118138ad374 0.208s
2025-04-08 01:27:05.798 69832 INFO tempest.lib.common.rest_client [req-6267f81b-0b03-46da-be85-090241098b7e req-6267f81b-0b03-46da-be85-090241098b7e ] Request (HypervisorAdminTestJSON:tearDownClass): 204 DELETE http://10.180.1.21/identity/v3/users/237963bddac14779bcc01413e953a41b 0.140s
2025-04-08 01:27:05.798 69832 INFO tempest.lib.common.dynamic_creds [-] Deleting project and security group for project: da1ac7b05cdf417a99139d1722ec2c1c
2025-04-08 01:27:05.846 69830 INFO tempest.lib.common.rest_client [req-99a8df1e-dbf3-4b7f-afd0-b8f640819519 req-99a8df1e-dbf3-4b7f-afd0-b8f640819519 ] Request (ListServerFiltersTestJSON:setUpClass): 200 GET http://10.180.1.21/identity/v3/roles 0.125s
2025-04-08 01:27:05.880 69844 INFO tempest.lib.common.rest_client [req-cc0cdebc-5952-4530-a61a-c344b47d9a43 req-cc0cdebc-5952-4530-a61a-c344b47d9a43 ] Request (AbsoluteLimitsTestJSON:setUpClass): 201 POST http://10.180.1.21/identity/v3/projects 0.148s
2025-04-08 01:27:05.910 69808 INFO tempest.lib.common.rest_client [req-f6078003-ea24-49fd-a9e7-061eed45fd34 req-f6078003-ea24-49fd-a9e7-061eed45fd34 ] Request (FlavorMetadataValidation:tearDownClass): 204 DELETE http://10.180.1.21/identity/v3/users/799bb8222c82470c96d4ffbdfa8f73eb 0.248s
2025-04-08 01:27:05.910 69808 INFO tempest.lib.common.dynamic_creds [-] Deleting project and security group for project: 2e9efe1e73af4c60b26d5a7f38cf168a
2025-04-08 01:27:05.926 69802 INFO tempest.lib.common.rest_client [req-8c706ad5-d9fc-4e30-8cc6-2f63e5fe3a6a req-8c706ad5-d9fc-4e30-8cc6-2f63e5fe3a6a ] Request (VolumesAssistedSnapshotsTest:test_volume_assisted_snapshot_create_delete): 201 POST http://10.180.1.21:9696/networking/v2.0/security-groups 0.491s
2025-04-08 01:27:06.020 69798 INFO tempest.lib.common.rest_client [req-509237d0-5c65-4feb-9a1c-34824b78816f req-509237d0-5c65-4feb-9a1c-34824b78816f ] Request (FlavorsAccessNegativeTestJSON:_run_cleanups): 200 POST http://10.180.1.21/compute/v2.1/flavors/2017142354/action 2.005s
2025-04-08 01:27:06.025 69802 INFO tempest.lib.common.rest_client [req-cebcdb03-37fc-4744-8d8e-3f685212509e req-cebcdb03-37fc-4744-8d8e-3f685212509e ] Request (VolumesAssistedSnapshotsTest:test_volume_assisted_snapshot_create_delete): 201 POST http://10.180.1.21:9696/networking/v2.0/security-group-rules 0.098s
2025-04-08 01:27:06.027 69832 INFO tempest.lib.common.rest_client [req-fcb3fc81-3891-4b3e-bb63-e7b0dab5a574 req-fcb3fc81-3891-4b3e-bb63-e7b0dab5a574 ] Request (HypervisorAdminTestJSON:tearDownClass): 201 POST http://10.180.1.21/identity/v3/auth/tokens 0.228s
2025-04-08 01:27:06.052 69826 INFO tempest.lib.common.rest_client [req-2dc4cad0-7e26-48e4-abc9-dab9534c009e req-2dc4cad0-7e26-48e4-abc9-dab9534c009e ] Request (QuotasAdminTestV257:tearDownClass): 204 DELETE http://10.180.1.21/identity/v3/users/f33560acc34d478e9fc076f966cb8f9d 0.268s
2025-04-08 01:27:06.053 69826 INFO tempest.lib.common.dynamic_creds [-] Deleting project and security group for project: bc849148368444bfa856a852ac2e603d
2025-04-08 01:27:06.093 69830 INFO tempest.lib.common.rest_client [req-a62f35f4-bc49-4cd6-8a6f-eb4be36e2439 req-a62f35f4-bc49-4cd6-8a6f-eb4be36e2439 ] Request (ListServerFiltersTestJSON:setUpClass): 204 PUT http://10.180.1.21/identity/v3/projects/24e15c261969429fa2a16e83daee88ea/users/fc8f3c5724c44bb8b85cf02006a95fdd/roles/b21fd2574ddd4020ac0e131783d5d551 0.247s
2025-04-08 01:27:06.093 69830 INFO tempest.lib.common.dynamic_creds [-] Dynamic test user fc8f3c5724c44bb8b85cf02006a95fdd is created with scope project and roles: ['member']
