2025-04-08 01:29:13.807 69840 INFO tempest.lib.common.rest_client [req-65933762-b618-4908-812e-d8e8dab50d6b req-65933762-b618-4908-812e-d8e8dab50d6b ] Request (ServersTestMultiNic:_run_cleanups): 200 GET http://10.180.1.21/compute/v2.1/servers/98f35e0d-bf83-4da6-a7f4-b8924c01bceb 0.057s
2025-04-08 01:29:13.849 69790 INFO tempest.lib.common.rest_client [req-b2cab53b-7b3d-454b-86a9-272da953ed81 req-b2cab53b-7b3d-454b-86a9-272da953ed81 ] Request (MultipleCreateTestJSON:test_multiple_create_with_reservation_return): 200 GET http://10.180.1.21/compute/v2.1/servers/78fdc5c0-51d8-49b9-929f-810f9439c84a 0.047s
2025-04-08 01:29:13.856 69790 INFO tempest.common.waiters [-] State transition "BUILD/None" ==> "BUILD/networking" after 74 second wait
2025-04-08 01:29:13.905 69810 INFO tempest.lib.common.rest_client [req-0b38448d-e070-4875-9b0d-becefe73358b req-0b38448d-e070-4875-9b0d-becefe73358b ] Request (ServerDiagnosticsV248Test:tearDownClass): 200 GET http://10.180.1.21/compute/v2.1/servers/e12f8476-00be-4b15-ac88-05b31bbecdb1 0.051s
2025-04-08 01:29:13.938 69796 INFO tempest.lib.common.rest_client [req-27bc5b3f-7d44-4290-83c8-27b585bae57a req-27bc5b3f-7d44-4290-83c8-27b585bae57a ] Request (ListImageFiltersTestJSON:setUpClass): 200 GET http://10.180.1.21/compute/v2.1/servers/0511381c-3185-4825-9464-7b74e05e696f 0.101s
2025-04-08 01:29:14.101 69824 INFO tempest.lib.common.rest_client [req-a59c3e5f-9762-415e-913f-ae5af53f2ed6 req-a59c3e5f-9762-415e-913f-ae5af53f2ed6 ] Request (DeleteServersAdminTestJSON:test_delete_server_while_in_error_state): 200 GET http://10.180.1.21/compute/v2.1/servers/8c620fb8-43fd-42ef-a624-f7322147c3b0 0.101s
2025-04-08 01:29:14.143 69798 INFO tempest.lib.common.rest_client [req-69658fa2-3afd-459b-84d7-b6026ef28fee req-69658fa2-3afd-459b-84d7-b6026ef28fee ] Request (ServersListShow298Test:test_list_show_update_rebuild_server_298): 200 GET http://10.180.1.21/compute/v2.1/servers/821a77a7-502f-482d-9e13-5317d69eab1e 0.059s
2025-04-08 01:29:14.170 69836 WARNING tempest.lib.common.ssh [-] Failed to establish authenticated ssh connection to cirros@10.180.180.224 ([Errno None] Unable to connect to port 22 on 10.180.180.224). Number attempts: 4. Retry after 5 seconds.: paramiko.ssh_exception.NoValidConnectionsError: [Errno None] Unable to connect to port 22 on 10.180.180.224
2025-04-08 01:29:14.396 69852 INFO tempest.lib.common.rest_client [req-a13c51ad-4ea2-48c9-8166-2763a2ea24de req-a13c51ad-4ea2-48c9-8166-2763a2ea24de ] Request (ServerGroupTestJSON:test_create_server_with_scheduler_hint_group): 200 GET http://10.180.1.21/compute/v2.1/servers/5cb99bc6-0db5-47ba-9b06-ab3be1f8908e 0.066s
2025-04-08 01:29:14.443 69846 INFO tempest.lib.common.rest_client [req-9af99ac0-e38e-4a4c-b67e-9a511bc13a1c req-9af99ac0-e38e-4a4c-b67e-9a511bc13a1c ] Request (MigrationsAdminTest:test_list_migrations_in_flavor_resize_situation): 200 GET http://10.180.1.21/compute/v2.1/servers/959c58c5-2931-40dd-9afd-d3884a500adb 0.120s
2025-04-08 01:29:14.458 69814 INFO tempest.lib.common.rest_client [req-28d78f7c-147d-4c5d-a54d-697160e54fe4 req-28d78f7c-147d-4c5d-a54d-697160e54fe4 ] Request (FloatingIPsAssociationTestJSON:tearDownClass): 200 GET http://10.180.1.21/compute/v2.1/servers/ac03567e-0faa-4105-87c5-f3d4a0a19289 0.067s
2025-04-08 01:29:14.479 69816 WARNING tempest.lib.common.ssh [-] Failed to establish authenticated ssh connection to cirros@10.180.180.207 ([Errno None] Unable to connect to port 22 on 10.180.180.207). Number attempts: 7. Retry after 8 seconds.: paramiko.ssh_exception.NoValidConnectionsError: [Errno None] Unable to connect to port 22 on 10.180.180.207
2025-04-08 01:29:14.545 69806 INFO tempest.lib.common.rest_client [req-4641cf21-ae32-41cd-b91d-3622380be661 req-4641cf21-ae32-41cd-b91d-3622380be661 ] Request (ImagesTestJSON:test_create_image_from_stopped_server): 200 GET http://10.180.1.21/compute/v2.1/servers/4767f76b-6acb-43be-b46c-18b2ca550d18 0.117s
2025-04-08 01:29:14.547 69802 INFO tempest.lib.common.rest_client [req-dffe49ff-df65-4a6e-a743-9ae215e4e7d8 req-dffe49ff-df65-4a6e-a743-9ae215e4e7d8 ] Request (VolumesAssistedSnapshotsTest:test_volume_assisted_snapshot_create_delete): 200 GET http://10.180.1.21/volume/v3/volumes/a5de170b-974a-4ba7-947d-d62ca3d0ecd5 0.037s
2025-04-08 01:29:14.553 69794 INFO tempest.lib.common.rest_client [req-f79dee74-88fa-4771-a648-e1aa815860f8 req-f79dee74-88fa-4771-a648-e1aa815860f8 ] Request (AttachInterfacesTestJSON:test_create_list_show_delete_interfaces_by_fixed_ip): 200 GET http://10.180.1.21/compute/v2.1/servers/1c559ad5-c4a3-4efe-9cf9-6cb5d6d0b46a 0.067s
2025-04-08 01:29:14.554 69826 WARNING tempest.lib.common.ssh [-] Failed to establish authenticated ssh connection to cirros@10.180.180.171 ([Errno None] Unable to connect to port 22 on 10.180.180.171). Number attempts: 2. Retry after 3 seconds.: paramiko.ssh_exception.NoValidConnectionsError: [Errno None] Unable to connect to port 22 on 10.180.180.171
2025-04-08 01:29:14.612 69812 INFO tempest.lib.common.rest_client [req-064de05c-9971-45c1-9e06-809e5cb8e712 req-064de05c-9971-45c1-9e06-809e5cb8e712 ] Request (InstanceActionsV221TestJSON:test_get_list_deleted_instance_actions): 200 GET http://10.180.1.21/compute/v2.1/servers/08a284de-cadf-450c-ad61-fad59fd85358 0.069s
2025-04-08 01:29:14.634 69818 INFO tempest.lib.common.rest_client [req-39d9a103-50ed-4ec5-820a-76c95186baba req-39d9a103-50ed-4ec5-820a-76c95186baba ] Request (FloatingIPsAssociationNegativeTestJSON:tearDownClass): 200 GET http://10.180.1.21/compute/v2.1/servers/52f865a3-f591-46d5-9fdb-c4abc4616358 0.062s
2025-04-08 01:29:14.674 69828 INFO tempest.lib.common.rest_client [req-3e1e6d73-5b87-4baa-a5fe-d0230b57f937 req-3e1e6d73-5b87-4baa-a5fe-d0230b57f937 ] Request (DeleteServersTestJSON:test_delete_server_while_in_attached_volume): 200 GET http://10.180.1.21/compute/v2.1/servers/7b169415-c41d-4e7e-92f0-b1a052b96fcb 0.079s
2025-04-08 01:29:14.703 69830 INFO tempest.lib.common.rest_client [req-83ff8325-d493-477e-a53b-b64a3e51bccc req-83ff8325-d493-477e-a53b-b64a3e51bccc ] Request (ListServerFiltersTestJSON:tearDownClass): 200 GET http://10.180.1.21/compute/v2.1/servers/ed013635-0798-47d9-bfa6-4ad2673d96c1 0.073s
2025-04-08 01:29:14.732 69808 INFO tempest.lib.common.rest_client [req-25a65e61-c466-4527-a946-bedb9e0d30f2 req-25a65e61-c466-4527-a946-bedb9e0d30f2 ] Request (SecurityGroupsTestJSON:test_list_security_groups_by_server): 200 GET http://10.180.1.21/compute/v2.1/servers/b9fd194d-c0af-49f6-b185-f99e2ecfdb55 0.088s
2025-04-08 01:29:14.782 69834 INFO tempest.lib.common.rest_client [req-b1afeb5d-50fd-4418-8685-8f1560f2923b req-b1afeb5d-50fd-4418-8685-8f1560f2923b ] Request (ServerShowV254Test:test_rebuild_server): 200 GET http://10.180.1.21/compute/v2.1/servers/cdc94932-bb65-4b65-8d3d-5ec9dec7d694 0.097s
2025-04-08 01:29:14.809 69838 INFO tempest.lib.common.rest_client [req-f788ec37-369c-4e28-bf58-00774b0a32fa req-f788ec37-369c-4e28-bf58-00774b0a32fa ] Request (ServersAdminNegativeTestJSON:tearDownClass): 200 GET http://10.180.1.21/compute/v2.1/servers/4359e04e-e11b-4565-9659-a800db1c6bc1 0.064s
2025-04-08 01:29:14.884 69842 INFO tempest.lib.common.rest_client [req-9bbf8afb-6943-4e49-8eeb-7cb9803d9428 req-9bbf8afb-6943-4e49-8eeb-7cb9803d9428 ] Request (ImagesOneServerTestJSON:tearDownClass): 200 GET http://10.180.1.21/compute/v2.1/servers/d3aa1b2b-ff7b-44d5-8cd2-b6c6d870734d 0.082s
2025-04-08 01:29:14.897 69840 INFO tempest.lib.common.rest_client [req-7e18ea74-8be3-4824-8020-3478ad8af08e req-7e18ea74-8be3-4824-8020-3478ad8af08e ] Request (ServersTestMultiNic:_run_cleanups): 200 GET http://10.180.1.21/compute/v2.1/servers/98f35e0d-bf83-4da6-a7f4-b8924c01bceb 0.082s
2025-04-08 01:29:14.970 69810 INFO tempest.lib.common.rest_client [req-58aea05a-99e7-4c5f-bbc6-4c2cda95ec90 req-58aea05a-99e7-4c5f-bbc6-4c2cda95ec90 ] Request (ServerDiagnosticsV248Test:tearDownClass): 200 GET http://10.180.1.21/compute/v2.1/servers/e12f8476-00be-4b15-ac88-05b31bbecdb1 0.057s
2025-04-08 01:29:15.005 69790 INFO tempest.lib.common.rest_client [req-b21fc786-6456-4fbb-830f-0c50531ed6f0 req-b21fc786-6456-4fbb-830f-0c50531ed6f0 ] Request (MultipleCreateTestJSON:test_multiple_create_with_reservation_return): 200 GET http://10.180.1.21/compute/v2.1/servers/78fdc5c0-51d8-49b9-929f-810f9439c84a 0.147s
2025-04-08 01:29:15.013 69790 INFO tempest.common.waiters [-] State transition "BUILD/networking" ==> "BUILD/block_device_mapping" after 76 second wait
2025-04-08 01:29:15.052 69796 INFO tempest.lib.common.rest_client [req-e5f764f9-fd18-4f79-acdc-ae3f43d8e391 req-e5f764f9-fd18-4f79-acdc-ae3f43d8e391 ] Request (ListImageFiltersTestJSON:setUpClass): 200 GET http://10.180.1.21/compute/v2.1/servers/0511381c-3185-4825-9464-7b74e05e696f 0.107s
2025-04-08 01:29:15.219 69824 INFO tempest.lib.common.rest_client [req-cd813663-2799-4a83-a605-21a670a45f21 req-cd813663-2799-4a83-a605-21a670a45f21 ] Request (DeleteServersAdminTestJSON:test_delete_server_while_in_error_state): 200 GET http://10.180.1.21/compute/v2.1/servers/8c620fb8-43fd-42ef-a624-f7322147c3b0 0.111s
2025-04-08 01:29:15.236 69798 INFO tempest.lib.common.rest_client [req-c4857153-b05d-4a4f-962a-24efad6f9e14 req-c4857153-b05d-4a4f-962a-24efad6f9e14 ] Request (ServersListShow298Test:test_list_show_update_rebuild_server_298): 200 GET http://10.180.1.21/compute/v2.1/servers/821a77a7-502f-482d-9e13-5317d69eab1e 0.081s
2025-04-08 01:29:15.467 69852 INFO tempest.lib.common.rest_client [req-8eb52ddc-2d74-4943-8567-5a8224a0e311 req-8eb52ddc-2d74-4943-8567-5a8224a0e311 ] Request (ServerGroupTestJSON:test_create_server_with_scheduler_hint_group): 200 GET http://10.180.1.21/compute/v2.1/servers/5cb99bc6-0db5-47ba-9b06-ab3be1f8908e 0.064s
2025-04-08 01:29:15.540 69814 INFO tempest.lib.common.rest_client [req-63417b20-a92c-49e3-8e91-106375cc948c req-63417b20-a92c-49e3-8e91-106375cc948c ] Request (FloatingIPsAssociationTestJSON:tearDownClass): 200 GET http://10.180.1.21/compute/v2.1/servers/ac03567e-0faa-4105-87c5-f3d4a0a19289 0.064s
2025-04-08 01:29:15.562 69846 INFO tempest.lib.common.rest_client [req-c16025b5-9be1-46b9-800a-5adae35e26c2 req-c16025b5-9be1-46b9-800a-5adae35e26c2 ] Request (MigrationsAdminTest:test_list_migrations_in_flavor_resize_situation): 200 GET http://10.180.1.21/compute/v2.1/servers/959c58c5-2931-40dd-9afd-d3884a500adb 0.108s
2025-04-08 01:29:15.594 69802 INFO tempest.lib.common.rest_client [req-21b3efdb-d358-46fc-8006-be08885ff05c req-21b3efdb-d358-46fc-8006-be08885ff05c ] Request (VolumesAssistedSnapshotsTest:test_volume_assisted_snapshot_create_delete): 200 GET http://10.180.1.21/volume/v3/volumes/a5de170b-974a-4ba7-947d-d62ca3d0ecd5 0.031s
2025-04-08 01:29:15.601 69806 INFO tempest.lib.common.rest_client [req-9ff7203c-8f70-4ab9-bc31-37bf8b989c22 req-9ff7203c-8f70-4ab9-bc31-37bf8b989c22 ] Request (ImagesTestJSON:test_create_image_from_stopped_server): 200 GET http://10.180.1.21/compute/v2.1/servers/4767f76b-6acb-43be-b46c-18b2ca550d18 0.047s
2025-04-08 01:29:15.618 69794 INFO tempest.lib.common.rest_client [req-3a295a89-c585-439b-8fa8-8a5c0a1d63dd req-3a295a89-c585-439b-8fa8-8a5c0a1d63dd ] Request (AttachInterfacesTestJSON:test_create_list_show_delete_interfaces_by_fixed_ip): 200 GET http://10.180.1.21/compute/v2.1/servers/1c559ad5-c4a3-4efe-9cf9-6cb5d6d0b46a 0.054s
2025-04-08 01:29:15.699 69812 INFO tempest.lib.common.rest_client [req-1d6a1ddd-97ef-4d26-8998-9adf884936e2 req-1d6a1ddd-97ef-4d26-8998-9adf884936e2 ] Request (InstanceActionsV221TestJSON:test_get_list_deleted_instance_actions): 200 GET http://10.180.1.21/compute/v2.1/servers/08a284de-cadf-450c-ad61-fad59fd85358 0.069s
2025-04-08 01:29:15.706 69818 INFO tempest.lib.common.rest_client [req-24633bcb-64ab-4535-aa2c-34fb4f3bd297 req-24633bcb-64ab-4535-aa2c-34fb4f3bd297 ] Request (FloatingIPsAssociationNegativeTestJSON:tearDownClass): 200 GET http://10.180.1.21/compute/v2.1/servers/52f865a3-f591-46d5-9fdb-c4abc4616358 0.064s
2025-04-08 01:29:15.744 69828 INFO tempest.lib.common.rest_client [req-e16fd736-976a-4123-8b19-234149656e07 req-e16fd736-976a-4123-8b19-234149656e07 ] Request (DeleteServersTestJSON:test_delete_server_while_in_attached_volume): 200 GET http://10.180.1.21/compute/v2.1/servers/7b169415-c41d-4e7e-92f0-b1a052b96fcb 0.060s
2025-04-08 01:29:15.776 69830 INFO tempest.lib.common.rest_client [req-132c7384-2dec-4bf1-aa41-f1075f04a2c9 req-132c7384-2dec-4bf1-aa41-f1075f04a2c9 ] Request (ListServerFiltersTestJSON:tearDownClass): 200 GET http://10.180.1.21/compute/v2.1/servers/ed013635-0798-47d9-bfa6-4ad2673d96c1 0.059s
2025-04-08 01:29:15.789 69808 INFO tempest.lib.common.rest_client [req-674e7cb9-6b9f-40c0-b1a3-b9b9c2f5a591 req-674e7cb9-6b9f-40c0-b1a3-b9b9c2f5a591 ] Request (SecurityGroupsTestJSON:test_list_security_groups_by_server): 200 GET http://10.180.1.21/compute/v2.1/servers/b9fd194d-c0af-49f6-b185-f99e2ecfdb55 0.049s
2025-04-08 01:29:15.845 69834 INFO tempest.lib.common.rest_client [req-aa671b65-bda2-4095-8702-487fedba4e0a req-aa671b65-bda2-4095-8702-487fedba4e0a ] Request (ServerShowV254Test:test_rebuild_server): 200 GET http://10.180.1.21/compute/v2.1/servers/cdc94932-bb65-4b65-8d3d-5ec9dec7d694 0.055s
2025-04-08 01:29:15.871 69838 INFO tempest.lib.common.rest_client [req-52c238c3-6767-4b77-b322-ba2e58e02099 req-52c238c3-6767-4b77-b322-ba2e58e02099 ] Request (ServersAdminNegativeTestJSON:tearDownClass): 200 GET http://10.180.1.21/compute/v2.1/servers/4359e04e-e11b-4565-9659-a800db1c6bc1 0.055s
2025-04-08 01:29:15.950 69842 INFO tempest.lib.common.rest_client [req-2fe87c57-c580-45e6-9f39-dd114690bc1d req-2fe87c57-c580-45e6-9f39-dd114690bc1d ] Request (ImagesOneServerTestJSON:tearDownClass): 200 GET http://10.180.1.21/compute/v2.1/servers/d3aa1b2b-ff7b-44d5-8cd2-b6c6d870734d 0.057s
2025-04-08 01:29:15.967 69840 INFO tempest.lib.common.rest_client [req-6fccfcd9-e9f7-4583-9136-d861f28f9583 req-6fccfcd9-e9f7-4583-9136-d861f28f9583 ] Request (ServersTestMultiNic:_run_cleanups): 200 GET http://10.180.1.21/compute/v2.1/servers/98f35e0d-bf83-4da6-a7f4-b8924c01bceb 0.061s
2025-04-08 01:29:16.032 69810 INFO tempest.lib.common.rest_client [req-253b4142-ea75-4009-bf6f-d81254af6065 req-253b4142-ea75-4009-bf6f-d81254af6065 ] Request (ServerDiagnosticsV248Test:tearDownClass): 200 GET http://10.180.1.21/compute/v2.1/servers/e12f8476-00be-4b15-ac88-05b31bbecdb1 0.052s
2025-04-08 01:29:16.113 69790 INFO tempest.lib.common.rest_client [req-b4fcd5fe-afa4-41dd-a539-0e2f666257bb req-b4fcd5fe-afa4-41dd-a539-0e2f666257bb ] Request (MultipleCreateTestJSON:test_multiple_create_with_reservation_return): 200 GET http://10.180.1.21/compute/v2.1/servers/78fdc5c0-51d8-49b9-929f-810f9439c84a 0.099s
2025-04-08 01:29:16.123 69790 INFO tempest.common.waiters [-] State transition "BUILD/block_device_mapping" ==> "BUILD/spawning" after 77 second wait
2025-04-08 01:29:16.165 69796 INFO tempest.lib.common.rest_client [req-dde51aa7-1905-43d1-954f-26aeda4af736 req-dde51aa7-1905-43d1-954f-26aeda4af736 ] Request (ListImageFiltersTestJSON:setUpClass): 200 GET http://10.180.1.21/compute/v2.1/servers/0511381c-3185-4825-9464-7b74e05e696f 0.105s
2025-04-08 01:29:16.283 69824 INFO tempest.lib.common.rest_client [req-08186eb2-3b70-4f79-b5b0-22a2f245ac15 req-08186eb2-3b70-4f79-b5b0-22a2f245ac15 ] Request (DeleteServersAdminTestJSON:test_delete_server_while_in_error_state): 200 GET http://10.180.1.21/compute/v2.1/servers/8c620fb8-43fd-42ef-a624-f7322147c3b0 0.055s
2025-04-08 01:29:16.308 69798 INFO tempest.lib.common.rest_client [req-53185ae5-0a49-4cc4-a773-c76416be4fb1 req-53185ae5-0a49-4cc4-a773-c76416be4fb1 ] Request (ServersListShow298Test:test_list_show_update_rebuild_server_298): 200 GET http://10.180.1.21/compute/v2.1/servers/821a77a7-502f-482d-9e13-5317d69eab1e 0.061s
2025-04-08 01:29:16.321 69798 INFO tempest.common.waiters [-] State transition "BUILD/None" ==> "BUILD/networking" after 71 second wait
2025-04-08 01:29:16.525 69852 INFO tempest.lib.common.rest_client [req-02ea8a0a-33aa-4f68-9e27-6a212502b980 req-02ea8a0a-33aa-4f68-9e27-6a212502b980 ] Request (ServerGroupTestJSON:test_create_server_with_scheduler_hint_group): 200 GET http://10.180.1.21/compute/v2.1/servers/5cb99bc6-0db5-47ba-9b06-ab3be1f8908e 0.049s
2025-04-08 01:29:16.606 69814 INFO tempest.lib.common.rest_client [req-3c70818d-74d6-4d90-8c55-bff0f96e60a2 req-3c70818d-74d6-4d90-8c55-bff0f96e60a2 ] Request (FloatingIPsAssociationTestJSON:tearDownClass): 200 GET http://10.180.1.21/compute/v2.1/servers/ac03567e-0faa-4105-87c5-f3d4a0a19289 0.059s
2025-04-08 01:29:16.619 69820 WARNING tempest.lib.common.ssh [-] Failed to establish authenticated ssh connection to cirros@10.180.180.147 ([Errno None] Unable to connect to port 22 on 10.180.180.147). Number attempts: 10. Retry after 11 seconds.: paramiko.ssh_exception.NoValidConnectionsError: [Errno None] Unable to connect to port 22 on 10.180.180.147
2025-04-08 01:29:16.630 69802 INFO tempest.lib.common.rest_client [req-872023a5-2292-492a-ab00-e4f31b4333b1 req-872023a5-2292-492a-ab00-e4f31b4333b1 ] Request (VolumesAssistedSnapshotsTest:test_volume_assisted_snapshot_create_delete): 200 GET http://10.180.1.21/volume/v3/volumes/a5de170b-974a-4ba7-947d-d62ca3d0ecd5 0.030s
2025-04-08 01:29:16.673 69806 INFO tempest.lib.common.rest_client [req-1b8b5aab-9f06-45ca-95e7-81783b00c91e req-1b8b5aab-9f06-45ca-95e7-81783b00c91e ] Request (ImagesTestJSON:test_create_image_from_stopped_server): 200 GET http://10.180.1.21/compute/v2.1/servers/4767f76b-6acb-43be-b46c-18b2ca550d18 0.064s
2025-04-08 01:29:16.697 69846 INFO tempest.lib.common.rest_client [req-444b6f97-1174-47b7-9593-e869809ef147 req-444b6f97-1174-47b7-9593-e869809ef147 ] Request (MigrationsAdminTest:test_list_migrations_in_flavor_resize_situation): 200 GET http://10.180.1.21/compute/v2.1/servers/959c58c5-2931-40dd-9afd-d3884a500adb 0.126s
2025-04-08 01:29:16.946 69804 WARNING tempest.lib.common.ssh [-] Failed to establish authenticated ssh connection to cirros@10.180.180.203 ([Errno None] Unable to connect to port 22 on 10.180.180.203). Number attempts: 6. Retry after 7 seconds.: paramiko.ssh_exception.NoValidConnectionsError: [Errno None] Unable to connect to port 22 on 10.180.180.203
2025-04-08 01:29:16.955 69794 INFO tempest.lib.common.rest_client [req-802a5b3f-43d7-402c-8c18-84c860fe4fb0 req-802a5b3f-43d7-402c-8c18-84c860fe4fb0 ] Request (AttachInterfacesTestJSON:test_create_list_show_delete_interfaces_by_fixed_ip): 200 GET http://10.180.1.21/compute/v2.1/servers/1c559ad5-c4a3-4efe-9cf9-6cb5d6d0b46a 0.328s
2025-04-08 01:29:16.981 69812 INFO tempest.lib.common.rest_client [req-f9fc20f7-15d4-42db-a900-124c840caf24 req-f9fc20f7-15d4-42db-a900-124c840caf24 ] Request (InstanceActionsV221TestJSON:test_get_list_deleted_instance_actions): 200 GET http://10.180.1.21/compute/v2.1/servers/08a284de-cadf-450c-ad61-fad59fd85358 0.274s
2025-04-08 01:29:17.021 69818 INFO tempest.lib.common.rest_client [req-08c7c523-d63f-4be8-a59a-4f0bccfc6484 req-08c7c523-d63f-4be8-a59a-4f0bccfc6484 ] Request (FloatingIPsAssociationNegativeTestJSON:tearDownClass): 200 GET http://10.180.1.21/compute/v2.1/servers/52f865a3-f591-46d5-9fdb-c4abc4616358 0.307s
2025-04-08 01:29:17.065 69828 INFO tempest.lib.common.rest_client [req-a3c135e0-52d3-4510-9f20-8a391d6532d2 req-a3c135e0-52d3-4510-9f20-8a391d6532d2 ] Request (DeleteServersTestJSON:test_delete_server_while_in_attached_volume): 200 GET http://10.180.1.21/compute/v2.1/servers/7b169415-c41d-4e7e-92f0-b1a052b96fcb 0.313s
2025-04-08 01:29:17.081 69830 INFO tempest.lib.common.rest_client [req-934fa6fa-b355-41b1-a439-25e891af1519 req-934fa6fa-b355-41b1-a439-25e891af1519 ] Request (ListServerFiltersTestJSON:tearDownClass): 200 GET http://10.180.1.21/compute/v2.1/servers/ed013635-0798-47d9-bfa6-4ad2673d96c1 0.296s
2025-04-08 01:29:17.115 69808 INFO tempest.lib.common.rest_client [req-bfc1abeb-4d41-435d-a532-281f9a0d7c48 req-bfc1abeb-4d41-435d-a532-281f9a0d7c48 ] Request (SecurityGroupsTestJSON:test_list_security_groups_by_server): 200 GET http://10.180.1.21/compute/v2.1/servers/b9fd194d-c0af-49f6-b185-f99e2ecfdb55 0.317s
2025-04-08 01:29:17.141 69834 INFO tempest.lib.common.rest_client [req-f4be0599-4aec-4d03-a8d1-0cc1c228df71 req-f4be0599-4aec-4d03-a8d1-0cc1c228df71 ] Request (ServerShowV254Test:test_rebuild_server): 200 GET http://10.180.1.21/compute/v2.1/servers/cdc94932-bb65-4b65-8d3d-5ec9dec7d694 0.287s
2025-04-08 01:29:17.177 69838 INFO tempest.lib.common.rest_client [req-7d49e39d-4ea3-497f-81a1-5fc2f3e7642f req-7d49e39d-4ea3-497f-81a1-5fc2f3e7642f ] Request (ServersAdminNegativeTestJSON:tearDownClass): 200 GET http://10.180.1.21/compute/v2.1/servers/4359e04e-e11b-4565-9659-a800db1c6bc1 0.297s
2025-04-08 01:29:17.197 69842 INFO tempest.lib.common.rest_client [req-90b7db85-a76d-43f5-80d4-b7e13448ca78 req-90b7db85-a76d-43f5-80d4-b7e13448ca78 ] Request (ImagesOneServerTestJSON:tearDownClass): 200 GET http://10.180.1.21/compute/v2.1/servers/d3aa1b2b-ff7b-44d5-8cd2-b6c6d870734d 0.238s
2025-04-08 01:29:17.234 69840 INFO tempest.lib.common.rest_client [req-a19b8b95-721f-40ee-80fe-a6b49e293784 req-a19b8b95-721f-40ee-80fe-a6b49e293784 ] Request (ServersTestMultiNic:_run_cleanups): 200 GET http://10.180.1.21/compute/v2.1/servers/98f35e0d-bf83-4da6-a7f4-b8924c01bceb 0.259s
2025-04-08 01:29:17.252 69810 INFO tempest.lib.common.rest_client [req-2cd8c1c9-8229-430f-93f5-7d2601db7377 req-2cd8c1c9-8229-430f-93f5-7d2601db7377 ] Request (ServerDiagnosticsV248Test:tearDownClass): 200 GET http://10.180.1.21/compute/v2.1/servers/e12f8476-00be-4b15-ac88-05b31bbecdb1 0.210s
2025-04-08 01:29:17.262 69810 INFO tempest.common.waiters [-] State transition "ACTIVE/deleting" ==> "DELETED/None" after 5 second wait
2025-04-08 01:29:17.362 69790 INFO tempest.lib.common.rest_client [req-be06b638-fdf0-4101-b310-76ab994c6107 req-be06b638-fdf0-4101-b310-76ab994c6107 ] Request (MultipleCreateTestJSON:test_multiple_create_with_reservation_return): 200 GET http://10.180.1.21/compute/v2.1/servers/78fdc5c0-51d8-49b9-929f-810f9439c84a 0.237s
2025-04-08 01:29:17.363 69832 WARNING tempest.lib.common.ssh [-] Failed to establish authenticated ssh connection to cirros@10.180.180.138 ([Errno None] Unable to connect to port 22 on 10.180.180.138). Number attempts: 10. Retry after 11 seconds.: paramiko.ssh_exception.NoValidConnectionsError: [Errno None] Unable to connect to port 22 on 10.180.180.138
2025-04-08 01:29:17.397 69796 INFO tempest.lib.common.rest_client [req-100e86be-4b77-4e28-8356-5b928a52d8b2 req-100e86be-4b77-4e28-8356-5b928a52d8b2 ] Request (ListImageFiltersTestJSON:setUpClass): 200 GET http://10.180.1.21/compute/v2.1/servers/0511381c-3185-4825-9464-7b74e05e696f 0.225s
2025-04-08 01:29:17.425 69824 INFO tempest.lib.common.rest_client [req-bba5d621-784e-40b6-a678-c60559263bb9 req-bba5d621-784e-40b6-a678-c60559263bb9 ] Request (DeleteServersAdminTestJSON:test_delete_server_while_in_error_state): 200 GET http://10.180.1.21/compute/v2.1/servers/8c620fb8-43fd-42ef-a624-f7322147c3b0 0.134s
2025-04-08 01:29:17.432 69824 INFO tempest.common.waiters [-] State transition "ERROR/deleting" ==> "DELETED/None" after 5 second wait
2025-04-08 01:29:17.454 69798 INFO tempest.lib.common.rest_client [req-4f110a32-4c73-4d28-9ffa-f009a3b4107a req-4f110a32-4c73-4d28-9ffa-f009a3b4107a ] Request (ServersListShow298Test:test_list_show_update_rebuild_server_298): 200 GET http://10.180.1.21/compute/v2.1/servers/821a77a7-502f-482d-9e13-5317d69eab1e 0.133s
2025-04-08 01:29:17.465 69798 INFO tempest.common.waiters [-] State transition "BUILD/networking" ==> "BUILD/block_device_mapping" after 72 second wait
2025-04-08 01:29:17.581 69852 INFO tempest.lib.common.rest_client [req-e52fac6d-29dd-49ec-b205-7da0f0972cd4 req-e52fac6d-29dd-49ec-b205-7da0f0972cd4 ] Request (ServerGroupTestJSON:test_create_server_with_scheduler_hint_group): 200 GET http://10.180.1.21/compute/v2.1/servers/5cb99bc6-0db5-47ba-9b06-ab3be1f8908e 0.048s
2025-04-08 01:29:17.666 69802 INFO tempest.lib.common.rest_client [req-88a91c32-f1fe-44aa-b7b5-03f99d205297 req-88a91c32-f1fe-44aa-b7b5-03f99d205297 ] Request (VolumesAssistedSnapshotsTest:test_volume_assisted_snapshot_create_delete): 200 GET http://10.180.1.21/volume/v3/volumes/a5de170b-974a-4ba7-947d-d62ca3d0ecd5 0.028s
2025-04-08 01:29:17.680 69814 INFO tempest.lib.common.rest_client [req-8a55ef40-bac7-41e2-8e73-e55996da029e req-8a55ef40-bac7-41e2-8e73-e55996da029e ] Request (FloatingIPsAssociationTestJSON:tearDownClass): 200 GET http://10.180.1.21/compute/v2.1/servers/ac03567e-0faa-4105-87c5-f3d4a0a19289 0.065s
2025-04-08 01:29:17.741 69806 INFO tempest.lib.common.rest_client [req-1aca29f8-0709-430b-82d6-01e9ddb90731 req-1aca29f8-0709-430b-82d6-01e9ddb90731 ] Request (ImagesTestJSON:test_create_image_from_stopped_server): 200 GET http://10.180.1.21/compute/v2.1/servers/4767f76b-6acb-43be-b46c-18b2ca550d18 0.055s
2025-04-08 01:29:17.804 69846 INFO tempest.lib.common.rest_client [req-dddf7343-de04-4305-a365-83596e5ff804 req-dddf7343-de04-4305-a365-83596e5ff804 ] Request (MigrationsAdminTest:test_list_migrations_in_flavor_resize_situation): 200 GET http://10.180.1.21/compute/v2.1/servers/959c58c5-2931-40dd-9afd-d3884a500adb 0.099s
2025-04-08 01:29:18.028 69794 INFO tempest.lib.common.rest_client [req-02286a09-e2ae-4c7c-969a-002f814b713d req-02286a09-e2ae-4c7c-969a-002f814b713d ] Request (AttachInterfacesTestJSON:test_create_list_show_delete_interfaces_by_fixed_ip): 200 GET http://10.180.1.21/compute/v2.1/servers/1c559ad5-c4a3-4efe-9cf9-6cb5d6d0b46a 0.063s
2025-04-08 01:29:18.067 69812 INFO tempest.lib.common.rest_client [req-cbabd641-1f74-4ac0-a546-b1045c6db13a req-cbabd641-1f74-4ac0-a546-b1045c6db13a ] Request (InstanceActionsV221TestJSON:test_get_list_deleted_instance_actions): 200 GET http://10.180.1.21/compute/v2.1/servers/08a284de-cadf-450c-ad61-fad59fd85358 0.075s
2025-04-08 01:29:18.090 69818 INFO tempest.lib.common.rest_client [req-8fddf8d3-fee0-41d7-acd0-74ca92b12ae0 req-8fddf8d3-fee0-41d7-acd0-74ca92b12ae0 ] Request (FloatingIPsAssociationNegativeTestJSON:tearDownClass): 200 GET http://10.180.1.21/compute/v2.1/servers/52f865a3-f591-46d5-9fdb-c4abc4616358 0.060s
2025-04-08 01:29:18.137 69828 INFO tempest.lib.common.rest_client [req-e1fc80d3-7418-4d67-ae9f-b2aebc4f2ab2 req-e1fc80d3-7418-4d67-ae9f-b2aebc4f2ab2 ] Request (DeleteServersTestJSON:test_delete_server_while_in_attached_volume): 200 GET http://10.180.1.21/compute/v2.1/servers/7b169415-c41d-4e7e-92f0-b1a052b96fcb 0.058s
2025-04-08 01:29:18.155 69830 INFO tempest.lib.common.rest_client [req-c16972ca-d032-4b05-aa0a-d76662936943 req-c16972ca-d032-4b05-aa0a-d76662936943 ] Request (ListServerFiltersTestJSON:tearDownClass): 200 GET http://10.180.1.21/compute/v2.1/servers/ed013635-0798-47d9-bfa6-4ad2673d96c1 0.064s
2025-04-08 01:29:18.196 69808 INFO tempest.lib.common.rest_client [req-8bfdcea6-f4e4-470a-94fa-e4da04e68c11 req-8bfdcea6-f4e4-470a-94fa-e4da04e68c11 ] Request (SecurityGroupsTestJSON:test_list_security_groups_by_server): 200 GET http://10.180.1.21/compute/v2.1/servers/b9fd194d-c0af-49f6-b185-f99e2ecfdb55 0.067s
2025-04-08 01:29:18.216 69834 INFO tempest.lib.common.rest_client [req-fca26c18-44bf-4fb2-b550-dc87ccbe49ff req-fca26c18-44bf-4fb2-b550-dc87ccbe49ff ] Request (ServerShowV254Test:test_rebuild_server): 200 GET http://10.180.1.21/compute/v2.1/servers/cdc94932-bb65-4b65-8d3d-5ec9dec7d694 0.065s
2025-04-08 01:29:18.277 69838 INFO tempest.lib.common.rest_client [req-f207952c-0cb8-44ba-9b24-f6861959112c req-f207952c-0cb8-44ba-9b24-f6861959112c ] Request (ServersAdminNegativeTestJSON:tearDownClass): 200 GET http://10.180.1.21/compute/v2.1/servers/4359e04e-e11b-4565-9659-a800db1c6bc1 0.090s
2025-04-08 01:29:18.286 69842 INFO tempest.lib.common.rest_client [req-e1c7933e-d7f7-4b6a-bffe-7102b124fa67 req-e1c7933e-d7f7-4b6a-bffe-7102b124fa67 ] Request (ImagesOneServerTestJSON:tearDownClass): 200 GET http://10.180.1.21/compute/v2.1/servers/d3aa1b2b-ff7b-44d5-8cd2-b6c6d870734d 0.081s
2025-04-08 01:29:18.359 69840 INFO tempest.lib.common.rest_client [req-8a833286-d94e-4e9e-9919-e63eaaa5ec1f req-8a833286-d94e-4e9e-9919-e63eaaa5ec1f ] Request (ServersTestMultiNic:_run_cleanups): 200 GET http://10.180.1.21/compute/v2.1/servers/98f35e0d-bf83-4da6-a7f4-b8924c01bceb 0.116s
2025-04-08 01:29:18.361 69810 INFO tempest.lib.common.rest_client [req-6ff4cbe1-c76d-4a53-bbbe-2693f524d322 req-6ff4cbe1-c76d-4a53-bbbe-2693f524d322 ] Request (ServerDiagnosticsV248Test:tearDownClass): 200 GET http://10.180.1.21/compute/v2.1/servers/e12f8476-00be-4b15-ac88-05b31bbecdb1 0.097s
2025-04-08 01:29:18.506 69790 INFO tempest.lib.common.rest_client [req-9fe0594b-63ec-4538-9a65-768411477e53 req-9fe0594b-63ec-4538-9a65-768411477e53 ] Request (MultipleCreateTestJSON:test_multiple_create_with_reservation_return): 200 GET http://10.180.1.21/compute/v2.1/servers/78fdc5c0-51d8-49b9-929f-810f9439c84a 0.136s
2025-04-08 01:29:18.529 69796 INFO tempest.lib.common.rest_client [req-a7cc239a-f282-4489-a068-fb25326aa1df req-a7cc239a-f282-4489-a068-fb25326aa1df ] Request (ListImageFiltersTestJSON:setUpClass): 200 GET http://10.180.1.21/compute/v2.1/servers/0511381c-3185-4825-9464-7b74e05e696f 0.122s
2025-04-08 01:29:18.570 69824 INFO tempest.lib.common.rest_client [req-8b2c440e-56bf-4aba-a083-4bc2dccbba9c req-8b2c440e-56bf-4aba-a083-4bc2dccbba9c ] Request (DeleteServersAdminTestJSON:test_delete_server_while_in_error_state): 200 GET http://10.180.1.21/compute/v2.1/servers/8c620fb8-43fd-42ef-a624-f7322147c3b0 0.138s
2025-04-08 01:29:18.587 69798 INFO tempest.lib.common.rest_client [req-326b89f4-fb85-4fb9-8b80-bb6513dba65d req-326b89f4-fb85-4fb9-8b80-bb6513dba65d ] Request (ServersListShow298Test:test_list_show_update_rebuild_server_298): 200 GET http://10.180.1.21/compute/v2.1/servers/821a77a7-502f-482d-9e13-5317d69eab1e 0.120s
2025-04-08 01:29:18.597 69798 INFO tempest.common.waiters [-] State transition "BUILD/block_device_mapping" ==> "BUILD/spawning" after 73 second wait
2025-04-08 01:29:18.600 69850 WARNING tempest.lib.common.ssh [-] Failed to establish authenticated ssh connection to cirros@10.180.180.226 ([Errno None] Unable to connect to port 22 on 10.180.180.226). Number attempts: 6. Retry after 7 seconds.: paramiko.ssh_exception.NoValidConnectionsError: [Errno None] Unable to connect to port 22 on 10.180.180.226
2025-04-08 01:29:18.638 69852 INFO tempest.lib.common.rest_client [req-8dcc23c9-d600-40d0-80f0-069e4659e8ec req-8dcc23c9-d600-40d0-80f0-069e4659e8ec ] Request (ServerGroupTestJSON:test_create_server_with_scheduler_hint_group): 200 GET http://10.180.1.21/compute/v2.1/servers/5cb99bc6-0db5-47ba-9b06-ab3be1f8908e 0.049s
2025-04-08 01:29:18.703 69802 INFO tempest.lib.common.rest_client [req-6a2ad506-2f5e-4988-8733-eb4a2a817a58 req-6a2ad506-2f5e-4988-8733-eb4a2a817a58 ] Request (VolumesAssistedSnapshotsTest:test_volume_assisted_snapshot_create_delete): 200 GET http://10.180.1.21/volume/v3/volumes/a5de170b-974a-4ba7-947d-d62ca3d0ecd5 0.029s
2025-04-08 01:29:18.710 69814 INFO tempest.lib.common.rest_client [req-a662c677-6d6c-4c6d-af43-5d48e4e884f6 req-a662c677-6d6c-4c6d-af43-5d48e4e884f6 ] Request (FloatingIPsAssociationTestJSON:tearDownClass): 404 GET http://10.180.1.21/compute/v2.1/servers/ac03567e-0faa-4105-87c5-f3d4a0a19289 0.022s
2025-04-08 01:29:18.813 69806 INFO tempest.lib.common.rest_client [req-5419f6b9-7fb7-4b07-967f-633e01c09625 req-5419f6b9-7fb7-4b07-967f-633e01c09625 ] Request (ImagesTestJSON:test_create_image_from_stopped_server): 200 GET http://10.180.1.21/compute/v2.1/servers/4767f76b-6acb-43be-b46c-18b2ca550d18 0.063s
2025-04-08 01:29:18.958 69846 INFO tempest.lib.common.rest_client [req-a6af4557-de7f-434e-a6de-81b62922179d req-a6af4557-de7f-434e-a6de-81b62922179d ] Request (MigrationsAdminTest:test_list_migrations_in_flavor_resize_situation): 200 GET http://10.180.1.21/compute/v2.1/servers/959c58c5-2931-40dd-9afd-d3884a500adb 0.147s
2025-04-08 01:29:19.089 69794 INFO tempest.lib.common.rest_client [req-b64d5333-bb21-44bd-90e6-811780bcabb4 req-b64d5333-bb21-44bd-90e6-811780bcabb4 ] Request (AttachInterfacesTestJSON:test_create_list_show_delete_interfaces_by_fixed_ip): 200 GET http://10.180.1.21/compute/v2.1/servers/1c559ad5-c4a3-4efe-9cf9-6cb5d6d0b46a 0.052s
2025-04-08 01:29:19.140 69812 INFO tempest.lib.common.rest_client [req-0224ef7e-cbfe-470b-a554-9887d74977f2 req-0224ef7e-cbfe-470b-a554-9887d74977f2 ] Request (InstanceActionsV221TestJSON:test_get_list_deleted_instance_actions): 200 GET http://10.180.1.21/compute/v2.1/servers/08a284de-cadf-450c-ad61-fad59fd85358 0.064s
2025-04-08 01:29:19.156 69818 INFO tempest.lib.common.rest_client [req-cd3ec9ac-845a-4a37-8e8e-e90d43fee2ac req-cd3ec9ac-845a-4a37-8e8e-e90d43fee2ac ] Request (FloatingIPsAssociationNegativeTestJSON:tearDownClass): 200 GET http://10.180.1.21/compute/v2.1/servers/52f865a3-f591-46d5-9fdb-c4abc4616358 0.058s
2025-04-08 01:29:19.204 69828 INFO tempest.lib.common.rest_client [req-d7acb5e2-9f4b-4d1b-ad99-d1edbe1df653 req-d7acb5e2-9f4b-4d1b-ad99-d1edbe1df653 ] Request (DeleteServersTestJSON:test_delete_server_while_in_attached_volume): 200 GET http://10.180.1.21/compute/v2.1/servers/7b169415-c41d-4e7e-92f0-b1a052b96fcb 0.059s
2025-04-08 01:29:19.239 69830 INFO tempest.lib.common.rest_client [req-b215d586-aed9-46f9-b28b-ba51218afd1f req-b215d586-aed9-46f9-b28b-ba51218afd1f ] Request (ListServerFiltersTestJSON:tearDownClass): 200 GET http://10.180.1.21/compute/v2.1/servers/ed013635-0798-47d9-bfa6-4ad2673d96c1 0.076s
2025-04-08 01:29:19.261 69808 INFO tempest.lib.common.rest_client [req-8136a467-7736-406f-be75-cbec5cac96b7 req-8136a467-7736-406f-be75-cbec5cac96b7 ] Request (SecurityGroupsTestJSON:test_list_security_groups_by_server): 200 GET http://10.180.1.21/compute/v2.1/servers/b9fd194d-c0af-49f6-b185-f99e2ecfdb55 0.057s
2025-04-08 01:29:19.300 69834 INFO tempest.lib.common.rest_client [req-2df225d8-c732-4fd5-8872-ed74505d4cd6 req-2df225d8-c732-4fd5-8872-ed74505d4cd6 ] Request (ServerShowV254Test:test_rebuild_server): 200 GET http://10.180.1.21/compute/v2.1/servers/cdc94932-bb65-4b65-8d3d-5ec9dec7d694 0.068s
2025-04-08 01:29:19.369 69838 INFO tempest.lib.common.rest_client [req-edb60a8a-d521-482e-8af9-978fc0ce2ec0 req-edb60a8a-d521-482e-8af9-978fc0ce2ec0 ] Request (ServersAdminNegativeTestJSON:tearDownClass): 200 GET http://10.180.1.21/compute/v2.1/servers/4359e04e-e11b-4565-9659-a800db1c6bc1 0.082s
2025-04-08 01:29:19.374 69842 INFO tempest.lib.common.rest_client [req-0cef49df-aaa6-4dc0-b1c0-151810e2973d req-0cef49df-aaa6-4dc0-b1c0-151810e2973d ] Request (ImagesOneServerTestJSON:tearDownClass): 200 GET http://10.180.1.21/compute/v2.1/servers/d3aa1b2b-ff7b-44d5-8cd2-b6c6d870734d 0.077s
2025-04-08 01:29:19.425 69840 INFO tempest.lib.common.rest_client [req-25020b4a-3f21-4d6b-bfd4-2f1ce1781024 req-25020b4a-3f21-4d6b-bfd4-2f1ce1781024 ] Request (ServersTestMultiNic:_run_cleanups): 200 GET http://10.180.1.21/compute/v2.1/servers/98f35e0d-bf83-4da6-a7f4-b8924c01bceb 0.059s
2025-04-08 01:29:19.436 69810 INFO tempest.lib.common.rest_client [req-6435ca42-75b6-48f0-b6ec-ac8b6951e5e0 req-6435ca42-75b6-48f0-b6ec-ac8b6951e5e0 ] Request (ServerDiagnosticsV248Test:tearDownClass): 200 GET http://10.180.1.21/compute/v2.1/servers/e12f8476-00be-4b15-ac88-05b31bbecdb1 0.064s
2025-04-08 01:29:19.535 69814 INFO tempest.lib.common.rest_client [req-eac60037-4c9f-4573-b32c-3146f1ce6636 req-eac60037-4c9f-4573-b32c-3146f1ce6636 ] Request (FloatingIPsAssociationTestJSON:tearDownClass): 200 PUT http://10.180.1.21:9696/networking/v2.0/routers/78550742-f9f1-4296-b006-ceb88f337d74/remove_router_interface 0.824s
2025-04-08 01:29:19.677 69836 WARNING tempest.lib.common.ssh [-] Failed to establish authenticated ssh connection to cirros@10.180.180.224 ([Errno None] Unable to connect to port 22 on 10.180.180.224). Number attempts: 5. Retry after 6 seconds.: paramiko.ssh_exception.NoValidConnectionsError: [Errno None] Unable to connect to port 22 on 10.180.180.224
2025-04-08 01:29:19.696 69790 INFO tempest.lib.common.rest_client [req-40989234-474e-4a53-bd17-d18f521535fe req-40989234-474e-4a53-bd17-d18f521535fe ] Request (MultipleCreateTestJSON:test_multiple_create_with_reservation_return): 200 GET http://10.180.1.21/compute/v2.1/servers/78fdc5c0-51d8-49b9-929f-810f9439c84a 0.182s
2025-04-08 01:29:19.703 69796 INFO tempest.lib.common.rest_client [req-2a85260f-e963-423e-a7e1-88538b78adac req-2a85260f-e963-423e-a7e1-88538b78adac ] Request (ListImageFiltersTestJSON:setUpClass): 200 GET http://10.180.1.21/compute/v2.1/servers/0511381c-3185-4825-9464-7b74e05e696f 0.165s
2025-04-08 01:29:19.710 69796 INFO tempest.common.waiters [-] State transition "BUILD/spawning" ==> "ACTIVE/None" after 82 second wait
2025-04-08 01:29:19.744 69802 INFO tempest.lib.common.rest_client [req-2cc83f43-741c-46bc-9726-b03658f41214 req-2cc83f43-741c-46bc-9726-b03658f41214 ] Request (VolumesAssistedSnapshotsTest:test_volume_assisted_snapshot_create_delete): 200 GET http://10.180.1.21/volume/v3/volumes/a5de170b-974a-4ba7-947d-d62ca3d0ecd5 0.033s
2025-04-08 01:29:19.754 69802 INFO tempest.common.waiters [-] Attachment b7cf85ca-7934-47fb-bd2b-22fbbc1b19c4 created for volume a5de170b-974a-4ba7-947d-d62ca3d0ecd5 to server 0b762725-776a-4a67-9a02-4212f1f66a0e after waiting for 7.753996 seconds
2025-04-08 01:29:19.783 69802 INFO tempest.lib.common.rest_client [req-59799cd0-2e31-46f7-81fd-110fe87b96aa req-59799cd0-2e31-46f7-81fd-110fe87b96aa ] Request (VolumesAssistedSnapshotsTest:test_volume_assisted_snapshot_create_delete): 200 GET http://10.180.1.21/volume/v3/volumes/a5de170b-974a-4ba7-947d-d62ca3d0ecd5 0.029s
2025-04-08 01:29:19.786 69798 INFO tempest.lib.common.rest_client [req-813af72a-06f7-499b-9d0e-c93ece1e1c2d req-813af72a-06f7-499b-9d0e-c93ece1e1c2d ] Request (ServersListShow298Test:test_list_show_update_rebuild_server_298): 200 GET http://10.180.1.21/compute/v2.1/servers/821a77a7-502f-482d-9e13-5317d69eab1e 0.187s
2025-04-08 01:29:19.795 69824 INFO tempest.lib.common.rest_client [req-5a4a6860-cb36-4487-a297-fbbe5db002bb req-5a4a6860-cb36-4487-a297-fbbe5db002bb ] Request (DeleteServersAdminTestJSON:test_delete_server_while_in_error_state): 200 GET http://10.180.1.21/compute/v2.1/servers/8c620fb8-43fd-42ef-a624-f7322147c3b0 0.217s
2025-04-08 01:29:19.796 69802 INFO tempest.common.waiters [-] volume a5de170b-974a-4ba7-947d-d62ca3d0ecd5 reached in-use after waiting for 0.795975 seconds
2025-04-08 01:29:19.844 69852 INFO tempest.lib.common.rest_client [req-0111bd0c-b5a8-4dbd-b068-d2c4307b0c99 req-0111bd0c-b5a8-4dbd-b068-d2c4307b0c99 ] Request (ServerGroupTestJSON:test_create_server_with_scheduler_hint_group): 200 GET http://10.180.1.21/compute/v2.1/servers/5cb99bc6-0db5-47ba-9b06-ab3be1f8908e 0.198s
2025-04-08 01:29:19.948 69796 INFO tempest.lib.common.rest_client [req-b7c7b2f6-a82b-4c90-993e-53aaa6ad3eb2 req-b7c7b2f6-a82b-4c90-993e-53aaa6ad3eb2 ] Request (ListImageFiltersTestJSON:setUpClass): 200 GET http://10.180.1.21/compute/v2.1/servers/3da619f4-d845-4ec6-aed4-1271d5cf1b0a 0.237s
2025-04-08 01:29:20.005 69806 INFO tempest.lib.common.rest_client [req-764d381a-bb02-4185-a51a-4640841dce60 req-764d381a-bb02-4185-a51a-4640841dce60 ] Request (ImagesTestJSON:test_create_image_from_stopped_server): 200 GET http://10.180.1.21/compute/v2.1/servers/4767f76b-6acb-43be-b46c-18b2ca550d18 0.184s
2025-04-08 01:29:20.051 69802 INFO tempest.lib.common.rest_client [req-96eca6fe-9d5c-4de6-900a-78d51187e9ce req-96eca6fe-9d5c-4de6-900a-78d51187e9ce ] Request (VolumesAssistedSnapshotsTest:test_volume_assisted_snapshot_create_delete): 200 POST http://10.180.1.21/compute/v2.1/os-assisted-volume-snapshots 0.255s
2025-04-08 01:29:20.118 69814 INFO tempest.lib.common.rest_client [req-21c5b9bf-0eb6-402f-85b5-9e4345e6d9c3 req-21c5b9bf-0eb6-402f-85b5-9e4345e6d9c3 ] Request (FloatingIPsAssociationTestJSON:tearDownClass): 204 DELETE http://10.180.1.21:9696/networking/v2.0/routers/78550742-f9f1-4296-b006-ceb88f337d74 0.583s
2025-04-08 01:29:20.178 69846 INFO tempest.lib.common.rest_client [req-800d2885-7a3f-466f-a74d-fbe895d1f85a req-800d2885-7a3f-466f-a74d-fbe895d1f85a ] Request (MigrationsAdminTest:test_list_migrations_in_flavor_resize_situation): 200 GET http://10.180.1.21/compute/v2.1/servers/959c58c5-2931-40dd-9afd-d3884a500adb 0.211s
2025-04-08 01:29:20.207 69802 INFO tempest.lib.common.rest_client [req-aeb78274-aaa6-44a2-b7d4-3bf9c752d690 req-aeb78274-aaa6-44a2-b7d4-3bf9c752d690 ] Request (VolumesAssistedSnapshotsTest:test_volume_assisted_snapshot_create_delete): 204 DELETE http://10.180.1.21/compute/v2.1/os-assisted-volume-snapshots/None?delete_info=%7B%22volume_id%22%3A+%22a5de170b-974a-4ba7-947d-d62ca3d0ecd5%22%7D 0.154s
2025-04-08 01:29:20.237 69802 INFO tempest.lib.common.rest_client [req-c9a80fc9-8a1e-43d1-a764-c68cbd1e6510 req-c9a80fc9-8a1e-43d1-a764-c68cbd1e6510 ] Request (VolumesAssistedSnapshotsTest:_run_cleanups): 200 GET http://10.180.1.21/volume/v3/volumes/a5de170b-974a-4ba7-947d-d62ca3d0ecd5 0.030s
2025-04-08 01:29:20.247 69814 INFO tempest.lib.common.rest_client [req-1c513eff-3687-48af-bb11-a88c01e5ea6f req-1c513eff-3687-48af-bb11-a88c01e5ea6f ] Request (FloatingIPsAssociationTestJSON:tearDownClass): 204 DELETE http://10.180.1.21:9696/networking/v2.0/subnets/55a01d53-47a6-4c71-be56-8d5d05b41c7f 0.128s
2025-04-08 01:29:20.269 69794 INFO tempest.lib.common.rest_client [req-3942529e-4448-4c38-8e6d-a134688eab21 req-3942529e-4448-4c38-8e6d-a134688eab21 ] Request (AttachInterfacesTestJSON:test_create_list_show_delete_interfaces_by_fixed_ip): 200 GET http://10.180.1.21/compute/v2.1/servers/1c559ad5-c4a3-4efe-9cf9-6cb5d6d0b46a 0.172s
2025-04-08 01:29:20.339 69812 INFO tempest.lib.common.rest_client [req-6bf2e58c-63f7-4a73-bfa4-3dfe76301e8b req-6bf2e58c-63f7-4a73-bfa4-3dfe76301e8b ] Request (InstanceActionsV221TestJSON:test_get_list_deleted_instance_actions): 200 GET http://10.180.1.21/compute/v2.1/servers/08a284de-cadf-450c-ad61-fad59fd85358 0.185s
2025-04-08 01:29:20.364 69818 INFO tempest.lib.common.rest_client [req-13739f59-c266-4adf-98a2-129cc92c1664 req-13739f59-c266-4adf-98a2-129cc92c1664 ] Request (FloatingIPsAssociationNegativeTestJSON:tearDownClass): 404 GET http://10.180.1.21/compute/v2.1/servers/52f865a3-f591-46d5-9fdb-c4abc4616358 0.200s
2025-04-08 01:29:20.393 69800 WARNING tempest.lib.common.ssh [-] Failed to establish authenticated ssh connection to cirros@10.180.180.228 ([Errno None] Unable to connect to port 22 on 10.180.180.228). Number attempts: 8. Retry after 9 seconds.: paramiko.ssh_exception.NoValidConnectionsError: [Errno None] Unable to connect to port 22 on 10.180.180.228
2025-04-08 01:29:20.422 69828 INFO tempest.lib.common.rest_client [req-2aaccd9d-a5a7-482a-9c16-9bb1b58521a3 req-2aaccd9d-a5a7-482a-9c16-9bb1b58521a3 ] Request (DeleteServersTestJSON:test_delete_server_while_in_attached_volume): 200 GET http://10.180.1.21/compute/v2.1/servers/7b169415-c41d-4e7e-92f0-b1a052b96fcb 0.210s
2025-04-08 01:29:20.508 69814 INFO tempest.lib.common.rest_client [req-ec22db70-1022-4bb0-a122-fc61d32e1e9a req-ec22db70-1022-4bb0-a122-fc61d32e1e9a ] Request (FloatingIPsAssociationTestJSON:tearDownClass): 204 DELETE http://10.180.1.21:9696/networking/v2.0/networks/4d944e48-3303-4e13-9430-a9866e7968ac 0.261s
2025-04-08 01:29:20.529 69796 INFO tempest.lib.common.rest_client [req-0c5b1d5f-be99-4161-b0fd-b5d458016420 req-0c5b1d5f-be99-4161-b0fd-b5d458016420 ] Request (ListImageFiltersTestJSON:setUpClass): 202 POST http://10.180.1.21/compute/v2.1/servers/3da619f4-d845-4ec6-aed4-1271d5cf1b0a/action 0.573s
2025-04-08 01:29:20.599 69830 INFO tempest.lib.common.rest_client [req-d03c1e9c-618f-42c8-81c5-a8156be944f1 req-d03c1e9c-618f-42c8-81c5-a8156be944f1 ] Request (ListServerFiltersTestJSON:tearDownClass): 200 GET http://10.180.1.21/compute/v2.1/servers/ed013635-0798-47d9-bfa6-4ad2673d96c1 0.350s
2025-04-08 01:29:20.622 69802 INFO tempest.lib.common.rest_client [req-bf172ae5-0273-41e2-b202-c881236a03e7 req-bf172ae5-0273-41e2-b202-c881236a03e7 ] Request (VolumesAssistedSnapshotsTest:_run_cleanups): 202 DELETE http://10.180.1.21/compute/v2.1/servers/0b762725-776a-4a67-9a02-4212f1f66a0e/os-volume_attachments/a5de170b-974a-4ba7-947d-d62ca3d0ecd5 0.378s
2025-04-08 01:29:20.633 69814 INFO tempest.lib.common.rest_client [req-e2f29824-8e39-48f0-b6e4-6005c2b273bd req-e2f29824-8e39-48f0-b6e4-6005c2b273bd ] Request (FloatingIPsAssociationTestJSON:tearDownClass): 204 DELETE http://10.180.1.21/identity/v3/users/da4604d22c6446048a76b97b23657010 0.124s
2025-04-08 01:29:20.633 69814 INFO tempest.lib.common.dynamic_creds [-] Deleting project and security group for project: 1a2474c5e5244715817e5686eaf2f77f
2025-04-08 01:29:20.653 69808 INFO tempest.lib.common.rest_client [req-9aa8f436-124f-44ed-8394-b3683376c026 req-9aa8f436-124f-44ed-8394-b3683376c026 ] Request (SecurityGroupsTestJSON:test_list_security_groups_by_server): 200 GET http://10.180.1.21/compute/v2.1/servers/b9fd194d-c0af-49f6-b185-f99e2ecfdb55 0.380s
2025-04-08 01:29:20.666 69814 INFO tempest.lib.common.rest_client [req-9eb219cc-c4e1-4f06-8c25-2ff2d9f8e45c req-9eb219cc-c4e1-4f06-8c25-2ff2d9f8e45c ] Request (FloatingIPsAssociationTestJSON:tearDownClass): 200 GET http://10.180.1.21:9696/networking/v2.0/security-groups?tenant_id=1a2474c5e5244715817e5686eaf2f77f&name=default 0.032s
2025-04-08 01:29:20.691 69834 INFO tempest.lib.common.rest_client [req-3526f802-cf95-4853-86bb-40faf08b254e req-3526f802-cf95-4853-86bb-40faf08b254e ] Request (ServerShowV254Test:test_rebuild_server): 200 GET http://10.180.1.21/compute/v2.1/servers/cdc94932-bb65-4b65-8d3d-5ec9dec7d694 0.377s
2025-04-08 01:29:20.737 69838 INFO tempest.lib.common.rest_client [req-15a04230-dc85-41e8-8d27-201ceb708c4a req-15a04230-dc85-41e8-8d27-201ceb708c4a ] Request (ServersAdminNegativeTestJSON:tearDownClass): 200 GET http://10.180.1.21/compute/v2.1/servers/4359e04e-e11b-4565-9659-a800db1c6bc1 0.361s
2025-04-08 01:29:20.767 69842 INFO tempest.lib.common.rest_client [req-69e6e027-18e2-4749-96e5-2dd12e56cf7e req-69e6e027-18e2-4749-96e5-2dd12e56cf7e ] Request (ImagesOneServerTestJSON:tearDownClass): 200 GET http://10.180.1.21/compute/v2.1/servers/d3aa1b2b-ff7b-44d5-8cd2-b6c6d870734d 0.385s
2025-04-08 01:29:20.824 69840 INFO tempest.lib.common.rest_client [req-339f6b15-9011-469f-a2d3-bd8746c4ead4 req-339f6b15-9011-469f-a2d3-bd8746c4ead4 ] Request (ServersTestMultiNic:_run_cleanups): 200 GET http://10.180.1.21/compute/v2.1/servers/98f35e0d-bf83-4da6-a7f4-b8924c01bceb 0.391s
2025-04-08 01:29:20.841 69810 INFO tempest.lib.common.rest_client [req-bdd08d24-82e6-403a-a766-a90e50aceec5 req-bdd08d24-82e6-403a-a766-a90e50aceec5 ] Request (ServerDiagnosticsV248Test:tearDownClass): 200 GET http://10.180.1.21/compute/v2.1/servers/e12f8476-00be-4b15-ac88-05b31bbecdb1 0.395s
2025-04-08 01:29:20.864 69796 INFO tempest.lib.common.rest_client [req-854d656c-201b-4458-b813-7a3b4811e940 req-854d656c-201b-4458-b813-7a3b4811e940 ] Request (ListImageFiltersTestJSON:setUpClass): 200 GET http://10.180.1.21/compute/v2.1/images/b5448ea6-3762-4a7a-9102-20522f8e0927 0.333s
2025-04-08 01:29:20.879 69802 INFO tempest.lib.common.rest_client [req-1643b4f4-cb58-4916-b480-7056d6354aaa req-1643b4f4-cb58-4916-b480-7056d6354aaa ] Request (VolumesAssistedSnapshotsTest:_run_cleanups): 200 GET http://10.180.1.21/compute/v2.1/servers/0b762725-776a-4a67-9a02-4212f1f66a0e/os-volume_attachments 0.255s
2025-04-08 01:29:20.880 69814 INFO tempest.lib.common.rest_client [req-0a3431d2-03f7-4561-aa7f-99ea6d3b92d8 req-0a3431d2-03f7-4561-aa7f-99ea6d3b92d8 ] Request (FloatingIPsAssociationTestJSON:tearDownClass): 204 DELETE http://10.180.1.21:9696/networking/v2.0/security-groups/8fb7da68-66fd-442f-b472-b67c35163651 0.214s
2025-04-08 01:29:20.952 69798 INFO tempest.lib.common.rest_client [req-12900365-ba3e-4c2c-9734-02e68a57b8bc req-12900365-ba3e-4c2c-9734-02e68a57b8bc ] Request (ServersListShow298Test:test_list_show_update_rebuild_server_298): 200 GET http://10.180.1.21/compute/v2.1/servers/821a77a7-502f-482d-9e13-5317d69eab1e 0.156s
2025-04-08 01:29:21.005 69814 INFO tempest.lib.common.rest_client [req-0435a9d5-7e90-4fac-9beb-ce584ef5d889 req-0435a9d5-7e90-4fac-9beb-ce584ef5d889 ] Request (FloatingIPsAssociationTestJSON:tearDownClass): 204 DELETE http://10.180.1.21/identity/v3/projects/1a2474c5e5244715817e5686eaf2f77f 0.124s
2025-04-08 01:29:21.033 69824 INFO tempest.lib.common.rest_client [req-3230c93d-5841-405e-be4c-5c26a59de5af req-3230c93d-5841-405e-be4c-5c26a59de5af ] Request (DeleteServersAdminTestJSON:test_delete_server_while_in_error_state): 200 GET http://10.180.1.21/compute/v2.1/servers/8c620fb8-43fd-42ef-a624-f7322147c3b0 0.229s
2025-04-08 01:29:21.054 69790 INFO tempest.lib.common.rest_client [req-65ad1345-1eeb-4825-852f-a614689524c4 req-65ad1345-1eeb-4825-852f-a614689524c4 ] Request (MultipleCreateTestJSON:test_multiple_create_with_reservation_return): 200 GET http://10.180.1.21/compute/v2.1/servers/78fdc5c0-51d8-49b9-929f-810f9439c84a 0.349s
2025-04-08 01:29:21.096 69814 INFO tempest.lib.common.rest_client [req-1d0ee42a-4cbd-4b6c-94c3-ccdcec3b4741 req-1d0ee42a-4cbd-4b6c-94c3-ccdcec3b4741 ] Request (KeyPairsV22TestJSON:setUpClass): 201 POST http://10.180.1.21/identity/v3/auth/tokens 0.089s
2025-04-08 01:29:21.101 69852 INFO tempest.lib.common.rest_client [req-d67616ab-c2a7-40dd-adef-79d91cd6267c req-d67616ab-c2a7-40dd-adef-79d91cd6267c ] Request (ServerGroupTestJSON:test_create_server_with_scheduler_hint_group): 200 GET http://10.180.1.21/compute/v2.1/servers/5cb99bc6-0db5-47ba-9b06-ab3be1f8908e 0.248s
2025-04-08 01:29:21.119 69806 INFO tempest.lib.common.rest_client [req-b94b1069-a27e-4931-ae53-dea05a6b1f47 req-b94b1069-a27e-4931-ae53-dea05a6b1f47 ] Request (ImagesTestJSON:test_create_image_from_stopped_server): 200 GET http://10.180.1.21/compute/v2.1/servers/4767f76b-6acb-43be-b46c-18b2ca550d18 0.102s
2025-04-08 01:29:21.140 69814 INFO tempest.lib.common.rest_client [req-3ce24592-e4be-429c-b39c-63409faee19e req-3ce24592-e4be-429c-b39c-63409faee19e ] Request (KeyPairsV22TestJSON:setUpClass): 201 POST http://10.180.1.21/identity/v3/auth/tokens 0.039s
