2025-04-08 01:29:48.538 69828 INFO tempest.lib.common.rest_client [req-0bc23f84-bbae-4294-bf1d-dbcd4c70dce4 req-0bc23f84-bbae-4294-bf1d-dbcd4c70dce4 ] Request (DeleteServersTestJSON:test_delete_server_while_in_attached_volume): 200 GET http://10.180.1.21/volume/v3/volumes/846f6fe2-b1f9-4592-b84f-ea572e642f49 0.028s
2025-04-08 01:29:48.556 69816 INFO tempest.lib.common.rest_client [req-2b8af1b8-95ba-4366-a01d-84643ee60ab3 req-2b8af1b8-95ba-4366-a01d-84643ee60ab3 ] Request (VolumesAdminNegativeTest:test_update_attached_volume_with_nonexistent_volume_in_uri): 201 POST http://10.180.1.21/identity/v3/auth/tokens 0.081s
2025-04-08 01:29:48.557 69816 INFO tempest.lib.common.fixed_network [-] (VolumesAdminNegativeTest:test_update_attached_volume_with_nonexistent_volume_in_uri) Found network {'id': 'b98c2b8f-04f8-4db4-ab7c-f621c3dc4b2a', 'name': 'tempest-VolumesAdminNegativeTest-1128369819-network', 'tenant_id': '4f082686d99f41299358b55f7b2985ca', 'admin_state_up': True, 'mtu': 8950, 'status': 'ACTIVE', 'subnets': [], 'shared': False, 'project_id': '4f082686d99f41299358b55f7b2985ca', 'port_security_enabled': True, 'router:external': False, 'provider:network_type': 'vlan', 'provider:physical_network': 'default', 'provider:segmentation_id': 744, 'availability_zone_hints': [], 'availability_zones': [], 'ipv4_address_scope': None, 'ipv6_address_scope': None, 'description': '', 'tags': [], 'created_at': '2025-04-08T01:27:13Z', 'updated_at': '2025-04-08T01:27:13Z', 'revision_number': 1} available for tenant
2025-04-08 01:29:48.595 69834 INFO tempest.lib.common.rest_client [req-c78e28ce-251e-44bb-a943-22adc29cf7bf req-c78e28ce-251e-44bb-a943-22adc29cf7bf ] Request (ServerShowV254Test:test_rebuild_server): 200 GET http://10.180.1.21/compute/v2.1/servers/cdc94932-bb65-4b65-8d3d-5ec9dec7d694 0.619s
2025-04-08 01:29:48.607 69808 INFO tempest.lib.common.rest_client [req-22bc5aec-d590-4835-b050-65a2ade6f1ba req-22bc5aec-d590-4835-b050-65a2ade6f1ba ] Request (SecurityGroupsTestJSON:test_list_security_groups_by_server): 200 GET http://10.180.1.21/compute/v2.1/servers/b9fd194d-c0af-49f6-b185-f99e2ecfdb55 0.632s
2025-04-08 01:29:48.661 69800 INFO tempest.lib.common.rest_client [req-76112484-7efb-406c-8493-cbae6259092a req-76112484-7efb-406c-8493-cbae6259092a ] Request (ServersTestFqdnHostnames:tearDownClass): 200 GET http://10.180.1.21/compute/v2.1/servers/8251990f-e7b0-42d9-bdb0-34f6b4f08e70 0.620s
2025-04-08 01:29:48.672 69830 INFO tempest.lib.common.rest_client [req-94a6df1c-a096-4ae9-9379-603a041e158b req-94a6df1c-a096-4ae9-9379-603a041e158b ] Request (ListServerFiltersTestJSON:tearDownClass): 200 GET http://10.180.1.21/compute/v2.1/servers/97994bf0-b61e-490d-a0d5-d704a2650f97 0.567s
2025-04-08 01:29:48.688 69842 INFO tempest.lib.common.rest_client [req-9623e5e1-88d9-4478-92a9-916cdf2390aa req-9623e5e1-88d9-4478-92a9-916cdf2390aa ] Request (KeyPairsV2TestJSON:_run_cleanups): 202 DELETE http://10.180.1.21/compute/v2.1/os-keypairs/tempest-keypair-362168761 0.456s
2025-04-08 01:29:48.691 69812 INFO tempest.lib.common.rest_client [req-fb69c222-7bd2-482e-b5e8-942022440938 req-fb69c222-7bd2-482e-b5e8-942022440938 ] Request (VolumesNegativeTest:test_delete_volume_without_passing_volume_id): 404 DELETE http://10.180.1.21/compute/v2.1/os-volumes/ 0.302s
2025-04-08 01:29:48.715 69836 INFO tempest.lib.common.rest_client [req-d5aea666-aea2-4245-bc73-d629032ce6f1 req-d5aea666-aea2-4245-bc73-d629032ce6f1 ] Request (ServersTestManualDisk:tearDownClass): 200 GET http://10.180.1.21/compute/v2.1/servers/f92d2111-2ca1-466f-8fea-d482fefcef95 0.508s
2025-04-08 01:29:48.766 69798 INFO tempest.lib.common.rest_client [req-c15aea95-b230-41ed-9f6f-6edd528d447c req-c15aea95-b230-41ed-9f6f-6edd528d447c ] Request (ServersListShow298Test:tearDownClass): 200 GET http://10.180.1.21/compute/v2.1/servers/821a77a7-502f-482d-9e13-5317d69eab1e 0.371s
2025-04-08 01:29:48.790 69826 INFO tempest.lib.common.rest_client [req-ecb03697-1dfc-454f-853c-fbfde10f7c28 req-ecb03697-1dfc-454f-853c-fbfde10f7c28 ] Request (ServerActionsTestJSON:test_lock_unlock_server): 202 POST http://10.180.1.21/compute/v2.1/servers/4095a995-43fe-4f2b-a38d-d83e46c20c7c/action 0.332s
2025-04-08 01:29:48.816 69818 INFO tempest.lib.common.rest_client [req-dbf56918-1842-4aac-a4d9-19f51b6f9ccf req-dbf56918-1842-4aac-a4d9-19f51b6f9ccf ] Request (InstanceActionsTestJSON:setUpClass): 200 GET http://10.180.1.21/compute/v2.1/servers/0b95e35b-1689-4d92-95c5-4d4b8abcb567 0.341s
2025-04-08 01:29:48.908 69832 INFO tempest.lib.common.rest_client [req-fddcf109-9f9e-4c04-bd9b-6cbe7a355283 req-fddcf109-9f9e-4c04-bd9b-6cbe7a355283 ] Request (ServersV294TestFqdnHostnames:tearDownClass): 200 GET http://10.180.1.21/compute/v2.1/servers/c73704c5-51fd-4459-8c7c-d4097524d3af 0.341s
2025-04-08 01:29:48.980 69810 INFO tempest.lib.common.rest_client [req-510fc631-7503-45d2-b2ea-f15ccbbbeeaf req-510fc631-7503-45d2-b2ea-f15ccbbbeeaf ] Request (ServerDiagnosticsV248Test:tearDownClass): 200 GET http://10.180.1.21/compute/v2.1/servers/e12f8476-00be-4b15-ac88-05b31bbecdb1 0.384s
2025-04-08 01:29:49.006 69824 INFO tempest.lib.common.rest_client [req-534a16e9-d8ca-444f-b1d7-843a1fa99ab9 req-534a16e9-d8ca-444f-b1d7-843a1fa99ab9 ] Request (DeleteServersAdminTestJSON:test_delete_server_while_in_error_state): 404 GET http://10.180.1.21/compute/v2.1/servers/8c620fb8-43fd-42ef-a624-f7322147c3b0 0.379s
2025-04-08 01:29:49.075 69814 INFO tempest.lib.common.rest_client [req-da99fd9a-3049-4023-a840-f6898f90ccdd req-da99fd9a-3049-4023-a840-f6898f90ccdd ] Request (ServersNegativeTestMultiTenantJSON:setUpClass): 200 GET http://10.180.1.21/compute/v2.1/servers/59bef0c6-2345-4728-8502-cab86260b5b8 0.413s
2025-04-08 01:29:49.121 69842 INFO tempest.lib.common.rest_client [req-f66012f5-e996-461a-94ec-25d0286b1ff4 req-f66012f5-e996-461a-94ec-25d0286b1ff4 ] Request (KeyPairsV2TestJSON:test_keypair_create_delete): 200 POST http://10.180.1.21/compute/v2.1/os-keypairs 0.428s
2025-04-08 01:29:49.124 69812 INFO tempest.lib.common.rest_client [req-3641ea80-ff69-4e4c-8d9d-a1fe24570d4f req-3641ea80-ff69-4e4c-8d9d-a1fe24570d4f ] Request (VolumesNegativeTest:test_get_volume_without_passing_volume_id): 404 GET http://10.180.1.21/compute/v2.1/os-volumes/ 0.431s
2025-04-08 01:29:49.174 69826 INFO tempest.lib.common.rest_client [req-03f1f701-8865-4372-a578-ab02caa010ab req-03f1f701-8865-4372-a578-ab02caa010ab ] Request (ServerActionsTestJSON:test_lock_unlock_server): 202 POST http://10.180.1.21/compute/v2.1/servers/4095a995-43fe-4f2b-a38d-d83e46c20c7c/action 0.383s
2025-04-08 01:29:49.197 69816 INFO tempest.lib.common.rest_client [req-9f9525a3-a4ae-4a9c-8abd-78d925b5cb6b req-9f9525a3-a4ae-4a9c-8abd-78d925b5cb6b ] Request (VolumesAdminNegativeTest:test_update_attached_volume_with_nonexistent_volume_in_uri): 202 POST http://10.180.1.21/compute/v2.1/servers 0.640s
2025-04-08 01:29:49.209 69796 INFO tempest.lib.common.rest_client [req-36180ca8-503d-45a0-8483-0497c84e19d3 req-36180ca8-503d-45a0-8483-0497c84e19d3 ] Request (ListImageFiltersTestJSON:setUpClass): 200 GET http://10.180.1.21/compute/v2.1/images/464ed5bc-7f17-4f08-ac8b-a263e154b5b3 0.334s
2025-04-08 01:29:49.231 69806 INFO tempest.lib.common.rest_client [req-610e61ba-d5b8-47ff-913f-e4b0f39bdad2 req-610e61ba-d5b8-47ff-913f-e4b0f39bdad2 ] Request (ImagesTestJSON:test_create_image_from_stopped_server): 200 GET http://10.180.1.21/compute/v2.1/images/a8e77076-ae14-495a-9d8e-dcc971cadfbf 0.318s
2025-04-08 01:29:49.252 69824 INFO tempest.lib.common.rest_client [req-7f5be88c-bb98-40ce-91e1-5debc02b212a req-7f5be88c-bb98-40ce-91e1-5debc02b212a ] Request (DeleteServersAdminTestJSON:tearDownClass): 404 DELETE http://10.180.1.21/compute/v2.1/servers/8c620fb8-43fd-42ef-a624-f7322147c3b0 0.245s
2025-04-08 01:29:49.266 69838 INFO tempest.lib.common.rest_client [req-c143c79d-88d0-4896-9088-ece10ccbdb1e req-c143c79d-88d0-4896-9088-ece10ccbdb1e ] Request (ImagesOneServerNegativeTestJSON:setUpClass): 200 GET http://10.180.1.21/compute/v2.1/servers/a480a382-d8b1-417a-b9d3-c6f0d396071e 0.286s
2025-04-08 01:29:49.274 69790 INFO tempest.lib.common.rest_client [req-79ee34cb-5ce2-487c-8b31-9f00bb71821e req-79ee34cb-5ce2-487c-8b31-9f00bb71821e ] Request (MultipleCreateTestJSON:tearDownClass): 404 GET http://10.180.1.21/compute/v2.1/servers/a3ad0aea-424a-48cd-b100-cc9fdfcd4a82 0.222s
2025-04-08 01:29:49.282 69842 INFO tempest.lib.common.rest_client [req-884e3782-ae4a-4ca0-aa78-eb068177401a req-884e3782-ae4a-4ca0-aa78-eb068177401a ] Request (KeyPairsV2TestJSON:_run_cleanups): 202 DELETE http://10.180.1.21/compute/v2.1/os-keypairs/tempest-keypair-178430989 0.158s
2025-04-08 01:29:49.297 69812 INFO tempest.lib.common.rest_client [req-863b5638-39f6-4a9a-a960-260440f4ebf9 req-863b5638-39f6-4a9a-a960-260440f4ebf9 ] Request (VolumesNegativeTest:test_volume_delete_nonexistent_volume_id): 404 DELETE http://10.180.1.21/compute/v2.1/os-volumes/402e0411-c2b3-485c-afc4-3d017b288b6d 0.172s
2025-04-08 01:29:49.420 69794 INFO tempest.lib.common.rest_client [req-01ba853d-b6c1-4243-b33c-1d3439f1263f req-01ba853d-b6c1-4243-b33c-1d3439f1263f ] Request (AttachInterfacesTestJSON:test_create_list_show_delete_interfaces_by_fixed_ip): 200 GET http://10.180.1.21/compute/v2.1/servers/1c559ad5-c4a3-4efe-9cf9-6cb5d6d0b46a 0.252s
2025-04-08 01:29:49.427 69826 INFO tempest.lib.common.rest_client [req-6aa077bd-a426-4dd4-96b7-0c865b50c18f req-6aa077bd-a426-4dd4-96b7-0c865b50c18f ] Request (ServerActionsTestJSON:test_lock_unlock_server): 200 GET http://10.180.1.21/compute/v2.1/servers/4095a995-43fe-4f2b-a38d-d83e46c20c7c 0.253s
2025-04-08 01:29:49.459 69816 INFO tempest.lib.common.rest_client [req-91899d02-6cdd-40dc-a456-c2d9133e39af req-91899d02-6cdd-40dc-a456-c2d9133e39af ] Request (VolumesAdminNegativeTest:test_update_attached_volume_with_nonexistent_volume_in_uri): 200 GET http://10.180.1.21/compute/v2.1/servers/7bb9ad05-7fca-44f1-9c9b-8bb443b88065 0.259s
2025-04-08 01:29:49.480 69824 INFO tempest.lib.common.rest_client [req-0cdab38e-4999-4f85-825a-0ac6a949c344 req-0cdab38e-4999-4f85-825a-0ac6a949c344 ] Request (DeleteServersAdminTestJSON:tearDownClass): 404 GET http://10.180.1.21/compute/v2.1/servers/8c620fb8-43fd-42ef-a624-f7322147c3b0 0.227s
2025-04-08 01:29:49.496 69802 INFO tempest.lib.common.rest_client [req-cd37b62e-5fda-4e53-9bed-0fee26b839ba req-cd37b62e-5fda-4e53-9bed-0fee26b839ba ] Request (VolumesAssistedSnapshotsTest:tearDownClass): 200 GET http://10.180.1.21/compute/v2.1/servers/0b762725-776a-4a67-9a02-4212f1f66a0e 0.266s
2025-04-08 01:29:49.499 69790 INFO tempest.lib.common.rest_client [req-ba4a19cc-7954-405f-992d-d110083f0ec4 req-ba4a19cc-7954-405f-992d-d110083f0ec4 ] Request (MultipleCreateTestJSON:tearDownClass): 404 GET http://10.180.1.21/compute/v2.1/servers/78fdc5c0-51d8-49b9-929f-810f9439c84a 0.224s
2025-04-08 01:29:49.521 69812 INFO tempest.lib.common.rest_client [req-eda3281f-b452-4439-8e7b-4a2326240b12 req-eda3281f-b452-4439-8e7b-4a2326240b12 ] Request (VolumesNegativeTest:test_volume_get_nonexistent_volume_id): 404 GET http://10.180.1.21/compute/v2.1/os-volumes/f5d36bc6-7273-45a8-b980-43e0cb09d38a 0.222s
2025-04-08 01:29:49.531 69842 INFO tempest.lib.common.rest_client [req-268dafa1-eb78-4198-b157-2f0359eb33bb req-268dafa1-eb78-4198-b157-2f0359eb33bb ] Request (KeyPairsV2TestJSON:test_keypair_create_with_pub_key): 200 POST http://10.180.1.21/compute/v2.1/os-keypairs 0.247s
2025-04-08 01:29:49.545 69804 INFO tempest.lib.common.rest_client [req-adf78b85-7ebe-4036-a568-0fb6b8db04ef req-adf78b85-7ebe-4036-a568-0fb6b8db04ef ] Request (AttachVolumeTestJSON:test_attach_detach_volume): 200 GET http://10.180.1.21/volume/v3/volumes/5fe77e6f-9fd9-451c-8201-7396d92d0f58 0.028s
2025-04-08 01:29:49.572 69828 INFO tempest.lib.common.rest_client [req-9af86150-019e-4667-8321-918e97fe21c1 req-9af86150-019e-4667-8321-918e97fe21c1 ] Request (DeleteServersTestJSON:test_delete_server_while_in_attached_volume): 200 GET http://10.180.1.21/volume/v3/volumes/846f6fe2-b1f9-4592-b84f-ea572e642f49 0.026s
2025-04-08 01:29:49.593 69840 INFO tempest.lib.common.rest_client [req-a07f3c29-7230-4cae-b4f6-24455d968a44 req-a07f3c29-7230-4cae-b4f6-24455d968a44 ] Request (ServersTestMultiNic:test_verify_multiple_nics_order): 200 GET http://10.180.1.21/compute/v2.1/servers/1c62524e-5890-4889-9930-edac26682502 0.197s
2025-04-08 01:29:49.629 69852 INFO tempest.lib.common.rest_client [req-4a443ba9-761b-48d4-abaa-3ee0025f26ea req-4a443ba9-761b-48d4-abaa-3ee0025f26ea ] Request (ServerGroupTestJSON:test_create_server_with_scheduler_hint_group): 200 GET http://10.180.1.21/compute/v2.1/servers/5cb99bc6-0db5-47ba-9b06-ab3be1f8908e 0.290s
2025-04-08 01:29:49.647 69824 INFO tempest.lib.common.rest_client [req-bd3fef2b-36ff-4c96-b5db-7e8d7a57e376 req-bd3fef2b-36ff-4c96-b5db-7e8d7a57e376 ] Request (DeleteServersAdminTestJSON:tearDownClass): 404 DELETE http://10.180.1.21/compute/v2.1/servers/3fda8980-4333-449f-adf5-2d7c151bab7a 0.167s
2025-04-08 01:29:49.651 69820 INFO tempest.lib.common.rest_client [req-fca182e1-eef1-4659-ac12-19a644a0cb72 req-fca182e1-eef1-4659-ac12-19a644a0cb72 ] Request (ServersWithSpecificFlavorTestJSON:test_verify_created_server_ephemeral_disk): 200 GET http://10.180.1.21/compute/v2.1/servers/471fe7bd-9997-4baf-a7e1-ff41be585590 0.204s
2025-04-08 01:29:49.655 69812 INFO tempest.lib.common.rest_client [req-c480d25e-5c7f-4220-9480-3218e23ba8a1 req-c480d25e-5c7f-4220-9480-3218e23ba8a1 ] Request (VolumesNegativeTest:tearDownClass): 204 DELETE http://10.180.1.21/identity/v3/users/566209bbae364366a02f79dc685675d4 0.129s
2025-04-08 01:29:49.655 69812 INFO tempest.lib.common.dynamic_creds [-] Deleting project and security group for project: f1428a3505654c729239bbbe2500efa4
2025-04-08 01:29:49.666 69842 INFO tempest.lib.common.rest_client [req-f3eee03f-35fb-45eb-862e-d4cfc0b2d9f5 req-f3eee03f-35fb-45eb-862e-d4cfc0b2d9f5 ] Request (KeyPairsV2TestJSON:_run_cleanups): 202 DELETE http://10.180.1.21/compute/v2.1/os-keypairs/tempest-keypair-1014746297 0.134s
2025-04-08 01:29:49.696 69846 INFO tempest.lib.common.rest_client [req-52ed6045-f210-43bf-9c9a-0c6c6926ce49 req-52ed6045-f210-43bf-9c9a-0c6c6926ce49 ] Request (MigrationsAdminTest:test_resize_server_revert_deleted_flavor): 200 GET http://10.180.1.21/compute/v2.1/servers/2bb50809-0b14-4923-97ef-d14abd42ad0b 0.199s
2025-04-08 01:29:49.725 69812 INFO tempest.lib.common.rest_client [req-2c1425b1-4f00-457f-9b45-647ae8be67f0 req-2c1425b1-4f00-457f-9b45-647ae8be67f0 ] Request (VolumesNegativeTest:tearDownClass): 201 POST http://10.180.1.21/identity/v3/auth/tokens 0.069s
2025-04-08 01:29:49.728 69850 INFO tempest.lib.common.rest_client [req-0bf4f3ed-468e-4324-9508-10415a9c3a0d req-0bf4f3ed-468e-4324-9508-10415a9c3a0d ] Request (ServersTestBootFromVolume:tearDownClass): 200 GET http://10.180.1.21/compute/v2.1/servers/9a2b7ada-5d43-4e03-bcfc-eedb65417c5c 0.189s
2025-04-08 01:29:49.764 69834 INFO tempest.lib.common.rest_client [req-420827f9-3a36-463e-909a-048699e6c8c8 req-420827f9-3a36-463e-909a-048699e6c8c8 ] Request (ServerShowV254Test:test_rebuild_server): 200 GET http://10.180.1.21/compute/v2.1/servers/cdc94932-bb65-4b65-8d3d-5ec9dec7d694 0.159s
2025-04-08 01:29:49.779 69834 INFO tempest.common.waiters [-] State transition "BUILD/None" ==> "BUILD/networking" after 42 second wait
2025-04-08 01:29:49.784 69824 INFO tempest.lib.common.rest_client [req-80a1a047-c0fc-4c2e-bc57-63101fbc3ef4 req-80a1a047-c0fc-4c2e-bc57-63101fbc3ef4 ] Request (DeleteServersAdminTestJSON:tearDownClass): 404 GET http://10.180.1.21/compute/v2.1/servers/3fda8980-4333-449f-adf5-2d7c151bab7a 0.136s
2025-04-08 01:29:49.817 69842 INFO tempest.lib.common.rest_client [req-d0a201ba-ab40-4d49-b7f6-66571827c677 req-d0a201ba-ab40-4d49-b7f6-66571827c677 ] Request (KeyPairsV2TestJSON:test_keypairs_create_list_delete): 200 POST http://10.180.1.21/compute/v2.1/os-keypairs 0.149s
2025-04-08 01:29:49.846 69808 INFO tempest.lib.common.rest_client [req-a88742d2-2d78-4abe-b697-8a75828fe0a3 req-a88742d2-2d78-4abe-b697-8a75828fe0a3 ] Request (SecurityGroupsTestJSON:test_list_security_groups_by_server): 200 GET http://10.180.1.21/compute/v2.1/servers/b9fd194d-c0af-49f6-b185-f99e2ecfdb55 0.230s
2025-04-08 01:29:49.862 69824 INFO tempest.lib.common.rest_client [req-89fc419e-61c5-43ba-ab12-56ed40a65307 req-89fc419e-61c5-43ba-ab12-56ed40a65307 ] Request (DeleteServersAdminTestJSON:tearDownClass): 204 DELETE http://10.180.1.21/identity/v3/users/54bf7b272c1043d18a028ab31abf8fa4 0.077s
2025-04-08 01:29:49.885 69800 INFO tempest.lib.common.rest_client [req-1885dc1c-2274-4b46-ac92-fa62970dec4a req-1885dc1c-2274-4b46-ac92-fa62970dec4a ] Request (ServersTestFqdnHostnames:tearDownClass): 200 GET http://10.180.1.21/compute/v2.1/servers/8251990f-e7b0-42d9-bdb0-34f6b4f08e70 0.215s
2025-04-08 01:29:49.922 69830 INFO tempest.lib.common.rest_client [req-f143b5e2-7c6c-4b92-9310-0e0c792657a7 req-f143b5e2-7c6c-4b92-9310-0e0c792657a7 ] Request (ListServerFiltersTestJSON:tearDownClass): 200 GET http://10.180.1.21/compute/v2.1/servers/97994bf0-b61e-490d-a0d5-d704a2650f97 0.242s
2025-04-08 01:29:49.952 69836 INFO tempest.lib.common.rest_client [req-04d0a9b7-3d82-47ae-a17b-082b83871309 req-04d0a9b7-3d82-47ae-a17b-082b83871309 ] Request (ServersTestManualDisk:tearDownClass): 200 GET http://10.180.1.21/compute/v2.1/servers/f92d2111-2ca1-466f-8fea-d482fefcef95 0.230s
2025-04-08 01:29:49.964 69836 INFO tempest.common.waiters [-] State transition "ACTIVE/deleting" ==> "DELETED/None" after 4 second wait
2025-04-08 01:29:49.969 69812 INFO tempest.lib.common.rest_client [req-d6bdd2af-c1e3-4664-8db4-d75424d20046 req-d6bdd2af-c1e3-4664-8db4-d75424d20046 ] Request (VolumesNegativeTest:tearDownClass): 200 GET http://10.180.1.21:9696/networking/v2.0/security-groups?tenant_id=f1428a3505654c729239bbbe2500efa4&name=default 0.243s
2025-04-08 01:29:49.981 69824 INFO tempest.lib.common.rest_client [req-f48fe950-6a0e-4264-b650-e3c2717d4720 req-f48fe950-6a0e-4264-b650-e3c2717d4720 ] Request (DeleteServersAdminTestJSON:tearDownClass): 204 DELETE http://10.180.1.21/identity/v3/users/318b5ead75904031bef5fb0fc45a975f 0.118s
2025-04-08 01:29:49.981 69824 INFO tempest.lib.common.dynamic_creds [-] Deleting project and security group for project: 194baaa50bc340458309b636c87b1bd6
2025-04-08 01:29:49.989 69842 INFO tempest.lib.common.rest_client [req-7b7aa3ab-a9cc-4e3b-b6ef-e2fbdcf71c73 req-7b7aa3ab-a9cc-4e3b-b6ef-e2fbdcf71c73 ] Request (KeyPairsV2TestJSON:test_keypairs_create_list_delete): 200 POST http://10.180.1.21/compute/v2.1/os-keypairs 0.170s
2025-04-08 01:29:50.007 69798 INFO tempest.lib.common.rest_client [req-672a0ff7-188f-4bb1-991f-a27add864279 req-672a0ff7-188f-4bb1-991f-a27add864279 ] Request (ServersListShow298Test:tearDownClass): 200 GET http://10.180.1.21/compute/v2.1/servers/821a77a7-502f-482d-9e13-5317d69eab1e 0.230s
2025-04-08 01:29:50.045 69818 INFO tempest.lib.common.rest_client [req-538d0f63-bb03-4be0-a279-fdaa380a19df req-538d0f63-bb03-4be0-a279-fdaa380a19df ] Request (InstanceActionsTestJSON:setUpClass): 200 GET http://10.180.1.21/compute/v2.1/servers/0b95e35b-1689-4d92-95c5-4d4b8abcb567 0.216s
2025-04-08 01:29:50.050 69824 INFO tempest.lib.common.rest_client [req-5e1207de-69e0-4d2d-b7fc-faf027a19b49 req-5e1207de-69e0-4d2d-b7fc-faf027a19b49 ] Request (DeleteServersAdminTestJSON:tearDownClass): 201 POST http://10.180.1.21/identity/v3/auth/tokens 0.069s
2025-04-08 01:29:50.063 69810 INFO tempest.lib.common.rest_client [req-7a162db4-1208-4585-8097-f119c9e0cfc2 req-7a162db4-1208-4585-8097-f119c9e0cfc2 ] Request (ServerDiagnosticsV248Test:tearDownClass): 404 GET http://10.180.1.21/compute/v2.1/servers/e12f8476-00be-4b15-ac88-05b31bbecdb1 0.071s
2025-04-08 01:29:50.074 69832 INFO tempest.lib.common.rest_client [req-c7031e9a-d082-47ce-9cf4-338de5fa7947 req-c7031e9a-d082-47ce-9cf4-338de5fa7947 ] Request (ServersV294TestFqdnHostnames:tearDownClass): 200 GET http://10.180.1.21/compute/v2.1/servers/c73704c5-51fd-4459-8c7c-d4097524d3af 0.153s
2025-04-08 01:29:50.099 69842 INFO tempest.lib.common.rest_client [req-8d1be5e1-a806-4efe-b163-8e2b65ef590a req-8d1be5e1-a806-4efe-b163-8e2b65ef590a ] Request (KeyPairsV2TestJSON:test_keypairs_create_list_delete): 200 POST http://10.180.1.21/compute/v2.1/os-keypairs 0.108s
2025-04-08 01:29:50.117 69842 INFO tempest.lib.common.rest_client [req-cffa9739-3a37-4b96-a95c-5e3078dc8c57 req-cffa9739-3a37-4b96-a95c-5e3078dc8c57 ] Request (KeyPairsV2TestJSON:test_keypairs_create_list_delete): 200 GET http://10.180.1.21/compute/v2.1/os-keypairs 0.016s
2025-04-08 01:29:50.140 69842 INFO tempest.lib.common.rest_client [req-b66cc660-1e2a-4599-b018-924ab84d65ec req-b66cc660-1e2a-4599-b018-924ab84d65ec ] Request (KeyPairsV2TestJSON:_run_cleanups): 202 DELETE http://10.180.1.21/compute/v2.1/os-keypairs/tempest-KeyPairsV2TestJSON-keypair-390069581 0.020s
2025-04-08 01:29:50.140 69810 INFO tempest.lib.common.rest_client [req-a8e4dc88-0261-454a-ad3b-fbbdfce1c1f7 req-a8e4dc88-0261-454a-ad3b-fbbdfce1c1f7 ] Request (ServerDiagnosticsV248Test:tearDownClass): 204 DELETE http://10.180.1.21/identity/v3/users/63705a9205534750ac4faa24ef89c2bb 0.077s
2025-04-08 01:29:50.147 69812 INFO tempest.lib.common.rest_client [req-f8c204a8-f061-407b-9446-295e9531b8e5 req-f8c204a8-f061-407b-9446-295e9531b8e5 ] Request (VolumesNegativeTest:tearDownClass): 204 DELETE http://10.180.1.21:9696/networking/v2.0/security-groups/62324c6d-eef8-4e8b-8889-576983e2481b 0.177s
2025-04-08 01:29:50.154 69814 INFO tempest.lib.common.rest_client [req-daa9c00b-8af4-4ecd-a31d-5ad3296aec1b req-daa9c00b-8af4-4ecd-a31d-5ad3296aec1b ] Request (ServersNegativeTestMultiTenantJSON:setUpClass): 200 GET http://10.180.1.21/compute/v2.1/servers/59bef0c6-2345-4728-8502-cab86260b5b8 0.068s
2025-04-08 01:29:50.159 69842 INFO tempest.lib.common.rest_client [req-bb3f3f73-302f-4431-979c-66ffb359c96d req-bb3f3f73-302f-4431-979c-66ffb359c96d ] Request (KeyPairsV2TestJSON:_run_cleanups): 202 DELETE http://10.180.1.21/compute/v2.1/os-keypairs/tempest-KeyPairsV2TestJSON-keypair-617132234 0.018s
2025-04-08 01:29:50.180 69842 INFO tempest.lib.common.rest_client [req-602ac5bf-9145-44b1-b03f-798c1c1354f6 req-602ac5bf-9145-44b1-b03f-798c1c1354f6 ] Request (KeyPairsV2TestJSON:_run_cleanups): 202 DELETE http://10.180.1.21/compute/v2.1/os-keypairs/tempest-KeyPairsV2TestJSON-keypair-1287494037 0.021s
2025-04-08 01:29:50.195 69824 INFO tempest.lib.common.rest_client [req-11609c9d-2ca7-4a52-9bd2-e5e3af1fd451 req-11609c9d-2ca7-4a52-9bd2-e5e3af1fd451 ] Request (DeleteServersAdminTestJSON:tearDownClass): 200 GET http://10.180.1.21:9696/networking/v2.0/security-groups?tenant_id=194baaa50bc340458309b636c87b1bd6&name=default 0.144s
2025-04-08 01:29:50.228 69810 INFO tempest.lib.common.rest_client [req-847b81ca-5ab7-4030-8073-0e2ef9ed1a76 req-847b81ca-5ab7-4030-8073-0e2ef9ed1a76 ] Request (ServerDiagnosticsV248Test:tearDownClass): 204 DELETE http://10.180.1.21/identity/v3/users/03da262e28ea4640ada35101aabc660c 0.088s
2025-04-08 01:29:50.229 69810 INFO tempest.lib.common.dynamic_creds [-] Deleting project and security group for project: 13be4656f8884cb9a4ab11db14a5eb2d
2025-04-08 01:29:50.261 69812 INFO tempest.lib.common.rest_client [req-4e53a0ac-4a41-4d1a-b249-fb5a6c12dfe2 req-4e53a0ac-4a41-4d1a-b249-fb5a6c12dfe2 ] Request (VolumesNegativeTest:tearDownClass): 204 DELETE http://10.180.1.21/identity/v3/projects/f1428a3505654c729239bbbe2500efa4 0.114s
2025-04-08 01:29:50.276 69796 INFO tempest.lib.common.rest_client [req-425eb0f8-9433-4047-a95d-a1380131fc9b req-425eb0f8-9433-4047-a95d-a1380131fc9b ] Request (ListImageFiltersTestJSON:setUpClass): 200 GET http://10.180.1.21/compute/v2.1/images/464ed5bc-7f17-4f08-ac8b-a263e154b5b3 0.062s
2025-04-08 01:29:50.281 69806 INFO tempest.lib.common.rest_client [req-cf03156c-359d-4b6a-8e03-14f9755872a5 req-cf03156c-359d-4b6a-8e03-14f9755872a5 ] Request (ImagesTestJSON:test_create_image_from_stopped_server): 200 GET http://10.180.1.21/compute/v2.1/images/a8e77076-ae14-495a-9d8e-dcc971cadfbf 0.044s
2025-04-08 01:29:50.326 69810 INFO tempest.lib.common.rest_client [req-92c1ce74-963f-4b02-9e1d-97abe1a8f7fa req-92c1ce74-963f-4b02-9e1d-97abe1a8f7fa ] Request (ServerDiagnosticsV248Test:tearDownClass): 201 POST http://10.180.1.21/identity/v3/auth/tokens 0.097s
2025-04-08 01:29:50.357 69842 INFO tempest.lib.common.rest_client [req-9d866861-5725-41e9-bc76-61fbf05e257c req-9d866861-5725-41e9-bc76-61fbf05e257c ] Request (KeyPairsV2TestJSON:tearDownClass): 204 DELETE http://10.180.1.21/identity/v3/users/c09598243f8641c3ba396f28c29e5624 0.175s
2025-04-08 01:29:50.357 69842 INFO tempest.lib.common.dynamic_creds [-] Deleting project and security group for project: 5c908ffdc22d46fc9b5a20995c9696dc
2025-04-08 01:29:50.360 69838 INFO tempest.lib.common.rest_client [req-35a0dd3d-f29b-4a39-a378-5117d41bf8e8 req-35a0dd3d-f29b-4a39-a378-5117d41bf8e8 ] Request (ImagesOneServerNegativeTestJSON:setUpClass): 200 GET http://10.180.1.21/compute/v2.1/servers/a480a382-d8b1-417a-b9d3-c6f0d396071e 0.082s
2025-04-08 01:29:50.421 69824 INFO tempest.lib.common.rest_client [req-a0cb1019-953f-46a0-80a4-aa61ded4f775 req-a0cb1019-953f-46a0-80a4-aa61ded4f775 ] Request (DeleteServersAdminTestJSON:tearDownClass): 204 DELETE http://10.180.1.21:9696/networking/v2.0/security-groups/088ae547-6e46-44b5-8b82-7e972b866c9f 0.225s
2025-04-08 01:29:50.424 69842 INFO tempest.lib.common.rest_client [req-b28b6b93-df71-42bf-9425-06e7570d1be9 req-b28b6b93-df71-42bf-9425-06e7570d1be9 ] Request (KeyPairsV2TestJSON:tearDownClass): 201 POST http://10.180.1.21/identity/v3/auth/tokens 0.066s
2025-04-08 01:29:50.493 69824 INFO tempest.lib.common.rest_client [req-993753ca-2261-4872-b745-341bc545f6ba req-993753ca-2261-4872-b745-341bc545f6ba ] Request (DeleteServersAdminTestJSON:tearDownClass): 204 DELETE http://10.180.1.21/identity/v3/projects/194baaa50bc340458309b636c87b1bd6 0.071s
2025-04-08 01:29:50.493 69824 INFO tempest.lib.common.dynamic_creds [-] Deleting project and security group for project: eda4e71b92a24a60829f2bc881d47a84
2025-04-08 01:29:50.597 69804 INFO tempest.lib.common.rest_client [req-e82b585d-919c-4a5f-b550-04839819d6fd req-e82b585d-919c-4a5f-b550-04839819d6fd ] Request (AttachVolumeTestJSON:test_attach_detach_volume): 200 GET http://10.180.1.21/volume/v3/volumes/5fe77e6f-9fd9-451c-8201-7396d92d0f58 0.044s
2025-04-08 01:29:50.617 69826 INFO tempest.lib.common.rest_client [req-cc08b90f-706a-46ac-8f00-57d98b00b3fa req-cc08b90f-706a-46ac-8f00-57d98b00b3fa ] Request (ServerActionsTestJSON:test_lock_unlock_server): 200 GET http://10.180.1.21/compute/v2.1/servers/4095a995-43fe-4f2b-a38d-d83e46c20c7c 0.179s
2025-04-08 01:29:50.630 69828 INFO tempest.lib.common.rest_client [req-d02e3b43-fcfb-4fc8-bb38-297f0f338c72 req-d02e3b43-fcfb-4fc8-bb38-297f0f338c72 ] Request (DeleteServersTestJSON:test_delete_server_while_in_attached_volume): 200 GET http://10.180.1.21/volume/v3/volumes/846f6fe2-b1f9-4592-b84f-ea572e642f49 0.051s
2025-04-08 01:29:50.630 69794 INFO tempest.lib.common.rest_client [req-9ef6e211-7afa-491e-84a6-5c090be8df50 req-9ef6e211-7afa-491e-84a6-5c090be8df50 ] Request (AttachInterfacesTestJSON:test_create_list_show_delete_interfaces_by_fixed_ip): 200 GET http://10.180.1.21/compute/v2.1/servers/1c559ad5-c4a3-4efe-9cf9-6cb5d6d0b46a 0.202s
2025-04-08 01:29:50.688 69816 INFO tempest.lib.common.rest_client [req-d8543b77-655e-404c-9448-09d45b1a0ef1 req-d8543b77-655e-404c-9448-09d45b1a0ef1 ] Request (VolumesAdminNegativeTest:test_update_attached_volume_with_nonexistent_volume_in_uri): 200 GET http://10.180.1.21/compute/v2.1/servers/7bb9ad05-7fca-44f1-9c9b-8bb443b88065 0.221s
2025-04-08 01:29:50.707 69802 INFO tempest.lib.common.rest_client [req-9f71a2f2-3c4e-4c3e-98e6-a2ce8d90974b req-9f71a2f2-3c4e-4c3e-98e6-a2ce8d90974b ] Request (VolumesAssistedSnapshotsTest:tearDownClass): 200 GET http://10.180.1.21/compute/v2.1/servers/0b762725-776a-4a67-9a02-4212f1f66a0e 0.204s
2025-04-08 01:29:50.728 69842 INFO tempest.lib.common.rest_client [req-ae5040b4-1821-46b9-b65a-3da073b7cf15 req-ae5040b4-1821-46b9-b65a-3da073b7cf15 ] Request (KeyPairsV2TestJSON:tearDownClass): 200 GET http://10.180.1.21:9696/networking/v2.0/security-groups?tenant_id=5c908ffdc22d46fc9b5a20995c9696dc&name=default 0.304s
2025-04-08 01:29:50.743 69810 INFO tempest.lib.common.rest_client [req-cf12a634-e26b-40bf-afcc-e5a9fa2775e3 req-cf12a634-e26b-40bf-afcc-e5a9fa2775e3 ] Request (ServerDiagnosticsV248Test:tearDownClass): 200 GET http://10.180.1.21:9696/networking/v2.0/security-groups?tenant_id=13be4656f8884cb9a4ab11db14a5eb2d&name=default 0.417s
2025-04-08 01:29:50.766 69840 INFO tempest.lib.common.rest_client [req-0f80b176-9046-44a5-a4be-3c905d1cf48e req-0f80b176-9046-44a5-a4be-3c905d1cf48e ] Request (ServersTestMultiNic:test_verify_multiple_nics_order): 200 GET http://10.180.1.21/compute/v2.1/servers/1c62524e-5890-4889-9930-edac26682502 0.159s
2025-04-08 01:29:50.769 69824 INFO tempest.lib.common.rest_client [req-d597a7cc-bed2-42a4-855c-3dce4a0ff430 req-d597a7cc-bed2-42a4-855c-3dce4a0ff430 ] Request (DeleteServersAdminTestJSON:tearDownClass): 200 GET http://10.180.1.21:9696/networking/v2.0/security-groups?tenant_id=eda4e71b92a24a60829f2bc881d47a84&name=default 0.275s
2025-04-08 01:29:50.928 69824 INFO tempest.lib.common.rest_client [req-8e868419-399c-4e3c-8269-a3979a3b8cd3 req-8e868419-399c-4e3c-8269-a3979a3b8cd3 ] Request (DeleteServersAdminTestJSON:tearDownClass): 204 DELETE http://10.180.1.21:9696/networking/v2.0/security-groups/da3d87b9-2a62-49a2-965a-0f1cac07ee39 0.158s
2025-04-08 01:29:50.995 69824 INFO tempest.lib.common.rest_client [req-e47f845a-e1ce-4705-8685-67de9deee7e4 req-e47f845a-e1ce-4705-8685-67de9deee7e4 ] Request (DeleteServersAdminTestJSON:tearDownClass): 204 DELETE http://10.180.1.21/identity/v3/projects/eda4e71b92a24a60829f2bc881d47a84 0.067s
2025-04-08 01:29:51.007 69790 INFO tempest.lib.common.rest_client [req-144f8f25-08b6-4295-a784-3125e2a426e1 req-144f8f25-08b6-4295-a784-3125e2a426e1 ] Request (MultipleCreateTestJSON:tearDownClass): 200 PUT http://10.180.1.21:9696/networking/v2.0/routers/310dc1ee-97ac-44ee-9674-74b24ea26876/remove_router_interface 1.507s
2025-04-08 01:29:51.082 69824 INFO tempest.lib.common.rest_client [req-a553e0e5-c8d8-46f2-b6a5-0528ccc391c4 req-a553e0e5-c8d8-46f2-b6a5-0528ccc391c4 ] Request (HypervisorAdminUnderV252Test:setUpClass): 201 POST http://10.180.1.21/identity/v3/auth/tokens 0.084s
2025-04-08 01:29:51.094 69820 INFO tempest.lib.common.rest_client [req-f763f5cb-aa21-4a56-bdfa-313af36e8555 req-f763f5cb-aa21-4a56-bdfa-313af36e8555 ] Request (ServersWithSpecificFlavorTestJSON:test_verify_created_server_ephemeral_disk): 200 GET http://10.180.1.21/compute/v2.1/servers/471fe7bd-9997-4baf-a7e1-ff41be585590 0.432s
2025-04-08 01:29:51.122 69824 INFO tempest.lib.common.rest_client [req-5777fb53-4824-4a3d-a360-d486793cfa87 req-5777fb53-4824-4a3d-a360-d486793cfa87 ] Request (HypervisorAdminUnderV252Test:setUpClass): 201 POST http://10.180.1.21/identity/v3/auth/tokens 0.037s
2025-04-08 01:29:51.149 69824 INFO tempest.lib.common.rest_client [req-8e28c552-947a-4570-97fa-df4942ca47b4 req-8e28c552-947a-4570-97fa-df4942ca47b4 ] Request (HypervisorAdminUnderV252Test:setUpClass): 200 GET http://10.180.1.21/identity/v3/domains?name=Default 0.027s
2025-04-08 01:29:51.158 69852 INFO tempest.lib.common.rest_client [req-e11359c5-833e-439b-9e2a-99c653fe649c req-e11359c5-833e-439b-9e2a-99c653fe649c ] Request (ServerGroupTestJSON:test_create_server_with_scheduler_hint_group): 200 GET http://10.180.1.21/compute/v2.1/servers/5cb99bc6-0db5-47ba-9b06-ab3be1f8908e 0.520s
2025-04-08 01:29:51.172 69846 INFO tempest.lib.common.rest_client [req-398f0f96-ce2c-407c-b0e9-92d2f487896a req-398f0f96-ce2c-407c-b0e9-92d2f487896a ] Request (MigrationsAdminTest:test_resize_server_revert_deleted_flavor): 200 GET http://10.180.1.21/compute/v2.1/servers/2bb50809-0b14-4923-97ef-d14abd42ad0b 0.468s
2025-04-08 01:29:51.196 69810 INFO tempest.lib.common.rest_client [req-b8f5ec3e-b20b-4f1c-b9cf-2d9f67c1ba43 req-b8f5ec3e-b20b-4f1c-b9cf-2d9f67c1ba43 ] Request (ServerDiagnosticsV248Test:tearDownClass): 204 DELETE http://10.180.1.21:9696/networking/v2.0/security-groups/417a212b-fb87-4506-a931-0d65a845cbe8 0.452s
2025-04-08 01:29:51.201 69824 INFO tempest.lib.common.rest_client [req-cec43b28-029f-47f5-bdd9-77b3321fdc18 req-cec43b28-029f-47f5-bdd9-77b3321fdc18 ] Request (HypervisorAdminUnderV252Test:setUpClass): 201 POST http://10.180.1.21/identity/v3/projects 0.052s
2025-04-08 01:29:51.203 69842 INFO tempest.lib.common.rest_client [req-0d5c0061-8eb2-493e-b2ac-a21a0cd169d2 req-0d5c0061-8eb2-493e-b2ac-a21a0cd169d2 ] Request (KeyPairsV2TestJSON:tearDownClass): 204 DELETE http://10.180.1.21:9696/networking/v2.0/security-groups/334ed777-8e88-43b7-a1fa-7023781d6e5e 0.475s
2025-04-08 01:29:51.259 69834 INFO tempest.lib.common.rest_client [req-4390a96b-4523-40d1-a0a4-a1a7612b7416 req-4390a96b-4523-40d1-a0a4-a1a7612b7416 ] Request (ServerShowV254Test:test_rebuild_server): 200 GET http://10.180.1.21/compute/v2.1/servers/cdc94932-bb65-4b65-8d3d-5ec9dec7d694 0.478s
2025-04-08 01:29:51.264 69850 INFO tempest.lib.common.rest_client [req-bfd2e59a-7ff5-421c-bc5f-ee26dac89f34 req-bfd2e59a-7ff5-421c-bc5f-ee26dac89f34 ] Request (ServersTestBootFromVolume:tearDownClass): 200 GET http://10.180.1.21/compute/v2.1/servers/9a2b7ada-5d43-4e03-bcfc-eedb65417c5c 0.520s
2025-04-08 01:29:51.276 69834 INFO tempest.common.waiters [-] State transition "BUILD/networking" ==> "BUILD/spawning" after 44 second wait
2025-04-08 01:29:51.289 69824 INFO tempest.lib.common.rest_client [req-0d165137-0dbe-4796-9a77-35deec5f406a req-0d165137-0dbe-4796-9a77-35deec5f406a ] Request (HypervisorAdminUnderV252Test:setUpClass): 201 POST http://10.180.1.21/identity/v3/users 0.087s
2025-04-08 01:29:51.322 69810 INFO tempest.lib.common.rest_client [req-0ac015cc-ed50-4393-bbfd-70e9dbb988c9 req-0ac015cc-ed50-4393-bbfd-70e9dbb988c9 ] Request (ServerDiagnosticsV248Test:tearDownClass): 204 DELETE http://10.180.1.21/identity/v3/projects/13be4656f8884cb9a4ab11db14a5eb2d 0.125s
2025-04-08 01:29:51.323 69810 INFO tempest.lib.common.dynamic_creds [-] Deleting project and security group for project: 725b5c3c2ddd4346a2e64353572a867d
2025-04-08 01:29:51.372 69800 INFO tempest.lib.common.rest_client [req-cfa6693f-ee1c-47aa-86d5-dc21d946ed7a req-cfa6693f-ee1c-47aa-86d5-dc21d946ed7a ] Request (ServersTestFqdnHostnames:tearDownClass): 200 GET http://10.180.1.21/compute/v2.1/servers/8251990f-e7b0-42d9-bdb0-34f6b4f08e70 0.477s
2025-04-08 01:29:51.398 69824 INFO tempest.lib.common.rest_client [req-8c746c2f-3e44-46e5-b6fa-0e273f14c091 req-8c746c2f-3e44-46e5-b6fa-0e273f14c091 ] Request (HypervisorAdminUnderV252Test:setUpClass): 200 GET http://10.180.1.21/identity/v3/roles 0.109s
2025-04-08 01:29:51.419 69842 INFO tempest.lib.common.rest_client [req-4164e5d7-ccb1-45a1-8814-7d39562d72a0 req-4164e5d7-ccb1-45a1-8814-7d39562d72a0 ] Request (KeyPairsV2TestJSON:tearDownClass): 204 DELETE http://10.180.1.21/identity/v3/projects/5c908ffdc22d46fc9b5a20995c9696dc 0.216s
2025-04-08 01:29:51.441 69790 INFO tempest.lib.common.rest_client [req-28f1aa88-a454-46a9-b457-80a4687177d5 req-28f1aa88-a454-46a9-b457-80a4687177d5 ] Request (MultipleCreateTestJSON:tearDownClass): 204 DELETE http://10.180.1.21:9696/networking/v2.0/routers/310dc1ee-97ac-44ee-9674-74b24ea26876 0.433s
2025-04-08 01:29:51.444 69808 INFO tempest.lib.common.rest_client [req-983bcd06-7d66-47d1-bc52-058ffd4bc9e8 req-983bcd06-7d66-47d1-bc52-058ffd4bc9e8 ] Request (SecurityGroupsTestJSON:test_list_security_groups_by_server): 200 GET http://10.180.1.21/compute/v2.1/servers/b9fd194d-c0af-49f6-b185-f99e2ecfdb55 0.587s
2025-04-08 01:29:51.465 69830 INFO tempest.lib.common.rest_client [req-fdc3e4bd-3ec9-4df2-9dc2-4f98cfdb7877 req-fdc3e4bd-3ec9-4df2-9dc2-4f98cfdb7877 ] Request (ListServerFiltersTestJSON:tearDownClass): 200 GET http://10.180.1.21/compute/v2.1/servers/97994bf0-b61e-490d-a0d5-d704a2650f97 0.534s
2025-04-08 01:29:51.471 69842 INFO tempest.lib.common.rest_client [req-56b2e4c9-55fd-4077-b1f7-42b60f664db6 req-56b2e4c9-55fd-4077-b1f7-42b60f664db6 ] Request (ServerAddressesNegativeTestJSON:setUpClass): 201 POST http://10.180.1.21/identity/v3/auth/tokens 0.049s
2025-04-08 01:29:51.476 69824 INFO tempest.lib.common.rest_client [req-f66ce9b7-1ad7-4e4a-bb9f-1da7e0976369 req-f66ce9b7-1ad7-4e4a-bb9f-1da7e0976369 ] Request (HypervisorAdminUnderV252Test:setUpClass): 204 PUT http://10.180.1.21/identity/v3/projects/1ae3114a9dfd443f8fef7c68d589552f/users/47cd1851f4b04afdbcd8f93b54f49fd4/roles/b21fd2574ddd4020ac0e131783d5d551 0.077s
2025-04-08 01:29:51.476 69824 INFO tempest.lib.common.dynamic_creds [-] Dynamic test user 47cd1851f4b04afdbcd8f93b54f49fd4 is created with scope project and roles: ['member']
2025-04-08 01:29:51.476 69824 INFO tempest.lib.common.dynamic_creds [-] Acquired dynamic creds: credentials: Credentials: {'domain_id': 'default', 'domain_name': 'Default', 'username': 'tempest-HypervisorAdminUnderV252Test-898758304-project-member', 'project_domain_id': 'default', 'project_domain_name': 'Default', 'project_id': '1ae3114a9dfd443f8fef7c68d589552f', 'project_name': 'tempest-HypervisorAdminUnderV252Test-898758304', 'tenant_id': '1ae3114a9dfd443f8fef7c68d589552f', 'tenant_name': 'tempest-HypervisorAdminUnderV252Test-898758304', 'user_domain_id': 'default', 'user_domain_name': 'Default', 'user_id': '47cd1851f4b04afdbcd8f93b54f49fd4', 'system': None}, Network: None, Subnet: None, Router: None
2025-04-08 01:29:51.476 69824 INFO tempest.lib.common.dynamic_creds [-] Created isolated network resources for: credentials: Credentials: {'domain_id': 'default', 'domain_name': 'Default', 'username': 'tempest-HypervisorAdminUnderV252Test-898758304-project-member', 'project_domain_id': 'default', 'project_domain_name': 'Default', 'project_id': '1ae3114a9dfd443f8fef7c68d589552f', 'project_name': 'tempest-HypervisorAdminUnderV252Test-898758304', 'tenant_id': '1ae3114a9dfd443f8fef7c68d589552f', 'tenant_name': 'tempest-HypervisorAdminUnderV252Test-898758304', 'user_domain_id': 'default', 'user_domain_name': 'Default', 'user_id': '47cd1851f4b04afdbcd8f93b54f49fd4', 'system': None}, Network: None, Subnet: None, Router: None
2025-04-08 01:29:51.519 69836 INFO tempest.lib.common.rest_client [req-1b93ab0a-76f7-4775-add8-2024623fbf86 req-1b93ab0a-76f7-4775-add8-2024623fbf86 ] Request (ServersTestManualDisk:tearDownClass): 200 GET http://10.180.1.21/compute/v2.1/servers/f92d2111-2ca1-466f-8fea-d482fefcef95 0.553s
2025-04-08 01:29:51.527 69810 INFO tempest.lib.common.rest_client [req-efe716ec-4572-4ff7-81ec-48df5a0194d4 req-efe716ec-4572-4ff7-81ec-48df5a0194d4 ] Request (ServerDiagnosticsV248Test:tearDownClass): 200 GET http://10.180.1.21:9696/networking/v2.0/security-groups?tenant_id=725b5c3c2ddd4346a2e64353572a867d&name=default 0.204s
2025-04-08 01:29:51.541 69798 INFO tempest.lib.common.rest_client [req-872dee78-ab1d-4b6e-bf69-b89933b21960 req-872dee78-ab1d-4b6e-bf69-b89933b21960 ] Request (ServersListShow298Test:tearDownClass): 200 GET http://10.180.1.21/compute/v2.1/servers/821a77a7-502f-482d-9e13-5317d69eab1e 0.516s
2025-04-08 01:29:51.552 69842 INFO tempest.lib.common.rest_client [req-4b802049-6003-41e0-b7d7-e890a012c330 req-4b802049-6003-41e0-b7d7-e890a012c330 ] Request (ServerAddressesNegativeTestJSON:setUpClass): 201 POST http://10.180.1.21/identity/v3/auth/tokens 0.078s
2025-04-08 01:29:51.560 69824 INFO tempest.lib.common.rest_client [req-e86fdad6-94f8-40c5-955b-9589813cc3e5 req-e86fdad6-94f8-40c5-955b-9589813cc3e5 ] Request (HypervisorAdminUnderV252Test:setUpClass): 201 POST http://10.180.1.21/identity/v3/auth/tokens 0.081s
2025-04-08 01:29:51.580 69842 INFO tempest.lib.common.rest_client [req-8d03cd4a-59ea-4e22-b12b-96f2bf10b825 req-8d03cd4a-59ea-4e22-b12b-96f2bf10b825 ] Request (ServerAddressesNegativeTestJSON:setUpClass): 200 GET http://10.180.1.21/identity/v3/domains?name=Default 0.028s
2025-04-08 01:29:51.588 69818 INFO tempest.lib.common.rest_client [req-5988efc6-1a68-45cb-b525-89bf464f3822 req-5988efc6-1a68-45cb-b525-89bf464f3822 ] Request (InstanceActionsTestJSON:setUpClass): 200 GET http://10.180.1.21/compute/v2.1/servers/0b95e35b-1689-4d92-95c5-4d4b8abcb567 0.534s
2025-04-08 01:29:51.611 69790 INFO tempest.lib.common.rest_client [req-989b96d7-0997-4f45-a408-2b595ded3923 req-989b96d7-0997-4f45-a408-2b595ded3923 ] Request (MultipleCreateTestJSON:tearDownClass): 204 DELETE http://10.180.1.21:9696/networking/v2.0/subnets/177559fc-a7f1-4628-a546-b07f91acc166 0.170s
2025-04-08 01:29:51.620 69824 INFO tempest.lib.common.rest_client [req-45c1e216-930f-494b-8e50-1b444052c1ce req-45c1e216-930f-494b-8e50-1b444052c1ce ] Request (HypervisorAdminUnderV252Test:setUpClass): 201 POST http://10.180.1.21/identity/v3/projects 0.058s
2025-04-08 01:29:51.633 69842 INFO tempest.lib.common.rest_client [req-85f843eb-fd8d-4ad8-b9f6-a63a7c1d7944 req-85f843eb-fd8d-4ad8-b9f6-a63a7c1d7944 ] Request (ServerAddressesNegativeTestJSON:setUpClass): 201 POST http://10.180.1.21/identity/v3/projects 0.053s
2025-04-08 01:29:51.640 69804 INFO tempest.lib.common.rest_client [req-89de1814-a919-4ad0-824c-0b8c410b7890 req-89de1814-a919-4ad0-824c-0b8c410b7890 ] Request (AttachVolumeTestJSON:test_attach_detach_volume): 200 GET http://10.180.1.21/volume/v3/volumes/5fe77e6f-9fd9-451c-8201-7396d92d0f58 0.033s
2025-04-08 01:29:51.643 69832 INFO tempest.lib.common.rest_client [req-0e885f49-148d-4bea-844e-780273af4cf5 req-0e885f49-148d-4bea-844e-780273af4cf5 ] Request (ServersV294TestFqdnHostnames:tearDownClass): 200 GET http://10.180.1.21/compute/v2.1/servers/c73704c5-51fd-4459-8c7c-d4097524d3af 0.558s
2025-04-08 01:29:51.663 69810 INFO tempest.lib.common.rest_client [req-c2cff48b-4811-4d7b-8ecc-4a22989fa362 req-c2cff48b-4811-4d7b-8ecc-4a22989fa362 ] Request (ServerDiagnosticsV248Test:tearDownClass): 204 DELETE http://10.180.1.21:9696/networking/v2.0/security-groups/58b68598-efa3-43c2-aa17-c251781f9e79 0.136s
2025-04-08 01:29:51.666 69814 INFO tempest.lib.common.rest_client [req-a805b32f-8f49-43d2-8c57-873774f909c8 req-a805b32f-8f49-43d2-8c57-873774f909c8 ] Request (ServersNegativeTestMultiTenantJSON:setUpClass): 200 GET http://10.180.1.21/compute/v2.1/servers/59bef0c6-2345-4728-8502-cab86260b5b8 0.500s
2025-04-08 01:29:51.695 69828 INFO tempest.lib.common.rest_client [req-3ec0f002-c92b-48a1-ae8b-e7aae8fe8cb6 req-3ec0f002-c92b-48a1-ae8b-e7aae8fe8cb6 ] Request (DeleteServersTestJSON:test_delete_server_while_in_attached_volume): 200 GET http://10.180.1.21/volume/v3/volumes/846f6fe2-b1f9-4592-b84f-ea572e642f49 0.054s
2025-04-08 01:29:51.704 69828 INFO tempest.common.waiters [-] Attachment fba7d09d-0185-49d1-b7f8-02bd2d4dbb36 created for volume 846f6fe2-b1f9-4592-b84f-ea572e642f49 to server 7b169415-c41d-4e7e-92f0-b1a052b96fcb after waiting for 8.704223 seconds
2025-04-08 01:29:51.711 69796 INFO tempest.lib.common.rest_client [req-8a7afa0f-8666-430c-bc84-ff686b0bf8b6 req-8a7afa0f-8666-430c-bc84-ff686b0bf8b6 ] Request (ListImageFiltersTestJSON:setUpClass): 200 GET http://10.180.1.21/compute/v2.1/images/464ed5bc-7f17-4f08-ac8b-a263e154b5b3 0.430s
2025-04-08 01:29:51.718 69806 INFO tempest.lib.common.rest_client [req-17e26e16-e0b6-4e8e-865f-d1cff173e5ae req-17e26e16-e0b6-4e8e-865f-d1cff173e5ae ] Request (ImagesTestJSON:test_create_image_from_stopped_server): 200 GET http://10.180.1.21/compute/v2.1/images/a8e77076-ae14-495a-9d8e-dcc971cadfbf 0.429s
2025-04-08 01:29:51.735 69828 INFO tempest.lib.common.rest_client [req-ee15fdd4-b1c2-48fb-a30c-1451c8920b2c req-ee15fdd4-b1c2-48fb-a30c-1451c8920b2c ] Request (DeleteServersTestJSON:test_delete_server_while_in_attached_volume): 200 GET http://10.180.1.21/volume/v3/volumes/846f6fe2-b1f9-4592-b84f-ea572e642f49 0.031s
2025-04-08 01:29:51.737 69842 INFO tempest.lib.common.rest_client [req-a4653b9d-8506-4338-8211-d0ba2886d0e5 req-a4653b9d-8506-4338-8211-d0ba2886d0e5 ] Request (ServerAddressesNegativeTestJSON:setUpClass): 201 POST http://10.180.1.21/identity/v3/users 0.103s
2025-04-08 01:29:51.744 69828 INFO tempest.common.waiters [-] volume 846f6fe2-b1f9-4592-b84f-ea572e642f49 reached in-use after waiting for 0.744444 seconds
2025-04-08 01:29:51.750 69824 INFO tempest.lib.common.rest_client [req-7e48915f-d1ef-4fed-badf-4a76a354ac88 req-7e48915f-d1ef-4fed-badf-4a76a354ac88 ] Request (HypervisorAdminUnderV252Test:setUpClass): 201 POST http://10.180.1.21/identity/v3/users 0.130s
2025-04-08 01:29:51.767 69842 INFO tempest.lib.common.rest_client [req-fde2ef88-e59b-4e08-b2d6-8bcb8f0b8173 req-fde2ef88-e59b-4e08-b2d6-8bcb8f0b8173 ] Request (ServerAddressesNegativeTestJSON:setUpClass): 200 GET http://10.180.1.21/identity/v3/roles 0.029s
2025-04-08 01:29:51.790 69824 INFO tempest.lib.common.rest_client [req-2d1d842e-37e5-4fd7-a78f-77c015f8ea31 req-2d1d842e-37e5-4fd7-a78f-77c015f8ea31 ] Request (HypervisorAdminUnderV252Test:setUpClass): 200 GET http://10.180.1.21/identity/v3/roles 0.039s
2025-04-08 01:29:51.791 69838 INFO tempest.lib.common.rest_client [req-f5c82f36-c202-4898-81e7-8a245365d440 req-f5c82f36-c202-4898-81e7-8a245365d440 ] Request (ImagesOneServerNegativeTestJSON:setUpClass): 200 GET http://10.180.1.21/compute/v2.1/servers/a480a382-d8b1-417a-b9d3-c6f0d396071e 0.422s
2025-04-08 01:29:51.805 69838 INFO tempest.common.waiters [-] State transition "BUILD/None" ==> "BUILD/networking" after 23 second wait
2025-04-08 01:29:51.825 69810 INFO tempest.lib.common.rest_client [req-35aac6e2-2a8c-4b79-947b-935ce158846f req-35aac6e2-2a8c-4b79-947b-935ce158846f ] Request (ServerDiagnosticsV248Test:tearDownClass): 204 DELETE http://10.180.1.21/identity/v3/projects/725b5c3c2ddd4346a2e64353572a867d 0.160s
2025-04-08 01:29:51.866 69842 INFO tempest.lib.common.rest_client [req-d493d139-6d49-4c2e-8413-580de6055fa0 req-d493d139-6d49-4c2e-8413-580de6055fa0 ] Request (ServerAddressesNegativeTestJSON:setUpClass): 204 PUT http://10.180.1.21/identity/v3/projects/fcd822b715274f728f32e58184981d9d/users/763e16958f75484683d6e7b75af8f845/roles/b21fd2574ddd4020ac0e131783d5d551 0.099s
2025-04-08 01:29:51.867 69842 INFO tempest.lib.common.dynamic_creds [-] Dynamic test user 763e16958f75484683d6e7b75af8f845 is created with scope project and roles: ['member']
2025-04-08 01:29:51.867 69842 INFO tempest.lib.common.dynamic_creds [-] Acquired dynamic creds: credentials: Credentials: {'domain_id': 'default', 'domain_name': 'Default', 'username': 'tempest-ServerAddressesNegativeTestJSON-415528859-project-member', 'project_domain_id': 'default', 'project_domain_name': 'Default', 'project_id': 'fcd822b715274f728f32e58184981d9d', 'project_name': 'tempest-ServerAddressesNegativeTestJSON-415528859', 'tenant_id': 'fcd822b715274f728f32e58184981d9d', 'tenant_name': 'tempest-ServerAddressesNegativeTestJSON-415528859', 'user_domain_id': 'default', 'user_domain_name': 'Default', 'user_id': '763e16958f75484683d6e7b75af8f845', 'system': None}, Network: None, Subnet: None, Router: None
2025-04-08 01:29:51.896 69790 INFO tempest.lib.common.rest_client [req-407dfda1-1887-4b8b-b766-944f40049529 req-407dfda1-1887-4b8b-b766-944f40049529 ] Request (MultipleCreateTestJSON:tearDownClass): 204 DELETE http://10.180.1.21:9696/networking/v2.0/networks/0a192cdf-08b4-43bd-9568-7b415a89ea98 0.284s
2025-04-08 01:29:51.897 69826 INFO tempest.lib.common.rest_client [req-369e9ea4-9e2a-4b04-b9c3-19910a3809f3 req-369e9ea4-9e2a-4b04-b9c3-19910a3809f3 ] Request (ServerActionsTestJSON:test_lock_unlock_server): 200 GET http://10.180.1.21/compute/v2.1/servers/4095a995-43fe-4f2b-a38d-d83e46c20c7c 0.265s
2025-04-08 01:29:51.905 69826 INFO tempest.common.waiters [-] State transition "ACTIVE/powering-off" ==> "SHUTOFF/None" after 2 second wait
2025-04-08 01:29:51.927 69794 INFO tempest.lib.common.rest_client [req-166be89c-7dfb-4dcc-b225-0f153a6265ec req-166be89c-7dfb-4dcc-b225-0f153a6265ec ] Request (AttachInterfacesTestJSON:test_create_list_show_delete_interfaces_by_fixed_ip): 200 GET http://10.180.1.21/compute/v2.1/servers/1c559ad5-c4a3-4efe-9cf9-6cb5d6d0b46a 0.287s
2025-04-08 01:29:51.938 69810 INFO tempest.lib.common.rest_client [req-12cef59b-ee2e-448a-8347-c2f1d835488a req-12cef59b-ee2e-448a-8347-c2f1d835488a ] Request (ServerMetadataNegativeTestJSON:setUpClass): 201 POST http://10.180.1.21/identity/v3/auth/tokens 0.111s
2025-04-08 01:29:51.969 69842 INFO tempest.lib.common.rest_client [req-21fe00e0-60f0-4970-aa27-dce024398e6a req-21fe00e0-60f0-4970-aa27-dce024398e6a ] Request (ServerAddressesNegativeTestJSON:setUpClass): 201 POST http://10.180.1.21/identity/v3/auth/tokens 0.102s
2025-04-08 01:29:51.973 69816 INFO tempest.lib.common.rest_client [req-6c01a0df-4a3c-4bc2-ad2e-d0d786559bb0 req-6c01a0df-4a3c-4bc2-ad2e-d0d786559bb0 ] Request (VolumesAdminNegativeTest:test_update_attached_volume_with_nonexistent_volume_in_uri): 200 GET http://10.180.1.21/compute/v2.1/servers/7bb9ad05-7fca-44f1-9c9b-8bb443b88065 0.267s
2025-04-08 01:29:51.978 69824 INFO tempest.lib.common.rest_client [req-2af55a76-f388-40b3-830d-ac0519bdbb75 req-2af55a76-f388-40b3-830d-ac0519bdbb75 ] Request (HypervisorAdminUnderV252Test:setUpClass): 204 PUT http://10.180.1.21/identity/v3/projects/3b9228ad596c4238a4dab3bd3663f9a5/users/fe4dc5a84c00495f9e29924d7d4c882a/roles/4a618edc87d5476eb8b442a8c091b5b8 0.188s
2025-04-08 01:29:52.009 69802 INFO tempest.lib.common.rest_client [req-a558df7d-2361-4c86-a535-5becfe751741 req-a558df7d-2361-4c86-a535-5becfe751741 ] Request (VolumesAssistedSnapshotsTest:tearDownClass): 200 GET http://10.180.1.21/compute/v2.1/servers/0b762725-776a-4a67-9a02-4212f1f66a0e 0.288s
2025-04-08 01:29:52.048 69810 INFO tempest.lib.common.rest_client [req-4837b9d5-bb7d-4076-bd71-2c7333febf1f req-4837b9d5-bb7d-4076-bd71-2c7333febf1f ] Request (ServerMetadataNegativeTestJSON:setUpClass): 201 POST http://10.180.1.21/identity/v3/auth/tokens 0.107s
2025-04-08 01:29:52.070 69840 INFO tempest.lib.common.rest_client [req-79fb71b4-f9b6-4043-ad9d-908ea2b7313d req-79fb71b4-f9b6-4043-ad9d-908ea2b7313d ] Request (ServersTestMultiNic:test_verify_multiple_nics_order): 200 GET http://10.180.1.21/compute/v2.1/servers/1c62524e-5890-4889-9930-edac26682502 0.288s
