2025-04-08 01:28:52.727 69814 INFO tempest.lib.common.rest_client [req-1becba6c-9eea-490b-8cba-446771f9c8a9 req-1becba6c-9eea-490b-8cba-446771f9c8a9 ] Request (FloatingIPsAssociationTestJSON:tearDownClass): 200 GET http://10.180.1.21/compute/v2.1/servers/ac03567e-0faa-4105-87c5-f3d4a0a19289 0.061s
2025-04-08 01:28:52.737 69814 INFO tempest.common.waiters [-] State transition "ACTIVE/deleting" ==> "DELETED/None" after 3 second wait
2025-04-08 01:28:52.771 69836 INFO tempest.lib.common.rest_client [req-c401cc97-5bb3-4241-aba9-3a46131a46d1 req-c401cc97-5bb3-4241-aba9-3a46131a46d1 ] Request (ServersTestManualDisk:setUpClass): 200 GET http://10.180.1.21/compute/v2.1/servers/f92d2111-2ca1-466f-8fea-d482fefcef95 0.126s
2025-04-08 01:28:52.782 69836 INFO tempest.lib.common.ssh [-] Creating ssh connection to '10.180.180.224:22' as 'cirros' with public key authentication
2025-04-08 01:28:52.794 69804 WARNING tempest.lib.common.ssh [-] Failed to establish authenticated ssh connection to cirros@10.180.180.203 ([Errno None] Unable to connect to port 22 on 10.180.180.203). Number attempts: 3. Retry after 4 seconds.: paramiko.ssh_exception.NoValidConnectionsError: [Errno None] Unable to connect to port 22 on 10.180.180.203
2025-04-08 01:28:52.824 69852 INFO tempest.lib.common.rest_client [req-f0fb5444-0b98-4301-bb7a-33e07cfab60c req-f0fb5444-0b98-4301-bb7a-33e07cfab60c ] Request (ServerGroupTestJSON:test_create_server_with_scheduler_hint_group): 200 GET http://10.180.1.21/compute/v2.1/servers/5cb99bc6-0db5-47ba-9b06-ab3be1f8908e 0.085s
2025-04-08 01:28:52.837 69846 INFO tempest.lib.common.rest_client [req-13045c2b-3412-4140-b7aa-d2db661f38ab req-13045c2b-3412-4140-b7aa-d2db661f38ab ] Request (MigrationsAdminTest:test_list_migrations_in_flavor_resize_situation): 200 GET http://10.180.1.21/compute/v2.1/servers/959c58c5-2931-40dd-9afd-d3884a500adb 0.161s
2025-04-08 01:28:52.879 69806 INFO tempest.lib.common.rest_client [req-37139005-f05a-4260-818c-ce29a44aab34 req-37139005-f05a-4260-818c-ce29a44aab34 ] Request (ImagesTestJSON:test_create_image_from_stopped_server): 200 GET http://10.180.1.21/compute/v2.1/servers/4767f76b-6acb-43be-b46c-18b2ca550d18 0.138s
2025-04-08 01:28:52.884 69794 INFO tempest.lib.common.rest_client [req-b165769a-6c3b-4da3-b10b-2aabebc6f3e8 req-b165769a-6c3b-4da3-b10b-2aabebc6f3e8 ] Request (AttachInterfacesTestJSON:test_create_list_show_delete_interfaces_by_fixed_ip): 200 GET http://10.180.1.21/compute/v2.1/servers/1c559ad5-c4a3-4efe-9cf9-6cb5d6d0b46a 0.083s
2025-04-08 01:28:52.942 69830 INFO tempest.lib.common.rest_client [req-4cb61ae8-ac86-458d-9d97-9ef65f5736c9 req-4cb61ae8-ac86-458d-9d97-9ef65f5736c9 ] Request (ListServerFiltersTestJSON:tearDownClass): 200 GET http://10.180.1.21/compute/v2.1/servers/e57af8df-0b59-4899-af1c-872051a1c0ff 0.069s
2025-04-08 01:28:52.990 69826 INFO tempest.lib.common.rest_client [req-795fcbd5-30c6-40a7-9aef-c5a23e2f3e7a req-795fcbd5-30c6-40a7-9aef-c5a23e2f3e7a ] Request (ServerActionsTestJSON:setUpClass): 200 GET http://10.180.1.21/compute/v2.1/servers/4095a995-43fe-4f2b-a38d-d83e46c20c7c 0.060s
2025-04-08 01:28:52.998 69840 INFO tempest.lib.common.rest_client [req-d348f232-a36f-421a-a95a-a9580f907cb0 req-d348f232-a36f-421a-a95a-a9580f907cb0 ] Request (ServersTestMultiNic:test_verify_duplicate_network_nics): 200 GET http://10.180.1.21/compute/v2.1/servers/98f35e0d-bf83-4da6-a7f4-b8924c01bceb 0.117s
2025-04-08 01:28:53.045 69818 INFO tempest.lib.common.rest_client [req-7fa501de-bee9-452b-b4b5-e2dbf6d5222f req-7fa501de-bee9-452b-b4b5-e2dbf6d5222f ] Request (FloatingIPsAssociationNegativeTestJSON:tearDownClass): 200 GET http://10.180.1.21/compute/v2.1/servers/52f865a3-f591-46d5-9fdb-c4abc4616358 0.056s
2025-04-08 01:28:53.050 69850 WARNING tempest.lib.common.ssh [-] Failed to establish authenticated ssh connection to cirros@10.180.180.226 ([Errno None] Unable to connect to port 22 on 10.180.180.226). Number attempts: 2. Retry after 3 seconds.: paramiko.ssh_exception.NoValidConnectionsError: [Errno None] Unable to connect to port 22 on 10.180.180.226
2025-04-08 01:28:53.063 69810 INFO tempest.lib.common.rest_client [req-d711020d-a734-476e-bd36-89229290aab0 req-d711020d-a734-476e-bd36-89229290aab0 ] Request (ServerDiagnosticsV248Test:test_get_server_diagnostics): 200 GET http://10.180.1.21/compute/v2.1/servers/e12f8476-00be-4b15-ac88-05b31bbecdb1 0.065s
2025-04-08 01:28:53.071 69810 INFO tempest.common.waiters [-] State transition "BUILD/networking" ==> "BUILD/spawning" after 60 second wait
2025-04-08 01:28:53.088 69828 INFO tempest.lib.common.rest_client [req-2cfc9773-4f78-4999-baf9-9f6c55b507a0 req-2cfc9773-4f78-4999-baf9-9f6c55b507a0 ] Request (DeleteServersTestJSON:test_delete_server_while_in_attached_volume): 200 GET http://10.180.1.21/compute/v2.1/servers/7b169415-c41d-4e7e-92f0-b1a052b96fcb 0.047s
2025-04-08 01:28:53.126 69824 INFO tempest.lib.common.rest_client [req-303594d6-e228-4380-a3de-7c6533dce341 req-303594d6-e228-4380-a3de-7c6533dce341 ] Request (DeleteServersAdminTestJSON:test_delete_server_while_in_error_state): 200 GET http://10.180.1.21/compute/v2.1/servers/8c620fb8-43fd-42ef-a624-f7322147c3b0 0.047s
2025-04-08 01:28:53.467 69808 INFO tempest.lib.common.rest_client [req-ad3af896-88d4-40ae-9dd6-508905dca34b req-ad3af896-88d4-40ae-9dd6-508905dca34b ] Request (SecurityGroupsTestJSON:test_list_security_groups_by_server): 200 GET http://10.180.1.21/compute/v2.1/servers/b9fd194d-c0af-49f6-b185-f99e2ecfdb55 0.060s
2025-04-08 01:28:53.493 69838 INFO tempest.lib.common.rest_client [req-2f8a32b0-0cb1-4567-bff5-e4970c8fbbda req-2f8a32b0-0cb1-4567-bff5-e4970c8fbbda ] Request (ServersAdminNegativeTestJSON:tearDownClass): 200 GET http://10.180.1.21/compute/v2.1/servers/4359e04e-e11b-4565-9659-a800db1c6bc1 0.057s
2025-04-08 01:28:53.561 69796 INFO tempest.lib.common.rest_client [req-b60b815a-7828-418c-86ff-f9a1f114e6e1 req-b60b815a-7828-418c-86ff-f9a1f114e6e1 ] Request (ListImageFiltersTestJSON:setUpClass): 200 GET http://10.180.1.21/compute/v2.1/servers/0511381c-3185-4825-9464-7b74e05e696f 0.052s
2025-04-08 01:28:53.637 69834 INFO tempest.lib.common.rest_client [req-516ccd24-d701-4444-89c8-a13fbefe78f5 req-516ccd24-d701-4444-89c8-a13fbefe78f5 ] Request (ServerMetadataTestJSON:tearDownClass): 200 GET http://10.180.1.21/compute/v2.1/servers/940e8a8f-5bdc-49fc-8aac-8383d2218376 0.064s
2025-04-08 01:28:53.645 69812 INFO tempest.lib.common.rest_client [req-c75ffea4-14d7-463a-b7ec-8170f3ee4d64 req-c75ffea4-14d7-463a-b7ec-8170f3ee4d64 ] Request (InstanceActionsV221TestJSON:test_get_list_deleted_instance_actions): 200 GET http://10.180.1.21/compute/v2.1/servers/08a284de-cadf-450c-ad61-fad59fd85358 0.116s
2025-04-08 01:28:53.696 69848 INFO tempest.lib.common.rest_client [req-e9675940-cb22-4b04-aab0-3e3cdf7425ce req-e9675940-cb22-4b04-aab0-3e3cdf7425ce ] Request (TenantUsagesTestJSON:tearDownClass): 200 GET http://10.180.1.21/compute/v2.1/servers/2d0eae83-e347-4b52-a5d6-322b6e613b28 0.102s
2025-04-08 01:28:53.700 69790 INFO tempest.lib.common.rest_client [req-d196b031-8383-4b1d-b7bb-fdbed93628b4 req-d196b031-8383-4b1d-b7bb-fdbed93628b4 ] Request (MultipleCreateTestJSON:test_multiple_create_with_reservation_return): 200 GET http://10.180.1.21/compute/v2.1/servers/78fdc5c0-51d8-49b9-929f-810f9439c84a 0.071s
2025-04-08 01:28:53.727 69842 INFO tempest.lib.common.rest_client [req-57c93778-b358-4a01-b906-ff111804cda5 req-57c93778-b358-4a01-b906-ff111804cda5 ] Request (ImagesOneServerTestJSON:test_create_image_specify_multibyte_character_image_name): 200 GET http://10.180.1.21/compute/v2.1/images/ce14c0a0-6cbd-44f9-838d-0cdf55afb568 0.067s
2025-04-08 01:28:53.759 69798 INFO tempest.lib.common.rest_client [req-09d326af-cff9-4c62-a083-0e62464e7dff req-09d326af-cff9-4c62-a083-0e62464e7dff ] Request (ServersListShow298Test:test_list_show_update_rebuild_server_298): 200 GET http://10.180.1.21/compute/v2.1/servers/821a77a7-502f-482d-9e13-5317d69eab1e 0.095s
2025-04-08 01:28:53.792 69814 INFO tempest.lib.common.rest_client [req-f2867917-75db-4913-8d6d-d613dfc33b04 req-f2867917-75db-4913-8d6d-d613dfc33b04 ] Request (FloatingIPsAssociationTestJSON:tearDownClass): 200 GET http://10.180.1.21/compute/v2.1/servers/ac03567e-0faa-4105-87c5-f3d4a0a19289 0.053s
2025-04-08 01:28:53.888 69852 INFO tempest.lib.common.rest_client [req-66db43af-8c57-4732-a3d6-3642a25f46f5 req-66db43af-8c57-4732-a3d6-3642a25f46f5 ] Request (ServerGroupTestJSON:test_create_server_with_scheduler_hint_group): 200 GET http://10.180.1.21/compute/v2.1/servers/5cb99bc6-0db5-47ba-9b06-ab3be1f8908e 0.052s
2025-04-08 01:28:53.941 69806 INFO tempest.lib.common.rest_client [req-2b9dfe18-f543-4d30-88ab-0556f3759dfc req-2b9dfe18-f543-4d30-88ab-0556f3759dfc ] Request (ImagesTestJSON:test_create_image_from_stopped_server): 200 GET http://10.180.1.21/compute/v2.1/servers/4767f76b-6acb-43be-b46c-18b2ca550d18 0.053s
2025-04-08 01:28:53.951 69846 INFO tempest.lib.common.rest_client [req-15a79c36-8153-4108-b428-752cdfa229dc req-15a79c36-8153-4108-b428-752cdfa229dc ] Request (MigrationsAdminTest:test_list_migrations_in_flavor_resize_situation): 200 GET http://10.180.1.21/compute/v2.1/servers/959c58c5-2931-40dd-9afd-d3884a500adb 0.105s
2025-04-08 01:28:53.959 69846 INFO tempest.common.waiters [-] State transition "RESIZE/resize_migrated" ==> "RESIZE/resize_finish" after 40 second wait
2025-04-08 01:28:53.989 69794 INFO tempest.lib.common.rest_client [req-f11d4ea6-ff3f-46c1-ab5c-e6c93272b83f req-f11d4ea6-ff3f-46c1-ab5c-e6c93272b83f ] Request (AttachInterfacesTestJSON:test_create_list_show_delete_interfaces_by_fixed_ip): 200 GET http://10.180.1.21/compute/v2.1/servers/1c559ad5-c4a3-4efe-9cf9-6cb5d6d0b46a 0.095s
2025-04-08 01:28:53.994 69830 INFO tempest.lib.common.rest_client [req-ecb8c383-1784-49c6-b5f0-4f2fbc0c5f73 req-ecb8c383-1784-49c6-b5f0-4f2fbc0c5f73 ] Request (ListServerFiltersTestJSON:tearDownClass): 404 GET http://10.180.1.21/compute/v2.1/servers/e57af8df-0b59-4899-af1c-872051a1c0ff 0.044s
2025-04-08 01:28:54.052 69826 INFO tempest.lib.common.rest_client [req-f5dd18c0-1e9e-4d4f-90e1-3679b01670cb req-f5dd18c0-1e9e-4d4f-90e1-3679b01670cb ] Request (ServerActionsTestJSON:setUpClass): 200 GET http://10.180.1.21/compute/v2.1/servers/4095a995-43fe-4f2b-a38d-d83e46c20c7c 0.052s
2025-04-08 01:28:54.060 69830 INFO tempest.lib.common.rest_client [req-7315f04c-0401-4922-8b4c-c9839b8ce617 req-7315f04c-0401-4922-8b4c-c9839b8ce617 ] Request (ListServerFiltersTestJSON:tearDownClass): 204 DELETE http://10.180.1.21/compute/v2.1/servers/ed013635-0798-47d9-bfa6-4ad2673d96c1 0.066s
2025-04-08 01:28:54.116 69818 INFO tempest.lib.common.rest_client [req-5a304a69-4612-4424-b2b0-de1ba0de0d71 req-5a304a69-4612-4424-b2b0-de1ba0de0d71 ] Request (FloatingIPsAssociationNegativeTestJSON:tearDownClass): 200 GET http://10.180.1.21/compute/v2.1/servers/52f865a3-f591-46d5-9fdb-c4abc4616358 0.059s
2025-04-08 01:28:54.124 69818 INFO tempest.common.waiters [-] State transition "ACTIVE/deleting" ==> "DELETED/None" after 5 second wait
2025-04-08 01:28:54.164 69840 INFO tempest.lib.common.rest_client [req-a6283e7a-2708-4a1b-8b8f-bf869cf3e977 req-a6283e7a-2708-4a1b-8b8f-bf869cf3e977 ] Request (ServersTestMultiNic:test_verify_duplicate_network_nics): 200 GET http://10.180.1.21/compute/v2.1/servers/98f35e0d-bf83-4da6-a7f4-b8924c01bceb 0.157s
2025-04-08 01:28:54.227 69810 INFO tempest.lib.common.rest_client [req-7ee76334-a08e-450e-98a3-d7f4f08c1802 req-7ee76334-a08e-450e-98a3-d7f4f08c1802 ] Request (ServerDiagnosticsV248Test:test_get_server_diagnostics): 200 GET http://10.180.1.21/compute/v2.1/servers/e12f8476-00be-4b15-ac88-05b31bbecdb1 0.155s
2025-04-08 01:28:54.281 69828 INFO tempest.lib.common.rest_client [req-0b63485f-e738-4a5d-bf28-c5ef7b379acd req-0b63485f-e738-4a5d-bf28-c5ef7b379acd ] Request (DeleteServersTestJSON:test_delete_server_while_in_attached_volume): 200 GET http://10.180.1.21/compute/v2.1/servers/7b169415-c41d-4e7e-92f0-b1a052b96fcb 0.181s
2025-04-08 01:28:54.296 69830 INFO tempest.lib.common.rest_client [req-16466bea-71d6-4db5-8239-9ed370cec0f6 req-16466bea-71d6-4db5-8239-9ed370cec0f6 ] Request (ListServerFiltersTestJSON:tearDownClass): 200 GET http://10.180.1.21/compute/v2.1/servers/ed013635-0798-47d9-bfa6-4ad2673d96c1 0.236s
2025-04-08 01:28:54.344 69824 INFO tempest.lib.common.rest_client [req-5ecd1b27-07c7-4690-9679-fb8a02260f4c req-5ecd1b27-07c7-4690-9679-fb8a02260f4c ] Request (DeleteServersAdminTestJSON:test_delete_server_while_in_error_state): 200 GET http://10.180.1.21/compute/v2.1/servers/8c620fb8-43fd-42ef-a624-f7322147c3b0 0.210s
2025-04-08 01:28:54.530 69808 INFO tempest.lib.common.rest_client [req-0245cfa5-4abe-4e72-b9bd-36f53385b6bc req-0245cfa5-4abe-4e72-b9bd-36f53385b6bc ] Request (SecurityGroupsTestJSON:test_list_security_groups_by_server): 200 GET http://10.180.1.21/compute/v2.1/servers/b9fd194d-c0af-49f6-b185-f99e2ecfdb55 0.054s
2025-04-08 01:28:54.560 69838 INFO tempest.lib.common.rest_client [req-3c5e83be-c76d-4c6b-ba98-769c0d73d987 req-3c5e83be-c76d-4c6b-ba98-769c0d73d987 ] Request (ServersAdminNegativeTestJSON:tearDownClass): 200 GET http://10.180.1.21/compute/v2.1/servers/4359e04e-e11b-4565-9659-a800db1c6bc1 0.060s
2025-04-08 01:28:54.568 69838 INFO tempest.common.waiters [-] State transition "ACTIVE/deleting" ==> "DELETED/None" after 5 second wait
2025-04-08 01:28:54.621 69796 INFO tempest.lib.common.rest_client [req-d1211aa7-18d4-4a8d-b6e3-156d80c152c2 req-d1211aa7-18d4-4a8d-b6e3-156d80c152c2 ] Request (ListImageFiltersTestJSON:setUpClass): 200 GET http://10.180.1.21/compute/v2.1/servers/0511381c-3185-4825-9464-7b74e05e696f 0.050s
2025-04-08 01:28:54.718 69834 INFO tempest.lib.common.rest_client [req-eb1c2477-0658-4b01-ab9e-24ef9267a1fe req-eb1c2477-0658-4b01-ab9e-24ef9267a1fe ] Request (ServerMetadataTestJSON:tearDownClass): 200 GET http://10.180.1.21/compute/v2.1/servers/940e8a8f-5bdc-49fc-8aac-8383d2218376 0.073s
2025-04-08 01:28:54.767 69812 INFO tempest.lib.common.rest_client [req-1de235f6-f02d-4af1-9973-3acab9cd256d req-1de235f6-f02d-4af1-9973-3acab9cd256d ] Request (InstanceActionsV221TestJSON:test_get_list_deleted_instance_actions): 200 GET http://10.180.1.21/compute/v2.1/servers/08a284de-cadf-450c-ad61-fad59fd85358 0.113s
2025-04-08 01:28:54.771 69848 INFO tempest.lib.common.rest_client [req-631357fb-b536-4de0-a023-32b8bd20c1eb req-631357fb-b536-4de0-a023-32b8bd20c1eb ] Request (TenantUsagesTestJSON:tearDownClass): 200 GET http://10.180.1.21/compute/v2.1/servers/2d0eae83-e347-4b52-a5d6-322b6e613b28 0.067s
2025-04-08 01:28:54.776 69812 INFO tempest.common.waiters [-] State transition "BUILD/spawning" ==> "ACTIVE/None" after 68 second wait
2025-04-08 01:28:54.778 69800 WARNING tempest.lib.common.ssh [-] Failed to establish authenticated ssh connection to cirros@10.180.180.228 ([Errno None] Unable to connect to port 22 on 10.180.180.228). Number attempts: 5. Retry after 6 seconds.: paramiko.ssh_exception.NoValidConnectionsError: [Errno None] Unable to connect to port 22 on 10.180.180.228
2025-04-08 01:28:54.804 69842 INFO tempest.lib.common.rest_client [req-01776fa8-7560-43f1-a196-8901416ec76c req-01776fa8-7560-43f1-a196-8901416ec76c ] Request (ImagesOneServerTestJSON:test_create_image_specify_multibyte_character_image_name): 200 GET http://10.180.1.21/compute/v2.1/images/ce14c0a0-6cbd-44f9-838d-0cdf55afb568 0.073s
2025-04-08 01:28:54.816 69790 INFO tempest.lib.common.rest_client [req-7a08853a-1220-4d5f-9ed4-c2bd245e1557 req-7a08853a-1220-4d5f-9ed4-c2bd245e1557 ] Request (MultipleCreateTestJSON:test_multiple_create_with_reservation_return): 200 GET http://10.180.1.21/compute/v2.1/servers/78fdc5c0-51d8-49b9-929f-810f9439c84a 0.108s
2025-04-08 01:28:54.865 69798 INFO tempest.lib.common.rest_client [req-34309d76-dd5c-4762-b6b5-76f424337664 req-34309d76-dd5c-4762-b6b5-76f424337664 ] Request (ServersListShow298Test:test_list_show_update_rebuild_server_298): 200 GET http://10.180.1.21/compute/v2.1/servers/821a77a7-502f-482d-9e13-5317d69eab1e 0.095s
2025-04-08 01:28:54.895 69812 INFO tempest.lib.common.rest_client [req-f3acd8bb-fc3a-49d0-846c-d2516a1f9024 req-f3acd8bb-fc3a-49d0-846c-d2516a1f9024 ] Request (InstanceActionsV221TestJSON:test_get_list_deleted_instance_actions): 204 DELETE http://10.180.1.21/compute/v2.1/servers/08a284de-cadf-450c-ad61-fad59fd85358 0.118s
2025-04-08 01:28:54.933 69814 INFO tempest.lib.common.rest_client [req-b28f0864-8215-456b-a357-d2e02a56babb req-b28f0864-8215-456b-a357-d2e02a56babb ] Request (FloatingIPsAssociationTestJSON:tearDownClass): 200 GET http://10.180.1.21/compute/v2.1/servers/ac03567e-0faa-4105-87c5-f3d4a0a19289 0.134s
2025-04-08 01:28:55.000 69852 INFO tempest.lib.common.rest_client [req-872da2ef-0dcb-4530-89c8-6488703f1ffa req-872da2ef-0dcb-4530-89c8-6488703f1ffa ] Request (ServerGroupTestJSON:test_create_server_with_scheduler_hint_group): 200 GET http://10.180.1.21/compute/v2.1/servers/5cb99bc6-0db5-47ba-9b06-ab3be1f8908e 0.105s
2025-04-08 01:28:55.005 69812 INFO tempest.lib.common.rest_client [req-2e7f81b4-1e48-4134-95db-e12cae0b9577 req-2e7f81b4-1e48-4134-95db-e12cae0b9577 ] Request (InstanceActionsV221TestJSON:test_get_list_deleted_instance_actions): 200 GET http://10.180.1.21/compute/v2.1/servers/08a284de-cadf-450c-ad61-fad59fd85358 0.109s
2025-04-08 01:28:55.053 69806 INFO tempest.lib.common.rest_client [req-5441949e-3a3f-4be7-9bba-52bb1b654be1 req-5441949e-3a3f-4be7-9bba-52bb1b654be1 ] Request (ImagesTestJSON:test_create_image_from_stopped_server): 200 GET http://10.180.1.21/compute/v2.1/servers/4767f76b-6acb-43be-b46c-18b2ca550d18 0.103s
2025-04-08 01:28:55.109 69794 INFO tempest.lib.common.rest_client [req-e3447bcc-f0cf-4491-b26f-f32f103d8396 req-e3447bcc-f0cf-4491-b26f-f32f103d8396 ] Request (AttachInterfacesTestJSON:test_create_list_show_delete_interfaces_by_fixed_ip): 200 GET http://10.180.1.21/compute/v2.1/servers/1c559ad5-c4a3-4efe-9cf9-6cb5d6d0b46a 0.111s
2025-04-08 01:28:55.146 69846 INFO tempest.lib.common.rest_client [req-a8171343-d7dc-4a8a-b23a-fc497aaa594a req-a8171343-d7dc-4a8a-b23a-fc497aaa594a ] Request (MigrationsAdminTest:test_list_migrations_in_flavor_resize_situation): 200 GET http://10.180.1.21/compute/v2.1/servers/959c58c5-2931-40dd-9afd-d3884a500adb 0.186s
2025-04-08 01:28:55.158 69826 INFO tempest.lib.common.rest_client [req-c3cf2309-d90f-4a6b-ab72-f43900fa9ced req-c3cf2309-d90f-4a6b-ab72-f43900fa9ced ] Request (ServerActionsTestJSON:setUpClass): 200 GET http://10.180.1.21/compute/v2.1/servers/4095a995-43fe-4f2b-a38d-d83e46c20c7c 0.097s
2025-04-08 01:28:55.208 69818 INFO tempest.lib.common.rest_client [req-b2ebf20b-9f8b-4634-ad3e-1a076780a24b req-b2ebf20b-9f8b-4634-ad3e-1a076780a24b ] Request (FloatingIPsAssociationNegativeTestJSON:tearDownClass): 200 GET http://10.180.1.21/compute/v2.1/servers/52f865a3-f591-46d5-9fdb-c4abc4616358 0.082s
2025-04-08 01:28:55.310 69810 INFO tempest.lib.common.rest_client [req-4a2f00b5-9e18-4698-8b2a-524e1b61d532 req-4a2f00b5-9e18-4698-8b2a-524e1b61d532 ] Request (ServerDiagnosticsV248Test:test_get_server_diagnostics): 200 GET http://10.180.1.21/compute/v2.1/servers/e12f8476-00be-4b15-ac88-05b31bbecdb1 0.072s
2025-04-08 01:28:55.367 69828 INFO tempest.lib.common.rest_client [req-a1db96c3-4ae1-4a21-abb3-8f54cabd743a req-a1db96c3-4ae1-4a21-abb3-8f54cabd743a ] Request (DeleteServersTestJSON:test_delete_server_while_in_attached_volume): 200 GET http://10.180.1.21/compute/v2.1/servers/7b169415-c41d-4e7e-92f0-b1a052b96fcb 0.077s
2025-04-08 01:28:55.371 69840 INFO tempest.lib.common.rest_client [req-e755b345-7184-498a-94ba-81d5e0ba990c req-e755b345-7184-498a-94ba-81d5e0ba990c ] Request (ServersTestMultiNic:test_verify_duplicate_network_nics): 200 GET http://10.180.1.21/compute/v2.1/servers/98f35e0d-bf83-4da6-a7f4-b8924c01bceb 0.195s
2025-04-08 01:28:55.440 69824 INFO tempest.lib.common.rest_client [req-bde5a688-2da9-4460-b587-e54aa26a805d req-bde5a688-2da9-4460-b587-e54aa26a805d ] Request (DeleteServersAdminTestJSON:test_delete_server_while_in_error_state): 200 GET http://10.180.1.21/compute/v2.1/servers/8c620fb8-43fd-42ef-a624-f7322147c3b0 0.088s
2025-04-08 01:28:55.478 69830 INFO tempest.lib.common.rest_client [req-63764e66-4b92-4d71-b06e-599f57ebef17 req-63764e66-4b92-4d71-b06e-599f57ebef17 ] Request (ListServerFiltersTestJSON:tearDownClass): 200 GET http://10.180.1.21/compute/v2.1/servers/ed013635-0798-47d9-bfa6-4ad2673d96c1 0.170s
2025-04-08 01:28:55.547 69820 WARNING tempest.lib.common.ssh [-] Failed to establish authenticated ssh connection to cirros@10.180.180.147 ([Errno None] Unable to connect to port 22 on 10.180.180.147). Number attempts: 8. Retry after 9 seconds.: paramiko.ssh_exception.NoValidConnectionsError: [Errno None] Unable to connect to port 22 on 10.180.180.147
2025-04-08 01:28:55.591 69808 INFO tempest.lib.common.rest_client [req-6bf714c1-69f6-40bc-a7b5-1cbc8101abc3 req-6bf714c1-69f6-40bc-a7b5-1cbc8101abc3 ] Request (SecurityGroupsTestJSON:test_list_security_groups_by_server): 200 GET http://10.180.1.21/compute/v2.1/servers/b9fd194d-c0af-49f6-b185-f99e2ecfdb55 0.052s
2025-04-08 01:28:55.628 69838 INFO tempest.lib.common.rest_client [req-7d4815df-f4e6-41fe-9a27-3c037d7d2f5a req-7d4815df-f4e6-41fe-9a27-3c037d7d2f5a ] Request (ServersAdminNegativeTestJSON:tearDownClass): 200 GET http://10.180.1.21/compute/v2.1/servers/4359e04e-e11b-4565-9659-a800db1c6bc1 0.058s
2025-04-08 01:28:55.684 69796 INFO tempest.lib.common.rest_client [req-68238108-51ca-4867-9394-98fe84837fe8 req-68238108-51ca-4867-9394-98fe84837fe8 ] Request (ListImageFiltersTestJSON:setUpClass): 200 GET http://10.180.1.21/compute/v2.1/servers/0511381c-3185-4825-9464-7b74e05e696f 0.052s
2025-04-08 01:28:55.790 69834 INFO tempest.lib.common.rest_client [req-9f32881a-2052-4c65-b603-0e6ba65ee054 req-9f32881a-2052-4c65-b603-0e6ba65ee054 ] Request (ServerMetadataTestJSON:tearDownClass): 200 GET http://10.180.1.21/compute/v2.1/servers/940e8a8f-5bdc-49fc-8aac-8383d2218376 0.064s
2025-04-08 01:28:55.843 69842 INFO tempest.lib.common.rest_client [req-6851bc9c-8a46-4185-9fc4-6e8c5bd30e83 req-6851bc9c-8a46-4185-9fc4-6e8c5bd30e83 ] Request (ImagesOneServerTestJSON:test_create_image_specify_multibyte_character_image_name): 200 GET http://10.180.1.21/compute/v2.1/images/ce14c0a0-6cbd-44f9-838d-0cdf55afb568 0.036s
2025-04-08 01:28:55.846 69848 INFO tempest.lib.common.rest_client [req-7a55f284-da95-4ae0-ab65-00447004fe17 req-7a55f284-da95-4ae0-ab65-00447004fe17 ] Request (TenantUsagesTestJSON:tearDownClass): 200 GET http://10.180.1.21/compute/v2.1/servers/2d0eae83-e347-4b52-a5d6-322b6e613b28 0.067s
2025-04-08 01:28:55.894 69790 INFO tempest.lib.common.rest_client [req-30032228-7bac-4f92-8a37-5cf4766854c0 req-30032228-7bac-4f92-8a37-5cf4766854c0 ] Request (MultipleCreateTestJSON:test_multiple_create_with_reservation_return): 200 GET http://10.180.1.21/compute/v2.1/servers/78fdc5c0-51d8-49b9-929f-810f9439c84a 0.067s
2025-04-08 01:28:55.942 69798 INFO tempest.lib.common.rest_client [req-fc666f7a-9990-48e0-918b-dbb277969982 req-fc666f7a-9990-48e0-918b-dbb277969982 ] Request (ServersListShow298Test:test_list_show_update_rebuild_server_298): 200 GET http://10.180.1.21/compute/v2.1/servers/821a77a7-502f-482d-9e13-5317d69eab1e 0.063s
2025-04-08 01:28:56.009 69814 INFO tempest.lib.common.rest_client [req-907ca6f6-9200-4751-b0a8-1491d8216d2c req-907ca6f6-9200-4751-b0a8-1491d8216d2c ] Request (FloatingIPsAssociationTestJSON:tearDownClass): 200 GET http://10.180.1.21/compute/v2.1/servers/ac03567e-0faa-4105-87c5-f3d4a0a19289 0.067s
2025-04-08 01:28:56.067 69852 INFO tempest.lib.common.rest_client [req-612a404e-871d-4718-a5fa-0bb962a0f8aa req-612a404e-871d-4718-a5fa-0bb962a0f8aa ] Request (ServerGroupTestJSON:test_create_server_with_scheduler_hint_group): 200 GET http://10.180.1.21/compute/v2.1/servers/5cb99bc6-0db5-47ba-9b06-ab3be1f8908e 0.059s
2025-04-08 01:28:56.113 69806 INFO tempest.lib.common.rest_client [req-4920a1f0-683d-4a02-a7d9-f2becf24020a req-4920a1f0-683d-4a02-a7d9-f2becf24020a ] Request (ImagesTestJSON:test_create_image_from_stopped_server): 200 GET http://10.180.1.21/compute/v2.1/servers/4767f76b-6acb-43be-b46c-18b2ca550d18 0.051s
2025-04-08 01:28:56.126 69812 INFO tempest.lib.common.rest_client [req-ea58b885-5a12-4990-b41c-caab92569e48 req-ea58b885-5a12-4990-b41c-caab92569e48 ] Request (InstanceActionsV221TestJSON:test_get_list_deleted_instance_actions): 200 GET http://10.180.1.21/compute/v2.1/servers/08a284de-cadf-450c-ad61-fad59fd85358 0.111s
2025-04-08 01:28:56.165 69794 INFO tempest.lib.common.rest_client [req-ffee7dd4-3144-4a53-92f2-1d37ad0743fb req-ffee7dd4-3144-4a53-92f2-1d37ad0743fb ] Request (AttachInterfacesTestJSON:test_create_list_show_delete_interfaces_by_fixed_ip): 200 GET http://10.180.1.21/compute/v2.1/servers/1c559ad5-c4a3-4efe-9cf9-6cb5d6d0b46a 0.047s
2025-04-08 01:28:56.243 69826 INFO tempest.lib.common.rest_client [req-2fa03d46-69cc-4388-9a96-2039b030d1b1 req-2fa03d46-69cc-4388-9a96-2039b030d1b1 ] Request (ServerActionsTestJSON:setUpClass): 200 GET http://10.180.1.21/compute/v2.1/servers/4095a995-43fe-4f2b-a38d-d83e46c20c7c 0.075s
2025-04-08 01:28:56.249 69826 INFO tempest.common.waiters [-] State transition "BUILD/None" ==> "BUILD/networking" after 64 second wait
2025-04-08 01:28:56.282 69846 INFO tempest.lib.common.rest_client [req-5a255dfc-1910-48c8-a883-77c5e11e5d89 req-5a255dfc-1910-48c8-a883-77c5e11e5d89 ] Request (MigrationsAdminTest:test_list_migrations_in_flavor_resize_situation): 200 GET http://10.180.1.21/compute/v2.1/servers/959c58c5-2931-40dd-9afd-d3884a500adb 0.127s
2025-04-08 01:28:56.302 69818 INFO tempest.lib.common.rest_client [req-9675fea2-eeab-4198-a89e-d9c9c556a70a req-9675fea2-eeab-4198-a89e-d9c9c556a70a ] Request (FloatingIPsAssociationNegativeTestJSON:tearDownClass): 200 GET http://10.180.1.21/compute/v2.1/servers/52f865a3-f591-46d5-9fdb-c4abc4616358 0.086s
2025-04-08 01:28:56.391 69810 INFO tempest.lib.common.rest_client [req-eec49154-fc60-4181-909c-1e7461f79a60 req-eec49154-fc60-4181-909c-1e7461f79a60 ] Request (ServerDiagnosticsV248Test:test_get_server_diagnostics): 200 GET http://10.180.1.21/compute/v2.1/servers/e12f8476-00be-4b15-ac88-05b31bbecdb1 0.065s
2025-04-08 01:28:56.432 69828 INFO tempest.lib.common.rest_client [req-e29b1fca-df56-406c-8b54-a17bcea650e5 req-e29b1fca-df56-406c-8b54-a17bcea650e5 ] Request (DeleteServersTestJSON:test_delete_server_while_in_attached_volume): 200 GET http://10.180.1.21/compute/v2.1/servers/7b169415-c41d-4e7e-92f0-b1a052b96fcb 0.058s
2025-04-08 01:28:56.440 69828 INFO tempest.common.waiters [-] State transition "BUILD/scheduling" ==> "BUILD/None" after 45 second wait
2025-04-08 01:28:56.512 69840 INFO tempest.lib.common.rest_client [req-98dabcda-257f-4a69-a56b-e055e386a09c req-98dabcda-257f-4a69-a56b-e055e386a09c ] Request (ServersTestMultiNic:test_verify_duplicate_network_nics): 200 GET http://10.180.1.21/compute/v2.1/servers/98f35e0d-bf83-4da6-a7f4-b8924c01bceb 0.133s
2025-04-08 01:28:56.523 69824 INFO tempest.lib.common.rest_client [req-009da560-1df4-422c-ae35-b6bb646ec06e req-009da560-1df4-422c-ae35-b6bb646ec06e ] Request (DeleteServersAdminTestJSON:test_delete_server_while_in_error_state): 200 GET http://10.180.1.21/compute/v2.1/servers/8c620fb8-43fd-42ef-a624-f7322147c3b0 0.073s
2025-04-08 01:28:56.526 69840 INFO tempest.common.waiters [-] State transition "BUILD/spawning" ==> "ACTIVE/None" after 73 second wait
2025-04-08 01:28:56.567 69840 INFO tempest.lib.common.rest_client [req-82ce726b-5db5-42af-8b7a-cb86b6eec347 req-82ce726b-5db5-42af-8b7a-cb86b6eec347 ] Request (ServersTestMultiNic:test_verify_duplicate_network_nics): 200 GET http://10.180.1.21/compute/v2.1/servers/98f35e0d-bf83-4da6-a7f4-b8924c01bceb/ips 0.040s
2025-04-08 01:28:56.600 69830 INFO tempest.lib.common.rest_client [req-93316608-a448-4c04-9ae1-4823220c95a6 req-93316608-a448-4c04-9ae1-4823220c95a6 ] Request (ListServerFiltersTestJSON:tearDownClass): 200 GET http://10.180.1.21/compute/v2.1/servers/ed013635-0798-47d9-bfa6-4ad2673d96c1 0.115s
2025-04-08 01:28:56.661 69808 INFO tempest.lib.common.rest_client [req-db89b155-9067-47c1-80f2-bf83ceef5dff req-db89b155-9067-47c1-80f2-bf83ceef5dff ] Request (SecurityGroupsTestJSON:test_list_security_groups_by_server): 200 GET http://10.180.1.21/compute/v2.1/servers/b9fd194d-c0af-49f6-b185-f99e2ecfdb55 0.063s
2025-04-08 01:28:56.664 69840 INFO tempest.lib.common.rest_client [req-79adb045-fe59-43d3-a91f-195ebe698c3b req-79adb045-fe59-43d3-a91f-195ebe698c3b ] Request (ServersTestMultiNic:_run_cleanups): 204 DELETE http://10.180.1.21/compute/v2.1/servers/98f35e0d-bf83-4da6-a7f4-b8924c01bceb 0.095s
2025-04-08 01:28:56.731 69838 INFO tempest.lib.common.rest_client [req-88903d20-74d7-4ea9-ad8a-5aa6c29708f0 req-88903d20-74d7-4ea9-ad8a-5aa6c29708f0 ] Request (ServersAdminNegativeTestJSON:tearDownClass): 200 GET http://10.180.1.21/compute/v2.1/servers/4359e04e-e11b-4565-9659-a800db1c6bc1 0.093s
2025-04-08 01:28:56.789 69840 INFO tempest.lib.common.rest_client [req-f5996422-f062-495c-8269-30e4d7928f0d req-f5996422-f062-495c-8269-30e4d7928f0d ] Request (ServersTestMultiNic:_run_cleanups): 200 GET http://10.180.1.21/compute/v2.1/servers/98f35e0d-bf83-4da6-a7f4-b8924c01bceb 0.123s
2025-04-08 01:28:56.792 69796 INFO tempest.lib.common.rest_client [req-00a536ff-f691-4994-bdb1-4690bb5fe1ab req-00a536ff-f691-4994-bdb1-4690bb5fe1ab ] Request (ListImageFiltersTestJSON:setUpClass): 200 GET http://10.180.1.21/compute/v2.1/servers/0511381c-3185-4825-9464-7b74e05e696f 0.099s
2025-04-08 01:28:56.866 69834 INFO tempest.lib.common.rest_client [req-4bc33d48-cf1f-4bf6-8dd2-ce8fcd8cee91 req-4bc33d48-cf1f-4bf6-8dd2-ce8fcd8cee91 ] Request (ServerMetadataTestJSON:tearDownClass): 200 GET http://10.180.1.21/compute/v2.1/servers/940e8a8f-5bdc-49fc-8aac-8383d2218376 0.066s
2025-04-08 01:28:56.886 69842 INFO tempest.lib.common.rest_client [req-4a4322bb-e8a4-4263-93bc-1dd38dd5ef4e req-4a4322bb-e8a4-4263-93bc-1dd38dd5ef4e ] Request (ImagesOneServerTestJSON:test_create_image_specify_multibyte_character_image_name): 200 GET http://10.180.1.21/compute/v2.1/images/ce14c0a0-6cbd-44f9-838d-0cdf55afb568 0.038s
2025-04-08 01:28:56.893 69836 WARNING tempest.lib.common.ssh [-] Failed to establish authenticated ssh connection to cirros@10.180.180.224 ([Errno None] Unable to connect to port 22 on 10.180.180.224). Number attempts: 1. Retry after 2 seconds.: paramiko.ssh_exception.NoValidConnectionsError: [Errno None] Unable to connect to port 22 on 10.180.180.224
2025-04-08 01:28:56.933 69848 INFO tempest.lib.common.rest_client [req-aaa5e97d-bbf0-47fa-b9f2-865f89cec07c req-aaa5e97d-bbf0-47fa-b9f2-865f89cec07c ] Request (TenantUsagesTestJSON:tearDownClass): 200 GET http://10.180.1.21/compute/v2.1/servers/2d0eae83-e347-4b52-a5d6-322b6e613b28 0.079s
2025-04-08 01:28:56.965 69790 INFO tempest.lib.common.rest_client [req-c780be89-7938-4d2e-9bbb-2e601b050b59 req-c780be89-7938-4d2e-9bbb-2e601b050b59 ] Request (MultipleCreateTestJSON:test_multiple_create_with_reservation_return): 200 GET http://10.180.1.21/compute/v2.1/servers/78fdc5c0-51d8-49b9-929f-810f9439c84a 0.062s
2025-04-08 01:28:57.032 69798 INFO tempest.lib.common.rest_client [req-07d28e45-d4f9-4031-9449-4c78d073d863 req-07d28e45-d4f9-4031-9449-4c78d073d863 ] Request (ServersListShow298Test:test_list_show_update_rebuild_server_298): 200 GET http://10.180.1.21/compute/v2.1/servers/821a77a7-502f-482d-9e13-5317d69eab1e 0.078s
2025-04-08 01:28:57.084 69814 INFO tempest.lib.common.rest_client [req-d683c0ed-d924-4b65-a3b7-1279487b4519 req-d683c0ed-d924-4b65-a3b7-1279487b4519 ] Request (FloatingIPsAssociationTestJSON:tearDownClass): 200 GET http://10.180.1.21/compute/v2.1/servers/ac03567e-0faa-4105-87c5-f3d4a0a19289 0.066s
2025-04-08 01:28:57.138 69852 INFO tempest.lib.common.rest_client [req-cfb3422d-9a49-4fbb-ba8b-e1a0d8f4aed3 req-cfb3422d-9a49-4fbb-ba8b-e1a0d8f4aed3 ] Request (ServerGroupTestJSON:test_create_server_with_scheduler_hint_group): 200 GET http://10.180.1.21/compute/v2.1/servers/5cb99bc6-0db5-47ba-9b06-ab3be1f8908e 0.058s
2025-04-08 01:28:57.183 69806 INFO tempest.lib.common.rest_client [req-2fea8e7b-48c4-41c4-8109-0f4cafa01ba4 req-2fea8e7b-48c4-41c4-8109-0f4cafa01ba4 ] Request (ImagesTestJSON:test_create_image_from_stopped_server): 200 GET http://10.180.1.21/compute/v2.1/servers/4767f76b-6acb-43be-b46c-18b2ca550d18 0.061s
2025-04-08 01:28:57.192 69806 INFO tempest.common.waiters [-] State transition "BUILD/scheduling" ==> "BUILD/None" after 45 second wait
2025-04-08 01:28:57.255 69794 INFO tempest.lib.common.rest_client [req-c8dd1cd5-5578-4457-8359-e932bc2e1201 req-c8dd1cd5-5578-4457-8359-e932bc2e1201 ] Request (AttachInterfacesTestJSON:test_create_list_show_delete_interfaces_by_fixed_ip): 200 GET http://10.180.1.21/compute/v2.1/servers/1c559ad5-c4a3-4efe-9cf9-6cb5d6d0b46a 0.082s
2025-04-08 01:28:57.292 69812 INFO tempest.lib.common.rest_client [req-db6f5fb8-6af6-4f50-88d0-2e59bcfc4cd1 req-db6f5fb8-6af6-4f50-88d0-2e59bcfc4cd1 ] Request (InstanceActionsV221TestJSON:test_get_list_deleted_instance_actions): 200 GET http://10.180.1.21/compute/v2.1/servers/08a284de-cadf-450c-ad61-fad59fd85358 0.154s
2025-04-08 01:28:57.338 69832 WARNING tempest.lib.common.ssh [-] Failed to establish authenticated ssh connection to cirros@10.180.180.138 ([Errno None] Unable to connect to port 22 on 10.180.180.138). Number attempts: 8. Retry after 9 seconds.: paramiko.ssh_exception.NoValidConnectionsError: [Errno None] Unable to connect to port 22 on 10.180.180.138
2025-04-08 01:28:57.442 69826 INFO tempest.lib.common.rest_client [req-10c9a81f-dcfb-4086-a1e6-7a70c2ed68d1 req-10c9a81f-dcfb-4086-a1e6-7a70c2ed68d1 ] Request (ServerActionsTestJSON:setUpClass): 200 GET http://10.180.1.21/compute/v2.1/servers/4095a995-43fe-4f2b-a38d-d83e46c20c7c 0.191s
2025-04-08 01:28:57.445 69846 INFO tempest.lib.common.rest_client [req-1bf616c7-2ee2-42fd-b306-5ec2ba04c7ae req-1bf616c7-2ee2-42fd-b306-5ec2ba04c7ae ] Request (MigrationsAdminTest:test_list_migrations_in_flavor_resize_situation): 200 GET http://10.180.1.21/compute/v2.1/servers/959c58c5-2931-40dd-9afd-d3884a500adb 0.156s
2025-04-08 01:28:57.452 69826 INFO tempest.common.waiters [-] State transition "BUILD/networking" ==> "BUILD/block_device_mapping" after 65 second wait
2025-04-08 01:28:57.453 69846 INFO tempest.common.waiters [-] State transition "RESIZE/resize_finish" ==> "VERIFY_RESIZE/None" after 44 second wait
2025-04-08 01:28:57.517 69810 INFO tempest.lib.common.rest_client [req-d52306a7-9d31-4b58-a5f9-b2e8f46f1374 req-d52306a7-9d31-4b58-a5f9-b2e8f46f1374 ] Request (ServerDiagnosticsV248Test:test_get_server_diagnostics): 200 GET http://10.180.1.21/compute/v2.1/servers/e12f8476-00be-4b15-ac88-05b31bbecdb1 0.113s
2025-04-08 01:28:57.528 69818 INFO tempest.lib.common.rest_client [req-0d6fdb4a-b742-46c0-a5ca-a052d4cb71d5 req-0d6fdb4a-b742-46c0-a5ca-a052d4cb71d5 ] Request (FloatingIPsAssociationNegativeTestJSON:tearDownClass): 200 GET http://10.180.1.21/compute/v2.1/servers/52f865a3-f591-46d5-9fdb-c4abc4616358 0.220s
2025-04-08 01:28:57.574 69828 INFO tempest.lib.common.rest_client [req-dfa36e1f-9527-40f7-ab91-aa6495e1c2b6 req-dfa36e1f-9527-40f7-ab91-aa6495e1c2b6 ] Request (DeleteServersTestJSON:test_delete_server_while_in_attached_volume): 200 GET http://10.180.1.21/compute/v2.1/servers/7b169415-c41d-4e7e-92f0-b1a052b96fcb 0.134s
2025-04-08 01:28:57.591 69846 INFO tempest.lib.common.rest_client [req-9513d688-3ca9-4e27-9d4a-762535337080 req-9513d688-3ca9-4e27-9d4a-762535337080 ] Request (MigrationsAdminTest:test_list_migrations_in_flavor_resize_situation): 204 POST http://10.180.1.21/compute/v2.1/servers/959c58c5-2931-40dd-9afd-d3884a500adb/action 0.137s
2025-04-08 01:28:57.634 69824 INFO tempest.lib.common.rest_client [req-e4a426d6-45ce-4f50-a15a-4c477bb39549 req-e4a426d6-45ce-4f50-a15a-4c477bb39549 ] Request (DeleteServersAdminTestJSON:test_delete_server_while_in_error_state): 200 GET http://10.180.1.21/compute/v2.1/servers/8c620fb8-43fd-42ef-a624-f7322147c3b0 0.100s
2025-04-08 01:28:57.695 69830 INFO tempest.lib.common.rest_client [req-f9f21b90-1b87-41e8-9bcb-ae8a84436347 req-f9f21b90-1b87-41e8-9bcb-ae8a84436347 ] Request (ListServerFiltersTestJSON:tearDownClass): 200 GET http://10.180.1.21/compute/v2.1/servers/ed013635-0798-47d9-bfa6-4ad2673d96c1 0.083s
2025-04-08 01:28:57.702 69846 INFO tempest.lib.common.rest_client [req-67c1825b-b4d9-4bce-a506-a62659e6f36a req-67c1825b-b4d9-4bce-a506-a62659e6f36a ] Request (MigrationsAdminTest:test_list_migrations_in_flavor_resize_situation): 200 GET http://10.180.1.21/compute/v2.1/servers/959c58c5-2931-40dd-9afd-d3884a500adb 0.110s
2025-04-08 01:28:57.705 69830 INFO tempest.common.waiters [-] State transition "ACTIVE/deleting" ==> "DELETED/None" after 3 second wait
2025-04-08 01:28:57.745 69808 INFO tempest.lib.common.rest_client [req-d69cc6d4-1185-4556-ad3c-b5a6a85884e7 req-d69cc6d4-1185-4556-ad3c-b5a6a85884e7 ] Request (SecurityGroupsTestJSON:test_list_security_groups_by_server): 200 GET http://10.180.1.21/compute/v2.1/servers/b9fd194d-c0af-49f6-b185-f99e2ecfdb55 0.072s
2025-04-08 01:28:57.801 69838 INFO tempest.lib.common.rest_client [req-1511ccc5-e720-4173-a29e-d0a91e916d70 req-1511ccc5-e720-4173-a29e-d0a91e916d70 ] Request (ServersAdminNegativeTestJSON:tearDownClass): 200 GET http://10.180.1.21/compute/v2.1/servers/4359e04e-e11b-4565-9659-a800db1c6bc1 0.061s
2025-04-08 01:28:57.850 69816 WARNING tempest.lib.common.ssh [-] Failed to establish authenticated ssh connection to cirros@10.180.180.207 ([Errno None] Unable to connect to port 22 on 10.180.180.207). Number attempts: 5. Retry after 6 seconds.: paramiko.ssh_exception.NoValidConnectionsError: [Errno None] Unable to connect to port 22 on 10.180.180.207
2025-04-08 01:28:57.866 69796 INFO tempest.lib.common.rest_client [req-e5049d91-40fa-487d-9123-11c723f06436 req-e5049d91-40fa-487d-9123-11c723f06436 ] Request (ListImageFiltersTestJSON:setUpClass): 200 GET http://10.180.1.21/compute/v2.1/servers/0511381c-3185-4825-9464-7b74e05e696f 0.067s
2025-04-08 01:28:57.918 69840 INFO tempest.lib.common.rest_client [req-4a933f15-8b83-4866-a2ed-ef957472a3d1 req-4a933f15-8b83-4866-a2ed-ef957472a3d1 ] Request (ServersTestMultiNic:_run_cleanups): 200 GET http://10.180.1.21/compute/v2.1/servers/98f35e0d-bf83-4da6-a7f4-b8924c01bceb 0.116s
2025-04-08 01:28:57.941 69834 INFO tempest.lib.common.rest_client [req-7309f21a-6c08-41fa-9fd0-779beea250ae req-7309f21a-6c08-41fa-9fd0-779beea250ae ] Request (ServerMetadataTestJSON:tearDownClass): 200 GET http://10.180.1.21/compute/v2.1/servers/940e8a8f-5bdc-49fc-8aac-8383d2218376 0.067s
2025-04-08 01:28:57.957 69842 INFO tempest.lib.common.rest_client [req-695b55a6-76f0-4c50-9afc-bdd79e194193 req-695b55a6-76f0-4c50-9afc-bdd79e194193 ] Request (ImagesOneServerTestJSON:test_create_image_specify_multibyte_character_image_name): 200 GET http://10.180.1.21/compute/v2.1/images/ce14c0a0-6cbd-44f9-838d-0cdf55afb568 0.067s
2025-04-08 01:28:58.005 69848 INFO tempest.lib.common.rest_client [req-00aa85a3-f594-405d-be4d-1d3f890d8845 req-00aa85a3-f594-405d-be4d-1d3f890d8845 ] Request (TenantUsagesTestJSON:tearDownClass): 200 GET http://10.180.1.21/compute/v2.1/servers/2d0eae83-e347-4b52-a5d6-322b6e613b28 0.064s
2025-04-08 01:28:58.035 69790 INFO tempest.lib.common.rest_client [req-8bba761e-d105-4497-a047-82b9c744488c req-8bba761e-d105-4497-a047-82b9c744488c ] Request (MultipleCreateTestJSON:test_multiple_create_with_reservation_return): 200 GET http://10.180.1.21/compute/v2.1/servers/78fdc5c0-51d8-49b9-929f-810f9439c84a 0.061s
2025-04-08 01:28:58.105 69798 INFO tempest.lib.common.rest_client [req-666b26f1-069b-4ba7-816a-7ebe1cf345f8 req-666b26f1-069b-4ba7-816a-7ebe1cf345f8 ] Request (ServersListShow298Test:test_list_show_update_rebuild_server_298): 200 GET http://10.180.1.21/compute/v2.1/servers/821a77a7-502f-482d-9e13-5317d69eab1e 0.061s
2025-04-08 01:28:58.156 69814 INFO tempest.lib.common.rest_client [req-74f48f61-5562-46aa-8a8c-d937f02d1bcb req-74f48f61-5562-46aa-8a8c-d937f02d1bcb ] Request (FloatingIPsAssociationTestJSON:tearDownClass): 200 GET http://10.180.1.21/compute/v2.1/servers/ac03567e-0faa-4105-87c5-f3d4a0a19289 0.062s
2025-04-08 01:28:58.199 69852 INFO tempest.lib.common.rest_client [req-99d52008-4fe7-474f-818f-1cd3529ab422 req-99d52008-4fe7-474f-818f-1cd3529ab422 ] Request (ServerGroupTestJSON:test_create_server_with_scheduler_hint_group): 200 GET http://10.180.1.21/compute/v2.1/servers/5cb99bc6-0db5-47ba-9b06-ab3be1f8908e 0.051s
2025-04-08 01:28:58.247 69806 INFO tempest.lib.common.rest_client [req-7204b6f8-97f4-4ebe-8492-3763473cf1a2 req-7204b6f8-97f4-4ebe-8492-3763473cf1a2 ] Request (ImagesTestJSON:test_create_image_from_stopped_server): 200 GET http://10.180.1.21/compute/v2.1/servers/4767f76b-6acb-43be-b46c-18b2ca550d18 0.055s
2025-04-08 01:28:58.324 69794 INFO tempest.lib.common.rest_client [req-22c231cf-0229-4027-9ec9-b685c4193723 req-22c231cf-0229-4027-9ec9-b685c4193723 ] Request (AttachInterfacesTestJSON:test_create_list_show_delete_interfaces_by_fixed_ip): 200 GET http://10.180.1.21/compute/v2.1/servers/1c559ad5-c4a3-4efe-9cf9-6cb5d6d0b46a 0.056s
2025-04-08 01:28:58.370 69812 INFO tempest.lib.common.rest_client [req-d8301139-442a-45f8-8c63-604cae6c8f1e req-d8301139-442a-45f8-8c63-604cae6c8f1e ] Request (InstanceActionsV221TestJSON:test_get_list_deleted_instance_actions): 200 GET http://10.180.1.21/compute/v2.1/servers/08a284de-cadf-450c-ad61-fad59fd85358 0.067s
2025-04-08 01:28:58.557 69826 INFO tempest.lib.common.rest_client [req-3cf69a76-4f9c-4c75-a0c5-40e5fed8f663 req-3cf69a76-4f9c-4c75-a0c5-40e5fed8f663 ] Request (ServerActionsTestJSON:setUpClass): 200 GET http://10.180.1.21/compute/v2.1/servers/4095a995-43fe-4f2b-a38d-d83e46c20c7c 0.104s
2025-04-08 01:28:58.565 69826 INFO tempest.common.waiters [-] State transition "BUILD/block_device_mapping" ==> "BUILD/spawning" after 66 second wait
2025-04-08 01:28:58.584 69810 INFO tempest.lib.common.rest_client [req-a7f4e62e-3fc0-48fc-969c-eeb63b5fad1f req-a7f4e62e-3fc0-48fc-969c-eeb63b5fad1f ] Request (ServerDiagnosticsV248Test:test_get_server_diagnostics): 200 GET http://10.180.1.21/compute/v2.1/servers/e12f8476-00be-4b15-ac88-05b31bbecdb1 0.057s
2025-04-08 01:28:58.621 69818 INFO tempest.lib.common.rest_client [req-d72f768c-bc96-4672-bb13-73f402489c1f req-d72f768c-bc96-4672-bb13-73f402489c1f ] Request (FloatingIPsAssociationNegativeTestJSON:tearDownClass): 200 GET http://10.180.1.21/compute/v2.1/servers/52f865a3-f591-46d5-9fdb-c4abc4616358 0.083s
2025-04-08 01:28:58.637 69828 INFO tempest.lib.common.rest_client [req-55fe6666-7396-4a49-8deb-5b4caa6b5cb0 req-55fe6666-7396-4a49-8deb-5b4caa6b5cb0 ] Request (DeleteServersTestJSON:test_delete_server_while_in_attached_volume): 200 GET http://10.180.1.21/compute/v2.1/servers/7b169415-c41d-4e7e-92f0-b1a052b96fcb 0.053s
2025-04-08 01:28:58.700 69824 INFO tempest.lib.common.rest_client [req-47fedfd1-3e3c-4a06-a27f-0f497ce543b3 req-47fedfd1-3e3c-4a06-a27f-0f497ce543b3 ] Request (DeleteServersAdminTestJSON:test_delete_server_while_in_error_state): 200 GET http://10.180.1.21/compute/v2.1/servers/8c620fb8-43fd-42ef-a624-f7322147c3b0 0.054s
2025-04-08 01:28:58.773 69830 INFO tempest.lib.common.rest_client [req-c701554f-e0d2-4ba4-a247-a38570508799 req-c701554f-e0d2-4ba4-a247-a38570508799 ] Request (ListServerFiltersTestJSON:tearDownClass): 200 GET http://10.180.1.21/compute/v2.1/servers/ed013635-0798-47d9-bfa6-4ad2673d96c1 0.066s
2025-04-08 01:28:58.828 69808 INFO tempest.lib.common.rest_client [req-a64ebde7-eb30-4614-90ee-d17d1a92cbe1 req-a64ebde7-eb30-4614-90ee-d17d1a92cbe1 ] Request (SecurityGroupsTestJSON:test_list_security_groups_by_server): 200 GET http://10.180.1.21/compute/v2.1/servers/b9fd194d-c0af-49f6-b185-f99e2ecfdb55 0.075s
2025-04-08 01:28:58.836 69846 INFO tempest.lib.common.rest_client [req-ca97d595-bf25-434d-8753-ec056977cd72 req-ca97d595-bf25-434d-8753-ec056977cd72 ] Request (MigrationsAdminTest:test_list_migrations_in_flavor_resize_situation): 200 GET http://10.180.1.21/compute/v2.1/servers/959c58c5-2931-40dd-9afd-d3884a500adb 0.126s
2025-04-08 01:28:58.886 69838 INFO tempest.lib.common.rest_client [req-c827a4a4-0f0d-4a5d-a17f-6f81837923e4 req-c827a4a4-0f0d-4a5d-a17f-6f81837923e4 ] Request (ServersAdminNegativeTestJSON:tearDownClass): 200 GET http://10.180.1.21/compute/v2.1/servers/4359e04e-e11b-4565-9659-a800db1c6bc1 0.076s
2025-04-08 01:28:58.926 69796 INFO tempest.lib.common.rest_client [req-d506da93-4b4b-43df-acbb-2768800032ed req-d506da93-4b4b-43df-acbb-2768800032ed ] Request (ListImageFiltersTestJSON:setUpClass): 200 GET http://10.180.1.21/compute/v2.1/servers/0511381c-3185-4825-9464-7b74e05e696f 0.051s
2025-04-08 01:28:59.023 69834 INFO tempest.lib.common.rest_client [req-4eed36cb-c785-43a6-9d20-ce0f614adefa req-4eed36cb-c785-43a6-9d20-ce0f614adefa ] Request (ServerMetadataTestJSON:tearDownClass): 200 GET http://10.180.1.21/compute/v2.1/servers/940e8a8f-5bdc-49fc-8aac-8383d2218376 0.074s
2025-04-08 01:28:59.041 69840 INFO tempest.lib.common.rest_client [req-50c55478-883c-4eeb-88d4-d0fd9973a7ac req-50c55478-883c-4eeb-88d4-d0fd9973a7ac ] Request (ServersTestMultiNic:_run_cleanups): 200 GET http://10.180.1.21/compute/v2.1/servers/98f35e0d-bf83-4da6-a7f4-b8924c01bceb 0.113s
2025-04-08 01:28:59.062 69842 INFO tempest.lib.common.rest_client [req-af11811a-50eb-4908-b1f1-0484f1bcc698 req-af11811a-50eb-4908-b1f1-0484f1bcc698 ] Request (ImagesOneServerTestJSON:test_create_image_specify_multibyte_character_image_name): 200 GET http://10.180.1.21/compute/v2.1/images/ce14c0a0-6cbd-44f9-838d-0cdf55afb568 0.099s
2025-04-08 01:28:59.121 69790 INFO tempest.lib.common.rest_client [req-30190f25-68a3-472a-ba5e-b97101088b02 req-30190f25-68a3-472a-ba5e-b97101088b02 ] Request (MultipleCreateTestJSON:test_multiple_create_with_reservation_return): 200 GET http://10.180.1.21/compute/v2.1/servers/78fdc5c0-51d8-49b9-929f-810f9439c84a 0.078s
2025-04-08 01:28:59.122 69848 INFO tempest.lib.common.rest_client [req-08af3935-0623-403b-be81-1d9b5cf7ee13 req-08af3935-0623-403b-be81-1d9b5cf7ee13 ] Request (TenantUsagesTestJSON:tearDownClass): 200 GET http://10.180.1.21/compute/v2.1/servers/2d0eae83-e347-4b52-a5d6-322b6e613b28 0.109s
2025-04-08 01:28:59.128 69802 WARNING tempest.lib.common.ssh [-] Failed to establish authenticated ssh connection to cirros@10.180.180.164 ([Errno None] Unable to connect to port 22 on 10.180.180.164). Number attempts: 10. Retry after 11 seconds.: paramiko.ssh_exception.NoValidConnectionsError: [Errno None] Unable to connect to port 22 on 10.180.180.164
2025-04-08 01:28:59.183 69798 INFO tempest.lib.common.rest_client [req-1065673d-cc6e-4d5f-bffc-9d7abd00062f req-1065673d-cc6e-4d5f-bffc-9d7abd00062f ] Request (ServersListShow298Test:test_list_show_update_rebuild_server_298): 200 GET http://10.180.1.21/compute/v2.1/servers/821a77a7-502f-482d-9e13-5317d69eab1e 0.067s
2025-04-08 01:28:59.229 69814 INFO tempest.lib.common.rest_client [req-a1e6da03-771b-4989-8474-648c4b53e956 req-a1e6da03-771b-4989-8474-648c4b53e956 ] Request (FloatingIPsAssociationTestJSON:tearDownClass): 200 GET http://10.180.1.21/compute/v2.1/servers/ac03567e-0faa-4105-87c5-f3d4a0a19289 0.066s
2025-04-08 01:28:59.265 69852 INFO tempest.lib.common.rest_client [req-d41ba855-aa60-4990-bc9b-e16b0639032d req-d41ba855-aa60-4990-bc9b-e16b0639032d ] Request (ServerGroupTestJSON:test_create_server_with_scheduler_hint_group): 200 GET http://10.180.1.21/compute/v2.1/servers/5cb99bc6-0db5-47ba-9b06-ab3be1f8908e 0.058s
2025-04-08 01:28:59.326 69806 INFO tempest.lib.common.rest_client [req-1e27f66e-874e-497a-ae70-407f697cd6db req-1e27f66e-874e-497a-ae70-407f697cd6db ] Request (ImagesTestJSON:test_create_image_from_stopped_server): 200 GET http://10.180.1.21/compute/v2.1/servers/4767f76b-6acb-43be-b46c-18b2ca550d18 0.071s
2025-04-08 01:28:59.392 69794 INFO tempest.lib.common.rest_client [req-3ffab6be-eb68-4192-a6b6-779126d67d54 req-3ffab6be-eb68-4192-a6b6-779126d67d54 ] Request (AttachInterfacesTestJSON:test_create_list_show_delete_interfaces_by_fixed_ip): 200 GET http://10.180.1.21/compute/v2.1/servers/1c559ad5-c4a3-4efe-9cf9-6cb5d6d0b46a 0.060s
2025-04-08 01:28:59.447 69812 INFO tempest.lib.common.rest_client [req-95fb1099-6a27-4dff-9dac-93c2763d6a48 req-95fb1099-6a27-4dff-9dac-93c2763d6a48 ] Request (InstanceActionsV221TestJSON:test_get_list_deleted_instance_actions): 200 GET http://10.180.1.21/compute/v2.1/servers/08a284de-cadf-450c-ad61-fad59fd85358 0.066s
2025-04-08 01:28:59.456 69812 INFO tempest.common.waiters [-] State transition "ACTIVE/deleting" ==> "DELETED/None" after 4 second wait
2025-04-08 01:28:59.642 69850 WARNING tempest.lib.common.ssh [-] Failed to establish authenticated ssh connection to cirros@10.180.180.226 ([Errno None] Unable to connect to port 22 on 10.180.180.226). Number attempts: 3. Retry after 4 seconds.: paramiko.ssh_exception.NoValidConnectionsError: [Errno None] Unable to connect to port 22 on 10.180.180.226
2025-04-08 01:28:59.656 69810 INFO tempest.lib.common.rest_client [req-82219ace-7e69-41f1-9d72-3bfc363a103e req-82219ace-7e69-41f1-9d72-3bfc363a103e ] Request (ServerDiagnosticsV248Test:test_get_server_diagnostics): 200 GET http://10.180.1.21/compute/v2.1/servers/e12f8476-00be-4b15-ac88-05b31bbecdb1 0.063s
2025-04-08 01:28:59.676 69826 INFO tempest.lib.common.rest_client [req-8afc68df-57a2-4a1c-a142-e5e6767c4006 req-8afc68df-57a2-4a1c-a142-e5e6767c4006 ] Request (ServerActionsTestJSON:setUpClass): 200 GET http://10.180.1.21/compute/v2.1/servers/4095a995-43fe-4f2b-a38d-d83e46c20c7c 0.111s
2025-04-08 01:28:59.738 69818 INFO tempest.lib.common.rest_client [req-fe5776db-b074-482c-a7fb-519773082ca5 req-fe5776db-b074-482c-a7fb-519773082ca5 ] Request (FloatingIPsAssociationNegativeTestJSON:tearDownClass): 200 GET http://10.180.1.21/compute/v2.1/servers/52f865a3-f591-46d5-9fdb-c4abc4616358 0.099s
2025-04-08 01:28:59.742 69828 INFO tempest.lib.common.rest_client [req-86fc04a6-6b01-433c-827a-643b0764cc69 req-86fc04a6-6b01-433c-827a-643b0764cc69 ] Request (DeleteServersTestJSON:test_delete_server_while_in_attached_volume): 200 GET http://10.180.1.21/compute/v2.1/servers/7b169415-c41d-4e7e-92f0-b1a052b96fcb 0.097s
