2025-04-10 18:55:33.276 69887 INFO tempest.lib.common.rest_client [req-de16c028-c9c2-46d1-96f1-fdbb879e4dcd req-de16c028-c9c2-46d1-96f1-fdbb879e4dcd ] Request (ServersNegativeTestMultiTenantJSON:setUpClass): 200 GET http://10.180.1.21/compute/v2.1/servers/049a61b7-9f8b-40ff-aa1a-70f75e9abc84 0.232s
2025-04-10 18:55:33.302 69895 INFO tempest.lib.common.rest_client [req-fac41143-6789-40a5-b8ac-d871cdc79e0c req-fac41143-6789-40a5-b8ac-d871cdc79e0c ] Request (ServerAddressesNegativeTestJSON:tearDownClass): 204 DELETE http://10.180.1.21/identity/v3/projects/a415abee646b47d8bce6d60b92e2d491 0.109s
2025-04-10 18:55:33.331 69931 INFO tempest.lib.common.rest_client [req-49b9c6ca-58bb-4052-a9a7-3ddde049ffda req-49b9c6ca-58bb-4052-a9a7-3ddde049ffda ] Request (ServersTestMultiNic:_run_cleanups): 204 DELETE http://10.180.1.21:9696/networking/v2.0/subnets/d3ee7660-b543-4b9a-b5eb-6a6eca21ea89 0.226s
2025-04-10 18:55:33.378 69895 INFO tempest.lib.common.rest_client [req-7bef3307-9269-49ca-8eb2-26fffc8ca213 req-7bef3307-9269-49ca-8eb2-26fffc8ca213 ] Request (ServerPasswordTestJSON:setUpClass): 201 POST http://10.180.1.21/identity/v3/auth/tokens 0.074s
2025-04-10 18:55:33.400 69901 INFO tempest.lib.common.rest_client [req-dc138431-768b-4605-a8a5-73bb1baac51b req-dc138431-768b-4605-a8a5-73bb1baac51b ] Request (ServersTestBootFromVolume:tearDownClass): 200 GET http://10.180.1.21/compute/v2.1/servers/2b16af07-2937-4a48-8c34-e414a0c3aca8 0.117s
2025-04-10 18:55:33.417 69895 INFO tempest.lib.common.rest_client [req-ad189a25-a1fc-4b9e-ab4a-1b3fb42e8f9f req-ad189a25-a1fc-4b9e-ab4a-1b3fb42e8f9f ] Request (ServerPasswordTestJSON:setUpClass): 201 POST http://10.180.1.21/identity/v3/auth/tokens 0.035s
2025-04-10 18:55:33.424 69885 INFO tempest.lib.common.rest_client [req-26190c30-1a52-4637-9d79-e59e8857d51e req-26190c30-1a52-4637-9d79-e59e8857d51e ] Request (ServersAdmin275Test:tearDownClass): 404 GET http://10.180.1.21/compute/v2.1/servers/f6cd5766-57fd-431a-a86f-b77c125a4a25 0.061s
2025-04-10 18:55:33.451 69895 INFO tempest.lib.common.rest_client [req-3abd56a1-9e21-43d8-941c-b9a1bcf659dd req-3abd56a1-9e21-43d8-941c-b9a1bcf659dd ] Request (ServerPasswordTestJSON:setUpClass): 200 GET http://10.180.1.21/identity/v3/domains?name=Default 0.032s
2025-04-10 18:55:33.476 69939 INFO tempest.lib.common.rest_client [req-900b0e99-7211-43a8-8abf-cf9257d68ac2 req-900b0e99-7211-43a8-8abf-cf9257d68ac2 ] Request (ImagesTestJSON:test_create_server_from_snapshot): 200 GET http://10.180.1.21/compute/v2.1/servers/7e784175-349c-48f9-ba4c-b083d408d091 0.056s
2025-04-10 18:55:33.486 69895 INFO tempest.lib.common.rest_client [req-e828c86c-2787-4ab5-8ed9-64d61eb0a5dd req-e828c86c-2787-4ab5-8ed9-64d61eb0a5dd ] Request (ServerPasswordTestJSON:setUpClass): 201 POST http://10.180.1.21/identity/v3/projects 0.034s
2025-04-10 18:55:33.488 69939 INFO tempest.common.waiters [-] State transition "BUILD/None" ==> "BUILD/networking" after 34 second wait
2025-04-10 18:55:33.511 69885 INFO tempest.lib.common.rest_client [req-3bae0ba7-955c-4d22-bc96-13b6b4a9f542 req-3bae0ba7-955c-4d22-bc96-13b6b4a9f542 ] Request (ServersAdmin275Test:tearDownClass): 204 DELETE http://10.180.1.21/identity/v3/users/ea18d5ad2e4c4557be40eb2b54b734d7 0.087s
2025-04-10 18:55:33.555 69883 INFO tempest.lib.common.rest_client [req-3587290a-51f5-499c-a049-e71b3e48eabb req-3587290a-51f5-499c-a049-e71b3e48eabb ] Request (ServerShowV254Test:test_rebuild_server): 200 GET http://10.180.1.21/compute/v2.1/servers/884fb10c-cf09-4705-b09c-9f6eb0298cea 0.062s
2025-04-10 18:55:33.590 69895 INFO tempest.lib.common.rest_client [req-2742f146-8922-435a-9238-57d51b53934a req-2742f146-8922-435a-9238-57d51b53934a ] Request (ServerPasswordTestJSON:setUpClass): 201 POST http://10.180.1.21/identity/v3/users 0.104s
2025-04-10 18:55:33.633 69885 INFO tempest.lib.common.rest_client [req-5663f8d0-d092-47d9-b62e-2d98c871c004 req-5663f8d0-d092-47d9-b62e-2d98c871c004 ] Request (ServersAdmin275Test:tearDownClass): 204 DELETE http://10.180.1.21/identity/v3/users/844bcb19434e4daab412ab35516d4735 0.121s
2025-04-10 18:55:33.633 69885 INFO tempest.lib.common.dynamic_creds [-] Deleting project and security group for project: edc5c88953214fc597ec236a195340c7
2025-04-10 18:55:33.658 69895 INFO tempest.lib.common.rest_client [req-8235fdfe-24e3-4196-b119-87a984304b69 req-8235fdfe-24e3-4196-b119-87a984304b69 ] Request (ServerPasswordTestJSON:setUpClass): 200 GET http://10.180.1.21/identity/v3/roles 0.067s
2025-04-10 18:55:33.696 69885 INFO tempest.lib.common.rest_client [req-772dffd2-363f-41ae-be2c-947bc76ef7dd req-772dffd2-363f-41ae-be2c-947bc76ef7dd ] Request (ServersAdmin275Test:tearDownClass): 201 POST http://10.180.1.21/identity/v3/auth/tokens 0.062s
2025-04-10 18:55:33.699 69927 INFO tempest.lib.common.rest_client [req-ff328fa2-c9a1-41d4-87ad-71317403077a req-ff328fa2-c9a1-41d4-87ad-71317403077a ] Request (VolumesAssistedSnapshotsTest:test_volume_assisted_snapshot_create_delete): 200 POST http://10.180.1.21/compute/v2.1/servers/b850724f-f1d8-4460-b2d1-a7ea5d887826/os-volume_attachments 1.707s
2025-04-10 18:55:33.727 69903 INFO tempest.lib.common.rest_client [req-e7472010-6df9-4c2e-93d8-4eebee326bf8 req-e7472010-6df9-4c2e-93d8-4eebee326bf8 ] Request (ListServerFiltersTestJSON:tearDownClass): 404 GET http://10.180.1.21/compute/v2.1/servers/c063eb35-0bc0-4253-8e24-d8303a0ecab3 0.056s
2025-04-10 18:55:33.732 69895 INFO tempest.lib.common.rest_client [req-00bc2741-354f-49f3-8143-c2dda032c7ee req-00bc2741-354f-49f3-8143-c2dda032c7ee ] Request (ServerPasswordTestJSON:setUpClass): 204 PUT http://10.180.1.21/identity/v3/projects/1349d0b47acc4495b9a656b3c8b4aadb/users/8fd7808eb04c4024872ed5bd3909e7c8/roles/181822b11d6e443b865727d2d1c8303a 0.074s
2025-04-10 18:55:33.732 69895 INFO tempest.lib.common.dynamic_creds [-] Dynamic test user 8fd7808eb04c4024872ed5bd3909e7c8 is created with scope project and roles: ['member']
2025-04-10 18:55:33.733 69895 INFO tempest.lib.common.dynamic_creds [-] Acquired dynamic creds: credentials: Credentials: {'domain_id': 'default', 'domain_name': 'Default', 'username': 'tempest-ServerPasswordTestJSON-683813077-project-member', 'project_domain_id': 'default', 'project_domain_name': 'Default', 'project_id': '1349d0b47acc4495b9a656b3c8b4aadb', 'project_name': 'tempest-ServerPasswordTestJSON-683813077', 'tenant_id': '1349d0b47acc4495b9a656b3c8b4aadb', 'tenant_name': 'tempest-ServerPasswordTestJSON-683813077', 'user_domain_id': 'default', 'user_domain_name': 'Default', 'user_id': '8fd7808eb04c4024872ed5bd3909e7c8', 'system': None}, Network: None, Subnet: None, Router: None
2025-04-10 18:55:33.737 69927 INFO tempest.lib.common.rest_client [req-8c6403fa-162a-4a45-b591-186673ee6fe4 req-8c6403fa-162a-4a45-b591-186673ee6fe4 ] Request (VolumesAssistedSnapshotsTest:test_volume_assisted_snapshot_create_delete): 200 GET http://10.180.1.21/volume/v3/volumes/833239cc-37ba-4f62-93fd-7c87feaf7059 0.036s
2025-04-10 18:55:33.799 69895 INFO tempest.lib.common.rest_client [req-55a2bf9a-571d-4da1-a4ca-47e0d382b016 req-55a2bf9a-571d-4da1-a4ca-47e0d382b016 ] Request (ServerPasswordTestJSON:setUpClass): 201 POST http://10.180.1.21/identity/v3/auth/tokens 0.066s
2025-04-10 18:55:33.811 69906 INFO tempest.lib.common.rest_client [req-da21f6aa-9c88-4e0e-b7d6-d90528cefe4d req-da21f6aa-9c88-4e0e-b7d6-d90528cefe4d ] Request (MigrationsAdminTest:test_resize_server_revert_deleted_flavor): 200 GET http://10.180.1.21/compute/v2.1/servers/1e4f952e-967e-40f2-b8ee-7c5d65cca843 0.208s
2025-04-10 18:55:33.841 69891 INFO tempest.lib.common.rest_client [req-4e926dc1-953d-4bcf-9e29-123d7764584d req-4e926dc1-953d-4bcf-9e29-123d7764584d ] Request (FloatingIPsAssociationTestJSON:tearDownClass): 200 GET http://10.180.1.21/compute/v2.1/servers/41f5dbe2-486a-4c8f-ad59-0ab702e502ff 0.108s
2025-04-10 18:55:33.889 69935 INFO tempest.lib.common.rest_client [req-02bc85c2-0ace-4868-b5e7-a917f6039036 req-02bc85c2-0ace-4868-b5e7-a917f6039036 ] Request (VolumesAdminNegativeTest:test_update_attached_volume_with_nonexistent_volume_in_uri): 200 GET http://10.180.1.21/compute/v2.1/servers/4d3df167-4ca0-40e2-89c3-62ad1ed89887 0.092s
2025-04-10 18:55:33.912 69931 INFO tempest.lib.common.rest_client [req-ae3c9e1a-4c33-4bde-b9dd-fd2c57eb6bf8 req-ae3c9e1a-4c33-4bde-b9dd-fd2c57eb6bf8 ] Request (ServersTestMultiNic:_run_cleanups): 204 DELETE http://10.180.1.21:9696/networking/v2.0/networks/c7233fba-3edb-4608-9864-d2200f295ac2 0.581s
2025-04-10 18:55:33.977 69903 INFO tempest.lib.common.rest_client [req-cf8f7401-da7b-4f7a-b1fb-8e47662693bf req-cf8f7401-da7b-4f7a-b1fb-8e47662693bf ] Request (ListServerFiltersTestJSON:tearDownClass): 204 DELETE http://10.180.1.21:9696/networking/v2.0/subnets/8d646ad4-99c2-426c-9c2a-fe09c4aeebc7 0.249s
2025-04-10 18:55:34.000 69881 INFO tempest.lib.common.rest_client [req-19aaa9a9-9c1f-4704-8998-faff5d4485cd req-19aaa9a9-9c1f-4704-8998-faff5d4485cd ] Request (ServersAdminTestJSON:test_inject_network_info): 200 GET http://10.180.1.21/compute/v2.1/servers/7e9e43ea-699f-4b15-a6c0-c86789dbfcc3 0.065s
2025-04-10 18:55:34.004 69929 INFO tempest.lib.common.rest_client [req-307b5740-5300-4b1b-9511-e6a4d8047713 req-307b5740-5300-4b1b-9511-e6a4d8047713 ] Request (AttachVolumeNegativeTest:test_attach_attached_volume_to_different_server): 200 GET http://10.180.1.21/compute/v2.1/servers/059d444c-f15e-4e19-a478-88f89022de01 0.146s
2025-04-10 18:55:34.029 69879 INFO tempest.lib.common.rest_client [req-7dcd7984-0295-4309-bede-4c343e378b40 req-7dcd7984-0295-4309-bede-4c343e378b40 ] Request (DeleteServersTestJSON:test_delete_server_while_in_attached_volume): 200 GET http://10.180.1.21/volume/v3/volumes/aa85216b-b7a2-4b90-9459-ca392f0d71d6 0.047s
2025-04-10 18:55:34.115 69915 INFO tempest.lib.common.rest_client [req-8fe83875-c58f-4078-bf5e-e1eb4a9a50e8 req-8fe83875-c58f-4078-bf5e-e1eb4a9a50e8 ] Request (InstanceActionsNegativeTestJSON:tearDownClass): 200 GET http://10.180.1.21/compute/v2.1/servers/84ce5421-9dcf-43c1-af2f-a6c2e81bcaeb 0.100s
2025-04-10 18:55:34.161 69895 INFO tempest.lib.common.rest_client [req-496e6ecc-6442-4834-ac2d-f504de548e91 req-496e6ecc-6442-4834-ac2d-f504de548e91 ] Request (ServerPasswordTestJSON:setUpClass): 201 POST http://10.180.1.21:9696/networking/v2.0/networks 0.361s
2025-04-10 18:55:34.249 69899 INFO tempest.lib.common.rest_client [req-bf2e75e6-f2fe-4c4d-ab2e-a03cf9b0332a req-bf2e75e6-f2fe-4c4d-ab2e-a03cf9b0332a ] Request (ServersListShow298Test:test_list_show_update_rebuild_server_298): 200 GET http://10.180.1.21/compute/v2.1/servers/21f1d3ef-3e36-4a18-812c-a018b52d5120 0.153s
2025-04-10 18:55:34.268 69885 INFO tempest.lib.common.rest_client [req-7a2b0b09-91df-477d-8314-9e90b92f43f8 req-7a2b0b09-91df-477d-8314-9e90b92f43f8 ] Request (ServersAdmin275Test:tearDownClass): 200 GET http://10.180.1.21:9696/networking/v2.0/security-groups?tenant_id=edc5c88953214fc597ec236a195340c7&name=default 0.572s
2025-04-10 18:55:34.396 69889 INFO tempest.lib.common.rest_client [req-b6b63c80-5802-4de5-acd7-4b8e6c996792 req-b6b63c80-5802-4de5-acd7-4b8e6c996792 ] Request (ServersNegativeTestJSON:setUpClass): 200 GET http://10.180.1.21/compute/v2.1/servers/a95b4fe6-0f57-4a90-9126-9479597a72f9 0.167s
2025-04-10 18:55:34.415 69895 INFO tempest.lib.common.rest_client [req-e8f84063-7e07-4e25-a8db-4c5964aa6694 req-e8f84063-7e07-4e25-a8db-4c5964aa6694 ] Request (ServerPasswordTestJSON:setUpClass): 201 POST http://10.180.1.21:9696/networking/v2.0/subnets 0.254s
2025-04-10 18:55:34.450 69885 INFO tempest.lib.common.rest_client [req-cc68f07b-0b48-49dc-ae83-1934326197c8 req-cc68f07b-0b48-49dc-ae83-1934326197c8 ] Request (ServersAdmin275Test:tearDownClass): 204 DELETE http://10.180.1.21:9696/networking/v2.0/security-groups/379a4b55-31fc-4170-afde-20f173827e06 0.180s
2025-04-10 18:55:34.542 69885 INFO tempest.lib.common.rest_client [req-b8bbdad2-88ba-41f1-8ce9-0443e8f43da3 req-b8bbdad2-88ba-41f1-8ce9-0443e8f43da3 ] Request (ServersAdmin275Test:tearDownClass): 204 DELETE http://10.180.1.21/identity/v3/projects/edc5c88953214fc597ec236a195340c7 0.092s
2025-04-10 18:55:34.542 69885 INFO tempest.lib.common.dynamic_creds [-] Deleting project and security group for project: ac5263884df1444cb102a09852226db4
2025-04-10 18:55:34.584 69901 INFO tempest.lib.common.rest_client [req-a4097270-16b8-49ae-9ab9-5338837098b9 req-a4097270-16b8-49ae-9ab9-5338837098b9 ] Request (ServersTestBootFromVolume:tearDownClass): 200 GET http://10.180.1.21/compute/v2.1/servers/2b16af07-2937-4a48-8c34-e414a0c3aca8 0.173s
2025-04-10 18:55:34.599 69887 INFO tempest.lib.common.rest_client [req-fbe4ea38-37a2-485e-9d0c-845796145563 req-fbe4ea38-37a2-485e-9d0c-845796145563 ] Request (ServersNegativeTestMultiTenantJSON:setUpClass): 200 GET http://10.180.1.21/compute/v2.1/servers/049a61b7-9f8b-40ff-aa1a-70f75e9abc84 0.315s
2025-04-10 18:55:34.614 69931 INFO tempest.lib.common.rest_client [req-c14d441f-ee16-41ef-a571-1431e1ed4f12 req-c14d441f-ee16-41ef-a571-1431e1ed4f12 ] Request (ServersTestMultiNic:_run_cleanups): 204 DELETE http://10.180.1.21:9696/networking/v2.0/subnets/846323bd-7960-48a9-97bf-f0e8d038eaca 0.701s
2025-04-10 18:55:34.702 69883 INFO tempest.lib.common.rest_client [req-9955031a-67f4-46f5-9294-756ecb8961f4 req-9955031a-67f4-46f5-9294-756ecb8961f4 ] Request (ServerShowV254Test:test_rebuild_server): 200 GET http://10.180.1.21/compute/v2.1/servers/884fb10c-cf09-4705-b09c-9f6eb0298cea 0.131s
2025-04-10 18:55:34.781 69927 INFO tempest.lib.common.rest_client [req-e7b4b126-760f-4169-af62-065b9f948247 req-e7b4b126-760f-4169-af62-065b9f948247 ] Request (VolumesAssistedSnapshotsTest:test_volume_assisted_snapshot_create_delete): 200 GET http://10.180.1.21/volume/v3/volumes/833239cc-37ba-4f62-93fd-7c87feaf7059 0.036s
2025-04-10 18:55:34.835 69885 INFO tempest.lib.common.rest_client [req-350f8194-a63a-4d5b-a127-d036eea12697 req-350f8194-a63a-4d5b-a127-d036eea12697 ] Request (ServersAdmin275Test:tearDownClass): 200 GET http://10.180.1.21:9696/networking/v2.0/security-groups?tenant_id=ac5263884df1444cb102a09852226db4&name=default 0.292s
2025-04-10 18:55:34.888 69939 INFO tempest.lib.common.rest_client [req-b1a7980c-dc11-4050-a7b3-b7cb50e6d1f6 req-b1a7980c-dc11-4050-a7b3-b7cb50e6d1f6 ] Request (ImagesTestJSON:test_create_server_from_snapshot): 200 GET http://10.180.1.21/compute/v2.1/servers/7e784175-349c-48f9-ba4c-b083d408d091 0.397s
2025-04-10 18:55:34.896 69939 INFO tempest.common.waiters [-] State transition "BUILD/networking" ==> "BUILD/spawning" after 35 second wait
2025-04-10 18:55:35.011 69891 INFO tempest.lib.common.rest_client [req-8e6722af-14d4-4e71-b555-3ec07a9d932d req-8e6722af-14d4-4e71-b555-3ec07a9d932d ] Request (FloatingIPsAssociationTestJSON:tearDownClass): 200 GET http://10.180.1.21/compute/v2.1/servers/41f5dbe2-486a-4c8f-ad59-0ab702e502ff 0.158s
2025-04-10 18:55:35.026 69903 INFO tempest.lib.common.rest_client [req-3c11988b-4099-4949-83a0-f31be1841063 req-3c11988b-4099-4949-83a0-f31be1841063 ] Request (ListServerFiltersTestJSON:tearDownClass): 204 DELETE http://10.180.1.21:9696/networking/v2.0/networks/98dd04b6-4d9b-4d03-8b15-82367c557861 1.048s
2025-04-10 18:55:35.059 69933 WARNING tempest.lib.common.ssh [-] Failed to establish authenticated ssh connection to cirros@10.180.180.201 ([Errno None] Unable to connect to port 22 on 10.180.180.201). Number attempts: 12. Retry after 13 seconds.: paramiko.ssh_exception.NoValidConnectionsError: [Errno None] Unable to connect to port 22 on 10.180.180.201
2025-04-10 18:55:35.082 69879 INFO tempest.lib.common.rest_client [req-b1c47745-17c6-4888-b0eb-ff2c0aa9c0d8 req-b1c47745-17c6-4888-b0eb-ff2c0aa9c0d8 ] Request (DeleteServersTestJSON:test_delete_server_while_in_attached_volume): 200 GET http://10.180.1.21/volume/v3/volumes/aa85216b-b7a2-4b90-9459-ca392f0d71d6 0.044s
2025-04-10 18:55:35.089 69879 INFO tempest.common.waiters [-] Attachment d0c7fb7c-cb3c-40b1-a9e3-b86fff9542db created for volume aa85216b-b7a2-4b90-9459-ca392f0d71d6 to server 11493be3-6237-456e-a4d9-921223b7d66d after waiting for 9.089268 seconds
2025-04-10 18:55:35.091 69935 INFO tempest.lib.common.rest_client [req-185c4108-0d88-49d8-8a35-a88735bf3748 req-185c4108-0d88-49d8-8a35-a88735bf3748 ] Request (VolumesAdminNegativeTest:test_update_attached_volume_with_nonexistent_volume_in_uri): 200 GET http://10.180.1.21/compute/v2.1/servers/4d3df167-4ca0-40e2-89c3-62ad1ed89887 0.189s
2025-04-10 18:55:35.114 69885 INFO tempest.lib.common.rest_client [req-407b32ac-beee-426c-9f33-24170c8f758d req-407b32ac-beee-426c-9f33-24170c8f758d ] Request (ServersAdmin275Test:tearDownClass): 204 DELETE http://10.180.1.21:9696/networking/v2.0/security-groups/cfbef7dd-5210-4145-bc0c-9caf3d066cf3 0.278s
2025-04-10 18:55:35.123 69879 INFO tempest.lib.common.rest_client [req-80078eb5-d0b3-4a9e-8092-16617c71dc18 req-80078eb5-d0b3-4a9e-8092-16617c71dc18 ] Request (DeleteServersTestJSON:test_delete_server_while_in_attached_volume): 200 GET http://10.180.1.21/volume/v3/volumes/aa85216b-b7a2-4b90-9459-ca392f0d71d6 0.033s
2025-04-10 18:55:35.134 69879 INFO tempest.common.waiters [-] volume aa85216b-b7a2-4b90-9459-ca392f0d71d6 reached in-use after waiting for 0.134383 seconds
2025-04-10 18:55:35.138 69906 INFO tempest.lib.common.rest_client [req-f40ca3c9-3a15-4b71-a4bd-c46d98e06955 req-f40ca3c9-3a15-4b71-a4bd-c46d98e06955 ] Request (MigrationsAdminTest:test_resize_server_revert_deleted_flavor): 200 GET http://10.180.1.21/compute/v2.1/servers/1e4f952e-967e-40f2-b8ee-7c5d65cca843 0.319s
2025-04-10 18:55:35.185 69903 INFO tempest.lib.common.rest_client [req-b0925f48-2a63-499d-981f-11b112e45864 req-b0925f48-2a63-499d-981f-11b112e45864 ] Request (ListServerFiltersTestJSON:tearDownClass): 204 DELETE http://10.180.1.21/identity/v3/users/4ef1fbc99ad84b6cbb2af7eb2e202b10 0.159s
2025-04-10 18:55:35.185 69903 INFO tempest.lib.common.dynamic_creds [-] Deleting project and security group for project: 2505904eb0634ab5851227cbec68d8c1
2025-04-10 18:55:35.188 69881 INFO tempest.lib.common.rest_client [req-5f6a8191-8d0e-449d-8b49-a4f7120b72e2 req-5f6a8191-8d0e-449d-8b49-a4f7120b72e2 ] Request (ServersAdminTestJSON:test_inject_network_info): 200 GET http://10.180.1.21/compute/v2.1/servers/7e9e43ea-699f-4b15-a6c0-c86789dbfcc3 0.175s
2025-04-10 18:55:35.197 69931 INFO tempest.lib.common.rest_client [req-c7cc468f-d7fc-41bc-a00f-ecd8dffa546b req-c7cc468f-d7fc-41bc-a00f-ecd8dffa546b ] Request (ServersTestMultiNic:_run_cleanups): 204 DELETE http://10.180.1.21:9696/networking/v2.0/networks/693539f6-3dc8-44c1-96aa-128aca9bc5ae 0.582s
2025-04-10 18:55:35.199 69885 INFO tempest.lib.common.rest_client [req-6814fbc6-8918-4f73-a4c9-d6b816562aa3 req-6814fbc6-8918-4f73-a4c9-d6b816562aa3 ] Request (ServersAdmin275Test:tearDownClass): 204 DELETE http://10.180.1.21/identity/v3/projects/ac5263884df1444cb102a09852226db4 0.084s
2025-04-10 18:55:35.205 69929 INFO tempest.lib.common.rest_client [req-d80a9058-fde5-4dc7-8c09-8d654d06580a req-d80a9058-fde5-4dc7-8c09-8d654d06580a ] Request (AttachVolumeNegativeTest:test_attach_attached_volume_to_different_server): 200 GET http://10.180.1.21/compute/v2.1/servers/059d444c-f15e-4e19-a478-88f89022de01 0.189s
2025-04-10 18:55:35.225 69903 INFO tempest.lib.common.rest_client [req-b2692c0c-895c-4005-a5ba-8f4eab04b0cd req-b2692c0c-895c-4005-a5ba-8f4eab04b0cd ] Request (ListServerFiltersTestJSON:tearDownClass): 200 GET http://10.180.1.21:9696/networking/v2.0/security-groups?tenant_id=2505904eb0634ab5851227cbec68d8c1&name=default 0.039s
2025-04-10 18:55:35.267 69915 INFO tempest.lib.common.rest_client [req-e7a90115-b756-4ac1-8a49-2920889c38f5 req-e7a90115-b756-4ac1-8a49-2920889c38f5 ] Request (InstanceActionsNegativeTestJSON:tearDownClass): 200 GET http://10.180.1.21/compute/v2.1/servers/84ce5421-9dcf-43c1-af2f-a6c2e81bcaeb 0.139s
2025-04-10 18:55:35.281 69885 INFO tempest.lib.common.rest_client [req-8f9147e6-93bf-4a7e-8cc9-771176878df5 req-8f9147e6-93bf-4a7e-8cc9-771176878df5 ] Request (FloatingIPsNegativeTestJSON:setUpClass): 201 POST http://10.180.1.21/identity/v3/auth/tokens 0.078s
2025-04-10 18:55:35.294 69879 INFO tempest.lib.common.rest_client [req-eb4a6828-375f-4614-83ea-f252c096cfb8 req-eb4a6828-375f-4614-83ea-f252c096cfb8 ] Request (DeleteServersTestJSON:test_delete_server_while_in_attached_volume): 204 DELETE http://10.180.1.21/compute/v2.1/servers/11493be3-6237-456e-a4d9-921223b7d66d 0.159s
2025-04-10 18:55:35.323 69885 INFO tempest.lib.common.rest_client [req-c2599959-bc40-4a5d-bba1-0248b28abc6e req-c2599959-bc40-4a5d-bba1-0248b28abc6e ] Request (FloatingIPsNegativeTestJSON:setUpClass): 201 POST http://10.180.1.21/identity/v3/auth/tokens 0.031s
2025-04-10 18:55:35.344 69941 INFO tempest.lib.common.rest_client [req-1a834601-4f39-4d5a-8413-2c0de30d0beb req-1a834601-4f39-4d5a-8413-2c0de30d0beb ] Request (ServerActionsTestOtherA:setUpClass): 200 PUT http://10.180.1.21:9696/networking/v2.0/routers/6f000e95-3be1-499a-805e-2ba64ff78ba3/add_router_interface 2.281s
2025-04-10 18:55:35.344 69941 INFO tempest.lib.common.dynamic_creds [-] Created isolated network resources for: credentials: Credentials: {'domain_id': 'default', 'domain_name': 'Default', 'username': 'tempest-ServerActionsTestOtherA-1472554478-project-member', 'project_domain_id': 'default', 'project_domain_name': 'Default', 'project_id': '0d739410bf2d4c0b8efbd6266aca0b97', 'project_name': 'tempest-ServerActionsTestOtherA-1472554478', 'tenant_id': '0d739410bf2d4c0b8efbd6266aca0b97', 'tenant_name': 'tempest-ServerActionsTestOtherA-1472554478', 'user_domain_id': 'default', 'user_domain_name': 'Default', 'user_id': '05557b60abe24a76bab83bf13647f752', 'system': None}, Network: {'id': 'c40f5c66-ba51-4502-8e54-ba06f2ae6952', 'name': 'tempest-ServerActionsTestOtherA-1245664034-network', 'tenant_id': '0d739410bf2d4c0b8efbd6266aca0b97', 'admin_state_up': True, 'mtu': 8950, 'status': 'ACTIVE', 'subnets': [], 'shared': False, 'project_id': '0d739410bf2d4c0b8efbd6266aca0b97', 'port_security_enabled': True, 'router:external': False, 'provider:network_type': 'vlan', 'provider:physical_network': 'default', 'provider:segmentation_id': 341, 'availability_zone_hints': [], 'availability_zones': [], 'ipv4_address_scope': None, 'ipv6_address_scope': None, 'description': '', 'tags': [], 'created_at': '2025-04-10T18:55:31Z', 'updated_at': '2025-04-10T18:55:31Z', 'revision_number': 1}, Subnet: {'id': '8ae4bbee-84c7-404d-ada4-6cbf87f065a5', 'name': 'tempest-ServerActionsTestOtherA-1245664034-subnet', 'tenant_id': '0d739410bf2d4c0b8efbd6266aca0b97', 'network_id': 'c40f5c66-ba51-4502-8e54-ba06f2ae6952', 'ip_version': 4, 'subnetpool_id': None, 'enable_dhcp': True, 'ipv6_ra_mode': None, 'ipv6_address_mode': None, 'gateway_ip': '192.168.128.1', 'cidr': '192.168.128.0/28', 'allocation_pools': [{'start': '192.168.128.2', 'end': '192.168.128.14'}], 'host_routes': [], 'dns_nameservers': [], 'description': '', 'router:external': False, 'service_types': [], 'tags': [], 'created_at': '2025-04-10T18:55:31Z', 'updated_at': '2025-04-10T18:55:31Z', 'revision_number': 0, 'project_id': '0d739410bf2d4c0b8efbd6266aca0b97'}, Router: {'id': '6f000e95-3be1-499a-805e-2ba64ff78ba3', 'name': 'tempest-ServerActionsTestOtherA-1245664034-router', 'tenant_id': '0d739410bf2d4c0b8efbd6266aca0b97', 'admin_state_up': True, 'status': 'ACTIVE', 'external_gateway_info': {'network_id': '36b20a26-75c0-4783-a97b-6f084099d736', 'external_fixed_ips': [{'subnet_id': 'f9731a2f-9ea8-478a-a278-7e5e9302a613', 'ip_address': '10.180.180.190'}], 'enable_snat': True}, 'description': '', 'availability_zones': [], 'distributed': False, 'ha': False, 'availability_zone_hints': [], 'routes': [], 'flavor_id': None, 'tags': [], 'created_at': '2025-04-10T18:55:32Z', 'updated_at': '2025-04-10T18:55:32Z', 'revision_number': 2, 'project_id': '0d739410bf2d4c0b8efbd6266aca0b97'}
2025-04-10 18:55:35.351 69885 INFO tempest.lib.common.rest_client [req-3776aafd-8082-4a56-b744-5224a680da65 req-3776aafd-8082-4a56-b744-5224a680da65 ] Request (FloatingIPsNegativeTestJSON:setUpClass): 200 GET http://10.180.1.21/identity/v3/domains?name=Default 0.027s
2025-04-10 18:55:35.379 69903 INFO tempest.lib.common.rest_client [req-7f341cfe-2f94-42c8-98db-5e01cd4dfcb9 req-7f341cfe-2f94-42c8-98db-5e01cd4dfcb9 ] Request (ListServerFiltersTestJSON:tearDownClass): 204 DELETE http://10.180.1.21:9696/networking/v2.0/security-groups/2c45720d-5ca9-4c5e-932e-1b8c036c4add 0.154s
2025-04-10 18:55:35.381 69899 INFO tempest.lib.common.rest_client [req-7121645d-b1e7-4edb-ba2d-5f38fcce33c2 req-7121645d-b1e7-4edb-ba2d-5f38fcce33c2 ] Request (ServersListShow298Test:test_list_show_update_rebuild_server_298): 200 GET http://10.180.1.21/compute/v2.1/servers/21f1d3ef-3e36-4a18-812c-a018b52d5120 0.114s
2025-04-10 18:55:35.387 69885 INFO tempest.lib.common.rest_client [req-c8ffe6bf-1a44-41a0-aa95-c702268de42d req-c8ffe6bf-1a44-41a0-aa95-c702268de42d ] Request (FloatingIPsNegativeTestJSON:setUpClass): 201 POST http://10.180.1.21/identity/v3/projects 0.035s
2025-04-10 18:55:35.468 69941 INFO tempest.lib.common.rest_client [req-02168173-9e7a-4dcb-bfc1-4b18d50f8606 req-02168173-9e7a-4dcb-bfc1-4b18d50f8606 ] Request (ServerActionsTestOtherA:setUpClass): 201 POST http://10.180.1.21/identity/v3/auth/tokens 0.120s
2025-04-10 18:55:35.484 69879 INFO tempest.lib.common.rest_client [req-3f8a2f4e-e3e8-455e-b172-b7630569f3d3 req-3f8a2f4e-e3e8-455e-b172-b7630569f3d3 ] Request (DeleteServersTestJSON:test_delete_server_while_in_attached_volume): 200 GET http://10.180.1.21/compute/v2.1/servers/11493be3-6237-456e-a4d9-921223b7d66d 0.189s
2025-04-10 18:55:35.526 69885 INFO tempest.lib.common.rest_client [req-06bc35e5-4a6a-4d9b-aa22-890b3df406a3 req-06bc35e5-4a6a-4d9b-aa22-890b3df406a3 ] Request (FloatingIPsNegativeTestJSON:setUpClass): 201 POST http://10.180.1.21/identity/v3/users 0.138s
2025-04-10 18:55:35.545 69931 INFO tempest.lib.common.rest_client [req-7fd58000-c829-4510-a9de-f3c7c28e4fa5 req-7fd58000-c829-4510-a9de-f3c7c28e4fa5 ] Request (ServersTestMultiNic:test_verify_multiple_nics_order): 201 POST http://10.180.1.21:9696/networking/v2.0/networks 0.343s
2025-04-10 18:55:35.563 69903 INFO tempest.lib.common.rest_client [req-4d8179e1-6a0f-42c1-90ed-6dfac48651d6 req-4d8179e1-6a0f-42c1-90ed-6dfac48651d6 ] Request (ListServerFiltersTestJSON:tearDownClass): 204 DELETE http://10.180.1.21/identity/v3/projects/2505904eb0634ab5851227cbec68d8c1 0.184s
2025-04-10 18:55:35.656 69885 INFO tempest.lib.common.rest_client [req-171dcd5d-0e6e-4049-97e8-34b0aa638291 req-171dcd5d-0e6e-4049-97e8-34b0aa638291 ] Request (FloatingIPsNegativeTestJSON:setUpClass): 200 GET http://10.180.1.21/identity/v3/roles 0.129s
2025-04-10 18:55:35.682 69903 INFO tempest.lib.common.rest_client [req-088edbb4-8179-44b5-9454-05005d254f08 req-088edbb4-8179-44b5-9454-05005d254f08 ] Request (ServerActionsTestOtherB:setUpClass): 201 POST http://10.180.1.21/identity/v3/auth/tokens 0.117s
2025-04-10 18:55:35.697 69889 INFO tempest.lib.common.rest_client [req-9763dba2-3482-4487-9a70-47810600bc3d req-9763dba2-3482-4487-9a70-47810600bc3d ] Request (ServersNegativeTestJSON:setUpClass): 200 GET http://10.180.1.21/compute/v2.1/servers/a95b4fe6-0f57-4a90-9126-9479597a72f9 0.292s
2025-04-10 18:55:35.710 69885 INFO tempest.lib.common.rest_client [req-832cfdfc-5bc2-4c66-a2d8-6391f82aea29 req-832cfdfc-5bc2-4c66-a2d8-6391f82aea29 ] Request (FloatingIPsNegativeTestJSON:setUpClass): 204 PUT http://10.180.1.21/identity/v3/projects/f7f696584c09408388a916efbe78cdbd/users/1bbf780ba4904576aa15787dfbd704fb/roles/181822b11d6e443b865727d2d1c8303a 0.053s
2025-04-10 18:55:35.710 69885 INFO tempest.lib.common.dynamic_creds [-] Dynamic test user 1bbf780ba4904576aa15787dfbd704fb is created with scope project and roles: ['member']
2025-04-10 18:55:35.711 69885 INFO tempest.lib.common.dynamic_creds [-] Acquired dynamic creds: credentials: Credentials: {'domain_id': 'default', 'domain_name': 'Default', 'username': 'tempest-FloatingIPsNegativeTestJSON-1780156694-project-member', 'project_domain_id': 'default', 'project_domain_name': 'Default', 'project_id': 'f7f696584c09408388a916efbe78cdbd', 'project_name': 'tempest-FloatingIPsNegativeTestJSON-1780156694', 'tenant_id': 'f7f696584c09408388a916efbe78cdbd', 'tenant_name': 'tempest-FloatingIPsNegativeTestJSON-1780156694', 'user_domain_id': 'default', 'user_domain_name': 'Default', 'user_id': '1bbf780ba4904576aa15787dfbd704fb', 'system': None}, Network: None, Subnet: None, Router: None
2025-04-10 18:55:35.762 69903 INFO tempest.lib.common.rest_client [req-d25c90ca-30da-4305-894c-932ac8e24b3d req-d25c90ca-30da-4305-894c-932ac8e24b3d ] Request (ServerActionsTestOtherB:setUpClass): 201 POST http://10.180.1.21/identity/v3/auth/tokens 0.076s
2025-04-10 18:55:35.789 69885 INFO tempest.lib.common.rest_client [req-a78eded5-e3b3-4dcd-8b43-8ff289550cc0 req-a78eded5-e3b3-4dcd-8b43-8ff289550cc0 ] Request (FloatingIPsNegativeTestJSON:setUpClass): 201 POST http://10.180.1.21/identity/v3/auth/tokens 0.078s
2025-04-10 18:55:35.790 69903 INFO tempest.lib.common.rest_client [req-f07d9062-0b5c-4023-8593-dee59613a900 req-f07d9062-0b5c-4023-8593-dee59613a900 ] Request (ServerActionsTestOtherB:setUpClass): 200 GET http://10.180.1.21/identity/v3/domains?name=Default 0.027s
2025-04-10 18:55:35.816 69931 INFO tempest.lib.common.rest_client [req-740b08be-956b-4e1f-9a7c-84bf3fcc4fd4 req-740b08be-956b-4e1f-9a7c-84bf3fcc4fd4 ] Request (ServersTestMultiNic:test_verify_multiple_nics_order): 201 POST http://10.180.1.21:9696/networking/v2.0/subnets 0.270s
2025-04-10 18:55:35.821 69941 INFO tempest.lib.common.rest_client [req-7dfb298b-280a-4b1b-853e-9d3b300d38cb req-7dfb298b-280a-4b1b-853e-9d3b300d38cb ] Request (ServerActionsTestOtherA:setUpClass): 200 POST http://10.180.1.21/compute/v2.1/os-keypairs 0.351s
2025-04-10 18:55:35.828 69917 WARNING tempest.lib.common.ssh [-] Failed to establish authenticated ssh connection to cirros@10.180.180.141 ([Errno None] Unable to connect to port 22 on 10.180.180.141). Number attempts: 2. Retry after 3 seconds.: paramiko.ssh_exception.NoValidConnectionsError: [Errno None] Unable to connect to port 22 on 10.180.180.141
2025-04-10 18:55:35.829 69903 INFO tempest.lib.common.rest_client [req-1b68cdf6-fdf7-4036-958e-7f0b66d0fca9 req-1b68cdf6-fdf7-4036-958e-7f0b66d0fca9 ] Request (ServerActionsTestOtherB:setUpClass): 201 POST http://10.180.1.21/identity/v3/projects 0.039s
2025-04-10 18:55:35.843 69927 INFO tempest.lib.common.rest_client [req-bbebdafb-a6a7-4eee-b29b-4139f03f1ecf req-bbebdafb-a6a7-4eee-b29b-4139f03f1ecf ] Request (VolumesAssistedSnapshotsTest:test_volume_assisted_snapshot_create_delete): 200 GET http://10.180.1.21/volume/v3/volumes/833239cc-37ba-4f62-93fd-7c87feaf7059 0.054s
2025-04-10 18:55:35.844 69901 INFO tempest.lib.common.rest_client [req-013200e4-ae3c-4f09-add2-99524834a8a4 req-013200e4-ae3c-4f09-add2-99524834a8a4 ] Request (ServersTestBootFromVolume:tearDownClass): 200 GET http://10.180.1.21/compute/v2.1/servers/2b16af07-2937-4a48-8c34-e414a0c3aca8 0.246s
2025-04-10 18:55:35.891 69887 INFO tempest.lib.common.rest_client [req-9c47b954-ef91-4d97-a217-efeffd8e0fdd req-9c47b954-ef91-4d97-a217-efeffd8e0fdd ] Request (ServersNegativeTestMultiTenantJSON:setUpClass): 200 GET http://10.180.1.21/compute/v2.1/servers/049a61b7-9f8b-40ff-aa1a-70f75e9abc84 0.282s
2025-04-10 18:55:35.904 69903 INFO tempest.lib.common.rest_client [req-424e71c7-cf44-4ecc-b13a-e4833d824f26 req-424e71c7-cf44-4ecc-b13a-e4833d824f26 ] Request (ServerActionsTestOtherB:setUpClass): 201 POST http://10.180.1.21/identity/v3/users 0.073s
2025-04-10 18:55:35.933 69903 INFO tempest.lib.common.rest_client [req-a9c24a8c-fa58-4826-b09b-d5796ace97c5 req-a9c24a8c-fa58-4826-b09b-d5796ace97c5 ] Request (ServerActionsTestOtherB:setUpClass): 200 GET http://10.180.1.21/identity/v3/roles 0.028s
2025-04-10 18:55:35.943 69883 INFO tempest.lib.common.rest_client [req-61e88b70-72d4-40ec-9f37-f7fdafadddec req-61e88b70-72d4-40ec-9f37-f7fdafadddec ] Request (ServerShowV254Test:test_rebuild_server): 200 GET http://10.180.1.21/compute/v2.1/servers/884fb10c-cf09-4705-b09c-9f6eb0298cea 0.226s
2025-04-10 18:55:35.972 69903 INFO tempest.lib.common.rest_client [req-a310ef1e-43f3-4aa9-8ffc-51ce12ff9d35 req-a310ef1e-43f3-4aa9-8ffc-51ce12ff9d35 ] Request (ServerActionsTestOtherB:setUpClass): 204 PUT http://10.180.1.21/identity/v3/projects/00e693c59a6c4429b0f78b92151ad4dc/users/48417265eff9420995c4b6224e1eb9db/roles/181822b11d6e443b865727d2d1c8303a 0.038s
2025-04-10 18:55:35.972 69903 INFO tempest.lib.common.dynamic_creds [-] Dynamic test user 48417265eff9420995c4b6224e1eb9db is created with scope project and roles: ['member']
2025-04-10 18:55:35.972 69903 INFO tempest.lib.common.dynamic_creds [-] Acquired dynamic creds: credentials: Credentials: {'domain_id': 'default', 'domain_name': 'Default', 'username': 'tempest-ServerActionsTestOtherB-89651301-project-member', 'project_domain_id': 'default', 'project_domain_name': 'Default', 'project_id': '00e693c59a6c4429b0f78b92151ad4dc', 'project_name': 'tempest-ServerActionsTestOtherB-89651301', 'tenant_id': '00e693c59a6c4429b0f78b92151ad4dc', 'tenant_name': 'tempest-ServerActionsTestOtherB-89651301', 'user_domain_id': 'default', 'user_domain_name': 'Default', 'user_id': '48417265eff9420995c4b6224e1eb9db', 'system': None}, Network: None, Subnet: None, Router: None
2025-04-10 18:55:36.030 69931 INFO tempest.lib.common.rest_client [req-1a00fcce-c1b9-480b-9f26-5d08460b6796 req-1a00fcce-c1b9-480b-9f26-5d08460b6796 ] Request (ServersTestMultiNic:test_verify_multiple_nics_order): 201 POST http://10.180.1.21:9696/networking/v2.0/networks 0.213s
2025-04-10 18:55:36.035 69895 INFO tempest.lib.common.rest_client [req-6c7dc455-ccc3-45e4-86eb-ea37771855d6 req-6c7dc455-ccc3-45e4-86eb-ea37771855d6 ] Request (ServerPasswordTestJSON:setUpClass): 201 POST http://10.180.1.21:9696/networking/v2.0/routers 1.619s
2025-04-10 18:55:36.049 69903 INFO tempest.lib.common.rest_client [req-9103b376-03ca-493d-a111-47acb003bfc8 req-9103b376-03ca-493d-a111-47acb003bfc8 ] Request (ServerActionsTestOtherB:setUpClass): 201 POST http://10.180.1.21/identity/v3/auth/tokens 0.076s
2025-04-10 18:55:36.088 69939 INFO tempest.lib.common.rest_client [req-0f1fb5e4-9a47-482d-b6bd-dd754ff76dcc req-0f1fb5e4-9a47-482d-b6bd-dd754ff76dcc ] Request (ImagesTestJSON:test_create_server_from_snapshot): 200 GET http://10.180.1.21/compute/v2.1/servers/7e784175-349c-48f9-ba4c-b083d408d091 0.191s
2025-04-10 18:55:36.141 69891 INFO tempest.lib.common.rest_client [req-e10cb9c5-a29a-47de-87e7-1d3b9e3615b3 req-e10cb9c5-a29a-47de-87e7-1d3b9e3615b3 ] Request (FloatingIPsAssociationTestJSON:tearDownClass): 200 GET http://10.180.1.21/compute/v2.1/servers/41f5dbe2-486a-4c8f-ad59-0ab702e502ff 0.121s
2025-04-10 18:55:36.182 69941 INFO tempest.lib.common.rest_client [req-51aebf31-a6a4-4680-a1d9-e541084f739a req-51aebf31-a6a4-4680-a1d9-e541084f739a ] Request (ServerActionsTestOtherA:setUpClass): 201 POST http://10.180.1.21:9696/networking/v2.0/security-groups 0.359s
2025-04-10 18:55:36.195 69935 INFO tempest.lib.common.rest_client [req-2166b3d7-96cf-4fed-a63b-b97062d4c5a1 req-2166b3d7-96cf-4fed-a63b-b97062d4c5a1 ] Request (VolumesAdminNegativeTest:test_update_attached_volume_with_nonexistent_volume_in_uri): 200 GET http://10.180.1.21/compute/v2.1/servers/4d3df167-4ca0-40e2-89c3-62ad1ed89887 0.097s
2025-04-10 18:55:36.291 69881 INFO tempest.lib.common.rest_client [req-6a8b7f08-ef26-4578-ac17-85e3b0f6caa8 req-6a8b7f08-ef26-4578-ac17-85e3b0f6caa8 ] Request (ServersAdminTestJSON:test_inject_network_info): 200 GET http://10.180.1.21/compute/v2.1/servers/7e9e43ea-699f-4b15-a6c0-c86789dbfcc3 0.092s
2025-04-10 18:55:36.298 69881 INFO tempest.common.waiters [-] State transition "BUILD/None" ==> "BUILD/networking" after 26 second wait
2025-04-10 18:55:36.393 69929 INFO tempest.lib.common.rest_client [req-37732942-8abe-4e1a-8821-7936a218c5c7 req-37732942-8abe-4e1a-8821-7936a218c5c7 ] Request (AttachVolumeNegativeTest:test_attach_attached_volume_to_different_server): 200 GET http://10.180.1.21/compute/v2.1/servers/059d444c-f15e-4e19-a478-88f89022de01 0.178s
2025-04-10 18:55:36.407 69906 INFO tempest.lib.common.rest_client [req-bb5b6e29-a800-4559-bad7-a4bb6bf87aaa req-bb5b6e29-a800-4559-bad7-a4bb6bf87aaa ] Request (MigrationsAdminTest:test_resize_server_revert_deleted_flavor): 200 GET http://10.180.1.21/compute/v2.1/servers/1e4f952e-967e-40f2-b8ee-7c5d65cca843 0.253s
2025-04-10 18:55:36.427 69915 INFO tempest.lib.common.rest_client [req-92bed657-1c37-4ade-902b-bb3bd81fad24 req-92bed657-1c37-4ade-902b-bb3bd81fad24 ] Request (InstanceActionsNegativeTestJSON:tearDownClass): 404 GET http://10.180.1.21/compute/v2.1/servers/84ce5421-9dcf-43c1-af2f-a6c2e81bcaeb 0.152s
2025-04-10 18:55:36.489 69898 INFO paramiko.transport [-] Connected (version 2.0, client dropbear_2020.81)
2025-04-10 18:55:36.555 69898 INFO paramiko.transport [-] Authentication (publickey) successful!
2025-04-10 18:55:36.555 69898 INFO tempest.lib.common.ssh [-] ssh connection to cirros@10.180.180.253 successfully created
2025-04-10 18:55:36.737 69941 INFO tempest.lib.common.rest_client [req-70f82434-7bb4-4f64-978e-8a1707f60497 req-70f82434-7bb4-4f64-978e-8a1707f60497 ] Request (ServerActionsTestOtherA:setUpClass): 201 POST http://10.180.1.21:9696/networking/v2.0/security-group-rules 0.554s
2025-04-10 18:55:36.759 69899 INFO tempest.lib.common.rest_client [req-0274a60b-575d-4749-b704-5fdd1ca555b8 req-0274a60b-575d-4749-b704-5fdd1ca555b8 ] Request (ServersListShow298Test:test_list_show_update_rebuild_server_298): 200 GET http://10.180.1.21/compute/v2.1/servers/21f1d3ef-3e36-4a18-812c-a018b52d5120 0.360s
2025-04-10 18:55:36.796 69885 INFO tempest.lib.common.rest_client [req-b1915247-1d05-4d55-91c5-485547a6b9d1 req-b1915247-1d05-4d55-91c5-485547a6b9d1 ] Request (FloatingIPsNegativeTestJSON:setUpClass): 201 POST http://10.180.1.21:9696/networking/v2.0/networks 1.006s
2025-04-10 18:55:36.802 69879 INFO tempest.lib.common.rest_client [req-b781756d-97da-494a-ba40-da797b5d858d req-b781756d-97da-494a-ba40-da797b5d858d ] Request (DeleteServersTestJSON:test_delete_server_while_in_attached_volume): 200 GET http://10.180.1.21/compute/v2.1/servers/11493be3-6237-456e-a4d9-921223b7d66d 0.305s
2025-04-10 18:55:36.903 69927 INFO tempest.lib.common.rest_client [req-b254668a-157a-4895-a172-281a0387e06f req-b254668a-157a-4895-a172-281a0387e06f ] Request (VolumesAssistedSnapshotsTest:test_volume_assisted_snapshot_create_delete): 200 GET http://10.180.1.21/volume/v3/volumes/833239cc-37ba-4f62-93fd-7c87feaf7059 0.049s
2025-04-10 18:55:36.961 69903 INFO tempest.lib.common.rest_client [req-05162607-314c-406f-b945-94be408a3c6d req-05162607-314c-406f-b945-94be408a3c6d ] Request (ServerActionsTestOtherB:setUpClass): 201 POST http://10.180.1.21:9696/networking/v2.0/networks 0.912s
2025-04-10 18:55:36.993 69898 INFO tempest.lib.common.rest_client [req-b6db6c12-7916-4a59-a60a-33b9d7464695 req-b6db6c12-7916-4a59-a60a-33b9d7464695 ] Request (AttachInterfacesUnderV243Test:test_add_remove_fixed_ip): 200 GET http://10.180.1.21/compute/v2.1/servers/ef0f2679-9458-4e54-a8a6-912495ac571a/os-interface 0.437s
2025-04-10 18:55:37.047 69941 INFO tempest.lib.common.rest_client [req-3cb52623-257f-4a55-a281-7b61fd0bc241 req-3cb52623-257f-4a55-a281-7b61fd0bc241 ] Request (ServerActionsTestOtherA:setUpClass): 201 POST http://10.180.1.21:9696/networking/v2.0/security-group-rules 0.310s
2025-04-10 18:55:37.181 69931 INFO tempest.lib.common.rest_client [req-905f4bc7-01c7-459b-a2e9-5578aa1b5f6c req-905f4bc7-01c7-459b-a2e9-5578aa1b5f6c ] Request (ServersTestMultiNic:test_verify_multiple_nics_order): 201 POST http://10.180.1.21:9696/networking/v2.0/subnets 1.151s
2025-04-10 18:55:37.224 69901 INFO tempest.lib.common.rest_client [req-673efc6c-a9b6-4ae5-83cd-d125aeaa205d req-673efc6c-a9b6-4ae5-83cd-d125aeaa205d ] Request (ServersTestBootFromVolume:tearDownClass): 200 GET http://10.180.1.21/compute/v2.1/servers/2b16af07-2937-4a48-8c34-e414a0c3aca8 0.367s
2025-04-10 18:55:37.272 69931 INFO tempest.lib.common.rest_client [req-051b265a-ae64-4f1a-8a84-2e2090955256 req-051b265a-ae64-4f1a-8a84-2e2090955256 ] Request (ServersTestMultiNic:test_verify_multiple_nics_order): 201 POST http://10.180.1.21/identity/v3/auth/tokens 0.087s
2025-04-10 18:55:37.272 69931 INFO tempest.lib.common.fixed_network [-] (ServersTestMultiNic:test_verify_multiple_nics_order) Found network {'id': 'a8f561fd-c0a3-467e-852e-8fcdc47af90a', 'name': 'tempest-ServersTestMultiNic-1833321404-network', 'tenant_id': '3ae1c6f4c0864445bbb95d8304ebce14', 'admin_state_up': True, 'mtu': 8950, 'status': 'ACTIVE', 'subnets': [], 'shared': False, 'project_id': '3ae1c6f4c0864445bbb95d8304ebce14', 'port_security_enabled': True, 'router:external': False, 'provider:network_type': 'vlan', 'provider:physical_network': 'default', 'provider:segmentation_id': 904, 'availability_zone_hints': [], 'availability_zones': [], 'ipv4_address_scope': None, 'ipv6_address_scope': None, 'description': '', 'tags': [], 'created_at': '2025-04-10T18:53:52Z', 'updated_at': '2025-04-10T18:53:52Z', 'revision_number': 1} available for tenant
2025-04-10 18:55:37.274 69889 INFO tempest.lib.common.rest_client [req-d3884b6f-fb38-48de-84d4-5adf2260dd09 req-d3884b6f-fb38-48de-84d4-5adf2260dd09 ] Request (ServersNegativeTestJSON:setUpClass): 200 GET http://10.180.1.21/compute/v2.1/servers/a95b4fe6-0f57-4a90-9126-9479597a72f9 0.569s
2025-04-10 18:55:37.305 69887 INFO tempest.lib.common.rest_client [req-dd88884e-4fa6-40cf-985a-aaa4dd858295 req-dd88884e-4fa6-40cf-985a-aaa4dd858295 ] Request (ServersNegativeTestMultiTenantJSON:setUpClass): 200 GET http://10.180.1.21/compute/v2.1/servers/049a61b7-9f8b-40ff-aa1a-70f75e9abc84 0.405s
2025-04-10 18:55:37.379 69883 INFO tempest.lib.common.rest_client [req-52d2e54d-7f94-420e-b761-d9b035d5d56e req-52d2e54d-7f94-420e-b761-d9b035d5d56e ] Request (ServerShowV254Test:test_rebuild_server): 200 GET http://10.180.1.21/compute/v2.1/servers/884fb10c-cf09-4705-b09c-9f6eb0298cea 0.425s
2025-04-10 18:55:37.451 69898 INFO tempest.lib.common.rest_client [req-5a70d242-3ae4-4ac2-a117-63b7114d4580 req-5a70d242-3ae4-4ac2-a117-63b7114d4580 ] Request (AttachInterfacesUnderV243Test:test_add_remove_fixed_ip): 200 GET http://10.180.1.21/compute/v2.1/servers/ef0f2679-9458-4e54-a8a6-912495ac571a/os-interface/9901ae3b-08e3-4c4f-8d92-e2e757d0bdf2 0.453s
2025-04-10 18:55:37.513 69903 INFO tempest.lib.common.rest_client [req-0126e56a-c0ed-4cd4-95b9-bc22280b1c2f req-0126e56a-c0ed-4cd4-95b9-bc22280b1c2f ] Request (ServerActionsTestOtherB:setUpClass): 201 POST http://10.180.1.21:9696/networking/v2.0/subnets 0.551s
2025-04-10 18:55:37.819 69891 INFO tempest.lib.common.rest_client [req-8b0d8e01-28f3-49cb-9212-523b28dcc41f req-8b0d8e01-28f3-49cb-9212-523b28dcc41f ] Request (FloatingIPsAssociationTestJSON:tearDownClass): 200 GET http://10.180.1.21/compute/v2.1/servers/41f5dbe2-486a-4c8f-ad59-0ab702e502ff 0.667s
2025-04-10 18:55:37.882 69935 INFO tempest.lib.common.rest_client [req-b525e583-690b-4dda-a8f0-09ba849d5bcf req-b525e583-690b-4dda-a8f0-09ba849d5bcf ] Request (VolumesAdminNegativeTest:test_update_attached_volume_with_nonexistent_volume_in_uri): 200 GET http://10.180.1.21/compute/v2.1/servers/4d3df167-4ca0-40e2-89c3-62ad1ed89887 0.678s
2025-04-10 18:55:37.906 69939 INFO tempest.lib.common.rest_client [req-305a72ae-47d0-49e2-b01d-e052d7bfd868 req-305a72ae-47d0-49e2-b01d-e052d7bfd868 ] Request (ImagesTestJSON:test_create_server_from_snapshot): 200 GET http://10.180.1.21/compute/v2.1/servers/7e784175-349c-48f9-ba4c-b083d408d091 0.804s
2025-04-10 18:55:37.932 69941 INFO tempest.lib.common.rest_client [req-f25fcf8a-2c59-41c6-8377-e1494a8ac97e req-f25fcf8a-2c59-41c6-8377-e1494a8ac97e ] Request (ServerActionsTestOtherA:setUpClass): 201 POST http://10.180.1.21:9696/networking/v2.0/floatingips 0.884s
2025-04-10 18:55:37.933 69885 INFO tempest.lib.common.rest_client [req-996c603f-87a6-4be8-90c9-d6ac684d5494 req-996c603f-87a6-4be8-90c9-d6ac684d5494 ] Request (FloatingIPsNegativeTestJSON:setUpClass): 201 POST http://10.180.1.21:9696/networking/v2.0/subnets 1.136s
2025-04-10 18:55:37.960 69927 INFO tempest.lib.common.rest_client [req-63dbd519-cf48-4ac3-a348-079350ba76f1 req-63dbd519-cf48-4ac3-a348-079350ba76f1 ] Request (VolumesAssistedSnapshotsTest:test_volume_assisted_snapshot_create_delete): 200 GET http://10.180.1.21/volume/v3/volumes/833239cc-37ba-4f62-93fd-7c87feaf7059 0.048s
2025-04-10 18:55:38.003 69941 INFO tempest.lib.common.rest_client [req-58996d32-173f-4e52-bfaf-2b8e7f53002c req-58996d32-173f-4e52-bfaf-2b8e7f53002c ] Request (ServerActionsTestOtherA:setUpClass): 201 POST http://10.180.1.21/identity/v3/auth/tokens 0.068s
2025-04-10 18:55:38.004 69941 INFO tempest.lib.common.fixed_network [-] (ServerActionsTestOtherA:setUpClass) Found network {'id': 'c40f5c66-ba51-4502-8e54-ba06f2ae6952', 'name': 'tempest-ServerActionsTestOtherA-1245664034-network', 'tenant_id': '0d739410bf2d4c0b8efbd6266aca0b97', 'admin_state_up': True, 'mtu': 8950, 'status': 'ACTIVE', 'subnets': [], 'shared': False, 'project_id': '0d739410bf2d4c0b8efbd6266aca0b97', 'port_security_enabled': True, 'router:external': False, 'provider:network_type': 'vlan', 'provider:physical_network': 'default', 'provider:segmentation_id': 341, 'availability_zone_hints': [], 'availability_zones': [], 'ipv4_address_scope': None, 'ipv6_address_scope': None, 'description': '', 'tags': [], 'created_at': '2025-04-10T18:55:31Z', 'updated_at': '2025-04-10T18:55:31Z', 'revision_number': 1} available for tenant
2025-04-10 18:55:38.164 69881 INFO tempest.lib.common.rest_client [req-dc21cc52-f9dd-4f7b-80e0-831a096a8f58 req-dc21cc52-f9dd-4f7b-80e0-831a096a8f58 ] Request (ServersAdminTestJSON:test_inject_network_info): 200 GET http://10.180.1.21/compute/v2.1/servers/7e9e43ea-699f-4b15-a6c0-c86789dbfcc3 0.864s
2025-04-10 18:55:38.173 69881 INFO tempest.common.waiters [-] State transition "BUILD/networking" ==> "BUILD/spawning" after 28 second wait
2025-04-10 18:55:38.256 69929 INFO tempest.lib.common.rest_client [req-20850df7-de40-423e-a442-f4c0e73f2898 req-20850df7-de40-423e-a442-f4c0e73f2898 ] Request (AttachVolumeNegativeTest:test_attach_attached_volume_to_different_server): 200 GET http://10.180.1.21/compute/v2.1/servers/059d444c-f15e-4e19-a478-88f89022de01 0.854s
2025-04-10 18:55:38.264 69929 INFO tempest.common.waiters [-] State transition "BUILD/None" ==> "BUILD/networking" after 24 second wait
2025-04-10 18:55:38.462 69906 INFO tempest.lib.common.rest_client [req-5e658996-dd84-4cd8-8bbd-f317ee5b01d1 req-5e658996-dd84-4cd8-8bbd-f317ee5b01d1 ] Request (MigrationsAdminTest:test_resize_server_revert_deleted_flavor): 200 GET http://10.180.1.21/compute/v2.1/servers/1e4f952e-967e-40f2-b8ee-7c5d65cca843 1.042s
2025-04-10 18:55:38.470 69906 INFO tempest.common.waiters [-] State transition "BUILD/spawning" ==> "ACTIVE/None" after 60 second wait
2025-04-10 18:55:38.492 69898 INFO tempest.lib.common.rest_client [req-2190913d-6922-4148-bb36-79a3e9467bbc req-2190913d-6922-4148-bb36-79a3e9467bbc ] Request (AttachInterfacesUnderV243Test:test_add_remove_fixed_ip): 200 GET http://10.180.1.21/compute/v2.1/servers/ef0f2679-9458-4e54-a8a6-912495ac571a/ips 1.038s
2025-04-10 18:55:38.613 69899 INFO tempest.lib.common.rest_client [req-378ae473-af20-4e72-912c-c2a2f1779b54 req-378ae473-af20-4e72-912c-c2a2f1779b54 ] Request (ServersListShow298Test:test_list_show_update_rebuild_server_298): 200 GET http://10.180.1.21/compute/v2.1/servers/21f1d3ef-3e36-4a18-812c-a018b52d5120 0.842s
2025-04-10 18:55:38.744 69931 INFO tempest.lib.common.rest_client [req-30bff755-4028-44bc-9ea8-ba01a40cc909 req-30bff755-4028-44bc-9ea8-ba01a40cc909 ] Request (ServersTestMultiNic:test_verify_multiple_nics_order): 202 POST http://10.180.1.21/compute/v2.1/servers 1.471s
2025-04-10 18:55:38.896 69879 INFO tempest.lib.common.rest_client [req-50fefddf-c4b4-4660-8092-34373589b185 req-50fefddf-c4b4-4660-8092-34373589b185 ] Request (DeleteServersTestJSON:test_delete_server_while_in_attached_volume): 200 GET http://10.180.1.21/compute/v2.1/servers/11493be3-6237-456e-a4d9-921223b7d66d 1.079s
2025-04-10 18:55:38.917 69907 WARNING tempest.lib.common.ssh [-] Failed to establish authenticated ssh connection to cirros@10.180.180.230 ([Errno None] Unable to connect to port 22 on 10.180.180.230). Number attempts: 10. Retry after 11 seconds.: paramiko.ssh_exception.NoValidConnectionsError: [Errno None] Unable to connect to port 22 on 10.180.180.230
2025-04-10 18:55:38.994 69901 INFO tempest.lib.common.rest_client [req-5b278575-43a6-4276-b484-934a2a90db32 req-5b278575-43a6-4276-b484-934a2a90db32 ] Request (ServersTestBootFromVolume:tearDownClass): 200 GET http://10.180.1.21/compute/v2.1/servers/2b16af07-2937-4a48-8c34-e414a0c3aca8 0.758s
2025-04-10 18:55:39.012 69927 INFO tempest.lib.common.rest_client [req-2616aa06-2988-4636-9d24-619164c53faa req-2616aa06-2988-4636-9d24-619164c53faa ] Request (VolumesAssistedSnapshotsTest:test_volume_assisted_snapshot_create_delete): 200 GET http://10.180.1.21/volume/v3/volumes/833239cc-37ba-4f62-93fd-7c87feaf7059 0.040s
2025-04-10 18:55:39.072 69915 INFO tempest.lib.common.rest_client [req-108c457c-320c-498f-8356-d0c2a27b60c0 req-108c457c-320c-498f-8356-d0c2a27b60c0 ] Request (InstanceActionsNegativeTestJSON:tearDownClass): 200 PUT http://10.180.1.21:9696/networking/v2.0/routers/af3ad043-6b3e-46e6-9508-58a5d6d45ea0/remove_router_interface 2.644s
2025-04-10 18:55:39.165 69903 INFO tempest.lib.common.rest_client [req-5dc76df6-5519-49d2-ac4a-ee2873c59cf6 req-5dc76df6-5519-49d2-ac4a-ee2873c59cf6 ] Request (ServerActionsTestOtherB:setUpClass): 201 POST http://10.180.1.21:9696/networking/v2.0/routers 1.652s
2025-04-10 18:55:39.230 69889 INFO tempest.lib.common.rest_client [req-7b1eb2d2-28c1-45dd-a816-097a1d30efb3 req-7b1eb2d2-28c1-45dd-a816-097a1d30efb3 ] Request (ServersNegativeTestJSON:setUpClass): 200 GET http://10.180.1.21/compute/v2.1/servers/a95b4fe6-0f57-4a90-9126-9479597a72f9 0.947s
