2025-04-10 18:54:57.244 69891 INFO tempest.lib.common.rest_client [req-4d040e78-c3d3-403a-a4ab-bff1f08695a8 req-4d040e78-c3d3-403a-a4ab-bff1f08695a8 ] Request (FloatingIPsAssociationTestJSON:test_associate_already_associated_floating_ip): 200 GET http://10.180.1.21/compute/v2.1/servers/41f5dbe2-486a-4c8f-ad59-0ab702e502ff 0.074s
2025-04-10 18:54:57.300 69879 INFO tempest.lib.common.rest_client [req-2b6e4bc2-e8ca-41f5-8b2d-9e0b583c2d84 req-2b6e4bc2-e8ca-41f5-8b2d-9e0b583c2d84 ] Request (DeleteServersTestJSON:test_delete_server_while_in_attached_volume): 200 GET http://10.180.1.21/compute/v2.1/servers/11493be3-6237-456e-a4d9-921223b7d66d 0.047s
2025-04-10 18:54:57.332 69927 WARNING tempest.lib.common.ssh [-] Failed to establish authenticated ssh connection to cirros@10.180.180.233 ([Errno None] Unable to connect to port 22 on 10.180.180.233). Number attempts: 9. Retry after 10 seconds.: paramiko.ssh_exception.NoValidConnectionsError: [Errno None] Unable to connect to port 22 on 10.180.180.233
2025-04-10 18:54:57.466 69895 INFO tempest.lib.common.rest_client [req-98a679d8-be55-4878-b144-8cb37713e774 req-98a679d8-be55-4878-b144-8cb37713e774 ] Request (ServerAddressesNegativeTestJSON:tearDownClass): 200 GET http://10.180.1.21/compute/v2.1/servers/67d3af1b-dc99-458b-b991-b4ecbe2c279c 0.060s
2025-04-10 18:54:57.526 69941 INFO tempest.lib.common.rest_client [req-eda17c1b-1515-4d40-943f-7ebb2361a580 req-eda17c1b-1515-4d40-943f-7ebb2361a580 ] Request (DeleteServersAdminTestJSON:test_delete_server_while_in_error_state): 200 GET http://10.180.1.21/compute/v2.1/servers/83604800-4d38-4f37-82c8-926cd5040050 0.057s
2025-04-10 18:54:57.535 69915 INFO tempest.lib.common.rest_client [req-ca3fe542-59e0-4674-9347-67145273ee7d req-ca3fe542-59e0-4674-9347-67145273ee7d ] Request (InstanceActionsNegativeTestJSON:setUpClass): 200 GET http://10.180.1.21/compute/v2.1/servers/84ce5421-9dcf-43c1-af2f-a6c2e81bcaeb 0.049s
2025-04-10 18:54:57.728 69889 INFO tempest.lib.common.rest_client [req-a35e54d6-ab2a-4540-8792-3da42f5b3bcd req-a35e54d6-ab2a-4540-8792-3da42f5b3bcd ] Request (ServersNegativeTestJSON:setUpClass): 200 GET http://10.180.1.21/compute/v2.1/servers/a95b4fe6-0f57-4a90-9126-9479597a72f9 0.069s
2025-04-10 18:54:57.812 69883 INFO tempest.lib.common.rest_client [req-8d546c27-59bf-44e5-af21-ccfdc5776b34 req-8d546c27-59bf-44e5-af21-ccfdc5776b34 ] Request (ImagesOneServerTestJSON:tearDownClass): 200 GET http://10.180.1.21/compute/v2.1/servers/2c2f8e89-9a01-46e1-ab53-3c80c1bff111 0.066s
2025-04-10 18:54:57.862 69931 INFO tempest.lib.common.rest_client [req-6175517b-bdef-41da-ae66-638bb43131f5 req-6175517b-bdef-41da-ae66-638bb43131f5 ] Request (ServersTestMultiNic:test_verify_duplicate_network_nics): 200 GET http://10.180.1.21/compute/v2.1/servers/6855e232-1993-4ee0-ba0b-389c414c0c35 0.153s
2025-04-10 18:54:57.970 69903 INFO tempest.lib.common.rest_client [req-8683dc41-283e-4b9c-81ff-0520ad950eb6 req-8683dc41-283e-4b9c-81ff-0520ad950eb6 ] Request (ListServerFiltersTestJSON:tearDownClass): 200 GET http://10.180.1.21/compute/v2.1/servers/924afcff-8a47-448b-af63-4a6741e8231f 0.076s
2025-04-10 18:54:58.024 69906 INFO tempest.lib.common.rest_client [req-8dc37a2f-1975-4d53-8c67-3c9d56375a6e req-8dc37a2f-1975-4d53-8c67-3c9d56375a6e ] Request (MigrationsAdminTest:test_resize_server_revert_deleted_flavor): 200 GET http://10.180.1.21/compute/v2.1/servers/1e4f952e-967e-40f2-b8ee-7c5d65cca843 0.069s
2025-04-10 18:54:58.037 69898 INFO tempest.lib.common.rest_client [req-d2fb64a2-97c5-4a52-84b0-1ed68bf35348 req-d2fb64a2-97c5-4a52-84b0-1ed68bf35348 ] Request (AttachInterfacesUnderV243Test:test_add_remove_fixed_ip): 200 GET http://10.180.1.21/compute/v2.1/servers/ef0f2679-9458-4e54-a8a6-912495ac571a 0.125s
2025-04-10 18:54:58.044 69898 INFO tempest.common.waiters [-] State transition "BUILD/spawning" ==> "ACTIVE/None" after 70 second wait
2025-04-10 18:54:58.109 69898 INFO tempest.lib.common.rest_client [req-2c1c9bec-e636-4020-a56f-9be48585e455 req-2c1c9bec-e636-4020-a56f-9be48585e455 ] Request (AttachInterfacesUnderV243Test:test_add_remove_fixed_ip): 200 GET http://10.180.1.21/compute/v2.1/servers/ef0f2679-9458-4e54-a8a6-912495ac571a/os-interface 0.064s
2025-04-10 18:54:58.120 69929 INFO tempest.lib.common.rest_client [req-47ebd4b0-ee6c-4661-8352-c52ee476cdaa req-47ebd4b0-ee6c-4661-8352-c52ee476cdaa ] Request (InstanceActionsV221TestJSON:test_get_list_deleted_instance_actions): 200 GET http://10.180.1.21/compute/v2.1/servers/cf59c9f3-ffa6-4ca0-b78a-94891a0d6797 0.083s
2025-04-10 18:54:58.153 69939 INFO tempest.lib.common.rest_client [req-ec23eff8-900a-4402-83ca-6341e21a814e req-ec23eff8-900a-4402-83ca-6341e21a814e ] Request (ImagesTestJSON:test_create_image_from_suspended_server): 200 GET http://10.180.1.21/compute/v2.1/images/bebbd411-067e-4041-b3eb-df61b4213f32 0.038s
2025-04-10 18:54:58.167 69917 INFO tempest.lib.common.rest_client [req-4bf12e32-ceb1-4737-8ffd-b5b95d5c32d1 req-4bf12e32-ceb1-4737-8ffd-b5b95d5c32d1 ] Request (ServersTestManualDisk:setUpClass): 200 GET http://10.180.1.21/compute/v2.1/servers/ff8c6b80-405a-422a-b7d1-db785ce81cad 0.080s
2025-04-10 18:54:58.206 69899 INFO tempest.lib.common.rest_client [req-9f370be3-b70d-4d93-af94-e53d54ef28c2 req-9f370be3-b70d-4d93-af94-e53d54ef28c2 ] Request (ServersAdminNegativeTestJSON:tearDownClass): 200 GET http://10.180.1.21/compute/v2.1/servers/e26fb71a-b6dc-44bf-9e46-26801a267235 0.063s
2025-04-10 18:54:58.230 69881 INFO tempest.lib.common.rest_client [req-bd5e85b0-77bc-41f1-b71e-3011021d3881 req-bd5e85b0-77bc-41f1-b71e-3011021d3881 ] Request (ServersAdminTestJSON:test_create_server_with_scheduling_hint): 200 GET http://10.180.1.21/compute/v2.1/servers/4a8c13e8-519f-4bfb-a095-e68adc8a3c78 0.052s
2025-04-10 18:54:58.239 69881 INFO tempest.common.waiters [-] State transition "BUILD/None" ==> "BUILD/networking" after 58 second wait
2025-04-10 18:54:58.283 69887 INFO tempest.lib.common.rest_client [req-61144978-a59b-481e-bab8-5d78b63fe357 req-61144978-a59b-481e-bab8-5d78b63fe357 ] Request (InstanceActionsTestJSON:tearDownClass): 200 GET http://10.180.1.21/compute/v2.1/servers/bcdc4882-15de-4d78-96ce-9c4da44a8492 0.078s
2025-04-10 18:54:58.311 69885 INFO tempest.lib.common.rest_client [req-2c81d1dd-e14a-436c-a429-503a7ca6b572 req-2c81d1dd-e14a-436c-a429-503a7ca6b572 ] Request (ServersAdmin275Test:_run_cleanups): 200 GET http://10.180.1.21/compute/v2.1/servers/f6cd5766-57fd-431a-a86f-b77c125a4a25 0.077s
2025-04-10 18:54:58.344 69891 INFO tempest.lib.common.rest_client [req-0837ff0f-8f46-49bd-969d-bc8a0c4617a3 req-0837ff0f-8f46-49bd-969d-bc8a0c4617a3 ] Request (FloatingIPsAssociationTestJSON:test_associate_already_associated_floating_ip): 200 GET http://10.180.1.21/compute/v2.1/servers/41f5dbe2-486a-4c8f-ad59-0ab702e502ff 0.092s
2025-04-10 18:54:58.373 69879 INFO tempest.lib.common.rest_client [req-8654442b-5d26-452f-9c21-4dbb6863ca78 req-8654442b-5d26-452f-9c21-4dbb6863ca78 ] Request (DeleteServersTestJSON:test_delete_server_while_in_attached_volume): 200 GET http://10.180.1.21/compute/v2.1/servers/11493be3-6237-456e-a4d9-921223b7d66d 0.066s
2025-04-10 18:54:58.547 69895 INFO tempest.lib.common.rest_client [req-26e40616-4cfd-454c-908a-977b73fdb58b req-26e40616-4cfd-454c-908a-977b73fdb58b ] Request (ServerAddressesNegativeTestJSON:tearDownClass): 200 GET http://10.180.1.21/compute/v2.1/servers/67d3af1b-dc99-458b-b991-b4ecbe2c279c 0.073s
2025-04-10 18:54:58.607 69941 INFO tempest.lib.common.rest_client [req-a3927fc0-c021-4262-8dc1-517bed883c03 req-a3927fc0-c021-4262-8dc1-517bed883c03 ] Request (DeleteServersAdminTestJSON:test_delete_server_while_in_error_state): 200 GET http://10.180.1.21/compute/v2.1/servers/83604800-4d38-4f37-82c8-926cd5040050 0.074s
2025-04-10 18:54:58.621 69915 INFO tempest.lib.common.rest_client [req-c1e1b66c-9acf-46d0-a958-444565d83798 req-c1e1b66c-9acf-46d0-a958-444565d83798 ] Request (InstanceActionsNegativeTestJSON:setUpClass): 200 GET http://10.180.1.21/compute/v2.1/servers/84ce5421-9dcf-43c1-af2f-a6c2e81bcaeb 0.078s
2025-04-10 18:54:58.804 69889 INFO tempest.lib.common.rest_client [req-ee43a70e-73c7-46b4-879b-05d2dccb72e1 req-ee43a70e-73c7-46b4-879b-05d2dccb72e1 ] Request (ServersNegativeTestJSON:setUpClass): 200 GET http://10.180.1.21/compute/v2.1/servers/a95b4fe6-0f57-4a90-9126-9479597a72f9 0.067s
2025-04-10 18:54:58.839 69898 INFO tempest.lib.common.rest_client [req-d6f485d7-fa12-482e-b634-3e54c78393ce req-d6f485d7-fa12-482e-b634-3e54c78393ce ] Request (AttachInterfacesUnderV243Test:test_add_remove_fixed_ip): 200 PUT http://10.180.1.21:9696/networking/v2.0/floatingips/7c9e451a-a13e-4efc-aa05-570e19cb9109 0.727s
2025-04-10 18:54:58.920 69883 INFO tempest.lib.common.rest_client [req-1f84094a-ef56-4947-9be8-d4192fcfb343 req-1f84094a-ef56-4947-9be8-d4192fcfb343 ] Request (ImagesOneServerTestJSON:tearDownClass): 200 GET http://10.180.1.21/compute/v2.1/servers/2c2f8e89-9a01-46e1-ab53-3c80c1bff111 0.096s
2025-04-10 18:54:59.039 69931 INFO tempest.lib.common.rest_client [req-1e6dff72-8211-4a10-981e-c8a5cb5bd8b9 req-1e6dff72-8211-4a10-981e-c8a5cb5bd8b9 ] Request (ServersTestMultiNic:test_verify_duplicate_network_nics): 200 GET http://10.180.1.21/compute/v2.1/servers/6855e232-1993-4ee0-ba0b-389c414c0c35 0.169s
2025-04-10 18:54:59.051 69898 INFO tempest.lib.common.rest_client [req-95812d09-2da0-4e35-a3e5-1de4b96977d5 req-95812d09-2da0-4e35-a3e5-1de4b96977d5 ] Request (AttachInterfacesUnderV243Test:test_add_remove_fixed_ip): 200 GET http://10.180.1.21/compute/v2.1/servers/ef0f2679-9458-4e54-a8a6-912495ac571a 0.211s
2025-04-10 18:54:59.065 69898 INFO tempest.lib.common.ssh [-] Creating ssh connection to '10.180.180.253:22' as 'cirros' with public key authentication
2025-04-10 18:54:59.111 69903 INFO tempest.lib.common.rest_client [req-09b6342f-3c56-40d0-a243-1e17ee3d86e3 req-09b6342f-3c56-40d0-a243-1e17ee3d86e3 ] Request (ListServerFiltersTestJSON:tearDownClass): 200 GET http://10.180.1.21/compute/v2.1/servers/924afcff-8a47-448b-af63-4a6741e8231f 0.129s
2025-04-10 18:54:59.112 69906 INFO tempest.lib.common.rest_client [req-69735e1b-b42c-48e9-83dc-b852d9379a38 req-69735e1b-b42c-48e9-83dc-b852d9379a38 ] Request (MigrationsAdminTest:test_resize_server_revert_deleted_flavor): 200 GET http://10.180.1.21/compute/v2.1/servers/1e4f952e-967e-40f2-b8ee-7c5d65cca843 0.079s
2025-04-10 18:54:59.198 69939 INFO tempest.lib.common.rest_client [req-5b2852a2-c813-4506-9263-9e1630372d3b req-5b2852a2-c813-4506-9263-9e1630372d3b ] Request (ImagesTestJSON:test_create_image_from_suspended_server): 200 GET http://10.180.1.21/compute/v2.1/images/bebbd411-067e-4041-b3eb-df61b4213f32 0.040s
2025-04-10 18:54:59.202 69929 INFO tempest.lib.common.rest_client [req-b4a8bb88-20f6-46d5-8b17-7bf34d667632 req-b4a8bb88-20f6-46d5-8b17-7bf34d667632 ] Request (InstanceActionsV221TestJSON:test_get_list_deleted_instance_actions): 200 GET http://10.180.1.21/compute/v2.1/servers/cf59c9f3-ffa6-4ca0-b78a-94891a0d6797 0.071s
2025-04-10 18:54:59.241 69939 INFO tempest.lib.common.rest_client [req-188a06c0-ca80-4b41-b446-6a708983c14d req-188a06c0-ca80-4b41-b446-6a708983c14d ] Request (ImagesTestJSON:test_create_image_from_suspended_server): 200 GET http://10.180.1.21/compute/v2.1/images/bebbd411-067e-4041-b3eb-df61b4213f32 0.040s
2025-04-10 18:54:59.252 69917 INFO tempest.lib.common.rest_client [req-51a32a2a-dea5-4179-8129-d592fef74ab8 req-51a32a2a-dea5-4179-8129-d592fef74ab8 ] Request (ServersTestManualDisk:setUpClass): 200 GET http://10.180.1.21/compute/v2.1/servers/ff8c6b80-405a-422a-b7d1-db785ce81cad 0.077s
2025-04-10 18:54:59.269 69939 INFO tempest.lib.common.rest_client [req-8b762f7b-444f-4714-bb39-503cb9539f1d req-8b762f7b-444f-4714-bb39-503cb9539f1d ] Request (ImagesTestJSON:test_create_image_from_suspended_server): 200 GET http://10.180.1.21/image/v2/images/bebbd411-067e-4041-b3eb-df61b4213f32/tasks 0.025s
2025-04-10 18:54:59.301 69899 INFO tempest.lib.common.rest_client [req-f5354dca-1f6e-4b8d-b18f-2d2821437fc5 req-f5354dca-1f6e-4b8d-b18f-2d2821437fc5 ] Request (ServersAdminNegativeTestJSON:tearDownClass): 200 GET http://10.180.1.21/compute/v2.1/servers/e26fb71a-b6dc-44bf-9e46-26801a267235 0.084s
2025-04-10 18:54:59.310 69899 INFO tempest.common.waiters [-] State transition "ACTIVE/deleting" ==> "DELETED/None" after 5 second wait
2025-04-10 18:54:59.339 69881 INFO tempest.lib.common.rest_client [req-cacc9a2e-355c-4461-b5cb-ba13f5b7b1bf req-cacc9a2e-355c-4461-b5cb-ba13f5b7b1bf ] Request (ServersAdminTestJSON:test_create_server_with_scheduling_hint): 200 GET http://10.180.1.21/compute/v2.1/servers/4a8c13e8-519f-4bfb-a095-e68adc8a3c78 0.100s
2025-04-10 18:54:59.347 69881 INFO tempest.common.waiters [-] State transition "BUILD/networking" ==> "BUILD/block_device_mapping" after 59 second wait
2025-04-10 18:54:59.395 69887 INFO tempest.lib.common.rest_client [req-599f9d06-d7d6-44b0-8b61-8fa25f5d6e24 req-599f9d06-d7d6-44b0-8b61-8fa25f5d6e24 ] Request (InstanceActionsTestJSON:tearDownClass): 200 GET http://10.180.1.21/compute/v2.1/servers/bcdc4882-15de-4d78-96ce-9c4da44a8492 0.101s
2025-04-10 18:54:59.403 69939 INFO tempest.lib.common.rest_client [req-6d272b47-987d-4e6e-9225-ddf3881b9787 req-6d272b47-987d-4e6e-9225-ddf3881b9787 ] Request (ImagesTestJSON:_run_cleanups): 204 DELETE http://10.180.1.21/compute/v2.1/images/bebbd411-067e-4041-b3eb-df61b4213f32 0.134s
2025-04-10 18:54:59.451 69891 INFO tempest.lib.common.rest_client [req-0f4895d1-2a73-4c54-80aa-4bb84b71f268 req-0f4895d1-2a73-4c54-80aa-4bb84b71f268 ] Request (FloatingIPsAssociationTestJSON:test_associate_already_associated_floating_ip): 200 GET http://10.180.1.21/compute/v2.1/servers/41f5dbe2-486a-4c8f-ad59-0ab702e502ff 0.099s
2025-04-10 18:54:59.451 69885 INFO tempest.lib.common.rest_client [req-4a1a1dee-0aa6-49e7-9ff5-f74c29bb1e4d req-4a1a1dee-0aa6-49e7-9ff5-f74c29bb1e4d ] Request (ServersAdmin275Test:_run_cleanups): 200 GET http://10.180.1.21/compute/v2.1/servers/f6cd5766-57fd-431a-a86f-b77c125a4a25 0.128s
2025-04-10 18:54:59.461 69885 INFO tempest.common.waiters [-] State transition "REBUILD/rebuild_spawning" ==> "ACTIVE/None" after 11 second wait
2025-04-10 18:54:59.509 69879 INFO tempest.lib.common.rest_client [req-88620834-b38b-491c-a2f9-15adeedf0346 req-88620834-b38b-491c-a2f9-15adeedf0346 ] Request (DeleteServersTestJSON:test_delete_server_while_in_attached_volume): 200 GET http://10.180.1.21/compute/v2.1/servers/11493be3-6237-456e-a4d9-921223b7d66d 0.126s
2025-04-10 18:54:59.529 69939 INFO tempest.lib.common.rest_client [req-a079b082-44ad-4970-a047-dc9b66aaa871 req-a079b082-44ad-4970-a047-dc9b66aaa871 ] Request (ImagesTestJSON:_run_cleanups): 204 DELETE http://10.180.1.21/compute/v2.1/servers/a6493c17-e033-4dc9-82df-cbb4f24e436b 0.125s
2025-04-10 18:54:59.582 69885 INFO tempest.lib.common.rest_client [req-a1bf1cca-7121-45ad-859f-572d3c2402bb req-a1bf1cca-7121-45ad-859f-572d3c2402bb ] Request (ServersAdmin275Test:tearDownClass): 204 DELETE http://10.180.1.21/compute/v2.1/servers/f6cd5766-57fd-431a-a86f-b77c125a4a25 0.119s
2025-04-10 18:54:59.602 69939 INFO tempest.lib.common.rest_client [req-6d14053a-3caa-4594-b509-8f07478cb828 req-6d14053a-3caa-4594-b509-8f07478cb828 ] Request (ImagesTestJSON:test_create_server_from_snapshot): 201 POST http://10.180.1.21/identity/v3/auth/tokens 0.069s
2025-04-10 18:54:59.602 69939 INFO tempest.lib.common.fixed_network [-] (ImagesTestJSON:test_create_server_from_snapshot) Found network {'id': '29ea143a-5f2c-45eb-b6d1-ee3aa2d7dbf4', 'name': 'tempest-ImagesTestJSON-507676403-network', 'tenant_id': '2e8a6f141445486095c802879a5703d4', 'admin_state_up': True, 'mtu': 8950, 'status': 'ACTIVE', 'subnets': [], 'shared': False, 'project_id': '2e8a6f141445486095c802879a5703d4', 'port_security_enabled': True, 'router:external': False, 'provider:network_type': 'vlan', 'provider:physical_network': 'default', 'provider:segmentation_id': 521, 'availability_zone_hints': [], 'availability_zones': [], 'ipv4_address_scope': None, 'ipv6_address_scope': None, 'description': '', 'tags': [], 'created_at': '2025-04-10T18:52:31Z', 'updated_at': '2025-04-10T18:52:31Z', 'revision_number': 1} available for tenant
2025-04-10 18:54:59.602 69937 WARNING tempest.lib.common.ssh [-] Failed to establish authenticated ssh connection to cirros@10.180.180.134 ([Errno None] Unable to connect to port 22 on 10.180.180.134). Number attempts: 12. Retry after 13 seconds.: paramiko.ssh_exception.NoValidConnectionsError: [Errno None] Unable to connect to port 22 on 10.180.180.134
2025-04-10 18:54:59.620 69895 INFO tempest.lib.common.rest_client [req-df31ff01-9449-4a3d-b098-563c79a6ac81 req-df31ff01-9449-4a3d-b098-563c79a6ac81 ] Request (ServerAddressesNegativeTestJSON:tearDownClass): 200 GET http://10.180.1.21/compute/v2.1/servers/67d3af1b-dc99-458b-b991-b4ecbe2c279c 0.065s
2025-04-10 18:54:59.649 69885 INFO tempest.lib.common.rest_client [req-8df01ed0-4715-40c6-8057-14f96f83be25 req-8df01ed0-4715-40c6-8057-14f96f83be25 ] Request (ServersAdmin275Test:tearDownClass): 200 GET http://10.180.1.21/compute/v2.1/servers/f6cd5766-57fd-431a-a86f-b77c125a4a25 0.067s
2025-04-10 18:54:59.706 69941 INFO tempest.lib.common.rest_client [req-aef1f1bd-3a5e-4df9-bad5-3e0bd7416fa6 req-aef1f1bd-3a5e-4df9-bad5-3e0bd7416fa6 ] Request (DeleteServersAdminTestJSON:test_delete_server_while_in_error_state): 200 GET http://10.180.1.21/compute/v2.1/servers/83604800-4d38-4f37-82c8-926cd5040050 0.091s
2025-04-10 18:54:59.721 69935 WARNING tempest.lib.common.ssh [-] Failed to establish authenticated ssh connection to cirros@10.180.180.169 ([Errno None] Unable to connect to port 22 on 10.180.180.169). Number attempts: 11. Retry after 12 seconds.: paramiko.ssh_exception.NoValidConnectionsError: [Errno None] Unable to connect to port 22 on 10.180.180.169
2025-04-10 18:54:59.760 69915 INFO tempest.lib.common.rest_client [req-0c107125-8d81-486b-bae3-818539bf7a44 req-0c107125-8d81-486b-bae3-818539bf7a44 ] Request (InstanceActionsNegativeTestJSON:setUpClass): 200 GET http://10.180.1.21/compute/v2.1/servers/84ce5421-9dcf-43c1-af2f-a6c2e81bcaeb 0.122s
2025-04-10 18:54:59.875 69889 INFO tempest.lib.common.rest_client [req-57a6fad4-06a2-4d20-8dff-484043288240 req-57a6fad4-06a2-4d20-8dff-484043288240 ] Request (ServersNegativeTestJSON:setUpClass): 200 GET http://10.180.1.21/compute/v2.1/servers/a95b4fe6-0f57-4a90-9126-9479597a72f9 0.063s
2025-04-10 18:54:59.948 69939 INFO tempest.lib.common.rest_client [req-24e51f02-0d8f-499c-a6c3-68b41aeebc42 req-24e51f02-0d8f-499c-a6c3-68b41aeebc42 ] Request (ImagesTestJSON:test_create_server_from_snapshot): 202 POST http://10.180.1.21/compute/v2.1/servers 0.344s
2025-04-10 18:54:59.989 69939 INFO tempest.lib.common.rest_client [req-36259445-6433-45b0-b578-1e06c20f6989 req-36259445-6433-45b0-b578-1e06c20f6989 ] Request (ImagesTestJSON:test_create_server_from_snapshot): 200 GET http://10.180.1.21/compute/v2.1/servers/7e784175-349c-48f9-ba4c-b083d408d091 0.040s
2025-04-10 18:55:00.004 69883 INFO tempest.lib.common.rest_client [req-79030f8e-ad0f-4d6c-9daf-ce38f99e1a36 req-79030f8e-ad0f-4d6c-9daf-ce38f99e1a36 ] Request (ImagesOneServerTestJSON:tearDownClass): 200 GET http://10.180.1.21/compute/v2.1/servers/2c2f8e89-9a01-46e1-ab53-3c80c1bff111 0.076s
2025-04-10 18:55:00.169 69906 INFO tempest.lib.common.rest_client [req-8c3fcdc5-8d1b-4a46-836c-b2d6f829bc07 req-8c3fcdc5-8d1b-4a46-836c-b2d6f829bc07 ] Request (MigrationsAdminTest:test_resize_server_revert_deleted_flavor): 200 GET http://10.180.1.21/compute/v2.1/servers/1e4f952e-967e-40f2-b8ee-7c5d65cca843 0.048s
2025-04-10 18:55:00.188 69931 INFO tempest.lib.common.rest_client [req-585d9ff7-6bad-43b1-a58f-5e3071c8e179 req-585d9ff7-6bad-43b1-a58f-5e3071c8e179 ] Request (ServersTestMultiNic:test_verify_duplicate_network_nics): 200 GET http://10.180.1.21/compute/v2.1/servers/6855e232-1993-4ee0-ba0b-389c414c0c35 0.142s
2025-04-10 18:55:00.219 69903 INFO tempest.lib.common.rest_client [req-1317060e-9dd5-466b-9813-1f64055b3b25 req-1317060e-9dd5-466b-9813-1f64055b3b25 ] Request (ListServerFiltersTestJSON:tearDownClass): 200 GET http://10.180.1.21/compute/v2.1/servers/924afcff-8a47-448b-af63-4a6741e8231f 0.097s
2025-04-10 18:55:00.313 69917 INFO tempest.lib.common.rest_client [req-9b33916e-cb49-4453-aa76-fd92eb259587 req-9b33916e-cb49-4453-aa76-fd92eb259587 ] Request (ServersTestManualDisk:setUpClass): 200 GET http://10.180.1.21/compute/v2.1/servers/ff8c6b80-405a-422a-b7d1-db785ce81cad 0.053s
2025-04-10 18:55:00.370 69899 INFO tempest.lib.common.rest_client [req-a84a1196-bace-4f13-b99f-24ed1ea507d3 req-a84a1196-bace-4f13-b99f-24ed1ea507d3 ] Request (ServersAdminNegativeTestJSON:tearDownClass): 200 GET http://10.180.1.21/compute/v2.1/servers/e26fb71a-b6dc-44bf-9e46-26801a267235 0.059s
2025-04-10 18:55:00.488 69929 INFO tempest.lib.common.rest_client [req-873569a5-15ee-419e-b882-19a7eaddf7d1 req-873569a5-15ee-419e-b882-19a7eaddf7d1 ] Request (InstanceActionsV221TestJSON:test_get_list_deleted_instance_actions): 200 GET http://10.180.1.21/compute/v2.1/servers/cf59c9f3-ffa6-4ca0-b78a-94891a0d6797 0.275s
2025-04-10 18:55:00.498 69881 INFO tempest.lib.common.rest_client [req-d22cc5b2-7a68-4b09-b726-fe1d2b315757 req-d22cc5b2-7a68-4b09-b726-fe1d2b315757 ] Request (ServersAdminTestJSON:test_create_server_with_scheduling_hint): 200 GET http://10.180.1.21/compute/v2.1/servers/4a8c13e8-519f-4bfb-a095-e68adc8a3c78 0.148s
2025-04-10 18:55:00.506 69881 INFO tempest.common.waiters [-] State transition "BUILD/block_device_mapping" ==> "BUILD/spawning" after 60 second wait
2025-04-10 18:55:00.548 69891 INFO tempest.lib.common.rest_client [req-15b58797-d9ec-4b39-8d85-e836de758d34 req-15b58797-d9ec-4b39-8d85-e836de758d34 ] Request (FloatingIPsAssociationTestJSON:test_associate_already_associated_floating_ip): 200 GET http://10.180.1.21/compute/v2.1/servers/41f5dbe2-486a-4c8f-ad59-0ab702e502ff 0.088s
2025-04-10 18:55:00.552 69887 INFO tempest.lib.common.rest_client [req-c624bb7a-3f9f-4daa-8524-62aba6687ad7 req-c624bb7a-3f9f-4daa-8524-62aba6687ad7 ] Request (InstanceActionsTestJSON:tearDownClass): 200 GET http://10.180.1.21/compute/v2.1/servers/bcdc4882-15de-4d78-96ce-9c4da44a8492 0.149s
2025-04-10 18:55:00.618 69879 INFO tempest.lib.common.rest_client [req-143efd3f-48d8-4150-9643-fdac07aac6bc req-143efd3f-48d8-4150-9643-fdac07aac6bc ] Request (DeleteServersTestJSON:test_delete_server_while_in_attached_volume): 200 GET http://10.180.1.21/compute/v2.1/servers/11493be3-6237-456e-a4d9-921223b7d66d 0.100s
2025-04-10 18:55:00.700 69895 INFO tempest.lib.common.rest_client [req-7f26698f-5384-4d24-9900-bf699cf38970 req-7f26698f-5384-4d24-9900-bf699cf38970 ] Request (ServerAddressesNegativeTestJSON:tearDownClass): 200 GET http://10.180.1.21/compute/v2.1/servers/67d3af1b-dc99-458b-b991-b4ecbe2c279c 0.070s
2025-04-10 18:55:00.733 69885 INFO tempest.lib.common.rest_client [req-19b8195e-06a6-45be-a1c4-422d2633c076 req-19b8195e-06a6-45be-a1c4-422d2633c076 ] Request (ServersAdmin275Test:tearDownClass): 200 GET http://10.180.1.21/compute/v2.1/servers/f6cd5766-57fd-431a-a86f-b77c125a4a25 0.071s
2025-04-10 18:55:00.779 69941 INFO tempest.lib.common.rest_client [req-498ae510-6963-4d19-9ad3-5b6351928453 req-498ae510-6963-4d19-9ad3-5b6351928453 ] Request (DeleteServersAdminTestJSON:test_delete_server_while_in_error_state): 200 GET http://10.180.1.21/compute/v2.1/servers/83604800-4d38-4f37-82c8-926cd5040050 0.060s
2025-04-10 18:55:00.820 69915 INFO tempest.lib.common.rest_client [req-3ddf315b-c571-4ca1-9ec6-f1becb9e21c6 req-3ddf315b-c571-4ca1-9ec6-f1becb9e21c6 ] Request (InstanceActionsNegativeTestJSON:setUpClass): 200 GET http://10.180.1.21/compute/v2.1/servers/84ce5421-9dcf-43c1-af2f-a6c2e81bcaeb 0.052s
2025-04-10 18:55:00.829 69915 INFO tempest.common.waiters [-] State transition "BUILD/None" ==> "BUILD/networking" after 59 second wait
2025-04-10 18:55:00.943 69889 INFO tempest.lib.common.rest_client [req-3cc900ee-8644-4d56-b2cc-0464c017729d req-3cc900ee-8644-4d56-b2cc-0464c017729d ] Request (ServersNegativeTestJSON:setUpClass): 200 GET http://10.180.1.21/compute/v2.1/servers/a95b4fe6-0f57-4a90-9126-9479597a72f9 0.060s
2025-04-10 18:55:01.053 69939 INFO tempest.lib.common.rest_client [req-6e6fa3c8-7b56-47cc-90f1-72f12a95b4a2 req-6e6fa3c8-7b56-47cc-90f1-72f12a95b4a2 ] Request (ImagesTestJSON:test_create_server_from_snapshot): 200 GET http://10.180.1.21/compute/v2.1/servers/7e784175-349c-48f9-ba4c-b083d408d091 0.056s
2025-04-10 18:55:01.095 69883 INFO tempest.lib.common.rest_client [req-4d60b86a-adc7-469c-a844-4c3c7df9681b req-4d60b86a-adc7-469c-a844-4c3c7df9681b ] Request (ImagesOneServerTestJSON:tearDownClass): 200 GET http://10.180.1.21/compute/v2.1/servers/2c2f8e89-9a01-46e1-ab53-3c80c1bff111 0.078s
2025-04-10 18:55:01.233 69906 INFO tempest.lib.common.rest_client [req-bcb2195f-ce52-4e57-804e-5e806a625a6c req-bcb2195f-ce52-4e57-804e-5e806a625a6c ] Request (MigrationsAdminTest:test_resize_server_revert_deleted_flavor): 200 GET http://10.180.1.21/compute/v2.1/servers/1e4f952e-967e-40f2-b8ee-7c5d65cca843 0.056s
2025-04-10 18:55:01.304 69903 INFO tempest.lib.common.rest_client [req-8d3c439a-bed4-45a5-91c8-532ebf839fe7 req-8d3c439a-bed4-45a5-91c8-532ebf839fe7 ] Request (ListServerFiltersTestJSON:tearDownClass): 200 GET http://10.180.1.21/compute/v2.1/servers/924afcff-8a47-448b-af63-4a6741e8231f 0.077s
2025-04-10 18:55:01.322 69931 INFO tempest.lib.common.rest_client [req-b8afe943-d8b3-4756-af5f-4037e15e253e req-b8afe943-d8b3-4756-af5f-4037e15e253e ] Request (ServersTestMultiNic:test_verify_duplicate_network_nics): 200 GET http://10.180.1.21/compute/v2.1/servers/6855e232-1993-4ee0-ba0b-389c414c0c35 0.127s
2025-04-10 18:55:01.374 69917 INFO tempest.lib.common.rest_client [req-c9c22208-4126-4590-8cf9-b532737e38f0 req-c9c22208-4126-4590-8cf9-b532737e38f0 ] Request (ServersTestManualDisk:setUpClass): 200 GET http://10.180.1.21/compute/v2.1/servers/ff8c6b80-405a-422a-b7d1-db785ce81cad 0.053s
2025-04-10 18:55:01.453 69899 INFO tempest.lib.common.rest_client [req-6ca53eb4-3471-4189-9e10-c21d615dd8f8 req-6ca53eb4-3471-4189-9e10-c21d615dd8f8 ] Request (ServersAdminNegativeTestJSON:tearDownClass): 200 GET http://10.180.1.21/compute/v2.1/servers/e26fb71a-b6dc-44bf-9e46-26801a267235 0.069s
2025-04-10 18:55:01.553 69929 INFO tempest.lib.common.rest_client [req-7f2d66d1-743c-4bff-99fe-2c015c20cb93 req-7f2d66d1-743c-4bff-99fe-2c015c20cb93 ] Request (InstanceActionsV221TestJSON:test_get_list_deleted_instance_actions): 200 GET http://10.180.1.21/compute/v2.1/servers/cf59c9f3-ffa6-4ca0-b78a-94891a0d6797 0.056s
2025-04-10 18:55:01.595 69881 INFO tempest.lib.common.rest_client [req-67bfba6c-1946-4ebd-a79c-dcc9ece7b661 req-67bfba6c-1946-4ebd-a79c-dcc9ece7b661 ] Request (ServersAdminTestJSON:test_create_server_with_scheduling_hint): 200 GET http://10.180.1.21/compute/v2.1/servers/4a8c13e8-519f-4bfb-a095-e68adc8a3c78 0.087s
2025-04-10 18:55:01.613 69891 INFO tempest.lib.common.rest_client [req-13fe4655-cf10-452a-9651-595d21f071d2 req-13fe4655-cf10-452a-9651-595d21f071d2 ] Request (FloatingIPsAssociationTestJSON:test_associate_already_associated_floating_ip): 200 GET http://10.180.1.21/compute/v2.1/servers/41f5dbe2-486a-4c8f-ad59-0ab702e502ff 0.049s
2025-04-10 18:55:01.651 69887 INFO tempest.lib.common.rest_client [req-8cc75520-cbd5-4426-86c9-a527d26dcabe req-8cc75520-cbd5-4426-86c9-a527d26dcabe ] Request (InstanceActionsTestJSON:tearDownClass): 200 GET http://10.180.1.21/compute/v2.1/servers/bcdc4882-15de-4d78-96ce-9c4da44a8492 0.087s
2025-04-10 18:55:01.675 69879 INFO tempest.lib.common.rest_client [req-00c63cda-60e5-47f9-bd5a-2c29d3b1e348 req-00c63cda-60e5-47f9-bd5a-2c29d3b1e348 ] Request (DeleteServersTestJSON:test_delete_server_while_in_attached_volume): 200 GET http://10.180.1.21/compute/v2.1/servers/11493be3-6237-456e-a4d9-921223b7d66d 0.050s
2025-04-10 18:55:01.767 69895 INFO tempest.lib.common.rest_client [req-9d457bd4-f19e-44b9-8c05-ac68d4fe800d req-9d457bd4-f19e-44b9-8c05-ac68d4fe800d ] Request (ServerAddressesNegativeTestJSON:tearDownClass): 200 GET http://10.180.1.21/compute/v2.1/servers/67d3af1b-dc99-458b-b991-b4ecbe2c279c 0.059s
2025-04-10 18:55:01.812 69885 INFO tempest.lib.common.rest_client [req-84c1f420-399e-4301-a0cf-7e80f0f5b62c req-84c1f420-399e-4301-a0cf-7e80f0f5b62c ] Request (ServersAdmin275Test:tearDownClass): 200 GET http://10.180.1.21/compute/v2.1/servers/f6cd5766-57fd-431a-a86f-b77c125a4a25 0.056s
2025-04-10 18:55:01.854 69941 INFO tempest.lib.common.rest_client [req-d19de194-70d7-4b65-a743-8e64489c0f68 req-d19de194-70d7-4b65-a743-8e64489c0f68 ] Request (DeleteServersAdminTestJSON:test_delete_server_while_in_error_state): 200 GET http://10.180.1.21/compute/v2.1/servers/83604800-4d38-4f37-82c8-926cd5040050 0.067s
2025-04-10 18:55:01.933 69915 INFO tempest.lib.common.rest_client [req-773bfa4e-d7ba-46a7-89cd-7d370dc45e2d req-773bfa4e-d7ba-46a7-89cd-7d370dc45e2d ] Request (InstanceActionsNegativeTestJSON:setUpClass): 200 GET http://10.180.1.21/compute/v2.1/servers/84ce5421-9dcf-43c1-af2f-a6c2e81bcaeb 0.103s
2025-04-10 18:55:01.944 69915 INFO tempest.common.waiters [-] State transition "BUILD/networking" ==> "BUILD/block_device_mapping" after 60 second wait
2025-04-10 18:55:02.009 69889 INFO tempest.lib.common.rest_client [req-85ead52b-43eb-4f07-8537-4fae7017a360 req-85ead52b-43eb-4f07-8537-4fae7017a360 ] Request (ServersNegativeTestJSON:setUpClass): 200 GET http://10.180.1.21/compute/v2.1/servers/a95b4fe6-0f57-4a90-9126-9479597a72f9 0.058s
2025-04-10 18:55:02.113 69939 INFO tempest.lib.common.rest_client [req-ae67944a-9213-4163-9c04-d08405e5a199 req-ae67944a-9213-4163-9c04-d08405e5a199 ] Request (ImagesTestJSON:test_create_server_from_snapshot): 200 GET http://10.180.1.21/compute/v2.1/servers/7e784175-349c-48f9-ba4c-b083d408d091 0.047s
2025-04-10 18:55:02.120 69939 INFO tempest.common.waiters [-] State transition "BUILD/scheduling" ==> "BUILD/None" after 3 second wait
2025-04-10 18:55:02.158 69883 INFO tempest.lib.common.rest_client [req-f220186a-8e65-4d6b-a4f5-1eff8bf4fb80 req-f220186a-8e65-4d6b-a4f5-1eff8bf4fb80 ] Request (ImagesOneServerTestJSON:tearDownClass): 200 GET http://10.180.1.21/compute/v2.1/servers/2c2f8e89-9a01-46e1-ab53-3c80c1bff111 0.056s
2025-04-10 18:55:02.289 69906 INFO tempest.lib.common.rest_client [req-e8087fe6-4e44-4171-a9cc-2d5098f056e0 req-e8087fe6-4e44-4171-a9cc-2d5098f056e0 ] Request (MigrationsAdminTest:test_resize_server_revert_deleted_flavor): 200 GET http://10.180.1.21/compute/v2.1/servers/1e4f952e-967e-40f2-b8ee-7c5d65cca843 0.048s
2025-04-10 18:55:02.374 69903 INFO tempest.lib.common.rest_client [req-c2a52be4-bbb0-4f4f-a558-2f8f296e9b64 req-c2a52be4-bbb0-4f4f-a558-2f8f296e9b64 ] Request (ListServerFiltersTestJSON:tearDownClass): 200 GET http://10.180.1.21/compute/v2.1/servers/924afcff-8a47-448b-af63-4a6741e8231f 0.060s
2025-04-10 18:55:02.436 69931 INFO tempest.lib.common.rest_client [req-dce620a8-3f50-4cdd-ad12-cfe798d3876a req-dce620a8-3f50-4cdd-ad12-cfe798d3876a ] Request (ServersTestMultiNic:test_verify_duplicate_network_nics): 200 GET http://10.180.1.21/compute/v2.1/servers/6855e232-1993-4ee0-ba0b-389c414c0c35 0.104s
2025-04-10 18:55:02.524 69899 INFO tempest.lib.common.rest_client [req-bff61f7b-c67b-4b9e-bdd8-b19e3b675dc9 req-bff61f7b-c67b-4b9e-bdd8-b19e3b675dc9 ] Request (ServersAdminNegativeTestJSON:tearDownClass): 200 GET http://10.180.1.21/compute/v2.1/servers/e26fb71a-b6dc-44bf-9e46-26801a267235 0.062s
2025-04-10 18:55:02.623 69929 INFO tempest.lib.common.rest_client [req-0f7bb75a-fc78-4080-9ae0-b0f859197c55 req-0f7bb75a-fc78-4080-9ae0-b0f859197c55 ] Request (InstanceActionsV221TestJSON:test_get_list_deleted_instance_actions): 200 GET http://10.180.1.21/compute/v2.1/servers/cf59c9f3-ffa6-4ca0-b78a-94891a0d6797 0.060s
2025-04-10 18:55:02.686 69917 INFO tempest.lib.common.rest_client [req-0559b5a1-ddd3-401a-a6ef-5b83d9f685f5 req-0559b5a1-ddd3-401a-a6ef-5b83d9f685f5 ] Request (ServersTestManualDisk:setUpClass): 200 GET http://10.180.1.21/compute/v2.1/servers/ff8c6b80-405a-422a-b7d1-db785ce81cad 0.298s
2025-04-10 18:55:02.734 69891 INFO tempest.lib.common.rest_client [req-62316478-12f6-4eae-bf02-45d4f278427d req-62316478-12f6-4eae-bf02-45d4f278427d ] Request (FloatingIPsAssociationTestJSON:test_associate_already_associated_floating_ip): 200 GET http://10.180.1.21/compute/v2.1/servers/41f5dbe2-486a-4c8f-ad59-0ab702e502ff 0.112s
2025-04-10 18:55:02.737 69881 INFO tempest.lib.common.rest_client [req-c7b7f3db-3765-451b-a287-4a9f6c913e8f req-c7b7f3db-3765-451b-a287-4a9f6c913e8f ] Request (ServersAdminTestJSON:test_create_server_with_scheduling_hint): 200 GET http://10.180.1.21/compute/v2.1/servers/4a8c13e8-519f-4bfb-a095-e68adc8a3c78 0.134s
2025-04-10 18:55:02.802 69879 INFO tempest.lib.common.rest_client [req-17079b0c-ffe2-4330-bbfe-81d71ae3e521 req-17079b0c-ffe2-4330-bbfe-81d71ae3e521 ] Request (DeleteServersTestJSON:test_delete_server_while_in_attached_volume): 200 GET http://10.180.1.21/compute/v2.1/servers/11493be3-6237-456e-a4d9-921223b7d66d 0.118s
2025-04-10 18:55:02.803 69887 INFO tempest.lib.common.rest_client [req-7ab4317c-7efe-4784-9af6-936281bcf289 req-7ab4317c-7efe-4784-9af6-936281bcf289 ] Request (InstanceActionsTestJSON:tearDownClass): 200 GET http://10.180.1.21/compute/v2.1/servers/bcdc4882-15de-4d78-96ce-9c4da44a8492 0.144s
2025-04-10 18:55:02.856 69895 INFO tempest.lib.common.rest_client [req-11173844-b02c-46d9-b4fe-f28003d5e8d8 req-11173844-b02c-46d9-b4fe-f28003d5e8d8 ] Request (ServerAddressesNegativeTestJSON:tearDownClass): 200 GET http://10.180.1.21/compute/v2.1/servers/67d3af1b-dc99-458b-b991-b4ecbe2c279c 0.079s
2025-04-10 18:55:02.887 69885 INFO tempest.lib.common.rest_client [req-81b75c48-1091-4387-bcc3-6f74aeed9e5d req-81b75c48-1091-4387-bcc3-6f74aeed9e5d ] Request (ServersAdmin275Test:tearDownClass): 200 GET http://10.180.1.21/compute/v2.1/servers/f6cd5766-57fd-431a-a86f-b77c125a4a25 0.064s
2025-04-10 18:55:02.923 69941 INFO tempest.lib.common.rest_client [req-dae9fcb7-d85a-4d10-abea-693f08e187db req-dae9fcb7-d85a-4d10-abea-693f08e187db ] Request (DeleteServersAdminTestJSON:test_delete_server_while_in_error_state): 200 GET http://10.180.1.21/compute/v2.1/servers/83604800-4d38-4f37-82c8-926cd5040050 0.061s
2025-04-10 18:55:03.048 69915 INFO tempest.lib.common.rest_client [req-6690822e-a398-40bd-a04a-9ff747579ba1 req-6690822e-a398-40bd-a04a-9ff747579ba1 ] Request (InstanceActionsNegativeTestJSON:setUpClass): 200 GET http://10.180.1.21/compute/v2.1/servers/84ce5421-9dcf-43c1-af2f-a6c2e81bcaeb 0.103s
2025-04-10 18:55:03.057 69915 INFO tempest.common.waiters [-] State transition "BUILD/block_device_mapping" ==> "BUILD/spawning" after 62 second wait
2025-04-10 18:55:03.074 69889 INFO tempest.lib.common.rest_client [req-7336dc8e-51fd-48d1-a32b-51ee9629b59a req-7336dc8e-51fd-48d1-a32b-51ee9629b59a ] Request (ServersNegativeTestJSON:setUpClass): 200 GET http://10.180.1.21/compute/v2.1/servers/a95b4fe6-0f57-4a90-9126-9479597a72f9 0.057s
2025-04-10 18:55:03.174 69939 INFO tempest.lib.common.rest_client [req-1851acf6-b94f-4f49-adbe-cfde155736e7 req-1851acf6-b94f-4f49-adbe-cfde155736e7 ] Request (ImagesTestJSON:test_create_server_from_snapshot): 200 GET http://10.180.1.21/compute/v2.1/servers/7e784175-349c-48f9-ba4c-b083d408d091 0.053s
2025-04-10 18:55:03.193 69898 WARNING tempest.lib.common.ssh [-] Failed to establish authenticated ssh connection to cirros@10.180.180.253 ([Errno None] Unable to connect to port 22 on 10.180.180.253). Number attempts: 1. Retry after 2 seconds.: paramiko.ssh_exception.NoValidConnectionsError: [Errno None] Unable to connect to port 22 on 10.180.180.253
2025-04-10 18:55:03.231 69883 INFO tempest.lib.common.rest_client [req-91bbeaee-9695-44b7-85cf-d3b942115da5 req-91bbeaee-9695-44b7-85cf-d3b942115da5 ] Request (ImagesOneServerTestJSON:tearDownClass): 200 GET http://10.180.1.21/compute/v2.1/servers/2c2f8e89-9a01-46e1-ab53-3c80c1bff111 0.066s
2025-04-10 18:55:03.347 69906 INFO tempest.lib.common.rest_client [req-b1e604ae-9a6d-4b92-96c6-6371888d0188 req-b1e604ae-9a6d-4b92-96c6-6371888d0188 ] Request (MigrationsAdminTest:test_resize_server_revert_deleted_flavor): 200 GET http://10.180.1.21/compute/v2.1/servers/1e4f952e-967e-40f2-b8ee-7c5d65cca843 0.050s
2025-04-10 18:55:03.402 69903 INFO tempest.lib.common.rest_client [req-1de404a5-5ce9-4612-baac-4799d18adac2 req-1de404a5-5ce9-4612-baac-4799d18adac2 ] Request (ListServerFiltersTestJSON:tearDownClass): 404 GET http://10.180.1.21/compute/v2.1/servers/924afcff-8a47-448b-af63-4a6741e8231f 0.021s
2025-04-10 18:55:03.469 69903 INFO tempest.lib.common.rest_client [req-fa3fabba-4b4c-4b45-89b8-7f3152353d55 req-fa3fabba-4b4c-4b45-89b8-7f3152353d55 ] Request (ListServerFiltersTestJSON:tearDownClass): 204 DELETE http://10.180.1.21/compute/v2.1/servers/c063eb35-0bc0-4253-8e24-d8303a0ecab3 0.066s
2025-04-10 18:55:03.540 69931 INFO tempest.lib.common.rest_client [req-ad73cfc5-edc5-4132-8f2f-1194a5573783 req-ad73cfc5-edc5-4132-8f2f-1194a5573783 ] Request (ServersTestMultiNic:test_verify_duplicate_network_nics): 200 GET http://10.180.1.21/compute/v2.1/servers/6855e232-1993-4ee0-ba0b-389c414c0c35 0.096s
2025-04-10 18:55:03.578 69903 INFO tempest.lib.common.rest_client [req-573a9291-cc09-4156-9013-23073dfc7fb3 req-573a9291-cc09-4156-9013-23073dfc7fb3 ] Request (ListServerFiltersTestJSON:tearDownClass): 200 GET http://10.180.1.21/compute/v2.1/servers/c063eb35-0bc0-4253-8e24-d8303a0ecab3 0.109s
2025-04-10 18:55:03.595 69899 INFO tempest.lib.common.rest_client [req-5b556354-2404-4352-8b65-a91894b4ff64 req-5b556354-2404-4352-8b65-a91894b4ff64 ] Request (ServersAdminNegativeTestJSON:tearDownClass): 200 GET http://10.180.1.21/compute/v2.1/servers/e26fb71a-b6dc-44bf-9e46-26801a267235 0.063s
2025-04-10 18:55:03.684 69929 INFO tempest.lib.common.rest_client [req-0ea428d7-bfa2-4719-ae32-150245b8eef5 req-0ea428d7-bfa2-4719-ae32-150245b8eef5 ] Request (InstanceActionsV221TestJSON:test_get_list_deleted_instance_actions): 200 GET http://10.180.1.21/compute/v2.1/servers/cf59c9f3-ffa6-4ca0-b78a-94891a0d6797 0.053s
2025-04-10 18:55:03.750 69917 INFO tempest.lib.common.rest_client [req-2462099b-d42e-42ed-b771-95dc54845d40 req-2462099b-d42e-42ed-b771-95dc54845d40 ] Request (ServersTestManualDisk:setUpClass): 200 GET http://10.180.1.21/compute/v2.1/servers/ff8c6b80-405a-422a-b7d1-db785ce81cad 0.053s
2025-04-10 18:55:03.790 69891 INFO tempest.lib.common.rest_client [req-8cf5b089-f048-4f74-a401-3bcb0fa9866d req-8cf5b089-f048-4f74-a401-3bcb0fa9866d ] Request (FloatingIPsAssociationTestJSON:test_associate_already_associated_floating_ip): 200 GET http://10.180.1.21/compute/v2.1/servers/41f5dbe2-486a-4c8f-ad59-0ab702e502ff 0.047s
2025-04-10 18:55:03.861 69881 INFO tempest.lib.common.rest_client [req-071cfc9a-d0fb-4df9-a66b-8375757cfd73 req-071cfc9a-d0fb-4df9-a66b-8375757cfd73 ] Request (ServersAdminTestJSON:test_create_server_with_scheduling_hint): 200 GET http://10.180.1.21/compute/v2.1/servers/4a8c13e8-519f-4bfb-a095-e68adc8a3c78 0.115s
2025-04-10 18:55:03.887 69879 INFO tempest.lib.common.rest_client [req-a34f50c4-1b1c-49dc-8a90-46da9e0e6570 req-a34f50c4-1b1c-49dc-8a90-46da9e0e6570 ] Request (DeleteServersTestJSON:test_delete_server_while_in_attached_volume): 200 GET http://10.180.1.21/compute/v2.1/servers/11493be3-6237-456e-a4d9-921223b7d66d 0.076s
2025-04-10 18:55:03.935 69887 INFO tempest.lib.common.rest_client [req-86cbad42-be96-406e-8a82-01f536d47e47 req-86cbad42-be96-406e-8a82-01f536d47e47 ] Request (InstanceActionsTestJSON:tearDownClass): 200 GET http://10.180.1.21/compute/v2.1/servers/bcdc4882-15de-4d78-96ce-9c4da44a8492 0.123s
2025-04-10 18:55:03.953 69895 INFO tempest.lib.common.rest_client [req-439e0483-3b2f-4e40-8c22-50f506f2c3b9 req-439e0483-3b2f-4e40-8c22-50f506f2c3b9 ] Request (ServerAddressesNegativeTestJSON:tearDownClass): 200 GET http://10.180.1.21/compute/v2.1/servers/67d3af1b-dc99-458b-b991-b4ecbe2c279c 0.088s
2025-04-10 18:55:04.001 69885 INFO tempest.lib.common.rest_client [req-bc2910c9-1a98-4051-b886-09c343d31d9c req-bc2910c9-1a98-4051-b886-09c343d31d9c ] Request (ServersAdmin275Test:tearDownClass): 200 GET http://10.180.1.21/compute/v2.1/servers/f6cd5766-57fd-431a-a86f-b77c125a4a25 0.103s
2025-04-10 18:55:04.011 69941 INFO tempest.lib.common.rest_client [req-a316c8d7-3c0b-45d9-b58d-c89f3393bf2f req-a316c8d7-3c0b-45d9-b58d-c89f3393bf2f ] Request (DeleteServersAdminTestJSON:test_delete_server_while_in_error_state): 200 GET http://10.180.1.21/compute/v2.1/servers/83604800-4d38-4f37-82c8-926cd5040050 0.078s
2025-04-10 18:55:04.011 69885 INFO tempest.common.waiters [-] State transition "ACTIVE/deleting" ==> "DELETED/None" after 5 second wait
2025-04-10 18:55:04.133 69889 INFO tempest.lib.common.rest_client [req-8cc3485e-3654-4271-b304-63064175de7d req-8cc3485e-3654-4271-b304-63064175de7d ] Request (ServersNegativeTestJSON:setUpClass): 200 GET http://10.180.1.21/compute/v2.1/servers/a95b4fe6-0f57-4a90-9126-9479597a72f9 0.052s
2025-04-10 18:55:04.179 69915 INFO tempest.lib.common.rest_client [req-1bc8cfad-35b3-4896-bc8e-88f1edfbbdd8 req-1bc8cfad-35b3-4896-bc8e-88f1edfbbdd8 ] Request (InstanceActionsNegativeTestJSON:setUpClass): 200 GET http://10.180.1.21/compute/v2.1/servers/84ce5421-9dcf-43c1-af2f-a6c2e81bcaeb 0.121s
2025-04-10 18:55:04.231 69939 INFO tempest.lib.common.rest_client [req-27c8a9f5-c1ff-4fb8-952c-9ae70bb780da req-27c8a9f5-c1ff-4fb8-952c-9ae70bb780da ] Request (ImagesTestJSON:test_create_server_from_snapshot): 200 GET http://10.180.1.21/compute/v2.1/servers/7e784175-349c-48f9-ba4c-b083d408d091 0.048s
2025-04-10 18:55:04.275 69901 WARNING tempest.lib.common.ssh [-] Failed to establish authenticated ssh connection to cirros@10.180.180.178 ([Errno None] Unable to connect to port 22 on 10.180.180.178). Number attempts: 6. Retry after 7 seconds.: paramiko.ssh_exception.NoValidConnectionsError: [Errno None] Unable to connect to port 22 on 10.180.180.178
2025-04-10 18:55:04.292 69883 INFO tempest.lib.common.rest_client [req-b7c840d3-3c00-41de-9ea8-f6a2f7c6d3ba req-b7c840d3-3c00-41de-9ea8-f6a2f7c6d3ba ] Request (ImagesOneServerTestJSON:tearDownClass): 200 GET http://10.180.1.21/compute/v2.1/servers/2c2f8e89-9a01-46e1-ab53-3c80c1bff111 0.053s
2025-04-10 18:55:04.402 69906 INFO tempest.lib.common.rest_client [req-50828a0c-e8ff-4f89-88ed-35a3035bef69 req-50828a0c-e8ff-4f89-88ed-35a3035bef69 ] Request (MigrationsAdminTest:test_resize_server_revert_deleted_flavor): 200 GET http://10.180.1.21/compute/v2.1/servers/1e4f952e-967e-40f2-b8ee-7c5d65cca843 0.047s
2025-04-10 18:55:04.661 69931 INFO tempest.lib.common.rest_client [req-8ed4b77e-5ee6-4d0e-93fc-715dce365def req-8ed4b77e-5ee6-4d0e-93fc-715dce365def ] Request (ServersTestMultiNic:test_verify_duplicate_network_nics): 200 GET http://10.180.1.21/compute/v2.1/servers/6855e232-1993-4ee0-ba0b-389c414c0c35 0.113s
2025-04-10 18:55:04.689 69903 INFO tempest.lib.common.rest_client [req-fa7159f3-f876-434f-9e3c-1c7d98f1f57b req-fa7159f3-f876-434f-9e3c-1c7d98f1f57b ] Request (ListServerFiltersTestJSON:tearDownClass): 200 GET http://10.180.1.21/compute/v2.1/servers/c063eb35-0bc0-4253-8e24-d8303a0ecab3 0.103s
2025-04-10 18:55:04.724 69899 INFO tempest.lib.common.rest_client [req-e56a468f-7620-40d4-91b0-db0ac0e51b46 req-e56a468f-7620-40d4-91b0-db0ac0e51b46 ] Request (ServersAdminNegativeTestJSON:tearDownClass): 200 GET http://10.180.1.21/compute/v2.1/servers/e26fb71a-b6dc-44bf-9e46-26801a267235 0.121s
2025-04-10 18:55:04.754 69929 INFO tempest.lib.common.rest_client [req-6ea58e05-b3d7-4a4a-849c-7e6a3a59c5e2 req-6ea58e05-b3d7-4a4a-849c-7e6a3a59c5e2 ] Request (InstanceActionsV221TestJSON:test_get_list_deleted_instance_actions): 200 GET http://10.180.1.21/compute/v2.1/servers/cf59c9f3-ffa6-4ca0-b78a-94891a0d6797 0.062s
2025-04-10 18:55:04.812 69917 INFO tempest.lib.common.rest_client [req-9f170c24-458b-4a6f-bc64-cf7404a10294 req-9f170c24-458b-4a6f-bc64-cf7404a10294 ] Request (ServersTestManualDisk:setUpClass): 200 GET http://10.180.1.21/compute/v2.1/servers/ff8c6b80-405a-422a-b7d1-db785ce81cad 0.053s
2025-04-10 18:55:04.847 69891 INFO tempest.lib.common.rest_client [req-0fa205b2-78bf-47d3-a7ff-f67d97cbad50 req-0fa205b2-78bf-47d3-a7ff-f67d97cbad50 ] Request (FloatingIPsAssociationTestJSON:test_associate_already_associated_floating_ip): 200 GET http://10.180.1.21/compute/v2.1/servers/41f5dbe2-486a-4c8f-ad59-0ab702e502ff 0.049s
2025-04-10 18:55:04.853 69933 WARNING tempest.lib.common.ssh [-] Failed to establish authenticated ssh connection to cirros@10.180.180.201 ([Errno None] Unable to connect to port 22 on 10.180.180.201). Number attempts: 10. Retry after 11 seconds.: paramiko.ssh_exception.NoValidConnectionsError: [Errno None] Unable to connect to port 22 on 10.180.180.201
2025-04-10 18:55:04.951 69879 INFO tempest.lib.common.rest_client [req-f5ae4476-dabd-488b-8c2b-e026162cd119 req-f5ae4476-dabd-488b-8c2b-e026162cd119 ] Request (DeleteServersTestJSON:test_delete_server_while_in_attached_volume): 200 GET http://10.180.1.21/compute/v2.1/servers/11493be3-6237-456e-a4d9-921223b7d66d 0.057s
2025-04-10 18:55:05.026 69881 INFO tempest.lib.common.rest_client [req-3aab1fde-8fa4-4960-a5fd-02cd425685fb req-3aab1fde-8fa4-4960-a5fd-02cd425685fb ] Request (ServersAdminTestJSON:test_create_server_with_scheduling_hint): 200 GET http://10.180.1.21/compute/v2.1/servers/4a8c13e8-519f-4bfb-a095-e68adc8a3c78 0.151s
2025-04-10 18:55:05.093 69895 INFO tempest.lib.common.rest_client [req-11b5c83b-16cb-4d2e-a2b9-0c2cdb029fa1 req-11b5c83b-16cb-4d2e-a2b9-0c2cdb029fa1 ] Request (ServerAddressesNegativeTestJSON:tearDownClass): 200 GET http://10.180.1.21/compute/v2.1/servers/67d3af1b-dc99-458b-b991-b4ecbe2c279c 0.131s
2025-04-10 18:55:05.159 69885 INFO tempest.lib.common.rest_client [req-a5fe665b-43b7-4558-9408-d1f26a435c9d req-a5fe665b-43b7-4558-9408-d1f26a435c9d ] Request (ServersAdmin275Test:tearDownClass): 200 GET http://10.180.1.21/compute/v2.1/servers/f6cd5766-57fd-431a-a86f-b77c125a4a25 0.146s
2025-04-10 18:55:05.214 69941 INFO tempest.lib.common.rest_client [req-994782ef-868e-4b23-a485-eb64a954bfa9 req-994782ef-868e-4b23-a485-eb64a954bfa9 ] Request (DeleteServersAdminTestJSON:test_delete_server_while_in_error_state): 200 GET http://10.180.1.21/compute/v2.1/servers/83604800-4d38-4f37-82c8-926cd5040050 0.194s
2025-04-10 18:55:05.233 69887 INFO tempest.lib.common.rest_client [req-ab24a7f8-5099-4bd6-aa1d-c95420692554 req-ab24a7f8-5099-4bd6-aa1d-c95420692554 ] Request (InstanceActionsTestJSON:tearDownClass): 200 GET http://10.180.1.21/compute/v2.1/servers/bcdc4882-15de-4d78-96ce-9c4da44a8492 0.288s
2025-04-10 18:55:05.259 69889 INFO tempest.lib.common.rest_client [req-bc373360-724b-4552-a3d7-c445a70295ab req-bc373360-724b-4552-a3d7-c445a70295ab ] Request (ServersNegativeTestJSON:setUpClass): 200 GET http://10.180.1.21/compute/v2.1/servers/a95b4fe6-0f57-4a90-9126-9479597a72f9 0.118s
2025-04-10 18:55:05.303 69939 INFO tempest.lib.common.rest_client [req-bea4d5d6-c9c2-4a3d-a943-07fa9caf55ed req-bea4d5d6-c9c2-4a3d-a943-07fa9caf55ed ] Request (ImagesTestJSON:test_create_server_from_snapshot): 200 GET http://10.180.1.21/compute/v2.1/servers/7e784175-349c-48f9-ba4c-b083d408d091 0.064s
2025-04-10 18:55:05.333 69915 INFO tempest.lib.common.rest_client [req-c432b91c-f591-4bdb-83e6-b912f5353ea6 req-c432b91c-f591-4bdb-83e6-b912f5353ea6 ] Request (InstanceActionsNegativeTestJSON:setUpClass): 200 GET http://10.180.1.21/compute/v2.1/servers/84ce5421-9dcf-43c1-af2f-a6c2e81bcaeb 0.145s
2025-04-10 18:55:05.354 69883 INFO tempest.lib.common.rest_client [req-82583818-4af3-4dbf-aefa-7932ce5fb9da req-82583818-4af3-4dbf-aefa-7932ce5fb9da ] Request (ImagesOneServerTestJSON:tearDownClass): 200 GET http://10.180.1.21/compute/v2.1/servers/2c2f8e89-9a01-46e1-ab53-3c80c1bff111 0.053s
2025-04-10 18:55:05.466 69906 INFO tempest.lib.common.rest_client [req-63ae23d6-326c-47df-9d39-f34a98ed6c76 req-63ae23d6-326c-47df-9d39-f34a98ed6c76 ] Request (MigrationsAdminTest:test_resize_server_revert_deleted_flavor): 200 GET http://10.180.1.21/compute/v2.1/servers/1e4f952e-967e-40f2-b8ee-7c5d65cca843 0.056s
2025-04-10 18:55:05.847 69903 INFO tempest.lib.common.rest_client [req-f5f508e5-1b10-4850-9a16-0e12acdf7bb6 req-f5f508e5-1b10-4850-9a16-0e12acdf7bb6 ] Request (ListServerFiltersTestJSON:tearDownClass): 200 GET http://10.180.1.21/compute/v2.1/servers/c063eb35-0bc0-4253-8e24-d8303a0ecab3 0.149s
2025-04-10 18:55:05.937 69931 INFO tempest.lib.common.rest_client [req-3416b920-9056-427e-8350-3f1a51d78f04 req-3416b920-9056-427e-8350-3f1a51d78f04 ] Request (ServersTestMultiNic:test_verify_duplicate_network_nics): 200 GET http://10.180.1.21/compute/v2.1/servers/6855e232-1993-4ee0-ba0b-389c414c0c35 0.267s
2025-04-10 18:55:05.949 69899 INFO tempest.lib.common.rest_client [req-18cdeb02-c9a3-431e-99c0-44f726a28e28 req-18cdeb02-c9a3-431e-99c0-44f726a28e28 ] Request (ServersAdminNegativeTestJSON:tearDownClass): 200 GET http://10.180.1.21/compute/v2.1/servers/e26fb71a-b6dc-44bf-9e46-26801a267235 0.217s
2025-04-10 18:55:06.008 69917 INFO tempest.lib.common.rest_client [req-6af67b34-38b4-40a0-b749-782965b9312b req-6af67b34-38b4-40a0-b749-782965b9312b ] Request (ServersTestManualDisk:setUpClass): 200 GET http://10.180.1.21/compute/v2.1/servers/ff8c6b80-405a-422a-b7d1-db785ce81cad 0.186s
2025-04-10 18:55:06.015 69929 INFO tempest.lib.common.rest_client [req-0a44c5d0-f90c-4ef8-8448-84b914def7d1 req-0a44c5d0-f90c-4ef8-8448-84b914def7d1 ] Request (InstanceActionsV221TestJSON:test_get_list_deleted_instance_actions): 200 GET http://10.180.1.21/compute/v2.1/servers/cf59c9f3-ffa6-4ca0-b78a-94891a0d6797 0.250s
2025-04-10 18:55:06.070 69879 INFO tempest.lib.common.rest_client [req-e8a3bf1a-c745-45c6-a5c4-196599478170 req-e8a3bf1a-c745-45c6-a5c4-196599478170 ] Request (DeleteServersTestJSON:test_delete_server_while_in_attached_volume): 200 GET http://10.180.1.21/compute/v2.1/servers/11493be3-6237-456e-a4d9-921223b7d66d 0.107s
2025-04-10 18:55:06.127 69891 INFO tempest.lib.common.rest_client [req-ed4f8962-1828-4865-b62d-4431693a96f4 req-ed4f8962-1828-4865-b62d-4431693a96f4 ] Request (FloatingIPsAssociationTestJSON:test_associate_already_associated_floating_ip): 200 GET http://10.180.1.21/compute/v2.1/servers/41f5dbe2-486a-4c8f-ad59-0ab702e502ff 0.272s
