2025-04-10 18:52:37.297 69935 INFO tempest.lib.common.dynamic_creds [-] Acquired dynamic creds: credentials: Credentials: {'domain_id': 'default', 'domain_name': 'Default', 'username': 'tempest-VolumesAdminNegativeTest-2080228884-project-admin', 'project_domain_id': 'default', 'project_domain_name': 'Default', 'project_id': 'e3abe56a54c0453a9d6aa197976c7d9b', 'project_name': 'tempest-VolumesAdminNegativeTest-2080228884', 'tenant_id': 'e3abe56a54c0453a9d6aa197976c7d9b', 'tenant_name': 'tempest-VolumesAdminNegativeTest-2080228884', 'user_domain_id': 'default', 'user_domain_name': 'Default', 'user_id': '959563ce58fc41faa6cf3063b96abc83', 'system': None}, Network: None, Subnet: None, Router: None
2025-04-10 18:52:37.340 69910 INFO tempest.lib.common.rest_client [req-da8dcdcb-171b-444b-801d-8a645a04d5dc req-da8dcdcb-171b-444b-801d-8a645a04d5dc ] Request (InstanceUsageAuditLogTestJSON:tearDownClass): 204 DELETE http://10.180.1.21:9696/networking/v2.0/security-groups/77f415d9-d64f-4ac0-b277-0d87c6b46e2d 0.321s
2025-04-10 18:52:37.349 69903 INFO tempest.lib.common.rest_client [req-147d5cb1-123a-46b0-b483-b01e24c879cf req-147d5cb1-123a-46b0-b483-b01e24c879cf ] Request (ListServerFiltersTestJSON:setUpClass): 201 POST http://10.180.1.21:9696/networking/v2.0/networks 0.662s
2025-04-10 18:52:37.361 69941 INFO tempest.lib.common.rest_client [req-3df626c3-cb7c-4a43-a5c3-6304f5c64378 req-3df626c3-cb7c-4a43-a5c3-6304f5c64378 ] Request (DeleteServersAdminTestJSON:setUpClass): 200 GET http://10.180.1.21/identity/v3/roles 0.084s
2025-04-10 18:52:37.386 69927 INFO tempest.lib.common.rest_client [req-f4193a51-ea47-488d-a81f-ed577cf8eb1a req-f4193a51-ea47-488d-a81f-ed577cf8eb1a ] Request (VolumesAssistedSnapshotsTest:setUpClass): 201 POST http://10.180.1.21:9696/networking/v2.0/networks 0.685s
2025-04-10 18:52:37.406 69911 INFO tempest.lib.common.rest_client [req-ebe83174-e947-4cd8-8525-816515256b45 req-ebe83174-e947-4cd8-8525-816515256b45 ] Request (HypervisorAdminV253TestBase:test_list_show_detail_hypervisors): 200 GET http://10.180.1.21/compute/v2.1/os-hypervisors/detail?with_servers=True 3.128s
2025-04-10 18:52:37.462 69910 INFO tempest.lib.common.rest_client [req-2e2d7aa8-abf5-4de3-ba18-c7f60d643893 req-2e2d7aa8-abf5-4de3-ba18-c7f60d643893 ] Request (InstanceUsageAuditLogTestJSON:tearDownClass): 204 DELETE http://10.180.1.21/identity/v3/projects/e812164a8c354935a162df8e5cca4f02 0.121s
2025-04-10 18:52:37.462 69910 INFO tempest.lib.common.dynamic_creds [-] Deleting project and security group for project: 1904460101574444b81a2f9bf8402e30
2025-04-10 18:52:37.556 69941 INFO tempest.lib.common.rest_client [req-fdd8acc2-c41c-4339-aac6-0ee449473438 req-fdd8acc2-c41c-4339-aac6-0ee449473438 ] Request (DeleteServersAdminTestJSON:setUpClass): 204 PUT http://10.180.1.21/identity/v3/projects/85f7845dce0c46f0aa942672b95ae4f3/users/57bf27a73c6f42da9f9a3b57ddd0780b/roles/86788eb6290b49cdbad1af9f191b4365 0.195s
2025-04-10 18:52:37.581 69903 INFO tempest.lib.common.rest_client [req-9060ddd1-0498-4ed2-adc9-bb99e7847fbd req-9060ddd1-0498-4ed2-adc9-bb99e7847fbd ] Request (ListServerFiltersTestJSON:setUpClass): 201 POST http://10.180.1.21:9696/networking/v2.0/subnets 0.232s
2025-04-10 18:52:37.583 69903 INFO tempest.lib.common.dynamic_creds [-] Created isolated network resources for: credentials: Credentials: {'domain_id': 'default', 'domain_name': 'Default', 'username': 'tempest-ListServerFiltersTestJSON-1280119674-project-member', 'project_domain_id': 'default', 'project_domain_name': 'Default', 'project_id': '2505904eb0634ab5851227cbec68d8c1', 'project_name': 'tempest-ListServerFiltersTestJSON-1280119674', 'tenant_id': '2505904eb0634ab5851227cbec68d8c1', 'tenant_name': 'tempest-ListServerFiltersTestJSON-1280119674', 'user_domain_id': 'default', 'user_domain_name': 'Default', 'user_id': '4ef1fbc99ad84b6cbb2af7eb2e202b10', 'system': None}, Network: {'id': '98dd04b6-4d9b-4d03-8b15-82367c557861', 'name': 'tempest-ListServerFiltersTestJSON-838254500-network', 'tenant_id': '2505904eb0634ab5851227cbec68d8c1', 'admin_state_up': True, 'mtu': 8950, 'status': 'ACTIVE', 'subnets': [], 'shared': False, 'project_id': '2505904eb0634ab5851227cbec68d8c1', 'port_security_enabled': True, 'router:external': False, 'provider:network_type': 'vlan', 'provider:physical_network': 'default', 'provider:segmentation_id': 126, 'availability_zone_hints': [], 'availability_zones': [], 'ipv4_address_scope': None, 'ipv6_address_scope': None, 'description': '', 'tags': [], 'created_at': '2025-04-10T18:52:37Z', 'updated_at': '2025-04-10T18:52:37Z', 'revision_number': 1}, Subnet: {'id': '8d646ad4-99c2-426c-9c2a-fe09c4aeebc7', 'name': 'tempest-ListServerFiltersTestJSON-838254500-subnet', 'tenant_id': '2505904eb0634ab5851227cbec68d8c1', 'network_id': '98dd04b6-4d9b-4d03-8b15-82367c557861', 'ip_version': 4, 'subnetpool_id': None, 'enable_dhcp': True, 'ipv6_ra_mode': None, 'ipv6_address_mode': None, 'gateway_ip': '192.168.128.1', 'cidr': '192.168.128.0/28', 'allocation_pools': [{'start': '192.168.128.2', 'end': '192.168.128.14'}], 'host_routes': [], 'dns_nameservers': [], 'description': '', 'router:external': False, 'service_types': [], 'tags': [], 'created_at': '2025-04-10T18:52:37Z', 'updated_at': '2025-04-10T18:52:37Z', 'revision_number': 0, 'project_id': '2505904eb0634ab5851227cbec68d8c1'}, Router: None
2025-04-10 18:52:37.611 69910 INFO tempest.lib.common.rest_client [req-7324728c-5f45-49b4-83cc-acba3b1b493f req-7324728c-5f45-49b4-83cc-acba3b1b493f ] Request (InstanceUsageAuditLogTestJSON:tearDownClass): 200 GET http://10.180.1.21:9696/networking/v2.0/security-groups?tenant_id=1904460101574444b81a2f9bf8402e30&name=default 0.148s
2025-04-10 18:52:37.640 69941 INFO tempest.lib.common.rest_client [req-ab6e1e97-c69b-4a63-b48a-7452b41921f7 req-ab6e1e97-c69b-4a63-b48a-7452b41921f7 ] Request (DeleteServersAdminTestJSON:setUpClass): 200 GET http://10.180.1.21/identity/v3/roles 0.083s
2025-04-10 18:52:37.643 69887 INFO tempest.lib.common.rest_client [req-36be89d1-e909-4e67-a4ce-2723150f8314 req-36be89d1-e909-4e67-a4ce-2723150f8314 ] Request (FlavorsAccessTestJSON:test_flavor_access_add_remove): 200 POST http://10.180.1.21/compute/v2.1/flavors/1403840434/action 3.214s
2025-04-10 18:52:37.674 69941 INFO tempest.lib.common.rest_client [req-8015ddbb-54aa-4ad6-9e61-653c5e27801b req-8015ddbb-54aa-4ad6-9e61-653c5e27801b ] Request (DeleteServersAdminTestJSON:setUpClass): 204 PUT http://10.180.1.21/identity/v3/projects/85f7845dce0c46f0aa942672b95ae4f3/users/57bf27a73c6f42da9f9a3b57ddd0780b/roles/86788eb6290b49cdbad1af9f191b4365 0.034s
2025-04-10 18:52:37.674 69941 INFO tempest.lib.common.dynamic_creds [-] Dynamic test user 57bf27a73c6f42da9f9a3b57ddd0780b is created with scope project and roles: ['admin']
2025-04-10 18:52:37.675 69941 INFO tempest.lib.common.dynamic_creds [-] Acquired dynamic creds: credentials: Credentials: {'domain_id': 'default', 'domain_name': 'Default', 'username': 'tempest-DeleteServersAdminTestJSON-707442873-project-admin', 'project_domain_id': 'default', 'project_domain_name': 'Default', 'project_id': '85f7845dce0c46f0aa942672b95ae4f3', 'project_name': 'tempest-DeleteServersAdminTestJSON-707442873', 'tenant_id': '85f7845dce0c46f0aa942672b95ae4f3', 'tenant_name': 'tempest-DeleteServersAdminTestJSON-707442873', 'user_domain_id': 'default', 'user_domain_name': 'Default', 'user_id': '57bf27a73c6f42da9f9a3b57ddd0780b', 'system': None}, Network: None, Subnet: None, Router: None
2025-04-10 18:52:37.675 69941 INFO tempest.lib.common.dynamic_creds [-] Created isolated network resources for: credentials: Credentials: {'domain_id': 'default', 'domain_name': 'Default', 'username': 'tempest-DeleteServersAdminTestJSON-707442873-project-admin', 'project_domain_id': 'default', 'project_domain_name': 'Default', 'project_id': '85f7845dce0c46f0aa942672b95ae4f3', 'project_name': 'tempest-DeleteServersAdminTestJSON-707442873', 'tenant_id': '85f7845dce0c46f0aa942672b95ae4f3', 'tenant_name': 'tempest-DeleteServersAdminTestJSON-707442873', 'user_domain_id': 'default', 'user_domain_name': 'Default', 'user_id': '57bf27a73c6f42da9f9a3b57ddd0780b', 'system': None}, Network: None, Subnet: None, Router: None
2025-04-10 18:52:37.710 69885 INFO tempest.lib.common.rest_client [req-9d1b5fbf-6412-4b81-a6f0-d72d481ef863 req-9d1b5fbf-6412-4b81-a6f0-d72d481ef863 ] Request (AggregatesAdminNegativeTestJSON:test_aggregate_add_existent_host): 409 POST http://10.180.1.21/compute/v2.1/os-aggregates/1/action 3.276s
2025-04-10 18:52:37.721 69935 INFO tempest.lib.common.rest_client [req-b3abd813-3f33-4106-adeb-19c8dd1d659b req-b3abd813-3f33-4106-adeb-19c8dd1d659b ] Request (VolumesAdminNegativeTest:setUpClass): 201 POST http://10.180.1.21:9696/networking/v2.0/networks 0.423s
2025-04-10 18:52:37.742 69923 INFO tempest.lib.common.rest_client [req-c7cfe0a3-6841-4a02-9444-e7249b246c9e req-c7cfe0a3-6841-4a02-9444-e7249b246c9e ] Request (ServicesAdminNegativeTestJSON:test_get_service_by_invalid_service_and_valid_host): 200 GET http://10.180.1.21/compute/v2.1/os-services 3.282s
2025-04-10 18:52:37.747 69903 INFO tempest.lib.common.rest_client [req-edad51b1-e2b0-403e-98c2-7283750b234d req-edad51b1-e2b0-403e-98c2-7283750b234d ] Request (ListServerFiltersTestJSON:setUpClass): 201 POST http://10.180.1.21/identity/v3/auth/tokens 0.155s
2025-04-10 18:52:37.757 69937 INFO tempest.lib.common.rest_client [req-50ab573a-f5b4-4129-99ef-097863d80e25 req-50ab573a-f5b4-4129-99ef-097863d80e25 ] Request (ServersV294TestFqdnHostnames:setUpClass): 202 POST http://10.180.1.21/compute/v2.1/servers 3.743s
2025-04-10 18:52:37.767 69927 INFO tempest.lib.common.rest_client [req-189444aa-1e81-48f3-be9e-c926e29f2b39 req-189444aa-1e81-48f3-be9e-c926e29f2b39 ] Request (VolumesAssistedSnapshotsTest:setUpClass): 201 POST http://10.180.1.21:9696/networking/v2.0/subnets 0.380s
2025-04-10 18:52:37.796 69910 INFO tempest.lib.common.rest_client [req-d2912fad-049a-4a6a-878b-857294dfac30 req-d2912fad-049a-4a6a-878b-857294dfac30 ] Request (InstanceUsageAuditLogTestJSON:tearDownClass): 204 DELETE http://10.180.1.21:9696/networking/v2.0/security-groups/9b940c31-9f67-4374-91c2-5970e6f044a6 0.185s
2025-04-10 18:52:37.798 69941 INFO tempest.lib.common.rest_client [req-e961d217-807d-4f9f-a4c7-d7f7ac73b311 req-e961d217-807d-4f9f-a4c7-d7f7ac73b311 ] Request (DeleteServersAdminTestJSON:setUpClass): 201 POST http://10.180.1.21/identity/v3/auth/tokens 0.121s
2025-04-10 18:52:37.850 69903 INFO tempest.lib.common.rest_client [req-a6176a4e-4bc1-473f-aaf3-a809705f2298 req-a6176a4e-4bc1-473f-aaf3-a809705f2298 ] Request (ListServerFiltersTestJSON:setUpClass): 201 POST http://10.180.1.21/identity/v3/auth/tokens 0.096s
2025-04-10 18:52:37.850 69903 INFO tempest.lib.common.fixed_network [-] (ListServerFiltersTestJSON:setUpClass) Found network {'id': '98dd04b6-4d9b-4d03-8b15-82367c557861', 'name': 'tempest-ListServerFiltersTestJSON-838254500-network', 'tenant_id': '2505904eb0634ab5851227cbec68d8c1', 'admin_state_up': True, 'mtu': 8950, 'status': 'ACTIVE', 'subnets': [], 'shared': False, 'project_id': '2505904eb0634ab5851227cbec68d8c1', 'port_security_enabled': True, 'router:external': False, 'provider:network_type': 'vlan', 'provider:physical_network': 'default', 'provider:segmentation_id': 126, 'availability_zone_hints': [], 'availability_zones': [], 'ipv4_address_scope': None, 'ipv6_address_scope': None, 'description': '', 'tags': [], 'created_at': '2025-04-10T18:52:37Z', 'updated_at': '2025-04-10T18:52:37Z', 'revision_number': 1} available for tenant
2025-04-10 18:52:37.926 69879 INFO tempest.lib.common.rest_client [req-7d6f32e3-9f2d-4b1b-bc5f-6409377ff0d6 req-7d6f32e3-9f2d-4b1b-bc5f-6409377ff0d6 ] Request (FlavorsV261TestJSON:test_crud_flavor): 200 GET http://10.180.1.21/compute/v2.1/flavors/1952017643 3.281s
2025-04-10 18:52:37.966 69910 INFO tempest.lib.common.rest_client [req-c9dfee22-5f3d-4f6b-9cc3-d16503e30863 req-c9dfee22-5f3d-4f6b-9cc3-d16503e30863 ] Request (InstanceUsageAuditLogTestJSON:tearDownClass): 204 DELETE http://10.180.1.21/identity/v3/projects/1904460101574444b81a2f9bf8402e30 0.169s
2025-04-10 18:52:37.969 69941 INFO tempest.lib.common.rest_client [req-7f06a393-2bce-4fc4-9ca6-b2e0b903327e req-7f06a393-2bce-4fc4-9ca6-b2e0b903327e ] Request (DeleteServersAdminTestJSON:test_admin_delete_servers_of_others): 201 POST http://10.180.1.21/identity/v3/auth/tokens 0.164s
2025-04-10 18:52:37.970 69941 INFO tempest.lib.common.fixed_network [-] (DeleteServersAdminTestJSON:test_admin_delete_servers_of_others) Found network None available for tenant
2025-04-10 18:52:37.981 69935 INFO tempest.lib.common.rest_client [req-b11bcdcc-7da3-43e9-b594-b204a896127e req-b11bcdcc-7da3-43e9-b594-b204a896127e ] Request (VolumesAdminNegativeTest:setUpClass): 201 POST http://10.180.1.21:9696/networking/v2.0/subnets 0.259s
2025-04-10 18:52:38.026 69903 INFO tempest.lib.common.rest_client [req-c71413ff-ae5c-4523-9af0-f8e64d280352 req-c71413ff-ae5c-4523-9af0-f8e64d280352 ] Request (ListServerFiltersTestJSON:setUpClass): 201 POST http://10.180.1.21/identity/v3/auth/tokens 0.171s
2025-04-10 18:52:38.026 69903 INFO tempest.lib.common.fixed_network [-] (ListServerFiltersTestJSON:setUpClass) Found network {'id': '98dd04b6-4d9b-4d03-8b15-82367c557861', 'name': 'tempest-ListServerFiltersTestJSON-838254500-network', 'tenant_id': '2505904eb0634ab5851227cbec68d8c1', 'admin_state_up': True, 'mtu': 8950, 'status': 'ACTIVE', 'subnets': [], 'shared': False, 'project_id': '2505904eb0634ab5851227cbec68d8c1', 'port_security_enabled': True, 'router:external': False, 'provider:network_type': 'vlan', 'provider:physical_network': 'default', 'provider:segmentation_id': 126, 'availability_zone_hints': [], 'availability_zones': [], 'ipv4_address_scope': None, 'ipv6_address_scope': None, 'description': '', 'tags': [], 'created_at': '2025-04-10T18:52:37Z', 'updated_at': '2025-04-10T18:52:37Z', 'revision_number': 1} available for tenant
2025-04-10 18:52:38.078 69893 INFO tempest.lib.common.rest_client [req-118cc5c7-18fd-437b-bdfe-5a63b8392bd6 req-118cc5c7-18fd-437b-bdfe-5a63b8392bd6 ] Request (FlavorsV255TestJSON:test_crud_flavor): 200 GET http://10.180.1.21/compute/v2.1/flavors/1881374458 3.365s
2025-04-10 18:52:38.085 69910 INFO tempest.lib.common.rest_client [req-14580c8a-297a-4ea1-8f66-4ec6271886ca req-14580c8a-297a-4ea1-8f66-4ec6271886ca ] Request (QuotaClassesAdminTestJSON:setUpClass): 201 POST http://10.180.1.21/identity/v3/auth/tokens 0.117s
2025-04-10 18:52:38.112 69910 INFO tempest.lib.common.rest_client [req-cbb1a244-fb03-48d1-9e26-a209b0964f6d req-cbb1a244-fb03-48d1-9e26-a209b0964f6d ] Request (QuotaClassesAdminTestJSON:setUpClass): 201 POST http://10.180.1.21/identity/v3/auth/tokens 0.025s
2025-04-10 18:52:38.136 69910 INFO tempest.lib.common.rest_client [req-459113f8-7e54-477c-babd-12d18c839880 req-459113f8-7e54-477c-babd-12d18c839880 ] Request (QuotaClassesAdminTestJSON:setUpClass): 200 GET http://10.180.1.21/identity/v3/domains?name=Default 0.023s
2025-04-10 18:52:38.164 69910 INFO tempest.lib.common.rest_client [req-ae1bcb56-f2ec-4303-938e-05efff6f81fb req-ae1bcb56-f2ec-4303-938e-05efff6f81fb ] Request (QuotaClassesAdminTestJSON:setUpClass): 201 POST http://10.180.1.21/identity/v3/projects 0.027s
2025-04-10 18:52:38.173 69899 INFO tempest.lib.common.rest_client [req-237ac400-767d-4f38-a232-076497d9e9d0 req-237ac400-767d-4f38-a232-076497d9e9d0 ] Request (ServersAdminNegativeTestJSON:setUpClass): 202 POST http://10.180.1.21/compute/v2.1/servers 3.659s
2025-04-10 18:52:38.237 69910 INFO tempest.lib.common.rest_client [req-9d7a18ff-7228-40d6-96a1-fc54239877d4 req-9d7a18ff-7228-40d6-96a1-fc54239877d4 ] Request (QuotaClassesAdminTestJSON:setUpClass): 201 POST http://10.180.1.21/identity/v3/users 0.072s
2025-04-10 18:52:38.258 69910 INFO tempest.lib.common.rest_client [req-821937f2-e8ae-4268-93ca-f474f65f81bf req-821937f2-e8ae-4268-93ca-f474f65f81bf ] Request (QuotaClassesAdminTestJSON:setUpClass): 200 GET http://10.180.1.21/identity/v3/roles 0.020s
2025-04-10 18:52:38.283 69910 INFO tempest.lib.common.rest_client [req-579a0475-85bd-4209-98d3-e7140ddc2042 req-579a0475-85bd-4209-98d3-e7140ddc2042 ] Request (QuotaClassesAdminTestJSON:setUpClass): 204 PUT http://10.180.1.21/identity/v3/projects/eb73175ea9c6482d9707152fa3966b4e/users/32e2b5a5186e4a46881edb4d2f487f18/roles/181822b11d6e443b865727d2d1c8303a 0.025s
2025-04-10 18:52:38.286 69910 INFO tempest.lib.common.dynamic_creds [-] Dynamic test user 32e2b5a5186e4a46881edb4d2f487f18 is created with scope project and roles: ['member']
2025-04-10 18:52:38.286 69910 INFO tempest.lib.common.dynamic_creds [-] Acquired dynamic creds: credentials: Credentials: {'domain_id': 'default', 'domain_name': 'Default', 'username': 'tempest-QuotaClassesAdminTestJSON-1612639340-project-member', 'project_domain_id': 'default', 'project_domain_name': 'Default', 'project_id': 'eb73175ea9c6482d9707152fa3966b4e', 'project_name': 'tempest-QuotaClassesAdminTestJSON-1612639340', 'tenant_id': 'eb73175ea9c6482d9707152fa3966b4e', 'tenant_name': 'tempest-QuotaClassesAdminTestJSON-1612639340', 'user_domain_id': 'default', 'user_domain_name': 'Default', 'user_id': '32e2b5a5186e4a46881edb4d2f487f18', 'system': None}, Network: None, Subnet: None, Router: None
2025-04-10 18:52:38.287 69910 INFO tempest.lib.common.dynamic_creds [-] Created isolated network resources for: credentials: Credentials: {'domain_id': 'default', 'domain_name': 'Default', 'username': 'tempest-QuotaClassesAdminTestJSON-1612639340-project-member', 'project_domain_id': 'default', 'project_domain_name': 'Default', 'project_id': 'eb73175ea9c6482d9707152fa3966b4e', 'project_name': 'tempest-QuotaClassesAdminTestJSON-1612639340', 'tenant_id': 'eb73175ea9c6482d9707152fa3966b4e', 'tenant_name': 'tempest-QuotaClassesAdminTestJSON-1612639340', 'user_domain_id': 'default', 'user_domain_name': 'Default', 'user_id': '32e2b5a5186e4a46881edb4d2f487f18', 'system': None}, Network: None, Subnet: None, Router: None
2025-04-10 18:52:38.401 69895 INFO tempest.lib.common.rest_client [req-07109db9-e6b4-4d46-8f00-2017bd34e79a req-07109db9-e6b4-4d46-8f00-2017bd34e79a ] Request (QuotasAdminTestJSON:test_delete_quota): 200 GET http://10.180.1.21/compute/v2.1/os-quota-sets/5ffc6f3834ec45d0a938b5fd27fd639c 3.497s
2025-04-10 18:52:38.418 69910 INFO tempest.lib.common.rest_client [req-316712d0-2f47-4470-989c-8a35f326e3a0 req-316712d0-2f47-4470-989c-8a35f326e3a0 ] Request (QuotaClassesAdminTestJSON:setUpClass): 201 POST http://10.180.1.21/identity/v3/auth/tokens 0.126s
2025-04-10 18:52:38.472 69917 INFO tempest.lib.common.rest_client [req-e6b5884f-69d5-40ca-82b6-da2e3623c5b3 req-e6b5884f-69d5-40ca-82b6-da2e3623c5b3 ] Request (HostsAdminNegativeTestJSON:test_list_hosts_with_non_admin_user): 403 GET http://10.180.1.21/compute/v2.1/os-hosts 3.448s
2025-04-10 18:52:38.481 69910 INFO tempest.lib.common.rest_client [req-b9a02939-909d-4360-964e-e6a6ba6e8d21 req-b9a02939-909d-4360-964e-e6a6ba6e8d21 ] Request (QuotaClassesAdminTestJSON:setUpClass): 201 POST http://10.180.1.21/identity/v3/projects 0.061s
2025-04-10 18:52:38.539 69910 INFO tempest.lib.common.rest_client [req-2d4483b8-f0ac-465c-8347-e571d73e9545 req-2d4483b8-f0ac-465c-8347-e571d73e9545 ] Request (QuotaClassesAdminTestJSON:setUpClass): 201 POST http://10.180.1.21/identity/v3/users 0.057s
2025-04-10 18:52:38.559 69910 INFO tempest.lib.common.rest_client [req-4aade0e0-96da-4f9a-87ab-e2ecaa45c8de req-4aade0e0-96da-4f9a-87ab-e2ecaa45c8de ] Request (QuotaClassesAdminTestJSON:setUpClass): 200 GET http://10.180.1.21/identity/v3/roles 0.020s
2025-04-10 18:52:38.590 69910 INFO tempest.lib.common.rest_client [req-0fc777b8-26fe-47cc-99c5-457d18dd38c7 req-0fc777b8-26fe-47cc-99c5-457d18dd38c7 ] Request (QuotaClassesAdminTestJSON:setUpClass): 204 PUT http://10.180.1.21/identity/v3/projects/8e9ce213528140efa2969528424f055c/users/d878ef0bb92747c5a403ff5dfed9861c/roles/86788eb6290b49cdbad1af9f191b4365 0.030s
2025-04-10 18:52:38.618 69883 INFO tempest.lib.common.rest_client [req-68c38467-e189-4dd3-bc96-8e6d2a4236d3 req-68c38467-e189-4dd3-bc96-8e6d2a4236d3 ] Request (HypervisorAdminUnderV252Test:test_get_hypervisor_show_servers): 200 GET http://10.180.1.21/compute/v2.1/os-hypervisors 3.539s
2025-04-10 18:52:38.647 69925 INFO tempest.lib.common.rest_client [req-666ada43-fb5e-426c-a28a-716bff6fccf1 req-666ada43-fb5e-426c-a28a-716bff6fccf1 ] Request (HypervisorAdminV228Test:test_get_list_hypervisor_details): 200 GET http://10.180.1.21/compute/v2.1/os-hypervisors/1 3.522s
2025-04-10 18:52:38.669 69910 INFO tempest.lib.common.rest_client [req-62913aab-3428-4b50-8514-70b8d4b01961 req-62913aab-3428-4b50-8514-70b8d4b01961 ] Request (QuotaClassesAdminTestJSON:setUpClass): 200 GET http://10.180.1.21/identity/v3/roles 0.079s
2025-04-10 18:52:38.730 69935 INFO tempest.lib.common.rest_client [req-9acfaa7f-836f-42da-9e19-01c5ee00617d req-9acfaa7f-836f-42da-9e19-01c5ee00617d ] Request (VolumesAdminNegativeTest:setUpClass): 201 POST http://10.180.1.21:9696/networking/v2.0/routers 0.749s
2025-04-10 18:52:38.762 69921 INFO tempest.lib.common.rest_client [req-7584788b-b0ff-4335-82fd-e910ee14c1b5 req-7584788b-b0ff-4335-82fd-e910ee14c1b5 ] Request (KeyPairsNegativeTestJSON:test_create_keypair_invalid_name): 400 POST http://10.180.1.21/compute/v2.1/os-keypairs 3.566s
2025-04-10 18:52:38.817 69910 INFO tempest.lib.common.rest_client [req-2625fc5b-bb18-4090-a2f2-390907f33cbe req-2625fc5b-bb18-4090-a2f2-390907f33cbe ] Request (QuotaClassesAdminTestJSON:setUpClass): 204 PUT http://10.180.1.21/identity/v3/projects/8e9ce213528140efa2969528424f055c/users/d878ef0bb92747c5a403ff5dfed9861c/roles/86788eb6290b49cdbad1af9f191b4365 0.147s
2025-04-10 18:52:38.817 69910 INFO tempest.lib.common.dynamic_creds [-] Dynamic test user d878ef0bb92747c5a403ff5dfed9861c is created with scope project and roles: ['admin']
2025-04-10 18:52:38.817 69910 INFO tempest.lib.common.dynamic_creds [-] Acquired dynamic creds: credentials: Credentials: {'domain_id': 'default', 'domain_name': 'Default', 'username': 'tempest-QuotaClassesAdminTestJSON-1535606974-project-admin', 'project_domain_id': 'default', 'project_domain_name': 'Default', 'project_id': '8e9ce213528140efa2969528424f055c', 'project_name': 'tempest-QuotaClassesAdminTestJSON-1535606974', 'tenant_id': '8e9ce213528140efa2969528424f055c', 'tenant_name': 'tempest-QuotaClassesAdminTestJSON-1535606974', 'user_domain_id': 'default', 'user_domain_name': 'Default', 'user_id': 'd878ef0bb92747c5a403ff5dfed9861c', 'system': None}, Network: None, Subnet: None, Router: None
2025-04-10 18:52:38.817 69910 INFO tempest.lib.common.dynamic_creds [-] Created isolated network resources for: credentials: Credentials: {'domain_id': 'default', 'domain_name': 'Default', 'username': 'tempest-QuotaClassesAdminTestJSON-1535606974-project-admin', 'project_domain_id': 'default', 'project_domain_name': 'Default', 'project_id': '8e9ce213528140efa2969528424f055c', 'project_name': 'tempest-QuotaClassesAdminTestJSON-1535606974', 'tenant_id': '8e9ce213528140efa2969528424f055c', 'tenant_name': 'tempest-QuotaClassesAdminTestJSON-1535606974', 'user_domain_id': 'default', 'user_domain_name': 'Default', 'user_id': 'd878ef0bb92747c5a403ff5dfed9861c', 'system': None}, Network: None, Subnet: None, Router: None
2025-04-10 18:52:38.823 69889 INFO tempest.lib.common.rest_client [req-cabd84dd-d006-4bf8-ab05-0fc2a04a74c0 req-cabd84dd-d006-4bf8-ab05-0fc2a04a74c0 ] Request (NetworksTest:test_get_network): 200 GET http://10.180.1.21/compute/v2.1/os-networks/36b20a26-75c0-4783-a97b-6f084099d736 3.295s
2025-04-10 18:52:38.835 69919 INFO tempest.lib.common.rest_client [req-1e98885e-3794-4873-9f6b-bc76d158ca36 req-1e98885e-3794-4873-9f6b-bc76d158ca36 ] Request (MultipleCreateNegativeTestJSON:test_min_count_less_than_one): 400 POST http://10.180.1.21/compute/v2.1/servers 3.140s
2025-04-10 18:52:38.865 69881 INFO tempest.lib.common.rest_client [req-8f121a73-a15b-48c1-a0eb-044892488d73 req-8f121a73-a15b-48c1-a0eb-044892488d73 ] Request (HypervisorAdminTestJSON:test_get_hypervisor_list_details): 200 GET http://10.180.1.21/compute/v2.1/os-hypervisors/detail 2.947s
2025-04-10 18:52:38.885 69925 INFO tempest.lib.common.rest_client [req-b49787a6-e49c-4924-9885-bb8e57872f5d req-b49787a6-e49c-4924-9885-bb8e57872f5d ] Request (HypervisorAdminV228Test:tearDownClass): 204 DELETE http://10.180.1.21/identity/v3/users/3e08ab2d3f3d489eafe068a40b013051 0.229s
2025-04-10 18:52:38.893 69915 INFO tempest.lib.common.rest_client [req-26f6cbee-aee0-4405-bdce-dd2dfd4e8d7b req-26f6cbee-aee0-4405-bdce-dd2dfd4e8d7b ] Request (FloatingIPsAssociationNegativeTestJSON:setUpClass): 202 POST http://10.180.1.21/compute/v2.1/servers 4.137s
2025-04-10 18:52:38.913 69910 INFO tempest.lib.common.rest_client [req-5864efc6-24ad-4383-9bac-fc3acba5af6d req-5864efc6-24ad-4383-9bac-fc3acba5af6d ] Request (QuotaClassesAdminTestJSON:setUpClass): 201 POST http://10.180.1.21/identity/v3/auth/tokens 0.093s
2025-04-10 18:52:38.918 69901 INFO tempest.lib.common.rest_client [req-edcbc552-9a9c-434d-931c-31e52ef013f4 req-edcbc552-9a9c-434d-931c-31e52ef013f4 ] Request (HostsAdminTestJSON:test_list_hosts_with_a_blank_zone): 200 GET http://10.180.1.21/compute/v2.1/os-hosts?zone= 2.699s
2025-04-10 18:52:38.943 69919 INFO tempest.lib.common.rest_client [req-c6896973-8a4a-419b-aaa0-ca90c4e0cfe3 req-c6896973-8a4a-419b-aaa0-ca90c4e0cfe3 ] Request (MultipleCreateNegativeTestJSON:test_min_count_non_integer): 201 POST http://10.180.1.21/identity/v3/auth/tokens 0.104s
2025-04-10 18:52:38.943 69919 INFO tempest.lib.common.fixed_network [-] (MultipleCreateNegativeTestJSON:test_min_count_non_integer) Found network None available for tenant
2025-04-10 18:52:39.052 69925 INFO tempest.lib.common.rest_client [req-220ee4ca-03f3-476a-8a31-50a2a5ddeac6 req-220ee4ca-03f3-476a-8a31-50a2a5ddeac6 ] Request (HypervisorAdminV228Test:tearDownClass): 204 DELETE http://10.180.1.21/identity/v3/users/e487bf8ba9c64c5f9bcf5aeca22439b0 0.166s
2025-04-10 18:52:39.052 69925 INFO tempest.lib.common.dynamic_creds [-] Deleting project and security group for project: bb0f47464f274ff187a723fcd3cc5fc9
2025-04-10 18:52:39.114 69925 INFO tempest.lib.common.rest_client [req-1ef5b32c-44bc-4635-b2b3-4fd364b22d6e req-1ef5b32c-44bc-4635-b2b3-4fd364b22d6e ] Request (HypervisorAdminV228Test:tearDownClass): 201 POST http://10.180.1.21/identity/v3/auth/tokens 0.062s
2025-04-10 18:52:39.141 69933 INFO tempest.lib.common.rest_client [req-5124eb1d-f40a-46f8-8f1e-b8c4371b5716 req-5124eb1d-f40a-46f8-8f1e-b8c4371b5716 ] Request (ServersWithSpecificFlavorTestJSON:test_verify_created_server_ephemeral_disk): 200 GET http://10.180.1.21/compute/v2.1/flavors/42 2.869s
2025-04-10 18:52:39.222 69927 INFO tempest.lib.common.rest_client [req-0ef6a941-6d37-4358-bbbb-1bcdefaa7ea2 req-0ef6a941-6d37-4358-bbbb-1bcdefaa7ea2 ] Request (VolumesAssistedSnapshotsTest:setUpClass): 201 POST http://10.180.1.21:9696/networking/v2.0/routers 1.455s
2025-04-10 18:52:39.327 69925 INFO tempest.lib.common.rest_client [req-66b0ea2b-677d-4abb-bf93-f96abb441e1d req-66b0ea2b-677d-4abb-bf93-f96abb441e1d ] Request (HypervisorAdminV228Test:tearDownClass): 200 GET http://10.180.1.21:9696/networking/v2.0/security-groups?tenant_id=bb0f47464f274ff187a723fcd3cc5fc9&name=default 0.212s
2025-04-10 18:52:39.331 69931 INFO tempest.lib.common.rest_client [req-f491884a-2e1d-41ac-8e5e-2bae7f41b28e req-f491884a-2e1d-41ac-8e5e-2bae7f41b28e ] Request (ServerExternalEventsTest:test_create_server_external_events): 202 POST http://10.180.1.21/compute/v2.1/servers 3.143s
2025-04-10 18:52:39.443 69913 INFO tempest.lib.common.rest_client [req-034aa531-a36f-48cc-8b63-f7c5b2b301e5 req-034aa531-a36f-48cc-8b63-f7c5b2b301e5 ] Request (FlavorMetadataValidation:test_flavor_update_with_custom_namespace): 200 POST http://10.180.1.21/compute/v2.1/flavors/403851598/os-extra_specs 2.880s
2025-04-10 18:52:39.462 69925 INFO tempest.lib.common.rest_client [req-3075986f-9c5b-47cc-b5c4-098593b62680 req-3075986f-9c5b-47cc-b5c4-098593b62680 ] Request (HypervisorAdminV228Test:tearDownClass): 204 DELETE http://10.180.1.21:9696/networking/v2.0/security-groups/36443a5a-73aa-4b25-a172-2f7d7723ab20 0.134s
2025-04-10 18:52:39.543 69929 INFO tempest.lib.common.rest_client [req-c3611806-66ba-4123-85cc-187e188ff032 req-c3611806-66ba-4123-85cc-187e188ff032 ] Request (ImagesNegativeTestJSON:test_create_image_from_deleted_server): 200 GET http://10.180.1.21/compute/v2.1/servers/ca36222c-9587-4119-b418-6ecf4532d4b6 2.904s
2025-04-10 18:52:39.575 69898 INFO tempest.lib.common.rest_client [req-156bdd1b-a7a1-489b-8495-6143a22c9f53 req-156bdd1b-a7a1-489b-8495-6143a22c9f53 ] Request (FlavorsAdminTestJSON:_run_cleanups): 202 DELETE http://10.180.1.21/compute/v2.1/flavors/605793625 2.660s
2025-04-10 18:52:39.579 69925 INFO tempest.lib.common.rest_client [req-507ea8d9-547a-4be7-a0c3-28177cb171d2 req-507ea8d9-547a-4be7-a0c3-28177cb171d2 ] Request (HypervisorAdminV228Test:tearDownClass): 204 DELETE http://10.180.1.21/identity/v3/projects/bb0f47464f274ff187a723fcd3cc5fc9 0.117s
2025-04-10 18:52:39.579 69925 INFO tempest.lib.common.dynamic_creds [-] Deleting project and security group for project: 35e79b50c0554163969cb88bc9810cb1
2025-04-10 18:52:39.705 69925 INFO tempest.lib.common.rest_client [req-caa266b9-d4b2-4084-a76d-0cd59258c56a req-caa266b9-d4b2-4084-a76d-0cd59258c56a ] Request (HypervisorAdminV228Test:tearDownClass): 200 GET http://10.180.1.21:9696/networking/v2.0/security-groups?tenant_id=35e79b50c0554163969cb88bc9810cb1&name=default 0.126s
2025-04-10 18:52:39.718 69906 INFO tempest.lib.common.rest_client [req-dccd450c-c305-455e-8e29-0002a0b9c489 req-dccd450c-c305-455e-8e29-0002a0b9c489 ] Request (MigrationsAdminTest:test_list_migrations): 200 GET http://10.180.1.21/compute/v2.1/os-migrations 2.547s
2025-04-10 18:52:39.771 69911 INFO tempest.lib.common.rest_client [req-98cf01fd-2f94-4477-ae45-d82eb2ec68e1 req-98cf01fd-2f94-4477-ae45-d82eb2ec68e1 ] Request (HypervisorAdminV253TestBase:test_list_show_detail_hypervisors): 200 GET http://10.180.1.21/compute/v2.1/os-hypervisors?with_servers=True 2.356s
2025-04-10 18:52:39.819 69906 INFO tempest.lib.common.rest_client [req-434a6b8e-f52a-4008-bb34-bd4d83b9c999 req-434a6b8e-f52a-4008-bb34-bd4d83b9c999 ] Request (MigrationsAdminTest:test_list_migrations_in_flavor_resize_situation): 201 POST http://10.180.1.21/identity/v3/auth/tokens 0.090s
2025-04-10 18:52:39.820 69906 INFO tempest.lib.common.fixed_network [-] (MigrationsAdminTest:test_list_migrations_in_flavor_resize_situation) Found network None available for tenant
2025-04-10 18:52:39.834 69925 INFO tempest.lib.common.rest_client [req-31d8c609-b447-4768-8fc2-d21d524b605f req-31d8c609-b447-4768-8fc2-d21d524b605f ] Request (HypervisorAdminV228Test:tearDownClass): 204 DELETE http://10.180.1.21:9696/networking/v2.0/security-groups/fbe36b80-73e2-4fa0-8c13-64fb998a81d7 0.128s
2025-04-10 18:52:39.886 69887 INFO tempest.lib.common.rest_client [req-3f21c161-87f2-4992-9d03-8e1ff2d22907 req-3f21c161-87f2-4992-9d03-8e1ff2d22907 ] Request (FlavorsAccessTestJSON:test_flavor_access_add_remove): 200 GET http://10.180.1.21/compute/v2.1/flavors/detail 2.238s
2025-04-10 18:52:39.945 69925 INFO tempest.lib.common.rest_client [req-8c389fc1-094a-41e0-bea0-2edf61b945f3 req-8c389fc1-094a-41e0-bea0-2edf61b945f3 ] Request (HypervisorAdminV228Test:tearDownClass): 204 DELETE http://10.180.1.21/identity/v3/projects/35e79b50c0554163969cb88bc9810cb1 0.111s
2025-04-10 18:52:39.992 69885 INFO tempest.lib.common.rest_client [req-e196bedb-546a-4014-897d-b5ebcd1a6556 req-e196bedb-546a-4014-897d-b5ebcd1a6556 ] Request (AggregatesAdminNegativeTestJSON:_run_cleanups): 200 POST http://10.180.1.21/compute/v2.1/os-aggregates/1/action 2.281s
2025-04-10 18:52:40.019 69923 INFO tempest.lib.common.rest_client [req-4eda1ac9-3c3b-4dbc-b11b-eca97f9809da req-4eda1ac9-3c3b-4dbc-b11b-eca97f9809da ] Request (ServicesAdminNegativeTestJSON:test_get_service_by_invalid_service_and_valid_host): 200 GET http://10.180.1.21/compute/v2.1/os-services?host=devstack&binary=xxx 2.274s
2025-04-10 18:52:40.028 69925 INFO tempest.lib.common.rest_client [req-cbcc8b4a-648a-4989-a28e-a68d7d927aed req-cbcc8b4a-648a-4989-a28e-a68d7d927aed ] Request (QuotaClassesAdmin257Test:setUpClass): 201 POST http://10.180.1.21/identity/v3/auth/tokens 0.081s
2025-04-10 18:52:40.061 69925 INFO tempest.lib.common.rest_client [req-3bc87966-c411-4a10-bf8b-369119e519c6 req-3bc87966-c411-4a10-bf8b-369119e519c6 ] Request (QuotaClassesAdmin257Test:setUpClass): 201 POST http://10.180.1.21/identity/v3/auth/tokens 0.030s
2025-04-10 18:52:40.068 69939 INFO tempest.lib.common.rest_client [req-e592c0db-fcb0-414d-8c7e-16ca1f5b551d req-e592c0db-fcb0-414d-8c7e-16ca1f5b551d ] Request (ImagesTestJSON:test_create_image_from_stopped_server): 202 POST http://10.180.1.21/compute/v2.1/servers 3.577s
2025-04-10 18:52:40.086 69925 INFO tempest.lib.common.rest_client [req-5b230fad-ad5a-47d9-92ec-f78f18dae34f req-5b230fad-ad5a-47d9-92ec-f78f18dae34f ] Request (QuotaClassesAdmin257Test:setUpClass): 200 GET http://10.180.1.21/identity/v3/domains?name=Default 0.024s
2025-04-10 18:52:40.104 69879 INFO tempest.lib.common.rest_client [req-7b7e0eaf-f2b6-46f2-8826-a6cd6e5ff1e2 req-7b7e0eaf-f2b6-46f2-8826-a6cd6e5ff1e2 ] Request (FlavorsV261TestJSON:test_crud_flavor): 200 PUT http://10.180.1.21/compute/v2.1/flavors/1952017643 2.173s
2025-04-10 18:52:40.112 69937 INFO tempest.lib.common.rest_client [req-00b60772-8e22-4000-8569-f334822967b3 req-00b60772-8e22-4000-8569-f334822967b3 ] Request (ServersV294TestFqdnHostnames:setUpClass): 200 GET http://10.180.1.21/compute/v2.1/servers/0ff9570f-64ff-47ef-a407-6b0f1f54ddb9 2.354s
2025-04-10 18:52:40.118 69925 INFO tempest.lib.common.rest_client [req-cb3ea07f-21f8-46ce-ad62-72c3cd13ebae req-cb3ea07f-21f8-46ce-ad62-72c3cd13ebae ] Request (QuotaClassesAdmin257Test:setUpClass): 201 POST http://10.180.1.21/identity/v3/projects 0.031s
2025-04-10 18:52:40.250 69925 INFO tempest.lib.common.rest_client [req-c0f7a051-b48f-4d29-a854-43c5e04b0cab req-c0f7a051-b48f-4d29-a854-43c5e04b0cab ] Request (QuotaClassesAdmin257Test:setUpClass): 201 POST http://10.180.1.21/identity/v3/users 0.131s
2025-04-10 18:52:40.275 69925 INFO tempest.lib.common.rest_client [req-a3bf3f9c-77c5-424c-ab8c-fd42e448500c req-a3bf3f9c-77c5-424c-ab8c-fd42e448500c ] Request (QuotaClassesAdmin257Test:setUpClass): 200 GET http://10.180.1.21/identity/v3/roles 0.025s
2025-04-10 18:52:40.304 69925 INFO tempest.lib.common.rest_client [req-35965b3a-de96-426a-a82f-d6dfb3eaecb0 req-35965b3a-de96-426a-a82f-d6dfb3eaecb0 ] Request (QuotaClassesAdmin257Test:setUpClass): 204 PUT http://10.180.1.21/identity/v3/projects/cff4b56e82d74bad9654d473fa7b18a3/users/8dd41a975d82461c911572623a73d1a9/roles/181822b11d6e443b865727d2d1c8303a 0.028s
2025-04-10 18:52:40.305 69925 INFO tempest.lib.common.dynamic_creds [-] Dynamic test user 8dd41a975d82461c911572623a73d1a9 is created with scope project and roles: ['member']
2025-04-10 18:52:40.305 69925 INFO tempest.lib.common.dynamic_creds [-] Acquired dynamic creds: credentials: Credentials: {'domain_id': 'default', 'domain_name': 'Default', 'username': 'tempest-QuotaClassesAdmin257Test-701146057-project-member', 'project_domain_id': 'default', 'project_domain_name': 'Default', 'project_id': 'cff4b56e82d74bad9654d473fa7b18a3', 'project_name': 'tempest-QuotaClassesAdmin257Test-701146057', 'tenant_id': 'cff4b56e82d74bad9654d473fa7b18a3', 'tenant_name': 'tempest-QuotaClassesAdmin257Test-701146057', 'user_domain_id': 'default', 'user_domain_name': 'Default', 'user_id': '8dd41a975d82461c911572623a73d1a9', 'system': None}, Network: None, Subnet: None, Router: None
2025-04-10 18:52:40.305 69925 INFO tempest.lib.common.dynamic_creds [-] Created isolated network resources for: credentials: Credentials: {'domain_id': 'default', 'domain_name': 'Default', 'username': 'tempest-QuotaClassesAdmin257Test-701146057-project-member', 'project_domain_id': 'default', 'project_domain_name': 'Default', 'project_id': 'cff4b56e82d74bad9654d473fa7b18a3', 'project_name': 'tempest-QuotaClassesAdmin257Test-701146057', 'tenant_id': 'cff4b56e82d74bad9654d473fa7b18a3', 'tenant_name': 'tempest-QuotaClassesAdmin257Test-701146057', 'user_domain_id': 'default', 'user_domain_name': 'Default', 'user_id': '8dd41a975d82461c911572623a73d1a9', 'system': None}, Network: None, Subnet: None, Router: None
2025-04-10 18:52:40.382 69925 INFO tempest.lib.common.rest_client [req-89d2b13b-23d2-4ccb-b86b-50b00872e7fc req-89d2b13b-23d2-4ccb-b86b-50b00872e7fc ] Request (QuotaClassesAdmin257Test:setUpClass): 201 POST http://10.180.1.21/identity/v3/auth/tokens 0.070s
2025-04-10 18:52:40.443 69925 INFO tempest.lib.common.rest_client [req-69f51a03-aa7d-4c4b-bc12-32499cf09177 req-69f51a03-aa7d-4c4b-bc12-32499cf09177 ] Request (QuotaClassesAdmin257Test:setUpClass): 201 POST http://10.180.1.21/identity/v3/projects 0.060s
2025-04-10 18:52:40.467 69903 INFO tempest.lib.common.rest_client [req-c471e550-a6dd-4f43-bfb5-d610b817e41c req-c471e550-a6dd-4f43-bfb5-d610b817e41c ] Request (ListServerFiltersTestJSON:setUpClass): 202 POST http://10.180.1.21/compute/v2.1/servers 2.440s
2025-04-10 18:52:40.502 69893 INFO tempest.lib.common.rest_client [req-bad1044b-024b-4031-9f6f-b1347b61058d req-bad1044b-024b-4031-9f6f-b1347b61058d ] Request (FlavorsV255TestJSON:test_crud_flavor): 200 PUT http://10.180.1.21/compute/v2.1/flavors/1881374458 2.422s
2025-04-10 18:52:40.511 69925 INFO tempest.lib.common.rest_client [req-c2876e42-2f3e-40f4-bbe9-ac407cb9ea92 req-c2876e42-2f3e-40f4-bbe9-ac407cb9ea92 ] Request (QuotaClassesAdmin257Test:setUpClass): 201 POST http://10.180.1.21/identity/v3/users 0.067s
2025-04-10 18:52:40.514 69941 INFO tempest.lib.common.rest_client [req-c374d124-9ffe-4409-b3ca-3e853072053b req-c374d124-9ffe-4409-b3ca-3e853072053b ] Request (DeleteServersAdminTestJSON:test_admin_delete_servers_of_others): 202 POST http://10.180.1.21/compute/v2.1/servers 2.544s
2025-04-10 18:52:40.535 69925 INFO tempest.lib.common.rest_client [req-b86d7bcb-ba80-4783-9df0-b61f5f0798b4 req-b86d7bcb-ba80-4783-9df0-b61f5f0798b4 ] Request (QuotaClassesAdmin257Test:setUpClass): 200 GET http://10.180.1.21/identity/v3/roles 0.023s
2025-04-10 18:52:40.540 69903 INFO tempest.lib.common.rest_client [req-3e064457-22d2-44ed-a0d7-eb33e6db135a req-3e064457-22d2-44ed-a0d7-eb33e6db135a ] Request (ListServerFiltersTestJSON:setUpClass): 201 POST http://10.180.1.21/identity/v3/auth/tokens 0.066s
2025-04-10 18:52:40.540 69903 INFO tempest.lib.common.fixed_network [-] (ListServerFiltersTestJSON:setUpClass) Found network {'id': '98dd04b6-4d9b-4d03-8b15-82367c557861', 'name': 'tempest-ListServerFiltersTestJSON-838254500-network', 'tenant_id': '2505904eb0634ab5851227cbec68d8c1', 'admin_state_up': True, 'mtu': 8950, 'status': 'ACTIVE', 'subnets': [], 'shared': False, 'project_id': '2505904eb0634ab5851227cbec68d8c1', 'port_security_enabled': True, 'router:external': False, 'provider:network_type': 'vlan', 'provider:physical_network': 'default', 'provider:segmentation_id': 126, 'availability_zone_hints': [], 'availability_zones': [], 'ipv4_address_scope': None, 'ipv6_address_scope': None, 'description': '', 'tags': [], 'created_at': '2025-04-10T18:52:37Z', 'updated_at': '2025-04-10T18:52:37Z', 'revision_number': 1} available for tenant
2025-04-10 18:52:40.576 69899 INFO tempest.lib.common.rest_client [req-5b7059c1-05e9-4922-ba65-dfbf93823461 req-5b7059c1-05e9-4922-ba65-dfbf93823461 ] Request (ServersAdminNegativeTestJSON:setUpClass): 200 GET http://10.180.1.21/compute/v2.1/servers/e26fb71a-b6dc-44bf-9e46-26801a267235 2.402s
2025-04-10 18:52:40.578 69925 INFO tempest.lib.common.rest_client [req-fc21089b-3ad8-46bc-8a1d-08d7a9b47214 req-fc21089b-3ad8-46bc-8a1d-08d7a9b47214 ] Request (QuotaClassesAdmin257Test:setUpClass): 204 PUT http://10.180.1.21/identity/v3/projects/494eff30075d4e24adb9b2025a7b2a36/users/38a8aaada3f7428abf1ba76a38ab0859/roles/86788eb6290b49cdbad1af9f191b4365 0.042s
2025-04-10 18:52:40.656 69925 INFO tempest.lib.common.rest_client [req-6ae5e6f5-5617-4da9-839a-f4feaf8e121b req-6ae5e6f5-5617-4da9-839a-f4feaf8e121b ] Request (QuotaClassesAdmin257Test:setUpClass): 200 GET http://10.180.1.21/identity/v3/roles 0.078s
2025-04-10 18:52:40.677 69925 INFO tempest.lib.common.rest_client [req-0661a2ed-4c27-4284-9624-662ae1633607 req-0661a2ed-4c27-4284-9624-662ae1633607 ] Request (QuotaClassesAdmin257Test:setUpClass): 204 PUT http://10.180.1.21/identity/v3/projects/494eff30075d4e24adb9b2025a7b2a36/users/38a8aaada3f7428abf1ba76a38ab0859/roles/86788eb6290b49cdbad1af9f191b4365 0.021s
2025-04-10 18:52:40.677 69925 INFO tempest.lib.common.dynamic_creds [-] Dynamic test user 38a8aaada3f7428abf1ba76a38ab0859 is created with scope project and roles: ['admin']
2025-04-10 18:52:40.677 69925 INFO tempest.lib.common.dynamic_creds [-] Acquired dynamic creds: credentials: Credentials: {'domain_id': 'default', 'domain_name': 'Default', 'username': 'tempest-QuotaClassesAdmin257Test-1113685301-project-admin', 'project_domain_id': 'default', 'project_domain_name': 'Default', 'project_id': '494eff30075d4e24adb9b2025a7b2a36', 'project_name': 'tempest-QuotaClassesAdmin257Test-1113685301', 'tenant_id': '494eff30075d4e24adb9b2025a7b2a36', 'tenant_name': 'tempest-QuotaClassesAdmin257Test-1113685301', 'user_domain_id': 'default', 'user_domain_name': 'Default', 'user_id': '38a8aaada3f7428abf1ba76a38ab0859', 'system': None}, Network: None, Subnet: None, Router: None
2025-04-10 18:52:40.678 69925 INFO tempest.lib.common.dynamic_creds [-] Created isolated network resources for: credentials: Credentials: {'domain_id': 'default', 'domain_name': 'Default', 'username': 'tempest-QuotaClassesAdmin257Test-1113685301-project-admin', 'project_domain_id': 'default', 'project_domain_name': 'Default', 'project_id': '494eff30075d4e24adb9b2025a7b2a36', 'project_name': 'tempest-QuotaClassesAdmin257Test-1113685301', 'tenant_id': '494eff30075d4e24adb9b2025a7b2a36', 'tenant_name': 'tempest-QuotaClassesAdmin257Test-1113685301', 'user_domain_id': 'default', 'user_domain_name': 'Default', 'user_id': '38a8aaada3f7428abf1ba76a38ab0859', 'system': None}, Network: None, Subnet: None, Router: None
2025-04-10 18:52:40.778 69925 INFO tempest.lib.common.rest_client [req-791a8f68-410a-424c-8684-3d297ba31c3a req-791a8f68-410a-424c-8684-3d297ba31c3a ] Request (QuotaClassesAdmin257Test:setUpClass): 201 POST http://10.180.1.21/identity/v3/auth/tokens 0.098s
2025-04-10 18:52:40.855 69907 INFO tempest.lib.common.rest_client [req-bbe4ecfc-d98e-4c90-9a82-2b56e752139e req-bbe4ecfc-d98e-4c90-9a82-2b56e752139e ] Request (ServerDiagnosticsNegativeTest:test_get_server_diagnostics_by_non_admin): 200 GET http://10.180.1.21/compute/v2.1/servers/745639f9-9939-4154-8799-e43b50fdea0f 2.603s
2025-04-10 18:52:40.866 69917 INFO tempest.lib.common.rest_client [req-68c29486-8942-4190-a392-0044fd4c3d72 req-68c29486-8942-4190-a392-0044fd4c3d72 ] Request (HostsAdminNegativeTestJSON:test_reboot_host_with_non_admin_user): 403 GET http://10.180.1.21/compute/v2.1/os-hosts/devstack/reboot 2.385s
2025-04-10 18:52:40.874 69895 INFO tempest.lib.common.rest_client [req-672b17f6-0bb0-4f97-828a-931b5cbce45d req-672b17f6-0bb0-4f97-828a-931b5cbce45d ] Request (QuotasAdminTestJSON:test_delete_quota): 200 PUT http://10.180.1.21/compute/v2.1/os-quota-sets/5ffc6f3834ec45d0a938b5fd27fd639c 2.471s
2025-04-10 18:52:40.904 69921 INFO tempest.lib.common.rest_client [req-ddcf9e47-fb28-4383-81fb-729b689e7cf5 req-ddcf9e47-fb28-4383-81fb-729b689e7cf5 ] Request (KeyPairsNegativeTestJSON:test_create_keypair_when_public_key_bits_exceeds_maximum): 400 POST http://10.180.1.21/compute/v2.1/os-keypairs 2.141s
2025-04-10 18:52:40.923 69883 INFO tempest.lib.common.rest_client [req-40e85277-3097-46c7-9c14-f4654038e84e req-40e85277-3097-46c7-9c14-f4654038e84e ] Request (HypervisorAdminUnderV252Test:test_get_hypervisor_show_servers): 200 GET http://10.180.1.21/compute/v2.1/os-hypervisors/domain-c8.fc996f14-c53b-4953-92e3-bdfa48f5cc28/servers 2.303s
2025-04-10 18:52:40.944 69881 INFO tempest.lib.common.rest_client [req-b1287675-133a-473a-b580-b12599c8f551 req-b1287675-133a-473a-b580-b12599c8f551 ] Request (HypervisorAdminTestJSON:test_get_hypervisor_show_details): 200 GET http://10.180.1.21/compute/v2.1/os-hypervisors 2.070s
2025-04-10 18:52:40.971 69935 INFO tempest.lib.common.rest_client [req-80cf3cf4-d876-43a2-ada6-33561ca06b83 req-80cf3cf4-d876-43a2-ada6-33561ca06b83 ] Request (VolumesAdminNegativeTest:setUpClass): 200 PUT http://10.180.1.21:9696/networking/v2.0/routers/2b7c42fb-100c-4cbd-924b-47a3c3fd394b/add_router_interface 2.240s
2025-04-10 18:52:40.972 69935 INFO tempest.lib.common.dynamic_creds [-] Created isolated network resources for: credentials: Credentials: {'domain_id': 'default', 'domain_name': 'Default', 'username': 'tempest-VolumesAdminNegativeTest-2080228884-project-admin', 'project_domain_id': 'default', 'project_domain_name': 'Default', 'project_id': 'e3abe56a54c0453a9d6aa197976c7d9b', 'project_name': 'tempest-VolumesAdminNegativeTest-2080228884', 'tenant_id': 'e3abe56a54c0453a9d6aa197976c7d9b', 'tenant_name': 'tempest-VolumesAdminNegativeTest-2080228884', 'user_domain_id': 'default', 'user_domain_name': 'Default', 'user_id': '959563ce58fc41faa6cf3063b96abc83', 'system': None}, Network: {'id': '285c17e7-d59c-4706-8116-1fbf10296b4d', 'name': 'tempest-VolumesAdminNegativeTest-578059634-network', 'tenant_id': 'e3abe56a54c0453a9d6aa197976c7d9b', 'admin_state_up': True, 'mtu': 8950, 'status': 'ACTIVE', 'subnets': [], 'shared': False, 'project_id': 'e3abe56a54c0453a9d6aa197976c7d9b', 'port_security_enabled': True, 'router:external': False, 'provider:network_type': 'vlan', 'provider:physical_network': 'default', 'provider:segmentation_id': 192, 'availability_zone_hints': [], 'availability_zones': [], 'ipv4_address_scope': None, 'ipv6_address_scope': None, 'description': '', 'tags': [], 'created_at': '2025-04-10T18:52:37Z', 'updated_at': '2025-04-10T18:52:37Z', 'revision_number': 1}, Subnet: {'id': '5ab71015-13bb-4bdb-b0b2-f36a3e979321', 'name': 'tempest-VolumesAdminNegativeTest-578059634-subnet', 'tenant_id': 'e3abe56a54c0453a9d6aa197976c7d9b', 'network_id': '285c17e7-d59c-4706-8116-1fbf10296b4d', 'ip_version': 4, 'subnetpool_id': None, 'enable_dhcp': True, 'ipv6_ra_mode': None, 'ipv6_address_mode': None, 'gateway_ip': '192.168.128.1', 'cidr': '192.168.128.0/28', 'allocation_pools': [{'start': '192.168.128.2', 'end': '192.168.128.14'}], 'host_routes': [], 'dns_nameservers': [], 'description': '', 'router:external': False, 'service_types': [], 'tags': [], 'created_at': '2025-04-10T18:52:37Z', 'updated_at': '2025-04-10T18:52:37Z', 'revision_number': 0, 'project_id': 'e3abe56a54c0453a9d6aa197976c7d9b'}, Router: {'id': '2b7c42fb-100c-4cbd-924b-47a3c3fd394b', 'name': 'tempest-VolumesAdminNegativeTest-578059634-router', 'tenant_id': 'e3abe56a54c0453a9d6aa197976c7d9b', 'admin_state_up': True, 'status': 'ACTIVE', 'external_gateway_info': {'network_id': '36b20a26-75c0-4783-a97b-6f084099d736', 'external_fixed_ips': [{'subnet_id': 'f9731a2f-9ea8-478a-a278-7e5e9302a613', 'ip_address': '10.180.180.148'}], 'enable_snat': True}, 'description': '', 'availability_zones': [], 'distributed': False, 'ha': False, 'availability_zone_hints': [], 'routes': [], 'flavor_id': None, 'tags': [], 'created_at': '2025-04-10T18:52:38Z', 'updated_at': '2025-04-10T18:52:38Z', 'revision_number': 2, 'project_id': 'e3abe56a54c0453a9d6aa197976c7d9b'}
2025-04-10 18:52:41.001 69915 INFO tempest.lib.common.rest_client [req-abe6cd50-eca5-4c27-9e13-9062183037d8 req-abe6cd50-eca5-4c27-9e13-9062183037d8 ] Request (FloatingIPsAssociationNegativeTestJSON:setUpClass): 200 GET http://10.180.1.21/compute/v2.1/servers/967d606a-689f-4fca-affe-6926dcf9d54a 2.106s
2025-04-10 18:52:41.015 69889 INFO tempest.lib.common.rest_client [req-ee68804c-33d3-495b-838e-f4d800be736e req-ee68804c-33d3-495b-838e-f4d800be736e ] Request (NetworksTest:test_list_all_networks): 200 GET http://10.180.1.21/compute/v2.1/os-networks 2.183s
2025-04-10 18:52:41.018 69901 INFO tempest.lib.common.rest_client [req-7a494c55-b2e2-48fb-8cc9-acaced17e5c5 req-7a494c55-b2e2-48fb-8cc9-acaced17e5c5 ] Request (HostsAdminTestJSON:test_list_hosts_with_nonexistent_zone): 200 GET http://10.180.1.21/compute/v2.1/os-hosts?zone=xxx 2.095s
2025-04-10 18:52:41.023 69919 INFO tempest.lib.common.rest_client [req-5feb7931-71f5-4ab0-be43-360039b0aeaa req-5feb7931-71f5-4ab0-be43-360039b0aeaa ] Request (MultipleCreateNegativeTestJSON:test_min_count_non_integer): 400 POST http://10.180.1.21/compute/v2.1/servers 2.079s
2025-04-10 18:52:41.065 69935 INFO tempest.lib.common.rest_client [req-c56f1d62-e870-4b82-afb4-fa01728b2e17 req-c56f1d62-e870-4b82-afb4-fa01728b2e17 ] Request (VolumesAdminNegativeTest:setUpClass): 201 POST http://10.180.1.21/identity/v3/auth/tokens 0.090s
2025-04-10 18:52:41.082 69931 INFO tempest.lib.common.rest_client [req-2e782a26-4885-43b4-8027-97e1cccc18f8 req-2e782a26-4885-43b4-8027-97e1cccc18f8 ] Request (ServerExternalEventsTest:test_create_server_external_events): 200 GET http://10.180.1.21/compute/v2.1/servers/49a8fb1e-749c-419a-a39a-ccec63fd157f 1.747s
2025-04-10 18:52:41.098 69913 INFO tempest.lib.common.rest_client [req-9a2c20ba-a010-4e97-a6b0-05863470abbd req-9a2c20ba-a010-4e97-a6b0-05863470abbd ] Request (FlavorMetadataValidation:_run_cleanups): 202 DELETE http://10.180.1.21/compute/v2.1/flavors/403851598 1.654s
2025-04-10 18:52:41.120 69898 INFO tempest.lib.common.rest_client [req-af511cd4-7701-48c7-894e-b564e7c2dd8f req-af511cd4-7701-48c7-894e-b564e7c2dd8f ] Request (FlavorsAdminTestJSON:_run_cleanups): 200 GET http://10.180.1.21/compute/v2.1/flavors/detail 1.545s
2025-04-10 18:52:41.132 69889 INFO tempest.lib.common.rest_client [req-9039f01f-e9fc-4774-b659-a133fa4b0781 req-9039f01f-e9fc-4774-b659-a133fa4b0781 ] Request (NetworksTest:tearDownClass): 204 DELETE http://10.180.1.21/identity/v3/users/3fe3cfd703474404b6686af93e23b88c 0.115s
