2025-04-10 18:52:52.688 69906 INFO tempest.lib.common.rest_client [req-15bd2f60-59e9-42af-9abc-a43907ed98f7 req-15bd2f60-59e9-42af-9abc-a43907ed98f7 ] Request (MigrationsAdminTest:test_list_migrations_in_flavor_resize_situation): 200 GET http://10.180.1.21/compute/v2.1/servers/e2a67fde-2447-4689-ba52-73fe5dabdbd6 1.929s
2025-04-10 18:52:52.738 69923 INFO tempest.lib.common.rest_client [req-71cc578f-f0fd-4e21-aac4-c6dfa0de2e79 req-71cc578f-f0fd-4e21-aac4-c6dfa0de2e79 ] Request (ListImageFiltersNegativeTestJSON:tearDownClass): 204 DELETE http://10.180.1.21/identity/v3/projects/2843ce6e0dd34d5590ce89b08f2aa525 0.114s
2025-04-10 18:52:52.739 69923 INFO tempest.test [-] raised in ServerPersonalityTestJSON.setUpClass. Invoking tearDownClass.
2025-04-10 18:52:52.819 69923 INFO tempest.lib.common.rest_client [req-219c16d4-ef8e-421e-adee-67fcd3cfe4a1 req-219c16d4-ef8e-421e-adee-67fcd3cfe4a1 ] Request (VolumesGetTestJSON:setUpClass): 201 POST http://10.180.1.21/identity/v3/auth/tokens 0.074s
2025-04-10 18:52:52.863 69923 INFO tempest.lib.common.rest_client [req-6c35754c-886d-427c-93ef-6f0d870f1ca3 req-6c35754c-886d-427c-93ef-6f0d870f1ca3 ] Request (VolumesGetTestJSON:setUpClass): 201 POST http://10.180.1.21/identity/v3/auth/tokens 0.041s
2025-04-10 18:52:52.895 69923 INFO tempest.lib.common.rest_client [req-b6a32a68-5013-4819-8d1d-7fc5112c9bcb req-b6a32a68-5013-4819-8d1d-7fc5112c9bcb ] Request (VolumesGetTestJSON:setUpClass): 200 GET http://10.180.1.21/identity/v3/domains?name=Default 0.032s
2025-04-10 18:52:52.907 69917 INFO tempest.lib.common.rest_client [req-630620b1-29f8-4279-9b67-360b98894945 req-630620b1-29f8-4279-9b67-360b98894945 ] Request (HostsAdminNegativeTestJSON:tearDownClass): 204 DELETE http://10.180.1.21:9696/networking/v2.0/security-groups/43bb0477-3114-4b81-ac0f-d70db0666b61 0.251s
2025-04-10 18:52:52.915 69891 INFO tempest.lib.common.rest_client [req-57265a1e-d4c1-46b2-9290-ff8b39231781 req-57265a1e-d4c1-46b2-9290-ff8b39231781 ] Request (QuotasAdminTestV257:test_get_updated_quotas): 200 PUT http://10.180.1.21/compute/v2.1/os-quota-sets/ce4e6cd1450544f59c23cac03b433264?user_id=52691747c1e345bb9de3452bff0d4165 1.830s
2025-04-10 18:52:52.939 69923 INFO tempest.lib.common.rest_client [req-80bee728-5137-47f7-bf4e-fcd2a7a590c9 req-80bee728-5137-47f7-bf4e-fcd2a7a590c9 ] Request (VolumesGetTestJSON:setUpClass): 201 POST http://10.180.1.21/identity/v3/projects 0.044s
2025-04-10 18:52:52.943 69883 INFO tempest.lib.common.rest_client [req-2060ac56-436f-42c1-8779-92e5b25c32b7 req-2060ac56-436f-42c1-8779-92e5b25c32b7 ] Request (FloatingIPDetailsTestJSON:setUpClass): 201 POST http://10.180.1.21:9696/networking/v2.0/routers 2.067s
2025-04-10 18:52:52.987 69879 INFO tempest.lib.common.rest_client [req-c6e49eb0-0c49-483d-81bc-a06ef0b39795 req-c6e49eb0-0c49-483d-81bc-a06ef0b39795 ] Request (DeleteServersTestJSON:setUpClass): 201 POST http://10.180.1.21:9696/networking/v2.0/routers 2.034s
2025-04-10 18:52:52.990 69917 INFO tempest.lib.common.rest_client [req-3a49d495-c019-43cf-b699-e309847918c0 req-3a49d495-c019-43cf-b699-e309847918c0 ] Request (HostsAdminNegativeTestJSON:tearDownClass): 204 DELETE http://10.180.1.21/identity/v3/projects/5f28f16e6c274e42bca912c8d73d443e 0.082s
2025-04-10 18:52:53.077 69923 INFO tempest.lib.common.rest_client [req-42101260-f619-40a3-9fd1-def07ed4ecb7 req-42101260-f619-40a3-9fd1-def07ed4ecb7 ] Request (VolumesGetTestJSON:setUpClass): 201 POST http://10.180.1.21/identity/v3/users 0.137s
2025-04-10 18:52:53.080 69919 INFO tempest.lib.common.rest_client [req-d58d1d81-db57-4fed-8355-b18007bbed8b req-d58d1d81-db57-4fed-8355-b18007bbed8b ] Request (ServerAddressesTestJSON:setUpClass): 202 POST http://10.180.1.21/compute/v2.1/servers 2.565s
2025-04-10 18:52:53.121 69923 INFO tempest.lib.common.rest_client [req-5d999ccf-0858-4594-a65e-b1b6c3769f74 req-5d999ccf-0858-4594-a65e-b1b6c3769f74 ] Request (VolumesGetTestJSON:setUpClass): 200 GET http://10.180.1.21/identity/v3/roles 0.044s
2025-04-10 18:52:53.127 69917 INFO tempest.lib.common.rest_client [req-84060af2-c25f-4986-8d0d-2d2ac08b6c37 req-84060af2-c25f-4986-8d0d-2d2ac08b6c37 ] Request (ServerDiagnosticsTest:setUpClass): 201 POST http://10.180.1.21/identity/v3/auth/tokens 0.136s
2025-04-10 18:52:53.171 69923 INFO tempest.lib.common.rest_client [req-374616bd-d2ec-4ab2-86b4-19503d40ba29 req-374616bd-d2ec-4ab2-86b4-19503d40ba29 ] Request (VolumesGetTestJSON:setUpClass): 204 PUT http://10.180.1.21/identity/v3/projects/a3c029d6299847b0b602f87d52558229/users/55d5167a66c94bde9a5c21c08fb77cd0/roles/181822b11d6e443b865727d2d1c8303a 0.049s
2025-04-10 18:52:53.171 69923 INFO tempest.lib.common.dynamic_creds [-] Dynamic test user 55d5167a66c94bde9a5c21c08fb77cd0 is created with scope project and roles: ['member']
2025-04-10 18:52:53.172 69923 INFO tempest.lib.common.dynamic_creds [-] Acquired dynamic creds: credentials: Credentials: {'domain_id': 'default', 'domain_name': 'Default', 'username': 'tempest-VolumesGetTestJSON-1504668179-project-member', 'project_domain_id': 'default', 'project_domain_name': 'Default', 'project_id': 'a3c029d6299847b0b602f87d52558229', 'project_name': 'tempest-VolumesGetTestJSON-1504668179', 'tenant_id': 'a3c029d6299847b0b602f87d52558229', 'tenant_name': 'tempest-VolumesGetTestJSON-1504668179', 'user_domain_id': 'default', 'user_domain_name': 'Default', 'user_id': '55d5167a66c94bde9a5c21c08fb77cd0', 'system': None}, Network: None, Subnet: None, Router: None
2025-04-10 18:52:53.172 69923 INFO tempest.lib.common.dynamic_creds [-] Created isolated network resources for: credentials: Credentials: {'domain_id': 'default', 'domain_name': 'Default', 'username': 'tempest-VolumesGetTestJSON-1504668179-project-member', 'project_domain_id': 'default', 'project_domain_name': 'Default', 'project_id': 'a3c029d6299847b0b602f87d52558229', 'project_name': 'tempest-VolumesGetTestJSON-1504668179', 'tenant_id': 'a3c029d6299847b0b602f87d52558229', 'tenant_name': 'tempest-VolumesGetTestJSON-1504668179', 'user_domain_id': 'default', 'user_domain_name': 'Default', 'user_id': '55d5167a66c94bde9a5c21c08fb77cd0', 'system': None}, Network: None, Subnet: None, Router: None
2025-04-10 18:52:53.235 69933 INFO tempest.lib.common.rest_client [req-9a68f9aa-4914-42c9-9e68-c0d294a30738 req-9a68f9aa-4914-42c9-9e68-c0d294a30738 ] Request (ServersWithSpecificFlavorTestJSON:test_verify_created_server_ephemeral_disk): 200 GET http://10.180.1.21/compute/v2.1/servers/83633019-2ee3-48a5-a578-abb6d1b34fe7 1.920s
2025-04-10 18:52:53.281 69917 INFO tempest.lib.common.rest_client [req-8481db2a-a767-43ff-b14d-6bc2e80f6e38 req-8481db2a-a767-43ff-b14d-6bc2e80f6e38 ] Request (ServerDiagnosticsTest:setUpClass): 201 POST http://10.180.1.21/identity/v3/auth/tokens 0.149s
2025-04-10 18:52:53.367 69923 INFO tempest.lib.common.rest_client [req-b0e3b548-dc2c-4be1-9498-3b337cf2e1e4 req-b0e3b548-dc2c-4be1-9498-3b337cf2e1e4 ] Request (VolumesGetTestJSON:setUpClass): 201 POST http://10.180.1.21/identity/v3/auth/tokens 0.190s
2025-04-10 18:52:53.392 69911 INFO tempest.lib.common.rest_client [req-99a5c59b-cbd4-4628-b272-bbd7315dc8bd req-99a5c59b-cbd4-4628-b272-bbd7315dc8bd ] Request (ServersAaction247Test:test_create_backup): 202 POST http://10.180.1.21/compute/v2.1/servers 2.185s
2025-04-10 18:52:53.407 69917 INFO tempest.lib.common.rest_client [req-e5be4dce-625a-410a-9828-a1b2687e29f6 req-e5be4dce-625a-410a-9828-a1b2687e29f6 ] Request (ServerDiagnosticsTest:setUpClass): 200 GET http://10.180.1.21/identity/v3/domains?name=Default 0.126s
2025-04-10 18:52:53.455 69917 INFO tempest.lib.common.rest_client [req-6b99290b-d6ee-433d-abbd-2eebd3f590d3 req-6b99290b-d6ee-433d-abbd-2eebd3f590d3 ] Request (ServerDiagnosticsTest:setUpClass): 201 POST http://10.180.1.21/identity/v3/projects 0.045s
2025-04-10 18:52:53.462 69927 INFO tempest.lib.common.rest_client [req-01d7b1db-9e70-4d5a-8bbc-cb2990dbcf43 req-01d7b1db-9e70-4d5a-8bbc-cb2990dbcf43 ] Request (VolumesAssistedSnapshotsTest:test_volume_assisted_snapshot_create_delete): 201 POST http://10.180.1.21:9696/networking/v2.0/floatingips 1.487s
2025-04-10 18:52:53.560 69927 INFO tempest.lib.common.rest_client [req-6fc4eea3-f342-4437-b88d-33a492ccd15c req-6fc4eea3-f342-4437-b88d-33a492ccd15c ] Request (VolumesAssistedSnapshotsTest:test_volume_assisted_snapshot_create_delete): 201 POST http://10.180.1.21/identity/v3/auth/tokens 0.091s
2025-04-10 18:52:53.560 69927 INFO tempest.lib.common.fixed_network [-] (VolumesAssistedSnapshotsTest:test_volume_assisted_snapshot_create_delete) Found network {'id': '26a76134-bdc3-4a7d-ac5e-c2ef269a7188', 'name': 'tempest-VolumesAssistedSnapshotsTest-630643286-network', 'tenant_id': '4c5f8633cee34f0b83ff44be629d52ae', 'admin_state_up': True, 'mtu': 8950, 'status': 'ACTIVE', 'subnets': [], 'shared': False, 'project_id': '4c5f8633cee34f0b83ff44be629d52ae', 'port_security_enabled': True, 'router:external': False, 'provider:network_type': 'vlan', 'provider:physical_network': 'default', 'provider:segmentation_id': 450, 'availability_zone_hints': [], 'availability_zones': [], 'ipv4_address_scope': None, 'ipv6_address_scope': None, 'description': '', 'tags': [], 'created_at': '2025-04-10T18:52:30Z', 'updated_at': '2025-04-10T18:52:30Z', 'revision_number': 1} available for tenant
2025-04-10 18:52:53.568 69893 INFO tempest.lib.common.rest_client [req-c1c06738-bb5f-4be8-862c-b83dce3d750b req-c1c06738-bb5f-4be8-862c-b83dce3d750b ] Request (KeyPairsV210TestJSON:test_admin_manage_keypairs_for_other_users): 201 POST http://10.180.1.21/compute/v2.1/os-keypairs 2.149s
2025-04-10 18:52:53.574 69917 INFO tempest.lib.common.rest_client [req-7ed3d6cc-50c1-4628-a2e1-510950d7f0eb req-7ed3d6cc-50c1-4628-a2e1-510950d7f0eb ] Request (ServerDiagnosticsTest:setUpClass): 201 POST http://10.180.1.21/identity/v3/users 0.119s
2025-04-10 18:52:53.615 69917 INFO tempest.lib.common.rest_client [req-01bed27b-98f4-4eb4-82f6-3cbc5215c92f req-01bed27b-98f4-4eb4-82f6-3cbc5215c92f ] Request (ServerDiagnosticsTest:setUpClass): 200 GET http://10.180.1.21/identity/v3/roles 0.040s
2025-04-10 18:52:53.651 69917 INFO tempest.lib.common.rest_client [req-c7558814-fe63-473b-86db-613cc46bbbfa req-c7558814-fe63-473b-86db-613cc46bbbfa ] Request (ServerDiagnosticsTest:setUpClass): 204 PUT http://10.180.1.21/identity/v3/projects/24b95684ef99424fb8fc81f524e3c388/users/241717f5f25b4b15b688d2c53652476b/roles/181822b11d6e443b865727d2d1c8303a 0.036s
2025-04-10 18:52:53.654 69917 INFO tempest.lib.common.dynamic_creds [-] Dynamic test user 241717f5f25b4b15b688d2c53652476b is created with scope project and roles: ['member']
2025-04-10 18:52:53.654 69917 INFO tempest.lib.common.dynamic_creds [-] Acquired dynamic creds: credentials: Credentials: {'domain_id': 'default', 'domain_name': 'Default', 'username': 'tempest-ServerDiagnosticsTest-193667366-project-member', 'project_domain_id': 'default', 'project_domain_name': 'Default', 'project_id': '24b95684ef99424fb8fc81f524e3c388', 'project_name': 'tempest-ServerDiagnosticsTest-193667366', 'tenant_id': '24b95684ef99424fb8fc81f524e3c388', 'tenant_name': 'tempest-ServerDiagnosticsTest-193667366', 'user_domain_id': 'default', 'user_domain_name': 'Default', 'user_id': '241717f5f25b4b15b688d2c53652476b', 'system': None}, Network: None, Subnet: None, Router: None
2025-04-10 18:52:53.654 69917 INFO tempest.lib.common.dynamic_creds [-] Created isolated network resources for: credentials: Credentials: {'domain_id': 'default', 'domain_name': 'Default', 'username': 'tempest-ServerDiagnosticsTest-193667366-project-member', 'project_domain_id': 'default', 'project_domain_name': 'Default', 'project_id': '24b95684ef99424fb8fc81f524e3c388', 'project_name': 'tempest-ServerDiagnosticsTest-193667366', 'tenant_id': '24b95684ef99424fb8fc81f524e3c388', 'tenant_name': 'tempest-ServerDiagnosticsTest-193667366', 'user_domain_id': 'default', 'user_domain_name': 'Default', 'user_id': '241717f5f25b4b15b688d2c53652476b', 'system': None}, Network: None, Subnet: None, Router: None
2025-04-10 18:52:53.760 69937 INFO tempest.lib.common.rest_client [req-6acfc4be-cb5a-4a94-983d-a10528a47786 req-6acfc4be-cb5a-4a94-983d-a10528a47786 ] Request (ServersV294TestFqdnHostnames:setUpClass): 200 GET http://10.180.1.21/compute/v2.1/servers/0ff9570f-64ff-47ef-a407-6b0f1f54ddb9 2.260s
2025-04-10 18:52:53.785 69917 INFO tempest.lib.common.rest_client [req-297da8de-593c-4e67-bb2e-f4630990dcef req-297da8de-593c-4e67-bb2e-f4630990dcef ] Request (ServerDiagnosticsTest:setUpClass): 201 POST http://10.180.1.21/identity/v3/auth/tokens 0.127s
2025-04-10 18:52:53.864 69917 INFO tempest.lib.common.rest_client [req-82d61e0f-2fac-4e7d-8bf0-45d25f62844f req-82d61e0f-2fac-4e7d-8bf0-45d25f62844f ] Request (ServerDiagnosticsTest:setUpClass): 201 POST http://10.180.1.21/identity/v3/projects 0.078s
2025-04-10 18:52:53.932 69901 INFO tempest.lib.common.rest_client [req-f3a46ebb-8536-470e-86ba-6ec87cb2ebd9 req-f3a46ebb-8536-470e-86ba-6ec87cb2ebd9 ] Request (InstanceUsageAuditLogNegativeTestJSON:test_get_instance_usage_audit_logs_with_invalid_time): 400 GET http://10.180.1.21/compute/v2.1/os-instance_usage_audit_log/invalid_time 2.301s
2025-04-10 18:52:53.939 69917 INFO tempest.lib.common.rest_client [req-98564fa9-ac1a-49e3-ad51-a25203b920d4 req-98564fa9-ac1a-49e3-ad51-a25203b920d4 ] Request (ServerDiagnosticsTest:setUpClass): 201 POST http://10.180.1.21/identity/v3/users 0.074s
2025-04-10 18:52:53.969 69917 INFO tempest.lib.common.rest_client [req-5eb37d34-edd9-4d3f-ab91-54e917d0f9a9 req-5eb37d34-edd9-4d3f-ab91-54e917d0f9a9 ] Request (ServerDiagnosticsTest:setUpClass): 200 GET http://10.180.1.21/identity/v3/roles 0.030s
2025-04-10 18:52:53.999 69899 INFO tempest.lib.common.rest_client [req-f2785fc2-e7b6-4adb-b5a5-befc6bb7cb73 req-f2785fc2-e7b6-4adb-b5a5-befc6bb7cb73 ] Request (ServersAdminNegativeTestJSON:setUpClass): 200 GET http://10.180.1.21/compute/v2.1/servers/e26fb71a-b6dc-44bf-9e46-26801a267235 2.388s
2025-04-10 18:52:54.011 69917 INFO tempest.lib.common.rest_client [req-d40a3ba0-5401-4982-8e67-14820286c847 req-d40a3ba0-5401-4982-8e67-14820286c847 ] Request (ServerDiagnosticsTest:setUpClass): 204 PUT http://10.180.1.21/identity/v3/projects/8a8458d8c00642108d739c524fffc51b/users/8451435795a4411baae9381baf982e57/roles/86788eb6290b49cdbad1af9f191b4365 0.041s
2025-04-10 18:52:54.055 69907 INFO tempest.lib.common.rest_client [req-d9691357-27d9-4214-94aa-abdceb98a5bc req-d9691357-27d9-4214-94aa-abdceb98a5bc ] Request (ServerDiagnosticsNegativeTest:test_get_server_diagnostics_by_non_admin): 403 GET http://10.180.1.21/compute/v2.1/servers/745639f9-9939-4154-8799-e43b50fdea0f/diagnostics 2.331s
2025-04-10 18:52:54.067 69913 INFO tempest.lib.common.rest_client [req-6846983c-7fb2-4e7f-a9b4-4123869ec926 req-6846983c-7fb2-4e7f-a9b4-4123869ec926 ] Request (ServerDiagnosticsV248Test:test_get_server_diagnostics): 200 GET http://10.180.1.21/compute/v2.1/servers/f3b8ab24-3f49-4af8-ab8f-2360fb111d12 2.357s
2025-04-10 18:52:54.077 69917 INFO tempest.lib.common.rest_client [req-d012a3e4-ff65-45ef-b150-b5d53943f618 req-d012a3e4-ff65-45ef-b150-b5d53943f618 ] Request (ServerDiagnosticsTest:setUpClass): 200 GET http://10.180.1.21/identity/v3/roles 0.065s
2025-04-10 18:52:54.085 69885 INFO tempest.lib.common.rest_client [req-e7574920-2e70-4033-b8af-e167f21c641f req-e7574920-2e70-4033-b8af-e167f21c641f ] Request (AggregatesAdminNegativeTestJSON:test_aggregate_delete_as_user): 200 POST http://10.180.1.21/compute/v2.1/os-aggregates 2.324s
2025-04-10 18:52:54.096 69898 INFO tempest.lib.common.rest_client [req-20873f25-86e2-44e9-b230-338aa0659867 req-20873f25-86e2-44e9-b230-338aa0659867 ] Request (FlavorsAdminTestJSON:test_create_list_flavor_without_extra_data): 200 POST http://10.180.1.21/compute/v2.1/flavors 2.299s
2025-04-10 18:52:54.132 69917 INFO tempest.lib.common.rest_client [req-d726c773-d6a2-4fe1-94b5-289e95b80894 req-d726c773-d6a2-4fe1-94b5-289e95b80894 ] Request (ServerDiagnosticsTest:setUpClass): 204 PUT http://10.180.1.21/identity/v3/projects/8a8458d8c00642108d739c524fffc51b/users/8451435795a4411baae9381baf982e57/roles/86788eb6290b49cdbad1af9f191b4365 0.055s
2025-04-10 18:52:54.133 69917 INFO tempest.lib.common.dynamic_creds [-] Dynamic test user 8451435795a4411baae9381baf982e57 is created with scope project and roles: ['admin']
2025-04-10 18:52:54.133 69917 INFO tempest.lib.common.dynamic_creds [-] Acquired dynamic creds: credentials: Credentials: {'domain_id': 'default', 'domain_name': 'Default', 'username': 'tempest-ServerDiagnosticsTest-1222276142-project-admin', 'project_domain_id': 'default', 'project_domain_name': 'Default', 'project_id': '8a8458d8c00642108d739c524fffc51b', 'project_name': 'tempest-ServerDiagnosticsTest-1222276142', 'tenant_id': '8a8458d8c00642108d739c524fffc51b', 'tenant_name': 'tempest-ServerDiagnosticsTest-1222276142', 'user_domain_id': 'default', 'user_domain_name': 'Default', 'user_id': '8451435795a4411baae9381baf982e57', 'system': None}, Network: None, Subnet: None, Router: None
2025-04-10 18:52:54.133 69917 INFO tempest.lib.common.dynamic_creds [-] Created isolated network resources for: credentials: Credentials: {'domain_id': 'default', 'domain_name': 'Default', 'username': 'tempest-ServerDiagnosticsTest-1222276142-project-admin', 'project_domain_id': 'default', 'project_domain_name': 'Default', 'project_id': '8a8458d8c00642108d739c524fffc51b', 'project_name': 'tempest-ServerDiagnosticsTest-1222276142', 'tenant_id': '8a8458d8c00642108d739c524fffc51b', 'tenant_name': 'tempest-ServerDiagnosticsTest-1222276142', 'user_domain_id': 'default', 'user_domain_name': 'Default', 'user_id': '8451435795a4411baae9381baf982e57', 'system': None}, Network: None, Subnet: None, Router: None
2025-04-10 18:52:54.208 69917 INFO tempest.lib.common.rest_client [req-c7babb2e-df12-4e96-9dd6-93c7a5e2e559 req-c7babb2e-df12-4e96-9dd6-93c7a5e2e559 ] Request (ServerDiagnosticsTest:setUpClass): 201 POST http://10.180.1.21/identity/v3/auth/tokens 0.071s
2025-04-10 18:52:54.261 69917 INFO tempest.lib.common.rest_client [req-8ac7f685-36fa-49d5-be1e-4e328d008bf6 req-8ac7f685-36fa-49d5-be1e-4e328d008bf6 ] Request (ServerDiagnosticsTest:test_get_server_diagnostics): 201 POST http://10.180.1.21/identity/v3/auth/tokens 0.049s
2025-04-10 18:52:54.262 69917 INFO tempest.lib.common.fixed_network [-] (ServerDiagnosticsTest:test_get_server_diagnostics) Found network None available for tenant
2025-04-10 18:52:54.281 69915 INFO tempest.lib.common.rest_client [req-e4ed8c79-e743-485e-b2c4-d36e9ec9015d req-e4ed8c79-e743-485e-b2c4-d36e9ec9015d ] Request (FloatingIPsAssociationNegativeTestJSON:setUpClass): 200 GET http://10.180.1.21/compute/v2.1/servers/967d606a-689f-4fca-affe-6926dcf9d54a 2.179s
2025-04-10 18:52:54.330 69939 INFO tempest.lib.common.rest_client [req-7563f750-6aa2-4f32-8d97-ba9d809f7dbb req-7563f750-6aa2-4f32-8d97-ba9d809f7dbb ] Request (ImagesTestJSON:test_create_image_from_stopped_server): 200 GET http://10.180.1.21/compute/v2.1/servers/15b8735d-4cae-4c05-afe8-dab95a937448 2.129s
2025-04-10 18:52:54.338 69939 INFO tempest.common.waiters [-] State transition "BUILD/None" ==> "BUILD/networking" after 13 second wait
2025-04-10 18:52:54.383 69881 INFO tempest.lib.common.rest_client [req-62bf06d1-8922-471a-9031-6b0916408c1d req-62bf06d1-8922-471a-9031-6b0916408c1d ] Request (ServersAdminTestJSON:setUpClass): 200 PUT http://10.180.1.21:9696/networking/v2.0/routers/c2dc51a6-09ff-4aa3-8c2b-2990593fd10f/add_router_interface 2.747s
2025-04-10 18:52:54.383 69881 INFO tempest.lib.common.dynamic_creds [-] Created isolated network resources for: credentials: Credentials: {'domain_id': 'default', 'domain_name': 'Default', 'username': 'tempest-ServersAdminTestJSON-638363253-project-member', 'project_domain_id': 'default', 'project_domain_name': 'Default', 'project_id': '0b4c3383ae7a4e518523b61bbab1b0e9', 'project_name': 'tempest-ServersAdminTestJSON-638363253', 'tenant_id': '0b4c3383ae7a4e518523b61bbab1b0e9', 'tenant_name': 'tempest-ServersAdminTestJSON-638363253', 'user_domain_id': 'default', 'user_domain_name': 'Default', 'user_id': 'c864c0625cb646438354ac8c1b19bb0c', 'system': None}, Network: {'id': '9f487548-e8d5-4f41-b8cc-678727e70001', 'name': 'tempest-ServersAdminTestJSON-121964840-network', 'tenant_id': '0b4c3383ae7a4e518523b61bbab1b0e9', 'admin_state_up': True, 'mtu': 8950, 'status': 'ACTIVE', 'subnets': [], 'shared': False, 'project_id': '0b4c3383ae7a4e518523b61bbab1b0e9', 'port_security_enabled': True, 'router:external': False, 'provider:network_type': 'vlan', 'provider:physical_network': 'default', 'provider:segmentation_id': 257, 'availability_zone_hints': [], 'availability_zones': [], 'ipv4_address_scope': None, 'ipv6_address_scope': None, 'description': '', 'tags': [], 'created_at': '2025-04-10T18:52:49Z', 'updated_at': '2025-04-10T18:52:49Z', 'revision_number': 1}, Subnet: {'id': '6218b51c-bca5-45a0-bb6a-69a9c3880cbd', 'name': 'tempest-ServersAdminTestJSON-121964840-subnet', 'tenant_id': '0b4c3383ae7a4e518523b61bbab1b0e9', 'network_id': '9f487548-e8d5-4f41-b8cc-678727e70001', 'ip_version': 4, 'subnetpool_id': None, 'enable_dhcp': True, 'ipv6_ra_mode': None, 'ipv6_address_mode': None, 'gateway_ip': '192.168.128.1', 'cidr': '192.168.128.0/28', 'allocation_pools': [{'start': '192.168.128.2', 'end': '192.168.128.14'}], 'host_routes': [], 'dns_nameservers': [], 'description': '', 'router:external': False, 'service_types': [], 'tags': [], 'created_at': '2025-04-10T18:52:49Z', 'updated_at': '2025-04-10T18:52:49Z', 'revision_number': 0, 'project_id': '0b4c3383ae7a4e518523b61bbab1b0e9'}, Router: {'id': 'c2dc51a6-09ff-4aa3-8c2b-2990593fd10f', 'name': 'tempest-ServersAdminTestJSON-121964840-router', 'tenant_id': '0b4c3383ae7a4e518523b61bbab1b0e9', 'admin_state_up': True, 'status': 'ACTIVE', 'external_gateway_info': {'network_id': '36b20a26-75c0-4783-a97b-6f084099d736', 'external_fixed_ips': [{'subnet_id': 'f9731a2f-9ea8-478a-a278-7e5e9302a613', 'ip_address': '10.180.180.179'}], 'enable_snat': True}, 'description': '', 'availability_zones': [], 'distributed': False, 'ha': False, 'availability_zone_hints': [], 'routes': [], 'flavor_id': None, 'tags': [], 'created_at': '2025-04-10T18:52:49Z', 'updated_at': '2025-04-10T18:52:50Z', 'revision_number': 2, 'project_id': '0b4c3383ae7a4e518523b61bbab1b0e9'}
2025-04-10 18:52:54.400 69941 INFO tempest.lib.common.rest_client [req-8a3d72c2-8078-48c8-b5f4-4f6083ae8850 req-8a3d72c2-8078-48c8-b5f4-4f6083ae8850 ] Request (DeleteServersAdminTestJSON:test_admin_delete_servers_of_others): 200 GET http://10.180.1.21/compute/v2.1/servers/0a422bb9-c56d-4ee9-8336-8ef8b657ffd1 2.117s
2025-04-10 18:52:54.426 69931 INFO tempest.lib.common.rest_client [req-c6bfbcf0-cf1d-4a01-9924-e690c7fafea0 req-c6bfbcf0-cf1d-4a01-9924-e690c7fafea0 ] Request (ServerExternalEventsTest:test_create_server_external_events): 200 GET http://10.180.1.21/compute/v2.1/servers/49a8fb1e-749c-419a-a39a-ccec63fd157f 2.621s
2025-04-10 18:52:54.437 69931 INFO tempest.common.waiters [-] State transition "BUILD/None" ==> "BUILD/spawning" after 13 second wait
2025-04-10 18:52:54.444 69921 INFO tempest.lib.common.rest_client [req-86644ac0-d93b-44c3-95b3-1633a4ad688b req-86644ac0-d93b-44c3-95b3-1633a4ad688b ] Request (VolumesTestJSON:setUpClass): 200 GET http://10.180.1.21/compute/v2.1/os-volumes/1c7884c4-fcc3-47da-be25-3c1cc24d6a79 2.058s
2025-04-10 18:52:54.483 69881 INFO tempest.lib.common.rest_client [req-8015e05d-45fc-4ca0-8072-f7bbe4a0c012 req-8015e05d-45fc-4ca0-8072-f7bbe4a0c012 ] Request (ServersAdminTestJSON:setUpClass): 201 POST http://10.180.1.21/identity/v3/auth/tokens 0.096s
2025-04-10 18:52:54.565 69881 INFO tempest.lib.common.rest_client [req-89e17aa1-08be-4a49-9f38-76ab004267fc req-89e17aa1-08be-4a49-9f38-76ab004267fc ] Request (ServersAdminTestJSON:setUpClass): 201 POST http://10.180.1.21/identity/v3/projects 0.081s
2025-04-10 18:52:54.579 69887 INFO tempest.lib.common.rest_client [req-55b0b4ab-f068-418d-b356-e6b6c19932cf req-55b0b4ab-f068-418d-b356-e6b6c19932cf ] Request (FlavorsAccessNegativeTestJSON:test_add_flavor_access_duplicate): 200 POST http://10.180.1.21/compute/v2.1/flavors 2.119s
2025-04-10 18:52:54.637 69921 INFO tempest.lib.common.rest_client [req-8fec4db8-8f31-4ef4-a980-10f943fe073b req-8fec4db8-8f31-4ef4-a980-10f943fe073b ] Request (VolumesTestJSON:setUpClass): 202 POST http://10.180.1.21/volume/v3/volumes 0.186s
2025-04-10 18:52:54.645 69881 INFO tempest.lib.common.rest_client [req-a5e9a1e1-3988-4bc2-aa1d-19bbe52f324b req-a5e9a1e1-3988-4bc2-aa1d-19bbe52f324b ] Request (ServersAdminTestJSON:setUpClass): 201 POST http://10.180.1.21/identity/v3/users 0.080s
2025-04-10 18:52:54.675 69881 INFO tempest.lib.common.rest_client [req-1b328dd9-4fc0-482c-a2d6-3c9916aa4717 req-1b328dd9-4fc0-482c-a2d6-3c9916aa4717 ] Request (ServersAdminTestJSON:setUpClass): 200 GET http://10.180.1.21/identity/v3/roles 0.030s
2025-04-10 18:52:54.676 69935 INFO tempest.lib.common.rest_client [req-de30eede-65a9-478f-94e2-e7e1156b19a6 req-de30eede-65a9-478f-94e2-e7e1156b19a6 ] Request (VolumesAdminNegativeTest:test_update_attached_volume_with_nonexistent_volume_in_body): 200 GET http://10.180.1.21/compute/v2.1/servers/18657ead-6d4e-4d20-bf36-838ecb022f71 1.802s
2025-04-10 18:52:54.720 69881 INFO tempest.lib.common.rest_client [req-6e7a7139-9b90-46bd-90d5-56ddd00d4eea req-6e7a7139-9b90-46bd-90d5-56ddd00d4eea ] Request (ServersAdminTestJSON:setUpClass): 204 PUT http://10.180.1.21/identity/v3/projects/3c6cb71f9c654b88b58138c9d934e029/users/d27f45fb872f47a7aa583ba5ae4c2f24/roles/86788eb6290b49cdbad1af9f191b4365 0.044s
2025-04-10 18:52:54.769 69903 INFO tempest.lib.common.rest_client [req-405472c5-b720-456c-8e1d-f2759f056e90 req-405472c5-b720-456c-8e1d-f2759f056e90 ] Request (ListServerFiltersTestJSON:setUpClass): 200 GET http://10.180.1.21/compute/v2.1/servers/4051c9df-1432-426c-82a1-3063ee00aca6 1.885s
2025-04-10 18:52:54.792 69903 INFO tempest.common.waiters [-] State transition "BUILD/scheduling" ==> "BUILD/None" after 11 second wait
2025-04-10 18:52:54.827 69881 INFO tempest.lib.common.rest_client [req-c3d2fce1-5f7f-465b-a8a3-adc30f3d5f2d req-c3d2fce1-5f7f-465b-a8a3-adc30f3d5f2d ] Request (ServersAdminTestJSON:setUpClass): 200 GET http://10.180.1.21/identity/v3/roles 0.106s
2025-04-10 18:52:54.839 69921 INFO tempest.lib.common.rest_client [req-fef15290-1983-44e2-a029-19df0e56499e req-fef15290-1983-44e2-a029-19df0e56499e ] Request (VolumesTestJSON:setUpClass): 200 GET http://10.180.1.21/volume/v3/volumes/fbc22b76-8a35-4f4f-bbba-26c8827a39f5 0.191s
2025-04-10 18:52:54.872 69881 INFO tempest.lib.common.rest_client [req-5301d8a1-14d5-431a-9932-083e168efd55 req-5301d8a1-14d5-431a-9932-083e168efd55 ] Request (ServersAdminTestJSON:setUpClass): 204 PUT http://10.180.1.21/identity/v3/projects/3c6cb71f9c654b88b58138c9d934e029/users/d27f45fb872f47a7aa583ba5ae4c2f24/roles/86788eb6290b49cdbad1af9f191b4365 0.045s
2025-04-10 18:52:54.872 69881 INFO tempest.lib.common.dynamic_creds [-] Dynamic test user d27f45fb872f47a7aa583ba5ae4c2f24 is created with scope project and roles: ['admin']
2025-04-10 18:52:54.872 69881 INFO tempest.lib.common.dynamic_creds [-] Acquired dynamic creds: credentials: Credentials: {'domain_id': 'default', 'domain_name': 'Default', 'username': 'tempest-ServersAdminTestJSON-776246844-project-admin', 'project_domain_id': 'default', 'project_domain_name': 'Default', 'project_id': '3c6cb71f9c654b88b58138c9d934e029', 'project_name': 'tempest-ServersAdminTestJSON-776246844', 'tenant_id': '3c6cb71f9c654b88b58138c9d934e029', 'tenant_name': 'tempest-ServersAdminTestJSON-776246844', 'user_domain_id': 'default', 'user_domain_name': 'Default', 'user_id': 'd27f45fb872f47a7aa583ba5ae4c2f24', 'system': None}, Network: None, Subnet: None, Router: None
2025-04-10 18:52:55.055 69891 INFO tempest.lib.common.rest_client [req-a5d2a569-5cb9-451c-83dd-fbeeed2163ba req-a5d2a569-5cb9-451c-83dd-fbeeed2163ba ] Request (QuotasAdminTestV257:test_get_updated_quotas): 200 GET http://10.180.1.21/compute/v2.1/os-quota-sets/ce4e6cd1450544f59c23cac03b433264?user_id=52691747c1e345bb9de3452bff0d4165 2.138s
2025-04-10 18:52:55.138 69879 INFO tempest.lib.common.rest_client [req-8b1db032-4f55-4398-8a25-ec469ddee546 req-8b1db032-4f55-4398-8a25-ec469ddee546 ] Request (DeleteServersTestJSON:setUpClass): 200 PUT http://10.180.1.21:9696/networking/v2.0/routers/5e7fc3e7-deaf-47eb-9214-49096558aa55/add_router_interface 2.150s
2025-04-10 18:52:55.138 69879 INFO tempest.lib.common.dynamic_creds [-] Created isolated network resources for: credentials: Credentials: {'domain_id': 'default', 'domain_name': 'Default', 'username': 'tempest-DeleteServersTestJSON-1743036023-project-member', 'project_domain_id': 'default', 'project_domain_name': 'Default', 'project_id': '9907d693720e4476b39789a6b54504ab', 'project_name': 'tempest-DeleteServersTestJSON-1743036023', 'tenant_id': '9907d693720e4476b39789a6b54504ab', 'tenant_name': 'tempest-DeleteServersTestJSON-1743036023', 'user_domain_id': 'default', 'user_domain_name': 'Default', 'user_id': '9afedd70a4954ecc8fee29be6e9fb0b1', 'system': None}, Network: {'id': 'ed959fbb-e98c-45e2-95af-2fa4365ebb29', 'name': 'tempest-DeleteServersTestJSON-1891714127-network', 'tenant_id': '9907d693720e4476b39789a6b54504ab', 'admin_state_up': True, 'mtu': 8950, 'status': 'ACTIVE', 'subnets': [], 'shared': False, 'project_id': '9907d693720e4476b39789a6b54504ab', 'port_security_enabled': True, 'router:external': False, 'provider:network_type': 'vlan', 'provider:physical_network': 'default', 'provider:segmentation_id': 889, 'availability_zone_hints': [], 'availability_zones': [], 'ipv4_address_scope': None, 'ipv6_address_scope': None, 'description': '', 'tags': [], 'created_at': '2025-04-10T18:52:50Z', 'updated_at': '2025-04-10T18:52:50Z', 'revision_number': 1}, Subnet: {'id': '3fdb21eb-9dc1-4108-af72-fb575593d904', 'name': 'tempest-DeleteServersTestJSON-1891714127-subnet', 'tenant_id': '9907d693720e4476b39789a6b54504ab', 'network_id': 'ed959fbb-e98c-45e2-95af-2fa4365ebb29', 'ip_version': 4, 'subnetpool_id': None, 'enable_dhcp': True, 'ipv6_ra_mode': None, 'ipv6_address_mode': None, 'gateway_ip': '192.168.128.1', 'cidr': '192.168.128.0/28', 'allocation_pools': [{'start': '192.168.128.2', 'end': '192.168.128.14'}], 'host_routes': [], 'dns_nameservers': [], 'description': '', 'router:external': False, 'service_types': [], 'tags': [], 'created_at': '2025-04-10T18:52:50Z', 'updated_at': '2025-04-10T18:52:50Z', 'revision_number': 0, 'project_id': '9907d693720e4476b39789a6b54504ab'}, Router: {'id': '5e7fc3e7-deaf-47eb-9214-49096558aa55', 'name': 'tempest-DeleteServersTestJSON-1891714127-router', 'tenant_id': '9907d693720e4476b39789a6b54504ab', 'admin_state_up': True, 'status': 'ACTIVE', 'external_gateway_info': {'network_id': '36b20a26-75c0-4783-a97b-6f084099d736', 'external_fixed_ips': [{'subnet_id': 'f9731a2f-9ea8-478a-a278-7e5e9302a613', 'ip_address': '10.180.180.200'}], 'enable_snat': True}, 'description': '', 'availability_zones': [], 'distributed': False, 'ha': False, 'availability_zone_hints': [], 'routes': [], 'flavor_id': None, 'tags': [], 'created_at': '2025-04-10T18:52:50Z', 'updated_at': '2025-04-10T18:52:51Z', 'revision_number': 2, 'project_id': '9907d693720e4476b39789a6b54504ab'}
2025-04-10 18:52:55.153 69891 INFO tempest.lib.common.rest_client [req-a931c042-769a-40ff-93ef-b8b1e4ac9ff4 req-a931c042-769a-40ff-93ef-b8b1e4ac9ff4 ] Request (QuotasAdminTestV257:_run_cleanups): 204 DELETE http://10.180.1.21/identity/v3/users/52691747c1e345bb9de3452bff0d4165 0.096s
2025-04-10 18:52:55.153 69919 INFO tempest.lib.common.rest_client [req-fb740e83-f479-4045-90a2-99074157ba4f req-fb740e83-f479-4045-90a2-99074157ba4f ] Request (ServerAddressesTestJSON:setUpClass): 200 GET http://10.180.1.21/compute/v2.1/servers/eaed6791-6291-4e8d-a6f7-c22a8434dd09 2.068s
2025-04-10 18:52:55.248 69879 INFO tempest.lib.common.rest_client [req-29885c70-1c23-4667-925b-62087787db13 req-29885c70-1c23-4667-925b-62087787db13 ] Request (DeleteServersTestJSON:setUpClass): 201 POST http://10.180.1.21/identity/v3/auth/tokens 0.105s
2025-04-10 18:52:55.266 69891 INFO tempest.lib.common.rest_client [req-b16abfb9-8b45-4ebc-a92a-be89e8d7c0f1 req-b16abfb9-8b45-4ebc-a92a-be89e8d7c0f1 ] Request (QuotasAdminTestV257:_run_cleanups): 204 DELETE http://10.180.1.21/identity/v3/projects/ce4e6cd1450544f59c23cac03b433264 0.112s
2025-04-10 18:52:55.286 69883 INFO tempest.lib.common.rest_client [req-18381b7b-1874-409e-a5c9-47668e7697da req-18381b7b-1874-409e-a5c9-47668e7697da ] Request (FloatingIPDetailsTestJSON:setUpClass): 200 PUT http://10.180.1.21:9696/networking/v2.0/routers/7e460ffb-6d55-49ad-af2b-11fc70e8a8aa/add_router_interface 2.342s
2025-04-10 18:52:55.286 69883 INFO tempest.lib.common.dynamic_creds [-] Created isolated network resources for: credentials: Credentials: {'domain_id': 'default', 'domain_name': 'Default', 'username': 'tempest-FloatingIPDetailsTestJSON-1518049494-project-member', 'project_domain_id': 'default', 'project_domain_name': 'Default', 'project_id': 'bf72c0cd6c0b41249c93fffc2c469fbb', 'project_name': 'tempest-FloatingIPDetailsTestJSON-1518049494', 'tenant_id': 'bf72c0cd6c0b41249c93fffc2c469fbb', 'tenant_name': 'tempest-FloatingIPDetailsTestJSON-1518049494', 'user_domain_id': 'default', 'user_domain_name': 'Default', 'user_id': '741b839c8f9743e8acc8c695b3ff4576', 'system': None}, Network: {'id': '711d1279-2eeb-4fd9-a6ff-3273763999bf', 'name': 'tempest-FloatingIPDetailsTestJSON-1014432328-network', 'tenant_id': 'bf72c0cd6c0b41249c93fffc2c469fbb', 'admin_state_up': True, 'mtu': 8950, 'status': 'ACTIVE', 'subnets': [], 'shared': False, 'project_id': 'bf72c0cd6c0b41249c93fffc2c469fbb', 'port_security_enabled': True, 'router:external': False, 'provider:network_type': 'vlan', 'provider:physical_network': 'default', 'provider:segmentation_id': 207, 'availability_zone_hints': [], 'availability_zones': [], 'ipv4_address_scope': None, 'ipv6_address_scope': None, 'description': '', 'tags': [], 'created_at': '2025-04-10T18:52:50Z', 'updated_at': '2025-04-10T18:52:50Z', 'revision_number': 1}, Subnet: {'id': '70e6abd9-b689-4892-b3af-68769d2187fa', 'name': 'tempest-FloatingIPDetailsTestJSON-1014432328-subnet', 'tenant_id': 'bf72c0cd6c0b41249c93fffc2c469fbb', 'network_id': '711d1279-2eeb-4fd9-a6ff-3273763999bf', 'ip_version': 4, 'subnetpool_id': None, 'enable_dhcp': True, 'ipv6_ra_mode': None, 'ipv6_address_mode': None, 'gateway_ip': '192.168.128.1', 'cidr': '192.168.128.0/28', 'allocation_pools': [{'start': '192.168.128.2', 'end': '192.168.128.14'}], 'host_routes': [], 'dns_nameservers': [], 'description': '', 'router:external': False, 'service_types': [], 'tags': [], 'created_at': '2025-04-10T18:52:50Z', 'updated_at': '2025-04-10T18:52:50Z', 'revision_number': 0, 'project_id': 'bf72c0cd6c0b41249c93fffc2c469fbb'}, Router: {'id': '7e460ffb-6d55-49ad-af2b-11fc70e8a8aa', 'name': 'tempest-FloatingIPDetailsTestJSON-1014432328-router', 'tenant_id': 'bf72c0cd6c0b41249c93fffc2c469fbb', 'admin_state_up': True, 'status': 'ACTIVE', 'external_gateway_info': {'network_id': '36b20a26-75c0-4783-a97b-6f084099d736', 'external_fixed_ips': [{'subnet_id': 'f9731a2f-9ea8-478a-a278-7e5e9302a613', 'ip_address': '10.180.180.242'}], 'enable_snat': True}, 'description': '', 'availability_zones': [], 'distributed': False, 'ha': False, 'availability_zone_hints': [], 'routes': [], 'flavor_id': None, 'tags': [], 'created_at': '2025-04-10T18:52:50Z', 'updated_at': '2025-04-10T18:52:51Z', 'revision_number': 2, 'project_id': 'bf72c0cd6c0b41249c93fffc2c469fbb'}
2025-04-10 18:52:55.336 69879 INFO tempest.lib.common.rest_client [req-824fcb9b-2813-43ed-9fcc-517be6a9b861 req-824fcb9b-2813-43ed-9fcc-517be6a9b861 ] Request (DeleteServersTestJSON:test_delete_active_server): 201 POST http://10.180.1.21/identity/v3/auth/tokens 0.082s
2025-04-10 18:52:55.336 69879 INFO tempest.lib.common.fixed_network [-] (DeleteServersTestJSON:test_delete_active_server) Found network {'id': 'ed959fbb-e98c-45e2-95af-2fa4365ebb29', 'name': 'tempest-DeleteServersTestJSON-1891714127-network', 'tenant_id': '9907d693720e4476b39789a6b54504ab', 'admin_state_up': True, 'mtu': 8950, 'status': 'ACTIVE', 'subnets': [], 'shared': False, 'project_id': '9907d693720e4476b39789a6b54504ab', 'port_security_enabled': True, 'router:external': False, 'provider:network_type': 'vlan', 'provider:physical_network': 'default', 'provider:segmentation_id': 889, 'availability_zone_hints': [], 'availability_zones': [], 'ipv4_address_scope': None, 'ipv6_address_scope': None, 'description': '', 'tags': [], 'created_at': '2025-04-10T18:52:50Z', 'updated_at': '2025-04-10T18:52:50Z', 'revision_number': 1} available for tenant
2025-04-10 18:52:55.348 69881 INFO tempest.lib.common.rest_client [req-ebe2344f-f11d-44d9-9938-78815a3bd156 req-ebe2344f-f11d-44d9-9938-78815a3bd156 ] Request (ServersAdminTestJSON:setUpClass): 201 POST http://10.180.1.21:9696/networking/v2.0/networks 0.476s
2025-04-10 18:52:55.404 69891 INFO tempest.lib.common.rest_client [req-24077463-2c03-44fd-bbe3-03e88df2567c req-24077463-2c03-44fd-bbe3-03e88df2567c ] Request (QuotasAdminTestV257:tearDownClass): 204 DELETE http://10.180.1.21/identity/v3/users/c3fec8e6d16a468da2866c10e508cde4 0.130s
2025-04-10 18:52:55.419 69929 INFO tempest.lib.common.rest_client [req-0dd17c0d-c36b-410f-9c02-4748376189f0 req-0dd17c0d-c36b-410f-9c02-4748376189f0 ] Request (ImagesNegativeTestJSON:test_create_image_from_deleted_server): 200 GET http://10.180.1.21/compute/v2.1/servers/ca36222c-9587-4119-b418-6ecf4532d4b6 2.168s
2025-04-10 18:52:55.429 69929 INFO tempest.common.waiters [-] State transition "BUILD/spawning" ==> "ACTIVE/None" after 16 second wait
2025-04-10 18:52:55.440 69883 INFO tempest.lib.common.rest_client [req-91549a2c-b336-4bd8-ad43-9ca96e5d14f2 req-91549a2c-b336-4bd8-ad43-9ca96e5d14f2 ] Request (FloatingIPDetailsTestJSON:setUpClass): 201 POST http://10.180.1.21/identity/v3/auth/tokens 0.148s
2025-04-10 18:52:55.519 69891 INFO tempest.lib.common.rest_client [req-8bb90931-0b20-461e-87ad-efa0e6afa5e6 req-8bb90931-0b20-461e-87ad-efa0e6afa5e6 ] Request (QuotasAdminTestV257:tearDownClass): 204 DELETE http://10.180.1.21/identity/v3/users/81fde13d1fa74548865ea75a51ecc88c 0.114s
2025-04-10 18:52:55.520 69891 INFO tempest.lib.common.dynamic_creds [-] Deleting project and security group for project: fe6dda85e56440ef890417f7987c440c
2025-04-10 18:52:55.593 69891 INFO tempest.lib.common.rest_client [req-39360ea0-9133-4a3d-98bb-d7539cf1264c req-39360ea0-9133-4a3d-98bb-d7539cf1264c ] Request (QuotasAdminTestV257:tearDownClass): 201 POST http://10.180.1.21/identity/v3/auth/tokens 0.070s
2025-04-10 18:52:55.768 69891 INFO tempest.lib.common.rest_client [req-7d227091-2d96-4d30-b9a9-f5529859fb2e req-7d227091-2d96-4d30-b9a9-f5529859fb2e ] Request (QuotasAdminTestV257:tearDownClass): 200 GET http://10.180.1.21:9696/networking/v2.0/security-groups?tenant_id=fe6dda85e56440ef890417f7987c440c&name=default 0.174s
2025-04-10 18:52:55.831 69923 INFO tempest.lib.common.rest_client [req-908c6338-6872-4aab-b253-91de3011aefe req-908c6338-6872-4aab-b253-91de3011aefe ] Request (VolumesGetTestJSON:test_volume_create_get_delete): 200 POST http://10.180.1.21/compute/v2.1/os-volumes 2.462s
2025-04-10 18:52:55.898 69921 INFO tempest.lib.common.rest_client [req-11005046-b6f5-4538-bd98-1d6efa83981c req-11005046-b6f5-4538-bd98-1d6efa83981c ] Request (VolumesTestJSON:setUpClass): 200 GET http://10.180.1.21/volume/v3/volumes/fbc22b76-8a35-4f4f-bbba-26c8827a39f5 0.044s
2025-04-10 18:52:55.904 69881 INFO tempest.lib.common.rest_client [req-fa8b360c-3739-40fd-b7d2-72152d9926d2 req-fa8b360c-3739-40fd-b7d2-72152d9926d2 ] Request (ServersAdminTestJSON:setUpClass): 201 POST http://10.180.1.21:9696/networking/v2.0/subnets 0.555s
2025-04-10 18:52:55.905 69921 INFO tempest.common.waiters [-] volume fbc22b76-8a35-4f4f-bbba-26c8827a39f5 reached available after waiting for 1.905027 seconds
2025-04-10 18:52:55.926 69891 INFO tempest.lib.common.rest_client [req-7e542787-c11c-4df1-bc97-13c0cf263401 req-7e542787-c11c-4df1-bc97-13c0cf263401 ] Request (QuotasAdminTestV257:tearDownClass): 204 DELETE http://10.180.1.21:9696/networking/v2.0/security-groups/5a2f81cc-3deb-453f-8341-4e6e031d42fa 0.158s
2025-04-10 18:52:55.957 69911 INFO tempest.lib.common.rest_client [req-a1b12185-8084-4f03-89b7-548767924aa1 req-a1b12185-8084-4f03-89b7-548767924aa1 ] Request (ServersAaction247Test:test_create_backup): 200 GET http://10.180.1.21/compute/v2.1/servers/e94942e0-b29d-4b9f-8606-999242b38b24 2.560s
2025-04-10 18:52:56.073 69891 INFO tempest.lib.common.rest_client [req-8348d167-5c90-4951-8558-34db62067f73 req-8348d167-5c90-4951-8558-34db62067f73 ] Request (QuotasAdminTestV257:tearDownClass): 204 DELETE http://10.180.1.21/identity/v3/projects/fe6dda85e56440ef890417f7987c440c 0.145s
2025-04-10 18:52:56.073 69891 INFO tempest.lib.common.dynamic_creds [-] Deleting project and security group for project: 8e330bc79a614f548545a1cbbe7b7f3f
2025-04-10 18:52:56.231 69891 INFO tempest.lib.common.rest_client [req-34a40e54-940f-4738-8980-bc05d834d65b req-34a40e54-940f-4738-8980-bc05d834d65b ] Request (QuotasAdminTestV257:tearDownClass): 200 GET http://10.180.1.21:9696/networking/v2.0/security-groups?tenant_id=8e330bc79a614f548545a1cbbe7b7f3f&name=default 0.158s
2025-04-10 18:52:56.351 69891 INFO tempest.lib.common.rest_client [req-91669735-61a3-47cd-9218-98cf4f0c7465 req-91669735-61a3-47cd-9218-98cf4f0c7465 ] Request (QuotasAdminTestV257:tearDownClass): 204 DELETE http://10.180.1.21:9696/networking/v2.0/security-groups/9958cb14-a767-4960-af41-ef3c8a4ac505 0.119s
2025-04-10 18:52:56.419 69927 INFO tempest.lib.common.rest_client [req-cb6b9d41-5dc3-4b80-9b1f-073f47d37c45 req-cb6b9d41-5dc3-4b80-9b1f-073f47d37c45 ] Request (VolumesAssistedSnapshotsTest:test_volume_assisted_snapshot_create_delete): 202 POST http://10.180.1.21/compute/v2.1/servers 2.857s
2025-04-10 18:52:56.445 69891 INFO tempest.lib.common.rest_client [req-2dde2644-891d-4fff-819e-a47b7c22cbb9 req-2dde2644-891d-4fff-819e-a47b7c22cbb9 ] Request (QuotasAdminTestV257:tearDownClass): 204 DELETE http://10.180.1.21/identity/v3/projects/8e330bc79a614f548545a1cbbe7b7f3f 0.093s
2025-04-10 18:52:56.455 69893 INFO tempest.lib.common.rest_client [req-b80ee077-1c0e-4afb-ac49-ce33fef46ee3 req-b80ee077-1c0e-4afb-ac49-ce33fef46ee3 ] Request (KeyPairsV210TestJSON:test_admin_manage_keypairs_for_other_users): 201 POST http://10.180.1.21/compute/v2.1/os-keypairs 2.884s
2025-04-10 18:52:56.512 69906 INFO tempest.lib.common.rest_client [req-aedd89a7-5544-4dcb-8155-748d31eba768 req-aedd89a7-5544-4dcb-8155-748d31eba768 ] Request (MigrationsAdminTest:test_list_migrations_in_flavor_resize_situation): 200 GET http://10.180.1.21/compute/v2.1/servers/e2a67fde-2447-4689-ba52-73fe5dabdbd6 2.816s
2025-04-10 18:52:56.532 69891 INFO tempest.lib.common.rest_client [req-ae42ac2b-0501-4730-8498-f2cd17a39855 req-ae42ac2b-0501-4730-8498-f2cd17a39855 ] Request (FlavorsV2NegativeTest:setUpClass): 201 POST http://10.180.1.21/identity/v3/auth/tokens 0.085s
2025-04-10 18:52:56.567 69891 INFO tempest.lib.common.rest_client [req-c2ef1688-667e-4e50-94c8-a4183b14c31e req-c2ef1688-667e-4e50-94c8-a4183b14c31e ] Request (FlavorsV2NegativeTest:setUpClass): 201 POST http://10.180.1.21/identity/v3/auth/tokens 0.033s
2025-04-10 18:52:56.594 69891 INFO tempest.lib.common.rest_client [req-a3ed6c20-e3a7-4dda-b341-7c8d6aaddad6 req-a3ed6c20-e3a7-4dda-b341-7c8d6aaddad6 ] Request (FlavorsV2NegativeTest:setUpClass): 200 GET http://10.180.1.21/identity/v3/domains?name=Default 0.026s
2025-04-10 18:52:56.623 69891 INFO tempest.lib.common.rest_client [req-77100e69-9e87-4f4a-8097-20353b32f276 req-77100e69-9e87-4f4a-8097-20353b32f276 ] Request (FlavorsV2NegativeTest:setUpClass): 201 POST http://10.180.1.21/identity/v3/projects 0.029s
2025-04-10 18:52:56.623 69901 INFO tempest.lib.common.rest_client [req-63c0fd83-ee75-44a4-bbda-8f575e2a8b2b req-63c0fd83-ee75-44a4-bbda-8f575e2a8b2b ] Request (InstanceUsageAuditLogNegativeTestJSON:test_instance_usage_audit_logs_with_nonadmin_user): 403 GET http://10.180.1.21/compute/v2.1/os-instance_usage_audit_log 2.689s
2025-04-10 18:52:56.695 69891 INFO tempest.lib.common.rest_client [req-93e4cb35-13fb-4391-b705-41e94452f690 req-93e4cb35-13fb-4391-b705-41e94452f690 ] Request (FlavorsV2NegativeTest:setUpClass): 201 POST http://10.180.1.21/identity/v3/users 0.071s
2025-04-10 18:52:56.727 69891 INFO tempest.lib.common.rest_client [req-1bf9288a-792d-47ad-b328-9fb2f5fc784d req-1bf9288a-792d-47ad-b328-9fb2f5fc784d ] Request (FlavorsV2NegativeTest:setUpClass): 200 GET http://10.180.1.21/identity/v3/roles 0.031s
2025-04-10 18:52:56.771 69907 INFO tempest.lib.common.rest_client [req-d9540160-4846-4bc2-ab06-4a031493b68b req-d9540160-4846-4bc2-ab06-4a031493b68b ] Request (ServerDiagnosticsNegativeTest:tearDownClass): 204 DELETE http://10.180.1.21/compute/v2.1/servers/745639f9-9939-4154-8799-e43b50fdea0f 2.706s
2025-04-10 18:52:56.775 69891 INFO tempest.lib.common.rest_client [req-ecc75c6a-d15f-49c3-9c2b-f70fa0b7c2ab req-ecc75c6a-d15f-49c3-9c2b-f70fa0b7c2ab ] Request (FlavorsV2NegativeTest:setUpClass): 204 PUT http://10.180.1.21/identity/v3/projects/6323f52bae034e0f91e616dcc32a5c20/users/0b874ad992b34ca0a2fa1a19fbcc1c4c/roles/181822b11d6e443b865727d2d1c8303a 0.048s
2025-04-10 18:52:56.776 69891 INFO tempest.lib.common.dynamic_creds [-] Dynamic test user 0b874ad992b34ca0a2fa1a19fbcc1c4c is created with scope project and roles: ['member']
2025-04-10 18:52:56.776 69891 INFO tempest.lib.common.dynamic_creds [-] Acquired dynamic creds: credentials: Credentials: {'domain_id': 'default', 'domain_name': 'Default', 'username': 'tempest-FlavorsV2NegativeTest-780551007-project-member', 'project_domain_id': 'default', 'project_domain_name': 'Default', 'project_id': '6323f52bae034e0f91e616dcc32a5c20', 'project_name': 'tempest-FlavorsV2NegativeTest-780551007', 'tenant_id': '6323f52bae034e0f91e616dcc32a5c20', 'tenant_name': 'tempest-FlavorsV2NegativeTest-780551007', 'user_domain_id': 'default', 'user_domain_name': 'Default', 'user_id': '0b874ad992b34ca0a2fa1a19fbcc1c4c', 'system': None}, Network: None, Subnet: None, Router: None
2025-04-10 18:52:56.776 69891 INFO tempest.lib.common.dynamic_creds [-] Created isolated network resources for: credentials: Credentials: {'domain_id': 'default', 'domain_name': 'Default', 'username': 'tempest-FlavorsV2NegativeTest-780551007-project-member', 'project_domain_id': 'default', 'project_domain_name': 'Default', 'project_id': '6323f52bae034e0f91e616dcc32a5c20', 'project_name': 'tempest-FlavorsV2NegativeTest-780551007', 'tenant_id': '6323f52bae034e0f91e616dcc32a5c20', 'tenant_name': 'tempest-FlavorsV2NegativeTest-780551007', 'user_domain_id': 'default', 'user_domain_name': 'Default', 'user_id': '0b874ad992b34ca0a2fa1a19fbcc1c4c', 'system': None}, Network: None, Subnet: None, Router: None
2025-04-10 18:52:56.776 69885 INFO tempest.lib.common.rest_client [req-6d5b8ff1-5c53-4bff-82a4-d39a8a17cbb2 req-6d5b8ff1-5c53-4bff-82a4-d39a8a17cbb2 ] Request (AggregatesAdminNegativeTestJSON:test_aggregate_delete_as_user): 403 DELETE http://10.180.1.21/compute/v2.1/os-aggregates/5 2.688s
2025-04-10 18:52:56.790 69898 INFO tempest.lib.common.rest_client [req-4e16bc00-bc57-435e-9a36-766cd337a2e9 req-4e16bc00-bc57-435e-9a36-766cd337a2e9 ] Request (FlavorsAdminTestJSON:test_create_list_flavor_without_extra_data): 200 GET http://10.180.1.21/compute/v2.1/flavors/1360237964 2.692s
2025-04-10 18:52:56.864 69933 INFO tempest.lib.common.rest_client [req-5b3f6e70-d10c-4fd6-af62-26ebbd624e3a req-5b3f6e70-d10c-4fd6-af62-26ebbd624e3a ] Request (ServersWithSpecificFlavorTestJSON:test_verify_created_server_ephemeral_disk): 200 GET http://10.180.1.21/compute/v2.1/servers/83633019-2ee3-48a5-a578-abb6d1b34fe7 2.617s
2025-04-10 18:52:56.870 69891 INFO tempest.lib.common.rest_client [req-e8a8f9c6-3922-4a82-b10d-c7c1b0e22c17 req-e8a8f9c6-3922-4a82-b10d-c7c1b0e22c17 ] Request (FlavorsV2NegativeTest:setUpClass): 201 POST http://10.180.1.21/identity/v3/auth/tokens 0.090s
2025-04-10 18:52:57.211 69917 INFO tempest.lib.common.rest_client [req-ea7bc491-d7e2-4e2b-b395-d45cc51cef4c req-ea7bc491-d7e2-4e2b-b395-d45cc51cef4c ] Request (ServerDiagnosticsTest:test_get_server_diagnostics): 202 POST http://10.180.1.21/compute/v2.1/servers 2.948s
2025-04-10 18:52:57.321 69887 INFO tempest.lib.common.rest_client [req-655e7dcd-7ce2-42ed-8acd-abc2f9857f7a req-655e7dcd-7ce2-42ed-8acd-abc2f9857f7a ] Request (FlavorsAccessNegativeTestJSON:test_add_flavor_access_duplicate): 200 POST http://10.180.1.21/compute/v2.1/flavors/173532790/action 2.739s
2025-04-10 18:52:57.438 69937 INFO tempest.lib.common.rest_client [req-9b95f4f5-eaae-4ac7-8052-e99f055b14c3 req-9b95f4f5-eaae-4ac7-8052-e99f055b14c3 ] Request (ServersV294TestFqdnHostnames:setUpClass): 200 GET http://10.180.1.21/compute/v2.1/servers/0ff9570f-64ff-47ef-a407-6b0f1f54ddb9 2.664s
2025-04-10 18:52:57.450 69937 INFO tempest.common.waiters [-] State transition "BUILD/spawning" ==> "ACTIVE/None" after 17 second wait
2025-04-10 18:52:57.578 69899 INFO tempest.lib.common.rest_client [req-58b9eaa5-fe4a-41ec-9851-f681ed343fb9 req-58b9eaa5-fe4a-41ec-9851-f681ed343fb9 ] Request (ServersAdminNegativeTestJSON:setUpClass): 200 GET http://10.180.1.21/compute/v2.1/servers/e26fb71a-b6dc-44bf-9e46-26801a267235 2.567s
2025-04-10 18:52:57.634 69913 INFO tempest.lib.common.rest_client [req-f4c2bf87-1068-4073-95eb-39b246d28658 req-f4c2bf87-1068-4073-95eb-39b246d28658 ] Request (ServerDiagnosticsV248Test:test_get_server_diagnostics): 200 GET http://10.180.1.21/compute/v2.1/servers/f3b8ab24-3f49-4af8-ab8f-2360fb111d12 2.553s
2025-04-10 18:52:57.701 69889 INFO tempest.lib.common.rest_client [req-08a3735f-9903-49ef-a1ff-be75e10744cf req-08a3735f-9903-49ef-a1ff-be75e10744cf ] Request (SecurityGroupsTestAdminJSON:test_list_security_groups_list_all_tenants_filter): 200 GET http://10.180.1.21/compute/v2.1/os-security-groups?all_tenants=true 5.091s
