2025-04-10 18:54:49.124 69899 INFO tempest.lib.common.rest_client [req-0cf5467c-ae82-4666-b97e-2d44f01b7706 req-0cf5467c-ae82-4666-b97e-2d44f01b7706 ] Request (ServersAdminNegativeTestJSON:tearDownClass): 200 GET http://10.180.1.21/compute/v2.1/servers/58aa726b-1551-4aad-9aac-adafc6dfdef0 0.067s
2025-04-10 18:54:49.187 69925 INFO tempest.lib.common.rest_client [req-7be115d0-707d-4e29-9652-ea34383cada8 req-7be115d0-707d-4e29-9652-ea34383cada8 ] Request (AttachInterfacesV270Test:tearDownClass): 200 GET http://10.180.1.21/compute/v2.1/servers/2a6c1ac6-0b2d-4e5d-bf0e-3e993fcda556 0.064s
2025-04-10 18:54:49.244 69903 INFO tempest.lib.common.rest_client [req-5d559b78-096d-4663-be34-c44e15968d56 req-5d559b78-096d-4663-be34-c44e15968d56 ] Request (ListServerFiltersTestJSON:tearDownClass): 200 GET http://10.180.1.21/compute/v2.1/servers/924afcff-8a47-448b-af63-4a6741e8231f 0.066s
2025-04-10 18:54:49.265 69906 INFO tempest.lib.common.rest_client [req-9a78f8f8-ba61-4c66-809b-b4bce800adea req-9a78f8f8-ba61-4c66-809b-b4bce800adea ] Request (MigrationsAdminTest:test_resize_server_revert_deleted_flavor): 200 GET http://10.180.1.21/compute/v2.1/servers/1e4f952e-967e-40f2-b8ee-7c5d65cca843 0.050s
2025-04-10 18:54:49.272 69906 INFO tempest.common.waiters [-] State transition "BUILD/scheduling" ==> "BUILD/None" after 11 second wait
2025-04-10 18:54:49.309 69929 INFO tempest.lib.common.rest_client [req-0cf031e2-c6a0-465c-9c3c-90072cd936da req-0cf031e2-c6a0-465c-9c3c-90072cd936da ] Request (InstanceActionsV221TestJSON:test_get_list_deleted_instance_actions): 200 GET http://10.180.1.21/compute/v2.1/servers/cf59c9f3-ffa6-4ca0-b78a-94891a0d6797 0.064s
2025-04-10 18:54:49.331 69917 INFO tempest.lib.common.rest_client [req-6e5b17a9-e9ea-446d-a989-7df81d4f296e req-6e5b17a9-e9ea-446d-a989-7df81d4f296e ] Request (ServersTestManualDisk:setUpClass): 200 GET http://10.180.1.21/compute/v2.1/servers/ff8c6b80-405a-422a-b7d1-db785ce81cad 0.054s
2025-04-10 18:54:49.362 69881 INFO tempest.lib.common.rest_client [req-fd129b69-e07b-441d-9ab7-127422ff0c34 req-fd129b69-e07b-441d-9ab7-127422ff0c34 ] Request (ServersAdminTestJSON:test_create_server_with_scheduling_hint): 200 GET http://10.180.1.21/compute/v2.1/servers/4a8c13e8-519f-4bfb-a095-e68adc8a3c78 0.073s
2025-04-10 18:54:49.413 69887 INFO tempest.lib.common.rest_client [req-af7801fc-b5e6-423f-a079-220671c62d72 req-af7801fc-b5e6-423f-a079-220671c62d72 ] Request (InstanceActionsTestJSON:tearDownClass): 200 GET http://10.180.1.21/compute/v2.1/servers/bcdc4882-15de-4d78-96ce-9c4da44a8492 0.064s
2025-04-10 18:54:49.420 69885 INFO tempest.lib.common.rest_client [req-29ea5d08-498f-494b-840a-7096eed31c55 req-29ea5d08-498f-494b-840a-7096eed31c55 ] Request (ServersAdmin275Test:_run_cleanups): 200 GET http://10.180.1.21/compute/v2.1/servers/f6cd5766-57fd-431a-a86f-b77c125a4a25 0.060s
2025-04-10 18:54:49.445 69939 INFO tempest.lib.common.rest_client [req-3dfe189e-24a8-4770-a24c-fd1c8270a721 req-3dfe189e-24a8-4770-a24c-fd1c8270a721 ] Request (ImagesTestJSON:test_create_image_from_suspended_server): 200 GET http://10.180.1.21/compute/v2.1/images/bebbd411-067e-4041-b3eb-df61b4213f32 0.071s
2025-04-10 18:54:49.490 69891 INFO tempest.lib.common.rest_client [req-8a05e9a4-146a-4115-afcc-8c74ca3dc22c req-8a05e9a4-146a-4115-afcc-8c74ca3dc22c ] Request (FloatingIPsAssociationTestJSON:test_associate_already_associated_floating_ip): 200 GET http://10.180.1.21/compute/v2.1/servers/41f5dbe2-486a-4c8f-ad59-0ab702e502ff 0.059s
2025-04-10 18:54:49.542 69879 INFO tempest.lib.common.rest_client [req-93f7f5ea-14d1-4dba-b2d0-d9b753f2158e req-93f7f5ea-14d1-4dba-b2d0-d9b753f2158e ] Request (DeleteServersTestJSON:test_delete_server_while_in_attached_volume): 200 GET http://10.180.1.21/compute/v2.1/servers/11493be3-6237-456e-a4d9-921223b7d66d 0.065s
2025-04-10 18:54:49.616 69915 INFO tempest.lib.common.rest_client [req-248710e6-63ab-4ee3-b08c-4369fc2a6b4d req-248710e6-63ab-4ee3-b08c-4369fc2a6b4d ] Request (InstanceActionsNegativeTestJSON:setUpClass): 200 GET http://10.180.1.21/compute/v2.1/servers/84ce5421-9dcf-43c1-af2f-a6c2e81bcaeb 0.090s
2025-04-10 18:54:49.630 69931 INFO tempest.lib.common.rest_client [req-e02105f4-0718-4afa-a0c9-54d9ae41784d req-e02105f4-0718-4afa-a0c9-54d9ae41784d ] Request (ServersTestMultiNic:test_verify_duplicate_network_nics): 200 GET http://10.180.1.21/compute/v2.1/servers/6855e232-1993-4ee0-ba0b-389c414c0c35 0.068s
2025-04-10 18:54:49.920 69941 INFO tempest.lib.common.rest_client [req-12e0b9a7-f0ae-404a-a72e-778858ac8691 req-12e0b9a7-f0ae-404a-a72e-778858ac8691 ] Request (DeleteServersAdminTestJSON:test_delete_server_while_in_error_state): 200 GET http://10.180.1.21/compute/v2.1/servers/83604800-4d38-4f37-82c8-926cd5040050 0.166s
2025-04-10 18:54:49.976 69895 INFO tempest.lib.common.rest_client [req-1c71697a-f900-4ef9-aa2b-498cb32117e4 req-1c71697a-f900-4ef9-aa2b-498cb32117e4 ] Request (ServerAddressesNegativeTestJSON:setUpClass): 200 GET http://10.180.1.21/compute/v2.1/servers/67d3af1b-dc99-458b-b991-b4ecbe2c279c 0.125s
2025-04-10 18:54:50.026 69898 INFO tempest.lib.common.rest_client [req-6fb37916-cb41-4163-ba0b-10b50aa266a4 req-6fb37916-cb41-4163-ba0b-10b50aa266a4 ] Request (AttachInterfacesUnderV243Test:test_add_remove_fixed_ip): 200 GET http://10.180.1.21/compute/v2.1/servers/ef0f2679-9458-4e54-a8a6-912495ac571a 0.090s
2025-04-10 18:54:50.028 69883 INFO tempest.lib.common.rest_client [req-8641d373-7d41-49e8-9613-5016cca9b07a req-8641d373-7d41-49e8-9613-5016cca9b07a ] Request (ImagesOneServerTestJSON:tearDownClass): 200 GET http://10.180.1.21/compute/v2.1/servers/2c2f8e89-9a01-46e1-ab53-3c80c1bff111 0.060s
2025-04-10 18:54:50.074 69889 INFO tempest.lib.common.rest_client [req-fbda1108-268c-48ce-998f-2adbbb2c0d3d req-fbda1108-268c-48ce-998f-2adbbb2c0d3d ] Request (ServersNegativeTestJSON:setUpClass): 200 GET http://10.180.1.21/compute/v2.1/servers/a95b4fe6-0f57-4a90-9126-9479597a72f9 0.104s
2025-04-10 18:54:50.188 69899 INFO tempest.lib.common.rest_client [req-758cdd73-bd6f-4d1d-8df8-88e1cce22c3a req-758cdd73-bd6f-4d1d-8df8-88e1cce22c3a ] Request (ServersAdminNegativeTestJSON:tearDownClass): 200 GET http://10.180.1.21/compute/v2.1/servers/58aa726b-1551-4aad-9aac-adafc6dfdef0 0.056s
2025-04-10 18:54:50.270 69925 INFO tempest.lib.common.rest_client [req-9457d717-7bee-4b92-b209-4441004954bc req-9457d717-7bee-4b92-b209-4441004954bc ] Request (AttachInterfacesV270Test:tearDownClass): 200 GET http://10.180.1.21/compute/v2.1/servers/2a6c1ac6-0b2d-4e5d-bf0e-3e993fcda556 0.071s
2025-04-10 18:54:50.317 69903 INFO tempest.lib.common.rest_client [req-bbbd396a-b66d-4d95-8b39-1ef2314b0524 req-bbbd396a-b66d-4d95-8b39-1ef2314b0524 ] Request (ListServerFiltersTestJSON:tearDownClass): 200 GET http://10.180.1.21/compute/v2.1/servers/924afcff-8a47-448b-af63-4a6741e8231f 0.063s
2025-04-10 18:54:50.331 69906 INFO tempest.lib.common.rest_client [req-26342cbc-a9d5-41ab-b7b2-a1c31a5ae358 req-26342cbc-a9d5-41ab-b7b2-a1c31a5ae358 ] Request (MigrationsAdminTest:test_resize_server_revert_deleted_flavor): 200 GET http://10.180.1.21/compute/v2.1/servers/1e4f952e-967e-40f2-b8ee-7c5d65cca843 0.058s
2025-04-10 18:54:50.373 69929 INFO tempest.lib.common.rest_client [req-706aac99-e41c-45cc-aa12-3ce5c1abb00f req-706aac99-e41c-45cc-aa12-3ce5c1abb00f ] Request (InstanceActionsV221TestJSON:test_get_list_deleted_instance_actions): 200 GET http://10.180.1.21/compute/v2.1/servers/cf59c9f3-ffa6-4ca0-b78a-94891a0d6797 0.055s
2025-04-10 18:54:50.402 69917 INFO tempest.lib.common.rest_client [req-f7442ede-ad5d-477d-a800-e2b1e518732a req-f7442ede-ad5d-477d-a800-e2b1e518732a ] Request (ServersTestManualDisk:setUpClass): 200 GET http://10.180.1.21/compute/v2.1/servers/ff8c6b80-405a-422a-b7d1-db785ce81cad 0.061s
2025-04-10 18:54:50.418 69881 INFO tempest.lib.common.rest_client [req-72114266-6e56-4044-be85-6b376d41c52a req-72114266-6e56-4044-be85-6b376d41c52a ] Request (ServersAdminTestJSON:test_create_server_with_scheduling_hint): 200 GET http://10.180.1.21/compute/v2.1/servers/4a8c13e8-519f-4bfb-a095-e68adc8a3c78 0.047s
2025-04-10 18:54:50.495 69887 INFO tempest.lib.common.rest_client [req-ec6e0849-9c92-4b92-ad34-574ee3da37e5 req-ec6e0849-9c92-4b92-ad34-574ee3da37e5 ] Request (InstanceActionsTestJSON:tearDownClass): 200 GET http://10.180.1.21/compute/v2.1/servers/bcdc4882-15de-4d78-96ce-9c4da44a8492 0.072s
2025-04-10 18:54:50.522 69885 INFO tempest.lib.common.rest_client [req-7eebf3df-a1e2-4a13-906c-b0872351088e req-7eebf3df-a1e2-4a13-906c-b0872351088e ] Request (ServersAdmin275Test:_run_cleanups): 200 GET http://10.180.1.21/compute/v2.1/servers/f6cd5766-57fd-431a-a86f-b77c125a4a25 0.089s
2025-04-10 18:54:50.542 69939 INFO tempest.lib.common.rest_client [req-18fc5e9a-24a0-41ff-b9e7-dfdd1a61f1cb req-18fc5e9a-24a0-41ff-b9e7-dfdd1a61f1cb ] Request (ImagesTestJSON:test_create_image_from_suspended_server): 200 GET http://10.180.1.21/compute/v2.1/images/bebbd411-067e-4041-b3eb-df61b4213f32 0.092s
2025-04-10 18:54:50.576 69891 INFO tempest.lib.common.rest_client [req-7d36a75e-8210-4121-b403-90074e66b928 req-7d36a75e-8210-4121-b403-90074e66b928 ] Request (FloatingIPsAssociationTestJSON:test_associate_already_associated_floating_ip): 200 GET http://10.180.1.21/compute/v2.1/servers/41f5dbe2-486a-4c8f-ad59-0ab702e502ff 0.076s
2025-04-10 18:54:50.620 69879 INFO tempest.lib.common.rest_client [req-10b67e3e-71ba-478f-b5c1-e83e6d84adfb req-10b67e3e-71ba-478f-b5c1-e83e6d84adfb ] Request (DeleteServersTestJSON:test_delete_server_while_in_attached_volume): 200 GET http://10.180.1.21/compute/v2.1/servers/11493be3-6237-456e-a4d9-921223b7d66d 0.064s
2025-04-10 18:54:50.676 69915 INFO tempest.lib.common.rest_client [req-45a99d03-791a-41ce-afb7-4a5afe6f1254 req-45a99d03-791a-41ce-afb7-4a5afe6f1254 ] Request (InstanceActionsNegativeTestJSON:setUpClass): 200 GET http://10.180.1.21/compute/v2.1/servers/84ce5421-9dcf-43c1-af2f-a6c2e81bcaeb 0.052s
2025-04-10 18:54:50.778 69931 INFO tempest.lib.common.rest_client [req-851bd7af-4dd3-4330-8a4e-f78dcaa45830 req-851bd7af-4dd3-4330-8a4e-f78dcaa45830 ] Request (ServersTestMultiNic:test_verify_duplicate_network_nics): 200 GET http://10.180.1.21/compute/v2.1/servers/6855e232-1993-4ee0-ba0b-389c414c0c35 0.140s
2025-04-10 18:54:50.786 69931 INFO tempest.common.waiters [-] State transition "BUILD/None" ==> "BUILD/networking" after 54 second wait
2025-04-10 18:54:51.089 69941 INFO tempest.lib.common.rest_client [req-9406b8a8-31e4-4316-bc88-37ae3b5767a4 req-9406b8a8-31e4-4316-bc88-37ae3b5767a4 ] Request (DeleteServersAdminTestJSON:test_delete_server_while_in_error_state): 200 GET http://10.180.1.21/compute/v2.1/servers/83604800-4d38-4f37-82c8-926cd5040050 0.157s
2025-04-10 18:54:51.105 69941 INFO tempest.common.waiters [-] State transition "BUILD/spawning" ==> "ACTIVE/None" after 64 second wait
2025-04-10 18:54:51.160 69895 INFO tempest.lib.common.rest_client [req-7c72429c-37cc-48eb-a6a1-86acfdebff38 req-7c72429c-37cc-48eb-a6a1-86acfdebff38 ] Request (ServerAddressesNegativeTestJSON:setUpClass): 200 GET http://10.180.1.21/compute/v2.1/servers/67d3af1b-dc99-458b-b991-b4ecbe2c279c 0.176s
2025-04-10 18:54:51.181 69898 INFO tempest.lib.common.rest_client [req-ed02d7a4-4479-40b0-870d-1fb0bae98ac0 req-ed02d7a4-4479-40b0-870d-1fb0bae98ac0 ] Request (AttachInterfacesUnderV243Test:test_add_remove_fixed_ip): 200 GET http://10.180.1.21/compute/v2.1/servers/ef0f2679-9458-4e54-a8a6-912495ac571a 0.147s
2025-04-10 18:54:51.215 69883 INFO tempest.lib.common.rest_client [req-c8e8f368-fbe4-4fb6-97a7-dd9e433f850d req-c8e8f368-fbe4-4fb6-97a7-dd9e433f850d ] Request (ImagesOneServerTestJSON:tearDownClass): 200 GET http://10.180.1.21/compute/v2.1/servers/2c2f8e89-9a01-46e1-ab53-3c80c1bff111 0.179s
2025-04-10 18:54:51.223 69883 INFO tempest.common.waiters [-] State transition "ACTIVE/deleting" ==> "DELETED/None" after 4 second wait
2025-04-10 18:54:51.225 69889 INFO tempest.lib.common.rest_client [req-3790089b-e0f8-4d72-b480-89551c9183a8 req-3790089b-e0f8-4d72-b480-89551c9183a8 ] Request (ServersNegativeTestJSON:setUpClass): 200 GET http://10.180.1.21/compute/v2.1/servers/a95b4fe6-0f57-4a90-9126-9479597a72f9 0.144s
2025-04-10 18:54:51.280 69941 INFO tempest.lib.common.rest_client [req-36d93db7-e201-4e3f-81a8-30c33f9a088b req-36d93db7-e201-4e3f-81a8-30c33f9a088b ] Request (DeleteServersAdminTestJSON:test_delete_server_while_in_error_state): 202 POST http://10.180.1.21/compute/v2.1/servers/83604800-4d38-4f37-82c8-926cd5040050/action 0.175s
2025-04-10 18:54:51.284 69933 WARNING tempest.lib.common.ssh [-] Failed to establish authenticated ssh connection to cirros@10.180.180.201 ([Errno None] Unable to connect to port 22 on 10.180.180.201). Number attempts: 9. Retry after 10 seconds.: paramiko.ssh_exception.NoValidConnectionsError: [Errno None] Unable to connect to port 22 on 10.180.180.201
2025-04-10 18:54:51.289 69899 INFO tempest.lib.common.rest_client [req-520fe559-b634-48f0-82c5-3cf522c63b53 req-520fe559-b634-48f0-82c5-3cf522c63b53 ] Request (ServersAdminNegativeTestJSON:tearDownClass): 200 GET http://10.180.1.21/compute/v2.1/servers/58aa726b-1551-4aad-9aac-adafc6dfdef0 0.093s
2025-04-10 18:54:51.344 69925 INFO tempest.lib.common.rest_client [req-97f36ced-d9f2-4cb1-b95f-f8063394d203 req-97f36ced-d9f2-4cb1-b95f-f8063394d203 ] Request (AttachInterfacesV270Test:tearDownClass): 200 GET http://10.180.1.21/compute/v2.1/servers/2a6c1ac6-0b2d-4e5d-bf0e-3e993fcda556 0.061s
2025-04-10 18:54:51.400 69903 INFO tempest.lib.common.rest_client [req-e84af317-dba5-49c8-ba0d-561e1f6c9a30 req-e84af317-dba5-49c8-ba0d-561e1f6c9a30 ] Request (ListServerFiltersTestJSON:tearDownClass): 200 GET http://10.180.1.21/compute/v2.1/servers/924afcff-8a47-448b-af63-4a6741e8231f 0.075s
2025-04-10 18:54:51.413 69941 INFO tempest.lib.common.rest_client [req-fc63c91b-677c-4d30-81ca-8fa4ded76013 req-fc63c91b-677c-4d30-81ca-8fa4ded76013 ] Request (DeleteServersAdminTestJSON:test_delete_server_while_in_error_state): 200 GET http://10.180.1.21/compute/v2.1/servers/83604800-4d38-4f37-82c8-926cd5040050 0.132s
2025-04-10 18:54:51.448 69906 INFO tempest.lib.common.rest_client [req-459c152a-2e08-4e54-835f-6af3cd015f37 req-459c152a-2e08-4e54-835f-6af3cd015f37 ] Request (MigrationsAdminTest:test_resize_server_revert_deleted_flavor): 200 GET http://10.180.1.21/compute/v2.1/servers/1e4f952e-967e-40f2-b8ee-7c5d65cca843 0.107s
2025-04-10 18:54:51.472 69929 INFO tempest.lib.common.rest_client [req-0bf71afa-a33b-46e7-800a-24d088346223 req-0bf71afa-a33b-46e7-800a-24d088346223 ] Request (InstanceActionsV221TestJSON:test_get_list_deleted_instance_actions): 200 GET http://10.180.1.21/compute/v2.1/servers/cf59c9f3-ffa6-4ca0-b78a-94891a0d6797 0.090s
2025-04-10 18:54:51.496 69917 INFO tempest.lib.common.rest_client [req-af58494b-7648-4773-8a20-5f8d0718e348 req-af58494b-7648-4773-8a20-5f8d0718e348 ] Request (ServersTestManualDisk:setUpClass): 200 GET http://10.180.1.21/compute/v2.1/servers/ff8c6b80-405a-422a-b7d1-db785ce81cad 0.085s
2025-04-10 18:54:51.535 69941 INFO tempest.lib.common.rest_client [req-a95c3a22-261a-4a4a-b197-961cd86ee350 req-a95c3a22-261a-4a4a-b197-961cd86ee350 ] Request (DeleteServersAdminTestJSON:test_delete_server_while_in_error_state): 204 DELETE http://10.180.1.21/compute/v2.1/servers/83604800-4d38-4f37-82c8-926cd5040050 0.115s
2025-04-10 18:54:51.544 69881 INFO tempest.lib.common.rest_client [req-a8a7d0f8-1323-4952-a548-45665877deaf req-a8a7d0f8-1323-4952-a548-45665877deaf ] Request (ServersAdminTestJSON:test_create_server_with_scheduling_hint): 200 GET http://10.180.1.21/compute/v2.1/servers/4a8c13e8-519f-4bfb-a095-e68adc8a3c78 0.117s
2025-04-10 18:54:51.595 69887 INFO tempest.lib.common.rest_client [req-e9a2498b-6e63-4ac3-b565-2f6a54a02afc req-e9a2498b-6e63-4ac3-b565-2f6a54a02afc ] Request (InstanceActionsTestJSON:tearDownClass): 200 GET http://10.180.1.21/compute/v2.1/servers/bcdc4882-15de-4d78-96ce-9c4da44a8492 0.092s
2025-04-10 18:54:51.627 69885 INFO tempest.lib.common.rest_client [req-7751d56d-c41f-4cb7-bec8-86c0c28c85e6 req-7751d56d-c41f-4cb7-bec8-86c0c28c85e6 ] Request (ServersAdmin275Test:_run_cleanups): 200 GET http://10.180.1.21/compute/v2.1/servers/f6cd5766-57fd-431a-a86f-b77c125a4a25 0.093s
2025-04-10 18:54:51.636 69885 INFO tempest.common.waiters [-] State transition "REBUILD/rebuilding" ==> "REBUILD/rebuild_spawning" after 3 second wait
2025-04-10 18:54:51.654 69939 INFO tempest.lib.common.rest_client [req-0c393ef5-6958-4769-b1f8-2d4162f60cd0 req-0c393ef5-6958-4769-b1f8-2d4162f60cd0 ] Request (ImagesTestJSON:test_create_image_from_suspended_server): 200 GET http://10.180.1.21/compute/v2.1/images/bebbd411-067e-4041-b3eb-df61b4213f32 0.109s
2025-04-10 18:54:51.704 69891 INFO tempest.lib.common.rest_client [req-05b55f3a-1db0-4f11-95f6-1181778af158 req-05b55f3a-1db0-4f11-95f6-1181778af158 ] Request (FloatingIPsAssociationTestJSON:test_associate_already_associated_floating_ip): 200 GET http://10.180.1.21/compute/v2.1/servers/41f5dbe2-486a-4c8f-ad59-0ab702e502ff 0.116s
2025-04-10 18:54:51.722 69941 INFO tempest.lib.common.rest_client [req-26f71bd6-2b24-4bb8-8384-8214a67a6571 req-26f71bd6-2b24-4bb8-8384-8214a67a6571 ] Request (DeleteServersAdminTestJSON:test_delete_server_while_in_error_state): 200 GET http://10.180.1.21/compute/v2.1/servers/83604800-4d38-4f37-82c8-926cd5040050 0.186s
2025-04-10 18:54:51.755 69879 INFO tempest.lib.common.rest_client [req-10946bd1-754c-4f46-8b0f-a8a246354486 req-10946bd1-754c-4f46-8b0f-a8a246354486 ] Request (DeleteServersTestJSON:test_delete_server_while_in_attached_volume): 200 GET http://10.180.1.21/compute/v2.1/servers/11493be3-6237-456e-a4d9-921223b7d66d 0.127s
2025-04-10 18:54:51.775 69915 INFO tempest.lib.common.rest_client [req-8db74947-7d18-4582-8d26-09d50cbf4683 req-8db74947-7d18-4582-8d26-09d50cbf4683 ] Request (InstanceActionsNegativeTestJSON:setUpClass): 200 GET http://10.180.1.21/compute/v2.1/servers/84ce5421-9dcf-43c1-af2f-a6c2e81bcaeb 0.085s
2025-04-10 18:54:51.980 69931 INFO tempest.lib.common.rest_client [req-03682ba7-7cac-4622-a032-c2cbcf31f904 req-03682ba7-7cac-4622-a032-c2cbcf31f904 ] Request (ServersTestMultiNic:test_verify_duplicate_network_nics): 200 GET http://10.180.1.21/compute/v2.1/servers/6855e232-1993-4ee0-ba0b-389c414c0c35 0.192s
2025-04-10 18:54:51.987 69931 INFO tempest.common.waiters [-] State transition "BUILD/networking" ==> "BUILD/spawning" after 55 second wait
2025-04-10 18:54:52.294 69898 INFO tempest.lib.common.rest_client [req-e0377f0f-3082-41fb-819c-0d601884b772 req-e0377f0f-3082-41fb-819c-0d601884b772 ] Request (AttachInterfacesUnderV243Test:test_add_remove_fixed_ip): 200 GET http://10.180.1.21/compute/v2.1/servers/ef0f2679-9458-4e54-a8a6-912495ac571a 0.102s
2025-04-10 18:54:52.296 69895 INFO tempest.lib.common.rest_client [req-cd40a1c8-e035-4268-aeae-1f4ac679a115 req-cd40a1c8-e035-4268-aeae-1f4ac679a115 ] Request (ServerAddressesNegativeTestJSON:setUpClass): 200 GET http://10.180.1.21/compute/v2.1/servers/67d3af1b-dc99-458b-b991-b4ecbe2c279c 0.127s
2025-04-10 18:54:52.310 69895 INFO tempest.common.waiters [-] State transition "BUILD/spawning" ==> "ACTIVE/None" after 65 second wait
2025-04-10 18:54:52.363 69889 INFO tempest.lib.common.rest_client [req-0b53f03a-005d-467d-8019-336ce7c730ec req-0b53f03a-005d-467d-8019-336ce7c730ec ] Request (ServersNegativeTestJSON:setUpClass): 200 GET http://10.180.1.21/compute/v2.1/servers/a95b4fe6-0f57-4a90-9126-9479597a72f9 0.129s
2025-04-10 18:54:52.368 69883 INFO tempest.lib.common.rest_client [req-65b11844-3009-4b29-adf1-d78fe4aa0754 req-65b11844-3009-4b29-adf1-d78fe4aa0754 ] Request (ImagesOneServerTestJSON:tearDownClass): 200 GET http://10.180.1.21/compute/v2.1/servers/2c2f8e89-9a01-46e1-ab53-3c80c1bff111 0.144s
2025-04-10 18:54:52.372 69889 INFO tempest.common.waiters [-] State transition "BUILD/scheduling" ==> "BUILD/None" after 4 second wait
2025-04-10 18:54:52.396 69895 INFO tempest.lib.common.rest_client [req-7136f1bf-60ce-4aac-bef7-18ce60bf3c55 req-7136f1bf-60ce-4aac-bef7-18ce60bf3c55 ] Request (ServerAddressesNegativeTestJSON:test_list_server_addresses_by_network_neg): 404 GET http://10.180.1.21/compute/v2.1/servers/67d3af1b-dc99-458b-b991-b4ecbe2c279c/ips/invalid 0.084s
2025-04-10 18:54:52.422 69925 INFO tempest.lib.common.rest_client [req-d104d19d-5a86-4a1d-b0d3-ba8e4be993b3 req-d104d19d-5a86-4a1d-b0d3-ba8e4be993b3 ] Request (AttachInterfacesV270Test:tearDownClass): 404 GET http://10.180.1.21/compute/v2.1/servers/2a6c1ac6-0b2d-4e5d-bf0e-3e993fcda556 0.066s
2025-04-10 18:54:52.426 69895 INFO tempest.lib.common.rest_client [req-86ac3f8e-8ea3-4992-a10a-ed750c57c4bd req-86ac3f8e-8ea3-4992-a10a-ed750c57c4bd ] Request (ServerAddressesNegativeTestJSON:test_list_server_addresses_invalid_server_id): 404 GET http://10.180.1.21/compute/v2.1/servers/999/ips 0.026s
2025-04-10 18:54:52.438 69899 INFO tempest.lib.common.rest_client [req-dd08dacc-785a-4db4-ae04-864494ef584b req-dd08dacc-785a-4db4-ae04-864494ef584b ] Request (ServersAdminNegativeTestJSON:tearDownClass): 200 GET http://10.180.1.21/compute/v2.1/servers/58aa726b-1551-4aad-9aac-adafc6dfdef0 0.138s
2025-04-10 18:54:52.504 69903 INFO tempest.lib.common.rest_client [req-403354cd-fc83-4fdb-905c-44d217d845aa req-403354cd-fc83-4fdb-905c-44d217d845aa ] Request (ListServerFiltersTestJSON:tearDownClass): 200 GET http://10.180.1.21/compute/v2.1/servers/924afcff-8a47-448b-af63-4a6741e8231f 0.096s
2025-04-10 18:54:52.538 69895 INFO tempest.lib.common.rest_client [req-39ce4151-2098-433b-98fd-8c11654c2bf1 req-39ce4151-2098-433b-98fd-8c11654c2bf1 ] Request (ServerAddressesNegativeTestJSON:tearDownClass): 204 DELETE http://10.180.1.21/compute/v2.1/servers/67d3af1b-dc99-458b-b991-b4ecbe2c279c 0.110s
2025-04-10 18:54:52.573 69906 INFO tempest.lib.common.rest_client [req-dc3c32df-8f7f-407e-af62-e7490a618da1 req-dc3c32df-8f7f-407e-af62-e7490a618da1 ] Request (MigrationsAdminTest:test_resize_server_revert_deleted_flavor): 200 GET http://10.180.1.21/compute/v2.1/servers/1e4f952e-967e-40f2-b8ee-7c5d65cca843 0.117s
2025-04-10 18:54:52.628 69929 INFO tempest.lib.common.rest_client [req-39f2563e-5bc5-47da-8d75-f7b139fa2555 req-39f2563e-5bc5-47da-8d75-f7b139fa2555 ] Request (InstanceActionsV221TestJSON:test_get_list_deleted_instance_actions): 200 GET http://10.180.1.21/compute/v2.1/servers/cf59c9f3-ffa6-4ca0-b78a-94891a0d6797 0.141s
2025-04-10 18:54:52.649 69917 INFO tempest.lib.common.rest_client [req-2e55df6a-0200-411c-bda6-f86d8ec36dd9 req-2e55df6a-0200-411c-bda6-f86d8ec36dd9 ] Request (ServersTestManualDisk:setUpClass): 200 GET http://10.180.1.21/compute/v2.1/servers/ff8c6b80-405a-422a-b7d1-db785ce81cad 0.145s
2025-04-10 18:54:52.719 69881 INFO tempest.lib.common.rest_client [req-00df8b17-b52e-47a9-bbe3-1edda8b499aa req-00df8b17-b52e-47a9-bbe3-1edda8b499aa ] Request (ServersAdminTestJSON:test_create_server_with_scheduling_hint): 200 GET http://10.180.1.21/compute/v2.1/servers/4a8c13e8-519f-4bfb-a095-e68adc8a3c78 0.161s
2025-04-10 18:54:52.782 69887 INFO tempest.lib.common.rest_client [req-fc356fef-5984-4c50-96fb-126a96179bd5 req-fc356fef-5984-4c50-96fb-126a96179bd5 ] Request (InstanceActionsTestJSON:tearDownClass): 200 GET http://10.180.1.21/compute/v2.1/servers/bcdc4882-15de-4d78-96ce-9c4da44a8492 0.176s
2025-04-10 18:54:52.845 69885 INFO tempest.lib.common.rest_client [req-e918a4a2-2400-4206-ac0b-94b63dab2b68 req-e918a4a2-2400-4206-ac0b-94b63dab2b68 ] Request (ServersAdmin275Test:_run_cleanups): 200 GET http://10.180.1.21/compute/v2.1/servers/f6cd5766-57fd-431a-a86f-b77c125a4a25 0.208s
2025-04-10 18:54:52.885 69939 INFO tempest.lib.common.rest_client [req-c34f94d8-f987-4170-8803-9c8b32f42144 req-c34f94d8-f987-4170-8803-9c8b32f42144 ] Request (ImagesTestJSON:test_create_image_from_suspended_server): 200 GET http://10.180.1.21/compute/v2.1/images/bebbd411-067e-4041-b3eb-df61b4213f32 0.226s
2025-04-10 18:54:52.946 69891 INFO tempest.lib.common.rest_client [req-123c6d1d-cda8-4e91-9981-04d79c22994d req-123c6d1d-cda8-4e91-9981-04d79c22994d ] Request (FloatingIPsAssociationTestJSON:test_associate_already_associated_floating_ip): 200 GET http://10.180.1.21/compute/v2.1/servers/41f5dbe2-486a-4c8f-ad59-0ab702e502ff 0.234s
2025-04-10 18:54:52.985 69895 INFO tempest.lib.common.rest_client [req-52abfa70-5073-4990-bd05-c8f62918741b req-52abfa70-5073-4990-bd05-c8f62918741b ] Request (ServerAddressesNegativeTestJSON:tearDownClass): 200 GET http://10.180.1.21/compute/v2.1/servers/67d3af1b-dc99-458b-b991-b4ecbe2c279c 0.446s
2025-04-10 18:54:53.047 69879 INFO tempest.lib.common.rest_client [req-3400f9ce-5ee9-4611-a96b-fd86e6e49e37 req-3400f9ce-5ee9-4611-a96b-fd86e6e49e37 ] Request (DeleteServersTestJSON:test_delete_server_while_in_attached_volume): 200 GET http://10.180.1.21/compute/v2.1/servers/11493be3-6237-456e-a4d9-921223b7d66d 0.277s
2025-04-10 18:54:53.054 69941 INFO tempest.lib.common.rest_client [req-42e98ca3-761f-41ec-b252-ea01662d085b req-42e98ca3-761f-41ec-b252-ea01662d085b ] Request (DeleteServersAdminTestJSON:test_delete_server_while_in_error_state): 200 GET http://10.180.1.21/compute/v2.1/servers/83604800-4d38-4f37-82c8-926cd5040050 0.320s
2025-04-10 18:54:53.111 69915 INFO tempest.lib.common.rest_client [req-76273441-cdee-455e-a9b5-1cb9a6822387 req-76273441-cdee-455e-a9b5-1cb9a6822387 ] Request (InstanceActionsNegativeTestJSON:setUpClass): 200 GET http://10.180.1.21/compute/v2.1/servers/84ce5421-9dcf-43c1-af2f-a6c2e81bcaeb 0.327s
2025-04-10 18:54:53.166 69931 INFO tempest.lib.common.rest_client [req-5c14ef18-a41d-4d95-8b56-b5f349bad0d9 req-5c14ef18-a41d-4d95-8b56-b5f349bad0d9 ] Request (ServersTestMultiNic:test_verify_duplicate_network_nics): 200 GET http://10.180.1.21/compute/v2.1/servers/6855e232-1993-4ee0-ba0b-389c414c0c35 0.179s
2025-04-10 18:54:53.429 69889 INFO tempest.lib.common.rest_client [req-f5c0d0b4-c283-4114-bdb6-259b66b786ba req-f5c0d0b4-c283-4114-bdb6-259b66b786ba ] Request (ServersNegativeTestJSON:setUpClass): 200 GET http://10.180.1.21/compute/v2.1/servers/a95b4fe6-0f57-4a90-9126-9479597a72f9 0.056s
2025-04-10 18:54:53.505 69883 INFO tempest.lib.common.rest_client [req-6aff04fd-ab51-4014-97b3-3bcaf2ef35b1 req-6aff04fd-ab51-4014-97b3-3bcaf2ef35b1 ] Request (ImagesOneServerTestJSON:tearDownClass): 200 GET http://10.180.1.21/compute/v2.1/servers/2c2f8e89-9a01-46e1-ab53-3c80c1bff111 0.130s
2025-04-10 18:54:53.533 69898 INFO tempest.lib.common.rest_client [req-9eb8a3eb-b8b4-4ff0-8567-ed55151db46f req-9eb8a3eb-b8b4-4ff0-8567-ed55151db46f ] Request (AttachInterfacesUnderV243Test:test_add_remove_fixed_ip): 200 GET http://10.180.1.21/compute/v2.1/servers/ef0f2679-9458-4e54-a8a6-912495ac571a 0.230s
2025-04-10 18:54:53.579 69899 INFO tempest.lib.common.rest_client [req-3fcb5615-dff0-4680-9d6a-e31a9603a178 req-3fcb5615-dff0-4680-9d6a-e31a9603a178 ] Request (ServersAdminNegativeTestJSON:tearDownClass): 200 GET http://10.180.1.21/compute/v2.1/servers/58aa726b-1551-4aad-9aac-adafc6dfdef0 0.126s
2025-04-10 18:54:53.608 69903 INFO tempest.lib.common.rest_client [req-4f262a5b-9bb3-431f-8eb8-b134f3dec89d req-4f262a5b-9bb3-431f-8eb8-b134f3dec89d ] Request (ListServerFiltersTestJSON:tearDownClass): 200 GET http://10.180.1.21/compute/v2.1/servers/924afcff-8a47-448b-af63-4a6741e8231f 0.093s
2025-04-10 18:54:53.640 69906 INFO tempest.lib.common.rest_client [req-c0b34d46-2853-46a9-ab1a-04da23c75447 req-c0b34d46-2853-46a9-ab1a-04da23c75447 ] Request (MigrationsAdminTest:test_resize_server_revert_deleted_flavor): 200 GET http://10.180.1.21/compute/v2.1/servers/1e4f952e-967e-40f2-b8ee-7c5d65cca843 0.058s
2025-04-10 18:54:53.662 69925 INFO tempest.lib.common.rest_client [req-c76634fd-08a4-4742-83db-9332224533eb req-c76634fd-08a4-4742-83db-9332224533eb ] Request (AttachInterfacesV270Test:tearDownClass): 200 PUT http://10.180.1.21:9696/networking/v2.0/routers/30c4fde0-5328-43c4-be23-3a689d6f3dd3/remove_router_interface 1.239s
2025-04-10 18:54:53.716 69929 INFO tempest.lib.common.rest_client [req-9b0ee264-655d-4d2c-9f77-8c488627295a req-9b0ee264-655d-4d2c-9f77-8c488627295a ] Request (InstanceActionsV221TestJSON:test_get_list_deleted_instance_actions): 200 GET http://10.180.1.21/compute/v2.1/servers/cf59c9f3-ffa6-4ca0-b78a-94891a0d6797 0.072s
2025-04-10 18:54:53.730 69917 INFO tempest.lib.common.rest_client [req-39e8405c-d657-41e2-9809-12f6cb9ae7a5 req-39e8405c-d657-41e2-9809-12f6cb9ae7a5 ] Request (ServersTestManualDisk:setUpClass): 200 GET http://10.180.1.21/compute/v2.1/servers/ff8c6b80-405a-422a-b7d1-db785ce81cad 0.070s
2025-04-10 18:54:53.797 69881 INFO tempest.lib.common.rest_client [req-53589a3f-d1c8-48af-8902-d7e853628765 req-53589a3f-d1c8-48af-8902-d7e853628765 ] Request (ServersAdminTestJSON:test_create_server_with_scheduling_hint): 200 GET http://10.180.1.21/compute/v2.1/servers/4a8c13e8-519f-4bfb-a095-e68adc8a3c78 0.064s
2025-04-10 18:54:53.859 69887 INFO tempest.lib.common.rest_client [req-bf833f9c-1833-4e9b-8a9d-5b28c39b6801 req-bf833f9c-1833-4e9b-8a9d-5b28c39b6801 ] Request (InstanceActionsTestJSON:tearDownClass): 200 GET http://10.180.1.21/compute/v2.1/servers/bcdc4882-15de-4d78-96ce-9c4da44a8492 0.068s
2025-04-10 18:54:53.930 69939 INFO tempest.lib.common.rest_client [req-01ac4dc8-9360-43b7-82ed-9e75be217657 req-01ac4dc8-9360-43b7-82ed-9e75be217657 ] Request (ImagesTestJSON:test_create_image_from_suspended_server): 200 GET http://10.180.1.21/compute/v2.1/images/bebbd411-067e-4041-b3eb-df61b4213f32 0.039s
2025-04-10 18:54:53.941 69885 INFO tempest.lib.common.rest_client [req-adabb475-b869-4bab-80d4-b56f60cc32d3 req-adabb475-b869-4bab-80d4-b56f60cc32d3 ] Request (ServersAdmin275Test:_run_cleanups): 200 GET http://10.180.1.21/compute/v2.1/servers/f6cd5766-57fd-431a-a86f-b77c125a4a25 0.085s
2025-04-10 18:54:54.019 69891 INFO tempest.lib.common.rest_client [req-966d1dcf-2cec-4c51-94ac-aada9d103577 req-966d1dcf-2cec-4c51-94ac-aada9d103577 ] Request (FloatingIPsAssociationTestJSON:test_associate_already_associated_floating_ip): 200 GET http://10.180.1.21/compute/v2.1/servers/41f5dbe2-486a-4c8f-ad59-0ab702e502ff 0.065s
2025-04-10 18:54:54.114 69879 INFO tempest.lib.common.rest_client [req-16bb222e-8216-46db-ad63-2bb15fecdaba req-16bb222e-8216-46db-ad63-2bb15fecdaba ] Request (DeleteServersTestJSON:test_delete_server_while_in_attached_volume): 200 GET http://10.180.1.21/compute/v2.1/servers/11493be3-6237-456e-a4d9-921223b7d66d 0.059s
2025-04-10 18:54:54.182 69925 INFO tempest.lib.common.rest_client [req-ff429ee4-e848-40d6-929b-c7437a58c542 req-ff429ee4-e848-40d6-929b-c7437a58c542 ] Request (AttachInterfacesV270Test:tearDownClass): 204 DELETE http://10.180.1.21:9696/networking/v2.0/routers/30c4fde0-5328-43c4-be23-3a689d6f3dd3 0.520s
2025-04-10 18:54:54.244 69895 INFO tempest.lib.common.rest_client [req-6a6b45b5-c368-4ef7-9824-0e5285ee6bf6 req-6a6b45b5-c368-4ef7-9824-0e5285ee6bf6 ] Request (ServerAddressesNegativeTestJSON:tearDownClass): 200 GET http://10.180.1.21/compute/v2.1/servers/67d3af1b-dc99-458b-b991-b4ecbe2c279c 0.246s
2025-04-10 18:54:54.288 69941 INFO tempest.lib.common.rest_client [req-47d12aef-8a8d-48fb-a65c-f30e1e481721 req-47d12aef-8a8d-48fb-a65c-f30e1e481721 ] Request (DeleteServersAdminTestJSON:test_delete_server_while_in_error_state): 200 GET http://10.180.1.21/compute/v2.1/servers/83604800-4d38-4f37-82c8-926cd5040050 0.223s
2025-04-10 18:54:54.320 69915 INFO tempest.lib.common.rest_client [req-af9b4db9-c44a-4774-8957-1e3c6832e505 req-af9b4db9-c44a-4774-8957-1e3c6832e505 ] Request (InstanceActionsNegativeTestJSON:setUpClass): 200 GET http://10.180.1.21/compute/v2.1/servers/84ce5421-9dcf-43c1-af2f-a6c2e81bcaeb 0.199s
2025-04-10 18:54:54.453 69931 INFO tempest.lib.common.rest_client [req-0beeabe8-0ae6-406e-8930-97ca2edaf37d req-0beeabe8-0ae6-406e-8930-97ca2edaf37d ] Request (ServersTestMultiNic:test_verify_duplicate_network_nics): 200 GET http://10.180.1.21/compute/v2.1/servers/6855e232-1993-4ee0-ba0b-389c414c0c35 0.277s
2025-04-10 18:54:54.481 69925 INFO tempest.lib.common.rest_client [req-a1c7727c-8d57-432e-88e0-26877e49ca80 req-a1c7727c-8d57-432e-88e0-26877e49ca80 ] Request (AttachInterfacesV270Test:tearDownClass): 204 DELETE http://10.180.1.21:9696/networking/v2.0/subnets/ecb19222-6101-4cd8-a683-64a55a6de19a 0.298s
2025-04-10 18:54:54.503 69889 INFO tempest.lib.common.rest_client [req-858a3405-e46e-41b0-9da6-1e4e55597f7f req-858a3405-e46e-41b0-9da6-1e4e55597f7f ] Request (ServersNegativeTestJSON:setUpClass): 200 GET http://10.180.1.21/compute/v2.1/servers/a95b4fe6-0f57-4a90-9126-9479597a72f9 0.066s
2025-04-10 18:54:54.600 69883 INFO tempest.lib.common.rest_client [req-b64b7ae3-3877-437b-83c5-52df25bc6392 req-b64b7ae3-3877-437b-83c5-52df25bc6392 ] Request (ImagesOneServerTestJSON:tearDownClass): 200 GET http://10.180.1.21/compute/v2.1/servers/2c2f8e89-9a01-46e1-ab53-3c80c1bff111 0.086s
2025-04-10 18:54:54.623 69899 INFO tempest.lib.common.rest_client [req-665fed79-a259-43ce-b31d-4b4bded8c19b req-665fed79-a259-43ce-b31d-4b4bded8c19b ] Request (ServersAdminNegativeTestJSON:tearDownClass): 404 GET http://10.180.1.21/compute/v2.1/servers/58aa726b-1551-4aad-9aac-adafc6dfdef0 0.033s
2025-04-10 18:54:54.642 69898 INFO tempest.lib.common.rest_client [req-f3e11547-833e-4ce3-ad1a-b01e5ea9efba req-f3e11547-833e-4ce3-ad1a-b01e5ea9efba ] Request (AttachInterfacesUnderV243Test:test_add_remove_fixed_ip): 200 GET http://10.180.1.21/compute/v2.1/servers/ef0f2679-9458-4e54-a8a6-912495ac571a 0.096s
2025-04-10 18:54:54.675 69901 WARNING tempest.lib.common.ssh [-] Failed to establish authenticated ssh connection to cirros@10.180.180.178 ([Errno None] Unable to connect to port 22 on 10.180.180.178). Number attempts: 5. Retry after 6 seconds.: paramiko.ssh_exception.NoValidConnectionsError: [Errno None] Unable to connect to port 22 on 10.180.180.178
2025-04-10 18:54:54.714 69903 INFO tempest.lib.common.rest_client [req-5af445f1-1e74-4372-8024-8fb2d3eb22e2 req-5af445f1-1e74-4372-8024-8fb2d3eb22e2 ] Request (ListServerFiltersTestJSON:tearDownClass): 200 GET http://10.180.1.21/compute/v2.1/servers/924afcff-8a47-448b-af63-4a6741e8231f 0.095s
2025-04-10 18:54:54.720 69899 INFO tempest.lib.common.rest_client [req-0bb5f4d2-09e7-4e4c-8dee-ab2e96dbf6bd req-0bb5f4d2-09e7-4e4c-8dee-ab2e96dbf6bd ] Request (ServersAdminNegativeTestJSON:tearDownClass): 204 DELETE http://10.180.1.21/compute/v2.1/servers/e26fb71a-b6dc-44bf-9e46-26801a267235 0.096s
2025-04-10 18:54:54.788 69906 INFO tempest.lib.common.rest_client [req-3cffe4d6-c7dd-4799-861c-1dbbc248d7f3 req-3cffe4d6-c7dd-4799-861c-1dbbc248d7f3 ] Request (MigrationsAdminTest:test_resize_server_revert_deleted_flavor): 200 GET http://10.180.1.21/compute/v2.1/servers/1e4f952e-967e-40f2-b8ee-7c5d65cca843 0.141s
2025-04-10 18:54:54.863 69899 INFO tempest.lib.common.rest_client [req-b97c051f-d7e8-44e0-a956-b7690423b8d1 req-b97c051f-d7e8-44e0-a956-b7690423b8d1 ] Request (ServersAdminNegativeTestJSON:tearDownClass): 200 GET http://10.180.1.21/compute/v2.1/servers/e26fb71a-b6dc-44bf-9e46-26801a267235 0.143s
2025-04-10 18:54:54.868 69929 INFO tempest.lib.common.rest_client [req-cf4aaad3-8660-4f53-9d9c-bdfdb3a3b46b req-cf4aaad3-8660-4f53-9d9c-bdfdb3a3b46b ] Request (InstanceActionsV221TestJSON:test_get_list_deleted_instance_actions): 200 GET http://10.180.1.21/compute/v2.1/servers/cf59c9f3-ffa6-4ca0-b78a-94891a0d6797 0.143s
2025-04-10 18:54:54.935 69917 INFO tempest.lib.common.rest_client [req-e5b0ebcc-4329-4971-b4d5-0f2337ccca48 req-e5b0ebcc-4329-4971-b4d5-0f2337ccca48 ] Request (ServersTestManualDisk:setUpClass): 200 GET http://10.180.1.21/compute/v2.1/servers/ff8c6b80-405a-422a-b7d1-db785ce81cad 0.195s
2025-04-10 18:54:54.946 69881 INFO tempest.lib.common.rest_client [req-c2bbfcfb-425b-409e-b38c-c0ff7057b172 req-c2bbfcfb-425b-409e-b38c-c0ff7057b172 ] Request (ServersAdminTestJSON:test_create_server_with_scheduling_hint): 200 GET http://10.180.1.21/compute/v2.1/servers/4a8c13e8-519f-4bfb-a095-e68adc8a3c78 0.136s
2025-04-10 18:54:54.952 69925 INFO tempest.lib.common.rest_client [req-0efbba8b-0b6a-4ad0-a83f-44ec8bbcc479 req-0efbba8b-0b6a-4ad0-a83f-44ec8bbcc479 ] Request (AttachInterfacesV270Test:tearDownClass): 204 DELETE http://10.180.1.21:9696/networking/v2.0/networks/0dc7220e-921d-42f9-a4e0-802af7c51a87 0.470s
2025-04-10 18:54:54.982 69939 INFO tempest.lib.common.rest_client [req-663da877-9eff-4ec1-bbff-b9a7b06eb460 req-663da877-9eff-4ec1-bbff-b9a7b06eb460 ] Request (ImagesTestJSON:test_create_image_from_suspended_server): 200 GET http://10.180.1.21/compute/v2.1/images/bebbd411-067e-4041-b3eb-df61b4213f32 0.047s
2025-04-10 18:54:55.009 69887 INFO tempest.lib.common.rest_client [req-f6177c53-de64-486c-8962-bf0ef78f1d05 req-f6177c53-de64-486c-8962-bf0ef78f1d05 ] Request (InstanceActionsTestJSON:tearDownClass): 200 GET http://10.180.1.21/compute/v2.1/servers/bcdc4882-15de-4d78-96ce-9c4da44a8492 0.139s
2025-04-10 18:54:55.045 69885 INFO tempest.lib.common.rest_client [req-85c0aaa6-7e3b-472c-a22b-5ee5c9a29884 req-85c0aaa6-7e3b-472c-a22b-5ee5c9a29884 ] Request (ServersAdmin275Test:_run_cleanups): 200 GET http://10.180.1.21/compute/v2.1/servers/f6cd5766-57fd-431a-a86f-b77c125a4a25 0.091s
2025-04-10 18:54:55.071 69925 INFO tempest.lib.common.rest_client [req-7f2f92e6-ea71-457a-afc3-fb61236eb671 req-7f2f92e6-ea71-457a-afc3-fb61236eb671 ] Request (AttachInterfacesV270Test:tearDownClass): 204 DELETE http://10.180.1.21/identity/v3/users/21eaf720b57a49479f3c249527bd3ac9 0.119s
2025-04-10 18:54:55.071 69925 INFO tempest.lib.common.dynamic_creds [-] Deleting project and security group for project: 4e3bccce341947c597377ea9d56b24e9
2025-04-10 18:54:55.093 69891 INFO tempest.lib.common.rest_client [req-0ed1b9e6-74c6-472d-9e31-34495a6460fd req-0ed1b9e6-74c6-472d-9e31-34495a6460fd ] Request (FloatingIPsAssociationTestJSON:test_associate_already_associated_floating_ip): 200 GET http://10.180.1.21/compute/v2.1/servers/41f5dbe2-486a-4c8f-ad59-0ab702e502ff 0.064s
2025-04-10 18:54:55.133 69925 INFO tempest.lib.common.rest_client [req-86303d74-fb10-4250-89e3-7c601376bfe4 req-86303d74-fb10-4250-89e3-7c601376bfe4 ] Request (AttachInterfacesV270Test:tearDownClass): 200 GET http://10.180.1.21:9696/networking/v2.0/security-groups?tenant_id=4e3bccce341947c597377ea9d56b24e9&name=default 0.061s
2025-04-10 18:54:55.185 69879 INFO tempest.lib.common.rest_client [req-2d78f425-551e-4b8f-913f-ff78acac4719 req-2d78f425-551e-4b8f-913f-ff78acac4719 ] Request (DeleteServersTestJSON:test_delete_server_while_in_attached_volume): 200 GET http://10.180.1.21/compute/v2.1/servers/11493be3-6237-456e-a4d9-921223b7d66d 0.063s
2025-04-10 18:54:55.250 69925 INFO tempest.lib.common.rest_client [req-39671bb2-ac02-413c-8aac-6312ca9b96d6 req-39671bb2-ac02-413c-8aac-6312ca9b96d6 ] Request (AttachInterfacesV270Test:tearDownClass): 204 DELETE http://10.180.1.21:9696/networking/v2.0/security-groups/b1cef6f4-6130-422a-ab7a-89e798081600 0.116s
2025-04-10 18:54:55.319 69895 INFO tempest.lib.common.rest_client [req-8c25821c-9069-42b6-963f-33318e582142 req-8c25821c-9069-42b6-963f-33318e582142 ] Request (ServerAddressesNegativeTestJSON:tearDownClass): 200 GET http://10.180.1.21/compute/v2.1/servers/67d3af1b-dc99-458b-b991-b4ecbe2c279c 0.062s
2025-04-10 18:54:55.357 69925 INFO tempest.lib.common.rest_client [req-ea07155b-f9e0-415c-870a-036e56392682 req-ea07155b-f9e0-415c-870a-036e56392682 ] Request (AttachInterfacesV270Test:tearDownClass): 204 DELETE http://10.180.1.21/identity/v3/projects/4e3bccce341947c597377ea9d56b24e9 0.106s
2025-04-10 18:54:55.374 69941 INFO tempest.lib.common.rest_client [req-a3ca9f9b-6b52-469c-b8d2-9f76ed6cd752 req-a3ca9f9b-6b52-469c-b8d2-9f76ed6cd752 ] Request (DeleteServersAdminTestJSON:test_delete_server_while_in_error_state): 200 GET http://10.180.1.21/compute/v2.1/servers/83604800-4d38-4f37-82c8-926cd5040050 0.074s
2025-04-10 18:54:55.399 69915 INFO tempest.lib.common.rest_client [req-d3314bb6-446e-4b57-9d94-18aacb3547dc req-d3314bb6-446e-4b57-9d94-18aacb3547dc ] Request (InstanceActionsNegativeTestJSON:setUpClass): 200 GET http://10.180.1.21/compute/v2.1/servers/84ce5421-9dcf-43c1-af2f-a6c2e81bcaeb 0.068s
2025-04-10 18:54:55.579 69931 INFO tempest.lib.common.rest_client [req-7ea77d43-c436-4edc-80a6-85da4072db24 req-7ea77d43-c436-4edc-80a6-85da4072db24 ] Request (ServersTestMultiNic:test_verify_duplicate_network_nics): 200 GET http://10.180.1.21/compute/v2.1/servers/6855e232-1993-4ee0-ba0b-389c414c0c35 0.114s
2025-04-10 18:54:55.582 69889 INFO tempest.lib.common.rest_client [req-4ea945e4-4d6e-480f-ae9e-fdd2a189d39d req-4ea945e4-4d6e-480f-ae9e-fdd2a189d39d ] Request (ServersNegativeTestJSON:setUpClass): 200 GET http://10.180.1.21/compute/v2.1/servers/a95b4fe6-0f57-4a90-9126-9479597a72f9 0.068s
2025-04-10 18:54:55.672 69883 INFO tempest.lib.common.rest_client [req-f5575c5a-f8b4-4156-a634-b7c80ac01420 req-f5575c5a-f8b4-4156-a634-b7c80ac01420 ] Request (ImagesOneServerTestJSON:tearDownClass): 200 GET http://10.180.1.21/compute/v2.1/servers/2c2f8e89-9a01-46e1-ab53-3c80c1bff111 0.063s
2025-04-10 18:54:55.791 69898 INFO tempest.lib.common.rest_client [req-0d415266-7966-4670-87a9-34deb5fc9604 req-0d415266-7966-4670-87a9-34deb5fc9604 ] Request (AttachInterfacesUnderV243Test:test_add_remove_fixed_ip): 200 GET http://10.180.1.21/compute/v2.1/servers/ef0f2679-9458-4e54-a8a6-912495ac571a 0.141s
2025-04-10 18:54:55.805 69903 INFO tempest.lib.common.rest_client [req-76729972-06c0-492b-ade2-7bc69118129b req-76729972-06c0-492b-ade2-7bc69118129b ] Request (ListServerFiltersTestJSON:tearDownClass): 200 GET http://10.180.1.21/compute/v2.1/servers/924afcff-8a47-448b-af63-4a6741e8231f 0.078s
2025-04-10 18:54:55.867 69906 INFO tempest.lib.common.rest_client [req-92d66d9a-0b7f-4d15-a636-739990e013f7 req-92d66d9a-0b7f-4d15-a636-739990e013f7 ] Request (MigrationsAdminTest:test_resize_server_revert_deleted_flavor): 200 GET http://10.180.1.21/compute/v2.1/servers/1e4f952e-967e-40f2-b8ee-7c5d65cca843 0.066s
2025-04-10 18:54:55.955 69929 INFO tempest.lib.common.rest_client [req-7176a971-6e79-4e65-be48-b747d187a1da req-7176a971-6e79-4e65-be48-b747d187a1da ] Request (InstanceActionsV221TestJSON:test_get_list_deleted_instance_actions): 200 GET http://10.180.1.21/compute/v2.1/servers/cf59c9f3-ffa6-4ca0-b78a-94891a0d6797 0.077s
2025-04-10 18:54:56.000 69899 INFO tempest.lib.common.rest_client [req-e2b385f3-fbe7-4805-92c4-294710313008 req-e2b385f3-fbe7-4805-92c4-294710313008 ] Request (ServersAdminNegativeTestJSON:tearDownClass): 200 GET http://10.180.1.21/compute/v2.1/servers/e26fb71a-b6dc-44bf-9e46-26801a267235 0.126s
2025-04-10 18:54:56.006 69917 INFO tempest.lib.common.rest_client [req-c76b0ec1-7f90-4e64-b3b5-99152a193619 req-c76b0ec1-7f90-4e64-b3b5-99152a193619 ] Request (ServersTestManualDisk:setUpClass): 200 GET http://10.180.1.21/compute/v2.1/servers/ff8c6b80-405a-422a-b7d1-db785ce81cad 0.063s
2025-04-10 18:54:56.045 69939 INFO tempest.lib.common.rest_client [req-41f57e52-6f15-462d-86c2-fc80c2d52811 req-41f57e52-6f15-462d-86c2-fc80c2d52811 ] Request (ImagesTestJSON:test_create_image_from_suspended_server): 200 GET http://10.180.1.21/compute/v2.1/images/bebbd411-067e-4041-b3eb-df61b4213f32 0.057s
2025-04-10 18:54:56.051 69881 INFO tempest.lib.common.rest_client [req-9db38fad-4f23-4f08-afce-b1e9b38b1b10 req-9db38fad-4f23-4f08-afce-b1e9b38b1b10 ] Request (ServersAdminTestJSON:test_create_server_with_scheduling_hint): 200 GET http://10.180.1.21/compute/v2.1/servers/4a8c13e8-519f-4bfb-a095-e68adc8a3c78 0.093s
2025-04-10 18:54:56.111 69887 INFO tempest.lib.common.rest_client [req-c3b2b9b9-54ed-47e7-be7c-806bdc7f473e req-c3b2b9b9-54ed-47e7-be7c-806bdc7f473e ] Request (InstanceActionsTestJSON:tearDownClass): 200 GET http://10.180.1.21/compute/v2.1/servers/bcdc4882-15de-4d78-96ce-9c4da44a8492 0.088s
2025-04-10 18:54:56.115 69885 INFO tempest.lib.common.rest_client [req-0caab98a-5f1a-490f-8e3a-665764690953 req-0caab98a-5f1a-490f-8e3a-665764690953 ] Request (ServersAdmin275Test:_run_cleanups): 200 GET http://10.180.1.21/compute/v2.1/servers/f6cd5766-57fd-431a-a86f-b77c125a4a25 0.057s
2025-04-10 18:54:56.163 69891 INFO tempest.lib.common.rest_client [req-ea35ce69-0f17-463e-a19e-8d4c005f453c req-ea35ce69-0f17-463e-a19e-8d4c005f453c ] Request (FloatingIPsAssociationTestJSON:test_associate_already_associated_floating_ip): 200 GET http://10.180.1.21/compute/v2.1/servers/41f5dbe2-486a-4c8f-ad59-0ab702e502ff 0.059s
2025-04-10 18:54:56.244 69879 INFO tempest.lib.common.rest_client [req-e00663a9-0c7a-41c8-8aa6-f9b4fb8f4720 req-e00663a9-0c7a-41c8-8aa6-f9b4fb8f4720 ] Request (DeleteServersTestJSON:test_delete_server_while_in_attached_volume): 200 GET http://10.180.1.21/compute/v2.1/servers/11493be3-6237-456e-a4d9-921223b7d66d 0.051s
2025-04-10 18:54:56.397 69895 INFO tempest.lib.common.rest_client [req-583da3ce-d6d9-49dd-bf68-ec4bd774cda9 req-583da3ce-d6d9-49dd-bf68-ec4bd774cda9 ] Request (ServerAddressesNegativeTestJSON:tearDownClass): 200 GET http://10.180.1.21/compute/v2.1/servers/67d3af1b-dc99-458b-b991-b4ecbe2c279c 0.069s
2025-04-10 18:54:56.405 69895 INFO tempest.common.waiters [-] State transition "ACTIVE/deleting" ==> "DELETED/None" after 4 second wait
2025-04-10 18:54:56.457 69941 INFO tempest.lib.common.rest_client [req-7b598357-c44a-4dbb-8cd0-a04ed1bc9082 req-7b598357-c44a-4dbb-8cd0-a04ed1bc9082 ] Request (DeleteServersAdminTestJSON:test_delete_server_while_in_error_state): 200 GET http://10.180.1.21/compute/v2.1/servers/83604800-4d38-4f37-82c8-926cd5040050 0.073s
2025-04-10 18:54:56.467 69941 INFO tempest.common.waiters [-] State transition "ERROR/deleting" ==> "DELETED/None" after 5 second wait
2025-04-10 18:54:56.477 69915 INFO tempest.lib.common.rest_client [req-a6fd1a33-7025-4df2-b95c-bc251a48bb9b req-a6fd1a33-7025-4df2-b95c-bc251a48bb9b ] Request (InstanceActionsNegativeTestJSON:setUpClass): 200 GET http://10.180.1.21/compute/v2.1/servers/84ce5421-9dcf-43c1-af2f-a6c2e81bcaeb 0.063s
2025-04-10 18:54:56.651 69889 INFO tempest.lib.common.rest_client [req-827410c2-e043-4a28-9d24-4b0ed6cff2fb req-827410c2-e043-4a28-9d24-4b0ed6cff2fb ] Request (ServersNegativeTestJSON:setUpClass): 200 GET http://10.180.1.21/compute/v2.1/servers/a95b4fe6-0f57-4a90-9126-9479597a72f9 0.061s
2025-04-10 18:54:56.700 69931 INFO tempest.lib.common.rest_client [req-8998f6ce-ed58-4e5f-acd8-2ad00a419d58 req-8998f6ce-ed58-4e5f-acd8-2ad00a419d58 ] Request (ServersTestMultiNic:test_verify_duplicate_network_nics): 200 GET http://10.180.1.21/compute/v2.1/servers/6855e232-1993-4ee0-ba0b-389c414c0c35 0.113s
2025-04-10 18:54:56.723 69907 WARNING tempest.lib.common.ssh [-] Failed to establish authenticated ssh connection to cirros@10.180.180.230 ([Errno None] Unable to connect to port 22 on 10.180.180.230). Number attempts: 6. Retry after 7 seconds.: paramiko.ssh_exception.NoValidConnectionsError: [Errno None] Unable to connect to port 22 on 10.180.180.230
2025-04-10 18:54:56.739 69883 INFO tempest.lib.common.rest_client [req-1ce3c6c1-17b0-4f0d-b404-ebe5aa644340 req-1ce3c6c1-17b0-4f0d-b404-ebe5aa644340 ] Request (ImagesOneServerTestJSON:tearDownClass): 200 GET http://10.180.1.21/compute/v2.1/servers/2c2f8e89-9a01-46e1-ab53-3c80c1bff111 0.057s
2025-04-10 18:54:56.885 69903 INFO tempest.lib.common.rest_client [req-4cd26e81-84f1-401f-ac2b-390feeb61696 req-4cd26e81-84f1-401f-ac2b-390feeb61696 ] Request (ListServerFiltersTestJSON:tearDownClass): 200 GET http://10.180.1.21/compute/v2.1/servers/924afcff-8a47-448b-af63-4a6741e8231f 0.069s
2025-04-10 18:54:56.904 69898 INFO tempest.lib.common.rest_client [req-b36882f5-188e-4966-80d9-728a99946c11 req-b36882f5-188e-4966-80d9-728a99946c11 ] Request (AttachInterfacesUnderV243Test:test_add_remove_fixed_ip): 200 GET http://10.180.1.21/compute/v2.1/servers/ef0f2679-9458-4e54-a8a6-912495ac571a 0.098s
2025-04-10 18:54:56.948 69906 INFO tempest.lib.common.rest_client [req-dab675dc-a610-4ac1-abeb-845ce4736faf req-dab675dc-a610-4ac1-abeb-845ce4736faf ] Request (MigrationsAdminTest:test_resize_server_revert_deleted_flavor): 200 GET http://10.180.1.21/compute/v2.1/servers/1e4f952e-967e-40f2-b8ee-7c5d65cca843 0.072s
2025-04-10 18:54:57.025 69929 INFO tempest.lib.common.rest_client [req-13a1a75a-df03-439d-a42a-004c47a369b5 req-13a1a75a-df03-439d-a42a-004c47a369b5 ] Request (InstanceActionsV221TestJSON:test_get_list_deleted_instance_actions): 200 GET http://10.180.1.21/compute/v2.1/servers/cf59c9f3-ffa6-4ca0-b78a-94891a0d6797 0.062s
2025-04-10 18:54:57.075 69917 INFO tempest.lib.common.rest_client [req-14b4c0ed-fac2-42e7-9cdf-270ca6f45c2e req-14b4c0ed-fac2-42e7-9cdf-270ca6f45c2e ] Request (ServersTestManualDisk:setUpClass): 200 GET http://10.180.1.21/compute/v2.1/servers/ff8c6b80-405a-422a-b7d1-db785ce81cad 0.061s
2025-04-10 18:54:57.112 69939 INFO tempest.lib.common.rest_client [req-fbad822e-401a-46db-8a09-f84b293a7066 req-fbad822e-401a-46db-8a09-f84b293a7066 ] Request (ImagesTestJSON:test_create_image_from_suspended_server): 200 GET http://10.180.1.21/compute/v2.1/images/bebbd411-067e-4041-b3eb-df61b4213f32 0.062s
2025-04-10 18:54:57.135 69899 INFO tempest.lib.common.rest_client [req-86dd8e04-f5ac-45b6-aa33-e25b697c1453 req-86dd8e04-f5ac-45b6-aa33-e25b697c1453 ] Request (ServersAdminNegativeTestJSON:tearDownClass): 200 GET http://10.180.1.21/compute/v2.1/servers/e26fb71a-b6dc-44bf-9e46-26801a267235 0.126s
2025-04-10 18:54:57.171 69881 INFO tempest.lib.common.rest_client [req-7c6fca1a-7dd3-4ac4-b0f3-0166a0274e82 req-7c6fca1a-7dd3-4ac4-b0f3-0166a0274e82 ] Request (ServersAdminTestJSON:test_create_server_with_scheduling_hint): 200 GET http://10.180.1.21/compute/v2.1/servers/4a8c13e8-519f-4bfb-a095-e68adc8a3c78 0.111s
2025-04-10 18:54:57.198 69887 INFO tempest.lib.common.rest_client [req-1dd31c0e-70a9-4a35-b28a-851ea9f5dd68 req-1dd31c0e-70a9-4a35-b28a-851ea9f5dd68 ] Request (InstanceActionsTestJSON:tearDownClass): 200 GET http://10.180.1.21/compute/v2.1/servers/bcdc4882-15de-4d78-96ce-9c4da44a8492 0.078s
2025-04-10 18:54:57.223 69885 INFO tempest.lib.common.rest_client [req-c6bbb7ea-d1fa-4105-a40f-829c7793ffdc req-c6bbb7ea-d1fa-4105-a40f-829c7793ffdc ] Request (ServersAdmin275Test:_run_cleanups): 200 GET http://10.180.1.21/compute/v2.1/servers/f6cd5766-57fd-431a-a86f-b77c125a4a25 0.097s
