2025-04-10 18:55:06.134 69891 INFO tempest.common.waiters [-] State transition "BUILD/None" ==> "BUILD/block_device_mapping" after 63 second wait
2025-04-10 18:55:06.177 69881 INFO tempest.lib.common.rest_client [req-1d61c836-cb9e-4433-85fb-00c149aca238 req-1d61c836-cb9e-4433-85fb-00c149aca238 ] Request (ServersAdminTestJSON:test_create_server_with_scheduling_hint): 200 GET http://10.180.1.21/compute/v2.1/servers/4a8c13e8-519f-4bfb-a095-e68adc8a3c78 0.143s
2025-04-10 18:55:06.187 69895 INFO tempest.lib.common.rest_client [req-50506dd2-17c7-448f-bc80-395eabd1cc9e req-50506dd2-17c7-448f-bc80-395eabd1cc9e ] Request (ServerAddressesNegativeTestJSON:tearDownClass): 200 GET http://10.180.1.21/compute/v2.1/servers/67d3af1b-dc99-458b-b991-b4ecbe2c279c 0.086s
2025-04-10 18:55:06.241 69885 INFO tempest.lib.common.rest_client [req-820e0b62-aa6c-4ecc-9ca9-b2207aed755e req-820e0b62-aa6c-4ecc-9ca9-b2207aed755e ] Request (ServersAdmin275Test:tearDownClass): 200 GET http://10.180.1.21/compute/v2.1/servers/f6cd5766-57fd-431a-a86f-b77c125a4a25 0.071s
2025-04-10 18:55:06.259 69898 WARNING tempest.lib.common.ssh [-] Failed to establish authenticated ssh connection to cirros@10.180.180.253 ([Errno None] Unable to connect to port 22 on 10.180.180.253). Number attempts: 2. Retry after 3 seconds.: paramiko.ssh_exception.NoValidConnectionsError: [Errno None] Unable to connect to port 22 on 10.180.180.253
2025-04-10 18:55:06.292 69941 INFO tempest.lib.common.rest_client [req-f1a2ddb9-f135-437f-a642-0aab4206cd79 req-f1a2ddb9-f135-437f-a642-0aab4206cd79 ] Request (DeleteServersAdminTestJSON:test_delete_server_while_in_error_state): 200 GET http://10.180.1.21/compute/v2.1/servers/83604800-4d38-4f37-82c8-926cd5040050 0.070s
2025-04-10 18:55:06.292 69887 INFO tempest.lib.common.rest_client [req-9d9e5e42-e8ca-4caf-a555-c32b541b8d2d req-9d9e5e42-e8ca-4caf-a555-c32b541b8d2d ] Request (InstanceActionsTestJSON:tearDownClass): 200 GET http://10.180.1.21/compute/v2.1/servers/bcdc4882-15de-4d78-96ce-9c4da44a8492 0.051s
2025-04-10 18:55:06.342 69889 INFO tempest.lib.common.rest_client [req-fc7bd03e-b51d-4713-9d55-8b110237bb7c req-fc7bd03e-b51d-4713-9d55-8b110237bb7c ] Request (ServersNegativeTestJSON:setUpClass): 200 GET http://10.180.1.21/compute/v2.1/servers/a95b4fe6-0f57-4a90-9126-9479597a72f9 0.075s
2025-04-10 18:55:06.362 69939 INFO tempest.lib.common.rest_client [req-9fadeea7-1df4-495e-acf6-dcbedee8b5d4 req-9fadeea7-1df4-495e-acf6-dcbedee8b5d4 ] Request (ImagesTestJSON:test_create_server_from_snapshot): 200 GET http://10.180.1.21/compute/v2.1/servers/7e784175-349c-48f9-ba4c-b083d408d091 0.051s
2025-04-10 18:55:06.419 69883 INFO tempest.lib.common.rest_client [req-186e36b1-a852-4f23-a76e-85681048e044 req-186e36b1-a852-4f23-a76e-85681048e044 ] Request (ImagesOneServerTestJSON:tearDownClass): 200 GET http://10.180.1.21/compute/v2.1/servers/2c2f8e89-9a01-46e1-ab53-3c80c1bff111 0.056s
2025-04-10 18:55:06.452 69915 INFO tempest.lib.common.rest_client [req-03ec7dba-31b2-4182-8d6a-41b8c6937e45 req-03ec7dba-31b2-4182-8d6a-41b8c6937e45 ] Request (InstanceActionsNegativeTestJSON:setUpClass): 200 GET http://10.180.1.21/compute/v2.1/servers/84ce5421-9dcf-43c1-af2f-a6c2e81bcaeb 0.112s
2025-04-10 18:55:06.529 69906 INFO tempest.lib.common.rest_client [req-75305fea-1b0c-4bde-a7a6-59dd4554f460 req-75305fea-1b0c-4bde-a7a6-59dd4554f460 ] Request (MigrationsAdminTest:test_resize_server_revert_deleted_flavor): 200 GET http://10.180.1.21/compute/v2.1/servers/1e4f952e-967e-40f2-b8ee-7c5d65cca843 0.052s
2025-04-10 18:55:06.925 69903 INFO tempest.lib.common.rest_client [req-04280658-9f85-440c-ba13-c547ec93568c req-04280658-9f85-440c-ba13-c547ec93568c ] Request (ListServerFiltersTestJSON:tearDownClass): 200 GET http://10.180.1.21/compute/v2.1/servers/c063eb35-0bc0-4253-8e24-d8303a0ecab3 0.058s
2025-04-10 18:55:07.014 69899 INFO tempest.lib.common.rest_client [req-81ac7b96-559c-42ee-8cce-3cc334468371 req-81ac7b96-559c-42ee-8cce-3cc334468371 ] Request (ServersAdminNegativeTestJSON:tearDownClass): 200 GET http://10.180.1.21/compute/v2.1/servers/e26fb71a-b6dc-44bf-9e46-26801a267235 0.058s
2025-04-10 18:55:07.061 69917 INFO tempest.lib.common.rest_client [req-68840612-98dc-42e0-8d6e-94fc3897922a req-68840612-98dc-42e0-8d6e-94fc3897922a ] Request (ServersTestManualDisk:setUpClass): 200 GET http://10.180.1.21/compute/v2.1/servers/ff8c6b80-405a-422a-b7d1-db785ce81cad 0.046s
2025-04-10 18:55:07.079 69929 INFO tempest.lib.common.rest_client [req-352208dd-eb49-4714-9123-b0bdd0ea47a0 req-352208dd-eb49-4714-9123-b0bdd0ea47a0 ] Request (InstanceActionsV221TestJSON:test_get_list_deleted_instance_actions): 404 GET http://10.180.1.21/compute/v2.1/servers/cf59c9f3-ffa6-4ca0-b78a-94891a0d6797 0.053s
2025-04-10 18:55:07.097 69931 INFO tempest.lib.common.rest_client [req-59b7c768-a4bf-4843-98ca-7aa1585bf382 req-59b7c768-a4bf-4843-98ca-7aa1585bf382 ] Request (ServersTestMultiNic:test_verify_duplicate_network_nics): 200 GET http://10.180.1.21/compute/v2.1/servers/6855e232-1993-4ee0-ba0b-389c414c0c35 0.152s
2025-04-10 18:55:07.104 69931 INFO tempest.common.waiters [-] State transition "BUILD/spawning" ==> "ACTIVE/None" after 71 second wait
2025-04-10 18:55:07.122 69879 INFO tempest.lib.common.rest_client [req-c5ad3536-b55d-49e0-a83b-f9831a3ea357 req-c5ad3536-b55d-49e0-a83b-f9831a3ea357 ] Request (DeleteServersTestJSON:test_delete_server_while_in_attached_volume): 200 GET http://10.180.1.21/compute/v2.1/servers/11493be3-6237-456e-a4d9-921223b7d66d 0.043s
2025-04-10 18:55:07.143 69929 INFO tempest.lib.common.rest_client [req-dbd387d4-16cb-46fa-bfaa-f421b64081a5 req-dbd387d4-16cb-46fa-bfaa-f421b64081a5 ] Request (InstanceActionsV221TestJSON:test_get_list_deleted_instance_actions): 200 GET http://10.180.1.21/compute/v2.1/servers/cf59c9f3-ffa6-4ca0-b78a-94891a0d6797/os-instance-actions 0.064s
2025-04-10 18:55:07.146 69931 INFO tempest.lib.common.rest_client [req-43d88a42-43e0-4fee-bb3b-84df8d50662d req-43d88a42-43e0-4fee-bb3b-84df8d50662d ] Request (ServersTestMultiNic:test_verify_duplicate_network_nics): 200 GET http://10.180.1.21/compute/v2.1/servers/6855e232-1993-4ee0-ba0b-389c414c0c35/ips 0.041s
2025-04-10 18:55:07.168 69929 INFO tempest.lib.common.rest_client [req-665aa994-7cfd-4e63-b4c5-c71b0005e808 req-665aa994-7cfd-4e63-b4c5-c71b0005e808 ] Request (InstanceActionsV221TestJSON:tearDownClass): 404 DELETE http://10.180.1.21/compute/v2.1/servers/cf59c9f3-ffa6-4ca0-b78a-94891a0d6797 0.021s
2025-04-10 18:55:07.228 69891 INFO tempest.lib.common.rest_client [req-9927221a-f580-4665-8e33-d32c1f695e02 req-9927221a-f580-4665-8e33-d32c1f695e02 ] Request (FloatingIPsAssociationTestJSON:test_associate_already_associated_floating_ip): 200 GET http://10.180.1.21/compute/v2.1/servers/41f5dbe2-486a-4c8f-ad59-0ab702e502ff 0.092s
2025-04-10 18:55:07.235 69891 INFO tempest.common.waiters [-] State transition "BUILD/block_device_mapping" ==> "BUILD/spawning" after 64 second wait
2025-04-10 18:55:07.236 69931 INFO tempest.lib.common.rest_client [req-ae754f57-c127-4e22-a3eb-4ef7c7c94440 req-ae754f57-c127-4e22-a3eb-4ef7c7c94440 ] Request (ServersTestMultiNic:_run_cleanups): 204 DELETE http://10.180.1.21/compute/v2.1/servers/6855e232-1993-4ee0-ba0b-389c414c0c35 0.088s
2025-04-10 18:55:07.249 69929 INFO tempest.lib.common.rest_client [req-702fd986-33fa-4019-9692-2803a2eacaea req-702fd986-33fa-4019-9692-2803a2eacaea ] Request (InstanceActionsV221TestJSON:tearDownClass): 404 GET http://10.180.1.21/compute/v2.1/servers/cf59c9f3-ffa6-4ca0-b78a-94891a0d6797 0.081s
2025-04-10 18:55:07.282 69907 WARNING tempest.lib.common.ssh [-] Failed to establish authenticated ssh connection to cirros@10.180.180.230 ([Errno None] Unable to connect to port 22 on 10.180.180.230). Number attempts: 7. Retry after 8 seconds.: paramiko.ssh_exception.NoValidConnectionsError: [Errno None] Unable to connect to port 22 on 10.180.180.230
2025-04-10 18:55:07.310 69895 INFO tempest.lib.common.rest_client [req-8c10f535-6f0b-4bd8-8503-3673b80c2017 req-8c10f535-6f0b-4bd8-8503-3673b80c2017 ] Request (ServerAddressesNegativeTestJSON:tearDownClass): 200 GET http://10.180.1.21/compute/v2.1/servers/67d3af1b-dc99-458b-b991-b4ecbe2c279c 0.115s
2025-04-10 18:55:07.355 69881 INFO tempest.lib.common.rest_client [req-9ef6087b-88d4-4d9e-a898-0a8e104ba91f req-9ef6087b-88d4-4d9e-a898-0a8e104ba91f ] Request (ServersAdminTestJSON:test_create_server_with_scheduling_hint): 200 GET http://10.180.1.21/compute/v2.1/servers/4a8c13e8-519f-4bfb-a095-e68adc8a3c78 0.165s
2025-04-10 18:55:07.419 69885 INFO tempest.lib.common.rest_client [req-f613467a-27f8-479f-a8fb-058b9af9feaa req-f613467a-27f8-479f-a8fb-058b9af9feaa ] Request (ServersAdmin275Test:tearDownClass): 200 GET http://10.180.1.21/compute/v2.1/servers/f6cd5766-57fd-431a-a86f-b77c125a4a25 0.168s
2025-04-10 18:55:07.427 69931 INFO tempest.lib.common.rest_client [req-20ce6b71-bb51-4c1e-aa79-7c4c0346c005 req-20ce6b71-bb51-4c1e-aa79-7c4c0346c005 ] Request (ServersTestMultiNic:_run_cleanups): 200 GET http://10.180.1.21/compute/v2.1/servers/6855e232-1993-4ee0-ba0b-389c414c0c35 0.190s
2025-04-10 18:55:07.478 69887 INFO tempest.lib.common.rest_client [req-514cd443-abf9-4925-92bf-c6595f4da189 req-514cd443-abf9-4925-92bf-c6595f4da189 ] Request (InstanceActionsTestJSON:tearDownClass): 200 GET http://10.180.1.21/compute/v2.1/servers/bcdc4882-15de-4d78-96ce-9c4da44a8492 0.179s
2025-04-10 18:55:07.499 69941 INFO tempest.lib.common.rest_client [req-6d05223b-1fe8-4a3c-bcca-1624137aba0f req-6d05223b-1fe8-4a3c-bcca-1624137aba0f ] Request (DeleteServersAdminTestJSON:test_delete_server_while_in_error_state): 200 GET http://10.180.1.21/compute/v2.1/servers/83604800-4d38-4f37-82c8-926cd5040050 0.199s
2025-04-10 18:55:07.533 69889 INFO tempest.lib.common.rest_client [req-df8ed5c6-7dfc-4d58-9a1c-71137bb65b2c req-df8ed5c6-7dfc-4d58-9a1c-71137bb65b2c ] Request (ServersNegativeTestJSON:setUpClass): 200 GET http://10.180.1.21/compute/v2.1/servers/a95b4fe6-0f57-4a90-9126-9479597a72f9 0.182s
2025-04-10 18:55:07.590 69939 INFO tempest.lib.common.rest_client [req-b5d81369-11eb-407e-bf08-bedb525d19fd req-b5d81369-11eb-407e-bf08-bedb525d19fd ] Request (ImagesTestJSON:test_create_server_from_snapshot): 200 GET http://10.180.1.21/compute/v2.1/servers/7e784175-349c-48f9-ba4c-b083d408d091 0.219s
2025-04-10 18:55:07.600 69883 INFO tempest.lib.common.rest_client [req-be609552-b199-445f-8fff-ab877131fe53 req-be609552-b199-445f-8fff-ab877131fe53 ] Request (ImagesOneServerTestJSON:tearDownClass): 200 GET http://10.180.1.21/compute/v2.1/servers/2c2f8e89-9a01-46e1-ab53-3c80c1bff111 0.173s
2025-04-10 18:55:07.650 69906 INFO tempest.lib.common.rest_client [req-dd0ff45c-a429-4c94-948b-f057f6a3fa72 req-dd0ff45c-a429-4c94-948b-f057f6a3fa72 ] Request (MigrationsAdminTest:test_resize_server_revert_deleted_flavor): 200 GET http://10.180.1.21/compute/v2.1/servers/1e4f952e-967e-40f2-b8ee-7c5d65cca843 0.111s
2025-04-10 18:55:07.717 69915 INFO tempest.lib.common.rest_client [req-b777e91e-2bc4-41ca-831e-c301bf3d5b8e req-b777e91e-2bc4-41ca-831e-c301bf3d5b8e ] Request (InstanceActionsNegativeTestJSON:setUpClass): 200 GET http://10.180.1.21/compute/v2.1/servers/84ce5421-9dcf-43c1-af2f-a6c2e81bcaeb 0.256s
2025-04-10 18:55:07.846 69927 WARNING tempest.lib.common.ssh [-] Failed to establish authenticated ssh connection to cirros@10.180.180.233 ([Errno None] Unable to connect to port 22 on 10.180.180.233). Number attempts: 10. Retry after 11 seconds.: paramiko.ssh_exception.NoValidConnectionsError: [Errno None] Unable to connect to port 22 on 10.180.180.233
2025-04-10 18:55:08.006 69903 INFO tempest.lib.common.rest_client [req-87671ad5-5e70-4c9c-a498-e59e238728de req-87671ad5-5e70-4c9c-a498-e59e238728de ] Request (ListServerFiltersTestJSON:tearDownClass): 200 GET http://10.180.1.21/compute/v2.1/servers/c063eb35-0bc0-4253-8e24-d8303a0ecab3 0.074s
2025-04-10 18:55:08.013 69903 INFO tempest.common.waiters [-] State transition "ACTIVE/deleting" ==> "DELETED/None" after 5 second wait
2025-04-10 18:55:08.057 69929 INFO tempest.lib.common.rest_client [req-1688df11-c92d-4825-ba04-c0d2d25091dd req-1688df11-c92d-4825-ba04-c0d2d25091dd ] Request (InstanceActionsV221TestJSON:tearDownClass): 200 PUT http://10.180.1.21:9696/networking/v2.0/routers/c9714acf-e0cb-4607-b145-bcadc27cca8f/remove_router_interface 0.807s
2025-04-10 18:55:08.091 69899 INFO tempest.lib.common.rest_client [req-9873c6d8-f3d9-469c-9fa3-47b767a035ac req-9873c6d8-f3d9-469c-9fa3-47b767a035ac ] Request (ServersAdminNegativeTestJSON:tearDownClass): 200 GET http://10.180.1.21/compute/v2.1/servers/e26fb71a-b6dc-44bf-9e46-26801a267235 0.067s
2025-04-10 18:55:08.132 69917 INFO tempest.lib.common.rest_client [req-ce88d671-d4fe-4e79-bdb1-56288bdec439 req-ce88d671-d4fe-4e79-bdb1-56288bdec439 ] Request (ServersTestManualDisk:setUpClass): 200 GET http://10.180.1.21/compute/v2.1/servers/ff8c6b80-405a-422a-b7d1-db785ce81cad 0.059s
2025-04-10 18:55:08.191 69879 INFO tempest.lib.common.rest_client [req-f455827e-a977-43f9-b153-9ab9219857bc req-f455827e-a977-43f9-b153-9ab9219857bc ] Request (DeleteServersTestJSON:test_delete_server_while_in_attached_volume): 200 GET http://10.180.1.21/compute/v2.1/servers/11493be3-6237-456e-a4d9-921223b7d66d 0.059s
2025-04-10 18:55:08.338 69891 INFO tempest.lib.common.rest_client [req-ebf2833f-b75f-4de6-84c0-ffc8c05e9070 req-ebf2833f-b75f-4de6-84c0-ffc8c05e9070 ] Request (FloatingIPsAssociationTestJSON:test_associate_already_associated_floating_ip): 200 GET http://10.180.1.21/compute/v2.1/servers/41f5dbe2-486a-4c8f-ad59-0ab702e502ff 0.102s
2025-04-10 18:55:08.391 69895 INFO tempest.lib.common.rest_client [req-116c706f-8e24-4933-9deb-57572c68cfc4 req-116c706f-8e24-4933-9deb-57572c68cfc4 ] Request (ServerAddressesNegativeTestJSON:tearDownClass): 200 GET http://10.180.1.21/compute/v2.1/servers/67d3af1b-dc99-458b-b991-b4ecbe2c279c 0.074s
2025-04-10 18:55:08.451 69929 INFO tempest.lib.common.rest_client [req-be57435d-3408-4f6a-a039-099e320fbe19 req-be57435d-3408-4f6a-a039-099e320fbe19 ] Request (InstanceActionsV221TestJSON:tearDownClass): 204 DELETE http://10.180.1.21:9696/networking/v2.0/routers/c9714acf-e0cb-4607-b145-bcadc27cca8f 0.393s
2025-04-10 18:55:08.473 69881 INFO tempest.lib.common.rest_client [req-a5b989d8-5085-45d0-b687-00a381c43603 req-a5b989d8-5085-45d0-b687-00a381c43603 ] Request (ServersAdminTestJSON:test_create_server_with_scheduling_hint): 200 GET http://10.180.1.21/compute/v2.1/servers/4a8c13e8-519f-4bfb-a095-e68adc8a3c78 0.107s
2025-04-10 18:55:08.517 69885 INFO tempest.lib.common.rest_client [req-9dccf93c-44e3-4f25-aae8-4eccb40ae9e4 req-9dccf93c-44e3-4f25-aae8-4eccb40ae9e4 ] Request (ServersAdmin275Test:tearDownClass): 200 GET http://10.180.1.21/compute/v2.1/servers/f6cd5766-57fd-431a-a86f-b77c125a4a25 0.088s
2025-04-10 18:55:08.573 69887 INFO tempest.lib.common.rest_client [req-06f76f35-69cb-4803-b89c-44b2999e291d req-06f76f35-69cb-4803-b89c-44b2999e291d ] Request (InstanceActionsTestJSON:tearDownClass): 200 GET http://10.180.1.21/compute/v2.1/servers/bcdc4882-15de-4d78-96ce-9c4da44a8492 0.087s
2025-04-10 18:55:08.587 69929 INFO tempest.lib.common.rest_client [req-bf044d5f-389e-4bc5-8abd-2f1eede665fe req-bf044d5f-389e-4bc5-8abd-2f1eede665fe ] Request (InstanceActionsV221TestJSON:tearDownClass): 204 DELETE http://10.180.1.21:9696/networking/v2.0/subnets/2c97dc42-f9f0-4345-992e-846ee65a04f6 0.135s
2025-04-10 18:55:08.609 69931 INFO tempest.lib.common.rest_client [req-79c931b8-9208-4f3f-8551-1636476d837e req-79c931b8-9208-4f3f-8551-1636476d837e ] Request (ServersTestMultiNic:_run_cleanups): 200 GET http://10.180.1.21/compute/v2.1/servers/6855e232-1993-4ee0-ba0b-389c414c0c35 0.171s
2025-04-10 18:55:08.634 69941 INFO tempest.lib.common.rest_client [req-2fb865c4-f19f-40d1-b306-3a2b6c112b6b req-2fb865c4-f19f-40d1-b306-3a2b6c112b6b ] Request (DeleteServersAdminTestJSON:test_delete_server_while_in_error_state): 200 GET http://10.180.1.21/compute/v2.1/servers/83604800-4d38-4f37-82c8-926cd5040050 0.126s
2025-04-10 18:55:08.672 69889 INFO tempest.lib.common.rest_client [req-998df5e6-66dc-4d95-9086-95310e47131b req-998df5e6-66dc-4d95-9086-95310e47131b ] Request (ServersNegativeTestJSON:setUpClass): 200 GET http://10.180.1.21/compute/v2.1/servers/a95b4fe6-0f57-4a90-9126-9479597a72f9 0.128s
2025-04-10 18:55:08.691 69939 INFO tempest.lib.common.rest_client [req-0de2a433-4f0f-4664-a098-bb636c08d7c8 req-0de2a433-4f0f-4664-a098-bb636c08d7c8 ] Request (ImagesTestJSON:test_create_server_from_snapshot): 200 GET http://10.180.1.21/compute/v2.1/servers/7e784175-349c-48f9-ba4c-b083d408d091 0.092s
2025-04-10 18:55:08.731 69883 INFO tempest.lib.common.rest_client [req-adf3ec03-d047-4bdb-b301-b198422908f1 req-adf3ec03-d047-4bdb-b301-b198422908f1 ] Request (ImagesOneServerTestJSON:tearDownClass): 200 GET http://10.180.1.21/compute/v2.1/servers/2c2f8e89-9a01-46e1-ab53-3c80c1bff111 0.124s
2025-04-10 18:55:08.748 69906 INFO tempest.lib.common.rest_client [req-3600a694-6cd2-4b2b-990f-98638fbea740 req-3600a694-6cd2-4b2b-990f-98638fbea740 ] Request (MigrationsAdminTest:test_resize_server_revert_deleted_flavor): 200 GET http://10.180.1.21/compute/v2.1/servers/1e4f952e-967e-40f2-b8ee-7c5d65cca843 0.091s
2025-04-10 18:55:08.814 69915 INFO tempest.lib.common.rest_client [req-fd112c16-f25c-456a-b6c9-c8f9ed2115e4 req-fd112c16-f25c-456a-b6c9-c8f9ed2115e4 ] Request (InstanceActionsNegativeTestJSON:setUpClass): 200 GET http://10.180.1.21/compute/v2.1/servers/84ce5421-9dcf-43c1-af2f-a6c2e81bcaeb 0.089s
2025-04-10 18:55:08.876 69929 INFO tempest.lib.common.rest_client [req-45cad946-bd2f-4b59-a2fa-050f8815bfd5 req-45cad946-bd2f-4b59-a2fa-050f8815bfd5 ] Request (InstanceActionsV221TestJSON:tearDownClass): 204 DELETE http://10.180.1.21:9696/networking/v2.0/networks/acecf19a-4704-4930-b42d-2f729e6d34f6 0.289s
2025-04-10 18:55:08.973 69929 INFO tempest.lib.common.rest_client [req-a93abbbe-1e4d-455a-b8ba-698fe2024af9 req-a93abbbe-1e4d-455a-b8ba-698fe2024af9 ] Request (InstanceActionsV221TestJSON:tearDownClass): 204 DELETE http://10.180.1.21/identity/v3/users/8c3b4a182dcd4e018b54ea770996fa46 0.097s
2025-04-10 18:55:08.973 69929 INFO tempest.lib.common.dynamic_creds [-] Deleting project and security group for project: cde42babd2d04a1dab77c6b4ec19e925
2025-04-10 18:55:09.003 69929 INFO tempest.lib.common.rest_client [req-a85ec769-fe6a-4b2b-9730-c57be0eb7625 req-a85ec769-fe6a-4b2b-9730-c57be0eb7625 ] Request (InstanceActionsV221TestJSON:tearDownClass): 200 GET http://10.180.1.21:9696/networking/v2.0/security-groups?tenant_id=cde42babd2d04a1dab77c6b4ec19e925&name=default 0.029s
2025-04-10 18:55:09.082 69903 INFO tempest.lib.common.rest_client [req-38cdb43f-6391-40cf-b900-4a67bab56c8b req-38cdb43f-6391-40cf-b900-4a67bab56c8b ] Request (ListServerFiltersTestJSON:tearDownClass): 200 GET http://10.180.1.21/compute/v2.1/servers/c063eb35-0bc0-4253-8e24-d8303a0ecab3 0.068s
2025-04-10 18:55:09.088 69929 INFO tempest.lib.common.rest_client [req-403d1ef1-910b-43e8-8dd8-447e6d452a60 req-403d1ef1-910b-43e8-8dd8-447e6d452a60 ] Request (InstanceActionsV221TestJSON:tearDownClass): 204 DELETE http://10.180.1.21:9696/networking/v2.0/security-groups/4310907e-5d3b-4d23-bf80-044d82687731 0.084s
2025-04-10 18:55:09.159 69899 INFO tempest.lib.common.rest_client [req-f03091e1-cba9-4f2d-b464-14a26f140e9a req-f03091e1-cba9-4f2d-b464-14a26f140e9a ] Request (ServersAdminNegativeTestJSON:tearDownClass): 200 GET http://10.180.1.21/compute/v2.1/servers/e26fb71a-b6dc-44bf-9e46-26801a267235 0.055s
2025-04-10 18:55:09.166 69929 INFO tempest.lib.common.rest_client [req-1a30c046-e412-4afd-9c41-b38543e57196 req-1a30c046-e412-4afd-9c41-b38543e57196 ] Request (InstanceActionsV221TestJSON:tearDownClass): 204 DELETE http://10.180.1.21/identity/v3/projects/cde42babd2d04a1dab77c6b4ec19e925 0.078s
2025-04-10 18:55:09.167 69929 INFO tempest.test [-] raised in ServerStableDeviceRescueTestIDE.setUpClass. Invoking tearDownClass.
2025-04-10 18:55:09.194 69917 INFO tempest.lib.common.rest_client [req-a3bf96e9-1838-4eb6-b2e8-2d08b5baf736 req-a3bf96e9-1838-4eb6-b2e8-2d08b5baf736 ] Request (ServersTestManualDisk:setUpClass): 200 GET http://10.180.1.21/compute/v2.1/servers/ff8c6b80-405a-422a-b7d1-db785ce81cad 0.053s
2025-04-10 18:55:09.224 69929 INFO tempest.lib.common.rest_client [req-fc9b9d0c-805a-45ea-a24b-cdf4c76fbbe0 req-fc9b9d0c-805a-45ea-a24b-cdf4c76fbbe0 ] Request (AttachVolumeNegativeTest:setUpClass): 201 POST http://10.180.1.21/identity/v3/auth/tokens 0.055s
2025-04-10 18:55:09.251 69879 INFO tempest.lib.common.rest_client [req-9d083fd2-f3bf-4d5d-b0c0-098e9a089329 req-9d083fd2-f3bf-4d5d-b0c0-098e9a089329 ] Request (DeleteServersTestJSON:test_delete_server_while_in_attached_volume): 200 GET http://10.180.1.21/compute/v2.1/servers/11493be3-6237-456e-a4d9-921223b7d66d 0.049s
2025-04-10 18:55:09.252 69929 INFO tempest.lib.common.rest_client [req-0cfa1248-bd0d-440f-8d67-6a6fb6e8cc87 req-0cfa1248-bd0d-440f-8d67-6a6fb6e8cc87 ] Request (AttachVolumeNegativeTest:setUpClass): 201 POST http://10.180.1.21/identity/v3/auth/tokens 0.026s
2025-04-10 18:55:09.276 69929 INFO tempest.lib.common.rest_client [req-ea304aaa-bb4c-4fe7-a9bc-f4deedabdf64 req-ea304aaa-bb4c-4fe7-a9bc-f4deedabdf64 ] Request (AttachVolumeNegativeTest:setUpClass): 200 GET http://10.180.1.21/identity/v3/domains?name=Default 0.023s
2025-04-10 18:55:09.305 69929 INFO tempest.lib.common.rest_client [req-af4f7ead-badc-4ffc-9d6e-5e1e38bd7850 req-af4f7ead-badc-4ffc-9d6e-5e1e38bd7850 ] Request (AttachVolumeNegativeTest:setUpClass): 201 POST http://10.180.1.21/identity/v3/projects 0.028s
2025-04-10 18:55:09.359 69929 INFO tempest.lib.common.rest_client [req-168af9f2-19cd-4b0c-b9e9-613bb7e55a2a req-168af9f2-19cd-4b0c-b9e9-613bb7e55a2a ] Request (AttachVolumeNegativeTest:setUpClass): 201 POST http://10.180.1.21/identity/v3/users 0.054s
2025-04-10 18:55:09.382 69929 INFO tempest.lib.common.rest_client [req-570a4ada-1211-48d0-8a87-e5ff02b85906 req-570a4ada-1211-48d0-8a87-e5ff02b85906 ] Request (AttachVolumeNegativeTest:setUpClass): 200 GET http://10.180.1.21/identity/v3/roles 0.022s
2025-04-10 18:55:09.410 69929 INFO tempest.lib.common.rest_client [req-05aeab83-1199-41bd-a377-ae715590fd6f req-05aeab83-1199-41bd-a377-ae715590fd6f ] Request (AttachVolumeNegativeTest:setUpClass): 204 PUT http://10.180.1.21/identity/v3/projects/3c6ee90d46c34192a27685289adf1bcf/users/ca023bb70f624ca285cc0c6a41897dbc/roles/181822b11d6e443b865727d2d1c8303a 0.027s
2025-04-10 18:55:09.410 69929 INFO tempest.lib.common.dynamic_creds [-] Dynamic test user ca023bb70f624ca285cc0c6a41897dbc is created with scope project and roles: ['member']
2025-04-10 18:55:09.410 69929 INFO tempest.lib.common.dynamic_creds [-] Acquired dynamic creds: credentials: Credentials: {'domain_id': 'default', 'domain_name': 'Default', 'username': 'tempest-AttachVolumeNegativeTest-776174397-project-member', 'project_domain_id': 'default', 'project_domain_name': 'Default', 'project_id': '3c6ee90d46c34192a27685289adf1bcf', 'project_name': 'tempest-AttachVolumeNegativeTest-776174397', 'tenant_id': '3c6ee90d46c34192a27685289adf1bcf', 'tenant_name': 'tempest-AttachVolumeNegativeTest-776174397', 'user_domain_id': 'default', 'user_domain_name': 'Default', 'user_id': 'ca023bb70f624ca285cc0c6a41897dbc', 'system': None}, Network: None, Subnet: None, Router: None
2025-04-10 18:55:09.440 69891 INFO tempest.lib.common.rest_client [req-ef71f208-f1e9-41a1-880b-35d69da2d7c8 req-ef71f208-f1e9-41a1-880b-35d69da2d7c8 ] Request (FloatingIPsAssociationTestJSON:test_associate_already_associated_floating_ip): 200 GET http://10.180.1.21/compute/v2.1/servers/41f5dbe2-486a-4c8f-ad59-0ab702e502ff 0.093s
2025-04-10 18:55:09.465 69929 INFO tempest.lib.common.rest_client [req-8025e88d-7ab0-451e-881b-664d8fe9a85a req-8025e88d-7ab0-451e-881b-664d8fe9a85a ] Request (AttachVolumeNegativeTest:setUpClass): 201 POST http://10.180.1.21/identity/v3/auth/tokens 0.055s
2025-04-10 18:55:09.467 69895 INFO tempest.lib.common.rest_client [req-727cb939-153c-4f4a-94b9-794a1acff6ac req-727cb939-153c-4f4a-94b9-794a1acff6ac ] Request (ServerAddressesNegativeTestJSON:tearDownClass): 200 GET http://10.180.1.21/compute/v2.1/servers/67d3af1b-dc99-458b-b991-b4ecbe2c279c 0.066s
2025-04-10 18:55:09.598 69885 INFO tempest.lib.common.rest_client [req-a9670236-691d-4df2-9e79-4ce347ee606b req-a9670236-691d-4df2-9e79-4ce347ee606b ] Request (ServersAdmin275Test:tearDownClass): 200 GET http://10.180.1.21/compute/v2.1/servers/f6cd5766-57fd-431a-a86f-b77c125a4a25 0.070s
2025-04-10 18:55:09.646 69887 INFO tempest.lib.common.rest_client [req-a90f4e73-e52f-43d6-81b1-caaae46e1d46 req-a90f4e73-e52f-43d6-81b1-caaae46e1d46 ] Request (InstanceActionsTestJSON:tearDownClass): 404 GET http://10.180.1.21/compute/v2.1/servers/bcdc4882-15de-4d78-96ce-9c4da44a8492 0.066s
2025-04-10 18:55:09.652 69881 INFO tempest.lib.common.rest_client [req-f974d3f0-cc34-475a-ad21-3c15bf711deb req-f974d3f0-cc34-475a-ad21-3c15bf711deb ] Request (ServersAdminTestJSON:test_create_server_with_scheduling_hint): 200 GET http://10.180.1.21/compute/v2.1/servers/4a8c13e8-519f-4bfb-a095-e68adc8a3c78 0.169s
2025-04-10 18:55:09.661 69881 INFO tempest.common.waiters [-] State transition "BUILD/spawning" ==> "ACTIVE/None" after 69 second wait
2025-04-10 18:55:09.725 69941 INFO tempest.lib.common.rest_client [req-881d2e90-f11e-4b9c-9577-cea7293d5937 req-881d2e90-f11e-4b9c-9577-cea7293d5937 ] Request (DeleteServersAdminTestJSON:test_delete_server_while_in_error_state): 200 GET http://10.180.1.21/compute/v2.1/servers/83604800-4d38-4f37-82c8-926cd5040050 0.080s
2025-04-10 18:55:09.729 69881 INFO tempest.lib.common.rest_client [req-4ef99f09-daea-43fc-8161-ee749377321b req-4ef99f09-daea-43fc-8161-ee749377321b ] Request (ServersAdminTestJSON:test_inject_network_info): 201 POST http://10.180.1.21/identity/v3/auth/tokens 0.061s
2025-04-10 18:55:09.730 69881 INFO tempest.lib.common.fixed_network [-] (ServersAdminTestJSON:test_inject_network_info) Found network {'id': '9f487548-e8d5-4f41-b8cc-678727e70001', 'name': 'tempest-ServersAdminTestJSON-121964840-network', 'tenant_id': '0b4c3383ae7a4e518523b61bbab1b0e9', 'admin_state_up': True, 'mtu': 8950, 'status': 'ACTIVE', 'subnets': [], 'shared': False, 'project_id': '0b4c3383ae7a4e518523b61bbab1b0e9', 'port_security_enabled': True, 'router:external': False, 'provider:network_type': 'vlan', 'provider:physical_network': 'default', 'provider:segmentation_id': 257, 'availability_zone_hints': [], 'availability_zones': [], 'ipv4_address_scope': None, 'ipv6_address_scope': None, 'description': '', 'tags': [], 'created_at': '2025-04-10T18:52:49Z', 'updated_at': '2025-04-10T18:52:49Z', 'revision_number': 1} available for tenant
2025-04-10 18:55:09.751 69929 INFO tempest.lib.common.rest_client [req-5393db1c-94d2-4d05-aba8-e177b226452a req-5393db1c-94d2-4d05-aba8-e177b226452a ] Request (AttachVolumeNegativeTest:setUpClass): 201 POST http://10.180.1.21:9696/networking/v2.0/networks 0.285s
2025-04-10 18:55:09.783 69889 INFO tempest.lib.common.rest_client [req-ea0c8cd0-3df6-4dd3-8913-31248e309d3a req-ea0c8cd0-3df6-4dd3-8913-31248e309d3a ] Request (ServersNegativeTestJSON:setUpClass): 200 GET http://10.180.1.21/compute/v2.1/servers/a95b4fe6-0f57-4a90-9126-9479597a72f9 0.101s
2025-04-10 18:55:09.843 69931 INFO tempest.lib.common.rest_client [req-5cd742e7-6a36-4a47-aca7-e7d5fea03217 req-5cd742e7-6a36-4a47-aca7-e7d5fea03217 ] Request (ServersTestMultiNic:_run_cleanups): 200 GET http://10.180.1.21/compute/v2.1/servers/6855e232-1993-4ee0-ba0b-389c414c0c35 0.218s
2025-04-10 18:55:09.854 69939 INFO tempest.lib.common.rest_client [req-6a4ccc53-ca47-49cd-92a9-1f5fdb12fbaa req-6a4ccc53-ca47-49cd-92a9-1f5fdb12fbaa ] Request (ImagesTestJSON:test_create_server_from_snapshot): 200 GET http://10.180.1.21/compute/v2.1/servers/7e784175-349c-48f9-ba4c-b083d408d091 0.155s
2025-04-10 18:55:09.915 69883 INFO tempest.lib.common.rest_client [req-3327316c-25a5-4128-9739-7d4d1fcf3f54 req-3327316c-25a5-4128-9739-7d4d1fcf3f54 ] Request (ImagesOneServerTestJSON:tearDownClass): 200 GET http://10.180.1.21/compute/v2.1/servers/2c2f8e89-9a01-46e1-ab53-3c80c1bff111 0.172s
2025-04-10 18:55:09.954 69929 INFO tempest.lib.common.rest_client [req-c978f856-be05-4a05-921c-4a679c9bfa05 req-c978f856-be05-4a05-921c-4a679c9bfa05 ] Request (AttachVolumeNegativeTest:setUpClass): 201 POST http://10.180.1.21:9696/networking/v2.0/subnets 0.202s
2025-04-10 18:55:09.988 69906 INFO tempest.lib.common.rest_client [req-96030131-d93f-4eb0-a824-abb531826b83 req-96030131-d93f-4eb0-a824-abb531826b83 ] Request (MigrationsAdminTest:test_resize_server_revert_deleted_flavor): 200 GET http://10.180.1.21/compute/v2.1/servers/1e4f952e-967e-40f2-b8ee-7c5d65cca843 0.225s
2025-04-10 18:55:10.131 69915 INFO tempest.lib.common.rest_client [req-a6032fea-8dee-4f4c-aa8f-e2771548d38d req-a6032fea-8dee-4f4c-aa8f-e2771548d38d ] Request (InstanceActionsNegativeTestJSON:setUpClass): 200 GET http://10.180.1.21/compute/v2.1/servers/84ce5421-9dcf-43c1-af2f-a6c2e81bcaeb 0.309s
2025-04-10 18:55:10.144 69915 INFO tempest.common.waiters [-] State transition "BUILD/spawning" ==> "ACTIVE/None" after 69 second wait
2025-04-10 18:55:10.212 69903 INFO tempest.lib.common.rest_client [req-071e13a7-06d9-477b-a754-aa70d83e012f req-071e13a7-06d9-477b-a754-aa70d83e012f ] Request (ListServerFiltersTestJSON:tearDownClass): 200 GET http://10.180.1.21/compute/v2.1/servers/c063eb35-0bc0-4253-8e24-d8303a0ecab3 0.122s
2025-04-10 18:55:10.240 69915 INFO tempest.lib.common.rest_client [req-c4159c35-11c4-4340-9cff-da9cf1a90e6a req-c4159c35-11c4-4340-9cff-da9cf1a90e6a ] Request (InstanceActionsNegativeTestJSON:test_get_instance_action_invalid_request): 404 GET http://10.180.1.21/compute/v2.1/servers/84ce5421-9dcf-43c1-af2f-a6c2e81bcaeb/os-instance-actions/999 0.096s
2025-04-10 18:55:10.311 69899 INFO tempest.lib.common.rest_client [req-34540199-148f-497b-a3f3-b514d138af7c req-34540199-148f-497b-a3f3-b514d138af7c ] Request (ServersAdminNegativeTestJSON:tearDownClass): 200 GET http://10.180.1.21/compute/v2.1/servers/e26fb71a-b6dc-44bf-9e46-26801a267235 0.143s
2025-04-10 18:55:10.389 69917 INFO tempest.lib.common.rest_client [req-4551926f-ef33-4722-a12e-11c4ce8dbb67 req-4551926f-ef33-4722-a12e-11c4ce8dbb67 ] Request (ServersTestManualDisk:setUpClass): 200 GET http://10.180.1.21/compute/v2.1/servers/ff8c6b80-405a-422a-b7d1-db785ce81cad 0.183s
2025-04-10 18:55:10.397 69915 INFO tempest.lib.common.rest_client [req-6d75f86c-db7b-4045-8fb1-8c2612cae70b req-6d75f86c-db7b-4045-8fb1-8c2612cae70b ] Request (InstanceActionsNegativeTestJSON:test_list_instance_actions_non_existent_server): 404 GET http://10.180.1.21/compute/v2.1/servers/e75699c1-e0a0-408d-8456-713c7eab8494/os-instance-actions 0.151s
2025-04-10 18:55:10.415 69881 INFO tempest.lib.common.rest_client [req-cd460e8f-b8fa-425b-95c2-d390945c9241 req-cd460e8f-b8fa-425b-95c2-d390945c9241 ] Request (ServersAdminTestJSON:test_inject_network_info): 202 POST http://10.180.1.21/compute/v2.1/servers 0.685s
2025-04-10 18:55:10.474 69879 INFO tempest.lib.common.rest_client [req-0d489796-5a62-4733-8e3e-e43c10ea2aa9 req-0d489796-5a62-4733-8e3e-e43c10ea2aa9 ] Request (DeleteServersTestJSON:test_delete_server_while_in_attached_volume): 200 GET http://10.180.1.21/compute/v2.1/servers/11493be3-6237-456e-a4d9-921223b7d66d 0.212s
2025-04-10 18:55:10.497 69915 INFO tempest.lib.common.rest_client [req-9bb96754-5283-4c1c-b243-04bbf4dec99a req-9bb96754-5283-4c1c-b243-04bbf4dec99a ] Request (InstanceActionsNegativeTestJSON:tearDownClass): 204 DELETE http://10.180.1.21/compute/v2.1/servers/84ce5421-9dcf-43c1-af2f-a6c2e81bcaeb 0.098s
2025-04-10 18:55:10.531 69881 INFO tempest.lib.common.rest_client [req-fb208118-dc15-4b36-ae4f-7982d481ea65 req-fb208118-dc15-4b36-ae4f-7982d481ea65 ] Request (ServersAdminTestJSON:test_inject_network_info): 200 GET http://10.180.1.21/compute/v2.1/servers/7e9e43ea-699f-4b15-a6c0-c86789dbfcc3 0.114s
2025-04-10 18:55:10.597 69895 INFO tempest.lib.common.rest_client [req-659c9982-faeb-43a9-8075-229f978b4bd9 req-659c9982-faeb-43a9-8075-229f978b4bd9 ] Request (ServerAddressesNegativeTestJSON:tearDownClass): 200 GET http://10.180.1.21/compute/v2.1/servers/67d3af1b-dc99-458b-b991-b4ecbe2c279c 0.117s
2025-04-10 18:55:10.635 69891 INFO tempest.lib.common.rest_client [req-412fb896-3f3b-4929-9769-55c3d6f64c2f req-412fb896-3f3b-4929-9769-55c3d6f64c2f ] Request (FloatingIPsAssociationTestJSON:test_associate_already_associated_floating_ip): 200 GET http://10.180.1.21/compute/v2.1/servers/41f5dbe2-486a-4c8f-ad59-0ab702e502ff 0.186s
2025-04-10 18:55:10.723 69915 INFO tempest.lib.common.rest_client [req-840dc04d-e8be-45f6-99a5-40886bbc3d11 req-840dc04d-e8be-45f6-99a5-40886bbc3d11 ] Request (InstanceActionsNegativeTestJSON:tearDownClass): 200 GET http://10.180.1.21/compute/v2.1/servers/84ce5421-9dcf-43c1-af2f-a6c2e81bcaeb 0.225s
2025-04-10 18:55:10.812 69941 INFO tempest.lib.common.rest_client [req-f50b9400-0f0f-4e00-8551-0b5e11274b53 req-f50b9400-0f0f-4e00-8551-0b5e11274b53 ] Request (DeleteServersAdminTestJSON:test_delete_server_while_in_error_state): 200 GET http://10.180.1.21/compute/v2.1/servers/83604800-4d38-4f37-82c8-926cd5040050 0.076s
2025-04-10 18:55:10.870 69889 INFO tempest.lib.common.rest_client [req-c24f44f7-270d-4ca7-a5f5-6e37f63a47f4 req-c24f44f7-270d-4ca7-a5f5-6e37f63a47f4 ] Request (ServersNegativeTestJSON:setUpClass): 200 GET http://10.180.1.21/compute/v2.1/servers/a95b4fe6-0f57-4a90-9126-9479597a72f9 0.071s
2025-04-10 18:55:10.929 69885 INFO tempest.lib.common.rest_client [req-52cbb325-b8b2-4ee9-b311-6359c4e2def4 req-52cbb325-b8b2-4ee9-b311-6359c4e2def4 ] Request (ServersAdmin275Test:tearDownClass): 200 GET http://10.180.1.21/compute/v2.1/servers/f6cd5766-57fd-431a-a86f-b77c125a4a25 0.321s
2025-04-10 18:55:10.939 69931 INFO tempest.lib.common.rest_client [req-9214ea6a-e1ee-4305-8892-fcfc93fbdc42 req-9214ea6a-e1ee-4305-8892-fcfc93fbdc42 ] Request (ServersTestMultiNic:_run_cleanups): 200 GET http://10.180.1.21/compute/v2.1/servers/6855e232-1993-4ee0-ba0b-389c414c0c35 0.084s
2025-04-10 18:55:10.955 69929 INFO tempest.lib.common.rest_client [req-8389a89f-1bf0-4d3e-ac0f-1c949d1abbd1 req-8389a89f-1bf0-4d3e-ac0f-1c949d1abbd1 ] Request (AttachVolumeNegativeTest:setUpClass): 201 POST http://10.180.1.21:9696/networking/v2.0/routers 1.000s
2025-04-10 18:55:10.987 69939 INFO tempest.lib.common.rest_client [req-7b4863a5-217d-41eb-a675-900d67fd9c22 req-7b4863a5-217d-41eb-a675-900d67fd9c22 ] Request (ImagesTestJSON:test_create_server_from_snapshot): 200 GET http://10.180.1.21/compute/v2.1/servers/7e784175-349c-48f9-ba4c-b083d408d091 0.120s
2025-04-10 18:55:11.010 69883 INFO tempest.lib.common.rest_client [req-df143374-651e-41b8-9568-f7fada2d7625 req-df143374-651e-41b8-9568-f7fada2d7625 ] Request (ImagesOneServerTestJSON:tearDownClass): 200 GET http://10.180.1.21/compute/v2.1/servers/2c2f8e89-9a01-46e1-ab53-3c80c1bff111 0.081s
2025-04-10 18:55:11.049 69906 INFO tempest.lib.common.rest_client [req-325b308a-7b95-4290-bb74-eab11e09f573 req-325b308a-7b95-4290-bb74-eab11e09f573 ] Request (MigrationsAdminTest:test_resize_server_revert_deleted_flavor): 200 GET http://10.180.1.21/compute/v2.1/servers/1e4f952e-967e-40f2-b8ee-7c5d65cca843 0.054s
2025-04-10 18:55:11.053 69887 INFO tempest.lib.common.rest_client [req-822cbc98-c5ac-402e-9013-d41e57c99f86 req-822cbc98-c5ac-402e-9013-d41e57c99f86 ] Request (InstanceActionsTestJSON:tearDownClass): 200 PUT http://10.180.1.21:9696/networking/v2.0/routers/079fe7e0-dcf8-45db-8b5c-af9c88a5068d/remove_router_interface 1.406s
2025-04-10 18:55:11.318 69903 INFO tempest.lib.common.rest_client [req-cdfe523a-f257-41e5-847c-8581b30eb3ac req-cdfe523a-f257-41e5-847c-8581b30eb3ac ] Request (ListServerFiltersTestJSON:tearDownClass): 200 GET http://10.180.1.21/compute/v2.1/servers/c063eb35-0bc0-4253-8e24-d8303a0ecab3 0.095s
2025-04-10 18:55:11.411 69899 INFO tempest.lib.common.rest_client [req-4ae4ef08-e431-4178-a1a5-c360205e12e9 req-4ae4ef08-e431-4178-a1a5-c360205e12e9 ] Request (ServersAdminNegativeTestJSON:tearDownClass): 200 GET http://10.180.1.21/compute/v2.1/servers/e26fb71a-b6dc-44bf-9e46-26801a267235 0.089s
2025-04-10 18:55:11.436 69887 INFO tempest.lib.common.rest_client [req-d2adb0a2-5dc8-4ee8-9719-471bf6479b9a req-d2adb0a2-5dc8-4ee8-9719-471bf6479b9a ] Request (InstanceActionsTestJSON:tearDownClass): 204 DELETE http://10.180.1.21:9696/networking/v2.0/routers/079fe7e0-dcf8-45db-8b5c-af9c88a5068d 0.383s
2025-04-10 18:55:11.480 69917 INFO tempest.lib.common.rest_client [req-465fb242-7da2-45d9-bd27-24d3605c98ce req-465fb242-7da2-45d9-bd27-24d3605c98ce ] Request (ServersTestManualDisk:setUpClass): 200 GET http://10.180.1.21/compute/v2.1/servers/ff8c6b80-405a-422a-b7d1-db785ce81cad 0.078s
2025-04-10 18:55:11.552 69879 INFO tempest.lib.common.rest_client [req-179555bf-bea9-4b43-afad-ca63182ef2c0 req-179555bf-bea9-4b43-afad-ca63182ef2c0 ] Request (DeleteServersTestJSON:test_delete_server_while_in_attached_volume): 200 GET http://10.180.1.21/compute/v2.1/servers/11493be3-6237-456e-a4d9-921223b7d66d 0.069s
2025-04-10 18:55:11.584 69887 INFO tempest.lib.common.rest_client [req-cd84d1da-31e2-4d38-9274-d8158702c37a req-cd84d1da-31e2-4d38-9274-d8158702c37a ] Request (InstanceActionsTestJSON:tearDownClass): 204 DELETE http://10.180.1.21:9696/networking/v2.0/subnets/edcd373d-bbf7-4651-b4e5-21dcca6cc2a5 0.147s
2025-04-10 18:55:11.679 69895 INFO tempest.lib.common.rest_client [req-7e0bdc0f-05c3-4c4b-8c31-1521aad21b00 req-7e0bdc0f-05c3-4c4b-8c31-1521aad21b00 ] Request (ServerAddressesNegativeTestJSON:tearDownClass): 200 GET http://10.180.1.21/compute/v2.1/servers/67d3af1b-dc99-458b-b991-b4ecbe2c279c 0.072s
2025-04-10 18:55:11.759 69881 INFO tempest.lib.common.rest_client [req-ef9f9ee9-401f-444d-931d-d1a588628411 req-ef9f9ee9-401f-444d-931d-d1a588628411 ] Request (ServersAdminTestJSON:test_inject_network_info): 200 GET http://10.180.1.21/compute/v2.1/servers/7e9e43ea-699f-4b15-a6c0-c86789dbfcc3 0.214s
2025-04-10 18:55:11.783 69901 WARNING tempest.lib.common.ssh [-] Failed to establish authenticated ssh connection to cirros@10.180.180.178 ([Errno None] Unable to connect to port 22 on 10.180.180.178). Number attempts: 7. Retry after 8 seconds.: paramiko.ssh_exception.NoValidConnectionsError: [Errno None] Unable to connect to port 22 on 10.180.180.178
2025-04-10 18:55:11.874 69891 INFO tempest.lib.common.rest_client [req-588ea0b3-6c5e-479f-be30-31039e25c108 req-588ea0b3-6c5e-479f-be30-31039e25c108 ] Request (FloatingIPsAssociationTestJSON:test_associate_already_associated_floating_ip): 200 GET http://10.180.1.21/compute/v2.1/servers/41f5dbe2-486a-4c8f-ad59-0ab702e502ff 0.226s
2025-04-10 18:55:11.917 69915 INFO tempest.lib.common.rest_client [req-ea3fe14c-8140-48b7-8937-ad2ba61ae98a req-ea3fe14c-8140-48b7-8937-ad2ba61ae98a ] Request (InstanceActionsNegativeTestJSON:tearDownClass): 200 GET http://10.180.1.21/compute/v2.1/servers/84ce5421-9dcf-43c1-af2f-a6c2e81bcaeb 0.182s
2025-04-10 18:55:11.944 69887 INFO tempest.lib.common.rest_client [req-906f47dd-ade9-4f0a-bd4f-663432135a2e req-906f47dd-ade9-4f0a-bd4f-663432135a2e ] Request (InstanceActionsTestJSON:tearDownClass): 204 DELETE http://10.180.1.21:9696/networking/v2.0/networks/9843adf9-2301-4a20-8c06-382acfaa795e 0.360s
2025-04-10 18:55:11.979 69941 INFO tempest.lib.common.rest_client [req-79d68a15-cde1-4bc9-824a-4513fa3c77dd req-79d68a15-cde1-4bc9-824a-4513fa3c77dd ] Request (DeleteServersAdminTestJSON:test_delete_server_while_in_error_state): 200 GET http://10.180.1.21/compute/v2.1/servers/83604800-4d38-4f37-82c8-926cd5040050 0.153s
2025-04-10 18:55:11.986 69889 INFO tempest.lib.common.rest_client [req-255e7705-7ea2-442b-a51a-70ac34d7dbcc req-255e7705-7ea2-442b-a51a-70ac34d7dbcc ] Request (ServersNegativeTestJSON:setUpClass): 200 GET http://10.180.1.21/compute/v2.1/servers/a95b4fe6-0f57-4a90-9126-9479597a72f9 0.105s
2025-04-10 18:55:12.071 69931 INFO tempest.lib.common.rest_client [req-86a12b9e-1b3a-429d-8e7d-4750ab1376ac req-86a12b9e-1b3a-429d-8e7d-4750ab1376ac ] Request (ServersTestMultiNic:_run_cleanups): 200 GET http://10.180.1.21/compute/v2.1/servers/6855e232-1993-4ee0-ba0b-389c414c0c35 0.118s
2025-04-10 18:55:12.071 69887 INFO tempest.lib.common.rest_client [req-34d51da6-cdcf-440c-9e93-df79c1a1b036 req-34d51da6-cdcf-440c-9e93-df79c1a1b036 ] Request (InstanceActionsTestJSON:tearDownClass): 204 DELETE http://10.180.1.21/identity/v3/users/fee05bed92d74ed097bb41fe21ca7804 0.126s
2025-04-10 18:55:12.071 69887 INFO tempest.lib.common.dynamic_creds [-] Deleting project and security group for project: 852e5dbff186498ebfb20d5a8465f481
2025-04-10 18:55:12.078 69885 INFO tempest.lib.common.rest_client [req-cbfcd607-7422-47cd-828a-d18f22d7df59 req-cbfcd607-7422-47cd-828a-d18f22d7df59 ] Request (ServersAdmin275Test:tearDownClass): 200 GET http://10.180.1.21/compute/v2.1/servers/f6cd5766-57fd-431a-a86f-b77c125a4a25 0.132s
2025-04-10 18:55:12.079 69931 INFO tempest.common.waiters [-] State transition "ACTIVE/deleting" ==> "DELETED/None" after 5 second wait
2025-04-10 18:55:12.103 69929 INFO tempest.lib.common.rest_client [req-ca6b48dc-0538-43a8-a6e5-94a99e38bca1 req-ca6b48dc-0538-43a8-a6e5-94a99e38bca1 ] Request (AttachVolumeNegativeTest:setUpClass): 200 PUT http://10.180.1.21:9696/networking/v2.0/routers/69bee647-8c1f-43a7-9d58-c87a7a2cc67c/add_router_interface 1.146s
2025-04-10 18:55:12.103 69929 INFO tempest.lib.common.dynamic_creds [-] Created isolated network resources for: credentials: Credentials: {'domain_id': 'default', 'domain_name': 'Default', 'username': 'tempest-AttachVolumeNegativeTest-776174397-project-member', 'project_domain_id': 'default', 'project_domain_name': 'Default', 'project_id': '3c6ee90d46c34192a27685289adf1bcf', 'project_name': 'tempest-AttachVolumeNegativeTest-776174397', 'tenant_id': '3c6ee90d46c34192a27685289adf1bcf', 'tenant_name': 'tempest-AttachVolumeNegativeTest-776174397', 'user_domain_id': 'default', 'user_domain_name': 'Default', 'user_id': 'ca023bb70f624ca285cc0c6a41897dbc', 'system': None}, Network: {'id': 'f0a25696-9d81-4306-991d-aa0df993b9ea', 'name': 'tempest-AttachVolumeNegativeTest-1400501051-network', 'tenant_id': '3c6ee90d46c34192a27685289adf1bcf', 'admin_state_up': True, 'mtu': 8950, 'status': 'ACTIVE', 'subnets': [], 'shared': False, 'project_id': '3c6ee90d46c34192a27685289adf1bcf', 'port_security_enabled': True, 'router:external': False, 'provider:network_type': 'vlan', 'provider:physical_network': 'default', 'provider:segmentation_id': 91, 'availability_zone_hints': [], 'availability_zones': [], 'ipv4_address_scope': None, 'ipv6_address_scope': None, 'description': '', 'tags': [], 'created_at': '2025-04-10T18:55:09Z', 'updated_at': '2025-04-10T18:55:09Z', 'revision_number': 1}, Subnet: {'id': '0c44e18b-3780-4598-b0a6-9bf271600c72', 'name': 'tempest-AttachVolumeNegativeTest-1400501051-subnet', 'tenant_id': '3c6ee90d46c34192a27685289adf1bcf', 'network_id': 'f0a25696-9d81-4306-991d-aa0df993b9ea', 'ip_version': 4, 'subnetpool_id': None, 'enable_dhcp': True, 'ipv6_ra_mode': None, 'ipv6_address_mode': None, 'gateway_ip': '192.168.128.1', 'cidr': '192.168.128.0/28', 'allocation_pools': [{'start': '192.168.128.2', 'end': '192.168.128.14'}], 'host_routes': [], 'dns_nameservers': [], 'description': '', 'router:external': False, 'service_types': [], 'tags': [], 'created_at': '2025-04-10T18:55:09Z', 'updated_at': '2025-04-10T18:55:09Z', 'revision_number': 0, 'project_id': '3c6ee90d46c34192a27685289adf1bcf'}, Router: {'id': '69bee647-8c1f-43a7-9d58-c87a7a2cc67c', 'name': 'tempest-AttachVolumeNegativeTest-1400501051-router', 'tenant_id': '3c6ee90d46c34192a27685289adf1bcf', 'admin_state_up': True, 'status': 'ACTIVE', 'external_gateway_info': {'network_id': '36b20a26-75c0-4783-a97b-6f084099d736', 'external_fixed_ips': [{'subnet_id': 'f9731a2f-9ea8-478a-a278-7e5e9302a613', 'ip_address': '10.180.180.228'}], 'enable_snat': True}, 'description': '', 'availability_zones': [], 'distributed': False, 'ha': False, 'availability_zone_hints': [], 'routes': [], 'flavor_id': None, 'tags': [], 'created_at': '2025-04-10T18:55:09Z', 'updated_at': '2025-04-10T18:55:10Z', 'revision_number': 2, 'project_id': '3c6ee90d46c34192a27685289adf1bcf'}
2025-04-10 18:55:12.116 69887 INFO tempest.lib.common.rest_client [req-c17e38c1-dadf-4506-93e6-255c10eded98 req-c17e38c1-dadf-4506-93e6-255c10eded98 ] Request (InstanceActionsTestJSON:tearDownClass): 200 GET http://10.180.1.21:9696/networking/v2.0/security-groups?tenant_id=852e5dbff186498ebfb20d5a8465f481&name=default 0.044s
2025-04-10 18:55:12.138 69939 INFO tempest.lib.common.rest_client [req-4e57f4a5-fd22-4cc4-9e6f-0509c93f9895 req-4e57f4a5-fd22-4cc4-9e6f-0509c93f9895 ] Request (ImagesTestJSON:test_create_server_from_snapshot): 200 GET http://10.180.1.21/compute/v2.1/servers/7e784175-349c-48f9-ba4c-b083d408d091 0.143s
2025-04-10 18:55:12.173 69883 INFO tempest.lib.common.rest_client [req-329a617c-0399-4b1a-8d38-6d1415f0bdb9 req-329a617c-0399-4b1a-8d38-6d1415f0bdb9 ] Request (ImagesOneServerTestJSON:tearDownClass): 200 GET http://10.180.1.21/compute/v2.1/servers/2c2f8e89-9a01-46e1-ab53-3c80c1bff111 0.151s
2025-04-10 18:55:12.199 69906 INFO tempest.lib.common.rest_client [req-a18ec277-21a3-4455-8c57-a16e27f8fccd req-a18ec277-21a3-4455-8c57-a16e27f8fccd ] Request (MigrationsAdminTest:test_resize_server_revert_deleted_flavor): 200 GET http://10.180.1.21/compute/v2.1/servers/1e4f952e-967e-40f2-b8ee-7c5d65cca843 0.141s
2025-04-10 18:55:12.214 69929 INFO tempest.lib.common.rest_client [req-a61d373d-c3fb-4b8d-847e-3f2afb4314e4 req-a61d373d-c3fb-4b8d-847e-3f2afb4314e4 ] Request (AttachVolumeNegativeTest:setUpClass): 201 POST http://10.180.1.21/identity/v3/auth/tokens 0.107s
2025-04-10 18:55:12.241 69935 INFO paramiko.transport [-] Connected (version 2.0, client dropbear_2020.81)
2025-04-10 18:55:12.292 69887 INFO tempest.lib.common.rest_client [req-85aefa27-d339-4494-b5cc-704d4ed3f6aa req-85aefa27-d339-4494-b5cc-704d4ed3f6aa ] Request (InstanceActionsTestJSON:tearDownClass): 204 DELETE http://10.180.1.21:9696/networking/v2.0/security-groups/606c6038-25b0-47c8-9080-1c136e4e8ad6 0.176s
2025-04-10 18:55:12.340 69929 INFO tempest.lib.common.rest_client [req-ef2ce256-d751-4916-aa18-5349a29f4c22 req-ef2ce256-d751-4916-aa18-5349a29f4c22 ] Request (ValidationResourcesFixture:setUp): 200 POST http://10.180.1.21/compute/v2.1/os-keypairs 0.123s
2025-04-10 18:55:12.357 69935 INFO paramiko.transport [-] Authentication (publickey) successful!
2025-04-10 18:55:12.358 69935 INFO tempest.lib.common.ssh [-] ssh connection to cirros@10.180.180.169 successfully created
2025-04-10 18:55:12.421 69903 INFO tempest.lib.common.rest_client [req-b0653309-6ebd-4073-8025-23ef30c1df33 req-b0653309-6ebd-4073-8025-23ef30c1df33 ] Request (ListServerFiltersTestJSON:tearDownClass): 200 GET http://10.180.1.21/compute/v2.1/servers/c063eb35-0bc0-4253-8e24-d8303a0ecab3 0.090s
2025-04-10 18:55:12.431 69887 INFO tempest.lib.common.rest_client [req-40a135bc-b62f-4608-ae5f-c0814f7bc934 req-40a135bc-b62f-4608-ae5f-c0814f7bc934 ] Request (InstanceActionsTestJSON:tearDownClass): 204 DELETE http://10.180.1.21/identity/v3/projects/852e5dbff186498ebfb20d5a8465f481 0.138s
2025-04-10 18:55:12.433 69887 INFO tempest.test [-] raised in ServerStableDeviceRescueTest.setUpClass. Invoking tearDownClass.
2025-04-10 18:55:12.460 69898 WARNING tempest.lib.common.ssh [-] Failed to establish authenticated ssh connection to cirros@10.180.180.253 ([Errno None] Unable to connect to port 22 on 10.180.180.253). Number attempts: 3. Retry after 4 seconds.: paramiko.ssh_exception.NoValidConnectionsError: [Errno None] Unable to connect to port 22 on 10.180.180.253
2025-04-10 18:55:12.478 69929 INFO tempest.lib.common.rest_client [req-55407828-98f2-43b1-9ada-5448b2df58d5 req-55407828-98f2-43b1-9ada-5448b2df58d5 ] Request (ValidationResourcesFixture:setUp): 201 POST http://10.180.1.21:9696/networking/v2.0/security-groups 0.136s
2025-04-10 18:55:12.500 69899 INFO tempest.lib.common.rest_client [req-1718f0c9-a450-4d27-98ca-9e5e0647135d req-1718f0c9-a450-4d27-98ca-9e5e0647135d ] Request (ServersAdminNegativeTestJSON:tearDownClass): 200 GET http://10.180.1.21/compute/v2.1/servers/e26fb71a-b6dc-44bf-9e46-26801a267235 0.080s
2025-04-10 18:55:12.526 69887 INFO tempest.lib.common.rest_client [req-3c3aeca3-cd9d-4283-8ac4-8dbc196d593e req-3c3aeca3-cd9d-4283-8ac4-8dbc196d593e ] Request (ServersNegativeTestMultiTenantJSON:setUpClass): 201 POST http://10.180.1.21/identity/v3/auth/tokens 0.091s
2025-04-10 18:55:12.559 69935 INFO tempest.lib.common.rest_client [req-c2e0d607-637c-42f0-9b5a-c59bff1d4345 req-c2e0d607-637c-42f0-9b5a-c59bff1d4345 ] Request (VolumesAdminNegativeTest:test_update_attached_volume_with_nonexistent_volume_in_body): 202 POST http://10.180.1.21/volume/v3/volumes 0.200s
2025-04-10 18:55:12.576 69917 INFO tempest.lib.common.rest_client [req-0c69fcce-d042-44cb-853a-da9bd8012ae8 req-0c69fcce-d042-44cb-853a-da9bd8012ae8 ] Request (ServersTestManualDisk:setUpClass): 200 GET http://10.180.1.21/compute/v2.1/servers/ff8c6b80-405a-422a-b7d1-db785ce81cad 0.084s
2025-04-10 18:55:12.587 69887 INFO tempest.lib.common.rest_client [req-ff1fdf3b-f5b1-4cce-882e-f42a0c2b693c req-ff1fdf3b-f5b1-4cce-882e-f42a0c2b693c ] Request (ServersNegativeTestMultiTenantJSON:setUpClass): 201 POST http://10.180.1.21/identity/v3/auth/tokens 0.058s
2025-04-10 18:55:12.606 69935 INFO tempest.lib.common.rest_client [req-c4940bb5-a480-422b-913a-8ebbfeed0d75 req-c4940bb5-a480-422b-913a-8ebbfeed0d75 ] Request (VolumesAdminNegativeTest:test_update_attached_volume_with_nonexistent_volume_in_body): 200 GET http://10.180.1.21/volume/v3/volumes/528f27c7-1e2f-4d1e-9694-540fdf176d07 0.040s
2025-04-10 18:55:12.612 69929 INFO tempest.lib.common.rest_client [req-6c77b8df-e2f8-4a11-aa68-edd6d3cfa7f3 req-6c77b8df-e2f8-4a11-aa68-edd6d3cfa7f3 ] Request (ValidationResourcesFixture:setUp): 201 POST http://10.180.1.21:9696/networking/v2.0/security-group-rules 0.133s
