2025-04-10 18:53:27.602 69939 INFO tempest.lib.common.rest_client [req-bc36d1a4-431a-479a-bae2-88f07a6e18f9 req-bc36d1a4-431a-479a-bae2-88f07a6e18f9 ] Request (ImagesTestJSON:test_create_image_from_stopped_server): 200 GET http://10.180.1.21/compute/v2.1/images/b5827c37-1e64-45e2-9ae7-018685c7041d 0.750s
2025-04-10 18:53:27.680 69898 INFO tempest.lib.common.rest_client [req-73c0c39e-021f-4329-ad81-e840749aeb6c req-73c0c39e-021f-4329-ad81-e840749aeb6c ] Request (FlavorsAdminTestJSON:tearDownClass): 201 POST http://10.180.1.21/identity/v3/auth/tokens 0.124s
2025-04-10 18:53:27.687 69917 INFO tempest.lib.common.rest_client [req-2674b890-3a42-4fbb-b771-a8090a00a536 req-2674b890-3a42-4fbb-b771-a8090a00a536 ] Request (ServerDiagnosticsTest:test_get_server_diagnostics): 200 GET http://10.180.1.21/compute/v2.1/servers/bf3f5859-8324-42c2-a6ce-37f76a0a1b95 0.702s
2025-04-10 18:53:27.785 69891 INFO tempest.lib.common.rest_client [req-8a1c0db1-d35c-4e2a-800f-f6e797ef43b5 req-8a1c0db1-d35c-4e2a-800f-f6e797ef43b5 ] Request (FloatingIPsAssociationTestJSON:setUpClass): 200 GET http://10.180.1.21/compute/v2.1/servers/f51b0ff6-a600-414c-a50d-5e74f0640124 0.695s
2025-04-10 18:53:27.815 69885 INFO tempest.lib.common.rest_client [req-725da9b8-2eb1-4785-9ded-62ceec25cd24 req-725da9b8-2eb1-4785-9ded-62ceec25cd24 ] Request (FlavorsExtraSpecsTestJSON:test_flavor_set_get_update_show_unset_keys): 200 DELETE http://10.180.1.21/compute/v2.1/flavors/1144111084/os-extra_specs/hw:numa_nodes 0.663s
2025-04-10 18:53:27.841 69919 INFO tempest.lib.common.rest_client [req-2bf4f5d4-86ab-4228-8acb-a3710a8e56ca req-2bf4f5d4-86ab-4228-8acb-a3710a8e56ca ] Request (ServerAddressesTestJSON:setUpClass): 200 GET http://10.180.1.21/compute/v2.1/servers/eaed6791-6291-4e8d-a6f7-c22a8434dd09 0.863s
2025-04-10 18:53:27.880 69907 INFO tempest.lib.common.rest_client [req-6111f020-3615-48a9-b2c6-8cb73f25a9ba req-6111f020-3615-48a9-b2c6-8cb73f25a9ba ] Request (ValidationResourcesFixture:setUp): 201 POST http://10.180.1.21:9696/networking/v2.0/security-groups 0.329s
2025-04-10 18:53:27.894 69889 INFO tempest.lib.common.rest_client [req-640fc363-6fe8-458c-86c9-8ae93fd2633f req-640fc363-6fe8-458c-86c9-8ae93fd2633f ] Request (KeyPairsV22TestJSON:test_keypairs_create_list_delete): 201 POST http://10.180.1.21/compute/v2.1/os-keypairs 0.686s
2025-04-10 18:53:27.976 69929 INFO tempest.lib.common.rest_client [req-e8baf46f-689b-45b8-a017-3ade71645790 req-e8baf46f-689b-45b8-a017-3ade71645790 ] Request (InstanceActionsV221TestJSON:setUpClass): 201 POST http://10.180.1.21:9696/networking/v2.0/networks 0.815s
2025-04-10 18:53:27.993 69887 INFO tempest.lib.common.rest_client [req-cd424520-c98a-4971-a0f5-bec381f497eb req-cd424520-c98a-4971-a0f5-bec381f497eb ] Request (InstanceActionsTestJSON:setUpClass): 201 POST http://10.180.1.21:9696/networking/v2.0/networks 0.847s
2025-04-10 18:53:28.082 69898 INFO tempest.lib.common.rest_client [req-83a1deb7-f490-48f8-a6e6-e6af2d1a1790 req-83a1deb7-f490-48f8-a6e6-e6af2d1a1790 ] Request (FlavorsAdminTestJSON:tearDownClass): 200 GET http://10.180.1.21:9696/networking/v2.0/security-groups?tenant_id=ab10c8cf02454dbda384b77d21b8efb5&name=default 0.402s
2025-04-10 18:53:28.121 69906 INFO tempest.lib.common.rest_client [req-2119540a-a799-4b23-83c1-329bc3690577 req-2119540a-a799-4b23-83c1-329bc3690577 ] Request (MigrationsAdminTest:test_list_migrations_in_flavor_resize_situation): 200 GET http://10.180.1.21/compute/v2.1/servers/e2a67fde-2447-4689-ba52-73fe5dabdbd6 0.937s
2025-04-10 18:53:28.131 69907 INFO tempest.lib.common.rest_client [req-2a4eb544-5a7d-4ed2-b8a6-29bac31429f2 req-2a4eb544-5a7d-4ed2-b8a6-29bac31429f2 ] Request (ValidationResourcesFixture:setUp): 201 POST http://10.180.1.21:9696/networking/v2.0/security-group-rules 0.251s
2025-04-10 18:53:28.218 69903 INFO tempest.lib.common.rest_client [req-cbea9a84-3d82-4bdb-9f5e-85be604e55f5 req-cbea9a84-3d82-4bdb-9f5e-85be604e55f5 ] Request (ListServerFiltersTestJSON:test_list_servers_filter_by_shutoff_status): 202 POST http://10.180.1.21/compute/v2.1/servers/c063eb35-0bc0-4253-8e24-d8303a0ecab3/action 0.761s
2025-04-10 18:53:28.274 69910 INFO tempest.lib.common.rest_client [req-8e684d3f-a804-474b-b997-9fb477c6721e req-8e684d3f-a804-474b-b997-9fb477c6721e ] Request (SecurityGroupRulesNegativeTestJSON:test_create_security_group_rule_duplicate): 200 POST http://10.180.1.21/compute/v2.1/os-security-groups 1.023s
2025-04-10 18:53:28.280 69898 INFO tempest.lib.common.rest_client [req-bc760708-474e-435b-b1c9-6a7583ad67ea req-bc760708-474e-435b-b1c9-6a7583ad67ea ] Request (FlavorsAdminTestJSON:tearDownClass): 204 DELETE http://10.180.1.21:9696/networking/v2.0/security-groups/0ad9f959-2310-41df-905f-1f6508bb9543 0.197s
2025-04-10 18:53:28.308 69899 INFO tempest.lib.common.rest_client [req-d90fa5db-85ee-4bfc-8211-60c99d918161 req-d90fa5db-85ee-4bfc-8211-60c99d918161 ] Request (ServersAdminNegativeTestJSON:test_migrate_server_invalid_state): 200 GET http://10.180.1.21/compute/v2.1/servers/58aa726b-1551-4aad-9aac-adafc6dfdef0 0.801s
2025-04-10 18:53:28.316 69929 INFO tempest.lib.common.rest_client [req-c15814fa-ac59-4c6a-b20d-5e86d9fd7919 req-c15814fa-ac59-4c6a-b20d-5e86d9fd7919 ] Request (InstanceActionsV221TestJSON:setUpClass): 201 POST http://10.180.1.21:9696/networking/v2.0/subnets 0.335s
2025-04-10 18:53:28.364 69931 INFO tempest.lib.common.rest_client [req-9d3601f5-78a6-4157-8b5f-fa8483a37b75 req-9d3601f5-78a6-4157-8b5f-fa8483a37b75 ] Request (ServerExternalEventsTest:tearDownClass): 200 GET http://10.180.1.21/compute/v2.1/servers/49a8fb1e-749c-419a-a39a-ccec63fd157f 0.705s
2025-04-10 18:53:28.374 69898 INFO tempest.lib.common.rest_client [req-64a215fa-6124-4d4e-833c-cb2dab733f12 req-64a215fa-6124-4d4e-833c-cb2dab733f12 ] Request (FlavorsAdminTestJSON:tearDownClass): 204 DELETE http://10.180.1.21/identity/v3/projects/ab10c8cf02454dbda384b77d21b8efb5 0.094s
2025-04-10 18:53:28.375 69898 INFO tempest.lib.common.dynamic_creds [-] Deleting project and security group for project: ed1189f76cd94e85a1b14522481ed0d1
2025-04-10 18:53:28.380 69907 INFO tempest.lib.common.rest_client [req-57b8569b-a405-487d-82c9-fc6259e0477b req-57b8569b-a405-487d-82c9-fc6259e0477b ] Request (ValidationResourcesFixture:setUp): 201 POST http://10.180.1.21:9696/networking/v2.0/security-group-rules 0.248s
2025-04-10 18:53:28.383 69941 INFO tempest.lib.common.rest_client [req-13c94bc2-20d8-47dc-9b5d-1896f4541ce1 req-13c94bc2-20d8-47dc-9b5d-1896f4541ce1 ] Request (DeleteServersAdminTestJSON:test_admin_delete_servers_of_others): 200 GET http://10.180.1.21/compute/v2.1/servers/0a422bb9-c56d-4ee9-8336-8ef8b657ffd1 0.629s
2025-04-10 18:53:28.388 69885 INFO tempest.lib.common.rest_client [req-cebcf8a8-6a36-4bd9-a1c1-4f90f5afcb5e req-cebcf8a8-6a36-4bd9-a1c1-4f90f5afcb5e ] Request (FlavorsExtraSpecsTestJSON:test_flavor_set_get_update_show_unset_keys): 200 DELETE http://10.180.1.21/compute/v2.1/flavors/1144111084/os-extra_specs/hw:cpu_policy 0.572s
2025-04-10 18:53:28.448 69889 INFO tempest.lib.common.rest_client [req-dff27d0b-d978-4f06-a309-a4206bdfd030 req-dff27d0b-d978-4f06-a309-a4206bdfd030 ] Request (KeyPairsV22TestJSON:test_keypairs_create_list_delete): 201 POST http://10.180.1.21/compute/v2.1/os-keypairs 0.552s
2025-04-10 18:53:28.463 69911 INFO tempest.lib.common.rest_client [req-b589b479-8686-4c9b-b79a-0c3b69af989c req-b589b479-8686-4c9b-b79a-0c3b69af989c ] Request (ServersAaction247Test:test_create_backup): 200 GET http://10.180.1.21/compute/v2.1/servers/e94942e0-b29d-4b9f-8606-999242b38b24 0.600s
2025-04-10 18:53:28.475 69901 INFO tempest.lib.common.rest_client [req-143faa0c-2c07-4885-aeef-15ec17524663 req-143faa0c-2c07-4885-aeef-15ec17524663 ] Request (ServersTestBootFromVolume:setUpClass): 200 GET http://10.180.1.21/volume/v3/volumes/444d290c-f393-4e1e-af61-41f61c21096d 0.046s
2025-04-10 18:53:28.483 69911 INFO tempest.common.waiters [-] State transition "BUILD/networking" ==> "BUILD/spawning" after 33 second wait
2025-04-10 18:53:28.511 69887 INFO tempest.lib.common.rest_client [req-699ee89a-5c88-4c87-a3a1-4877c1f43c7c req-699ee89a-5c88-4c87-a3a1-4877c1f43c7c ] Request (InstanceActionsTestJSON:setUpClass): 201 POST http://10.180.1.21:9696/networking/v2.0/subnets 0.518s
2025-04-10 18:53:28.518 69879 INFO tempest.lib.common.rest_client [req-47d629a5-0703-4bce-b5a6-cb1c70e72377 req-47d629a5-0703-4bce-b5a6-cb1c70e72377 ] Request (DeleteServersTestJSON:test_delete_active_server): 200 GET http://10.180.1.21/compute/v2.1/servers/bddac60c-f799-473c-992a-d1a95cd67a58 0.587s
2025-04-10 18:53:28.537 69881 INFO tempest.lib.common.rest_client [req-a58aedff-3e14-41ee-8624-57da51928f42 req-a58aedff-3e14-41ee-8624-57da51928f42 ] Request (ServersAdminTestJSON:setUpClass): 200 GET http://10.180.1.21/compute/v2.1/servers/33820b55-089c-442a-9cbb-f4d476244e6f 0.514s
2025-04-10 18:53:28.613 69915 INFO tempest.lib.common.rest_client [req-12fbcf06-be92-46f1-b2ca-0e4b10e96dd0 req-12fbcf06-be92-46f1-b2ca-0e4b10e96dd0 ] Request (FloatingIPsAssociationNegativeTestJSON:tearDownClass): 200 GET http://10.180.1.21/compute/v2.1/servers/967d606a-689f-4fca-affe-6926dcf9d54a 0.503s
2025-04-10 18:53:28.685 69925 INFO tempest.lib.common.rest_client [req-7a84962b-819e-46f9-9938-db8acf071ccc req-7a84962b-819e-46f9-9938-db8acf071ccc ] Request (AttachInterfacesV270Test:test_create_get_list_interfaces): 200 GET http://10.180.1.21/compute/v2.1/servers/2a6c1ac6-0b2d-4e5d-bf0e-3e993fcda556 0.493s
2025-04-10 18:53:28.731 69898 INFO tempest.lib.common.rest_client [req-ee623e0a-59bb-4543-8eef-41ec77815277 req-ee623e0a-59bb-4543-8eef-41ec77815277 ] Request (FlavorsAdminTestJSON:tearDownClass): 200 GET http://10.180.1.21:9696/networking/v2.0/security-groups?tenant_id=ed1189f76cd94e85a1b14522481ed0d1&name=default 0.356s
2025-04-10 18:53:28.798 69895 INFO tempest.lib.common.rest_client [req-9a828d1d-7b3a-46c9-8a73-392336b97300 req-9a828d1d-7b3a-46c9-8a73-392336b97300 ] Request (FloatingIPsTestJSON:setUpClass): 200 PUT http://10.180.1.21:9696/networking/v2.0/routers/7ecce1b8-b25f-4a2e-9169-aed7598abfb7/add_router_interface 2.059s
2025-04-10 18:53:28.798 69895 INFO tempest.lib.common.dynamic_creds [-] Created isolated network resources for: credentials: Credentials: {'domain_id': 'default', 'domain_name': 'Default', 'username': 'tempest-FloatingIPsTestJSON-67759579-project-member', 'project_domain_id': 'default', 'project_domain_name': 'Default', 'project_id': 'f14d95dd192b46b5bfe1577c3528f0e8', 'project_name': 'tempest-FloatingIPsTestJSON-67759579', 'tenant_id': 'f14d95dd192b46b5bfe1577c3528f0e8', 'tenant_name': 'tempest-FloatingIPsTestJSON-67759579', 'user_domain_id': 'default', 'user_domain_name': 'Default', 'user_id': '67f241500be94495bfab7bc0599d7129', 'system': None}, Network: {'id': '9d956d21-ddac-4c13-8dcb-0d52cd86df21', 'name': 'tempest-FloatingIPsTestJSON-418010128-network', 'tenant_id': 'f14d95dd192b46b5bfe1577c3528f0e8', 'admin_state_up': True, 'mtu': 8950, 'status': 'ACTIVE', 'subnets': [], 'shared': False, 'project_id': 'f14d95dd192b46b5bfe1577c3528f0e8', 'port_security_enabled': True, 'router:external': False, 'provider:network_type': 'vlan', 'provider:physical_network': 'default', 'provider:segmentation_id': 849, 'availability_zone_hints': [], 'availability_zones': [], 'ipv4_address_scope': None, 'ipv6_address_scope': None, 'description': '', 'tags': [], 'created_at': '2025-04-10T18:53:23Z', 'updated_at': '2025-04-10T18:53:23Z', 'revision_number': 1}, Subnet: {'id': '636db8f9-d1e1-4861-87d7-64fb0f2af353', 'name': 'tempest-FloatingIPsTestJSON-418010128-subnet', 'tenant_id': 'f14d95dd192b46b5bfe1577c3528f0e8', 'network_id': '9d956d21-ddac-4c13-8dcb-0d52cd86df21', 'ip_version': 4, 'subnetpool_id': None, 'enable_dhcp': True, 'ipv6_ra_mode': None, 'ipv6_address_mode': None, 'gateway_ip': '192.168.128.1', 'cidr': '192.168.128.0/28', 'allocation_pools': [{'start': '192.168.128.2', 'end': '192.168.128.14'}], 'host_routes': [], 'dns_nameservers': [], 'description': '', 'router:external': False, 'service_types': [], 'tags': [], 'created_at': '2025-04-10T18:53:23Z', 'updated_at': '2025-04-10T18:53:23Z', 'revision_number': 0, 'project_id': 'f14d95dd192b46b5bfe1577c3528f0e8'}, Router: {'id': '7ecce1b8-b25f-4a2e-9169-aed7598abfb7', 'name': 'tempest-FloatingIPsTestJSON-418010128-router', 'tenant_id': 'f14d95dd192b46b5bfe1577c3528f0e8', 'admin_state_up': True, 'status': 'ACTIVE', 'external_gateway_info': {'network_id': '36b20a26-75c0-4783-a97b-6f084099d736', 'external_fixed_ips': [{'subnet_id': 'f9731a2f-9ea8-478a-a278-7e5e9302a613', 'ip_address': '10.180.180.166'}], 'enable_snat': True}, 'description': '', 'availability_zones': [], 'distributed': False, 'ha': False, 'availability_zone_hints': [], 'routes': [], 'flavor_id': None, 'tags': [], 'created_at': '2025-04-10T18:53:23Z', 'updated_at': '2025-04-10T18:53:25Z', 'revision_number': 2, 'project_id': 'f14d95dd192b46b5bfe1577c3528f0e8'}
2025-04-10 18:53:28.872 69933 INFO tempest.lib.common.rest_client [req-43479e03-400b-4c27-94f9-33d3c720432f req-43479e03-400b-4c27-94f9-33d3c720432f ] Request (ServersWithSpecificFlavorTestJSON:test_verify_created_server_ephemeral_disk): 200 GET http://10.180.1.21/compute/v2.1/servers/83633019-2ee3-48a5-a578-abb6d1b34fe7 0.776s
2025-04-10 18:53:28.929 69903 INFO tempest.lib.common.rest_client [req-457eefcb-db3e-4aab-9802-dd5cc2587792 req-457eefcb-db3e-4aab-9802-dd5cc2587792 ] Request (ListServerFiltersTestJSON:test_list_servers_filter_by_shutoff_status): 200 GET http://10.180.1.21/compute/v2.1/servers/c063eb35-0bc0-4253-8e24-d8303a0ecab3 0.710s
2025-04-10 18:53:28.929 69895 INFO tempest.lib.common.rest_client [req-d10f7139-bde4-4213-bdd3-0efcaaf3a77a req-d10f7139-bde4-4213-bdd3-0efcaaf3a77a ] Request (FloatingIPsTestJSON:setUpClass): 201 POST http://10.180.1.21/identity/v3/auth/tokens 0.123s
2025-04-10 18:53:29.022 69913 INFO tempest.lib.common.rest_client [req-4b97d89c-5da8-466f-9d57-8d7c6ed962f1 req-4b97d89c-5da8-466f-9d57-8d7c6ed962f1 ] Request (ServerDiagnosticsV248Test:test_get_server_diagnostics): 200 GET http://10.180.1.21/compute/v2.1/servers/f3b8ab24-3f49-4af8-ab8f-2360fb111d12 0.718s
2025-04-10 18:53:29.031 69913 INFO tempest.common.waiters [-] State transition "BUILD/spawning" ==> "ACTIVE/None" after 35 second wait
2025-04-10 18:53:29.092 69883 INFO tempest.lib.common.rest_client [req-5081fe54-9981-4d4c-a803-2dd14fbdfa50 req-5081fe54-9981-4d4c-a803-2dd14fbdfa50 ] Request (ImagesOneServerTestJSON:setUpClass): 200 GET http://10.180.1.21/compute/v2.1/servers/2c2f8e89-9a01-46e1-ab53-3c80c1bff111 0.740s
2025-04-10 18:53:29.106 69885 INFO tempest.lib.common.rest_client [req-b0c609b1-58ee-440c-99e1-d5ac9f92fdae req-b0c609b1-58ee-440c-99e1-d5ac9f92fdae ] Request (FlavorsExtraSpecsTestJSON:test_flavor_set_get_update_show_unset_keys): 200 GET http://10.180.1.21/compute/v2.1/flavors/1144111084/os-extra_specs 0.718s
2025-04-10 18:53:29.119 69889 INFO tempest.lib.common.rest_client [req-6671e21b-9fcb-4068-bda6-8dc9d42191ae req-6671e21b-9fcb-4068-bda6-8dc9d42191ae ] Request (KeyPairsV22TestJSON:test_keypairs_create_list_delete): 200 GET http://10.180.1.21/compute/v2.1/os-keypairs 0.669s
2025-04-10 18:53:29.172 69927 INFO tempest.lib.common.rest_client [req-59f8a9ef-ef0a-4488-8757-2cd733ab8601 req-59f8a9ef-ef0a-4488-8757-2cd733ab8601 ] Request (VolumesAssistedSnapshotsTest:test_volume_assisted_snapshot_create_delete): 200 GET http://10.180.1.21/compute/v2.1/servers/b850724f-f1d8-4460-b2d1-a7ea5d887826 0.596s
2025-04-10 18:53:29.179 69927 INFO tempest.common.waiters [-] State transition "BUILD/None" ==> "BUILD/networking" after 31 second wait
2025-04-10 18:53:29.182 69907 INFO tempest.lib.common.rest_client [req-00e156f4-26d4-465c-b0c2-9693ae6215c1 req-00e156f4-26d4-465c-b0c2-9693ae6215c1 ] Request (ValidationResourcesFixture:setUp): 201 POST http://10.180.1.21:9696/networking/v2.0/floatingips 0.802s
2025-04-10 18:53:29.224 69939 INFO tempest.lib.common.rest_client [req-408f7af3-c205-4db0-ba0d-6a88eb4e0f20 req-408f7af3-c205-4db0-ba0d-6a88eb4e0f20 ] Request (ImagesTestJSON:test_create_image_from_stopped_server): 200 GET http://10.180.1.21/compute/v2.1/images/b5827c37-1e64-45e2-9ae7-018685c7041d 0.616s
2025-04-10 18:53:29.277 69917 INFO tempest.lib.common.rest_client [req-44cba04d-886b-409c-8d90-0cfc28cfd54e req-44cba04d-886b-409c-8d90-0cfc28cfd54e ] Request (ServerDiagnosticsTest:test_get_server_diagnostics): 200 GET http://10.180.1.21/compute/v2.1/servers/bf3f5859-8324-42c2-a6ce-37f76a0a1b95 0.578s
2025-04-10 18:53:29.278 69907 INFO tempest.lib.common.rest_client [req-b79564b5-f2c0-436e-903e-77d50d2003fe req-b79564b5-f2c0-436e-903e-77d50d2003fe ] Request (AttachInterfacesTestJSON:test_create_list_show_delete_interfaces_by_fixed_ip): 201 POST http://10.180.1.21/identity/v3/auth/tokens 0.088s
2025-04-10 18:53:29.278 69907 INFO tempest.lib.common.fixed_network [-] (AttachInterfacesTestJSON:test_create_list_show_delete_interfaces_by_fixed_ip) Found network {'id': '4ee5f238-5ebf-426c-8aaa-1e43a25a8b22', 'name': 'tempest-AttachInterfacesTestJSON-1525497869-network', 'tenant_id': '3bc66a578e844245a651dd88598179ec', 'admin_state_up': True, 'mtu': 8950, 'status': 'ACTIVE', 'subnets': [], 'shared': False, 'project_id': '3bc66a578e844245a651dd88598179ec', 'port_security_enabled': True, 'router:external': False, 'provider:network_type': 'vlan', 'provider:physical_network': 'default', 'provider:segmentation_id': 568, 'availability_zone_hints': [], 'availability_zones': [], 'ipv4_address_scope': None, 'ipv6_address_scope': None, 'description': '', 'tags': [], 'created_at': '2025-04-10T18:53:20Z', 'updated_at': '2025-04-10T18:53:20Z', 'revision_number': 1} available for tenant
2025-04-10 18:53:29.330 69891 INFO tempest.lib.common.rest_client [req-c59cafcc-36a9-465a-a38b-b5d27ab46695 req-c59cafcc-36a9-465a-a38b-b5d27ab46695 ] Request (FloatingIPsAssociationTestJSON:setUpClass): 200 GET http://10.180.1.21/compute/v2.1/servers/f51b0ff6-a600-414c-a50d-5e74f0640124 0.536s
2025-04-10 18:53:29.430 69919 INFO tempest.lib.common.rest_client [req-8e2c3922-46af-4f3a-bcb7-8a3b3ae084d5 req-8e2c3922-46af-4f3a-bcb7-8a3b3ae084d5 ] Request (ServerAddressesTestJSON:setUpClass): 200 GET http://10.180.1.21/compute/v2.1/servers/eaed6791-6291-4e8d-a6f7-c22a8434dd09 0.574s
2025-04-10 18:53:29.440 69898 INFO tempest.lib.common.rest_client [req-86ae46f2-99b3-4e77-bd30-babf4b1312fb req-86ae46f2-99b3-4e77-bd30-babf4b1312fb ] Request (FlavorsAdminTestJSON:tearDownClass): 204 DELETE http://10.180.1.21:9696/networking/v2.0/security-groups/aae4f1f9-d8b7-43fc-9bb2-470a32062e64 0.708s
2025-04-10 18:53:29.518 69901 INFO tempest.lib.common.rest_client [req-d277c718-a6e9-4c0d-810c-f16472ba831c req-d277c718-a6e9-4c0d-810c-f16472ba831c ] Request (ServersTestBootFromVolume:setUpClass): 200 GET http://10.180.1.21/volume/v3/volumes/444d290c-f393-4e1e-af61-41f61c21096d 0.033s
2025-04-10 18:53:29.562 69898 INFO tempest.lib.common.rest_client [req-f1be7473-b103-4f75-b08a-40ce931e044c req-f1be7473-b103-4f75-b08a-40ce931e044c ] Request (FlavorsAdminTestJSON:tearDownClass): 204 DELETE http://10.180.1.21/identity/v3/projects/ed1189f76cd94e85a1b14522481ed0d1 0.122s
2025-04-10 18:53:29.648 69898 INFO tempest.lib.common.rest_client [req-84412441-f551-4c9b-8643-7d640a6ec9db req-84412441-f551-4c9b-8643-7d640a6ec9db ] Request (HypervisorAdminNegativeTestJSON:setUpClass): 201 POST http://10.180.1.21/identity/v3/auth/tokens 0.084s
2025-04-10 18:53:29.667 69910 INFO tempest.lib.common.rest_client [req-f126ef07-7ac7-499d-9afd-f2ba1f21bf24 req-f126ef07-7ac7-499d-9afd-f2ba1f21bf24 ] Request (SecurityGroupRulesNegativeTestJSON:test_create_security_group_rule_duplicate): 200 POST http://10.180.1.21/compute/v2.1/os-security-group-rules 1.389s
2025-04-10 18:53:29.685 69898 INFO tempest.lib.common.rest_client [req-581da489-41c9-4913-b039-69f628d91f6b req-581da489-41c9-4913-b039-69f628d91f6b ] Request (HypervisorAdminNegativeTestJSON:setUpClass): 201 POST http://10.180.1.21/identity/v3/auth/tokens 0.032s
2025-04-10 18:53:29.717 69898 INFO tempest.lib.common.rest_client [req-a37a6b33-7e49-43fc-850a-f2832ed94bc0 req-a37a6b33-7e49-43fc-850a-f2832ed94bc0 ] Request (HypervisorAdminNegativeTestJSON:setUpClass): 200 GET http://10.180.1.21/identity/v3/domains?name=Default 0.031s
2025-04-10 18:53:29.753 69898 INFO tempest.lib.common.rest_client [req-113822ac-1208-4d1c-b7f3-31cdc5015cbb req-113822ac-1208-4d1c-b7f3-31cdc5015cbb ] Request (HypervisorAdminNegativeTestJSON:setUpClass): 201 POST http://10.180.1.21/identity/v3/projects 0.035s
2025-04-10 18:53:29.847 69898 INFO tempest.lib.common.rest_client [req-1086a265-7041-45f1-a89e-a7e0486046e6 req-1086a265-7041-45f1-a89e-a7e0486046e6 ] Request (HypervisorAdminNegativeTestJSON:setUpClass): 201 POST http://10.180.1.21/identity/v3/users 0.094s
2025-04-10 18:53:29.878 69898 INFO tempest.lib.common.rest_client [req-0550389b-5d10-49f0-9c1f-9d37e4eb6810 req-0550389b-5d10-49f0-9c1f-9d37e4eb6810 ] Request (HypervisorAdminNegativeTestJSON:setUpClass): 200 GET http://10.180.1.21/identity/v3/roles 0.030s
2025-04-10 18:53:29.913 69898 INFO tempest.lib.common.rest_client [req-e40e2e42-cfe1-4283-8c99-5c4d3435e77f req-e40e2e42-cfe1-4283-8c99-5c4d3435e77f ] Request (HypervisorAdminNegativeTestJSON:setUpClass): 204 PUT http://10.180.1.21/identity/v3/projects/aba3f184a69d4af4a621fac8fc7e4a11/users/d4f64f77c1f746878db023bbdecff007/roles/181822b11d6e443b865727d2d1c8303a 0.035s
2025-04-10 18:53:29.914 69898 INFO tempest.lib.common.dynamic_creds [-] Dynamic test user d4f64f77c1f746878db023bbdecff007 is created with scope project and roles: ['member']
2025-04-10 18:53:29.915 69898 INFO tempest.lib.common.dynamic_creds [-] Acquired dynamic creds: credentials: Credentials: {'domain_id': 'default', 'domain_name': 'Default', 'username': 'tempest-HypervisorAdminNegativeTestJSON-1534857978-project-member', 'project_domain_id': 'default', 'project_domain_name': 'Default', 'project_id': 'aba3f184a69d4af4a621fac8fc7e4a11', 'project_name': 'tempest-HypervisorAdminNegativeTestJSON-1534857978', 'tenant_id': 'aba3f184a69d4af4a621fac8fc7e4a11', 'tenant_name': 'tempest-HypervisorAdminNegativeTestJSON-1534857978', 'user_domain_id': 'default', 'user_domain_name': 'Default', 'user_id': 'd4f64f77c1f746878db023bbdecff007', 'system': None}, Network: None, Subnet: None, Router: None
2025-04-10 18:53:29.915 69898 INFO tempest.lib.common.dynamic_creds [-] Created isolated network resources for: credentials: Credentials: {'domain_id': 'default', 'domain_name': 'Default', 'username': 'tempest-HypervisorAdminNegativeTestJSON-1534857978-project-member', 'project_domain_id': 'default', 'project_domain_name': 'Default', 'project_id': 'aba3f184a69d4af4a621fac8fc7e4a11', 'project_name': 'tempest-HypervisorAdminNegativeTestJSON-1534857978', 'tenant_id': 'aba3f184a69d4af4a621fac8fc7e4a11', 'tenant_name': 'tempest-HypervisorAdminNegativeTestJSON-1534857978', 'user_domain_id': 'default', 'user_domain_name': 'Default', 'user_id': 'd4f64f77c1f746878db023bbdecff007', 'system': None}, Network: None, Subnet: None, Router: None
2025-04-10 18:53:30.000 69898 INFO tempest.lib.common.rest_client [req-9037c316-b3ce-40d8-8b4e-ee80ddac69a7 req-9037c316-b3ce-40d8-8b4e-ee80ddac69a7 ] Request (HypervisorAdminNegativeTestJSON:setUpClass): 201 POST http://10.180.1.21/identity/v3/auth/tokens 0.081s
2025-04-10 18:53:30.078 69895 INFO tempest.lib.common.rest_client [req-19b70e2c-ff6c-4a53-b26e-d62ff41d0978 req-19b70e2c-ff6c-4a53-b26e-d62ff41d0978 ] Request (FloatingIPsTestJSON:test_allocate_floating_ip): 200 POST http://10.180.1.21/compute/v2.1/os-floating-ips 1.147s
2025-04-10 18:53:30.095 69898 INFO tempest.lib.common.rest_client [req-d38079f6-3d8e-4329-9d07-2c8112556f5c req-d38079f6-3d8e-4329-9d07-2c8112556f5c ] Request (HypervisorAdminNegativeTestJSON:setUpClass): 201 POST http://10.180.1.21/identity/v3/projects 0.095s
2025-04-10 18:53:30.108 69885 INFO tempest.lib.common.rest_client [req-b010a60d-f887-471d-9e00-1dd71cf997f1 req-b010a60d-f887-471d-9e00-1dd71cf997f1 ] Request (FlavorsExtraSpecsTestJSON:tearDownClass): 202 DELETE http://10.180.1.21/compute/v2.1/flavors/1144111084 1.000s
2025-04-10 18:53:30.133 69889 INFO tempest.lib.common.rest_client [req-6f53b1ae-719a-487f-bea7-e0e2b43991e9 req-6f53b1ae-719a-487f-bea7-e0e2b43991e9 ] Request (KeyPairsV22TestJSON:_run_cleanups): 204 DELETE http://10.180.1.21/compute/v2.1/os-keypairs/tempest-KeyPairsV22TestJSON-keypair-1605178863 1.012s
2025-04-10 18:53:30.184 69898 INFO tempest.lib.common.rest_client [req-e6cd4672-3ad5-4921-bf1c-7c815bde025d req-e6cd4672-3ad5-4921-bf1c-7c815bde025d ] Request (HypervisorAdminNegativeTestJSON:setUpClass): 201 POST http://10.180.1.21/identity/v3/users 0.088s
2025-04-10 18:53:30.211 69898 INFO tempest.lib.common.rest_client [req-6ac1be72-9c7e-44c7-aee6-19ddb736b958 req-6ac1be72-9c7e-44c7-aee6-19ddb736b958 ] Request (HypervisorAdminNegativeTestJSON:setUpClass): 200 GET http://10.180.1.21/identity/v3/roles 0.027s
2025-04-10 18:53:30.257 69898 INFO tempest.lib.common.rest_client [req-d6a96f05-f9b0-4a59-b53c-d6dee5867a17 req-d6a96f05-f9b0-4a59-b53c-d6dee5867a17 ] Request (HypervisorAdminNegativeTestJSON:setUpClass): 204 PUT http://10.180.1.21/identity/v3/projects/a992fa86d9034e83a81944e740771853/users/102d423d19e444c9895e41a82d8713fa/roles/86788eb6290b49cdbad1af9f191b4365 0.045s
2025-04-10 18:53:30.259 69906 INFO tempest.lib.common.rest_client [req-60dccccd-c06d-421e-9c2c-0840be8bc9b4 req-60dccccd-c06d-421e-9c2c-0840be8bc9b4 ] Request (MigrationsAdminTest:test_list_migrations_in_flavor_resize_situation): 200 GET http://10.180.1.21/compute/v2.1/servers/e2a67fde-2447-4689-ba52-73fe5dabdbd6 1.125s
2025-04-10 18:53:30.346 69898 INFO tempest.lib.common.rest_client [req-c110b8e5-76be-4c3f-8e95-10551d7991a7 req-c110b8e5-76be-4c3f-8e95-10551d7991a7 ] Request (HypervisorAdminNegativeTestJSON:setUpClass): 200 GET http://10.180.1.21/identity/v3/roles 0.088s
2025-04-10 18:53:30.357 69913 INFO tempest.lib.common.rest_client [req-51bdadc1-a5cb-4b17-9dc9-0d89892c2724 req-51bdadc1-a5cb-4b17-9dc9-0d89892c2724 ] Request (ServerDiagnosticsV248Test:test_get_server_diagnostics): 200 GET http://10.180.1.21/compute/v2.1/servers/f3b8ab24-3f49-4af8-ab8f-2360fb111d12/diagnostics 1.326s
2025-04-10 18:53:30.393 69898 INFO tempest.lib.common.rest_client [req-75472522-89ba-47b5-a7e4-19baae9b2931 req-75472522-89ba-47b5-a7e4-19baae9b2931 ] Request (HypervisorAdminNegativeTestJSON:setUpClass): 204 PUT http://10.180.1.21/identity/v3/projects/a992fa86d9034e83a81944e740771853/users/102d423d19e444c9895e41a82d8713fa/roles/86788eb6290b49cdbad1af9f191b4365 0.047s
2025-04-10 18:53:30.394 69898 INFO tempest.lib.common.dynamic_creds [-] Dynamic test user 102d423d19e444c9895e41a82d8713fa is created with scope project and roles: ['admin']
2025-04-10 18:53:30.394 69898 INFO tempest.lib.common.dynamic_creds [-] Acquired dynamic creds: credentials: Credentials: {'domain_id': 'default', 'domain_name': 'Default', 'username': 'tempest-HypervisorAdminNegativeTestJSON-197421340-project-admin', 'project_domain_id': 'default', 'project_domain_name': 'Default', 'project_id': 'a992fa86d9034e83a81944e740771853', 'project_name': 'tempest-HypervisorAdminNegativeTestJSON-197421340', 'tenant_id': 'a992fa86d9034e83a81944e740771853', 'tenant_name': 'tempest-HypervisorAdminNegativeTestJSON-197421340', 'user_domain_id': 'default', 'user_domain_name': 'Default', 'user_id': '102d423d19e444c9895e41a82d8713fa', 'system': None}, Network: None, Subnet: None, Router: None
2025-04-10 18:53:30.394 69898 INFO tempest.lib.common.dynamic_creds [-] Created isolated network resources for: credentials: Credentials: {'domain_id': 'default', 'domain_name': 'Default', 'username': 'tempest-HypervisorAdminNegativeTestJSON-197421340-project-admin', 'project_domain_id': 'default', 'project_domain_name': 'Default', 'project_id': 'a992fa86d9034e83a81944e740771853', 'project_name': 'tempest-HypervisorAdminNegativeTestJSON-197421340', 'tenant_id': 'a992fa86d9034e83a81944e740771853', 'tenant_name': 'tempest-HypervisorAdminNegativeTestJSON-197421340', 'user_domain_id': 'default', 'user_domain_name': 'Default', 'user_id': '102d423d19e444c9895e41a82d8713fa', 'system': None}, Network: None, Subnet: None, Router: None
2025-04-10 18:53:30.476 69899 INFO tempest.lib.common.rest_client [req-4a1e1dc1-655b-4566-8500-1a3099e1c992 req-4a1e1dc1-655b-4566-8500-1a3099e1c992 ] Request (ServersAdminNegativeTestJSON:test_migrate_server_invalid_state): 200 GET http://10.180.1.21/compute/v2.1/servers/58aa726b-1551-4aad-9aac-adafc6dfdef0 1.160s
2025-04-10 18:53:30.486 69899 INFO tempest.common.waiters [-] State transition "BUILD/scheduling" ==> "BUILD/None" after 18 second wait
2025-04-10 18:53:30.502 69898 INFO tempest.lib.common.rest_client [req-0cd40e11-765a-4e5b-a97d-bb43f2eebf02 req-0cd40e11-765a-4e5b-a97d-bb43f2eebf02 ] Request (HypervisorAdminNegativeTestJSON:setUpClass): 201 POST http://10.180.1.21/identity/v3/auth/tokens 0.105s
2025-04-10 18:53:30.567 69931 INFO tempest.lib.common.rest_client [req-0110b9a5-54cf-4c0a-b3dd-635ce9f9a338 req-0110b9a5-54cf-4c0a-b3dd-635ce9f9a338 ] Request (ServerExternalEventsTest:tearDownClass): 200 GET http://10.180.1.21/compute/v2.1/servers/49a8fb1e-749c-419a-a39a-ccec63fd157f 1.191s
2025-04-10 18:53:30.568 69901 INFO tempest.lib.common.rest_client [req-ac844c1c-5481-4e2c-a9c1-c51305b20012 req-ac844c1c-5481-4e2c-a9c1-c51305b20012 ] Request (ServersTestBootFromVolume:setUpClass): 200 GET http://10.180.1.21/volume/v3/volumes/444d290c-f393-4e1e-af61-41f61c21096d 0.038s
2025-04-10 18:53:30.580 69935 WARNING tempest.lib.common.ssh [-] Failed to establish authenticated ssh connection to cirros@10.180.180.169 ([Errno None] Unable to connect to port 22 on 10.180.180.169). Number attempts: 1. Retry after 2 seconds.: paramiko.ssh_exception.NoValidConnectionsError: [Errno None] Unable to connect to port 22 on 10.180.180.169
2025-04-10 18:53:30.664 69941 INFO tempest.lib.common.rest_client [req-e79880b4-f1fb-42a3-b619-1bd23fcf7ea7 req-e79880b4-f1fb-42a3-b619-1bd23fcf7ea7 ] Request (DeleteServersAdminTestJSON:test_admin_delete_servers_of_others): 200 GET http://10.180.1.21/compute/v2.1/servers/0a422bb9-c56d-4ee9-8336-8ef8b657ffd1 1.271s
2025-04-10 18:53:30.697 69907 INFO tempest.lib.common.rest_client [req-9aeda81c-dc05-406b-8ae4-1ff567640bf8 req-9aeda81c-dc05-406b-8ae4-1ff567640bf8 ] Request (AttachInterfacesTestJSON:test_create_list_show_delete_interfaces_by_fixed_ip): 202 POST http://10.180.1.21/compute/v2.1/servers 1.418s
2025-04-10 18:53:30.742 69911 INFO tempest.lib.common.rest_client [req-e2c11fef-1cfd-4c78-9f5e-affd09520cf6 req-e2c11fef-1cfd-4c78-9f5e-affd09520cf6 ] Request (ServersAaction247Test:test_create_backup): 200 GET http://10.180.1.21/compute/v2.1/servers/e94942e0-b29d-4b9f-8606-999242b38b24 1.257s
2025-04-10 18:53:30.746 69929 INFO tempest.lib.common.rest_client [req-7aa6e11a-da1a-4346-9763-69074a524a32 req-7aa6e11a-da1a-4346-9763-69074a524a32 ] Request (InstanceActionsV221TestJSON:setUpClass): 201 POST http://10.180.1.21:9696/networking/v2.0/routers 2.430s
2025-04-10 18:53:30.762 69879 INFO tempest.lib.common.rest_client [req-24ab1a77-54b2-49c9-821d-e9dbd2ed919d req-24ab1a77-54b2-49c9-821d-e9dbd2ed919d ] Request (DeleteServersTestJSON:test_delete_active_server): 200 GET http://10.180.1.21/compute/v2.1/servers/bddac60c-f799-473c-992a-d1a95cd67a58 1.233s
2025-04-10 18:53:30.834 69915 INFO tempest.lib.common.rest_client [req-9e20ea69-8cdb-4518-ad1c-b22658e6b38f req-9e20ea69-8cdb-4518-ad1c-b22658e6b38f ] Request (FloatingIPsAssociationNegativeTestJSON:tearDownClass): 200 GET http://10.180.1.21/compute/v2.1/servers/967d606a-689f-4fca-affe-6926dcf9d54a 1.207s
2025-04-10 18:53:30.852 69881 INFO tempest.lib.common.rest_client [req-87710101-64b6-4600-8fbd-5e5b44774d7d req-87710101-64b6-4600-8fbd-5e5b44774d7d ] Request (ServersAdminTestJSON:setUpClass): 200 GET http://10.180.1.21/compute/v2.1/servers/33820b55-089c-442a-9cbb-f4d476244e6f 1.305s
2025-04-10 18:53:30.875 69910 INFO tempest.lib.common.rest_client [req-e6fc5eb4-f99f-4f17-9f32-19e89f787e71 req-e6fc5eb4-f99f-4f17-9f32-19e89f787e71 ] Request (SecurityGroupRulesNegativeTestJSON:test_create_security_group_rule_duplicate): 400 POST http://10.180.1.21/compute/v2.1/os-security-group-rules 1.205s
2025-04-10 18:53:30.978 69925 INFO tempest.lib.common.rest_client [req-d5e9fec4-8e6c-417b-b494-00464cd26c61 req-d5e9fec4-8e6c-417b-b494-00464cd26c61 ] Request (AttachInterfacesV270Test:test_create_get_list_interfaces): 200 GET http://10.180.1.21/compute/v2.1/servers/2a6c1ac6-0b2d-4e5d-bf0e-3e993fcda556 1.282s
2025-04-10 18:53:30.989 69887 INFO tempest.lib.common.rest_client [req-fa1e5de5-0c08-4d60-9aa5-1528c332d98e req-fa1e5de5-0c08-4d60-9aa5-1528c332d98e ] Request (InstanceActionsTestJSON:setUpClass): 201 POST http://10.180.1.21:9696/networking/v2.0/routers 2.477s
2025-04-10 18:53:31.024 69933 INFO tempest.lib.common.rest_client [req-d599d0f1-a532-47e0-8565-2a87d61e3dd9 req-d599d0f1-a532-47e0-8565-2a87d61e3dd9 ] Request (ServersWithSpecificFlavorTestJSON:test_verify_created_server_ephemeral_disk): 200 GET http://10.180.1.21/compute/v2.1/servers/83633019-2ee3-48a5-a578-abb6d1b34fe7 1.137s
2025-04-10 18:53:31.137 69895 INFO tempest.lib.common.rest_client [req-b7e1dd19-328f-4bd2-b695-3c55be277cb9 req-b7e1dd19-328f-4bd2-b695-3c55be277cb9 ] Request (FloatingIPsTestJSON:test_allocate_floating_ip): 200 GET http://10.180.1.21/compute/v2.1/os-floating-ips/ece31a3e-c835-46c8-a773-6e06f88bc218 1.053s
2025-04-10 18:53:31.215 69883 INFO tempest.lib.common.rest_client [req-9fa45c2a-310b-49f0-9b58-d6e9a36abff8 req-9fa45c2a-310b-49f0-9b58-d6e9a36abff8 ] Request (ImagesOneServerTestJSON:setUpClass): 200 GET http://10.180.1.21/compute/v2.1/servers/2c2f8e89-9a01-46e1-ab53-3c80c1bff111 1.113s
2025-04-10 18:53:31.228 69903 INFO tempest.lib.common.rest_client [req-96600ef0-1f0d-4818-a09b-3023585b3f17 req-96600ef0-1f0d-4818-a09b-3023585b3f17 ] Request (ListServerFiltersTestJSON:test_list_servers_filter_by_shutoff_status): 200 GET http://10.180.1.21/compute/v2.1/servers/c063eb35-0bc0-4253-8e24-d8303a0ecab3 1.283s
2025-04-10 18:53:31.244 69903 INFO tempest.common.waiters [-] State transition "ACTIVE/powering-off" ==> "SHUTOFF/None" after 3 second wait
2025-04-10 18:53:31.252 69889 INFO tempest.lib.common.rest_client [req-6561b006-3d7f-43d7-923e-55cc9a413dec req-6561b006-3d7f-43d7-923e-55cc9a413dec ] Request (KeyPairsV22TestJSON:_run_cleanups): 204 DELETE http://10.180.1.21/compute/v2.1/os-keypairs/tempest-KeyPairsV22TestJSON-keypair-2059429166 1.118s
2025-04-10 18:53:31.259 69885 INFO tempest.lib.common.rest_client [req-67488468-3593-4f39-ac9d-804b3b829183 req-67488468-3593-4f39-ac9d-804b3b829183 ] Request (FlavorsExtraSpecsTestJSON:tearDownClass): 200 GET http://10.180.1.21/compute/v2.1/flavors/detail 1.151s
2025-04-10 18:53:31.318 69939 INFO tempest.lib.common.rest_client [req-b6645615-fa45-4d9e-9e8e-9de74eedefd7 req-b6645615-fa45-4d9e-9e8e-9de74eedefd7 ] Request (ImagesTestJSON:test_create_image_from_stopped_server): 200 GET http://10.180.1.21/compute/v2.1/images/b5827c37-1e64-45e2-9ae7-018685c7041d 1.090s
2025-04-10 18:53:31.384 69917 INFO tempest.lib.common.rest_client [req-9680cc77-18a8-4db0-ad84-6992b30db685 req-9680cc77-18a8-4db0-ad84-6992b30db685 ] Request (ServerDiagnosticsTest:test_get_server_diagnostics): 200 GET http://10.180.1.21/compute/v2.1/servers/bf3f5859-8324-42c2-a6ce-37f76a0a1b95 1.094s
2025-04-10 18:53:31.444 69885 INFO tempest.lib.common.rest_client [req-44c9a3ce-2430-406a-8881-0a6efff121f6 req-44c9a3ce-2430-406a-8881-0a6efff121f6 ] Request (FlavorsExtraSpecsTestJSON:tearDownClass): 204 DELETE http://10.180.1.21/identity/v3/users/1cae902650fe486485fb6fcad81d8fcf 0.178s
2025-04-10 18:53:31.447 69891 INFO tempest.lib.common.rest_client [req-7d9b8099-fcde-49cf-9391-554cc7603929 req-7d9b8099-fcde-49cf-9391-554cc7603929 ] Request (FloatingIPsAssociationTestJSON:setUpClass): 200 GET http://10.180.1.21/compute/v2.1/servers/f51b0ff6-a600-414c-a50d-5e74f0640124 1.109s
2025-04-10 18:53:31.475 69927 INFO tempest.lib.common.rest_client [req-ad1baf74-81ce-4899-9129-44687825fa7d req-ad1baf74-81ce-4899-9129-44687825fa7d ] Request (VolumesAssistedSnapshotsTest:test_volume_assisted_snapshot_create_delete): 200 GET http://10.180.1.21/compute/v2.1/servers/b850724f-f1d8-4460-b2d1-a7ea5d887826 1.296s
2025-04-10 18:53:31.477 69937 WARNING tempest.lib.common.ssh [-] Failed to establish authenticated ssh connection to cirros@10.180.180.134 ([Errno None] Unable to connect to port 22 on 10.180.180.134). Number attempts: 5. Retry after 6 seconds.: paramiko.ssh_exception.NoValidConnectionsError: [Errno None] Unable to connect to port 22 on 10.180.180.134
2025-04-10 18:53:31.483 69927 INFO tempest.common.waiters [-] State transition "BUILD/networking" ==> "BUILD/spawning" after 33 second wait
2025-04-10 18:53:31.560 69885 INFO tempest.lib.common.rest_client [req-f1036ada-a50e-434d-938e-22a044e2a315 req-f1036ada-a50e-434d-938e-22a044e2a315 ] Request (FlavorsExtraSpecsTestJSON:tearDownClass): 204 DELETE http://10.180.1.21/identity/v3/users/f8ed450c66c8438e9e8ada86088d6c6d 0.116s
2025-04-10 18:53:31.561 69885 INFO tempest.lib.common.dynamic_creds [-] Deleting project and security group for project: 4fc4c9ccc8784c8baf3ad585854fb1d2
2025-04-10 18:53:31.614 69901 INFO tempest.lib.common.rest_client [req-d1956c8a-995f-477f-a11e-e0d93f2fed78 req-d1956c8a-995f-477f-a11e-e0d93f2fed78 ] Request (ServersTestBootFromVolume:setUpClass): 200 GET http://10.180.1.21/volume/v3/volumes/444d290c-f393-4e1e-af61-41f61c21096d 0.037s
2025-04-10 18:53:31.623 69901 INFO tempest.common.waiters [-] volume 444d290c-f393-4e1e-af61-41f61c21096d reached available after waiting for 21.623129 seconds
2025-04-10 18:53:31.642 69885 INFO tempest.lib.common.rest_client [req-1d30b123-f7ce-4770-8219-b715c2b5fa50 req-1d30b123-f7ce-4770-8219-b715c2b5fa50 ] Request (FlavorsExtraSpecsTestJSON:tearDownClass): 201 POST http://10.180.1.21/identity/v3/auth/tokens 0.081s
2025-04-10 18:53:31.647 69919 INFO tempest.lib.common.rest_client [req-8ee6238d-4fb2-4475-8a4d-f462dab1972c req-8ee6238d-4fb2-4475-8a4d-f462dab1972c ] Request (ServerAddressesTestJSON:setUpClass): 200 GET http://10.180.1.21/compute/v2.1/servers/eaed6791-6291-4e8d-a6f7-c22a8434dd09 1.209s
2025-04-10 18:53:31.656 69898 INFO tempest.lib.common.rest_client [req-e3463233-23ec-40a4-bc49-49c6d40d71db req-e3463233-23ec-40a4-bc49-49c6d40d71db ] Request (HypervisorAdminNegativeTestJSON:test_get_hypervisor_list_details_with_non_admin_user): 403 GET http://10.180.1.21/compute/v2.1/os-hypervisors/detail 1.151s
2025-04-10 18:53:31.704 69907 INFO tempest.lib.common.rest_client [req-6b78237b-8d3e-46de-a2ef-2bcd33216ef1 req-6b78237b-8d3e-46de-a2ef-2bcd33216ef1 ] Request (AttachInterfacesTestJSON:test_create_list_show_delete_interfaces_by_fixed_ip): 200 GET http://10.180.1.21/compute/v2.1/servers/8f4e9d18-3a78-4cb1-a21b-8b48dc056caa 1.005s
2025-04-10 18:53:31.864 69895 INFO tempest.lib.common.rest_client [req-23a13aac-1d6a-476e-9b9c-e44915b103d1 req-23a13aac-1d6a-476e-9b9c-e44915b103d1 ] Request (FloatingIPsTestJSON:test_allocate_floating_ip): 200 GET http://10.180.1.21/compute/v2.1/os-floating-ips 0.724s
2025-04-10 18:53:31.951 69910 INFO tempest.lib.common.rest_client [req-68e7d315-1ae6-404f-b677-5c2a68061822 req-68e7d315-1ae6-404f-b677-5c2a68061822 ] Request (SecurityGroupRulesNegativeTestJSON:_run_cleanups): 202 DELETE http://10.180.1.21/compute/v2.1/os-security-group-rules/64e1c061-a362-4754-ab58-c9db2df3ab75 1.075s
2025-04-10 18:53:31.973 69889 INFO tempest.lib.common.rest_client [req-b338fe4e-837b-4c4e-a8f5-533b7cea4f07 req-b338fe4e-837b-4c4e-a8f5-533b7cea4f07 ] Request (KeyPairsV22TestJSON:_run_cleanups): 204 DELETE http://10.180.1.21/compute/v2.1/os-keypairs/tempest-KeyPairsV22TestJSON-keypair-922209738 0.721s
2025-04-10 18:53:31.980 69885 INFO tempest.lib.common.rest_client [req-8287194f-a80e-48e0-8106-b4702355b4d7 req-8287194f-a80e-48e0-8106-b4702355b4d7 ] Request (FlavorsExtraSpecsTestJSON:tearDownClass): 200 GET http://10.180.1.21:9696/networking/v2.0/security-groups?tenant_id=4fc4c9ccc8784c8baf3ad585854fb1d2&name=default 0.338s
2025-04-10 18:53:31.993 69903 INFO tempest.lib.common.rest_client [req-565fad10-aef3-47e5-9c5b-c07f87d12fc0 req-565fad10-aef3-47e5-9c5b-c07f87d12fc0 ] Request (ListServerFiltersTestJSON:test_list_servers_filter_by_shutoff_status): 200 GET http://10.180.1.21/compute/v2.1/servers?status=shutoff 0.749s
2025-04-10 18:53:32.038 69939 INFO tempest.lib.common.rest_client [req-5a491f92-1872-48c5-adc1-99607fb72983 req-5a491f92-1872-48c5-adc1-99607fb72983 ] Request (ImagesTestJSON:test_create_image_from_stopped_server): 200 GET http://10.180.1.21/compute/v2.1/images/b5827c37-1e64-45e2-9ae7-018685c7041d 0.716s
2025-04-10 18:53:32.074 69939 INFO tempest.lib.common.rest_client [req-8667942e-8bd4-4daf-93b1-3f3f7c8be390 req-8667942e-8bd4-4daf-93b1-3f3f7c8be390 ] Request (ImagesTestJSON:test_create_image_from_stopped_server): 200 GET http://10.180.1.21/image/v2/images/b5827c37-1e64-45e2-9ae7-018685c7041d/tasks 0.032s
2025-04-10 18:53:32.117 69899 INFO tempest.lib.common.rest_client [req-ea4488e3-d06a-46fa-97a0-862916e5678f req-ea4488e3-d06a-46fa-97a0-862916e5678f ] Request (ServersAdminNegativeTestJSON:test_migrate_server_invalid_state): 200 GET http://10.180.1.21/compute/v2.1/servers/58aa726b-1551-4aad-9aac-adafc6dfdef0 0.630s
2025-04-10 18:53:32.195 69931 INFO tempest.lib.common.rest_client [req-90f934d8-4085-4652-8a1f-1064c50e00f6 req-90f934d8-4085-4652-8a1f-1064c50e00f6 ] Request (ServerExternalEventsTest:tearDownClass): 200 GET http://10.180.1.21/compute/v2.1/servers/49a8fb1e-749c-419a-a39a-ccec63fd157f 0.618s
2025-04-10 18:53:32.352 69906 INFO tempest.lib.common.rest_client [req-df169970-4f9f-417a-9cbc-c3d484022a06 req-df169970-4f9f-417a-9cbc-c3d484022a06 ] Request (MigrationsAdminTest:test_list_migrations_in_flavor_resize_situation): 200 GET http://10.180.1.21/compute/v2.1/servers/e2a67fde-2447-4689-ba52-73fe5dabdbd6 1.073s
2025-04-10 18:53:32.361 69898 INFO tempest.lib.common.rest_client [req-9de2b157-3c0b-46f9-9e25-0980ea34237d req-9de2b157-3c0b-46f9-9e25-0980ea34237d ] Request (HypervisorAdminNegativeTestJSON:test_get_hypervisor_list_with_non_admin_user): 403 GET http://10.180.1.21/compute/v2.1/os-hypervisors 0.704s
2025-04-10 18:53:32.374 69885 INFO tempest.lib.common.rest_client [req-682c9919-6831-4322-837b-7c41d16f88ca req-682c9919-6831-4322-837b-7c41d16f88ca ] Request (FlavorsExtraSpecsTestJSON:tearDownClass): 204 DELETE http://10.180.1.21:9696/networking/v2.0/security-groups/f5783280-0e85-4314-adb8-5cc9dca4076c 0.393s
2025-04-10 18:53:32.457 69941 INFO tempest.lib.common.rest_client [req-ec880b98-beea-4a57-8296-bb97bf39b320 req-ec880b98-beea-4a57-8296-bb97bf39b320 ] Request (DeleteServersAdminTestJSON:test_admin_delete_servers_of_others): 200 GET http://10.180.1.21/compute/v2.1/servers/0a422bb9-c56d-4ee9-8336-8ef8b657ffd1 0.783s
2025-04-10 18:53:32.466 69885 INFO tempest.lib.common.rest_client [req-fa1c9d80-a12c-42b0-8a77-ca7b89bc22ce req-fa1c9d80-a12c-42b0-8a77-ca7b89bc22ce ] Request (FlavorsExtraSpecsTestJSON:tearDownClass): 204 DELETE http://10.180.1.21/identity/v3/projects/4fc4c9ccc8784c8baf3ad585854fb1d2 0.092s
2025-04-10 18:53:32.466 69885 INFO tempest.lib.common.dynamic_creds [-] Deleting project and security group for project: 91ab4c96451d445a94617e3af01a46d3
2025-04-10 18:53:32.485 69887 INFO tempest.lib.common.rest_client [req-e69f689b-cdcb-40ed-a63e-2dd7a01ee790 req-e69f689b-cdcb-40ed-a63e-2dd7a01ee790 ] Request (InstanceActionsTestJSON:setUpClass): 200 PUT http://10.180.1.21:9696/networking/v2.0/routers/079fe7e0-dcf8-45db-8b5c-af9c88a5068d/add_router_interface 1.495s
2025-04-10 18:53:32.485 69887 INFO tempest.lib.common.dynamic_creds [-] Created isolated network resources for: credentials: Credentials: {'domain_id': 'default', 'domain_name': 'Default', 'username': 'tempest-InstanceActionsTestJSON-711071534-project-member', 'project_domain_id': 'default', 'project_domain_name': 'Default', 'project_id': '852e5dbff186498ebfb20d5a8465f481', 'project_name': 'tempest-InstanceActionsTestJSON-711071534', 'tenant_id': '852e5dbff186498ebfb20d5a8465f481', 'tenant_name': 'tempest-InstanceActionsTestJSON-711071534', 'user_domain_id': 'default', 'user_domain_name': 'Default', 'user_id': 'fee05bed92d74ed097bb41fe21ca7804', 'system': None}, Network: {'id': '9843adf9-2301-4a20-8c06-382acfaa795e', 'name': 'tempest-InstanceActionsTestJSON-1589627144-network', 'tenant_id': '852e5dbff186498ebfb20d5a8465f481', 'admin_state_up': True, 'mtu': 8950, 'status': 'ACTIVE', 'subnets': [], 'shared': False, 'project_id': '852e5dbff186498ebfb20d5a8465f481', 'port_security_enabled': True, 'router:external': False, 'provider:network_type': 'vlan', 'provider:physical_network': 'default', 'provider:segmentation_id': 423, 'availability_zone_hints': [], 'availability_zones': [], 'ipv4_address_scope': None, 'ipv6_address_scope': None, 'description': '', 'tags': [], 'created_at': '2025-04-10T18:53:27Z', 'updated_at': '2025-04-10T18:53:27Z', 'revision_number': 1}, Subnet: {'id': 'edcd373d-bbf7-4651-b4e5-21dcca6cc2a5', 'name': 'tempest-InstanceActionsTestJSON-1589627144-subnet', 'tenant_id': '852e5dbff186498ebfb20d5a8465f481', 'network_id': '9843adf9-2301-4a20-8c06-382acfaa795e', 'ip_version': 4, 'subnetpool_id': None, 'enable_dhcp': True, 'ipv6_ra_mode': None, 'ipv6_address_mode': None, 'gateway_ip': '192.168.128.1', 'cidr': '192.168.128.0/28', 'allocation_pools': [{'start': '192.168.128.2', 'end': '192.168.128.14'}], 'host_routes': [], 'dns_nameservers': [], 'description': '', 'router:external': False, 'service_types': [], 'tags': [], 'created_at': '2025-04-10T18:53:28Z', 'updated_at': '2025-04-10T18:53:28Z', 'revision_number': 0, 'project_id': '852e5dbff186498ebfb20d5a8465f481'}, Router: {'id': '079fe7e0-dcf8-45db-8b5c-af9c88a5068d', 'name': 'tempest-InstanceActionsTestJSON-1589627144-router', 'tenant_id': '852e5dbff186498ebfb20d5a8465f481', 'admin_state_up': True, 'status': 'ACTIVE', 'external_gateway_info': {'network_id': '36b20a26-75c0-4783-a97b-6f084099d736', 'external_fixed_ips': [{'subnet_id': 'f9731a2f-9ea8-478a-a278-7e5e9302a613', 'ip_address': '10.180.180.129'}], 'enable_snat': True}, 'description': '', 'availability_zones': [], 'distributed': False, 'ha': False, 'availability_zone_hints': [], 'routes': [], 'flavor_id': None, 'tags': [], 'created_at': '2025-04-10T18:53:28Z', 'updated_at': '2025-04-10T18:53:30Z', 'revision_number': 2, 'project_id': '852e5dbff186498ebfb20d5a8465f481'}
2025-04-10 18:53:32.530 69911 INFO tempest.lib.common.rest_client [req-20353e0d-7b90-4838-8ac7-179b2f96575d req-20353e0d-7b90-4838-8ac7-179b2f96575d ] Request (ServersAaction247Test:test_create_backup): 200 GET http://10.180.1.21/compute/v2.1/servers/e94942e0-b29d-4b9f-8606-999242b38b24 0.773s
2025-04-10 18:53:32.603 69887 INFO tempest.lib.common.rest_client [req-1374c4a8-9d9d-418a-a019-f8b9612b1067 req-1374c4a8-9d9d-418a-a019-f8b9612b1067 ] Request (InstanceActionsTestJSON:setUpClass): 201 POST http://10.180.1.21/identity/v3/auth/tokens 0.114s
2025-04-10 18:53:32.609 69879 INFO tempest.lib.common.rest_client [req-dac692a1-6106-4a79-8fe1-71152a760ea1 req-dac692a1-6106-4a79-8fe1-71152a760ea1 ] Request (DeleteServersTestJSON:test_delete_active_server): 200 GET http://10.180.1.21/compute/v2.1/servers/bddac60c-f799-473c-992a-d1a95cd67a58 0.837s
2025-04-10 18:53:32.633 69885 INFO tempest.lib.common.rest_client [req-c78382e6-21e7-404f-b514-83bb2e31654a req-c78382e6-21e7-404f-b514-83bb2e31654a ] Request (FlavorsExtraSpecsTestJSON:tearDownClass): 200 GET http://10.180.1.21:9696/networking/v2.0/security-groups?tenant_id=91ab4c96451d445a94617e3af01a46d3&name=default 0.167s
2025-04-10 18:53:32.657 69887 INFO tempest.lib.common.rest_client [req-f41f4d66-7509-45bc-94a3-db835166e216 req-f41f4d66-7509-45bc-94a3-db835166e216 ] Request (InstanceActionsTestJSON:setUpClass): 201 POST http://10.180.1.21/identity/v3/auth/tokens 0.048s
2025-04-10 18:53:32.658 69887 INFO tempest.lib.common.fixed_network [-] (InstanceActionsTestJSON:setUpClass) Found network {'id': '9843adf9-2301-4a20-8c06-382acfaa795e', 'name': 'tempest-InstanceActionsTestJSON-1589627144-network', 'tenant_id': '852e5dbff186498ebfb20d5a8465f481', 'admin_state_up': True, 'mtu': 8950, 'status': 'ACTIVE', 'subnets': [], 'shared': False, 'project_id': '852e5dbff186498ebfb20d5a8465f481', 'port_security_enabled': True, 'router:external': False, 'provider:network_type': 'vlan', 'provider:physical_network': 'default', 'provider:segmentation_id': 423, 'availability_zone_hints': [], 'availability_zones': [], 'ipv4_address_scope': None, 'ipv6_address_scope': None, 'description': '', 'tags': [], 'created_at': '2025-04-10T18:53:27Z', 'updated_at': '2025-04-10T18:53:27Z', 'revision_number': 1} available for tenant
2025-04-10 18:53:32.669 69929 INFO tempest.lib.common.rest_client [req-2b1f4103-8555-41eb-accd-ab150ee8696b req-2b1f4103-8555-41eb-accd-ab150ee8696b ] Request (InstanceActionsV221TestJSON:setUpClass): 200 PUT http://10.180.1.21:9696/networking/v2.0/routers/c9714acf-e0cb-4607-b145-bcadc27cca8f/add_router_interface 1.922s
