2025-12-08 22:52:42.170 65817 INFO tempest.lib.common.dynamic_creds [-] Created isolated network resources for: credentials: Credentials: {'domain_id': 'default', 'domain_name': 'Default', 'username': 'tempest-AttachVolumeNegativeTest-2145166079-project-member', 'project_domain_id': 'default', 'project_domain_name': 'Default', 'project_id': 'f93c7bef452b41ec9dac71a4155616e7', 'project_name': 'tempest-AttachVolumeNegativeTest-2145166079', 'tenant_id': 'f93c7bef452b41ec9dac71a4155616e7', 'tenant_name': 'tempest-AttachVolumeNegativeTest-2145166079', 'user_domain_id': 'default', 'user_domain_name': 'Default', 'user_id': 'e0a2f8220f2246af82072c9738d598c9', 'system': None}, Network: {'id': '5b603e9b-5f3b-4f3e-b720-d59ac2ce3e9b', 'name': 'tempest-AttachVolumeNegativeTest-1048339414-network', 'tenant_id': 'f93c7bef452b41ec9dac71a4155616e7', 'project_id': 'f93c7bef452b41ec9dac71a4155616e7', 'admin_state_up': True, 'mtu': 8950, 'status': 'ACTIVE', 'subnets': [], 'shared': False, 'port_security_enabled': True, 'router:external': False, 'provider:network_type': 'vlan', 'provider:physical_network': 'default', 'provider:segmentation_id': 339, 'availability_zone_hints': [], 'availability_zones': [], 'ipv4_address_scope': None, 'ipv6_address_scope': None, 'description': '', 'tags': [], 'created_at': '2025-12-08T22:52:40Z', 'updated_at': '2025-12-08T22:52:40Z', 'revision_number': 1}, Subnet: {'id': 'bf68c83f-0eef-4ac7-a32c-bb7c459988ac', 'name': 'tempest-AttachVolumeNegativeTest-1048339414-subnet', 'tenant_id': 'f93c7bef452b41ec9dac71a4155616e7', 'network_id': '5b603e9b-5f3b-4f3e-b720-d59ac2ce3e9b', 'ip_version': 4, 'subnetpool_id': None, 'enable_dhcp': True, 'ipv6_ra_mode': None, 'ipv6_address_mode': None, 'gateway_ip': '192.168.128.1', 'cidr': '192.168.128.0/28', 'allocation_pools': [{'start': '192.168.128.2', 'end': '192.168.128.14'}], 'host_routes': [], 'dns_nameservers': [], 'description': '', 'router:external': False, 'service_types': [], 'tags': [], 'created_at': '2025-12-08T22:52:40Z', 'updated_at': '2025-12-08T22:52:40Z', 'revision_number': 0, 'project_id': 'f93c7bef452b41ec9dac71a4155616e7'}, Router: {'id': '0384bd13-5f3e-41fb-af59-1313bfa3a489', 'name': 'tempest-AttachVolumeNegativeTest-1048339414-router', 'tenant_id': 'f93c7bef452b41ec9dac71a4155616e7', 'admin_state_up': True, 'status': 'ACTIVE', 'external_gateway_info': {'network_id': '27479e40-0083-423c-b275-bbce29389d0e', 'external_fixed_ips': [{'subnet_id': '83b4757d-38e7-4ca7-8f4a-0c2fcd48439e', 'ip_address': '10.180.180.207'}], 'enable_snat': True}, 'description': '', 'availability_zones': [], 'distributed': False, 'ha': False, 'availability_zone_hints': [], 'routes': [], 'flavor_id': None, 'tags': [], 'created_at': '2025-12-08T22:52:40Z', 'updated_at': '2025-12-08T22:52:40Z', 'revision_number': 2, 'project_id': 'f93c7bef452b41ec9dac71a4155616e7'}
2025-12-08 22:52:42.233 65799 INFO tempest.lib.common.rest_client [req-e4b78445-2e96-4337-954d-6dfa1e6602c1 req-e4b78445-2e96-4337-954d-6dfa1e6602c1 ] Request (SecurityGroupsTestJSON:test_server_security_groups): 200 GET http://10.180.1.21/compute/v2.1/servers/52456624-fdb8-422c-b5a0-29ff0c1d8248 1.351s
2025-12-08 22:52:42.300 65817 INFO tempest.lib.common.rest_client [req-0a196efd-f9c2-4d36-9bb8-734b4eb4be5b req-0a196efd-f9c2-4d36-9bb8-734b4eb4be5b ] Request (AttachVolumeNegativeTest:setUpClass): 201 POST http://10.180.1.21/identity/v3/auth/tokens 0.125s
2025-12-08 22:52:42.400 65803 INFO tempest.lib.common.rest_client [req-ad7427fa-3558-4dbd-b501-f80e722020dd req-ad7427fa-3558-4dbd-b501-f80e722020dd ] Request (VolumesAssistedSnapshotsTest:tearDownClass): 200 GET http://10.180.1.21/compute/v2.1/servers/e95f64fe-95f6-4dad-a48e-6bac84c7ce3d 1.462s
2025-12-08 22:52:42.483 65785 INFO tempest.lib.common.rest_client [req-23ab473c-8d21-40aa-94d4-aeedffc81cf4 req-23ab473c-8d21-40aa-94d4-aeedffc81cf4 ] Request (InstanceActionsV221TestJSON:setUpClass): 201 POST http://10.180.1.21/networking/v2.0/routers 0.914s
2025-12-08 22:52:42.512 65811 INFO tempest.lib.common.rest_client [req-0aebab35-bd8e-472e-939e-dd61dd38f8e6 req-0aebab35-bd8e-472e-939e-dd61dd38f8e6 ] Request (ServerShowV247Test:test_update_rebuild_list_server): 200 GET http://10.180.1.21/compute/v2.1/servers/ef929d7c-1b0d-433e-93e3-334c65c5abab 1.570s
2025-12-08 22:52:42.521 65834 INFO tempest.lib.common.rest_client [req-a0151035-e009-4b8e-8016-0d00841888dc req-a0151035-e009-4b8e-8016-0d00841888dc ] Request (ServersNegativeTestJSON:test_get_non_existent_server): 404 GET http://10.180.1.21/compute/v2.1/servers/0935c34e-236a-4a58-8c0b-b98863b9cd97 1.528s
2025-12-08 22:52:42.635 65789 INFO tempest.lib.common.rest_client [req-ad752712-11b5-4a00-9134-7f47f01b8b6b req-ad752712-11b5-4a00-9134-7f47f01b8b6b ] Request (DeleteServersTestJSON:test_delete_server_while_in_attached_volume): 200 POST http://10.180.1.21/compute/v2.1/servers/06530b2c-b16e-4ae6-896b-68900b4ed35e/os-volume_attachments 2.141s
2025-12-08 22:52:42.667 65789 INFO tempest.lib.common.rest_client [req-c78bb0d3-e7c8-426e-a174-a982117cfb12 req-c78bb0d3-e7c8-426e-a174-a982117cfb12 ] Request (DeleteServersTestJSON:test_delete_server_while_in_attached_volume): 200 GET http://10.180.1.21/volume/v3/volumes/85220dee-6322-45cc-ac52-2cdba60b57e8 0.030s
2025-12-08 22:52:42.823 65807 INFO tempest.lib.common.rest_client [req-933cb369-8715-40e2-be78-ea827dbbbcd6 req-933cb369-8715-40e2-be78-ea827dbbbcd6 ] Request (ServerDiskConfigTestJSON:test_resize_server_from_auto_to_manual): 200 GET http://10.180.1.21/compute/v2.1/servers/4bac14d8-a670-4eef-b126-cf5f6ca5b822 1.660s
2025-12-08 22:52:42.844 65815 INFO tempest.lib.common.rest_client [req-b5a17569-d0d0-4d1a-b42c-48880b0131a0 req-b5a17569-d0d0-4d1a-b42c-48880b0131a0 ] Request (ServersTestMultiNic:test_verify_multiple_nics_order): 200 GET http://10.180.1.21/compute/v2.1/servers/7a4810e6-95a4-463e-94c7-21efa4b00eab 1.668s
2025-12-08 22:52:43.388 65785 INFO tempest.lib.common.rest_client [req-7a85c52c-58e9-4d0e-9e61-499df5c7a6fd req-7a85c52c-58e9-4d0e-9e61-499df5c7a6fd ] Request (InstanceActionsV221TestJSON:setUpClass): 200 PUT http://10.180.1.21/networking/v2.0/routers/fe8047e3-d60d-4736-a86c-e06c16f323c2/add_router_interface 0.904s
2025-12-08 22:52:43.389 65785 INFO tempest.lib.common.dynamic_creds [-] Created isolated network resources for: credentials: Credentials: {'domain_id': 'default', 'domain_name': 'Default', 'username': 'tempest-InstanceActionsV221TestJSON-987608854-project-member', 'project_domain_id': 'default', 'project_domain_name': 'Default', 'project_id': '7d188d9de56d4fd0b7d436849980af10', 'project_name': 'tempest-InstanceActionsV221TestJSON-987608854', 'tenant_id': '7d188d9de56d4fd0b7d436849980af10', 'tenant_name': 'tempest-InstanceActionsV221TestJSON-987608854', 'user_domain_id': 'default', 'user_domain_name': 'Default', 'user_id': '50b1015c64a046cfbd2c5dac76e68b1b', 'system': None}, Network: {'id': 'cc1d6787-7934-45fa-a98e-3afd74fa8929', 'name': 'tempest-InstanceActionsV221TestJSON-626703125-network', 'tenant_id': '7d188d9de56d4fd0b7d436849980af10', 'project_id': '7d188d9de56d4fd0b7d436849980af10', 'admin_state_up': True, 'mtu': 8950, 'status': 'ACTIVE', 'subnets': [], 'shared': False, 'port_security_enabled': True, 'router:external': False, 'provider:network_type': 'vlan', 'provider:physical_network': 'default', 'provider:segmentation_id': 8, 'availability_zone_hints': [], 'availability_zones': [], 'ipv4_address_scope': None, 'ipv6_address_scope': None, 'description': '', 'tags': [], 'created_at': '2025-12-08T22:52:41Z', 'updated_at': '2025-12-08T22:52:41Z', 'revision_number': 1}, Subnet: {'id': '3808cab3-d7db-4147-8a4f-2851103a82a0', 'name': 'tempest-InstanceActionsV221TestJSON-626703125-subnet', 'tenant_id': '7d188d9de56d4fd0b7d436849980af10', 'network_id': 'cc1d6787-7934-45fa-a98e-3afd74fa8929', 'ip_version': 4, 'subnetpool_id': None, 'enable_dhcp': True, 'ipv6_ra_mode': None, 'ipv6_address_mode': None, 'gateway_ip': '192.168.128.1', 'cidr': '192.168.128.0/28', 'allocation_pools': [{'start': '192.168.128.2', 'end': '192.168.128.14'}], 'host_routes': [], 'dns_nameservers': [], 'description': '', 'router:external': False, 'service_types': [], 'tags': [], 'created_at': '2025-12-08T22:52:41Z', 'updated_at': '2025-12-08T22:52:41Z', 'revision_number': 0, 'project_id': '7d188d9de56d4fd0b7d436849980af10'}, Router: {'id': 'fe8047e3-d60d-4736-a86c-e06c16f323c2', 'name': 'tempest-InstanceActionsV221TestJSON-626703125-router', 'tenant_id': '7d188d9de56d4fd0b7d436849980af10', 'admin_state_up': True, 'status': 'ACTIVE', 'external_gateway_info': {'network_id': '27479e40-0083-423c-b275-bbce29389d0e', 'external_fixed_ips': [{'subnet_id': '83b4757d-38e7-4ca7-8f4a-0c2fcd48439e', 'ip_address': '10.180.180.131'}], 'enable_snat': True}, 'description': '', 'availability_zones': [], 'distributed': False, 'ha': False, 'availability_zone_hints': [], 'routes': [], 'flavor_id': None, 'tags': [], 'created_at': '2025-12-08T22:52:41Z', 'updated_at': '2025-12-08T22:52:42Z', 'revision_number': 2, 'project_id': '7d188d9de56d4fd0b7d436849980af10'}
2025-12-08 22:52:43.424 65813 INFO tempest.lib.common.rest_client [req-f7f9a21f-1f48-4d0f-8a06-e1af0d73e282 req-f7f9a21f-1f48-4d0f-8a06-e1af0d73e282 ] Request (ServerRescueTestJSON:test_rescue_unrescue_instance): 200 GET http://10.180.1.21/compute/v2.1/servers/4a59190d-827e-4edd-9a93-96687b9d7cb9 2.151s
2025-12-08 22:52:43.446 65791 INFO tempest.lib.common.rest_client [req-86495468-7257-4528-bfa9-b55a12cfbadb req-86495468-7257-4528-bfa9-b55a12cfbadb ] Request (ServersV294TestFqdnHostnames:setUpClass): 200 GET http://10.180.1.21/compute/v2.1/servers/49c00773-b45f-4253-8f80-784023af2448 2.148s
2025-12-08 22:52:43.489 65785 INFO tempest.lib.common.rest_client [req-18eeb4e4-849e-4808-a8d6-d6736be9d19a req-18eeb4e4-849e-4808-a8d6-d6736be9d19a ] Request (InstanceActionsV221TestJSON:setUpClass): 201 POST http://10.180.1.21/identity/v3/auth/tokens 0.095s
2025-12-08 22:52:43.497 65801 INFO tempest.lib.common.rest_client [req-d2e934fe-6295-4bac-b138-51950005c8da req-d2e934fe-6295-4bac-b138-51950005c8da ] Request (ServersListShow2100Test:test_list_show_rebuild_update_server_2100): 200 GET http://10.180.1.21/compute/v2.1/servers/7f7682ed-49e1-45ff-90be-d934690ad663 2.127s
2025-12-08 22:52:43.512 65779 INFO tempest.lib.common.rest_client [req-42510716-9342-4c50-b498-520e9068e27c req-42510716-9342-4c50-b498-520e9068e27c ] Request (ListImageFiltersTestJSON:test_list_images_filter_by_type): 200 GET http://10.180.1.21/compute/v2.1/images?type=snapshot 2.086s
2025-12-08 22:52:43.535 65785 INFO tempest.lib.common.rest_client [req-3f3f219c-a618-4792-85da-f8c116b34e81 req-3f3f219c-a618-4792-85da-f8c116b34e81 ] Request (InstanceActionsV221TestJSON:test_get_list_deleted_instance_actions): 201 POST http://10.180.1.21/identity/v3/auth/tokens 0.041s
2025-12-08 22:52:43.535 65785 INFO tempest.lib.common.fixed_network [-] (InstanceActionsV221TestJSON:test_get_list_deleted_instance_actions) Found network {'id': 'cc1d6787-7934-45fa-a98e-3afd74fa8929', 'name': 'tempest-InstanceActionsV221TestJSON-626703125-network', 'tenant_id': '7d188d9de56d4fd0b7d436849980af10', 'project_id': '7d188d9de56d4fd0b7d436849980af10', 'admin_state_up': True, 'mtu': 8950, 'status': 'ACTIVE', 'subnets': [], 'shared': False, 'port_security_enabled': True, 'router:external': False, 'provider:network_type': 'vlan', 'provider:physical_network': 'default', 'provider:segmentation_id': 8, 'availability_zone_hints': [], 'availability_zones': [], 'ipv4_address_scope': None, 'ipv6_address_scope': None, 'description': '', 'tags': [], 'created_at': '2025-12-08T22:52:41Z', 'updated_at': '2025-12-08T22:52:41Z', 'revision_number': 1} available for tenant
2025-12-08 22:52:43.648 65787 INFO tempest.lib.common.rest_client [req-fc9b1f43-2587-4956-81f3-0dfb2229b2bf req-fc9b1f43-2587-4956-81f3-0dfb2229b2bf ] Request (ServersAdminNegativeTestJSON:tearDownClass): 200 GET http://10.180.1.21/compute/v2.1/servers/9eb8ac38-771b-4811-b417-69679da8e365 2.148s
2025-12-08 22:52:43.712 65789 INFO tempest.lib.common.rest_client [req-ca5ebba6-239c-4fe0-b0a6-65fb4a4f64b0 req-ca5ebba6-239c-4fe0-b0a6-65fb4a4f64b0 ] Request (DeleteServersTestJSON:test_delete_server_while_in_attached_volume): 200 GET http://10.180.1.21/volume/v3/volumes/85220dee-6322-45cc-ac52-2cdba60b57e8 0.036s
2025-12-08 22:52:43.720 65841 INFO tempest.lib.common.rest_client [req-ff54e109-4ace-46e9-8366-193e6127e252 req-ff54e109-4ace-46e9-8366-193e6127e252 ] Request (ImagesOneServerTestJSON:setUpClass): 200 GET http://10.180.1.21/compute/v2.1/servers/aae1d148-9531-4045-ad9b-4c1b6903bd22 2.226s
2025-12-08 22:52:43.734 65841 INFO tempest.common.waiters [-] State transition "BUILD/None" ==> "BUILD/spawning" after 33 second wait
2025-12-08 22:52:43.737 65805 INFO tempest.lib.common.rest_client [req-9635e1bd-b9fb-4fd3-9956-ba706db041b3 req-9635e1bd-b9fb-4fd3-9956-ba706db041b3 ] Request (ServerRescueNegativeTestJSON:setUpClass): 200 GET http://10.180.1.21/compute/v2.1/servers/01e81628-4c0d-425a-85e1-04340739682f 2.129s
2025-12-08 22:52:43.810 65783 INFO tempest.lib.common.rest_client [req-e896c199-b972-4442-94a1-04893c8ab4dd req-e896c199-b972-4442-94a1-04893c8ab4dd ] Request (MigrationsAdminTest:test_resize_server_revert_deleted_flavor): 200 GET http://10.180.1.21/compute/v2.1/servers/f7082929-d70c-482b-8400-019a190b466a 2.191s
2025-12-08 22:52:43.827 65843 INFO tempest.lib.common.rest_client [req-095a2a8c-c461-4b91-a1f2-9b6ded0e1c35 req-095a2a8c-c461-4b91-a1f2-9b6ded0e1c35 ] Request (ImagesOneServerNegativeTestJSON:_run_cleanups): 200 GET http://10.180.1.21/compute/v2.1/servers/b0a5aac6-36e8-493c-a24a-ecdec103e988 2.160s
2025-12-08 22:52:43.886 65797 INFO tempest.lib.common.rest_client [req-13157070-b7c2-488e-b950-9941c2da1491 req-13157070-b7c2-488e-b950-9941c2da1491 ] Request (ServerAddressesTestJSON:setUpClass): 200 GET http://10.180.1.21/compute/v2.1/servers/fd5c2da4-39fb-49bf-a1b0-ffe9658fe1f9 2.136s
2025-12-08 22:52:43.910 65819 WARNING tempest.lib.common.ssh [-] Failed to establish authenticated ssh connection to cirros@10.180.180.152 ([Errno None] Unable to connect to port 22 on 10.180.180.152). Number attempts: 1. Retry after 2 seconds.: paramiko.ssh_exception.NoValidConnectionsError: [Errno None] Unable to connect to port 22 on 10.180.180.152
2025-12-08 22:52:43.949 65793 INFO tempest.lib.common.rest_client [req-87381cd1-aa6c-4398-b7d5-dcb6c62c4d59 req-87381cd1-aa6c-4398-b7d5-dcb6c62c4d59 ] Request (ServersAdmin275Test:tearDownClass): 200 GET http://10.180.1.21/compute/v2.1/servers/9d83c1d6-899a-4f90-bffa-63fd5c74c1cd 2.102s
2025-12-08 22:52:43.965 65839 INFO tempest.lib.common.rest_client [req-9bc6b6a5-2c7b-4ec3-acc4-08966c8c7134 req-9bc6b6a5-2c7b-4ec3-acc4-08966c8c7134 ] Request (ListServersNegativeTestJSON:setUpClass): 200 GET http://10.180.1.21/compute/v2.1/servers/59ab943a-0ee0-405c-989c-a9eb711cc0a6 2.005s
2025-12-08 22:52:44.023 65821 INFO tempest.lib.common.rest_client [req-e54a127f-109d-4947-9c9b-91317683a691 req-e54a127f-109d-4947-9c9b-91317683a691 ] Request (ServersTestJSON:test_create_server_specify_multibyte_character_name): 200 GET http://10.180.1.21/compute/v2.1/servers/a0ae943a-c031-4635-9eda-3c6319187d6e 1.963s
2025-12-08 22:52:44.042 65809 INFO tempest.lib.common.rest_client [req-5bbb34db-e5ef-455b-96f5-7bfbeab68eb0 req-5bbb34db-e5ef-455b-96f5-7bfbeab68eb0 ] Request (ServerDiagnosticsNegativeTest:test_get_server_diagnostics_by_non_admin): 200 GET http://10.180.1.21/compute/v2.1/servers/66a74597-1acc-469a-9535-37550a454e60 1.901s
2025-12-08 22:52:44.127 65795 INFO tempest.lib.common.rest_client [req-18114938-7555-434c-ae38-5c22766c779e req-18114938-7555-434c-ae38-5c22766c779e ] Request (ServersAdminTestJSON:setUpClass): 200 GET http://10.180.1.21/compute/v2.1/servers/284192d8-68b9-4bb1-b564-b773992a0ca4 1.776s
2025-12-08 22:52:44.170 65817 INFO tempest.lib.common.rest_client [req-37a193ba-a661-495e-a4ce-c3d4924d00d6 req-37a193ba-a661-495e-a4ce-c3d4924d00d6 ] Request (ValidationResourcesFixture:setUp): 200 POST http://10.180.1.21/compute/v2.1/os-keypairs 1.867s
2025-12-08 22:52:44.242 65827 WARNING tempest.lib.common.ssh [-] Failed to establish authenticated ssh connection to cirros@10.180.180.182 ([Errno None] Unable to connect to port 22 on 10.180.180.182). Number attempts: 13. Retry after 14 seconds.: paramiko.ssh_exception.NoValidConnectionsError: [Errno None] Unable to connect to port 22 on 10.180.180.182
2025-12-08 22:52:44.308 65823 WARNING tempest.lib.common.ssh [-] Failed to establish authenticated ssh connection to cirros@10.180.180.213 ([Errno None] Unable to connect to port 22 on 10.180.180.213). Number attempts: 5. Retry after 6 seconds.: paramiko.ssh_exception.NoValidConnectionsError: [Errno None] Unable to connect to port 22 on 10.180.180.213
2025-12-08 22:52:44.314 65817 INFO tempest.lib.common.rest_client [req-07cfb752-d643-4c3c-98c7-5cf347808c29 req-07cfb752-d643-4c3c-98c7-5cf347808c29 ] Request (ValidationResourcesFixture:setUp): 201 POST http://10.180.1.21/networking/v2.0/security-groups 0.143s
2025-12-08 22:52:44.545 65817 INFO tempest.lib.common.rest_client [req-379eccde-0a34-4016-9705-365479e3551d req-379eccde-0a34-4016-9705-365479e3551d ] Request (ValidationResourcesFixture:setUp): 201 POST http://10.180.1.21/networking/v2.0/security-group-rules 0.230s
2025-12-08 22:52:44.557 65834 INFO tempest.lib.common.rest_client [req-f4062981-5239-4bda-9141-ef57afb885df req-f4062981-5239-4bda-9141-ef57afb885df ] Request (ServersNegativeTestJSON:tearDown): 200 GET http://10.180.1.21/compute/v2.1/servers/5a7d2d70-c57c-4c2e-8312-9518acd4b248 2.036s
2025-12-08 22:52:44.582 65799 INFO tempest.lib.common.rest_client [req-3e1643bb-d100-40a3-ac94-f3f0094748c6 req-3e1643bb-d100-40a3-ac94-f3f0094748c6 ] Request (SecurityGroupsTestJSON:test_server_security_groups): 200 GET http://10.180.1.21/compute/v2.1/servers/52456624-fdb8-422c-b5a0-29ff0c1d8248 1.338s
2025-12-08 22:52:44.629 65803 INFO tempest.lib.common.rest_client [req-d33c7267-4df4-46e4-a1e5-40718ba033df req-d33c7267-4df4-46e4-a1e5-40718ba033df ] Request (VolumesAssistedSnapshotsTest:tearDownClass): 200 GET http://10.180.1.21/compute/v2.1/servers/e95f64fe-95f6-4dad-a48e-6bac84c7ce3d 1.220s
2025-12-08 22:52:44.632 65779 INFO tempest.lib.common.rest_client [req-f01791a7-3d59-4c8e-83db-c26ae9c31fb3 req-f01791a7-3d59-4c8e-83db-c26ae9c31fb3 ] Request (ListImageFiltersTestJSON:test_list_images_limit_results): 200 GET http://10.180.1.21/compute/v2.1/images?limit=1 1.117s
2025-12-08 22:52:44.648 65817 INFO tempest.lib.common.rest_client [req-90b569a3-66bf-44c4-a2d4-1dc095aa9e98 req-90b569a3-66bf-44c4-a2d4-1dc095aa9e98 ] Request (ValidationResourcesFixture:setUp): 201 POST http://10.180.1.21/networking/v2.0/security-group-rules 0.103s
2025-12-08 22:52:44.707 65811 INFO tempest.lib.common.rest_client [req-c9046bb2-f7b7-450b-abb3-30f12d1c4281 req-c9046bb2-f7b7-450b-abb3-30f12d1c4281 ] Request (ServerShowV247Test:test_update_rebuild_list_server): 200 GET http://10.180.1.21/compute/v2.1/servers/ef929d7c-1b0d-433e-93e3-334c65c5abab 1.185s
2025-12-08 22:52:44.754 65789 INFO tempest.lib.common.rest_client [req-6e74a8eb-64a3-43b6-b136-a1de4e02ab9a req-6e74a8eb-64a3-43b6-b136-a1de4e02ab9a ] Request (DeleteServersTestJSON:test_delete_server_while_in_attached_volume): 200 GET http://10.180.1.21/volume/v3/volumes/85220dee-6322-45cc-ac52-2cdba60b57e8 0.035s
2025-12-08 22:52:44.850 65807 INFO tempest.lib.common.rest_client [req-2049fc83-62a3-4eff-bbe6-c2490bb9ea1a req-2049fc83-62a3-4eff-bbe6-c2490bb9ea1a ] Request (ServerDiskConfigTestJSON:test_resize_server_from_auto_to_manual): 200 GET http://10.180.1.21/compute/v2.1/servers/4bac14d8-a670-4eef-b126-cf5f6ca5b822 1.016s
2025-12-08 22:52:44.943 65815 INFO tempest.lib.common.rest_client [req-42964f76-36f6-407c-b923-e54fad1ac6ab req-42964f76-36f6-407c-b923-e54fad1ac6ab ] Request (ServersTestMultiNic:test_verify_multiple_nics_order): 200 GET http://10.180.1.21/compute/v2.1/servers/7a4810e6-95a4-463e-94c7-21efa4b00eab 1.084s
2025-12-08 22:52:45.045 65813 INFO tempest.lib.common.rest_client [req-5824daf4-099d-4950-a8a7-dbef555cf5fb req-5824daf4-099d-4950-a8a7-dbef555cf5fb ] Request (ServerRescueTestJSON:test_rescue_unrescue_instance): 200 GET http://10.180.1.21/compute/v2.1/servers/4a59190d-827e-4edd-9a93-96687b9d7cb9 0.608s
2025-12-08 22:52:45.095 65785 INFO tempest.lib.common.rest_client [req-fb169b54-a832-4cd3-9558-0291ecb03818 req-fb169b54-a832-4cd3-9558-0291ecb03818 ] Request (InstanceActionsV221TestJSON:test_get_list_deleted_instance_actions): 202 POST http://10.180.1.21/compute/v2.1/servers 1.559s
2025-12-08 22:52:45.133 65791 INFO tempest.lib.common.rest_client [req-ddb70d8f-7140-41a5-aaf0-3fb42a31d0d8 req-ddb70d8f-7140-41a5-aaf0-3fb42a31d0d8 ] Request (ServersV294TestFqdnHostnames:setUpClass): 200 GET http://10.180.1.21/compute/v2.1/servers/49c00773-b45f-4253-8f80-784023af2448 0.673s
2025-12-08 22:52:45.171 65817 INFO tempest.lib.common.rest_client [req-c0fa1bd4-78de-4e15-97a9-1fdb580be048 req-c0fa1bd4-78de-4e15-97a9-1fdb580be048 ] Request (ValidationResourcesFixture:setUp): 201 POST http://10.180.1.21/networking/v2.0/floatingips 0.522s
2025-12-08 22:52:45.172 65801 INFO tempest.lib.common.rest_client [req-3b8b918f-d2a9-4d1c-b7da-52f02ab770f5 req-3b8b918f-d2a9-4d1c-b7da-52f02ab770f5 ] Request (ServersListShow2100Test:test_list_show_rebuild_update_server_2100): 200 GET http://10.180.1.21/compute/v2.1/servers/7f7682ed-49e1-45ff-90be-d934690ad663 0.659s
2025-12-08 22:52:45.224 65817 INFO tempest.lib.common.rest_client [req-bc729996-b229-4ec9-8a74-a79251280d4d req-bc729996-b229-4ec9-8a74-a79251280d4d ] Request (AttachVolumeNegativeTest:test_attach_attached_volume_to_different_server): 201 POST http://10.180.1.21/identity/v3/auth/tokens 0.045s
2025-12-08 22:52:45.225 65817 INFO tempest.lib.common.fixed_network [-] (AttachVolumeNegativeTest:test_attach_attached_volume_to_different_server) Found network {'id': '5b603e9b-5f3b-4f3e-b720-d59ac2ce3e9b', 'name': 'tempest-AttachVolumeNegativeTest-1048339414-network', 'tenant_id': 'f93c7bef452b41ec9dac71a4155616e7', 'project_id': 'f93c7bef452b41ec9dac71a4155616e7', 'admin_state_up': True, 'mtu': 8950, 'status': 'ACTIVE', 'subnets': [], 'shared': False, 'port_security_enabled': True, 'router:external': False, 'provider:network_type': 'vlan', 'provider:physical_network': 'default', 'provider:segmentation_id': 339, 'availability_zone_hints': [], 'availability_zones': [], 'ipv4_address_scope': None, 'ipv6_address_scope': None, 'description': '', 'tags': [], 'created_at': '2025-12-08T22:52:40Z', 'updated_at': '2025-12-08T22:52:40Z', 'revision_number': 1} available for tenant
2025-12-08 22:52:45.245 65779 INFO tempest.lib.common.rest_client [req-a56679c6-c60d-4313-86d8-c21497a707c6 req-a56679c6-c60d-4313-86d8-c21497a707c6 ] Request (ListImageFiltersTestJSON:test_list_images_with_detail_filter_by_changes_since): 200 GET http://10.180.1.21/compute/v2.1/images/detail?changes-since=2025-12-08T22%3A49%3A59Z 0.604s
2025-12-08 22:52:45.254 65834 INFO tempest.lib.common.rest_client [req-fbc5b9b7-b1bf-481e-b3c1-fb631f2f634d req-fbc5b9b7-b1bf-481e-b3c1-fb631f2f634d ] Request (ServersNegativeTestJSON:setUp): 200 GET http://10.180.1.21/compute/v2.1/servers/5a7d2d70-c57c-4c2e-8312-9518acd4b248 0.679s
2025-12-08 22:52:45.317 65787 INFO tempest.lib.common.rest_client [req-cfec6aea-529f-4cb2-abf7-127beced03d4 req-cfec6aea-529f-4cb2-abf7-127beced03d4 ] Request (ServersAdminNegativeTestJSON:tearDownClass): 200 GET http://10.180.1.21/compute/v2.1/servers/9eb8ac38-771b-4811-b417-69679da8e365 0.659s
2025-12-08 22:52:45.329 65834 INFO tempest.lib.common.rest_client [req-ec0f789f-9ede-46ef-9195-5c3d5748a152 req-ec0f789f-9ede-46ef-9195-5c3d5748a152 ] Request (ServersNegativeTestJSON:test_invalid_access_ip_v4_address): 201 POST http://10.180.1.21/identity/v3/auth/tokens 0.063s
2025-12-08 22:52:45.329 65834 INFO tempest.lib.common.fixed_network [-] (ServersNegativeTestJSON:test_invalid_access_ip_v4_address) Found network {'id': '17d7fb7c-42eb-45a9-a5a3-52d83798ee23', 'name': 'tempest-ServersNegativeTestJSON-1146762286-network', 'tenant_id': '40b54f0968044951babcbf1bfbad6e12', 'project_id': '40b54f0968044951babcbf1bfbad6e12', 'admin_state_up': True, 'mtu': 8950, 'status': 'ACTIVE', 'subnets': [], 'shared': False, 'port_security_enabled': True, 'router:external': False, 'provider:network_type': 'vlan', 'provider:physical_network': 'default', 'provider:segmentation_id': 885, 'availability_zone_hints': [], 'availability_zones': [], 'ipv4_address_scope': None, 'ipv6_address_scope': None, 'description': '', 'tags': [], 'created_at': '2025-12-08T22:50:00Z', 'updated_at': '2025-12-08T22:50:00Z', 'revision_number': 1} available for tenant
2025-12-08 22:52:45.366 65841 INFO tempest.lib.common.rest_client [req-fd6f75d8-9e52-4ca1-bede-40d5eef8ac5a req-fd6f75d8-9e52-4ca1-bede-40d5eef8ac5a ] Request (ImagesOneServerTestJSON:setUpClass): 200 GET http://10.180.1.21/compute/v2.1/servers/aae1d148-9531-4045-ad9b-4c1b6903bd22 0.631s
2025-12-08 22:52:45.374 65805 INFO tempest.lib.common.rest_client [req-1fda382e-25a4-4bf8-bcba-7b69f705dc26 req-1fda382e-25a4-4bf8-bcba-7b69f705dc26 ] Request (ServerRescueNegativeTestJSON:setUpClass): 200 GET http://10.180.1.21/compute/v2.1/servers/01e81628-4c0d-425a-85e1-04340739682f 0.628s
2025-12-08 22:52:45.418 65783 INFO tempest.lib.common.rest_client [req-0fa4646d-637b-4c57-a8d8-1f85c56fd8eb req-0fa4646d-637b-4c57-a8d8-1f85c56fd8eb ] Request (MigrationsAdminTest:test_resize_server_revert_deleted_flavor): 200 GET http://10.180.1.21/compute/v2.1/servers/f7082929-d70c-482b-8400-019a190b466a 0.599s
2025-12-08 22:52:45.424 65843 INFO tempest.lib.common.rest_client [req-21373d9f-4574-4cde-80f9-997818315667 req-21373d9f-4574-4cde-80f9-997818315667 ] Request (ImagesOneServerNegativeTestJSON:_run_cleanups): 200 GET http://10.180.1.21/compute/v2.1/servers/b0a5aac6-36e8-493c-a24a-ecdec103e988 0.587s
2025-12-08 22:52:45.470 65797 INFO tempest.lib.common.rest_client [req-6074a196-66c3-405a-9ca4-669bacf3f378 req-6074a196-66c3-405a-9ca4-669bacf3f378 ] Request (ServerAddressesTestJSON:setUpClass): 200 GET http://10.180.1.21/compute/v2.1/servers/fd5c2da4-39fb-49bf-a1b0-ffe9658fe1f9 0.576s
2025-12-08 22:52:45.489 65793 INFO tempest.lib.common.rest_client [req-e11a4b44-59b7-4a4f-9534-acbc7575b44b req-e11a4b44-59b7-4a4f-9534-acbc7575b44b ] Request (ServersAdmin275Test:tearDownClass): 200 GET http://10.180.1.21/compute/v2.1/servers/9d83c1d6-899a-4f90-bffa-63fd5c74c1cd 0.526s
2025-12-08 22:52:45.518 65839 INFO tempest.lib.common.rest_client [req-e2a0e789-a320-41d0-a92d-1074d974a9a6 req-e2a0e789-a320-41d0-a92d-1074d974a9a6 ] Request (ListServersNegativeTestJSON:setUpClass): 200 GET http://10.180.1.21/compute/v2.1/servers/59ab943a-0ee0-405c-989c-a9eb711cc0a6 0.544s
2025-12-08 22:52:45.543 65821 INFO tempest.lib.common.rest_client [req-c94480bf-a3cc-4ed5-927c-636cd1327f61 req-c94480bf-a3cc-4ed5-927c-636cd1327f61 ] Request (ServersTestJSON:test_create_server_specify_multibyte_character_name): 200 GET http://10.180.1.21/compute/v2.1/servers/a0ae943a-c031-4635-9eda-3c6319187d6e 0.506s
2025-12-08 22:52:45.587 65785 INFO tempest.lib.common.rest_client [req-3ccc0955-8a3a-4f57-b930-51e859fd0349 req-3ccc0955-8a3a-4f57-b930-51e859fd0349 ] Request (InstanceActionsV221TestJSON:test_get_list_deleted_instance_actions): 200 GET http://10.180.1.21/compute/v2.1/servers/a790f364-003e-4015-b7ca-fad27aa67585 0.490s
2025-12-08 22:52:45.590 65809 INFO tempest.lib.common.rest_client [req-261fb12b-0a7b-45e0-a859-1148046a0945 req-261fb12b-0a7b-45e0-a859-1148046a0945 ] Request (ServerDiagnosticsNegativeTest:test_get_server_diagnostics_by_non_admin): 200 GET http://10.180.1.21/compute/v2.1/servers/66a74597-1acc-469a-9535-37550a454e60 0.537s
2025-12-08 22:52:45.639 65795 INFO tempest.lib.common.rest_client [req-81c1f00e-329b-4134-9b94-57c934ac01b5 req-81c1f00e-329b-4134-9b94-57c934ac01b5 ] Request (ServersAdminTestJSON:setUpClass): 200 GET http://10.180.1.21/compute/v2.1/servers/284192d8-68b9-4bb1-b564-b773992a0ca4 0.500s
2025-12-08 22:52:45.674 65779 INFO tempest.lib.common.rest_client [req-add9b78c-ae3b-4c1f-8299-f38ef3cef208 req-add9b78c-ae3b-4c1f-8299-f38ef3cef208 ] Request (ListImageFiltersTestJSON:test_list_images_with_detail_filter_by_name): 200 GET http://10.180.1.21/compute/v2.1/images/detail?name=tempest-ListImageFiltersTestJSON-image-1946706239 0.422s
2025-12-08 22:52:45.680 65834 INFO tempest.lib.common.rest_client [req-57da2610-af7d-4706-a502-c0c300fa0f5f req-57da2610-af7d-4706-a502-c0c300fa0f5f ] Request (ServersNegativeTestJSON:test_invalid_access_ip_v4_address): 400 POST http://10.180.1.21/compute/v2.1/servers 0.350s
2025-12-08 22:52:45.799 65789 INFO tempest.lib.common.rest_client [req-cda75939-4396-442b-b27b-6a9c2854f7ce req-cda75939-4396-442b-b27b-6a9c2854f7ce ] Request (DeleteServersTestJSON:test_delete_server_while_in_attached_volume): 200 GET http://10.180.1.21/volume/v3/volumes/85220dee-6322-45cc-ac52-2cdba60b57e8 0.034s
2025-12-08 22:52:45.818 65799 INFO tempest.lib.common.rest_client [req-8f15a935-7eac-4cca-836a-3244a7f57503 req-8f15a935-7eac-4cca-836a-3244a7f57503 ] Request (SecurityGroupsTestJSON:test_server_security_groups): 200 GET http://10.180.1.21/compute/v2.1/servers/52456624-fdb8-422c-b5a0-29ff0c1d8248 0.222s
2025-12-08 22:52:45.893 65803 INFO tempest.lib.common.rest_client [req-2ed2d302-6525-4b7c-9443-39d86b936c1e req-2ed2d302-6525-4b7c-9443-39d86b936c1e ] Request (VolumesAssistedSnapshotsTest:tearDownClass): 200 GET http://10.180.1.21/compute/v2.1/servers/e95f64fe-95f6-4dad-a48e-6bac84c7ce3d 0.253s
2025-12-08 22:52:45.937 65779 INFO tempest.lib.common.rest_client [req-7179c884-3a44-42d4-87a1-33f4382bf281 req-7179c884-3a44-42d4-87a1-33f4382bf281 ] Request (ListImageFiltersTestJSON:test_list_images_with_detail_filter_by_server_ref): 200 GET http://10.180.1.21/compute/v2.1/images/detail?server=http%3A%2F%2F10.180.1.21%2Fcompute%2Fv2.1%2Fservers%2Fbaea3a13-3499-4cd9-a982-64200207f949 0.257s
2025-12-08 22:52:46.005 65835 WARNING tempest.lib.common.ssh [-] Failed to establish authenticated ssh connection to cirros@10.180.180.218 ([Errno None] Unable to connect to port 22 on 10.180.180.218). Number attempts: 9. Retry after 10 seconds.: paramiko.ssh_exception.NoValidConnectionsError: [Errno None] Unable to connect to port 22 on 10.180.180.218
2025-12-08 22:52:46.012 65817 INFO tempest.lib.common.rest_client [req-309ace2e-38e0-42b8-827e-e722e8720ef0 req-309ace2e-38e0-42b8-827e-e722e8720ef0 ] Request (AttachVolumeNegativeTest:test_attach_attached_volume_to_different_server): 202 POST http://10.180.1.21/compute/v2.1/servers 0.786s
2025-12-08 22:52:46.069 65834 INFO tempest.lib.common.rest_client [req-d7844878-4334-4774-8d0f-13b8d7473c3e req-d7844878-4334-4774-8d0f-13b8d7473c3e ] Request (ServersNegativeTestJSON:tearDown): 200 GET http://10.180.1.21/compute/v2.1/servers/5a7d2d70-c57c-4c2e-8312-9518acd4b248 0.387s
2025-12-08 22:52:46.094 65811 INFO tempest.lib.common.rest_client [req-5110c723-ddbe-4739-bcd0-3f87d157a607 req-5110c723-ddbe-4739-bcd0-3f87d157a607 ] Request (ServerShowV247Test:test_update_rebuild_list_server): 200 GET http://10.180.1.21/compute/v2.1/servers/ef929d7c-1b0d-433e-93e3-334c65c5abab 0.376s
2025-12-08 22:52:46.139 65807 INFO tempest.lib.common.rest_client [req-2e338af0-8198-4e82-87a9-b23f5686d98d req-2e338af0-8198-4e82-87a9-b23f5686d98d ] Request (ServerDiskConfigTestJSON:test_resize_server_from_auto_to_manual): 200 GET http://10.180.1.21/compute/v2.1/servers/4bac14d8-a670-4eef-b126-cf5f6ca5b822 0.277s
2025-12-08 22:52:46.146 65779 INFO tempest.lib.common.rest_client [req-4ae3071e-be17-4e7c-89e1-25ca9989f484 req-4ae3071e-be17-4e7c-89e1-25ca9989f484 ] Request (ListImageFiltersTestJSON:test_list_images_with_detail_filter_by_server_ref): 200 GET http://10.180.1.21/compute/v2.1/images/detail?server=http%3A%2F%2F10.180.1.21%2Fcompute%2Fservers%2Fbaea3a13-3499-4cd9-a982-64200207f949 0.203s
2025-12-08 22:52:46.190 65817 INFO tempest.lib.common.rest_client [req-b125aa48-6d68-4cd1-9ef4-a7c79621c571 req-b125aa48-6d68-4cd1-9ef4-a7c79621c571 ] Request (AttachVolumeNegativeTest:test_attach_attached_volume_to_different_server): 200 GET http://10.180.1.21/compute/v2.1/servers/83540d3d-554c-4606-9802-1b9e92e18bd2 0.176s
2025-12-08 22:52:46.191 65815 INFO tempest.lib.common.rest_client [req-939c4d92-0549-4c8b-8324-da66919b0153 req-939c4d92-0549-4c8b-8324-da66919b0153 ] Request (ServersTestMultiNic:test_verify_multiple_nics_order): 200 GET http://10.180.1.21/compute/v2.1/servers/7a4810e6-95a4-463e-94c7-21efa4b00eab 0.240s
2025-12-08 22:52:46.279 65813 INFO tempest.lib.common.rest_client [req-784e8c6b-1844-4106-8a94-b023ab45aaba req-784e8c6b-1844-4106-8a94-b023ab45aaba ] Request (ServerRescueTestJSON:test_rescue_unrescue_instance): 200 GET http://10.180.1.21/compute/v2.1/servers/4a59190d-827e-4edd-9a93-96687b9d7cb9 0.224s
2025-12-08 22:52:46.293 65834 INFO tempest.lib.common.rest_client [req-407dd040-aed9-4c32-a00b-b386b679284f req-407dd040-aed9-4c32-a00b-b386b679284f ] Request (ServersNegativeTestJSON:setUp): 200 GET http://10.180.1.21/compute/v2.1/servers/5a7d2d70-c57c-4c2e-8312-9518acd4b248 0.215s
2025-12-08 22:52:46.337 65791 INFO tempest.lib.common.rest_client [req-0fef1785-489f-4c69-9b78-1f64f462a1ea req-0fef1785-489f-4c69-9b78-1f64f462a1ea ] Request (ServersV294TestFqdnHostnames:setUpClass): 200 GET http://10.180.1.21/compute/v2.1/servers/49c00773-b45f-4253-8f80-784023af2448 0.191s
2025-12-08 22:52:46.339 65834 INFO tempest.lib.common.rest_client [req-b624f01f-00a6-4a76-bcff-d765c0699f43 req-b624f01f-00a6-4a76-bcff-d765c0699f43 ] Request (ServersNegativeTestJSON:test_invalid_ip_v6_address): 201 POST http://10.180.1.21/identity/v3/auth/tokens 0.036s
2025-12-08 22:52:46.339 65834 INFO tempest.lib.common.fixed_network [-] (ServersNegativeTestJSON:test_invalid_ip_v6_address) Found network {'id': '17d7fb7c-42eb-45a9-a5a3-52d83798ee23', 'name': 'tempest-ServersNegativeTestJSON-1146762286-network', 'tenant_id': '40b54f0968044951babcbf1bfbad6e12', 'project_id': '40b54f0968044951babcbf1bfbad6e12', 'admin_state_up': True, 'mtu': 8950, 'status': 'ACTIVE', 'subnets': [], 'shared': False, 'port_security_enabled': True, 'router:external': False, 'provider:network_type': 'vlan', 'provider:physical_network': 'default', 'provider:segmentation_id': 885, 'availability_zone_hints': [], 'availability_zones': [], 'ipv4_address_scope': None, 'ipv6_address_scope': None, 'description': '', 'tags': [], 'created_at': '2025-12-08T22:50:00Z', 'updated_at': '2025-12-08T22:50:00Z', 'revision_number': 1} available for tenant
2025-12-08 22:52:46.353 65779 INFO tempest.lib.common.rest_client [req-0dd6f227-f7ff-41b1-8bc8-ea0c0506e4c7 req-0dd6f227-f7ff-41b1-8bc8-ea0c0506e4c7 ] Request (ListImageFiltersTestJSON:test_list_images_with_detail_filter_by_status): 200 GET http://10.180.1.21/compute/v2.1/images/detail?status=ACTIVE 0.201s
2025-12-08 22:52:46.404 65801 INFO tempest.lib.common.rest_client [req-dab9edca-7afd-4de3-8dfa-f85167b5c2ce req-dab9edca-7afd-4de3-8dfa-f85167b5c2ce ] Request (ServersListShow2100Test:test_list_show_rebuild_update_server_2100): 200 GET http://10.180.1.21/compute/v2.1/servers/7f7682ed-49e1-45ff-90be-d934690ad663 0.207s
2025-12-08 22:52:46.412 65834 INFO tempest.lib.common.rest_client [req-7cbb6b2c-8053-4ff5-ba0c-d8751552c779 req-7cbb6b2c-8053-4ff5-ba0c-d8751552c779 ] Request (ServersNegativeTestJSON:test_invalid_ip_v6_address): 400 POST http://10.180.1.21/compute/v2.1/servers 0.072s
2025-12-08 22:52:46.416 65787 INFO tempest.lib.common.rest_client [req-fe903250-2e5f-46b5-abbb-d98b0f836812 req-fe903250-2e5f-46b5-abbb-d98b0f836812 ] Request (ServersAdminNegativeTestJSON:tearDownClass): 200 GET http://10.180.1.21/compute/v2.1/servers/9eb8ac38-771b-4811-b417-69679da8e365 0.087s
2025-12-08 22:52:46.472 65779 INFO tempest.lib.common.rest_client [req-32a7c12b-f1d4-427f-ad00-b03d8dd4f048 req-32a7c12b-f1d4-427f-ad00-b03d8dd4f048 ] Request (ListImageFiltersTestJSON:test_list_images_with_detail_filter_by_type): 200 GET http://10.180.1.21/compute/v2.1/images/detail?type=snapshot 0.112s
2025-12-08 22:52:46.529 65841 INFO tempest.lib.common.rest_client [req-ed4966ce-09b2-4fdd-8606-b7f39534c5db req-ed4966ce-09b2-4fdd-8606-b7f39534c5db ] Request (ImagesOneServerTestJSON:setUpClass): 200 GET http://10.180.1.21/compute/v2.1/servers/aae1d148-9531-4045-ad9b-4c1b6903bd22 0.154s
2025-12-08 22:52:46.663 65805 INFO tempest.lib.common.rest_client [req-01115808-7634-4c8e-87cb-4e03fd6e834c req-01115808-7634-4c8e-87cb-4e03fd6e834c ] Request (ServerRescueNegativeTestJSON:setUpClass): 200 GET http://10.180.1.21/compute/v2.1/servers/01e81628-4c0d-425a-85e1-04340739682f 0.281s
2025-12-08 22:52:46.670 65805 INFO tempest.common.waiters [-] State transition "BUILD/None" ==> "BUILD/networking" after 35 second wait
2025-12-08 22:52:46.671 65834 INFO tempest.lib.common.rest_client [req-e4705b49-9ecb-4b4c-bf1e-a32714bdbe56 req-e4705b49-9ecb-4b4c-bf1e-a32714bdbe56 ] Request (ServersNegativeTestJSON:tearDown): 200 GET http://10.180.1.21/compute/v2.1/servers/5a7d2d70-c57c-4c2e-8312-9518acd4b248 0.258s
2025-12-08 22:52:46.720 65783 INFO tempest.lib.common.rest_client [req-68a5c666-1733-43e5-9e30-8e1f098a78a0 req-68a5c666-1733-43e5-9e30-8e1f098a78a0 ] Request (MigrationsAdminTest:test_resize_server_revert_deleted_flavor): 200 GET http://10.180.1.21/compute/v2.1/servers/f7082929-d70c-482b-8400-019a190b466a 0.294s
2025-12-08 22:52:46.733 65843 INFO tempest.lib.common.rest_client [req-9319128c-435b-4e0a-a87b-66b58efacb9d req-9319128c-435b-4e0a-a87b-66b58efacb9d ] Request (ImagesOneServerNegativeTestJSON:_run_cleanups): 200 GET http://10.180.1.21/compute/v2.1/servers/b0a5aac6-36e8-493c-a24a-ecdec103e988 0.301s
2025-12-08 22:52:46.770 65779 INFO tempest.lib.common.rest_client [req-10927e12-797b-4cba-968e-ec6731f81ba1 req-10927e12-797b-4cba-968e-ec6731f81ba1 ] Request (ListImageFiltersTestJSON:test_list_images_with_detail_filter_by_type): 200 GET http://10.180.1.21/compute/v2.1/images/e41b1b72-1d51-4ebd-bcba-ebaa05d8d3b8 0.294s
2025-12-08 22:52:46.798 65797 INFO tempest.lib.common.rest_client [req-91be4c9b-b6c7-4575-9cff-0714983839f4 req-91be4c9b-b6c7-4575-9cff-0714983839f4 ] Request (ServerAddressesTestJSON:setUpClass): 200 GET http://10.180.1.21/compute/v2.1/servers/fd5c2da4-39fb-49bf-a1b0-ffe9658fe1f9 0.320s
2025-12-08 22:52:46.851 65789 INFO tempest.lib.common.rest_client [req-14560298-4a02-4367-baf4-c611f542e9b7 req-14560298-4a02-4367-baf4-c611f542e9b7 ] Request (DeleteServersTestJSON:test_delete_server_while_in_attached_volume): 200 GET http://10.180.1.21/volume/v3/volumes/85220dee-6322-45cc-ac52-2cdba60b57e8 0.044s
2025-12-08 22:52:46.873 65793 INFO tempest.lib.common.rest_client [req-0b9c59de-a4ab-46cf-b9b4-fc6a9c8c0881 req-0b9c59de-a4ab-46cf-b9b4-fc6a9c8c0881 ] Request (ServersAdmin275Test:tearDownClass): 200 GET http://10.180.1.21/compute/v2.1/servers/9d83c1d6-899a-4f90-bffa-63fd5c74c1cd 0.373s
2025-12-08 22:52:46.876 65839 INFO tempest.lib.common.rest_client [req-dd8dbeb4-5247-4080-96ff-16bbcec5b7ab req-dd8dbeb4-5247-4080-96ff-16bbcec5b7ab ] Request (ListServersNegativeTestJSON:setUpClass): 200 GET http://10.180.1.21/compute/v2.1/servers/59ab943a-0ee0-405c-989c-a9eb711cc0a6 0.349s
2025-12-08 22:52:46.952 65785 INFO tempest.lib.common.rest_client [req-de3b9b0a-ce94-4b7b-ab08-26970c0fd635 req-de3b9b0a-ce94-4b7b-ab08-26970c0fd635 ] Request (InstanceActionsV221TestJSON:test_get_list_deleted_instance_actions): 200 GET http://10.180.1.21/compute/v2.1/servers/a790f364-003e-4015-b7ca-fad27aa67585 0.354s
2025-12-08 22:52:46.973 65821 INFO tempest.lib.common.rest_client [req-9a26b487-261a-4b65-b987-5da12ae73065 req-9a26b487-261a-4b65-b987-5da12ae73065 ] Request (ServersTestJSON:test_create_server_specify_multibyte_character_name): 200 GET http://10.180.1.21/compute/v2.1/servers/a0ae943a-c031-4635-9eda-3c6319187d6e 0.418s
2025-12-08 22:52:46.982 65819 WARNING tempest.lib.common.ssh [-] Failed to establish authenticated ssh connection to cirros@10.180.180.152 ([Errno None] Unable to connect to port 22 on 10.180.180.152). Number attempts: 2. Retry after 3 seconds.: paramiko.ssh_exception.NoValidConnectionsError: [Errno None] Unable to connect to port 22 on 10.180.180.152
2025-12-08 22:52:47.027 65809 INFO tempest.lib.common.rest_client [req-4bcc5e82-1ec5-4d32-9cd0-68be71f13366 req-4bcc5e82-1ec5-4d32-9cd0-68be71f13366 ] Request (ServerDiagnosticsNegativeTest:test_get_server_diagnostics_by_non_admin): 200 GET http://10.180.1.21/compute/v2.1/servers/66a74597-1acc-469a-9535-37550a454e60 0.428s
2025-12-08 22:52:47.048 65795 INFO tempest.lib.common.rest_client [req-e0db77cc-b5d1-44e7-b42c-e74d2f3d0fd8 req-e0db77cc-b5d1-44e7-b42c-e74d2f3d0fd8 ] Request (ServersAdminTestJSON:setUpClass): 200 GET http://10.180.1.21/compute/v2.1/servers/284192d8-68b9-4bb1-b564-b773992a0ca4 0.400s
2025-12-08 22:52:47.103 65779 INFO tempest.lib.common.rest_client [req-0d841848-d372-4157-8a57-a611f314dd6a req-0d841848-d372-4157-8a57-a611f314dd6a ] Request (ListImageFiltersTestJSON:test_list_images_with_detail_limit_results): 200 GET http://10.180.1.21/compute/v2.1/images/detail?limit=1 0.328s
2025-12-08 22:52:47.256 65834 INFO tempest.lib.common.rest_client [req-19d64555-fb24-4874-a377-8b61e404f539 req-19d64555-fb24-4874-a377-8b61e404f539 ] Request (ServersNegativeTestJSON:setUp): 200 GET http://10.180.1.21/compute/v2.1/servers/5a7d2d70-c57c-4c2e-8312-9518acd4b248 0.577s
2025-12-08 22:52:47.281 65799 INFO tempest.lib.common.rest_client [req-2fa3a7d5-bc7a-43bc-8462-b1ffa0bfbb2d req-2fa3a7d5-bc7a-43bc-8462-b1ffa0bfbb2d ] Request (SecurityGroupsTestJSON:test_server_security_groups): 200 GET http://10.180.1.21/compute/v2.1/servers/52456624-fdb8-422c-b5a0-29ff0c1d8248 0.455s
2025-12-08 22:52:47.288 65799 INFO tempest.common.waiters [-] State transition "BUILD/spawning" ==> "ACTIVE/None" after 37 second wait
2025-12-08 22:52:47.330 65803 INFO tempest.lib.common.rest_client [req-7f602950-a30b-45bb-9f99-23819dac7947 req-7f602950-a30b-45bb-9f99-23819dac7947 ] Request (VolumesAssistedSnapshotsTest:tearDownClass): 200 GET http://10.180.1.21/compute/v2.1/servers/e95f64fe-95f6-4dad-a48e-6bac84c7ce3d 0.429s
2025-12-08 22:52:47.386 65811 INFO tempest.lib.common.rest_client [req-137776e7-579c-4fc4-a3ee-154525e40a1d req-137776e7-579c-4fc4-a3ee-154525e40a1d ] Request (ServerShowV247Test:test_update_rebuild_list_server): 200 GET http://10.180.1.21/compute/v2.1/servers/ef929d7c-1b0d-433e-93e3-334c65c5abab 0.275s
2025-12-08 22:52:47.436 65779 INFO tempest.lib.common.rest_client [req-a27e4359-98cb-4e59-b5bb-41fb2e5a0e5e req-a27e4359-98cb-4e59-b5bb-41fb2e5a0e5e ] Request (ListImageFiltersTestJSON:tearDownClass): 204 DELETE http://10.180.1.21/compute/v2.1/images/8e29308f-1ec4-49c3-81e2-3eeff82bebec 0.328s
2025-12-08 22:52:47.445 65807 INFO tempest.lib.common.rest_client [req-bf0518ee-7ee5-4efc-a7b6-66a8496a185e req-bf0518ee-7ee5-4efc-a7b6-66a8496a185e ] Request (ServerDiskConfigTestJSON:test_resize_server_from_auto_to_manual): 200 GET http://10.180.1.21/compute/v2.1/servers/4bac14d8-a670-4eef-b126-cf5f6ca5b822 0.297s
2025-12-08 22:52:47.503 65815 INFO tempest.lib.common.rest_client [req-d98ba296-2403-45d2-adbd-29b0784c1775 req-d98ba296-2403-45d2-adbd-29b0784c1775 ] Request (ServersTestMultiNic:test_verify_multiple_nics_order): 200 GET http://10.180.1.21/compute/v2.1/servers/7a4810e6-95a4-463e-94c7-21efa4b00eab 0.300s
2025-12-08 22:52:47.518 65817 INFO tempest.lib.common.rest_client [req-50c76063-41f5-48c6-815d-ed1fbbdafb78 req-50c76063-41f5-48c6-815d-ed1fbbdafb78 ] Request (AttachVolumeNegativeTest:test_attach_attached_volume_to_different_server): 200 GET http://10.180.1.21/compute/v2.1/servers/83540d3d-554c-4606-9802-1b9e92e18bd2 0.320s
2025-12-08 22:52:47.526 65834 INFO tempest.lib.common.rest_client [req-ded592be-c14a-4417-98e4-07d92ec69cfb req-ded592be-c14a-4417-98e4-07d92ec69cfb ] Request (ServersNegativeTestJSON:test_reboot_deleted_server): 404 POST http://10.180.1.21/compute/v2.1/servers/7e64fea1-6a97-4adb-9f93-4db0128d3d5f/action 0.263s
2025-12-08 22:52:47.586 65813 INFO tempest.lib.common.rest_client [req-b2b6c4cd-f99d-4e29-90c9-4aaaf2c5ce2c req-b2b6c4cd-f99d-4e29-90c9-4aaaf2c5ce2c ] Request (ServerRescueTestJSON:test_rescue_unrescue_instance): 200 GET http://10.180.1.21/compute/v2.1/servers/4a59190d-827e-4edd-9a93-96687b9d7cb9 0.298s
2025-12-08 22:52:47.894 65799 INFO tempest.lib.common.rest_client [req-5d8b718f-dbef-4b14-9f5a-a6b6b165eaab req-5d8b718f-dbef-4b14-9f5a-a6b6b165eaab ] Request (SecurityGroupsTestJSON:test_server_security_groups): 202 POST http://10.180.1.21/compute/v2.1/servers/52456624-fdb8-422c-b5a0-29ff0c1d8248/action 0.606s
2025-12-08 22:52:47.896 65789 INFO tempest.lib.common.rest_client [req-e505e5db-36e3-4ebb-97fb-2c46e80c9d8c req-e505e5db-36e3-4ebb-97fb-2c46e80c9d8c ] Request (DeleteServersTestJSON:test_delete_server_while_in_attached_volume): 200 GET http://10.180.1.21/volume/v3/volumes/85220dee-6322-45cc-ac52-2cdba60b57e8 0.033s
2025-12-08 22:52:47.921 65791 INFO tempest.lib.common.rest_client [req-a21b7cd2-91ad-4cac-a94d-8daf4d4d7f2f req-a21b7cd2-91ad-4cac-a94d-8daf4d4d7f2f ] Request (ServersV294TestFqdnHostnames:setUpClass): 200 GET http://10.180.1.21/compute/v2.1/servers/49c00773-b45f-4253-8f80-784023af2448 0.574s
2025-12-08 22:52:48.032 65801 INFO tempest.lib.common.rest_client [req-a578f113-aaa8-474e-9d26-712c06e17848 req-a578f113-aaa8-474e-9d26-712c06e17848 ] Request (ServersListShow2100Test:test_list_show_rebuild_update_server_2100): 200 GET http://10.180.1.21/compute/v2.1/servers/7f7682ed-49e1-45ff-90be-d934690ad663 0.614s
2025-12-08 22:52:48.162 65779 INFO tempest.lib.common.rest_client [req-114dcc94-6f57-4a37-80d3-af8fb8933a1f req-114dcc94-6f57-4a37-80d3-af8fb8933a1f ] Request (ListImageFiltersTestJSON:tearDownClass): 204 DELETE http://10.180.1.21/compute/v2.1/images/d241f507-02b6-4294-8d6e-3f621cd9b1f1 0.724s
2025-12-08 22:52:48.405 65834 INFO tempest.lib.common.rest_client [req-ac6f8e0c-3567-456a-b7aa-18c9a389ac5d req-ac6f8e0c-3567-456a-b7aa-18c9a389ac5d ] Request (ServersNegativeTestJSON:tearDown): 200 GET http://10.180.1.21/compute/v2.1/servers/5a7d2d70-c57c-4c2e-8312-9518acd4b248 0.877s
2025-12-08 22:52:48.454 65787 INFO tempest.lib.common.rest_client [req-a046af22-ed6b-483f-bb4f-e550c996c324 req-a046af22-ed6b-483f-bb4f-e550c996c324 ] Request (ServersAdminNegativeTestJSON:tearDownClass): 200 GET http://10.180.1.21/compute/v2.1/servers/9eb8ac38-771b-4811-b417-69679da8e365 1.028s
2025-12-08 22:52:48.551 65841 INFO tempest.lib.common.rest_client [req-da41d1cf-a4fc-479e-90c1-dc64ed92755c req-da41d1cf-a4fc-479e-90c1-dc64ed92755c ] Request (ImagesOneServerTestJSON:setUpClass): 200 GET http://10.180.1.21/compute/v2.1/servers/aae1d148-9531-4045-ad9b-4c1b6903bd22 1.010s
2025-12-08 22:52:48.573 65805 INFO tempest.lib.common.rest_client [req-c9eb38de-fdc8-4033-85a5-da1d69565b72 req-c9eb38de-fdc8-4033-85a5-da1d69565b72 ] Request (ServerRescueNegativeTestJSON:setUpClass): 200 GET http://10.180.1.21/compute/v2.1/servers/01e81628-4c0d-425a-85e1-04340739682f 0.901s
2025-12-08 22:52:48.581 65805 INFO tempest.common.waiters [-] State transition "BUILD/networking" ==> "BUILD/spawning" after 37 second wait
2025-12-08 22:52:48.602 65783 INFO tempest.lib.common.rest_client [req-91a63dab-ba08-471f-a8dd-0db3d24866b0 req-91a63dab-ba08-471f-a8dd-0db3d24866b0 ] Request (MigrationsAdminTest:test_resize_server_revert_deleted_flavor): 200 GET http://10.180.1.21/compute/v2.1/servers/f7082929-d70c-482b-8400-019a190b466a 0.872s
2025-12-08 22:52:48.622 65843 INFO tempest.lib.common.rest_client [req-ed3a9e08-87a7-45cd-aaf0-a664bb859951 req-ed3a9e08-87a7-45cd-aaf0-a664bb859951 ] Request (ImagesOneServerNegativeTestJSON:_run_cleanups): 200 GET http://10.180.1.21/compute/v2.1/servers/b0a5aac6-36e8-493c-a24a-ecdec103e988 0.879s
2025-12-08 22:52:48.646 65797 INFO tempest.lib.common.rest_client [req-5e99b05c-df1a-4499-9b19-7674def94ed7 req-5e99b05c-df1a-4499-9b19-7674def94ed7 ] Request (ServerAddressesTestJSON:setUpClass): 200 GET http://10.180.1.21/compute/v2.1/servers/fd5c2da4-39fb-49bf-a1b0-ffe9658fe1f9 0.833s
2025-12-08 22:52:48.669 65839 INFO tempest.lib.common.rest_client [req-a623dad4-e9ec-4c45-ba9d-e2812d8d7642 req-a623dad4-e9ec-4c45-ba9d-e2812d8d7642 ] Request (ListServersNegativeTestJSON:setUpClass): 200 GET http://10.180.1.21/compute/v2.1/servers/59ab943a-0ee0-405c-989c-a9eb711cc0a6 0.781s
2025-12-08 22:52:48.701 65799 INFO tempest.lib.common.rest_client [req-e14b2b3c-6037-4acb-8a1a-b4e29c223f77 req-e14b2b3c-6037-4acb-8a1a-b4e29c223f77 ] Request (SecurityGroupsTestJSON:test_server_security_groups): 400 DELETE http://10.180.1.21/compute/v2.1/os-security-groups/63c65a65-9953-490c-bb38-5f334ae16e89 0.806s
2025-12-08 22:52:48.732 65793 INFO tempest.lib.common.rest_client [req-1297e424-7c45-4921-8925-f81f140a1036 req-1297e424-7c45-4921-8925-f81f140a1036 ] Request (ServersAdmin275Test:tearDownClass): 200 GET http://10.180.1.21/compute/v2.1/servers/9d83c1d6-899a-4f90-bffa-63fd5c74c1cd 0.837s
2025-12-08 22:52:48.751 65785 INFO tempest.lib.common.rest_client [req-ef3bc05b-8270-4c33-9428-498da7827438 req-ef3bc05b-8270-4c33-9428-498da7827438 ] Request (InstanceActionsV221TestJSON:test_get_list_deleted_instance_actions): 200 GET http://10.180.1.21/compute/v2.1/servers/a790f364-003e-4015-b7ca-fad27aa67585 0.784s
2025-12-08 22:52:48.782 65821 INFO tempest.lib.common.rest_client [req-7b10832f-18bf-408b-a2dd-986130375b7e req-7b10832f-18bf-408b-a2dd-986130375b7e ] Request (ServersTestJSON:test_create_server_specify_multibyte_character_name): 200 GET http://10.180.1.21/compute/v2.1/servers/a0ae943a-c031-4635-9eda-3c6319187d6e 0.793s
2025-12-08 22:52:48.805 65809 INFO tempest.lib.common.rest_client [req-f17e0ec8-0cea-43cd-b46d-8384acdde8dc req-f17e0ec8-0cea-43cd-b46d-8384acdde8dc ] Request (ServerDiagnosticsNegativeTest:test_get_server_diagnostics_by_non_admin): 200 GET http://10.180.1.21/compute/v2.1/servers/66a74597-1acc-469a-9535-37550a454e60 0.768s
