2025-12-08 22:52:56.044 65834 INFO tempest.lib.common.rest_client [req-cb595352-a571-4f4d-8244-3b5f809b331f req-cb595352-a571-4f4d-8244-3b5f809b331f ] Request (ServersNegativeTestJSON:setUp): 200 GET http://10.180.1.21/compute/v2.1/servers/5a7d2d70-c57c-4c2e-8312-9518acd4b248 0.287s
2025-12-08 22:52:56.122 65801 INFO tempest.lib.common.rest_client [req-91fe0ceb-5769-4b6b-bddc-39aa1a852075 req-91fe0ceb-5769-4b6b-bddc-39aa1a852075 ] Request (ServersListShow2100Test:test_list_show_rebuild_update_server_2100): 200 GET http://10.180.1.21/compute/v2.1/servers/7f7682ed-49e1-45ff-90be-d934690ad663 0.329s
2025-12-08 22:52:56.142 65799 INFO tempest.lib.common.rest_client [req-456cd8e0-7b16-4b4f-8bd2-f647f85703fe req-456cd8e0-7b16-4b4f-8bd2-f647f85703fe ] Request (SecurityGroupsTestJSON:test_server_security_groups): 204 DELETE http://10.180.1.21/compute/v2.1/servers/52456624-fdb8-422c-b5a0-29ff0c1d8248 0.336s
2025-12-08 22:52:56.187 65841 INFO tempest.lib.common.rest_client [req-a9f6374c-9605-45bd-87f3-f349fde8a18e req-a9f6374c-9605-45bd-87f3-f349fde8a18e ] Request (ImagesOneServerTestJSON:test_create_delete_image): 200 GET http://10.180.1.21/compute/v2.1/images/c7b69ff4-7392-48be-936b-430941f1bc02 0.292s
2025-12-08 22:52:56.196 65787 INFO tempest.lib.common.rest_client [req-8d659520-ef00-41c2-a88a-3fb3d071774b req-8d659520-ef00-41c2-a88a-3fb3d071774b ] Request (ServersAdminNegativeTestJSON:tearDownClass): 200 GET http://10.180.1.21/compute/v2.1/servers/9eb8ac38-771b-4811-b417-69679da8e365 0.328s
2025-12-08 22:52:56.262 65783 INFO tempest.lib.common.rest_client [req-a98fd0fe-d8ea-4207-a9d3-60e529d5e323 req-a98fd0fe-d8ea-4207-a9d3-60e529d5e323 ] Request (MigrationsAdminTest:test_resize_server_revert_deleted_flavor): 200 GET http://10.180.1.21/compute/v2.1/servers/f7082929-d70c-482b-8400-019a190b466a 0.222s
2025-12-08 22:52:56.266 65779 INFO tempest.lib.common.rest_client [req-0a819432-ef7e-45eb-92a5-f6c77515913b req-0a819432-ef7e-45eb-92a5-f6c77515913b ] Request (ListImageFiltersTestJSON:tearDownClass): 200 GET http://10.180.1.21/compute/v2.1/servers/baea3a13-3499-4cd9-a982-64200207f949 0.277s
2025-12-08 22:52:56.276 65834 INFO tempest.lib.common.rest_client [req-7319ffe2-63cb-4a13-b486-1476a35ebbf8 req-7319ffe2-63cb-4a13-b486-1476a35ebbf8 ] Request (ServersNegativeTestJSON:test_resume_non_existent_server): 404 POST http://10.180.1.21/compute/v2.1/servers/96969cf4-6788-4c5a-bddb-a7f1c25dc3b3/action 0.220s
2025-12-08 22:52:56.338 65843 INFO tempest.lib.common.rest_client [req-ba6ebd46-cece-4e67-84a9-9d49905a48a3 req-ba6ebd46-cece-4e67-84a9-9d49905a48a3 ] Request (ImagesOneServerNegativeTestJSON:_run_cleanups): 200 GET http://10.180.1.21/compute/v2.1/servers/b0a5aac6-36e8-493c-a24a-ecdec103e988 0.284s
2025-12-08 22:52:56.420 65799 INFO tempest.lib.common.rest_client [req-e4e7550f-facd-43c5-ae63-03aa48a30684 req-e4e7550f-facd-43c5-ae63-03aa48a30684 ] Request (SecurityGroupsTestJSON:test_server_security_groups): 200 GET http://10.180.1.21/compute/v2.1/servers/52456624-fdb8-422c-b5a0-29ff0c1d8248 0.277s
2025-12-08 22:52:56.480 65805 INFO tempest.lib.common.rest_client [req-12e77115-ccbc-4a68-8b75-4ad2fdcec324 req-12e77115-ccbc-4a68-8b75-4ad2fdcec324 ] Request (ServerRescueNegativeTestJSON:setUpClass): 200 GET http://10.180.1.21/compute/v2.1/servers/01e81628-4c0d-425a-85e1-04340739682f 0.259s
2025-12-08 22:52:56.522 65835 WARNING tempest.lib.common.ssh [-] Failed to establish authenticated ssh connection to cirros@10.180.180.218 ([Errno None] Unable to connect to port 22 on 10.180.180.218). Number attempts: 10. Retry after 11 seconds.: paramiko.ssh_exception.NoValidConnectionsError: [Errno None] Unable to connect to port 22 on 10.180.180.218
2025-12-08 22:52:56.532 65797 INFO tempest.lib.common.rest_client [req-9b1802e4-b1c4-43e6-8804-acf74aeca97f req-9b1802e4-b1c4-43e6-8804-acf74aeca97f ] Request (ServerAddressesTestJSON:setUpClass): 200 GET http://10.180.1.21/compute/v2.1/servers/fd5c2da4-39fb-49bf-a1b0-ffe9658fe1f9 0.245s
2025-12-08 22:52:56.541 65834 INFO tempest.lib.common.rest_client [req-73a9f987-47e4-460a-b9bb-672df03095f4 req-73a9f987-47e4-460a-b9bb-672df03095f4 ] Request (ServersNegativeTestJSON:tearDown): 200 GET http://10.180.1.21/compute/v2.1/servers/5a7d2d70-c57c-4c2e-8312-9518acd4b248 0.264s
2025-12-08 22:52:56.604 65839 INFO tempest.lib.common.rest_client [req-6b473809-582f-4566-9322-f8e04640520f req-6b473809-582f-4566-9322-f8e04640520f ] Request (ListServersNegativeTestJSON:setUpClass): 200 GET http://10.180.1.21/compute/v2.1/servers/59ab943a-0ee0-405c-989c-a9eb711cc0a6 0.248s
2025-12-08 22:52:56.618 65793 INFO tempest.lib.common.rest_client [req-146a5b06-849e-44cf-acab-96148a2de87e req-146a5b06-849e-44cf-acab-96148a2de87e ] Request (ServersAdmin275Test:tearDownClass): 200 GET http://10.180.1.21/compute/v2.1/servers/9d83c1d6-899a-4f90-bffa-63fd5c74c1cd 0.186s
2025-12-08 22:52:56.673 65821 INFO tempest.lib.common.rest_client [req-9e83fb49-d4dc-4b09-beb3-28926434b48e req-9e83fb49-d4dc-4b09-beb3-28926434b48e ] Request (ServersTestJSON:test_create_server_specify_multibyte_character_name): 200 GET http://10.180.1.21/compute/v2.1/servers/a0ae943a-c031-4635-9eda-3c6319187d6e 0.127s
2025-12-08 22:52:56.682 65785 INFO tempest.lib.common.rest_client [req-a774a7dc-4667-445d-912c-d347c50d3ded req-a774a7dc-4667-445d-912c-d347c50d3ded ] Request (InstanceActionsV221TestJSON:test_get_list_deleted_instance_actions): 200 GET http://10.180.1.21/compute/v2.1/servers/a790f364-003e-4015-b7ca-fad27aa67585 0.200s
2025-12-08 22:52:56.740 65809 INFO tempest.lib.common.rest_client [req-63785f85-d55f-4cca-bc78-f84e09670473 req-63785f85-d55f-4cca-bc78-f84e09670473 ] Request (ServerDiagnosticsNegativeTest:test_get_server_diagnostics_by_non_admin): 200 GET http://10.180.1.21/compute/v2.1/servers/66a74597-1acc-469a-9535-37550a454e60 0.145s
2025-12-08 22:52:56.769 65834 INFO tempest.lib.common.rest_client [req-f2ec03cd-9bde-4205-9977-9b78b5ebed17 req-f2ec03cd-9bde-4205-9977-9b78b5ebed17 ] Request (ServersNegativeTestJSON:setUp): 200 GET http://10.180.1.21/compute/v2.1/servers/5a7d2d70-c57c-4c2e-8312-9518acd4b248 0.216s
2025-12-08 22:52:56.786 65795 INFO tempest.lib.common.rest_client [req-ff5ab5b8-cc95-4818-af2d-a87aeb5ff165 req-ff5ab5b8-cc95-4818-af2d-a87aeb5ff165 ] Request (ServersAdminTestJSON:setUpClass): 200 GET http://10.180.1.21/compute/v2.1/servers/284192d8-68b9-4bb1-b564-b773992a0ca4 0.186s
2025-12-08 22:52:56.829 65789 INFO tempest.lib.common.rest_client [req-fd052ad8-b225-46d2-ad5d-cf3369f320de req-fd052ad8-b225-46d2-ad5d-cf3369f320de ] Request (DeleteServersTestJSON:test_delete_server_while_in_attached_volume): 200 GET http://10.180.1.21/compute/v2.1/servers/06530b2c-b16e-4ae6-896b-68900b4ed35e 0.179s
2025-12-08 22:52:56.837 65789 INFO tempest.common.waiters [-] State transition "ACTIVE/deleting" ==> "DELETED/None" after 5 second wait
2025-12-08 22:52:56.845 65803 INFO tempest.lib.common.rest_client [req-0e4f74c3-249f-497f-87b3-5a288e9c4cc4 req-0e4f74c3-249f-497f-87b3-5a288e9c4cc4 ] Request (VolumesAssistedSnapshotsTest:tearDownClass): 200 GET http://10.180.1.21/compute/v2.1/servers/e95f64fe-95f6-4dad-a48e-6bac84c7ce3d 0.131s
2025-12-08 22:52:56.854 65834 INFO tempest.lib.common.rest_client [req-ae448b08-f86e-4957-8bb9-04e66cd0c30b req-ae448b08-f86e-4957-8bb9-04e66cd0c30b ] Request (ServersNegativeTestJSON:test_resume_server_invalid_state): 409 POST http://10.180.1.21/compute/v2.1/servers/5a7d2d70-c57c-4c2e-8312-9518acd4b248/action 0.078s
2025-12-08 22:52:56.898 65811 INFO tempest.lib.common.rest_client [req-459f0d50-b754-4fc5-ac42-5a6aebc33af9 req-459f0d50-b754-4fc5-ac42-5a6aebc33af9 ] Request (ServerShowV247Test:test_update_rebuild_list_server): 200 GET http://10.180.1.21/compute/v2.1/servers/ef929d7c-1b0d-433e-93e3-334c65c5abab 0.072s
2025-12-08 22:52:56.907 65811 INFO tempest.common.waiters [-] State transition "BUILD/block_device_mapping" ==> "BUILD/spawning" after 40 second wait
2025-12-08 22:52:56.950 65834 INFO tempest.lib.common.rest_client [req-85d93a5a-2746-4b28-9ecc-093981ea3445 req-85d93a5a-2746-4b28-9ecc-093981ea3445 ] Request (ServersNegativeTestJSON:tearDown): 200 GET http://10.180.1.21/compute/v2.1/servers/5a7d2d70-c57c-4c2e-8312-9518acd4b248 0.095s
2025-12-08 22:52:56.973 65807 INFO tempest.lib.common.rest_client [req-e3204b21-fc34-4f42-90d3-c4a49201c1e2 req-e3204b21-fc34-4f42-90d3-c4a49201c1e2 ] Request (ServerDiskConfigTestJSON:test_resize_server_from_auto_to_manual): 200 GET http://10.180.1.21/compute/v2.1/servers/4bac14d8-a670-4eef-b126-cf5f6ca5b822 0.097s
2025-12-08 22:52:57.021 65817 INFO tempest.lib.common.rest_client [req-f144717f-3669-42b5-8517-0f366920adee req-f144717f-3669-42b5-8517-0f366920adee ] Request (AttachVolumeNegativeTest:test_attach_attached_volume_to_different_server): 200 GET http://10.180.1.21/compute/v2.1/servers/83540d3d-554c-4606-9802-1b9e92e18bd2 0.140s
2025-12-08 22:52:57.041 65815 INFO tempest.lib.common.rest_client [req-73cf59a8-e761-451d-9601-5c90f5c405c2 req-73cf59a8-e761-451d-9601-5c90f5c405c2 ] Request (ServersTestMultiNic:test_verify_multiple_nics_order): 200 GET http://10.180.1.21/compute/v2.1/servers/7a4810e6-95a4-463e-94c7-21efa4b00eab 0.106s
2025-12-08 22:52:57.093 65791 INFO tempest.lib.common.rest_client [req-746f5129-f69e-438c-be10-2c2a0c8a1e64 req-746f5129-f69e-438c-be10-2c2a0c8a1e64 ] Request (ServersV294TestFqdnHostnames:setUpClass): 200 GET http://10.180.1.21/compute/v2.1/servers/49c00773-b45f-4253-8f80-784023af2448 0.150s
2025-12-08 22:52:57.203 65834 INFO tempest.lib.common.rest_client [req-67bd7056-a7b9-4d07-9a4d-e64fbe9eddb4 req-67bd7056-a7b9-4d07-9a4d-e64fbe9eddb4 ] Request (ServersNegativeTestJSON:setUp): 200 GET http://10.180.1.21/compute/v2.1/servers/5a7d2d70-c57c-4c2e-8312-9518acd4b248 0.244s
2025-12-08 22:52:57.232 65813 INFO tempest.lib.common.rest_client [req-a9d72fb4-8fe4-4b3a-894e-f1386732a164 req-a9d72fb4-8fe4-4b3a-894e-f1386732a164 ] Request (ServerRescueTestJSON:test_rescue_unrescue_instance): 200 GET http://10.180.1.21/compute/v2.1/servers/4a59190d-827e-4edd-9a93-96687b9d7cb9 0.187s
2025-12-08 22:52:57.252 65834 INFO tempest.lib.common.rest_client [req-bd8e907a-a195-4f52-8bf0-1451e81bf452 req-bd8e907a-a195-4f52-8bf0-1451e81bf452 ] Request (ServersNegativeTestJSON:test_server_name_blank): 201 POST http://10.180.1.21/identity/v3/auth/tokens 0.038s
2025-12-08 22:52:57.253 65834 INFO tempest.lib.common.fixed_network [-] (ServersNegativeTestJSON:test_server_name_blank) Found network {'id': '17d7fb7c-42eb-45a9-a5a3-52d83798ee23', 'name': 'tempest-ServersNegativeTestJSON-1146762286-network', 'tenant_id': '40b54f0968044951babcbf1bfbad6e12', 'project_id': '40b54f0968044951babcbf1bfbad6e12', 'admin_state_up': True, 'mtu': 8950, 'status': 'ACTIVE', 'subnets': [], 'shared': False, 'port_security_enabled': True, 'router:external': False, 'provider:network_type': 'vlan', 'provider:physical_network': 'default', 'provider:segmentation_id': 885, 'availability_zone_hints': [], 'availability_zones': [], 'ipv4_address_scope': None, 'ipv6_address_scope': None, 'description': '', 'tags': [], 'created_at': '2025-12-08T22:50:00Z', 'updated_at': '2025-12-08T22:50:00Z', 'revision_number': 1} available for tenant
2025-12-08 22:52:57.275 65841 INFO tempest.lib.common.rest_client [req-fc7ffdc1-2194-40c3-970e-a0403f438931 req-fc7ffdc1-2194-40c3-970e-a0403f438931 ] Request (ImagesOneServerTestJSON:test_create_delete_image): 200 GET http://10.180.1.21/compute/v2.1/images/c7b69ff4-7392-48be-936b-430941f1bc02 0.082s
2025-12-08 22:52:57.289 65801 INFO tempest.lib.common.rest_client [req-b6f935c1-f298-4f1b-a6c8-8221f36b1bec req-b6f935c1-f298-4f1b-a6c8-8221f36b1bec ] Request (ServersListShow2100Test:test_list_show_rebuild_update_server_2100): 200 GET http://10.180.1.21/compute/v2.1/servers/7f7682ed-49e1-45ff-90be-d934690ad663 0.152s
2025-12-08 22:52:57.293 65834 INFO tempest.lib.common.rest_client [req-1e7f8392-368f-4e1f-9b07-63ee3820c237 req-1e7f8392-368f-4e1f-9b07-63ee3820c237 ] Request (ServersNegativeTestJSON:test_server_name_blank): 400 POST http://10.180.1.21/compute/v2.1/servers 0.039s
2025-12-08 22:52:57.347 65783 INFO tempest.lib.common.rest_client [req-1c624273-a69c-49a3-8a57-2bf3d578aeca req-1c624273-a69c-49a3-8a57-2bf3d578aeca ] Request (MigrationsAdminTest:test_resize_server_revert_deleted_flavor): 200 GET http://10.180.1.21/compute/v2.1/servers/f7082929-d70c-482b-8400-019a190b466a 0.074s
2025-12-08 22:52:57.348 65787 INFO tempest.lib.common.rest_client [req-5a39a5db-2882-4aa2-afd3-5017c53a67e1 req-5a39a5db-2882-4aa2-afd3-5017c53a67e1 ] Request (ServersAdminNegativeTestJSON:tearDownClass): 200 GET http://10.180.1.21/compute/v2.1/servers/9eb8ac38-771b-4811-b417-69679da8e365 0.143s
2025-12-08 22:52:57.403 65779 INFO tempest.lib.common.rest_client [req-12d58b8c-baee-4fb5-8106-81c37904d72d req-12d58b8c-baee-4fb5-8106-81c37904d72d ] Request (ListImageFiltersTestJSON:tearDownClass): 200 GET http://10.180.1.21/compute/v2.1/servers/baea3a13-3499-4cd9-a982-64200207f949 0.127s
2025-12-08 22:52:57.448 65834 INFO tempest.lib.common.rest_client [req-ef20eadf-188c-4f71-a14c-ce4879a40d84 req-ef20eadf-188c-4f71-a14c-ce4879a40d84 ] Request (ServersNegativeTestJSON:tearDown): 200 GET http://10.180.1.21/compute/v2.1/servers/5a7d2d70-c57c-4c2e-8312-9518acd4b248 0.155s
2025-12-08 22:52:57.455 65843 INFO tempest.lib.common.rest_client [req-41e1b01d-b58f-4c1e-bc7d-7c44ea93641c req-41e1b01d-b58f-4c1e-bc7d-7c44ea93641c ] Request (ImagesOneServerNegativeTestJSON:_run_cleanups): 200 GET http://10.180.1.21/compute/v2.1/servers/b0a5aac6-36e8-493c-a24a-ecdec103e988 0.108s
2025-12-08 22:52:57.553 65799 INFO tempest.lib.common.rest_client [req-cddd5db3-4deb-4e40-b14f-3a390fe1e7b0 req-cddd5db3-4deb-4e40-b14f-3a390fe1e7b0 ] Request (SecurityGroupsTestJSON:test_server_security_groups): 200 GET http://10.180.1.21/compute/v2.1/servers/52456624-fdb8-422c-b5a0-29ff0c1d8248 0.124s
2025-12-08 22:52:57.563 65834 INFO tempest.lib.common.rest_client [req-421439f6-5cd3-420e-a0cf-769966aeb5f4 req-421439f6-5cd3-420e-a0cf-769966aeb5f4 ] Request (ServersNegativeTestJSON:setUp): 200 GET http://10.180.1.21/compute/v2.1/servers/5a7d2d70-c57c-4c2e-8312-9518acd4b248 0.106s
2025-12-08 22:52:57.613 65797 INFO tempest.lib.common.rest_client [req-32ee5758-bb80-4381-bf0a-fdf77fbf7838 req-32ee5758-bb80-4381-bf0a-fdf77fbf7838 ] Request (ServerAddressesTestJSON:setUpClass): 200 GET http://10.180.1.21/compute/v2.1/servers/fd5c2da4-39fb-49bf-a1b0-ffe9658fe1f9 0.073s
2025-12-08 22:52:57.623 65834 INFO tempest.lib.common.rest_client [req-b9eab661-77ab-4257-bdb5-f46150810735 req-b9eab661-77ab-4257-bdb5-f46150810735 ] Request (ServersNegativeTestJSON:test_shelve_non_existent_server): 404 POST http://10.180.1.21/compute/v2.1/servers/6f2be51a-e4fe-465e-9e1c-00cbb94d1b58/action 0.053s
2025-12-08 22:52:57.677 65805 INFO tempest.lib.common.rest_client [req-7cfb1a1e-beac-43ad-970f-6c44ea8b0a1f req-7cfb1a1e-beac-43ad-970f-6c44ea8b0a1f ] Request (ServerRescueNegativeTestJSON:setUpClass): 200 GET http://10.180.1.21/compute/v2.1/servers/01e81628-4c0d-425a-85e1-04340739682f 0.188s
2025-12-08 22:52:57.685 65805 INFO tempest.common.waiters [-] State transition "BUILD/spawning" ==> "ACTIVE/None" after 46 second wait
2025-12-08 22:52:57.687 65839 INFO tempest.lib.common.rest_client [req-03e23ebe-96f7-4647-9022-65871ae27e54 req-03e23ebe-96f7-4647-9022-65871ae27e54 ] Request (ListServersNegativeTestJSON:setUpClass): 200 GET http://10.180.1.21/compute/v2.1/servers/59ab943a-0ee0-405c-989c-a9eb711cc0a6 0.066s
2025-12-08 22:52:57.708 65793 INFO tempest.lib.common.rest_client [req-79a1d286-0573-4c16-b358-ce25e8a78b80 req-79a1d286-0573-4c16-b358-ce25e8a78b80 ] Request (ServersAdmin275Test:tearDownClass): 404 GET http://10.180.1.21/compute/v2.1/servers/9d83c1d6-899a-4f90-bffa-63fd5c74c1cd 0.080s
2025-12-08 22:52:57.793 65834 INFO tempest.lib.common.rest_client [req-c7f87435-d21d-41c7-bbf6-093bf8fe4e96 req-c7f87435-d21d-41c7-bbf6-093bf8fe4e96 ] Request (ServersNegativeTestJSON:tearDown): 200 GET http://10.180.1.21/compute/v2.1/servers/5a7d2d70-c57c-4c2e-8312-9518acd4b248 0.170s
2025-12-08 22:52:57.795 65793 INFO tempest.lib.common.rest_client [req-2fca7f8d-0c50-415e-a4d6-a3285dd2b4de req-2fca7f8d-0c50-415e-a4d6-a3285dd2b4de ] Request (ServersAdmin275Test:tearDownClass): 204 DELETE http://10.180.1.21/identity/v3/users/12fb3b9603c84b52b2c0b126ef3422c6 0.086s
2025-12-08 22:52:57.800 65805 INFO tempest.lib.common.rest_client [req-5d9cd2bf-a6b8-43d2-a51d-c0e369756c8b req-5d9cd2bf-a6b8-43d2-a51d-c0e369756c8b ] Request (ServerRescueNegativeTestJSON:setUpClass): 200 POST http://10.180.1.21/compute/v2.1/servers/01e81628-4c0d-425a-85e1-04340739682f/action 0.114s
2025-12-08 22:52:57.855 65821 INFO tempest.lib.common.rest_client [req-2efed6f3-db35-44ee-873b-e22d7b6e27ac req-2efed6f3-db35-44ee-873b-e22d7b6e27ac ] Request (ServersTestJSON:test_create_server_specify_multibyte_character_name): 200 GET http://10.180.1.21/compute/v2.1/servers/a0ae943a-c031-4635-9eda-3c6319187d6e 0.169s
2025-12-08 22:52:57.874 65785 INFO tempest.lib.common.rest_client [req-79306866-29df-4b1d-84f4-1a9137502fb0 req-79306866-29df-4b1d-84f4-1a9137502fb0 ] Request (InstanceActionsV221TestJSON:test_get_list_deleted_instance_actions): 200 GET http://10.180.1.21/compute/v2.1/servers/a790f364-003e-4015-b7ca-fad27aa67585 0.181s
2025-12-08 22:52:57.899 65793 INFO tempest.lib.common.rest_client [req-fb5c5cd5-89a4-4b54-b3be-2cffdb55a81d req-fb5c5cd5-89a4-4b54-b3be-2cffdb55a81d ] Request (ServersAdmin275Test:tearDownClass): 204 DELETE http://10.180.1.21/identity/v3/users/aecd32286c9d4c8087626aa743a1cbe9 0.104s
2025-12-08 22:52:57.899 65793 INFO tempest.lib.common.dynamic_creds [-] Deleting project and security group for project: 410c57621bd849fb9485591da74a4363
2025-12-08 22:52:57.916 65809 INFO tempest.lib.common.rest_client [req-7a9eefee-888f-4496-a2ea-3859189d02ff req-7a9eefee-888f-4496-a2ea-3859189d02ff ] Request (ServerDiagnosticsNegativeTest:test_get_server_diagnostics_by_non_admin): 200 GET http://10.180.1.21/compute/v2.1/servers/66a74597-1acc-469a-9535-37550a454e60 0.167s
2025-12-08 22:52:57.929 65795 INFO tempest.lib.common.rest_client [req-58f7ae45-9705-49f0-ba97-5e1c8b0da97a req-58f7ae45-9705-49f0-ba97-5e1c8b0da97a ] Request (ServersAdminTestJSON:setUpClass): 200 GET http://10.180.1.21/compute/v2.1/servers/284192d8-68b9-4bb1-b564-b773992a0ca4 0.135s
2025-12-08 22:52:57.977 65793 INFO tempest.lib.common.rest_client [req-20c29188-1a50-45a3-b954-5dfe17216607 req-20c29188-1a50-45a3-b954-5dfe17216607 ] Request (ServersAdmin275Test:tearDownClass): 201 POST http://10.180.1.21/identity/v3/auth/tokens 0.077s
2025-12-08 22:52:58.088 65805 INFO tempest.lib.common.rest_client [req-95691518-5f8f-4793-a04e-29b218df5737 req-95691518-5f8f-4793-a04e-29b218df5737 ] Request (ServerRescueNegativeTestJSON:setUpClass): 200 GET http://10.180.1.21/compute/v2.1/servers/01e81628-4c0d-425a-85e1-04340739682f 0.287s
2025-12-08 22:52:58.111 65834 INFO tempest.lib.common.rest_client [req-cc9769db-2c8d-4d2e-b667-ec6fe13951d1 req-cc9769db-2c8d-4d2e-b667-ec6fe13951d1 ] Request (ServersNegativeTestJSON:setUp): 200 GET http://10.180.1.21/compute/v2.1/servers/5a7d2d70-c57c-4c2e-8312-9518acd4b248 0.304s
2025-12-08 22:52:58.161 65793 INFO tempest.lib.common.rest_client [req-93ffd3b7-bc2d-4e65-a7c4-d38e129338cc req-93ffd3b7-bc2d-4e65-a7c4-d38e129338cc ] Request (ServersAdmin275Test:tearDownClass): 200 GET http://10.180.1.21/networking/v2.0/security-groups?tenant_id=410c57621bd849fb9485591da74a4363&name=default 0.184s
2025-12-08 22:52:58.168 65789 INFO tempest.lib.common.rest_client [req-5d383ca8-459c-4e88-810b-662a8bf634ff req-5d383ca8-459c-4e88-810b-662a8bf634ff ] Request (DeleteServersTestJSON:test_delete_server_while_in_attached_volume): 200 GET http://10.180.1.21/compute/v2.1/servers/06530b2c-b16e-4ae6-896b-68900b4ed35e 0.329s
2025-12-08 22:52:58.187 65803 INFO tempest.lib.common.rest_client [req-9a421a61-6302-4dcc-abfb-068a13da4922 req-9a421a61-6302-4dcc-abfb-068a13da4922 ] Request (VolumesAssistedSnapshotsTest:tearDownClass): 200 GET http://10.180.1.21/compute/v2.1/servers/e95f64fe-95f6-4dad-a48e-6bac84c7ce3d 0.334s
2025-12-08 22:52:58.240 65811 INFO tempest.lib.common.rest_client [req-6c02b41e-f60d-4b1b-9356-44adf1ed17b0 req-6c02b41e-f60d-4b1b-9356-44adf1ed17b0 ] Request (ServerShowV247Test:test_update_rebuild_list_server): 200 GET http://10.180.1.21/compute/v2.1/servers/ef929d7c-1b0d-433e-93e3-334c65c5abab 0.332s
2025-12-08 22:52:58.261 65807 INFO tempest.lib.common.rest_client [req-b14fb663-8b2a-4c10-87d4-0fc7624e5cfb req-b14fb663-8b2a-4c10-87d4-0fc7624e5cfb ] Request (ServerDiskConfigTestJSON:test_resize_server_from_auto_to_manual): 200 GET http://10.180.1.21/compute/v2.1/servers/4bac14d8-a670-4eef-b126-cf5f6ca5b822 0.279s
2025-12-08 22:52:58.270 65793 INFO tempest.lib.common.rest_client [req-299bef00-af8c-47c4-9cc8-f929fdf8281f req-299bef00-af8c-47c4-9cc8-f929fdf8281f ] Request (ServersAdmin275Test:tearDownClass): 204 DELETE http://10.180.1.21/networking/v2.0/security-groups/488817df-0a39-43de-8237-547194e6c7dd 0.108s
2025-12-08 22:52:58.315 65817 INFO tempest.lib.common.rest_client [req-54656da8-dce1-455c-a68a-2bf5b4192a7a req-54656da8-dce1-455c-a68a-2bf5b4192a7a ] Request (AttachVolumeNegativeTest:test_attach_attached_volume_to_different_server): 200 GET http://10.180.1.21/compute/v2.1/servers/83540d3d-554c-4606-9802-1b9e92e18bd2 0.284s
2025-12-08 22:52:58.328 65823 INFO paramiko.transport [-] Connected (version 2.0, client dropbear_2020.81)
2025-12-08 22:52:58.334 65815 INFO tempest.lib.common.rest_client [req-546f16ee-d5cc-49b5-a517-a1247f139bce req-546f16ee-d5cc-49b5-a517-a1247f139bce ] Request (ServersTestMultiNic:test_verify_multiple_nics_order): 200 GET http://10.180.1.21/compute/v2.1/servers/7a4810e6-95a4-463e-94c7-21efa4b00eab 0.283s
2025-12-08 22:52:58.362 65793 INFO tempest.lib.common.rest_client [req-61741a08-6400-4332-938e-1fdbd04faf57 req-61741a08-6400-4332-938e-1fdbd04faf57 ] Request (ServersAdmin275Test:tearDownClass): 204 DELETE http://10.180.1.21/identity/v3/projects/410c57621bd849fb9485591da74a4363 0.092s
2025-12-08 22:52:58.362 65793 INFO tempest.lib.common.dynamic_creds [-] Deleting project and security group for project: 4ad0b54a12174929935cdee00859f6ec
2025-12-08 22:52:58.389 65791 INFO tempest.lib.common.rest_client [req-8e79c704-fdba-4450-87ab-4e7d1fa8d15a req-8e79c704-fdba-4450-87ab-4e7d1fa8d15a ] Request (ServersV294TestFqdnHostnames:setUpClass): 200 GET http://10.180.1.21/compute/v2.1/servers/49c00773-b45f-4253-8f80-784023af2448 0.282s
2025-12-08 22:52:58.434 65823 INFO paramiko.transport [-] Authentication (publickey) successful!
2025-12-08 22:52:58.436 65823 INFO tempest.lib.common.ssh [-] ssh connection to cirros@10.180.180.213 successfully created
2025-12-08 22:52:58.480 65793 INFO tempest.lib.common.rest_client [req-d297e432-4d19-4b8e-8a2f-8f74806e0239 req-d297e432-4d19-4b8e-8a2f-8f74806e0239 ] Request (ServersAdmin275Test:tearDownClass): 200 GET http://10.180.1.21/networking/v2.0/security-groups?tenant_id=4ad0b54a12174929935cdee00859f6ec&name=default 0.117s
2025-12-08 22:52:58.580 65793 INFO tempest.lib.common.rest_client [req-56e9bfbb-ac70-40df-aac6-57a6eb995f52 req-56e9bfbb-ac70-40df-aac6-57a6eb995f52 ] Request (ServersAdmin275Test:tearDownClass): 204 DELETE http://10.180.1.21/networking/v2.0/security-groups/56a2f5d5-f1d2-4a0a-8dab-336f9142f39b 0.099s
2025-12-08 22:52:58.616 65813 INFO tempest.lib.common.rest_client [req-b4068b17-31f8-4000-b651-b4efeedb7148 req-b4068b17-31f8-4000-b651-b4efeedb7148 ] Request (ServerRescueTestJSON:test_rescue_unrescue_instance): 200 GET http://10.180.1.21/compute/v2.1/servers/4a59190d-827e-4edd-9a93-96687b9d7cb9 0.376s
2025-12-08 22:52:58.655 65841 INFO tempest.lib.common.rest_client [req-5a4b1049-0ed3-4866-a47e-5e65d7d44b1e req-5a4b1049-0ed3-4866-a47e-5e65d7d44b1e ] Request (ImagesOneServerTestJSON:test_create_delete_image): 200 GET http://10.180.1.21/compute/v2.1/images/c7b69ff4-7392-48be-936b-430941f1bc02 0.374s
2025-12-08 22:52:58.699 65793 INFO tempest.lib.common.rest_client [req-4bde60ae-a602-40f9-a1f9-8db7aee14656 req-4bde60ae-a602-40f9-a1f9-8db7aee14656 ] Request (ServersAdmin275Test:tearDownClass): 204 DELETE http://10.180.1.21/identity/v3/projects/4ad0b54a12174929935cdee00859f6ec 0.119s
2025-12-08 22:52:58.724 65801 INFO tempest.lib.common.rest_client [req-2e4739d3-64f6-427c-bbe3-b87b488cc184 req-2e4739d3-64f6-427c-bbe3-b87b488cc184 ] Request (ServersListShow2100Test:test_list_show_rebuild_update_server_2100): 200 GET http://10.180.1.21/compute/v2.1/servers/7f7682ed-49e1-45ff-90be-d934690ad663 0.418s
2025-12-08 22:52:58.758 65827 WARNING tempest.lib.common.ssh [-] Failed to establish authenticated ssh connection to cirros@10.180.180.182 ([Errno None] Unable to connect to port 22 on 10.180.180.182). Number attempts: 14. Retry after 15 seconds.: paramiko.ssh_exception.NoValidConnectionsError: [Errno None] Unable to connect to port 22 on 10.180.180.182
2025-12-08 22:52:58.762 65793 INFO tempest.lib.common.rest_client [req-d2756cc2-2317-44ae-969b-d9fd985a51e4 req-d2756cc2-2317-44ae-969b-d9fd985a51e4 ] Request (SecurityGroupRulesTestJSON:setUpClass): 201 POST http://10.180.1.21/identity/v3/auth/tokens 0.061s
2025-12-08 22:52:58.785 65787 INFO tempest.lib.common.rest_client [req-3cf81cfe-fe18-49c1-89ac-39890d0e802b req-3cf81cfe-fe18-49c1-89ac-39890d0e802b ] Request (ServersAdminNegativeTestJSON:tearDownClass): 200 GET http://10.180.1.21/compute/v2.1/servers/9eb8ac38-771b-4811-b417-69679da8e365 0.430s
2025-12-08 22:52:58.790 65793 INFO tempest.lib.common.rest_client [req-9e8fc260-7eaa-4ee6-8221-880d9d8312a8 req-9e8fc260-7eaa-4ee6-8221-880d9d8312a8 ] Request (SecurityGroupRulesTestJSON:setUpClass): 201 POST http://10.180.1.21/identity/v3/auth/tokens 0.026s
2025-12-08 22:52:58.818 65793 INFO tempest.lib.common.rest_client [req-b476a100-13aa-45a4-b45c-990881feeb1c req-b476a100-13aa-45a4-b45c-990881feeb1c ] Request (SecurityGroupRulesTestJSON:setUpClass): 200 GET http://10.180.1.21/identity/v3/domains?name=Default 0.027s
2025-12-08 22:52:58.839 65834 INFO tempest.lib.common.rest_client [req-c100026c-5e8a-4ce7-89d3-44064ecfbc29 req-c100026c-5e8a-4ce7-89d3-44064ecfbc29 ] Request (ServersNegativeTestJSON:test_shelve_shelved_server): 202 POST http://10.180.1.21/compute/v2.1/servers/5a7d2d70-c57c-4c2e-8312-9518acd4b248/action 0.719s
2025-12-08 22:52:58.850 65783 INFO tempest.lib.common.rest_client [req-7d08806c-9c04-43c2-a445-ceb0fbbc5797 req-7d08806c-9c04-43c2-a445-ceb0fbbc5797 ] Request (MigrationsAdminTest:test_resize_server_revert_deleted_flavor): 200 GET http://10.180.1.21/compute/v2.1/servers/f7082929-d70c-482b-8400-019a190b466a 0.492s
2025-12-08 22:52:58.867 65793 INFO tempest.lib.common.rest_client [req-daefce98-a06f-4400-b715-2dd7905a37fa req-daefce98-a06f-4400-b715-2dd7905a37fa ] Request (SecurityGroupRulesTestJSON:setUpClass): 201 POST http://10.180.1.21/identity/v3/projects 0.048s
2025-12-08 22:52:58.940 65823 INFO tempest.lib.common.rest_client [req-05f5b0e8-4a4e-482b-994b-caf8cabe079f req-05f5b0e8-4a4e-482b-994b-caf8cabe079f ] Request (ServersTestManualDisk:test_list_servers): 200 GET http://10.180.1.21/compute/v2.1/servers 0.497s
2025-12-08 22:52:58.943 65779 INFO tempest.lib.common.rest_client [req-00b3976a-e0af-4ca0-b80e-80dd9829f7d9 req-00b3976a-e0af-4ca0-b80e-80dd9829f7d9 ] Request (ListImageFiltersTestJSON:tearDownClass): 200 GET http://10.180.1.21/compute/v2.1/servers/baea3a13-3499-4cd9-a982-64200207f949 0.530s
2025-12-08 22:52:58.968 65793 INFO tempest.lib.common.rest_client [req-d463247f-7c98-4e90-b16d-787f9fc53885 req-d463247f-7c98-4e90-b16d-787f9fc53885 ] Request (SecurityGroupRulesTestJSON:setUpClass): 201 POST http://10.180.1.21/identity/v3/users 0.100s
2025-12-08 22:52:58.990 65793 INFO tempest.lib.common.rest_client [req-3309906c-285e-48c9-b09d-74625ba0327f req-3309906c-285e-48c9-b09d-74625ba0327f ] Request (SecurityGroupRulesTestJSON:setUpClass): 200 GET http://10.180.1.21/identity/v3/roles 0.022s
2025-12-08 22:52:59.000 65843 INFO tempest.lib.common.rest_client [req-8c2a0190-a53d-4e09-8d7b-9c61cd8a6802 req-8c2a0190-a53d-4e09-8d7b-9c61cd8a6802 ] Request (ImagesOneServerNegativeTestJSON:_run_cleanups): 200 GET http://10.180.1.21/compute/v2.1/servers/b0a5aac6-36e8-493c-a24a-ecdec103e988 0.535s
2025-12-08 22:52:59.022 65799 INFO tempest.lib.common.rest_client [req-582388e2-fc66-45eb-99af-2a7c3e22c0a4 req-582388e2-fc66-45eb-99af-2a7c3e22c0a4 ] Request (SecurityGroupsTestJSON:test_server_security_groups): 200 GET http://10.180.1.21/compute/v2.1/servers/52456624-fdb8-422c-b5a0-29ff0c1d8248 0.461s
2025-12-08 22:52:59.041 65793 INFO tempest.lib.common.rest_client [req-32fbda13-4adb-4003-b75c-061df6d10f54 req-32fbda13-4adb-4003-b75c-061df6d10f54 ] Request (SecurityGroupRulesTestJSON:setUpClass): 204 PUT http://10.180.1.21/identity/v3/projects/8d7718d60d7a40688f0e4bf4eb282f96/users/f54af91f40ad43d68348537572315260/roles/1a664a0999a34754bf873ad42c1d6b53 0.050s
2025-12-08 22:52:59.042 65793 INFO tempest.lib.common.dynamic_creds [-] Dynamic test user f54af91f40ad43d68348537572315260 is created with scope project and roles: ['member']
2025-12-08 22:52:59.042 65793 INFO tempest.lib.common.dynamic_creds [-] Acquired dynamic creds: credentials: Credentials: {'domain_id': 'default', 'domain_name': 'Default', 'username': 'tempest-SecurityGroupRulesTestJSON-1085357899-project-member', 'project_domain_id': 'default', 'project_domain_name': 'Default', 'project_id': '8d7718d60d7a40688f0e4bf4eb282f96', 'project_name': 'tempest-SecurityGroupRulesTestJSON-1085357899', 'tenant_id': '8d7718d60d7a40688f0e4bf4eb282f96', 'tenant_name': 'tempest-SecurityGroupRulesTestJSON-1085357899', 'user_domain_id': 'default', 'user_domain_name': 'Default', 'user_id': 'f54af91f40ad43d68348537572315260', 'system': None}, Network: None, Subnet: None, Router: None
2025-12-08 22:52:59.090 65797 INFO tempest.lib.common.rest_client [req-fcd5fadd-5b37-4216-8e61-830945302442 req-fcd5fadd-5b37-4216-8e61-830945302442 ] Request (ServerAddressesTestJSON:setUpClass): 200 GET http://10.180.1.21/compute/v2.1/servers/fd5c2da4-39fb-49bf-a1b0-ffe9658fe1f9 0.465s
2025-12-08 22:52:59.144 65839 INFO tempest.lib.common.rest_client [req-c9a4135e-2eca-49d1-8d0b-1c2e139ad5ac req-c9a4135e-2eca-49d1-8d0b-1c2e139ad5ac ] Request (ListServersNegativeTestJSON:setUpClass): 200 GET http://10.180.1.21/compute/v2.1/servers/59ab943a-0ee0-405c-989c-a9eb711cc0a6 0.448s
2025-12-08 22:52:59.147 65793 INFO tempest.lib.common.rest_client [req-96a9d95a-f7ae-4522-9c61-f5312f5f47a5 req-96a9d95a-f7ae-4522-9c61-f5312f5f47a5 ] Request (SecurityGroupRulesTestJSON:setUpClass): 201 POST http://10.180.1.21/identity/v3/auth/tokens 0.104s
2025-12-08 22:52:59.208 65821 INFO tempest.lib.common.rest_client [req-553348a1-510e-474e-a45f-9a03dddd450d req-553348a1-510e-474e-a45f-9a03dddd450d ] Request (ServersTestJSON:test_create_server_specify_multibyte_character_name): 200 GET http://10.180.1.21/compute/v2.1/servers/a0ae943a-c031-4635-9eda-3c6319187d6e 0.345s
2025-12-08 22:52:59.237 65834 INFO tempest.lib.common.rest_client [req-ecb31972-cb28-40db-8661-7d7868eb42f3 req-ecb31972-cb28-40db-8661-7d7868eb42f3 ] Request (ServersNegativeTestJSON:test_shelve_shelved_server): 200 GET http://10.180.1.21/compute/v2.1/servers/5a7d2d70-c57c-4c2e-8312-9518acd4b248 0.397s
2025-12-08 22:52:59.270 65785 INFO tempest.lib.common.rest_client [req-2bb4bcfd-4eed-4125-96cf-db28c61d95ed req-2bb4bcfd-4eed-4125-96cf-db28c61d95ed ] Request (InstanceActionsV221TestJSON:test_get_list_deleted_instance_actions): 200 GET http://10.180.1.21/compute/v2.1/servers/a790f364-003e-4015-b7ca-fad27aa67585 0.379s
2025-12-08 22:52:59.295 65809 INFO tempest.lib.common.rest_client [req-82684a96-bd16-4a05-819b-523d180e2f97 req-82684a96-bd16-4a05-819b-523d180e2f97 ] Request (ServerDiagnosticsNegativeTest:test_get_server_diagnostics_by_non_admin): 200 GET http://10.180.1.21/compute/v2.1/servers/66a74597-1acc-469a-9535-37550a454e60 0.369s
2025-12-08 22:52:59.336 65795 INFO tempest.lib.common.rest_client [req-a2473b9f-bdd2-4ac0-9b2a-e69e83572bf7 req-a2473b9f-bdd2-4ac0-9b2a-e69e83572bf7 ] Request (ServersAdminTestJSON:setUpClass): 200 GET http://10.180.1.21/compute/v2.1/servers/284192d8-68b9-4bb1-b564-b773992a0ca4 0.398s
2025-12-08 22:52:59.463 65793 INFO tempest.lib.common.rest_client [req-b71e6480-dedf-45bd-b1db-324a4b0943a6 req-b71e6480-dedf-45bd-b1db-324a4b0943a6 ] Request (SecurityGroupRulesTestJSON:setUpClass): 201 POST http://10.180.1.21/networking/v2.0/networks 0.316s
2025-12-08 22:52:59.500 65805 INFO tempest.lib.common.rest_client [req-d3008052-2c3d-47e6-9f7a-8530e0a22c2d req-d3008052-2c3d-47e6-9f7a-8530e0a22c2d ] Request (ServerRescueNegativeTestJSON:setUpClass): 200 GET http://10.180.1.21/compute/v2.1/servers/01e81628-4c0d-425a-85e1-04340739682f 0.403s
2025-12-08 22:52:59.520 65823 INFO tempest.lib.common.rest_client [req-2e0c3351-190c-4091-b542-8f0f5db14025 req-2e0c3351-190c-4091-b542-8f0f5db14025 ] Request (ServersTestManualDisk:test_list_servers_with_detail): 200 GET http://10.180.1.21/compute/v2.1/servers/detail 0.577s
2025-12-08 22:52:59.539 65803 INFO tempest.lib.common.rest_client [req-325fd023-924d-44ef-86f1-5a373b4764af req-325fd023-924d-44ef-86f1-5a373b4764af ] Request (VolumesAssistedSnapshotsTest:tearDownClass): 404 GET http://10.180.1.21/compute/v2.1/servers/e95f64fe-95f6-4dad-a48e-6bac84c7ce3d 0.341s
2025-12-08 22:52:59.570 65789 INFO tempest.lib.common.rest_client [req-0638eb4d-1f12-48e8-9d9e-976918e0749b req-0638eb4d-1f12-48e8-9d9e-976918e0749b ] Request (DeleteServersTestJSON:test_delete_server_while_in_attached_volume): 200 GET http://10.180.1.21/compute/v2.1/servers/06530b2c-b16e-4ae6-896b-68900b4ed35e 0.393s
2025-12-08 22:52:59.600 65811 INFO tempest.lib.common.rest_client [req-a58f0532-61bf-4ddf-bbd4-e4f90a6ffe16 req-a58f0532-61bf-4ddf-bbd4-e4f90a6ffe16 ] Request (ServerShowV247Test:test_update_rebuild_list_server): 200 GET http://10.180.1.21/compute/v2.1/servers/ef929d7c-1b0d-433e-93e3-334c65c5abab 0.349s
2025-12-08 22:52:59.645 65807 INFO tempest.lib.common.rest_client [req-a3f631fa-1e19-45fe-a161-1ac5fefc4fb5 req-a3f631fa-1e19-45fe-a161-1ac5fefc4fb5 ] Request (ServerDiskConfigTestJSON:test_resize_server_from_auto_to_manual): 200 GET http://10.180.1.21/compute/v2.1/servers/4bac14d8-a670-4eef-b126-cf5f6ca5b822 0.373s
2025-12-08 22:52:59.659 65817 INFO tempest.lib.common.rest_client [req-d5a4a634-2774-430f-8067-b2f0d1c6a017 req-d5a4a634-2774-430f-8067-b2f0d1c6a017 ] Request (AttachVolumeNegativeTest:test_attach_attached_volume_to_different_server): 200 GET http://10.180.1.21/compute/v2.1/servers/83540d3d-554c-4606-9802-1b9e92e18bd2 0.334s
2025-12-08 22:52:59.688 65793 INFO tempest.lib.common.rest_client [req-03e3a5fd-62df-473b-b450-b31614b70e1a req-03e3a5fd-62df-473b-b450-b31614b70e1a ] Request (SecurityGroupRulesTestJSON:setUpClass): 201 POST http://10.180.1.21/networking/v2.0/subnets 0.224s
2025-12-08 22:52:59.705 65815 INFO tempest.lib.common.rest_client [req-267e6239-7bf6-4407-be17-5f2b6548e047 req-267e6239-7bf6-4407-be17-5f2b6548e047 ] Request (ServersTestMultiNic:test_verify_multiple_nics_order): 200 GET http://10.180.1.21/compute/v2.1/servers/7a4810e6-95a4-463e-94c7-21efa4b00eab 0.362s
2025-12-08 22:52:59.730 65823 INFO tempest.lib.common.rest_client [req-7c625df0-b288-4e93-8d1c-eaead6ec6e88 req-7c625df0-b288-4e93-8d1c-eaead6ec6e88 ] Request (ServersTestManualDisk:test_verify_created_server_vcpus): 200 GET http://10.180.1.21/compute/v2.1/flavors/42 0.200s
2025-12-08 22:52:59.731 65791 INFO tempest.lib.common.rest_client [req-9e8f0cb7-18ed-47d3-8f56-fae2a8d1ba4c req-9e8f0cb7-18ed-47d3-8f56-fae2a8d1ba4c ] Request (ServersV294TestFqdnHostnames:setUpClass): 200 GET http://10.180.1.21/compute/v2.1/servers/49c00773-b45f-4253-8f80-784023af2448 0.331s
2025-12-08 22:52:59.734 65823 INFO tempest.lib.common.ssh [-] Creating ssh connection to '10.180.180.213:22' as 'cirros' with public key authentication
2025-12-08 22:52:59.738 65823 INFO paramiko.transport [-] Connected (version 2.0, client dropbear_2020.81)
2025-12-08 22:52:59.763 65803 INFO tempest.lib.common.rest_client [req-da651ae4-b88b-45bf-a413-c498b1c11b5b req-da651ae4-b88b-45bf-a413-c498b1c11b5b ] Request (VolumesAssistedSnapshotsTest:tearDownClass): 202 DELETE http://10.180.1.21/compute/v2.1/os-keypairs/tempest-keypair-479044043 0.223s
2025-12-08 22:52:59.801 65823 INFO paramiko.transport [-] Authentication (publickey) successful!
2025-12-08 22:52:59.801 65823 INFO tempest.lib.common.ssh [-] ssh connection to cirros@10.180.180.213 successfully created
2025-12-08 22:52:59.821 65841 INFO tempest.lib.common.rest_client [req-6aa61d52-fd40-4241-81b9-95eba7902683 req-6aa61d52-fd40-4241-81b9-95eba7902683 ] Request (ImagesOneServerTestJSON:test_create_delete_image): 200 GET http://10.180.1.21/compute/v2.1/images/c7b69ff4-7392-48be-936b-430941f1bc02 0.161s
2025-12-08 22:52:59.896 65803 INFO tempest.lib.common.rest_client [req-499b6b3f-6994-470b-892d-342ee7855765 req-499b6b3f-6994-470b-892d-342ee7855765 ] Request (VolumesAssistedSnapshotsTest:tearDownClass): 204 DELETE http://10.180.1.21/networking/v2.0/security-groups/de70384f-291f-4579-8961-9389af523ad0 0.132s
2025-12-08 22:52:59.986 65803 INFO tempest.lib.common.rest_client [req-436c485c-1ad1-485c-ac99-2ffdd2511b07 req-436c485c-1ad1-485c-ac99-2ffdd2511b07 ] Request (VolumesAssistedSnapshotsTest:tearDownClass): 404 GET http://10.180.1.21/networking/v2.0/security-groups/de70384f-291f-4579-8961-9389af523ad0 0.090s
2025-12-08 22:52:59.993 65801 INFO tempest.lib.common.rest_client [req-930126f4-ce50-4938-80ea-a6257cf88ba2 req-930126f4-ce50-4938-80ea-a6257cf88ba2 ] Request (ServersListShow2100Test:test_list_show_rebuild_update_server_2100): 200 GET http://10.180.1.21/compute/v2.1/servers/7f7682ed-49e1-45ff-90be-d934690ad663 0.256s
2025-12-08 22:53:00.027 65813 INFO tempest.lib.common.rest_client [req-257c2924-5867-424b-aa28-d8a1519f67c3 req-257c2924-5867-424b-aa28-d8a1519f67c3 ] Request (ServerRescueTestJSON:test_rescue_unrescue_instance): 200 GET http://10.180.1.21/compute/v2.1/servers/4a59190d-827e-4edd-9a93-96687b9d7cb9 0.400s
2025-12-08 22:53:00.128 65823 INFO tempest.lib.common.rest_client [req-c61c839d-725a-4751-839a-ba6200b52f8b req-c61c839d-725a-4751-839a-ba6200b52f8b ] Request (ServersTestManualDisk:tearDownClass): 204 DELETE http://10.180.1.21/compute/v2.1/servers/58a01a5f-5dad-4e19-bb30-596bc1996eda 0.312s
2025-12-08 22:53:00.259 65803 INFO tempest.lib.common.rest_client [req-c0207f5e-9cbf-4060-bc65-c99c86b3cf89 req-c0207f5e-9cbf-4060-bc65-c99c86b3cf89 ] Request (VolumesAssistedSnapshotsTest:tearDownClass): 204 DELETE http://10.180.1.21/networking/v2.0/floatingips/f8b0f5be-4192-4a52-b4d6-6a66863e123f 0.272s
2025-12-08 22:53:00.277 65803 INFO tempest.lib.common.rest_client [req-6cca2a2c-1be4-4e5d-9d01-0a1369397481 req-6cca2a2c-1be4-4e5d-9d01-0a1369397481 ] Request (VolumesAssistedSnapshotsTest:tearDownClass): 404 DELETE http://10.180.1.21/volume/v3/volumes/2600ebe2-194c-4cb8-a8d5-8069c2e23bbe 0.017s
2025-12-08 22:53:00.280 65787 INFO tempest.lib.common.rest_client [req-49268c3b-0f3e-415c-a371-54e22f922c89 req-49268c3b-0f3e-415c-a371-54e22f922c89 ] Request (ServersAdminNegativeTestJSON:tearDownClass): 200 GET http://10.180.1.21/compute/v2.1/servers/9eb8ac38-771b-4811-b417-69679da8e365 0.483s
2025-12-08 22:53:00.291 65803 INFO tempest.lib.common.rest_client [req-94644837-e712-4e05-b654-b1fa0deeb99c req-94644837-e712-4e05-b654-b1fa0deeb99c ] Request (VolumesAssistedSnapshotsTest:tearDownClass): 404 GET http://10.180.1.21/volume/v3/volumes/2600ebe2-194c-4cb8-a8d5-8069c2e23bbe 0.014s
2025-12-08 22:53:00.295 65783 INFO tempest.lib.common.rest_client [req-57617b3c-9de9-48e0-b79a-3d05aa79173d req-57617b3c-9de9-48e0-b79a-3d05aa79173d ] Request (MigrationsAdminTest:test_resize_server_revert_deleted_flavor): 200 GET http://10.180.1.21/compute/v2.1/servers/f7082929-d70c-482b-8400-019a190b466a 0.434s
2025-12-08 22:53:00.505 65793 INFO tempest.lib.common.rest_client [req-ea3de21e-591c-4179-8587-e939521b09fe req-ea3de21e-591c-4179-8587-e939521b09fe ] Request (SecurityGroupRulesTestJSON:setUpClass): 201 POST http://10.180.1.21/networking/v2.0/routers 0.816s
2025-12-08 22:53:00.560 65779 INFO tempest.lib.common.rest_client [req-9f4bd421-7b37-483a-b091-0023cd338f53 req-9f4bd421-7b37-483a-b091-0023cd338f53 ] Request (ListImageFiltersTestJSON:tearDownClass): 200 GET http://10.180.1.21/compute/v2.1/servers/baea3a13-3499-4cd9-a982-64200207f949 0.605s
2025-12-08 22:53:00.568 65843 INFO tempest.lib.common.rest_client [req-9e2d5a09-9c84-447b-b66c-9da59533f3e2 req-9e2d5a09-9c84-447b-b66c-9da59533f3e2 ] Request (ImagesOneServerNegativeTestJSON:_run_cleanups): 200 GET http://10.180.1.21/compute/v2.1/servers/b0a5aac6-36e8-493c-a24a-ecdec103e988 0.551s
2025-12-08 22:53:00.996 65803 INFO tempest.lib.common.rest_client [req-ae21f4d5-a379-4fd3-84a2-68874402bbb8 req-ae21f4d5-a379-4fd3-84a2-68874402bbb8 ] Request (VolumesAssistedSnapshotsTest:tearDownClass): 200 PUT http://10.180.1.21/networking/v2.0/routers/d34023d1-8aff-42a4-a3af-1c74a72d4bd1/remove_router_interface 0.704s
2025-12-08 22:53:01.064 65797 INFO tempest.lib.common.rest_client [req-cfb9be47-b753-4cdc-8d4c-392ac97be9ae req-cfb9be47-b753-4cdc-8d4c-392ac97be9ae ] Request (ServerAddressesTestJSON:setUpClass): 200 GET http://10.180.1.21/compute/v2.1/servers/fd5c2da4-39fb-49bf-a1b0-ffe9658fe1f9 0.965s
2025-12-08 22:53:01.075 65799 INFO tempest.lib.common.rest_client [req-8baf6f39-318e-4c54-89b9-d05a2a78dbdb req-8baf6f39-318e-4c54-89b9-d05a2a78dbdb ] Request (SecurityGroupsTestJSON:test_server_security_groups): 200 GET http://10.180.1.21/compute/v2.1/servers/52456624-fdb8-422c-b5a0-29ff0c1d8248 1.041s
2025-12-08 22:53:01.084 65799 INFO tempest.common.waiters [-] State transition "ACTIVE/deleting" ==> "DELETED/None" after 5 second wait
2025-12-08 22:53:01.189 65819 WARNING tempest.lib.common.ssh [-] Failed to establish authenticated ssh connection to cirros@10.180.180.152 ([Errno None] Unable to connect to port 22 on 10.180.180.152). Number attempts: 4. Retry after 5 seconds.: paramiko.ssh_exception.NoValidConnectionsError: [Errno None] Unable to connect to port 22 on 10.180.180.152
2025-12-08 22:53:01.545 65803 INFO tempest.lib.common.rest_client [req-1f839aa3-981e-46e9-b301-3d15a23d1d40 req-1f839aa3-981e-46e9-b301-3d15a23d1d40 ] Request (VolumesAssistedSnapshotsTest:tearDownClass): 204 DELETE http://10.180.1.21/networking/v2.0/routers/d34023d1-8aff-42a4-a3af-1c74a72d4bd1 0.549s
2025-12-08 22:53:01.581 65839 INFO tempest.lib.common.rest_client [req-cf5a40e4-4a86-4072-8fda-01e02d0de4c1 req-cf5a40e4-4a86-4072-8fda-01e02d0de4c1 ] Request (ListServersNegativeTestJSON:setUpClass): 200 GET http://10.180.1.21/compute/v2.1/servers/59ab943a-0ee0-405c-989c-a9eb711cc0a6 1.428s
2025-12-08 22:53:01.597 65793 INFO tempest.lib.common.rest_client [req-6c9811d4-e5bd-4e03-9056-ec41920842ed req-6c9811d4-e5bd-4e03-9056-ec41920842ed ] Request (SecurityGroupRulesTestJSON:setUpClass): 200 PUT http://10.180.1.21/networking/v2.0/routers/3c45cdb6-0ff4-4c12-be0c-fa4627e00d90/add_router_interface 1.092s
2025-12-08 22:53:01.597 65793 INFO tempest.lib.common.dynamic_creds [-] Created isolated network resources for: credentials: Credentials: {'domain_id': 'default', 'domain_name': 'Default', 'username': 'tempest-SecurityGroupRulesTestJSON-1085357899-project-member', 'project_domain_id': 'default', 'project_domain_name': 'Default', 'project_id': '8d7718d60d7a40688f0e4bf4eb282f96', 'project_name': 'tempest-SecurityGroupRulesTestJSON-1085357899', 'tenant_id': '8d7718d60d7a40688f0e4bf4eb282f96', 'tenant_name': 'tempest-SecurityGroupRulesTestJSON-1085357899', 'user_domain_id': 'default', 'user_domain_name': 'Default', 'user_id': 'f54af91f40ad43d68348537572315260', 'system': None}, Network: {'id': '55e8d06c-134a-4356-9196-32507321d7e1', 'name': 'tempest-SecurityGroupRulesTestJSON-483683117-network', 'tenant_id': '8d7718d60d7a40688f0e4bf4eb282f96', 'project_id': '8d7718d60d7a40688f0e4bf4eb282f96', 'admin_state_up': True, 'mtu': 8950, 'status': 'ACTIVE', 'subnets': [], 'shared': False, 'port_security_enabled': True, 'router:external': False, 'provider:network_type': 'vlan', 'provider:physical_network': 'default', 'provider:segmentation_id': 679, 'availability_zone_hints': [], 'availability_zones': [], 'ipv4_address_scope': None, 'ipv6_address_scope': None, 'description': '', 'tags': [], 'created_at': '2025-12-08T22:52:59Z', 'updated_at': '2025-12-08T22:52:59Z', 'revision_number': 1}, Subnet: {'id': '803a7664-4441-428d-b7bd-13f9adb1c2c5', 'name': 'tempest-SecurityGroupRulesTestJSON-483683117-subnet', 'tenant_id': '8d7718d60d7a40688f0e4bf4eb282f96', 'network_id': '55e8d06c-134a-4356-9196-32507321d7e1', 'ip_version': 4, 'subnetpool_id': None, 'enable_dhcp': True, 'ipv6_ra_mode': None, 'ipv6_address_mode': None, 'gateway_ip': '192.168.128.1', 'cidr': '192.168.128.0/28', 'allocation_pools': [{'start': '192.168.128.2', 'end': '192.168.128.14'}], 'host_routes': [], 'dns_nameservers': [], 'description': '', 'router:external': False, 'service_types': [], 'tags': [], 'created_at': '2025-12-08T22:52:59Z', 'updated_at': '2025-12-08T22:52:59Z', 'revision_number': 0, 'project_id': '8d7718d60d7a40688f0e4bf4eb282f96'}, Router: {'id': '3c45cdb6-0ff4-4c12-be0c-fa4627e00d90', 'name': 'tempest-SecurityGroupRulesTestJSON-483683117-router', 'tenant_id': '8d7718d60d7a40688f0e4bf4eb282f96', 'admin_state_up': True, 'status': 'ACTIVE', 'external_gateway_info': {'network_id': '27479e40-0083-423c-b275-bbce29389d0e', 'external_fixed_ips': [{'subnet_id': '83b4757d-38e7-4ca7-8f4a-0c2fcd48439e', 'ip_address': '10.180.180.187'}], 'enable_snat': True}, 'description': '', 'availability_zones': [], 'distributed': False, 'ha': False, 'availability_zone_hints': [], 'routes': [], 'flavor_id': None, 'tags': [], 'created_at': '2025-12-08T22:52:59Z', 'updated_at': '2025-12-08T22:53:00Z', 'revision_number': 2, 'project_id': '8d7718d60d7a40688f0e4bf4eb282f96'}
2025-12-08 22:53:01.730 65821 INFO tempest.lib.common.rest_client [req-50d11984-fa34-438d-9a9c-00ffa9811d93 req-50d11984-fa34-438d-9a9c-00ffa9811d93 ] Request (ServersTestJSON:test_create_server_specify_multibyte_character_name): 200 GET http://10.180.1.21/compute/v2.1/servers/a0ae943a-c031-4635-9eda-3c6319187d6e 1.511s
2025-12-08 22:53:01.738 65793 INFO tempest.lib.common.rest_client [req-82db44e1-3b62-497e-a3ae-e4a09546f826 req-82db44e1-3b62-497e-a3ae-e4a09546f826 ] Request (SecurityGroupRulesTestJSON:setUpClass): 201 POST http://10.180.1.21/identity/v3/auth/tokens 0.134s
2025-12-08 22:53:01.748 65823 INFO tempest.lib.common.rest_client [req-ee3ea442-cad8-4057-a621-4fcd0d4b06c5 req-ee3ea442-cad8-4057-a621-4fcd0d4b06c5 ] Request (ServersTestManualDisk:tearDownClass): 200 GET http://10.180.1.21/compute/v2.1/servers/58a01a5f-5dad-4e19-bb30-596bc1996eda 1.619s
2025-12-08 22:53:01.831 65803 INFO tempest.lib.common.rest_client [req-ad6298c9-01d5-4ca5-b54c-e55cf8a4783d req-ad6298c9-01d5-4ca5-b54c-e55cf8a4783d ] Request (VolumesAssistedSnapshotsTest:tearDownClass): 204 DELETE http://10.180.1.21/networking/v2.0/subnets/0c512a07-d4df-4ccc-94ec-0d5625535be4 0.285s
2025-12-08 22:53:01.864 65785 INFO tempest.lib.common.rest_client [req-cec983bb-09df-4e56-9a93-d8bc597a6274 req-cec983bb-09df-4e56-9a93-d8bc597a6274 ] Request (InstanceActionsV221TestJSON:test_get_list_deleted_instance_actions): 200 GET http://10.180.1.21/compute/v2.1/servers/a790f364-003e-4015-b7ca-fad27aa67585 1.581s
2025-12-08 22:53:01.889 65834 INFO tempest.lib.common.rest_client [req-d98812de-519e-418c-b4e1-f936ff8940ac req-d98812de-519e-418c-b4e1-f936ff8940ac ] Request (ServersNegativeTestJSON:test_shelve_shelved_server): 200 GET http://10.180.1.21/compute/v2.1/servers/5a7d2d70-c57c-4c2e-8312-9518acd4b248 1.641s
2025-12-08 22:53:01.896 65834 INFO tempest.common.waiters [-] State transition "ACTIVE/shelving" ==> "ACTIVE/shelving_image_pending_upload" after 2 second wait
2025-12-08 22:53:01.949 65809 INFO tempest.lib.common.rest_client [req-e2457417-14d7-4770-9fea-430aa37a5b5d req-e2457417-14d7-4770-9fea-430aa37a5b5d ] Request (ServerDiagnosticsNegativeTest:test_get_server_diagnostics_by_non_admin): 200 GET http://10.180.1.21/compute/v2.1/servers/66a74597-1acc-469a-9535-37550a454e60 1.646s
2025-12-08 22:53:01.972 65795 INFO tempest.lib.common.rest_client [req-bfef6d46-1782-40ed-952b-04effca235ab req-bfef6d46-1782-40ed-952b-04effca235ab ] Request (ServersAdminTestJSON:setUpClass): 200 GET http://10.180.1.21/compute/v2.1/servers/284192d8-68b9-4bb1-b564-b773992a0ca4 1.627s
2025-12-08 22:53:02.124 65789 INFO tempest.lib.common.rest_client [req-830d0bca-ee84-4c71-b5b2-f46b611072a4 req-830d0bca-ee84-4c71-b5b2-f46b611072a4 ] Request (DeleteServersTestJSON:test_delete_server_while_in_attached_volume): 200 GET http://10.180.1.21/compute/v2.1/servers/06530b2c-b16e-4ae6-896b-68900b4ed35e 1.545s
2025-12-08 22:53:02.159 65805 INFO tempest.lib.common.rest_client [req-86c7db7d-c4f8-48b4-b8f7-8709e3633199 req-86c7db7d-c4f8-48b4-b8f7-8709e3633199 ] Request (ServerRescueNegativeTestJSON:setUpClass): 200 GET http://10.180.1.21/compute/v2.1/servers/01e81628-4c0d-425a-85e1-04340739682f 1.648s
2025-12-08 22:53:02.205 65811 INFO tempest.lib.common.rest_client [req-8581480a-043b-4038-a212-c0ff51188cea req-8581480a-043b-4038-a212-c0ff51188cea ] Request (ServerShowV247Test:test_update_rebuild_list_server): 200 GET http://10.180.1.21/compute/v2.1/servers/ef929d7c-1b0d-433e-93e3-334c65c5abab 1.591s
2025-12-08 22:53:02.217 65803 INFO tempest.lib.common.rest_client [req-29fb7f03-5557-49c0-a2b6-35c225c1f4a2 req-29fb7f03-5557-49c0-a2b6-35c225c1f4a2 ] Request (VolumesAssistedSnapshotsTest:tearDownClass): 204 DELETE http://10.180.1.21/networking/v2.0/networks/f6a04b4d-ea89-449c-85a9-db08945c2c6c 0.385s
2025-12-08 22:53:02.247 65807 INFO tempest.lib.common.rest_client [req-6e22d6fe-a117-4ca4-a6ac-b73ec084c715 req-6e22d6fe-a117-4ca4-a6ac-b73ec084c715 ] Request (ServerDiskConfigTestJSON:test_resize_server_from_auto_to_manual): 200 GET http://10.180.1.21/compute/v2.1/servers/4bac14d8-a670-4eef-b126-cf5f6ca5b822 1.591s
