2025-04-04 11:04:24.275 69763 INFO tempest.lib.common.rest_client [req-fa06a145-769b-4d0e-a4d6-8da005dd0c63 req-fa06a145-769b-4d0e-a4d6-8da005dd0c63 ] Request (AttachVolumeNegativeTest:setUpClass): 201 POST http://10.180.1.21:9696/networking/v2.0/networks 0.386s
2025-04-04 11:04:24.277 69783 INFO tempest.lib.common.rest_client [req-c28c236c-8d05-4d3c-a5e9-9e51e142b17f req-c28c236c-8d05-4d3c-a5e9-9e51e142b17f ] Request (InstanceActionsNegativeTestJSON:setUpClass): 200 GET http://10.180.1.21/compute/v2.1/servers/67f6dadc-42fc-4fba-b706-d6b5ac01ded8 0.084s
2025-04-04 11:04:24.279 69737 INFO tempest.lib.common.rest_client [req-88a4e331-0f47-4810-b191-13e0e34526ec req-88a4e331-0f47-4810-b191-13e0e34526ec ] Request (ServerDiskConfigTestJSON:test_rebuild_server_with_manual_disk_config): 200 GET http://10.180.1.21/compute/v2.1/servers/492f265b-9e26-4952-be23-13608abf4be0 0.129s
2025-04-04 11:04:24.299 69779 INFO tempest.lib.common.rest_client [req-88aa3f5a-2e3c-4b81-814d-8e61e9d5613d req-88aa3f5a-2e3c-4b81-814d-8e61e9d5613d ] Request (ServersTestManualDisk:setUpClass): 201 POST http://10.180.1.21/identity/v3/auth/tokens 0.054s
2025-04-04 11:04:24.305 69767 INFO tempest.lib.common.rest_client [req-3e81a6db-6a44-4fb3-817b-68ad6bced8c5 req-3e81a6db-6a44-4fb3-817b-68ad6bced8c5 ] Request (ServersTestJSON:setUpClass): 201 POST http://10.180.1.21:9696/networking/v2.0/security-group-rules 0.205s
2025-04-04 11:04:24.335 69779 INFO tempest.lib.common.rest_client [req-92bd03aa-61c7-4430-b72a-a887808af3d5 req-92bd03aa-61c7-4430-b72a-a887808af3d5 ] Request (ServersTestManualDisk:setUpClass): 200 GET http://10.180.1.21/identity/v3/domains?name=Default 0.035s
2025-04-04 11:04:24.346 69749 INFO tempest.lib.common.rest_client [req-2ff55d76-0ed6-4900-9de6-6651376f0118 req-2ff55d76-0ed6-4900-9de6-6651376f0118 ] Request (ServerAddressesNegativeTestJSON:tearDownClass): 200 GET http://10.180.1.21/compute/v2.1/servers/bb654b91-7b58-4709-8a04-d8716e503d1d 0.109s
2025-04-04 11:04:24.352 69757 INFO tempest.lib.common.rest_client [req-32ea4ae4-ac0c-4bdd-8644-e3d426c5bb95 req-32ea4ae4-ac0c-4bdd-8644-e3d426c5bb95 ] Request (ServersTestJSON:test_create_server_with_ipv6_addr_only): 200 GET http://10.180.1.21/compute/v2.1/servers/4c0edbab-da9a-41f7-b444-973634e652d9 0.081s
2025-04-04 11:04:24.380 69779 INFO tempest.lib.common.rest_client [req-e85b23ff-2faf-48ab-834e-e81026b2462d req-e85b23ff-2faf-48ab-834e-e81026b2462d ] Request (ServersTestManualDisk:setUpClass): 201 POST http://10.180.1.21/identity/v3/projects 0.045s
2025-04-04 11:04:24.415 69777 INFO tempest.lib.common.rest_client [req-0d776c43-e796-46b3-92ec-97e38b1b93c6 req-0d776c43-e796-46b3-92ec-97e38b1b93c6 ] Request (FloatingIPsAssociationTestJSON:tearDownClass): 200 GET http://10.180.1.21/compute/v2.1/servers/87a204b4-119e-42e7-b5af-3816e908120d 0.091s
2025-04-04 11:04:24.426 69753 INFO tempest.lib.common.rest_client [req-2850aa06-7ccf-4e02-a33c-ed3c3bbe197f req-2850aa06-7ccf-4e02-a33c-ed3c3bbe197f ] Request (ServersNegativeTestMultiTenantJSON:setUpClass): 200 GET http://10.180.1.21/compute/v2.1/servers/fab9cb08-8bc3-4279-8d53-2efa933a1cab 0.078s
2025-04-04 11:04:24.454 69779 INFO tempest.lib.common.rest_client [req-4def5391-242b-431a-81db-7603c6232413 req-4def5391-242b-431a-81db-7603c6232413 ] Request (ServersTestManualDisk:setUpClass): 201 POST http://10.180.1.21/identity/v3/users 0.073s
2025-04-04 11:04:24.478 69765 INFO tempest.lib.common.rest_client [req-cf057759-0c85-4e06-b11a-08409d1b4355 req-cf057759-0c85-4e06-b11a-08409d1b4355 ] Request (VolumesAdminNegativeTest:test_update_attached_volume_with_nonexistent_volume_in_body): 200 GET http://10.180.1.21/compute/v2.1/servers/9f55ba14-c3fe-45be-900f-19c0be0cf5ac 0.063s
2025-04-04 11:04:24.481 69763 INFO tempest.lib.common.rest_client [req-6a0ad268-766a-45ac-b1bf-eec1670fbf63 req-6a0ad268-766a-45ac-b1bf-eec1670fbf63 ] Request (AttachVolumeNegativeTest:setUpClass): 201 POST http://10.180.1.21:9696/networking/v2.0/subnets 0.206s
2025-04-04 11:04:24.484 69779 INFO tempest.lib.common.rest_client [req-84da4996-285f-4f2e-8130-a462894d747b req-84da4996-285f-4f2e-8130-a462894d747b ] Request (ServersTestManualDisk:setUpClass): 200 GET http://10.180.1.21/identity/v3/roles 0.029s
2025-04-04 11:04:24.519 69779 INFO tempest.lib.common.rest_client [req-be698cb8-7ece-4f28-ad3a-4e94f2add1a7 req-be698cb8-7ece-4f28-ad3a-4e94f2add1a7 ] Request (ServersTestManualDisk:setUpClass): 204 PUT http://10.180.1.21/identity/v3/projects/fde050e0b00140d5bfb2556e585884c7/users/b20ef9461c6d44dcbb5516036d0966b0/roles/512c3fbbc5a54465abb9fa6f142a180d 0.035s
2025-04-04 11:04:24.520 69779 INFO tempest.lib.common.dynamic_creds [-] Dynamic test user b20ef9461c6d44dcbb5516036d0966b0 is created with scope project and roles: ['member']
2025-04-04 11:04:24.520 69779 INFO tempest.lib.common.dynamic_creds [-] Acquired dynamic creds: credentials: Credentials: {'domain_id': 'default', 'domain_name': 'Default', 'username': 'tempest-ServersTestManualDisk-937555385-project-member', 'project_domain_id': 'default', 'project_domain_name': 'Default', 'project_id': 'fde050e0b00140d5bfb2556e585884c7', 'project_name': 'tempest-ServersTestManualDisk-937555385', 'tenant_id': 'fde050e0b00140d5bfb2556e585884c7', 'tenant_name': 'tempest-ServersTestManualDisk-937555385', 'user_domain_id': 'default', 'user_domain_name': 'Default', 'user_id': 'b20ef9461c6d44dcbb5516036d0966b0', 'system': None}, Network: None, Subnet: None, Router: None
2025-04-04 11:04:24.588 69779 INFO tempest.lib.common.rest_client [req-c3087943-406b-4403-8ebd-1f6b478b6905 req-c3087943-406b-4403-8ebd-1f6b478b6905 ] Request (ServersTestManualDisk:setUpClass): 201 POST http://10.180.1.21/identity/v3/auth/tokens 0.068s
2025-04-04 11:04:24.646 69755 INFO tempest.lib.common.rest_client [req-b8b88c80-457c-47b0-b0f1-710ff3a47b70 req-b8b88c80-457c-47b0-b0f1-710ff3a47b70 ] Request (InstanceActionsTestJSON:setUpClass): 200 GET http://10.180.1.21/compute/v2.1/servers/eca4b01f-e5aa-4cd2-b30e-4631d95f93e0 0.059s
2025-04-04 11:04:24.703 69731 INFO tempest.lib.common.rest_client [req-28709732-e968-48b7-8297-f7770b8e195a req-28709732-e968-48b7-8297-f7770b8e195a ] Request (ServersAdminTestJSON:test_create_server_with_scheduling_hint): 200 GET http://10.180.1.21/compute/v2.1/servers/76f4d3eb-3401-4033-95f4-45a7998854de 0.072s
2025-04-04 11:04:24.758 69771 INFO tempest.lib.common.rest_client [req-c7aa2416-7804-42f1-ad8a-2f8e34c38f50 req-c7aa2416-7804-42f1-ad8a-2f8e34c38f50 ] Request (SecurityGroupsTestJSON:test_list_security_groups_by_server): 200 GET http://10.180.1.21/compute/v2.1/servers/185823e6-b1e3-4e59-a4ca-35ebd6b07cfa 0.203s
2025-04-04 11:04:24.763 69769 INFO tempest.lib.common.rest_client [req-b1ba1451-e1ee-438b-a45f-1772c5f5f930 req-b1ba1451-e1ee-438b-a45f-1772c5f5f930 ] Request (ImagesOneServerNegativeTestJSON:_run_cleanups): 200 GET http://10.180.1.21/compute/v2.1/servers/c338199b-875b-43e2-9221-6d071e981d9e 0.083s
2025-04-04 11:04:24.826 69791 INFO tempest.lib.common.rest_client [req-dad956a0-082a-4cb2-a114-524c85b0002c req-dad956a0-082a-4cb2-a114-524c85b0002c ] Request (ServerActionsTestJSON:setUpClass): 200 GET http://10.180.1.21/compute/v2.1/servers/2bb23ebd-70f2-4c82-9ca5-5a05319bda58 0.060s
2025-04-04 11:04:24.842 69739 INFO tempest.lib.common.rest_client [req-28b99eb3-00c9-4357-96c7-fc009374b045 req-28b99eb3-00c9-4357-96c7-fc009374b045 ] Request (ServerPasswordTestJSON:setUpClass): 200 GET http://10.180.1.21/compute/v2.1/servers/7a4f3457-86cf-458a-b7e0-306123475b9d 0.102s
2025-04-04 11:04:24.872 69761 INFO tempest.lib.common.rest_client [req-92e75929-c1dc-470c-ab23-9216959bedf9 req-92e75929-c1dc-470c-ab23-9216959bedf9 ] Request (ListImageFiltersTestJSON:setUpClass): 200 GET http://10.180.1.21/compute/v2.1/images/933947c5-bf8b-400b-b19c-e229725edc7e 0.074s
2025-04-04 11:04:24.884 69779 INFO tempest.lib.common.rest_client [req-05d6dcac-b7d7-4b0e-86c6-d1df7b808dff req-05d6dcac-b7d7-4b0e-86c6-d1df7b808dff ] Request (ServersTestManualDisk:setUpClass): 201 POST http://10.180.1.21:9696/networking/v2.0/networks 0.295s
2025-04-04 11:04:24.925 69759 INFO tempest.lib.common.rest_client [req-5b679a0b-ebd5-4cdf-8f1a-102159eed1b7 req-5b679a0b-ebd5-4cdf-8f1a-102159eed1b7 ] Request (ServersAdminNegativeTestJSON:test_migrate_server_invalid_state): 200 GET http://10.180.1.21/compute/v2.1/servers/904ec972-17de-4a45-813a-61643501d6d9 0.109s
2025-04-04 11:04:24.954 69745 INFO tempest.lib.common.rest_client [req-47d0b094-ba2c-43b9-a90d-32b22344b946 req-47d0b094-ba2c-43b9-a90d-32b22344b946 ] Request (DeleteServersAdminTestJSON:test_delete_server_while_in_error_state): 200 GET http://10.180.1.21/compute/v2.1/servers/f8741d92-4d28-43b5-a7fa-519acd5aa94f 0.076s
2025-04-04 11:04:25.065 69743 INFO tempest.lib.common.rest_client [req-30ff6efa-5b21-4cc4-80c6-546d386f1a12 req-30ff6efa-5b21-4cc4-80c6-546d386f1a12 ] Request (AttachInterfacesTestJSON:test_create_list_show_delete_interfaces_by_fixed_ip): 200 GET http://10.180.1.21/compute/v2.1/servers/6c1b83a5-d36f-4411-81b7-96eee6a14622 0.100s
2025-04-04 11:04:25.102 69747 INFO tempest.lib.common.rest_client [req-82940396-618c-4125-96fc-53c577ee4ace req-82940396-618c-4125-96fc-53c577ee4ace ] Request (FloatingIPsAssociationNegativeTestJSON:setUpClass): 200 GET http://10.180.1.21/compute/v2.1/servers/b39842e5-cbe0-4c62-8919-d10799d9a0e9 0.070s
2025-04-04 11:04:25.115 69779 INFO tempest.lib.common.rest_client [req-dff6fa56-63a5-49e2-a92a-145f67c756f7 req-dff6fa56-63a5-49e2-a92a-145f67c756f7 ] Request (ServersTestManualDisk:setUpClass): 201 POST http://10.180.1.21:9696/networking/v2.0/subnets 0.230s
2025-04-04 11:04:25.224 69787 INFO tempest.lib.common.rest_client [req-a6188493-08e9-496b-8738-d4da2deb3ccb req-a6188493-08e9-496b-8738-d4da2deb3ccb ] Request (ImagesTestJSON:test_create_image_from_stopped_server): 200 GET http://10.180.1.21/compute/v2.1/servers/d397d6ae-d701-417e-998d-12efe5d81872 0.088s
2025-04-04 11:04:25.224 69767 INFO tempest.lib.common.rest_client [req-197307e1-9eae-46aa-8965-46edaa53b68f req-197307e1-9eae-46aa-8965-46edaa53b68f ] Request (ServersTestJSON:setUpClass): 201 POST http://10.180.1.21:9696/networking/v2.0/floatingips 0.918s
2025-04-04 11:04:25.300 69776 INFO tempest.lib.common.rest_client [req-cfe26391-92d5-4ae9-a879-2d32443fceaf req-cfe26391-92d5-4ae9-a879-2d32443fceaf ] Request (MigrationsAdminTest:test_list_migrations_in_flavor_resize_situation): 200 GET http://10.180.1.21/compute/v2.1/servers/e1dd4dda-25fc-4422-bccc-4e4cf4e30bce 0.204s
2025-04-04 11:04:25.313 69785 INFO tempest.lib.common.rest_client [req-a368c696-b410-49b1-8282-8e0896fb13d6 req-a368c696-b410-49b1-8282-8e0896fb13d6 ] Request (ServerDiagnosticsV248Test:tearDownClass): 200 GET http://10.180.1.21/compute/v2.1/servers/37ceffed-a475-4dc3-928c-b0e7dd9e43ef 0.100s
2025-04-04 11:04:25.329 69767 INFO tempest.lib.common.rest_client [req-7d8768e0-4f55-4a5d-a476-3e09d02777f0 req-7d8768e0-4f55-4a5d-a476-3e09d02777f0 ] Request (ServersTestJSON:setUpClass): 201 POST http://10.180.1.21/identity/v3/auth/tokens 0.099s
2025-04-04 11:04:25.329 69767 INFO tempest.lib.common.fixed_network [-] (ServersTestJSON:setUpClass) Found network {'id': '8d1df061-29ba-45a5-b4c2-ee9cd5320eca', 'name': 'tempest-ServersTestJSON-400644637-network', 'tenant_id': '753c162f1598450caa73f4b71e7edcce', 'admin_state_up': True, 'mtu': 8950, 'status': 'ACTIVE', 'subnets': [], 'shared': False, 'project_id': '753c162f1598450caa73f4b71e7edcce', 'port_security_enabled': True, 'router:external': False, 'provider:network_type': 'vlan', 'provider:physical_network': 'default', 'provider:segmentation_id': 497, 'availability_zone_hints': [], 'availability_zones': [], 'ipv4_address_scope': None, 'ipv6_address_scope': None, 'description': '', 'tags': [], 'created_at': '2025-04-04T11:04:20Z', 'updated_at': '2025-04-04T11:04:20Z', 'revision_number': 1} available for tenant
2025-04-04 11:04:25.373 69733 INFO tempest.lib.common.rest_client [req-0524bca8-2e66-4b73-b92e-79d0d238d170 req-0524bca8-2e66-4b73-b92e-79d0d238d170 ] Request (ServersV294TestFqdnHostnames:setUpClass): 200 GET http://10.180.1.21/compute/v2.1/servers/50ceb30c-9c08-47ea-9ea8-9732c594342e 0.147s
2025-04-04 11:04:25.387 69781 WARNING tempest.lib.common.ssh [-] Failed to establish authenticated ssh connection to cirros@10.180.180.209 ([Errno None] Unable to connect to port 22 on 10.180.180.209). Number attempts: 8. Retry after 9 seconds.: paramiko.ssh_exception.NoValidConnectionsError: [Errno None] Unable to connect to port 22 on 10.180.180.209
2025-04-04 11:04:25.444 69783 INFO tempest.lib.common.rest_client [req-b31c9a61-b704-405b-8a04-3c6e06ca72b8 req-b31c9a61-b704-405b-8a04-3c6e06ca72b8 ] Request (InstanceActionsNegativeTestJSON:setUpClass): 200 GET http://10.180.1.21/compute/v2.1/servers/67f6dadc-42fc-4fba-b706-d6b5ac01ded8 0.151s
2025-04-04 11:04:25.461 69783 INFO tempest.common.waiters [-] State transition "BUILD/None" ==> "BUILD/block_device_mapping" after 44 second wait
2025-04-04 11:04:25.632 69737 INFO tempest.lib.common.rest_client [req-d5883c38-3fb2-4172-a688-1002ac356e3b req-d5883c38-3fb2-4172-a688-1002ac356e3b ] Request (ServerDiskConfigTestJSON:test_rebuild_server_with_manual_disk_config): 200 GET http://10.180.1.21/compute/v2.1/servers/492f265b-9e26-4952-be23-13608abf4be0 0.341s
2025-04-04 11:04:25.696 69749 INFO tempest.lib.common.rest_client [req-2bec6992-dde1-4390-a597-ea3b12967305 req-2bec6992-dde1-4390-a597-ea3b12967305 ] Request (ServerAddressesNegativeTestJSON:tearDownClass): 200 GET http://10.180.1.21/compute/v2.1/servers/bb654b91-7b58-4709-8a04-d8716e503d1d 0.335s
2025-04-04 11:04:25.754 69757 INFO tempest.lib.common.rest_client [req-e83447cf-e5af-4488-bc16-e7d13977b48f req-e83447cf-e5af-4488-bc16-e7d13977b48f ] Request (ServersTestJSON:test_create_server_with_ipv6_addr_only): 200 GET http://10.180.1.21/compute/v2.1/servers/4c0edbab-da9a-41f7-b444-973634e652d9 0.388s
2025-04-04 11:04:25.824 69777 INFO tempest.lib.common.rest_client [req-23ddd83d-e07c-4348-9ee2-343b46b3f81e req-23ddd83d-e07c-4348-9ee2-343b46b3f81e ] Request (FloatingIPsAssociationTestJSON:tearDownClass): 200 GET http://10.180.1.21/compute/v2.1/servers/87a204b4-119e-42e7-b5af-3816e908120d 0.399s
2025-04-04 11:04:25.881 69753 INFO tempest.lib.common.rest_client [req-04db6fd8-15ec-4faa-af25-4300e6fc702f req-04db6fd8-15ec-4faa-af25-4300e6fc702f ] Request (ServersNegativeTestMultiTenantJSON:setUpClass): 200 GET http://10.180.1.21/compute/v2.1/servers/fab9cb08-8bc3-4279-8d53-2efa933a1cab 0.447s
2025-04-04 11:04:25.897 69751 WARNING tempest.lib.common.ssh [-] Failed to establish authenticated ssh connection to cirros@10.180.180.213 ([Errno None] Unable to connect to port 22 on 10.180.180.213). Number attempts: 8. Retry after 9 seconds.: paramiko.ssh_exception.NoValidConnectionsError: [Errno None] Unable to connect to port 22 on 10.180.180.213
2025-04-04 11:04:25.934 69765 INFO tempest.lib.common.rest_client [req-65296c8b-9a81-419f-816c-62be72f7c890 req-65296c8b-9a81-419f-816c-62be72f7c890 ] Request (VolumesAdminNegativeTest:test_update_attached_volume_with_nonexistent_volume_in_body): 200 GET http://10.180.1.21/compute/v2.1/servers/9f55ba14-c3fe-45be-900f-19c0be0cf5ac 0.446s
2025-04-04 11:04:25.990 69755 INFO tempest.lib.common.rest_client [req-b30769bf-30b2-4b5b-8983-b9899d6d5e34 req-b30769bf-30b2-4b5b-8983-b9899d6d5e34 ] Request (InstanceActionsTestJSON:setUpClass): 200 GET http://10.180.1.21/compute/v2.1/servers/eca4b01f-e5aa-4cd2-b30e-4631d95f93e0 0.333s
2025-04-04 11:04:26.058 69763 INFO tempest.lib.common.rest_client [req-d53e0af7-4248-4277-8974-a4fd86805c03 req-d53e0af7-4248-4277-8974-a4fd86805c03 ] Request (AttachVolumeNegativeTest:setUpClass): 201 POST http://10.180.1.21:9696/networking/v2.0/routers 1.576s
2025-04-04 11:04:26.067 69731 INFO tempest.lib.common.rest_client [req-0ec92538-dc88-42d3-879e-dcb42544c7ec req-0ec92538-dc88-42d3-879e-dcb42544c7ec ] Request (ServersAdminTestJSON:test_create_server_with_scheduling_hint): 200 GET http://10.180.1.21/compute/v2.1/servers/76f4d3eb-3401-4033-95f4-45a7998854de 0.348s
2025-04-04 11:04:26.127 69767 INFO tempest.lib.common.rest_client [req-dda577d1-5e5b-4dca-aba7-975617d3043d req-dda577d1-5e5b-4dca-aba7-975617d3043d ] Request (ServersTestJSON:setUpClass): 202 POST http://10.180.1.21/compute/v2.1/servers 0.796s
2025-04-04 11:04:26.182 69779 INFO tempest.lib.common.rest_client [req-f24419a7-dbe8-4375-8f0c-fe33adef2571 req-f24419a7-dbe8-4375-8f0c-fe33adef2571 ] Request (ServersTestManualDisk:setUpClass): 201 POST http://10.180.1.21:9696/networking/v2.0/routers 1.066s
2025-04-04 11:04:26.194 69769 INFO tempest.lib.common.rest_client [req-dac9e7b6-4c23-4176-bc13-f221d2ad729b req-dac9e7b6-4c23-4176-bc13-f221d2ad729b ] Request (ImagesOneServerNegativeTestJSON:_run_cleanups): 200 GET http://10.180.1.21/compute/v2.1/servers/c338199b-875b-43e2-9221-6d071e981d9e 0.420s
2025-04-04 11:04:26.270 69771 INFO tempest.lib.common.rest_client [req-0d74cbd6-cdd1-4ce0-beca-b178ffeffdb4 req-0d74cbd6-cdd1-4ce0-beca-b178ffeffdb4 ] Request (SecurityGroupsTestJSON:test_list_security_groups_by_server): 200 GET http://10.180.1.21/compute/v2.1/servers/185823e6-b1e3-4e59-a4ca-35ebd6b07cfa 0.501s
2025-04-04 11:04:26.281 69771 INFO tempest.common.waiters [-] State transition "BUILD/spawning" ==> "ACTIVE/None" after 59 second wait
2025-04-04 11:04:26.287 69791 INFO tempest.lib.common.rest_client [req-0f97053b-2f97-4128-9d5d-f9ab382e6019 req-0f97053b-2f97-4128-9d5d-f9ab382e6019 ] Request (ServerActionsTestJSON:setUpClass): 200 GET http://10.180.1.21/compute/v2.1/servers/2bb23ebd-70f2-4c82-9ca5-5a05319bda58 0.453s
2025-04-04 11:04:26.330 69739 INFO tempest.lib.common.rest_client [req-71e637fe-cba9-4bd4-96b3-afa408eacac1 req-71e637fe-cba9-4bd4-96b3-afa408eacac1 ] Request (ServerPasswordTestJSON:setUpClass): 200 GET http://10.180.1.21/compute/v2.1/servers/7a4f3457-86cf-458a-b7e0-306123475b9d 0.477s
2025-04-04 11:04:26.329 69761 INFO tempest.lib.common.rest_client [req-306093d0-9e22-41f3-8f1b-c91154b7455b req-306093d0-9e22-41f3-8f1b-c91154b7455b ] Request (ListImageFiltersTestJSON:setUpClass): 200 GET http://10.180.1.21/compute/v2.1/images/933947c5-bf8b-400b-b19c-e229725edc7e 0.447s
2025-04-04 11:04:26.389 69759 INFO tempest.lib.common.rest_client [req-3eab49ac-d8fd-4405-979a-599c25d1430d req-3eab49ac-d8fd-4405-979a-599c25d1430d ] Request (ServersAdminNegativeTestJSON:test_migrate_server_invalid_state): 200 GET http://10.180.1.21/compute/v2.1/servers/904ec972-17de-4a45-813a-61643501d6d9 0.450s
2025-04-04 11:04:26.391 69745 INFO tempest.lib.common.rest_client [req-24e0e9da-d1b2-4c55-85dc-af37627e3452 req-24e0e9da-d1b2-4c55-85dc-af37627e3452 ] Request (DeleteServersAdminTestJSON:test_delete_server_while_in_error_state): 200 GET http://10.180.1.21/compute/v2.1/servers/f8741d92-4d28-43b5-a7fa-519acd5aa94f 0.428s
2025-04-04 11:04:26.443 69747 INFO tempest.lib.common.rest_client [req-761bcbf3-b966-4087-a8c4-a268c6f8dbd7 req-761bcbf3-b966-4087-a8c4-a268c6f8dbd7 ] Request (FloatingIPsAssociationNegativeTestJSON:setUpClass): 200 GET http://10.180.1.21/compute/v2.1/servers/b39842e5-cbe0-4c62-8919-d10799d9a0e9 0.328s
2025-04-04 11:04:26.464 69743 INFO tempest.lib.common.rest_client [req-6c13a9c4-5656-4cbd-9675-7d14f35848d6 req-6c13a9c4-5656-4cbd-9675-7d14f35848d6 ] Request (AttachInterfacesTestJSON:test_create_list_show_delete_interfaces_by_fixed_ip): 200 GET http://10.180.1.21/compute/v2.1/servers/6c1b83a5-d36f-4411-81b7-96eee6a14622 0.388s
2025-04-04 11:04:26.492 69767 INFO tempest.lib.common.rest_client [req-f2927c34-bd39-446d-8cfd-4afcb3a8ff39 req-f2927c34-bd39-446d-8cfd-4afcb3a8ff39 ] Request (ServersTestJSON:setUpClass): 200 GET http://10.180.1.21/compute/v2.1/servers/f6139cf8-37f2-487a-920b-562f8ad60bc5 0.362s
2025-04-04 11:04:26.530 69787 INFO tempest.lib.common.rest_client [req-bccfb0b4-5ab3-46c1-98c5-47305f88c40b req-bccfb0b4-5ab3-46c1-98c5-47305f88c40b ] Request (ImagesTestJSON:test_create_image_from_stopped_server): 200 GET http://10.180.1.21/compute/v2.1/servers/d397d6ae-d701-417e-998d-12efe5d81872 0.293s
2025-04-04 11:04:26.651 69776 INFO tempest.lib.common.rest_client [req-4416ccca-81b2-46ae-b6ad-502f7daa8af9 req-4416ccca-81b2-46ae-b6ad-502f7daa8af9 ] Request (MigrationsAdminTest:test_list_migrations_in_flavor_resize_situation): 200 GET http://10.180.1.21/compute/v2.1/servers/e1dd4dda-25fc-4422-bccc-4e4cf4e30bce 0.337s
2025-04-04 11:04:26.676 69785 INFO tempest.lib.common.rest_client [req-ad68eb8c-68bb-43e2-a66e-c66c6910ee7d req-ad68eb8c-68bb-43e2-a66e-c66c6910ee7d ] Request (ServerDiagnosticsV248Test:tearDownClass): 404 GET http://10.180.1.21/compute/v2.1/servers/37ceffed-a475-4dc3-928c-b0e7dd9e43ef 0.350s
2025-04-04 11:04:26.760 69733 INFO tempest.lib.common.rest_client [req-2881f11b-0dc9-4c6e-af5c-4fbdc14bbac9 req-2881f11b-0dc9-4c6e-af5c-4fbdc14bbac9 ] Request (ServersV294TestFqdnHostnames:setUpClass): 200 GET http://10.180.1.21/compute/v2.1/servers/50ceb30c-9c08-47ea-9ea8-9732c594342e 0.372s
2025-04-04 11:04:26.828 69785 INFO tempest.lib.common.rest_client [req-7b993598-638f-4537-8c98-1c0145a02be5 req-7b993598-638f-4537-8c98-1c0145a02be5 ] Request (ServerDiagnosticsV248Test:tearDownClass): 204 DELETE http://10.180.1.21/identity/v3/users/e51df6033f61427abb7e6d83ca4144d5 0.152s
2025-04-04 11:04:26.947 69785 INFO tempest.lib.common.rest_client [req-bf63ec87-4cde-4299-828a-06881102b923 req-bf63ec87-4cde-4299-828a-06881102b923 ] Request (ServerDiagnosticsV248Test:tearDownClass): 204 DELETE http://10.180.1.21/identity/v3/users/72d5e6b35e2e4d0cbba540dba336e01b 0.118s
2025-04-04 11:04:26.947 69785 INFO tempest.lib.common.dynamic_creds [-] Deleting project and security group for project: 988a8178313f4b6bbd8aecbc64edec28
2025-04-04 11:04:27.034 69785 INFO tempest.lib.common.rest_client [req-14c26792-9aa8-4845-b084-29a94fd05518 req-14c26792-9aa8-4845-b084-29a94fd05518 ] Request (ServerDiagnosticsV248Test:tearDownClass): 201 POST http://10.180.1.21/identity/v3/auth/tokens 0.086s
2025-04-04 11:04:27.046 69771 INFO tempest.lib.common.rest_client [req-079d3e1a-db28-4390-9bd0-ea3af8d6db28 req-079d3e1a-db28-4390-9bd0-ea3af8d6db28 ] Request (SecurityGroupsTestJSON:test_list_security_groups_by_server): 202 POST http://10.180.1.21/compute/v2.1/servers/185823e6-b1e3-4e59-a4ca-35ebd6b07cfa/action 0.765s
2025-04-04 11:04:27.132 69783 INFO tempest.lib.common.rest_client [req-e293e472-434c-4cfc-a7c1-ed382918548b req-e293e472-434c-4cfc-a7c1-ed382918548b ] Request (InstanceActionsNegativeTestJSON:setUpClass): 200 GET http://10.180.1.21/compute/v2.1/servers/67f6dadc-42fc-4fba-b706-d6b5ac01ded8 0.669s
2025-04-04 11:04:27.142 69783 INFO tempest.common.waiters [-] State transition "BUILD/block_device_mapping" ==> "BUILD/spawning" after 46 second wait
2025-04-04 11:04:27.145 69737 INFO tempest.lib.common.rest_client [req-7586d34b-98b6-4796-a482-5f6112a2594d req-7586d34b-98b6-4796-a482-5f6112a2594d ] Request (ServerDiskConfigTestJSON:test_rebuild_server_with_manual_disk_config): 200 GET http://10.180.1.21/compute/v2.1/servers/492f265b-9e26-4952-be23-13608abf4be0 0.503s
2025-04-04 11:04:27.226 69749 INFO tempest.lib.common.rest_client [req-f5ac0ca7-902e-4bc8-933d-c730c2469615 req-f5ac0ca7-902e-4bc8-933d-c730c2469615 ] Request (ServerAddressesNegativeTestJSON:tearDownClass): 200 GET http://10.180.1.21/compute/v2.1/servers/bb654b91-7b58-4709-8a04-d8716e503d1d 0.515s
2025-04-04 11:04:27.234 69757 INFO tempest.lib.common.rest_client [req-89f23b7d-347d-4ca6-900f-f6727d62397d req-89f23b7d-347d-4ca6-900f-f6727d62397d ] Request (ServersTestJSON:test_create_server_with_ipv6_addr_only): 200 GET http://10.180.1.21/compute/v2.1/servers/4c0edbab-da9a-41f7-b444-973634e652d9 0.470s
2025-04-04 11:04:27.305 69753 INFO tempest.lib.common.rest_client [req-7cbc362a-e7e4-4ffd-8529-74ac241cace3 req-7cbc362a-e7e4-4ffd-8529-74ac241cace3 ] Request (ServersNegativeTestMultiTenantJSON:setUpClass): 200 GET http://10.180.1.21/compute/v2.1/servers/fab9cb08-8bc3-4279-8d53-2efa933a1cab 0.412s
2025-04-04 11:04:27.322 69777 INFO tempest.lib.common.rest_client [req-a6ac50c7-7aa5-49bb-b1f0-10fd434a350d req-a6ac50c7-7aa5-49bb-b1f0-10fd434a350d ] Request (FloatingIPsAssociationTestJSON:tearDownClass): 200 GET http://10.180.1.21/compute/v2.1/servers/87a204b4-119e-42e7-b5af-3816e908120d 0.490s
2025-04-04 11:04:27.376 69765 INFO tempest.lib.common.rest_client [req-f07fe607-a5c9-4348-b29e-ebd0b364bbdf req-f07fe607-a5c9-4348-b29e-ebd0b364bbdf ] Request (VolumesAdminNegativeTest:test_update_attached_volume_with_nonexistent_volume_in_body): 200 GET http://10.180.1.21/compute/v2.1/servers/9f55ba14-c3fe-45be-900f-19c0be0cf5ac 0.433s
2025-04-04 11:04:27.393 69785 INFO tempest.lib.common.rest_client [req-ab9c16a5-a1fc-41e4-9ec6-2d65551f05e6 req-ab9c16a5-a1fc-41e4-9ec6-2d65551f05e6 ] Request (ServerDiagnosticsV248Test:tearDownClass): 200 GET http://10.180.1.21:9696/networking/v2.0/security-groups?tenant_id=988a8178313f4b6bbd8aecbc64edec28&name=default 0.359s
2025-04-04 11:04:27.395 69755 INFO tempest.lib.common.rest_client [req-33aa74ef-c750-4627-befc-a1d45ba93222 req-33aa74ef-c750-4627-befc-a1d45ba93222 ] Request (InstanceActionsTestJSON:setUpClass): 200 GET http://10.180.1.21/compute/v2.1/servers/eca4b01f-e5aa-4cd2-b30e-4631d95f93e0 0.396s
2025-04-04 11:04:27.482 69731 INFO tempest.lib.common.rest_client [req-64d90eb8-1667-42d2-a827-550ed7b765e6 req-64d90eb8-1667-42d2-a827-550ed7b765e6 ] Request (ServersAdminTestJSON:test_create_server_with_scheduling_hint): 200 GET http://10.180.1.21/compute/v2.1/servers/76f4d3eb-3401-4033-95f4-45a7998854de 0.402s
2025-04-04 11:04:27.554 69769 INFO tempest.lib.common.rest_client [req-62d4a2ea-51dc-464d-9ccb-aba1ada36324 req-62d4a2ea-51dc-464d-9ccb-aba1ada36324 ] Request (ImagesOneServerNegativeTestJSON:_run_cleanups): 200 GET http://10.180.1.21/compute/v2.1/servers/c338199b-875b-43e2-9221-6d071e981d9e 0.343s
2025-04-04 11:04:27.621 69785 INFO tempest.lib.common.rest_client [req-8e45c544-2ba5-49cd-b93c-c6c9ae35476b req-8e45c544-2ba5-49cd-b93c-c6c9ae35476b ] Request (ServerDiagnosticsV248Test:tearDownClass): 204 DELETE http://10.180.1.21:9696/networking/v2.0/security-groups/82aafc16-d595-4116-8e2e-b85ed1a1a6b7 0.227s
2025-04-04 11:04:27.643 69779 INFO tempest.lib.common.rest_client [req-9212def6-6f4b-4437-9106-1c77e2d312e9 req-9212def6-6f4b-4437-9106-1c77e2d312e9 ] Request (ServersTestManualDisk:setUpClass): 200 PUT http://10.180.1.21:9696/networking/v2.0/routers/ba8d3fd1-5b26-428b-b461-cebff923635c/add_router_interface 1.461s
2025-04-04 11:04:27.643 69779 INFO tempest.lib.common.dynamic_creds [-] Created isolated network resources for: credentials: Credentials: {'domain_id': 'default', 'domain_name': 'Default', 'username': 'tempest-ServersTestManualDisk-937555385-project-member', 'project_domain_id': 'default', 'project_domain_name': 'Default', 'project_id': 'fde050e0b00140d5bfb2556e585884c7', 'project_name': 'tempest-ServersTestManualDisk-937555385', 'tenant_id': 'fde050e0b00140d5bfb2556e585884c7', 'tenant_name': 'tempest-ServersTestManualDisk-937555385', 'user_domain_id': 'default', 'user_domain_name': 'Default', 'user_id': 'b20ef9461c6d44dcbb5516036d0966b0', 'system': None}, Network: {'id': '5bc4d99b-7541-4dbe-8194-19678e80da9a', 'name': 'tempest-ServersTestManualDisk-1322768513-network', 'tenant_id': 'fde050e0b00140d5bfb2556e585884c7', 'admin_state_up': True, 'mtu': 8950, 'status': 'ACTIVE', 'subnets': [], 'shared': False, 'project_id': 'fde050e0b00140d5bfb2556e585884c7', 'port_security_enabled': True, 'router:external': False, 'provider:network_type': 'vlan', 'provider:physical_network': 'default', 'provider:segmentation_id': 895, 'availability_zone_hints': [], 'availability_zones': [], 'ipv4_address_scope': None, 'ipv6_address_scope': None, 'description': '', 'tags': [], 'created_at': '2025-04-04T11:04:24Z', 'updated_at': '2025-04-04T11:04:24Z', 'revision_number': 1}, Subnet: {'id': '3d0a9e08-b3a3-4587-9048-c580d99624cc', 'name': 'tempest-ServersTestManualDisk-1322768513-subnet', 'tenant_id': 'fde050e0b00140d5bfb2556e585884c7', 'network_id': '5bc4d99b-7541-4dbe-8194-19678e80da9a', 'ip_version': 4, 'subnetpool_id': None, 'enable_dhcp': True, 'ipv6_ra_mode': None, 'ipv6_address_mode': None, 'gateway_ip': '192.168.128.1', 'cidr': '192.168.128.0/28', 'allocation_pools': [{'start': '192.168.128.2', 'end': '192.168.128.14'}], 'host_routes': [], 'dns_nameservers': [], 'description': '', 'router:external': False, 'service_types': [], 'tags': [], 'created_at': '2025-04-04T11:04:24Z', 'updated_at': '2025-04-04T11:04:24Z', 'revision_number': 0, 'project_id': 'fde050e0b00140d5bfb2556e585884c7'}, Router: {'id': 'ba8d3fd1-5b26-428b-b461-cebff923635c', 'name': 'tempest-ServersTestManualDisk-1322768513-router', 'tenant_id': 'fde050e0b00140d5bfb2556e585884c7', 'admin_state_up': True, 'status': 'ACTIVE', 'external_gateway_info': {'network_id': 'c19d597d-a8f0-488e-a37b-d0a1a2d7de3e', 'external_fixed_ips': [{'subnet_id': 'c411e907-6cc1-4c82-9ea3-891e7544cd5e', 'ip_address': '10.180.180.147'}], 'enable_snat': True}, 'description': '', 'availability_zones': [], 'distributed': False, 'ha': False, 'availability_zone_hints': [], 'routes': [], 'flavor_id': None, 'tags': [], 'created_at': '2025-04-04T11:04:25Z', 'updated_at': '2025-04-04T11:04:25Z', 'revision_number': 2, 'project_id': 'fde050e0b00140d5bfb2556e585884c7'}
2025-04-04 11:04:27.645 69791 INFO tempest.lib.common.rest_client [req-ce317912-290a-497f-a9d6-68afbe0ec028 req-ce317912-290a-497f-a9d6-68afbe0ec028 ] Request (ServerActionsTestJSON:setUpClass): 200 GET http://10.180.1.21/compute/v2.1/servers/2bb23ebd-70f2-4c82-9ca5-5a05319bda58 0.345s
2025-04-04 11:04:27.692 69793 WARNING tempest.lib.common.ssh [-] Failed to establish authenticated ssh connection to cirros@10.180.180.182 ([Errno None] Unable to connect to port 22 on 10.180.180.182). Number attempts: 1. Retry after 2 seconds.: paramiko.ssh_exception.NoValidConnectionsError: [Errno None] Unable to connect to port 22 on 10.180.180.182
2025-04-04 11:04:27.699 69761 INFO tempest.lib.common.rest_client [req-a3d175c9-715c-41dd-9676-b081a3afeb6d req-a3d175c9-715c-41dd-9676-b081a3afeb6d ] Request (ListImageFiltersTestJSON:setUpClass): 200 GET http://10.180.1.21/compute/v2.1/images/933947c5-bf8b-400b-b19c-e229725edc7e 0.361s
2025-04-04 11:04:27.706 69763 INFO tempest.lib.common.rest_client [req-f632b6aa-db37-4e9f-8e28-2def55ace4ff req-f632b6aa-db37-4e9f-8e28-2def55ace4ff ] Request (AttachVolumeNegativeTest:setUpClass): 200 PUT http://10.180.1.21:9696/networking/v2.0/routers/42057314-0103-4f9a-9980-dbd9cb98fa38/add_router_interface 1.648s
2025-04-04 11:04:27.707 69763 INFO tempest.lib.common.dynamic_creds [-] Created isolated network resources for: credentials: Credentials: {'domain_id': 'default', 'domain_name': 'Default', 'username': 'tempest-AttachVolumeNegativeTest-1940562686-project-member', 'project_domain_id': 'default', 'project_domain_name': 'Default', 'project_id': '8fa3f20a5d244628ac13ef5e88e14e7e', 'project_name': 'tempest-AttachVolumeNegativeTest-1940562686', 'tenant_id': '8fa3f20a5d244628ac13ef5e88e14e7e', 'tenant_name': 'tempest-AttachVolumeNegativeTest-1940562686', 'user_domain_id': 'default', 'user_domain_name': 'Default', 'user_id': '16cda8acb1d340d598cb88487f99bbad', 'system': None}, Network: {'id': '9d331edd-c0a8-4166-a76d-2e5e40ed53e8', 'name': 'tempest-AttachVolumeNegativeTest-2102469872-network', 'tenant_id': '8fa3f20a5d244628ac13ef5e88e14e7e', 'admin_state_up': True, 'mtu': 8950, 'status': 'ACTIVE', 'subnets': [], 'shared': False, 'project_id': '8fa3f20a5d244628ac13ef5e88e14e7e', 'port_security_enabled': True, 'router:external': False, 'provider:network_type': 'vlan', 'provider:physical_network': 'default', 'provider:segmentation_id': 465, 'availability_zone_hints': [], 'availability_zones': [], 'ipv4_address_scope': None, 'ipv6_address_scope': None, 'description': '', 'tags': [], 'created_at': '2025-04-04T11:04:24Z', 'updated_at': '2025-04-04T11:04:24Z', 'revision_number': 1}, Subnet: {'id': '2b18b912-faa1-49f8-ad68-5894577ceb17', 'name': 'tempest-AttachVolumeNegativeTest-2102469872-subnet', 'tenant_id': '8fa3f20a5d244628ac13ef5e88e14e7e', 'network_id': '9d331edd-c0a8-4166-a76d-2e5e40ed53e8', 'ip_version': 4, 'subnetpool_id': None, 'enable_dhcp': True, 'ipv6_ra_mode': None, 'ipv6_address_mode': None, 'gateway_ip': '192.168.128.1', 'cidr': '192.168.128.0/28', 'allocation_pools': [{'start': '192.168.128.2', 'end': '192.168.128.14'}], 'host_routes': [], 'dns_nameservers': [], 'description': '', 'router:external': False, 'service_types': [], 'tags': [], 'created_at': '2025-04-04T11:04:24Z', 'updated_at': '2025-04-04T11:04:24Z', 'revision_number': 0, 'project_id': '8fa3f20a5d244628ac13ef5e88e14e7e'}, Router: {'id': '42057314-0103-4f9a-9980-dbd9cb98fa38', 'name': 'tempest-AttachVolumeNegativeTest-2102469872-router', 'tenant_id': '8fa3f20a5d244628ac13ef5e88e14e7e', 'admin_state_up': True, 'status': 'ACTIVE', 'external_gateway_info': {'network_id': 'c19d597d-a8f0-488e-a37b-d0a1a2d7de3e', 'external_fixed_ips': [{'subnet_id': 'c411e907-6cc1-4c82-9ea3-891e7544cd5e', 'ip_address': '10.180.180.140'}], 'enable_snat': True}, 'description': '', 'availability_zones': [], 'distributed': False, 'ha': False, 'availability_zone_hints': [], 'routes': [], 'flavor_id': None, 'tags': [], 'created_at': '2025-04-04T11:04:24Z', 'updated_at': '2025-04-04T11:04:25Z', 'revision_number': 2, 'project_id': '8fa3f20a5d244628ac13ef5e88e14e7e'}
2025-04-04 11:04:27.746 69785 INFO tempest.lib.common.rest_client [req-1733ba7c-b970-4177-bfd5-f1ca3e3ceeb2 req-1733ba7c-b970-4177-bfd5-f1ca3e3ceeb2 ] Request (ServerDiagnosticsV248Test:tearDownClass): 204 DELETE http://10.180.1.21/identity/v3/projects/988a8178313f4b6bbd8aecbc64edec28 0.124s
2025-04-04 11:04:27.747 69785 INFO tempest.lib.common.dynamic_creds [-] Deleting project and security group for project: 8b540e6bd5584398a249f7cd29f94f82
2025-04-04 11:04:27.758 69739 INFO tempest.lib.common.rest_client [req-8ba91c94-5396-4b57-b05e-1ad6d32abf62 req-8ba91c94-5396-4b57-b05e-1ad6d32abf62 ] Request (ServerPasswordTestJSON:setUpClass): 200 GET http://10.180.1.21/compute/v2.1/servers/7a4f3457-86cf-458a-b7e0-306123475b9d 0.413s
2025-04-04 11:04:27.820 69759 INFO tempest.lib.common.rest_client [req-8819d0bd-1f38-46c7-8093-421dd5035abc req-8819d0bd-1f38-46c7-8093-421dd5035abc ] Request (ServersAdminNegativeTestJSON:test_migrate_server_invalid_state): 200 GET http://10.180.1.21/compute/v2.1/servers/904ec972-17de-4a45-813a-61643501d6d9 0.420s
2025-04-04 11:04:27.827 69759 INFO tempest.common.waiters [-] State transition "BUILD/scheduling" ==> "BUILD/None" after 29 second wait
2025-04-04 11:04:27.846 69779 INFO tempest.lib.common.rest_client [req-b73b44c8-9401-4d27-91f4-e39c79708076 req-b73b44c8-9401-4d27-91f4-e39c79708076 ] Request (ServersTestManualDisk:setUpClass): 201 POST http://10.180.1.21/identity/v3/auth/tokens 0.199s
2025-04-04 11:04:27.854 69763 INFO tempest.lib.common.rest_client [req-f5a1ce10-815a-48e6-aafb-a36b61e889ee req-f5a1ce10-815a-48e6-aafb-a36b61e889ee ] Request (AttachVolumeNegativeTest:setUpClass): 201 POST http://10.180.1.21/identity/v3/auth/tokens 0.143s
2025-04-04 11:04:27.886 69745 INFO tempest.lib.common.rest_client [req-d6b3079c-1eb1-4920-a50c-98edb2e9b242 req-d6b3079c-1eb1-4920-a50c-98edb2e9b242 ] Request (DeleteServersAdminTestJSON:test_delete_server_while_in_error_state): 200 GET http://10.180.1.21/compute/v2.1/servers/f8741d92-4d28-43b5-a7fa-519acd5aa94f 0.480s
2025-04-04 11:04:27.947 69747 INFO tempest.lib.common.rest_client [req-adcaebca-9c1d-4cc6-af05-3166b80f38aa req-adcaebca-9c1d-4cc6-af05-3166b80f38aa ] Request (FloatingIPsAssociationNegativeTestJSON:setUpClass): 200 GET http://10.180.1.21/compute/v2.1/servers/b39842e5-cbe0-4c62-8919-d10799d9a0e9 0.496s
2025-04-04 11:04:27.994 69785 INFO tempest.lib.common.rest_client [req-f071da25-44ba-4174-b787-bf13e415ff72 req-f071da25-44ba-4174-b787-bf13e415ff72 ] Request (ServerDiagnosticsV248Test:tearDownClass): 200 GET http://10.180.1.21:9696/networking/v2.0/security-groups?tenant_id=8b540e6bd5584398a249f7cd29f94f82&name=default 0.247s
2025-04-04 11:04:28.020 69743 INFO tempest.lib.common.rest_client [req-c9c64f16-5692-4e16-9763-d97d36a1205a req-c9c64f16-5692-4e16-9763-d97d36a1205a ] Request (AttachInterfacesTestJSON:test_create_list_show_delete_interfaces_by_fixed_ip): 200 GET http://10.180.1.21/compute/v2.1/servers/6c1b83a5-d36f-4411-81b7-96eee6a14622 0.544s
2025-04-04 11:04:28.104 69767 INFO tempest.lib.common.rest_client [req-71bdb317-17bf-4cf2-b7a6-ab2552c0bb3a req-71bdb317-17bf-4cf2-b7a6-ab2552c0bb3a ] Request (ServersTestJSON:setUpClass): 200 GET http://10.180.1.21/compute/v2.1/servers/f6139cf8-37f2-487a-920b-562f8ad60bc5 0.602s
2025-04-04 11:04:28.142 69785 INFO tempest.lib.common.rest_client [req-abc5d1ca-a889-4e68-8b50-632442c61860 req-abc5d1ca-a889-4e68-8b50-632442c61860 ] Request (ServerDiagnosticsV248Test:tearDownClass): 204 DELETE http://10.180.1.21:9696/networking/v2.0/security-groups/426b74cc-48e4-4331-86c0-09af61d40a14 0.148s
2025-04-04 11:04:28.166 69787 INFO tempest.lib.common.rest_client [req-61686dbe-a0c2-476a-beaf-e4f28bd855fb req-61686dbe-a0c2-476a-beaf-e4f28bd855fb ] Request (ImagesTestJSON:test_create_image_from_stopped_server): 200 GET http://10.180.1.21/compute/v2.1/servers/d397d6ae-d701-417e-998d-12efe5d81872 0.627s
2025-04-04 11:04:28.315 69785 INFO tempest.lib.common.rest_client [req-8a907643-6b3e-4614-ac96-34425dff5574 req-8a907643-6b3e-4614-ac96-34425dff5574 ] Request (ServerDiagnosticsV248Test:tearDownClass): 204 DELETE http://10.180.1.21/identity/v3/projects/8b540e6bd5584398a249f7cd29f94f82 0.172s
2025-04-04 11:04:28.325 69771 INFO tempest.lib.common.rest_client [req-25fdab49-57a0-4fc5-ae42-71b5487542cf req-25fdab49-57a0-4fc5-ae42-71b5487542cf ] Request (SecurityGroupsTestJSON:test_list_security_groups_by_server): 202 POST http://10.180.1.21/compute/v2.1/servers/185823e6-b1e3-4e59-a4ca-35ebd6b07cfa/action 1.278s
2025-04-04 11:04:28.336 69776 INFO tempest.lib.common.rest_client [req-42da780c-5912-4b13-834c-8db42b66d61c req-42da780c-5912-4b13-834c-8db42b66d61c ] Request (MigrationsAdminTest:test_list_migrations_in_flavor_resize_situation): 200 GET http://10.180.1.21/compute/v2.1/servers/e1dd4dda-25fc-4422-bccc-4e4cf4e30bce 0.673s
2025-04-04 11:04:28.398 69785 INFO tempest.lib.common.rest_client [req-7bac0f59-719c-461c-968c-c74f80ff88da req-7bac0f59-719c-461c-968c-c74f80ff88da ] Request (ImagesOneServerTestJSON:setUpClass): 201 POST http://10.180.1.21/identity/v3/auth/tokens 0.081s
2025-04-04 11:04:28.420 69733 INFO tempest.lib.common.rest_client [req-f140f206-a412-4343-a54f-ca186802cdc9 req-f140f206-a412-4343-a54f-ca186802cdc9 ] Request (ServersV294TestFqdnHostnames:setUpClass): 200 GET http://10.180.1.21/compute/v2.1/servers/50ceb30c-9c08-47ea-9ea8-9732c594342e 0.650s
2025-04-04 11:04:28.436 69785 INFO tempest.lib.common.rest_client [req-3a39053a-54ba-4b63-aa65-634a48535927 req-3a39053a-54ba-4b63-aa65-634a48535927 ] Request (ImagesOneServerTestJSON:setUpClass): 201 POST http://10.180.1.21/identity/v3/auth/tokens 0.036s
2025-04-04 11:04:28.512 69785 INFO tempest.lib.common.rest_client [req-f02842e2-b2f7-4520-8b23-5421f99ed3e9 req-f02842e2-b2f7-4520-8b23-5421f99ed3e9 ] Request (ImagesOneServerTestJSON:setUpClass): 200 GET http://10.180.1.21/identity/v3/domains?name=Default 0.075s
2025-04-04 11:04:28.522 69779 INFO tempest.lib.common.rest_client [req-52a05200-3bc5-4d88-99ac-a7fe26c045cf req-52a05200-3bc5-4d88-99ac-a7fe26c045cf ] Request (ServersTestManualDisk:setUpClass): 200 POST http://10.180.1.21/compute/v2.1/os-keypairs 0.674s
2025-04-04 11:04:28.543 69763 INFO tempest.lib.common.rest_client [req-c83b5df1-2435-4a6b-b6c4-82a725de7565 req-c83b5df1-2435-4a6b-b6c4-82a725de7565 ] Request (ValidationResourcesFixture:setUp): 200 POST http://10.180.1.21/compute/v2.1/os-keypairs 0.686s
2025-04-04 11:04:28.560 69785 INFO tempest.lib.common.rest_client [req-bf39282a-2a25-4768-9039-35e8023255a3 req-bf39282a-2a25-4768-9039-35e8023255a3 ] Request (ImagesOneServerTestJSON:setUpClass): 201 POST http://10.180.1.21/identity/v3/projects 0.047s
2025-04-04 11:04:28.629 69737 INFO tempest.lib.common.rest_client [req-8e5803d5-00e4-4b3e-96e4-bfeb74d88025 req-8e5803d5-00e4-4b3e-96e4-bfeb74d88025 ] Request (ServerDiskConfigTestJSON:test_rebuild_server_with_manual_disk_config): 200 GET http://10.180.1.21/compute/v2.1/servers/492f265b-9e26-4952-be23-13608abf4be0 0.471s
2025-04-04 11:04:28.631 69785 INFO tempest.lib.common.rest_client [req-5a8ecc6f-221d-413d-a92d-9540e67081b5 req-5a8ecc6f-221d-413d-a92d-9540e67081b5 ] Request (ImagesOneServerTestJSON:setUpClass): 201 POST http://10.180.1.21/identity/v3/users 0.070s
2025-04-04 11:04:28.651 69779 INFO tempest.lib.common.rest_client [req-d6f33d5a-0582-4b87-ac0d-7c8a7a5fcd8a req-d6f33d5a-0582-4b87-ac0d-7c8a7a5fcd8a ] Request (ServersTestManualDisk:setUpClass): 201 POST http://10.180.1.21:9696/networking/v2.0/security-groups 0.127s
2025-04-04 11:04:28.658 69783 INFO tempest.lib.common.rest_client [req-69883167-27b4-4560-a6c2-26c9fba61c11 req-69883167-27b4-4560-a6c2-26c9fba61c11 ] Request (InstanceActionsNegativeTestJSON:setUpClass): 200 GET http://10.180.1.21/compute/v2.1/servers/67f6dadc-42fc-4fba-b706-d6b5ac01ded8 0.515s
2025-04-04 11:04:28.671 69785 INFO tempest.lib.common.rest_client [req-6f7e94d7-afc1-4da1-be2f-934fa9e04fad req-6f7e94d7-afc1-4da1-be2f-934fa9e04fad ] Request (ImagesOneServerTestJSON:setUpClass): 200 GET http://10.180.1.21/identity/v3/roles 0.039s
2025-04-04 11:04:28.706 69749 INFO tempest.lib.common.rest_client [req-b2f56c96-483a-44c0-afec-6d8a9962afe0 req-b2f56c96-483a-44c0-afec-6d8a9962afe0 ] Request (ServerAddressesNegativeTestJSON:tearDownClass): 200 GET http://10.180.1.21/compute/v2.1/servers/bb654b91-7b58-4709-8a04-d8716e503d1d 0.464s
2025-04-04 11:04:28.713 69785 INFO tempest.lib.common.rest_client [req-6c626807-c8f5-4608-ac3a-a2ac86b2eafb req-6c626807-c8f5-4608-ac3a-a2ac86b2eafb ] Request (ImagesOneServerTestJSON:setUpClass): 204 PUT http://10.180.1.21/identity/v3/projects/fe0639e38ac0418a9def90dbf2b40a1b/users/ba826cd3f1db46e497e8c4ac006949aa/roles/512c3fbbc5a54465abb9fa6f142a180d 0.041s
2025-04-04 11:04:28.714 69785 INFO tempest.lib.common.dynamic_creds [-] Dynamic test user ba826cd3f1db46e497e8c4ac006949aa is created with scope project and roles: ['member']
2025-04-04 11:04:28.714 69785 INFO tempest.lib.common.dynamic_creds [-] Acquired dynamic creds: credentials: Credentials: {'domain_id': 'default', 'domain_name': 'Default', 'username': 'tempest-ImagesOneServerTestJSON-810901414-project-member', 'project_domain_id': 'default', 'project_domain_name': 'Default', 'project_id': 'fe0639e38ac0418a9def90dbf2b40a1b', 'project_name': 'tempest-ImagesOneServerTestJSON-810901414', 'tenant_id': 'fe0639e38ac0418a9def90dbf2b40a1b', 'tenant_name': 'tempest-ImagesOneServerTestJSON-810901414', 'user_domain_id': 'default', 'user_domain_name': 'Default', 'user_id': 'ba826cd3f1db46e497e8c4ac006949aa', 'system': None}, Network: None, Subnet: None, Router: None
2025-04-04 11:04:28.738 69757 INFO tempest.lib.common.rest_client [req-eed60424-99bb-42b5-83fe-56ea03cf46f0 req-eed60424-99bb-42b5-83fe-56ea03cf46f0 ] Request (ServersTestJSON:test_create_server_with_ipv6_addr_only): 200 GET http://10.180.1.21/compute/v2.1/servers/4c0edbab-da9a-41f7-b444-973634e652d9 0.494s
2025-04-04 11:04:28.769 69753 INFO tempest.lib.common.rest_client [req-1a6adec6-eadb-4b2e-a89e-aff94d4c9de8 req-1a6adec6-eadb-4b2e-a89e-aff94d4c9de8 ] Request (ServersNegativeTestMultiTenantJSON:setUpClass): 200 GET http://10.180.1.21/compute/v2.1/servers/fab9cb08-8bc3-4279-8d53-2efa933a1cab 0.442s
2025-04-04 11:04:28.798 69763 INFO tempest.lib.common.rest_client [req-3309321f-0bd0-45e6-a630-0a143817ba99 req-3309321f-0bd0-45e6-a630-0a143817ba99 ] Request (ValidationResourcesFixture:setUp): 201 POST http://10.180.1.21:9696/networking/v2.0/security-groups 0.252s
2025-04-04 11:04:28.799 69785 INFO tempest.lib.common.rest_client [req-c65a518a-eba4-4cf1-b562-adb484be881a req-c65a518a-eba4-4cf1-b562-adb484be881a ] Request (ImagesOneServerTestJSON:setUpClass): 201 POST http://10.180.1.21/identity/v3/auth/tokens 0.084s
2025-04-04 11:04:28.840 69779 INFO tempest.lib.common.rest_client [req-ec75a831-4faa-491e-9951-2eb396276320 req-ec75a831-4faa-491e-9951-2eb396276320 ] Request (ServersTestManualDisk:setUpClass): 201 POST http://10.180.1.21:9696/networking/v2.0/security-group-rules 0.188s
2025-04-04 11:04:28.854 69777 INFO tempest.lib.common.rest_client [req-3d993fa9-3e36-4d49-86cf-a72c39604645 req-3d993fa9-3e36-4d49-86cf-a72c39604645 ] Request (FloatingIPsAssociationTestJSON:tearDownClass): 200 GET http://10.180.1.21/compute/v2.1/servers/87a204b4-119e-42e7-b5af-3816e908120d 0.513s
2025-04-04 11:04:28.869 69771 INFO tempest.lib.common.rest_client [req-100227ce-06e5-4307-a641-4482de9bbac2 req-100227ce-06e5-4307-a641-4482de9bbac2 ] Request (SecurityGroupsTestJSON:test_list_security_groups_by_server): 200 GET http://10.180.1.21/compute/v2.1/servers/185823e6-b1e3-4e59-a4ca-35ebd6b07cfa/os-security-groups 0.544s
2025-04-04 11:04:28.926 69755 INFO tempest.lib.common.rest_client [req-a46e5c09-2374-477f-adb6-e52b9482e48a req-a46e5c09-2374-477f-adb6-e52b9482e48a ] Request (InstanceActionsTestJSON:setUpClass): 200 GET http://10.180.1.21/compute/v2.1/servers/eca4b01f-e5aa-4cd2-b30e-4631d95f93e0 0.517s
2025-04-04 11:04:28.931 69765 INFO tempest.lib.common.rest_client [req-5bf6a2ec-a921-4804-a959-5dd03dd9a7eb req-5bf6a2ec-a921-4804-a959-5dd03dd9a7eb ] Request (VolumesAdminNegativeTest:test_update_attached_volume_with_nonexistent_volume_in_body): 200 GET http://10.180.1.21/compute/v2.1/servers/9f55ba14-c3fe-45be-900f-19c0be0cf5ac 0.540s
2025-04-04 11:04:28.973 69731 INFO tempest.lib.common.rest_client [req-353e9fa6-5ee3-44de-99cf-84d2544db326 req-353e9fa6-5ee3-44de-99cf-84d2544db326 ] Request (ServersAdminTestJSON:test_create_server_with_scheduling_hint): 200 GET http://10.180.1.21/compute/v2.1/servers/76f4d3eb-3401-4033-95f4-45a7998854de 0.473s
2025-04-04 11:04:29.022 69769 INFO tempest.lib.common.rest_client [req-7e50683d-2cf7-49fc-8571-48f31d7b9f5f req-7e50683d-2cf7-49fc-8571-48f31d7b9f5f ] Request (ImagesOneServerNegativeTestJSON:_run_cleanups): 200 GET http://10.180.1.21/compute/v2.1/servers/c338199b-875b-43e2-9221-6d071e981d9e 0.457s
2025-04-04 11:04:29.037 69791 INFO tempest.lib.common.rest_client [req-3468ac15-a053-4c08-a74c-bbda56f7b898 req-3468ac15-a053-4c08-a74c-bbda56f7b898 ] Request (ServerActionsTestJSON:setUpClass): 200 GET http://10.180.1.21/compute/v2.1/servers/2bb23ebd-70f2-4c82-9ca5-5a05319bda58 0.384s
2025-04-04 11:04:29.067 69761 INFO tempest.lib.common.rest_client [req-921b7bd5-ae6c-4863-8e48-0537a5f1b2c2 req-921b7bd5-ae6c-4863-8e48-0537a5f1b2c2 ] Request (ListImageFiltersTestJSON:setUpClass): 200 GET http://10.180.1.21/compute/v2.1/images/933947c5-bf8b-400b-b19c-e229725edc7e 0.363s
2025-04-04 11:04:29.074 69763 INFO tempest.lib.common.rest_client [req-1e49163d-9c13-4df7-a826-afa54e63000b req-1e49163d-9c13-4df7-a826-afa54e63000b ] Request (ValidationResourcesFixture:setUp): 201 POST http://10.180.1.21:9696/networking/v2.0/security-group-rules 0.275s
2025-04-04 11:04:29.086 69779 INFO tempest.lib.common.rest_client [req-6e2f05fc-94f1-4431-9291-9ea37267eda3 req-6e2f05fc-94f1-4431-9291-9ea37267eda3 ] Request (ServersTestManualDisk:setUpClass): 201 POST http://10.180.1.21:9696/networking/v2.0/security-group-rules 0.245s
2025-04-04 11:04:29.101 69739 INFO tempest.lib.common.rest_client [req-8448be59-f6f8-4934-865f-c3d675361a8f req-8448be59-f6f8-4934-865f-c3d675361a8f ] Request (ServerPasswordTestJSON:setUpClass): 200 GET http://10.180.1.21/compute/v2.1/servers/7a4f3457-86cf-458a-b7e0-306123475b9d 0.299s
2025-04-04 11:04:29.137 69759 INFO tempest.lib.common.rest_client [req-45d4546f-aeef-4dda-8b32-ac5de6a76fb4 req-45d4546f-aeef-4dda-8b32-ac5de6a76fb4 ] Request (ServersAdminNegativeTestJSON:test_migrate_server_invalid_state): 200 GET http://10.180.1.21/compute/v2.1/servers/904ec972-17de-4a45-813a-61643501d6d9 0.308s
2025-04-04 11:04:29.218 69745 INFO tempest.lib.common.rest_client [req-4331b51f-6906-4861-beb9-0016ab5c598e req-4331b51f-6906-4861-beb9-0016ab5c598e ] Request (DeleteServersAdminTestJSON:test_delete_server_while_in_error_state): 200 GET http://10.180.1.21/compute/v2.1/servers/f8741d92-4d28-43b5-a7fa-519acd5aa94f 0.322s
2025-04-04 11:04:29.243 69771 INFO tempest.lib.common.rest_client [req-a67d4d4c-b104-41d9-96a5-72f800fe213a req-a67d4d4c-b104-41d9-96a5-72f800fe213a ] Request (SecurityGroupsTestJSON:test_security_group_create_get_delete): 200 POST http://10.180.1.21/compute/v2.1/os-security-groups 0.366s
2025-04-04 11:04:29.304 69747 INFO tempest.lib.common.rest_client [req-1238242c-447a-49ad-b28d-62a5bc5f0cad req-1238242c-447a-49ad-b28d-62a5bc5f0cad ] Request (FloatingIPsAssociationNegativeTestJSON:setUpClass): 200 GET http://10.180.1.21/compute/v2.1/servers/b39842e5-cbe0-4c62-8919-d10799d9a0e9 0.349s
2025-04-04 11:04:29.315 69743 INFO tempest.lib.common.rest_client [req-c246c34f-5b4d-4a2b-90b3-a22d480c00f3 req-c246c34f-5b4d-4a2b-90b3-a22d480c00f3 ] Request (AttachInterfacesTestJSON:test_create_list_show_delete_interfaces_by_fixed_ip): 200 GET http://10.180.1.21/compute/v2.1/servers/6c1b83a5-d36f-4411-81b7-96eee6a14622 0.285s
2025-04-04 11:04:29.334 69763 INFO tempest.lib.common.rest_client [req-9a2de256-da08-473c-91cc-46a4a5f61339 req-9a2de256-da08-473c-91cc-46a4a5f61339 ] Request (ValidationResourcesFixture:setUp): 201 POST http://10.180.1.21:9696/networking/v2.0/security-group-rules 0.260s
2025-04-04 11:04:29.389 69767 INFO tempest.lib.common.rest_client [req-a00fd9a2-eeff-4044-8339-6b019792f87e req-a00fd9a2-eeff-4044-8339-6b019792f87e ] Request (ServersTestJSON:setUpClass): 200 GET http://10.180.1.21/compute/v2.1/servers/f6139cf8-37f2-487a-920b-562f8ad60bc5 0.271s
