2025-04-04 11:02:46.796 69767 INFO tempest.lib.common.rest_client [req-e005e118-9f66-4ff3-9142-2acdc43a2347 req-e005e118-9f66-4ff3-9142-2acdc43a2347 ] Request (HostsAdminNegativeTestJSON:test_list_hosts_with_non_admin_user): 403 GET http://10.180.1.21/compute/v2.1/os-hosts 2.338s
2025-04-04 11:02:46.800 69731 INFO tempest.lib.common.rest_client [req-880e2377-5cfd-4004-baaa-a77540523273 req-880e2377-5cfd-4004-baaa-a77540523273 ] Request (ServersAdminTestJSON:setUpClass): 200 GET http://10.180.1.21/identity/v3/domains?name=Default 0.028s
2025-04-04 11:02:46.829 69731 INFO tempest.lib.common.rest_client [req-d30ac6f5-b8ff-4e65-bfb6-5ab1640569e8 req-d30ac6f5-b8ff-4e65-bfb6-5ab1640569e8 ] Request (ServersAdminTestJSON:setUpClass): 201 POST http://10.180.1.21/identity/v3/projects 0.029s
2025-04-04 11:02:46.875 69789 INFO tempest.lib.common.rest_client [req-c9fac204-348e-47f9-8250-eb960d9b1f5a req-c9fac204-348e-47f9-8250-eb960d9b1f5a ] Request (VolumesAssistedSnapshotsTest:setUpClass): 201 POST http://10.180.1.21/identity/v3/auth/tokens 0.081s
2025-04-04 11:02:46.887 69731 INFO tempest.lib.common.rest_client [req-559bb505-7f4d-4571-8f68-ae71de25189e req-559bb505-7f4d-4571-8f68-ae71de25189e ] Request (ServersAdminTestJSON:setUpClass): 201 POST http://10.180.1.21/identity/v3/users 0.058s
2025-04-04 11:02:46.936 69789 INFO tempest.lib.common.rest_client [req-6ecfde7b-87ec-453e-8ad8-509fdca2b895 req-6ecfde7b-87ec-453e-8ad8-509fdca2b895 ] Request (VolumesAssistedSnapshotsTest:setUpClass): 201 POST http://10.180.1.21/identity/v3/projects 0.060s
2025-04-04 11:02:46.991 69731 INFO tempest.lib.common.rest_client [req-c62693c2-21b9-42f3-94b2-147ea0299528 req-c62693c2-21b9-42f3-94b2-147ea0299528 ] Request (ServersAdminTestJSON:setUpClass): 200 GET http://10.180.1.21/identity/v3/roles 0.103s
2025-04-04 11:02:47.007 69793 INFO tempest.lib.common.rest_client [req-e633e125-4ad1-48f9-bb6a-743f85e2bba4 req-e633e125-4ad1-48f9-bb6a-743f85e2bba4 ] Request (AbsoluteLimitsTestJSON:tearDownClass): 200 GET http://10.180.1.21:9696/networking/v2.0/security-groups?tenant_id=4efe64a0545d409ab163f7e1f238528c&name=default 0.268s
2025-04-04 11:02:47.020 69773 INFO tempest.lib.common.rest_client [req-0198d37e-b48e-4722-b8d4-8b7af84be7a8 req-0198d37e-b48e-4722-b8d4-8b7af84be7a8 ] Request (FlavorsAccessTestJSON:test_flavor_access_add_remove): 200 POST http://10.180.1.21/compute/v2.1/flavors/44438018/action 2.508s
2025-04-04 11:02:47.021 69789 INFO tempest.lib.common.rest_client [req-89ecf0d2-e914-4bfa-aa8a-9b4795cdb7f5 req-89ecf0d2-e914-4bfa-aa8a-9b4795cdb7f5 ] Request (VolumesAssistedSnapshotsTest:setUpClass): 201 POST http://10.180.1.21/identity/v3/users 0.084s
2025-04-04 11:02:47.034 69733 INFO tempest.lib.common.rest_client [req-887c053e-882b-4b91-a51b-4ff56c5c74fb req-887c053e-882b-4b91-a51b-4ff56c5c74fb ] Request (HypervisorAdminNegativeTestJSON:test_get_hypervisor_stats_with_non_admin_user): 403 GET http://10.180.1.21/compute/v2.1/os-hypervisors/statistics 2.356s
2025-04-04 11:02:47.035 69731 INFO tempest.lib.common.rest_client [req-5692aeb7-4888-4db8-a223-c78ff3671054 req-5692aeb7-4888-4db8-a223-c78ff3671054 ] Request (ServersAdminTestJSON:setUpClass): 204 PUT http://10.180.1.21/identity/v3/projects/5ca6a4f8a0124f728e1a9dcfbf900814/users/1f8f1deb9fee414ea3f8fbd9375b979f/roles/512c3fbbc5a54465abb9fa6f142a180d 0.043s
2025-04-04 11:02:47.035 69731 INFO tempest.lib.common.dynamic_creds [-] Dynamic test user 1f8f1deb9fee414ea3f8fbd9375b979f is created with scope project and roles: ['member']
2025-04-04 11:02:47.035 69731 INFO tempest.lib.common.dynamic_creds [-] Acquired dynamic creds: credentials: Credentials: {'domain_id': 'default', 'domain_name': 'Default', 'username': 'tempest-ServersAdminTestJSON-824437469-project-member', 'project_domain_id': 'default', 'project_domain_name': 'Default', 'project_id': '5ca6a4f8a0124f728e1a9dcfbf900814', 'project_name': 'tempest-ServersAdminTestJSON-824437469', 'tenant_id': '5ca6a4f8a0124f728e1a9dcfbf900814', 'tenant_name': 'tempest-ServersAdminTestJSON-824437469', 'user_domain_id': 'default', 'user_domain_name': 'Default', 'user_id': '1f8f1deb9fee414ea3f8fbd9375b979f', 'system': None}, Network: None, Subnet: None, Router: None
2025-04-04 11:02:47.063 69776 INFO tempest.lib.common.rest_client [req-a8838514-d42d-4cbc-a813-fd050a985682 req-a8838514-d42d-4cbc-a813-fd050a985682 ] Request (MigrationsAdminTest:test_list_migrations_in_flavor_resize_situation): 202 POST http://10.180.1.21/compute/v2.1/servers 2.629s
2025-04-04 11:02:47.069 69741 INFO tempest.lib.common.rest_client [req-06d4b243-04cc-47a8-b0e4-7627442f1e65 req-06d4b243-04cc-47a8-b0e4-7627442f1e65 ] Request (AZAdminV2TestJSON:test_get_availability_zone_list_detail): 200 GET http://10.180.1.21/compute/v2.1/os-availability-zone/detail 2.389s
2025-04-04 11:02:47.092 69759 INFO tempest.lib.common.rest_client [req-8bde88c7-c7a7-4ab3-a8ef-e0862d7e53b2 req-8bde88c7-c7a7-4ab3-a8ef-e0862d7e53b2 ] Request (HypervisorAdminNegativeUnderV252Test:test_search_nonexistent_hypervisor): 404 GET http://10.180.1.21/compute/v2.1/os-hypervisors/nonexistent_hypervisor_name/search 2.253s
2025-04-04 11:02:47.121 69731 INFO tempest.lib.common.rest_client [req-a4cb3bcf-acb2-4f26-99f7-e34f12c23174 req-a4cb3bcf-acb2-4f26-99f7-e34f12c23174 ] Request (ServersAdminTestJSON:setUpClass): 201 POST http://10.180.1.21/identity/v3/auth/tokens 0.086s
2025-04-04 11:02:47.145 69735 INFO tempest.lib.common.rest_client [req-2fa61a23-2995-4e5a-803a-46e1ad27dd18 req-2fa61a23-2995-4e5a-803a-46e1ad27dd18 ] Request (FlavorsV2NegativeTest:tearDownClass): 200 GET http://10.180.1.21:9696/networking/v2.0/security-groups?tenant_id=f1b3e7241945433a8fb90927e031939c&name=default 0.697s
2025-04-04 11:02:47.153 69789 INFO tempest.lib.common.rest_client [req-dd29731a-d6d6-46e1-8c7a-c6bae8a40a32 req-dd29731a-d6d6-46e1-8c7a-c6bae8a40a32 ] Request (VolumesAssistedSnapshotsTest:setUpClass): 200 GET http://10.180.1.21/identity/v3/roles 0.131s
2025-04-04 11:02:47.175 69753 INFO tempest.lib.common.rest_client [req-63c8491b-12b3-432f-8e25-2214485604ba req-63c8491b-12b3-432f-8e25-2214485604ba ] Request (ServerDiagnosticsNegativeTest:test_get_server_diagnostics_by_non_admin): 200 GET http://10.180.1.21/compute/v2.1/servers/12cfd666-19bf-4339-91a8-19ba15c21f8d 2.169s
2025-04-04 11:02:47.193 69741 INFO tempest.lib.common.rest_client [req-b179a71c-0002-4c43-9bc2-8d489c754e78 req-b179a71c-0002-4c43-9bc2-8d489c754e78 ] Request (AZAdminV2TestJSON:tearDownClass): 204 DELETE http://10.180.1.21/identity/v3/users/520bd1b6a2c6434ba3b91cb6ee294626 0.121s
2025-04-04 11:02:47.265 69789 INFO tempest.lib.common.rest_client [req-a70109e3-b866-43b3-8fd5-0046f6f2b8c2 req-a70109e3-b866-43b3-8fd5-0046f6f2b8c2 ] Request (VolumesAssistedSnapshotsTest:setUpClass): 204 PUT http://10.180.1.21/identity/v3/projects/1e3728540017476b9888bcc68fd55625/users/6bed2eb4cf5b4557bb715a355b584cd1/roles/d1b450a9dfd14330a3e003ff1c1a0006 0.111s
2025-04-04 11:02:47.336 69793 INFO tempest.lib.common.rest_client [req-e85a311b-fcbd-43ad-8da9-8d2fdc561f8c req-e85a311b-fcbd-43ad-8da9-8d2fdc561f8c ] Request (AbsoluteLimitsTestJSON:tearDownClass): 204 DELETE http://10.180.1.21:9696/networking/v2.0/security-groups/9888bd81-7225-4584-ba44-e07b00b45326 0.328s
2025-04-04 11:02:47.349 69741 INFO tempest.lib.common.rest_client [req-68f736f8-a512-4974-a11a-d97328504e57 req-68f736f8-a512-4974-a11a-d97328504e57 ] Request (AZAdminV2TestJSON:tearDownClass): 204 DELETE http://10.180.1.21/identity/v3/users/1d9f843d73c246ff8ffb60edef9a06ff 0.155s
2025-04-04 11:02:47.349 69741 INFO tempest.lib.common.dynamic_creds [-] Deleting project and security group for project: 42c7c01d4f774796a6e024d3b1c6d779
2025-04-04 11:02:47.373 69751 INFO tempest.lib.common.rest_client [req-be5069e3-6938-47ba-aec3-1875055ab2aa req-be5069e3-6938-47ba-aec3-1875055ab2aa ] Request (ServersWithSpecificFlavorTestJSON:test_verify_created_server_ephemeral_disk): 200 POST http://10.180.1.21/compute/v2.1/flavors 2.249s
2025-04-04 11:02:47.394 69781 INFO tempest.lib.common.rest_client [req-c5a6cb9f-76c9-4e34-824b-13b420339a8a req-c5a6cb9f-76c9-4e34-824b-13b420339a8a ] Request (ServersTestFqdnHostnames:test_create_server_with_fqdn_name): 201 POST http://10.180.1.21:9696/networking/v2.0/floatingips 1.467s
2025-04-04 11:02:47.403 69789 INFO tempest.lib.common.rest_client [req-460b4a39-2376-4897-8635-13a2189eb3b2 req-460b4a39-2376-4897-8635-13a2189eb3b2 ] Request (VolumesAssistedSnapshotsTest:setUpClass): 200 GET http://10.180.1.21/identity/v3/roles 0.135s
2025-04-04 11:02:47.426 69731 INFO tempest.lib.common.rest_client [req-b161c1a5-a7e7-4ea8-837a-f838e116d865 req-b161c1a5-a7e7-4ea8-837a-f838e116d865 ] Request (ServersAdminTestJSON:setUpClass): 201 POST http://10.180.1.21:9696/networking/v2.0/networks 0.302s
2025-04-04 11:02:47.434 69735 INFO tempest.lib.common.rest_client [req-5b327d25-78a1-4bee-9e67-e018ab8596e9 req-5b327d25-78a1-4bee-9e67-e018ab8596e9 ] Request (FlavorsV2NegativeTest:tearDownClass): 204 DELETE http://10.180.1.21:9696/networking/v2.0/security-groups/7f45561a-0797-4f7d-be68-3f6cb680e85d 0.288s
2025-04-04 11:02:47.437 69793 INFO tempest.lib.common.rest_client [req-6a3ae4af-05ea-495b-9d23-032e34bb040c req-6a3ae4af-05ea-495b-9d23-032e34bb040c ] Request (AbsoluteLimitsTestJSON:tearDownClass): 204 DELETE http://10.180.1.21/identity/v3/projects/4efe64a0545d409ab163f7e1f238528c 0.100s
2025-04-04 11:02:47.446 69745 INFO tempest.lib.common.rest_client [req-e395333f-cc7e-46c2-9817-f419081ca3b6 req-e395333f-cc7e-46c2-9817-f419081ca3b6 ] Request (DeleteServersAdminTestJSON:test_admin_delete_servers_of_others): 200 GET http://10.180.1.21/compute/v2.1/servers/669e974b-a8ae-48cc-83af-c8fb823310a2 2.389s
2025-04-04 11:02:47.454 69745 INFO tempest.common.waiters [-] State transition "BUILD/None" ==> "BUILD/spawning" after 7 second wait
2025-04-04 11:02:47.470 69741 INFO tempest.lib.common.rest_client [req-835ef0cf-b9c7-4294-832c-35ce4dc14ba5 req-835ef0cf-b9c7-4294-832c-35ce4dc14ba5 ] Request (AZAdminV2TestJSON:tearDownClass): 201 POST http://10.180.1.21/identity/v3/auth/tokens 0.121s
2025-04-04 11:02:47.518 69781 INFO tempest.lib.common.rest_client [req-c2bf44a1-5675-42ef-ae25-740a0b003119 req-c2bf44a1-5675-42ef-ae25-740a0b003119 ] Request (ServersTestFqdnHostnames:test_create_server_with_fqdn_name): 201 POST http://10.180.1.21/identity/v3/auth/tokens 0.121s
2025-04-04 11:02:47.520 69781 INFO tempest.lib.common.fixed_network [-] (ServersTestFqdnHostnames:test_create_server_with_fqdn_name) Found network {'id': 'a9ccb547-6509-4ddf-8894-92ba8be3e68d', 'name': 'tempest-ServersTestFqdnHostnames-454447434-network', 'tenant_id': '66fd9e808bbf434e8ee8f20efec1bca5', 'admin_state_up': True, 'mtu': 8950, 'status': 'ACTIVE', 'subnets': [], 'shared': False, 'project_id': '66fd9e808bbf434e8ee8f20efec1bca5', 'port_security_enabled': True, 'router:external': False, 'provider:network_type': 'vlan', 'provider:physical_network': 'default', 'provider:segmentation_id': 489, 'availability_zone_hints': [], 'availability_zones': [], 'ipv4_address_scope': None, 'ipv6_address_scope': None, 'description': '', 'tags': [], 'created_at': '2025-04-04T11:02:38Z', 'updated_at': '2025-04-04T11:02:38Z', 'revision_number': 1} available for tenant
2025-04-04 11:02:47.540 69789 INFO tempest.lib.common.rest_client [req-c7f1fde7-3182-4197-9b74-9f88e02f9f91 req-c7f1fde7-3182-4197-9b74-9f88e02f9f91 ] Request (VolumesAssistedSnapshotsTest:setUpClass): 204 PUT http://10.180.1.21/identity/v3/projects/1e3728540017476b9888bcc68fd55625/users/6bed2eb4cf5b4557bb715a355b584cd1/roles/18baa4e78f88403dba4bc55c6e1211c7 0.137s
2025-04-04 11:02:47.540 69789 INFO tempest.lib.common.dynamic_creds [-] Dynamic test user 6bed2eb4cf5b4557bb715a355b584cd1 is created with scope project and roles: ['admin', 'service']
2025-04-04 11:02:47.541 69789 INFO tempest.lib.common.dynamic_creds [-] Acquired dynamic creds: credentials: Credentials: {'domain_id': 'default', 'domain_name': 'Default', 'username': 'tempest-VolumesAssistedSnapshotsTest-1609557621-project', 'project_domain_id': 'default', 'project_domain_name': 'Default', 'project_id': '1e3728540017476b9888bcc68fd55625', 'project_name': 'tempest-VolumesAssistedSnapshotsTest-1609557621', 'tenant_id': '1e3728540017476b9888bcc68fd55625', 'tenant_name': 'tempest-VolumesAssistedSnapshotsTest-1609557621', 'user_domain_id': 'default', 'user_domain_name': 'Default', 'user_id': '6bed2eb4cf5b4557bb715a355b584cd1', 'system': None}, Network: None, Subnet: None, Router: None
2025-04-04 11:02:47.547 69791 INFO tempest.lib.common.rest_client [req-2b9a8caa-1ea7-41a0-96e1-f8e585e8b8c8 req-2b9a8caa-1ea7-41a0-96e1-f8e585e8b8c8 ] Request (TenantUsagesTestJSON:setUpClass): 200 GET http://10.180.1.21/compute/v2.1/servers/681fe90d-a3bb-4daa-96ae-ba844c5a09d6 2.018s
2025-04-04 11:02:47.558 69757 INFO tempest.lib.common.rest_client [req-de361ec0-ef48-4f17-b8a6-87a920acf034 req-de361ec0-ef48-4f17-b8a6-87a920acf034 ] Request (TenantUsagesNegativeTestJSON:test_get_usage_tenant_with_invalid_date): 400 GET http://10.180.1.21/compute/v2.1/os-simple-tenant-usage/88018f7c45d84157a67f9e1edd8f4a21?start=2025-04-05T11%3A02%3A43.346523&end=2025-04-03T11%3A02%3A43.346523 1.927s
2025-04-04 11:02:47.576 69761 INFO tempest.lib.common.rest_client [req-18636793-5077-4445-b9aa-5272efe6b0fb req-18636793-5077-4445-b9aa-5272efe6b0fb ] Request (FloatingIPsNegativeTestJSON:tearDownClass): 204 DELETE http://10.180.1.21:9696/networking/v2.0/routers/12b47d22-344a-4bdf-9370-f67592ed34f7 1.009s
2025-04-04 11:02:47.603 69793 INFO tempest.lib.common.rest_client [req-02a8ac9b-f706-40ec-9d5c-5e096586d94a req-02a8ac9b-f706-40ec-9d5c-5e096586d94a ] Request (ServerActionsV293TestJSON:setUpClass): 201 POST http://10.180.1.21/identity/v3/auth/tokens 0.165s
2025-04-04 11:02:47.664 69735 INFO tempest.lib.common.rest_client [req-0f594828-fa7c-4134-8ff5-41634642e31f req-0f594828-fa7c-4134-8ff5-41634642e31f ] Request (FlavorsV2NegativeTest:tearDownClass): 204 DELETE http://10.180.1.21/identity/v3/projects/f1b3e7241945433a8fb90927e031939c 0.230s
2025-04-04 11:02:47.696 69779 INFO tempest.lib.common.rest_client [req-18e81d7f-6381-47f7-b48a-c96fbacee2ec req-18e81d7f-6381-47f7-b48a-c96fbacee2ec ] Request (ServersAdmin275Test:test_rebuild_update_server_275): 202 POST http://10.180.1.21/compute/v2.1/servers 2.517s
2025-04-04 11:02:47.699 69731 INFO tempest.lib.common.rest_client [req-f47f1858-72e9-4791-97cd-0ec4ef8d21bd req-f47f1858-72e9-4791-97cd-0ec4ef8d21bd ] Request (ServersAdminTestJSON:setUpClass): 201 POST http://10.180.1.21:9696/networking/v2.0/subnets 0.272s
2025-04-04 11:02:47.742 69793 INFO tempest.lib.common.rest_client [req-d68e5269-4273-4189-9083-1f03ae3763b0 req-d68e5269-4273-4189-9083-1f03ae3763b0 ] Request (ServerActionsV293TestJSON:setUpClass): 201 POST http://10.180.1.21/identity/v3/auth/tokens 0.136s
2025-04-04 11:02:47.768 69735 INFO tempest.lib.common.rest_client [req-073c861b-ab87-430e-b9ab-462e111d1208 req-073c861b-ab87-430e-b9ab-462e111d1208 ] Request (KeyPairsNegativeTestJSON:setUpClass): 201 POST http://10.180.1.21/identity/v3/auth/tokens 0.101s
2025-04-04 11:02:47.768 69761 INFO tempest.lib.common.rest_client [req-b3140920-e9ba-43c5-a4eb-1a9a9d3b975c req-b3140920-e9ba-43c5-a4eb-1a9a9d3b975c ] Request (FloatingIPsNegativeTestJSON:tearDownClass): 204 DELETE http://10.180.1.21:9696/networking/v2.0/subnets/ab690e13-cb22-4cb3-ad50-3c16ae1c52a9 0.192s
2025-04-04 11:02:47.800 69777 INFO tempest.lib.common.rest_client [req-fc9e8000-8155-4ced-ad87-53dc2dcc30bc req-fc9e8000-8155-4ced-ad87-53dc2dcc30bc ] Request (FloatingIPsAssociationTestJSON:setUpClass): 200 GET http://10.180.1.21/compute/v2.1/servers/0daf6eca-cc35-4960-b5e6-49f3770302e1 2.048s
2025-04-04 11:02:47.821 69793 INFO tempest.lib.common.rest_client [req-1144c0e2-dad3-481c-9138-71ef658a128a req-1144c0e2-dad3-481c-9138-71ef658a128a ] Request (ServerActionsV293TestJSON:setUpClass): 200 GET http://10.180.1.21/identity/v3/domains?name=Default 0.079s
2025-04-04 11:02:47.838 69789 INFO tempest.lib.common.rest_client [req-028825b4-e3ff-450c-9138-8bd514ba2c2e req-028825b4-e3ff-450c-9138-8bd514ba2c2e ] Request (VolumesAssistedSnapshotsTest:setUpClass): 201 POST http://10.180.1.21:9696/networking/v2.0/networks 0.297s
2025-04-04 11:02:47.853 69735 INFO tempest.lib.common.rest_client [req-3f3a161d-b1e3-4b22-8f66-62af21bb49a5 req-3f3a161d-b1e3-4b22-8f66-62af21bb49a5 ] Request (KeyPairsNegativeTestJSON:setUpClass): 201 POST http://10.180.1.21/identity/v3/auth/tokens 0.082s
2025-04-04 11:02:47.893 69793 INFO tempest.lib.common.rest_client [req-05cca02f-e517-487f-8a96-937edbe40957 req-05cca02f-e517-487f-8a96-937edbe40957 ] Request (ServerActionsV293TestJSON:setUpClass): 201 POST http://10.180.1.21/identity/v3/projects 0.072s
2025-04-04 11:02:47.919 69765 INFO tempest.lib.common.rest_client [req-e31912ec-4d51-4706-b089-240f00f621a6 req-e31912ec-4d51-4706-b089-240f00f621a6 ] Request (FlavorsAccessNegativeTestJSON:test_add_flavor_access_duplicate): 200 POST http://10.180.1.21/compute/v2.1/flavors/1634167743/action 2.184s
2025-04-04 11:02:47.976 69793 INFO tempest.lib.common.rest_client [req-bd75dd89-f113-4c94-9100-602909409e25 req-bd75dd89-f113-4c94-9100-602909409e25 ] Request (ServerActionsV293TestJSON:setUpClass): 201 POST http://10.180.1.21/identity/v3/users 0.082s
2025-04-04 11:02:48.001 69735 INFO tempest.lib.common.rest_client [req-b9932c58-f98b-4fc3-8cb2-1752faee42e5 req-b9932c58-f98b-4fc3-8cb2-1752faee42e5 ] Request (KeyPairsNegativeTestJSON:setUpClass): 200 GET http://10.180.1.21/identity/v3/domains?name=Default 0.148s
2025-04-04 11:02:48.002 69793 INFO tempest.lib.common.rest_client [req-0b94e039-7738-43e6-a92b-87a8f56739c2 req-0b94e039-7738-43e6-a92b-87a8f56739c2 ] Request (ServerActionsV293TestJSON:setUpClass): 200 GET http://10.180.1.21/identity/v3/roles 0.025s
2025-04-04 11:02:48.086 69735 INFO tempest.lib.common.rest_client [req-115f80c6-b12a-4176-abdf-6b43860b3dfe req-115f80c6-b12a-4176-abdf-6b43860b3dfe ] Request (KeyPairsNegativeTestJSON:setUpClass): 201 POST http://10.180.1.21/identity/v3/projects 0.084s
2025-04-04 11:02:48.099 69741 INFO tempest.lib.common.rest_client [req-5c32c3ac-5bab-4c95-87e1-93a91d2e6e59 req-5c32c3ac-5bab-4c95-87e1-93a91d2e6e59 ] Request (AZAdminV2TestJSON:tearDownClass): 200 GET http://10.180.1.21:9696/networking/v2.0/security-groups?tenant_id=42c7c01d4f774796a6e024d3b1c6d779&name=default 0.628s
2025-04-04 11:02:48.139 69793 INFO tempest.lib.common.rest_client [req-80404a97-6871-4eb2-a3b3-17a496dccc2e req-80404a97-6871-4eb2-a3b3-17a496dccc2e ] Request (ServerActionsV293TestJSON:setUpClass): 204 PUT http://10.180.1.21/identity/v3/projects/dbafe5677f9c4711acd508f2cf9a521a/users/796ab86c3efe4bfbbd684762db54009b/roles/512c3fbbc5a54465abb9fa6f142a180d 0.136s
2025-04-04 11:02:48.139 69793 INFO tempest.lib.common.dynamic_creds [-] Dynamic test user 796ab86c3efe4bfbbd684762db54009b is created with scope project and roles: ['member']
2025-04-04 11:02:48.139 69793 INFO tempest.lib.common.dynamic_creds [-] Acquired dynamic creds: credentials: Credentials: {'domain_id': 'default', 'domain_name': 'Default', 'username': 'tempest-ServerActionsV293TestJSON-50521376-project-member', 'project_domain_id': 'default', 'project_domain_name': 'Default', 'project_id': 'dbafe5677f9c4711acd508f2cf9a521a', 'project_name': 'tempest-ServerActionsV293TestJSON-50521376', 'tenant_id': 'dbafe5677f9c4711acd508f2cf9a521a', 'tenant_name': 'tempest-ServerActionsV293TestJSON-50521376', 'user_domain_id': 'default', 'user_domain_name': 'Default', 'user_id': '796ab86c3efe4bfbbd684762db54009b', 'system': None}, Network: None, Subnet: None, Router: None
2025-04-04 11:02:48.206 69735 INFO tempest.lib.common.rest_client [req-311282b5-0009-4b22-a294-33b020b78177 req-311282b5-0009-4b22-a294-33b020b78177 ] Request (KeyPairsNegativeTestJSON:setUpClass): 201 POST http://10.180.1.21/identity/v3/users 0.119s
2025-04-04 11:02:48.216 69737 INFO tempest.lib.common.rest_client [req-a724e380-7dfe-4375-a35f-6ae93a0019b0 req-a724e380-7dfe-4375-a35f-6ae93a0019b0 ] Request (QuotasAdminTestV236:test_get_updated_quotas): 200 PUT http://10.180.1.21/compute/v2.1/os-quota-sets/d33d475063a14693a7ccabb8dbae3324?user_id=d5a9bdab63c8450bbbf57c27db6208e0 2.181s
2025-04-04 11:02:48.221 69793 INFO tempest.lib.common.rest_client [req-a1b6e715-c6d4-498d-9222-b4919c24b778 req-a1b6e715-c6d4-498d-9222-b4919c24b778 ] Request (ServerActionsV293TestJSON:setUpClass): 201 POST http://10.180.1.21/identity/v3/auth/tokens 0.081s
2025-04-04 11:02:48.243 69783 INFO tempest.lib.common.rest_client [req-e34cd229-4bd1-4c7e-97ec-83e3471ce965 req-e34cd229-4bd1-4c7e-97ec-83e3471ce965 ] Request (FlavorsExtraSpecsTestJSON:test_flavor_non_admin_get_specific_key): 200 POST http://10.180.1.21/compute/v2.1/flavors/878863794/os-extra_specs 2.183s
2025-04-04 11:02:48.246 69735 INFO tempest.lib.common.rest_client [req-cca532ae-dc3a-4451-a610-b10efb87c191 req-cca532ae-dc3a-4451-a610-b10efb87c191 ] Request (KeyPairsNegativeTestJSON:setUpClass): 200 GET http://10.180.1.21/identity/v3/roles 0.040s
2025-04-04 11:02:48.270 69787 INFO tempest.lib.common.rest_client [req-08d2d242-4ffa-4100-af29-f6bb4dc1bfd7 req-08d2d242-4ffa-4100-af29-f6bb4dc1bfd7 ] Request (FlavorsV2TestJSON:test_list_flavors_using_marker): 200 GET http://10.180.1.21/compute/v2.1/flavors?marker=42 2.127s
2025-04-04 11:02:48.311 69789 INFO tempest.lib.common.rest_client [req-c7216ea6-b8e3-4789-9f18-ab6434c7a8b0 req-c7216ea6-b8e3-4789-9f18-ab6434c7a8b0 ] Request (VolumesAssistedSnapshotsTest:setUpClass): 201 POST http://10.180.1.21:9696/networking/v2.0/subnets 0.472s
2025-04-04 11:02:48.313 69749 INFO tempest.lib.common.rest_client [req-b505386e-29ad-4915-b356-02eca30c76bd req-b505386e-29ad-4915-b356-02eca30c76bd ] Request (FlavorsV261TestJSON:test_crud_flavor): 200 PUT http://10.180.1.21/compute/v2.1/flavors/981149548 2.076s
2025-04-04 11:02:48.318 69735 INFO tempest.lib.common.rest_client [req-cd3ae19d-ead6-4b97-a431-fcb96288a5a7 req-cd3ae19d-ead6-4b97-a431-fcb96288a5a7 ] Request (KeyPairsNegativeTestJSON:setUpClass): 204 PUT http://10.180.1.21/identity/v3/projects/08e9125d9fb4436cbda25579a1697f18/users/18bdbbefb5e9485db8f96d2641ea4779/roles/512c3fbbc5a54465abb9fa6f142a180d 0.072s
2025-04-04 11:02:48.319 69735 INFO tempest.lib.common.dynamic_creds [-] Dynamic test user 18bdbbefb5e9485db8f96d2641ea4779 is created with scope project and roles: ['member']
2025-04-04 11:02:48.319 69735 INFO tempest.lib.common.dynamic_creds [-] Acquired dynamic creds: credentials: Credentials: {'domain_id': 'default', 'domain_name': 'Default', 'username': 'tempest-KeyPairsNegativeTestJSON-926441134-project-member', 'project_domain_id': 'default', 'project_domain_name': 'Default', 'project_id': '08e9125d9fb4436cbda25579a1697f18', 'project_name': 'tempest-KeyPairsNegativeTestJSON-926441134', 'tenant_id': '08e9125d9fb4436cbda25579a1697f18', 'tenant_name': 'tempest-KeyPairsNegativeTestJSON-926441134', 'user_domain_id': 'default', 'user_domain_name': 'Default', 'user_id': '18bdbbefb5e9485db8f96d2641ea4779', 'system': None}, Network: None, Subnet: None, Router: None
2025-04-04 11:02:48.319 69735 INFO tempest.lib.common.dynamic_creds [-] Created isolated network resources for: credentials: Credentials: {'domain_id': 'default', 'domain_name': 'Default', 'username': 'tempest-KeyPairsNegativeTestJSON-926441134-project-member', 'project_domain_id': 'default', 'project_domain_name': 'Default', 'project_id': '08e9125d9fb4436cbda25579a1697f18', 'project_name': 'tempest-KeyPairsNegativeTestJSON-926441134', 'tenant_id': '08e9125d9fb4436cbda25579a1697f18', 'tenant_name': 'tempest-KeyPairsNegativeTestJSON-926441134', 'user_domain_id': 'default', 'user_domain_name': 'Default', 'user_id': '18bdbbefb5e9485db8f96d2641ea4779', 'system': None}, Network: None, Subnet: None, Router: None
2025-04-04 11:02:48.334 69763 INFO tempest.lib.common.rest_client [req-357fb12f-2dba-4f1c-9451-766508cad175 req-357fb12f-2dba-4f1c-9451-766508cad175 ] Request (ServicesAdminNegativeV253TestJSON:test_enable_service_with_invalid_service_id): 404 PUT http://10.180.1.21/compute/v2.1/os-services/12c1bf82-31bf-46f7-bfb5-0fed29929e9e 2.072s
2025-04-04 11:02:48.343 69741 INFO tempest.lib.common.rest_client [req-4f2f724a-86ad-4a9a-b892-b9680e515487 req-4f2f724a-86ad-4a9a-b892-b9680e515487 ] Request (AZAdminV2TestJSON:tearDownClass): 204 DELETE http://10.180.1.21:9696/networking/v2.0/security-groups/f94d5435-1010-42ac-967d-d2a7e365140c 0.243s
2025-04-04 11:02:48.359 69747 INFO tempest.lib.common.rest_client [req-eeba0f86-2734-4a53-ba57-a29d3a19b070 req-eeba0f86-2734-4a53-ba57-a29d3a19b070 ] Request (AggregatesAdminNegativeTestJSON:test_aggregate_add_existent_host): 200 POST http://10.180.1.21/compute/v2.1/os-aggregates/1/action 2.562s
2025-04-04 11:02:48.365 69743 INFO tempest.lib.common.rest_client [req-1a6942b8-28b2-408a-b95e-7dd30bbe1e36 req-1a6942b8-28b2-408a-b95e-7dd30bbe1e36 ] Request (FlavorMetadataValidation:_run_cleanups): 200 GET http://10.180.1.21/compute/v2.1/flavors/detail 2.081s
2025-04-04 11:02:48.366 69739 INFO tempest.lib.common.rest_client [req-f76a9337-b1da-4c01-94f4-f13fb64322f7 req-f76a9337-b1da-4c01-94f4-f13fb64322f7 ] Request (InstanceUsageAuditLogNegativeTestJSON:test_instance_usage_audit_logs_with_nonadmin_user): 403 GET http://10.180.1.21/compute/v2.1/os-instance_usage_audit_log/2025-04-04%2011%3A02%3A46 1.926s
2025-04-04 11:02:48.372 69767 INFO tempest.lib.common.rest_client [req-d90cbb44-8cec-4cf2-b2ce-c501509bcb65 req-d90cbb44-8cec-4cf2-b2ce-c501509bcb65 ] Request (HostsAdminNegativeTestJSON:test_reboot_host_with_non_admin_user): 403 GET http://10.180.1.21/compute/v2.1/os-hosts/devstack/reboot 1.567s
2025-04-04 11:02:48.401 69771 INFO tempest.lib.common.rest_client [req-0c93f6da-a7d6-44ba-9f90-24cf241f0277 req-0c93f6da-a7d6-44ba-9f90-24cf241f0277 ] Request (FlavorsV255TestJSON:test_crud_flavor): 200 PUT http://10.180.1.21/compute/v2.1/flavors/2064292696 1.794s
2025-04-04 11:02:48.422 69735 INFO tempest.lib.common.rest_client [req-0b47ab0f-3047-416f-8cca-74eb9077ef81 req-0b47ab0f-3047-416f-8cca-74eb9077ef81 ] Request (KeyPairsNegativeTestJSON:setUpClass): 201 POST http://10.180.1.21/identity/v3/auth/tokens 0.099s
2025-04-04 11:02:48.470 69761 INFO tempest.lib.common.rest_client [req-7b59a055-fb5d-4687-9a2a-a066b722f5b9 req-7b59a055-fb5d-4687-9a2a-a066b722f5b9 ] Request (FloatingIPsNegativeTestJSON:tearDownClass): 204 DELETE http://10.180.1.21:9696/networking/v2.0/networks/0284c50e-d4f4-40de-9e69-4c38e5e755fe 0.702s
2025-04-04 11:02:48.474 69741 INFO tempest.lib.common.rest_client [req-66a44ecd-1b59-4163-8036-3f02ccbb3b7c req-66a44ecd-1b59-4163-8036-3f02ccbb3b7c ] Request (AZAdminV2TestJSON:tearDownClass): 204 DELETE http://10.180.1.21/identity/v3/projects/42c7c01d4f774796a6e024d3b1c6d779 0.131s
2025-04-04 11:02:48.474 69741 INFO tempest.lib.common.dynamic_creds [-] Deleting project and security group for project: 12d90a05d96c4e78ba0fce0911a90d02
2025-04-04 11:02:48.484 69739 INFO tempest.lib.common.rest_client [req-ea9c3464-0f09-4a7d-8dab-5af0229e4ce6 req-ea9c3464-0f09-4a7d-8dab-5af0229e4ce6 ] Request (InstanceUsageAuditLogNegativeTestJSON:tearDownClass): 204 DELETE http://10.180.1.21/identity/v3/users/feea9fffe49e49d78cc33d51ada91afb 0.115s
2025-04-04 11:02:48.563 69743 INFO tempest.lib.common.rest_client [req-30a77e92-1336-4743-adbf-63862f1a3fc3 req-30a77e92-1336-4743-adbf-63862f1a3fc3 ] Request (FlavorMetadataValidation:tearDownClass): 204 DELETE http://10.180.1.21/identity/v3/users/ce7cdacd94cd410dbbbdae9f5e7778c7 0.176s
2025-04-04 11:02:48.610 69773 INFO tempest.lib.common.rest_client [req-f35405ce-c3cb-43ee-8f99-ff6c47a94642 req-f35405ce-c3cb-43ee-8f99-ff6c47a94642 ] Request (FlavorsAccessTestJSON:test_flavor_access_add_remove): 200 GET http://10.180.1.21/compute/v2.1/flavors/detail 1.587s
2025-04-04 11:02:48.685 69733 INFO tempest.lib.common.rest_client [req-b6bc7760-279a-4797-9a31-ea599fa423b9 req-b6bc7760-279a-4797-9a31-ea599fa423b9 ] Request (HypervisorAdminNegativeTestJSON:test_get_hypervisor_uptime_with_non_admin_user): 200 GET http://10.180.1.21/compute/v2.1/os-hypervisors 1.650s
2025-04-04 11:02:48.713 69759 INFO tempest.lib.common.rest_client [req-26e14bea-610f-4424-b04f-4ae0854fb63a req-26e14bea-610f-4424-b04f-4ae0854fb63a ] Request (HypervisorAdminNegativeUnderV252Test:test_show_servers_with_non_admin_user): 200 GET http://10.180.1.21/compute/v2.1/os-hypervisors 1.620s
2025-04-04 11:02:48.736 69776 INFO tempest.lib.common.rest_client [req-55358021-3a4c-4757-b1fa-67a59a261978 req-55358021-3a4c-4757-b1fa-67a59a261978 ] Request (MigrationsAdminTest:test_list_migrations_in_flavor_resize_situation): 200 GET http://10.180.1.21/compute/v2.1/servers/e1dd4dda-25fc-4422-bccc-4e4cf4e30bce 1.670s
2025-04-04 11:02:48.755 69751 INFO tempest.lib.common.rest_client [req-a845a679-1206-4de5-b4da-3b2c6229b0bb req-a845a679-1206-4de5-b4da-3b2c6229b0bb ] Request (ServersWithSpecificFlavorTestJSON:test_verify_created_server_ephemeral_disk): 200 GET http://10.180.1.21/compute/v2.1/flavors/42/os-extra_specs 1.380s
2025-04-04 11:02:48.762 69741 INFO tempest.lib.common.rest_client [req-380f80c6-2843-49e2-92d0-4fabb60ea994 req-380f80c6-2843-49e2-92d0-4fabb60ea994 ] Request (AZAdminV2TestJSON:tearDownClass): 200 GET http://10.180.1.21:9696/networking/v2.0/security-groups?tenant_id=12d90a05d96c4e78ba0fce0911a90d02&name=default 0.287s
2025-04-04 11:02:48.785 69739 INFO tempest.lib.common.rest_client [req-73dbe3ba-ed7c-4a0d-9184-29e1c81b6bdc req-73dbe3ba-ed7c-4a0d-9184-29e1c81b6bdc ] Request (InstanceUsageAuditLogNegativeTestJSON:tearDownClass): 204 DELETE http://10.180.1.21/identity/v3/users/efb92fb3f2954f26b2548d80125684da 0.300s
2025-04-04 11:02:48.785 69739 INFO tempest.lib.common.dynamic_creds [-] Deleting project and security group for project: d3cc026f0545462e9863ba6ee163cac4
2025-04-04 11:02:48.790 69761 INFO tempest.lib.common.rest_client [req-af4582a5-b893-446f-accd-6973516a081d req-af4582a5-b893-446f-accd-6973516a081d ] Request (FloatingIPsNegativeTestJSON:tearDownClass): 204 DELETE http://10.180.1.21/identity/v3/users/ccfd816526934896914d47e582a9deaa 0.319s
2025-04-04 11:02:48.790 69761 INFO tempest.lib.common.dynamic_creds [-] Deleting project and security group for project: f7d342f7597a433c945c01a2f12a71dc
2025-04-04 11:02:48.847 69739 INFO tempest.lib.common.rest_client [req-a4a03e85-cdcf-43fd-8a39-bf82bbce1422 req-a4a03e85-cdcf-43fd-8a39-bf82bbce1422 ] Request (InstanceUsageAuditLogNegativeTestJSON:tearDownClass): 201 POST http://10.180.1.21/identity/v3/auth/tokens 0.062s
2025-04-04 11:02:48.888 69761 INFO tempest.lib.common.rest_client [req-06379dd3-2144-4d7f-8dfc-bcec744bd8c1 req-06379dd3-2144-4d7f-8dfc-bcec744bd8c1 ] Request (FloatingIPsNegativeTestJSON:tearDownClass): 200 GET http://10.180.1.21:9696/networking/v2.0/security-groups?tenant_id=f7d342f7597a433c945c01a2f12a71dc&name=default 0.097s
2025-04-04 11:02:48.921 69769 INFO tempest.lib.common.rest_client [req-bffec284-f2a1-4068-84c6-bc18ab7af18c req-bffec284-f2a1-4068-84c6-bc18ab7af18c ] Request (ImagesOneServerNegativeTestJSON:setUpClass): 200 GET http://10.180.1.21/compute/v2.1/servers/186a6d75-3bb9-494a-b6aa-656aec48e8fd 1.588s
2025-04-04 11:02:48.930 69769 INFO tempest.common.waiters [-] State transition "BUILD/None" ==> "BUILD/networking" after 2 second wait
2025-04-04 11:02:48.949 69743 INFO tempest.lib.common.rest_client [req-ca283db9-1e01-462f-ab78-1f0454d1f0eb req-ca283db9-1e01-462f-ab78-1f0454d1f0eb ] Request (FlavorMetadataValidation:tearDownClass): 204 DELETE http://10.180.1.21/identity/v3/users/d318dc54ed57478d9bf9e494afbd5242 0.385s
2025-04-04 11:02:48.949 69743 INFO tempest.lib.common.dynamic_creds [-] Deleting project and security group for project: fe142eb512b948a1b07fbc77b57574a2
2025-04-04 11:02:48.968 69793 INFO tempest.lib.common.rest_client [req-198c2d18-2957-4fdc-a504-c3b58b064259 req-198c2d18-2957-4fdc-a504-c3b58b064259 ] Request (ServerActionsV293TestJSON:setUpClass): 201 POST http://10.180.1.21:9696/networking/v2.0/networks 0.743s
2025-04-04 11:02:49.103 69743 INFO tempest.lib.common.rest_client [req-fdf981fc-09b3-4b1d-8003-5dfa7a134fc6 req-fdf981fc-09b3-4b1d-8003-5dfa7a134fc6 ] Request (FlavorMetadataValidation:tearDownClass): 201 POST http://10.180.1.21/identity/v3/auth/tokens 0.153s
2025-04-04 11:02:49.117 69741 INFO tempest.lib.common.rest_client [req-e2b24d63-71d4-4ded-a2db-5cc038a56946 req-e2b24d63-71d4-4ded-a2db-5cc038a56946 ] Request (AZAdminV2TestJSON:tearDownClass): 204 DELETE http://10.180.1.21:9696/networking/v2.0/security-groups/ad7cb34f-6a94-4dc8-b54a-65d1b389a6ce 0.355s
2025-04-04 11:02:49.155 69757 INFO tempest.lib.common.rest_client [req-7a563af8-ad64-42af-a37e-6515455c49df req-7a563af8-ad64-42af-a37e-6515455c49df ] Request (TenantUsagesNegativeTestJSON:test_list_usage_all_tenants_with_non_admin_user): 403 GET http://10.180.1.21/compute/v2.1/os-simple-tenant-usage?start=2025-04-03T11%3A02%3A43.346523&end=2025-04-05T11%3A02%3A43.346523&detailed=1 1.595s
2025-04-04 11:02:49.221 69741 INFO tempest.lib.common.rest_client [req-fc18aa70-6926-4626-9690-e7fd3f3ec75d req-fc18aa70-6926-4626-9690-e7fd3f3ec75d ] Request (AZAdminV2TestJSON:tearDownClass): 204 DELETE http://10.180.1.21/identity/v3/projects/12d90a05d96c4e78ba0fce0911a90d02 0.103s
2025-04-04 11:02:49.243 69761 INFO tempest.lib.common.rest_client [req-7c0b7a3c-8668-4df2-9259-95ca95106178 req-7c0b7a3c-8668-4df2-9259-95ca95106178 ] Request (FloatingIPsNegativeTestJSON:tearDownClass): 204 DELETE http://10.180.1.21:9696/networking/v2.0/security-groups/9869f099-04cb-404b-991d-ca0972b779d5 0.354s
2025-04-04 11:02:49.250 69757 INFO tempest.lib.common.rest_client [req-e54368c1-210b-46f3-bda3-5254faf9db12 req-e54368c1-210b-46f3-bda3-5254faf9db12 ] Request (TenantUsagesNegativeTestJSON:tearDownClass): 204 DELETE http://10.180.1.21/identity/v3/users/5ebdd964d82f4b6ab7aa225379b88378 0.093s
2025-04-04 11:02:49.279 69779 INFO tempest.lib.common.rest_client [req-25b6deb6-c903-4b8f-95ec-eab794a927c8 req-25b6deb6-c903-4b8f-95ec-eab794a927c8 ] Request (ServersAdmin275Test:test_rebuild_update_server_275): 200 PUT http://10.180.1.21/compute/v2.1/servers/a14a09e6-ea69-4649-9789-d947526b7b33 1.581s
2025-04-04 11:02:49.281 69741 INFO tempest.lib.common.rest_client [req-48a56a70-4cd2-427d-b7d5-386da9f62d00 req-48a56a70-4cd2-427d-b7d5-386da9f62d00 ] Request (ServersWithFlavorSwapResizeTest:setUpClass): 201 POST http://10.180.1.21/identity/v3/auth/tokens 0.057s
2025-04-04 11:02:49.332 69757 INFO tempest.lib.common.rest_client [req-75f70e89-1da4-40b9-bc40-89f228c1cfc5 req-75f70e89-1da4-40b9-bc40-89f228c1cfc5 ] Request (TenantUsagesNegativeTestJSON:tearDownClass): 204 DELETE http://10.180.1.21/identity/v3/users/4c2c8fde39a940e5a0b5606e7330e640 0.081s
2025-04-04 11:02:49.332 69757 INFO tempest.lib.common.dynamic_creds [-] Deleting project and security group for project: 5902a40efdb84f1fbc3977dbc4043ae3
2025-04-04 11:02:49.356 69761 INFO tempest.lib.common.rest_client [req-9ce3b1ea-2030-40bb-8a41-7c2f4834b797 req-9ce3b1ea-2030-40bb-8a41-7c2f4834b797 ] Request (FloatingIPsNegativeTestJSON:tearDownClass): 204 DELETE http://10.180.1.21/identity/v3/projects/f7d342f7597a433c945c01a2f12a71dc 0.112s
2025-04-04 11:02:49.368 69743 INFO tempest.lib.common.rest_client [req-8ee4bb2b-e273-4733-b607-74b9e6f4ae33 req-8ee4bb2b-e273-4733-b607-74b9e6f4ae33 ] Request (FlavorMetadataValidation:tearDownClass): 200 GET http://10.180.1.21:9696/networking/v2.0/security-groups?tenant_id=fe142eb512b948a1b07fbc77b57574a2&name=default 0.265s
2025-04-04 11:02:49.379 69793 INFO tempest.lib.common.rest_client [req-9aef6ddf-599b-43ed-b193-98dc4be63a3e req-9aef6ddf-599b-43ed-b193-98dc4be63a3e ] Request (ServerActionsV293TestJSON:setUpClass): 201 POST http://10.180.1.21:9696/networking/v2.0/subnets 0.408s
2025-04-04 11:02:49.385 69741 INFO tempest.lib.common.rest_client [req-e9a9f425-7a73-4226-9410-73106a8a0005 req-e9a9f425-7a73-4226-9410-73106a8a0005 ] Request (ServersWithFlavorSwapResizeTest:setUpClass): 201 POST http://10.180.1.21/identity/v3/auth/tokens 0.102s
2025-04-04 11:02:49.404 69739 INFO tempest.lib.common.rest_client [req-0149c42f-aefb-4dfb-aeab-966946da4d8b req-0149c42f-aefb-4dfb-aeab-966946da4d8b ] Request (InstanceUsageAuditLogNegativeTestJSON:tearDownClass): 200 GET http://10.180.1.21:9696/networking/v2.0/security-groups?tenant_id=d3cc026f0545462e9863ba6ee163cac4&name=default 0.556s
2025-04-04 11:02:49.411 69757 INFO tempest.lib.common.rest_client [req-9ed484f3-c68d-4e8c-9044-40d12b535e6b req-9ed484f3-c68d-4e8c-9044-40d12b535e6b ] Request (TenantUsagesNegativeTestJSON:tearDownClass): 201 POST http://10.180.1.21/identity/v3/auth/tokens 0.078s
2025-04-04 11:02:49.453 69761 INFO tempest.lib.common.rest_client [req-bab62861-9eb0-44f5-a839-11cf28ea9b44 req-bab62861-9eb0-44f5-a839-11cf28ea9b44 ] Request (ImagesDeleteNegativeTestJSON:setUpClass): 201 POST http://10.180.1.21/identity/v3/auth/tokens 0.096s
2025-04-04 11:02:49.483 69741 INFO tempest.lib.common.rest_client [req-e96b0285-ee93-40f4-b297-3964b33b932a req-e96b0285-ee93-40f4-b297-3964b33b932a ] Request (ServersWithFlavorSwapResizeTest:setUpClass): 200 GET http://10.180.1.21/identity/v3/domains?name=Default 0.097s
2025-04-04 11:02:49.488 69765 INFO tempest.lib.common.rest_client [req-e8d1a961-0583-439a-9d5a-4041fd6ae0b2 req-e8d1a961-0583-439a-9d5a-4041fd6ae0b2 ] Request (FlavorsAccessNegativeTestJSON:test_add_flavor_access_duplicate): 409 POST http://10.180.1.21/compute/v2.1/flavors/1634167743/action 1.567s
2025-04-04 11:02:49.489 69731 INFO tempest.lib.common.rest_client [req-d00c13fb-4cad-4b94-9348-0a3d3ed5c392 req-d00c13fb-4cad-4b94-9348-0a3d3ed5c392 ] Request (ServersAdminTestJSON:setUpClass): 201 POST http://10.180.1.21:9696/networking/v2.0/routers 1.789s
2025-04-04 11:02:49.508 69761 INFO tempest.lib.common.rest_client [req-1bd0e39f-8b8c-413f-869d-2a6d4e908a0e req-1bd0e39f-8b8c-413f-869d-2a6d4e908a0e ] Request (ImagesDeleteNegativeTestJSON:setUpClass): 201 POST http://10.180.1.21/identity/v3/auth/tokens 0.052s
2025-04-04 11:02:49.540 69741 INFO tempest.lib.common.rest_client [req-9e31b076-c8f4-4685-8ddd-344df7b98761 req-9e31b076-c8f4-4685-8ddd-344df7b98761 ] Request (ServersWithFlavorSwapResizeTest:setUpClass): 201 POST http://10.180.1.21/identity/v3/projects 0.051s
2025-04-04 11:02:49.546 69761 INFO tempest.lib.common.rest_client [req-c27a6919-acf0-4aa2-be64-1e74bda9e10e req-c27a6919-acf0-4aa2-be64-1e74bda9e10e ] Request (ImagesDeleteNegativeTestJSON:setUpClass): 200 GET http://10.180.1.21/identity/v3/domains?name=Default 0.038s
2025-04-04 11:02:49.557 69753 INFO tempest.lib.common.rest_client [req-f4af93d4-a6c5-40fd-8406-106164eba14a req-f4af93d4-a6c5-40fd-8406-106164eba14a ] Request (ServerDiagnosticsNegativeTest:test_get_server_diagnostics_by_non_admin): 200 GET http://10.180.1.21/compute/v2.1/servers/12cfd666-19bf-4339-91a8-19ba15c21f8d 1.370s
2025-04-04 11:02:49.597 69739 INFO tempest.lib.common.rest_client [req-473417d0-04dc-4316-b7d3-3eaeec6424f2 req-473417d0-04dc-4316-b7d3-3eaeec6424f2 ] Request (InstanceUsageAuditLogNegativeTestJSON:tearDownClass): 204 DELETE http://10.180.1.21:9696/networking/v2.0/security-groups/7555d7cb-31d2-4ee5-8458-87d780fffb28 0.192s
2025-04-04 11:02:49.604 69741 INFO tempest.lib.common.rest_client [req-f19f6e44-7939-447d-8aab-db54add85cbb req-f19f6e44-7939-447d-8aab-db54add85cbb ] Request (ServersWithFlavorSwapResizeTest:setUpClass): 201 POST http://10.180.1.21/identity/v3/users 0.064s
2025-04-04 11:02:49.615 69761 INFO tempest.lib.common.rest_client [req-dc1752db-0b9f-4a59-984c-80ac9b47aa79 req-dc1752db-0b9f-4a59-984c-80ac9b47aa79 ] Request (ImagesDeleteNegativeTestJSON:setUpClass): 201 POST http://10.180.1.21/identity/v3/projects 0.069s
2025-04-04 11:02:49.699 69739 INFO tempest.lib.common.rest_client [req-95c12a99-66a1-4146-987c-232cf3643b0c req-95c12a99-66a1-4146-987c-232cf3643b0c ] Request (InstanceUsageAuditLogNegativeTestJSON:tearDownClass): 204 DELETE http://10.180.1.21/identity/v3/projects/d3cc026f0545462e9863ba6ee163cac4 0.101s
2025-04-04 11:02:49.699 69739 INFO tempest.lib.common.dynamic_creds [-] Deleting project and security group for project: f0d5a3f8fd3e45068d2c214fdc4f213d
2025-04-04 11:02:49.737 69737 INFO tempest.lib.common.rest_client [req-52148ef3-c300-49b3-bc27-c0c1e4e66f3c req-52148ef3-c300-49b3-bc27-c0c1e4e66f3c ] Request (QuotasAdminTestV236:test_get_updated_quotas): 200 GET http://10.180.1.21/compute/v2.1/os-quota-sets/d33d475063a14693a7ccabb8dbae3324?user_id=d5a9bdab63c8450bbbf57c27db6208e0 1.518s
2025-04-04 11:02:49.749 69741 INFO tempest.lib.common.rest_client [req-33aa1568-0006-4ae2-bbbd-027ae9b745bc req-33aa1568-0006-4ae2-bbbd-027ae9b745bc ] Request (ServersWithFlavorSwapResizeTest:setUpClass): 200 GET http://10.180.1.21/identity/v3/roles 0.144s
2025-04-04 11:02:49.749 69783 INFO tempest.lib.common.rest_client [req-4ae44850-87da-447d-9aef-1defd1673243 req-4ae44850-87da-447d-9aef-1defd1673243 ] Request (FlavorsExtraSpecsTestJSON:test_flavor_non_admin_get_specific_key): 200 GET http://10.180.1.21/compute/v2.1/flavors/878863794/os-extra_specs/hw:numa_nodes 1.505s
2025-04-04 11:02:49.775 69787 INFO tempest.lib.common.rest_client [req-20510ddf-d92c-48d6-b6b6-ca463d93b39e req-20510ddf-d92c-48d6-b6b6-ca463d93b39e ] Request (FlavorsV2TestJSON:test_list_flavors_with_detail): 200 GET http://10.180.1.21/compute/v2.1/flavors/detail 1.497s
2025-04-04 11:02:49.781 69761 INFO tempest.lib.common.rest_client [req-f29304b2-9a29-4748-a4a0-4c2898ef0834 req-f29304b2-9a29-4748-a4a0-4c2898ef0834 ] Request (ImagesDeleteNegativeTestJSON:setUpClass): 201 POST http://10.180.1.21/identity/v3/users 0.165s
2025-04-04 11:02:49.804 69749 INFO tempest.lib.common.rest_client [req-f8f7fb2a-c9c9-46f1-815b-e00808473df0 req-f8f7fb2a-c9c9-46f1-815b-e00808473df0 ] Request (FlavorsV261TestJSON:test_crud_flavor): 200 GET http://10.180.1.21/compute/v2.1/flavors/detail 1.485s
2025-04-04 11:02:49.817 69741 INFO tempest.lib.common.rest_client [req-e2c7dab7-651a-4a38-8be1-362b2e2a7196 req-e2c7dab7-651a-4a38-8be1-362b2e2a7196 ] Request (ServersWithFlavorSwapResizeTest:setUpClass): 204 PUT http://10.180.1.21/identity/v3/projects/efbda5135eca4356909ff55befbf32ed/users/46a92a21b72e4b509fdbe94dd195981d/roles/512c3fbbc5a54465abb9fa6f142a180d 0.068s
2025-04-04 11:02:49.817 69741 INFO tempest.lib.common.dynamic_creds [-] Dynamic test user 46a92a21b72e4b509fdbe94dd195981d is created with scope project and roles: ['member']
2025-04-04 11:02:49.818 69741 INFO tempest.lib.common.dynamic_creds [-] Acquired dynamic creds: credentials: Credentials: {'domain_id': 'default', 'domain_name': 'Default', 'username': 'tempest-ServersWithFlavorSwapResizeTest-746589734-project-member', 'project_domain_id': 'default', 'project_domain_name': 'Default', 'project_id': 'efbda5135eca4356909ff55befbf32ed', 'project_name': 'tempest-ServersWithFlavorSwapResizeTest-746589734', 'tenant_id': 'efbda5135eca4356909ff55befbf32ed', 'tenant_name': 'tempest-ServersWithFlavorSwapResizeTest-746589734', 'user_domain_id': 'default', 'user_domain_name': 'Default', 'user_id': '46a92a21b72e4b509fdbe94dd195981d', 'system': None}, Network: None, Subnet: None, Router: None
2025-04-04 11:02:49.821 69743 INFO tempest.lib.common.rest_client [req-a922b1cb-a6ac-4279-b224-01ae93cab003 req-a922b1cb-a6ac-4279-b224-01ae93cab003 ] Request (FlavorMetadataValidation:tearDownClass): 204 DELETE http://10.180.1.21:9696/networking/v2.0/security-groups/90fbd4b6-af6f-4d7b-ac81-24d9a0801112 0.452s
2025-04-04 11:02:49.822 69737 INFO tempest.lib.common.rest_client [req-eee0e5ef-8860-4e71-b71e-9f96f6ad7a7e req-eee0e5ef-8860-4e71-b71e-9f96f6ad7a7e ] Request (QuotasAdminTestV236:_run_cleanups): 204 DELETE http://10.180.1.21/identity/v3/users/d5a9bdab63c8450bbbf57c27db6208e0 0.082s
2025-04-04 11:02:49.829 69763 INFO tempest.lib.common.rest_client [req-bc10a071-9e6b-496f-820e-4a8e2af310f5 req-bc10a071-9e6b-496f-820e-4a8e2af310f5 ] Request (ServicesAdminNegativeV253TestJSON:test_get_service_by_invalid_params): 200 GET http://10.180.1.21/compute/v2.1/os-services 1.494s
2025-04-04 11:02:49.875 69747 INFO tempest.lib.common.rest_client [req-ffab284d-6f4a-4d7d-bdff-5dd88ad699d3 req-ffab284d-6f4a-4d7d-bdff-5dd88ad699d3 ] Request (AggregatesAdminNegativeTestJSON:test_aggregate_add_existent_host): 409 POST http://10.180.1.21/compute/v2.1/os-aggregates/1/action 1.513s
2025-04-04 11:02:49.879 69741 INFO tempest.lib.common.rest_client [req-b7db624c-f03d-488e-baf4-34507cd36a57 req-b7db624c-f03d-488e-baf4-34507cd36a57 ] Request (ServersWithFlavorSwapResizeTest:setUpClass): 201 POST http://10.180.1.21/identity/v3/auth/tokens 0.061s
2025-04-04 11:02:49.888 69767 INFO tempest.lib.common.rest_client [req-131b2475-a49c-407b-a704-0f393fc7143b req-131b2475-a49c-407b-a704-0f393fc7143b ] Request (HostsAdminNegativeTestJSON:test_reboot_nonexistent_host): 404 GET http://10.180.1.21/compute/v2.1/os-hosts/nonexistent_hostname/reboot 1.511s
2025-04-04 11:02:49.910 69761 INFO tempest.lib.common.rest_client [req-74a9fc27-e241-4bdd-a48a-0c443fbfc6cb req-74a9fc27-e241-4bdd-a48a-0c443fbfc6cb ] Request (ImagesDeleteNegativeTestJSON:setUpClass): 200 GET http://10.180.1.21/identity/v3/roles 0.128s
2025-04-04 11:02:49.911 69739 INFO tempest.lib.common.rest_client [req-938bf2ef-b7f1-4e9e-aabf-b056c28cf0c3 req-938bf2ef-b7f1-4e9e-aabf-b056c28cf0c3 ] Request (InstanceUsageAuditLogNegativeTestJSON:tearDownClass): 200 GET http://10.180.1.21:9696/networking/v2.0/security-groups?tenant_id=f0d5a3f8fd3e45068d2c214fdc4f213d&name=default 0.211s
2025-04-04 11:02:49.914 69771 INFO tempest.lib.common.rest_client [req-be3a50ff-8be1-4a94-b802-9b6ad54d567c req-be3a50ff-8be1-4a94-b802-9b6ad54d567c ] Request (FlavorsV255TestJSON:test_crud_flavor): 200 GET http://10.180.1.21/compute/v2.1/flavors/detail 1.508s
2025-04-04 11:02:49.957 69743 INFO tempest.lib.common.rest_client [req-b78a8073-ced2-4337-90de-ac7125d9f760 req-b78a8073-ced2-4337-90de-ac7125d9f760 ] Request (FlavorMetadataValidation:tearDownClass): 204 DELETE http://10.180.1.21/identity/v3/projects/fe142eb512b948a1b07fbc77b57574a2 0.135s
2025-04-04 11:02:49.957 69743 INFO tempest.lib.common.dynamic_creds [-] Deleting project and security group for project: 51d066b1e3064773920b7deb61c07b74
2025-04-04 11:02:50.036 69737 INFO tempest.lib.common.rest_client [req-d6474dd1-7658-40b9-96e4-ed92d92a8ccb req-d6474dd1-7658-40b9-96e4-ed92d92a8ccb ] Request (QuotasAdminTestV236:_run_cleanups): 204 DELETE http://10.180.1.21/identity/v3/projects/d33d475063a14693a7ccabb8dbae3324 0.213s
2025-04-04 11:02:50.089 69761 INFO tempest.lib.common.rest_client [req-d3152446-934f-4510-a77e-d785b5c41f16 req-d3152446-934f-4510-a77e-d785b5c41f16 ] Request (ImagesDeleteNegativeTestJSON:setUpClass): 204 PUT http://10.180.1.21/identity/v3/projects/f60f495d09374bc18254cc5b4edacfb1/users/84517cfe939b40afb3a20f13bb100131/roles/512c3fbbc5a54465abb9fa6f142a180d 0.178s
2025-04-04 11:02:50.090 69761 INFO tempest.lib.common.dynamic_creds [-] Dynamic test user 84517cfe939b40afb3a20f13bb100131 is created with scope project and roles: ['member']
2025-04-04 11:02:50.090 69761 INFO tempest.lib.common.dynamic_creds [-] Acquired dynamic creds: credentials: Credentials: {'domain_id': 'default', 'domain_name': 'Default', 'username': 'tempest-ImagesDeleteNegativeTestJSON-830574372-project-member', 'project_domain_id': 'default', 'project_domain_name': 'Default', 'project_id': 'f60f495d09374bc18254cc5b4edacfb1', 'project_name': 'tempest-ImagesDeleteNegativeTestJSON-830574372', 'tenant_id': 'f60f495d09374bc18254cc5b4edacfb1', 'tenant_name': 'tempest-ImagesDeleteNegativeTestJSON-830574372', 'user_domain_id': 'default', 'user_domain_name': 'Default', 'user_id': '84517cfe939b40afb3a20f13bb100131', 'system': None}, Network: None, Subnet: None, Router: None
2025-04-04 11:02:50.090 69761 INFO tempest.lib.common.dynamic_creds [-] Created isolated network resources for: credentials: Credentials: {'domain_id': 'default', 'domain_name': 'Default', 'username': 'tempest-ImagesDeleteNegativeTestJSON-830574372-project-member', 'project_domain_id': 'default', 'project_domain_name': 'Default', 'project_id': 'f60f495d09374bc18254cc5b4edacfb1', 'project_name': 'tempest-ImagesDeleteNegativeTestJSON-830574372', 'tenant_id': 'f60f495d09374bc18254cc5b4edacfb1', 'tenant_name': 'tempest-ImagesDeleteNegativeTestJSON-830574372', 'user_domain_id': 'default', 'user_domain_name': 'Default', 'user_id': '84517cfe939b40afb3a20f13bb100131', 'system': None}, Network: None, Subnet: None, Router: None
2025-04-04 11:02:50.106 69757 INFO tempest.lib.common.rest_client [req-dd35fad0-a6bf-48ff-a38e-c6e44e380694 req-dd35fad0-a6bf-48ff-a38e-c6e44e380694 ] Request (TenantUsagesNegativeTestJSON:tearDownClass): 200 GET http://10.180.1.21:9696/networking/v2.0/security-groups?tenant_id=5902a40efdb84f1fbc3977dbc4043ae3&name=default 0.695s
2025-04-04 11:02:50.120 69781 INFO tempest.lib.common.rest_client [req-5b9d049f-31e2-4bf4-8e05-90ae47f88236 req-5b9d049f-31e2-4bf4-8e05-90ae47f88236 ] Request (ServersTestFqdnHostnames:test_create_server_with_fqdn_name): 202 POST http://10.180.1.21/compute/v2.1/servers 2.600s
2025-04-04 11:02:50.179 69737 INFO tempest.lib.common.rest_client [req-e741aea7-03f1-49d7-883f-f0d944aebf63 req-e741aea7-03f1-49d7-883f-f0d944aebf63 ] Request (QuotasAdminTestV236:tearDownClass): 204 DELETE http://10.180.1.21/identity/v3/users/a254f610735c45e1ab2e0ff448715dde 0.137s
2025-04-04 11:02:50.192 69735 INFO tempest.lib.common.rest_client [req-92a7326b-8a7f-4c3b-beba-97d9becb8821 req-92a7326b-8a7f-4c3b-beba-97d9becb8821 ] Request (KeyPairsNegativeTestJSON:test_create_keypair_invalid_name): 400 POST http://10.180.1.21/compute/v2.1/os-keypairs 1.768s
2025-04-04 11:02:50.227 69743 INFO tempest.lib.common.rest_client [req-55e0accb-6507-4d1b-b8f1-74ab2ec93100 req-55e0accb-6507-4d1b-b8f1-74ab2ec93100 ] Request (FlavorMetadataValidation:tearDownClass): 200 GET http://10.180.1.21:9696/networking/v2.0/security-groups?tenant_id=51d066b1e3064773920b7deb61c07b74&name=default 0.269s
