2025-04-04 11:04:54.711 69776 INFO tempest.lib.common.rest_client [req-e76f9db7-b0b7-4060-96fa-9fdd1aa1edfb req-e76f9db7-b0b7-4060-96fa-9fdd1aa1edfb ] Request (MigrationsAdminTest:test_resize_server_revert_deleted_flavor): 200 GET http://10.180.1.21/compute/v2.1/servers/f2e014b2-5984-40c5-b2b7-c52f03b08536 0.100s
2025-04-04 11:04:54.784 69745 INFO tempest.lib.common.rest_client [req-edbfc373-b6fb-4b8b-bfb8-d330a1abefac req-edbfc373-b6fb-4b8b-bfb8-d330a1abefac ] Request (DeleteServersAdminTestJSON:test_delete_server_while_in_error_state): 200 GET http://10.180.1.21/compute/v2.1/servers/f8741d92-4d28-43b5-a7fa-519acd5aa94f 0.110s
2025-04-04 11:04:54.811 69743 INFO tempest.lib.common.rest_client [req-b700ec33-36ca-4b15-a1d3-998d31f04610 req-b700ec33-36ca-4b15-a1d3-998d31f04610 ] Request (AttachInterfacesTestJSON:test_create_list_show_delete_interfaces_by_fixed_ip): 200 GET http://10.180.1.21/compute/v2.1/servers/6c1b83a5-d36f-4411-81b7-96eee6a14622 0.159s
2025-04-04 11:04:54.839 69767 INFO tempest.lib.common.rest_client [req-17c2774f-a04c-4cd0-bdc1-3b98d31236bb req-17c2774f-a04c-4cd0-bdc1-3b98d31236bb ] Request (ServersTestJSON:setUpClass): 200 GET http://10.180.1.21/compute/v2.1/servers/f6139cf8-37f2-487a-920b-562f8ad60bc5 0.138s
2025-04-04 11:04:54.872 69737 INFO tempest.lib.common.rest_client [req-99179fff-9f33-468b-af8f-7a94a512a158 req-99179fff-9f33-468b-af8f-7a94a512a158 ] Request (ServerDiskConfigTestJSON:test_rebuild_server_with_manual_disk_config): 200 GET http://10.180.1.21/compute/v2.1/servers/492f265b-9e26-4952-be23-13608abf4be0 0.145s
2025-04-04 11:04:54.891 69771 INFO tempest.lib.common.rest_client [req-9c58f61a-250a-4efb-a52a-c2e1daaeab58 req-9c58f61a-250a-4efb-a52a-c2e1daaeab58 ] Request (SecurityGroupsTestJSON:test_server_security_groups): 200 GET http://10.180.1.21/compute/v2.1/servers/1a3db32e-e2c8-4ba5-88e7-7856c64099cf 0.142s
2025-04-04 11:04:54.970 69779 INFO tempest.lib.common.rest_client [req-617f0b7a-c3b3-4cf4-875c-22a962073522 req-617f0b7a-c3b3-4cf4-875c-22a962073522 ] Request (ServersTestManualDisk:setUpClass): 200 GET http://10.180.1.21/compute/v2.1/servers/a9825baf-0ac3-47d9-a814-02a301c83a9b 0.051s
2025-04-04 11:04:54.990 69757 INFO tempest.lib.common.rest_client [req-efe8a4cf-8597-4141-8db5-f6c7ef391c50 req-efe8a4cf-8597-4141-8db5-f6c7ef391c50 ] Request (ServersTestJSON:test_create_server_with_ipv6_addr_only): 200 GET http://10.180.1.21/compute/v2.1/servers/4c0edbab-da9a-41f7-b444-973634e652d9 0.220s
2025-04-04 11:04:54.997 69757 INFO tempest.common.waiters [-] State transition "BUILD/networking" ==> "BUILD/block_device_mapping" after 66 second wait
2025-04-04 11:04:55.015 69753 INFO tempest.lib.common.rest_client [req-04407b23-cd41-4d9f-b2da-30c4a9f6452a req-04407b23-cd41-4d9f-b2da-30c4a9f6452a ] Request (ServersNegativeTestMultiTenantJSON:setUpClass): 200 GET http://10.180.1.21/compute/v2.1/servers/fab9cb08-8bc3-4279-8d53-2efa933a1cab 0.052s
2025-04-04 11:04:55.130 69769 INFO tempest.lib.common.rest_client [req-ee2a6e67-cc4a-42c1-ba12-b35003862986 req-ee2a6e67-cc4a-42c1-ba12-b35003862986 ] Request (ImagesOneServerNegativeTestJSON:_run_cleanups): 200 GET http://10.180.1.21/compute/v2.1/servers/c338199b-875b-43e2-9221-6d071e981d9e 0.060s
2025-04-04 11:04:55.230 69787 INFO tempest.lib.common.rest_client [req-75cac571-5d25-4e2e-b3da-841cd071fcd6 req-75cac571-5d25-4e2e-b3da-841cd071fcd6 ] Request (ImagesTestJSON:test_create_image_from_stopped_server): 200 GET http://10.180.1.21/compute/v2.1/images/aac43a70-c849-425d-9bc7-08d01e5ae18f 0.038s
2025-04-04 11:04:55.404 69777 INFO tempest.lib.common.rest_client [req-8a685a12-2d89-4bfe-a3d9-a48bef863ee6 req-8a685a12-2d89-4bfe-a3d9-a48bef863ee6 ] Request (FloatingIPsAssociationTestJSON:tearDownClass): 200 GET http://10.180.1.21/compute/v2.1/servers/87a204b4-119e-42e7-b5af-3816e908120d 0.056s
2025-04-04 11:04:55.459 69739 INFO tempest.lib.common.rest_client [req-949c6a6f-b568-4629-8066-ebd7944c9ff8 req-949c6a6f-b568-4629-8066-ebd7944c9ff8 ] Request (ServerPasswordTestJSON:setUpClass): 200 GET http://10.180.1.21/compute/v2.1/servers/7a4f3457-86cf-458a-b7e0-306123475b9d 0.050s
2025-04-04 11:04:55.483 69755 INFO tempest.lib.common.rest_client [req-57b15adf-0486-4022-a674-760615b9eb8b req-57b15adf-0486-4022-a674-760615b9eb8b ] Request (InstanceActionsTestJSON:setUpClass): 200 GET http://10.180.1.21/compute/v2.1/servers/eca4b01f-e5aa-4cd2-b30e-4631d95f93e0 0.097s
2025-04-04 11:04:55.506 69785 INFO tempest.lib.common.rest_client [req-e1bd29f9-2e4c-4cde-91e3-b4fb0d4df0f0 req-e1bd29f9-2e4c-4cde-91e3-b4fb0d4df0f0 ] Request (ImagesOneServerTestJSON:setUpClass): 200 GET http://10.180.1.21/compute/v2.1/servers/e5a8697d-2a72-4768-8bae-8536f9d2f4f8 0.069s
2025-04-04 11:04:55.541 69759 INFO tempest.lib.common.rest_client [req-a3e7f21c-e8d9-4eba-87b6-3d2caacb3645 req-a3e7f21c-e8d9-4eba-87b6-3d2caacb3645 ] Request (ServersAdminNegativeTestJSON:test_migrate_server_invalid_state): 200 GET http://10.180.1.21/compute/v2.1/servers/904ec972-17de-4a45-813a-61643501d6d9 0.047s
2025-04-04 11:04:55.562 69761 INFO tempest.lib.common.rest_client [req-7f46c6aa-873e-4006-aae8-af07a9e75582 req-7f46c6aa-873e-4006-aae8-af07a9e75582 ] Request (ListImageFiltersTestJSON:setUpClass): 200 GET http://10.180.1.21/compute/v2.1/images/5cf2cbab-5b0d-4891-b67d-ab087bbdaba6 0.029s
2025-04-04 11:04:55.648 69763 INFO tempest.lib.common.rest_client [req-ae6c7b3c-a7d3-4bdb-8efd-1a6f5af09d4a req-ae6c7b3c-a7d3-4bdb-8efd-1a6f5af09d4a ] Request (AttachVolumeNegativeTest:test_attach_attached_volume_to_different_server): 200 GET http://10.180.1.21/compute/v2.1/servers/f550df5e-3fce-482d-8be8-ad9a3b46c912 0.049s
2025-04-04 11:04:55.651 69731 INFO tempest.lib.common.rest_client [req-b153d7ed-3387-43aa-893a-d121e92d0198 req-b153d7ed-3387-43aa-893a-d121e92d0198 ] Request (ServersAdminTestJSON:test_create_server_with_scheduling_hint): 200 GET http://10.180.1.21/compute/v2.1/servers/76f4d3eb-3401-4033-95f4-45a7998854de 0.083s
2025-04-04 11:04:55.658 69731 INFO tempest.common.waiters [-] State transition "BUILD/spawning" ==> "ACTIVE/None" after 69 second wait
2025-04-04 11:04:55.694 69791 INFO tempest.lib.common.rest_client [req-6ce1e6df-3ca0-41d2-b918-60223195d445 req-6ce1e6df-3ca0-41d2-b918-60223195d445 ] Request (ServerActionsTestJSON:setUpClass): 200 GET http://10.180.1.21/compute/v2.1/servers/2bb23ebd-70f2-4c82-9ca5-5a05319bda58 0.069s
2025-04-04 11:04:55.720 69783 INFO tempest.lib.common.rest_client [req-010a9235-6272-4698-beae-3b35ff74ea50 req-010a9235-6272-4698-beae-3b35ff74ea50 ] Request (InstanceActionsNegativeTestJSON:tearDownClass): 200 GET http://10.180.1.21/compute/v2.1/servers/67f6dadc-42fc-4fba-b706-d6b5ac01ded8 0.056s
2025-04-04 11:04:55.720 69731 INFO tempest.lib.common.rest_client [req-5293157c-17e1-4007-be51-aeb8e13cf1e9 req-5293157c-17e1-4007-be51-aeb8e13cf1e9 ] Request (ServersAdminTestJSON:test_inject_network_info): 201 POST http://10.180.1.21/identity/v3/auth/tokens 0.059s
2025-04-04 11:04:55.721 69731 INFO tempest.lib.common.fixed_network [-] (ServersAdminTestJSON:test_inject_network_info) Found network {'id': 'd3015186-5cd7-417c-b339-9c454898c188', 'name': 'tempest-ServersAdminTestJSON-555504441-network', 'tenant_id': '5ca6a4f8a0124f728e1a9dcfbf900814', 'admin_state_up': True, 'mtu': 8950, 'status': 'ACTIVE', 'subnets': [], 'shared': False, 'project_id': '5ca6a4f8a0124f728e1a9dcfbf900814', 'port_security_enabled': True, 'router:external': False, 'provider:network_type': 'vlan', 'provider:physical_network': 'default', 'provider:segmentation_id': 734, 'availability_zone_hints': [], 'availability_zones': [], 'ipv4_address_scope': None, 'ipv6_address_scope': None, 'description': '', 'tags': [], 'created_at': '2025-04-04T11:02:47Z', 'updated_at': '2025-04-04T11:02:47Z', 'revision_number': 1} available for tenant
2025-04-04 11:04:55.739 69747 INFO tempest.lib.common.rest_client [req-28c10f5b-1f75-4cdc-9658-7a3af1be773c req-28c10f5b-1f75-4cdc-9658-7a3af1be773c ] Request (FloatingIPsAssociationNegativeTestJSON:setUpClass): 200 GET http://10.180.1.21/compute/v2.1/servers/b39842e5-cbe0-4c62-8919-d10799d9a0e9 0.048s
2025-04-04 11:04:55.783 69776 INFO tempest.lib.common.rest_client [req-66a085f0-3365-4033-b418-e5d2d692f3cb req-66a085f0-3365-4033-b418-e5d2d692f3cb ] Request (MigrationsAdminTest:test_resize_server_revert_deleted_flavor): 200 GET http://10.180.1.21/compute/v2.1/servers/f2e014b2-5984-40c5-b2b7-c52f03b08536 0.060s
2025-04-04 11:04:55.861 69745 INFO tempest.lib.common.rest_client [req-bc291c37-6ac4-44a4-93fe-a195cc64b605 req-bc291c37-6ac4-44a4-93fe-a195cc64b605 ] Request (DeleteServersAdminTestJSON:test_delete_server_while_in_error_state): 200 GET http://10.180.1.21/compute/v2.1/servers/f8741d92-4d28-43b5-a7fa-519acd5aa94f 0.063s
2025-04-04 11:04:55.975 69743 INFO tempest.lib.common.rest_client [req-aa6fee6d-fc86-4208-8292-6a2d17d0cc3d req-aa6fee6d-fc86-4208-8292-6a2d17d0cc3d ] Request (AttachInterfacesTestJSON:test_create_list_show_delete_interfaces_by_fixed_ip): 200 GET http://10.180.1.21/compute/v2.1/servers/6c1b83a5-d36f-4411-81b7-96eee6a14622 0.147s
2025-04-04 11:04:55.994 69731 INFO tempest.lib.common.rest_client [req-ec61664b-eea5-49ab-8ee4-6a7cc2d8a037 req-ec61664b-eea5-49ab-8ee4-6a7cc2d8a037 ] Request (ServersAdminTestJSON:test_inject_network_info): 202 POST http://10.180.1.21/compute/v2.1/servers 0.273s
2025-04-04 11:04:56.038 69767 INFO tempest.lib.common.rest_client [req-d4cf4669-3011-4677-9c60-bf8d9b00f4de req-d4cf4669-3011-4677-9c60-bf8d9b00f4de ] Request (ServersTestJSON:setUpClass): 200 GET http://10.180.1.21/compute/v2.1/servers/f6139cf8-37f2-487a-920b-562f8ad60bc5 0.189s
2025-04-04 11:04:56.065 69737 INFO tempest.lib.common.rest_client [req-bd206fd9-05f0-4542-9a4b-b2bfb904238f req-bd206fd9-05f0-4542-9a4b-b2bfb904238f ] Request (ServerDiskConfigTestJSON:test_rebuild_server_with_manual_disk_config): 200 GET http://10.180.1.21/compute/v2.1/servers/492f265b-9e26-4952-be23-13608abf4be0 0.184s
2025-04-04 11:04:56.107 69771 INFO tempest.lib.common.rest_client [req-48725936-2512-4ed0-adb5-484b46117c94 req-48725936-2512-4ed0-adb5-484b46117c94 ] Request (SecurityGroupsTestJSON:test_server_security_groups): 200 GET http://10.180.1.21/compute/v2.1/servers/1a3db32e-e2c8-4ba5-88e7-7856c64099cf 0.206s
2025-04-04 11:04:56.133 69779 INFO tempest.lib.common.rest_client [req-852923e7-50b8-4265-8119-9984a35a4366 req-852923e7-50b8-4265-8119-9984a35a4366 ] Request (ServersTestManualDisk:setUpClass): 200 GET http://10.180.1.21/compute/v2.1/servers/a9825baf-0ac3-47d9-a814-02a301c83a9b 0.154s
2025-04-04 11:04:56.145 69731 INFO tempest.lib.common.rest_client [req-4001a051-5ac8-4e83-aed0-34ddd588eb2a req-4001a051-5ac8-4e83-aed0-34ddd588eb2a ] Request (ServersAdminTestJSON:test_inject_network_info): 200 GET http://10.180.1.21/compute/v2.1/servers/4c913a06-f251-470f-a712-09e21768ecc2 0.149s
2025-04-04 11:04:56.211 69753 INFO tempest.lib.common.rest_client [req-6a3507d0-d360-4628-b905-75d18d8c6545 req-6a3507d0-d360-4628-b905-75d18d8c6545 ] Request (ServersNegativeTestMultiTenantJSON:setUpClass): 200 GET http://10.180.1.21/compute/v2.1/servers/fab9cb08-8bc3-4279-8d53-2efa933a1cab 0.186s
2025-04-04 11:04:56.273 69757 INFO tempest.lib.common.rest_client [req-164159f1-8715-47cb-8ac7-0b9d457e0e86 req-164159f1-8715-47cb-8ac7-0b9d457e0e86 ] Request (ServersTestJSON:test_create_server_with_ipv6_addr_only): 200 GET http://10.180.1.21/compute/v2.1/servers/4c0edbab-da9a-41f7-b444-973634e652d9 0.274s
2025-04-04 11:04:56.283 69769 INFO tempest.lib.common.rest_client [req-2c8f5af1-8774-40c9-bd13-de539430c7ed req-2c8f5af1-8774-40c9-bd13-de539430c7ed ] Request (ImagesOneServerNegativeTestJSON:_run_cleanups): 200 GET http://10.180.1.21/compute/v2.1/servers/c338199b-875b-43e2-9221-6d071e981d9e 0.145s
2025-04-04 11:04:56.285 69757 INFO tempest.common.waiters [-] State transition "BUILD/block_device_mapping" ==> "BUILD/spawning" after 68 second wait
2025-04-04 11:04:56.309 69787 INFO tempest.lib.common.rest_client [req-9fb7f2ec-75df-4066-b567-bd1b9e786c70 req-9fb7f2ec-75df-4066-b567-bd1b9e786c70 ] Request (ImagesTestJSON:test_create_image_from_stopped_server): 200 GET http://10.180.1.21/compute/v2.1/images/aac43a70-c849-425d-9bc7-08d01e5ae18f 0.075s
2025-04-04 11:04:56.474 69777 INFO tempest.lib.common.rest_client [req-00629148-89a8-4b45-a139-3c865ed8cd69 req-00629148-89a8-4b45-a139-3c865ed8cd69 ] Request (FloatingIPsAssociationTestJSON:tearDownClass): 200 GET http://10.180.1.21/compute/v2.1/servers/87a204b4-119e-42e7-b5af-3816e908120d 0.062s
2025-04-04 11:04:56.521 69739 INFO tempest.lib.common.rest_client [req-b0b62169-7e1f-4b0a-a6bf-a0869405dfce req-b0b62169-7e1f-4b0a-a6bf-a0869405dfce ] Request (ServerPasswordTestJSON:setUpClass): 200 GET http://10.180.1.21/compute/v2.1/servers/7a4f3457-86cf-458a-b7e0-306123475b9d 0.053s
2025-04-04 11:04:56.570 69785 INFO tempest.lib.common.rest_client [req-ac830746-6735-4b2d-8509-17f9e970041d req-ac830746-6735-4b2d-8509-17f9e970041d ] Request (ImagesOneServerTestJSON:setUpClass): 200 GET http://10.180.1.21/compute/v2.1/servers/e5a8697d-2a72-4768-8bae-8536f9d2f4f8 0.056s
2025-04-04 11:04:56.587 69755 INFO tempest.lib.common.rest_client [req-2ff85c8d-18f1-4802-9012-4bbb08041891 req-2ff85c8d-18f1-4802-9012-4bbb08041891 ] Request (InstanceActionsTestJSON:setUpClass): 200 GET http://10.180.1.21/compute/v2.1/servers/eca4b01f-e5aa-4cd2-b30e-4631d95f93e0 0.096s
2025-04-04 11:04:56.622 69761 INFO tempest.lib.common.rest_client [req-2d62a55c-12a0-4069-9424-a616fcb20625 req-2d62a55c-12a0-4069-9424-a616fcb20625 ] Request (ListImageFiltersTestJSON:setUpClass): 200 GET http://10.180.1.21/compute/v2.1/images/5cf2cbab-5b0d-4891-b67d-ab087bbdaba6 0.056s
2025-04-04 11:04:56.622 69759 INFO tempest.lib.common.rest_client [req-c9999278-5462-44cf-8068-24b8211f4ad3 req-c9999278-5462-44cf-8068-24b8211f4ad3 ] Request (ServersAdminNegativeTestJSON:test_migrate_server_invalid_state): 200 GET http://10.180.1.21/compute/v2.1/servers/904ec972-17de-4a45-813a-61643501d6d9 0.073s
2025-04-04 11:04:56.710 69763 INFO tempest.lib.common.rest_client [req-67a54a88-ce59-48f5-8a3f-04c5965048ec req-67a54a88-ce59-48f5-8a3f-04c5965048ec ] Request (AttachVolumeNegativeTest:test_attach_attached_volume_to_different_server): 200 GET http://10.180.1.21/compute/v2.1/servers/f550df5e-3fce-482d-8be8-ad9a3b46c912 0.054s
2025-04-04 11:04:56.756 69791 INFO tempest.lib.common.rest_client [req-1d920a56-6c8d-4757-bad4-591c83342656 req-1d920a56-6c8d-4757-bad4-591c83342656 ] Request (ServerActionsTestJSON:setUpClass): 200 GET http://10.180.1.21/compute/v2.1/servers/2bb23ebd-70f2-4c82-9ca5-5a05319bda58 0.055s
2025-04-04 11:04:56.798 69783 INFO tempest.lib.common.rest_client [req-720a8340-cfdd-4fe7-84d6-a9faae4b310e req-720a8340-cfdd-4fe7-84d6-a9faae4b310e ] Request (InstanceActionsNegativeTestJSON:tearDownClass): 200 GET http://10.180.1.21/compute/v2.1/servers/67f6dadc-42fc-4fba-b706-d6b5ac01ded8 0.069s
2025-04-04 11:04:56.810 69747 INFO tempest.lib.common.rest_client [req-001901bc-6768-4dcb-85aa-cd9e454feace req-001901bc-6768-4dcb-85aa-cd9e454feace ] Request (FloatingIPsAssociationNegativeTestJSON:setUpClass): 200 GET http://10.180.1.21/compute/v2.1/servers/b39842e5-cbe0-4c62-8919-d10799d9a0e9 0.063s
2025-04-04 11:04:56.849 69776 INFO tempest.lib.common.rest_client [req-bbf5a542-2b89-44fd-92e9-acf515ed33c4 req-bbf5a542-2b89-44fd-92e9-acf515ed33c4 ] Request (MigrationsAdminTest:test_resize_server_revert_deleted_flavor): 200 GET http://10.180.1.21/compute/v2.1/servers/f2e014b2-5984-40c5-b2b7-c52f03b08536 0.058s
2025-04-04 11:04:56.894 69745 INFO tempest.lib.common.rest_client [req-daa77c34-7b52-41a6-b3ea-c2eb877f0e0b req-daa77c34-7b52-41a6-b3ea-c2eb877f0e0b ] Request (DeleteServersAdminTestJSON:test_delete_server_while_in_error_state): 404 GET http://10.180.1.21/compute/v2.1/servers/f8741d92-4d28-43b5-a7fa-519acd5aa94f 0.025s
2025-04-04 11:04:56.920 69745 INFO tempest.lib.common.rest_client [req-1d13a8c5-24f4-4ab9-a9ba-712d326fbb48 req-1d13a8c5-24f4-4ab9-a9ba-712d326fbb48 ] Request (DeleteServersAdminTestJSON:tearDownClass): 404 DELETE http://10.180.1.21/compute/v2.1/servers/f8741d92-4d28-43b5-a7fa-519acd5aa94f 0.024s
2025-04-04 11:04:56.945 69745 INFO tempest.lib.common.rest_client [req-96af63a4-aca8-487d-a420-a76648e8e1d0 req-96af63a4-aca8-487d-a420-a76648e8e1d0 ] Request (DeleteServersAdminTestJSON:tearDownClass): 404 GET http://10.180.1.21/compute/v2.1/servers/f8741d92-4d28-43b5-a7fa-519acd5aa94f 0.024s
2025-04-04 11:04:56.966 69745 INFO tempest.lib.common.rest_client [req-0bdd41ff-88a4-4dee-abd3-01794dfacbe9 req-0bdd41ff-88a4-4dee-abd3-01794dfacbe9 ] Request (DeleteServersAdminTestJSON:tearDownClass): 404 DELETE http://10.180.1.21/compute/v2.1/servers/669e974b-a8ae-48cc-83af-c8fb823310a2 0.021s
2025-04-04 11:04:56.997 69745 INFO tempest.lib.common.rest_client [req-5f22effb-8532-4744-9046-d74b4001baad req-5f22effb-8532-4744-9046-d74b4001baad ] Request (DeleteServersAdminTestJSON:tearDownClass): 404 GET http://10.180.1.21/compute/v2.1/servers/669e974b-a8ae-48cc-83af-c8fb823310a2 0.030s
2025-04-04 11:04:57.100 69743 INFO tempest.lib.common.rest_client [req-e9fa0e6a-ffb1-4131-a042-a5b0610c03c4 req-e9fa0e6a-ffb1-4131-a042-a5b0610c03c4 ] Request (AttachInterfacesTestJSON:test_create_list_show_delete_interfaces_by_fixed_ip): 200 GET http://10.180.1.21/compute/v2.1/servers/6c1b83a5-d36f-4411-81b7-96eee6a14622 0.113s
2025-04-04 11:04:57.111 69745 INFO tempest.lib.common.rest_client [req-80456abb-4d9d-4885-808e-471d72948df6 req-80456abb-4d9d-4885-808e-471d72948df6 ] Request (DeleteServersAdminTestJSON:tearDownClass): 204 DELETE http://10.180.1.21/identity/v3/users/526e79c926ce4e41b8d476f4e4960492 0.113s
2025-04-04 11:04:57.120 69767 INFO tempest.lib.common.rest_client [req-ec81acbc-2701-482d-995f-5f3367fdc522 req-ec81acbc-2701-482d-995f-5f3367fdc522 ] Request (ServersTestJSON:setUpClass): 200 GET http://10.180.1.21/compute/v2.1/servers/f6139cf8-37f2-487a-920b-562f8ad60bc5 0.073s
2025-04-04 11:04:57.195 69737 INFO tempest.lib.common.rest_client [req-7752f173-3082-4017-b38c-91655b804a65 req-7752f173-3082-4017-b38c-91655b804a65 ] Request (ServerDiskConfigTestJSON:test_rebuild_server_with_manual_disk_config): 200 GET http://10.180.1.21/compute/v2.1/servers/492f265b-9e26-4952-be23-13608abf4be0 0.112s
2025-04-04 11:04:57.195 69771 INFO tempest.lib.common.rest_client [req-79c73131-3c12-4f45-92ab-4fdc75aa3b92 req-79c73131-3c12-4f45-92ab-4fdc75aa3b92 ] Request (SecurityGroupsTestJSON:test_server_security_groups): 200 GET http://10.180.1.21/compute/v2.1/servers/1a3db32e-e2c8-4ba5-88e7-7856c64099cf 0.073s
2025-04-04 11:04:57.252 69779 INFO tempest.lib.common.rest_client [req-9113495f-754d-4ed9-9702-b48877b53db3 req-9113495f-754d-4ed9-9702-b48877b53db3 ] Request (ServersTestManualDisk:setUpClass): 200 GET http://10.180.1.21/compute/v2.1/servers/a9825baf-0ac3-47d9-a814-02a301c83a9b 0.111s
2025-04-04 11:04:57.268 69731 INFO tempest.lib.common.rest_client [req-d593d302-041e-4a41-b8ca-3679bbce8bf7 req-d593d302-041e-4a41-b8ca-3679bbce8bf7 ] Request (ServersAdminTestJSON:test_inject_network_info): 200 GET http://10.180.1.21/compute/v2.1/servers/4c913a06-f251-470f-a712-09e21768ecc2 0.112s
2025-04-04 11:04:57.281 69745 INFO tempest.lib.common.rest_client [req-08b547cb-7375-4a42-850f-9eb135836c9b req-08b547cb-7375-4a42-850f-9eb135836c9b ] Request (DeleteServersAdminTestJSON:tearDownClass): 204 DELETE http://10.180.1.21/identity/v3/users/62434c5fad76497abde6d45db4dd5547 0.170s
2025-04-04 11:04:57.281 69745 INFO tempest.lib.common.dynamic_creds [-] Deleting project and security group for project: 428cd584948b4a7ebe3b9fe2a05efd88
2025-04-04 11:04:57.306 69753 INFO tempest.lib.common.rest_client [req-24c29fc2-e2b0-4d49-a23d-2e70bfd76eba req-24c29fc2-e2b0-4d49-a23d-2e70bfd76eba ] Request (ServersNegativeTestMultiTenantJSON:setUpClass): 200 GET http://10.180.1.21/compute/v2.1/servers/fab9cb08-8bc3-4279-8d53-2efa933a1cab 0.085s
2025-04-04 11:04:57.345 69745 INFO tempest.lib.common.rest_client [req-de5d518f-393f-42b6-9750-398fecc8bd4f req-de5d518f-393f-42b6-9750-398fecc8bd4f ] Request (DeleteServersAdminTestJSON:tearDownClass): 201 POST http://10.180.1.21/identity/v3/auth/tokens 0.063s
2025-04-04 11:04:57.370 69769 INFO tempest.lib.common.rest_client [req-c93e6737-ae7d-47b8-8b9b-8c257350b3e0 req-c93e6737-ae7d-47b8-8b9b-8c257350b3e0 ] Request (ImagesOneServerNegativeTestJSON:_run_cleanups): 200 GET http://10.180.1.21/compute/v2.1/servers/c338199b-875b-43e2-9221-6d071e981d9e 0.074s
2025-04-04 11:04:57.377 69769 INFO tempest.common.waiters [-] State transition "BUILD/scheduling" ==> "BUILD/None" after 37 second wait
2025-04-04 11:04:57.390 69757 INFO tempest.lib.common.rest_client [req-f3c20f04-3cb3-43c3-bc8e-b21c05861f2a req-f3c20f04-3cb3-43c3-bc8e-b21c05861f2a ] Request (ServersTestJSON:test_create_server_with_ipv6_addr_only): 200 GET http://10.180.1.21/compute/v2.1/servers/4c0edbab-da9a-41f7-b444-973634e652d9 0.103s
2025-04-04 11:04:57.420 69787 INFO tempest.lib.common.rest_client [req-61ed2fc5-2a6f-4778-9fdc-fe8dcb3afe92 req-61ed2fc5-2a6f-4778-9fdc-fe8dcb3afe92 ] Request (ImagesTestJSON:test_create_image_from_stopped_server): 200 GET http://10.180.1.21/compute/v2.1/images/aac43a70-c849-425d-9bc7-08d01e5ae18f 0.106s
2025-04-04 11:04:57.426 69745 INFO tempest.lib.common.rest_client [req-ddfffd3f-4747-4eb4-b30d-3f82fcd28fed req-ddfffd3f-4747-4eb4-b30d-3f82fcd28fed ] Request (DeleteServersAdminTestJSON:tearDownClass): 200 GET http://10.180.1.21:9696/networking/v2.0/security-groups?tenant_id=428cd584948b4a7ebe3b9fe2a05efd88&name=default 0.081s
2025-04-04 11:04:57.512 69745 INFO tempest.lib.common.rest_client [req-59eecd3a-c5b3-44df-9369-866398ae1dd1 req-59eecd3a-c5b3-44df-9369-866398ae1dd1 ] Request (DeleteServersAdminTestJSON:tearDownClass): 204 DELETE http://10.180.1.21:9696/networking/v2.0/security-groups/7d08308d-e434-4619-9b5a-194c8345b63b 0.086s
2025-04-04 11:04:57.548 69777 INFO tempest.lib.common.rest_client [req-c85884fc-6a11-4695-866c-c650399a1607 req-c85884fc-6a11-4695-866c-c650399a1607 ] Request (FloatingIPsAssociationTestJSON:tearDownClass): 200 GET http://10.180.1.21/compute/v2.1/servers/87a204b4-119e-42e7-b5af-3816e908120d 0.066s
2025-04-04 11:04:57.574 69745 INFO tempest.lib.common.rest_client [req-57474074-5873-4b15-ac33-4ccd5af8e3e2 req-57474074-5873-4b15-ac33-4ccd5af8e3e2 ] Request (DeleteServersAdminTestJSON:tearDownClass): 204 DELETE http://10.180.1.21/identity/v3/projects/428cd584948b4a7ebe3b9fe2a05efd88 0.062s
2025-04-04 11:04:57.575 69745 INFO tempest.lib.common.dynamic_creds [-] Deleting project and security group for project: 6c065a6e0af645cbae67ecded92b2369
2025-04-04 11:04:57.585 69739 INFO tempest.lib.common.rest_client [req-df6962fa-ed31-4d60-bc1c-31889f9b9dd6 req-df6962fa-ed31-4d60-bc1c-31889f9b9dd6 ] Request (ServerPasswordTestJSON:setUpClass): 200 GET http://10.180.1.21/compute/v2.1/servers/7a4f3457-86cf-458a-b7e0-306123475b9d 0.055s
2025-04-04 11:04:57.633 69785 INFO tempest.lib.common.rest_client [req-8837ae00-9c82-44bc-8a0f-348b1c64b4a7 req-8837ae00-9c82-44bc-8a0f-348b1c64b4a7 ] Request (ImagesOneServerTestJSON:setUpClass): 200 GET http://10.180.1.21/compute/v2.1/servers/e5a8697d-2a72-4768-8bae-8536f9d2f4f8 0.055s
2025-04-04 11:04:57.663 69761 INFO tempest.lib.common.rest_client [req-71c95107-4740-40ad-967c-d7869162bc35 req-71c95107-4740-40ad-967c-d7869162bc35 ] Request (ListImageFiltersTestJSON:setUpClass): 200 GET http://10.180.1.21/compute/v2.1/images/5cf2cbab-5b0d-4891-b67d-ab087bbdaba6 0.037s
2025-04-04 11:04:57.680 69745 INFO tempest.lib.common.rest_client [req-996749b9-162a-4ba8-8846-8829799847a5 req-996749b9-162a-4ba8-8846-8829799847a5 ] Request (DeleteServersAdminTestJSON:tearDownClass): 200 GET http://10.180.1.21:9696/networking/v2.0/security-groups?tenant_id=6c065a6e0af645cbae67ecded92b2369&name=default 0.105s
2025-04-04 11:04:57.689 69755 INFO tempest.lib.common.rest_client [req-d90bf84f-fb23-49d0-a854-57527383fd9c req-d90bf84f-fb23-49d0-a854-57527383fd9c ] Request (InstanceActionsTestJSON:setUpClass): 200 GET http://10.180.1.21/compute/v2.1/servers/eca4b01f-e5aa-4cd2-b30e-4631d95f93e0 0.092s
2025-04-04 11:04:57.719 69759 INFO tempest.lib.common.rest_client [req-3db323a9-52e6-4262-9f6d-92536862c8ef req-3db323a9-52e6-4262-9f6d-92536862c8ef ] Request (ServersAdminNegativeTestJSON:test_migrate_server_invalid_state): 200 GET http://10.180.1.21/compute/v2.1/servers/904ec972-17de-4a45-813a-61643501d6d9 0.089s
2025-04-04 11:04:57.757 69745 INFO tempest.lib.common.rest_client [req-7d3f4785-413a-40fd-ae96-647280db7ea3 req-7d3f4785-413a-40fd-ae96-647280db7ea3 ] Request (DeleteServersAdminTestJSON:tearDownClass): 204 DELETE http://10.180.1.21:9696/networking/v2.0/security-groups/1321c564-272c-4fd8-aa3f-2295ae6b328f 0.076s
2025-04-04 11:04:57.772 69763 INFO tempest.lib.common.rest_client [req-2370430d-ce83-44f1-8cfd-3f0e743ac72b req-2370430d-ce83-44f1-8cfd-3f0e743ac72b ] Request (AttachVolumeNegativeTest:test_attach_attached_volume_to_different_server): 200 GET http://10.180.1.21/compute/v2.1/servers/f550df5e-3fce-482d-8be8-ad9a3b46c912 0.053s
2025-04-04 11:04:57.818 69791 INFO tempest.lib.common.rest_client [req-2aea5773-3002-4d5e-bf7a-088defacdd79 req-2aea5773-3002-4d5e-bf7a-088defacdd79 ] Request (ServerActionsTestJSON:setUpClass): 200 GET http://10.180.1.21/compute/v2.1/servers/2bb23ebd-70f2-4c82-9ca5-5a05319bda58 0.053s
2025-04-04 11:04:57.841 69745 INFO tempest.lib.common.rest_client [req-9bc11c6c-18b0-43a5-b3d4-57c093218833 req-9bc11c6c-18b0-43a5-b3d4-57c093218833 ] Request (DeleteServersAdminTestJSON:tearDownClass): 204 DELETE http://10.180.1.21/identity/v3/projects/6c065a6e0af645cbae67ecded92b2369 0.083s
2025-04-04 11:04:57.842 69745 INFO tempest.test [-] raised in LiveMigrationRemoteConsolesV26Test.setUpClass. Invoking tearDownClass.
2025-04-04 11:04:57.862 69783 INFO tempest.lib.common.rest_client [req-9da9bc47-eb3c-49e3-8fb3-175a9be5baa2 req-9da9bc47-eb3c-49e3-8fb3-175a9be5baa2 ] Request (InstanceActionsNegativeTestJSON:tearDownClass): 200 GET http://10.180.1.21/compute/v2.1/servers/67f6dadc-42fc-4fba-b706-d6b5ac01ded8 0.055s
2025-04-04 11:04:57.868 69747 INFO tempest.lib.common.rest_client [req-ea6e4767-f58d-4b29-af87-9949a00527b8 req-ea6e4767-f58d-4b29-af87-9949a00527b8 ] Request (FloatingIPsAssociationNegativeTestJSON:setUpClass): 200 GET http://10.180.1.21/compute/v2.1/servers/b39842e5-cbe0-4c62-8919-d10799d9a0e9 0.050s
2025-04-04 11:04:57.902 69745 INFO tempest.lib.common.rest_client [req-4837c578-f6ec-4062-915e-de569c6eb826 req-4837c578-f6ec-4062-915e-de569c6eb826 ] Request (QuotasAdminNegativeTest:setUpClass): 201 POST http://10.180.1.21/identity/v3/auth/tokens 0.058s
2025-04-04 11:04:57.908 69776 INFO tempest.lib.common.rest_client [req-1877b4ff-0a9d-482a-b9da-fcd58f4a4612 req-1877b4ff-0a9d-482a-b9da-fcd58f4a4612 ] Request (MigrationsAdminTest:test_resize_server_revert_deleted_flavor): 200 GET http://10.180.1.21/compute/v2.1/servers/f2e014b2-5984-40c5-b2b7-c52f03b08536 0.051s
2025-04-04 11:04:57.930 69745 INFO tempest.lib.common.rest_client [req-9f9dea75-6fc4-4b32-8efa-0b0c833ba680 req-9f9dea75-6fc4-4b32-8efa-0b0c833ba680 ] Request (QuotasAdminNegativeTest:setUpClass): 201 POST http://10.180.1.21/identity/v3/auth/tokens 0.026s
2025-04-04 11:04:57.954 69745 INFO tempest.lib.common.rest_client [req-7cbc4191-7941-494e-a454-2b16985acb31 req-7cbc4191-7941-494e-a454-2b16985acb31 ] Request (QuotasAdminNegativeTest:setUpClass): 200 GET http://10.180.1.21/identity/v3/domains?name=Default 0.023s
2025-04-04 11:04:57.985 69745 INFO tempest.lib.common.rest_client [req-25c417dd-572c-485c-a0d9-5a6c915a6de1 req-25c417dd-572c-485c-a0d9-5a6c915a6de1 ] Request (QuotasAdminNegativeTest:setUpClass): 201 POST http://10.180.1.21/identity/v3/projects 0.030s
2025-04-04 11:04:58.026 69765 WARNING tempest.lib.common.ssh [-] Failed to establish authenticated ssh connection to cirros@10.180.180.168 ([Errno None] Unable to connect to port 22 on 10.180.180.168). Number attempts: 3. Retry after 4 seconds.: paramiko.ssh_exception.NoValidConnectionsError: [Errno None] Unable to connect to port 22 on 10.180.180.168
2025-04-04 11:04:58.044 69745 INFO tempest.lib.common.rest_client [req-1b9d682d-ade9-473c-b19e-1899b92f60d6 req-1b9d682d-ade9-473c-b19e-1899b92f60d6 ] Request (QuotasAdminNegativeTest:setUpClass): 201 POST http://10.180.1.21/identity/v3/users 0.059s
2025-04-04 11:04:58.067 69745 INFO tempest.lib.common.rest_client [req-67c34a73-561b-4645-81d1-1d3b17f78ce5 req-67c34a73-561b-4645-81d1-1d3b17f78ce5 ] Request (QuotasAdminNegativeTest:setUpClass): 200 GET http://10.180.1.21/identity/v3/roles 0.022s
2025-04-04 11:04:58.098 69745 INFO tempest.lib.common.rest_client [req-4a91aafb-a0e7-4e14-8606-eb022d0ed850 req-4a91aafb-a0e7-4e14-8606-eb022d0ed850 ] Request (QuotasAdminNegativeTest:setUpClass): 204 PUT http://10.180.1.21/identity/v3/projects/d3c9b2bf95b04d73820944065a358c69/users/02ecddccd2c946ec983128548732c8f2/roles/512c3fbbc5a54465abb9fa6f142a180d 0.030s
2025-04-04 11:04:58.098 69745 INFO tempest.lib.common.dynamic_creds [-] Dynamic test user 02ecddccd2c946ec983128548732c8f2 is created with scope project and roles: ['member']
2025-04-04 11:04:58.098 69745 INFO tempest.lib.common.dynamic_creds [-] Acquired dynamic creds: credentials: Credentials: {'domain_id': 'default', 'domain_name': 'Default', 'username': 'tempest-QuotasAdminNegativeTest-1414031862-project-member', 'project_domain_id': 'default', 'project_domain_name': 'Default', 'project_id': 'd3c9b2bf95b04d73820944065a358c69', 'project_name': 'tempest-QuotasAdminNegativeTest-1414031862', 'tenant_id': 'd3c9b2bf95b04d73820944065a358c69', 'tenant_name': 'tempest-QuotasAdminNegativeTest-1414031862', 'user_domain_id': 'default', 'user_domain_name': 'Default', 'user_id': '02ecddccd2c946ec983128548732c8f2', 'system': None}, Network: None, Subnet: None, Router: None
2025-04-04 11:04:58.099 69745 INFO tempest.lib.common.dynamic_creds [-] Created isolated network resources for: credentials: Credentials: {'domain_id': 'default', 'domain_name': 'Default', 'username': 'tempest-QuotasAdminNegativeTest-1414031862-project-member', 'project_domain_id': 'default', 'project_domain_name': 'Default', 'project_id': 'd3c9b2bf95b04d73820944065a358c69', 'project_name': 'tempest-QuotasAdminNegativeTest-1414031862', 'tenant_id': 'd3c9b2bf95b04d73820944065a358c69', 'tenant_name': 'tempest-QuotasAdminNegativeTest-1414031862', 'user_domain_id': 'default', 'user_domain_name': 'Default', 'user_id': '02ecddccd2c946ec983128548732c8f2', 'system': None}, Network: None, Subnet: None, Router: None
2025-04-04 11:04:58.177 69745 INFO tempest.lib.common.rest_client [req-2fae86ad-a396-4f7c-a47f-5ac60040f40a req-2fae86ad-a396-4f7c-a47f-5ac60040f40a ] Request (QuotasAdminNegativeTest:setUpClass): 201 POST http://10.180.1.21/identity/v3/auth/tokens 0.073s
2025-04-04 11:04:58.187 69767 INFO tempest.lib.common.rest_client [req-40782f38-a9d2-44ce-a3b8-20b5abd37a53 req-40782f38-a9d2-44ce-a3b8-20b5abd37a53 ] Request (ServersTestJSON:setUpClass): 200 GET http://10.180.1.21/compute/v2.1/servers/f6139cf8-37f2-487a-920b-562f8ad60bc5 0.058s
2025-04-04 11:04:58.246 69745 INFO tempest.lib.common.rest_client [req-4f8c0c52-7302-4907-bc47-f141916fa112 req-4f8c0c52-7302-4907-bc47-f141916fa112 ] Request (QuotasAdminNegativeTest:setUpClass): 201 POST http://10.180.1.21/identity/v3/projects 0.068s
2025-04-04 11:04:58.267 69771 INFO tempest.lib.common.rest_client [req-e067dd35-7358-41a6-a780-77808194407f req-e067dd35-7358-41a6-a780-77808194407f ] Request (SecurityGroupsTestJSON:test_server_security_groups): 200 GET http://10.180.1.21/compute/v2.1/servers/1a3db32e-e2c8-4ba5-88e7-7856c64099cf 0.063s
2025-04-04 11:04:58.286 69743 INFO tempest.lib.common.rest_client [req-9e9c052e-3956-49c5-9e6e-5e7ada8f0888 req-9e9c052e-3956-49c5-9e6e-5e7ada8f0888 ] Request (AttachInterfacesTestJSON:test_create_list_show_delete_interfaces_by_fixed_ip): 200 GET http://10.180.1.21/compute/v2.1/servers/6c1b83a5-d36f-4411-81b7-96eee6a14622 0.167s
2025-04-04 11:04:58.309 69745 INFO tempest.lib.common.rest_client [req-558808ff-4f50-456b-967f-c017c6f6d6b1 req-558808ff-4f50-456b-967f-c017c6f6d6b1 ] Request (QuotasAdminNegativeTest:setUpClass): 201 POST http://10.180.1.21/identity/v3/users 0.063s
2025-04-04 11:04:58.322 69737 INFO tempest.lib.common.rest_client [req-a8a68b52-442b-4449-a258-3dfda42ed519 req-a8a68b52-442b-4449-a258-3dfda42ed519 ] Request (ServerDiskConfigTestJSON:test_rebuild_server_with_manual_disk_config): 200 GET http://10.180.1.21/compute/v2.1/servers/492f265b-9e26-4952-be23-13608abf4be0 0.115s
2025-04-04 11:04:58.336 69745 INFO tempest.lib.common.rest_client [req-1d6c66e8-9172-4ea0-9ecb-d2e5b1792393 req-1d6c66e8-9172-4ea0-9ecb-d2e5b1792393 ] Request (QuotasAdminNegativeTest:setUpClass): 200 GET http://10.180.1.21/identity/v3/roles 0.026s
2025-04-04 11:04:58.364 69779 INFO tempest.lib.common.rest_client [req-00c9bdeb-1f41-4960-af54-12a3b1bbd00e req-00c9bdeb-1f41-4960-af54-12a3b1bbd00e ] Request (ServersTestManualDisk:setUpClass): 200 GET http://10.180.1.21/compute/v2.1/servers/a9825baf-0ac3-47d9-a814-02a301c83a9b 0.102s
2025-04-04 11:04:58.369 69745 INFO tempest.lib.common.rest_client [req-3fce37ea-c744-4d25-821b-3b4dbd26f108 req-3fce37ea-c744-4d25-821b-3b4dbd26f108 ] Request (QuotasAdminNegativeTest:setUpClass): 204 PUT http://10.180.1.21/identity/v3/projects/cce1c67a1696451a95b6021fda52bf43/users/1d01f2dc4683486bba158497f08562ac/roles/d1b450a9dfd14330a3e003ff1c1a0006 0.032s
2025-04-04 11:04:58.376 69731 INFO tempest.lib.common.rest_client [req-d32bf1a1-695e-46c6-9799-24002da99705 req-d32bf1a1-695e-46c6-9799-24002da99705 ] Request (ServersAdminTestJSON:test_inject_network_info): 200 GET http://10.180.1.21/compute/v2.1/servers/4c913a06-f251-470f-a712-09e21768ecc2 0.100s
2025-04-04 11:04:58.421 69753 INFO tempest.lib.common.rest_client [req-c7a44b01-423a-4bb8-b094-369c2df12479 req-c7a44b01-423a-4bb8-b094-369c2df12479 ] Request (ServersNegativeTestMultiTenantJSON:setUpClass): 200 GET http://10.180.1.21/compute/v2.1/servers/fab9cb08-8bc3-4279-8d53-2efa933a1cab 0.105s
2025-04-04 11:04:58.426 69745 INFO tempest.lib.common.rest_client [req-1e63b972-d91e-4bf8-b592-88ff447d0ad6 req-1e63b972-d91e-4bf8-b592-88ff447d0ad6 ] Request (QuotasAdminNegativeTest:setUpClass): 200 GET http://10.180.1.21/identity/v3/roles 0.057s
2025-04-04 11:04:58.436 69769 INFO tempest.lib.common.rest_client [req-f1b6ee60-7b34-421c-b8fa-bd49b94d53ef req-f1b6ee60-7b34-421c-b8fa-bd49b94d53ef ] Request (ImagesOneServerNegativeTestJSON:_run_cleanups): 200 GET http://10.180.1.21/compute/v2.1/servers/c338199b-875b-43e2-9221-6d071e981d9e 0.058s
2025-04-04 11:04:58.445 69745 INFO tempest.lib.common.rest_client [req-20377504-36a7-4fff-a823-4a14800eae8a req-20377504-36a7-4fff-a823-4a14800eae8a ] Request (QuotasAdminNegativeTest:setUpClass): 204 PUT http://10.180.1.21/identity/v3/projects/cce1c67a1696451a95b6021fda52bf43/users/1d01f2dc4683486bba158497f08562ac/roles/d1b450a9dfd14330a3e003ff1c1a0006 0.019s
2025-04-04 11:04:58.445 69745 INFO tempest.lib.common.dynamic_creds [-] Dynamic test user 1d01f2dc4683486bba158497f08562ac is created with scope project and roles: ['admin']
2025-04-04 11:04:58.446 69745 INFO tempest.lib.common.dynamic_creds [-] Acquired dynamic creds: credentials: Credentials: {'domain_id': 'default', 'domain_name': 'Default', 'username': 'tempest-QuotasAdminNegativeTest-552944477-project-admin', 'project_domain_id': 'default', 'project_domain_name': 'Default', 'project_id': 'cce1c67a1696451a95b6021fda52bf43', 'project_name': 'tempest-QuotasAdminNegativeTest-552944477', 'tenant_id': 'cce1c67a1696451a95b6021fda52bf43', 'tenant_name': 'tempest-QuotasAdminNegativeTest-552944477', 'user_domain_id': 'default', 'user_domain_name': 'Default', 'user_id': '1d01f2dc4683486bba158497f08562ac', 'system': None}, Network: None, Subnet: None, Router: None
2025-04-04 11:04:58.446 69745 INFO tempest.lib.common.dynamic_creds [-] Created isolated network resources for: credentials: Credentials: {'domain_id': 'default', 'domain_name': 'Default', 'username': 'tempest-QuotasAdminNegativeTest-552944477-project-admin', 'project_domain_id': 'default', 'project_domain_name': 'Default', 'project_id': 'cce1c67a1696451a95b6021fda52bf43', 'project_name': 'tempest-QuotasAdminNegativeTest-552944477', 'tenant_id': 'cce1c67a1696451a95b6021fda52bf43', 'tenant_name': 'tempest-QuotasAdminNegativeTest-552944477', 'user_domain_id': 'default', 'user_domain_name': 'Default', 'user_id': '1d01f2dc4683486bba158497f08562ac', 'system': None}, Network: None, Subnet: None, Router: None
2025-04-04 11:04:58.470 69787 INFO tempest.lib.common.rest_client [req-2b2a8897-65d1-47fc-976b-b33f4bc84172 req-2b2a8897-65d1-47fc-976b-b33f4bc84172 ] Request (ImagesTestJSON:test_create_image_from_stopped_server): 200 GET http://10.180.1.21/compute/v2.1/images/aac43a70-c849-425d-9bc7-08d01e5ae18f 0.046s
2025-04-04 11:04:58.529 69745 INFO tempest.lib.common.rest_client [req-009da15b-0947-4e67-a150-71455c00f6d3 req-009da15b-0947-4e67-a150-71455c00f6d3 ] Request (QuotasAdminNegativeTest:setUpClass): 201 POST http://10.180.1.21/identity/v3/auth/tokens 0.080s
2025-04-04 11:04:58.530 69745 WARNING tempest.lib.common.rest_client [-] Deprecated: "tenant_id" property is deprecated for removal, use "project_id" instead
2025-04-04 11:04:58.531 69757 INFO tempest.lib.common.rest_client [req-62df9601-79a6-45a1-8e54-a5feee587f88 req-62df9601-79a6-45a1-8e54-a5feee587f88 ] Request (ServersTestJSON:test_create_server_with_ipv6_addr_only): 200 GET http://10.180.1.21/compute/v2.1/servers/4c0edbab-da9a-41f7-b444-973634e652d9 0.134s
2025-04-04 11:04:58.581 69777 INFO tempest.lib.common.rest_client [req-e3d6bd9d-2ed8-477a-9156-03bbdd837f2f req-e3d6bd9d-2ed8-477a-9156-03bbdd837f2f ] Request (FloatingIPsAssociationTestJSON:tearDownClass): 404 GET http://10.180.1.21/compute/v2.1/servers/87a204b4-119e-42e7-b5af-3816e908120d 0.025s
2025-04-04 11:04:58.649 69745 INFO tempest.lib.common.rest_client [req-715445a8-9178-4618-aa4c-6dcbd330dee5 req-715445a8-9178-4618-aa4c-6dcbd330dee5 ] Request (QuotasAdminNegativeTest:test_create_server_when_cpu_quota_is_full): 200 GET http://10.180.1.21/compute/v2.1/os-quota-sets/d3c9b2bf95b04d73820944065a358c69 0.118s
2025-04-04 11:04:58.695 69739 INFO tempest.lib.common.rest_client [req-9002569d-5cdb-4081-bd4d-bd4b2214e1f5 req-9002569d-5cdb-4081-bd4d-bd4b2214e1f5 ] Request (ServerPasswordTestJSON:setUpClass): 200 GET http://10.180.1.21/compute/v2.1/servers/7a4f3457-86cf-458a-b7e0-306123475b9d 0.101s
2025-04-04 11:04:58.744 69785 INFO tempest.lib.common.rest_client [req-ca9a82d4-a3d2-4f0f-96ae-969a91ee648b req-ca9a82d4-a3d2-4f0f-96ae-969a91ee648b ] Request (ImagesOneServerTestJSON:setUpClass): 200 GET http://10.180.1.21/compute/v2.1/servers/e5a8697d-2a72-4768-8bae-8536f9d2f4f8 0.103s
2025-04-04 11:04:58.814 69745 INFO tempest.lib.common.rest_client [req-22e38d55-e0f1-4081-9aed-9ea2a4171b5a req-22e38d55-e0f1-4081-9aed-9ea2a4171b5a ] Request (QuotasAdminNegativeTest:test_create_server_when_cpu_quota_is_full): 200 PUT http://10.180.1.21/compute/v2.1/os-quota-sets/d3c9b2bf95b04d73820944065a358c69 0.162s
2025-04-04 11:04:58.877 69745 INFO tempest.lib.common.rest_client [req-6e7e725a-18af-418a-b12a-f16a64cbf9cc req-6e7e725a-18af-418a-b12a-f16a64cbf9cc ] Request (QuotasAdminNegativeTest:test_create_server_when_cpu_quota_is_full): 201 POST http://10.180.1.21/identity/v3/auth/tokens 0.057s
2025-04-04 11:04:58.878 69745 INFO tempest.lib.common.fixed_network [-] (QuotasAdminNegativeTest:test_create_server_when_cpu_quota_is_full) Found network None available for tenant
2025-04-04 11:04:58.917 69777 INFO tempest.lib.common.rest_client [req-c1735e81-0b4c-4cc1-81d9-ae6781ca12d6 req-c1735e81-0b4c-4cc1-81d9-ae6781ca12d6 ] Request (FloatingIPsAssociationTestJSON:tearDownClass): 202 DELETE http://10.180.1.21/compute/v2.1/os-floating-ips/6682bba6-7636-4822-b79b-f6c87c57060c 0.335s
2025-04-04 11:04:58.921 69789 WARNING tempest.lib.common.ssh [-] Failed to establish authenticated ssh connection to cirros@10.180.180.176 ([Errno None] Unable to connect to port 22 on 10.180.180.176). Number attempts: 10. Retry after 11 seconds.: paramiko.ssh_exception.NoValidConnectionsError: [Errno None] Unable to connect to port 22 on 10.180.180.176
2025-04-04 11:04:59.012 69755 INFO tempest.lib.common.rest_client [req-751aa4bf-6160-4086-90aa-32029800917a req-751aa4bf-6160-4086-90aa-32029800917a ] Request (InstanceActionsTestJSON:setUpClass): 200 GET http://10.180.1.21/compute/v2.1/servers/eca4b01f-e5aa-4cd2-b30e-4631d95f93e0 0.315s
2025-04-04 11:04:59.021 69755 INFO tempest.common.waiters [-] State transition "BUILD/spawning" ==> "ACTIVE/None" after 72 second wait
2025-04-04 11:04:59.064 69759 INFO tempest.lib.common.rest_client [req-fcbf91f2-bee1-43c0-a688-faf12bd9fa3b req-fcbf91f2-bee1-43c0-a688-faf12bd9fa3b ] Request (ServersAdminNegativeTestJSON:test_migrate_server_invalid_state): 200 GET http://10.180.1.21/compute/v2.1/servers/904ec972-17de-4a45-813a-61643501d6d9 0.336s
2025-04-04 11:04:59.125 69763 INFO tempest.lib.common.rest_client [req-485b0235-5cf3-4531-8cb2-0dabb64ed4c5 req-485b0235-5cf3-4531-8cb2-0dabb64ed4c5 ] Request (AttachVolumeNegativeTest:test_attach_attached_volume_to_different_server): 200 GET http://10.180.1.21/compute/v2.1/servers/f550df5e-3fce-482d-8be8-ad9a3b46c912 0.345s
2025-04-04 11:04:59.184 69791 INFO tempest.lib.common.rest_client [req-46ff7c8d-2070-4683-a593-93289f34819f req-46ff7c8d-2070-4683-a593-93289f34819f ] Request (ServerActionsTestJSON:setUpClass): 200 GET http://10.180.1.21/compute/v2.1/servers/2bb23ebd-70f2-4c82-9ca5-5a05319bda58 0.353s
2025-04-04 11:04:59.243 69783 INFO tempest.lib.common.rest_client [req-155948a0-5940-421a-b87f-903731faa2ad req-155948a0-5940-421a-b87f-903731faa2ad ] Request (InstanceActionsNegativeTestJSON:tearDownClass): 200 GET http://10.180.1.21/compute/v2.1/servers/67f6dadc-42fc-4fba-b706-d6b5ac01ded8 0.373s
2025-04-04 11:04:59.292 69747 INFO tempest.lib.common.rest_client [req-3fe122a3-5213-4485-8c30-216c8cd46b69 req-3fe122a3-5213-4485-8c30-216c8cd46b69 ] Request (FloatingIPsAssociationNegativeTestJSON:setUpClass): 200 GET http://10.180.1.21/compute/v2.1/servers/b39842e5-cbe0-4c62-8919-d10799d9a0e9 0.415s
2025-04-04 11:05:00.457 69733 WARNING tempest.lib.common.ssh [-] Failed to establish authenticated ssh connection to cirros@10.180.180.129 ([Errno None] Unable to connect to port 22 on 10.180.180.129). Number attempts: 3. Retry after 4 seconds.: paramiko.ssh_exception.NoValidConnectionsError: [Errno None] Unable to connect to port 22 on 10.180.180.129
2025-04-04 11:05:01.673 69741 WARNING tempest.lib.common.ssh [-] Failed to establish authenticated ssh connection to cirros@10.180.180.243 ([Errno None] Unable to connect to port 22 on 10.180.180.243). Number attempts: 8. Retry after 9 seconds.: paramiko.ssh_exception.NoValidConnectionsError: [Errno None] Unable to connect to port 22 on 10.180.180.243
2025-04-04 11:05:02.797 69793 WARNING tempest.lib.common.ssh [-] Failed to establish authenticated ssh connection to cirros@10.180.180.182 ([Errno None] Unable to connect to port 22 on 10.180.180.182). Number attempts: 6. Retry after 7 seconds.: paramiko.ssh_exception.NoValidConnectionsError: [Errno None] Unable to connect to port 22 on 10.180.180.182
2025-04-04 11:05:05.642 69765 WARNING tempest.lib.common.ssh [-] Failed to establish authenticated ssh connection to cirros@10.180.180.168 ([Errno None] Unable to connect to port 22 on 10.180.180.168). Number attempts: 4. Retry after 5 seconds.: paramiko.ssh_exception.NoValidConnectionsError: [Errno None] Unable to connect to port 22 on 10.180.180.168
2025-04-04 11:05:06.153 69781 WARNING tempest.lib.common.ssh [-] Failed to establish authenticated ssh connection to cirros@10.180.180.209 ([Errno None] Unable to connect to port 22 on 10.180.180.209). Number attempts: 11. Retry after 12 seconds.: paramiko.ssh_exception.NoValidConnectionsError: [Errno None] Unable to connect to port 22 on 10.180.180.209
2025-04-04 11:05:06.287 69761 INFO tempest.lib.common.rest_client [req-acd5a58e-6703-4cca-9fc4-c5f3b6a28950 req-acd5a58e-6703-4cca-9fc4-c5f3b6a28950 ] Request (ListImageFiltersTestJSON:setUpClass): 200 GET http://10.180.1.21/compute/v2.1/images/5cf2cbab-5b0d-4891-b67d-ab087bbdaba6 7.620s
2025-04-04 11:05:06.387 69776 INFO tempest.lib.common.rest_client [req-3ae0a477-d1dd-4ecc-bdef-14ea0f89e4e6 req-3ae0a477-d1dd-4ecc-bdef-14ea0f89e4e6 ] Request (MigrationsAdminTest:test_resize_server_revert_deleted_flavor): 200 GET http://10.180.1.21/compute/v2.1/servers/f2e014b2-5984-40c5-b2b7-c52f03b08536 7.471s
2025-04-04 11:05:06.499 69745 INFO tempest.lib.common.rest_client [req-9333ab60-2524-4169-9a07-31bed360a036 req-9333ab60-2524-4169-9a07-31bed360a036 ] Request (QuotasAdminNegativeTest:test_create_server_when_cpu_quota_is_full): 403 POST http://10.180.1.21/compute/v2.1/servers 7.621s
2025-04-04 11:05:06.516 69777 INFO tempest.lib.common.rest_client [req-db386f4b-92d9-473a-bc8e-0ba8346e54ff req-db386f4b-92d9-473a-bc8e-0ba8346e54ff ] Request (FloatingIPsAssociationTestJSON:tearDownClass): 204 DELETE http://10.180.1.21/compute/v2.1/servers/0daf6eca-cc35-4960-b5e6-49f3770302e1 7.598s
2025-04-04 11:05:06.541 69755 INFO tempest.lib.common.rest_client [req-0e436961-8345-45eb-9d08-a2b233d3bf86 req-0e436961-8345-45eb-9d08-a2b233d3bf86 ] Request (InstanceActionsTestJSON:test_get_instance_action): 200 GET http://10.180.1.21/compute/v2.1/servers/eca4b01f-e5aa-4cd2-b30e-4631d95f93e0/os-instance-actions/req-c980ecac-4c62-460c-8e03-c7cfc2b64140 7.519s
2025-04-04 11:05:06.585 69767 INFO tempest.lib.common.rest_client [req-8842c6d3-de38-428e-805d-bfd06288ad4d req-8842c6d3-de38-428e-805d-bfd06288ad4d ] Request (ServersTestJSON:setUpClass): 200 GET http://10.180.1.21/compute/v2.1/servers/f6139cf8-37f2-487a-920b-562f8ad60bc5 7.389s
2025-04-04 11:05:06.593 69767 INFO tempest.common.waiters [-] State transition "BUILD/scheduling" ==> "BUILD/None" after 40 second wait
2025-04-04 11:05:06.597 69771 INFO tempest.lib.common.rest_client [req-69862c05-c3a1-44b2-be82-8f1404f86cc6 req-69862c05-c3a1-44b2-be82-8f1404f86cc6 ] Request (SecurityGroupsTestJSON:test_server_security_groups): 200 GET http://10.180.1.21/compute/v2.1/servers/1a3db32e-e2c8-4ba5-88e7-7856c64099cf 7.321s
2025-04-04 11:05:06.649 69737 INFO tempest.lib.common.rest_client [req-17b917ed-3b85-4995-9f4a-e16aad294892 req-17b917ed-3b85-4995-9f4a-e16aad294892 ] Request (ServerDiskConfigTestJSON:test_rebuild_server_with_manual_disk_config): 200 GET http://10.180.1.21/compute/v2.1/servers/492f265b-9e26-4952-be23-13608abf4be0 7.318s
2025-04-04 11:05:06.667 69751 WARNING tempest.lib.common.ssh [-] Failed to establish authenticated ssh connection to cirros@10.180.180.213 ([Errno None] Unable to connect to port 22 on 10.180.180.213). Number attempts: 11. Retry after 12 seconds.: paramiko.ssh_exception.NoValidConnectionsError: [Errno None] Unable to connect to port 22 on 10.180.180.213
2025-04-04 11:05:06.708 69779 INFO tempest.lib.common.rest_client [req-3ad91013-c43a-4412-b442-8fdfc6454229 req-3ad91013-c43a-4412-b442-8fdfc6454229 ] Request (ServersTestManualDisk:setUpClass): 200 GET http://10.180.1.21/compute/v2.1/servers/a9825baf-0ac3-47d9-a814-02a301c83a9b 7.334s
2025-04-04 11:05:06.716 69779 INFO tempest.common.waiters [-] State transition "BUILD/scheduling" ==> "BUILD/None" after 35 second wait
2025-04-04 11:05:06.754 69743 INFO tempest.lib.common.rest_client [req-1be4488b-b48a-415b-a01e-706cae8f2ea6 req-1be4488b-b48a-415b-a01e-706cae8f2ea6 ] Request (AttachInterfacesTestJSON:test_create_list_show_delete_interfaces_by_fixed_ip): 200 GET http://10.180.1.21/compute/v2.1/servers/6c1b83a5-d36f-4411-81b7-96eee6a14622 7.459s
2025-04-04 11:05:06.762 69743 INFO tempest.common.waiters [-] State transition "BUILD/spawning" ==> "ACTIVE/None" after 79 second wait
2025-04-04 11:05:06.763 69731 INFO tempest.lib.common.rest_client [req-c4d7b177-1118-4465-98ca-4e20c6dd00ca req-c4d7b177-1118-4465-98ca-4e20c6dd00ca ] Request (ServersAdminTestJSON:test_inject_network_info): 200 GET http://10.180.1.21/compute/v2.1/servers/4c913a06-f251-470f-a712-09e21768ecc2 7.376s
2025-04-04 11:05:06.813 69769 INFO tempest.lib.common.rest_client [req-8991cd7c-b598-41a6-8d0f-2484795271dc req-8991cd7c-b598-41a6-8d0f-2484795271dc ] Request (ImagesOneServerNegativeTestJSON:_run_cleanups): 200 GET http://10.180.1.21/compute/v2.1/servers/c338199b-875b-43e2-9221-6d071e981d9e 7.366s
2025-04-04 11:05:06.813 69753 INFO tempest.lib.common.rest_client [req-87379f9a-505c-4685-852e-f2d711785c89 req-87379f9a-505c-4685-852e-f2d711785c89 ] Request (ServersNegativeTestMultiTenantJSON:setUpClass): 200 GET http://10.180.1.21/compute/v2.1/servers/fab9cb08-8bc3-4279-8d53-2efa933a1cab 7.384s
2025-04-04 11:05:06.842 69787 INFO tempest.lib.common.rest_client [req-885364f8-40dd-4d26-b8fe-9712ffa49ed5 req-885364f8-40dd-4d26-b8fe-9712ffa49ed5 ] Request (ImagesTestJSON:test_create_image_from_stopped_server): 200 GET http://10.180.1.21/compute/v2.1/images/aac43a70-c849-425d-9bc7-08d01e5ae18f 7.368s
2025-04-04 11:05:06.896 69739 INFO tempest.lib.common.rest_client [req-d4b9ac81-c444-45ad-ae98-baeda2d4cb84 req-d4b9ac81-c444-45ad-ae98-baeda2d4cb84 ] Request (ServerPasswordTestJSON:setUpClass): 200 GET http://10.180.1.21/compute/v2.1/servers/7a4f3457-86cf-458a-b7e0-306123475b9d 7.193s
2025-04-04 11:05:06.946 69785 INFO tempest.lib.common.rest_client [req-09508ee5-799d-4617-a944-216bd594623b req-09508ee5-799d-4617-a944-216bd594623b ] Request (ImagesOneServerTestJSON:setUpClass): 200 GET http://10.180.1.21/compute/v2.1/servers/e5a8697d-2a72-4768-8bae-8536f9d2f4f8 7.194s
2025-04-04 11:05:06.980 69757 INFO tempest.lib.common.rest_client [req-563d5cb7-d930-4223-96b2-c9a8f33cad4e req-563d5cb7-d930-4223-96b2-c9a8f33cad4e ] Request (ServersTestJSON:test_create_server_with_ipv6_addr_only): 200 GET http://10.180.1.21/compute/v2.1/servers/4c0edbab-da9a-41f7-b444-973634e652d9 7.439s
2025-04-04 11:05:06.988 69757 INFO tempest.common.waiters [-] State transition "BUILD/spawning" ==> "ACTIVE/None" after 78 second wait
