2025-04-10 19:52:59.590 69938 INFO tempest.lib.common.dynamic_creds [-] Created isolated network resources for: credentials: Credentials: {'domain_id': 'default', 'domain_name': 'Default', 'username': 'tempest-FloatingIPDetailsNegativeTestJSON-1361817985-project-member', 'project_domain_id': 'default', 'project_domain_name': 'Default', 'project_id': 'b370a16db1234f1492c4c6b54c4a5f92', 'project_name': 'tempest-FloatingIPDetailsNegativeTestJSON-1361817985', 'tenant_id': 'b370a16db1234f1492c4c6b54c4a5f92', 'tenant_name': 'tempest-FloatingIPDetailsNegativeTestJSON-1361817985', 'user_domain_id': 'default', 'user_domain_name': 'Default', 'user_id': '4f3bf439e8984cfb828916bc826e9a10', 'system': None}, Network: {'id': '22e250c8-76a1-48e8-bd63-ddfaa18959ee', 'name': 'tempest-FloatingIPDetailsNegativeTestJSON-2041190032-network', 'tenant_id': 'b370a16db1234f1492c4c6b54c4a5f92', 'admin_state_up': True, 'mtu': 8950, 'status': 'ACTIVE', 'subnets': [], 'shared': False, 'project_id': 'b370a16db1234f1492c4c6b54c4a5f92', 'port_security_enabled': True, 'router:external': False, 'provider:network_type': 'vlan', 'provider:physical_network': 'default', 'provider:segmentation_id': 960, 'availability_zone_hints': [], 'availability_zones': [], 'ipv4_address_scope': None, 'ipv6_address_scope': None, 'description': '', 'tags': [], 'created_at': '2025-04-10T19:52:57Z', 'updated_at': '2025-04-10T19:52:57Z', 'revision_number': 1}, Subnet: {'id': '74b9c413-735b-42af-aa79-5d706c36e975', 'name': 'tempest-FloatingIPDetailsNegativeTestJSON-2041190032-subnet', 'tenant_id': 'b370a16db1234f1492c4c6b54c4a5f92', 'network_id': '22e250c8-76a1-48e8-bd63-ddfaa18959ee', 'ip_version': 4, 'subnetpool_id': None, 'enable_dhcp': True, 'ipv6_ra_mode': None, 'ipv6_address_mode': None, 'gateway_ip': '192.168.128.1', 'cidr': '192.168.128.0/28', 'allocation_pools': [{'start': '192.168.128.2', 'end': '192.168.128.14'}], 'host_routes': [], 'dns_nameservers': [], 'description': '', 'router:external': False, 'service_types': [], 'tags': [], 'created_at': '2025-04-10T19:52:58Z', 'updated_at': '2025-04-10T19:52:58Z', 'revision_number': 0, 'project_id': 'b370a16db1234f1492c4c6b54c4a5f92'}, Router: {'id': 'a2413c35-eaa8-47ee-8193-cff0bb298b95', 'name': 'tempest-FloatingIPDetailsNegativeTestJSON-2041190032-router', 'tenant_id': 'b370a16db1234f1492c4c6b54c4a5f92', 'admin_state_up': True, 'status': 'ACTIVE', 'external_gateway_info': {'network_id': '9a37436f-a553-454f-b128-5f0751b9e4e9', 'external_fixed_ips': [{'subnet_id': '69c86c7e-fc0e-46e0-899a-a2ac90f807ef', 'ip_address': '10.180.180.145'}], 'enable_snat': True}, 'description': '', 'availability_zones': [], 'distributed': False, 'ha': False, 'availability_zone_hints': [], 'routes': [], 'flavor_id': None, 'tags': [], 'created_at': '2025-04-10T19:52:58Z', 'updated_at': '2025-04-10T19:52:58Z', 'revision_number': 2, 'project_id': 'b370a16db1234f1492c4c6b54c4a5f92'}
2025-04-10 19:52:59.605 69944 INFO tempest.lib.common.rest_client [req-b5ec7021-e837-41d0-896c-40aa8cf43002 req-b5ec7021-e837-41d0-896c-40aa8cf43002 ] Request (ServersAdminTestJSON:setUpClass): 201 POST http://10.180.1.21:9696/networking/v2.0/networks 0.235s
2025-04-10 19:52:59.618 69936 INFO tempest.lib.common.rest_client [req-27f013e1-9be8-4913-9ae4-ae15a6a7277c req-27f013e1-9be8-4913-9ae4-ae15a6a7277c ] Request (FlavorsAccessNegativeTestJSON:setUpClass): 201 POST http://10.180.1.21/identity/v3/projects 0.757s
2025-04-10 19:52:59.622 69894 INFO tempest.lib.common.rest_client [req-9d3c1d95-4d9c-4af3-bdf7-de1111d6dff8 req-9d3c1d95-4d9c-4af3-bdf7-de1111d6dff8 ] Request (HypervisorAdminNegativeUnderV252Test:setUpClass): 201 POST http://10.180.1.21/identity/v3/auth/tokens 0.752s
2025-04-10 19:52:59.630 69910 INFO tempest.lib.common.rest_client [req-b35507c1-775b-41f7-833b-bab4f6db113c req-b35507c1-775b-41f7-833b-bab4f6db113c ] Request (VolumesAssistedSnapshotsTest:setUpClass): 201 POST http://10.180.1.21:9696/networking/v2.0/subnets 0.137s
2025-04-10 19:52:59.672 69926 INFO tempest.lib.common.rest_client [req-3e2cc612-a1eb-46dc-87a9-b8357b619dd0 req-3e2cc612-a1eb-46dc-87a9-b8357b619dd0 ] Request (ServerExternalEventsTest:setUpClass): 201 POST http://10.180.1.21/identity/v3/users 0.761s
2025-04-10 19:52:59.676 69904 INFO tempest.lib.common.rest_client [req-6d0eaa48-acb8-41fe-827e-5f031f79130b req-6d0eaa48-acb8-41fe-827e-5f031f79130b ] Request (FlavorsExtraSpecsNegativeTestJSON:setUpClass): 201 POST http://10.180.1.21/identity/v3/projects 0.753s
2025-04-10 19:52:59.729 69931 INFO tempest.lib.common.rest_client [req-3de3c225-fc1f-42da-99b8-365128418eba req-3de3c225-fc1f-42da-99b8-365128418eba ] Request (FlavorsAccessTestJSON:setUpClass): 201 POST http://10.180.1.21/identity/v3/users 0.755s
2025-04-10 19:52:59.731 69944 INFO tempest.lib.common.rest_client [req-65bd80e4-a18c-44a7-b858-cfae678dc47d req-65bd80e4-a18c-44a7-b858-cfae678dc47d ] Request (ServersAdminTestJSON:setUpClass): 201 POST http://10.180.1.21:9696/networking/v2.0/subnets 0.126s
2025-04-10 19:52:59.733 69924 INFO tempest.lib.common.rest_client [req-879779f9-6bcb-41d8-995e-1f21cbd9c462 req-879779f9-6bcb-41d8-995e-1f21cbd9c462 ] Request (DeleteServersAdminTestJSON:setUpClass): 201 POST http://10.180.1.21/identity/v3/projects 0.767s
2025-04-10 19:52:59.793 69902 INFO tempest.lib.common.rest_client [req-e205d9de-2165-427f-a22d-a8822e790fc6 req-e205d9de-2165-427f-a22d-a8822e790fc6 ] Request (QuotasAdminTestV236:setUpClass): 201 POST http://10.180.1.21/identity/v3/projects 0.775s
2025-04-10 19:52:59.794 69908 INFO tempest.lib.common.rest_client [req-f6d223dc-5b8b-4ef3-85f9-a884f2e67b1a req-f6d223dc-5b8b-4ef3-85f9-a884f2e67b1a ] Request (HypervisorAdminV228Test:setUpClass): 201 POST http://10.180.1.21/identity/v3/projects 0.723s
2025-04-10 19:52:59.894 69932 INFO tempest.lib.common.rest_client [req-96e09219-caff-47b3-a14d-864cdc2ec9c1 req-96e09219-caff-47b3-a14d-864cdc2ec9c1 ] Request (FlavorsV255TestJSON:setUpClass): 201 POST http://10.180.1.21/identity/v3/projects 0.759s
2025-04-10 19:52:59.898 69920 INFO tempest.lib.common.rest_client [req-c4b21891-b781-49d6-8290-f0afe5832a1e req-c4b21891-b781-49d6-8290-f0afe5832a1e ] Request (AZAdminV2TestJSON:setUpClass): 200 GET http://10.180.1.21/identity/v3/roles 0.729s
2025-04-10 19:52:59.904 69928 INFO tempest.lib.common.rest_client [req-4fc6f164-605f-422c-933e-cb79735b9855 req-4fc6f164-605f-422c-933e-cb79735b9855 ] Request (FlavorsV2NegativeTest:test_boot_with_low_ram): 200 GET http://10.180.1.21/compute/v2.1/flavors/42 1.239s
2025-04-10 19:52:59.947 69940 INFO tempest.lib.common.rest_client [req-1da37f9b-34bf-46d5-b52b-7f60085036ce req-1da37f9b-34bf-46d5-b52b-7f60085036ce ] Request (AZAdminNegativeTestJSON:setUpClass): 201 POST http://10.180.1.21/identity/v3/users 0.752s
2025-04-10 19:52:59.949 69942 INFO tempest.lib.common.rest_client [req-5f74174c-e7ee-411e-a46a-eb9c6b9d7f0e req-5f74174c-e7ee-411e-a46a-eb9c6b9d7f0e ] Request (QuotaClassesAdmin257Test:setUpClass): 200 GET http://10.180.1.21/identity/v3/roles 0.742s
2025-04-10 19:52:59.970 69884 INFO tempest.lib.common.rest_client [req-05be83fc-137e-4628-b7e6-ae71e21fa945 req-05be83fc-137e-4628-b7e6-ae71e21fa945 ] Request (NetworksTest:setUpClass): 204 PUT http://10.180.1.21/identity/v3/projects/f3260109846344e090f19c29e3d496f5/users/d8d74fe3655b42c0853264c374a23cf6/roles/606915e17e2846e885501a55e9344153 0.732s
2025-04-10 19:52:59.970 69884 INFO tempest.lib.common.dynamic_creds [-] Dynamic test user d8d74fe3655b42c0853264c374a23cf6 is created with scope project and roles: ['admin']
2025-04-10 19:52:59.970 69884 INFO tempest.lib.common.dynamic_creds [-] Acquired dynamic creds: credentials: Credentials: {'domain_id': 'default', 'domain_name': 'Default', 'username': 'tempest-NetworksTest-655581811-project-admin', 'project_domain_id': 'default', 'project_domain_name': 'Default', 'project_id': 'f3260109846344e090f19c29e3d496f5', 'project_name': 'tempest-NetworksTest-655581811', 'tenant_id': 'f3260109846344e090f19c29e3d496f5', 'tenant_name': 'tempest-NetworksTest-655581811', 'user_domain_id': 'default', 'user_domain_name': 'Default', 'user_id': 'd8d74fe3655b42c0853264c374a23cf6', 'system': None}, Network: None, Subnet: None, Router: None
2025-04-10 19:52:59.970 69884 INFO tempest.lib.common.dynamic_creds [-] Created isolated network resources for: credentials: Credentials: {'domain_id': 'default', 'domain_name': 'Default', 'username': 'tempest-NetworksTest-655581811-project-admin', 'project_domain_id': 'default', 'project_domain_name': 'Default', 'project_id': 'f3260109846344e090f19c29e3d496f5', 'project_name': 'tempest-NetworksTest-655581811', 'tenant_id': 'f3260109846344e090f19c29e3d496f5', 'tenant_name': 'tempest-NetworksTest-655581811', 'user_domain_id': 'default', 'user_domain_name': 'Default', 'user_id': 'd8d74fe3655b42c0853264c374a23cf6', 'system': None}, Network: None, Subnet: None, Router: None
2025-04-10 19:53:00.032 69912 INFO tempest.lib.common.rest_client [req-d4c14858-c1d8-4b68-8871-d57f97c5d532 req-d4c14858-c1d8-4b68-8871-d57f97c5d532 ] Request (KeyPairsV210TestJSON:setUpClass): 201 POST http://10.180.1.21/identity/v3/users 0.771s
2025-04-10 19:53:00.057 69918 INFO tempest.lib.common.rest_client [req-3148f34f-58f2-402a-a507-4dab0280f4e2 req-3148f34f-58f2-402a-a507-4dab0280f4e2 ] Request (ServerDiagnosticsV248Test:setUpClass): 201 POST http://10.180.1.21/identity/v3/users 0.792s
2025-04-10 19:53:00.087 69906 INFO tempest.lib.common.rest_client [req-302e95f2-e89a-4f3c-9be0-7a4b23d7586b req-302e95f2-e89a-4f3c-9be0-7a4b23d7586b ] Request (HypervisorAdminUnderV252Test:setUpClass): 204 PUT http://10.180.1.21/identity/v3/projects/7edca911c3c14ab18bd6ac6ac4a2d719/users/b9abc37114464742b1170ac5770f6c80/roles/606915e17e2846e885501a55e9344153 0.754s
2025-04-10 19:53:00.090 69890 INFO tempest.lib.common.rest_client [req-74310e2b-d450-4feb-83b2-4140fc06ac7c req-74310e2b-d450-4feb-83b2-4140fc06ac7c ] Request (HostsAdminTestJSON:setUpClass): 204 PUT http://10.180.1.21/identity/v3/projects/5450d82419ae4acdb92680a43a80ba19/users/75ff0aac19b2470e99536727e1145cff/roles/606915e17e2846e885501a55e9344153 0.738s
2025-04-10 19:53:00.136 69896 INFO tempest.lib.common.rest_client [req-a648e86e-2135-4ad6-a5b7-7d9c0da15ffa req-a648e86e-2135-4ad6-a5b7-7d9c0da15ffa ] Request (ServicesAdminNegativeV253TestJSON:setUpClass): 204 PUT http://10.180.1.21/identity/v3/projects/0f7c22272a8c4b4a8242de435294b421/users/f404ff90a15d4d39b808ae4b255eea65/roles/606915e17e2846e885501a55e9344153 0.721s
2025-04-10 19:53:00.137 69896 INFO tempest.lib.common.dynamic_creds [-] Dynamic test user f404ff90a15d4d39b808ae4b255eea65 is created with scope project and roles: ['admin']
2025-04-10 19:53:00.137 69896 INFO tempest.lib.common.dynamic_creds [-] Acquired dynamic creds: credentials: Credentials: {'domain_id': 'default', 'domain_name': 'Default', 'username': 'tempest-ServicesAdminNegativeV253TestJSON-819830998-project-admin', 'project_domain_id': 'default', 'project_domain_name': 'Default', 'project_id': '0f7c22272a8c4b4a8242de435294b421', 'project_name': 'tempest-ServicesAdminNegativeV253TestJSON-819830998', 'tenant_id': '0f7c22272a8c4b4a8242de435294b421', 'tenant_name': 'tempest-ServicesAdminNegativeV253TestJSON-819830998', 'user_domain_id': 'default', 'user_domain_name': 'Default', 'user_id': 'f404ff90a15d4d39b808ae4b255eea65', 'system': None}, Network: None, Subnet: None, Router: None
2025-04-10 19:53:00.137 69896 INFO tempest.lib.common.dynamic_creds [-] Created isolated network resources for: credentials: Credentials: {'domain_id': 'default', 'domain_name': 'Default', 'username': 'tempest-ServicesAdminNegativeV253TestJSON-819830998-project-admin', 'project_domain_id': 'default', 'project_domain_name': 'Default', 'project_id': '0f7c22272a8c4b4a8242de435294b421', 'project_name': 'tempest-ServicesAdminNegativeV253TestJSON-819830998', 'tenant_id': '0f7c22272a8c4b4a8242de435294b421', 'tenant_name': 'tempest-ServicesAdminNegativeV253TestJSON-819830998', 'user_domain_id': 'default', 'user_domain_name': 'Default', 'user_id': 'f404ff90a15d4d39b808ae4b255eea65', 'system': None}, Network: None, Subnet: None, Router: None
2025-04-10 19:53:00.159 69923 INFO tempest.lib.common.rest_client [req-b4ec155e-4979-405b-be3c-22f7b09dd759 req-b4ec155e-4979-405b-be3c-22f7b09dd759 ] Request (FlavorMetadataValidation:setUpClass): 201 POST http://10.180.1.21/identity/v3/users 0.728s
2025-04-10 19:53:00.199 69886 INFO tempest.lib.common.rest_client [req-9b19c219-415b-461f-8bfa-2a8957c99b64 req-9b19c219-415b-461f-8bfa-2a8957c99b64 ] Request (ServersAdmin275Test:setUpClass): 201 POST http://10.180.1.21/identity/v3/users 0.757s
2025-04-10 19:53:00.200 69934 INFO tempest.lib.common.rest_client [req-32536557-4e68-4fe9-b6b7-9c0fe1009980 req-32536557-4e68-4fe9-b6b7-9c0fe1009980 ] Request (AggregatesAdminNegativeTestJSON:setUpClass): 201 POST http://10.180.1.21/identity/v3/users 0.688s
2025-04-10 19:53:00.226 69898 INFO tempest.lib.common.rest_client [req-41908777-4244-4f68-9b7e-558be7f41429 req-41908777-4244-4f68-9b7e-558be7f41429 ] Request (SecurityGroupRulesNegativeTestJSON:setUpClass): 201 POST http://10.180.1.21/identity/v3/auth/tokens 0.689s
2025-04-10 19:53:00.228 69914 INFO tempest.lib.common.rest_client [req-c0f90896-5353-498d-ab98-9354ec0feb7e req-c0f90896-5353-498d-ab98-9354ec0feb7e ] Request (FlavorsExtraSpecsTestJSON:setUpClass): 201 POST http://10.180.1.21/identity/v3/users 0.667s
2025-04-10 19:53:00.246 69936 INFO tempest.lib.common.rest_client [req-3699c0c5-03ea-4833-9ed3-c05a729f8fcc req-3699c0c5-03ea-4833-9ed3-c05a729f8fcc ] Request (FlavorsAccessNegativeTestJSON:setUpClass): 201 POST http://10.180.1.21/identity/v3/users 0.627s
2025-04-10 19:53:00.262 69926 INFO tempest.lib.common.rest_client [req-171cabd5-a372-45bf-b284-e5b2d8edc89d req-171cabd5-a372-45bf-b284-e5b2d8edc89d ] Request (ServerExternalEventsTest:setUpClass): 200 GET http://10.180.1.21/identity/v3/roles 0.589s
2025-04-10 19:53:00.284 69938 INFO tempest.lib.common.rest_client [req-41d56619-bdfb-46eb-9b6e-ad27b62d35ca req-41d56619-bdfb-46eb-9b6e-ad27b62d35ca ] Request (FloatingIPDetailsNegativeTestJSON:setUpClass): 201 POST http://10.180.1.21/identity/v3/auth/tokens 0.636s
2025-04-10 19:53:00.285 69904 INFO tempest.lib.common.rest_client [req-1020ee45-99bc-4268-8bed-b54baa1cde48 req-1020ee45-99bc-4268-8bed-b54baa1cde48 ] Request (FlavorsExtraSpecsNegativeTestJSON:setUpClass): 201 POST http://10.180.1.21/identity/v3/users 0.609s
2025-04-10 19:53:00.305 69931 INFO tempest.lib.common.rest_client [req-d1c0620d-4882-4d36-ae8f-c9bd7b97e0dc req-d1c0620d-4882-4d36-ae8f-c9bd7b97e0dc ] Request (FlavorsAccessTestJSON:setUpClass): 200 GET http://10.180.1.21/identity/v3/roles 0.575s
2025-04-10 19:53:00.309 69910 INFO tempest.lib.common.rest_client [req-b6e81482-3647-4c9a-98d5-56958c0db081 req-b6e81482-3647-4c9a-98d5-56958c0db081 ] Request (VolumesAssistedSnapshotsTest:setUpClass): 201 POST http://10.180.1.21:9696/networking/v2.0/routers 0.678s
2025-04-10 19:53:00.318 69924 INFO tempest.lib.common.rest_client [req-9a35d217-20a5-4c63-bfbc-393371b65643 req-9a35d217-20a5-4c63-bfbc-393371b65643 ] Request (DeleteServersAdminTestJSON:setUpClass): 201 POST http://10.180.1.21/identity/v3/users 0.584s
2025-04-10 19:53:00.327 69902 INFO tempest.lib.common.rest_client [req-3a1ae222-a85a-4895-94ea-89a143af3db6 req-3a1ae222-a85a-4895-94ea-89a143af3db6 ] Request (QuotasAdminTestV236:setUpClass): 201 POST http://10.180.1.21/identity/v3/users 0.533s
2025-04-10 19:53:00.345 69908 INFO tempest.lib.common.rest_client [req-f884020e-7e80-4597-8ae4-4e78b617b698 req-f884020e-7e80-4597-8ae4-4e78b617b698 ] Request (HypervisorAdminV228Test:setUpClass): 201 POST http://10.180.1.21/identity/v3/users 0.551s
2025-04-10 19:53:00.347 69932 INFO tempest.lib.common.rest_client [req-fe47d9a0-88d3-4be2-b142-29ec0384e0c5 req-fe47d9a0-88d3-4be2-b142-29ec0384e0c5 ] Request (FlavorsV255TestJSON:setUpClass): 201 POST http://10.180.1.21/identity/v3/users 0.453s
2025-04-10 19:53:00.369 69920 INFO tempest.lib.common.rest_client [req-a9e1e3cd-be21-406e-aeb0-b3f832d624e2 req-a9e1e3cd-be21-406e-aeb0-b3f832d624e2 ] Request (AZAdminV2TestJSON:setUpClass): 204 PUT http://10.180.1.21/identity/v3/projects/c98ea123dc53453f87d4495a130ae1ed/users/284b31140c1a4f228b9070410b86df5c/roles/606915e17e2846e885501a55e9344153 0.471s
2025-04-10 19:53:00.409 69944 INFO tempest.lib.common.rest_client [req-9241fcda-9f66-4f45-963a-755ef2613df4 req-9241fcda-9f66-4f45-963a-755ef2613df4 ] Request (ServersAdminTestJSON:setUpClass): 201 POST http://10.180.1.21:9696/networking/v2.0/routers 0.677s
2025-04-10 19:53:00.424 69940 INFO tempest.lib.common.rest_client [req-4a4f6961-b071-4530-9515-fac62296c1f2 req-4a4f6961-b071-4530-9515-fac62296c1f2 ] Request (AZAdminNegativeTestJSON:setUpClass): 200 GET http://10.180.1.21/identity/v3/roles 0.476s
2025-04-10 19:53:00.491 69942 INFO tempest.lib.common.rest_client [req-f501bf5e-2287-4ad9-8254-99bd39cc2aaf req-f501bf5e-2287-4ad9-8254-99bd39cc2aaf ] Request (QuotaClassesAdmin257Test:setUpClass): 204 PUT http://10.180.1.21/identity/v3/projects/99260797c154413e8bc2117f1832add1/users/6c4b38cd0d81450286e7c2f3777938ea/roles/606915e17e2846e885501a55e9344153 0.542s
2025-04-10 19:53:00.499 69892 INFO tempest.lib.common.rest_client [req-06c3e25a-a30d-4e1c-9312-03e888530581 req-06c3e25a-a30d-4e1c-9312-03e888530581 ] Request (InstanceUsageAuditLogTestJSON:test_get_instance_usage_audit_log): 200 GET http://10.180.1.21/compute/v2.1/os-instance_usage_audit_log/2025-04-10%2019%3A52%3A59 1.466s
2025-04-10 19:53:00.516 69900 INFO tempest.lib.common.rest_client [req-eaf01217-4823-40ca-ac84-fd237221ac35 req-eaf01217-4823-40ca-ac84-fd237221ac35 ] Request (KeyPairsV2TestJSON:test_get_keypair_detail): 200 GET http://10.180.1.21/compute/v2.1/os-keypairs/tempest-keypair-1846551664 1.372s
2025-04-10 19:53:00.550 69912 INFO tempest.lib.common.rest_client [req-f87bf12e-9c28-491c-8f07-b5089ed4db0a req-f87bf12e-9c28-491c-8f07-b5089ed4db0a ] Request (KeyPairsV210TestJSON:setUpClass): 200 GET http://10.180.1.21/identity/v3/roles 0.518s
2025-04-10 19:53:00.554 69917 INFO tempest.lib.common.rest_client [req-5fe02cbf-228c-406a-971c-487a92d7b759 req-5fe02cbf-228c-406a-971c-487a92d7b759 ] Request (HypervisorAdminTestJSON:test_get_hypervisor_list_details): 200 GET http://10.180.1.21/compute/v2.1/os-hypervisors/detail 1.326s
2025-04-10 19:53:00.564 69884 INFO tempest.lib.common.rest_client [req-117765be-6e3f-4b4d-8fe9-8ffb9a630fa6 req-117765be-6e3f-4b4d-8fe9-8ffb9a630fa6 ] Request (NetworksTest:setUpClass): 201 POST http://10.180.1.21/identity/v3/auth/tokens 0.591s
2025-04-10 19:53:00.567 69918 INFO tempest.lib.common.rest_client [req-081b54cf-c34d-4e88-9aef-78fa4bb5353d req-081b54cf-c34d-4e88-9aef-78fa4bb5353d ] Request (ServerDiagnosticsV248Test:setUpClass): 200 GET http://10.180.1.21/identity/v3/roles 0.510s
2025-04-10 19:53:00.583 69906 INFO tempest.lib.common.rest_client [req-5620d449-11ef-4fbc-ade4-55f87b0b1a8b req-5620d449-11ef-4fbc-ade4-55f87b0b1a8b ] Request (HypervisorAdminUnderV252Test:setUpClass): 200 GET http://10.180.1.21/identity/v3/roles 0.495s
2025-04-10 19:53:00.584 69890 INFO tempest.lib.common.rest_client [req-f65795b5-7610-46c8-b8f1-7b70eeb0d14e req-f65795b5-7610-46c8-b8f1-7b70eeb0d14e ] Request (HostsAdminTestJSON:setUpClass): 200 GET http://10.180.1.21/identity/v3/roles 0.493s
2025-04-10 19:53:00.601 69923 INFO tempest.lib.common.rest_client [req-f3317232-a880-416b-b0a1-85d1a307a95c req-f3317232-a880-416b-b0a1-85d1a307a95c ] Request (FlavorMetadataValidation:setUpClass): 200 GET http://10.180.1.21/identity/v3/roles 0.441s
2025-04-10 19:53:00.615 69886 INFO tempest.lib.common.rest_client [req-4b8837eb-963d-4990-9a86-fd2295443b0b req-4b8837eb-963d-4990-9a86-fd2295443b0b ] Request (ServersAdmin275Test:setUpClass): 200 GET http://10.180.1.21/identity/v3/roles 0.415s
2025-04-10 19:53:00.631 69934 INFO tempest.lib.common.rest_client [req-2b6dbc62-99fd-4a44-b6b2-ec64349c2b3f req-2b6dbc62-99fd-4a44-b6b2-ec64349c2b3f ] Request (AggregatesAdminNegativeTestJSON:setUpClass): 200 GET http://10.180.1.21/identity/v3/roles 0.430s
2025-04-10 19:53:00.645 69896 INFO tempest.lib.common.rest_client [req-9e784a0e-febf-4e1c-a700-e38097212e09 req-9e784a0e-febf-4e1c-a700-e38097212e09 ] Request (ServicesAdminNegativeV253TestJSON:setUpClass): 201 POST http://10.180.1.21/identity/v3/auth/tokens 0.505s
2025-04-10 19:53:00.648 69914 INFO tempest.lib.common.rest_client [req-cd882d81-25f8-40f5-82ea-481667acf14b req-cd882d81-25f8-40f5-82ea-481667acf14b ] Request (FlavorsExtraSpecsTestJSON:setUpClass): 200 GET http://10.180.1.21/identity/v3/roles 0.419s
2025-04-10 19:53:00.665 69936 INFO tempest.lib.common.rest_client [req-aa18360e-2243-4910-8e39-1f70000f90f1 req-aa18360e-2243-4910-8e39-1f70000f90f1 ] Request (FlavorsAccessNegativeTestJSON:setUpClass): 200 GET http://10.180.1.21/identity/v3/roles 0.418s
2025-04-10 19:53:00.672 69898 INFO tempest.lib.common.rest_client [req-608d95bb-5610-4c59-a070-f5f2fde4836c req-608d95bb-5610-4c59-a070-f5f2fde4836c ] Request (SecurityGroupRulesNegativeTestJSON:setUpClass): 201 POST http://10.180.1.21/identity/v3/auth/tokens 0.441s
2025-04-10 19:53:00.687 69904 INFO tempest.lib.common.rest_client [req-c69470a9-0e56-470e-80c0-c2756cd1865d req-c69470a9-0e56-470e-80c0-c2756cd1865d ] Request (FlavorsExtraSpecsNegativeTestJSON:setUpClass): 200 GET http://10.180.1.21/identity/v3/roles 0.401s
2025-04-10 19:53:00.687 69926 INFO tempest.lib.common.rest_client [req-e12206c3-1327-4363-8310-9622ce1bc1dd req-e12206c3-1327-4363-8310-9622ce1bc1dd ] Request (ServerExternalEventsTest:setUpClass): 204 PUT http://10.180.1.21/identity/v3/projects/be5d3c96215a4ba1a266551f01cef680/users/fae9af1be59141b8aaa36dd04bac011e/roles/606915e17e2846e885501a55e9344153 0.425s
2025-04-10 19:53:00.735 69924 INFO tempest.lib.common.rest_client [req-b30b7696-9cb6-4c61-a048-67f3fdb332f8 req-b30b7696-9cb6-4c61-a048-67f3fdb332f8 ] Request (DeleteServersAdminTestJSON:setUpClass): 200 GET http://10.180.1.21/identity/v3/roles 0.417s
2025-04-10 19:53:00.744 69931 INFO tempest.lib.common.rest_client [req-ecc90403-59f4-4923-a7b1-e67046facb97 req-ecc90403-59f4-4923-a7b1-e67046facb97 ] Request (FlavorsAccessTestJSON:setUpClass): 204 PUT http://10.180.1.21/identity/v3/projects/c40d60d3fe974661b78a51a5b319fc25/users/96d306241ae8449680e7cef50d583341/roles/606915e17e2846e885501a55e9344153 0.439s
2025-04-10 19:53:00.753 69902 INFO tempest.lib.common.rest_client [req-db42369d-8b54-4f95-ab53-b0391b3572a0 req-db42369d-8b54-4f95-ab53-b0391b3572a0 ] Request (QuotasAdminTestV236:setUpClass): 200 GET http://10.180.1.21/identity/v3/roles 0.425s
2025-04-10 19:53:00.797 69908 INFO tempest.lib.common.rest_client [req-3f6dabc8-4970-4d2e-b4f0-001aedda1eb0 req-3f6dabc8-4970-4d2e-b4f0-001aedda1eb0 ] Request (HypervisorAdminV228Test:setUpClass): 200 GET http://10.180.1.21/identity/v3/roles 0.451s
2025-04-10 19:53:00.805 69932 INFO tempest.lib.common.rest_client [req-44a877cf-57a3-454c-9076-2ccfb8ad2efb req-44a877cf-57a3-454c-9076-2ccfb8ad2efb ] Request (FlavorsV255TestJSON:setUpClass): 200 GET http://10.180.1.21/identity/v3/roles 0.457s
2025-04-10 19:53:00.823 69920 INFO tempest.lib.common.rest_client [req-c6742abe-769e-4236-833a-25e9adbe7a96 req-c6742abe-769e-4236-833a-25e9adbe7a96 ] Request (AZAdminV2TestJSON:setUpClass): 200 GET http://10.180.1.21/identity/v3/roles 0.453s
2025-04-10 19:53:00.833 69940 INFO tempest.lib.common.rest_client [req-aa394dec-9a01-4106-8856-dd8a0b4e64d8 req-aa394dec-9a01-4106-8856-dd8a0b4e64d8 ] Request (AZAdminNegativeTestJSON:setUpClass): 204 PUT http://10.180.1.21/identity/v3/projects/4d731be81a0347d09446041ac6e75391/users/6ef8010961e845f691ca2bd52c1021e4/roles/606915e17e2846e885501a55e9344153 0.409s
2025-04-10 19:53:00.842 69942 INFO tempest.lib.common.rest_client [req-6a510994-4a07-423c-9f20-3d251706a508 req-6a510994-4a07-423c-9f20-3d251706a508 ] Request (QuotaClassesAdmin257Test:setUpClass): 200 GET http://10.180.1.21/identity/v3/roles 0.350s
2025-04-10 19:53:00.898 69912 INFO tempest.lib.common.rest_client [req-5efb4265-5764-4852-86eb-8c861b0f29fe req-5efb4265-5764-4852-86eb-8c861b0f29fe ] Request (KeyPairsV210TestJSON:setUpClass): 204 PUT http://10.180.1.21/identity/v3/projects/e0f3e14047ac41b1ae895aa492ac33b5/users/417c1e1598c44de0b9e8bac5e221dc23/roles/606915e17e2846e885501a55e9344153 0.347s
2025-04-10 19:53:01.019 69894 INFO tempest.lib.common.rest_client [req-06b34798-9bd1-4257-99b6-a6411c9bbb13 req-06b34798-9bd1-4257-99b6-a6411c9bbb13 ] Request (HypervisorAdminNegativeUnderV252Test:test_search_hypervisor_with_non_admin_user): 200 GET http://10.180.1.21/compute/v2.1/os-hypervisors 1.395s
2025-04-10 19:53:01.031 69918 INFO tempest.lib.common.rest_client [req-1b352f1b-e088-43c8-a738-63c252b0ae3e req-1b352f1b-e088-43c8-a738-63c252b0ae3e ] Request (ServerDiagnosticsV248Test:setUpClass): 204 PUT http://10.180.1.21/identity/v3/projects/a98933ea250e42a5867c0967c0fe3b7f/users/6981af9e6a1a413eb38c22b2aa1bbab9/roles/606915e17e2846e885501a55e9344153 0.463s
2025-04-10 19:53:01.038 69946 INFO tempest.lib.common.rest_client [req-d84824e0-c8d6-4f86-bd07-cde3e04d7012 req-d84824e0-c8d6-4f86-bd07-cde3e04d7012 ] Request (QuotasAdminTestV257:test_get_updated_quotas): 200 PUT http://10.180.1.21/compute/v2.1/os-quota-sets/1ca4f1da28a342ec8aa24338d9a2c3d3 2.211s
2025-04-10 19:53:01.058 69892 INFO tempest.lib.common.rest_client [req-8846b190-e6c2-470c-9bfb-f2f0152cfa44 req-8846b190-e6c2-470c-9bfb-f2f0152cfa44 ] Request (InstanceUsageAuditLogTestJSON:test_list_instance_usage_audit_logs): 200 GET http://10.180.1.21/compute/v2.1/os-instance_usage_audit_log 0.548s
2025-04-10 19:53:01.079 69890 INFO tempest.lib.common.rest_client [req-8a0a117e-b4b6-4d54-8a36-69ea19c68875 req-8a0a117e-b4b6-4d54-8a36-69ea19c68875 ] Request (HostsAdminTestJSON:setUpClass): 204 PUT http://10.180.1.21/identity/v3/projects/5450d82419ae4acdb92680a43a80ba19/users/75ff0aac19b2470e99536727e1145cff/roles/606915e17e2846e885501a55e9344153 0.495s
2025-04-10 19:53:01.079 69890 INFO tempest.lib.common.dynamic_creds [-] Dynamic test user 75ff0aac19b2470e99536727e1145cff is created with scope project and roles: ['admin']
2025-04-10 19:53:01.079 69890 INFO tempest.lib.common.dynamic_creds [-] Acquired dynamic creds: credentials: Credentials: {'domain_id': 'default', 'domain_name': 'Default', 'username': 'tempest-HostsAdminTestJSON-2080531241-project-admin', 'project_domain_id': 'default', 'project_domain_name': 'Default', 'project_id': '5450d82419ae4acdb92680a43a80ba19', 'project_name': 'tempest-HostsAdminTestJSON-2080531241', 'tenant_id': '5450d82419ae4acdb92680a43a80ba19', 'tenant_name': 'tempest-HostsAdminTestJSON-2080531241', 'user_domain_id': 'default', 'user_domain_name': 'Default', 'user_id': '75ff0aac19b2470e99536727e1145cff', 'system': None}, Network: None, Subnet: None, Router: None
2025-04-10 19:53:01.079 69890 INFO tempest.lib.common.dynamic_creds [-] Created isolated network resources for: credentials: Credentials: {'domain_id': 'default', 'domain_name': 'Default', 'username': 'tempest-HostsAdminTestJSON-2080531241-project-admin', 'project_domain_id': 'default', 'project_domain_name': 'Default', 'project_id': '5450d82419ae4acdb92680a43a80ba19', 'project_name': 'tempest-HostsAdminTestJSON-2080531241', 'tenant_id': '5450d82419ae4acdb92680a43a80ba19', 'tenant_name': 'tempest-HostsAdminTestJSON-2080531241', 'user_domain_id': 'default', 'user_domain_name': 'Default', 'user_id': '75ff0aac19b2470e99536727e1145cff', 'system': None}, Network: None, Subnet: None, Router: None
2025-04-10 19:53:01.082 69906 INFO tempest.lib.common.rest_client [req-050d8b36-0976-4e82-a919-05df0d06ec95 req-050d8b36-0976-4e82-a919-05df0d06ec95 ] Request (HypervisorAdminUnderV252Test:setUpClass): 204 PUT http://10.180.1.21/identity/v3/projects/7edca911c3c14ab18bd6ac6ac4a2d719/users/b9abc37114464742b1170ac5770f6c80/roles/606915e17e2846e885501a55e9344153 0.498s
2025-04-10 19:53:01.082 69906 INFO tempest.lib.common.dynamic_creds [-] Dynamic test user b9abc37114464742b1170ac5770f6c80 is created with scope project and roles: ['admin']
2025-04-10 19:53:01.082 69906 INFO tempest.lib.common.dynamic_creds [-] Acquired dynamic creds: credentials: Credentials: {'domain_id': 'default', 'domain_name': 'Default', 'username': 'tempest-HypervisorAdminUnderV252Test-120663956-project-admin', 'project_domain_id': 'default', 'project_domain_name': 'Default', 'project_id': '7edca911c3c14ab18bd6ac6ac4a2d719', 'project_name': 'tempest-HypervisorAdminUnderV252Test-120663956', 'tenant_id': '7edca911c3c14ab18bd6ac6ac4a2d719', 'tenant_name': 'tempest-HypervisorAdminUnderV252Test-120663956', 'user_domain_id': 'default', 'user_domain_name': 'Default', 'user_id': 'b9abc37114464742b1170ac5770f6c80', 'system': None}, Network: None, Subnet: None, Router: None
2025-04-10 19:53:01.082 69906 INFO tempest.lib.common.dynamic_creds [-] Created isolated network resources for: credentials: Credentials: {'domain_id': 'default', 'domain_name': 'Default', 'username': 'tempest-HypervisorAdminUnderV252Test-120663956-project-admin', 'project_domain_id': 'default', 'project_domain_name': 'Default', 'project_id': '7edca911c3c14ab18bd6ac6ac4a2d719', 'project_name': 'tempest-HypervisorAdminUnderV252Test-120663956', 'tenant_id': '7edca911c3c14ab18bd6ac6ac4a2d719', 'tenant_name': 'tempest-HypervisorAdminUnderV252Test-120663956', 'user_domain_id': 'default', 'user_domain_name': 'Default', 'user_id': 'b9abc37114464742b1170ac5770f6c80', 'system': None}, Network: None, Subnet: None, Router: None
2025-04-10 19:53:01.090 69900 INFO tempest.lib.common.rest_client [req-e00eafc0-aa07-46ed-8560-6a51e7a81f3c req-e00eafc0-aa07-46ed-8560-6a51e7a81f3c ] Request (KeyPairsV2TestJSON:_run_cleanups): 202 DELETE http://10.180.1.21/compute/v2.1/os-keypairs/tempest-keypair-1846551664 0.568s
2025-04-10 19:53:01.109 69917 INFO tempest.lib.common.rest_client [req-d88b94bd-d284-419f-8712-b044e61b8af8 req-d88b94bd-d284-419f-8712-b044e61b8af8 ] Request (HypervisorAdminTestJSON:test_get_hypervisor_show_details): 200 GET http://10.180.1.21/compute/v2.1/os-hypervisors 0.550s
2025-04-10 19:53:01.148 69886 INFO tempest.lib.common.rest_client [req-0fd4960e-3c09-400f-bb89-7e5c9dc82a7e req-0fd4960e-3c09-400f-bb89-7e5c9dc82a7e ] Request (ServersAdmin275Test:setUpClass): 204 PUT http://10.180.1.21/identity/v3/projects/3b281a1cccf640edac725280ab57d1db/users/06dd8585b7ba41efa4c35c0bc77223fc/roles/606915e17e2846e885501a55e9344153 0.533s
2025-04-10 19:53:01.174 69923 INFO tempest.lib.common.rest_client [req-98a1e372-873b-43a9-b5a4-6fbda3293040 req-98a1e372-873b-43a9-b5a4-6fbda3293040 ] Request (FlavorMetadataValidation:setUpClass): 204 PUT http://10.180.1.21/identity/v3/projects/39ed6f8f2a5a446c9ee93363249506ab/users/6ceb6d9b082a4369893eb038868d127d/roles/606915e17e2846e885501a55e9344153 0.573s
2025-04-10 19:53:01.225 69914 INFO tempest.lib.common.rest_client [req-e14fa6b4-17e2-46d6-8904-0ad244676433 req-e14fa6b4-17e2-46d6-8904-0ad244676433 ] Request (FlavorsExtraSpecsTestJSON:setUpClass): 204 PUT http://10.180.1.21/identity/v3/projects/120f8f9d78d141a8b43ad4d4d4a7f917/users/f4493a90f3ca40b08797584244c6d492/roles/606915e17e2846e885501a55e9344153 0.575s
2025-04-10 19:53:01.237 69934 INFO tempest.lib.common.rest_client [req-a0ce0dda-d982-4805-b53a-06fd2ae2d5dc req-a0ce0dda-d982-4805-b53a-06fd2ae2d5dc ] Request (AggregatesAdminNegativeTestJSON:setUpClass): 204 PUT http://10.180.1.21/identity/v3/projects/095204c64eb246dc96743ccbbfb64df7/users/70bb54be47c0440db4f1a6adf75f4953/roles/606915e17e2846e885501a55e9344153 0.605s
2025-04-10 19:53:01.280 69898 INFO tempest.lib.common.rest_client [req-4511f491-548d-4614-8463-5a147854f1ca req-4511f491-548d-4614-8463-5a147854f1ca ] Request (SecurityGroupRulesNegativeTestJSON:setUpClass): 200 GET http://10.180.1.21/identity/v3/domains?name=Default 0.608s
2025-04-10 19:53:01.299 69936 INFO tempest.lib.common.rest_client [req-9158231a-1b9b-4430-9d5e-c74a8396ee6b req-9158231a-1b9b-4430-9d5e-c74a8396ee6b ] Request (FlavorsAccessNegativeTestJSON:setUpClass): 204 PUT http://10.180.1.21/identity/v3/projects/263c1309e10d413a87c6685b2801c992/users/6369f4298c4d4f958acbdc0703d94d30/roles/606915e17e2846e885501a55e9344153 0.633s
2025-04-10 19:53:01.299 69904 INFO tempest.lib.common.rest_client [req-78ad5092-f529-404a-82e8-926ab4786905 req-78ad5092-f529-404a-82e8-926ab4786905 ] Request (FlavorsExtraSpecsNegativeTestJSON:setUpClass): 204 PUT http://10.180.1.21/identity/v3/projects/34b1a6fb57b04f90a1b706e15205af93/users/731241e9f1bc46eea9af37a8026af62a/roles/606915e17e2846e885501a55e9344153 0.612s
2025-04-10 19:53:01.350 69926 INFO tempest.lib.common.rest_client [req-4ea33443-9b01-4fe9-be0c-b64c29af1be0 req-4ea33443-9b01-4fe9-be0c-b64c29af1be0 ] Request (ServerExternalEventsTest:setUpClass): 200 GET http://10.180.1.21/identity/v3/roles 0.663s
2025-04-10 19:53:01.359 69924 INFO tempest.lib.common.rest_client [req-5970732f-dfed-47b7-93b2-066394ce922a req-5970732f-dfed-47b7-93b2-066394ce922a ] Request (DeleteServersAdminTestJSON:setUpClass): 204 PUT http://10.180.1.21/identity/v3/projects/8addb3637ee446ff9e7c387e78cf295a/users/8563f90b78434cc783130cb3c5914197/roles/606915e17e2846e885501a55e9344153 0.624s
2025-04-10 19:53:01.397 69931 INFO tempest.lib.common.rest_client [req-9d0658dd-02da-4384-a1de-a36e8ccdecca req-9d0658dd-02da-4384-a1de-a36e8ccdecca ] Request (FlavorsAccessTestJSON:setUpClass): 200 GET http://10.180.1.21/identity/v3/roles 0.652s
2025-04-10 19:53:01.415 69902 INFO tempest.lib.common.rest_client [req-17010ebf-8feb-4ffd-be3c-96533b41bd10 req-17010ebf-8feb-4ffd-be3c-96533b41bd10 ] Request (QuotasAdminTestV236:setUpClass): 204 PUT http://10.180.1.21/identity/v3/projects/e0b03469316a4237bad9dbecaa4d7310/users/b7b6265d80f74fabbe0e4e9a600224ba/roles/606915e17e2846e885501a55e9344153 0.661s
2025-04-10 19:53:01.424 69908 INFO tempest.lib.common.rest_client [req-80cd6961-d940-4443-b0d3-8f4204db4b4c req-80cd6961-d940-4443-b0d3-8f4204db4b4c ] Request (HypervisorAdminV228Test:setUpClass): 204 PUT http://10.180.1.21/identity/v3/projects/abc1b7332e4143a3b4d6898fff79e517/users/e149e52791d24eb682b264a2569a7d8b/roles/606915e17e2846e885501a55e9344153 0.627s
2025-04-10 19:53:01.474 69920 INFO tempest.lib.common.rest_client [req-1d5d6cb1-3094-4175-9f66-92c9a92f1681 req-1d5d6cb1-3094-4175-9f66-92c9a92f1681 ] Request (AZAdminV2TestJSON:setUpClass): 204 PUT http://10.180.1.21/identity/v3/projects/c98ea123dc53453f87d4495a130ae1ed/users/284b31140c1a4f228b9070410b86df5c/roles/606915e17e2846e885501a55e9344153 0.650s
2025-04-10 19:53:01.474 69920 INFO tempest.lib.common.dynamic_creds [-] Dynamic test user 284b31140c1a4f228b9070410b86df5c is created with scope project and roles: ['admin']
2025-04-10 19:53:01.474 69920 INFO tempest.lib.common.dynamic_creds [-] Acquired dynamic creds: credentials: Credentials: {'domain_id': 'default', 'domain_name': 'Default', 'username': 'tempest-AZAdminV2TestJSON-587654090-project-admin', 'project_domain_id': 'default', 'project_domain_name': 'Default', 'project_id': 'c98ea123dc53453f87d4495a130ae1ed', 'project_name': 'tempest-AZAdminV2TestJSON-587654090', 'tenant_id': 'c98ea123dc53453f87d4495a130ae1ed', 'tenant_name': 'tempest-AZAdminV2TestJSON-587654090', 'user_domain_id': 'default', 'user_domain_name': 'Default', 'user_id': '284b31140c1a4f228b9070410b86df5c', 'system': None}, Network: None, Subnet: None, Router: None
2025-04-10 19:53:01.474 69920 INFO tempest.lib.common.dynamic_creds [-] Created isolated network resources for: credentials: Credentials: {'domain_id': 'default', 'domain_name': 'Default', 'username': 'tempest-AZAdminV2TestJSON-587654090-project-admin', 'project_domain_id': 'default', 'project_domain_name': 'Default', 'project_id': 'c98ea123dc53453f87d4495a130ae1ed', 'project_name': 'tempest-AZAdminV2TestJSON-587654090', 'tenant_id': 'c98ea123dc53453f87d4495a130ae1ed', 'tenant_name': 'tempest-AZAdminV2TestJSON-587654090', 'user_domain_id': 'default', 'user_domain_name': 'Default', 'user_id': '284b31140c1a4f228b9070410b86df5c', 'system': None}, Network: None, Subnet: None, Router: None
2025-04-10 19:53:01.506 69932 INFO tempest.lib.common.rest_client [req-f99a6ebb-f070-4c6e-8196-3ad277b54ce1 req-f99a6ebb-f070-4c6e-8196-3ad277b54ce1 ] Request (FlavorsV255TestJSON:setUpClass): 204 PUT http://10.180.1.21/identity/v3/projects/5b8b3b02201f429ca9a1b6c29cc89b30/users/8203c36b971c4848a5b4bb94fe994f40/roles/606915e17e2846e885501a55e9344153 0.700s
2025-04-10 19:53:01.558 69942 INFO tempest.lib.common.rest_client [req-6bed4d05-d269-4b44-9724-a433c8dfdfe0 req-6bed4d05-d269-4b44-9724-a433c8dfdfe0 ] Request (QuotaClassesAdmin257Test:setUpClass): 204 PUT http://10.180.1.21/identity/v3/projects/99260797c154413e8bc2117f1832add1/users/6c4b38cd0d81450286e7c2f3777938ea/roles/606915e17e2846e885501a55e9344153 0.716s
2025-04-10 19:53:01.558 69942 INFO tempest.lib.common.dynamic_creds [-] Dynamic test user 6c4b38cd0d81450286e7c2f3777938ea is created with scope project and roles: ['admin']
2025-04-10 19:53:01.558 69942 INFO tempest.lib.common.dynamic_creds [-] Acquired dynamic creds: credentials: Credentials: {'domain_id': 'default', 'domain_name': 'Default', 'username': 'tempest-QuotaClassesAdmin257Test-2099204830-project-admin', 'project_domain_id': 'default', 'project_domain_name': 'Default', 'project_id': '99260797c154413e8bc2117f1832add1', 'project_name': 'tempest-QuotaClassesAdmin257Test-2099204830', 'tenant_id': '99260797c154413e8bc2117f1832add1', 'tenant_name': 'tempest-QuotaClassesAdmin257Test-2099204830', 'user_domain_id': 'default', 'user_domain_name': 'Default', 'user_id': '6c4b38cd0d81450286e7c2f3777938ea', 'system': None}, Network: None, Subnet: None, Router: None
2025-04-10 19:53:01.558 69942 INFO tempest.lib.common.dynamic_creds [-] Created isolated network resources for: credentials: Credentials: {'domain_id': 'default', 'domain_name': 'Default', 'username': 'tempest-QuotaClassesAdmin257Test-2099204830-project-admin', 'project_domain_id': 'default', 'project_domain_name': 'Default', 'project_id': '99260797c154413e8bc2117f1832add1', 'project_name': 'tempest-QuotaClassesAdmin257Test-2099204830', 'tenant_id': '99260797c154413e8bc2117f1832add1', 'tenant_name': 'tempest-QuotaClassesAdmin257Test-2099204830', 'user_domain_id': 'default', 'user_domain_name': 'Default', 'user_id': '6c4b38cd0d81450286e7c2f3777938ea', 'system': None}, Network: None, Subnet: None, Router: None
2025-04-10 19:53:01.570 69940 INFO tempest.lib.common.rest_client [req-5ba6958c-94a6-4d88-9e36-a79548a2b01b req-5ba6958c-94a6-4d88-9e36-a79548a2b01b ] Request (AZAdminNegativeTestJSON:setUpClass): 200 GET http://10.180.1.21/identity/v3/roles 0.734s
2025-04-10 19:53:01.594 69910 INFO tempest.lib.common.rest_client [req-7ba864f4-2493-424f-bead-37c18e1a2efd req-7ba864f4-2493-424f-bead-37c18e1a2efd ] Request (VolumesAssistedSnapshotsTest:setUpClass): 200 PUT http://10.180.1.21:9696/networking/v2.0/routers/b602a259-8256-4439-b982-278f812af175/add_router_interface 1.284s
2025-04-10 19:53:01.594 69910 INFO tempest.lib.common.dynamic_creds [-] Created isolated network resources for: credentials: Credentials: {'domain_id': 'default', 'domain_name': 'Default', 'username': 'tempest-VolumesAssistedSnapshotsTest-466925179-project-member', 'project_domain_id': 'default', 'project_domain_name': 'Default', 'project_id': '37386e8520b34b658328871aaa258c97', 'project_name': 'tempest-VolumesAssistedSnapshotsTest-466925179', 'tenant_id': '37386e8520b34b658328871aaa258c97', 'tenant_name': 'tempest-VolumesAssistedSnapshotsTest-466925179', 'user_domain_id': 'default', 'user_domain_name': 'Default', 'user_id': '8a15a608f71e4381a998f357b4810ef1', 'system': None}, Network: {'id': '6da99cd1-670a-4bb1-8808-eb4cf56eba3f', 'name': 'tempest-VolumesAssistedSnapshotsTest-576730728-network', 'tenant_id': '37386e8520b34b658328871aaa258c97', 'admin_state_up': True, 'mtu': 8950, 'status': 'ACTIVE', 'subnets': [], 'shared': False, 'project_id': '37386e8520b34b658328871aaa258c97', 'port_security_enabled': True, 'router:external': False, 'provider:network_type': 'vlan', 'provider:physical_network': 'default', 'provider:segmentation_id': 324, 'availability_zone_hints': [], 'availability_zones': [], 'ipv4_address_scope': None, 'ipv6_address_scope': None, 'description': '', 'tags': [], 'created_at': '2025-04-10T19:52:59Z', 'updated_at': '2025-04-10T19:52:59Z', 'revision_number': 1}, Subnet: {'id': '1a5ac0c0-f48a-40d8-8daa-5ec7972106e4', 'name': 'tempest-VolumesAssistedSnapshotsTest-576730728-subnet', 'tenant_id': '37386e8520b34b658328871aaa258c97', 'network_id': '6da99cd1-670a-4bb1-8808-eb4cf56eba3f', 'ip_version': 4, 'subnetpool_id': None, 'enable_dhcp': True, 'ipv6_ra_mode': None, 'ipv6_address_mode': None, 'gateway_ip': '192.168.128.1', 'cidr': '192.168.128.0/28', 'allocation_pools': [{'start': '192.168.128.2', 'end': '192.168.128.14'}], 'host_routes': [], 'dns_nameservers': [], 'description': '', 'router:external': False, 'service_types': [], 'tags': [], 'created_at': '2025-04-10T19:52:59Z', 'updated_at': '2025-04-10T19:52:59Z', 'revision_number': 0, 'project_id': '37386e8520b34b658328871aaa258c97'}, Router: {'id': 'b602a259-8256-4439-b982-278f812af175', 'name': 'tempest-VolumesAssistedSnapshotsTest-576730728-router', 'tenant_id': '37386e8520b34b658328871aaa258c97', 'admin_state_up': True, 'status': 'ACTIVE', 'external_gateway_info': {'network_id': '9a37436f-a553-454f-b128-5f0751b9e4e9', 'external_fixed_ips': [{'subnet_id': '69c86c7e-fc0e-46e0-899a-a2ac90f807ef', 'ip_address': '10.180.180.146'}], 'enable_snat': True}, 'description': '', 'availability_zones': [], 'distributed': False, 'ha': False, 'availability_zone_hints': [], 'routes': [], 'flavor_id': None, 'tags': [], 'created_at': '2025-04-10T19:52:59Z', 'updated_at': '2025-04-10T19:52:59Z', 'revision_number': 2, 'project_id': '37386e8520b34b658328871aaa258c97'}
2025-04-10 19:53:01.624 69912 INFO tempest.lib.common.rest_client [req-58a70e6a-35e1-4f60-9eec-685afdc05faa req-58a70e6a-35e1-4f60-9eec-685afdc05faa ] Request (KeyPairsV210TestJSON:setUpClass): 200 GET http://10.180.1.21/identity/v3/roles 0.725s
2025-04-10 19:53:01.640 69918 INFO tempest.lib.common.rest_client [req-54469f39-3df3-47af-bcce-beca7e7ddc11 req-54469f39-3df3-47af-bcce-beca7e7ddc11 ] Request (ServerDiagnosticsV248Test:setUpClass): 200 GET http://10.180.1.21/identity/v3/roles 0.607s
2025-04-10 19:53:01.651 69944 INFO tempest.lib.common.rest_client [req-d08980b9-99f4-4412-aec6-535320e88898 req-d08980b9-99f4-4412-aec6-535320e88898 ] Request (ServersAdminTestJSON:setUpClass): 200 PUT http://10.180.1.21:9696/networking/v2.0/routers/df193bff-8512-4e29-a24c-e66f40eba0a9/add_router_interface 1.239s
2025-04-10 19:53:01.651 69944 INFO tempest.lib.common.dynamic_creds [-] Created isolated network resources for: credentials: Credentials: {'domain_id': 'default', 'domain_name': 'Default', 'username': 'tempest-ServersAdminTestJSON-2015245611-project-admin', 'project_domain_id': 'default', 'project_domain_name': 'Default', 'project_id': '8971c27afb354bb59592049ba69e4668', 'project_name': 'tempest-ServersAdminTestJSON-2015245611', 'tenant_id': '8971c27afb354bb59592049ba69e4668', 'tenant_name': 'tempest-ServersAdminTestJSON-2015245611', 'user_domain_id': 'default', 'user_domain_name': 'Default', 'user_id': '3bf55aa22a764ca381b50155b99379b0', 'system': None}, Network: {'id': '8410b5af-bb67-4509-b739-1180db200ea1', 'name': 'tempest-ServersAdminTestJSON-859899872-network', 'tenant_id': '8971c27afb354bb59592049ba69e4668', 'admin_state_up': True, 'mtu': 8950, 'status': 'ACTIVE', 'subnets': [], 'shared': False, 'project_id': '8971c27afb354bb59592049ba69e4668', 'port_security_enabled': True, 'router:external': False, 'provider:network_type': 'vlan', 'provider:physical_network': 'default', 'provider:segmentation_id': 143, 'availability_zone_hints': [], 'availability_zones': [], 'ipv4_address_scope': None, 'ipv6_address_scope': None, 'description': '', 'tags': [], 'created_at': '2025-04-10T19:52:59Z', 'updated_at': '2025-04-10T19:52:59Z', 'revision_number': 1}, Subnet: {'id': '85aac0e0-fdfe-4f0e-8732-4556c4a29141', 'name': 'tempest-ServersAdminTestJSON-859899872-subnet', 'tenant_id': '8971c27afb354bb59592049ba69e4668', 'network_id': '8410b5af-bb67-4509-b739-1180db200ea1', 'ip_version': 4, 'subnetpool_id': None, 'enable_dhcp': True, 'ipv6_ra_mode': None, 'ipv6_address_mode': None, 'gateway_ip': '192.168.128.1', 'cidr': '192.168.128.0/28', 'allocation_pools': [{'start': '192.168.128.2', 'end': '192.168.128.14'}], 'host_routes': [], 'dns_nameservers': [], 'description': '', 'router:external': False, 'service_types': [], 'tags': [], 'created_at': '2025-04-10T19:52:59Z', 'updated_at': '2025-04-10T19:52:59Z', 'revision_number': 0, 'project_id': '8971c27afb354bb59592049ba69e4668'}, Router: {'id': 'df193bff-8512-4e29-a24c-e66f40eba0a9', 'name': 'tempest-ServersAdminTestJSON-859899872-router', 'tenant_id': '8971c27afb354bb59592049ba69e4668', 'admin_state_up': True, 'status': 'ACTIVE', 'external_gateway_info': {'network_id': '9a37436f-a553-454f-b128-5f0751b9e4e9', 'external_fixed_ips': [{'subnet_id': '69c86c7e-fc0e-46e0-899a-a2ac90f807ef', 'ip_address': '10.180.180.223'}], 'enable_snat': True}, 'description': '', 'availability_zones': [], 'distributed': False, 'ha': False, 'availability_zone_hints': [], 'routes': [], 'flavor_id': None, 'tags': [], 'created_at': '2025-04-10T19:52:59Z', 'updated_at': '2025-04-10T19:53:00Z', 'revision_number': 2, 'project_id': '8971c27afb354bb59592049ba69e4668'}
2025-04-10 19:53:01.723 69892 INFO tempest.lib.common.rest_client [req-16791f18-e21f-410d-a033-d99d89ec8be4 req-16791f18-e21f-410d-a033-d99d89ec8be4 ] Request (InstanceUsageAuditLogTestJSON:tearDownClass): 204 DELETE http://10.180.1.21/identity/v3/users/989db75376464ca9b1df19d013d1d960 0.661s
2025-04-10 19:53:01.761 69890 INFO tempest.lib.common.rest_client [req-81618ce0-5a0e-4002-9aac-85c9b1b83b6e req-81618ce0-5a0e-4002-9aac-85c9b1b83b6e ] Request (HostsAdminTestJSON:setUpClass): 201 POST http://10.180.1.21/identity/v3/auth/tokens 0.679s
2025-04-10 19:53:01.794 69906 INFO tempest.lib.common.rest_client [req-a467cd41-6cb6-40c2-861e-91c67b4a8c51 req-a467cd41-6cb6-40c2-861e-91c67b4a8c51 ] Request (HypervisorAdminUnderV252Test:setUpClass): 201 POST http://10.180.1.21/identity/v3/auth/tokens 0.709s
2025-04-10 19:53:01.848 69886 INFO tempest.lib.common.rest_client [req-e35bd760-ce72-461e-8c5e-c84287a4e4d1 req-e35bd760-ce72-461e-8c5e-c84287a4e4d1 ] Request (ServersAdmin275Test:setUpClass): 200 GET http://10.180.1.21/identity/v3/roles 0.699s
2025-04-10 19:53:01.871 69923 INFO tempest.lib.common.rest_client [req-5b4c773d-9f7f-4059-827e-3bbcfb0b85bc req-5b4c773d-9f7f-4059-827e-3bbcfb0b85bc ] Request (FlavorMetadataValidation:setUpClass): 200 GET http://10.180.1.21/identity/v3/roles 0.697s
2025-04-10 19:53:01.896 69914 INFO tempest.lib.common.rest_client [req-d1877c9f-9688-4418-a503-0e0455801b16 req-d1877c9f-9688-4418-a503-0e0455801b16 ] Request (FlavorsExtraSpecsTestJSON:setUpClass): 200 GET http://10.180.1.21/identity/v3/roles 0.671s
2025-04-10 19:53:01.896 69934 INFO tempest.lib.common.rest_client [req-a4b015bf-0bca-45ff-bf41-bfee77f08a96 req-a4b015bf-0bca-45ff-bf41-bfee77f08a96 ] Request (AggregatesAdminNegativeTestJSON:setUpClass): 200 GET http://10.180.1.21/identity/v3/roles 0.659s
2025-04-10 19:53:01.923 69936 INFO tempest.lib.common.rest_client [req-723388f4-5566-434c-9ce1-cd5520b45d2a req-723388f4-5566-434c-9ce1-cd5520b45d2a ] Request (FlavorsAccessNegativeTestJSON:setUpClass): 200 GET http://10.180.1.21/identity/v3/roles 0.624s
2025-04-10 19:53:01.928 69898 INFO tempest.lib.common.rest_client [req-09009991-46dd-4a3d-b79e-ff5f4f8da36e req-09009991-46dd-4a3d-b79e-ff5f4f8da36e ] Request (SecurityGroupRulesNegativeTestJSON:setUpClass): 201 POST http://10.180.1.21/identity/v3/projects 0.648s
2025-04-10 19:53:01.973 69904 INFO tempest.lib.common.rest_client [req-977ae522-3a7d-4c45-8e52-de29165db6cc req-977ae522-3a7d-4c45-8e52-de29165db6cc ] Request (FlavorsExtraSpecsNegativeTestJSON:setUpClass): 200 GET http://10.180.1.21/identity/v3/roles 0.673s
2025-04-10 19:53:01.975 69926 INFO tempest.lib.common.rest_client [req-7135d0ed-9f16-43de-b7cf-797fdb974a78 req-7135d0ed-9f16-43de-b7cf-797fdb974a78 ] Request (ServerExternalEventsTest:setUpClass): 204 PUT http://10.180.1.21/identity/v3/projects/be5d3c96215a4ba1a266551f01cef680/users/fae9af1be59141b8aaa36dd04bac011e/roles/606915e17e2846e885501a55e9344153 0.624s
2025-04-10 19:53:01.975 69926 INFO tempest.lib.common.dynamic_creds [-] Dynamic test user fae9af1be59141b8aaa36dd04bac011e is created with scope project and roles: ['admin']
2025-04-10 19:53:01.975 69926 INFO tempest.lib.common.dynamic_creds [-] Acquired dynamic creds: credentials: Credentials: {'domain_id': 'default', 'domain_name': 'Default', 'username': 'tempest-ServerExternalEventsTest-463212573-project-admin', 'project_domain_id': 'default', 'project_domain_name': 'Default', 'project_id': 'be5d3c96215a4ba1a266551f01cef680', 'project_name': 'tempest-ServerExternalEventsTest-463212573', 'tenant_id': 'be5d3c96215a4ba1a266551f01cef680', 'tenant_name': 'tempest-ServerExternalEventsTest-463212573', 'user_domain_id': 'default', 'user_domain_name': 'Default', 'user_id': 'fae9af1be59141b8aaa36dd04bac011e', 'system': None}, Network: None, Subnet: None, Router: None
2025-04-10 19:53:01.976 69926 INFO tempest.lib.common.dynamic_creds [-] Created isolated network resources for: credentials: Credentials: {'domain_id': 'default', 'domain_name': 'Default', 'username': 'tempest-ServerExternalEventsTest-463212573-project-admin', 'project_domain_id': 'default', 'project_domain_name': 'Default', 'project_id': 'be5d3c96215a4ba1a266551f01cef680', 'project_name': 'tempest-ServerExternalEventsTest-463212573', 'tenant_id': 'be5d3c96215a4ba1a266551f01cef680', 'tenant_name': 'tempest-ServerExternalEventsTest-463212573', 'user_domain_id': 'default', 'user_domain_name': 'Default', 'user_id': 'fae9af1be59141b8aaa36dd04bac011e', 'system': None}, Network: None, Subnet: None, Router: None
