2025-04-10 19:54:34.287 69917 INFO tempest.lib.common.rest_client [req-92f4b613-6215-4f1e-9f8f-5f0256984dc2 req-92f4b613-6215-4f1e-9f8f-5f0256984dc2 ] Request (MigrationsAdminTest:test_list_migrations_in_flavor_resize_situation): 200 GET http://10.180.1.21/compute/v2.1/servers/82dd63fc-dcc9-4411-91e7-45a7fa71ba74 0.138s
2025-04-10 19:54:34.295 69917 INFO tempest.common.waiters [-] State transition "RESIZE/resize_migrated" ==> "RESIZE/resize_finish" after 46 second wait
2025-04-10 19:54:34.327 69914 INFO tempest.lib.common.rest_client [req-2c50526c-f0e6-4ee6-853b-5abda879890c req-2c50526c-f0e6-4ee6-853b-5abda879890c ] Request (ServerDiagnosticsTest:tearDownClass): 200 GET http://10.180.1.21/compute/v2.1/servers/5a0b7a89-2e90-4682-ab57-180fdb270469 0.137s
2025-04-10 19:54:34.355 69940 INFO tempest.lib.common.rest_client [req-beebf145-6ed4-4fed-87e7-0eca44b47de1 req-beebf145-6ed4-4fed-87e7-0eca44b47de1 ] Request (ServersListShow296Test:tearDownClass): 200 GET http://10.180.1.21/compute/v2.1/servers/3a2c5c41-748f-4bbc-9507-d83c8f554b04 0.119s
2025-04-10 19:54:34.377 69946 INFO tempest.lib.common.rest_client [req-7bb04c34-c367-43c0-b824-db2e8bd16ec2 req-7bb04c34-c367-43c0-b824-db2e8bd16ec2 ] Request (ServersTestMultiNic:test_verify_duplicate_network_nics): 200 GET http://10.180.1.21/compute/v2.1/servers/67c83959-a36f-4d69-97aa-0d5d871b514e 0.115s
2025-04-10 19:54:34.402 69936 INFO tempest.lib.common.rest_client [req-f1f2923a-f2e9-4a98-8051-62733b9f202e req-f1f2923a-f2e9-4a98-8051-62733b9f202e ] Request (InstanceActionsNegativeTestJSON:setUpClass): 200 GET http://10.180.1.21/compute/v2.1/servers/161cc33d-d443-4e5e-a2cf-14ff9a5d9011 0.079s
2025-04-10 19:54:34.459 69906 INFO tempest.lib.common.rest_client [req-8a7ef3e4-2e3e-43d3-ac7b-1dd6cc863132 req-8a7ef3e4-2e3e-43d3-ac7b-1dd6cc863132 ] Request (SecurityGroupsTestJSON:test_server_security_groups): 200 GET http://10.180.1.21/compute/v2.1/servers/536f8e5b-f15c-41c9-b3d2-e7d8c4f945c7 0.081s
2025-04-10 19:54:34.507 69892 INFO tempest.lib.common.rest_client [req-88cf2c16-0600-4a9a-8193-90726a270462 req-88cf2c16-0600-4a9a-8193-90726a270462 ] Request (ListImageFiltersTestJSON:setUpClass): 200 GET http://10.180.1.21/compute/v2.1/servers/44a401b3-fd23-4f35-b378-5c72e56be77f 0.152s
2025-04-10 19:54:34.512 69932 INFO tempest.lib.common.rest_client [req-9b92cac0-7173-405f-9d13-6e6f9aa33557 req-9b92cac0-7173-405f-9d13-6e6f9aa33557 ] Request (ImagesTestJSON:test_create_image_from_stopped_server): 200 GET http://10.180.1.21/compute/v2.1/servers/8b599915-8c5f-40af-af4c-6f6769258ec5 0.096s
2025-04-10 19:54:34.515 69904 INFO tempest.lib.common.rest_client [req-a1ca0ac2-f229-4a9c-ab06-c63dc2f34ede req-a1ca0ac2-f229-4a9c-ab06-c63dc2f34ede ] Request (ServersTestBootFromVolume:setUpClass): 201 POST http://10.180.1.21:9696/networking/v2.0/networks 0.285s
2025-04-10 19:54:34.584 69931 INFO tempest.lib.common.rest_client [req-56d55b00-bfbb-4205-978e-638840402f07 req-56d55b00-bfbb-4205-978e-638840402f07 ] Request (FloatingIPsAssociationTestJSON:test_associate_already_associated_floating_ip): 200 GET http://10.180.1.21/compute/v2.1/servers/68f0dac2-cc55-4110-87c3-dcf1d9d05650 0.133s
2025-04-10 19:54:34.584 69908 INFO tempest.lib.common.rest_client [req-bf9fd7f3-e091-4d8e-9581-847e4068cb53 req-bf9fd7f3-e091-4d8e-9581-847e4068cb53 ] Request (ServerShowV247Test:test_update_rebuild_list_server): 200 GET http://10.180.1.21/compute/v2.1/servers/36d35b67-42c7-4fa2-843f-d49f6193ea39 0.103s
2025-04-10 19:54:34.652 69898 INFO tempest.lib.common.rest_client [req-af93aaa8-d681-4d06-bd54-1a921f8de083 req-af93aaa8-d681-4d06-bd54-1a921f8de083 ] Request (ServerAddressesTestJSON:setUpClass): 200 GET http://10.180.1.21/compute/v2.1/servers/3643a195-bc27-4ebd-b9cb-eead55f5cab0 0.120s
2025-04-10 19:54:34.653 69923 INFO tempest.lib.common.rest_client [req-96c71147-baa5-4da8-9c4d-defced56b29f req-96c71147-baa5-4da8-9c4d-defced56b29f ] Request (ServersTestJSON:setUpClass): 200 GET http://10.180.1.21/compute/v2.1/servers/48b7a09a-4147-42b3-b7e4-858fb5310bb8 0.142s
2025-04-10 19:54:34.679 69904 INFO tempest.lib.common.rest_client [req-148e5e4e-4f51-4b5e-a904-d26ebc0477e1 req-148e5e4e-4f51-4b5e-a904-d26ebc0477e1 ] Request (ServersTestBootFromVolume:setUpClass): 201 POST http://10.180.1.21:9696/networking/v2.0/subnets 0.163s
2025-04-10 19:54:34.705 69934 INFO tempest.lib.common.rest_client [req-172fe536-cad3-4d90-9f29-7b18729edad6 req-172fe536-cad3-4d90-9f29-7b18729edad6 ] Request (ServerShowV257Test:test_rebuild_server): 200 GET http://10.180.1.21/compute/v2.1/servers/61f7c74f-3d86-49a5-a6f7-13c9b1ae51f5 0.132s
2025-04-10 19:54:34.709 69902 INFO tempest.lib.common.rest_client [req-b425cbc8-c1f3-4d1d-a5e0-462c5cf445c8 req-b425cbc8-c1f3-4d1d-a5e0-462c5cf445c8 ] Request (AttachInterfacesUnderV243Test:test_add_remove_fixed_ip): 200 GET http://10.180.1.21/compute/v2.1/servers/55949dd4-4830-4f07-a2f1-c38359c599be 0.084s
2025-04-10 19:54:34.759 69942 INFO tempest.lib.common.rest_client [req-38fafa37-eee8-4fd4-b219-c0f438b28c90 req-38fafa37-eee8-4fd4-b219-c0f438b28c90 ] Request (ServersListShow298Test:test_list_show_update_rebuild_server_298): 200 GET http://10.180.1.21/compute/v2.1/servers/3bc77691-4c4d-47e3-aebf-7088296f490c 0.060s
2025-04-10 19:54:34.801 69884 INFO tempest.lib.common.rest_client [req-acf08762-33f9-4d5b-b1cc-c8359a376245 req-acf08762-33f9-4d5b-b1cc-c8359a376245 ] Request (AttachInterfacesTestJSON:test_create_list_show_delete_interfaces_by_fixed_ip): 200 GET http://10.180.1.21/compute/v2.1/servers/dc2479b6-2c26-42f7-b4a1-603e38fd3c17 0.049s
2025-04-10 19:54:34.858 69888 INFO tempest.lib.common.rest_client [req-aac6021a-0414-4440-86d1-dba70479031f req-aac6021a-0414-4440-86d1-dba70479031f ] Request (DeleteServersTestJSON:test_delete_active_server): 200 GET http://10.180.1.21/compute/v2.1/servers/3bd97686-7586-4531-88da-cea7057302e8 0.048s
2025-04-10 19:54:34.912 69894 INFO tempest.lib.common.rest_client [req-86c4778c-9b63-4905-bc61-d6f0d9b2c6d6 req-86c4778c-9b63-4905-bc61-d6f0d9b2c6d6 ] Request (ServerMetadataTestJSON:setUpClass): 200 GET http://10.180.1.21/compute/v2.1/servers/8cc280a2-364e-4974-8a97-dd97599e194c 0.051s
2025-04-10 19:54:34.966 69896 INFO tempest.lib.common.rest_client [req-eea83cf7-619d-4533-b8e8-64e9a634bcb3 req-eea83cf7-619d-4533-b8e8-64e9a634bcb3 ] Request (ServerRescueTestJSON:setUpClass): 200 GET http://10.180.1.21/compute/v2.1/servers/5a7759ca-a449-4619-96cb-71c78ac0e18f 0.048s
2025-04-10 19:54:35.031 69900 INFO tempest.lib.common.rest_client [req-28df56ee-8842-4c99-9e2a-b5330db72998 req-28df56ee-8842-4c99-9e2a-b5330db72998 ] Request (ServerActionsV293TestJSON:setUpClass): 200 GET http://10.180.1.21/compute/v2.1/servers/2ccfcbd4-d609-4269-95d6-31963fcb61e1 0.054s
2025-04-10 19:54:35.090 69918 INFO tempest.lib.common.rest_client [req-d47fd9c2-02d0-47d7-80dc-4e1f1db735e1 req-d47fd9c2-02d0-47d7-80dc-4e1f1db735e1 ] Request (ServersTestFqdnHostnames:test_create_server_with_fqdn_name): 200 GET http://10.180.1.21/compute/v2.1/servers/6735746d-c4a1-4d85-8806-ed80577a68f4 0.061s
2025-04-10 19:54:35.099 69938 INFO tempest.lib.common.rest_client [req-dba12410-413c-4739-879e-f89134f42ad0 req-dba12410-413c-4739-879e-f89134f42ad0 ] Request (ServerActionsTestOtherA:setUpClass): 200 GET http://10.180.1.21/compute/v2.1/servers/bfdb04fc-7a85-4c98-9206-a4c44adeee9f 0.068s
2025-04-10 19:54:35.162 69924 INFO tempest.lib.common.rest_client [req-49518aff-7437-4114-b74e-5d2032961123 req-49518aff-7437-4114-b74e-5d2032961123 ] Request (DeleteServersAdminTestJSON:test_delete_server_while_in_error_state): 200 GET http://10.180.1.21/compute/v2.1/servers/faf5ccd5-5f25-4331-9229-2e245106999c 0.075s
2025-04-10 19:54:35.170 69912 INFO tempest.lib.common.rest_client [req-b18446ef-43ca-41f3-b479-74b793a5555b req-b18446ef-43ca-41f3-b479-74b793a5555b ] Request (TenantUsagesTestJSON:tearDownClass): 200 GET http://10.180.1.21/compute/v2.1/servers/f173734d-a046-4647-92c2-a9595f031a39 0.072s
2025-04-10 19:54:35.227 69890 INFO tempest.lib.common.rest_client [req-4b8d1169-8f5c-4f63-8aa9-7a2a9f487ec5 req-4b8d1169-8f5c-4f63-8aa9-7a2a9f487ec5 ] Request (ServersAdminNegativeTestJSON:test_migrate_server_invalid_state): 200 GET http://10.180.1.21/compute/v2.1/servers/99ea4526-6480-43fc-82f5-1b37c6f3a680 0.093s
2025-04-10 19:54:35.228 69886 INFO tempest.lib.common.rest_client [req-b8aecbeb-c95f-4ff5-9a48-4c220a2dd814 req-b8aecbeb-c95f-4ff5-9a48-4c220a2dd814 ] Request (ServerGroupTestJSON:test_create_server_with_scheduler_hint_group): 200 GET http://10.180.1.21/compute/v2.1/servers/4a66e4ec-fecc-4c29-87bb-199a5ae89900 0.085s
2025-04-10 19:54:35.276 69926 INFO tempest.lib.common.rest_client [req-152b7135-3fe4-45c1-9f48-06e1c0d56cfb req-152b7135-3fe4-45c1-9f48-06e1c0d56cfb ] Request (VolumesAdminNegativeTest:test_update_attached_volume_with_nonexistent_volume_in_body): 200 GET http://10.180.1.21/compute/v2.1/servers/f3ae9fe7-a43a-4bfb-a564-7f198d114b60 0.087s
2025-04-10 19:54:35.294 69904 INFO tempest.lib.common.rest_client [req-03475b5a-2636-4655-8288-a5a5c4af18ba req-03475b5a-2636-4655-8288-a5a5c4af18ba ] Request (ServersTestBootFromVolume:setUpClass): 201 POST http://10.180.1.21:9696/networking/v2.0/routers 0.614s
2025-04-10 19:54:35.407 69944 INFO tempest.lib.common.rest_client [req-58cbf7e4-4206-4229-8a36-5418617f8fde req-58cbf7e4-4206-4229-8a36-5418617f8fde ] Request (ServersAdminTestJSON:test_create_server_with_scheduling_hint): 200 GET http://10.180.1.21/compute/v2.1/servers/fa2582ca-eaa4-4886-9669-771b2f370122 0.130s
2025-04-10 19:54:35.412 69917 INFO tempest.lib.common.rest_client [req-f2962054-492b-4aba-8283-42e7ae2961eb req-f2962054-492b-4aba-8283-42e7ae2961eb ] Request (MigrationsAdminTest:test_list_migrations_in_flavor_resize_situation): 200 GET http://10.180.1.21/compute/v2.1/servers/82dd63fc-dcc9-4411-91e7-45a7fa71ba74 0.116s
2025-04-10 19:54:35.480 69914 INFO tempest.lib.common.rest_client [req-c6d8af03-a13c-4ff4-a693-4e0b4dc3cfe5 req-c6d8af03-a13c-4ff4-a693-4e0b4dc3cfe5 ] Request (ServerDiagnosticsTest:tearDownClass): 200 GET http://10.180.1.21/compute/v2.1/servers/5a0b7a89-2e90-4682-ab57-180fdb270469 0.144s
2025-04-10 19:54:35.499 69940 INFO tempest.lib.common.rest_client [req-9405f1f8-7413-46c8-8dfd-1efcf4e25488 req-9405f1f8-7413-46c8-8dfd-1efcf4e25488 ] Request (ServersListShow296Test:tearDownClass): 200 GET http://10.180.1.21/compute/v2.1/servers/3a2c5c41-748f-4bbc-9507-d83c8f554b04 0.132s
2025-04-10 19:54:35.557 69946 INFO tempest.lib.common.rest_client [req-08911201-57af-4a3c-8786-b8168ad4d6f9 req-08911201-57af-4a3c-8786-b8168ad4d6f9 ] Request (ServersTestMultiNic:test_verify_duplicate_network_nics): 200 GET http://10.180.1.21/compute/v2.1/servers/67c83959-a36f-4d69-97aa-0d5d871b514e 0.167s
2025-04-10 19:54:35.567 69936 INFO tempest.lib.common.rest_client [req-b6c35d58-20f6-4ce8-abd3-4b028642550c req-b6c35d58-20f6-4ce8-abd3-4b028642550c ] Request (InstanceActionsNegativeTestJSON:setUpClass): 200 GET http://10.180.1.21/compute/v2.1/servers/161cc33d-d443-4e5e-a2cf-14ff9a5d9011 0.151s
2025-04-10 19:54:35.625 69906 INFO tempest.lib.common.rest_client [req-437352ce-a6d2-493b-b332-5de82e7a2b6b req-437352ce-a6d2-493b-b332-5de82e7a2b6b ] Request (SecurityGroupsTestJSON:test_server_security_groups): 200 GET http://10.180.1.21/compute/v2.1/servers/536f8e5b-f15c-41c9-b3d2-e7d8c4f945c7 0.157s
2025-04-10 19:54:35.676 69892 INFO tempest.lib.common.rest_client [req-3aaa638e-80fe-49ec-be02-e4fb6e3b19b5 req-3aaa638e-80fe-49ec-be02-e4fb6e3b19b5 ] Request (ListImageFiltersTestJSON:setUpClass): 200 GET http://10.180.1.21/compute/v2.1/servers/44a401b3-fd23-4f35-b378-5c72e56be77f 0.156s
2025-04-10 19:54:35.683 69892 INFO tempest.common.waiters [-] State transition "ACTIVE/image_uploading" ==> "ACTIVE/None" after 2 second wait
2025-04-10 19:54:35.695 69932 INFO tempest.lib.common.rest_client [req-43109e9c-25bc-4b4f-a8ac-3227223b44d5 req-43109e9c-25bc-4b4f-a8ac-3227223b44d5 ] Request (ImagesTestJSON:test_create_image_from_stopped_server): 200 GET http://10.180.1.21/compute/v2.1/servers/8b599915-8c5f-40af-af4c-6f6769258ec5 0.175s
2025-04-10 19:54:35.731 69931 INFO tempest.lib.common.rest_client [req-4d7e2148-6a0b-4577-9623-679e0c67f022 req-4d7e2148-6a0b-4577-9623-679e0c67f022 ] Request (FloatingIPsAssociationTestJSON:test_associate_already_associated_floating_ip): 200 GET http://10.180.1.21/compute/v2.1/servers/68f0dac2-cc55-4110-87c3-dcf1d9d05650 0.136s
2025-04-10 19:54:35.761 69908 INFO tempest.lib.common.rest_client [req-8c8753da-f49c-4b8d-b692-33c62673277c req-8c8753da-f49c-4b8d-b692-33c62673277c ] Request (ServerShowV247Test:test_update_rebuild_list_server): 200 GET http://10.180.1.21/compute/v2.1/servers/36d35b67-42c7-4fa2-843f-d49f6193ea39 0.164s
2025-04-10 19:54:35.790 69923 INFO tempest.lib.common.rest_client [req-7442689c-dea6-4dd7-95eb-1bb3d45acd0e req-7442689c-dea6-4dd7-95eb-1bb3d45acd0e ] Request (ServersTestJSON:setUpClass): 200 GET http://10.180.1.21/compute/v2.1/servers/48b7a09a-4147-42b3-b7e4-858fb5310bb8 0.129s
2025-04-10 19:54:35.812 69898 INFO tempest.lib.common.rest_client [req-26148f48-8731-497a-8611-d20c7575db25 req-26148f48-8731-497a-8611-d20c7575db25 ] Request (ServerAddressesTestJSON:setUpClass): 200 GET http://10.180.1.21/compute/v2.1/servers/3643a195-bc27-4ebd-b9cb-eead55f5cab0 0.153s
2025-04-10 19:54:35.862 69934 INFO tempest.lib.common.rest_client [req-df93e144-e4ba-42f2-9a6d-f63beec3c51d req-df93e144-e4ba-42f2-9a6d-f63beec3c51d ] Request (ServerShowV257Test:test_rebuild_server): 200 GET http://10.180.1.21/compute/v2.1/servers/61f7c74f-3d86-49a5-a6f7-13c9b1ae51f5 0.148s
2025-04-10 19:54:35.914 69902 INFO tempest.lib.common.rest_client [req-35277cba-54c8-466b-b9e1-543fa9ee1e39 req-35277cba-54c8-466b-b9e1-543fa9ee1e39 ] Request (AttachInterfacesUnderV243Test:test_add_remove_fixed_ip): 200 GET http://10.180.1.21/compute/v2.1/servers/55949dd4-4830-4f07-a2f1-c38359c599be 0.197s
2025-04-10 19:54:35.973 69942 INFO tempest.lib.common.rest_client [req-32f1b5e8-c976-4b4b-8467-3adc1bb6ad45 req-32f1b5e8-c976-4b4b-8467-3adc1bb6ad45 ] Request (ServersListShow298Test:test_list_show_update_rebuild_server_298): 200 GET http://10.180.1.21/compute/v2.1/servers/3bc77691-4c4d-47e3-aebf-7088296f490c 0.203s
2025-04-10 19:54:36.030 69884 INFO tempest.lib.common.rest_client [req-a3d9e21c-8674-4ac2-8268-c573643065a4 req-a3d9e21c-8674-4ac2-8268-c573643065a4 ] Request (AttachInterfacesTestJSON:test_create_list_show_delete_interfaces_by_fixed_ip): 200 GET http://10.180.1.21/compute/v2.1/servers/dc2479b6-2c26-42f7-b4a1-603e38fd3c17 0.221s
2025-04-10 19:54:36.106 69888 INFO tempest.lib.common.rest_client [req-c4ea2134-410d-41d9-8662-66babd57d077 req-c4ea2134-410d-41d9-8662-66babd57d077 ] Request (DeleteServersTestJSON:test_delete_active_server): 200 GET http://10.180.1.21/compute/v2.1/servers/3bd97686-7586-4531-88da-cea7057302e8 0.237s
2025-04-10 19:54:36.169 69894 INFO tempest.lib.common.rest_client [req-f29bd7f3-3d09-4c9c-8b98-5bf04738c20a req-f29bd7f3-3d09-4c9c-8b98-5bf04738c20a ] Request (ServerMetadataTestJSON:setUpClass): 200 GET http://10.180.1.21/compute/v2.1/servers/8cc280a2-364e-4974-8a97-dd97599e194c 0.248s
2025-04-10 19:54:36.191 69904 INFO tempest.lib.common.rest_client [req-19a70803-0114-4ae6-ba58-5dc1dfdd28de req-19a70803-0114-4ae6-ba58-5dc1dfdd28de ] Request (ServersTestBootFromVolume:setUpClass): 200 PUT http://10.180.1.21:9696/networking/v2.0/routers/ff77aee0-22b4-49b8-8d01-7fed86705812/add_router_interface 0.897s
2025-04-10 19:54:36.192 69904 INFO tempest.lib.common.dynamic_creds [-] Created isolated network resources for: credentials: Credentials: {'domain_id': 'default', 'domain_name': 'Default', 'username': 'tempest-ServersTestBootFromVolume-895220158-project-member', 'project_domain_id': 'default', 'project_domain_name': 'Default', 'project_id': '06ba4e38dc3e4666a4bfad61c11c71cb', 'project_name': 'tempest-ServersTestBootFromVolume-895220158', 'tenant_id': '06ba4e38dc3e4666a4bfad61c11c71cb', 'tenant_name': 'tempest-ServersTestBootFromVolume-895220158', 'user_domain_id': 'default', 'user_domain_name': 'Default', 'user_id': '7f9254e66c1e4ce69501fa7f8b817863', 'system': None}, Network: {'id': '0c5dbbfb-5302-4400-a2a4-af5145a2306f', 'name': 'tempest-ServersTestBootFromVolume-1353279335-network', 'tenant_id': '06ba4e38dc3e4666a4bfad61c11c71cb', 'admin_state_up': True, 'mtu': 8950, 'status': 'ACTIVE', 'subnets': [], 'shared': False, 'project_id': '06ba4e38dc3e4666a4bfad61c11c71cb', 'port_security_enabled': True, 'router:external': False, 'provider:network_type': 'vlan', 'provider:physical_network': 'default', 'provider:segmentation_id': 287, 'availability_zone_hints': [], 'availability_zones': [], 'ipv4_address_scope': None, 'ipv6_address_scope': None, 'description': '', 'tags': [], 'created_at': '2025-04-10T19:54:34Z', 'updated_at': '2025-04-10T19:54:34Z', 'revision_number': 1}, Subnet: {'id': 'a8491b92-7fe6-4f55-98a1-fb80bd9a75bc', 'name': 'tempest-ServersTestBootFromVolume-1353279335-subnet', 'tenant_id': '06ba4e38dc3e4666a4bfad61c11c71cb', 'network_id': '0c5dbbfb-5302-4400-a2a4-af5145a2306f', 'ip_version': 4, 'subnetpool_id': None, 'enable_dhcp': True, 'ipv6_ra_mode': None, 'ipv6_address_mode': None, 'gateway_ip': '192.168.128.1', 'cidr': '192.168.128.0/28', 'allocation_pools': [{'start': '192.168.128.2', 'end': '192.168.128.14'}], 'host_routes': [], 'dns_nameservers': [], 'description': '', 'router:external': False, 'service_types': [], 'tags': [], 'created_at': '2025-04-10T19:54:34Z', 'updated_at': '2025-04-10T19:54:34Z', 'revision_number': 0, 'project_id': '06ba4e38dc3e4666a4bfad61c11c71cb'}, Router: {'id': 'ff77aee0-22b4-49b8-8d01-7fed86705812', 'name': 'tempest-ServersTestBootFromVolume-1353279335-router', 'tenant_id': '06ba4e38dc3e4666a4bfad61c11c71cb', 'admin_state_up': True, 'status': 'ACTIVE', 'external_gateway_info': {'network_id': '9a37436f-a553-454f-b128-5f0751b9e4e9', 'external_fixed_ips': [{'subnet_id': '69c86c7e-fc0e-46e0-899a-a2ac90f807ef', 'ip_address': '10.180.180.165'}], 'enable_snat': True}, 'description': '', 'availability_zones': [], 'distributed': False, 'ha': False, 'availability_zone_hints': [], 'routes': [], 'flavor_id': None, 'tags': [], 'created_at': '2025-04-10T19:54:34Z', 'updated_at': '2025-04-10T19:54:35Z', 'revision_number': 2, 'project_id': '06ba4e38dc3e4666a4bfad61c11c71cb'}
2025-04-10 19:54:36.239 69896 INFO tempest.lib.common.rest_client [req-680aeb40-70db-4b05-8156-bf6f163763c8 req-680aeb40-70db-4b05-8156-bf6f163763c8 ] Request (ServerRescueTestJSON:setUpClass): 200 GET http://10.180.1.21/compute/v2.1/servers/5a7759ca-a449-4619-96cb-71c78ac0e18f 0.264s
2025-04-10 19:54:36.277 69904 INFO tempest.lib.common.rest_client [req-0c4d4661-ecb5-4262-80a9-10fb3efbde9b req-0c4d4661-ecb5-4262-80a9-10fb3efbde9b ] Request (ServersTestBootFromVolume:setUpClass): 201 POST http://10.180.1.21/identity/v3/auth/tokens 0.081s
2025-04-10 19:54:36.283 69892 INFO tempest.lib.common.rest_client [req-8db11249-29fd-465d-be86-e21f39338b30 req-8db11249-29fd-465d-be86-e21f39338b30 ] Request (ListImageFiltersTestJSON:setUpClass): 202 POST http://10.180.1.21/compute/v2.1/servers/0fd0a5db-2f8e-43e2-a1d7-f44f26e28bb6/action 0.600s
2025-04-10 19:54:36.318 69900 INFO tempest.lib.common.rest_client [req-ea15aff0-c2ed-4b4a-9b63-a92b58e4bafe req-ea15aff0-c2ed-4b4a-9b63-a92b58e4bafe ] Request (ServerActionsV293TestJSON:setUpClass): 200 GET http://10.180.1.21/compute/v2.1/servers/2ccfcbd4-d609-4269-95d6-31963fcb61e1 0.274s
2025-04-10 19:54:36.349 69918 INFO tempest.lib.common.rest_client [req-3f82c402-cf61-4586-92ff-72dbfff4853f req-3f82c402-cf61-4586-92ff-72dbfff4853f ] Request (ServersTestFqdnHostnames:test_create_server_with_fqdn_name): 200 GET http://10.180.1.21/compute/v2.1/servers/6735746d-c4a1-4d85-8806-ed80577a68f4 0.246s
2025-04-10 19:54:36.381 69938 INFO tempest.lib.common.rest_client [req-8e7b50ac-00a9-425a-ad07-60a5046221da req-8e7b50ac-00a9-425a-ad07-60a5046221da ] Request (ServerActionsTestOtherA:setUpClass): 200 GET http://10.180.1.21/compute/v2.1/servers/bfdb04fc-7a85-4c98-9206-a4c44adeee9f 0.270s
2025-04-10 19:54:36.402 69924 INFO tempest.lib.common.rest_client [req-21804718-088e-45fe-b3af-f0bed7242477 req-21804718-088e-45fe-b3af-f0bed7242477 ] Request (DeleteServersAdminTestJSON:test_delete_server_while_in_error_state): 200 GET http://10.180.1.21/compute/v2.1/servers/faf5ccd5-5f25-4331-9229-2e245106999c 0.229s
2025-04-10 19:54:36.451 69912 INFO tempest.lib.common.rest_client [req-8c40227d-d288-40cf-99cf-3377eb6bd3cd req-8c40227d-d288-40cf-99cf-3377eb6bd3cd ] Request (TenantUsagesTestJSON:tearDownClass): 200 GET http://10.180.1.21/compute/v2.1/servers/f173734d-a046-4647-92c2-a9595f031a39 0.269s
2025-04-10 19:54:36.470 69890 INFO tempest.lib.common.rest_client [req-97e61fb1-9938-4f53-96af-f1b5c7f7861f req-97e61fb1-9938-4f53-96af-f1b5c7f7861f ] Request (ServersAdminNegativeTestJSON:test_migrate_server_invalid_state): 200 GET http://10.180.1.21/compute/v2.1/servers/99ea4526-6480-43fc-82f5-1b37c6f3a680 0.234s
2025-04-10 19:54:36.520 69886 INFO tempest.lib.common.rest_client [req-283b3c44-9de8-465a-bc77-ef3c863aac78 req-283b3c44-9de8-465a-bc77-ef3c863aac78 ] Request (ServerGroupTestJSON:test_create_server_with_scheduler_hint_group): 200 GET http://10.180.1.21/compute/v2.1/servers/4a66e4ec-fecc-4c29-87bb-199a5ae89900 0.281s
2025-04-10 19:54:36.544 69904 INFO tempest.lib.common.rest_client [req-8e759479-5c47-4178-a8e9-94652450d41a req-8e759479-5c47-4178-a8e9-94652450d41a ] Request (ServersTestBootFromVolume:setUpClass): 200 POST http://10.180.1.21/compute/v2.1/os-keypairs 0.265s
2025-04-10 19:54:36.562 69892 INFO tempest.lib.common.rest_client [req-c40e09ce-aee0-4561-bdfb-df449affe441 req-c40e09ce-aee0-4561-bdfb-df449affe441 ] Request (ListImageFiltersTestJSON:setUpClass): 200 GET http://10.180.1.21/compute/v2.1/images/58092bdf-0ffe-4ba9-8527-cf39ce10b177 0.277s
2025-04-10 19:54:36.612 69926 INFO tempest.lib.common.rest_client [req-5c6b69da-12ab-47b4-9a45-b6fed210eb32 req-5c6b69da-12ab-47b4-9a45-b6fed210eb32 ] Request (VolumesAdminNegativeTest:test_update_attached_volume_with_nonexistent_volume_in_body): 200 GET http://10.180.1.21/compute/v2.1/servers/f3ae9fe7-a43a-4bfb-a564-7f198d114b60 0.326s
2025-04-10 19:54:36.977 69917 INFO tempest.lib.common.rest_client [req-805e25f1-f09c-469d-88e3-fef61a52725d req-805e25f1-f09c-469d-88e3-fef61a52725d ] Request (MigrationsAdminTest:test_list_migrations_in_flavor_resize_situation): 200 GET http://10.180.1.21/compute/v2.1/servers/82dd63fc-dcc9-4411-91e7-45a7fa71ba74 0.554s
2025-04-10 19:54:36.987 69917 INFO tempest.common.waiters [-] State transition "RESIZE/resize_finish" ==> "VERIFY_RESIZE/None" after 48 second wait
2025-04-10 19:54:37.036 69904 INFO tempest.lib.common.rest_client [req-c48f08a7-677b-4483-98c4-9e33998177cc req-c48f08a7-677b-4483-98c4-9e33998177cc ] Request (ServersTestBootFromVolume:setUpClass): 201 POST http://10.180.1.21:9696/networking/v2.0/security-groups 0.490s
2025-04-10 19:54:37.051 69944 INFO tempest.lib.common.rest_client [req-fb381600-6107-46f8-87e8-8e7a686420ee req-fb381600-6107-46f8-87e8-8e7a686420ee ] Request (ServersAdminTestJSON:test_create_server_with_scheduling_hint): 200 GET http://10.180.1.21/compute/v2.1/servers/fa2582ca-eaa4-4886-9669-771b2f370122 0.636s
2025-04-10 19:54:37.058 69914 INFO tempest.lib.common.rest_client [req-dd7fda5f-eb30-4301-9200-0f5f9f3cb160 req-dd7fda5f-eb30-4301-9200-0f5f9f3cb160 ] Request (ServerDiagnosticsTest:tearDownClass): 200 GET http://10.180.1.21/compute/v2.1/servers/5a0b7a89-2e90-4682-ab57-180fdb270469 0.568s
2025-04-10 19:54:37.128 69904 INFO tempest.lib.common.rest_client [req-6e01d284-9332-4e2a-b00b-bd0770099ad3 req-6e01d284-9332-4e2a-b00b-bd0770099ad3 ] Request (ServersTestBootFromVolume:setUpClass): 201 POST http://10.180.1.21:9696/networking/v2.0/security-group-rules 0.091s
2025-04-10 19:54:37.142 69940 INFO tempest.lib.common.rest_client [req-50d915c3-7359-413b-9eae-e740d172e52e req-50d915c3-7359-413b-9eae-e740d172e52e ] Request (ServersListShow296Test:tearDownClass): 200 GET http://10.180.1.21/compute/v2.1/servers/3a2c5c41-748f-4bbc-9507-d83c8f554b04 0.628s
2025-04-10 19:54:37.199 69936 INFO tempest.lib.common.rest_client [req-23bdb6b6-173e-4802-af84-750332224db3 req-23bdb6b6-173e-4802-af84-750332224db3 ] Request (InstanceActionsNegativeTestJSON:setUpClass): 200 GET http://10.180.1.21/compute/v2.1/servers/161cc33d-d443-4e5e-a2cf-14ff9a5d9011 0.624s
2025-04-10 19:54:37.215 69946 INFO tempest.lib.common.rest_client [req-9601fa1e-fc84-46d4-a8ba-b114c658c4bc req-9601fa1e-fc84-46d4-a8ba-b114c658c4bc ] Request (ServersTestMultiNic:test_verify_duplicate_network_nics): 200 GET http://10.180.1.21/compute/v2.1/servers/67c83959-a36f-4d69-97aa-0d5d871b514e 0.649s
2025-04-10 19:54:37.222 69904 INFO tempest.lib.common.rest_client [req-02d29280-1642-4cc1-87f8-ecc6493a272e req-02d29280-1642-4cc1-87f8-ecc6493a272e ] Request (ServersTestBootFromVolume:setUpClass): 201 POST http://10.180.1.21:9696/networking/v2.0/security-group-rules 0.094s
2025-04-10 19:54:37.226 69946 INFO tempest.common.waiters [-] State transition "BUILD/None" ==> "BUILD/spawning" after 48 second wait
2025-04-10 19:54:37.274 69906 INFO tempest.lib.common.rest_client [req-e68cabeb-fe58-40fb-9e7a-61bcb8960965 req-e68cabeb-fe58-40fb-9e7a-61bcb8960965 ] Request (SecurityGroupsTestJSON:test_server_security_groups): 200 GET http://10.180.1.21/compute/v2.1/servers/536f8e5b-f15c-41c9-b3d2-e7d8c4f945c7 0.640s
2025-04-10 19:54:37.276 69932 INFO tempest.lib.common.rest_client [req-ec370915-8684-4350-b7fb-a923c4559f36 req-ec370915-8684-4350-b7fb-a923c4559f36 ] Request (ImagesTestJSON:test_create_image_from_stopped_server): 200 GET http://10.180.1.21/compute/v2.1/servers/8b599915-8c5f-40af-af4c-6f6769258ec5 0.572s
2025-04-10 19:54:37.343 69908 INFO tempest.lib.common.rest_client [req-fba0c466-71ea-4742-a33d-0576257bec16 req-fba0c466-71ea-4742-a33d-0576257bec16 ] Request (ServerShowV247Test:test_update_rebuild_list_server): 200 GET http://10.180.1.21/compute/v2.1/servers/36d35b67-42c7-4fa2-843f-d49f6193ea39 0.569s
2025-04-10 19:54:37.349 69931 INFO tempest.lib.common.rest_client [req-cba1a4fc-21e7-411e-b56f-38f3c756b9ca req-cba1a4fc-21e7-411e-b56f-38f3c756b9ca ] Request (FloatingIPsAssociationTestJSON:test_associate_already_associated_floating_ip): 200 GET http://10.180.1.21/compute/v2.1/servers/68f0dac2-cc55-4110-87c3-dcf1d9d05650 0.610s
2025-04-10 19:54:37.402 69923 INFO tempest.lib.common.rest_client [req-43769171-4bc5-4db9-9f27-5d5bed1ab46b req-43769171-4bc5-4db9-9f27-5d5bed1ab46b ] Request (ServersTestJSON:setUpClass): 200 GET http://10.180.1.21/compute/v2.1/servers/48b7a09a-4147-42b3-b7e4-858fb5310bb8 0.600s
2025-04-10 19:54:37.420 69898 INFO tempest.lib.common.rest_client [req-48b89860-f886-4b70-ba73-f37f6ffabe70 req-48b89860-f886-4b70-ba73-f37f6ffabe70 ] Request (ServerAddressesTestJSON:setUpClass): 200 GET http://10.180.1.21/compute/v2.1/servers/3643a195-bc27-4ebd-b9cb-eead55f5cab0 0.600s
2025-04-10 19:54:37.472 69934 INFO tempest.lib.common.rest_client [req-a5de0234-9edb-44a4-ad3a-2948f1dca9a6 req-a5de0234-9edb-44a4-ad3a-2948f1dca9a6 ] Request (ServerShowV257Test:test_rebuild_server): 200 GET http://10.180.1.21/compute/v2.1/servers/61f7c74f-3d86-49a5-a6f7-13c9b1ae51f5 0.599s
2025-04-10 19:54:37.486 69902 INFO tempest.lib.common.rest_client [req-3a24a83b-dcca-4b36-87c2-739322f8a119 req-3a24a83b-dcca-4b36-87c2-739322f8a119 ] Request (AttachInterfacesUnderV243Test:test_add_remove_fixed_ip): 200 GET http://10.180.1.21/compute/v2.1/servers/55949dd4-4830-4f07-a2f1-c38359c599be 0.559s
2025-04-10 19:54:37.538 69942 INFO tempest.lib.common.rest_client [req-dcadaf81-a7e4-479c-b23b-79670a643977 req-dcadaf81-a7e4-479c-b23b-79670a643977 ] Request (ServersListShow298Test:test_list_show_update_rebuild_server_298): 200 GET http://10.180.1.21/compute/v2.1/servers/3bc77691-4c4d-47e3-aebf-7088296f490c 0.552s
2025-04-10 19:54:37.546 69917 INFO tempest.lib.common.rest_client [req-a8fa0cb3-f0d8-4b6a-8835-ee330daee644 req-a8fa0cb3-f0d8-4b6a-8835-ee330daee644 ] Request (MigrationsAdminTest:test_list_migrations_in_flavor_resize_situation): 204 POST http://10.180.1.21/compute/v2.1/servers/82dd63fc-dcc9-4411-91e7-45a7fa71ba74/action 0.558s
2025-04-10 19:54:37.608 69904 INFO tempest.lib.common.rest_client [req-2dd6f385-aa2f-4a7a-a739-aa4f165c9303 req-2dd6f385-aa2f-4a7a-a739-aa4f165c9303 ] Request (ServersTestBootFromVolume:setUpClass): 201 POST http://10.180.1.21:9696/networking/v2.0/floatingips 0.385s
2025-04-10 19:54:37.616 69888 INFO tempest.lib.common.rest_client [req-09909812-1552-45f0-b856-4b3b3d9d8017 req-09909812-1552-45f0-b856-4b3b3d9d8017 ] Request (DeleteServersTestJSON:test_delete_active_server): 200 GET http://10.180.1.21/compute/v2.1/servers/3bd97686-7586-4531-88da-cea7057302e8 0.497s
2025-04-10 19:54:37.619 69884 INFO tempest.lib.common.rest_client [req-f8f6c9f4-44b1-425c-9eda-cada3d3d5bd5 req-f8f6c9f4-44b1-425c-9eda-cada3d3d5bd5 ] Request (AttachInterfacesTestJSON:test_create_list_show_delete_interfaces_by_fixed_ip): 200 GET http://10.180.1.21/compute/v2.1/servers/dc2479b6-2c26-42f7-b4a1-603e38fd3c17 0.579s
2025-04-10 19:54:37.647 69904 INFO tempest.lib.common.rest_client [req-218ea069-1876-462c-a168-8c1550a11b70 req-218ea069-1876-462c-a168-8c1550a11b70 ] Request (ServersTestBootFromVolume:setUpClass): 201 POST http://10.180.1.21/identity/v3/auth/tokens 0.035s
2025-04-10 19:54:37.647 69904 INFO tempest.lib.common.fixed_network [-] (ServersTestBootFromVolume:setUpClass) Found network {'id': '0c5dbbfb-5302-4400-a2a4-af5145a2306f', 'name': 'tempest-ServersTestBootFromVolume-1353279335-network', 'tenant_id': '06ba4e38dc3e4666a4bfad61c11c71cb', 'admin_state_up': True, 'mtu': 8950, 'status': 'ACTIVE', 'subnets': [], 'shared': False, 'project_id': '06ba4e38dc3e4666a4bfad61c11c71cb', 'port_security_enabled': True, 'router:external': False, 'provider:network_type': 'vlan', 'provider:physical_network': 'default', 'provider:segmentation_id': 287, 'availability_zone_hints': [], 'availability_zones': [], 'ipv4_address_scope': None, 'ipv6_address_scope': None, 'description': '', 'tags': [], 'created_at': '2025-04-10T19:54:34Z', 'updated_at': '2025-04-10T19:54:34Z', 'revision_number': 1} available for tenant
2025-04-10 19:54:37.684 69894 INFO tempest.lib.common.rest_client [req-7ac25ed8-5fe6-4f2d-ad64-95844ac86a6d req-7ac25ed8-5fe6-4f2d-ad64-95844ac86a6d ] Request (ServerMetadataTestJSON:setUpClass): 200 GET http://10.180.1.21/compute/v2.1/servers/8cc280a2-364e-4974-8a97-dd97599e194c 0.504s
2025-04-10 19:54:37.685 69896 INFO tempest.lib.common.rest_client [req-b8543343-049d-478b-96d7-7bd316bd7bb7 req-b8543343-049d-478b-96d7-7bd316bd7bb7 ] Request (ServerRescueTestJSON:setUpClass): 200 GET http://10.180.1.21/compute/v2.1/servers/5a7759ca-a449-4619-96cb-71c78ac0e18f 0.434s
2025-04-10 19:54:37.757 69918 INFO tempest.lib.common.rest_client [req-246f9920-6554-4a83-9aa9-68711ed1aee7 req-246f9920-6554-4a83-9aa9-68711ed1aee7 ] Request (ServersTestFqdnHostnames:test_create_server_with_fqdn_name): 200 GET http://10.180.1.21/compute/v2.1/servers/6735746d-c4a1-4d85-8806-ed80577a68f4 0.400s
2025-04-10 19:54:37.761 69900 INFO tempest.lib.common.rest_client [req-2064b2fc-67eb-420a-a182-a087f9e0ccd2 req-2064b2fc-67eb-420a-a182-a087f9e0ccd2 ] Request (ServerActionsV293TestJSON:setUpClass): 200 GET http://10.180.1.21/compute/v2.1/servers/2ccfcbd4-d609-4269-95d6-31963fcb61e1 0.433s
2025-04-10 19:54:37.821 69938 INFO tempest.lib.common.rest_client [req-8b899b09-709b-4ede-8f63-6a1696111a47 req-8b899b09-709b-4ede-8f63-6a1696111a47 ] Request (ServerActionsTestOtherA:setUpClass): 200 GET http://10.180.1.21/compute/v2.1/servers/bfdb04fc-7a85-4c98-9206-a4c44adeee9f 0.432s
2025-04-10 19:54:37.833 69924 INFO tempest.lib.common.rest_client [req-8496e9bc-f388-4f59-af17-836a91aa86e0 req-8496e9bc-f388-4f59-af17-836a91aa86e0 ] Request (DeleteServersAdminTestJSON:test_delete_server_while_in_error_state): 200 GET http://10.180.1.21/compute/v2.1/servers/faf5ccd5-5f25-4331-9229-2e245106999c 0.420s
2025-04-10 19:54:37.899 69890 INFO tempest.lib.common.rest_client [req-b27b7607-71cf-4de2-a7e5-f4b3a044659d req-b27b7607-71cf-4de2-a7e5-f4b3a044659d ] Request (ServersAdminNegativeTestJSON:test_migrate_server_invalid_state): 200 GET http://10.180.1.21/compute/v2.1/servers/99ea4526-6480-43fc-82f5-1b37c6f3a680 0.415s
2025-04-10 19:54:37.901 69912 INFO tempest.lib.common.rest_client [req-633c0ddd-ff08-49ba-8b4d-a04cbc3aa5ef req-633c0ddd-ff08-49ba-8b4d-a04cbc3aa5ef ] Request (TenantUsagesTestJSON:tearDownClass): 200 GET http://10.180.1.21/compute/v2.1/servers/f173734d-a046-4647-92c2-a9595f031a39 0.436s
2025-04-10 19:54:37.968 69886 INFO tempest.lib.common.rest_client [req-d5f81b63-6291-4b7a-b612-891167f5d81a req-d5f81b63-6291-4b7a-b612-891167f5d81a ] Request (ServerGroupTestJSON:test_create_server_with_scheduler_hint_group): 200 GET http://10.180.1.21/compute/v2.1/servers/4a66e4ec-fecc-4c29-87bb-199a5ae89900 0.437s
2025-04-10 19:54:38.005 69892 INFO tempest.lib.common.rest_client [req-d3f5d675-38a7-4321-bccf-74b2aa122410 req-d3f5d675-38a7-4321-bccf-74b2aa122410 ] Request (ListImageFiltersTestJSON:setUpClass): 200 GET http://10.180.1.21/compute/v2.1/images/58092bdf-0ffe-4ba9-8527-cf39ce10b177 0.438s
2025-04-10 19:54:38.034 69917 INFO tempest.lib.common.rest_client [req-79250782-5eeb-4b4e-90b3-5f41e699754e req-79250782-5eeb-4b4e-90b3-5f41e699754e ] Request (MigrationsAdminTest:test_list_migrations_in_flavor_resize_situation): 200 GET http://10.180.1.21/compute/v2.1/servers/82dd63fc-dcc9-4411-91e7-45a7fa71ba74 0.487s
2025-04-10 19:54:38.066 69926 INFO tempest.lib.common.rest_client [req-40ec7b13-2f36-4579-a7e5-2fb844e0e9e0 req-40ec7b13-2f36-4579-a7e5-2fb844e0e9e0 ] Request (VolumesAdminNegativeTest:test_update_attached_volume_with_nonexistent_volume_in_body): 200 GET http://10.180.1.21/compute/v2.1/servers/f3ae9fe7-a43a-4bfb-a564-7f198d114b60 0.443s
2025-04-10 19:54:38.093 69904 INFO tempest.lib.common.rest_client [req-a4c163fc-daf7-48cb-bc6d-9962cfdb6c11 req-a4c163fc-daf7-48cb-bc6d-9962cfdb6c11 ] Request (ServersTestBootFromVolume:setUpClass): 202 POST http://10.180.1.21/volume/v3/volumes 0.445s
2025-04-10 19:54:38.133 69904 INFO tempest.lib.common.rest_client [req-dbb4ec1b-1892-4ca3-b824-f9c7ce133d7b req-dbb4ec1b-1892-4ca3-b824-f9c7ce133d7b ] Request (ServersTestBootFromVolume:setUpClass): 200 GET http://10.180.1.21/volume/v3/volumes/ca8586a6-f31d-43cc-864f-9b551546c7fb 0.027s
2025-04-10 19:54:38.156 69914 INFO tempest.lib.common.rest_client [req-6ad57e46-d5fd-4265-8c95-29c2648564e9 req-6ad57e46-d5fd-4265-8c95-29c2648564e9 ] Request (ServerDiagnosticsTest:tearDownClass): 200 GET http://10.180.1.21/compute/v2.1/servers/5a0b7a89-2e90-4682-ab57-180fdb270469 0.089s
2025-04-10 19:54:38.184 69940 INFO tempest.lib.common.rest_client [req-c24a3500-6045-4da4-a25b-ae246f19218e req-c24a3500-6045-4da4-a25b-ae246f19218e ] Request (ServersListShow296Test:tearDownClass): 404 GET http://10.180.1.21/compute/v2.1/servers/3a2c5c41-748f-4bbc-9507-d83c8f554b04 0.030s
2025-04-10 19:54:38.215 69944 INFO tempest.lib.common.rest_client [req-001517a1-d626-455a-8e11-79625a98377e req-001517a1-d626-455a-8e11-79625a98377e ] Request (ServersAdminTestJSON:test_create_server_with_scheduling_hint): 200 GET http://10.180.1.21/compute/v2.1/servers/fa2582ca-eaa4-4886-9669-771b2f370122 0.154s
2025-04-10 19:54:38.223 69944 INFO tempest.common.waiters [-] State transition "BUILD/spawning" ==> "ACTIVE/None" after 53 second wait
2025-04-10 19:54:38.310 69936 INFO tempest.lib.common.rest_client [req-821ed985-0967-449d-9208-1d6086bf1719 req-821ed985-0967-449d-9208-1d6086bf1719 ] Request (InstanceActionsNegativeTestJSON:setUpClass): 200 GET http://10.180.1.21/compute/v2.1/servers/161cc33d-d443-4e5e-a2cf-14ff9a5d9011 0.102s
2025-04-10 19:54:38.310 69940 INFO tempest.lib.common.rest_client [req-ec6e0e32-c6d1-4551-82f0-b0071a644a67 req-ec6e0e32-c6d1-4551-82f0-b0071a644a67 ] Request (ServersListShow296Test:tearDownClass): 204 DELETE http://10.180.1.21/identity/v3/users/0e59cdda9f4f46368e8aec36517d52c3 0.126s
2025-04-10 19:54:38.311 69940 INFO tempest.lib.common.dynamic_creds [-] Deleting project and security group for project: f965bae8c579495da9fd008441540fe3
2025-04-10 19:54:38.324 69944 INFO tempest.lib.common.rest_client [req-8aebef87-ab97-4989-bfbc-bc0ccd712677 req-8aebef87-ab97-4989-bfbc-bc0ccd712677 ] Request (ServersAdminTestJSON:test_inject_network_info): 201 POST http://10.180.1.21/identity/v3/auth/tokens 0.085s
2025-04-10 19:54:38.325 69944 INFO tempest.lib.common.fixed_network [-] (ServersAdminTestJSON:test_inject_network_info) Found network {'id': 'dbd9f3af-c06e-40fe-bc99-11436996ece5', 'name': 'tempest-ServersAdminTestJSON-726741241-network', 'tenant_id': '2e27f6f8ee6a49f7a1a89efcc8bf2229', 'admin_state_up': True, 'mtu': 8950, 'status': 'ACTIVE', 'subnets': [], 'shared': False, 'project_id': '2e27f6f8ee6a49f7a1a89efcc8bf2229', 'port_security_enabled': True, 'router:external': False, 'provider:network_type': 'vlan', 'provider:physical_network': 'default', 'provider:segmentation_id': 517, 'availability_zone_hints': [], 'availability_zones': [], 'ipv4_address_scope': None, 'ipv6_address_scope': None, 'description': '', 'tags': [], 'created_at': '2025-04-10T19:52:52Z', 'updated_at': '2025-04-10T19:52:52Z', 'revision_number': 1} available for tenant
2025-04-10 19:54:38.370 69932 INFO tempest.lib.common.rest_client [req-c9ca1d1b-c1fb-4296-8db1-d6d691bf264a req-c9ca1d1b-c1fb-4296-8db1-d6d691bf264a ] Request (ImagesTestJSON:test_create_image_from_stopped_server): 200 GET http://10.180.1.21/compute/v2.1/servers/8b599915-8c5f-40af-af4c-6f6769258ec5 0.085s
2025-04-10 19:54:38.374 69940 INFO tempest.lib.common.rest_client [req-e7d20b49-7253-458a-948c-70ee46f4fb29 req-e7d20b49-7253-458a-948c-70ee46f4fb29 ] Request (ServersListShow296Test:tearDownClass): 201 POST http://10.180.1.21/identity/v3/auth/tokens 0.063s
2025-04-10 19:54:38.384 69946 INFO tempest.lib.common.rest_client [req-84ce60af-6061-4e8a-bea5-4b19ce93b4d9 req-84ce60af-6061-4e8a-bea5-4b19ce93b4d9 ] Request (ServersTestMultiNic:test_verify_duplicate_network_nics): 200 GET http://10.180.1.21/compute/v2.1/servers/67c83959-a36f-4d69-97aa-0d5d871b514e 0.156s
2025-04-10 19:54:38.438 69906 INFO tempest.lib.common.rest_client [req-4a4f8f6c-f5db-49fb-9b06-fce2201f8c3b req-4a4f8f6c-f5db-49fb-9b06-fce2201f8c3b ] Request (SecurityGroupsTestJSON:test_server_security_groups): 200 GET http://10.180.1.21/compute/v2.1/servers/536f8e5b-f15c-41c9-b3d2-e7d8c4f945c7 0.150s
2025-04-10 19:54:38.537 69908 INFO tempest.lib.common.rest_client [req-2bb3aa21-470f-4cc8-85a5-17cbceb7ed47 req-2bb3aa21-470f-4cc8-85a5-17cbceb7ed47 ] Request (ServerShowV247Test:test_update_rebuild_list_server): 200 GET http://10.180.1.21/compute/v2.1/servers/36d35b67-42c7-4fa2-843f-d49f6193ea39 0.182s
2025-04-10 19:54:38.548 69908 INFO tempest.common.waiters [-] State transition "BUILD/spawning" ==> "ACTIVE/None" after 49 second wait
2025-04-10 19:54:38.625 69940 INFO tempest.lib.common.rest_client [req-d6b3f767-9998-4a2b-821b-8021bc5d846b req-d6b3f767-9998-4a2b-821b-8021bc5d846b ] Request (ServersListShow296Test:tearDownClass): 200 GET http://10.180.1.21:9696/networking/v2.0/security-groups?tenant_id=f965bae8c579495da9fd008441540fe3&name=default 0.251s
2025-04-10 19:54:38.657 69931 INFO tempest.lib.common.rest_client [req-a315c195-e953-4660-9578-4c010da28fdd req-a315c195-e953-4660-9578-4c010da28fdd ] Request (FloatingIPsAssociationTestJSON:test_associate_already_associated_floating_ip): 200 GET http://10.180.1.21/compute/v2.1/servers/68f0dac2-cc55-4110-87c3-dcf1d9d05650 0.299s
2025-04-10 19:54:38.719 69940 INFO tempest.lib.common.rest_client [req-0f2e98cc-35a1-44f7-8999-ea7690d8c9db req-0f2e98cc-35a1-44f7-8999-ea7690d8c9db ] Request (ServersListShow296Test:tearDownClass): 204 DELETE http://10.180.1.21:9696/networking/v2.0/security-groups/fe609347-3c2c-4ec3-a9fe-1ab8cd31ead6 0.093s
2025-04-10 19:54:38.740 69920 WARNING tempest.lib.common.ssh [-] Failed to establish authenticated ssh connection to cirros@10.180.180.149 ([Errno None] Unable to connect to port 22 on 10.180.180.149). Number attempts: 4. Retry after 5 seconds.: paramiko.ssh_exception.NoValidConnectionsError: [Errno None] Unable to connect to port 22 on 10.180.180.149
2025-04-10 19:54:38.745 69923 INFO tempest.lib.common.rest_client [req-b1c303c1-f28f-44d5-ab90-48b067175e57 req-b1c303c1-f28f-44d5-ab90-48b067175e57 ] Request (ServersTestJSON:setUpClass): 200 GET http://10.180.1.21/compute/v2.1/servers/48b7a09a-4147-42b3-b7e4-858fb5310bb8 0.335s
2025-04-10 19:54:38.807 69898 INFO tempest.lib.common.rest_client [req-e83dceb1-f5fe-45e2-aa71-ccfd3a7cdc5d req-e83dceb1-f5fe-45e2-aa71-ccfd3a7cdc5d ] Request (ServerAddressesTestJSON:setUpClass): 200 GET http://10.180.1.21/compute/v2.1/servers/3643a195-bc27-4ebd-b9cb-eead55f5cab0 0.376s
2025-04-10 19:54:38.807 69940 INFO tempest.lib.common.rest_client [req-f6603ae5-d293-4510-bd2b-325cdf5d64fd req-f6603ae5-d293-4510-bd2b-325cdf5d64fd ] Request (ServersListShow296Test:tearDownClass): 204 DELETE http://10.180.1.21/identity/v3/projects/f965bae8c579495da9fd008441540fe3 0.088s
2025-04-10 19:54:38.866 69934 INFO tempest.lib.common.rest_client [req-eac59907-4a4f-496f-ba8f-3520909f305c req-eac59907-4a4f-496f-ba8f-3520909f305c ] Request (ServerShowV257Test:test_rebuild_server): 200 GET http://10.180.1.21/compute/v2.1/servers/61f7c74f-3d86-49a5-a6f7-13c9b1ae51f5 0.383s
2025-04-10 19:54:38.882 69940 INFO tempest.lib.common.rest_client [req-af4a0005-f937-44df-9630-895338694676 req-af4a0005-f937-44df-9630-895338694676 ] Request (ServersNegativeTestMultiTenantJSON:setUpClass): 201 POST http://10.180.1.21/identity/v3/auth/tokens 0.073s
2025-04-10 19:54:38.912 69944 INFO tempest.lib.common.rest_client [req-d16a1965-bbbc-4d7d-a141-a64920aa4986 req-d16a1965-bbbc-4d7d-a141-a64920aa4986 ] Request (ServersAdminTestJSON:test_inject_network_info): 202 POST http://10.180.1.21/compute/v2.1/servers 0.587s
2025-04-10 19:54:38.917 69902 INFO tempest.lib.common.rest_client [req-c8f1a2d3-9494-490f-906f-0c5cfd3ee56f req-c8f1a2d3-9494-490f-906f-0c5cfd3ee56f ] Request (AttachInterfacesUnderV243Test:test_add_remove_fixed_ip): 200 GET http://10.180.1.21/compute/v2.1/servers/55949dd4-4830-4f07-a2f1-c38359c599be 0.421s
2025-04-10 19:54:38.921 69940 INFO tempest.lib.common.rest_client [req-08412beb-d93b-4edb-86b0-c0ecdf602b15 req-08412beb-d93b-4edb-86b0-c0ecdf602b15 ] Request (ServersNegativeTestMultiTenantJSON:setUpClass): 201 POST http://10.180.1.21/identity/v3/auth/tokens 0.032s
2025-04-10 19:54:38.954 69940 INFO tempest.lib.common.rest_client [req-34909a03-7569-47ef-a7cc-ade28eb21749 req-34909a03-7569-47ef-a7cc-ade28eb21749 ] Request (ServersNegativeTestMultiTenantJSON:setUpClass): 200 GET http://10.180.1.21/identity/v3/domains?name=Default 0.033s
2025-04-10 19:54:38.985 69942 INFO tempest.lib.common.rest_client [req-6845b703-4904-491d-9f23-d7272ee02e6c req-6845b703-4904-491d-9f23-d7272ee02e6c ] Request (ServersListShow298Test:test_list_show_update_rebuild_server_298): 200 GET http://10.180.1.21/compute/v2.1/servers/3bc77691-4c4d-47e3-aebf-7088296f490c 0.434s
2025-04-10 19:54:38.990 69940 INFO tempest.lib.common.rest_client [req-925a84c6-6316-4425-aafc-2ca16ab0dd3a req-925a84c6-6316-4425-aafc-2ca16ab0dd3a ] Request (ServersNegativeTestMultiTenantJSON:setUpClass): 201 POST http://10.180.1.21/identity/v3/projects 0.035s
2025-04-10 19:54:39.032 69888 INFO tempest.lib.common.rest_client [req-1cd37826-b699-4120-afa9-dd616b29725f req-1cd37826-b699-4120-afa9-dd616b29725f ] Request (DeleteServersTestJSON:test_delete_active_server): 200 GET http://10.180.1.21/compute/v2.1/servers/3bd97686-7586-4531-88da-cea7057302e8 0.408s
2025-04-10 19:54:39.065 69940 INFO tempest.lib.common.rest_client [req-be086f0a-53c7-4f40-9d0b-c5c86b437b29 req-be086f0a-53c7-4f40-9d0b-c5c86b437b29 ] Request (ServersNegativeTestMultiTenantJSON:setUpClass): 201 POST http://10.180.1.21/identity/v3/users 0.075s
2025-04-10 19:54:39.092 69884 INFO tempest.lib.common.rest_client [req-6758851a-81ec-4c0f-a8b9-a6fcb87f0b80 req-6758851a-81ec-4c0f-a8b9-a6fcb87f0b80 ] Request (AttachInterfacesTestJSON:test_create_list_show_delete_interfaces_by_fixed_ip): 200 GET http://10.180.1.21/compute/v2.1/servers/dc2479b6-2c26-42f7-b4a1-603e38fd3c17 0.464s
2025-04-10 19:54:39.102 69940 INFO tempest.lib.common.rest_client [req-179214ba-c716-4ef0-91c9-d1fb75dba7b0 req-179214ba-c716-4ef0-91c9-d1fb75dba7b0 ] Request (ServersNegativeTestMultiTenantJSON:setUpClass): 200 GET http://10.180.1.21/identity/v3/roles 0.036s
2025-04-10 19:54:39.114 69908 INFO tempest.lib.common.rest_client [req-6fe7b7a5-4688-4695-abaf-214a658ba766 req-6fe7b7a5-4688-4695-abaf-214a658ba766 ] Request (ServerShowV247Test:test_update_rebuild_list_server): 202 POST http://10.180.1.21/compute/v2.1/servers/36d35b67-42c7-4fa2-843f-d49f6193ea39/action 0.564s
2025-04-10 19:54:39.133 69940 INFO tempest.lib.common.rest_client [req-7dbb7dd8-9c3f-4806-b15c-d67d4a1fc0cf req-7dbb7dd8-9c3f-4806-b15c-d67d4a1fc0cf ] Request (ServersNegativeTestMultiTenantJSON:setUpClass): 204 PUT http://10.180.1.21/identity/v3/projects/bab14904ad5249a6ac9700df8fd5908f/users/530c387b294d4e8782af8ee2b9bcc3d4/roles/7765d623eb5c40c48ca456a932b0e25e 0.030s
2025-04-10 19:54:39.134 69940 INFO tempest.lib.common.dynamic_creds [-] Dynamic test user 530c387b294d4e8782af8ee2b9bcc3d4 is created with scope project and roles: ['member']
2025-04-10 19:54:39.134 69940 INFO tempest.lib.common.dynamic_creds [-] Acquired dynamic creds: credentials: Credentials: {'domain_id': 'default', 'domain_name': 'Default', 'username': 'tempest-ServersNegativeTestMultiTenantJSON-204731643-project-member', 'project_domain_id': 'default', 'project_domain_name': 'Default', 'project_id': 'bab14904ad5249a6ac9700df8fd5908f', 'project_name': 'tempest-ServersNegativeTestMultiTenantJSON-204731643', 'tenant_id': 'bab14904ad5249a6ac9700df8fd5908f', 'tenant_name': 'tempest-ServersNegativeTestMultiTenantJSON-204731643', 'user_domain_id': 'default', 'user_domain_name': 'Default', 'user_id': '530c387b294d4e8782af8ee2b9bcc3d4', 'system': None}, Network: None, Subnet: None, Router: None
2025-04-10 19:54:39.146 69894 INFO tempest.lib.common.rest_client [req-efacb0dd-a627-4293-b848-d1d276d4317a req-efacb0dd-a627-4293-b848-d1d276d4317a ] Request (ServerMetadataTestJSON:setUpClass): 200 GET http://10.180.1.21/compute/v2.1/servers/8cc280a2-364e-4974-8a97-dd97599e194c 0.454s
2025-04-10 19:54:39.164 69896 INFO tempest.lib.common.rest_client [req-089b6898-98ba-42a7-a546-4761922cc506 req-089b6898-98ba-42a7-a546-4761922cc506 ] Request (ServerRescueTestJSON:setUpClass): 200 GET http://10.180.1.21/compute/v2.1/servers/5a7759ca-a449-4619-96cb-71c78ac0e18f 0.465s
2025-04-10 19:54:39.188 69904 INFO tempest.lib.common.rest_client [req-9c3cf133-4a70-4905-81ac-c310623bd973 req-9c3cf133-4a70-4905-81ac-c310623bd973 ] Request (ServersTestBootFromVolume:setUpClass): 200 GET http://10.180.1.21/volume/v3/volumes/ca8586a6-f31d-43cc-864f-9b551546c7fb 0.036s
2025-04-10 19:54:39.209 69918 INFO tempest.lib.common.rest_client [req-77c5818f-7fc0-400c-955b-a391445dd339 req-77c5818f-7fc0-400c-955b-a391445dd339 ] Request (ServersTestFqdnHostnames:test_create_server_with_fqdn_name): 200 GET http://10.180.1.21/compute/v2.1/servers/6735746d-c4a1-4d85-8806-ed80577a68f4 0.443s
2025-04-10 19:54:39.209 69940 INFO tempest.lib.common.rest_client [req-ecfd95ea-4edf-435a-9e3f-01108afdfc67 req-ecfd95ea-4edf-435a-9e3f-01108afdfc67 ] Request (ServersNegativeTestMultiTenantJSON:setUpClass): 201 POST http://10.180.1.21/identity/v3/auth/tokens 0.075s
2025-04-10 19:54:39.230 69900 INFO tempest.lib.common.rest_client [req-7d00e7d5-793c-4038-a6f8-955f188d770a req-7d00e7d5-793c-4038-a6f8-955f188d770a ] Request (ServerActionsV293TestJSON:setUpClass): 200 GET http://10.180.1.21/compute/v2.1/servers/2ccfcbd4-d609-4269-95d6-31963fcb61e1 0.457s
2025-04-10 19:54:39.294 69938 INFO tempest.lib.common.rest_client [req-5e42d433-ee28-4e1f-83b1-144aa203b4fa req-5e42d433-ee28-4e1f-83b1-144aa203b4fa ] Request (ServerActionsTestOtherA:setUpClass): 200 GET http://10.180.1.21/compute/v2.1/servers/bfdb04fc-7a85-4c98-9206-a4c44adeee9f 0.461s
2025-04-10 19:54:39.298 69924 INFO tempest.lib.common.rest_client [req-52715f7b-d38e-4471-a2c6-9e32fa788eba req-52715f7b-d38e-4471-a2c6-9e32fa788eba ] Request (DeleteServersAdminTestJSON:test_delete_server_while_in_error_state): 200 GET http://10.180.1.21/compute/v2.1/servers/faf5ccd5-5f25-4331-9229-2e245106999c 0.457s
2025-04-10 19:54:39.374 69890 INFO tempest.lib.common.rest_client [req-79887a34-f5c5-431a-b90d-8e33200ca82f req-79887a34-f5c5-431a-b90d-8e33200ca82f ] Request (ServersAdminNegativeTestJSON:test_migrate_server_invalid_state): 200 GET http://10.180.1.21/compute/v2.1/servers/99ea4526-6480-43fc-82f5-1b37c6f3a680 0.467s
2025-04-10 19:54:39.381 69890 INFO tempest.common.waiters [-] State transition "BUILD/scheduling" ==> "BUILD/None" after 38 second wait
2025-04-10 19:54:39.399 69912 INFO tempest.lib.common.rest_client [req-dbaaefa2-a3ba-49ac-b42e-920a0f98f5cd req-dbaaefa2-a3ba-49ac-b42e-920a0f98f5cd ] Request (TenantUsagesTestJSON:tearDownClass): 200 GET http://10.180.1.21/compute/v2.1/servers/f173734d-a046-4647-92c2-a9595f031a39 0.489s
2025-04-10 19:54:39.423 69944 INFO tempest.lib.common.rest_client [req-fc864fbb-74b9-4b65-88b4-443a18ee58e3 req-fc864fbb-74b9-4b65-88b4-443a18ee58e3 ] Request (ServersAdminTestJSON:test_inject_network_info): 200 GET http://10.180.1.21/compute/v2.1/servers/a1675c15-3ae1-4865-9758-32e637cf9bdd 0.509s
2025-04-10 19:54:39.471 69886 INFO tempest.lib.common.rest_client [req-4b68984f-1b6b-45db-8eee-5ca20d31e8b9 req-4b68984f-1b6b-45db-8eee-5ca20d31e8b9 ] Request (ServerGroupTestJSON:test_create_server_with_scheduler_hint_group): 200 GET http://10.180.1.21/compute/v2.1/servers/4a66e4ec-fecc-4c29-87bb-199a5ae89900 0.495s
