2025-04-10 19:53:14.253 69923 INFO tempest.lib.common.rest_client [req-f535898b-4e4b-4086-9059-898881b207ef req-f535898b-4e4b-4086-9059-898881b207ef ] Request (FlavorsV2TestJSON:setUpClass): 201 POST http://10.180.1.21/identity/v3/projects 0.218s
2025-04-10 19:53:14.323 69946 INFO tempest.lib.common.rest_client [req-eac8fa4c-430d-49b8-bfae-cbf0b6ebb716 req-eac8fa4c-430d-49b8-bfae-cbf0b6ebb716 ] Request (QuotasAdminNegativeTest:setUpClass): 201 POST http://10.180.1.21/identity/v3/projects 0.215s
2025-04-10 19:53:14.406 69908 INFO tempest.lib.common.rest_client [req-fbf6c1e0-3619-495c-a241-f9e274708eba req-fbf6c1e0-3619-495c-a241-f9e274708eba ] Request (HypervisorAdminV253TestBase:test_list_show_detail_hypervisors): 200 GET http://10.180.1.21/compute/v2.1/os-hypervisors/detail?with_servers=True 1.039s
2025-04-10 19:53:14.439 69894 INFO tempest.lib.common.rest_client [req-484f809b-5bcd-4d61-9ce1-b1c944936cea req-484f809b-5bcd-4d61-9ce1-b1c944936cea ] Request (InstanceUsageAuditLogNegativeTestJSON:setUpClass): 201 POST http://10.180.1.21/identity/v3/users 0.248s
2025-04-10 19:53:14.444 69912 INFO tempest.lib.common.rest_client [req-2a59a5e4-a073-47fa-aad3-6ae36c265aaf req-2a59a5e4-a073-47fa-aad3-6ae36c265aaf ] Request (KeyPairsV210TestJSON:_run_cleanups): 204 DELETE http://10.180.1.21/compute/v2.1/os-keypairs/tempest-keypair-1235979177?user_id=cb915f505c92443ba2dea6b38555f32b 1.067s
2025-04-10 19:53:14.454 69917 INFO tempest.lib.common.rest_client [req-8b4e6fa9-b4b8-4329-8d0a-bb32013e12fe req-8b4e6fa9-b4b8-4329-8d0a-bb32013e12fe ] Request (MigrationsAdminTest:test_list_migrations_in_flavor_resize_situation): 202 POST http://10.180.1.21/compute/v2.1/servers 1.602s
2025-04-10 19:53:14.471 69904 INFO tempest.lib.common.rest_client [req-4a2b0f20-2b56-4039-8040-161d539ab130 req-4a2b0f20-2b56-4039-8040-161d539ab130 ] Request (FlavorsExtraSpecsNegativeTestJSON:test_flavor_non_admin_update_specific_key): 403 PUT http://10.180.1.21/compute/v2.1/flavors/1314689531/os-extra_specs/hw:numa_nodes 1.053s
2025-04-10 19:53:14.476 69931 INFO tempest.lib.common.rest_client [req-e7a07f98-aa05-48a7-91a7-9ad428792b0f req-e7a07f98-aa05-48a7-91a7-9ad428792b0f ] Request (FlavorsAccessTestJSON:_run_cleanups): 200 GET http://10.180.1.21/compute/v2.1/flavors/detail 1.080s
2025-04-10 19:53:14.486 69920 INFO tempest.lib.common.rest_client [req-413babca-08fa-4ed2-8ffb-9f0f80e66927 req-413babca-08fa-4ed2-8ffb-9f0f80e66927 ] Request (ServersWithSpecificFlavorTestJSON:setUpClass): 201 POST http://10.180.1.21:9696/networking/v2.0/networks 0.362s
2025-04-10 19:53:14.486 69923 INFO tempest.lib.common.rest_client [req-df76a94a-4e56-470f-aa8a-c451fd8c7dc8 req-df76a94a-4e56-470f-aa8a-c451fd8c7dc8 ] Request (FlavorsV2TestJSON:setUpClass): 201 POST http://10.180.1.21/identity/v3/users 0.233s
2025-04-10 19:53:14.501 69914 INFO tempest.lib.common.rest_client [req-589a3b79-13d4-438d-a93a-9a85bf25bd39 req-589a3b79-13d4-438d-a93a-9a85bf25bd39 ] Request (FlavorsExtraSpecsTestJSON:test_flavor_set_get_update_show_unset_keys): 200 GET http://10.180.1.21/compute/v2.1/flavors/56007007/os-extra_specs 0.818s
2025-04-10 19:53:14.510 69934 INFO tempest.lib.common.rest_client [req-91bd4672-c9b7-4f9a-8142-a8aec4783526 req-91bd4672-c9b7-4f9a-8142-a8aec4783526 ] Request (AggregatesAdminNegativeTestJSON:_run_cleanups): 200 DELETE http://10.180.1.21/compute/v2.1/os-aggregates/1 0.847s
2025-04-10 19:53:14.527 69932 INFO tempest.lib.common.rest_client [req-74466a4b-bf0d-4840-a3b9-28ea16def8e0 req-74466a4b-bf0d-4840-a3b9-28ea16def8e0 ] Request (FlavorsV255TestJSON:_run_cleanups): 200 GET http://10.180.1.21/compute/v2.1/flavors/detail 0.825s
2025-04-10 19:53:14.547 69896 INFO tempest.lib.common.rest_client [req-acec1a92-3a3b-4ddb-8221-e503cca36020 req-acec1a92-3a3b-4ddb-8221-e503cca36020 ] Request (ServicesAdminNegativeV253TestJSON:test_get_service_with_valid_service_and_invalid_host): 200 GET http://10.180.1.21/compute/v2.1/os-services 0.756s
2025-04-10 19:53:14.549 69946 INFO tempest.lib.common.rest_client [req-9bd3b446-93e4-4728-b217-140c15458984 req-9bd3b446-93e4-4728-b217-140c15458984 ] Request (QuotasAdminNegativeTest:setUpClass): 201 POST http://10.180.1.21/identity/v3/users 0.225s
2025-04-10 19:53:14.553 69894 INFO tempest.lib.common.rest_client [req-bcee79b7-eb62-4661-bda7-8b8c502422e5 req-bcee79b7-eb62-4661-bda7-8b8c502422e5 ] Request (InstanceUsageAuditLogNegativeTestJSON:setUpClass): 200 GET http://10.180.1.21/identity/v3/roles 0.114s
2025-04-10 19:53:14.562 69888 INFO tempest.lib.common.rest_client [req-2387af06-a288-45da-a08e-3f678cb6ea13 req-2387af06-a288-45da-a08e-3f678cb6ea13 ] Request (QuotasAdminTestJSON:test_delete_quota): 202 DELETE http://10.180.1.21/compute/v2.1/os-quota-sets/d50546d1f2aa4b079d8552431ecdb9d9 0.668s
2025-04-10 19:53:14.571 69923 INFO tempest.lib.common.rest_client [req-6650bc62-c066-431b-80c2-7d42a2d73de0 req-6650bc62-c066-431b-80c2-7d42a2d73de0 ] Request (FlavorsV2TestJSON:setUpClass): 200 GET http://10.180.1.21/identity/v3/roles 0.083s
2025-04-10 19:53:14.577 69928 INFO tempest.lib.common.rest_client [req-86ccafed-29cc-4a61-8416-7c383b4640a4 req-86ccafed-29cc-4a61-8416-7c383b4640a4 ] Request (ImagesMetadataTestJSON:setUpClass): 200 GET http://10.180.1.21/compute/v2.1/images/c0a83de1-5add-4269-a14e-b5fa216959fd 0.770s
2025-04-10 19:53:14.643 69932 INFO tempest.lib.common.rest_client [req-62f07728-c80b-483d-85ba-cb9f30993071 req-62f07728-c80b-483d-85ba-cb9f30993071 ] Request (FlavorsV255TestJSON:tearDownClass): 204 DELETE http://10.180.1.21/identity/v3/users/ee1c00d8df3d44779c90ebe0b0fb08c3 0.092s
2025-04-10 19:53:14.702 69894 INFO tempest.lib.common.rest_client [req-048d825a-74db-49ac-9275-9dd376f97cde req-048d825a-74db-49ac-9275-9dd376f97cde ] Request (InstanceUsageAuditLogNegativeTestJSON:setUpClass): 204 PUT http://10.180.1.21/identity/v3/projects/9307248e744d460ea2be89afac6482dd/users/877a1ffe894f444f93d321de09bd6f3c/roles/7765d623eb5c40c48ca456a932b0e25e 0.147s
2025-04-10 19:53:14.702 69894 INFO tempest.lib.common.dynamic_creds [-] Dynamic test user 877a1ffe894f444f93d321de09bd6f3c is created with scope project and roles: ['member']
2025-04-10 19:53:14.702 69894 INFO tempest.lib.common.dynamic_creds [-] Acquired dynamic creds: credentials: Credentials: {'domain_id': 'default', 'domain_name': 'Default', 'username': 'tempest-InstanceUsageAuditLogNegativeTestJSON-1525176525-project-member', 'project_domain_id': 'default', 'project_domain_name': 'Default', 'project_id': '9307248e744d460ea2be89afac6482dd', 'project_name': 'tempest-InstanceUsageAuditLogNegativeTestJSON-1525176525', 'tenant_id': '9307248e744d460ea2be89afac6482dd', 'tenant_name': 'tempest-InstanceUsageAuditLogNegativeTestJSON-1525176525', 'user_domain_id': 'default', 'user_domain_name': 'Default', 'user_id': '877a1ffe894f444f93d321de09bd6f3c', 'system': None}, Network: None, Subnet: None, Router: None
2025-04-10 19:53:14.703 69894 INFO tempest.lib.common.dynamic_creds [-] Created isolated network resources for: credentials: Credentials: {'domain_id': 'default', 'domain_name': 'Default', 'username': 'tempest-InstanceUsageAuditLogNegativeTestJSON-1525176525-project-member', 'project_domain_id': 'default', 'project_domain_name': 'Default', 'project_id': '9307248e744d460ea2be89afac6482dd', 'project_name': 'tempest-InstanceUsageAuditLogNegativeTestJSON-1525176525', 'tenant_id': '9307248e744d460ea2be89afac6482dd', 'tenant_name': 'tempest-InstanceUsageAuditLogNegativeTestJSON-1525176525', 'user_domain_id': 'default', 'user_domain_name': 'Default', 'user_id': '877a1ffe894f444f93d321de09bd6f3c', 'system': None}, Network: None, Subnet: None, Router: None
2025-04-10 19:53:14.707 69884 INFO tempest.lib.common.rest_client [req-42498913-64eb-41b5-991f-5a73138863cb req-42498913-64eb-41b5-991f-5a73138863cb ] Request (SecurityGroupRulesTestJSON:setUpClass): 200 PUT http://10.180.1.21:9696/networking/v2.0/routers/8a583d6e-f4b1-4029-bee7-7dcba908537c/add_router_interface 0.996s
2025-04-10 19:53:14.708 69884 INFO tempest.lib.common.dynamic_creds [-] Created isolated network resources for: credentials: Credentials: {'domain_id': 'default', 'domain_name': 'Default', 'username': 'tempest-SecurityGroupRulesTestJSON-1047272370-project-member', 'project_domain_id': 'default', 'project_domain_name': 'Default', 'project_id': 'd9ea643a9a364a8293f8880c2a55b301', 'project_name': 'tempest-SecurityGroupRulesTestJSON-1047272370', 'tenant_id': 'd9ea643a9a364a8293f8880c2a55b301', 'tenant_name': 'tempest-SecurityGroupRulesTestJSON-1047272370', 'user_domain_id': 'default', 'user_domain_name': 'Default', 'user_id': '659d162c2d8a4be8a9a691abf64618ab', 'system': None}, Network: {'id': '76316b06-d9f2-4392-83e4-60cbd52cc606', 'name': 'tempest-SecurityGroupRulesTestJSON-1828431806-network', 'tenant_id': 'd9ea643a9a364a8293f8880c2a55b301', 'admin_state_up': True, 'mtu': 8950, 'status': 'ACTIVE', 'subnets': [], 'shared': False, 'project_id': 'd9ea643a9a364a8293f8880c2a55b301', 'port_security_enabled': True, 'router:external': False, 'provider:network_type': 'vlan', 'provider:physical_network': 'default', 'provider:segmentation_id': 500, 'availability_zone_hints': [], 'availability_zones': [], 'ipv4_address_scope': None, 'ipv6_address_scope': None, 'description': '', 'tags': [], 'created_at': '2025-04-10T19:53:12Z', 'updated_at': '2025-04-10T19:53:12Z', 'revision_number': 1}, Subnet: {'id': '1176cd37-49dc-4d59-ad8e-903cf5a4e22f', 'name': 'tempest-SecurityGroupRulesTestJSON-1828431806-subnet', 'tenant_id': 'd9ea643a9a364a8293f8880c2a55b301', 'network_id': '76316b06-d9f2-4392-83e4-60cbd52cc606', 'ip_version': 4, 'subnetpool_id': None, 'enable_dhcp': True, 'ipv6_ra_mode': None, 'ipv6_address_mode': None, 'gateway_ip': '192.168.128.1', 'cidr': '192.168.128.0/28', 'allocation_pools': [{'start': '192.168.128.2', 'end': '192.168.128.14'}], 'host_routes': [], 'dns_nameservers': [], 'description': '', 'router:external': False, 'service_types': [], 'tags': [], 'created_at': '2025-04-10T19:53:12Z', 'updated_at': '2025-04-10T19:53:12Z', 'revision_number': 0, 'project_id': 'd9ea643a9a364a8293f8880c2a55b301'}, Router: {'id': '8a583d6e-f4b1-4029-bee7-7dcba908537c', 'name': 'tempest-SecurityGroupRulesTestJSON-1828431806-router', 'tenant_id': 'd9ea643a9a364a8293f8880c2a55b301', 'admin_state_up': True, 'status': 'ACTIVE', 'external_gateway_info': {'network_id': '9a37436f-a553-454f-b128-5f0751b9e4e9', 'external_fixed_ips': [{'subnet_id': '69c86c7e-fc0e-46e0-899a-a2ac90f807ef', 'ip_address': '10.180.180.179'}], 'enable_snat': True}, 'description': '', 'availability_zones': [], 'distributed': False, 'ha': False, 'availability_zone_hints': [], 'routes': [], 'flavor_id': None, 'tags': [], 'created_at': '2025-04-10T19:53:12Z', 'updated_at': '2025-04-10T19:53:13Z', 'revision_number': 2, 'project_id': 'd9ea643a9a364a8293f8880c2a55b301'}
2025-04-10 19:53:14.708 69946 INFO tempest.lib.common.rest_client [req-d299d99f-1547-450e-bbe5-7ff7a5bdbe8d req-d299d99f-1547-450e-bbe5-7ff7a5bdbe8d ] Request (QuotasAdminNegativeTest:setUpClass): 200 GET http://10.180.1.21/identity/v3/roles 0.158s
2025-04-10 19:53:14.733 69898 INFO tempest.lib.common.rest_client [req-08b27fd8-c77e-4f73-9c77-ef86b89111d7 req-08b27fd8-c77e-4f73-9c77-ef86b89111d7 ] Request (SecurityGroupRulesNegativeTestJSON:test_create_security_group_rule_with_invalid_from_port): 200 POST http://10.180.1.21/compute/v2.1/os-security-groups 0.816s
2025-04-10 19:53:14.749 69900 INFO tempest.lib.common.rest_client [req-c054591a-1414-46ec-873e-0c98269084df req-c054591a-1414-46ec-873e-0c98269084df ] Request (KeyPairsV2TestJSON:test_keypairs_create_list_delete): 200 GET http://10.180.1.21/compute/v2.1/os-keypairs 0.823s
2025-04-10 19:53:14.781 69936 INFO tempest.lib.common.rest_client [req-92597bf2-5f01-4d5f-a221-021254b5d464 req-92597bf2-5f01-4d5f-a221-021254b5d464 ] Request (FlavorsAccessNegativeTestJSON:test_flavor_access_list_with_public_flavor): 200 POST http://10.180.1.21/compute/v2.1/flavors 0.662s
2025-04-10 19:53:14.800 69920 INFO tempest.lib.common.rest_client [req-051a8e31-58d2-4817-9a3d-240eb98a664f req-051a8e31-58d2-4817-9a3d-240eb98a664f ] Request (ServersWithSpecificFlavorTestJSON:setUpClass): 201 POST http://10.180.1.21:9696/networking/v2.0/subnets 0.313s
2025-04-10 19:53:14.810 69923 INFO tempest.lib.common.rest_client [req-7a7da89f-0fc1-4039-8dd0-8bf6e0e983f9 req-7a7da89f-0fc1-4039-8dd0-8bf6e0e983f9 ] Request (FlavorsV2TestJSON:setUpClass): 204 PUT http://10.180.1.21/identity/v3/projects/21ef70a5533c40fdb2eeb4df6d0cf917/users/a5bcd941702d4c988a8f5adac5b05c8c/roles/7765d623eb5c40c48ca456a932b0e25e 0.238s
2025-04-10 19:53:14.810 69923 INFO tempest.lib.common.dynamic_creds [-] Dynamic test user a5bcd941702d4c988a8f5adac5b05c8c is created with scope project and roles: ['member']
2025-04-10 19:53:14.810 69923 INFO tempest.lib.common.dynamic_creds [-] Acquired dynamic creds: credentials: Credentials: {'domain_id': 'default', 'domain_name': 'Default', 'username': 'tempest-FlavorsV2TestJSON-782447132-project-member', 'project_domain_id': 'default', 'project_domain_name': 'Default', 'project_id': '21ef70a5533c40fdb2eeb4df6d0cf917', 'project_name': 'tempest-FlavorsV2TestJSON-782447132', 'tenant_id': '21ef70a5533c40fdb2eeb4df6d0cf917', 'tenant_name': 'tempest-FlavorsV2TestJSON-782447132', 'user_domain_id': 'default', 'user_domain_name': 'Default', 'user_id': 'a5bcd941702d4c988a8f5adac5b05c8c', 'system': None}, Network: None, Subnet: None, Router: None
2025-04-10 19:53:14.810 69923 INFO tempest.lib.common.dynamic_creds [-] Created isolated network resources for: credentials: Credentials: {'domain_id': 'default', 'domain_name': 'Default', 'username': 'tempest-FlavorsV2TestJSON-782447132-project-member', 'project_domain_id': 'default', 'project_domain_name': 'Default', 'project_id': '21ef70a5533c40fdb2eeb4df6d0cf917', 'project_name': 'tempest-FlavorsV2TestJSON-782447132', 'tenant_id': '21ef70a5533c40fdb2eeb4df6d0cf917', 'tenant_name': 'tempest-FlavorsV2TestJSON-782447132', 'user_domain_id': 'default', 'user_domain_name': 'Default', 'user_id': 'a5bcd941702d4c988a8f5adac5b05c8c', 'system': None}, Network: None, Subnet: None, Router: None
2025-04-10 19:53:14.827 69906 INFO tempest.lib.common.rest_client [req-ba2b5a46-3851-4a9c-9205-785523eea3d3 req-ba2b5a46-3851-4a9c-9205-785523eea3d3 ] Request (SecurityGroupsTestJSON:setUpClass): 201 POST http://10.180.1.21:9696/networking/v2.0/networks 0.646s
2025-04-10 19:53:14.841 69910 INFO tempest.lib.common.rest_client [req-8d688c28-84da-4c66-8cbb-ad1ee00af35c req-8d688c28-84da-4c66-8cbb-ad1ee00af35c ] Request (VolumesAssistedSnapshotsTest:test_volume_assisted_snapshot_create_delete): 200 POST http://10.180.1.21/compute/v2.1/os-keypairs 0.943s
2025-04-10 19:53:14.900 69918 INFO tempest.lib.common.rest_client [req-c575ccbb-ecf3-4496-a8bb-cca6e9d9c5c2 req-c575ccbb-ecf3-4496-a8bb-cca6e9d9c5c2 ] Request (ServerDiagnosticsV248Test:test_get_server_diagnostics): 200 GET http://10.180.1.21/compute/v2.1/servers/6ea331fd-83e8-45fd-ad6d-372835735da7 0.700s
2025-04-10 19:53:14.912 69918 INFO tempest.common.waiters [-] State transition "BUILD/networking" ==> "BUILD/spawning" after 7 second wait
2025-04-10 19:53:14.935 69932 INFO tempest.lib.common.rest_client [req-51490683-9c89-4fc4-aa8c-11e101f8b206 req-51490683-9c89-4fc4-aa8c-11e101f8b206 ] Request (FlavorsV255TestJSON:tearDownClass): 204 DELETE http://10.180.1.21/identity/v3/users/8203c36b971c4848a5b4bb94fe994f40 0.291s
2025-04-10 19:53:14.935 69932 INFO tempest.lib.common.dynamic_creds [-] Deleting project and security group for project: 5b8b3b02201f429ca9a1b6c29cc89b30
2025-04-10 19:53:14.955 69940 INFO tempest.lib.common.rest_client [req-d67bb236-4439-44ed-a24e-5359597161ce req-d67bb236-4439-44ed-a24e-5359597161ce ] Request (ServersListShow296Test:test_list_show_update_rebuild_server_296): 200 GET http://10.180.1.21/compute/v2.1/servers/3a2c5c41-748f-4bbc-9507-d83c8f554b04 0.688s
2025-04-10 19:53:14.961 69894 INFO tempest.lib.common.rest_client [req-92880f9d-809f-4fc7-b887-1a61b35cac2d req-92880f9d-809f-4fc7-b887-1a61b35cac2d ] Request (InstanceUsageAuditLogNegativeTestJSON:setUpClass): 201 POST http://10.180.1.21/identity/v3/auth/tokens 0.254s
2025-04-10 19:53:14.985 69924 INFO tempest.lib.common.rest_client [req-ef1971a0-3dac-42a0-9efb-6d9b0534bd2b req-ef1971a0-3dac-42a0-9efb-6d9b0534bd2b ] Request (DeleteServersAdminTestJSON:test_admin_delete_servers_of_others): 200 GET http://10.180.1.21/compute/v2.1/servers/35ff3b23-019e-4948-a9d8-52f95fcef143 0.653s
2025-04-10 19:53:14.996 69908 INFO tempest.lib.common.rest_client [req-385ca643-fb10-490c-89b0-09d47b248ef8 req-385ca643-fb10-490c-89b0-09d47b248ef8 ] Request (HypervisorAdminV253TestBase:test_list_show_detail_hypervisors): 200 GET http://10.180.1.21/compute/v2.1/os-hypervisors?with_servers=True 0.586s
2025-04-10 19:53:15.006 69912 INFO tempest.lib.common.rest_client [req-02562d3d-38ed-4afc-92a5-ca66da80723c req-02562d3d-38ed-4afc-92a5-ca66da80723c ] Request (KeyPairsV210TestJSON:_run_cleanups): 204 DELETE http://10.180.1.21/compute/v2.1/os-keypairs/tempest-keypair-1420468681?user_id=cb915f505c92443ba2dea6b38555f32b 0.561s
2025-04-10 19:53:15.023 69904 INFO tempest.lib.common.rest_client [req-5119b43d-8f1d-4a65-bb80-72e3e7e4aa85 req-5119b43d-8f1d-4a65-bb80-72e3e7e4aa85 ] Request (FlavorsExtraSpecsNegativeTestJSON:test_flavor_unset_nonexistent_key): 404 DELETE http://10.180.1.21/compute/v2.1/flavors/1314689531/os-extra_specs/hw:cpu_thread_policy 0.550s
2025-04-10 19:53:15.029 69884 INFO tempest.lib.common.rest_client [req-226fe15d-3eba-4c89-8477-fc5d5de39f0a req-226fe15d-3eba-4c89-8477-fc5d5de39f0a ] Request (SecurityGroupRulesTestJSON:setUpClass): 201 POST http://10.180.1.21/identity/v3/auth/tokens 0.315s
2025-04-10 19:53:15.043 69931 INFO tempest.lib.common.rest_client [req-14da95f8-2c5e-4bc1-9863-7e46e2de0c68 req-14da95f8-2c5e-4bc1-9863-7e46e2de0c68 ] Request (FlavorsAccessTestJSON:test_flavor_access_list_with_private_flavor): 200 POST http://10.180.1.21/compute/v2.1/flavors 0.551s
2025-04-10 19:53:15.062 69946 INFO tempest.lib.common.rest_client [req-b7e3d5e0-353d-433b-8178-6d1bf777d7aa req-b7e3d5e0-353d-433b-8178-6d1bf777d7aa ] Request (QuotasAdminNegativeTest:setUpClass): 204 PUT http://10.180.1.21/identity/v3/projects/af75173ddd804190828f3abfe6bc59f3/users/fa017f7955fd4e0096808842028f818a/roles/606915e17e2846e885501a55e9344153 0.353s
2025-04-10 19:53:15.078 69917 INFO tempest.lib.common.rest_client [req-ca866859-0dff-4750-bc76-06fccdf66694 req-ca866859-0dff-4750-bc76-06fccdf66694 ] Request (MigrationsAdminTest:test_list_migrations_in_flavor_resize_situation): 200 GET http://10.180.1.21/compute/v2.1/servers/82dd63fc-dcc9-4411-91e7-45a7fa71ba74 0.621s
2025-04-10 19:53:15.088 69914 INFO tempest.lib.common.rest_client [req-03542374-44c7-40e2-92ca-a8ee1dd3f10c req-03542374-44c7-40e2-92ca-a8ee1dd3f10c ] Request (FlavorsExtraSpecsTestJSON:test_flavor_set_get_update_show_unset_keys): 200 PUT http://10.180.1.21/compute/v2.1/flavors/56007007/os-extra_specs/hw:numa_nodes 0.582s
2025-04-10 19:53:15.120 69896 INFO tempest.lib.common.rest_client [req-f455a5e3-14cb-4248-840b-5000c1044185 req-f455a5e3-14cb-4248-840b-5000c1044185 ] Request (ServicesAdminNegativeV253TestJSON:test_get_service_with_valid_service_and_invalid_host): 200 GET http://10.180.1.21/compute/v2.1/os-services?host=xxx&binary=nova-scheduler 0.571s
2025-04-10 19:53:15.122 69934 INFO tempest.lib.common.rest_client [req-9ab4c29f-2fbf-4b66-9791-412358bec805 req-9ab4c29f-2fbf-4b66-9791-412358bec805 ] Request (AggregatesAdminNegativeTestJSON:test_aggregate_add_host_as_user): 200 POST http://10.180.1.21/compute/v2.1/os-aggregates 0.591s
2025-04-10 19:53:15.149 69906 INFO tempest.lib.common.rest_client [req-ff7f9add-9e13-4dd7-8f82-67afe9c53a6b req-ff7f9add-9e13-4dd7-8f82-67afe9c53a6b ] Request (SecurityGroupsTestJSON:setUpClass): 201 POST http://10.180.1.21:9696/networking/v2.0/subnets 0.321s
2025-04-10 19:53:15.157 69890 INFO tempest.lib.common.rest_client [req-116b2438-0bc9-4dd8-b37c-f39fe04b8134 req-116b2438-0bc9-4dd8-b37c-f39fe04b8134 ] Request (HostsAdminTestJSON:test_list_hosts_with_zone): 200 GET http://10.180.1.21/compute/v2.1/os-hosts 0.579s
2025-04-10 19:53:15.157 69923 INFO tempest.lib.common.rest_client [req-a0f7c1b5-9cd9-42d7-b9b3-347f6ddc27f2 req-a0f7c1b5-9cd9-42d7-b9b3-347f6ddc27f2 ] Request (FlavorsV2TestJSON:setUpClass): 201 POST http://10.180.1.21/identity/v3/auth/tokens 0.339s
2025-04-10 19:53:15.210 69910 INFO tempest.lib.common.rest_client [req-13d97dfb-d4cc-4434-8af6-18136ad04cf5 req-13d97dfb-d4cc-4434-8af6-18136ad04cf5 ] Request (VolumesAssistedSnapshotsTest:test_volume_assisted_snapshot_create_delete): 201 POST http://10.180.1.21:9696/networking/v2.0/security-groups 0.368s
2025-04-10 19:53:15.230 69932 INFO tempest.lib.common.rest_client [req-ef620c2b-3c7b-42cb-8399-ff4006cafa50 req-ef620c2b-3c7b-42cb-8399-ff4006cafa50 ] Request (FlavorsV255TestJSON:tearDownClass): 201 POST http://10.180.1.21/identity/v3/auth/tokens 0.295s
2025-04-10 19:53:15.232 69892 INFO tempest.lib.common.rest_client [req-3c5eed94-3c28-4475-a748-f0606f01abfa req-3c5eed94-3c28-4475-a748-f0606f01abfa ] Request (ListImageFiltersTestJSON:setUpClass): 204 PUT http://10.180.1.21/image/v2/images/2499a0be-b8a9-41c3-b572-d431419cb0f9/file 1.954s
2025-04-10 19:53:15.304 69894 INFO tempest.lib.common.rest_client [req-9627be75-cb27-46af-9ebe-dbb061bf8188 req-9627be75-cb27-46af-9ebe-dbb061bf8188 ] Request (InstanceUsageAuditLogNegativeTestJSON:setUpClass): 201 POST http://10.180.1.21/identity/v3/projects 0.341s
2025-04-10 19:53:15.325 69912 INFO tempest.lib.common.rest_client [req-1b8900a6-a791-4247-9934-d280615d1c7d req-1b8900a6-a791-4247-9934-d280615d1c7d ] Request (KeyPairsV210TestJSON:tearDownClass): 204 DELETE http://10.180.1.21/identity/v3/users/cb915f505c92443ba2dea6b38555f32b 0.308s
2025-04-10 19:53:15.421 69946 INFO tempest.lib.common.rest_client [req-b3dc17a3-7a10-489f-aae6-ebc1ea78e653 req-b3dc17a3-7a10-489f-aae6-ebc1ea78e653 ] Request (QuotasAdminNegativeTest:setUpClass): 200 GET http://10.180.1.21/identity/v3/roles 0.358s
2025-04-10 19:53:15.454 69894 INFO tempest.lib.common.rest_client [req-efa42075-bc79-4706-a60f-7a21c62f4048 req-efa42075-bc79-4706-a60f-7a21c62f4048 ] Request (InstanceUsageAuditLogNegativeTestJSON:setUpClass): 201 POST http://10.180.1.21/identity/v3/users 0.150s
2025-04-10 19:53:15.507 69928 INFO tempest.lib.common.rest_client [req-ad214b84-29d7-4d2f-9332-046c60513667 req-ad214b84-29d7-4d2f-9332-046c60513667 ] Request (ImagesMetadataTestJSON:setUp): 200 PUT http://10.180.1.21/compute/v2.1/images/c0a83de1-5add-4269-a14e-b5fa216959fd/metadata 0.924s
2025-04-10 19:53:15.598 69912 INFO tempest.lib.common.rest_client [req-7bcaff05-1e7b-4102-a22f-ef03f8e55b60 req-7bcaff05-1e7b-4102-a22f-ef03f8e55b60 ] Request (KeyPairsV210TestJSON:tearDownClass): 204 DELETE http://10.180.1.21/identity/v3/users/417c1e1598c44de0b9e8bac5e221dc23 0.272s
2025-04-10 19:53:15.598 69912 INFO tempest.lib.common.dynamic_creds [-] Deleting project and security group for project: e0f3e14047ac41b1ae895aa492ac33b5
2025-04-10 19:53:15.603 69888 INFO tempest.lib.common.rest_client [req-abe3b3b7-39fe-4085-87f6-f07a4ca82276 req-abe3b3b7-39fe-4085-87f6-f07a4ca82276 ] Request (QuotasAdminTestJSON:test_delete_quota): 200 GET http://10.180.1.21/compute/v2.1/os-quota-sets/d50546d1f2aa4b079d8552431ecdb9d9 1.041s
2025-04-10 19:53:15.634 69900 INFO tempest.lib.common.rest_client [req-cd31b673-d14b-4b09-8d40-5c806187d126 req-cd31b673-d14b-4b09-8d40-5c806187d126 ] Request (KeyPairsV2TestJSON:_run_cleanups): 202 DELETE http://10.180.1.21/compute/v2.1/os-keypairs/tempest-KeyPairsV2TestJSON-keypair-1841258613 0.883s
2025-04-10 19:53:15.667 69946 INFO tempest.lib.common.rest_client [req-12bf7847-f62a-4842-bae7-43e35c5eb542 req-12bf7847-f62a-4842-bae7-43e35c5eb542 ] Request (QuotasAdminNegativeTest:setUpClass): 204 PUT http://10.180.1.21/identity/v3/projects/af75173ddd804190828f3abfe6bc59f3/users/fa017f7955fd4e0096808842028f818a/roles/606915e17e2846e885501a55e9344153 0.246s
2025-04-10 19:53:15.667 69946 INFO tempest.lib.common.dynamic_creds [-] Dynamic test user fa017f7955fd4e0096808842028f818a is created with scope project and roles: ['admin']
2025-04-10 19:53:15.668 69946 INFO tempest.lib.common.dynamic_creds [-] Acquired dynamic creds: credentials: Credentials: {'domain_id': 'default', 'domain_name': 'Default', 'username': 'tempest-QuotasAdminNegativeTest-1122610686-project-admin', 'project_domain_id': 'default', 'project_domain_name': 'Default', 'project_id': 'af75173ddd804190828f3abfe6bc59f3', 'project_name': 'tempest-QuotasAdminNegativeTest-1122610686', 'tenant_id': 'af75173ddd804190828f3abfe6bc59f3', 'tenant_name': 'tempest-QuotasAdminNegativeTest-1122610686', 'user_domain_id': 'default', 'user_domain_name': 'Default', 'user_id': 'fa017f7955fd4e0096808842028f818a', 'system': None}, Network: None, Subnet: None, Router: None
2025-04-10 19:53:15.668 69946 INFO tempest.lib.common.dynamic_creds [-] Created isolated network resources for: credentials: Credentials: {'domain_id': 'default', 'domain_name': 'Default', 'username': 'tempest-QuotasAdminNegativeTest-1122610686-project-admin', 'project_domain_id': 'default', 'project_domain_name': 'Default', 'project_id': 'af75173ddd804190828f3abfe6bc59f3', 'project_name': 'tempest-QuotasAdminNegativeTest-1122610686', 'tenant_id': 'af75173ddd804190828f3abfe6bc59f3', 'tenant_name': 'tempest-QuotasAdminNegativeTest-1122610686', 'user_domain_id': 'default', 'user_domain_name': 'Default', 'user_id': 'fa017f7955fd4e0096808842028f818a', 'system': None}, Network: None, Subnet: None, Router: None
2025-04-10 19:53:15.680 69894 INFO tempest.lib.common.rest_client [req-44ce22d1-72fd-4c7a-a657-b8cc43e92c73 req-44ce22d1-72fd-4c7a-a657-b8cc43e92c73 ] Request (InstanceUsageAuditLogNegativeTestJSON:setUpClass): 200 GET http://10.180.1.21/identity/v3/roles 0.225s
2025-04-10 19:53:15.736 69912 INFO tempest.lib.common.rest_client [req-db137b43-2cf3-4ca3-8dab-5c5090bde26d req-db137b43-2cf3-4ca3-8dab-5c5090bde26d ] Request (KeyPairsV210TestJSON:tearDownClass): 201 POST http://10.180.1.21/identity/v3/auth/tokens 0.137s
2025-04-10 19:53:15.749 69926 INFO tempest.lib.common.rest_client [req-c0044003-487d-4a5f-a09b-cd33eb11d41a req-c0044003-487d-4a5f-a09b-cd33eb11d41a ] Request (ServerExternalEventsTest:test_create_server_external_events): 200 GET http://10.180.1.21/compute/v2.1/servers/e34c7fbb-29c7-4265-8813-2eefb6770cd4 0.968s
2025-04-10 19:53:15.758 69898 INFO tempest.lib.common.rest_client [req-00371299-fa08-4831-8295-d20c59a2748a req-00371299-fa08-4831-8295-d20c59a2748a ] Request (SecurityGroupRulesNegativeTestJSON:test_create_security_group_rule_with_invalid_from_port): 400 POST http://10.180.1.21/compute/v2.1/os-security-group-rules 1.020s
2025-04-10 19:53:15.766 69936 INFO tempest.lib.common.rest_client [req-5789d085-8ba4-4572-98cc-3ea066fb0cc8 req-5789d085-8ba4-4572-98cc-3ea066fb0cc8 ] Request (FlavorsAccessNegativeTestJSON:test_flavor_access_list_with_public_flavor): 404 GET http://10.180.1.21/compute/v2.1/flavors/101633593/os-flavor-access 0.983s
2025-04-10 19:53:15.794 69908 INFO tempest.lib.common.rest_client [req-cf7d9905-8bc4-4b06-8730-6d1e5aae03b9 req-cf7d9905-8bc4-4b06-8730-6d1e5aae03b9 ] Request (HypervisorAdminV253TestBase:test_list_show_detail_hypervisors): 200 GET http://10.180.1.21/compute/v2.1/os-hypervisors/359e3efa-d8c9-4b06-9b89-35d50587ee92 0.795s
2025-04-10 19:53:15.801 69904 INFO tempest.lib.common.rest_client [req-dd8be336-1425-45bb-a143-615b973fecde req-dd8be336-1425-45bb-a143-615b973fecde ] Request (FlavorsExtraSpecsNegativeTestJSON:test_flavor_update_mismatch_key): 400 PUT http://10.180.1.21/compute/v2.1/flavors/1314689531/os-extra_specs/hw:numa_nodes 0.776s
2025-04-10 19:53:15.830 69910 INFO tempest.lib.common.rest_client [req-7bd0b548-07cd-4c85-89ba-4c1a91062ce9 req-7bd0b548-07cd-4c85-89ba-4c1a91062ce9 ] Request (VolumesAssistedSnapshotsTest:test_volume_assisted_snapshot_create_delete): 201 POST http://10.180.1.21:9696/networking/v2.0/security-group-rules 0.619s
2025-04-10 19:53:15.835 69946 INFO tempest.lib.common.rest_client [req-f6ff7a95-7f1c-4e29-9ca6-a6c708d98ef5 req-f6ff7a95-7f1c-4e29-9ca6-a6c708d98ef5 ] Request (QuotasAdminNegativeTest:setUpClass): 201 POST http://10.180.1.21/identity/v3/auth/tokens 0.161s
2025-04-10 19:53:15.858 69894 INFO tempest.lib.common.rest_client [req-14ae619d-e9ea-4547-95b2-ef816863d272 req-14ae619d-e9ea-4547-95b2-ef816863d272 ] Request (InstanceUsageAuditLogNegativeTestJSON:setUpClass): 204 PUT http://10.180.1.21/identity/v3/projects/c2f949e31e454a288f0ce7cf8424e1f1/users/a03d2dd11f7042d387846c2045ce106e/roles/606915e17e2846e885501a55e9344153 0.177s
2025-04-10 19:53:15.876 69888 INFO tempest.lib.common.rest_client [req-2649028c-a316-431e-ad18-8bcd69536526 req-2649028c-a316-431e-ad18-8bcd69536526 ] Request (QuotasAdminTestJSON:_run_cleanups): 204 DELETE http://10.180.1.21/identity/v3/projects/d50546d1f2aa4b079d8552431ecdb9d9 0.270s
2025-04-10 19:53:15.895 69932 INFO tempest.lib.common.rest_client [req-7e8c184d-5fc9-46b5-9237-eee7915686ed req-7e8c184d-5fc9-46b5-9237-eee7915686ed ] Request (FlavorsV255TestJSON:tearDownClass): 200 GET http://10.180.1.21:9696/networking/v2.0/security-groups?tenant_id=5b8b3b02201f429ca9a1b6c29cc89b30&name=default 0.662s
2025-04-10 19:53:15.896 69938 INFO tempest.lib.common.rest_client [req-998cc5c4-e79f-47fb-ba37-3fe82a58ce6b req-998cc5c4-e79f-47fb-ba37-3fe82a58ce6b ] Request (ImagesNegativeTestJSON:test_create_image_from_deleted_server): 200 GET http://10.180.1.21/compute/v2.1/servers/dc0e8f50-f2e8-4eba-b4d1-ce8752457a7a 0.907s
2025-04-10 19:53:15.908 69938 INFO tempest.common.waiters [-] State transition "BUILD/scheduling" ==> "BUILD/None" after 2 second wait
2025-04-10 19:53:15.912 69931 INFO tempest.lib.common.rest_client [req-2d0367e2-26c2-4116-bab9-7f8c833dea69 req-2d0367e2-26c2-4116-bab9-7f8c833dea69 ] Request (FlavorsAccessTestJSON:test_flavor_access_list_with_private_flavor): 200 GET http://10.180.1.21/compute/v2.1/flavors/474004804/os-flavor-access 0.866s
2025-04-10 19:53:15.995 69886 INFO tempest.lib.common.rest_client [req-adaa6500-ce40-4f67-ba58-b6689e5df4c9 req-adaa6500-ce40-4f67-ba58-b6689e5df4c9 ] Request (ServersAdmin275Test:test_rebuild_update_server_275): 200 GET http://10.180.1.21/compute/v2.1/servers/74e9b4aa-64ff-45e9-bded-ae50de06b086 0.945s
2025-04-10 19:53:16.009 69908 INFO tempest.lib.common.rest_client [req-44cc1c08-bec2-475d-9158-09e3db79b120 req-44cc1c08-bec2-475d-9158-09e3db79b120 ] Request (HypervisorAdminV253TestBase:tearDownClass): 204 DELETE http://10.180.1.21/identity/v3/users/f04dc97639494093a81fa18655022459 0.206s
2025-04-10 19:53:16.015 69914 INFO tempest.lib.common.rest_client [req-80368189-6998-4da7-a57a-9fc417ef2a0c req-80368189-6998-4da7-a57a-9fc417ef2a0c ] Request (FlavorsExtraSpecsTestJSON:test_flavor_set_get_update_show_unset_keys): 200 GET http://10.180.1.21/compute/v2.1/flavors/56007007/os-extra_specs 0.926s
2025-04-10 19:53:16.064 69910 INFO tempest.lib.common.rest_client [req-f7650d13-1916-42c5-92b9-c2aecba49f7a req-f7650d13-1916-42c5-92b9-c2aecba49f7a ] Request (VolumesAssistedSnapshotsTest:test_volume_assisted_snapshot_create_delete): 201 POST http://10.180.1.21:9696/networking/v2.0/security-group-rules 0.234s
2025-04-10 19:53:16.085 69894 INFO tempest.lib.common.rest_client [req-ee4ec025-2abe-4691-99cf-2340a0f4e58d req-ee4ec025-2abe-4691-99cf-2340a0f4e58d ] Request (InstanceUsageAuditLogNegativeTestJSON:setUpClass): 200 GET http://10.180.1.21/identity/v3/roles 0.226s
2025-04-10 19:53:16.102 69894 INFO tempest.lib.common.rest_client [req-f5c76c98-e9bb-4433-8028-3dfe87eb6905 req-f5c76c98-e9bb-4433-8028-3dfe87eb6905 ] Request (InstanceUsageAuditLogNegativeTestJSON:setUpClass): 204 PUT http://10.180.1.21/identity/v3/projects/c2f949e31e454a288f0ce7cf8424e1f1/users/a03d2dd11f7042d387846c2045ce106e/roles/606915e17e2846e885501a55e9344153 0.016s
2025-04-10 19:53:16.102 69894 INFO tempest.lib.common.dynamic_creds [-] Dynamic test user a03d2dd11f7042d387846c2045ce106e is created with scope project and roles: ['admin']
2025-04-10 19:53:16.102 69894 INFO tempest.lib.common.dynamic_creds [-] Acquired dynamic creds: credentials: Credentials: {'domain_id': 'default', 'domain_name': 'Default', 'username': 'tempest-InstanceUsageAuditLogNegativeTestJSON-182451506-project-admin', 'project_domain_id': 'default', 'project_domain_name': 'Default', 'project_id': 'c2f949e31e454a288f0ce7cf8424e1f1', 'project_name': 'tempest-InstanceUsageAuditLogNegativeTestJSON-182451506', 'tenant_id': 'c2f949e31e454a288f0ce7cf8424e1f1', 'tenant_name': 'tempest-InstanceUsageAuditLogNegativeTestJSON-182451506', 'user_domain_id': 'default', 'user_domain_name': 'Default', 'user_id': 'a03d2dd11f7042d387846c2045ce106e', 'system': None}, Network: None, Subnet: None, Router: None
2025-04-10 19:53:16.102 69894 INFO tempest.lib.common.dynamic_creds [-] Created isolated network resources for: credentials: Credentials: {'domain_id': 'default', 'domain_name': 'Default', 'username': 'tempest-InstanceUsageAuditLogNegativeTestJSON-182451506-project-admin', 'project_domain_id': 'default', 'project_domain_name': 'Default', 'project_id': 'c2f949e31e454a288f0ce7cf8424e1f1', 'project_name': 'tempest-InstanceUsageAuditLogNegativeTestJSON-182451506', 'tenant_id': 'c2f949e31e454a288f0ce7cf8424e1f1', 'tenant_name': 'tempest-InstanceUsageAuditLogNegativeTestJSON-182451506', 'user_domain_id': 'default', 'user_domain_name': 'Default', 'user_id': 'a03d2dd11f7042d387846c2045ce106e', 'system': None}, Network: None, Subnet: None, Router: None
2025-04-10 19:53:16.119 69944 INFO tempest.lib.common.rest_client [req-c1ddd9a1-5346-4a4a-a243-efd65f933c75 req-c1ddd9a1-5346-4a4a-a243-efd65f933c75 ] Request (ServersAdminTestJSON:setUpClass): 200 GET http://10.180.1.21/compute/v2.1/servers/7d6c0a8d-6764-4774-9ba7-2c7fb63205d8 1.027s
2025-04-10 19:53:16.138 69908 INFO tempest.lib.common.rest_client [req-b69e45d5-cbb5-4ade-89ba-f1767e8d7a12 req-b69e45d5-cbb5-4ade-89ba-f1767e8d7a12 ] Request (HypervisorAdminV253TestBase:tearDownClass): 204 DELETE http://10.180.1.21/identity/v3/users/4854e69e04dd4155b4a3fb02e3e480c9 0.128s
2025-04-10 19:53:16.138 69908 INFO tempest.lib.common.dynamic_creds [-] Deleting project and security group for project: a72b06e615f2489c9311dfa7ee7af299
2025-04-10 19:53:16.139 69932 INFO tempest.lib.common.rest_client [req-329f4094-9223-4dd0-b915-c5ae34383d08 req-329f4094-9223-4dd0-b915-c5ae34383d08 ] Request (FlavorsV255TestJSON:tearDownClass): 204 DELETE http://10.180.1.21:9696/networking/v2.0/security-groups/558aab12-0934-4532-8162-0c8ad3374010 0.243s
2025-04-10 19:53:16.187 69894 INFO tempest.lib.common.rest_client [req-aadfbace-0db7-4a0c-9277-aa658c42207d req-aadfbace-0db7-4a0c-9277-aa658c42207d ] Request (InstanceUsageAuditLogNegativeTestJSON:setUpClass): 201 POST http://10.180.1.21/identity/v3/auth/tokens 0.082s
2025-04-10 19:53:16.233 69912 INFO tempest.lib.common.rest_client [req-5c1a7220-9b42-4266-8dd8-7ddc1581c274 req-5c1a7220-9b42-4266-8dd8-7ddc1581c274 ] Request (KeyPairsV210TestJSON:tearDownClass): 200 GET http://10.180.1.21:9696/networking/v2.0/security-groups?tenant_id=e0f3e14047ac41b1ae895aa492ac33b5&name=default 0.497s
2025-04-10 19:53:16.243 69908 INFO tempest.lib.common.rest_client [req-c8ab9c29-a654-4f62-a7ae-158c0321d382 req-c8ab9c29-a654-4f62-a7ae-158c0321d382 ] Request (HypervisorAdminV253TestBase:tearDownClass): 201 POST http://10.180.1.21/identity/v3/auth/tokens 0.104s
2025-04-10 19:53:16.256 69896 INFO tempest.lib.common.rest_client [req-94befef9-a913-47be-88c7-ef72297bf8fa req-94befef9-a913-47be-88c7-ef72297bf8fa ] Request (ServicesAdminNegativeV253TestJSON:test_list_services_with_non_admin_user): 403 GET http://10.180.1.21/compute/v2.1/os-services 1.128s
2025-04-10 19:53:16.286 69884 INFO tempest.lib.common.rest_client [req-a4ee620b-5716-42c4-83a9-3a3ead3f88c4 req-a4ee620b-5716-42c4-83a9-3a3ead3f88c4 ] Request (SecurityGroupRulesTestJSON:test_security_group_rules_create): 200 POST http://10.180.1.21/compute/v2.1/os-security-groups 1.255s
2025-04-10 19:53:16.294 69932 INFO tempest.lib.common.rest_client [req-e3ef8ac0-49fa-47b0-ac81-1ebc76351af9 req-e3ef8ac0-49fa-47b0-ac81-1ebc76351af9 ] Request (FlavorsV255TestJSON:tearDownClass): 204 DELETE http://10.180.1.21/identity/v3/projects/5b8b3b02201f429ca9a1b6c29cc89b30 0.154s
2025-04-10 19:53:16.295 69932 INFO tempest.lib.common.dynamic_creds [-] Deleting project and security group for project: 2be6d310bc194f0daca362429e98b577
2025-04-10 19:53:16.384 69920 INFO tempest.lib.common.rest_client [req-ce097800-6762-430b-a33f-815bd25d2109 req-ce097800-6762-430b-a33f-815bd25d2109 ] Request (ServersWithSpecificFlavorTestJSON:setUpClass): 201 POST http://10.180.1.21:9696/networking/v2.0/routers 1.583s
2025-04-10 19:53:16.394 69934 INFO tempest.lib.common.rest_client [req-9aea48a5-c89f-445d-9472-e0157851dfbc req-9aea48a5-c89f-445d-9472-e0157851dfbc ] Request (AggregatesAdminNegativeTestJSON:test_aggregate_add_host_as_user): 403 POST http://10.180.1.21/compute/v2.1/os-aggregates/2/action 1.266s
2025-04-10 19:53:16.431 69890 INFO tempest.lib.common.rest_client [req-4c1277c8-d4d9-4f56-933c-7722fcb205bb req-4c1277c8-d4d9-4f56-933c-7722fcb205bb ] Request (HostsAdminTestJSON:test_list_hosts_with_zone): 200 GET http://10.180.1.21/compute/v2.1/os-hosts?zone=internal 1.270s
2025-04-10 19:53:16.444 69896 INFO tempest.lib.common.rest_client [req-a706a945-cc65-41e3-8c55-6606ae8329a0 req-a706a945-cc65-41e3-8c55-6606ae8329a0 ] Request (ServicesAdminNegativeV253TestJSON:tearDownClass): 204 DELETE http://10.180.1.21/identity/v3/users/95e0c3d4682a4ce3827b30822d335614 0.185s
2025-04-10 19:53:16.453 69932 INFO tempest.lib.common.rest_client [req-c08c87d8-c975-4079-8a96-05d5752f8b94 req-c08c87d8-c975-4079-8a96-05d5752f8b94 ] Request (FlavorsV255TestJSON:tearDownClass): 200 GET http://10.180.1.21:9696/networking/v2.0/security-groups?tenant_id=2be6d310bc194f0daca362429e98b577&name=default 0.157s
2025-04-10 19:53:16.475 69892 INFO tempest.lib.common.rest_client [req-4c7f04f3-e2d6-4520-9732-6a3d018c1fe9 req-4c7f04f3-e2d6-4520-9732-6a3d018c1fe9 ] Request (ListImageFiltersTestJSON:setUpClass): 200 GET http://10.180.1.21/compute/v2.1/images/2499a0be-b8a9-41c3-b572-d431419cb0f9 1.243s
2025-04-10 19:53:16.506 69923 INFO tempest.lib.common.rest_client [req-eae4c808-024f-449b-89bf-1cfbe5837276 req-eae4c808-024f-449b-89bf-1cfbe5837276 ] Request (FlavorsV2TestJSON:test_get_flavor): 200 GET http://10.180.1.21/compute/v2.1/flavors/42 1.346s
2025-04-10 19:53:16.530 69912 INFO tempest.lib.common.rest_client [req-678b76b4-dd6c-4ef7-aa24-b7c229194418 req-678b76b4-dd6c-4ef7-aa24-b7c229194418 ] Request (KeyPairsV210TestJSON:tearDownClass): 204 DELETE http://10.180.1.21:9696/networking/v2.0/security-groups/67705654-eddb-44ec-8481-7161d1600a82 0.295s
2025-04-10 19:53:16.530 69900 INFO tempest.lib.common.rest_client [req-0cbc695a-b61b-4933-8a2f-b4487b59055a req-0cbc695a-b61b-4933-8a2f-b4487b59055a ] Request (KeyPairsV2TestJSON:_run_cleanups): 202 DELETE http://10.180.1.21/compute/v2.1/os-keypairs/tempest-KeyPairsV2TestJSON-keypair-1234924531 0.896s
2025-04-10 19:53:16.538 69898 INFO tempest.lib.common.rest_client [req-ea1176bc-024a-4695-b468-abde1530b391 req-ea1176bc-024a-4695-b468-abde1530b391 ] Request (SecurityGroupRulesNegativeTestJSON:test_create_security_group_rule_with_invalid_id): 400 POST http://10.180.1.21/compute/v2.1/os-security-group-rules 0.779s
2025-04-10 19:53:16.561 69936 INFO tempest.lib.common.rest_client [req-c2ae084f-81c4-4e36-9292-ce34fd10eb89 req-c2ae084f-81c4-4e36-9292-ce34fd10eb89 ] Request (FlavorsAccessNegativeTestJSON:_run_cleanups): 202 DELETE http://10.180.1.21/compute/v2.1/flavors/101633593 0.794s
2025-04-10 19:53:16.567 69904 INFO tempest.lib.common.rest_client [req-ed48d176-e9db-4046-9579-ae9c2cfdd251 req-ed48d176-e9db-4046-9579-ae9c2cfdd251 ] Request (FlavorsExtraSpecsNegativeTestJSON:test_flavor_update_more_key): 400 PUT http://10.180.1.21/compute/v2.1/flavors/1314689531/os-extra_specs/hw:numa_nodes 0.765s
2025-04-10 19:53:16.586 69908 INFO tempest.lib.common.rest_client [req-e095925d-c69b-4303-b23e-4a58af28a296 req-e095925d-c69b-4303-b23e-4a58af28a296 ] Request (HypervisorAdminV253TestBase:tearDownClass): 200 GET http://10.180.1.21:9696/networking/v2.0/security-groups?tenant_id=a72b06e615f2489c9311dfa7ee7af299&name=default 0.343s
2025-04-10 19:53:16.594 69912 INFO tempest.lib.common.rest_client [req-15d2b4bb-4ea2-4d31-b10f-a2d56aded55f req-15d2b4bb-4ea2-4d31-b10f-a2d56aded55f ] Request (KeyPairsV210TestJSON:tearDownClass): 204 DELETE http://10.180.1.21/identity/v3/projects/e0f3e14047ac41b1ae895aa492ac33b5 0.063s
2025-04-10 19:53:16.594 69912 INFO tempest.lib.common.dynamic_creds [-] Deleting project and security group for project: df1c46fbdd45439fa261411a538f6dc3
2025-04-10 19:53:16.606 69896 INFO tempest.lib.common.rest_client [req-918a6dba-c58e-41e7-b26d-9bbec53372c1 req-918a6dba-c58e-41e7-b26d-9bbec53372c1 ] Request (ServicesAdminNegativeV253TestJSON:tearDownClass): 204 DELETE http://10.180.1.21/identity/v3/users/f404ff90a15d4d39b808ae4b255eea65 0.162s
2025-04-10 19:53:16.607 69896 INFO tempest.lib.common.dynamic_creds [-] Deleting project and security group for project: 0f7c22272a8c4b4a8242de435294b421
2025-04-10 19:53:16.646 69932 INFO tempest.lib.common.rest_client [req-18b056d2-d5df-4665-ab68-80b6797bfa0e req-18b056d2-d5df-4665-ab68-80b6797bfa0e ] Request (FlavorsV255TestJSON:tearDownClass): 204 DELETE http://10.180.1.21:9696/networking/v2.0/security-groups/08743e3d-d465-46bd-b8f7-38053fe222b1 0.193s
2025-04-10 19:53:16.648 69928 INFO tempest.lib.common.rest_client [req-b63bcb43-979f-4a0f-832b-2e9fc1cab283 req-b63bcb43-979f-4a0f-832b-2e9fc1cab283 ] Request (ImagesMetadataTestJSON:test_delete_image_metadata_item): 204 DELETE http://10.180.1.21/compute/v2.1/images/c0a83de1-5add-4269-a14e-b5fa216959fd/metadata/os_version 1.138s
2025-04-10 19:53:16.662 69896 INFO tempest.lib.common.rest_client [req-5324ec5c-edb7-452e-a395-6f5e0d49ee4b req-5324ec5c-edb7-452e-a395-6f5e0d49ee4b ] Request (ServicesAdminNegativeV253TestJSON:tearDownClass): 201 POST http://10.180.1.21/identity/v3/auth/tokens 0.055s
2025-04-10 19:53:16.707 69908 INFO tempest.lib.common.rest_client [req-a9fe792c-5653-42ee-94d5-2efef5cb74e5 req-a9fe792c-5653-42ee-94d5-2efef5cb74e5 ] Request (HypervisorAdminV253TestBase:tearDownClass): 204 DELETE http://10.180.1.21:9696/networking/v2.0/security-groups/532fb212-244f-4948-9007-492a4c0bd326 0.120s
2025-04-10 19:53:16.714 69932 INFO tempest.lib.common.rest_client [req-11095cdd-b5f9-40c9-89a9-3bad34034253 req-11095cdd-b5f9-40c9-89a9-3bad34034253 ] Request (FlavorsV255TestJSON:tearDownClass): 204 DELETE http://10.180.1.21/identity/v3/projects/2be6d310bc194f0daca362429e98b577 0.067s
2025-04-10 19:53:16.740 69912 INFO tempest.lib.common.rest_client [req-10b19dc2-6c37-403f-823b-d2813762df79 req-10b19dc2-6c37-403f-823b-d2813762df79 ] Request (KeyPairsV210TestJSON:tearDownClass): 200 GET http://10.180.1.21:9696/networking/v2.0/security-groups?tenant_id=df1c46fbdd45439fa261411a538f6dc3&name=default 0.146s
2025-04-10 19:53:16.797 69908 INFO tempest.lib.common.rest_client [req-3f2ef99a-8b42-48bc-a77e-201bba1eb920 req-3f2ef99a-8b42-48bc-a77e-201bba1eb920 ] Request (HypervisorAdminV253TestBase:tearDownClass): 204 DELETE http://10.180.1.21/identity/v3/projects/a72b06e615f2489c9311dfa7ee7af299 0.090s
2025-04-10 19:53:16.798 69908 INFO tempest.lib.common.dynamic_creds [-] Deleting project and security group for project: ee115e173e45493caedfd8ef450a1e91
2025-04-10 19:53:16.813 69932 INFO tempest.lib.common.rest_client [req-9e322f47-8de7-48ec-9db8-d66b737cadb3 req-9e322f47-8de7-48ec-9db8-d66b737cadb3 ] Request (HypervisorAdminNegativeTestJSON:setUpClass): 201 POST http://10.180.1.21/identity/v3/auth/tokens 0.097s
2025-04-10 19:53:16.845 69932 INFO tempest.lib.common.rest_client [req-ee26234f-3070-4675-8d3c-d7051cea2377 req-ee26234f-3070-4675-8d3c-d7051cea2377 ] Request (HypervisorAdminNegativeTestJSON:setUpClass): 201 POST http://10.180.1.21/identity/v3/auth/tokens 0.030s
2025-04-10 19:53:16.875 69912 INFO tempest.lib.common.rest_client [req-94d9224b-3ea5-4ee8-a341-5118632499e9 req-94d9224b-3ea5-4ee8-a341-5118632499e9 ] Request (KeyPairsV210TestJSON:tearDownClass): 204 DELETE http://10.180.1.21:9696/networking/v2.0/security-groups/3a6af4ec-7428-42fc-ad6e-c02a635a921f 0.134s
2025-04-10 19:53:16.888 69888 INFO tempest.lib.common.rest_client [req-f6735be7-a03f-4e6d-b10b-2103a8bdc2e0 req-f6735be7-a03f-4e6d-b10b-2103a8bdc2e0 ] Request (QuotasAdminTestJSON:test_get_default_quotas): 200 GET http://10.180.1.21/compute/v2.1/os-quota-sets/114b8f841df849c69284d969182a92d1/defaults 1.004s
2025-04-10 19:53:16.903 69932 INFO tempest.lib.common.rest_client [req-af935065-a124-445f-9a94-c905d87554c1 req-af935065-a124-445f-9a94-c905d87554c1 ] Request (HypervisorAdminNegativeTestJSON:setUpClass): 200 GET http://10.180.1.21/identity/v3/domains?name=Default 0.057s
2025-04-10 19:53:16.928 69888 INFO tempest.lib.common.rest_client [req-6167b92b-5272-4fce-a35b-9de7f23c7d26 req-6167b92b-5272-4fce-a35b-9de7f23c7d26 ] Request (QuotasAdminTestJSON:test_get_updated_quotas): 200 GET http://10.180.1.21/identity/v3/domains?name=Default 0.036s
2025-04-10 19:53:16.931 69946 INFO tempest.lib.common.rest_client [req-4941f5c9-02da-4e0c-acf3-de9395d091cd req-4941f5c9-02da-4e0c-acf3-de9395d091cd ] Request (QuotasAdminNegativeTest:test_create_server_when_cpu_quota_is_full): 200 GET http://10.180.1.21/compute/v2.1/os-quota-sets/82b46981daa14b23834c07736fe0d4e3 1.095s
2025-04-10 19:53:16.935 69896 INFO tempest.lib.common.rest_client [req-4eac55e9-4644-460e-9c48-9ccf30da7bed req-4eac55e9-4644-460e-9c48-9ccf30da7bed ] Request (ServicesAdminNegativeV253TestJSON:tearDownClass): 200 GET http://10.180.1.21:9696/networking/v2.0/security-groups?tenant_id=0f7c22272a8c4b4a8242de435294b421&name=default 0.273s
2025-04-10 19:53:16.951 69931 INFO tempest.lib.common.rest_client [req-7a11c4c2-8923-4068-bc2e-c61767226d53 req-7a11c4c2-8923-4068-bc2e-c61767226d53 ] Request (FlavorsAccessTestJSON:_run_cleanups): 202 DELETE http://10.180.1.21/compute/v2.1/flavors/474004804 1.036s
2025-04-10 19:53:16.955 69932 INFO tempest.lib.common.rest_client [req-1b177f23-cdba-4dea-a844-81e2c0187af4 req-1b177f23-cdba-4dea-a844-81e2c0187af4 ] Request (HypervisorAdminNegativeTestJSON:setUpClass): 201 POST http://10.180.1.21/identity/v3/projects 0.051s
2025-04-10 19:53:16.958 69912 INFO tempest.lib.common.rest_client [req-9a799bf6-af60-4097-8a70-dc17018318e0 req-9a799bf6-af60-4097-8a70-dc17018318e0 ] Request (KeyPairsV210TestJSON:tearDownClass): 204 DELETE http://10.180.1.21/identity/v3/projects/df1c46fbdd45439fa261411a538f6dc3 0.082s
2025-04-10 19:53:16.982 69908 INFO tempest.lib.common.rest_client [req-96e9e649-1cac-4842-9895-098f04d92bb3 req-96e9e649-1cac-4842-9895-098f04d92bb3 ] Request (HypervisorAdminV253TestBase:tearDownClass): 200 GET http://10.180.1.21:9696/networking/v2.0/security-groups?tenant_id=ee115e173e45493caedfd8ef450a1e91&name=default 0.184s
2025-04-10 19:53:16.984 69918 INFO tempest.lib.common.rest_client [req-638c86f0-7f21-4b4f-a6a4-9741d2967729 req-638c86f0-7f21-4b4f-a6a4-9741d2967729 ] Request (ServerDiagnosticsV248Test:test_get_server_diagnostics): 200 GET http://10.180.1.21/compute/v2.1/servers/6ea331fd-83e8-45fd-ad6d-372835735da7 1.071s
2025-04-10 19:53:17.016 69888 INFO tempest.lib.common.rest_client [req-2a07f7de-ecd7-4a4a-aaa5-1d083c5d1838 req-2a07f7de-ecd7-4a4a-aaa5-1d083c5d1838 ] Request (QuotasAdminTestJSON:test_get_updated_quotas): 201 POST http://10.180.1.21/identity/v3/projects 0.088s
2025-04-10 19:53:17.049 69932 INFO tempest.lib.common.rest_client [req-e7bf4f73-8a8e-4d9f-be78-f6e6f34ea471 req-e7bf4f73-8a8e-4d9f-be78-f6e6f34ea471 ] Request (HypervisorAdminNegativeTestJSON:setUpClass): 201 POST http://10.180.1.21/identity/v3/users 0.092s
2025-04-10 19:53:17.059 69940 INFO tempest.lib.common.rest_client [req-c2947c6b-e33c-4053-9c52-0986d0c33029 req-c2947c6b-e33c-4053-9c52-0986d0c33029 ] Request (ServersListShow296Test:test_list_show_update_rebuild_server_296): 200 GET http://10.180.1.21/compute/v2.1/servers/3a2c5c41-748f-4bbc-9507-d83c8f554b04 1.084s
2025-04-10 19:53:17.059 69924 INFO tempest.lib.common.rest_client [req-e615b939-878b-43f0-9875-9e0fae734c8e req-e615b939-878b-43f0-9875-9e0fae734c8e ] Request (DeleteServersAdminTestJSON:test_admin_delete_servers_of_others): 200 GET http://10.180.1.21/compute/v2.1/servers/35ff3b23-019e-4948-a9d8-52f95fcef143 1.060s
2025-04-10 19:53:17.070 69924 INFO tempest.common.waiters [-] State transition "BUILD/None" ==> "BUILD/networking" after 9 second wait
2025-04-10 19:53:17.087 69912 INFO tempest.lib.common.rest_client [req-9bc890ef-8b0c-4f58-af73-e68e03b9bcb2 req-9bc890ef-8b0c-4f58-af73-e68e03b9bcb2 ] Request (ServicesAdminTestJSON:setUpClass): 201 POST http://10.180.1.21/identity/v3/auth/tokens 0.123s
2025-04-10 19:53:17.100 69914 INFO tempest.lib.common.rest_client [req-936a28cb-9ebb-45fa-958a-92c5cdc4f804 req-936a28cb-9ebb-45fa-958a-92c5cdc4f804 ] Request (FlavorsExtraSpecsTestJSON:test_flavor_set_get_update_show_unset_keys): 200 DELETE http://10.180.1.21/compute/v2.1/flavors/56007007/os-extra_specs/hw:numa_nodes 1.085s
2025-04-10 19:53:17.104 69932 INFO tempest.lib.common.rest_client [req-1cbf1dee-a9b4-4033-bd90-ea6c880ff127 req-1cbf1dee-a9b4-4033-bd90-ea6c880ff127 ] Request (HypervisorAdminNegativeTestJSON:setUpClass): 200 GET http://10.180.1.21/identity/v3/roles 0.055s
2025-04-10 19:53:17.105 69896 INFO tempest.lib.common.rest_client [req-1de0c39f-e767-4873-9510-541d8fde8739 req-1de0c39f-e767-4873-9510-541d8fde8739 ] Request (ServicesAdminNegativeV253TestJSON:tearDownClass): 204 DELETE http://10.180.1.21:9696/networking/v2.0/security-groups/73402c46-6e78-4996-bb83-baea2f3b38ad 0.169s
