2025-04-10 19:54:29.960 69932 INFO tempest.lib.common.rest_client [req-5bbe13f2-b31b-43db-b5e4-fcdcd5c8dcfe req-5bbe13f2-b31b-43db-b5e4-fcdcd5c8dcfe ] Request (ImagesTestJSON:test_create_image_from_stopped_server): 200 GET http://10.180.1.21/compute/v2.1/servers/8b599915-8c5f-40af-af4c-6f6769258ec5 0.160s
2025-04-10 19:54:29.985 69931 INFO tempest.lib.common.rest_client [req-427a672b-3088-4d57-b6ae-1f502277176b req-427a672b-3088-4d57-b6ae-1f502277176b ] Request (FloatingIPsAssociationTestJSON:test_associate_already_associated_floating_ip): 200 GET http://10.180.1.21/compute/v2.1/servers/68f0dac2-cc55-4110-87c3-dcf1d9d05650 0.150s
2025-04-10 19:54:30.025 69910 WARNING tempest.lib.common.ssh [-] Failed to establish authenticated ssh connection to cirros@10.180.180.136 ([Errno None] Unable to connect to port 22 on 10.180.180.136). Number attempts: 6. Retry after 7 seconds.: paramiko.ssh_exception.NoValidConnectionsError: [Errno None] Unable to connect to port 22 on 10.180.180.136
2025-04-10 19:54:30.041 69908 INFO tempest.lib.common.rest_client [req-c54514dc-a54d-4b43-8c25-401f96d8186c req-c54514dc-a54d-4b43-8c25-401f96d8186c ] Request (ServerShowV247Test:test_update_rebuild_list_server): 200 GET http://10.180.1.21/compute/v2.1/servers/36d35b67-42c7-4fa2-843f-d49f6193ea39 0.189s
2025-04-10 19:54:30.058 69923 INFO tempest.lib.common.rest_client [req-bb55ee26-ee5a-4a55-8eb1-49e3f3317cf8 req-bb55ee26-ee5a-4a55-8eb1-49e3f3317cf8 ] Request (ServersTestJSON:setUpClass): 200 GET http://10.180.1.21/compute/v2.1/servers/48b7a09a-4147-42b3-b7e4-858fb5310bb8 0.176s
2025-04-10 19:54:30.110 69898 INFO tempest.lib.common.rest_client [req-cc60cbf9-e8a8-4588-b6b0-ef940fe36428 req-cc60cbf9-e8a8-4588-b6b0-ef940fe36428 ] Request (ServerAddressesTestJSON:setUpClass): 200 GET http://10.180.1.21/compute/v2.1/servers/3643a195-bc27-4ebd-b9cb-eead55f5cab0 0.210s
2025-04-10 19:54:30.120 69934 INFO tempest.lib.common.rest_client [req-2c938d3c-5fe9-4225-9783-123dd2b06557 req-2c938d3c-5fe9-4225-9783-123dd2b06557 ] Request (ServerShowV257Test:test_rebuild_server): 200 GET http://10.180.1.21/compute/v2.1/servers/61f7c74f-3d86-49a5-a6f7-13c9b1ae51f5 0.176s
2025-04-10 19:54:30.172 69886 INFO tempest.lib.common.rest_client [req-babdfd62-e0ec-4845-81d6-80269ee92e11 req-babdfd62-e0ec-4845-81d6-80269ee92e11 ] Request (ServerGroupTestJSON:setUpClass): 201 POST http://10.180.1.21:9696/networking/v2.0/networks 0.472s
2025-04-10 19:54:30.179 69902 INFO tempest.lib.common.rest_client [req-4c722487-bc7c-4e4d-8fdb-a34489a2a312 req-4c722487-bc7c-4e4d-8fdb-a34489a2a312 ] Request (AttachInterfacesUnderV243Test:test_add_remove_fixed_ip): 200 GET http://10.180.1.21/compute/v2.1/servers/55949dd4-4830-4f07-a2f1-c38359c599be 0.185s
2025-04-10 19:54:30.184 69942 INFO tempest.lib.common.rest_client [req-54ebc7a6-db31-4212-867e-e644ff9d8f0e req-54ebc7a6-db31-4212-867e-e644ff9d8f0e ] Request (ServersListShow298Test:test_list_show_update_rebuild_server_298): 200 GET http://10.180.1.21/compute/v2.1/servers/3bc77691-4c4d-47e3-aebf-7088296f490c 0.217s
2025-04-10 19:54:30.233 69884 INFO tempest.lib.common.rest_client [req-54613345-53a6-43d7-92f9-6aab620ac42e req-54613345-53a6-43d7-92f9-6aab620ac42e ] Request (AttachInterfacesTestJSON:test_create_list_show_delete_interfaces_by_fixed_ip): 200 GET http://10.180.1.21/compute/v2.1/servers/dc2479b6-2c26-42f7-b4a1-603e38fd3c17 0.222s
2025-04-10 19:54:30.240 69894 INFO tempest.lib.common.rest_client [req-1d3e759e-6e2b-4bb3-8e9a-9ba8eadba1bd req-1d3e759e-6e2b-4bb3-8e9a-9ba8eadba1bd ] Request (ServerMetadataTestJSON:setUpClass): 200 GET http://10.180.1.21/compute/v2.1/servers/8cc280a2-364e-4974-8a97-dd97599e194c 0.196s
2025-04-10 19:54:30.288 69888 INFO tempest.lib.common.rest_client [req-d7b8cb75-78cd-419f-93eb-8b05634fe5fe req-d7b8cb75-78cd-419f-93eb-8b05634fe5fe ] Request (DeleteServersTestJSON:test_delete_active_server): 200 GET http://10.180.1.21/compute/v2.1/servers/3bd97686-7586-4531-88da-cea7057302e8 0.181s
2025-04-10 19:54:30.299 69900 INFO tempest.lib.common.rest_client [req-86775ebb-9003-456a-8534-4cde2b9ce23a req-86775ebb-9003-456a-8534-4cde2b9ce23a ] Request (ServerActionsV293TestJSON:setUpClass): 200 GET http://10.180.1.21/compute/v2.1/servers/2ccfcbd4-d609-4269-95d6-31963fcb61e1 0.172s
2025-04-10 19:54:30.318 69886 INFO tempest.lib.common.rest_client [req-d92db16c-a8ff-4966-837f-6069c31a3bf7 req-d92db16c-a8ff-4966-837f-6069c31a3bf7 ] Request (ServerGroupTestJSON:setUpClass): 201 POST http://10.180.1.21:9696/networking/v2.0/subnets 0.145s
2025-04-10 19:54:30.335 69896 INFO tempest.lib.common.rest_client [req-e97f09da-60d5-450b-9a3a-65d8033b2d67 req-e97f09da-60d5-450b-9a3a-65d8033b2d67 ] Request (ServerRescueTestJSON:setUpClass): 200 GET http://10.180.1.21/compute/v2.1/servers/5a7759ca-a449-4619-96cb-71c78ac0e18f 0.167s
2025-04-10 19:54:30.464 69918 INFO tempest.lib.common.rest_client [req-1557e4d6-73ae-4027-bd1f-edc90dd4e55f req-1557e4d6-73ae-4027-bd1f-edc90dd4e55f ] Request (ServersTestFqdnHostnames:test_create_server_with_fqdn_name): 200 GET http://10.180.1.21/compute/v2.1/servers/6735746d-c4a1-4d85-8806-ed80577a68f4 0.062s
2025-04-10 19:54:30.525 69938 INFO tempest.lib.common.rest_client [req-83942a0b-c0a0-484b-8b29-aec94a25f7bd req-83942a0b-c0a0-484b-8b29-aec94a25f7bd ] Request (ServerActionsTestOtherA:setUpClass): 200 GET http://10.180.1.21/compute/v2.1/servers/bfdb04fc-7a85-4c98-9206-a4c44adeee9f 0.052s
2025-04-10 19:54:30.630 69912 INFO tempest.lib.common.rest_client [req-26c4016c-d857-4f5c-9fa7-fd3675105a95 req-26c4016c-d857-4f5c-9fa7-fd3675105a95 ] Request (TenantUsagesTestJSON:tearDownClass): 200 GET http://10.180.1.21/compute/v2.1/servers/f173734d-a046-4647-92c2-a9595f031a39 0.075s
2025-04-10 19:54:30.681 69944 INFO tempest.lib.common.rest_client [req-09791568-4e48-4cc0-aced-09a04ce69056 req-09791568-4e48-4cc0-aced-09a04ce69056 ] Request (ServersAdminTestJSON:test_create_server_with_scheduling_hint): 200 GET http://10.180.1.21/compute/v2.1/servers/fa2582ca-eaa4-4886-9669-771b2f370122 0.119s
2025-04-10 19:54:30.689 69924 INFO tempest.lib.common.rest_client [req-6166a6dd-c8d4-49e8-8c8e-23a09704ac50 req-6166a6dd-c8d4-49e8-8c8e-23a09704ac50 ] Request (DeleteServersAdminTestJSON:test_delete_server_while_in_error_state): 200 GET http://10.180.1.21/compute/v2.1/servers/faf5ccd5-5f25-4331-9229-2e245106999c 0.080s
2025-04-10 19:54:30.730 69920 WARNING tempest.lib.common.ssh [-] Failed to establish authenticated ssh connection to cirros@10.180.180.149 ([Errno None] Unable to connect to port 22 on 10.180.180.149). Number attempts: 2. Retry after 3 seconds.: paramiko.ssh_exception.NoValidConnectionsError: [Errno None] Unable to connect to port 22 on 10.180.180.149
2025-04-10 19:54:30.734 69890 INFO tempest.lib.common.rest_client [req-890e525f-c444-42f9-a615-bafbcfcba64b req-890e525f-c444-42f9-a615-bafbcfcba64b ] Request (ServersAdminNegativeTestJSON:test_migrate_server_invalid_state): 200 GET http://10.180.1.21/compute/v2.1/servers/99ea4526-6480-43fc-82f5-1b37c6f3a680 0.119s
2025-04-10 19:54:30.751 69926 INFO tempest.lib.common.rest_client [req-55cfd17f-5cc7-4d28-8f93-10efd19c8da8 req-55cfd17f-5cc7-4d28-8f93-10efd19c8da8 ] Request (VolumesAdminNegativeTest:test_update_attached_volume_with_nonexistent_volume_in_body): 200 GET http://10.180.1.21/compute/v2.1/servers/f3ae9fe7-a43a-4bfb-a564-7f198d114b60 0.085s
2025-04-10 19:54:30.821 69904 INFO tempest.lib.common.rest_client [req-69236ab1-5d51-473f-b77f-922adf6a1238 req-69236ab1-5d51-473f-b77f-922adf6a1238 ] Request (ServerDiagnosticsNegativeTest:tearDownClass): 200 GET http://10.180.1.21/compute/v2.1/servers/47241097-ec03-4a00-87f3-453326a0a744 0.100s
2025-04-10 19:54:30.857 69917 INFO tempest.lib.common.rest_client [req-30252f4e-3c9b-49be-9a1e-e56770659ed2 req-30252f4e-3c9b-49be-9a1e-e56770659ed2 ] Request (MigrationsAdminTest:test_list_migrations_in_flavor_resize_situation): 200 GET http://10.180.1.21/compute/v2.1/servers/82dd63fc-dcc9-4411-91e7-45a7fa71ba74 0.143s
2025-04-10 19:54:30.865 69917 INFO tempest.common.waiters [-] State transition "RESIZE/resize_migrating" ==> "RESIZE/resize_migrated" after 42 second wait
2025-04-10 19:54:30.871 69892 INFO tempest.lib.common.rest_client [req-6c1babba-bb03-4145-b96c-7f37ca5430ea req-6c1babba-bb03-4145-b96c-7f37ca5430ea ] Request (ListImageFiltersTestJSON:setUpClass): 200 GET http://10.180.1.21/compute/v2.1/images/993f538a-80ec-4c7c-9c92-7b988770fd15 0.116s
2025-04-10 19:54:30.920 69914 INFO tempest.lib.common.rest_client [req-a558f9ea-645b-4406-90f7-98263b76388e req-a558f9ea-645b-4406-90f7-98263b76388e ] Request (ServerDiagnosticsTest:tearDownClass): 200 GET http://10.180.1.21/compute/v2.1/servers/5a0b7a89-2e90-4682-ab57-180fdb270469 0.121s
2025-04-10 19:54:30.944 69940 INFO tempest.lib.common.rest_client [req-591f2997-b468-43f9-af4f-47062873ce48 req-591f2997-b468-43f9-af4f-47062873ce48 ] Request (ServersListShow296Test:tearDownClass): 200 GET http://10.180.1.21/compute/v2.1/servers/3a2c5c41-748f-4bbc-9507-d83c8f554b04 0.093s
2025-04-10 19:54:30.985 69946 INFO tempest.lib.common.rest_client [req-1f52f140-6746-48b8-9305-95ba875d4659 req-1f52f140-6746-48b8-9305-95ba875d4659 ] Request (ServersTestMultiNic:test_verify_duplicate_network_nics): 200 GET http://10.180.1.21/compute/v2.1/servers/67c83959-a36f-4d69-97aa-0d5d871b514e 0.129s
2025-04-10 19:54:30.989 69886 INFO tempest.lib.common.rest_client [req-b15f5c32-507f-4feb-9bd9-9c92f0770446 req-b15f5c32-507f-4feb-9bd9-9c92f0770446 ] Request (ServerGroupTestJSON:setUpClass): 201 POST http://10.180.1.21:9696/networking/v2.0/routers 0.670s
2025-04-10 19:54:31.002 69936 INFO tempest.lib.common.rest_client [req-7a08fe82-2b46-471f-8aba-66a1b28398f9 req-7a08fe82-2b46-471f-8aba-66a1b28398f9 ] Request (InstanceActionsNegativeTestJSON:setUpClass): 200 GET http://10.180.1.21/compute/v2.1/servers/161cc33d-d443-4e5e-a2cf-14ff9a5d9011 0.091s
2025-04-10 19:54:31.046 69906 INFO tempest.lib.common.rest_client [req-c6cb4b97-13b1-4c05-bc19-c3073b8f6737 req-c6cb4b97-13b1-4c05-bc19-c3073b8f6737 ] Request (SecurityGroupsTestJSON:test_server_security_groups): 200 GET http://10.180.1.21/compute/v2.1/servers/536f8e5b-f15c-41c9-b3d2-e7d8c4f945c7 0.115s
2025-04-10 19:54:31.066 69932 INFO tempest.lib.common.rest_client [req-388ecd41-ecae-430d-ba88-ec044607e5b6 req-388ecd41-ecae-430d-ba88-ec044607e5b6 ] Request (ImagesTestJSON:test_create_image_from_stopped_server): 200 GET http://10.180.1.21/compute/v2.1/servers/8b599915-8c5f-40af-af4c-6f6769258ec5 0.087s
2025-04-10 19:54:31.109 69931 INFO tempest.lib.common.rest_client [req-42ebb53c-ac20-4483-8773-b7ec74d1dc65 req-42ebb53c-ac20-4483-8773-b7ec74d1dc65 ] Request (FloatingIPsAssociationTestJSON:test_associate_already_associated_floating_ip): 200 GET http://10.180.1.21/compute/v2.1/servers/68f0dac2-cc55-4110-87c3-dcf1d9d05650 0.115s
2025-04-10 19:54:31.140 69908 INFO tempest.lib.common.rest_client [req-bd27e12d-4632-449b-b69c-73ea33d28d18 req-bd27e12d-4632-449b-b69c-73ea33d28d18 ] Request (ServerShowV247Test:test_update_rebuild_list_server): 200 GET http://10.180.1.21/compute/v2.1/servers/36d35b67-42c7-4fa2-843f-d49f6193ea39 0.086s
2025-04-10 19:54:31.153 69908 INFO tempest.common.waiters [-] State transition "BUILD/None" ==> "BUILD/networking" after 42 second wait
2025-04-10 19:54:31.176 69923 INFO tempest.lib.common.rest_client [req-b11752eb-802a-4a30-80ec-aea453d3c83d req-b11752eb-802a-4a30-80ec-aea453d3c83d ] Request (ServersTestJSON:setUpClass): 200 GET http://10.180.1.21/compute/v2.1/servers/48b7a09a-4147-42b3-b7e4-858fb5310bb8 0.108s
2025-04-10 19:54:31.194 69898 INFO tempest.lib.common.rest_client [req-b63345a6-1258-48f4-84a8-e1a5221b14be req-b63345a6-1258-48f4-84a8-e1a5221b14be ] Request (ServerAddressesTestJSON:setUpClass): 200 GET http://10.180.1.21/compute/v2.1/servers/3643a195-bc27-4ebd-b9cb-eead55f5cab0 0.075s
2025-04-10 19:54:31.240 69934 INFO tempest.lib.common.rest_client [req-9ad1e2bc-a33f-41cf-86b1-0872b5db621e req-9ad1e2bc-a33f-41cf-86b1-0872b5db621e ] Request (ServerShowV257Test:test_rebuild_server): 200 GET http://10.180.1.21/compute/v2.1/servers/61f7c74f-3d86-49a5-a6f7-13c9b1ae51f5 0.107s
2025-04-10 19:54:31.256 69902 INFO tempest.lib.common.rest_client [req-e869d1c0-338d-42b7-af5c-8403667a5d89 req-e869d1c0-338d-42b7-af5c-8403667a5d89 ] Request (AttachInterfacesUnderV243Test:test_add_remove_fixed_ip): 200 GET http://10.180.1.21/compute/v2.1/servers/55949dd4-4830-4f07-a2f1-c38359c599be 0.069s
2025-04-10 19:54:31.318 69942 INFO tempest.lib.common.rest_client [req-4946aee5-5b2f-4d6b-845d-0537b62b5656 req-4946aee5-5b2f-4d6b-845d-0537b62b5656 ] Request (ServersListShow298Test:test_list_show_update_rebuild_server_298): 200 GET http://10.180.1.21/compute/v2.1/servers/3bc77691-4c4d-47e3-aebf-7088296f490c 0.123s
2025-04-10 19:54:31.327 69884 INFO tempest.lib.common.rest_client [req-1ce86d84-43ff-40a6-834c-78966796e2aa req-1ce86d84-43ff-40a6-834c-78966796e2aa ] Request (AttachInterfacesTestJSON:test_create_list_show_delete_interfaces_by_fixed_ip): 200 GET http://10.180.1.21/compute/v2.1/servers/dc2479b6-2c26-42f7-b4a1-603e38fd3c17 0.086s
2025-04-10 19:54:31.377 69888 INFO tempest.lib.common.rest_client [req-1758d3f3-4631-4e88-8c92-4bf4d73b0df5 req-1758d3f3-4631-4e88-8c92-4bf4d73b0df5 ] Request (DeleteServersTestJSON:test_delete_active_server): 200 GET http://10.180.1.21/compute/v2.1/servers/3bd97686-7586-4531-88da-cea7057302e8 0.078s
2025-04-10 19:54:31.386 69894 INFO tempest.lib.common.rest_client [req-bb0fb1ff-35ee-4836-bafd-3634351fc346 req-bb0fb1ff-35ee-4836-bafd-3634351fc346 ] Request (ServerMetadataTestJSON:setUpClass): 200 GET http://10.180.1.21/compute/v2.1/servers/8cc280a2-364e-4974-8a97-dd97599e194c 0.137s
2025-04-10 19:54:31.446 69900 INFO tempest.lib.common.rest_client [req-4a477e19-5545-458f-b063-46dadf760b08 req-4a477e19-5545-458f-b063-46dadf760b08 ] Request (ServerActionsV293TestJSON:setUpClass): 200 GET http://10.180.1.21/compute/v2.1/servers/2ccfcbd4-d609-4269-95d6-31963fcb61e1 0.134s
2025-04-10 19:54:31.448 69896 INFO tempest.lib.common.rest_client [req-092a9dbf-c55e-4018-9beb-a3b35f6dacaf req-092a9dbf-c55e-4018-9beb-a3b35f6dacaf ] Request (ServerRescueTestJSON:setUpClass): 200 GET http://10.180.1.21/compute/v2.1/servers/5a7759ca-a449-4619-96cb-71c78ac0e18f 0.105s
2025-04-10 19:54:31.536 69918 INFO tempest.lib.common.rest_client [req-0f575f50-24b1-4148-b544-8168ad10464a req-0f575f50-24b1-4148-b544-8168ad10464a ] Request (ServersTestFqdnHostnames:test_create_server_with_fqdn_name): 200 GET http://10.180.1.21/compute/v2.1/servers/6735746d-c4a1-4d85-8806-ed80577a68f4 0.065s
2025-04-10 19:54:31.625 69938 INFO tempest.lib.common.rest_client [req-a972be98-1154-45f0-9b1b-5a5b0758bb7f req-a972be98-1154-45f0-9b1b-5a5b0758bb7f ] Request (ServerActionsTestOtherA:setUpClass): 200 GET http://10.180.1.21/compute/v2.1/servers/bfdb04fc-7a85-4c98-9206-a4c44adeee9f 0.088s
2025-04-10 19:54:31.699 69912 INFO tempest.lib.common.rest_client [req-7f687405-7fde-4f14-90e1-38326cd578d6 req-7f687405-7fde-4f14-90e1-38326cd578d6 ] Request (TenantUsagesTestJSON:tearDownClass): 200 GET http://10.180.1.21/compute/v2.1/servers/f173734d-a046-4647-92c2-a9595f031a39 0.059s
2025-04-10 19:54:31.766 69924 INFO tempest.lib.common.rest_client [req-a2eec62f-8c07-424a-9516-970847298092 req-a2eec62f-8c07-424a-9516-970847298092 ] Request (DeleteServersAdminTestJSON:test_delete_server_while_in_error_state): 200 GET http://10.180.1.21/compute/v2.1/servers/faf5ccd5-5f25-4331-9229-2e245106999c 0.059s
2025-04-10 19:54:31.824 69890 INFO tempest.lib.common.rest_client [req-5ffabba0-998e-4762-b5b9-0addf3b109f0 req-5ffabba0-998e-4762-b5b9-0addf3b109f0 ] Request (ServersAdminNegativeTestJSON:test_migrate_server_invalid_state): 200 GET http://10.180.1.21/compute/v2.1/servers/99ea4526-6480-43fc-82f5-1b37c6f3a680 0.081s
2025-04-10 19:54:31.846 69944 INFO tempest.lib.common.rest_client [req-0f2a33c7-8e3c-4e4b-acfb-19a1fc790846 req-0f2a33c7-8e3c-4e4b-acfb-19a1fc790846 ] Request (ServersAdminTestJSON:test_create_server_with_scheduling_hint): 200 GET http://10.180.1.21/compute/v2.1/servers/fa2582ca-eaa4-4886-9669-771b2f370122 0.157s
2025-04-10 19:54:31.885 69926 INFO tempest.lib.common.rest_client [req-51bebbec-1038-48d8-b41b-549993c46206 req-51bebbec-1038-48d8-b41b-549993c46206 ] Request (VolumesAdminNegativeTest:test_update_attached_volume_with_nonexistent_volume_in_body): 200 GET http://10.180.1.21/compute/v2.1/servers/f3ae9fe7-a43a-4bfb-a564-7f198d114b60 0.126s
2025-04-10 19:54:31.924 69904 INFO tempest.lib.common.rest_client [req-c19aa35d-44d6-4bc7-a706-895efdf10cf3 req-c19aa35d-44d6-4bc7-a706-895efdf10cf3 ] Request (ServerDiagnosticsNegativeTest:tearDownClass): 200 GET http://10.180.1.21/compute/v2.1/servers/47241097-ec03-4a00-87f3-453326a0a744 0.094s
2025-04-10 19:54:31.968 69892 INFO tempest.lib.common.rest_client [req-5593ed6f-5ab1-460f-bab5-24c23d29edf1 req-5593ed6f-5ab1-460f-bab5-24c23d29edf1 ] Request (ListImageFiltersTestJSON:setUpClass): 200 GET http://10.180.1.21/compute/v2.1/images/993f538a-80ec-4c7c-9c92-7b988770fd15 0.093s
2025-04-10 19:54:31.985 69917 INFO tempest.lib.common.rest_client [req-5c1c6a5c-eaca-4b67-8b0c-f869f5a81a3e req-5c1c6a5c-eaca-4b67-8b0c-f869f5a81a3e ] Request (MigrationsAdminTest:test_list_migrations_in_flavor_resize_situation): 200 GET http://10.180.1.21/compute/v2.1/servers/82dd63fc-dcc9-4411-91e7-45a7fa71ba74 0.119s
2025-04-10 19:54:32.008 69886 INFO tempest.lib.common.rest_client [req-aaf08e57-81ee-43f0-a1b8-d4a88f418aa2 req-aaf08e57-81ee-43f0-a1b8-d4a88f418aa2 ] Request (ServerGroupTestJSON:setUpClass): 200 PUT http://10.180.1.21:9696/networking/v2.0/routers/fe758f02-d8a9-4a8c-ac36-1df0310d8677/add_router_interface 1.019s
2025-04-10 19:54:32.009 69886 INFO tempest.lib.common.dynamic_creds [-] Created isolated network resources for: credentials: Credentials: {'domain_id': 'default', 'domain_name': 'Default', 'username': 'tempest-ServerGroupTestJSON-927310883-project-member', 'project_domain_id': 'default', 'project_domain_name': 'Default', 'project_id': 'f9cb6f29af30440cb540110a5ce16f9d', 'project_name': 'tempest-ServerGroupTestJSON-927310883', 'tenant_id': 'f9cb6f29af30440cb540110a5ce16f9d', 'tenant_name': 'tempest-ServerGroupTestJSON-927310883', 'user_domain_id': 'default', 'user_domain_name': 'Default', 'user_id': 'f4b465e75a234504833c8e2c98f4ef56', 'system': None}, Network: {'id': '46eabe4a-3ac2-469e-a84f-184ab5d20b5f', 'name': 'tempest-ServerGroupTestJSON-40435845-network', 'tenant_id': 'f9cb6f29af30440cb540110a5ce16f9d', 'admin_state_up': True, 'mtu': 8950, 'status': 'ACTIVE', 'subnets': [], 'shared': False, 'project_id': 'f9cb6f29af30440cb540110a5ce16f9d', 'port_security_enabled': True, 'router:external': False, 'provider:network_type': 'vlan', 'provider:physical_network': 'default', 'provider:segmentation_id': 296, 'availability_zone_hints': [], 'availability_zones': [], 'ipv4_address_scope': None, 'ipv6_address_scope': None, 'description': '', 'tags': [], 'created_at': '2025-04-10T19:54:30Z', 'updated_at': '2025-04-10T19:54:30Z', 'revision_number': 1}, Subnet: {'id': '061cf7f5-2996-4a7f-8652-d172b78670c9', 'name': 'tempest-ServerGroupTestJSON-40435845-subnet', 'tenant_id': 'f9cb6f29af30440cb540110a5ce16f9d', 'network_id': '46eabe4a-3ac2-469e-a84f-184ab5d20b5f', 'ip_version': 4, 'subnetpool_id': None, 'enable_dhcp': True, 'ipv6_ra_mode': None, 'ipv6_address_mode': None, 'gateway_ip': '192.168.128.1', 'cidr': '192.168.128.0/28', 'allocation_pools': [{'start': '192.168.128.2', 'end': '192.168.128.14'}], 'host_routes': [], 'dns_nameservers': [], 'description': '', 'router:external': False, 'service_types': [], 'tags': [], 'created_at': '2025-04-10T19:54:30Z', 'updated_at': '2025-04-10T19:54:30Z', 'revision_number': 0, 'project_id': 'f9cb6f29af30440cb540110a5ce16f9d'}, Router: {'id': 'fe758f02-d8a9-4a8c-ac36-1df0310d8677', 'name': 'tempest-ServerGroupTestJSON-40435845-router', 'tenant_id': 'f9cb6f29af30440cb540110a5ce16f9d', 'admin_state_up': True, 'status': 'ACTIVE', 'external_gateway_info': {'network_id': '9a37436f-a553-454f-b128-5f0751b9e4e9', 'external_fixed_ips': [{'subnet_id': '69c86c7e-fc0e-46e0-899a-a2ac90f807ef', 'ip_address': '10.180.180.188'}], 'enable_snat': True}, 'description': '', 'availability_zones': [], 'distributed': False, 'ha': False, 'availability_zone_hints': [], 'routes': [], 'flavor_id': None, 'tags': [], 'created_at': '2025-04-10T19:54:30Z', 'updated_at': '2025-04-10T19:54:30Z', 'revision_number': 2, 'project_id': 'f9cb6f29af30440cb540110a5ce16f9d'}
2025-04-10 19:54:32.034 69914 INFO tempest.lib.common.rest_client [req-dd197a3f-38f5-4f0b-9321-3b85a292bffb req-dd197a3f-38f5-4f0b-9321-3b85a292bffb ] Request (ServerDiagnosticsTest:tearDownClass): 200 GET http://10.180.1.21/compute/v2.1/servers/5a0b7a89-2e90-4682-ab57-180fdb270469 0.103s
2025-04-10 19:54:32.058 69940 INFO tempest.lib.common.rest_client [req-59ef750f-0c5c-4a27-bf4a-3d151743e627 req-59ef750f-0c5c-4a27-bf4a-3d151743e627 ] Request (ServersListShow296Test:tearDownClass): 200 GET http://10.180.1.21/compute/v2.1/servers/3a2c5c41-748f-4bbc-9507-d83c8f554b04 0.099s
2025-04-10 19:54:32.089 69946 INFO tempest.lib.common.rest_client [req-9ac77692-8e07-4c2a-88fd-47d468b4bd8e req-9ac77692-8e07-4c2a-88fd-47d468b4bd8e ] Request (ServersTestMultiNic:test_verify_duplicate_network_nics): 200 GET http://10.180.1.21/compute/v2.1/servers/67c83959-a36f-4d69-97aa-0d5d871b514e 0.093s
2025-04-10 19:54:32.121 69936 INFO tempest.lib.common.rest_client [req-0e912890-1fba-43b0-af72-4c3f5daae511 req-0e912890-1fba-43b0-af72-4c3f5daae511 ] Request (InstanceActionsNegativeTestJSON:setUpClass): 200 GET http://10.180.1.21/compute/v2.1/servers/161cc33d-d443-4e5e-a2cf-14ff9a5d9011 0.107s
2025-04-10 19:54:32.129 69886 INFO tempest.lib.common.rest_client [req-48cc5aba-92f1-4c58-aa6a-fbed87bca0dd req-48cc5aba-92f1-4c58-aa6a-fbed87bca0dd ] Request (ServerGroupTestJSON:setUpClass): 201 POST http://10.180.1.21/identity/v3/auth/tokens 0.117s
2025-04-10 19:54:32.142 69906 INFO tempest.lib.common.rest_client [req-04bd4434-031c-49bf-be68-e217f792d135 req-04bd4434-031c-49bf-be68-e217f792d135 ] Request (SecurityGroupsTestJSON:test_server_security_groups): 200 GET http://10.180.1.21/compute/v2.1/servers/536f8e5b-f15c-41c9-b3d2-e7d8c4f945c7 0.085s
2025-04-10 19:54:32.178 69932 INFO tempest.lib.common.rest_client [req-0a33f80d-b7e3-487f-adf5-5a720ce14ed0 req-0a33f80d-b7e3-487f-adf5-5a720ce14ed0 ] Request (ImagesTestJSON:test_create_image_from_stopped_server): 200 GET http://10.180.1.21/compute/v2.1/servers/8b599915-8c5f-40af-af4c-6f6769258ec5 0.101s
2025-04-10 19:54:32.197 69931 INFO tempest.lib.common.rest_client [req-807776f3-eb7f-445e-ac18-a4dbd983f6c0 req-807776f3-eb7f-445e-ac18-a4dbd983f6c0 ] Request (FloatingIPsAssociationTestJSON:test_associate_already_associated_floating_ip): 200 GET http://10.180.1.21/compute/v2.1/servers/68f0dac2-cc55-4110-87c3-dcf1d9d05650 0.078s
2025-04-10 19:54:32.257 69908 INFO tempest.lib.common.rest_client [req-62d415f3-f823-4b42-992d-2c6ecf8d778f req-62d415f3-f823-4b42-992d-2c6ecf8d778f ] Request (ServerShowV247Test:test_update_rebuild_list_server): 200 GET http://10.180.1.21/compute/v2.1/servers/36d35b67-42c7-4fa2-843f-d49f6193ea39 0.103s
2025-04-10 19:54:32.269 69908 INFO tempest.common.waiters [-] State transition "BUILD/networking" ==> "BUILD/spawning" after 43 second wait
2025-04-10 19:54:32.319 69923 INFO tempest.lib.common.rest_client [req-c2df8475-71cd-452e-adf0-11b2e7c0257a req-c2df8475-71cd-452e-adf0-11b2e7c0257a ] Request (ServersTestJSON:setUpClass): 200 GET http://10.180.1.21/compute/v2.1/servers/48b7a09a-4147-42b3-b7e4-858fb5310bb8 0.129s
2025-04-10 19:54:32.333 69886 INFO tempest.lib.common.rest_client [req-d670e78c-1684-4640-9cad-f0e170c1705e req-d670e78c-1684-4640-9cad-f0e170c1705e ] Request (ServerGroupTestJSON:setUp): 200 POST http://10.180.1.21/compute/v2.1/os-server-groups 0.203s
2025-04-10 19:54:32.393 69898 INFO tempest.lib.common.rest_client [req-180d50b0-c031-4ece-9953-8e0961318041 req-180d50b0-c031-4ece-9953-8e0961318041 ] Request (ServerAddressesTestJSON:setUpClass): 200 GET http://10.180.1.21/compute/v2.1/servers/3643a195-bc27-4ebd-b9cb-eead55f5cab0 0.189s
2025-04-10 19:54:32.399 69934 INFO tempest.lib.common.rest_client [req-d9eb7083-9360-4b93-b8d5-334c01bc7e9e req-d9eb7083-9360-4b93-b8d5-334c01bc7e9e ] Request (ServerShowV257Test:test_rebuild_server): 200 GET http://10.180.1.21/compute/v2.1/servers/61f7c74f-3d86-49a5-a6f7-13c9b1ae51f5 0.150s
2025-04-10 19:54:32.462 69902 INFO tempest.lib.common.rest_client [req-aa65040b-1147-4674-a941-c89cf8564d1d req-aa65040b-1147-4674-a941-c89cf8564d1d ] Request (AttachInterfacesUnderV243Test:test_add_remove_fixed_ip): 200 GET http://10.180.1.21/compute/v2.1/servers/55949dd4-4830-4f07-a2f1-c38359c599be 0.192s
2025-04-10 19:54:32.480 69942 INFO tempest.lib.common.rest_client [req-43db8b3e-fa59-4e1d-8ff9-1ef15d81e418 req-43db8b3e-fa59-4e1d-8ff9-1ef15d81e418 ] Request (ServersListShow298Test:test_list_show_update_rebuild_server_298): 200 GET http://10.180.1.21/compute/v2.1/servers/3bc77691-4c4d-47e3-aebf-7088296f490c 0.149s
2025-04-10 19:54:32.522 69886 INFO tempest.lib.common.rest_client [req-d75dd04d-b842-4e24-9018-e4867781eeb1 req-d75dd04d-b842-4e24-9018-e4867781eeb1 ] Request (ServerGroupTestJSON:test_create_delete_multiple_server_groups_with_same_name_policy): 200 POST http://10.180.1.21/compute/v2.1/os-server-groups 0.187s
2025-04-10 19:54:32.527 69884 INFO tempest.lib.common.rest_client [req-e1614859-b84b-4c27-ba14-886614a1f800 req-e1614859-b84b-4c27-ba14-886614a1f800 ] Request (AttachInterfacesTestJSON:test_create_list_show_delete_interfaces_by_fixed_ip): 200 GET http://10.180.1.21/compute/v2.1/servers/dc2479b6-2c26-42f7-b4a1-603e38fd3c17 0.191s
2025-04-10 19:54:32.575 69888 INFO tempest.lib.common.rest_client [req-5dc5ec6e-d69f-4157-afca-35f9fd811949 req-5dc5ec6e-d69f-4157-afca-35f9fd811949 ] Request (DeleteServersTestJSON:test_delete_active_server): 200 GET http://10.180.1.21/compute/v2.1/servers/3bd97686-7586-4531-88da-cea7057302e8 0.183s
2025-04-10 19:54:32.580 69894 INFO tempest.lib.common.rest_client [req-9979d8d3-ace6-42cc-a226-a0158cdde25a req-9979d8d3-ace6-42cc-a226-a0158cdde25a ] Request (ServerMetadataTestJSON:setUpClass): 200 GET http://10.180.1.21/compute/v2.1/servers/8cc280a2-364e-4974-8a97-dd97599e194c 0.186s
2025-04-10 19:54:32.634 69900 INFO tempest.lib.common.rest_client [req-db998038-8c6c-4040-8d07-2a41121231eb req-db998038-8c6c-4040-8d07-2a41121231eb ] Request (ServerActionsV293TestJSON:setUpClass): 200 GET http://10.180.1.21/compute/v2.1/servers/2ccfcbd4-d609-4269-95d6-31963fcb61e1 0.177s
2025-04-10 19:54:32.635 69896 INFO tempest.lib.common.rest_client [req-583a9d08-73e5-4404-ae19-98989b1b618d req-583a9d08-73e5-4404-ae19-98989b1b618d ] Request (ServerRescueTestJSON:setUpClass): 200 GET http://10.180.1.21/compute/v2.1/servers/5a7759ca-a449-4619-96cb-71c78ac0e18f 0.177s
2025-04-10 19:54:32.682 69886 INFO tempest.lib.common.rest_client [req-ca175cf3-e6cf-4a5e-bad8-fdd5ad7b875f req-ca175cf3-e6cf-4a5e-bad8-fdd5ad7b875f ] Request (ServerGroupTestJSON:test_create_delete_multiple_server_groups_with_same_name_policy): 200 POST http://10.180.1.21/compute/v2.1/os-server-groups 0.159s
2025-04-10 19:54:32.688 69918 INFO tempest.lib.common.rest_client [req-ff0786f1-10a4-49a2-a09e-9f3f8676eaa4 req-ff0786f1-10a4-49a2-a09e-9f3f8676eaa4 ] Request (ServersTestFqdnHostnames:test_create_server_with_fqdn_name): 200 GET http://10.180.1.21/compute/v2.1/servers/6735746d-c4a1-4d85-8806-ed80577a68f4 0.142s
2025-04-10 19:54:32.715 69886 INFO tempest.lib.common.rest_client [req-9d214bdc-6509-4051-abb8-d4e9341bb20a req-9d214bdc-6509-4051-abb8-d4e9341bb20a ] Request (ServerGroupTestJSON:test_create_delete_multiple_server_groups_with_same_name_policy): 204 DELETE http://10.180.1.21/compute/v2.1/os-server-groups/afaee37a-123a-4662-8712-5e123aa63e38 0.031s
2025-04-10 19:54:32.738 69938 INFO tempest.lib.common.rest_client [req-fe0759b8-033d-457b-98ed-1b08ca0291ce req-fe0759b8-033d-457b-98ed-1b08ca0291ce ] Request (ServerActionsTestOtherA:setUpClass): 200 GET http://10.180.1.21/compute/v2.1/servers/bfdb04fc-7a85-4c98-9206-a4c44adeee9f 0.105s
2025-04-10 19:54:32.757 69886 INFO tempest.lib.common.rest_client [req-92440d0f-8ad8-42fe-8b27-ad46df04165c req-92440d0f-8ad8-42fe-8b27-ad46df04165c ] Request (ServerGroupTestJSON:test_create_delete_multiple_server_groups_with_same_name_policy): 200 GET http://10.180.1.21/compute/v2.1/os-server-groups 0.041s
2025-04-10 19:54:32.787 69912 INFO tempest.lib.common.rest_client [req-3e4705a5-bf05-4802-8228-d9774aef72e5 req-3e4705a5-bf05-4802-8228-d9774aef72e5 ] Request (TenantUsagesTestJSON:tearDownClass): 200 GET http://10.180.1.21/compute/v2.1/servers/f173734d-a046-4647-92c2-a9595f031a39 0.079s
2025-04-10 19:54:32.794 69886 INFO tempest.lib.common.rest_client [req-8acf0e5d-da4d-41d0-a1a6-b349b909f64c req-8acf0e5d-da4d-41d0-a1a6-b349b909f64c ] Request (ServerGroupTestJSON:test_create_delete_multiple_server_groups_with_same_name_policy): 204 DELETE http://10.180.1.21/compute/v2.1/os-server-groups/c1f3921b-c21d-4959-82c2-4ddf13edd4a6 0.034s
2025-04-10 19:54:32.807 69886 INFO tempest.lib.common.rest_client [req-cddb0800-84e1-41fa-8a5f-b86b5b59cef8 req-cddb0800-84e1-41fa-8a5f-b86b5b59cef8 ] Request (ServerGroupTestJSON:test_create_delete_multiple_server_groups_with_same_name_policy): 200 GET http://10.180.1.21/compute/v2.1/os-server-groups 0.012s
2025-04-10 19:54:32.840 69924 INFO tempest.lib.common.rest_client [req-afea09be-a64a-49a4-ac40-18ed531c06a7 req-afea09be-a64a-49a4-ac40-18ed531c06a7 ] Request (DeleteServersAdminTestJSON:test_delete_server_while_in_error_state): 200 GET http://10.180.1.21/compute/v2.1/servers/faf5ccd5-5f25-4331-9229-2e245106999c 0.064s
2025-04-10 19:54:32.864 69886 INFO tempest.lib.common.rest_client [req-b781256d-507e-412a-8d44-3690278f1017 req-b781256d-507e-412a-8d44-3690278f1017 ] Request (ServerGroupTestJSON:test_create_delete_server_group_with_affinity_policy): 200 POST http://10.180.1.21/compute/v2.1/os-server-groups 0.054s
2025-04-10 19:54:32.900 69890 INFO tempest.lib.common.rest_client [req-64261351-75c0-4b33-a061-9b7b0058d1dc req-64261351-75c0-4b33-a061-9b7b0058d1dc ] Request (ServersAdminNegativeTestJSON:test_migrate_server_invalid_state): 200 GET http://10.180.1.21/compute/v2.1/servers/99ea4526-6480-43fc-82f5-1b37c6f3a680 0.068s
2025-04-10 19:54:32.920 69886 INFO tempest.lib.common.rest_client [req-d0032e21-41d7-4c2a-8078-a1bf1a4ae0b3 req-d0032e21-41d7-4c2a-8078-a1bf1a4ae0b3 ] Request (ServerGroupTestJSON:test_create_delete_server_group_with_affinity_policy): 204 DELETE http://10.180.1.21/compute/v2.1/os-server-groups/9a0cf7ee-9c2d-42cb-bd7f-314b7175fdf5 0.054s
2025-04-10 19:54:32.980 69926 INFO tempest.lib.common.rest_client [req-682e86c1-3516-4b9c-ab4b-7e2db31e2d52 req-682e86c1-3516-4b9c-ab4b-7e2db31e2d52 ] Request (VolumesAdminNegativeTest:test_update_attached_volume_with_nonexistent_volume_in_body): 200 GET http://10.180.1.21/compute/v2.1/servers/f3ae9fe7-a43a-4bfb-a564-7f198d114b60 0.085s
2025-04-10 19:54:32.982 69944 INFO tempest.lib.common.rest_client [req-6e603ead-fb37-419c-9a44-983758f55e69 req-6e603ead-fb37-419c-9a44-983758f55e69 ] Request (ServersAdminTestJSON:test_create_server_with_scheduling_hint): 200 GET http://10.180.1.21/compute/v2.1/servers/fa2582ca-eaa4-4886-9669-771b2f370122 0.126s
2025-04-10 19:54:32.993 69886 INFO tempest.lib.common.rest_client [req-8e32b628-a59e-4f3c-b69f-b7e57c338ced req-8e32b628-a59e-4f3c-b69f-b7e57c338ced ] Request (ServerGroupTestJSON:test_create_delete_server_group_with_affinity_policy): 200 GET http://10.180.1.21/compute/v2.1/os-server-groups 0.073s
2025-04-10 19:54:33.003 69904 INFO tempest.lib.common.rest_client [req-27e87944-d2a3-4238-885b-9a828b991860 req-27e87944-d2a3-4238-885b-9a828b991860 ] Request (ServerDiagnosticsNegativeTest:tearDownClass): 404 GET http://10.180.1.21/compute/v2.1/servers/47241097-ec03-4a00-87f3-453326a0a744 0.067s
2025-04-10 19:54:33.030 69892 INFO tempest.lib.common.rest_client [req-836190f0-2b2e-4341-b340-75cea85a7132 req-836190f0-2b2e-4341-b340-75cea85a7132 ] Request (ListImageFiltersTestJSON:setUpClass): 200 GET http://10.180.1.21/compute/v2.1/images/993f538a-80ec-4c7c-9c92-7b988770fd15 0.056s
2025-04-10 19:54:33.080 69886 INFO tempest.lib.common.rest_client [req-47c1e2fb-ef51-43b7-98e5-76b904fca9d6 req-47c1e2fb-ef51-43b7-98e5-76b904fca9d6 ] Request (ServerGroupTestJSON:test_create_delete_server_group_with_anti_affinity_policy): 200 POST http://10.180.1.21/compute/v2.1/os-server-groups 0.084s
2025-04-10 19:54:33.101 69904 INFO tempest.lib.common.rest_client [req-38a5b2a0-59c0-4407-84d3-62291e7bb0ed req-38a5b2a0-59c0-4407-84d3-62291e7bb0ed ] Request (ServerDiagnosticsNegativeTest:tearDownClass): 204 DELETE http://10.180.1.21/identity/v3/users/274a61ad6f97405495daa156312cda0d 0.098s
2025-04-10 19:54:33.112 69892 INFO tempest.lib.common.rest_client [req-ba930961-315b-4ca0-9f96-49bd6b823889 req-ba930961-315b-4ca0-9f96-49bd6b823889 ] Request (ListImageFiltersTestJSON:setUpClass): 200 GET http://10.180.1.21/compute/v2.1/images/993f538a-80ec-4c7c-9c92-7b988770fd15 0.077s
2025-04-10 19:54:33.140 69917 INFO tempest.lib.common.rest_client [req-639c2840-7350-4bf9-bc91-7813b2fe88d2 req-639c2840-7350-4bf9-bc91-7813b2fe88d2 ] Request (MigrationsAdminTest:test_list_migrations_in_flavor_resize_situation): 200 GET http://10.180.1.21/compute/v2.1/servers/82dd63fc-dcc9-4411-91e7-45a7fa71ba74 0.146s
2025-04-10 19:54:33.180 69914 INFO tempest.lib.common.rest_client [req-160b0b21-1da7-4f07-a047-ff75397fb510 req-160b0b21-1da7-4f07-a047-ff75397fb510 ] Request (ServerDiagnosticsTest:tearDownClass): 200 GET http://10.180.1.21/compute/v2.1/servers/5a0b7a89-2e90-4682-ab57-180fdb270469 0.134s
2025-04-10 19:54:33.199 69886 INFO tempest.lib.common.rest_client [req-5ffc1c87-09ab-4009-a615-70e2f3e5fbef req-5ffc1c87-09ab-4009-a615-70e2f3e5fbef ] Request (ServerGroupTestJSON:test_create_delete_server_group_with_anti_affinity_policy): 204 DELETE http://10.180.1.21/compute/v2.1/os-server-groups/126bbef8-3be1-4b43-9c44-eb203a162536 0.116s
2025-04-10 19:54:33.215 69904 INFO tempest.lib.common.rest_client [req-df7fa11b-2825-434f-8f97-d6b06f467a53 req-df7fa11b-2825-434f-8f97-d6b06f467a53 ] Request (ServerDiagnosticsNegativeTest:tearDownClass): 204 DELETE http://10.180.1.21/identity/v3/users/8aba9de5253e48beb935f19d5fd8ed48 0.113s
2025-04-10 19:54:33.215 69904 INFO tempest.lib.common.dynamic_creds [-] Deleting project and security group for project: 46638c4f97e54a79a2f8f7d61e860dba
2025-04-10 19:54:33.219 69940 INFO tempest.lib.common.rest_client [req-e031b15e-205e-4ca7-8fdf-6f20275492f9 req-e031b15e-205e-4ca7-8fdf-6f20275492f9 ] Request (ServersListShow296Test:tearDownClass): 200 GET http://10.180.1.21/compute/v2.1/servers/3a2c5c41-748f-4bbc-9507-d83c8f554b04 0.148s
2025-04-10 19:54:33.254 69946 INFO tempest.lib.common.rest_client [req-af7e3cc5-7448-4181-b688-e2da0a87e053 req-af7e3cc5-7448-4181-b688-e2da0a87e053 ] Request (ServersTestMultiNic:test_verify_duplicate_network_nics): 200 GET http://10.180.1.21/compute/v2.1/servers/67c83959-a36f-4d69-97aa-0d5d871b514e 0.156s
2025-04-10 19:54:33.300 69904 INFO tempest.lib.common.rest_client [req-de42e19a-73dc-474a-86d1-a6c79d73c0d2 req-de42e19a-73dc-474a-86d1-a6c79d73c0d2 ] Request (ServerDiagnosticsNegativeTest:tearDownClass): 201 POST http://10.180.1.21/identity/v3/auth/tokens 0.084s
2025-04-10 19:54:33.314 69936 INFO tempest.lib.common.rest_client [req-2fa50480-7ee6-4cbb-b706-e9665a10f8f2 req-2fa50480-7ee6-4cbb-b706-e9665a10f8f2 ] Request (InstanceActionsNegativeTestJSON:setUpClass): 200 GET http://10.180.1.21/compute/v2.1/servers/161cc33d-d443-4e5e-a2cf-14ff9a5d9011 0.185s
2025-04-10 19:54:33.346 69892 INFO tempest.lib.common.rest_client [req-de02deb6-6947-43db-80a8-d7476ca29ca0 req-de02deb6-6947-43db-80a8-d7476ca29ca0 ] Request (ListImageFiltersTestJSON:setUpClass): 200 GET http://10.180.1.21/compute/v2.1/servers/44a401b3-fd23-4f35-b378-5c72e56be77f 0.231s
2025-04-10 19:54:33.366 69906 INFO tempest.lib.common.rest_client [req-638fb579-3084-4b74-9a05-05ad605cf126 req-638fb579-3084-4b74-9a05-05ad605cf126 ] Request (SecurityGroupsTestJSON:test_server_security_groups): 200 GET http://10.180.1.21/compute/v2.1/servers/536f8e5b-f15c-41c9-b3d2-e7d8c4f945c7 0.216s
2025-04-10 19:54:33.382 69886 INFO tempest.lib.common.rest_client [req-e02f6a9c-bc81-47ea-aa76-e0e6664d56f8 req-e02f6a9c-bc81-47ea-aa76-e0e6664d56f8 ] Request (ServerGroupTestJSON:test_create_delete_server_group_with_anti_affinity_policy): 200 GET http://10.180.1.21/compute/v2.1/os-server-groups 0.183s
2025-04-10 19:54:33.402 69932 INFO tempest.lib.common.rest_client [req-efd26956-5422-4a2c-915f-bd71d9f83993 req-efd26956-5422-4a2c-915f-bd71d9f83993 ] Request (ImagesTestJSON:test_create_image_from_stopped_server): 200 GET http://10.180.1.21/compute/v2.1/servers/8b599915-8c5f-40af-af4c-6f6769258ec5 0.215s
2025-04-10 19:54:33.405 69904 INFO tempest.lib.common.rest_client [req-84f2b82e-d81f-44ae-9447-99251c3a24c0 req-84f2b82e-d81f-44ae-9447-99251c3a24c0 ] Request (ServerDiagnosticsNegativeTest:tearDownClass): 200 GET http://10.180.1.21:9696/networking/v2.0/security-groups?tenant_id=46638c4f97e54a79a2f8f7d61e860dba&name=default 0.105s
2025-04-10 19:54:33.438 69931 INFO tempest.lib.common.rest_client [req-52f25dc7-deee-4e8f-8bbf-902b5544835f req-52f25dc7-deee-4e8f-8bbf-902b5544835f ] Request (FloatingIPsAssociationTestJSON:test_associate_already_associated_floating_ip): 200 GET http://10.180.1.21/compute/v2.1/servers/68f0dac2-cc55-4110-87c3-dcf1d9d05650 0.232s
2025-04-10 19:54:33.460 69886 INFO tempest.lib.common.rest_client [req-6bb6d9a4-c7ee-458e-b70d-2e8b6e1fbec3 req-6bb6d9a4-c7ee-458e-b70d-2e8b6e1fbec3 ] Request (ServerGroupTestJSON:test_create_server_with_scheduler_hint_group): 201 POST http://10.180.1.21/identity/v3/auth/tokens 0.072s
2025-04-10 19:54:33.461 69886 INFO tempest.lib.common.fixed_network [-] (ServerGroupTestJSON:test_create_server_with_scheduler_hint_group) Found network {'id': '46eabe4a-3ac2-469e-a84f-184ab5d20b5f', 'name': 'tempest-ServerGroupTestJSON-40435845-network', 'tenant_id': 'f9cb6f29af30440cb540110a5ce16f9d', 'admin_state_up': True, 'mtu': 8950, 'status': 'ACTIVE', 'subnets': [], 'shared': False, 'project_id': 'f9cb6f29af30440cb540110a5ce16f9d', 'port_security_enabled': True, 'router:external': False, 'provider:network_type': 'vlan', 'provider:physical_network': 'default', 'provider:segmentation_id': 296, 'availability_zone_hints': [], 'availability_zones': [], 'ipv4_address_scope': None, 'ipv6_address_scope': None, 'description': '', 'tags': [], 'created_at': '2025-04-10T19:54:30Z', 'updated_at': '2025-04-10T19:54:30Z', 'revision_number': 1} available for tenant
2025-04-10 19:54:33.468 69908 INFO tempest.lib.common.rest_client [req-50fcc08b-ecae-4c95-b04c-e7299a8634a8 req-50fcc08b-ecae-4c95-b04c-e7299a8634a8 ] Request (ServerShowV247Test:test_update_rebuild_list_server): 200 GET http://10.180.1.21/compute/v2.1/servers/36d35b67-42c7-4fa2-843f-d49f6193ea39 0.198s
2025-04-10 19:54:33.500 69923 INFO tempest.lib.common.rest_client [req-111abefc-d622-4d66-8eb8-88c34021c9bb req-111abefc-d622-4d66-8eb8-88c34021c9bb ] Request (ServersTestJSON:setUpClass): 200 GET http://10.180.1.21/compute/v2.1/servers/48b7a09a-4147-42b3-b7e4-858fb5310bb8 0.171s
2025-04-10 19:54:33.508 69904 INFO tempest.lib.common.rest_client [req-b5ad308b-47b7-422e-a195-d759cdc41575 req-b5ad308b-47b7-422e-a195-d759cdc41575 ] Request (ServerDiagnosticsNegativeTest:tearDownClass): 204 DELETE http://10.180.1.21:9696/networking/v2.0/security-groups/54038215-926d-4af7-820c-4eb952c9aac0 0.099s
2025-04-10 19:54:33.524 69898 INFO tempest.lib.common.rest_client [req-25796b21-a396-47d1-9725-1a0b1df1e8f0 req-25796b21-a396-47d1-9725-1a0b1df1e8f0 ] Request (ServerAddressesTestJSON:setUpClass): 200 GET http://10.180.1.21/compute/v2.1/servers/3643a195-bc27-4ebd-b9cb-eead55f5cab0 0.119s
2025-04-10 19:54:33.560 69934 INFO tempest.lib.common.rest_client [req-25b94506-a332-4c2d-99c2-37599c105a1f req-25b94506-a332-4c2d-99c2-37599c105a1f ] Request (ServerShowV257Test:test_rebuild_server): 200 GET http://10.180.1.21/compute/v2.1/servers/61f7c74f-3d86-49a5-a6f7-13c9b1ae51f5 0.147s
2025-04-10 19:54:33.583 69904 INFO tempest.lib.common.rest_client [req-b94a119d-14fe-40a4-abb3-ae8145d01922 req-b94a119d-14fe-40a4-abb3-ae8145d01922 ] Request (ServerDiagnosticsNegativeTest:tearDownClass): 204 DELETE http://10.180.1.21/identity/v3/projects/46638c4f97e54a79a2f8f7d61e860dba 0.075s
2025-04-10 19:54:33.584 69904 INFO tempest.lib.common.dynamic_creds [-] Deleting project and security group for project: 3161077c764d458ca5068178f4475675
2025-04-10 19:54:33.617 69902 INFO tempest.lib.common.rest_client [req-8c22c6b3-685c-4bd2-ac57-7df1e78fb9e3 req-8c22c6b3-685c-4bd2-ac57-7df1e78fb9e3 ] Request (AttachInterfacesUnderV243Test:test_add_remove_fixed_ip): 200 GET http://10.180.1.21/compute/v2.1/servers/55949dd4-4830-4f07-a2f1-c38359c599be 0.147s
2025-04-10 19:54:33.677 69904 INFO tempest.lib.common.rest_client [req-b20f0380-ff89-4581-9a7b-42e71f364bf6 req-b20f0380-ff89-4581-9a7b-42e71f364bf6 ] Request (ServerDiagnosticsNegativeTest:tearDownClass): 200 GET http://10.180.1.21:9696/networking/v2.0/security-groups?tenant_id=3161077c764d458ca5068178f4475675&name=default 0.093s
2025-04-10 19:54:33.683 69942 INFO tempest.lib.common.rest_client [req-bc451561-5a81-4529-b5b0-41f0ed4203c4 req-bc451561-5a81-4529-b5b0-41f0ed4203c4 ] Request (ServersListShow298Test:test_list_show_update_rebuild_server_298): 200 GET http://10.180.1.21/compute/v2.1/servers/3bc77691-4c4d-47e3-aebf-7088296f490c 0.189s
2025-04-10 19:54:33.736 69884 INFO tempest.lib.common.rest_client [req-6578ee56-0cbf-4a0c-aa1c-03283f5a5951 req-6578ee56-0cbf-4a0c-aa1c-03283f5a5951 ] Request (AttachInterfacesTestJSON:test_create_list_show_delete_interfaces_by_fixed_ip): 200 GET http://10.180.1.21/compute/v2.1/servers/dc2479b6-2c26-42f7-b4a1-603e38fd3c17 0.201s
2025-04-10 19:54:33.751 69904 INFO tempest.lib.common.rest_client [req-214b3c52-d678-488a-a573-e0f7035eae0e req-214b3c52-d678-488a-a573-e0f7035eae0e ] Request (ServerDiagnosticsNegativeTest:tearDownClass): 204 DELETE http://10.180.1.21:9696/networking/v2.0/security-groups/c062bf2d-e981-4a3c-a9fc-784f35b499b3 0.073s
2025-04-10 19:54:33.799 69888 INFO tempest.lib.common.rest_client [req-1d2ac3b5-640d-4377-af3a-e9f2c40c29c1 req-1d2ac3b5-640d-4377-af3a-e9f2c40c29c1 ] Request (DeleteServersTestJSON:test_delete_active_server): 200 GET http://10.180.1.21/compute/v2.1/servers/3bd97686-7586-4531-88da-cea7057302e8 0.214s
2025-04-10 19:54:33.849 69894 INFO tempest.lib.common.rest_client [req-37036e62-6af1-4af2-868e-d4b721f9fc48 req-37036e62-6af1-4af2-868e-d4b721f9fc48 ] Request (ServerMetadataTestJSON:setUpClass): 200 GET http://10.180.1.21/compute/v2.1/servers/8cc280a2-364e-4974-8a97-dd97599e194c 0.261s
2025-04-10 19:54:33.864 69904 INFO tempest.lib.common.rest_client [req-f94cbb2d-7658-4355-8249-d96b508f28e7 req-f94cbb2d-7658-4355-8249-d96b508f28e7 ] Request (ServerDiagnosticsNegativeTest:tearDownClass): 204 DELETE http://10.180.1.21/identity/v3/projects/3161077c764d458ca5068178f4475675 0.113s
2025-04-10 19:54:33.910 69896 INFO tempest.lib.common.rest_client [req-afc12f02-00eb-4a67-a4e9-6f0317f5aaf7 req-afc12f02-00eb-4a67-a4e9-6f0317f5aaf7 ] Request (ServerRescueTestJSON:setUpClass): 200 GET http://10.180.1.21/compute/v2.1/servers/5a7759ca-a449-4619-96cb-71c78ac0e18f 0.268s
2025-04-10 19:54:33.941 69904 INFO tempest.lib.common.rest_client [req-0c420b4e-f623-420e-8502-55fe4e3cb626 req-0c420b4e-f623-420e-8502-55fe4e3cb626 ] Request (ServersTestBootFromVolume:setUpClass): 201 POST http://10.180.1.21/identity/v3/auth/tokens 0.075s
2025-04-10 19:54:33.960 69886 INFO tempest.lib.common.rest_client [req-0b80bc20-7a5c-4467-9a61-d1c12dfbf34d req-0b80bc20-7a5c-4467-9a61-d1c12dfbf34d ] Request (ServerGroupTestJSON:test_create_server_with_scheduler_hint_group): 202 POST http://10.180.1.21/compute/v2.1/servers 0.498s
2025-04-10 19:54:33.965 69900 INFO tempest.lib.common.rest_client [req-70dc13b5-e70f-48f2-8fef-648afe328230 req-70dc13b5-e70f-48f2-8fef-648afe328230 ] Request (ServerActionsV293TestJSON:setUpClass): 200 GET http://10.180.1.21/compute/v2.1/servers/2ccfcbd4-d609-4269-95d6-31963fcb61e1 0.319s
2025-04-10 19:54:33.982 69904 INFO tempest.lib.common.rest_client [req-dbd3b0cc-6ac6-4934-8413-76097ea07f08 req-dbd3b0cc-6ac6-4934-8413-76097ea07f08 ] Request (ServersTestBootFromVolume:setUpClass): 201 POST http://10.180.1.21/identity/v3/auth/tokens 0.039s
2025-04-10 19:54:34.010 69904 INFO tempest.lib.common.rest_client [req-645aff39-edd5-4cf7-bb82-61c05c5cf183 req-645aff39-edd5-4cf7-bb82-61c05c5cf183 ] Request (ServersTestBootFromVolume:setUpClass): 200 GET http://10.180.1.21/identity/v3/domains?name=Default 0.027s
2025-04-10 19:54:34.021 69918 INFO tempest.lib.common.rest_client [req-bbc7d65e-d2bb-41e5-9a70-c4d9582bec39 req-bbc7d65e-d2bb-41e5-9a70-c4d9582bec39 ] Request (ServersTestFqdnHostnames:test_create_server_with_fqdn_name): 200 GET http://10.180.1.21/compute/v2.1/servers/6735746d-c4a1-4d85-8806-ed80577a68f4 0.324s
2025-04-10 19:54:34.022 69938 INFO tempest.lib.common.rest_client [req-52a62c6d-6666-4055-b8fa-4c8a7084ff3a req-52a62c6d-6666-4055-b8fa-4c8a7084ff3a ] Request (ServerActionsTestOtherA:setUpClass): 200 GET http://10.180.1.21/compute/v2.1/servers/bfdb04fc-7a85-4c98-9206-a4c44adeee9f 0.275s
2025-04-10 19:54:34.046 69904 INFO tempest.lib.common.rest_client [req-2287b60e-b65d-42de-bcd1-41c97de0135b req-2287b60e-b65d-42de-bcd1-41c97de0135b ] Request (ServersTestBootFromVolume:setUpClass): 201 POST http://10.180.1.21/identity/v3/projects 0.035s
2025-04-10 19:54:34.074 69924 INFO tempest.lib.common.rest_client [req-b1d5c60b-4133-4051-aa99-cfd0f018afac req-b1d5c60b-4133-4051-aa99-cfd0f018afac ] Request (DeleteServersAdminTestJSON:test_delete_server_while_in_error_state): 200 GET http://10.180.1.21/compute/v2.1/servers/faf5ccd5-5f25-4331-9229-2e245106999c 0.223s
2025-04-10 19:54:34.089 69912 INFO tempest.lib.common.rest_client [req-2ccd7eb0-bac8-47ed-b6ad-c2fa99b31fb5 req-2ccd7eb0-bac8-47ed-b6ad-c2fa99b31fb5 ] Request (TenantUsagesTestJSON:tearDownClass): 200 GET http://10.180.1.21/compute/v2.1/servers/f173734d-a046-4647-92c2-a9595f031a39 0.291s
2025-04-10 19:54:34.119 69904 INFO tempest.lib.common.rest_client [req-ad647861-55c2-43f2-8eb0-e1ddeedcc423 req-ad647861-55c2-43f2-8eb0-e1ddeedcc423 ] Request (ServersTestBootFromVolume:setUpClass): 201 POST http://10.180.1.21/identity/v3/users 0.072s
2025-04-10 19:54:34.126 69890 INFO tempest.lib.common.rest_client [req-64e9f70c-c513-4480-8412-bd0a98c0350d req-64e9f70c-c513-4480-8412-bd0a98c0350d ] Request (ServersAdminNegativeTestJSON:test_migrate_server_invalid_state): 200 GET http://10.180.1.21/compute/v2.1/servers/99ea4526-6480-43fc-82f5-1b37c6f3a680 0.218s
2025-04-10 19:54:34.134 69886 INFO tempest.lib.common.rest_client [req-6a736961-272c-407b-91f8-3ffe0f87ffdd req-6a736961-272c-407b-91f8-3ffe0f87ffdd ] Request (ServerGroupTestJSON:test_create_server_with_scheduler_hint_group): 200 GET http://10.180.1.21/compute/v2.1/servers/4a66e4ec-fecc-4c29-87bb-199a5ae89900 0.172s
2025-04-10 19:54:34.143 69904 INFO tempest.lib.common.rest_client [req-227351f3-f78c-44ef-93dd-ec520faacffa req-227351f3-f78c-44ef-93dd-ec520faacffa ] Request (ServersTestBootFromVolume:setUpClass): 200 GET http://10.180.1.21/identity/v3/roles 0.023s
2025-04-10 19:54:34.168 69904 INFO tempest.lib.common.rest_client [req-8cf2f1ab-8984-4618-8508-d9664bba92bf req-8cf2f1ab-8984-4618-8508-d9664bba92bf ] Request (ServersTestBootFromVolume:setUpClass): 204 PUT http://10.180.1.21/identity/v3/projects/06ba4e38dc3e4666a4bfad61c11c71cb/users/7f9254e66c1e4ce69501fa7f8b817863/roles/7765d623eb5c40c48ca456a932b0e25e 0.025s
2025-04-10 19:54:34.168 69904 INFO tempest.lib.common.dynamic_creds [-] Dynamic test user 7f9254e66c1e4ce69501fa7f8b817863 is created with scope project and roles: ['member']
2025-04-10 19:54:34.169 69904 INFO tempest.lib.common.dynamic_creds [-] Acquired dynamic creds: credentials: Credentials: {'domain_id': 'default', 'domain_name': 'Default', 'username': 'tempest-ServersTestBootFromVolume-895220158-project-member', 'project_domain_id': 'default', 'project_domain_name': 'Default', 'project_id': '06ba4e38dc3e4666a4bfad61c11c71cb', 'project_name': 'tempest-ServersTestBootFromVolume-895220158', 'tenant_id': '06ba4e38dc3e4666a4bfad61c11c71cb', 'tenant_name': 'tempest-ServersTestBootFromVolume-895220158', 'user_domain_id': 'default', 'user_domain_name': 'Default', 'user_id': '7f9254e66c1e4ce69501fa7f8b817863', 'system': None}, Network: None, Subnet: None, Router: None
2025-04-10 19:54:34.177 69926 INFO tempest.lib.common.rest_client [req-0638c55b-eba0-4da4-8557-22988e8368c4 req-0638c55b-eba0-4da4-8557-22988e8368c4 ] Request (VolumesAdminNegativeTest:test_update_attached_volume_with_nonexistent_volume_in_body): 200 GET http://10.180.1.21/compute/v2.1/servers/f3ae9fe7-a43a-4bfb-a564-7f198d114b60 0.188s
2025-04-10 19:54:34.229 69904 INFO tempest.lib.common.rest_client [req-3ac95caf-5890-4091-8610-ec08b83ae4c5 req-3ac95caf-5890-4091-8610-ec08b83ae4c5 ] Request (ServersTestBootFromVolume:setUpClass): 201 POST http://10.180.1.21/identity/v3/auth/tokens 0.060s
2025-04-10 19:54:34.235 69920 WARNING tempest.lib.common.ssh [-] Failed to establish authenticated ssh connection to cirros@10.180.180.149 ([Errno None] Unable to connect to port 22 on 10.180.180.149). Number attempts: 3. Retry after 4 seconds.: paramiko.ssh_exception.NoValidConnectionsError: [Errno None] Unable to connect to port 22 on 10.180.180.149
2025-04-10 19:54:34.269 69944 INFO tempest.lib.common.rest_client [req-f7f64ace-3312-4e87-bd3f-c32850103c06 req-f7f64ace-3312-4e87-bd3f-c32850103c06 ] Request (ServersAdminTestJSON:test_create_server_with_scheduling_hint): 200 GET http://10.180.1.21/compute/v2.1/servers/fa2582ca-eaa4-4886-9669-771b2f370122 0.278s
