2025-04-10 19:54:18.966 69934 INFO tempest.lib.common.rest_client [req-d6f22987-e889-4b74-89c5-cf9c55a8e617 req-d6f22987-e889-4b74-89c5-cf9c55a8e617 ] Request (ServerShowV257Test:test_rebuild_server): 200 GET http://10.180.1.21/compute/v2.1/servers/61f7c74f-3d86-49a5-a6f7-13c9b1ae51f5 0.318s
2025-04-10 19:54:19.018 69942 INFO tempest.lib.common.rest_client [req-cc271186-cc10-4ecc-bcab-6fc034579e64 req-cc271186-cc10-4ecc-bcab-6fc034579e64 ] Request (ServersListShow298Test:test_list_show_update_rebuild_server_298): 200 GET http://10.180.1.21/compute/v2.1/servers/3bc77691-4c4d-47e3-aebf-7088296f490c 0.353s
2025-04-10 19:54:19.030 69902 INFO tempest.lib.common.rest_client [req-55e715a3-8642-42c1-b47a-70e5d8524feb req-55e715a3-8642-42c1-b47a-70e5d8524feb ] Request (AttachInterfacesUnderV243Test:test_add_remove_fixed_ip): 200 GET http://10.180.1.21/compute/v2.1/servers/55949dd4-4830-4f07-a2f1-c38359c599be 0.333s
2025-04-10 19:54:19.081 69884 INFO tempest.lib.common.rest_client [req-cd133373-6b88-495b-b609-049907b05f30 req-cd133373-6b88-495b-b609-049907b05f30 ] Request (AttachInterfacesTestJSON:test_create_list_show_delete_interfaces_by_fixed_ip): 200 GET http://10.180.1.21/compute/v2.1/servers/dc2479b6-2c26-42f7-b4a1-603e38fd3c17 0.315s
2025-04-10 19:54:19.082 69894 INFO tempest.lib.common.rest_client [req-6024f167-949d-4fd4-b224-d8958a6e18ec req-6024f167-949d-4fd4-b224-d8958a6e18ec ] Request (ServerMetadataTestJSON:setUpClass): 200 GET http://10.180.1.21/compute/v2.1/servers/8cc280a2-364e-4974-8a97-dd97599e194c 0.365s
2025-04-10 19:54:19.191 69918 INFO tempest.lib.common.rest_client [req-cea19550-9602-4514-a055-114c301a1eeb req-cea19550-9602-4514-a055-114c301a1eeb ] Request (ServersTestFqdnHostnames:test_create_server_with_fqdn_name): 200 POST http://10.180.1.21/compute/v2.1/os-keypairs 0.357s
2025-04-10 19:54:19.200 69906 INFO tempest.lib.common.rest_client [req-db91dae5-553e-44a5-b591-6117a2dd68c6 req-db91dae5-553e-44a5-b591-6117a2dd68c6 ] Request (SecurityGroupsTestJSON:test_server_security_groups): 200 POST http://10.180.1.21/compute/v2.1/os-security-groups 0.381s
2025-04-10 19:54:19.256 69900 INFO tempest.lib.common.rest_client [req-04dbea2f-2eed-451a-a4fe-f7752470842e req-04dbea2f-2eed-451a-a4fe-f7752470842e ] Request (ServerActionsV293TestJSON:setUpClass): 200 GET http://10.180.1.21/compute/v2.1/servers/2ccfcbd4-d609-4269-95d6-31963fcb61e1 0.376s
2025-04-10 19:54:19.314 69944 INFO tempest.lib.common.rest_client [req-0edabbf9-43fa-475b-9220-5290a2339ef6 req-0edabbf9-43fa-475b-9220-5290a2339ef6 ] Request (ServersAdminTestJSON:test_create_server_with_scheduling_hint): 200 GET http://10.180.1.21/compute/v2.1/servers/fa2582ca-eaa4-4886-9669-771b2f370122 0.358s
2025-04-10 19:54:19.339 69912 INFO tempest.lib.common.rest_client [req-d4e997f1-19f5-4cf4-8292-5462eb4019e2 req-d4e997f1-19f5-4cf4-8292-5462eb4019e2 ] Request (TenantUsagesTestJSON:setUpClass): 200 GET http://10.180.1.21/compute/v2.1/servers/f173734d-a046-4647-92c2-a9595f031a39 0.427s
2025-04-10 19:54:19.348 69912 INFO tempest.common.waiters [-] State transition "BUILD/spawning" ==> "ACTIVE/None" after 48 second wait
2025-04-10 19:54:19.372 69888 INFO tempest.lib.common.rest_client [req-26829aac-7421-44ee-aa63-d35d08504acd req-26829aac-7421-44ee-aa63-d35d08504acd ] Request (DeleteServersTestJSON:test_delete_active_server): 200 GET http://10.180.1.21/compute/v2.1/servers/3bd97686-7586-4531-88da-cea7057302e8 0.396s
2025-04-10 19:54:19.429 69918 INFO tempest.lib.common.rest_client [req-231de38d-b2c4-4481-a618-9d06e92edec1 req-231de38d-b2c4-4481-a618-9d06e92edec1 ] Request (ServersTestFqdnHostnames:test_create_server_with_fqdn_name): 201 POST http://10.180.1.21:9696/networking/v2.0/security-groups 0.236s
2025-04-10 19:54:19.490 69917 INFO tempest.lib.common.rest_client [req-f67205e8-fc79-426f-be9d-98535cd1b321 req-f67205e8-fc79-426f-be9d-98535cd1b321 ] Request (MigrationsAdminTest:test_list_migrations_in_flavor_resize_situation): 200 GET http://10.180.1.21/compute/v2.1/servers/82dd63fc-dcc9-4411-91e7-45a7fa71ba74 0.346s
2025-04-10 19:54:19.573 69896 INFO tempest.lib.common.rest_client [req-da9c3ecc-ecc1-43d6-95ad-1b6349bd3013 req-da9c3ecc-ecc1-43d6-95ad-1b6349bd3013 ] Request (ServerRescueTestJSON:setUpClass): 200 GET http://10.180.1.21/compute/v2.1/servers/5a7759ca-a449-4619-96cb-71c78ac0e18f 0.354s
2025-04-10 19:54:19.613 69906 INFO tempest.lib.common.rest_client [req-e895c8a4-1bc1-4e3e-a742-c7410809f3f2 req-e895c8a4-1bc1-4e3e-a742-c7410809f3f2 ] Request (SecurityGroupsTestJSON:test_server_security_groups): 200 POST http://10.180.1.21/compute/v2.1/os-security-groups 0.411s
2025-04-10 19:54:19.628 69918 INFO tempest.lib.common.rest_client [req-f6641353-206d-4141-86f4-8768552fa036 req-f6641353-206d-4141-86f4-8768552fa036 ] Request (ServersTestFqdnHostnames:test_create_server_with_fqdn_name): 201 POST http://10.180.1.21:9696/networking/v2.0/security-group-rules 0.198s
2025-04-10 19:54:19.691 69924 INFO tempest.lib.common.rest_client [req-4001d86c-4ec0-4f1b-b653-a34b733ecfd3 req-4001d86c-4ec0-4f1b-b653-a34b733ecfd3 ] Request (DeleteServersAdminTestJSON:test_delete_server_while_in_error_state): 200 GET http://10.180.1.21/compute/v2.1/servers/faf5ccd5-5f25-4331-9229-2e245106999c 0.405s
2025-04-10 19:54:19.699 69906 INFO tempest.lib.common.rest_client [req-50050816-191a-4a9c-990f-b67b753e0fab req-50050816-191a-4a9c-990f-b67b753e0fab ] Request (SecurityGroupsTestJSON:test_server_security_groups): 201 POST http://10.180.1.21/identity/v3/auth/tokens 0.079s
2025-04-10 19:54:19.699 69906 INFO tempest.lib.common.fixed_network [-] (SecurityGroupsTestJSON:test_server_security_groups) Found network {'id': '9d10d8e0-dab9-4a71-9159-07e0137a408f', 'name': 'tempest-SecurityGroupsTestJSON-355581066-network', 'tenant_id': 'f3ac4375ced94528908995b2ee283e50', 'admin_state_up': True, 'mtu': 8950, 'status': 'ACTIVE', 'subnets': [], 'shared': False, 'project_id': 'f3ac4375ced94528908995b2ee283e50', 'port_security_enabled': True, 'router:external': False, 'provider:network_type': 'vlan', 'provider:physical_network': 'default', 'provider:segmentation_id': 547, 'availability_zone_hints': [], 'availability_zones': [], 'ipv4_address_scope': None, 'ipv6_address_scope': None, 'description': '', 'tags': [], 'created_at': '2025-04-10T19:53:14Z', 'updated_at': '2025-04-10T19:53:14Z', 'revision_number': 1} available for tenant
2025-04-10 19:54:19.701 69886 INFO tempest.lib.common.rest_client [req-d502d161-3292-4ebc-90f8-a6e92451374b req-d502d161-3292-4ebc-90f8-a6e92451374b ] Request (ServersAdmin275Test:tearDownClass): 200 GET http://10.180.1.21/compute/v2.1/servers/74e9b4aa-64ff-45e9-bded-ae50de06b086 0.423s
2025-04-10 19:54:19.770 69918 INFO tempest.lib.common.rest_client [req-e8a92b61-180c-4dc0-8c85-7f8cf8a0aec9 req-e8a92b61-180c-4dc0-8c85-7f8cf8a0aec9 ] Request (ServersTestFqdnHostnames:test_create_server_with_fqdn_name): 201 POST http://10.180.1.21:9696/networking/v2.0/security-group-rules 0.142s
2025-04-10 19:54:19.771 69890 INFO tempest.lib.common.rest_client [req-82291697-1331-4d16-b3c3-ae43274f3b8f req-82291697-1331-4d16-b3c3-ae43274f3b8f ] Request (ServersAdminNegativeTestJSON:test_migrate_server_invalid_state): 200 GET http://10.180.1.21/compute/v2.1/servers/99ea4526-6480-43fc-82f5-1b37c6f3a680 0.419s
2025-04-10 19:54:19.812 69912 INFO tempest.lib.common.rest_client [req-8b070ff0-0326-4006-976b-4c3d9f7afb23 req-8b070ff0-0326-4006-976b-4c3d9f7afb23 ] Request (TenantUsagesTestJSON:test_get_usage_tenant): 200 GET http://10.180.1.21/compute/v2.1/os-simple-tenant-usage/b4d9e58981f6472aa9125f9c8288da20?start=2025-04-09T19%3A54%3A19.349060&end=2025-04-11T19%3A54%3A19.349060 0.463s
2025-04-10 19:54:19.854 69940 INFO tempest.lib.common.rest_client [req-8e43fc1b-2b52-4324-8ce5-cf59c56ede73 req-8e43fc1b-2b52-4324-8ce5-cf59c56ede73 ] Request (ServersListShow296Test:tearDownClass): 200 GET http://10.180.1.21/compute/v2.1/servers/3a2c5c41-748f-4bbc-9507-d83c8f554b04 0.488s
2025-04-10 19:54:19.920 69938 INFO tempest.lib.common.rest_client [req-5fbd3925-53b6-4e3b-82a2-2596e7218eec req-5fbd3925-53b6-4e3b-82a2-2596e7218eec ] Request (ImagesNegativeTestJSON:tearDownClass): 200 PUT http://10.180.1.21:9696/networking/v2.0/routers/19efb573-75c3-4fe5-8963-b16501e32510/remove_router_interface 1.188s
2025-04-10 19:54:19.923 69904 INFO tempest.lib.common.rest_client [req-0321215d-dbcd-4080-9bd4-3612423ae4bc req-0321215d-dbcd-4080-9bd4-3612423ae4bc ] Request (ServerDiagnosticsNegativeTest:tearDownClass): 200 GET http://10.180.1.21/compute/v2.1/servers/47241097-ec03-4a00-87f3-453326a0a744 0.481s
2025-04-10 19:54:19.969 69892 INFO tempest.lib.common.rest_client [req-ccf708fb-f863-4cb2-afb5-babd07701a87 req-ccf708fb-f863-4cb2-afb5-babd07701a87 ] Request (ListImageFiltersTestJSON:setUpClass): 200 GET http://10.180.1.21/compute/v2.1/images/993f538a-80ec-4c7c-9c92-7b988770fd15 0.504s
2025-04-10 19:54:20.066 69914 INFO tempest.lib.common.rest_client [req-83d21502-f2a7-48bb-a1f2-5047bfbbda83 req-83d21502-f2a7-48bb-a1f2-5047bfbbda83 ] Request (ServerDiagnosticsTest:tearDownClass): 200 GET http://10.180.1.21/compute/v2.1/servers/5a0b7a89-2e90-4682-ab57-180fdb270469 0.491s
2025-04-10 19:54:20.091 69946 INFO tempest.lib.common.rest_client [req-91c2085c-cc03-436a-bbb7-11396753c9e4 req-91c2085c-cc03-436a-bbb7-11396753c9e4 ] Request (ServersTestMultiNic:test_verify_duplicate_network_nics): 200 GET http://10.180.1.21/compute/v2.1/servers/67c83959-a36f-4d69-97aa-0d5d871b514e 0.677s
2025-04-10 19:54:20.174 69936 INFO tempest.lib.common.rest_client [req-a31e75d0-fb76-4590-b1ce-3cc19580f97b req-a31e75d0-fb76-4590-b1ce-3cc19580f97b ] Request (InstanceActionsNegativeTestJSON:setUpClass): 200 GET http://10.180.1.21/compute/v2.1/servers/161cc33d-d443-4e5e-a2cf-14ff9a5d9011 0.598s
2025-04-10 19:54:20.189 69932 INFO tempest.lib.common.rest_client [req-b70724c6-9f80-4123-a5b6-052baad5b384 req-b70724c6-9f80-4123-a5b6-052baad5b384 ] Request (ImagesTestJSON:test_create_image_from_stopped_server): 200 GET http://10.180.1.21/compute/v2.1/servers/8b599915-8c5f-40af-af4c-6f6769258ec5 0.528s
2025-04-10 19:54:20.258 69926 INFO tempest.lib.common.rest_client [req-22751cbf-546d-4261-82fe-5a1a875335ec req-22751cbf-546d-4261-82fe-5a1a875335ec ] Request (VolumesAdminNegativeTest:setUpClass): 200 PUT http://10.180.1.21:9696/networking/v2.0/routers/0eec5a94-17a0-4b2d-b64f-98074c743fc6/add_router_interface 1.316s
2025-04-10 19:54:20.258 69926 INFO tempest.lib.common.dynamic_creds [-] Created isolated network resources for: credentials: Credentials: {'domain_id': 'default', 'domain_name': 'Default', 'username': 'tempest-VolumesAdminNegativeTest-1670491482-project-admin', 'project_domain_id': 'default', 'project_domain_name': 'Default', 'project_id': '8a12e60c4f84490b8f7a9a77ccb73884', 'project_name': 'tempest-VolumesAdminNegativeTest-1670491482', 'tenant_id': '8a12e60c4f84490b8f7a9a77ccb73884', 'tenant_name': 'tempest-VolumesAdminNegativeTest-1670491482', 'user_domain_id': 'default', 'user_domain_name': 'Default', 'user_id': '2fb76ffedf0b4c02bcdd64da8ecb948e', 'system': None}, Network: {'id': '2fb34d59-007c-476e-8afd-39ea7185554a', 'name': 'tempest-VolumesAdminNegativeTest-597025105-network', 'tenant_id': '8a12e60c4f84490b8f7a9a77ccb73884', 'admin_state_up': True, 'mtu': 8950, 'status': 'ACTIVE', 'subnets': [], 'shared': False, 'project_id': '8a12e60c4f84490b8f7a9a77ccb73884', 'port_security_enabled': True, 'router:external': False, 'provider:network_type': 'vlan', 'provider:physical_network': 'default', 'provider:segmentation_id': 736, 'availability_zone_hints': [], 'availability_zones': [], 'ipv4_address_scope': None, 'ipv6_address_scope': None, 'description': '', 'tags': [], 'created_at': '2025-04-10T19:54:17Z', 'updated_at': '2025-04-10T19:54:17Z', 'revision_number': 1}, Subnet: {'id': '45f3b51a-4a7d-44b8-80a4-099796837324', 'name': 'tempest-VolumesAdminNegativeTest-597025105-subnet', 'tenant_id': '8a12e60c4f84490b8f7a9a77ccb73884', 'network_id': '2fb34d59-007c-476e-8afd-39ea7185554a', 'ip_version': 4, 'subnetpool_id': None, 'enable_dhcp': True, 'ipv6_ra_mode': None, 'ipv6_address_mode': None, 'gateway_ip': '192.168.128.1', 'cidr': '192.168.128.0/28', 'allocation_pools': [{'start': '192.168.128.2', 'end': '192.168.128.14'}], 'host_routes': [], 'dns_nameservers': [], 'description': '', 'router:external': False, 'service_types': [], 'tags': [], 'created_at': '2025-04-10T19:54:17Z', 'updated_at': '2025-04-10T19:54:17Z', 'revision_number': 0, 'project_id': '8a12e60c4f84490b8f7a9a77ccb73884'}, Router: {'id': '0eec5a94-17a0-4b2d-b64f-98074c743fc6', 'name': 'tempest-VolumesAdminNegativeTest-597025105-router', 'tenant_id': '8a12e60c4f84490b8f7a9a77ccb73884', 'admin_state_up': True, 'status': 'ACTIVE', 'external_gateway_info': {'network_id': '9a37436f-a553-454f-b128-5f0751b9e4e9', 'external_fixed_ips': [{'subnet_id': '69c86c7e-fc0e-46e0-899a-a2ac90f807ef', 'ip_address': '10.180.180.236'}], 'enable_snat': True}, 'description': '', 'availability_zones': [], 'distributed': False, 'ha': False, 'availability_zone_hints': [], 'routes': [], 'flavor_id': None, 'tags': [], 'created_at': '2025-04-10T19:54:17Z', 'updated_at': '2025-04-10T19:54:18Z', 'revision_number': 2, 'project_id': '8a12e60c4f84490b8f7a9a77ccb73884'}
2025-04-10 19:54:20.268 69908 INFO tempest.lib.common.rest_client [req-0b02ca23-90f2-4174-a6a1-a1d746eddb80 req-0b02ca23-90f2-4174-a6a1-a1d746eddb80 ] Request (ServerShowV247Test:test_update_rebuild_list_server): 200 GET http://10.180.1.21/compute/v2.1/servers/36d35b67-42c7-4fa2-843f-d49f6193ea39 0.606s
2025-04-10 19:54:20.349 69926 INFO tempest.lib.common.rest_client [req-15ea70a3-fef3-450e-b06e-0de3250f053e req-15ea70a3-fef3-450e-b06e-0de3250f053e ] Request (VolumesAdminNegativeTest:setUpClass): 201 POST http://10.180.1.21/identity/v3/auth/tokens 0.088s
2025-04-10 19:54:20.349 69931 INFO tempest.lib.common.rest_client [req-31a13990-8b38-4f18-a75e-b84769b48ea2 req-31a13990-8b38-4f18-a75e-b84769b48ea2 ] Request (FloatingIPsAssociationTestJSON:test_associate_already_associated_floating_ip): 200 GET http://10.180.1.21/compute/v2.1/servers/68f0dac2-cc55-4110-87c3-dcf1d9d05650 0.627s
2025-04-10 19:54:20.381 69912 INFO tempest.lib.common.rest_client [req-076d7f0c-cb74-4962-9750-064fbc827751 req-076d7f0c-cb74-4962-9750-064fbc827751 ] Request (TenantUsagesTestJSON:test_get_usage_tenant_with_non_admin_user): 200 GET http://10.180.1.21/compute/v2.1/os-simple-tenant-usage/b4d9e58981f6472aa9125f9c8288da20?start=2025-04-09T19%3A54%3A19.349060&end=2025-04-11T19%3A54%3A19.349060 0.562s
2025-04-10 19:54:20.425 69910 WARNING tempest.lib.common.ssh [-] Failed to establish authenticated ssh connection to cirros@10.180.180.136 ([Errno None] Unable to connect to port 22 on 10.180.180.136). Number attempts: 5. Retry after 6 seconds.: paramiko.ssh_exception.NoValidConnectionsError: [Errno None] Unable to connect to port 22 on 10.180.180.136
2025-04-10 19:54:20.620 69920 INFO tempest.lib.common.rest_client [req-6546522e-e591-4720-b40e-64c6f5728b3e req-6546522e-e591-4720-b40e-64c6f5728b3e ] Request (ServersWithSpecificFlavorTestJSON:test_verify_created_server_ephemeral_disk): 200 GET http://10.180.1.21/compute/v2.1/servers/c52ec0d9-ee7c-4d1a-b5a8-83b0b4a012a6 0.745s
2025-04-10 19:54:20.629 69920 INFO tempest.common.waiters [-] State transition "BUILD/spawning" ==> "ACTIVE/None" after 45 second wait
2025-04-10 19:54:20.713 69923 INFO tempest.lib.common.rest_client [req-430938fd-cc14-46bc-836d-0df2327ac920 req-430938fd-cc14-46bc-836d-0df2327ac920 ] Request (ServersTestJSON:setUpClass): 200 GET http://10.180.1.21/compute/v2.1/servers/48b7a09a-4147-42b3-b7e4-858fb5310bb8 0.809s
2025-04-10 19:54:20.812 69898 INFO tempest.lib.common.rest_client [req-1e7f9fec-1164-4151-a957-424cc649b111 req-1e7f9fec-1164-4151-a957-424cc649b111 ] Request (ServerAddressesTestJSON:setUpClass): 200 GET http://10.180.1.21/compute/v2.1/servers/3643a195-bc27-4ebd-b9cb-eead55f5cab0 0.858s
2025-04-10 19:54:21.035 69938 INFO tempest.lib.common.rest_client [req-c047ed30-377a-4f8b-aa8b-a30aaeb039d0 req-c047ed30-377a-4f8b-aa8b-a30aaeb039d0 ] Request (ImagesNegativeTestJSON:tearDownClass): 204 DELETE http://10.180.1.21:9696/networking/v2.0/routers/19efb573-75c3-4fe5-8963-b16501e32510 1.114s
2025-04-10 19:54:21.061 69918 INFO tempest.lib.common.rest_client [req-4e36817d-a244-4348-9bfc-49e3292e7d21 req-4e36817d-a244-4348-9bfc-49e3292e7d21 ] Request (ServersTestFqdnHostnames:test_create_server_with_fqdn_name): 201 POST http://10.180.1.21:9696/networking/v2.0/floatingips 1.290s
2025-04-10 19:54:21.080 69934 INFO tempest.lib.common.rest_client [req-4f4b06a1-bfaa-4b45-ba59-b20909b739cd req-4f4b06a1-bfaa-4b45-ba59-b20909b739cd ] Request (ServerShowV257Test:test_rebuild_server): 200 GET http://10.180.1.21/compute/v2.1/servers/61f7c74f-3d86-49a5-a6f7-13c9b1ae51f5 1.099s
2025-04-10 19:54:21.104 69918 INFO tempest.lib.common.rest_client [req-ceecd1e0-7426-4898-aa0f-b31b498eb68a req-ceecd1e0-7426-4898-aa0f-b31b498eb68a ] Request (ServersTestFqdnHostnames:test_create_server_with_fqdn_name): 201 POST http://10.180.1.21/identity/v3/auth/tokens 0.039s
2025-04-10 19:54:21.105 69918 INFO tempest.lib.common.fixed_network [-] (ServersTestFqdnHostnames:test_create_server_with_fqdn_name) Found network {'id': '8fc86a80-454d-43ce-b467-c6295f69a939', 'name': 'tempest-ServersTestFqdnHostnames-1319148812-network', 'tenant_id': 'c948c8f642604ba6b64ef61e3fdc75f5', 'admin_state_up': True, 'mtu': 8950, 'status': 'ACTIVE', 'subnets': [], 'shared': False, 'project_id': 'c948c8f642604ba6b64ef61e3fdc75f5', 'port_security_enabled': True, 'router:external': False, 'provider:network_type': 'vlan', 'provider:physical_network': 'default', 'provider:segmentation_id': 930, 'availability_zone_hints': [], 'availability_zones': [], 'ipv4_address_scope': None, 'ipv6_address_scope': None, 'description': '', 'tags': [], 'created_at': '2025-04-10T19:54:16Z', 'updated_at': '2025-04-10T19:54:16Z', 'revision_number': 1} available for tenant
2025-04-10 19:54:21.173 69942 INFO tempest.lib.common.rest_client [req-f36d45ab-77ee-4d8a-9932-9643391490fe req-f36d45ab-77ee-4d8a-9932-9643391490fe ] Request (ServersListShow298Test:test_list_show_update_rebuild_server_298): 200 GET http://10.180.1.21/compute/v2.1/servers/3bc77691-4c4d-47e3-aebf-7088296f490c 1.140s
2025-04-10 19:54:21.193 69906 INFO tempest.lib.common.rest_client [req-52456d2c-e7a3-4c8b-92f4-5ffd298a9d47 req-52456d2c-e7a3-4c8b-92f4-5ffd298a9d47 ] Request (SecurityGroupsTestJSON:test_server_security_groups): 202 POST http://10.180.1.21/compute/v2.1/servers 1.493s
2025-04-10 19:54:21.199 69938 INFO tempest.lib.common.rest_client [req-2afa25a7-0267-4e91-8e5b-1078ab78cda2 req-2afa25a7-0267-4e91-8e5b-1078ab78cda2 ] Request (ImagesNegativeTestJSON:tearDownClass): 204 DELETE http://10.180.1.21:9696/networking/v2.0/subnets/93462b72-bc59-45ce-92e5-6aec285e49eb 0.164s
2025-04-10 19:54:21.239 69902 INFO tempest.lib.common.rest_client [req-c964409d-3376-40a5-b22f-2f90b94a156b req-c964409d-3376-40a5-b22f-2f90b94a156b ] Request (AttachInterfacesUnderV243Test:test_add_remove_fixed_ip): 200 GET http://10.180.1.21/compute/v2.1/servers/55949dd4-4830-4f07-a2f1-c38359c599be 1.197s
2025-04-10 19:54:21.267 69884 INFO tempest.lib.common.rest_client [req-cb8b6fc6-b8c7-48a0-9742-b7a4178e8f88 req-cb8b6fc6-b8c7-48a0-9742-b7a4178e8f88 ] Request (AttachInterfacesTestJSON:test_create_list_show_delete_interfaces_by_fixed_ip): 200 GET http://10.180.1.21/compute/v2.1/servers/dc2479b6-2c26-42f7-b4a1-603e38fd3c17 1.174s
2025-04-10 19:54:21.304 69894 INFO tempest.lib.common.rest_client [req-44a504e7-54a6-4a63-8c4e-99de1852fdbb req-44a504e7-54a6-4a63-8c4e-99de1852fdbb ] Request (ServerMetadataTestJSON:setUpClass): 200 GET http://10.180.1.21/compute/v2.1/servers/8cc280a2-364e-4974-8a97-dd97599e194c 1.212s
2025-04-10 19:54:21.341 69900 INFO tempest.lib.common.rest_client [req-f1fbd8a5-e4d3-4b2d-a0bb-d8cd7e9b9cda req-f1fbd8a5-e4d3-4b2d-a0bb-d8cd7e9b9cda ] Request (ServerActionsV293TestJSON:setUpClass): 200 GET http://10.180.1.21/compute/v2.1/servers/2ccfcbd4-d609-4269-95d6-31963fcb61e1 1.067s
2025-04-10 19:54:21.367 69944 INFO tempest.lib.common.rest_client [req-aa149ad4-7121-4b5a-a5e8-d12f5aa5ad9c req-aa149ad4-7121-4b5a-a5e8-d12f5aa5ad9c ] Request (ServersAdminTestJSON:test_create_server_with_scheduling_hint): 200 GET http://10.180.1.21/compute/v2.1/servers/fa2582ca-eaa4-4886-9669-771b2f370122 1.042s
2025-04-10 19:54:21.431 69912 INFO tempest.lib.common.rest_client [req-1f233f8f-0c53-4e90-8744-08be21215348 req-1f233f8f-0c53-4e90-8744-08be21215348 ] Request (TenantUsagesTestJSON:test_list_usage_all_tenants): 200 GET http://10.180.1.21/compute/v2.1/os-simple-tenant-usage?start=2025-04-09T19%3A54%3A19.349060&end=2025-04-11T19%3A54%3A19.349060&detailed=1 1.044s
2025-04-10 19:54:21.452 69926 INFO tempest.lib.common.rest_client [req-92a54089-60ca-445b-86da-b8fb4cd9d301 req-92a54089-60ca-445b-86da-b8fb4cd9d301 ] Request (VolumesAdminNegativeTest:test_update_attached_volume_with_nonexistent_volume_in_body): 200 POST http://10.180.1.21/compute/v2.1/os-keypairs 1.100s
2025-04-10 19:54:21.503 69888 INFO tempest.lib.common.rest_client [req-6b3f8aae-acbc-491c-a003-ffcb7d232bd3 req-6b3f8aae-acbc-491c-a003-ffcb7d232bd3 ] Request (DeleteServersTestJSON:test_delete_active_server): 200 GET http://10.180.1.21/compute/v2.1/servers/3bd97686-7586-4531-88da-cea7057302e8 1.115s
2025-04-10 19:54:21.582 69896 INFO tempest.lib.common.rest_client [req-e1db5f8e-7bc9-4ac5-be0e-19fc4262301f req-e1db5f8e-7bc9-4ac5-be0e-19fc4262301f ] Request (ServerRescueTestJSON:setUpClass): 200 GET http://10.180.1.21/compute/v2.1/servers/5a7759ca-a449-4619-96cb-71c78ac0e18f 0.997s
2025-04-10 19:54:21.752 69938 INFO tempest.lib.common.rest_client [req-5a02a043-05ba-421c-98c0-16c4033cb812 req-5a02a043-05ba-421c-98c0-16c4033cb812 ] Request (ImagesNegativeTestJSON:tearDownClass): 204 DELETE http://10.180.1.21:9696/networking/v2.0/networks/ec7bcedc-a6e4-466a-aa7d-259f446bbe61 0.553s
2025-04-10 19:54:21.761 69917 INFO tempest.lib.common.rest_client [req-2a547878-a668-4e5f-80c8-b71e2dff6d08 req-2a547878-a668-4e5f-80c8-b71e2dff6d08 ] Request (MigrationsAdminTest:test_list_migrations_in_flavor_resize_situation): 200 GET http://10.180.1.21/compute/v2.1/servers/82dd63fc-dcc9-4411-91e7-45a7fa71ba74 1.255s
2025-04-10 19:54:21.769 69926 INFO tempest.lib.common.rest_client [req-3d4b8066-caf8-4e37-a5c2-01b8f6a06bc2 req-3d4b8066-caf8-4e37-a5c2-01b8f6a06bc2 ] Request (VolumesAdminNegativeTest:test_update_attached_volume_with_nonexistent_volume_in_body): 201 POST http://10.180.1.21:9696/networking/v2.0/security-groups 0.316s
2025-04-10 19:54:21.786 69920 INFO tempest.lib.common.rest_client [req-58f462dc-4d30-49fb-9166-478f03a1112f req-58f462dc-4d30-49fb-9166-478f03a1112f ] Request (ServersWithSpecificFlavorTestJSON:test_verify_created_server_ephemeral_disk): 200 GET http://10.180.1.21/compute/v2.1/servers/c52ec0d9-ee7c-4d1a-b5a8-83b0b4a012a6/os-interface 1.157s
2025-04-10 19:54:21.827 69924 INFO tempest.lib.common.rest_client [req-5637dbe2-239e-4678-b132-82132d18348e req-5637dbe2-239e-4678-b132-82132d18348e ] Request (DeleteServersAdminTestJSON:test_delete_server_while_in_error_state): 200 GET http://10.180.1.21/compute/v2.1/servers/faf5ccd5-5f25-4331-9229-2e245106999c 1.124s
2025-04-10 19:54:21.836 69924 INFO tempest.common.waiters [-] State transition "BUILD/scheduling" ==> "BUILD/None" after 27 second wait
2025-04-10 19:54:21.899 69886 INFO tempest.lib.common.rest_client [req-929b0ce8-ddda-4edb-85ce-f65e18fbfe48 req-929b0ce8-ddda-4edb-85ce-f65e18fbfe48 ] Request (ServersAdmin275Test:tearDownClass): 200 GET http://10.180.1.21/compute/v2.1/servers/74e9b4aa-64ff-45e9-bded-ae50de06b086 1.188s
2025-04-10 19:54:21.901 69938 INFO tempest.lib.common.rest_client [req-97980541-de41-4846-a877-85c53e253afb req-97980541-de41-4846-a877-85c53e253afb ] Request (ImagesNegativeTestJSON:tearDownClass): 204 DELETE http://10.180.1.21/identity/v3/users/1e72345d826d46048fb1ad17647aa38a 0.148s
2025-04-10 19:54:21.901 69938 INFO tempest.lib.common.dynamic_creds [-] Deleting project and security group for project: 3a2ddb99470f4e538ded3cfd03713631
2025-04-10 19:54:21.903 69890 INFO tempest.lib.common.rest_client [req-3488f6cc-fab3-4311-8150-5006be19455d req-3488f6cc-fab3-4311-8150-5006be19455d ] Request (ServersAdminNegativeTestJSON:test_migrate_server_invalid_state): 200 GET http://10.180.1.21/compute/v2.1/servers/99ea4526-6480-43fc-82f5-1b37c6f3a680 1.119s
2025-04-10 19:54:21.939 69938 INFO tempest.lib.common.rest_client [req-d732e590-7452-4daa-8216-63c8e08d3f43 req-d732e590-7452-4daa-8216-63c8e08d3f43 ] Request (ImagesNegativeTestJSON:tearDownClass): 200 GET http://10.180.1.21:9696/networking/v2.0/security-groups?tenant_id=3a2ddb99470f4e538ded3cfd03713631&name=default 0.036s
2025-04-10 19:54:22.004 69904 INFO tempest.lib.common.rest_client [req-c078c374-c664-4a34-8829-6b9b85c7a0f9 req-c078c374-c664-4a34-8829-6b9b85c7a0f9 ] Request (ServerDiagnosticsNegativeTest:tearDownClass): 200 GET http://10.180.1.21/compute/v2.1/servers/47241097-ec03-4a00-87f3-453326a0a744 1.072s
2025-04-10 19:54:22.017 69926 INFO tempest.lib.common.rest_client [req-1fa8ea90-9cf8-4e62-b43d-d13ebf53b3a3 req-1fa8ea90-9cf8-4e62-b43d-d13ebf53b3a3 ] Request (VolumesAdminNegativeTest:test_update_attached_volume_with_nonexistent_volume_in_body): 201 POST http://10.180.1.21:9696/networking/v2.0/security-group-rules 0.248s
2025-04-10 19:54:22.028 69940 INFO tempest.lib.common.rest_client [req-54f3283a-f9bc-438f-b7f3-8c87204e6a57 req-54f3283a-f9bc-438f-b7f3-8c87204e6a57 ] Request (ServersListShow296Test:tearDownClass): 200 GET http://10.180.1.21/compute/v2.1/servers/3a2c5c41-748f-4bbc-9507-d83c8f554b04 1.161s
2025-04-10 19:54:22.058 69892 INFO tempest.lib.common.rest_client [req-078190ec-6788-42fb-b214-bbf93a15c58e req-078190ec-6788-42fb-b214-bbf93a15c58e ] Request (ListImageFiltersTestJSON:setUpClass): 200 GET http://10.180.1.21/compute/v2.1/images/993f538a-80ec-4c7c-9c92-7b988770fd15 1.082s
2025-04-10 19:54:22.103 69938 INFO tempest.lib.common.rest_client [req-02962c60-1349-40a4-91ef-fa9335301d99 req-02962c60-1349-40a4-91ef-fa9335301d99 ] Request (ImagesNegativeTestJSON:tearDownClass): 204 DELETE http://10.180.1.21:9696/networking/v2.0/security-groups/cb33e2a4-7dc0-4a91-b8b7-801e5164ecd6 0.163s
2025-04-10 19:54:22.107 69914 INFO tempest.lib.common.rest_client [req-9412840d-e87a-4200-a0ee-a74b1411e4ae req-9412840d-e87a-4200-a0ee-a74b1411e4ae ] Request (ServerDiagnosticsTest:tearDownClass): 200 GET http://10.180.1.21/compute/v2.1/servers/5a0b7a89-2e90-4682-ab57-180fdb270469 1.028s
2025-04-10 19:54:22.127 69946 INFO tempest.lib.common.rest_client [req-9baf185f-8861-4e97-b9ef-fd412e8a3ba8 req-9baf185f-8861-4e97-b9ef-fd412e8a3ba8 ] Request (ServersTestMultiNic:test_verify_duplicate_network_nics): 200 GET http://10.180.1.21/compute/v2.1/servers/67c83959-a36f-4d69-97aa-0d5d871b514e 1.025s
2025-04-10 19:54:22.192 69936 INFO tempest.lib.common.rest_client [req-d3b5e636-fa4f-4061-b1a7-f6b6bb7b2603 req-d3b5e636-fa4f-4061-b1a7-f6b6bb7b2603 ] Request (InstanceActionsNegativeTestJSON:setUpClass): 200 GET http://10.180.1.21/compute/v2.1/servers/161cc33d-d443-4e5e-a2cf-14ff9a5d9011 1.007s
2025-04-10 19:54:22.238 69938 INFO tempest.lib.common.rest_client [req-9ba97479-7d0b-4bcb-abff-60580cb0d8ce req-9ba97479-7d0b-4bcb-abff-60580cb0d8ce ] Request (ImagesNegativeTestJSON:tearDownClass): 204 DELETE http://10.180.1.21/identity/v3/projects/3a2ddb99470f4e538ded3cfd03713631 0.135s
2025-04-10 19:54:22.290 69906 INFO tempest.lib.common.rest_client [req-6b23769e-9ad4-4a10-a7e8-a13e7d95e4e1 req-6b23769e-9ad4-4a10-a7e8-a13e7d95e4e1 ] Request (SecurityGroupsTestJSON:test_server_security_groups): 200 GET http://10.180.1.21/compute/v2.1/servers/536f8e5b-f15c-41c9-b3d2-e7d8c4f945c7 1.095s
2025-04-10 19:54:22.324 69938 INFO tempest.lib.common.rest_client [req-4263d249-ef77-4f14-be34-29c2bc6222ed req-4263d249-ef77-4f14-be34-29c2bc6222ed ] Request (ServerActionsTestOtherA:setUpClass): 201 POST http://10.180.1.21/identity/v3/auth/tokens 0.083s
2025-04-10 19:54:22.356 69938 INFO tempest.lib.common.rest_client [req-da3323e7-d088-4193-b670-76489e029a22 req-da3323e7-d088-4193-b670-76489e029a22 ] Request (ServerActionsTestOtherA:setUpClass): 201 POST http://10.180.1.21/identity/v3/auth/tokens 0.029s
2025-04-10 19:54:22.368 69932 INFO tempest.lib.common.rest_client [req-8f87eb4a-14c4-411b-93ba-f2e5d9f25e00 req-8f87eb4a-14c4-411b-93ba-f2e5d9f25e00 ] Request (ImagesTestJSON:test_create_image_from_stopped_server): 200 GET http://10.180.1.21/compute/v2.1/servers/8b599915-8c5f-40af-af4c-6f6769258ec5 1.167s
2025-04-10 19:54:22.390 69938 INFO tempest.lib.common.rest_client [req-072f2519-08a7-4bcc-9293-1eeb04e8f759 req-072f2519-08a7-4bcc-9293-1eeb04e8f759 ] Request (ServerActionsTestOtherA:setUpClass): 200 GET http://10.180.1.21/identity/v3/domains?name=Default 0.033s
2025-04-10 19:54:22.439 69938 INFO tempest.lib.common.rest_client [req-52933a57-0976-49fb-8875-39e6ba8224d7 req-52933a57-0976-49fb-8875-39e6ba8224d7 ] Request (ServerActionsTestOtherA:setUpClass): 201 POST http://10.180.1.21/identity/v3/projects 0.048s
2025-04-10 19:54:22.456 69908 INFO tempest.lib.common.rest_client [req-4cc58ff0-a4ac-417b-a41d-3e204b5f0a69 req-4cc58ff0-a4ac-417b-a41d-3e204b5f0a69 ] Request (ServerShowV247Test:test_update_rebuild_list_server): 200 GET http://10.180.1.21/compute/v2.1/servers/36d35b67-42c7-4fa2-843f-d49f6193ea39 1.173s
2025-04-10 19:54:22.499 69926 INFO tempest.lib.common.rest_client [req-8f9df9df-a6d2-47b2-a9d6-9ade0ce62c1f req-8f9df9df-a6d2-47b2-a9d6-9ade0ce62c1f ] Request (VolumesAdminNegativeTest:test_update_attached_volume_with_nonexistent_volume_in_body): 201 POST http://10.180.1.21:9696/networking/v2.0/security-group-rules 0.481s
2025-04-10 19:54:22.528 69938 INFO tempest.lib.common.rest_client [req-1d12d1cc-46c3-4bbf-a89e-e40e08dd354d req-1d12d1cc-46c3-4bbf-a89e-e40e08dd354d ] Request (ServerActionsTestOtherA:setUpClass): 201 POST http://10.180.1.21/identity/v3/users 0.089s
2025-04-10 19:54:22.543 69931 INFO tempest.lib.common.rest_client [req-d07e4c66-1e4f-402a-a294-485184602510 req-d07e4c66-1e4f-402a-a294-485184602510 ] Request (FloatingIPsAssociationTestJSON:test_associate_already_associated_floating_ip): 200 GET http://10.180.1.21/compute/v2.1/servers/68f0dac2-cc55-4110-87c3-dcf1d9d05650 1.185s
2025-04-10 19:54:22.558 69938 INFO tempest.lib.common.rest_client [req-00b21f5c-5fb2-452a-aca2-13e2432e57c2 req-00b21f5c-5fb2-452a-aca2-13e2432e57c2 ] Request (ServerActionsTestOtherA:setUpClass): 200 GET http://10.180.1.21/identity/v3/roles 0.029s
2025-04-10 19:54:22.598 69938 INFO tempest.lib.common.rest_client [req-b3189819-5444-4ac5-8ae1-39b8c010f6cd req-b3189819-5444-4ac5-8ae1-39b8c010f6cd ] Request (ServerActionsTestOtherA:setUpClass): 204 PUT http://10.180.1.21/identity/v3/projects/9e1060aded8e47b0ad946096b5159a10/users/152ad97702e84d11aded0314eb5d03e4/roles/7765d623eb5c40c48ca456a932b0e25e 0.040s
2025-04-10 19:54:22.598 69938 INFO tempest.lib.common.dynamic_creds [-] Dynamic test user 152ad97702e84d11aded0314eb5d03e4 is created with scope project and roles: ['member']
2025-04-10 19:54:22.599 69938 INFO tempest.lib.common.dynamic_creds [-] Acquired dynamic creds: credentials: Credentials: {'domain_id': 'default', 'domain_name': 'Default', 'username': 'tempest-ServerActionsTestOtherA-1414477814-project-member', 'project_domain_id': 'default', 'project_domain_name': 'Default', 'project_id': '9e1060aded8e47b0ad946096b5159a10', 'project_name': 'tempest-ServerActionsTestOtherA-1414477814', 'tenant_id': '9e1060aded8e47b0ad946096b5159a10', 'tenant_name': 'tempest-ServerActionsTestOtherA-1414477814', 'user_domain_id': 'default', 'user_domain_name': 'Default', 'user_id': '152ad97702e84d11aded0314eb5d03e4', 'system': None}, Network: None, Subnet: None, Router: None
2025-04-10 19:54:22.656 69912 INFO tempest.lib.common.rest_client [req-c3fa814c-06bb-4f5e-9b6a-8f8f039af579 req-c3fa814c-06bb-4f5e-9b6a-8f8f039af579 ] Request (TenantUsagesTestJSON:tearDownClass): 204 DELETE http://10.180.1.21/compute/v2.1/servers/f173734d-a046-4647-92c2-a9595f031a39 1.215s
2025-04-10 19:54:22.680 69938 INFO tempest.lib.common.rest_client [req-812038f3-9019-4928-99fd-a04dbe153044 req-812038f3-9019-4928-99fd-a04dbe153044 ] Request (ServerActionsTestOtherA:setUpClass): 201 POST http://10.180.1.21/identity/v3/auth/tokens 0.081s
2025-04-10 19:54:22.725 69923 INFO tempest.lib.common.rest_client [req-e3d00181-28d0-41a1-9c39-b6cc63dacf74 req-e3d00181-28d0-41a1-9c39-b6cc63dacf74 ] Request (ServersTestJSON:setUpClass): 200 GET http://10.180.1.21/compute/v2.1/servers/48b7a09a-4147-42b3-b7e4-858fb5310bb8 1.003s
2025-04-10 19:54:22.734 69923 INFO tempest.common.waiters [-] State transition "BUILD/scheduling" ==> "BUILD/None" after 28 second wait
2025-04-10 19:54:22.740 69918 INFO tempest.lib.common.rest_client [req-43ec922a-1549-473f-b61e-637c893ec4e4 req-43ec922a-1549-473f-b61e-637c893ec4e4 ] Request (ServersTestFqdnHostnames:test_create_server_with_fqdn_name): 202 POST http://10.180.1.21/compute/v2.1/servers 1.635s
2025-04-10 19:54:22.779 69898 INFO tempest.lib.common.rest_client [req-e6164206-3161-4a20-b1db-9367fe25eb6c req-e6164206-3161-4a20-b1db-9367fe25eb6c ] Request (ServerAddressesTestJSON:setUpClass): 200 GET http://10.180.1.21/compute/v2.1/servers/3643a195-bc27-4ebd-b9cb-eead55f5cab0 0.956s
2025-04-10 19:54:22.805 69934 INFO tempest.lib.common.rest_client [req-997c78f0-7ebc-4564-ad3c-7901eda73551 req-997c78f0-7ebc-4564-ad3c-7901eda73551 ] Request (ServerShowV257Test:test_rebuild_server): 200 GET http://10.180.1.21/compute/v2.1/servers/61f7c74f-3d86-49a5-a6f7-13c9b1ae51f5 0.711s
2025-04-10 19:54:22.846 69942 INFO tempest.lib.common.rest_client [req-87a2f494-9a0e-4a20-9fc6-5bce334dc8f3 req-87a2f494-9a0e-4a20-9fc6-5bce334dc8f3 ] Request (ServersListShow298Test:test_list_show_update_rebuild_server_298): 200 GET http://10.180.1.21/compute/v2.1/servers/3bc77691-4c4d-47e3-aebf-7088296f490c 0.657s
2025-04-10 19:54:22.873 69902 INFO tempest.lib.common.rest_client [req-a5816e8c-bcc9-4a8f-afd6-7b8ae3a4ffb0 req-a5816e8c-bcc9-4a8f-afd6-7b8ae3a4ffb0 ] Request (AttachInterfacesUnderV243Test:test_add_remove_fixed_ip): 200 GET http://10.180.1.21/compute/v2.1/servers/55949dd4-4830-4f07-a2f1-c38359c599be 0.624s
2025-04-10 19:54:22.911 69884 INFO tempest.lib.common.rest_client [req-8af56768-3be2-471e-ab3c-142c5fed54a0 req-8af56768-3be2-471e-ab3c-142c5fed54a0 ] Request (AttachInterfacesTestJSON:test_create_list_show_delete_interfaces_by_fixed_ip): 200 GET http://10.180.1.21/compute/v2.1/servers/dc2479b6-2c26-42f7-b4a1-603e38fd3c17 0.635s
2025-04-10 19:54:22.944 69894 INFO tempest.lib.common.rest_client [req-c06fc826-9deb-44d7-91b5-ebff70d73d48 req-c06fc826-9deb-44d7-91b5-ebff70d73d48 ] Request (ServerMetadataTestJSON:setUpClass): 200 GET http://10.180.1.21/compute/v2.1/servers/8cc280a2-364e-4974-8a97-dd97599e194c 0.633s
2025-04-10 19:54:22.950 69920 INFO tempest.lib.common.rest_client [req-d0a9d3db-d0cf-4b2e-ad5b-b76580980c8e req-d0a9d3db-d0cf-4b2e-ad5b-b76580980c8e ] Request (ServersWithSpecificFlavorTestJSON:test_verify_created_server_ephemeral_disk): 200 PUT http://10.180.1.21:9696/networking/v2.0/floatingips/562b1325-29d8-47f7-a64b-b49271794fe0 1.161s
2025-04-10 19:54:22.980 69900 INFO tempest.lib.common.rest_client [req-2c3e5618-a251-40f2-9b5b-21a8858a2fac req-2c3e5618-a251-40f2-9b5b-21a8858a2fac ] Request (ServerActionsV293TestJSON:setUpClass): 200 GET http://10.180.1.21/compute/v2.1/servers/2ccfcbd4-d609-4269-95d6-31963fcb61e1 0.627s
2025-04-10 19:54:23.000 69944 INFO tempest.lib.common.rest_client [req-6b859192-4071-45ff-a4d8-79affb867117 req-6b859192-4071-45ff-a4d8-79affb867117 ] Request (ServersAdminTestJSON:test_create_server_with_scheduling_hint): 200 GET http://10.180.1.21/compute/v2.1/servers/fa2582ca-eaa4-4886-9669-771b2f370122 0.624s
2025-04-10 19:54:23.067 69888 INFO tempest.lib.common.rest_client [req-11e04799-e54b-492c-b123-4b8e2fe15f57 req-11e04799-e54b-492c-b123-4b8e2fe15f57 ] Request (DeleteServersTestJSON:test_delete_active_server): 200 GET http://10.180.1.21/compute/v2.1/servers/3bd97686-7586-4531-88da-cea7057302e8 0.550s
2025-04-10 19:54:23.071 69896 INFO tempest.lib.common.rest_client [req-515cca0c-d5b1-4b72-b840-d92c6279de35 req-515cca0c-d5b1-4b72-b840-d92c6279de35 ] Request (ServerRescueTestJSON:setUpClass): 200 GET http://10.180.1.21/compute/v2.1/servers/5a7759ca-a449-4619-96cb-71c78ac0e18f 0.478s
2025-04-10 19:54:23.118 69918 INFO tempest.lib.common.rest_client [req-3d3daaa5-34aa-4d01-ab7c-5e5a7ef44c9d req-3d3daaa5-34aa-4d01-ab7c-5e5a7ef44c9d ] Request (ServersTestFqdnHostnames:test_create_server_with_fqdn_name): 200 GET http://10.180.1.21/compute/v2.1/servers/6735746d-c4a1-4d85-8806-ed80577a68f4 0.376s
2025-04-10 19:54:23.130 69926 INFO tempest.lib.common.rest_client [req-10204443-f5e5-497c-8eec-d85fe07cd4c6 req-10204443-f5e5-497c-8eec-d85fe07cd4c6 ] Request (VolumesAdminNegativeTest:test_update_attached_volume_with_nonexistent_volume_in_body): 201 POST http://10.180.1.21:9696/networking/v2.0/floatingips 0.631s
2025-04-10 19:54:23.153 69938 INFO tempest.lib.common.rest_client [req-f07ea114-1324-4b52-ae2c-14de92349670 req-f07ea114-1324-4b52-ae2c-14de92349670 ] Request (ServerActionsTestOtherA:setUpClass): 201 POST http://10.180.1.21:9696/networking/v2.0/networks 0.472s
2025-04-10 19:54:23.211 69912 INFO tempest.lib.common.rest_client [req-a02f391d-46ad-4a9e-9ec7-faea5bd1a6d9 req-a02f391d-46ad-4a9e-9ec7-faea5bd1a6d9 ] Request (TenantUsagesTestJSON:tearDownClass): 200 GET http://10.180.1.21/compute/v2.1/servers/f173734d-a046-4647-92c2-a9595f031a39 0.554s
2025-04-10 19:54:23.213 69926 INFO tempest.lib.common.rest_client [req-15bf37b4-c4cd-48aa-8161-11912354c355 req-15bf37b4-c4cd-48aa-8161-11912354c355 ] Request (VolumesAdminNegativeTest:test_update_attached_volume_with_nonexistent_volume_in_body): 201 POST http://10.180.1.21/identity/v3/auth/tokens 0.079s
2025-04-10 19:54:23.214 69926 INFO tempest.lib.common.fixed_network [-] (VolumesAdminNegativeTest:test_update_attached_volume_with_nonexistent_volume_in_body) Found network {'id': 'b3b64b81-35a8-4b9a-b375-288978b756e6', 'name': 'tempest-VolumesAdminNegativeTest-1372916296-network', 'tenant_id': 'e2309e02d3c444f08528b6432e9d8aa2', 'admin_state_up': True, 'mtu': 8950, 'status': 'ACTIVE', 'subnets': [], 'shared': False, 'project_id': 'e2309e02d3c444f08528b6432e9d8aa2', 'port_security_enabled': True, 'router:external': False, 'provider:network_type': 'vlan', 'provider:physical_network': 'default', 'provider:segmentation_id': 119, 'availability_zone_hints': [], 'availability_zones': [], 'ipv4_address_scope': None, 'ipv6_address_scope': None, 'description': '', 'tags': [], 'created_at': '2025-04-10T19:54:14Z', 'updated_at': '2025-04-10T19:54:14Z', 'revision_number': 1} available for tenant
2025-04-10 19:54:23.243 69917 INFO tempest.lib.common.rest_client [req-b501de51-8d64-46e0-aba0-8acd4b85e345 req-b501de51-8d64-46e0-aba0-8acd4b85e345 ] Request (MigrationsAdminTest:test_list_migrations_in_flavor_resize_situation): 200 GET http://10.180.1.21/compute/v2.1/servers/82dd63fc-dcc9-4411-91e7-45a7fa71ba74 0.473s
2025-04-10 19:54:23.269 69924 INFO tempest.lib.common.rest_client [req-405c30f7-a403-47f8-8c6c-398684235db5 req-405c30f7-a403-47f8-8c6c-398684235db5 ] Request (DeleteServersAdminTestJSON:test_delete_server_while_in_error_state): 200 GET http://10.180.1.21/compute/v2.1/servers/faf5ccd5-5f25-4331-9229-2e245106999c 0.432s
2025-04-10 19:54:23.294 69890 INFO tempest.lib.common.rest_client [req-1fa25183-9c24-4a79-9d58-b537ba1e0aaa req-1fa25183-9c24-4a79-9d58-b537ba1e0aaa ] Request (ServersAdminNegativeTestJSON:test_migrate_server_invalid_state): 200 GET http://10.180.1.21/compute/v2.1/servers/99ea4526-6480-43fc-82f5-1b37c6f3a680 0.379s
2025-04-10 19:54:23.322 69938 INFO tempest.lib.common.rest_client [req-2ba84f40-8ff0-4541-9e13-0c27ec98221a req-2ba84f40-8ff0-4541-9e13-0c27ec98221a ] Request (ServerActionsTestOtherA:setUpClass): 201 POST http://10.180.1.21:9696/networking/v2.0/subnets 0.168s
2025-04-10 19:54:23.362 69886 INFO tempest.lib.common.rest_client [req-f7476c22-9f04-4d0d-aaf2-e9d9c3803fa3 req-f7476c22-9f04-4d0d-aaf2-e9d9c3803fa3 ] Request (ServersAdmin275Test:tearDownClass): 200 GET http://10.180.1.21/compute/v2.1/servers/74e9b4aa-64ff-45e9-bded-ae50de06b086 0.445s
2025-04-10 19:54:23.460 69904 INFO tempest.lib.common.rest_client [req-5ae60808-7f9d-4de8-a2ff-bf1c1251d74b req-5ae60808-7f9d-4de8-a2ff-bf1c1251d74b ] Request (ServerDiagnosticsNegativeTest:tearDownClass): 200 GET http://10.180.1.21/compute/v2.1/servers/47241097-ec03-4a00-87f3-453326a0a744 0.437s
2025-04-10 19:54:23.485 69920 INFO tempest.lib.common.rest_client [req-d33c64c9-4867-4cd3-b1de-7ab28b02495e req-d33c64c9-4867-4cd3-b1de-7ab28b02495e ] Request (ServersWithSpecificFlavorTestJSON:test_verify_created_server_ephemeral_disk): 200 GET http://10.180.1.21/compute/v2.1/servers/c52ec0d9-ee7c-4d1a-b5a8-83b0b4a012a6 0.534s
2025-04-10 19:54:23.497 69920 INFO tempest.lib.common.ssh [-] Creating ssh connection to '10.180.180.149:22' as 'cirros' with public key authentication
2025-04-10 19:54:23.537 69892 INFO tempest.lib.common.rest_client [req-365cc8f6-e436-408e-8c8b-18b8c2e48b1a req-365cc8f6-e436-408e-8c8b-18b8c2e48b1a ] Request (ListImageFiltersTestJSON:setUpClass): 200 GET http://10.180.1.21/compute/v2.1/images/993f538a-80ec-4c7c-9c92-7b988770fd15 0.474s
2025-04-10 19:54:23.621 69940 INFO tempest.lib.common.rest_client [req-d0274243-be5e-4ed9-8cb8-8a57805b1645 req-d0274243-be5e-4ed9-8cb8-8a57805b1645 ] Request (ServersListShow296Test:tearDownClass): 200 GET http://10.180.1.21/compute/v2.1/servers/3a2c5c41-748f-4bbc-9507-d83c8f554b04 0.580s
2025-04-10 19:54:23.642 69914 INFO tempest.lib.common.rest_client [req-199d54a9-bf76-4a4d-9fff-397836da04e7 req-199d54a9-bf76-4a4d-9fff-397836da04e7 ] Request (ServerDiagnosticsTest:tearDownClass): 200 GET http://10.180.1.21/compute/v2.1/servers/5a0b7a89-2e90-4682-ab57-180fdb270469 0.519s
2025-04-10 19:54:23.726 69936 INFO tempest.lib.common.rest_client [req-dce95b21-b0bd-4031-8d99-7a68cd40661d req-dce95b21-b0bd-4031-8d99-7a68cd40661d ] Request (InstanceActionsNegativeTestJSON:setUpClass): 200 GET http://10.180.1.21/compute/v2.1/servers/161cc33d-d443-4e5e-a2cf-14ff9a5d9011 0.521s
2025-04-10 19:54:23.730 69946 INFO tempest.lib.common.rest_client [req-828df873-2c4a-47d9-a0c0-b038d97ed112 req-828df873-2c4a-47d9-a0c0-b038d97ed112 ] Request (ServersTestMultiNic:test_verify_duplicate_network_nics): 200 GET http://10.180.1.21/compute/v2.1/servers/67c83959-a36f-4d69-97aa-0d5d871b514e 0.592s
2025-04-10 19:54:23.803 69906 INFO tempest.lib.common.rest_client [req-8c778f7e-1dab-4a0b-b6cf-3f612884c362 req-8c778f7e-1dab-4a0b-b6cf-3f612884c362 ] Request (SecurityGroupsTestJSON:test_server_security_groups): 200 GET http://10.180.1.21/compute/v2.1/servers/536f8e5b-f15c-41c9-b3d2-e7d8c4f945c7 0.498s
2025-04-10 19:54:23.868 69932 INFO tempest.lib.common.rest_client [req-0ae2eee9-ddaf-46e2-8180-9405a1c3cfc9 req-0ae2eee9-ddaf-46e2-8180-9405a1c3cfc9 ] Request (ImagesTestJSON:test_create_image_from_stopped_server): 200 GET http://10.180.1.21/compute/v2.1/servers/8b599915-8c5f-40af-af4c-6f6769258ec5 0.488s
2025-04-10 19:54:23.938 69908 INFO tempest.lib.common.rest_client [req-823e0e6b-2987-4bf2-8d94-2a7161cd6e2e req-823e0e6b-2987-4bf2-8d94-2a7161cd6e2e ] Request (ServerShowV247Test:test_update_rebuild_list_server): 200 GET http://10.180.1.21/compute/v2.1/servers/36d35b67-42c7-4fa2-843f-d49f6193ea39 0.467s
2025-04-10 19:54:24.009 69931 INFO tempest.lib.common.rest_client [req-ba08d17d-67ae-4690-86b4-a47971c4d577 req-ba08d17d-67ae-4690-86b4-a47971c4d577 ] Request (FloatingIPsAssociationTestJSON:test_associate_already_associated_floating_ip): 200 GET http://10.180.1.21/compute/v2.1/servers/68f0dac2-cc55-4110-87c3-dcf1d9d05650 0.455s
2025-04-10 19:54:24.070 69923 INFO tempest.lib.common.rest_client [req-1dc495e0-f8bc-456b-9bc3-a89bb50fd0f9 req-1dc495e0-f8bc-456b-9bc3-a89bb50fd0f9 ] Request (ServersTestJSON:setUpClass): 200 GET http://10.180.1.21/compute/v2.1/servers/48b7a09a-4147-42b3-b7e4-858fb5310bb8 0.334s
2025-04-10 19:54:24.133 69898 INFO tempest.lib.common.rest_client [req-ef81e7fd-daaa-4a2f-bf6d-3b4605d1a2c4 req-ef81e7fd-daaa-4a2f-bf6d-3b4605d1a2c4 ] Request (ServerAddressesTestJSON:setUpClass): 200 GET http://10.180.1.21/compute/v2.1/servers/3643a195-bc27-4ebd-b9cb-eead55f5cab0 0.341s
2025-04-10 19:54:24.195 69934 INFO tempest.lib.common.rest_client [req-2686e431-8049-47fc-8ef6-059b77adfff8 req-2686e431-8049-47fc-8ef6-059b77adfff8 ] Request (ServerShowV257Test:test_rebuild_server): 200 GET http://10.180.1.21/compute/v2.1/servers/61f7c74f-3d86-49a5-a6f7-13c9b1ae51f5 0.375s
2025-04-10 19:54:24.263 69942 INFO tempest.lib.common.rest_client [req-2968f3c6-aee3-4bca-a257-3bf2dcb52560 req-2968f3c6-aee3-4bca-a257-3bf2dcb52560 ] Request (ServersListShow298Test:test_list_show_update_rebuild_server_298): 200 GET http://10.180.1.21/compute/v2.1/servers/3bc77691-4c4d-47e3-aebf-7088296f490c 0.404s
2025-04-10 19:54:24.271 69938 INFO tempest.lib.common.rest_client [req-de09c630-21bb-4357-92f6-ebd86105f721 req-de09c630-21bb-4357-92f6-ebd86105f721 ] Request (ServerActionsTestOtherA:setUpClass): 201 POST http://10.180.1.21:9696/networking/v2.0/routers 0.948s
2025-04-10 19:54:24.314 69902 INFO tempest.lib.common.rest_client [req-69ca766f-ccdc-4937-b6b3-2cdf08de8132 req-69ca766f-ccdc-4937-b6b3-2cdf08de8132 ] Request (AttachInterfacesUnderV243Test:test_add_remove_fixed_ip): 200 GET http://10.180.1.21/compute/v2.1/servers/55949dd4-4830-4f07-a2f1-c38359c599be 0.432s
2025-04-10 19:54:24.317 69926 INFO tempest.lib.common.rest_client [req-7b13ac83-d87a-40e9-98ad-33adeb9874f5 req-7b13ac83-d87a-40e9-98ad-33adeb9874f5 ] Request (VolumesAdminNegativeTest:test_update_attached_volume_with_nonexistent_volume_in_body): 202 POST http://10.180.1.21/compute/v2.1/servers 1.102s
2025-04-10 19:54:24.366 69884 INFO tempest.lib.common.rest_client [req-1f5c484b-0cf6-4da3-b41a-894d80513d77 req-1f5c484b-0cf6-4da3-b41a-894d80513d77 ] Request (AttachInterfacesTestJSON:test_create_list_show_delete_interfaces_by_fixed_ip): 200 GET http://10.180.1.21/compute/v2.1/servers/dc2479b6-2c26-42f7-b4a1-603e38fd3c17 0.446s
2025-04-10 19:54:24.381 69894 INFO tempest.lib.common.rest_client [req-b01bfe0f-64c5-4d2a-bcf8-172adc599b7f req-b01bfe0f-64c5-4d2a-bcf8-172adc599b7f ] Request (ServerMetadataTestJSON:setUpClass): 200 GET http://10.180.1.21/compute/v2.1/servers/8cc280a2-364e-4974-8a97-dd97599e194c 0.428s
2025-04-10 19:54:24.431 69900 INFO tempest.lib.common.rest_client [req-d1868ec2-4a4b-4c48-9aca-16759584b24a req-d1868ec2-4a4b-4c48-9aca-16759584b24a ] Request (ServerActionsV293TestJSON:setUpClass): 200 GET http://10.180.1.21/compute/v2.1/servers/2ccfcbd4-d609-4269-95d6-31963fcb61e1 0.440s
2025-04-10 19:54:24.443 69944 INFO tempest.lib.common.rest_client [req-9c5c0e7d-0a4e-49ac-972d-983b24df6d4e req-9c5c0e7d-0a4e-49ac-972d-983b24df6d4e ] Request (ServersAdminTestJSON:test_create_server_with_scheduling_hint): 200 GET http://10.180.1.21/compute/v2.1/servers/fa2582ca-eaa4-4886-9669-771b2f370122 0.433s
2025-04-10 19:54:24.511 69888 INFO tempest.lib.common.rest_client [req-2f9437b4-d8b7-4d9e-9928-afec8576f449 req-2f9437b4-d8b7-4d9e-9928-afec8576f449 ] Request (DeleteServersTestJSON:test_delete_active_server): 200 GET http://10.180.1.21/compute/v2.1/servers/3bd97686-7586-4531-88da-cea7057302e8 0.434s
2025-04-10 19:54:24.515 69896 INFO tempest.lib.common.rest_client [req-23954b5b-0fce-4517-951a-6cb2dcaf7428 req-23954b5b-0fce-4517-951a-6cb2dcaf7428 ] Request (ServerRescueTestJSON:setUpClass): 200 GET http://10.180.1.21/compute/v2.1/servers/5a7759ca-a449-4619-96cb-71c78ac0e18f 0.433s
2025-04-10 19:54:24.564 69918 INFO tempest.lib.common.rest_client [req-141c6785-27f7-407f-9a41-aedd49a43c0c req-141c6785-27f7-407f-9a41-aedd49a43c0c ] Request (ServersTestFqdnHostnames:test_create_server_with_fqdn_name): 200 GET http://10.180.1.21/compute/v2.1/servers/6735746d-c4a1-4d85-8806-ed80577a68f4 0.434s
2025-04-10 19:54:24.643 69912 INFO tempest.lib.common.rest_client [req-99844b9e-5230-4806-955e-432fc7c596a0 req-99844b9e-5230-4806-955e-432fc7c596a0 ] Request (TenantUsagesTestJSON:tearDownClass): 200 GET http://10.180.1.21/compute/v2.1/servers/f173734d-a046-4647-92c2-a9595f031a39 0.422s
2025-04-10 19:54:24.681 69917 INFO tempest.lib.common.rest_client [req-e418bd78-40d3-4d79-9a60-3447b13c44f1 req-e418bd78-40d3-4d79-9a60-3447b13c44f1 ] Request (MigrationsAdminTest:test_list_migrations_in_flavor_resize_situation): 200 GET http://10.180.1.21/compute/v2.1/servers/82dd63fc-dcc9-4411-91e7-45a7fa71ba74 0.429s
2025-04-10 19:54:24.688 69917 INFO tempest.common.waiters [-] State transition "RESIZE/resize_prep" ==> "RESIZE/resize_migrating" after 36 second wait
2025-04-10 19:54:24.694 69924 INFO tempest.lib.common.rest_client [req-987618a6-c6aa-4ecb-9bb9-b2343dcbcdd4 req-987618a6-c6aa-4ecb-9bb9-b2343dcbcdd4 ] Request (DeleteServersAdminTestJSON:test_delete_server_while_in_error_state): 200 GET http://10.180.1.21/compute/v2.1/servers/faf5ccd5-5f25-4331-9229-2e245106999c 0.413s
2025-04-10 19:54:24.737 69890 INFO tempest.lib.common.rest_client [req-d87151bd-9c6e-4d8e-9d4f-6596a4623bad req-d87151bd-9c6e-4d8e-9d4f-6596a4623bad ] Request (ServersAdminNegativeTestJSON:test_migrate_server_invalid_state): 200 GET http://10.180.1.21/compute/v2.1/servers/99ea4526-6480-43fc-82f5-1b37c6f3a680 0.434s
2025-04-10 19:54:24.745 69926 INFO tempest.lib.common.rest_client [req-365244cb-a2db-4802-a3f8-f24aa6c799a5 req-365244cb-a2db-4802-a3f8-f24aa6c799a5 ] Request (VolumesAdminNegativeTest:test_update_attached_volume_with_nonexistent_volume_in_body): 200 GET http://10.180.1.21/compute/v2.1/servers/f3ae9fe7-a43a-4bfb-a564-7f198d114b60 0.427s
2025-04-10 19:54:24.809 69886 INFO tempest.lib.common.rest_client [req-380f45f4-22de-4a50-af4a-cc002236d14f req-380f45f4-22de-4a50-af4a-cc002236d14f ] Request (ServersAdmin275Test:tearDownClass): 200 GET http://10.180.1.21/compute/v2.1/servers/74e9b4aa-64ff-45e9-bded-ae50de06b086 0.422s
