2025-04-10 19:55:55.026 69926 INFO tempest.lib.common.rest_client [req-86f66f06-9ef3-4f60-8a33-914086b4b880 req-86f66f06-9ef3-4f60-8a33-914086b4b880 ] Request (VolumesAdminNegativeTest:test_update_attached_volume_with_nonexistent_volume_in_body): 200 GET http://10.180.1.21/compute/v2.1/servers/f3ae9fe7-a43a-4bfb-a564-7f198d114b60 0.079s
2025-04-10 19:55:55.035 69926 INFO tempest.common.waiters [-] State transition "BUILD/None" ==> "BUILD/networking" after 91 second wait
2025-04-10 19:55:55.051 69924 INFO tempest.lib.common.rest_client [req-6fba7a24-7b4b-4b5d-8aca-46c63d5161fb req-6fba7a24-7b4b-4b5d-8aca-46c63d5161fb ] Request (FlavorsV261TestJSON:tearDownClass): 204 DELETE http://10.180.1.21/identity/v3/projects/b303eb506a764b899287a2122c7883f9 0.059s
2025-04-10 19:55:55.051 69924 INFO tempest.lib.common.dynamic_creds [-] Deleting project and security group for project: dc4a9dcd9ff5485bbf8cea16ddd0a750
2025-04-10 19:55:55.085 69896 INFO tempest.lib.common.rest_client [req-6d3ad1cc-f05e-448a-bcc4-93dea64904f6 req-6d3ad1cc-f05e-448a-bcc4-93dea64904f6 ] Request (ServerRescueTestJSON:test_rescue_unrescue_instance): 200 GET http://10.180.1.21/compute/v2.1/servers/818f181e-284c-4c6e-b7af-b23e01ae0942 0.086s
2025-04-10 19:55:55.101 69931 INFO tempest.lib.common.rest_client [req-bd82b459-2436-48e4-982b-f1a5e62d8715 req-bd82b459-2436-48e4-982b-f1a5e62d8715 ] Request (FloatingIPsAssociationTestJSON:tearDownClass): 200 GET http://10.180.1.21/compute/v2.1/servers/68f0dac2-cc55-4110-87c3-dcf1d9d05650 0.109s
2025-04-10 19:55:55.145 69920 INFO tempest.lib.common.rest_client [req-55d0555c-44e6-4bde-bdd6-905961e19512 req-55d0555c-44e6-4bde-bdd6-905961e19512 ] Request (ServersWithSpecificFlavorTestJSON:test_verify_created_server_ephemeral_disk): 200 GET http://10.180.1.21/compute/v2.1/servers/54b3b555-f24e-4eea-8c30-e659ce7395d3 0.104s
2025-04-10 19:55:55.182 69942 INFO tempest.lib.common.rest_client [req-7ada0be4-46aa-4b6e-9d3b-c6e3fbf10cd5 req-7ada0be4-46aa-4b6e-9d3b-c6e3fbf10cd5 ] Request (ServersListShow298Test:tearDownClass): 200 GET http://10.180.1.21/compute/v2.1/servers/3bc77691-4c4d-47e3-aebf-7088296f490c 0.113s
2025-04-10 19:55:55.196 69917 INFO tempest.lib.common.rest_client [req-ea590d93-a90c-479b-ba91-08123e015b60 req-ea590d93-a90c-479b-ba91-08123e015b60 ] Request (MigrationsAdminTest:test_resize_server_revert_deleted_flavor): 200 GET http://10.180.1.21/compute/v2.1/servers/d4e459bb-abd3-4676-ac4e-14a30681bd8b 0.085s
2025-04-10 19:55:55.251 69924 INFO tempest.lib.common.rest_client [req-b3058d59-5694-4e61-800c-670fcc7963ca req-b3058d59-5694-4e61-800c-670fcc7963ca ] Request (FlavorsV261TestJSON:tearDownClass): 200 GET http://10.180.1.21:9696/networking/v2.0/security-groups?tenant_id=dc4a9dcd9ff5485bbf8cea16ddd0a750&name=default 0.199s
2025-04-10 19:55:55.318 69924 INFO tempest.lib.common.rest_client [req-15c7fca7-1ffd-4b22-87d1-9d36b13a195b req-15c7fca7-1ffd-4b22-87d1-9d36b13a195b ] Request (FlavorsV261TestJSON:tearDownClass): 204 DELETE http://10.180.1.21:9696/networking/v2.0/security-groups/76be1423-b74d-46d7-8cf3-43744e015d07 0.067s
2025-04-10 19:55:55.334 69892 INFO tempest.lib.common.rest_client [req-8f4fd3d8-331b-42ac-8cdd-f96f0f08a86c req-8f4fd3d8-331b-42ac-8cdd-f96f0f08a86c ] Request (ListImageFiltersTestJSON:tearDownClass): 200 GET http://10.180.1.21/compute/v2.1/servers/0fd0a5db-2f8e-43e2-a1d7-f44f26e28bb6 0.073s
2025-04-10 19:55:55.406 69924 INFO tempest.lib.common.rest_client [req-8fb0368c-c805-40ff-969f-6d2f121cb0ec req-8fb0368c-c805-40ff-969f-6d2f121cb0ec ] Request (FlavorsV261TestJSON:tearDownClass): 204 DELETE http://10.180.1.21/identity/v3/projects/dc4a9dcd9ff5485bbf8cea16ddd0a750 0.088s
2025-04-10 19:55:55.475 69924 INFO tempest.lib.common.rest_client [req-a00d7c46-9d2a-4ab7-a35a-f7b86d91bfc6 req-a00d7c46-9d2a-4ab7-a35a-f7b86d91bfc6 ] Request (ListImagesTestJSON:setUpClass): 201 POST http://10.180.1.21/identity/v3/auth/tokens 0.067s
2025-04-10 19:55:55.480 69934 INFO tempest.lib.common.rest_client [req-91904034-9cd3-46e1-adae-b18cb49d89f0 req-91904034-9cd3-46e1-adae-b18cb49d89f0 ] Request (ServerShowV257Test:test_rebuild_server): 200 GET http://10.180.1.21/compute/v2.1/servers/61f7c74f-3d86-49a5-a6f7-13c9b1ae51f5 0.067s
2025-04-10 19:55:55.514 69924 INFO tempest.lib.common.rest_client [req-92c2e39e-0b1c-443d-8caf-5f3bcc3f29b5 req-92c2e39e-0b1c-443d-8caf-5f3bcc3f29b5 ] Request (ListImagesTestJSON:setUpClass): 201 POST http://10.180.1.21/identity/v3/auth/tokens 0.033s
2025-04-10 19:55:55.564 69924 INFO tempest.lib.common.rest_client [req-4cc515be-818c-4921-91df-e1eb8e0cf599 req-4cc515be-818c-4921-91df-e1eb8e0cf599 ] Request (ListImagesTestJSON:setUpClass): 200 GET http://10.180.1.21/identity/v3/domains?name=Default 0.048s
2025-04-10 19:55:55.606 69912 INFO tempest.lib.common.rest_client [req-8cb5f011-883c-44fe-8ec2-3b1077949491 req-8cb5f011-883c-44fe-8ec2-3b1077949491 ] Request (ServersAaction247Test:test_create_backup): 200 GET http://10.180.1.21/compute/v2.1/servers/a9289ae0-2986-4d24-9114-7458849302c6 0.106s
2025-04-10 19:55:55.618 69924 INFO tempest.lib.common.rest_client [req-d5843ef6-55cd-47bc-bc41-fb5a70794816 req-d5843ef6-55cd-47bc-bc41-fb5a70794816 ] Request (ListImagesTestJSON:setUpClass): 201 POST http://10.180.1.21/identity/v3/projects 0.054s
2025-04-10 19:55:55.619 69912 INFO tempest.common.waiters [-] State transition "BUILD/scheduling" ==> "BUILD/None" after 44 second wait
2025-04-10 19:55:55.679 69918 INFO tempest.lib.common.rest_client [req-d1c49474-1163-42d9-af7a-a03b3b17349e req-d1c49474-1163-42d9-af7a-a03b3b17349e ] Request (ServersTestFqdnHostnames:test_create_server_with_fqdn_name): 200 GET http://10.180.1.21/compute/v2.1/servers/6735746d-c4a1-4d85-8806-ed80577a68f4 0.163s
2025-04-10 19:55:55.690 69908 INFO tempest.lib.common.rest_client [req-a78b6ac3-713e-409e-9ffa-f4fc8fd284a3 req-a78b6ac3-713e-409e-9ffa-f4fc8fd284a3 ] Request (ServerShowV247Test:tearDownClass): 200 GET http://10.180.1.21/compute/v2.1/servers/a43e75ac-286e-4153-888b-a88b1f44909a 0.091s
2025-04-10 19:55:55.709 69924 INFO tempest.lib.common.rest_client [req-5e84c253-5474-4edb-ae20-4f867d95e317 req-5e84c253-5474-4edb-ae20-4f867d95e317 ] Request (ListImagesTestJSON:setUpClass): 201 POST http://10.180.1.21/identity/v3/users 0.090s
2025-04-10 19:55:55.737 69924 INFO tempest.lib.common.rest_client [req-89cafe7b-4b7b-4d04-b866-b460054a04ce req-89cafe7b-4b7b-4d04-b866-b460054a04ce ] Request (ListImagesTestJSON:setUpClass): 200 GET http://10.180.1.21/identity/v3/roles 0.027s
2025-04-10 19:55:55.761 69938 INFO tempest.lib.common.rest_client [req-05a2e901-b238-4968-9b0b-30957ac42740 req-05a2e901-b238-4968-9b0b-30957ac42740 ] Request (ServerActionsTestOtherA:setUpClass): 200 GET http://10.180.1.21/compute/v2.1/servers/bfdb04fc-7a85-4c98-9206-a4c44adeee9f 0.112s
2025-04-10 19:55:55.765 69894 INFO tempest.lib.common.rest_client [req-7bbbf2f4-0a11-4235-8c0e-b947fc3a9c48 req-7bbbf2f4-0a11-4235-8c0e-b947fc3a9c48 ] Request (ServerMetadataTestJSON:tearDownClass): 200 GET http://10.180.1.21/compute/v2.1/servers/8cc280a2-364e-4974-8a97-dd97599e194c 0.165s
2025-04-10 19:55:55.772 69924 INFO tempest.lib.common.rest_client [req-294f1208-7f31-42c2-84c4-4a3197f13a97 req-294f1208-7f31-42c2-84c4-4a3197f13a97 ] Request (ListImagesTestJSON:setUpClass): 204 PUT http://10.180.1.21/identity/v3/projects/47b4cd366266408a89ea624adae396b6/users/8b9c591a60dd44a08fd28820c3650a62/roles/7765d623eb5c40c48ca456a932b0e25e 0.034s
2025-04-10 19:55:55.772 69924 INFO tempest.lib.common.dynamic_creds [-] Dynamic test user 8b9c591a60dd44a08fd28820c3650a62 is created with scope project and roles: ['member']
2025-04-10 19:55:55.773 69924 INFO tempest.lib.common.dynamic_creds [-] Acquired dynamic creds: credentials: Credentials: {'domain_id': 'default', 'domain_name': 'Default', 'username': 'tempest-ListImagesTestJSON-220729223-project-member', 'project_domain_id': 'default', 'project_domain_name': 'Default', 'project_id': '47b4cd366266408a89ea624adae396b6', 'project_name': 'tempest-ListImagesTestJSON-220729223', 'tenant_id': '47b4cd366266408a89ea624adae396b6', 'tenant_name': 'tempest-ListImagesTestJSON-220729223', 'user_domain_id': 'default', 'user_domain_name': 'Default', 'user_id': '8b9c591a60dd44a08fd28820c3650a62', 'system': None}, Network: None, Subnet: None, Router: None
2025-04-10 19:55:55.773 69924 INFO tempest.lib.common.dynamic_creds [-] Created isolated network resources for: credentials: Credentials: {'domain_id': 'default', 'domain_name': 'Default', 'username': 'tempest-ListImagesTestJSON-220729223-project-member', 'project_domain_id': 'default', 'project_domain_name': 'Default', 'project_id': '47b4cd366266408a89ea624adae396b6', 'project_name': 'tempest-ListImagesTestJSON-220729223', 'tenant_id': '47b4cd366266408a89ea624adae396b6', 'tenant_name': 'tempest-ListImagesTestJSON-220729223', 'user_domain_id': 'default', 'user_domain_name': 'Default', 'user_id': '8b9c591a60dd44a08fd28820c3650a62', 'system': None}, Network: None, Subnet: None, Router: None
2025-04-10 19:55:55.834 69888 INFO tempest.lib.common.rest_client [req-caf02908-bf21-4b37-9b27-c062744c1a81 req-caf02908-bf21-4b37-9b27-c062744c1a81 ] Request (DeleteServersTestJSON:test_delete_server_while_in_attached_volume): 200 GET http://10.180.1.21/compute/v2.1/servers/1351354e-249e-427e-b7b7-76d00fdd6506 0.179s
2025-04-10 19:55:55.842 69944 INFO tempest.lib.common.rest_client [req-d0f65dcc-9b10-4b2e-8e7e-ebcf769b020f req-d0f65dcc-9b10-4b2e-8e7e-ebcf769b020f ] Request (ServersAdminTestJSON:test_inject_network_info): 200 GET http://10.180.1.21/compute/v2.1/servers/a1675c15-3ae1-4865-9758-32e637cf9bdd 0.136s
2025-04-10 19:55:55.873 69924 INFO tempest.lib.common.rest_client [req-254e4e9e-2bf8-45fa-bc96-dc87cde30584 req-254e4e9e-2bf8-45fa-bc96-dc87cde30584 ] Request (ListImagesTestJSON:setUpClass): 201 POST http://10.180.1.21/identity/v3/auth/tokens 0.094s
2025-04-10 19:55:55.912 69898 INFO tempest.lib.common.rest_client [req-1d467a52-8899-4015-ab13-7c80b986ffab req-1d467a52-8899-4015-ab13-7c80b986ffab ] Request (ServerRescueNegativeTestJSON:setUpClass): 200 GET http://10.180.1.21/compute/v2.1/servers/8ea8ee53-513b-4b0f-86c9-f135bb15aee8 0.204s
2025-04-10 19:55:55.913 69904 INFO tempest.lib.common.rest_client [req-7f811cde-5a7f-4efe-b565-389c9cf278ab req-7f811cde-5a7f-4efe-b565-389c9cf278ab ] Request (ServersTestBootFromVolume:setUpClass): 200 GET http://10.180.1.21/compute/v2.1/servers/3f41873d-0120-468c-90ae-255ae2522b03 0.148s
2025-04-10 19:55:55.990 69932 INFO tempest.lib.common.rest_client [req-6bfb5006-3a4e-48b5-a561-40eb821a03c3 req-6bfb5006-3a4e-48b5-a561-40eb821a03c3 ] Request (ImagesTestJSON:test_create_image_from_suspended_server): 200 GET http://10.180.1.21/compute/v2.1/servers/4e4af816-c773-44c1-b6c7-18c7322ea874 0.160s
2025-04-10 19:55:56.000 69936 INFO tempest.lib.common.rest_client [req-1c892550-d7e7-492a-9935-c217c60c5cb9 req-1c892550-d7e7-492a-9935-c217c60c5cb9 ] Request (InstanceActionsNegativeTestJSON:tearDownClass): 200 GET http://10.180.1.21/compute/v2.1/servers/161cc33d-d443-4e5e-a2cf-14ff9a5d9011 0.218s
2025-04-10 19:55:56.156 69924 INFO tempest.lib.common.rest_client [req-2733e46c-c828-4eb2-b49e-926c7e395d13 req-2733e46c-c828-4eb2-b49e-926c7e395d13 ] Request (ListImagesTestJSON:test_get_image): 200 GET http://10.180.1.21/compute/v2.1/images/0ebfcbf7-ed1f-4512-8792-34be4838a9de 0.281s
2025-04-10 19:55:56.167 69906 INFO tempest.lib.common.rest_client [req-544e9811-52ab-4594-a427-82d23c6f8817 req-544e9811-52ab-4594-a427-82d23c6f8817 ] Request (SecurityGroupsTestJSON:test_server_security_groups): 200 GET http://10.180.1.21/compute/v2.1/servers/536f8e5b-f15c-41c9-b3d2-e7d8c4f945c7 0.294s
2025-04-10 19:55:56.212 69886 INFO tempest.lib.common.rest_client [req-9e7bb138-f98a-4610-8036-96219da97eb7 req-9e7bb138-f98a-4610-8036-96219da97eb7 ] Request (ServerGroupTestJSON:test_create_server_with_scheduler_hint_group): 200 GET http://10.180.1.21/compute/v2.1/servers/4a66e4ec-fecc-4c29-87bb-199a5ae89900 0.306s
2025-04-10 19:55:56.217 69946 INFO tempest.lib.common.rest_client [req-91bdb336-6cf6-46ff-842e-5809b9945c39 req-91bdb336-6cf6-46ff-842e-5809b9945c39 ] Request (ServersTestMultiNic:test_verify_multiple_nics_order): 200 GET http://10.180.1.21/compute/v2.1/servers/01297d32-b055-4940-9b0b-3c90af30cd08 0.285s
2025-04-10 19:55:56.272 69914 INFO tempest.lib.common.rest_client [req-584fa398-f134-4315-83a8-e50a66cc6218 req-584fa398-f134-4315-83a8-e50a66cc6218 ] Request (InstanceActionsTestJSON:setUpClass): 200 GET http://10.180.1.21/compute/v2.1/servers/6377f0cc-4624-4be1-9d43-d56c6ebd9688 0.288s
2025-04-10 19:55:56.277 69890 INFO tempest.lib.common.rest_client [req-55eaf596-2bcb-4a60-bdab-aed8c87bc3be req-55eaf596-2bcb-4a60-bdab-aed8c87bc3be ] Request (ServersAdminNegativeTestJSON:tearDownClass): 200 GET http://10.180.1.21/compute/v2.1/servers/99ea4526-6480-43fc-82f5-1b37c6f3a680 0.305s
2025-04-10 19:55:56.333 69940 INFO tempest.lib.common.rest_client [req-1a2451e9-c11f-4af8-8214-995bf7da3478 req-1a2451e9-c11f-4af8-8214-995bf7da3478 ] Request (ServersNegativeTestMultiTenantJSON:setUpClass): 200 GET http://10.180.1.21/compute/v2.1/servers/d1320149-04e3-4df5-bbf2-f09c1f1d0e3d 0.307s
2025-04-10 19:55:56.373 69926 INFO tempest.lib.common.rest_client [req-52e38703-6eeb-4f32-ad5e-646106dc8cd1 req-52e38703-6eeb-4f32-ad5e-646106dc8cd1 ] Request (VolumesAdminNegativeTest:test_update_attached_volume_with_nonexistent_volume_in_body): 200 GET http://10.180.1.21/compute/v2.1/servers/f3ae9fe7-a43a-4bfb-a564-7f198d114b60 0.335s
2025-04-10 19:55:56.379 69926 INFO tempest.common.waiters [-] State transition "BUILD/networking" ==> "BUILD/spawning" after 92 second wait
2025-04-10 19:55:56.383 69896 INFO tempest.lib.common.rest_client [req-fb6ecf94-0954-436c-87c4-4daf52661608 req-fb6ecf94-0954-436c-87c4-4daf52661608 ] Request (ServerRescueTestJSON:test_rescue_unrescue_instance): 200 GET http://10.180.1.21/compute/v2.1/servers/818f181e-284c-4c6e-b7af-b23e01ae0942 0.290s
2025-04-10 19:55:56.440 69931 INFO tempest.lib.common.rest_client [req-97d93ee4-bd17-47cc-a09e-07a88d3fa233 req-97d93ee4-bd17-47cc-a09e-07a88d3fa233 ] Request (FloatingIPsAssociationTestJSON:tearDownClass): 200 GET http://10.180.1.21/compute/v2.1/servers/68f0dac2-cc55-4110-87c3-dcf1d9d05650 0.330s
2025-04-10 19:55:56.446 69920 INFO tempest.lib.common.rest_client [req-814c2a55-c909-4444-a739-16b844b4c91d req-814c2a55-c909-4444-a739-16b844b4c91d ] Request (ServersWithSpecificFlavorTestJSON:test_verify_created_server_ephemeral_disk): 200 GET http://10.180.1.21/compute/v2.1/servers/54b3b555-f24e-4eea-8c30-e659ce7395d3 0.294s
2025-04-10 19:55:56.474 69924 INFO tempest.lib.common.rest_client [req-6fea9b03-0639-4ebd-94f3-045f876f2c45 req-6fea9b03-0639-4ebd-94f3-045f876f2c45 ] Request (ListImagesTestJSON:test_list_images): 200 GET http://10.180.1.21/compute/v2.1/images 0.312s
2025-04-10 19:55:56.545 69917 INFO tempest.lib.common.rest_client [req-66638c27-a2a4-4187-b7e7-d02365b74e09 req-66638c27-a2a4-4187-b7e7-d02365b74e09 ] Request (MigrationsAdminTest:test_resize_server_revert_deleted_flavor): 200 GET http://10.180.1.21/compute/v2.1/servers/d4e459bb-abd3-4676-ac4e-14a30681bd8b 0.342s
2025-04-10 19:55:56.551 69942 INFO tempest.lib.common.rest_client [req-3d3dd4b1-69b5-4ea0-9cba-f2a2ec9fd553 req-3d3dd4b1-69b5-4ea0-9cba-f2a2ec9fd553 ] Request (ServersListShow298Test:tearDownClass): 200 GET http://10.180.1.21/compute/v2.1/servers/3bc77691-4c4d-47e3-aebf-7088296f490c 0.357s
2025-04-10 19:55:56.606 69924 INFO tempest.lib.common.rest_client [req-a8c28e7c-1010-4c00-bd31-bca4fa54eec4 req-a8c28e7c-1010-4c00-bd31-bca4fa54eec4 ] Request (ListImagesTestJSON:test_list_images_with_detail): 200 GET http://10.180.1.21/compute/v2.1/images/detail 0.129s
2025-04-10 19:55:56.611 69892 INFO tempest.lib.common.rest_client [req-6f42013b-2ffc-4c72-b895-1c18b3b84c54 req-6f42013b-2ffc-4c72-b895-1c18b3b84c54 ] Request (ListImageFiltersTestJSON:tearDownClass): 200 GET http://10.180.1.21/compute/v2.1/servers/0fd0a5db-2f8e-43e2-a1d7-f44f26e28bb6 0.269s
2025-04-10 19:55:56.669 69934 INFO tempest.lib.common.rest_client [req-f0819d41-a345-4a72-ab70-1b2ce25d7e71 req-f0819d41-a345-4a72-ab70-1b2ce25d7e71 ] Request (ServerShowV257Test:test_rebuild_server): 200 GET http://10.180.1.21/compute/v2.1/servers/61f7c74f-3d86-49a5-a6f7-13c9b1ae51f5 0.179s
2025-04-10 19:55:56.685 69912 INFO tempest.lib.common.rest_client [req-c124ffc3-b1ad-4cbd-b951-433ced292272 req-c124ffc3-b1ad-4cbd-b951-433ced292272 ] Request (ServersAaction247Test:test_create_backup): 200 GET http://10.180.1.21/compute/v2.1/servers/a9289ae0-2986-4d24-9114-7458849302c6 0.065s
2025-04-10 19:55:56.730 69924 INFO tempest.lib.common.rest_client [req-b46e5841-2567-4822-a858-e449a6625307 req-b46e5841-2567-4822-a858-e449a6625307 ] Request (ListImagesTestJSON:tearDownClass): 204 DELETE http://10.180.1.21/identity/v3/users/8b9c591a60dd44a08fd28820c3650a62 0.118s
2025-04-10 19:55:56.730 69924 INFO tempest.lib.common.dynamic_creds [-] Deleting project and security group for project: 47b4cd366266408a89ea624adae396b6
2025-04-10 19:55:56.780 69908 INFO tempest.lib.common.rest_client [req-e6a9f5a0-ba70-4794-bcfd-6d5d2c8a7fbb req-e6a9f5a0-ba70-4794-bcfd-6d5d2c8a7fbb ] Request (ServerShowV247Test:tearDownClass): 200 GET http://10.180.1.21/compute/v2.1/servers/a43e75ac-286e-4153-888b-a88b1f44909a 0.077s
2025-04-10 19:55:56.785 69924 INFO tempest.lib.common.rest_client [req-d0d6a10e-3c7f-4276-a492-7aef558e81af req-d0d6a10e-3c7f-4276-a492-7aef558e81af ] Request (ListImagesTestJSON:tearDownClass): 201 POST http://10.180.1.21/identity/v3/auth/tokens 0.055s
2025-04-10 19:55:56.796 69918 INFO tempest.lib.common.rest_client [req-980a5752-2e82-45d5-a429-4a7ca80e6e93 req-980a5752-2e82-45d5-a429-4a7ca80e6e93 ] Request (ServersTestFqdnHostnames:test_create_server_with_fqdn_name): 200 GET http://10.180.1.21/compute/v2.1/servers/6735746d-c4a1-4d85-8806-ed80577a68f4 0.108s
2025-04-10 19:55:56.833 69938 INFO tempest.lib.common.rest_client [req-1f06acdc-bb6e-41bb-bdf7-108de7c4ed24 req-1f06acdc-bb6e-41bb-bdf7-108de7c4ed24 ] Request (ServerActionsTestOtherA:setUpClass): 200 GET http://10.180.1.21/compute/v2.1/servers/bfdb04fc-7a85-4c98-9206-a4c44adeee9f 0.064s
2025-04-10 19:55:56.850 69894 INFO tempest.lib.common.rest_client [req-46a2515d-049f-4c06-9b54-bf6392c9977a req-46a2515d-049f-4c06-9b54-bf6392c9977a ] Request (ServerMetadataTestJSON:tearDownClass): 200 GET http://10.180.1.21/compute/v2.1/servers/8cc280a2-364e-4974-8a97-dd97599e194c 0.078s
2025-04-10 19:55:56.894 69888 INFO tempest.lib.common.rest_client [req-bd7f1756-880d-4a29-9f39-4c27828c29af req-bd7f1756-880d-4a29-9f39-4c27828c29af ] Request (DeleteServersTestJSON:test_delete_server_while_in_attached_volume): 200 GET http://10.180.1.21/compute/v2.1/servers/1351354e-249e-427e-b7b7-76d00fdd6506 0.051s
2025-04-10 19:55:56.907 69944 INFO tempest.lib.common.rest_client [req-34be0b9c-95dd-4471-905a-ad74852cd09d req-34be0b9c-95dd-4471-905a-ad74852cd09d ] Request (ServersAdminTestJSON:test_inject_network_info): 200 GET http://10.180.1.21/compute/v2.1/servers/a1675c15-3ae1-4865-9758-32e637cf9bdd 0.050s
2025-04-10 19:55:56.927 69924 INFO tempest.lib.common.rest_client [req-5b144418-ecb5-467d-8899-86b3eb251845 req-5b144418-ecb5-467d-8899-86b3eb251845 ] Request (ListImagesTestJSON:tearDownClass): 200 GET http://10.180.1.21:9696/networking/v2.0/security-groups?tenant_id=47b4cd366266408a89ea624adae396b6&name=default 0.142s
2025-04-10 19:55:56.980 69904 INFO tempest.lib.common.rest_client [req-fb7d46fd-885c-4e73-bdcc-3c7707550c17 req-fb7d46fd-885c-4e73-bdcc-3c7707550c17 ] Request (ServersTestBootFromVolume:setUpClass): 200 GET http://10.180.1.21/compute/v2.1/servers/3f41873d-0120-468c-90ae-255ae2522b03 0.054s
2025-04-10 19:55:56.982 69898 INFO tempest.lib.common.rest_client [req-c8e084dd-54b2-4998-b921-b254b0d0a026 req-c8e084dd-54b2-4998-b921-b254b0d0a026 ] Request (ServerRescueNegativeTestJSON:setUpClass): 200 GET http://10.180.1.21/compute/v2.1/servers/8ea8ee53-513b-4b0f-86c9-f135bb15aee8 0.058s
2025-04-10 19:55:57.002 69924 INFO tempest.lib.common.rest_client [req-fa0caa74-4167-4039-b1cf-14597d64ce8a req-fa0caa74-4167-4039-b1cf-14597d64ce8a ] Request (ListImagesTestJSON:tearDownClass): 204 DELETE http://10.180.1.21:9696/networking/v2.0/security-groups/690f019a-a2b2-4266-81a9-aa2a41bfa8e9 0.074s
2025-04-10 19:55:57.058 69932 INFO tempest.lib.common.rest_client [req-0d306e57-ff12-4df4-95eb-2fa3f5fa1e15 req-0d306e57-ff12-4df4-95eb-2fa3f5fa1e15 ] Request (ImagesTestJSON:test_create_image_from_suspended_server): 200 GET http://10.180.1.21/compute/v2.1/servers/4e4af816-c773-44c1-b6c7-18c7322ea874 0.058s
2025-04-10 19:55:57.058 69924 INFO tempest.lib.common.rest_client [req-e0550445-e605-4bf3-b625-62ace7d4dd51 req-e0550445-e605-4bf3-b625-62ace7d4dd51 ] Request (ListImagesTestJSON:tearDownClass): 204 DELETE http://10.180.1.21/identity/v3/projects/47b4cd366266408a89ea624adae396b6 0.056s
2025-04-10 19:55:57.070 69936 INFO tempest.lib.common.rest_client [req-32b8e579-39cc-47c5-936d-2f7d90b49d89 req-32b8e579-39cc-47c5-936d-2f7d90b49d89 ] Request (InstanceActionsNegativeTestJSON:tearDownClass): 200 GET http://10.180.1.21/compute/v2.1/servers/161cc33d-d443-4e5e-a2cf-14ff9a5d9011 0.062s
2025-04-10 19:55:57.113 69924 INFO tempest.lib.common.rest_client [req-7365239c-6787-4482-b9c2-7d2d6c7aed3e req-7365239c-6787-4482-b9c2-7d2d6c7aed3e ] Request (MultipleCreateNegativeTestJSON:setUpClass): 201 POST http://10.180.1.21/identity/v3/auth/tokens 0.053s
2025-04-10 19:55:57.146 69924 INFO tempest.lib.common.rest_client [req-64d44f07-bd3a-42ab-8c03-1369752c4cc4 req-64d44f07-bd3a-42ab-8c03-1369752c4cc4 ] Request (MultipleCreateNegativeTestJSON:setUpClass): 201 POST http://10.180.1.21/identity/v3/auth/tokens 0.031s
2025-04-10 19:55:57.181 69924 INFO tempest.lib.common.rest_client [req-f572d55e-49e0-41b4-a691-d13915d149dc req-f572d55e-49e0-41b4-a691-d13915d149dc ] Request (MultipleCreateNegativeTestJSON:setUpClass): 200 GET http://10.180.1.21/identity/v3/domains?name=Default 0.034s
2025-04-10 19:55:57.224 69924 INFO tempest.lib.common.rest_client [req-9bb84a55-786f-40f7-a1a3-311da7e48060 req-9bb84a55-786f-40f7-a1a3-311da7e48060 ] Request (MultipleCreateNegativeTestJSON:setUpClass): 201 POST http://10.180.1.21/identity/v3/projects 0.043s
2025-04-10 19:55:57.283 69924 INFO tempest.lib.common.rest_client [req-e30401aa-e8fd-4f30-98c7-9ccd624928d6 req-e30401aa-e8fd-4f30-98c7-9ccd624928d6 ] Request (MultipleCreateNegativeTestJSON:setUpClass): 201 POST http://10.180.1.21/identity/v3/users 0.058s
2025-04-10 19:55:57.288 69886 INFO tempest.lib.common.rest_client [req-8964fd35-8e9a-4fd9-80ac-9a92bebfe2c2 req-8964fd35-8e9a-4fd9-80ac-9a92bebfe2c2 ] Request (ServerGroupTestJSON:test_create_server_with_scheduler_hint_group): 200 GET http://10.180.1.21/compute/v2.1/servers/4a66e4ec-fecc-4c29-87bb-199a5ae89900 0.069s
2025-04-10 19:55:57.308 69924 INFO tempest.lib.common.rest_client [req-13f60f8a-32af-4396-b168-7724071d890a req-13f60f8a-32af-4396-b168-7724071d890a ] Request (MultipleCreateNegativeTestJSON:setUpClass): 200 GET http://10.180.1.21/identity/v3/roles 0.025s
2025-04-10 19:55:57.309 69906 INFO tempest.lib.common.rest_client [req-d0dae572-dc76-4cc1-b1dd-60797b20e658 req-d0dae572-dc76-4cc1-b1dd-60797b20e658 ] Request (SecurityGroupsTestJSON:test_server_security_groups): 200 GET http://10.180.1.21/compute/v2.1/servers/536f8e5b-f15c-41c9-b3d2-e7d8c4f945c7 0.132s
2025-04-10 19:55:57.336 69924 INFO tempest.lib.common.rest_client [req-18f056f4-2d1c-47c9-b4d3-b00beb9c020e req-18f056f4-2d1c-47c9-b4d3-b00beb9c020e ] Request (MultipleCreateNegativeTestJSON:setUpClass): 204 PUT http://10.180.1.21/identity/v3/projects/26d7dc201bf54b59bf5c3f6d7f44a9a0/users/efc857999921400590d50400cc80384e/roles/7765d623eb5c40c48ca456a932b0e25e 0.027s
2025-04-10 19:55:57.336 69924 INFO tempest.lib.common.dynamic_creds [-] Dynamic test user efc857999921400590d50400cc80384e is created with scope project and roles: ['member']
2025-04-10 19:55:57.336 69924 INFO tempest.lib.common.dynamic_creds [-] Acquired dynamic creds: credentials: Credentials: {'domain_id': 'default', 'domain_name': 'Default', 'username': 'tempest-MultipleCreateNegativeTestJSON-2142729862-project-member', 'project_domain_id': 'default', 'project_domain_name': 'Default', 'project_id': '26d7dc201bf54b59bf5c3f6d7f44a9a0', 'project_name': 'tempest-MultipleCreateNegativeTestJSON-2142729862', 'tenant_id': '26d7dc201bf54b59bf5c3f6d7f44a9a0', 'tenant_name': 'tempest-MultipleCreateNegativeTestJSON-2142729862', 'user_domain_id': 'default', 'user_domain_name': 'Default', 'user_id': 'efc857999921400590d50400cc80384e', 'system': None}, Network: None, Subnet: None, Router: None
2025-04-10 19:55:57.336 69924 INFO tempest.lib.common.dynamic_creds [-] Created isolated network resources for: credentials: Credentials: {'domain_id': 'default', 'domain_name': 'Default', 'username': 'tempest-MultipleCreateNegativeTestJSON-2142729862-project-member', 'project_domain_id': 'default', 'project_domain_name': 'Default', 'project_id': '26d7dc201bf54b59bf5c3f6d7f44a9a0', 'project_name': 'tempest-MultipleCreateNegativeTestJSON-2142729862', 'tenant_id': '26d7dc201bf54b59bf5c3f6d7f44a9a0', 'tenant_name': 'tempest-MultipleCreateNegativeTestJSON-2142729862', 'user_domain_id': 'default', 'user_domain_name': 'Default', 'user_id': 'efc857999921400590d50400cc80384e', 'system': None}, Network: None, Subnet: None, Router: None
2025-04-10 19:55:57.348 69946 INFO tempest.lib.common.rest_client [req-46a8cea1-c2c7-4b9c-8f12-49ead98349e0 req-46a8cea1-c2c7-4b9c-8f12-49ead98349e0 ] Request (ServersTestMultiNic:test_verify_multiple_nics_order): 200 GET http://10.180.1.21/compute/v2.1/servers/01297d32-b055-4940-9b0b-3c90af30cd08 0.122s
2025-04-10 19:55:57.367 69914 INFO tempest.lib.common.rest_client [req-49e06a40-15ce-4b8f-bcd5-3340b20d23b4 req-49e06a40-15ce-4b8f-bcd5-3340b20d23b4 ] Request (InstanceActionsTestJSON:setUpClass): 200 GET http://10.180.1.21/compute/v2.1/servers/6377f0cc-4624-4be1-9d43-d56c6ebd9688 0.084s
2025-04-10 19:55:57.410 69890 INFO tempest.lib.common.rest_client [req-66e52565-ced8-4e22-b142-044ea9f812f5 req-66e52565-ced8-4e22-b142-044ea9f812f5 ] Request (ServersAdminNegativeTestJSON:tearDownClass): 200 GET http://10.180.1.21/compute/v2.1/servers/99ea4526-6480-43fc-82f5-1b37c6f3a680 0.120s
2025-04-10 19:55:57.415 69924 INFO tempest.lib.common.rest_client [req-ef8b6ac1-0e7e-4d23-a9be-bd807b617996 req-ef8b6ac1-0e7e-4d23-a9be-bd807b617996 ] Request (MultipleCreateNegativeTestJSON:setUpClass): 201 POST http://10.180.1.21/identity/v3/auth/tokens 0.071s
2025-04-10 19:55:57.430 69940 INFO tempest.lib.common.rest_client [req-6bf9dcb6-d5b9-4570-9f8f-41c42d16ac6b req-6bf9dcb6-d5b9-4570-9f8f-41c42d16ac6b ] Request (ServersNegativeTestMultiTenantJSON:setUpClass): 200 GET http://10.180.1.21/compute/v2.1/servers/d1320149-04e3-4df5-bbf2-f09c1f1d0e3d 0.087s
2025-04-10 19:55:57.452 69924 INFO tempest.lib.common.rest_client [req-f5074672-e1fe-46fb-9778-28a93c0189a5 req-f5074672-e1fe-46fb-9778-28a93c0189a5 ] Request (MultipleCreateNegativeTestJSON:test_max_count_less_than_min_count): 201 POST http://10.180.1.21/identity/v3/auth/tokens 0.032s
2025-04-10 19:55:57.453 69924 INFO tempest.lib.common.fixed_network [-] (MultipleCreateNegativeTestJSON:test_max_count_less_than_min_count) Found network None available for tenant
2025-04-10 19:55:57.488 69896 INFO tempest.lib.common.rest_client [req-020d98c0-abbe-4f26-b198-d6194ec6d009 req-020d98c0-abbe-4f26-b198-d6194ec6d009 ] Request (ServerRescueTestJSON:test_rescue_unrescue_instance): 200 GET http://10.180.1.21/compute/v2.1/servers/818f181e-284c-4c6e-b7af-b23e01ae0942 0.096s
2025-04-10 19:55:57.531 69926 INFO tempest.lib.common.rest_client [req-f3f89412-87ae-4beb-8198-8d5ef76c5a00 req-f3f89412-87ae-4beb-8198-8d5ef76c5a00 ] Request (VolumesAdminNegativeTest:test_update_attached_volume_with_nonexistent_volume_in_body): 200 GET http://10.180.1.21/compute/v2.1/servers/f3ae9fe7-a43a-4bfb-a564-7f198d114b60 0.150s
2025-04-10 19:55:57.546 69931 INFO tempest.lib.common.rest_client [req-a1024f47-2b8d-4bf2-96b6-f4aea458b9af req-a1024f47-2b8d-4bf2-96b6-f4aea458b9af ] Request (FloatingIPsAssociationTestJSON:tearDownClass): 200 GET http://10.180.1.21/compute/v2.1/servers/68f0dac2-cc55-4110-87c3-dcf1d9d05650 0.099s
2025-04-10 19:55:57.593 69920 INFO tempest.lib.common.rest_client [req-2bbbb405-fcba-428b-ab59-391b535bbb18 req-2bbbb405-fcba-428b-ab59-391b535bbb18 ] Request (ServersWithSpecificFlavorTestJSON:test_verify_created_server_ephemeral_disk): 200 GET http://10.180.1.21/compute/v2.1/servers/54b3b555-f24e-4eea-8c30-e659ce7395d3 0.138s
2025-04-10 19:55:57.605 69924 INFO tempest.lib.common.rest_client [req-0a7f22da-71bf-4406-af3f-81c024c3d622 req-0a7f22da-71bf-4406-af3f-81c024c3d622 ] Request (MultipleCreateNegativeTestJSON:test_max_count_less_than_min_count): 400 POST http://10.180.1.21/compute/v2.1/servers 0.152s
2025-04-10 19:55:57.636 69924 INFO tempest.lib.common.rest_client [req-ff7a9ce9-ca19-4731-9000-592584e94c39 req-ff7a9ce9-ca19-4731-9000-592584e94c39 ] Request (MultipleCreateNegativeTestJSON:test_max_count_less_than_one): 201 POST http://10.180.1.21/identity/v3/auth/tokens 0.026s
2025-04-10 19:55:57.636 69924 INFO tempest.lib.common.fixed_network [-] (MultipleCreateNegativeTestJSON:test_max_count_less_than_one) Found network None available for tenant
2025-04-10 19:55:57.646 69917 INFO tempest.lib.common.rest_client [req-d0e2adea-ccd1-4e09-9c51-8676dc60047e req-d0e2adea-ccd1-4e09-9c51-8676dc60047e ] Request (MigrationsAdminTest:test_resize_server_revert_deleted_flavor): 200 GET http://10.180.1.21/compute/v2.1/servers/d4e459bb-abd3-4676-ac4e-14a30681bd8b 0.090s
2025-04-10 19:55:57.665 69892 INFO tempest.lib.common.rest_client [req-a27eae64-658a-41ac-aa1c-db0757f00205 req-a27eae64-658a-41ac-aa1c-db0757f00205 ] Request (ListImageFiltersTestJSON:tearDownClass): 404 GET http://10.180.1.21/compute/v2.1/servers/0fd0a5db-2f8e-43e2-a1d7-f44f26e28bb6 0.045s
2025-04-10 19:55:57.670 69924 INFO tempest.lib.common.rest_client [req-1b547777-59b2-4021-b2b3-ce157768d1bc req-1b547777-59b2-4021-b2b3-ce157768d1bc ] Request (MultipleCreateNegativeTestJSON:test_max_count_less_than_one): 400 POST http://10.180.1.21/compute/v2.1/servers 0.033s
2025-04-10 19:55:57.679 69942 INFO tempest.lib.common.rest_client [req-d496e196-57eb-4ab7-ae8e-e2b66c7cebd9 req-d496e196-57eb-4ab7-ae8e-e2b66c7cebd9 ] Request (ServersListShow298Test:tearDownClass): 200 GET http://10.180.1.21/compute/v2.1/servers/3bc77691-4c4d-47e3-aebf-7088296f490c 0.117s
2025-04-10 19:55:57.699 69924 INFO tempest.lib.common.rest_client [req-0d081bc2-327d-4823-a87b-4a34e0b2482c req-0d081bc2-327d-4823-a87b-4a34e0b2482c ] Request (MultipleCreateNegativeTestJSON:test_max_count_non_integer): 201 POST http://10.180.1.21/identity/v3/auth/tokens 0.025s
2025-04-10 19:55:57.700 69924 INFO tempest.lib.common.fixed_network [-] (MultipleCreateNegativeTestJSON:test_max_count_non_integer) Found network None available for tenant
2025-04-10 19:55:57.735 69934 INFO tempest.lib.common.rest_client [req-6022fb9c-2439-4a1d-8692-6ffc49acd1ee req-6022fb9c-2439-4a1d-8692-6ffc49acd1ee ] Request (ServerShowV257Test:test_rebuild_server): 200 GET http://10.180.1.21/compute/v2.1/servers/61f7c74f-3d86-49a5-a6f7-13c9b1ae51f5 0.056s
2025-04-10 19:55:57.744 69892 INFO tempest.lib.common.rest_client [req-76d6178a-bbbe-41e0-b817-bb866796f701 req-76d6178a-bbbe-41e0-b817-bb866796f701 ] Request (ListImageFiltersTestJSON:tearDownClass): 204 DELETE http://10.180.1.21/compute/v2.1/servers/44a401b3-fd23-4f35-b378-5c72e56be77f 0.079s
2025-04-10 19:55:57.745 69934 INFO tempest.common.waiters [-] State transition "REBUILD/rebuilding" ==> "REBUILD/rebuild_spawning" after 3 second wait
2025-04-10 19:55:57.751 69924 INFO tempest.lib.common.rest_client [req-97fa1af4-fad6-4949-923d-e2522d03dba7 req-97fa1af4-fad6-4949-923d-e2522d03dba7 ] Request (MultipleCreateNegativeTestJSON:test_max_count_non_integer): 400 POST http://10.180.1.21/compute/v2.1/servers 0.051s
2025-04-10 19:55:57.787 69924 INFO tempest.lib.common.rest_client [req-b99ecffb-9856-4a69-99b0-98395884e535 req-b99ecffb-9856-4a69-99b0-98395884e535 ] Request (MultipleCreateNegativeTestJSON:test_min_count_less_than_one): 201 POST http://10.180.1.21/identity/v3/auth/tokens 0.031s
2025-04-10 19:55:57.787 69924 INFO tempest.lib.common.fixed_network [-] (MultipleCreateNegativeTestJSON:test_min_count_less_than_one) Found network None available for tenant
2025-04-10 19:55:57.792 69912 INFO tempest.lib.common.rest_client [req-464a6801-15c5-4571-8aa6-877140ad394a req-464a6801-15c5-4571-8aa6-877140ad394a ] Request (ServersAaction247Test:test_create_backup): 200 GET http://10.180.1.21/compute/v2.1/servers/a9289ae0-2986-4d24-9114-7458849302c6 0.097s
2025-04-10 19:55:57.799 69924 INFO tempest.lib.common.rest_client [req-78d06cf8-f9fd-4480-a3d5-d8d2f96c3779 req-78d06cf8-f9fd-4480-a3d5-d8d2f96c3779 ] Request (MultipleCreateNegativeTestJSON:test_min_count_less_than_one): 400 POST http://10.180.1.21/compute/v2.1/servers 0.011s
2025-04-10 19:55:57.827 69924 INFO tempest.lib.common.rest_client [req-bafb4f1f-189d-4103-9c10-a690e310c28a req-bafb4f1f-189d-4103-9c10-a690e310c28a ] Request (MultipleCreateNegativeTestJSON:test_min_count_non_integer): 201 POST http://10.180.1.21/identity/v3/auth/tokens 0.024s
2025-04-10 19:55:57.827 69924 INFO tempest.lib.common.fixed_network [-] (MultipleCreateNegativeTestJSON:test_min_count_non_integer) Found network None available for tenant
2025-04-10 19:55:57.855 69908 INFO tempest.lib.common.rest_client [req-43495125-3e38-44a1-813d-3e07a942eaba req-43495125-3e38-44a1-813d-3e07a942eaba ] Request (ServerShowV247Test:tearDownClass): 200 GET http://10.180.1.21/compute/v2.1/servers/a43e75ac-286e-4153-888b-a88b1f44909a 0.066s
2025-04-10 19:55:58.093 69892 INFO tempest.lib.common.rest_client [req-d9bae746-121e-426f-80e4-275739c079a7 req-d9bae746-121e-426f-80e4-275739c079a7 ] Request (ListImageFiltersTestJSON:tearDownClass): 200 GET http://10.180.1.21/compute/v2.1/servers/44a401b3-fd23-4f35-b378-5c72e56be77f 0.349s
2025-04-10 19:55:58.099 69924 INFO tempest.lib.common.rest_client [req-f49d103d-1059-4402-8a25-03730576ff01 req-f49d103d-1059-4402-8a25-03730576ff01 ] Request (MultipleCreateNegativeTestJSON:test_min_count_non_integer): 400 POST http://10.180.1.21/compute/v2.1/servers 0.271s
2025-04-10 19:55:58.166 69938 INFO tempest.lib.common.rest_client [req-28f0b1eb-d278-4ae8-a5a7-4ce9a873b58e req-28f0b1eb-d278-4ae8-a5a7-4ce9a873b58e ] Request (ServerActionsTestOtherA:setUpClass): 200 GET http://10.180.1.21/compute/v2.1/servers/bfdb04fc-7a85-4c98-9206-a4c44adeee9f 0.325s
2025-04-10 19:55:58.176 69938 INFO tempest.common.waiters [-] State transition "BUILD/None" ==> "BUILD/networking" after 91 second wait
2025-04-10 19:55:58.192 69918 INFO tempest.lib.common.rest_client [req-228b7132-c500-433f-84a8-24d0bfed6204 req-228b7132-c500-433f-84a8-24d0bfed6204 ] Request (ServersTestFqdnHostnames:test_create_server_with_fqdn_name): 200 GET http://10.180.1.21/compute/v2.1/servers/6735746d-c4a1-4d85-8806-ed80577a68f4 0.385s
2025-04-10 19:55:58.201 69924 INFO tempest.lib.common.rest_client [req-63079897-db08-42fb-acb2-64eb31c2953a req-63079897-db08-42fb-acb2-64eb31c2953a ] Request (MultipleCreateNegativeTestJSON:tearDownClass): 204 DELETE http://10.180.1.21/identity/v3/users/efc857999921400590d50400cc80384e 0.096s
2025-04-10 19:55:58.201 69924 INFO tempest.lib.common.dynamic_creds [-] Deleting project and security group for project: 26d7dc201bf54b59bf5c3f6d7f44a9a0
2025-04-10 19:55:58.232 69894 INFO tempest.lib.common.rest_client [req-42623efc-8adc-4296-91b3-a43efcb7da08 req-42623efc-8adc-4296-91b3-a43efcb7da08 ] Request (ServerMetadataTestJSON:tearDownClass): 200 GET http://10.180.1.21/compute/v2.1/servers/8cc280a2-364e-4974-8a97-dd97599e194c 0.374s
2025-04-10 19:55:58.262 69888 INFO tempest.lib.common.rest_client [req-f1322eec-632e-45ca-83d8-73461056f9a8 req-f1322eec-632e-45ca-83d8-73461056f9a8 ] Request (DeleteServersTestJSON:test_delete_server_while_in_attached_volume): 200 GET http://10.180.1.21/compute/v2.1/servers/1351354e-249e-427e-b7b7-76d00fdd6506 0.360s
2025-04-10 19:55:58.275 69924 INFO tempest.lib.common.rest_client [req-5c6f1d82-e5cd-4b4a-a4a7-7ec92bb491d0 req-5c6f1d82-e5cd-4b4a-a4a7-7ec92bb491d0 ] Request (MultipleCreateNegativeTestJSON:tearDownClass): 201 POST http://10.180.1.21/identity/v3/auth/tokens 0.074s
2025-04-10 19:55:58.298 69944 INFO tempest.lib.common.rest_client [req-1f9c61fd-7da9-4b71-8c96-c7ec3f7814c2 req-1f9c61fd-7da9-4b71-8c96-c7ec3f7814c2 ] Request (ServersAdminTestJSON:test_inject_network_info): 200 GET http://10.180.1.21/compute/v2.1/servers/a1675c15-3ae1-4865-9758-32e637cf9bdd 0.384s
2025-04-10 19:55:58.320 69904 INFO tempest.lib.common.rest_client [req-7051e6af-ae2b-4221-a97d-091bf9e2a682 req-7051e6af-ae2b-4221-a97d-091bf9e2a682 ] Request (ServersTestBootFromVolume:setUpClass): 200 GET http://10.180.1.21/compute/v2.1/servers/3f41873d-0120-468c-90ae-255ae2522b03 0.332s
2025-04-10 19:55:58.355 69898 INFO tempest.lib.common.rest_client [req-380029ad-7b71-47ce-928a-e005bb29a801 req-380029ad-7b71-47ce-928a-e005bb29a801 ] Request (ServerRescueNegativeTestJSON:setUpClass): 200 GET http://10.180.1.21/compute/v2.1/servers/8ea8ee53-513b-4b0f-86c9-f135bb15aee8 0.365s
2025-04-10 19:55:58.383 69932 INFO tempest.lib.common.rest_client [req-2afa32ce-ad4d-4a86-a181-1d0730d6bf97 req-2afa32ce-ad4d-4a86-a181-1d0730d6bf97 ] Request (ImagesTestJSON:test_create_image_from_suspended_server): 200 GET http://10.180.1.21/compute/v2.1/servers/4e4af816-c773-44c1-b6c7-18c7322ea874 0.317s
2025-04-10 19:55:58.417 69936 INFO tempest.lib.common.rest_client [req-52700c3e-6c72-4dea-98f5-3a0cc9f71698 req-52700c3e-6c72-4dea-98f5-3a0cc9f71698 ] Request (InstanceActionsNegativeTestJSON:tearDownClass): 200 GET http://10.180.1.21/compute/v2.1/servers/161cc33d-d443-4e5e-a2cf-14ff9a5d9011 0.338s
2025-04-10 19:55:58.450 69886 INFO tempest.lib.common.rest_client [req-a36d26c9-82c9-41a9-954e-f8b43ba83262 req-a36d26c9-82c9-41a9-954e-f8b43ba83262 ] Request (ServerGroupTestJSON:test_create_server_with_scheduler_hint_group): 200 GET http://10.180.1.21/compute/v2.1/servers/4a66e4ec-fecc-4c29-87bb-199a5ae89900 0.154s
2025-04-10 19:55:58.548 69946 INFO tempest.lib.common.rest_client [req-5875fceb-037a-49f6-b91a-f0f11d3f5304 req-5875fceb-037a-49f6-b91a-f0f11d3f5304 ] Request (ServersTestMultiNic:test_verify_multiple_nics_order): 200 GET http://10.180.1.21/compute/v2.1/servers/01297d32-b055-4940-9b0b-3c90af30cd08 0.189s
2025-04-10 19:55:58.626 69914 INFO tempest.lib.common.rest_client [req-32325279-e03d-42eb-ba4a-35e64d9fdd17 req-32325279-e03d-42eb-ba4a-35e64d9fdd17 ] Request (InstanceActionsTestJSON:setUpClass): 200 GET http://10.180.1.21/compute/v2.1/servers/6377f0cc-4624-4be1-9d43-d56c6ebd9688 0.250s
2025-04-10 19:55:58.631 69924 INFO tempest.lib.common.rest_client [req-01aa799a-5324-4bad-929b-bdb1595f7e99 req-01aa799a-5324-4bad-929b-bdb1595f7e99 ] Request (MultipleCreateNegativeTestJSON:tearDownClass): 200 GET http://10.180.1.21:9696/networking/v2.0/security-groups?tenant_id=26d7dc201bf54b59bf5c3f6d7f44a9a0&name=default 0.355s
2025-04-10 19:55:58.631 69906 INFO tempest.lib.common.rest_client [req-f25c495c-8b1e-485e-adb4-a6e1f3d23f4e req-f25c495c-8b1e-485e-adb4-a6e1f3d23f4e ] Request (SecurityGroupsTestJSON:test_server_security_groups): 200 GET http://10.180.1.21/compute/v2.1/servers/536f8e5b-f15c-41c9-b3d2-e7d8c4f945c7 0.314s
2025-04-10 19:55:58.648 69890 INFO tempest.lib.common.rest_client [req-78c4f73c-c940-454a-984e-f55717612f66 req-78c4f73c-c940-454a-984e-f55717612f66 ] Request (ServersAdminNegativeTestJSON:tearDownClass): 404 GET http://10.180.1.21/compute/v2.1/servers/99ea4526-6480-43fc-82f5-1b37c6f3a680 0.227s
2025-04-10 19:55:58.692 69940 INFO tempest.lib.common.rest_client [req-563d8f5b-4ace-40eb-ab99-d3fbf70886bd req-563d8f5b-4ace-40eb-ab99-d3fbf70886bd ] Request (ServersNegativeTestMultiTenantJSON:setUpClass): 200 GET http://10.180.1.21/compute/v2.1/servers/d1320149-04e3-4df5-bbf2-f09c1f1d0e3d 0.250s
2025-04-10 19:55:58.706 69896 INFO tempest.lib.common.rest_client [req-a487e934-47d3-417d-8f31-53a7a315d4cd req-a487e934-47d3-417d-8f31-53a7a315d4cd ] Request (ServerRescueTestJSON:test_rescue_unrescue_instance): 200 GET http://10.180.1.21/compute/v2.1/servers/818f181e-284c-4c6e-b7af-b23e01ae0942 0.207s
2025-04-10 19:55:58.712 69924 INFO tempest.lib.common.rest_client [req-4b8bde68-0733-4436-aba4-8c607cf66660 req-4b8bde68-0733-4436-aba4-8c607cf66660 ] Request (MultipleCreateNegativeTestJSON:tearDownClass): 204 DELETE http://10.180.1.21:9696/networking/v2.0/security-groups/c7e41f88-e175-4ec9-9940-a4f5b60a706f 0.081s
2025-04-10 19:55:58.772 69931 INFO tempest.lib.common.rest_client [req-d910b385-175d-4c22-84c6-39fb71253edd req-d910b385-175d-4c22-84c6-39fb71253edd ] Request (FloatingIPsAssociationTestJSON:tearDownClass): 200 GET http://10.180.1.21/compute/v2.1/servers/68f0dac2-cc55-4110-87c3-dcf1d9d05650 0.218s
2025-04-10 19:55:58.793 69924 INFO tempest.lib.common.rest_client [req-e1425498-5a20-45d0-a412-303fd4a1b9ef req-e1425498-5a20-45d0-a412-303fd4a1b9ef ] Request (MultipleCreateNegativeTestJSON:tearDownClass): 204 DELETE http://10.180.1.21/identity/v3/projects/26d7dc201bf54b59bf5c3f6d7f44a9a0 0.081s
2025-04-10 19:55:58.835 69920 INFO tempest.lib.common.rest_client [req-3254e458-0841-4241-afc5-95b5a72eafac req-3254e458-0841-4241-afc5-95b5a72eafac ] Request (ServersWithSpecificFlavorTestJSON:test_verify_created_server_ephemeral_disk): 200 GET http://10.180.1.21/compute/v2.1/servers/54b3b555-f24e-4eea-8c30-e659ce7395d3 0.233s
2025-04-10 19:55:58.852 69926 INFO tempest.lib.common.rest_client [req-ebde6268-ac65-44c1-ab51-f404ea7b2640 req-ebde6268-ac65-44c1-ab51-f404ea7b2640 ] Request (VolumesAdminNegativeTest:test_update_attached_volume_with_nonexistent_volume_in_body): 200 GET http://10.180.1.21/compute/v2.1/servers/f3ae9fe7-a43a-4bfb-a564-7f198d114b60 0.313s
2025-04-10 19:55:58.914 69917 INFO tempest.lib.common.rest_client [req-4c96e904-ce36-4ffa-89c3-bd9d5d2a1295 req-4c96e904-ce36-4ffa-89c3-bd9d5d2a1295 ] Request (MigrationsAdminTest:test_resize_server_revert_deleted_flavor): 200 GET http://10.180.1.21/compute/v2.1/servers/d4e459bb-abd3-4676-ac4e-14a30681bd8b 0.260s
2025-04-10 19:55:58.914 69890 INFO tempest.lib.common.rest_client [req-df52ff29-1cf1-4f5e-8442-f893f424bc98 req-df52ff29-1cf1-4f5e-8442-f893f424bc98 ] Request (ServersAdminNegativeTestJSON:tearDownClass): 204 DELETE http://10.180.1.21/compute/v2.1/servers/ce35adfd-a14a-49df-b054-71c6eef3e21b 0.266s
2025-04-10 19:55:58.944 69942 INFO tempest.lib.common.rest_client [req-95d09b19-57ef-48a9-b14a-1e5c5e0338a4 req-95d09b19-57ef-48a9-b14a-1e5c5e0338a4 ] Request (ServersListShow298Test:tearDownClass): 404 GET http://10.180.1.21/compute/v2.1/servers/3bc77691-4c4d-47e3-aebf-7088296f490c 0.253s
2025-04-10 19:55:58.990 69934 INFO tempest.lib.common.rest_client [req-d1838994-e9f0-4e4e-8b6a-fb844bd6d2b4 req-d1838994-e9f0-4e4e-8b6a-fb844bd6d2b4 ] Request (ServerShowV257Test:test_rebuild_server): 200 GET http://10.180.1.21/compute/v2.1/servers/61f7c74f-3d86-49a5-a6f7-13c9b1ae51f5 0.244s
2025-04-10 19:55:59.001 69912 INFO tempest.lib.common.rest_client [req-6a544d12-3d80-4282-b171-7139897b53e8 req-6a544d12-3d80-4282-b171-7139897b53e8 ] Request (ServersAaction247Test:test_create_backup): 200 GET http://10.180.1.21/compute/v2.1/servers/a9289ae0-2986-4d24-9114-7458849302c6 0.198s
2025-04-10 19:55:59.013 69908 INFO tempest.lib.common.rest_client [req-9fcb4121-0ce6-4d35-ba81-6ee3a01b1618 req-9fcb4121-0ce6-4d35-ba81-6ee3a01b1618 ] Request (ServerShowV247Test:tearDownClass): 404 GET http://10.180.1.21/compute/v2.1/servers/a43e75ac-286e-4153-888b-a88b1f44909a 0.147s
2025-04-10 19:55:59.081 69942 INFO tempest.lib.common.rest_client [req-e9333d33-b5c4-4e9b-a66e-ba91c0cac00f req-e9333d33-b5c4-4e9b-a66e-ba91c0cac00f ] Request (ServersListShow298Test:tearDownClass): 204 DELETE http://10.180.1.21/identity/v3/users/f74e27a2fad14a5eb9385d08b9ea0434 0.136s
2025-04-10 19:55:59.081 69942 INFO tempest.lib.common.dynamic_creds [-] Deleting project and security group for project: c9bd85aae7f04e4e8440c7d1493667d6
2025-04-10 19:55:59.087 69908 INFO tempest.lib.common.rest_client [req-d22bfd42-2777-46f6-8831-b950beb7488e req-d22bfd42-2777-46f6-8831-b950beb7488e ] Request (ServerShowV247Test:tearDownClass): 204 DELETE http://10.180.1.21/identity/v3/users/9f95eb1dc573405498891801de306eaf 0.073s
2025-04-10 19:55:59.126 69890 INFO tempest.lib.common.rest_client [req-eadad690-2abf-45d1-ad1d-4085cb68f9cf req-eadad690-2abf-45d1-ad1d-4085cb68f9cf ] Request (ServersAdminNegativeTestJSON:tearDownClass): 200 GET http://10.180.1.21/compute/v2.1/servers/ce35adfd-a14a-49df-b054-71c6eef3e21b 0.211s
2025-04-10 19:55:59.150 69942 INFO tempest.lib.common.rest_client [req-2de750b6-adf2-48f2-b13d-29a58c7c6b8b req-2de750b6-adf2-48f2-b13d-29a58c7c6b8b ] Request (ServersListShow298Test:tearDownClass): 201 POST http://10.180.1.21/identity/v3/auth/tokens 0.069s
2025-04-10 19:55:59.213 69908 INFO tempest.lib.common.rest_client [req-c16bb33a-6244-467c-b28d-9db86beaced4 req-c16bb33a-6244-467c-b28d-9db86beaced4 ] Request (ServerShowV247Test:tearDownClass): 204 DELETE http://10.180.1.21/identity/v3/users/8a54082cbe464dc69d6cf20cc6c19e3c 0.125s
2025-04-10 19:55:59.213 69908 INFO tempest.lib.common.dynamic_creds [-] Deleting project and security group for project: a008e0184f91408d9a063aa8ec2db5d1
2025-04-10 19:55:59.262 69892 INFO tempest.lib.common.rest_client [req-5de384b6-7f02-4bf8-b1f3-5ec85245ac0a req-5de384b6-7f02-4bf8-b1f3-5ec85245ac0a ] Request (ListImageFiltersTestJSON:tearDownClass): 200 GET http://10.180.1.21/compute/v2.1/servers/44a401b3-fd23-4f35-b378-5c72e56be77f 0.160s
2025-04-10 19:55:59.290 69908 INFO tempest.lib.common.rest_client [req-517de56f-dc04-448b-a010-96f34f532434 req-517de56f-dc04-448b-a010-96f34f532434 ] Request (ServerShowV247Test:tearDownClass): 201 POST http://10.180.1.21/identity/v3/auth/tokens 0.077s
2025-04-10 19:55:59.296 69938 INFO tempest.lib.common.rest_client [req-f2ff422f-e5f3-4de6-9261-faca7b5730d2 req-f2ff422f-e5f3-4de6-9261-faca7b5730d2 ] Request (ServerActionsTestOtherA:setUpClass): 200 GET http://10.180.1.21/compute/v2.1/servers/bfdb04fc-7a85-4c98-9206-a4c44adeee9f 0.118s
2025-04-10 19:55:59.303 69938 INFO tempest.common.waiters [-] State transition "BUILD/networking" ==> "BUILD/spawning" after 92 second wait
2025-04-10 19:55:59.344 69894 INFO tempest.lib.common.rest_client [req-90248522-c3e1-4608-8b75-348985c46c81 req-90248522-c3e1-4608-8b75-348985c46c81 ] Request (ServerMetadataTestJSON:tearDownClass): 404 GET http://10.180.1.21/compute/v2.1/servers/8cc280a2-364e-4974-8a97-dd97599e194c 0.101s
2025-04-10 19:55:59.412 69942 INFO tempest.lib.common.rest_client [req-71e3b89e-552f-4340-85a1-38fbc4f4a9fe req-71e3b89e-552f-4340-85a1-38fbc4f4a9fe ] Request (ServersListShow298Test:tearDownClass): 200 GET http://10.180.1.21:9696/networking/v2.0/security-groups?tenant_id=c9bd85aae7f04e4e8440c7d1493667d6&name=default 0.261s
2025-04-10 19:55:59.417 69888 INFO tempest.lib.common.rest_client [req-8786f31c-17b4-4c50-a71a-02b7db3acb2e req-8786f31c-17b4-4c50-a71a-02b7db3acb2e ] Request (DeleteServersTestJSON:test_delete_server_while_in_attached_volume): 200 GET http://10.180.1.21/compute/v2.1/servers/1351354e-249e-427e-b7b7-76d00fdd6506 0.145s
2025-04-10 19:55:59.456 69918 INFO tempest.lib.common.rest_client [req-fc7933b6-bcbc-47d6-8eff-583251798f85 req-fc7933b6-bcbc-47d6-8eff-583251798f85 ] Request (ServersTestFqdnHostnames:test_create_server_with_fqdn_name): 200 GET http://10.180.1.21/compute/v2.1/servers/6735746d-c4a1-4d85-8806-ed80577a68f4 0.256s
2025-04-10 19:55:59.488 69944 INFO tempest.lib.common.rest_client [req-1dd948c8-aae1-4c9a-8640-031e974c4edd req-1dd948c8-aae1-4c9a-8640-031e974c4edd ] Request (ServersAdminTestJSON:test_inject_network_info): 200 GET http://10.180.1.21/compute/v2.1/servers/a1675c15-3ae1-4865-9758-32e637cf9bdd 0.179s
2025-04-10 19:55:59.523 69942 INFO tempest.lib.common.rest_client [req-af2e7614-cb3f-4c2f-849c-cdce0f9bc7c9 req-af2e7614-cb3f-4c2f-849c-cdce0f9bc7c9 ] Request (ServersListShow298Test:tearDownClass): 204 DELETE http://10.180.1.21:9696/networking/v2.0/security-groups/5f8947b8-1d61-4235-8ea2-4d963386c860 0.110s
2025-04-10 19:55:59.540 69904 INFO tempest.lib.common.rest_client [req-6664a583-27a9-4ae4-9560-d97eb2a4268c req-6664a583-27a9-4ae4-9560-d97eb2a4268c ] Request (ServersTestBootFromVolume:setUpClass): 200 GET http://10.180.1.21/compute/v2.1/servers/3f41873d-0120-468c-90ae-255ae2522b03 0.210s
2025-04-10 19:55:59.571 69898 INFO tempest.lib.common.rest_client [req-f6e27636-42fb-4262-82db-33c8d7071270 req-f6e27636-42fb-4262-82db-33c8d7071270 ] Request (ServerRescueNegativeTestJSON:setUpClass): 200 GET http://10.180.1.21/compute/v2.1/servers/8ea8ee53-513b-4b0f-86c9-f135bb15aee8 0.207s
2025-04-10 19:55:59.609 69932 INFO tempest.lib.common.rest_client [req-2215297c-cb82-4c4d-a677-bc8378af0370 req-2215297c-cb82-4c4d-a677-bc8378af0370 ] Request (ImagesTestJSON:test_create_image_from_suspended_server): 200 GET http://10.180.1.21/compute/v2.1/servers/4e4af816-c773-44c1-b6c7-18c7322ea874 0.216s
2025-04-10 19:55:59.614 69942 INFO tempest.lib.common.rest_client [req-3df57aaf-3b17-4d4d-b845-a0c60aba4591 req-3df57aaf-3b17-4d4d-b845-a0c60aba4591 ] Request (ServersListShow298Test:tearDownClass): 204 DELETE http://10.180.1.21/identity/v3/projects/c9bd85aae7f04e4e8440c7d1493667d6 0.091s
2025-04-10 19:55:59.615 69908 INFO tempest.lib.common.rest_client [req-8eed1b83-7f68-4fc3-8cf5-634b479e2c91 req-8eed1b83-7f68-4fc3-8cf5-634b479e2c91 ] Request (ServerShowV247Test:tearDownClass): 200 GET http://10.180.1.21:9696/networking/v2.0/security-groups?tenant_id=a008e0184f91408d9a063aa8ec2db5d1&name=default 0.324s
