2025-04-10 19:55:18.701 69892 INFO tempest.lib.common.rest_client [req-76e6b3fc-9480-4833-8875-b9dfdf67ccdb req-76e6b3fc-9480-4833-8875-b9dfdf67ccdb ] Request (ListImageFiltersTestJSON:tearDownClass): 200 GET http://10.180.1.21/compute/v2.1/servers/0fd0a5db-2f8e-43e2-a1d7-f44f26e28bb6 0.472s
2025-04-10 19:55:18.735 69904 INFO tempest.lib.common.rest_client [req-d2a4493c-c954-472c-8965-f6d393a79683 req-d2a4493c-c954-472c-8965-f6d393a79683 ] Request (ServersTestBootFromVolume:setUpClass): 200 GET http://10.180.1.21/compute/v2.1/servers/3f41873d-0120-468c-90ae-255ae2522b03 0.425s
2025-04-10 19:55:18.757 69932 INFO tempest.lib.common.rest_client [req-fbd99679-0a54-4999-9973-76a8150cd82c req-fbd99679-0a54-4999-9973-76a8150cd82c ] Request (ImagesTestJSON:test_create_image_from_suspended_server): 200 GET http://10.180.1.21/compute/v2.1/servers/4e4af816-c773-44c1-b6c7-18c7322ea874 0.235s
2025-04-10 19:55:18.832 69908 INFO tempest.lib.common.rest_client [req-d1912c3c-ee47-4ffa-bfed-ee2d6faad235 req-d1912c3c-ee47-4ffa-bfed-ee2d6faad235 ] Request (ServerShowV247Test:tearDownClass): 200 GET http://10.180.1.21/compute/v2.1/servers/36d35b67-42c7-4fa2-843f-d49f6193ea39 0.159s
2025-04-10 19:55:18.870 69936 INFO tempest.lib.common.rest_client [req-aeb32506-7ea6-4655-b56c-c426864b1df2 req-aeb32506-7ea6-4655-b56c-c426864b1df2 ] Request (InstanceActionsNegativeTestJSON:setUpClass): 200 GET http://10.180.1.21/compute/v2.1/servers/161cc33d-d443-4e5e-a2cf-14ff9a5d9011 0.257s
2025-04-10 19:55:18.884 69914 INFO tempest.lib.common.rest_client [req-a3e5bd3e-46d3-4b55-94f6-15b931c6186b req-a3e5bd3e-46d3-4b55-94f6-15b931c6186b ] Request (InstanceActionsTestJSON:setUpClass): 200 GET http://10.180.1.21/compute/v2.1/servers/6377f0cc-4624-4be1-9d43-d56c6ebd9688 0.162s
2025-04-10 19:55:18.924 69931 INFO tempest.lib.common.rest_client [req-52d673da-c21d-45cc-99c1-5b0d9318ece4 req-52d673da-c21d-45cc-99c1-5b0d9318ece4 ] Request (FloatingIPsAssociationTestJSON:test_associate_already_associated_floating_ip): 200 GET http://10.180.1.21/compute/v2.1/servers/68f0dac2-cc55-4110-87c3-dcf1d9d05650 0.167s
2025-04-10 19:55:18.942 69888 INFO tempest.lib.common.rest_client [req-f7bd691b-13a5-46f0-966a-18ef28c9aeda req-f7bd691b-13a5-46f0-966a-18ef28c9aeda ] Request (DeleteServersTestJSON:test_delete_active_server): 200 GET http://10.180.1.21/compute/v2.1/servers/3bd97686-7586-4531-88da-cea7057302e8 0.165s
2025-04-10 19:55:18.978 69940 INFO tempest.lib.common.rest_client [req-f00d4fcf-8d8c-46c0-8e14-b3fdb5881801 req-f00d4fcf-8d8c-46c0-8e14-b3fdb5881801 ] Request (ServersNegativeTestMultiTenantJSON:setUpClass): 200 GET http://10.180.1.21/compute/v2.1/servers/d1320149-04e3-4df5-bbf2-f09c1f1d0e3d 0.148s
2025-04-10 19:55:19.003 69926 INFO tempest.lib.common.rest_client [req-d4d422b5-6bb8-4cda-b554-59dc720de7b6 req-d4d422b5-6bb8-4cda-b554-59dc720de7b6 ] Request (VolumesAdminNegativeTest:test_update_attached_volume_with_nonexistent_volume_in_body): 200 GET http://10.180.1.21/compute/v2.1/servers/f3ae9fe7-a43a-4bfb-a564-7f198d114b60 0.122s
2025-04-10 19:55:19.015 69926 INFO tempest.common.waiters [-] State transition "BUILD/scheduling" ==> "BUILD/None" after 55 second wait
2025-04-10 19:55:19.032 69917 INFO tempest.lib.common.rest_client [req-ba4798d9-b98c-4ca4-8e2a-07cab7a820ef req-ba4798d9-b98c-4ca4-8e2a-07cab7a820ef ] Request (MigrationsAdminTest:test_resize_server_revert_deleted_flavor): 200 GET http://10.180.1.21/compute/v2.1/servers/d4e459bb-abd3-4676-ac4e-14a30681bd8b 0.127s
2025-04-10 19:55:19.074 69946 INFO tempest.lib.common.rest_client [req-415ab1bd-0c6a-42fc-b66d-dd9bbba61920 req-415ab1bd-0c6a-42fc-b66d-dd9bbba61920 ] Request (ServersTestMultiNic:_run_cleanups): 200 GET http://10.180.1.21/compute/v2.1/servers/67c83959-a36f-4d69-97aa-0d5d871b514e 0.090s
2025-04-10 19:55:19.174 69920 INFO tempest.lib.common.rest_client [req-2e854629-0b9f-4c85-92a1-c092d4854fea req-2e854629-0b9f-4c85-92a1-c092d4854fea ] Request (ServersWithSpecificFlavorTestJSON:test_verify_created_server_ephemeral_disk): 200 GET http://10.180.1.21/compute/v2.1/servers/54b3b555-f24e-4eea-8c30-e659ce7395d3 0.065s
2025-04-10 19:55:19.250 69912 INFO tempest.lib.common.rest_client [req-725951e0-b649-48fe-9ebd-0dc1341fe1c9 req-725951e0-b649-48fe-9ebd-0dc1341fe1c9 ] Request (ServersAaction247Test:test_create_backup): 200 GET http://10.180.1.21/compute/v2.1/servers/a9289ae0-2986-4d24-9114-7458849302c6 0.081s
2025-04-10 19:55:19.254 69902 INFO tempest.lib.common.rest_client [req-d875fd2c-b3b3-444a-b6c0-77c820666f5a req-d875fd2c-b3b3-444a-b6c0-77c820666f5a ] Request (AttachInterfacesUnderV243Test:test_add_remove_fixed_ip): 200 GET http://10.180.1.21/compute/v2.1/servers/55949dd4-4830-4f07-a2f1-c38359c599be 0.210s
2025-04-10 19:55:19.261 69902 INFO tempest.common.waiters [-] State transition "BUILD/None" ==> "BUILD/networking" after 69 second wait
2025-04-10 19:55:19.338 69934 INFO tempest.lib.common.rest_client [req-330c7453-8aaa-4f3c-9a73-559a61867f44 req-330c7453-8aaa-4f3c-9a73-559a61867f44 ] Request (ServerShowV257Test:test_rebuild_server): 200 GET http://10.180.1.21/compute/v2.1/servers/61f7c74f-3d86-49a5-a6f7-13c9b1ae51f5 0.099s
2025-04-10 19:55:19.402 69918 INFO tempest.lib.common.rest_client [req-3249087f-eef2-4de6-8cac-ab9ffbd0375a req-3249087f-eef2-4de6-8cac-ab9ffbd0375a ] Request (ServersTestFqdnHostnames:test_create_server_with_fqdn_name): 200 GET http://10.180.1.21/compute/v2.1/servers/6735746d-c4a1-4d85-8806-ed80577a68f4 0.107s
2025-04-10 19:55:19.420 69890 INFO tempest.lib.common.rest_client [req-776b6905-ce98-4ac6-bcdc-b5709b7f7873 req-776b6905-ce98-4ac6-bcdc-b5709b7f7873 ] Request (ServersAdminNegativeTestJSON:test_migrate_server_invalid_state): 200 GET http://10.180.1.21/compute/v2.1/servers/99ea4526-6480-43fc-82f5-1b37c6f3a680 0.244s
2025-04-10 19:55:19.473 69884 INFO tempest.lib.common.rest_client [req-6ca277e1-aa99-4b97-98ef-ce70c88d7588 req-6ca277e1-aa99-4b97-98ef-ce70c88d7588 ] Request (AttachInterfacesTestJSON:test_create_list_show_delete_interfaces_by_fixed_ip): 200 GET http://10.180.1.21/compute/v2.1/servers/dc2479b6-2c26-42f7-b4a1-603e38fd3c17 0.173s
2025-04-10 19:55:19.497 69924 INFO tempest.lib.common.rest_client [req-e6605e1e-34ca-4e10-85e9-e3e9f975e6ab req-e6605e1e-34ca-4e10-85e9-e3e9f975e6ab ] Request (DeleteServersAdminTestJSON:test_delete_server_while_in_error_state): 200 GET http://10.180.1.21/compute/v2.1/servers/faf5ccd5-5f25-4331-9229-2e245106999c 0.132s
2025-04-10 19:55:19.565 69896 INFO tempest.lib.common.rest_client [req-e27c027f-39b6-4935-8d27-9932dd777ea7 req-e27c027f-39b6-4935-8d27-9932dd777ea7 ] Request (ServerRescueTestJSON:setUpClass): 200 GET http://10.180.1.21/compute/v2.1/servers/5a7759ca-a449-4619-96cb-71c78ac0e18f 0.124s
2025-04-10 19:55:19.636 69894 INFO tempest.lib.common.rest_client [req-cd191c36-0ced-4ab6-aa53-e045e66f0a0e req-cd191c36-0ced-4ab6-aa53-e045e66f0a0e ] Request (ServerMetadataTestJSON:setUpClass): 200 GET http://10.180.1.21/compute/v2.1/servers/8cc280a2-364e-4974-8a97-dd97599e194c 0.221s
2025-04-10 19:55:19.638 69942 INFO tempest.lib.common.rest_client [req-0ded0a21-c017-42c3-8b27-cb91e1ff5351 req-0ded0a21-c017-42c3-8b27-cb91e1ff5351 ] Request (ServersListShow298Test:test_list_show_update_rebuild_server_298): 200 GET http://10.180.1.21/compute/v2.1/servers/3bc77691-4c4d-47e3-aebf-7088296f490c 0.144s
2025-04-10 19:55:19.649 69894 INFO tempest.common.waiters [-] State transition "BUILD/spawning" ==> "ACTIVE/None" after 71 second wait
2025-04-10 19:55:19.689 69923 WARNING tempest.lib.common.ssh [-] Failed to establish authenticated ssh connection to cirros@10.180.180.144 ([Errno None] Unable to connect to port 22 on 10.180.180.144). Number attempts: 2. Retry after 3 seconds.: paramiko.ssh_exception.NoValidConnectionsError: [Errno None] Unable to connect to port 22 on 10.180.180.144
2025-04-10 19:55:19.691 69938 INFO tempest.lib.common.rest_client [req-b8d30506-b9d1-4f7f-877f-8ea99a7dc9f4 req-b8d30506-b9d1-4f7f-877f-8ea99a7dc9f4 ] Request (ServerActionsTestOtherA:setUpClass): 200 GET http://10.180.1.21/compute/v2.1/servers/bfdb04fc-7a85-4c98-9206-a4c44adeee9f 0.140s
2025-04-10 19:55:19.696 69898 INFO tempest.lib.common.rest_client [req-ae752549-064e-4c3a-9a7d-154fc914a7c2 req-ae752549-064e-4c3a-9a7d-154fc914a7c2 ] Request (ServerAddressesTestJSON:tearDownClass): 200 GET http://10.180.1.21/compute/v2.1/servers/3643a195-bc27-4ebd-b9cb-eead55f5cab0 0.184s
2025-04-10 19:55:19.741 69944 INFO tempest.lib.common.rest_client [req-824d262f-a9be-4c87-af02-836c0471e7de req-824d262f-a9be-4c87-af02-836c0471e7de ] Request (ServersAdminTestJSON:test_inject_network_info): 200 GET http://10.180.1.21/compute/v2.1/servers/a1675c15-3ae1-4865-9758-32e637cf9bdd 0.180s
2025-04-10 19:55:19.747 69886 INFO tempest.lib.common.rest_client [req-464118d6-6149-4567-896e-482b7231493f req-464118d6-6149-4567-896e-482b7231493f ] Request (ServerGroupTestJSON:test_create_server_with_scheduler_hint_group): 200 GET http://10.180.1.21/compute/v2.1/servers/4a66e4ec-fecc-4c29-87bb-199a5ae89900 0.124s
2025-04-10 19:55:19.794 69906 INFO tempest.lib.common.rest_client [req-a4741f5b-94a8-4055-95a4-145cd3899f4c req-a4741f5b-94a8-4055-95a4-145cd3899f4c ] Request (SecurityGroupsTestJSON:test_server_security_groups): 200 GET http://10.180.1.21/compute/v2.1/servers/536f8e5b-f15c-41c9-b3d2-e7d8c4f945c7 0.106s
2025-04-10 19:55:19.808 69894 INFO tempest.lib.common.rest_client [req-d6020751-76f1-4b80-a636-f298abfe592b req-d6020751-76f1-4b80-a636-f298abfe592b ] Request (ServerMetadataTestJSON:setUp): 200 PUT http://10.180.1.21/compute/v2.1/servers/8cc280a2-364e-4974-8a97-dd97599e194c/metadata 0.158s
2025-04-10 19:55:19.862 69904 INFO tempest.lib.common.rest_client [req-4306790a-9e9a-4bb1-89f0-40dd81c3cd61 req-4306790a-9e9a-4bb1-89f0-40dd81c3cd61 ] Request (ServersTestBootFromVolume:setUpClass): 200 GET http://10.180.1.21/compute/v2.1/servers/3f41873d-0120-468c-90ae-255ae2522b03 0.114s
2025-04-10 19:55:19.902 69892 INFO tempest.lib.common.rest_client [req-996b5d6d-439c-4be0-b22c-dc0772495ca6 req-996b5d6d-439c-4be0-b22c-dc0772495ca6 ] Request (ListImageFiltersTestJSON:tearDownClass): 200 GET http://10.180.1.21/compute/v2.1/servers/0fd0a5db-2f8e-43e2-a1d7-f44f26e28bb6 0.190s
2025-04-10 19:55:19.909 69932 INFO tempest.lib.common.rest_client [req-85a1a574-6ef7-493b-a1d7-d37790c38f5f req-85a1a574-6ef7-493b-a1d7-d37790c38f5f ] Request (ImagesTestJSON:test_create_image_from_suspended_server): 200 GET http://10.180.1.21/compute/v2.1/servers/4e4af816-c773-44c1-b6c7-18c7322ea874 0.142s
2025-04-10 19:55:19.933 69894 INFO tempest.lib.common.rest_client [req-78e3f249-398c-4dc5-8cf5-0cce5d3e925c req-78e3f249-398c-4dc5-8cf5-0cce5d3e925c ] Request (ServerMetadataTestJSON:test_delete_server_metadata_item): 204 DELETE http://10.180.1.21/compute/v2.1/servers/8cc280a2-364e-4974-8a97-dd97599e194c/metadata/key1 0.123s
2025-04-10 19:55:19.965 69908 INFO tempest.lib.common.rest_client [req-acb6aeaa-ab54-493b-911f-c0be66fb98bb req-acb6aeaa-ab54-493b-911f-c0be66fb98bb ] Request (ServerShowV247Test:tearDownClass): 200 GET http://10.180.1.21/compute/v2.1/servers/36d35b67-42c7-4fa2-843f-d49f6193ea39 0.119s
2025-04-10 19:55:20.016 69914 INFO tempest.lib.common.rest_client [req-bf403b1b-5ebb-4f2d-92c7-625e6f68f012 req-bf403b1b-5ebb-4f2d-92c7-625e6f68f012 ] Request (InstanceActionsTestJSON:setUpClass): 200 GET http://10.180.1.21/compute/v2.1/servers/6377f0cc-4624-4be1-9d43-d56c6ebd9688 0.124s
2025-04-10 19:55:20.028 69936 INFO tempest.lib.common.rest_client [req-7520eb50-186d-4d41-9c82-83767df9af42 req-7520eb50-186d-4d41-9c82-83767df9af42 ] Request (InstanceActionsNegativeTestJSON:setUpClass): 200 GET http://10.180.1.21/compute/v2.1/servers/161cc33d-d443-4e5e-a2cf-14ff9a5d9011 0.147s
2025-04-10 19:55:20.056 69894 INFO tempest.lib.common.rest_client [req-a407e3fc-c472-4ef3-a682-87a7ff48c93e req-a407e3fc-c472-4ef3-a682-87a7ff48c93e ] Request (ServerMetadataTestJSON:test_delete_server_metadata_item): 200 GET http://10.180.1.21/compute/v2.1/servers/8cc280a2-364e-4974-8a97-dd97599e194c/metadata 0.123s
2025-04-10 19:55:20.068 69931 INFO tempest.lib.common.rest_client [req-ef0fa99f-1893-4af3-9ee7-06298ad6e6e8 req-ef0fa99f-1893-4af3-9ee7-06298ad6e6e8 ] Request (FloatingIPsAssociationTestJSON:test_associate_already_associated_floating_ip): 200 GET http://10.180.1.21/compute/v2.1/servers/68f0dac2-cc55-4110-87c3-dcf1d9d05650 0.136s
2025-04-10 19:55:20.125 69940 INFO tempest.lib.common.rest_client [req-ca9ecb79-fc28-4e51-a36a-12dc7592be7a req-ca9ecb79-fc28-4e51-a36a-12dc7592be7a ] Request (ServersNegativeTestMultiTenantJSON:setUpClass): 200 GET http://10.180.1.21/compute/v2.1/servers/d1320149-04e3-4df5-bbf2-f09c1f1d0e3d 0.138s
2025-04-10 19:55:20.126 69888 INFO tempest.lib.common.rest_client [req-bd93c2f0-c678-4b51-80e6-eced866d825c req-bd93c2f0-c678-4b51-80e6-eced866d825c ] Request (DeleteServersTestJSON:test_delete_active_server): 200 GET http://10.180.1.21/compute/v2.1/servers/3bd97686-7586-4531-88da-cea7057302e8 0.176s
2025-04-10 19:55:20.403 69917 INFO tempest.lib.common.rest_client [req-7519355e-86bf-4be7-b2e4-69252b96fdbe req-7519355e-86bf-4be7-b2e4-69252b96fdbe ] Request (MigrationsAdminTest:test_resize_server_revert_deleted_flavor): 200 GET http://10.180.1.21/compute/v2.1/servers/d4e459bb-abd3-4676-ac4e-14a30681bd8b 0.363s
2025-04-10 19:55:20.404 69926 INFO tempest.lib.common.rest_client [req-ea9d4995-6562-46c7-a14b-228ca1a4663c req-ea9d4995-6562-46c7-a14b-228ca1a4663c ] Request (VolumesAdminNegativeTest:test_update_attached_volume_with_nonexistent_volume_in_body): 200 GET http://10.180.1.21/compute/v2.1/servers/f3ae9fe7-a43a-4bfb-a564-7f198d114b60 0.387s
2025-04-10 19:55:20.460 69894 INFO tempest.lib.common.rest_client [req-00ac3f4e-55cc-49e1-8f61-163b748cf0c6 req-00ac3f4e-55cc-49e1-8f61-163b748cf0c6 ] Request (ServerMetadataTestJSON:setUp): 200 PUT http://10.180.1.21/compute/v2.1/servers/8cc280a2-364e-4974-8a97-dd97599e194c/metadata 0.401s
2025-04-10 19:55:20.461 69946 INFO tempest.lib.common.rest_client [req-d9b1b71b-9037-4536-a596-c7240f4e1b2a req-d9b1b71b-9037-4536-a596-c7240f4e1b2a ] Request (ServersTestMultiNic:_run_cleanups): 200 GET http://10.180.1.21/compute/v2.1/servers/67c83959-a36f-4d69-97aa-0d5d871b514e 0.379s
2025-04-10 19:55:20.520 69920 INFO tempest.lib.common.rest_client [req-33c32dde-6482-4bd0-9019-78faef8f6c86 req-33c32dde-6482-4bd0-9019-78faef8f6c86 ] Request (ServersWithSpecificFlavorTestJSON:test_verify_created_server_ephemeral_disk): 200 GET http://10.180.1.21/compute/v2.1/servers/54b3b555-f24e-4eea-8c30-e659ce7395d3 0.332s
2025-04-10 19:55:20.572 69912 INFO tempest.lib.common.rest_client [req-84fc254b-c3af-4444-a28e-6dbbc64c23bb req-84fc254b-c3af-4444-a28e-6dbbc64c23bb ] Request (ServersAaction247Test:test_create_backup): 200 GET http://10.180.1.21/compute/v2.1/servers/a9289ae0-2986-4d24-9114-7458849302c6 0.309s
2025-04-10 19:55:20.573 69902 INFO tempest.lib.common.rest_client [req-ff00eb1a-3fdd-455e-a756-09cee3e79b3c req-ff00eb1a-3fdd-455e-a756-09cee3e79b3c ] Request (AttachInterfacesUnderV243Test:test_add_remove_fixed_ip): 200 GET http://10.180.1.21/compute/v2.1/servers/55949dd4-4830-4f07-a2f1-c38359c599be 0.311s
2025-04-10 19:55:20.580 69902 INFO tempest.common.waiters [-] State transition "BUILD/networking" ==> "BUILD/spawning" after 70 second wait
2025-04-10 19:55:20.626 69934 INFO tempest.lib.common.rest_client [req-e20310e0-7b72-4083-a0c0-c1184fee6d81 req-e20310e0-7b72-4083-a0c0-c1184fee6d81 ] Request (ServerShowV257Test:test_rebuild_server): 200 GET http://10.180.1.21/compute/v2.1/servers/61f7c74f-3d86-49a5-a6f7-13c9b1ae51f5 0.276s
2025-04-10 19:55:20.647 69918 INFO tempest.lib.common.rest_client [req-c9e68d2d-99ca-4018-a679-28e4539db26b req-c9e68d2d-99ca-4018-a679-28e4539db26b ] Request (ServersTestFqdnHostnames:test_create_server_with_fqdn_name): 200 GET http://10.180.1.21/compute/v2.1/servers/6735746d-c4a1-4d85-8806-ed80577a68f4 0.237s
2025-04-10 19:55:20.678 69894 INFO tempest.lib.common.rest_client [req-aff9189d-2fc8-48a4-a07a-14331b178930 req-aff9189d-2fc8-48a4-a07a-14331b178930 ] Request (ServerMetadataTestJSON:test_get_server_metadata_item): 200 GET http://10.180.1.21/compute/v2.1/servers/8cc280a2-364e-4974-8a97-dd97599e194c/metadata/key2 0.216s
2025-04-10 19:55:20.746 69884 INFO tempest.lib.common.rest_client [req-f3796657-861b-4ebe-bcfa-a94eca5cb70f req-f3796657-861b-4ebe-bcfa-a94eca5cb70f ] Request (AttachInterfacesTestJSON:test_create_list_show_delete_interfaces_by_fixed_ip): 200 GET http://10.180.1.21/compute/v2.1/servers/dc2479b6-2c26-42f7-b4a1-603e38fd3c17 0.258s
2025-04-10 19:55:20.781 69890 INFO tempest.lib.common.rest_client [req-aa4405a6-0143-4e79-802d-85bb2b5289c6 req-aa4405a6-0143-4e79-802d-85bb2b5289c6 ] Request (ServersAdminNegativeTestJSON:test_migrate_server_invalid_state): 200 GET http://10.180.1.21/compute/v2.1/servers/99ea4526-6480-43fc-82f5-1b37c6f3a680 0.354s
2025-04-10 19:55:20.795 69890 INFO tempest.common.waiters [-] State transition "ACTIVE/suspending" ==> "SUSPENDED/None" after 2 second wait
2025-04-10 19:55:20.812 69924 INFO tempest.lib.common.rest_client [req-08ec70e2-78e4-46a0-a36e-560c0f815d26 req-08ec70e2-78e4-46a0-a36e-560c0f815d26 ] Request (DeleteServersAdminTestJSON:test_delete_server_while_in_error_state): 200 GET http://10.180.1.21/compute/v2.1/servers/faf5ccd5-5f25-4331-9229-2e245106999c 0.300s
2025-04-10 19:55:20.842 69896 INFO tempest.lib.common.rest_client [req-5c22e1d2-fa4d-4e42-97a3-502e395564c7 req-5c22e1d2-fa4d-4e42-97a3-502e395564c7 ] Request (ServerRescueTestJSON:setUpClass): 200 GET http://10.180.1.21/compute/v2.1/servers/5a7759ca-a449-4619-96cb-71c78ac0e18f 0.268s
2025-04-10 19:55:20.884 69942 INFO tempest.lib.common.rest_client [req-30a9df18-9a22-4630-a791-5d646d994147 req-30a9df18-9a22-4630-a791-5d646d994147 ] Request (ServersListShow298Test:test_list_show_update_rebuild_server_298): 200 GET http://10.180.1.21/compute/v2.1/servers/3bc77691-4c4d-47e3-aebf-7088296f490c 0.234s
2025-04-10 19:55:20.908 69894 INFO tempest.lib.common.rest_client [req-b94e91c6-d7ec-4cca-95e4-b52fc3c2caf5 req-b94e91c6-d7ec-4cca-95e4-b52fc3c2caf5 ] Request (ServerMetadataTestJSON:setUp): 200 PUT http://10.180.1.21/compute/v2.1/servers/8cc280a2-364e-4974-8a97-dd97599e194c/metadata 0.228s
2025-04-10 19:55:20.962 69938 INFO tempest.lib.common.rest_client [req-cdb872e6-6013-435d-9d64-4f4eb0441d99 req-cdb872e6-6013-435d-9d64-4f4eb0441d99 ] Request (ServerActionsTestOtherA:setUpClass): 200 GET http://10.180.1.21/compute/v2.1/servers/bfdb04fc-7a85-4c98-9206-a4c44adeee9f 0.264s
2025-04-10 19:55:20.969 69938 INFO tempest.common.waiters [-] State transition "BUILD/scheduling" ==> "BUILD/None" after 53 second wait
2025-04-10 19:55:20.973 69898 INFO tempest.lib.common.rest_client [req-3c26fb56-f3ea-466b-abf8-f2afbe6dbbf9 req-3c26fb56-f3ea-466b-abf8-f2afbe6dbbf9 ] Request (ServerAddressesTestJSON:tearDownClass): 200 GET http://10.180.1.21/compute/v2.1/servers/3643a195-bc27-4ebd-b9cb-eead55f5cab0 0.269s
2025-04-10 19:55:21.023 69944 INFO tempest.lib.common.rest_client [req-07fe448f-de77-4168-95a5-45f468940076 req-07fe448f-de77-4168-95a5-45f468940076 ] Request (ServersAdminTestJSON:test_inject_network_info): 200 GET http://10.180.1.21/compute/v2.1/servers/a1675c15-3ae1-4865-9758-32e637cf9bdd 0.270s
2025-04-10 19:55:21.028 69886 INFO tempest.lib.common.rest_client [req-229e28cf-38eb-4843-bd66-315a9ea604f4 req-229e28cf-38eb-4843-bd66-315a9ea604f4 ] Request (ServerGroupTestJSON:test_create_server_with_scheduler_hint_group): 200 GET http://10.180.1.21/compute/v2.1/servers/4a66e4ec-fecc-4c29-87bb-199a5ae89900 0.274s
2025-04-10 19:55:21.076 69906 INFO tempest.lib.common.rest_client [req-9a2da4c2-768f-4dbb-bc08-4c1470508906 req-9a2da4c2-768f-4dbb-bc08-4c1470508906 ] Request (SecurityGroupsTestJSON:test_server_security_groups): 200 GET http://10.180.1.21/compute/v2.1/servers/536f8e5b-f15c-41c9-b3d2-e7d8c4f945c7 0.274s
2025-04-10 19:55:21.084 69890 INFO tempest.lib.common.rest_client [req-da464e37-085a-420f-af84-02a077dd2a99 req-da464e37-085a-420f-af84-02a077dd2a99 ] Request (ServersAdminNegativeTestJSON:test_migrate_server_invalid_state): 409 POST http://10.180.1.21/compute/v2.1/servers/99ea4526-6480-43fc-82f5-1b37c6f3a680/action 0.288s
2025-04-10 19:55:21.107 69894 INFO tempest.lib.common.rest_client [req-1bc52fdc-b7a9-40be-8987-53bd26e82bde req-1bc52fdc-b7a9-40be-8987-53bd26e82bde ] Request (ServerMetadataTestJSON:test_list_server_metadata): 200 GET http://10.180.1.21/compute/v2.1/servers/8cc280a2-364e-4974-8a97-dd97599e194c/metadata 0.198s
2025-04-10 19:55:21.135 69904 INFO tempest.lib.common.rest_client [req-86a90448-835d-4b95-a3d0-3ca8926c7d31 req-86a90448-835d-4b95-a3d0-3ca8926c7d31 ] Request (ServersTestBootFromVolume:setUpClass): 200 GET http://10.180.1.21/compute/v2.1/servers/3f41873d-0120-468c-90ae-255ae2522b03 0.265s
2025-04-10 19:55:21.171 69892 INFO tempest.lib.common.rest_client [req-4a30d6c7-200f-46db-a336-9fd72d28819d req-4a30d6c7-200f-46db-a336-9fd72d28819d ] Request (ListImageFiltersTestJSON:tearDownClass): 200 GET http://10.180.1.21/compute/v2.1/servers/0fd0a5db-2f8e-43e2-a1d7-f44f26e28bb6 0.261s
2025-04-10 19:55:21.191 69932 INFO tempest.lib.common.rest_client [req-bc92fb96-86b8-4c34-a5a3-0e4ed81ccbe3 req-bc92fb96-86b8-4c34-a5a3-0e4ed81ccbe3 ] Request (ImagesTestJSON:test_create_image_from_suspended_server): 200 GET http://10.180.1.21/compute/v2.1/servers/4e4af816-c773-44c1-b6c7-18c7322ea874 0.275s
2025-04-10 19:55:21.192 69908 INFO tempest.lib.common.rest_client [req-ef32bc20-e920-4d74-99b3-3dbf8f0d0c96 req-ef32bc20-e920-4d74-99b3-3dbf8f0d0c96 ] Request (ServerShowV247Test:tearDownClass): 404 GET http://10.180.1.21/compute/v2.1/servers/36d35b67-42c7-4fa2-843f-d49f6193ea39 0.218s
2025-04-10 19:55:21.256 69914 INFO tempest.lib.common.rest_client [req-7a37e2ae-c6e9-455f-ba4b-06451de45fc4 req-7a37e2ae-c6e9-455f-ba4b-06451de45fc4 ] Request (InstanceActionsTestJSON:setUpClass): 200 GET http://10.180.1.21/compute/v2.1/servers/6377f0cc-4624-4be1-9d43-d56c6ebd9688 0.231s
2025-04-10 19:55:21.317 69931 INFO tempest.lib.common.rest_client [req-39f6a8e1-0960-44d5-86d3-e7632cf29ba8 req-39f6a8e1-0960-44d5-86d3-e7632cf29ba8 ] Request (FloatingIPsAssociationTestJSON:test_associate_already_associated_floating_ip): 200 GET http://10.180.1.21/compute/v2.1/servers/68f0dac2-cc55-4110-87c3-dcf1d9d05650 0.241s
2025-04-10 19:55:21.322 69890 INFO tempest.lib.common.rest_client [req-9235048f-7887-457e-9256-6949edbb9a9f req-9235048f-7887-457e-9256-6949edbb9a9f ] Request (ServersAdminNegativeTestJSON:test_reset_state_server_invalid_state): 400 POST http://10.180.1.21/compute/v2.1/servers/ce35adfd-a14a-49df-b054-71c6eef3e21b/action 0.236s
2025-04-10 19:55:21.332 69936 INFO tempest.lib.common.rest_client [req-6e71c91f-8aca-4b61-a819-036feebd86f5 req-6e71c91f-8aca-4b61-a819-036feebd86f5 ] Request (InstanceActionsNegativeTestJSON:setUpClass): 200 GET http://10.180.1.21/compute/v2.1/servers/161cc33d-d443-4e5e-a2cf-14ff9a5d9011 0.294s
2025-04-10 19:55:21.372 69894 INFO tempest.lib.common.rest_client [req-fe26b7a9-7e5b-40a4-9c13-30a551e090fa req-fe26b7a9-7e5b-40a4-9c13-30a551e090fa ] Request (ServerMetadataTestJSON:setUp): 200 PUT http://10.180.1.21/compute/v2.1/servers/8cc280a2-364e-4974-8a97-dd97599e194c/metadata 0.263s
2025-04-10 19:55:21.390 69940 INFO tempest.lib.common.rest_client [req-1fc3a2bf-c57a-420c-a767-58ed48f9905b req-1fc3a2bf-c57a-420c-a767-58ed48f9905b ] Request (ServersNegativeTestMultiTenantJSON:setUpClass): 200 GET http://10.180.1.21/compute/v2.1/servers/d1320149-04e3-4df5-bbf2-f09c1f1d0e3d 0.257s
2025-04-10 19:55:21.422 69888 INFO tempest.lib.common.rest_client [req-6f7f27f3-c36c-4c6c-baf5-29e2fc45de8f req-6f7f27f3-c36c-4c6c-baf5-29e2fc45de8f ] Request (DeleteServersTestJSON:test_delete_active_server): 200 GET http://10.180.1.21/compute/v2.1/servers/3bd97686-7586-4531-88da-cea7057302e8 0.288s
2025-04-10 19:55:21.427 69890 INFO tempest.lib.common.rest_client [req-deda9a37-9843-4c9e-b3b6-4c2291ac945b req-deda9a37-9843-4c9e-b3b6-4c2291ac945b ] Request (ServersAdminNegativeTestJSON:test_reset_state_server_invalid_type): 400 POST http://10.180.1.21/compute/v2.1/servers/ce35adfd-a14a-49df-b054-71c6eef3e21b/action 0.103s
2025-04-10 19:55:21.470 69908 INFO tempest.lib.common.rest_client [req-6a7dd9ae-693f-4585-84c4-e1f9e90eada8 req-6a7dd9ae-693f-4585-84c4-e1f9e90eada8 ] Request (ServerShowV247Test:tearDownClass): 204 DELETE http://10.180.1.21/compute/v2.1/servers/a43e75ac-286e-4153-888b-a88b1f44909a 0.277s
2025-04-10 19:55:21.491 69894 INFO tempest.lib.common.rest_client [req-8771e3e0-0b77-4698-9953-426822f3aa32 req-8771e3e0-0b77-4698-9953-426822f3aa32 ] Request (ServerMetadataTestJSON:test_set_server_metadata): 200 PUT http://10.180.1.21/compute/v2.1/servers/8cc280a2-364e-4974-8a97-dd97599e194c/metadata 0.118s
2025-04-10 19:55:21.520 69917 INFO tempest.lib.common.rest_client [req-ffa55af1-7101-4fb3-90e0-343d6b6c0538 req-ffa55af1-7101-4fb3-90e0-343d6b6c0538 ] Request (MigrationsAdminTest:test_resize_server_revert_deleted_flavor): 200 GET http://10.180.1.21/compute/v2.1/servers/d4e459bb-abd3-4676-ac4e-14a30681bd8b 0.109s
2025-04-10 19:55:21.526 69890 INFO tempest.lib.common.rest_client [req-4642bccf-32ba-4ec2-bdbc-540f3238c283 req-4642bccf-32ba-4ec2-bdbc-540f3238c283 ] Request (ServersAdminNegativeTestJSON:test_reset_state_server_nonexistent_server): 404 POST http://10.180.1.21/compute/v2.1/servers/999/action 0.097s
2025-04-10 19:55:21.539 69926 INFO tempest.lib.common.rest_client [req-53d1f506-6ded-4705-b9d1-b8d8806a476b req-53d1f506-6ded-4705-b9d1-b8d8806a476b ] Request (VolumesAdminNegativeTest:test_update_attached_volume_with_nonexistent_volume_in_body): 200 GET http://10.180.1.21/compute/v2.1/servers/f3ae9fe7-a43a-4bfb-a564-7f198d114b60 0.126s
2025-04-10 19:55:21.583 69946 INFO tempest.lib.common.rest_client [req-22c70f42-4129-49eb-8287-415e35687016 req-22c70f42-4129-49eb-8287-415e35687016 ] Request (ServersTestMultiNic:_run_cleanups): 200 GET http://10.180.1.21/compute/v2.1/servers/67c83959-a36f-4d69-97aa-0d5d871b514e 0.113s
2025-04-10 19:55:21.591 69908 INFO tempest.lib.common.rest_client [req-afb4634e-f2fa-4dfe-8093-7f5082025c9f req-afb4634e-f2fa-4dfe-8093-7f5082025c9f ] Request (ServerShowV247Test:tearDownClass): 200 GET http://10.180.1.21/compute/v2.1/servers/a43e75ac-286e-4153-888b-a88b1f44909a 0.119s
2025-04-10 19:55:21.611 69894 INFO tempest.lib.common.rest_client [req-d84af133-4b96-4350-8fd6-611255aec0a6 req-d84af133-4b96-4350-8fd6-611255aec0a6 ] Request (ServerMetadataTestJSON:test_set_server_metadata): 200 GET http://10.180.1.21/compute/v2.1/servers/8cc280a2-364e-4974-8a97-dd97599e194c/metadata 0.119s
2025-04-10 19:55:21.658 69920 INFO tempest.lib.common.rest_client [req-8845b33c-6776-467e-85ff-41a510dc6e66 req-8845b33c-6776-467e-85ff-41a510dc6e66 ] Request (ServersWithSpecificFlavorTestJSON:test_verify_created_server_ephemeral_disk): 200 GET http://10.180.1.21/compute/v2.1/servers/54b3b555-f24e-4eea-8c30-e659ce7395d3 0.128s
2025-04-10 19:55:21.671 69890 INFO tempest.lib.common.rest_client [req-731c3f4f-6079-4998-83cb-4427e9748548 req-731c3f4f-6079-4998-83cb-4427e9748548 ] Request (ServersAdminNegativeTestJSON:test_resize_server_using_overlimit_ram): 200 GET http://10.180.1.21/compute/v2.1/os-quota-sets/475c152d32294f23b4d51fc1b3ae901f 0.144s
2025-04-10 19:55:21.709 69912 INFO tempest.lib.common.rest_client [req-a10a023d-ee62-4450-b937-ee70a66ee182 req-a10a023d-ee62-4450-b937-ee70a66ee182 ] Request (ServersAaction247Test:test_create_backup): 200 GET http://10.180.1.21/compute/v2.1/servers/a9289ae0-2986-4d24-9114-7458849302c6 0.128s
2025-04-10 19:55:21.775 69894 INFO tempest.lib.common.rest_client [req-9460f39d-a4a5-437b-a95d-7611e68ee7ff req-9460f39d-a4a5-437b-a95d-7611e68ee7ff ] Request (ServerMetadataTestJSON:setUp): 200 PUT http://10.180.1.21/compute/v2.1/servers/8cc280a2-364e-4974-8a97-dd97599e194c/metadata 0.163s
2025-04-10 19:55:21.776 69902 INFO tempest.lib.common.rest_client [req-a6393f3f-83b4-4ae5-b3af-96f7964379de req-a6393f3f-83b4-4ae5-b3af-96f7964379de ] Request (AttachInterfacesUnderV243Test:test_add_remove_fixed_ip): 200 GET http://10.180.1.21/compute/v2.1/servers/55949dd4-4830-4f07-a2f1-c38359c599be 0.195s
2025-04-10 19:55:21.829 69934 INFO tempest.lib.common.rest_client [req-07006f67-7476-4bab-8e88-8ba0c74190f7 req-07006f67-7476-4bab-8e88-8ba0c74190f7 ] Request (ServerShowV257Test:test_rebuild_server): 200 GET http://10.180.1.21/compute/v2.1/servers/61f7c74f-3d86-49a5-a6f7-13c9b1ae51f5 0.193s
2025-04-10 19:55:21.834 69918 INFO tempest.lib.common.rest_client [req-5eaa6491-ce4e-4ce2-9611-5e78e38817a2 req-5eaa6491-ce4e-4ce2-9611-5e78e38817a2 ] Request (ServersTestFqdnHostnames:test_create_server_with_fqdn_name): 200 GET http://10.180.1.21/compute/v2.1/servers/6735746d-c4a1-4d85-8806-ed80577a68f4 0.176s
2025-04-10 19:55:21.845 69890 INFO tempest.lib.common.rest_client [req-fec4cf96-8eb6-4cb8-8033-20d96ef7056c req-fec4cf96-8eb6-4cb8-8033-20d96ef7056c ] Request (ServersAdminNegativeTestJSON:test_resize_server_using_overlimit_ram): 200 POST http://10.180.1.21/compute/v2.1/flavors 0.171s
2025-04-10 19:55:21.882 69884 INFO tempest.lib.common.rest_client [req-6a53c5d6-ddf0-4384-9916-5e7ab28f7160 req-6a53c5d6-ddf0-4384-9916-5e7ab28f7160 ] Request (AttachInterfacesTestJSON:test_create_list_show_delete_interfaces_by_fixed_ip): 200 GET http://10.180.1.21/compute/v2.1/servers/dc2479b6-2c26-42f7-b4a1-603e38fd3c17 0.118s
2025-04-10 19:55:21.901 69894 INFO tempest.lib.common.rest_client [req-e2487539-b861-4087-a7d6-be5a17f2c520 req-e2487539-b861-4087-a7d6-be5a17f2c520 ] Request (ServerMetadataTestJSON:test_set_server_metadata_item): 200 PUT http://10.180.1.21/compute/v2.1/servers/8cc280a2-364e-4974-8a97-dd97599e194c/metadata/nova 0.125s
2025-04-10 19:55:21.942 69924 INFO tempest.lib.common.rest_client [req-66e52b20-0c4f-459c-98b1-d7146a25cfc3 req-66e52b20-0c4f-459c-98b1-d7146a25cfc3 ] Request (DeleteServersAdminTestJSON:test_delete_server_while_in_error_state): 200 GET http://10.180.1.21/compute/v2.1/servers/faf5ccd5-5f25-4331-9229-2e245106999c 0.122s
2025-04-10 19:55:21.988 69896 INFO tempest.lib.common.rest_client [req-c8244d1b-1970-41d7-b1d8-44e1ed9f2363 req-c8244d1b-1970-41d7-b1d8-44e1ed9f2363 ] Request (ServerRescueTestJSON:setUpClass): 200 GET http://10.180.1.21/compute/v2.1/servers/5a7759ca-a449-4619-96cb-71c78ac0e18f 0.138s
2025-04-10 19:55:22.006 69890 INFO tempest.lib.common.rest_client [req-f5ce2590-4e33-48ae-85e7-6cab28199183 req-f5ce2590-4e33-48ae-85e7-6cab28199183 ] Request (ServersAdminNegativeTestJSON:test_resize_server_using_overlimit_ram): 403 POST http://10.180.1.21/compute/v2.1/servers/ce35adfd-a14a-49df-b054-71c6eef3e21b/action 0.159s
2025-04-10 19:55:22.029 69894 INFO tempest.lib.common.rest_client [req-80c2435d-5aa3-4935-a13a-d96332992846 req-80c2435d-5aa3-4935-a13a-d96332992846 ] Request (ServerMetadataTestJSON:test_set_server_metadata_item): 200 GET http://10.180.1.21/compute/v2.1/servers/8cc280a2-364e-4974-8a97-dd97599e194c/metadata 0.126s
2025-04-10 19:55:22.057 69942 INFO tempest.lib.common.rest_client [req-60b440fd-bb06-4fa1-b0bf-4bd7ea4694f8 req-60b440fd-bb06-4fa1-b0bf-4bd7ea4694f8 ] Request (ServersListShow298Test:test_list_show_update_rebuild_server_298): 200 GET http://10.180.1.21/compute/v2.1/servers/3bc77691-4c4d-47e3-aebf-7088296f490c 0.161s
2025-04-10 19:55:22.084 69938 INFO tempest.lib.common.rest_client [req-53d5f47c-c11b-490c-9285-01b55a52fec9 req-53d5f47c-c11b-490c-9285-01b55a52fec9 ] Request (ServerActionsTestOtherA:setUpClass): 200 GET http://10.180.1.21/compute/v2.1/servers/bfdb04fc-7a85-4c98-9206-a4c44adeee9f 0.113s
2025-04-10 19:55:22.099 69890 INFO tempest.lib.common.rest_client [req-f1a60630-bf48-4b02-b224-00ca4aef8257 req-f1a60630-bf48-4b02-b224-00ca4aef8257 ] Request (ServersAdminNegativeTestJSON:_run_cleanups): 202 DELETE http://10.180.1.21/compute/v2.1/flavors/774009656 0.092s
2025-04-10 19:55:22.124 69898 INFO tempest.lib.common.rest_client [req-2e58a222-dbfa-4a9d-83d6-6226fd704561 req-2e58a222-dbfa-4a9d-83d6-6226fd704561 ] Request (ServerAddressesTestJSON:tearDownClass): 200 GET http://10.180.1.21/compute/v2.1/servers/3643a195-bc27-4ebd-b9cb-eead55f5cab0 0.143s
2025-04-10 19:55:22.150 69894 INFO tempest.lib.common.rest_client [req-d64a7b89-71b8-48b7-8c32-bbe0ec5bab92 req-d64a7b89-71b8-48b7-8c32-bbe0ec5bab92 ] Request (ServerMetadataTestJSON:setUp): 200 PUT http://10.180.1.21/compute/v2.1/servers/8cc280a2-364e-4974-8a97-dd97599e194c/metadata 0.119s
2025-04-10 19:55:22.183 69944 INFO tempest.lib.common.rest_client [req-e922af36-6300-4b59-bae9-854bd55896b1 req-e922af36-6300-4b59-bae9-854bd55896b1 ] Request (ServersAdminTestJSON:test_inject_network_info): 200 GET http://10.180.1.21/compute/v2.1/servers/a1675c15-3ae1-4865-9758-32e637cf9bdd 0.150s
2025-04-10 19:55:22.197 69886 INFO tempest.lib.common.rest_client [req-ac146391-fd8c-4ebe-ba1f-33fc78c02b94 req-ac146391-fd8c-4ebe-ba1f-33fc78c02b94 ] Request (ServerGroupTestJSON:test_create_server_with_scheduler_hint_group): 200 GET http://10.180.1.21/compute/v2.1/servers/4a66e4ec-fecc-4c29-87bb-199a5ae89900 0.160s
2025-04-10 19:55:22.218 69890 INFO tempest.lib.common.rest_client [req-50e94b50-b5e3-4fb4-9f7f-ee68058501b5 req-50e94b50-b5e3-4fb4-9f7f-ee68058501b5 ] Request (ServersAdminNegativeTestJSON:_run_cleanups): 200 GET http://10.180.1.21/compute/v2.1/flavors/detail 0.118s
2025-04-10 19:55:22.239 69906 INFO tempest.lib.common.rest_client [req-e9e20b0a-9aad-44ce-9fc7-67131658226c req-e9e20b0a-9aad-44ce-9fc7-67131658226c ] Request (SecurityGroupsTestJSON:test_server_security_groups): 200 GET http://10.180.1.21/compute/v2.1/servers/536f8e5b-f15c-41c9-b3d2-e7d8c4f945c7 0.154s
2025-04-10 19:55:22.260 69904 INFO tempest.lib.common.rest_client [req-d65cfc6e-b59d-4027-aa33-082a45842e48 req-d65cfc6e-b59d-4027-aa33-082a45842e48 ] Request (ServersTestBootFromVolume:setUpClass): 200 GET http://10.180.1.21/compute/v2.1/servers/3f41873d-0120-468c-90ae-255ae2522b03 0.118s
2025-04-10 19:55:22.288 69894 INFO tempest.lib.common.rest_client [req-448c1bfe-ea1c-4c01-907c-32e5cd72d698 req-448c1bfe-ea1c-4c01-907c-32e5cd72d698 ] Request (ServerMetadataTestJSON:test_update_metadata_empty_body): 200 POST http://10.180.1.21/compute/v2.1/servers/8cc280a2-364e-4974-8a97-dd97599e194c/metadata 0.137s
2025-04-10 19:55:22.315 69892 INFO tempest.lib.common.rest_client [req-7c759fcf-84e6-4d79-8303-dd02160e40c5 req-7c759fcf-84e6-4d79-8303-dd02160e40c5 ] Request (ListImageFiltersTestJSON:tearDownClass): 200 GET http://10.180.1.21/compute/v2.1/servers/0fd0a5db-2f8e-43e2-a1d7-f44f26e28bb6 0.135s
2025-04-10 19:55:22.325 69892 INFO tempest.common.waiters [-] State transition "ACTIVE/deleting" ==> "DELETED/None" after 4 second wait
2025-04-10 19:55:22.335 69932 INFO tempest.lib.common.rest_client [req-0a8f4b40-f959-47f2-877d-5c5296050497 req-0a8f4b40-f959-47f2-877d-5c5296050497 ] Request (ImagesTestJSON:test_create_image_from_suspended_server): 200 GET http://10.180.1.21/compute/v2.1/servers/4e4af816-c773-44c1-b6c7-18c7322ea874 0.135s
2025-04-10 19:55:22.348 69890 INFO tempest.lib.common.rest_client [req-c7112363-0b43-4808-ad08-5ea580238bb2 req-c7112363-0b43-4808-ad08-5ea580238bb2 ] Request (ServersAdminNegativeTestJSON:test_resize_server_using_overlimit_vcpus): 200 GET http://10.180.1.21/compute/v2.1/os-quota-sets/475c152d32294f23b4d51fc1b3ae901f 0.124s
2025-04-10 19:55:22.370 69894 INFO tempest.lib.common.rest_client [req-c8f3bcb8-059d-47fe-85d2-1b5011922ec7 req-c8f3bcb8-059d-47fe-85d2-1b5011922ec7 ] Request (ServerMetadataTestJSON:test_update_metadata_empty_body): 200 GET http://10.180.1.21/compute/v2.1/servers/8cc280a2-364e-4974-8a97-dd97599e194c/metadata 0.080s
2025-04-10 19:55:22.377 69914 INFO tempest.lib.common.rest_client [req-d67340cd-afc9-460e-bd86-e526ecb7f984 req-d67340cd-afc9-460e-bd86-e526ecb7f984 ] Request (InstanceActionsTestJSON:setUpClass): 200 GET http://10.180.1.21/compute/v2.1/servers/6377f0cc-4624-4be1-9d43-d56c6ebd9688 0.110s
2025-04-10 19:55:22.417 69931 INFO tempest.lib.common.rest_client [req-f48b44c4-9d9a-43e7-9b39-dea7e729ee6f req-f48b44c4-9d9a-43e7-9b39-dea7e729ee6f ] Request (FloatingIPsAssociationTestJSON:test_associate_already_associated_floating_ip): 200 GET http://10.180.1.21/compute/v2.1/servers/68f0dac2-cc55-4110-87c3-dcf1d9d05650 0.092s
2025-04-10 19:55:22.433 69890 INFO tempest.lib.common.rest_client [req-b71029f7-d650-486c-9e6f-80beebaa03a6 req-b71029f7-d650-486c-9e6f-80beebaa03a6 ] Request (ServersAdminNegativeTestJSON:test_resize_server_using_overlimit_vcpus): 200 POST http://10.180.1.21/compute/v2.1/flavors 0.083s
2025-04-10 19:55:22.483 69894 INFO tempest.lib.common.rest_client [req-32e5c050-98a9-473d-80ef-764a4a031bd2 req-32e5c050-98a9-473d-80ef-764a4a031bd2 ] Request (ServerMetadataTestJSON:setUp): 200 PUT http://10.180.1.21/compute/v2.1/servers/8cc280a2-364e-4974-8a97-dd97599e194c/metadata 0.112s
2025-04-10 19:55:22.491 69936 INFO tempest.lib.common.rest_client [req-5c09bd54-13ec-4d35-b13e-790fc06f0138 req-5c09bd54-13ec-4d35-b13e-790fc06f0138 ] Request (InstanceActionsNegativeTestJSON:setUpClass): 200 GET http://10.180.1.21/compute/v2.1/servers/161cc33d-d443-4e5e-a2cf-14ff9a5d9011 0.151s
2025-04-10 19:55:22.546 69940 INFO tempest.lib.common.rest_client [req-74893f76-0e01-4bee-8457-21d5a2bd5857 req-74893f76-0e01-4bee-8457-21d5a2bd5857 ] Request (ServersNegativeTestMultiTenantJSON:setUpClass): 200 GET http://10.180.1.21/compute/v2.1/servers/d1320149-04e3-4df5-bbf2-f09c1f1d0e3d 0.142s
2025-04-10 19:55:22.547 69888 INFO tempest.lib.common.rest_client [req-a5f91a63-775e-4c2e-a37f-4b1b0d49f540 req-a5f91a63-775e-4c2e-a37f-4b1b0d49f540 ] Request (DeleteServersTestJSON:test_delete_active_server): 200 GET http://10.180.1.21/compute/v2.1/servers/3bd97686-7586-4531-88da-cea7057302e8 0.117s
2025-04-10 19:55:22.600 69894 INFO tempest.lib.common.rest_client [req-491c20c3-547d-4254-a93d-f0fd0b606dc8 req-491c20c3-547d-4254-a93d-f0fd0b606dc8 ] Request (ServerMetadataTestJSON:test_update_server_metadata): 200 POST http://10.180.1.21/compute/v2.1/servers/8cc280a2-364e-4974-8a97-dd97599e194c/metadata 0.116s
2025-04-10 19:55:22.607 69890 INFO tempest.lib.common.rest_client [req-1087b84f-3e76-46d7-806d-b8a40ff33a9a req-1087b84f-3e76-46d7-806d-b8a40ff33a9a ] Request (ServersAdminNegativeTestJSON:test_resize_server_using_overlimit_vcpus): 403 POST http://10.180.1.21/compute/v2.1/servers/ce35adfd-a14a-49df-b054-71c6eef3e21b/action 0.172s
2025-04-10 19:55:22.656 69917 INFO tempest.lib.common.rest_client [req-6c65d9ca-fc71-45d7-bafe-d6587b57dc5c req-6c65d9ca-fc71-45d7-bafe-d6587b57dc5c ] Request (MigrationsAdminTest:test_resize_server_revert_deleted_flavor): 200 GET http://10.180.1.21/compute/v2.1/servers/d4e459bb-abd3-4676-ac4e-14a30681bd8b 0.127s
2025-04-10 19:55:22.658 69926 INFO tempest.lib.common.rest_client [req-496453d5-8f52-4734-8ced-f6af14092775 req-496453d5-8f52-4734-8ced-f6af14092775 ] Request (VolumesAdminNegativeTest:test_update_attached_volume_with_nonexistent_volume_in_body): 200 GET http://10.180.1.21/compute/v2.1/servers/f3ae9fe7-a43a-4bfb-a564-7f198d114b60 0.111s
2025-04-10 19:55:22.709 69946 INFO tempest.lib.common.rest_client [req-eb6882eb-ac13-40c7-8901-839351fa538b req-eb6882eb-ac13-40c7-8901-839351fa538b ] Request (ServersTestMultiNic:_run_cleanups): 200 GET http://10.180.1.21/compute/v2.1/servers/67c83959-a36f-4d69-97aa-0d5d871b514e 0.118s
2025-04-10 19:55:22.729 69908 INFO tempest.lib.common.rest_client [req-9dc2f339-ac2c-4244-b7ac-4f4767e239cf req-9dc2f339-ac2c-4244-b7ac-4f4767e239cf ] Request (ServerShowV247Test:tearDownClass): 200 GET http://10.180.1.21/compute/v2.1/servers/a43e75ac-286e-4153-888b-a88b1f44909a 0.129s
2025-04-10 19:55:22.735 69894 INFO tempest.lib.common.rest_client [req-9667c3a4-7f4c-48c2-b54d-1d19a095e073 req-9667c3a4-7f4c-48c2-b54d-1d19a095e073 ] Request (ServerMetadataTestJSON:test_update_server_metadata): 200 GET http://10.180.1.21/compute/v2.1/servers/8cc280a2-364e-4974-8a97-dd97599e194c/metadata 0.134s
2025-04-10 19:55:22.742 69890 INFO tempest.lib.common.rest_client [req-44f0eee8-d05a-4728-82b1-7fc254c30766 req-44f0eee8-d05a-4728-82b1-7fc254c30766 ] Request (ServersAdminNegativeTestJSON:_run_cleanups): 202 DELETE http://10.180.1.21/compute/v2.1/flavors/820508166 0.135s
2025-04-10 19:55:22.786 69920 INFO tempest.lib.common.rest_client [req-22e776aa-faa2-493f-a10f-ce2b7abb8465 req-22e776aa-faa2-493f-a10f-ce2b7abb8465 ] Request (ServersWithSpecificFlavorTestJSON:test_verify_created_server_ephemeral_disk): 200 GET http://10.180.1.21/compute/v2.1/servers/54b3b555-f24e-4eea-8c30-e659ce7395d3 0.121s
2025-04-10 19:55:22.794 69912 INFO tempest.lib.common.rest_client [req-c3752fa5-64d1-432f-a462-db4b7fdf72f8 req-c3752fa5-64d1-432f-a462-db4b7fdf72f8 ] Request (ServersAaction247Test:test_create_backup): 200 GET http://10.180.1.21/compute/v2.1/servers/a9289ae0-2986-4d24-9114-7458849302c6 0.076s
2025-04-10 19:55:22.820 69890 INFO tempest.lib.common.rest_client [req-0ddf267a-719c-4819-8623-b1da779e1834 req-0ddf267a-719c-4819-8623-b1da779e1834 ] Request (ServersAdminNegativeTestJSON:_run_cleanups): 200 GET http://10.180.1.21/compute/v2.1/flavors/detail 0.078s
2025-04-10 19:55:22.866 69894 INFO tempest.lib.common.rest_client [req-b037e463-6651-45ff-81d1-4d855847c5e4 req-b037e463-6651-45ff-81d1-4d855847c5e4 ] Request (ServerMetadataTestJSON:tearDownClass): 204 DELETE http://10.180.1.21/compute/v2.1/servers/8cc280a2-364e-4974-8a97-dd97599e194c 0.128s
2025-04-10 19:55:22.889 69900 WARNING tempest.lib.common.ssh [-] Failed to establish authenticated ssh connection to cirros@10.180.180.161 ([Errno None] Unable to connect to port 22 on 10.180.180.161). Number attempts: 4. Retry after 5 seconds.: paramiko.ssh_exception.NoValidConnectionsError: [Errno None] Unable to connect to port 22 on 10.180.180.161
2025-04-10 19:55:22.893 69890 INFO tempest.lib.common.rest_client [req-3ec9d92b-c8bb-41e5-ad16-b0f490de3907 req-3ec9d92b-c8bb-41e5-ad16-b0f490de3907 ] Request (ServersAdminNegativeTestJSON:test_restore_server_invalid_state): 409 POST http://10.180.1.21/compute/v2.1/servers/ce35adfd-a14a-49df-b054-71c6eef3e21b/action 0.066s
2025-04-10 19:55:22.937 69902 INFO tempest.lib.common.rest_client [req-b193f792-f961-46ca-9188-7c154b100e01 req-b193f792-f961-46ca-9188-7c154b100e01 ] Request (AttachInterfacesUnderV243Test:test_add_remove_fixed_ip): 200 GET http://10.180.1.21/compute/v2.1/servers/55949dd4-4830-4f07-a2f1-c38359c599be 0.148s
2025-04-10 19:55:22.953 69934 INFO tempest.lib.common.rest_client [req-610a726f-c729-4bd6-9c72-37ed62808466 req-610a726f-c729-4bd6-9c72-37ed62808466 ] Request (ServerShowV257Test:test_rebuild_server): 200 GET http://10.180.1.21/compute/v2.1/servers/61f7c74f-3d86-49a5-a6f7-13c9b1ae51f5 0.114s
2025-04-10 19:55:22.993 69918 INFO tempest.lib.common.rest_client [req-2b994a2b-5033-4099-bb8c-70b3a0394d8a req-2b994a2b-5033-4099-bb8c-70b3a0394d8a ] Request (ServersTestFqdnHostnames:test_create_server_with_fqdn_name): 200 GET http://10.180.1.21/compute/v2.1/servers/6735746d-c4a1-4d85-8806-ed80577a68f4 0.151s
2025-04-10 19:55:23.060 69884 INFO tempest.lib.common.rest_client [req-d502bfb8-3dc9-4bfe-a10f-ed38a55a312d req-d502bfb8-3dc9-4bfe-a10f-ed38a55a312d ] Request (AttachInterfacesTestJSON:test_create_list_show_delete_interfaces_by_fixed_ip): 200 GET http://10.180.1.21/compute/v2.1/servers/dc2479b6-2c26-42f7-b4a1-603e38fd3c17 0.169s
2025-04-10 19:55:23.139 69890 INFO tempest.lib.common.rest_client [req-45ff25e8-ccae-4cbf-adfe-b722c57ad34b req-45ff25e8-ccae-4cbf-adfe-b722c57ad34b ] Request (ServersAdminNegativeTestJSON:tearDownClass): 204 DELETE http://10.180.1.21/compute/v2.1/servers/99ea4526-6480-43fc-82f5-1b37c6f3a680 0.243s
2025-04-10 19:55:23.152 69894 INFO tempest.lib.common.rest_client [req-bc7ae21b-873b-4cb6-8607-bc697ba06282 req-bc7ae21b-873b-4cb6-8607-bc697ba06282 ] Request (ServerMetadataTestJSON:tearDownClass): 200 GET http://10.180.1.21/compute/v2.1/servers/8cc280a2-364e-4974-8a97-dd97599e194c 0.286s
2025-04-10 19:55:23.205 69924 INFO tempest.lib.common.rest_client [req-12297ffd-cd25-418c-956c-12e49878e182 req-12297ffd-cd25-418c-956c-12e49878e182 ] Request (DeleteServersAdminTestJSON:test_delete_server_while_in_error_state): 200 GET http://10.180.1.21/compute/v2.1/servers/faf5ccd5-5f25-4331-9229-2e245106999c 0.255s
2025-04-10 19:55:23.213 69896 INFO tempest.lib.common.rest_client [req-eeb1cc1a-72b4-4bcd-81e4-83b0d544723b req-eeb1cc1a-72b4-4bcd-81e4-83b0d544723b ] Request (ServerRescueTestJSON:setUpClass): 200 GET http://10.180.1.21/compute/v2.1/servers/5a7759ca-a449-4619-96cb-71c78ac0e18f 0.218s
2025-04-10 19:55:23.262 69938 INFO tempest.lib.common.rest_client [req-2b355f91-26e5-4003-8dff-2c445a5dbd18 req-2b355f91-26e5-4003-8dff-2c445a5dbd18 ] Request (ServerActionsTestOtherA:setUpClass): 200 GET http://10.180.1.21/compute/v2.1/servers/bfdb04fc-7a85-4c98-9206-a4c44adeee9f 0.170s
2025-04-10 19:55:23.272 69942 INFO tempest.lib.common.rest_client [req-f4b8e1cf-00b2-4321-9137-2761e1de6a45 req-f4b8e1cf-00b2-4321-9137-2761e1de6a45 ] Request (ServersListShow298Test:test_list_show_update_rebuild_server_298): 200 GET http://10.180.1.21/compute/v2.1/servers/3bc77691-4c4d-47e3-aebf-7088296f490c 0.205s
2025-04-10 19:55:23.332 69898 INFO tempest.lib.common.rest_client [req-e98f834b-3d80-452d-b881-1f866a63856c req-e98f834b-3d80-452d-b881-1f866a63856c ] Request (ServerAddressesTestJSON:tearDownClass): 200 GET http://10.180.1.21/compute/v2.1/servers/3643a195-bc27-4ebd-b9cb-eead55f5cab0 0.200s
2025-04-10 19:55:23.382 69944 INFO tempest.lib.common.rest_client [req-73df2030-1f4c-4830-8e4f-2d8e1c278813 req-73df2030-1f4c-4830-8e4f-2d8e1c278813 ] Request (ServersAdminTestJSON:test_inject_network_info): 200 GET http://10.180.1.21/compute/v2.1/servers/a1675c15-3ae1-4865-9758-32e637cf9bdd 0.190s
2025-04-10 19:55:23.445 69886 INFO tempest.lib.common.rest_client [req-677006af-4bd6-4be5-8b8f-59596ddebc66 req-677006af-4bd6-4be5-8b8f-59596ddebc66 ] Request (ServerGroupTestJSON:test_create_server_with_scheduler_hint_group): 200 GET http://10.180.1.21/compute/v2.1/servers/4a66e4ec-fecc-4c29-87bb-199a5ae89900 0.240s
2025-04-10 19:55:23.460 69890 INFO tempest.lib.common.rest_client [req-aeb5aff5-78e3-4f85-86d0-695bd45540e3 req-aeb5aff5-78e3-4f85-86d0-695bd45540e3 ] Request (ServersAdminNegativeTestJSON:tearDownClass): 200 GET http://10.180.1.21/compute/v2.1/servers/99ea4526-6480-43fc-82f5-1b37c6f3a680 0.320s
2025-04-10 19:55:23.499 69906 INFO tempest.lib.common.rest_client [req-676e56b4-d355-4022-a50b-9dd6801c6c90 req-676e56b4-d355-4022-a50b-9dd6801c6c90 ] Request (SecurityGroupsTestJSON:test_server_security_groups): 200 GET http://10.180.1.21/compute/v2.1/servers/536f8e5b-f15c-41c9-b3d2-e7d8c4f945c7 0.251s
2025-04-10 19:55:23.517 69904 INFO tempest.lib.common.rest_client [req-307764fe-c8c4-45b2-89bc-a3332c1e992a req-307764fe-c8c4-45b2-89bc-a3332c1e992a ] Request (ServersTestBootFromVolume:setUpClass): 200 GET http://10.180.1.21/compute/v2.1/servers/3f41873d-0120-468c-90ae-255ae2522b03 0.249s
2025-04-10 19:55:23.577 69932 INFO tempest.lib.common.rest_client [req-88e40357-3a6c-4033-b963-19df999a56e9 req-88e40357-3a6c-4033-b963-19df999a56e9 ] Request (ImagesTestJSON:test_create_image_from_suspended_server): 200 GET http://10.180.1.21/compute/v2.1/servers/4e4af816-c773-44c1-b6c7-18c7322ea874 0.234s
2025-04-10 19:55:23.586 69892 INFO tempest.lib.common.rest_client [req-6370c8bd-81e1-4462-a185-92f591485689 req-6370c8bd-81e1-4462-a185-92f591485689 ] Request (ListImageFiltersTestJSON:tearDownClass): 200 GET http://10.180.1.21/compute/v2.1/servers/0fd0a5db-2f8e-43e2-a1d7-f44f26e28bb6 0.260s
2025-04-10 19:55:23.632 69931 INFO tempest.lib.common.rest_client [req-488f36ae-2057-4a7c-ae51-fbcee17f573b req-488f36ae-2057-4a7c-ae51-fbcee17f573b ] Request (FloatingIPsAssociationTestJSON:test_associate_already_associated_floating_ip): 200 GET http://10.180.1.21/compute/v2.1/servers/68f0dac2-cc55-4110-87c3-dcf1d9d05650 0.207s
2025-04-10 19:55:23.639 69914 INFO tempest.lib.common.rest_client [req-7e3b9001-03b7-434d-aa13-5acc045fa987 req-7e3b9001-03b7-434d-aa13-5acc045fa987 ] Request (InstanceActionsTestJSON:setUpClass): 200 GET http://10.180.1.21/compute/v2.1/servers/6377f0cc-4624-4be1-9d43-d56c6ebd9688 0.253s
2025-04-10 19:55:23.701 69888 INFO tempest.lib.common.rest_client [req-fbf0a971-36e1-4eaa-96d1-a9447d79c57f req-fbf0a971-36e1-4eaa-96d1-a9447d79c57f ] Request (DeleteServersTestJSON:test_delete_active_server): 200 GET http://10.180.1.21/compute/v2.1/servers/3bd97686-7586-4531-88da-cea7057302e8 0.147s
2025-04-10 19:55:23.740 69936 INFO tempest.lib.common.rest_client [req-415d6aa6-64cf-49fd-8c4d-0ab63b38d166 req-415d6aa6-64cf-49fd-8c4d-0ab63b38d166 ] Request (InstanceActionsNegativeTestJSON:setUpClass): 200 GET http://10.180.1.21/compute/v2.1/servers/161cc33d-d443-4e5e-a2cf-14ff9a5d9011 0.241s
2025-04-10 19:55:23.759 69940 INFO tempest.lib.common.rest_client [req-8f4708cb-d0c2-41cf-8f92-5aa1bd7e0ecb req-8f4708cb-d0c2-41cf-8f92-5aa1bd7e0ecb ] Request (ServersNegativeTestMultiTenantJSON:setUpClass): 200 GET http://10.180.1.21/compute/v2.1/servers/d1320149-04e3-4df5-bbf2-f09c1f1d0e3d 0.204s
2025-04-10 19:55:23.792 69917 INFO tempest.lib.common.rest_client [req-2957332a-42de-4b2c-9419-fab41dfefa30 req-2957332a-42de-4b2c-9419-fab41dfefa30 ] Request (MigrationsAdminTest:test_resize_server_revert_deleted_flavor): 200 GET http://10.180.1.21/compute/v2.1/servers/d4e459bb-abd3-4676-ac4e-14a30681bd8b 0.126s
2025-04-10 19:55:23.810 69926 INFO tempest.lib.common.rest_client [req-605d84e0-90b5-4789-8294-35fee5a55eed req-605d84e0-90b5-4789-8294-35fee5a55eed ] Request (VolumesAdminNegativeTest:test_update_attached_volume_with_nonexistent_volume_in_body): 200 GET http://10.180.1.21/compute/v2.1/servers/f3ae9fe7-a43a-4bfb-a564-7f198d114b60 0.143s
2025-04-10 19:55:23.853 69946 INFO tempest.lib.common.rest_client [req-024e0277-802e-4182-9d39-6ccfcd46274b req-024e0277-802e-4182-9d39-6ccfcd46274b ] Request (ServersTestMultiNic:_run_cleanups): 200 GET http://10.180.1.21/compute/v2.1/servers/67c83959-a36f-4d69-97aa-0d5d871b514e 0.135s
