2025-04-06 15:31:29.754 69765 INFO tempest.lib.common.dynamic_creds [-] Acquired dynamic creds: credentials: Credentials: {'domain_id': 'default', 'domain_name': 'Default', 'username': 'tempest-ServersListShow298Test-1130288734-project-member', 'project_domain_id': 'default', 'project_domain_name': 'Default', 'project_id': '88c369cb6aa34e09abc6dae9d72d5b5d', 'project_name': 'tempest-ServersListShow298Test-1130288734', 'tenant_id': '88c369cb6aa34e09abc6dae9d72d5b5d', 'tenant_name': 'tempest-ServersListShow298Test-1130288734', 'user_domain_id': 'default', 'user_domain_name': 'Default', 'user_id': '64ae24f61b1243acabc5feb08b5fc797', 'system': None}, Network: None, Subnet: None, Router: None
2025-04-06 15:31:29.754 69765 INFO tempest.lib.common.dynamic_creds [-] Created isolated network resources for: credentials: Credentials: {'domain_id': 'default', 'domain_name': 'Default', 'username': 'tempest-ServersListShow298Test-1130288734-project-member', 'project_domain_id': 'default', 'project_domain_name': 'Default', 'project_id': '88c369cb6aa34e09abc6dae9d72d5b5d', 'project_name': 'tempest-ServersListShow298Test-1130288734', 'tenant_id': '88c369cb6aa34e09abc6dae9d72d5b5d', 'tenant_name': 'tempest-ServersListShow298Test-1130288734', 'user_domain_id': 'default', 'user_domain_name': 'Default', 'user_id': '64ae24f61b1243acabc5feb08b5fc797', 'system': None}, Network: None, Subnet: None, Router: None
2025-04-06 15:31:29.760 69769 INFO tempest.common.waiters [-] State transition "BUILD/scheduling" ==> "BUILD/None" after 21 second wait
2025-04-06 15:31:29.773 69789 INFO tempest.lib.common.rest_client [req-745001dc-c95c-4670-ad2a-caa3e0b417d4 req-745001dc-c95c-4670-ad2a-caa3e0b417d4 ] Request (FloatingIPDetailsTestJSON:test_get_floating_ip_details): 200 GET http://10.180.1.21/compute/v2.1/os-floating-ips/bcdb666a-ad9d-48f7-85de-3b45381b4d09 0.829s
2025-04-06 15:31:29.796 69809 INFO tempest.lib.common.rest_client [req-aab02fa0-cc43-4155-811b-ec442d9c9402 req-aab02fa0-cc43-4155-811b-ec442d9c9402 ] Request (FlavorsAdminTestJSON:_run_cleanups): 200 GET http://10.180.1.21/compute/v2.1/flavors/detail 0.827s
2025-04-06 15:31:29.843 69765 INFO tempest.lib.common.rest_client [req-bca8c4a6-e6b2-47b8-a069-048f2a12cca0 req-bca8c4a6-e6b2-47b8-a069-048f2a12cca0 ] Request (ServersListShow298Test:setUpClass): 201 POST http://10.180.1.21/identity/v3/auth/tokens 0.085s
2025-04-06 15:31:29.864 69757 INFO tempest.lib.common.rest_client [req-bfa305a3-21ae-46ca-9b5b-7547ed85c003 req-bfa305a3-21ae-46ca-9b5b-7547ed85c003 ] Request (ImagesOneServerNegativeTestJSON:_run_cleanups): 200 GET http://10.180.1.21/compute/v2.1/servers/0d07e46b-24af-4795-841b-b89ecad2326c 0.826s
2025-04-06 15:31:29.873 69765 INFO tempest.lib.common.rest_client [req-9ed0b184-3e77-4884-9ceb-c53179515351 req-9ed0b184-3e77-4884-9ceb-c53179515351 ] Request (ServersListShow298Test:test_list_show_update_rebuild_server_298): 201 POST http://10.180.1.21/identity/v3/auth/tokens 0.026s
2025-04-06 15:31:29.873 69765 INFO tempest.lib.common.fixed_network [-] (ServersListShow298Test:test_list_show_update_rebuild_server_298) Found network None available for tenant
2025-04-06 15:31:29.899 69771 INFO tempest.lib.common.rest_client [req-9e5092c8-ad96-4741-99b9-7c1bbe433d7e req-9e5092c8-ad96-4741-99b9-7c1bbe433d7e ] Request (VolumesAssistedSnapshotsTest:test_volume_assisted_snapshot_create_delete): 200 GET http://10.180.1.21/compute/v2.1/servers/7530c7cf-94a7-415b-a631-7777e2b09a47 0.934s
2025-04-06 15:31:29.953 69797 INFO tempest.lib.common.rest_client [req-071486a9-cd3b-48ab-a1d5-eb6830845f82 req-071486a9-cd3b-48ab-a1d5-eb6830845f82 ] Request (ServerActionsTestOtherA:setUpClass): 200 GET http://10.180.1.21/compute/v2.1/servers/3d34de78-04b1-4473-b577-88f8014a5c19/os-interface 0.882s
2025-04-06 15:31:29.956 69807 INFO tempest.lib.common.rest_client [req-dc4c5ca4-4d4c-4a3a-91eb-c1da7fe36138 req-dc4c5ca4-4d4c-4a3a-91eb-c1da7fe36138 ] Request (ServersNegativeTestMultiTenantJSON:setUpClass): 200 GET http://10.180.1.21/compute/v2.1/servers/2c1cbcc3-22f0-4443-95cd-05dafecde659 0.870s
2025-04-06 15:31:30.008 69793 INFO tempest.lib.common.rest_client [req-102d40cb-fce1-41d4-b61d-65792f9ab47a req-102d40cb-fce1-41d4-b61d-65792f9ab47a ] Request (ServerShowV247Test:test_update_rebuild_list_server): 200 GET http://10.180.1.21/compute/v2.1/servers/87ccccac-cfaa-4602-b8d0-d2a8465cb8a6 0.889s
2025-04-06 15:31:30.021 69805 INFO tempest.lib.common.rest_client [req-f9999279-475d-4734-97ee-0f6da982d099 req-f9999279-475d-4734-97ee-0f6da982d099 ] Request (DeleteServersAdminTestJSON:test_delete_server_while_in_error_state): 200 GET http://10.180.1.21/compute/v2.1/servers/dd17765b-eeab-4249-ab76-6476423ba5a4 0.878s
2025-04-06 15:31:30.064 69791 INFO tempest.lib.common.rest_client [req-9a680468-f973-4ca8-8108-bf26308fcc36 req-9a680468-f973-4ca8-8108-bf26308fcc36 ] Request (AttachInterfacesV270Test:test_create_get_list_interfaces): 200 GET http://10.180.1.21/compute/v2.1/servers/af65de7d-28f6-438f-ae29-81686bf5af5c 0.851s
2025-04-06 15:31:30.083 69811 INFO tempest.lib.common.rest_client [req-c652edf6-d43d-49c8-9eff-71d123da27a8 req-c652edf6-d43d-49c8-9eff-71d123da27a8 ] Request (TenantUsagesTestJSON:tearDownClass): 200 GET http://10.180.1.21/compute/v2.1/servers/4a539684-1b4a-40d8-b3bd-9a5a5e845689 0.862s
2025-04-06 15:31:30.208 69751 INFO tempest.lib.common.rest_client [req-8e82a49a-d796-4dd8-a9ea-2a86363fae3e req-8e82a49a-d796-4dd8-a9ea-2a86363fae3e ] Request (ServersWithSpecificFlavorTestJSON:test_verify_created_server_ephemeral_disk): 200 GET http://10.180.1.21/compute/v2.1/servers/70d4dcdb-93b1-4b4b-8a37-e9f63ebdbb53 0.893s
2025-04-06 15:31:30.496 69767 INFO tempest.lib.common.rest_client [req-27e4eb18-c714-41a3-9087-a68dabf382d4 req-27e4eb18-c714-41a3-9087-a68dabf382d4 ] Request (VolumesSnapshotsTestJSON:test_volume_snapshot_create_get_list_delete): 200 POST http://10.180.1.21/compute/v2.1/os-snapshots 0.821s
2025-04-06 15:31:30.535 69779 INFO tempest.lib.common.rest_client [req-b946a761-95e0-459b-b147-537fcc6179cf req-b946a761-95e0-459b-b147-537fcc6179cf ] Request (SecurityGroupRulesTestJSON:test_security_group_rules_delete_when_peer_group_deleted): 202 DELETE http://10.180.1.21/compute/v2.1/os-security-groups/52983586-d8c0-4d42-84f5-fb901d09dc12 1.103s
2025-04-06 15:31:30.556 69809 INFO tempest.lib.common.rest_client [req-90f9d8c9-f9d8-4c4f-8c3e-b5ff7afc32b2 req-90f9d8c9-f9d8-4c4f-8c3e-b5ff7afc32b2 ] Request (FlavorsAdminTestJSON:test_list_public_flavor_with_other_user): 200 POST http://10.180.1.21/compute/v2.1/flavors 0.752s
2025-04-06 15:31:30.768 69765 INFO tempest.lib.common.rest_client [req-69d97c88-315a-457a-99d0-040e9545707b req-69d97c88-315a-457a-99d0-040e9545707b ] Request (ServersListShow298Test:test_list_show_update_rebuild_server_298): 202 POST http://10.180.1.21/compute/v2.1/servers 0.894s
2025-04-06 15:31:30.835 69777 INFO tempest.lib.common.rest_client [req-cf1da070-3442-4f7f-8883-ef81cfa01e9a req-cf1da070-3442-4f7f-8883-ef81cfa01e9a ] Request (ServerShowV254Test:test_rebuild_server): 200 GET http://10.180.1.21/compute/v2.1/servers/2f8a27df-b350-4b34-8d14-8a57437488c4 0.949s
2025-04-06 15:31:30.852 69797 INFO tempest.lib.common.rest_client [req-eaff22e2-822e-430d-ac8f-d15c16fea46d req-eaff22e2-822e-430d-ac8f-d15c16fea46d ] Request (ServerActionsTestOtherA:setUpClass): 200 PUT http://10.180.1.21:9696/networking/v2.0/floatingips/aca0e845-ae64-4a80-955e-3783820666d7 0.896s
2025-04-06 15:31:30.854 69797 INFO tempest.lib.common.ssh [-] Creating ssh connection to '10.180.180.188:22' as 'cirros' with public key authentication
2025-04-06 15:31:30.881 69787 INFO tempest.lib.common.rest_client [req-72017e6f-f618-40df-89a6-5cd6c12bb2de req-72017e6f-f618-40df-89a6-5cd6c12bb2de ] Request (ImagesOneServerTestJSON:setUpClass): 200 GET http://10.180.1.21/compute/v2.1/servers/482ad76b-9174-474f-a399-31a87941b4c2 0.931s
2025-04-06 15:31:30.985 69763 INFO tempest.lib.common.rest_client [req-0b5e11ad-18b6-4c43-84fe-77879be3d90c req-0b5e11ad-18b6-4c43-84fe-77879be3d90c ] Request (FloatingIPsAssociationNegativeTestJSON:setUpClass): 200 GET http://10.180.1.21/compute/v2.1/servers/a8997733-2108-4557-81d2-3e470f547ea6 0.847s
2025-04-06 15:31:31.060 69789 INFO tempest.lib.common.rest_client [req-e77044c1-77e8-4c2d-9236-ff00ab0502b2 req-e77044c1-77e8-4c2d-9236-ff00ab0502b2 ] Request (FloatingIPDetailsTestJSON:_run_cleanups): 202 DELETE http://10.180.1.21/compute/v2.1/os-floating-ips/bcdb666a-ad9d-48f7-85de-3b45381b4d09 1.284s
2025-04-06 15:31:31.062 69803 INFO tempest.lib.common.rest_client [req-99098174-c426-4e00-a97c-60bcd61227e2 req-99098174-c426-4e00-a97c-60bcd61227e2 ] Request (ServersAdminTestJSON:test_create_server_with_scheduling_hint): 200 GET http://10.180.1.21/compute/v2.1/servers/efa44fa4-14ba-441f-8c6a-64c557cda2d0 0.877s
2025-04-06 15:31:31.134 69801 INFO tempest.lib.common.rest_client [req-1d85323d-7d3f-4078-b7a9-5220a9447965 req-1d85323d-7d3f-4078-b7a9-5220a9447965 ] Request (ServerRescueTestJSON:test_rescue_unrescue_instance): 200 GET http://10.180.1.21/compute/v2.1/servers/8a408ee7-9957-489d-8dd4-fe4dab792d26 0.874s
2025-04-06 15:31:31.180 69782 INFO tempest.lib.common.rest_client [req-3b70b742-cfec-4e42-a3aa-1fea8945aff9 req-3b70b742-cfec-4e42-a3aa-1fea8945aff9 ] Request (InstanceActionsV221TestJSON:test_get_list_deleted_instance_actions): 200 GET http://10.180.1.21/compute/v2.1/servers/6c69c423-87ef-4f0e-853d-f795c70464b9 0.986s
2025-04-06 15:31:31.203 69783 INFO tempest.lib.common.rest_client [req-0bec567a-0ed7-4c35-9170-332cab1ef6db req-0bec567a-0ed7-4c35-9170-332cab1ef6db ] Request (ServerRescueNegativeTestJSON:setUpClass): 200 GET http://10.180.1.21/compute/v2.1/servers/a408ea57-9966-4246-a7f3-2fe708b5afc9 0.877s
2025-04-06 15:31:31.258 69795 INFO tempest.lib.common.rest_client [req-c2804e7f-7399-409d-8541-06fa47c070dd req-c2804e7f-7399-409d-8541-06fa47c070dd ] Request (FloatingIPsAssociationTestJSON:test_associate_already_associated_floating_ip): 200 GET http://10.180.1.21/compute/v2.1/servers/1ffc2586-5045-4048-a7a9-0f855cedf2be 0.784s
2025-04-06 15:31:31.263 69753 INFO tempest.lib.common.rest_client [req-c90dda3e-d439-47df-ae81-ad8adf44358f req-c90dda3e-d439-47df-ae81-ad8adf44358f ] Request (ServersListShow2100Test:tearDownClass): 200 GET http://10.180.1.21/compute/v2.1/servers/a6903f16-9d39-47f9-abd6-73b4a40ebdd4 0.844s
2025-04-06 15:31:31.270 69795 INFO tempest.common.waiters [-] State transition "BUILD/None" ==> "BUILD/networking" after 32 second wait
2025-04-06 15:31:31.305 69767 INFO tempest.lib.common.rest_client [req-3f138f05-98a3-43a7-a706-74694b8fc5bc req-3f138f05-98a3-43a7-a706-74694b8fc5bc ] Request (VolumesSnapshotsTestJSON:test_volume_snapshot_create_get_list_delete): 200 GET http://10.180.1.21/compute/v2.1/os-snapshots/9b347742-67be-4008-b6d0-37e9666b918e 0.807s
2025-04-06 15:31:31.316 69773 INFO tempest.lib.common.rest_client [req-5565beeb-9db5-49c8-b558-530f276231ec req-5565beeb-9db5-49c8-b558-530f276231ec ] Request (ListServersNegativeTestJSON:setUpClass): 200 GET http://10.180.1.21/compute/v2.1/servers/3e0e857b-c69a-4c3e-a116-269073c38cba 0.809s
2025-04-06 15:31:31.346 69779 INFO tempest.lib.common.rest_client [req-25ac55c7-79ce-48e9-b1d5-8209a016dbca req-25ac55c7-79ce-48e9-b1d5-8209a016dbca ] Request (SecurityGroupRulesTestJSON:test_security_group_rules_delete_when_peer_group_deleted): 200 GET http://10.180.1.21/compute/v2.1/os-security-groups/078cce61-15e0-4600-ab6d-2c9f9682b55d 0.810s
2025-04-06 15:31:31.373 69809 INFO tempest.lib.common.rest_client [req-70c75b5a-5535-4d77-8972-1b90ecec19f4 req-70c75b5a-5535-4d77-8972-1b90ecec19f4 ] Request (FlavorsAdminTestJSON:test_list_public_flavor_with_other_user): 200 GET http://10.180.1.21/compute/v2.1/flavors/detail 0.815s
2025-04-06 15:31:31.379 69755 INFO tempest.lib.common.rest_client [req-28b0ad65-3ede-467c-b39f-84906f26e381 req-28b0ad65-3ede-467c-b39f-84906f26e381 ] Request (ServerDiagnosticsTest:tearDownClass): 200 GET http://10.180.1.21/compute/v2.1/servers/8fd3ca97-8eb5-4481-a2d6-3c3296a3ee86 0.830s
2025-04-06 15:31:31.397 69761 WARNING tempest.lib.common.ssh [-] Failed to establish authenticated ssh connection to cirros@10.180.180.164 ([Errno None] Unable to connect to port 22 on 10.180.180.164). Number attempts: 1. Retry after 2 seconds.: paramiko.ssh_exception.NoValidConnectionsError: [Errno None] Unable to connect to port 22 on 10.180.180.164
2025-04-06 15:31:31.440 69759 INFO tempest.lib.common.rest_client [req-04973edd-6bad-4365-bc8f-bfaab6e5a34d req-04973edd-6bad-4365-bc8f-bfaab6e5a34d ] Request (ServersAdminNegativeTestJSON:test_migrate_server_invalid_state): 200 GET http://10.180.1.21/compute/v2.1/servers/1e732690-5902-4ffd-bea7-98d10fb33549 0.832s
2025-04-06 15:31:31.481 69786 INFO tempest.lib.common.rest_client [req-8ef28b9d-5049-4fa8-bcb1-555fa3b2f6d1 req-8ef28b9d-5049-4fa8-bcb1-555fa3b2f6d1 ] Request (MigrationsAdminTest:test_list_migrations_in_flavor_resize_situation): 200 GET http://10.180.1.21/compute/v2.1/servers/dd22452f-04e7-43f9-95a1-4dc220c12db3 0.855s
2025-04-06 15:31:31.500 69749 INFO tempest.lib.common.rest_client [req-6dfbd1fc-c014-46fa-bf20-34c163f62fbc req-6dfbd1fc-c014-46fa-bf20-34c163f62fbc ] Request (ServerDiagnosticsNegativeTest:tearDownClass): 200 GET http://10.180.1.21/compute/v2.1/servers/607ed338-d4e0-47b6-8f06-f0e3809a2139 0.806s
2025-04-06 15:31:31.507 69749 INFO tempest.common.waiters [-] State transition "ACTIVE/deleting" ==> "DELETED/None" after 4 second wait
2025-04-06 15:31:31.536 69769 INFO tempest.lib.common.rest_client [req-7d8050b4-30fb-41d9-9235-4637b48df0a1 req-7d8050b4-30fb-41d9-9235-4637b48df0a1 ] Request (ListImageFiltersTestJSON:setUpClass): 200 GET http://10.180.1.21/compute/v2.1/servers/4dadecae-296e-453b-a434-78870fae404e 0.775s
2025-04-06 15:31:31.573 69765 INFO tempest.lib.common.rest_client [req-18da4d50-7e4e-4775-9b49-004662bf716c req-18da4d50-7e4e-4775-9b49-004662bf716c ] Request (ServersListShow298Test:test_list_show_update_rebuild_server_298): 200 GET http://10.180.1.21/compute/v2.1/servers/dda40d11-631f-478c-bcc4-35b7bcd079a7 0.803s
2025-04-06 15:31:31.614 69757 INFO tempest.lib.common.rest_client [req-a7d60a97-46cb-412d-a09a-d47d9d890162 req-a7d60a97-46cb-412d-a09a-d47d9d890162 ] Request (ImagesOneServerNegativeTestJSON:_run_cleanups): 200 GET http://10.180.1.21/compute/v2.1/servers/0d07e46b-24af-4795-841b-b89ecad2326c 0.732s
2025-04-06 15:31:31.709 69807 INFO tempest.lib.common.rest_client [req-8ccf00fa-df01-4da8-bd99-cd552f0be62f req-8ccf00fa-df01-4da8-bd99-cd552f0be62f ] Request (ServersNegativeTestMultiTenantJSON:setUpClass): 200 GET http://10.180.1.21/compute/v2.1/servers/2c1cbcc3-22f0-4443-95cd-05dafecde659 0.744s
2025-04-06 15:31:31.711 69771 INFO tempest.lib.common.rest_client [req-c93bff38-ac43-4a6c-b61e-dcf0c52155b7 req-c93bff38-ac43-4a6c-b61e-dcf0c52155b7 ] Request (VolumesAssistedSnapshotsTest:test_volume_assisted_snapshot_create_delete): 200 GET http://10.180.1.21/compute/v2.1/servers/7530c7cf-94a7-415b-a631-7777e2b09a47 0.801s
2025-04-06 15:31:31.768 69793 INFO tempest.lib.common.rest_client [req-929b949b-223e-4282-836f-709e3cd9f14a req-929b949b-223e-4282-836f-709e3cd9f14a ] Request (ServerShowV247Test:test_update_rebuild_list_server): 200 GET http://10.180.1.21/compute/v2.1/servers/87ccccac-cfaa-4602-b8d0-d2a8465cb8a6 0.747s
2025-04-06 15:31:31.777 69805 INFO tempest.lib.common.rest_client [req-d1365c24-d3a4-4346-a46d-daefd55a001a req-d1365c24-d3a4-4346-a46d-daefd55a001a ] Request (DeleteServersAdminTestJSON:test_delete_server_while_in_error_state): 200 GET http://10.180.1.21/compute/v2.1/servers/dd17765b-eeab-4249-ab76-6476423ba5a4 0.744s
2025-04-06 15:31:31.844 69791 INFO tempest.lib.common.rest_client [req-a882c4af-0ccd-4254-b9ce-3d29b5f06e73 req-a882c4af-0ccd-4254-b9ce-3d29b5f06e73 ] Request (AttachInterfacesV270Test:test_create_get_list_interfaces): 200 GET http://10.180.1.21/compute/v2.1/servers/af65de7d-28f6-438f-ae29-81686bf5af5c 0.766s
2025-04-06 15:31:31.881 69789 INFO tempest.lib.common.rest_client [req-ad8b88bb-6aee-4854-b486-6f89ee564bbc req-ad8b88bb-6aee-4854-b486-6f89ee564bbc ] Request (FloatingIPDetailsTestJSON:test_list_floating_ips): 200 GET http://10.180.1.21/compute/v2.1/os-floating-ips 0.819s
2025-04-06 15:31:31.920 69811 INFO tempest.lib.common.rest_client [req-89d40914-a255-4c26-8194-873da0bdac47 req-89d40914-a255-4c26-8194-873da0bdac47 ] Request (TenantUsagesTestJSON:tearDownClass): 200 GET http://10.180.1.21/compute/v2.1/servers/4a539684-1b4a-40d8-b3bd-9a5a5e845689 0.825s
2025-04-06 15:31:31.961 69767 INFO tempest.lib.common.rest_client [req-482a9cce-d006-4081-b7f6-aa34359dd2cd req-482a9cce-d006-4081-b7f6-aa34359dd2cd ] Request (VolumesSnapshotsTestJSON:test_volume_snapshot_create_get_list_delete): 200 GET http://10.180.1.21/compute/v2.1/os-snapshots 0.654s
2025-04-06 15:31:32.069 69779 INFO tempest.lib.common.rest_client [req-317d0ebc-6619-47cf-8994-4505361494c0 req-317d0ebc-6619-47cf-8994-4505361494c0 ] Request (SecurityGroupRulesTestJSON:test_security_group_rules_list): 200 POST http://10.180.1.21/compute/v2.1/os-security-groups 0.719s
2025-04-06 15:31:32.087 69751 INFO tempest.lib.common.rest_client [req-d7e75855-90ce-4857-9977-05d13e08bf55 req-d7e75855-90ce-4857-9977-05d13e08bf55 ] Request (ServersWithSpecificFlavorTestJSON:test_verify_created_server_ephemeral_disk): 200 GET http://10.180.1.21/compute/v2.1/servers/70d4dcdb-93b1-4b4b-8a37-e9f63ebdbb53 0.864s
2025-04-06 15:31:32.090 69809 INFO tempest.lib.common.rest_client [req-c5126753-413d-455a-81c2-38a080bc2109 req-c5126753-413d-455a-81c2-38a080bc2109 ] Request (FlavorsAdminTestJSON:_run_cleanups): 202 DELETE http://10.180.1.21/compute/v2.1/flavors/1263126296 0.711s
2025-04-06 15:31:32.158 69777 INFO tempest.lib.common.rest_client [req-8fba9e8e-51dc-41d7-9f08-b60e08142674 req-8fba9e8e-51dc-41d7-9f08-b60e08142674 ] Request (ServerShowV254Test:test_rebuild_server): 200 GET http://10.180.1.21/compute/v2.1/servers/2f8a27df-b350-4b34-8d14-8a57437488c4 0.303s
2025-04-06 15:31:32.216 69787 INFO tempest.lib.common.rest_client [req-e0013ab2-67e0-49fd-af89-0ddf43983c50 req-e0013ab2-67e0-49fd-af89-0ddf43983c50 ] Request (ImagesOneServerTestJSON:setUpClass): 200 GET http://10.180.1.21/compute/v2.1/servers/482ad76b-9174-474f-a399-31a87941b4c2 0.325s
2025-04-06 15:31:32.240 69767 INFO tempest.lib.common.rest_client [req-a02827fe-728b-484e-bc5a-054d464c4c48 req-a02827fe-728b-484e-bc5a-054d464c4c48 ] Request (VolumesSnapshotsTestJSON:_run_cleanups): 200 GET http://10.180.1.21/compute/v2.1/os-snapshots/9b347742-67be-4008-b6d0-37e9666b918e 0.275s
2025-04-06 15:31:32.246 69767 INFO tempest.common.waiters [-] snapshot 9b347742-67be-4008-b6d0-37e9666b918e reached available after waiting for 0.246575 seconds
2025-04-06 15:31:32.317 69763 INFO tempest.lib.common.rest_client [req-4dd010b2-9d72-4ac6-998a-a72c7459f81e req-4dd010b2-9d72-4ac6-998a-a72c7459f81e ] Request (FloatingIPsAssociationNegativeTestJSON:setUpClass): 200 GET http://10.180.1.21/compute/v2.1/servers/a8997733-2108-4557-81d2-3e470f547ea6 0.323s
2025-04-06 15:31:32.465 69789 INFO tempest.lib.common.rest_client [req-1e4d39a1-f6bb-4f97-9563-ee4c4b74d7df req-1e4d39a1-f6bb-4f97-9563-ee4c4b74d7df ] Request (FloatingIPDetailsTestJSON:tearDownClass): 202 DELETE http://10.180.1.21/compute/v2.1/os-floating-ips/17a8fd44-7400-4ca3-ba2c-1663dbce54da 0.578s
2025-04-06 15:31:32.530 69803 INFO tempest.lib.common.rest_client [req-ff1f399c-8a6c-4935-8c6b-7528a8f0d245 req-ff1f399c-8a6c-4935-8c6b-7528a8f0d245 ] Request (ServersAdminTestJSON:test_create_server_with_scheduling_hint): 200 GET http://10.180.1.21/compute/v2.1/servers/efa44fa4-14ba-441f-8c6a-64c557cda2d0 0.457s
2025-04-06 15:31:32.554 69809 INFO tempest.lib.common.rest_client [req-bbd60d33-c4fb-498b-af90-4696289058cc req-bbd60d33-c4fb-498b-af90-4696289058cc ] Request (FlavorsAdminTestJSON:_run_cleanups): 200 GET http://10.180.1.21/compute/v2.1/flavors/detail 0.463s
2025-04-06 15:31:32.618 69801 INFO tempest.lib.common.rest_client [req-5426f933-2fd7-4c55-99ef-4ae433d0c6e7 req-5426f933-2fd7-4c55-99ef-4ae433d0c6e7 ] Request (ServerRescueTestJSON:test_rescue_unrescue_instance): 200 GET http://10.180.1.21/compute/v2.1/servers/8a408ee7-9957-489d-8dd4-fe4dab792d26 0.471s
2025-04-06 15:31:32.618 69779 INFO tempest.lib.common.rest_client [req-c6d2e659-eee9-4102-bb7a-15aad9e9395d req-c6d2e659-eee9-4102-bb7a-15aad9e9395d ] Request (SecurityGroupRulesTestJSON:test_security_group_rules_list): 200 POST http://10.180.1.21/compute/v2.1/os-security-group-rules 0.545s
2025-04-06 15:31:32.694 69783 INFO tempest.lib.common.rest_client [req-2c431de4-d754-4a1d-a330-65bb2ab32e42 req-2c431de4-d754-4a1d-a330-65bb2ab32e42 ] Request (ServerRescueNegativeTestJSON:setUpClass): 200 GET http://10.180.1.21/compute/v2.1/servers/a408ea57-9966-4246-a7f3-2fe708b5afc9 0.478s
2025-04-06 15:31:32.695 69809 INFO tempest.lib.common.rest_client [req-649b0cf4-2a70-49b4-b730-d94ca536b34d req-649b0cf4-2a70-49b4-b730-d94ca536b34d ] Request (FlavorsAdminTestJSON:tearDownClass): 204 DELETE http://10.180.1.21/identity/v3/users/311aa522ac674bf1916e1f85d3dfec17 0.133s
2025-04-06 15:31:32.742 69782 INFO tempest.lib.common.rest_client [req-d75f3463-ad48-4fef-bda1-5eb09093a3d0 req-d75f3463-ad48-4fef-bda1-5eb09093a3d0 ] Request (InstanceActionsV221TestJSON:test_get_list_deleted_instance_actions): 200 GET http://10.180.1.21/compute/v2.1/servers/6c69c423-87ef-4f0e-853d-f795c70464b9 0.542s
2025-04-06 15:31:32.746 69767 INFO tempest.lib.common.rest_client [req-553465d8-9d94-4dc9-a9d9-82eab147b864 req-553465d8-9d94-4dc9-a9d9-82eab147b864 ] Request (VolumesSnapshotsTestJSON:_run_cleanups): 202 DELETE http://10.180.1.21/compute/v2.1/os-snapshots/9b347742-67be-4008-b6d0-37e9666b918e 0.500s
2025-04-06 15:31:32.794 69809 INFO tempest.lib.common.rest_client [req-7f3e3080-2c53-4295-8aba-6073228236db req-7f3e3080-2c53-4295-8aba-6073228236db ] Request (FlavorsAdminTestJSON:tearDownClass): 204 DELETE http://10.180.1.21/identity/v3/users/4ce1730250664e5e9c1b0ce9524a912c 0.098s
2025-04-06 15:31:32.794 69809 INFO tempest.lib.common.dynamic_creds [-] Deleting project and security group for project: f0b26ad07fdb4229a51d7daa7cbda0db
2025-04-06 15:31:32.818 69753 INFO tempest.lib.common.rest_client [req-ad3b619b-56be-4894-ad2e-d07c96b4857a req-ad3b619b-56be-4894-ad2e-d07c96b4857a ] Request (ServersListShow2100Test:tearDownClass): 200 GET http://10.180.1.21/compute/v2.1/servers/a6903f16-9d39-47f9-abd6-73b4a40ebdd4 0.542s
2025-04-06 15:31:32.845 69795 INFO tempest.lib.common.rest_client [req-3d0b5324-6e3d-4dcb-95a0-d61c65eeaa26 req-3d0b5324-6e3d-4dcb-95a0-d61c65eeaa26 ] Request (FloatingIPsAssociationTestJSON:test_associate_already_associated_floating_ip): 200 GET http://10.180.1.21/compute/v2.1/servers/1ffc2586-5045-4048-a7a9-0f855cedf2be 0.574s
2025-04-06 15:31:32.852 69795 INFO tempest.common.waiters [-] State transition "BUILD/networking" ==> "BUILD/spawning" after 33 second wait
2025-04-06 15:31:32.853 69809 INFO tempest.lib.common.rest_client [req-a7d58607-628c-4c55-8c3f-c1df0a52617d req-a7d58607-628c-4c55-8c3f-c1df0a52617d ] Request (FlavorsAdminTestJSON:tearDownClass): 201 POST http://10.180.1.21/identity/v3/auth/tokens 0.058s
2025-04-06 15:31:32.870 69773 INFO tempest.lib.common.rest_client [req-85f04e38-8e47-4e12-abb0-c57d96a1d0b1 req-85f04e38-8e47-4e12-abb0-c57d96a1d0b1 ] Request (ListServersNegativeTestJSON:setUpClass): 200 GET http://10.180.1.21/compute/v2.1/servers/3e0e857b-c69a-4c3e-a116-269073c38cba 0.542s
2025-04-06 15:31:32.916 69755 INFO tempest.lib.common.rest_client [req-21b64f04-3e1c-4939-835f-6b712ff47ba7 req-21b64f04-3e1c-4939-835f-6b712ff47ba7 ] Request (ServerDiagnosticsTest:tearDownClass): 200 GET http://10.180.1.21/compute/v2.1/servers/8fd3ca97-8eb5-4481-a2d6-3c3296a3ee86 0.527s
2025-04-06 15:31:32.916 69759 INFO tempest.lib.common.rest_client [req-8b54bef4-4c65-4610-bc9f-23a39d33c4c6 req-8b54bef4-4c65-4610-bc9f-23a39d33c4c6 ] Request (ServersAdminNegativeTestJSON:test_migrate_server_invalid_state): 200 GET http://10.180.1.21/compute/v2.1/servers/1e732690-5902-4ffd-bea7-98d10fb33549 0.467s
2025-04-06 15:31:33.033 69786 INFO tempest.lib.common.rest_client [req-0a94dce0-8b10-4db6-96f4-89110e8a9a04 req-0a94dce0-8b10-4db6-96f4-89110e8a9a04 ] Request (MigrationsAdminTest:test_list_migrations_in_flavor_resize_situation): 200 GET http://10.180.1.21/compute/v2.1/servers/dd22452f-04e7-43f9-95a1-4dc220c12db3 0.542s
2025-04-06 15:31:33.071 69809 INFO tempest.lib.common.rest_client [req-ea35e586-4a6c-4063-8d65-49639718a253 req-ea35e586-4a6c-4063-8d65-49639718a253 ] Request (FlavorsAdminTestJSON:tearDownClass): 200 GET http://10.180.1.21:9696/networking/v2.0/security-groups?tenant_id=f0b26ad07fdb4229a51d7daa7cbda0db&name=default 0.218s
2025-04-06 15:31:33.091 69749 INFO tempest.lib.common.rest_client [req-c1e508a0-38da-4417-a6ad-f4e28634aa39 req-c1e508a0-38da-4417-a6ad-f4e28634aa39 ] Request (ServerDiagnosticsNegativeTest:tearDownClass): 200 GET http://10.180.1.21/compute/v2.1/servers/607ed338-d4e0-47b6-8f06-f0e3809a2139 0.584s
2025-04-06 15:31:33.154 69769 INFO tempest.lib.common.rest_client [req-b4371417-c6c3-4d94-aea6-d89b69a93aa3 req-b4371417-c6c3-4d94-aea6-d89b69a93aa3 ] Request (ListImageFiltersTestJSON:setUpClass): 200 GET http://10.180.1.21/compute/v2.1/servers/4dadecae-296e-453b-a434-78870fae404e 0.608s
2025-04-06 15:31:33.186 69809 INFO tempest.lib.common.rest_client [req-280c45d2-8462-4136-91f1-d6d99ad71256 req-280c45d2-8462-4136-91f1-d6d99ad71256 ] Request (FlavorsAdminTestJSON:tearDownClass): 204 DELETE http://10.180.1.21:9696/networking/v2.0/security-groups/7d4d8b4b-908d-4578-a9a6-932b770896be 0.115s
2025-04-06 15:31:33.213 69765 INFO tempest.lib.common.rest_client [req-c9b9fc5d-1621-426b-9a4f-8d9dd79af23d req-c9b9fc5d-1621-426b-9a4f-8d9dd79af23d ] Request (ServersListShow298Test:test_list_show_update_rebuild_server_298): 200 GET http://10.180.1.21/compute/v2.1/servers/dda40d11-631f-478c-bcc4-35b7bcd079a7 0.624s
2025-04-06 15:31:33.251 69809 INFO tempest.lib.common.rest_client [req-f0159b3b-40c5-4447-9c9e-6b2c323418cd req-f0159b3b-40c5-4447-9c9e-6b2c323418cd ] Request (FlavorsAdminTestJSON:tearDownClass): 204 DELETE http://10.180.1.21/identity/v3/projects/f0b26ad07fdb4229a51d7daa7cbda0db 0.064s
2025-04-06 15:31:33.251 69809 INFO tempest.lib.common.dynamic_creds [-] Deleting project and security group for project: ca1584a5c04647f4a44a78bd0afa8489
2025-04-06 15:31:33.307 69789 INFO tempest.lib.common.rest_client [req-89e991bb-8211-4756-85a1-41da302723ff req-89e991bb-8211-4756-85a1-41da302723ff ] Request (FloatingIPDetailsTestJSON:tearDownClass): 202 DELETE http://10.180.1.21/compute/v2.1/os-floating-ips/9f7d9b3f-8ffd-4343-becd-a374a54c5a9f 0.841s
2025-04-06 15:31:33.332 69779 INFO tempest.lib.common.rest_client [req-b56ddc38-4216-42f3-94a7-db8a075c3a86 req-b56ddc38-4216-42f3-94a7-db8a075c3a86 ] Request (SecurityGroupRulesTestJSON:test_security_group_rules_list): 200 POST http://10.180.1.21/compute/v2.1/os-security-group-rules 0.711s
2025-04-06 15:31:33.372 69757 INFO tempest.lib.common.rest_client [req-e63c9a5d-2b3e-49de-b141-a892e26319c7 req-e63c9a5d-2b3e-49de-b141-a892e26319c7 ] Request (ImagesOneServerNegativeTestJSON:_run_cleanups): 200 GET http://10.180.1.21/compute/v2.1/servers/0d07e46b-24af-4795-841b-b89ecad2326c 0.750s
2025-04-06 15:31:33.388 69807 INFO tempest.lib.common.rest_client [req-355328e2-ea5d-4214-ac9e-431b50ba362e req-355328e2-ea5d-4214-ac9e-431b50ba362e ] Request (ServersNegativeTestMultiTenantJSON:setUpClass): 200 GET http://10.180.1.21/compute/v2.1/servers/2c1cbcc3-22f0-4443-95cd-05dafecde659 0.668s
2025-04-06 15:31:33.391 69809 INFO tempest.lib.common.rest_client [req-e34ab186-e5a9-474b-a399-381f006b6fb5 req-e34ab186-e5a9-474b-a399-381f006b6fb5 ] Request (FlavorsAdminTestJSON:tearDownClass): 200 GET http://10.180.1.21:9696/networking/v2.0/security-groups?tenant_id=ca1584a5c04647f4a44a78bd0afa8489&name=default 0.139s
2025-04-06 15:31:33.408 69767 INFO tempest.lib.common.rest_client [req-9c8116d0-3d0e-4924-af1a-3f58c068fdb0 req-9c8116d0-3d0e-4924-af1a-3f58c068fdb0 ] Request (VolumesSnapshotsTestJSON:_run_cleanups): 404 GET http://10.180.1.21/compute/v2.1/os-snapshots/9b347742-67be-4008-b6d0-37e9666b918e 0.657s
2025-04-06 15:31:33.471 69793 INFO tempest.lib.common.rest_client [req-865cb303-b0d7-4d02-b9e1-d13428d31cf3 req-865cb303-b0d7-4d02-b9e1-d13428d31cf3 ] Request (ServerShowV247Test:test_update_rebuild_list_server): 200 GET http://10.180.1.21/compute/v2.1/servers/87ccccac-cfaa-4602-b8d0-d2a8465cb8a6 0.688s
2025-04-06 15:31:33.477 69809 INFO tempest.lib.common.rest_client [req-d580a1bc-7abd-43c5-a363-c129e3b0fddf req-d580a1bc-7abd-43c5-a363-c129e3b0fddf ] Request (FlavorsAdminTestJSON:tearDownClass): 204 DELETE http://10.180.1.21:9696/networking/v2.0/security-groups/986ded34-0595-4d8d-a993-c595872c194a 0.085s
2025-04-06 15:31:33.478 69771 INFO tempest.lib.common.rest_client [req-b8818958-85c3-4cc4-8fce-3cbb24c2a051 req-b8818958-85c3-4cc4-8fce-3cbb24c2a051 ] Request (VolumesAssistedSnapshotsTest:test_volume_assisted_snapshot_create_delete): 200 GET http://10.180.1.21/compute/v2.1/servers/7530c7cf-94a7-415b-a631-7777e2b09a47 0.751s
2025-04-06 15:31:33.519 69805 INFO tempest.lib.common.rest_client [req-ab634a7b-7035-4661-9ba5-f8f586d7df40 req-ab634a7b-7035-4661-9ba5-f8f586d7df40 ] Request (DeleteServersAdminTestJSON:test_delete_server_while_in_error_state): 200 GET http://10.180.1.21/compute/v2.1/servers/dd17765b-eeab-4249-ab76-6476423ba5a4 0.735s
2025-04-06 15:31:33.539 69791 INFO tempest.lib.common.rest_client [req-f90ef0ae-8e69-450d-b668-3f60439665bb req-f90ef0ae-8e69-450d-b668-3f60439665bb ] Request (AttachInterfacesV270Test:test_create_get_list_interfaces): 200 GET http://10.180.1.21/compute/v2.1/servers/af65de7d-28f6-438f-ae29-81686bf5af5c 0.680s
2025-04-06 15:31:33.573 69809 INFO tempest.lib.common.rest_client [req-826fb54f-ef7a-4e7f-83c7-d85da6b4e659 req-826fb54f-ef7a-4e7f-83c7-d85da6b4e659 ] Request (FlavorsAdminTestJSON:tearDownClass): 204 DELETE http://10.180.1.21/identity/v3/projects/ca1584a5c04647f4a44a78bd0afa8489 0.096s
2025-04-06 15:31:33.612 69811 INFO tempest.lib.common.rest_client [req-10209f50-2422-4430-bab4-60bc27a79008 req-10209f50-2422-4430-bab4-60bc27a79008 ] Request (TenantUsagesTestJSON:tearDownClass): 200 GET http://10.180.1.21/compute/v2.1/servers/4a539684-1b4a-40d8-b3bd-9a5a5e845689 0.681s
2025-04-06 15:31:33.654 69809 INFO tempest.lib.common.rest_client [req-88ea5d61-368e-4d86-9f31-1a3adc4faf44 req-88ea5d61-368e-4d86-9f31-1a3adc4faf44 ] Request (ServerDiagnosticsV248Test:setUpClass): 201 POST http://10.180.1.21/identity/v3/auth/tokens 0.079s
2025-04-06 15:31:33.679 69777 INFO tempest.lib.common.rest_client [req-38a0ba7e-d175-402e-83ab-b52d8e26b756 req-38a0ba7e-d175-402e-83ab-b52d8e26b756 ] Request (ServerShowV254Test:test_rebuild_server): 200 GET http://10.180.1.21/compute/v2.1/servers/2f8a27df-b350-4b34-8d14-8a57437488c4 0.505s
2025-04-06 15:31:33.689 69809 INFO tempest.lib.common.rest_client [req-a5eb119c-6d62-48de-93b6-81fb06420429 req-a5eb119c-6d62-48de-93b6-81fb06420429 ] Request (ServerDiagnosticsV248Test:setUpClass): 201 POST http://10.180.1.21/identity/v3/auth/tokens 0.032s
2025-04-06 15:31:33.694 69751 INFO tempest.lib.common.rest_client [req-04235243-a8ae-45c2-affb-ee79f1592040 req-04235243-a8ae-45c2-affb-ee79f1592040 ] Request (ServersWithSpecificFlavorTestJSON:test_verify_created_server_ephemeral_disk): 200 GET http://10.180.1.21/compute/v2.1/servers/70d4dcdb-93b1-4b4b-8a37-e9f63ebdbb53 0.596s
2025-04-06 15:31:33.723 69809 INFO tempest.lib.common.rest_client [req-fd9c7c31-ffe7-4aad-b213-bc6fbf151041 req-fd9c7c31-ffe7-4aad-b213-bc6fbf151041 ] Request (ServerDiagnosticsV248Test:setUpClass): 200 GET http://10.180.1.21/identity/v3/domains?name=Default 0.034s
2025-04-06 15:31:33.743 69787 INFO tempest.lib.common.rest_client [req-653ed797-586a-4218-9104-fb1f0530badb req-653ed797-586a-4218-9104-fb1f0530badb ] Request (ImagesOneServerTestJSON:setUpClass): 200 GET http://10.180.1.21/compute/v2.1/servers/482ad76b-9174-474f-a399-31a87941b4c2 0.519s
2025-04-06 15:31:33.755 69809 INFO tempest.lib.common.rest_client [req-82e58988-2c1e-4ccf-9589-ef39db61710f req-82e58988-2c1e-4ccf-9589-ef39db61710f ] Request (ServerDiagnosticsV248Test:setUpClass): 201 POST http://10.180.1.21/identity/v3/projects 0.031s
2025-04-06 15:31:33.814 69763 INFO tempest.lib.common.rest_client [req-95d691a6-8137-4ae4-9201-55c4aefb2f39 req-95d691a6-8137-4ae4-9201-55c4aefb2f39 ] Request (FloatingIPsAssociationNegativeTestJSON:setUpClass): 200 GET http://10.180.1.21/compute/v2.1/servers/a8997733-2108-4557-81d2-3e470f547ea6 0.485s
2025-04-06 15:31:33.818 69809 INFO tempest.lib.common.rest_client [req-893a7198-e75f-41be-9e65-4989af36bd2b req-893a7198-e75f-41be-9e65-4989af36bd2b ] Request (ServerDiagnosticsV248Test:setUpClass): 201 POST http://10.180.1.21/identity/v3/users 0.063s
2025-04-06 15:31:33.844 69809 INFO tempest.lib.common.rest_client [req-ac0616cb-2f37-48c1-8d4a-27018bbb1d97 req-ac0616cb-2f37-48c1-8d4a-27018bbb1d97 ] Request (ServerDiagnosticsV248Test:setUpClass): 200 GET http://10.180.1.21/identity/v3/roles 0.025s
2025-04-06 15:31:33.863 69779 INFO tempest.lib.common.rest_client [req-49fefa45-1016-4f6e-813e-7363c88581fa req-49fefa45-1016-4f6e-813e-7363c88581fa ] Request (SecurityGroupRulesTestJSON:test_security_group_rules_list): 200 GET http://10.180.1.21/compute/v2.1/os-security-groups/4842dfc7-bf34-4763-a492-38ed75370b04 0.529s
2025-04-06 15:31:33.880 69809 INFO tempest.lib.common.rest_client [req-f7d37b06-73d8-4402-b0a7-e9217197bb39 req-f7d37b06-73d8-4402-b0a7-e9217197bb39 ] Request (ServerDiagnosticsV248Test:setUpClass): 204 PUT http://10.180.1.21/identity/v3/projects/af2a8c5becb043eb85a579282d29167a/users/f49860625338434fab1796789d79e0b8/roles/67856c16451548f689b76be23aa3f63e 0.035s
2025-04-06 15:31:33.880 69809 INFO tempest.lib.common.dynamic_creds [-] Dynamic test user f49860625338434fab1796789d79e0b8 is created with scope project and roles: ['member']
2025-04-06 15:31:33.880 69809 INFO tempest.lib.common.dynamic_creds [-] Acquired dynamic creds: credentials: Credentials: {'domain_id': 'default', 'domain_name': 'Default', 'username': 'tempest-ServerDiagnosticsV248Test-1522859146-project-member', 'project_domain_id': 'default', 'project_domain_name': 'Default', 'project_id': 'af2a8c5becb043eb85a579282d29167a', 'project_name': 'tempest-ServerDiagnosticsV248Test-1522859146', 'tenant_id': 'af2a8c5becb043eb85a579282d29167a', 'tenant_name': 'tempest-ServerDiagnosticsV248Test-1522859146', 'user_domain_id': 'default', 'user_domain_name': 'Default', 'user_id': 'f49860625338434fab1796789d79e0b8', 'system': None}, Network: None, Subnet: None, Router: None
2025-04-06 15:31:33.881 69809 INFO tempest.lib.common.dynamic_creds [-] Created isolated network resources for: credentials: Credentials: {'domain_id': 'default', 'domain_name': 'Default', 'username': 'tempest-ServerDiagnosticsV248Test-1522859146-project-member', 'project_domain_id': 'default', 'project_domain_name': 'Default', 'project_id': 'af2a8c5becb043eb85a579282d29167a', 'project_name': 'tempest-ServerDiagnosticsV248Test-1522859146', 'tenant_id': 'af2a8c5becb043eb85a579282d29167a', 'tenant_name': 'tempest-ServerDiagnosticsV248Test-1522859146', 'user_domain_id': 'default', 'user_domain_name': 'Default', 'user_id': 'f49860625338434fab1796789d79e0b8', 'system': None}, Network: None, Subnet: None, Router: None
2025-04-06 15:31:33.929 69767 INFO tempest.lib.common.rest_client [req-7395832a-02da-4e23-bb5a-2aa54eb8112c req-7395832a-02da-4e23-bb5a-2aa54eb8112c ] Request (VolumesSnapshotsTestJSON:_run_cleanups): 202 DELETE http://10.180.1.21/compute/v2.1/os-volumes/7643f026-aa66-4415-80f1-01e5fd18cf36 0.521s
2025-04-06 15:31:33.954 69809 INFO tempest.lib.common.rest_client [req-0f95f411-b1a6-449c-a96e-09a4572ddb3f req-0f95f411-b1a6-449c-a96e-09a4572ddb3f ] Request (ServerDiagnosticsV248Test:setUpClass): 201 POST http://10.180.1.21/identity/v3/auth/tokens 0.069s
2025-04-06 15:31:33.997 69803 INFO tempest.lib.common.rest_client [req-d0cfd449-ebf6-4251-8d13-f04ef97000c0 req-d0cfd449-ebf6-4251-8d13-f04ef97000c0 ] Request (ServersAdminTestJSON:test_create_server_with_scheduling_hint): 200 GET http://10.180.1.21/compute/v2.1/servers/efa44fa4-14ba-441f-8c6a-64c557cda2d0 0.458s
2025-04-06 15:31:34.027 69809 INFO tempest.lib.common.rest_client [req-1c450e46-2869-4933-9ead-30de960e5e82 req-1c450e46-2869-4933-9ead-30de960e5e82 ] Request (ServerDiagnosticsV248Test:setUpClass): 201 POST http://10.180.1.21/identity/v3/projects 0.073s
2025-04-06 15:31:34.050 69801 INFO tempest.lib.common.rest_client [req-887fd295-ea1a-4a3c-b006-da98b244047b req-887fd295-ea1a-4a3c-b006-da98b244047b ] Request (ServerRescueTestJSON:test_rescue_unrescue_instance): 200 GET http://10.180.1.21/compute/v2.1/servers/8a408ee7-9957-489d-8dd4-fe4dab792d26 0.418s
2025-04-06 15:31:34.082 69809 INFO tempest.lib.common.rest_client [req-8ef3eab5-a721-4b06-9e41-67a62f0192b5 req-8ef3eab5-a721-4b06-9e41-67a62f0192b5 ] Request (ServerDiagnosticsV248Test:setUpClass): 201 POST http://10.180.1.21/identity/v3/users 0.055s
2025-04-06 15:31:34.108 69809 INFO tempest.lib.common.rest_client [req-068f950a-46ee-434c-87f3-798e75a4dc2b req-068f950a-46ee-434c-87f3-798e75a4dc2b ] Request (ServerDiagnosticsV248Test:setUpClass): 200 GET http://10.180.1.21/identity/v3/roles 0.025s
2025-04-06 15:31:34.112 69783 INFO tempest.lib.common.rest_client [req-1cf530fa-1dde-415c-8944-f587c6fadeff req-1cf530fa-1dde-415c-8944-f587c6fadeff ] Request (ServerRescueNegativeTestJSON:setUpClass): 200 GET http://10.180.1.21/compute/v2.1/servers/a408ea57-9966-4246-a7f3-2fe708b5afc9 0.407s
2025-04-06 15:31:34.145 69809 INFO tempest.lib.common.rest_client [req-1a723b00-b50d-4ffc-b8ff-f7b6dfcc2c9a req-1a723b00-b50d-4ffc-b8ff-f7b6dfcc2c9a ] Request (ServerDiagnosticsV248Test:setUpClass): 204 PUT http://10.180.1.21/identity/v3/projects/8d56661326574b0183bc6a30658557b5/users/1a18f8c48b3442a5af648d174e587126/roles/c961321cd673439fb12222ce90c9901a 0.037s
2025-04-06 15:31:34.179 69789 INFO tempest.lib.common.rest_client [req-823872ea-44eb-4f60-9864-b830b5b840ea req-823872ea-44eb-4f60-9864-b830b5b840ea ] Request (FloatingIPDetailsTestJSON:tearDownClass): 202 DELETE http://10.180.1.21/compute/v2.1/os-floating-ips/4079a49c-0a5b-43b3-9d54-a4832fa8b7a5 0.871s
2025-04-06 15:31:34.209 69809 INFO tempest.lib.common.rest_client [req-d749daad-b869-45dd-adfd-3fb64566dc24 req-d749daad-b869-45dd-adfd-3fb64566dc24 ] Request (ServerDiagnosticsV248Test:setUpClass): 200 GET http://10.180.1.21/identity/v3/roles 0.063s
2025-04-06 15:31:34.240 69809 INFO tempest.lib.common.rest_client [req-ab5699ad-d715-4348-9113-4a338d020cf3 req-ab5699ad-d715-4348-9113-4a338d020cf3 ] Request (ServerDiagnosticsV248Test:setUpClass): 204 PUT http://10.180.1.21/identity/v3/projects/8d56661326574b0183bc6a30658557b5/users/1a18f8c48b3442a5af648d174e587126/roles/c961321cd673439fb12222ce90c9901a 0.031s
2025-04-06 15:31:34.241 69809 INFO tempest.lib.common.dynamic_creds [-] Dynamic test user 1a18f8c48b3442a5af648d174e587126 is created with scope project and roles: ['admin']
2025-04-06 15:31:34.241 69809 INFO tempest.lib.common.dynamic_creds [-] Acquired dynamic creds: credentials: Credentials: {'domain_id': 'default', 'domain_name': 'Default', 'username': 'tempest-ServerDiagnosticsV248Test-1834842775-project-admin', 'project_domain_id': 'default', 'project_domain_name': 'Default', 'project_id': '8d56661326574b0183bc6a30658557b5', 'project_name': 'tempest-ServerDiagnosticsV248Test-1834842775', 'tenant_id': '8d56661326574b0183bc6a30658557b5', 'tenant_name': 'tempest-ServerDiagnosticsV248Test-1834842775', 'user_domain_id': 'default', 'user_domain_name': 'Default', 'user_id': '1a18f8c48b3442a5af648d174e587126', 'system': None}, Network: None, Subnet: None, Router: None
2025-04-06 15:31:34.241 69809 INFO tempest.lib.common.dynamic_creds [-] Created isolated network resources for: credentials: Credentials: {'domain_id': 'default', 'domain_name': 'Default', 'username': 'tempest-ServerDiagnosticsV248Test-1834842775-project-admin', 'project_domain_id': 'default', 'project_domain_name': 'Default', 'project_id': '8d56661326574b0183bc6a30658557b5', 'project_name': 'tempest-ServerDiagnosticsV248Test-1834842775', 'tenant_id': '8d56661326574b0183bc6a30658557b5', 'tenant_name': 'tempest-ServerDiagnosticsV248Test-1834842775', 'user_domain_id': 'default', 'user_domain_name': 'Default', 'user_id': '1a18f8c48b3442a5af648d174e587126', 'system': None}, Network: None, Subnet: None, Router: None
2025-04-06 15:31:34.280 69753 INFO tempest.lib.common.rest_client [req-4d6df587-dee4-4045-ad1b-43ba05985f94 req-4d6df587-dee4-4045-ad1b-43ba05985f94 ] Request (ServersListShow2100Test:tearDownClass): 200 GET http://10.180.1.21/compute/v2.1/servers/a6903f16-9d39-47f9-abd6-73b4a40ebdd4 0.446s
2025-04-06 15:31:34.307 69782 INFO tempest.lib.common.rest_client [req-d1f73e89-6bd1-4102-9aac-eeac65f6d10c req-d1f73e89-6bd1-4102-9aac-eeac65f6d10c ] Request (InstanceActionsV221TestJSON:test_get_list_deleted_instance_actions): 200 GET http://10.180.1.21/compute/v2.1/servers/6c69c423-87ef-4f0e-853d-f795c70464b9 0.546s
2025-04-06 15:31:34.317 69809 INFO tempest.lib.common.rest_client [req-bfe63405-22e9-4255-a29c-ada739fd26e0 req-bfe63405-22e9-4255-a29c-ada739fd26e0 ] Request (ServerDiagnosticsV248Test:setUpClass): 201 POST http://10.180.1.21/identity/v3/auth/tokens 0.073s
2025-04-06 15:31:34.319 69782 INFO tempest.common.waiters [-] State transition "BUILD/spawning" ==> "ACTIVE/None" after 43 second wait
2025-04-06 15:31:34.384 69809 INFO tempest.lib.common.rest_client [req-27fae6c1-409a-4566-8a76-0aad844d6661 req-27fae6c1-409a-4566-8a76-0aad844d6661 ] Request (ServerDiagnosticsV248Test:test_get_server_diagnostics): 201 POST http://10.180.1.21/identity/v3/auth/tokens 0.061s
2025-04-06 15:31:34.385 69809 INFO tempest.lib.common.fixed_network [-] (ServerDiagnosticsV248Test:test_get_server_diagnostics) Found network None available for tenant
2025-04-06 15:31:34.431 69779 INFO tempest.lib.common.rest_client [req-5e160c8f-080c-485f-87e4-8dead930c3e3 req-5e160c8f-080c-485f-87e4-8dead930c3e3 ] Request (SecurityGroupRulesTestJSON:_run_cleanups): 202 DELETE http://10.180.1.21/compute/v2.1/os-security-group-rules/1e3ca15b-3535-4bdd-b95f-124928edaf51 0.564s
2025-04-06 15:31:34.469 69761 WARNING tempest.lib.common.ssh [-] Failed to establish authenticated ssh connection to cirros@10.180.180.164 ([Errno None] Unable to connect to port 22 on 10.180.180.164). Number attempts: 2. Retry after 3 seconds.: paramiko.ssh_exception.NoValidConnectionsError: [Errno None] Unable to connect to port 22 on 10.180.180.164
2025-04-06 15:31:34.480 69773 INFO tempest.lib.common.rest_client [req-2448bbb0-c74e-4bff-9bda-56b54315e2a9 req-2448bbb0-c74e-4bff-9bda-56b54315e2a9 ] Request (ListServersNegativeTestJSON:setUpClass): 200 GET http://10.180.1.21/compute/v2.1/servers/3e0e857b-c69a-4c3e-a116-269073c38cba 0.598s
2025-04-06 15:31:34.495 69795 INFO tempest.lib.common.rest_client [req-861b54a8-cf0c-46d0-8df7-fda42e4659ed req-861b54a8-cf0c-46d0-8df7-fda42e4659ed ] Request (FloatingIPsAssociationTestJSON:test_associate_already_associated_floating_ip): 200 GET http://10.180.1.21/compute/v2.1/servers/1ffc2586-5045-4048-a7a9-0f855cedf2be 0.642s
2025-04-06 15:31:34.534 69755 INFO tempest.lib.common.rest_client [req-7a75bfed-b2a7-47f3-a111-edf9489983cf req-7a75bfed-b2a7-47f3-a111-edf9489983cf ] Request (ServerDiagnosticsTest:tearDownClass): 200 GET http://10.180.1.21/compute/v2.1/servers/8fd3ca97-8eb5-4481-a2d6-3c3296a3ee86 0.610s
2025-04-06 15:31:34.549 69759 INFO tempest.lib.common.rest_client [req-87fce491-4eb7-4d48-b71b-2e6a62453b15 req-87fce491-4eb7-4d48-b71b-2e6a62453b15 ] Request (ServersAdminNegativeTestJSON:test_migrate_server_invalid_state): 200 GET http://10.180.1.21/compute/v2.1/servers/1e732690-5902-4ffd-bea7-98d10fb33549 0.623s
2025-04-06 15:31:34.557 69759 INFO tempest.common.waiters [-] State transition "BUILD/None" ==> "BUILD/networking" after 35 second wait
2025-04-06 15:31:34.562 69767 INFO tempest.lib.common.rest_client [req-9d5f9e8a-d5f8-4591-ad06-11b8b679ca4a req-9d5f9e8a-d5f8-4591-ad06-11b8b679ca4a ] Request (VolumesSnapshotsTestJSON:_run_cleanups): 404 GET http://10.180.1.21/compute/v2.1/os-volumes/7643f026-aa66-4415-80f1-01e5fd18cf36 0.633s
2025-04-06 15:31:34.637 69749 INFO tempest.lib.common.rest_client [req-e9194e9a-5b1e-4848-8790-cff628e341cc req-e9194e9a-5b1e-4848-8790-cff628e341cc ] Request (ServerDiagnosticsNegativeTest:tearDownClass): 200 GET http://10.180.1.21/compute/v2.1/servers/607ed338-d4e0-47b6-8f06-f0e3809a2139 0.535s
2025-04-06 15:31:34.690 69769 INFO tempest.lib.common.rest_client [req-e0442955-8b4e-4525-bd8c-43ec9fc55d38 req-e0442955-8b4e-4525-bd8c-43ec9fc55d38 ] Request (ListImageFiltersTestJSON:setUpClass): 200 GET http://10.180.1.21/compute/v2.1/servers/4dadecae-296e-453b-a434-78870fae404e 0.526s
2025-04-06 15:31:34.705 69786 INFO tempest.lib.common.rest_client [req-2d1a6539-1954-43f8-963b-f9244af5137d req-2d1a6539-1954-43f8-963b-f9244af5137d ] Request (MigrationsAdminTest:test_list_migrations_in_flavor_resize_situation): 200 GET http://10.180.1.21/compute/v2.1/servers/dd22452f-04e7-43f9-95a1-4dc220c12db3 0.664s
2025-04-06 15:31:34.759 69765 INFO tempest.lib.common.rest_client [req-93007c60-b0c1-4e80-8882-c2cddd7c061b req-93007c60-b0c1-4e80-8882-c2cddd7c061b ] Request (ServersListShow298Test:test_list_show_update_rebuild_server_298): 200 GET http://10.180.1.21/compute/v2.1/servers/dda40d11-631f-478c-bcc4-35b7bcd079a7 0.531s
2025-04-06 15:31:34.782 69782 INFO tempest.lib.common.rest_client [req-98ae9253-3276-4770-9aec-f4e3ecad620b req-98ae9253-3276-4770-9aec-f4e3ecad620b ] Request (InstanceActionsV221TestJSON:test_get_list_deleted_instance_actions): 204 DELETE http://10.180.1.21/compute/v2.1/servers/6c69c423-87ef-4f0e-853d-f795c70464b9 0.462s
2025-04-06 15:31:34.847 69757 INFO tempest.lib.common.rest_client [req-d5c958de-8d57-46ad-b12f-68b098ae44ae req-d5c958de-8d57-46ad-b12f-68b098ae44ae ] Request (ImagesOneServerNegativeTestJSON:_run_cleanups): 200 GET http://10.180.1.21/compute/v2.1/servers/0d07e46b-24af-4795-841b-b89ecad2326c 0.467s
2025-04-06 15:31:34.900 69807 INFO tempest.lib.common.rest_client [req-6d20ea42-f46f-4a85-b8a4-37436af34728 req-6d20ea42-f46f-4a85-b8a4-37436af34728 ] Request (ServersNegativeTestMultiTenantJSON:setUpClass): 200 GET http://10.180.1.21/compute/v2.1/servers/2c1cbcc3-22f0-4443-95cd-05dafecde659 0.503s
2025-04-06 15:31:34.981 69797 WARNING tempest.lib.common.ssh [-] Failed to establish authenticated ssh connection to cirros@10.180.180.188 ([Errno None] Unable to connect to port 22 on 10.180.180.188). Number attempts: 1. Retry after 2 seconds.: paramiko.ssh_exception.NoValidConnectionsError: [Errno None] Unable to connect to port 22 on 10.180.180.188
2025-04-06 15:31:35.017 69809 INFO tempest.lib.common.rest_client [req-0ec119d3-e6b5-42ae-ab6f-d75f738c256f req-0ec119d3-e6b5-42ae-ab6f-d75f738c256f ] Request (ServerDiagnosticsV248Test:test_get_server_diagnostics): 202 POST http://10.180.1.21/compute/v2.1/servers 0.632s
2025-04-06 15:31:35.018 69779 INFO tempest.lib.common.rest_client [req-c1eef702-913e-4b89-aace-e80b00cc3c5d req-c1eef702-913e-4b89-aace-e80b00cc3c5d ] Request (SecurityGroupRulesTestJSON:tearDownClass): 202 DELETE http://10.180.1.21/compute/v2.1/os-security-groups/4842dfc7-bf34-4763-a492-38ed75370b04 0.586s
2025-04-06 15:31:35.087 69793 INFO tempest.lib.common.rest_client [req-8304bdb3-b384-4e6a-890e-15f5bb6d50d4 req-8304bdb3-b384-4e6a-890e-15f5bb6d50d4 ] Request (ServerShowV247Test:test_update_rebuild_list_server): 200 GET http://10.180.1.21/compute/v2.1/servers/87ccccac-cfaa-4602-b8d0-d2a8465cb8a6 0.606s
2025-04-06 15:31:35.154 69805 INFO tempest.lib.common.rest_client [req-c133eb3b-23a3-4411-a0b0-b7b53fc578ab req-c133eb3b-23a3-4411-a0b0-b7b53fc578ab ] Request (DeleteServersAdminTestJSON:test_delete_server_while_in_error_state): 200 GET http://10.180.1.21/compute/v2.1/servers/dd17765b-eeab-4249-ab76-6476423ba5a4 0.627s
2025-04-06 15:31:35.239 69791 INFO tempest.lib.common.rest_client [req-6ba925c1-5874-4a1d-8e15-b545df936941 req-6ba925c1-5874-4a1d-8e15-b545df936941 ] Request (AttachInterfacesV270Test:test_create_get_list_interfaces): 200 GET http://10.180.1.21/compute/v2.1/servers/af65de7d-28f6-438f-ae29-81686bf5af5c 0.687s
2025-04-06 15:31:35.270 69767 INFO tempest.lib.common.rest_client [req-d67df139-efa3-4a16-9854-95c7a05f38c5 req-d67df139-efa3-4a16-9854-95c7a05f38c5 ] Request (VolumesSnapshotsTestJSON:tearDownClass): 404 DELETE http://10.180.1.21/compute/v2.1/os-volumes/7643f026-aa66-4415-80f1-01e5fd18cf36 0.699s
2025-04-06 15:31:35.371 69811 INFO tempest.lib.common.rest_client [req-548c1a8d-c097-4168-9260-34ffe839df41 req-548c1a8d-c097-4168-9260-34ffe839df41 ] Request (TenantUsagesTestJSON:tearDownClass): 200 GET http://10.180.1.21/compute/v2.1/servers/4a539684-1b4a-40d8-b3bd-9a5a5e845689 0.751s
2025-04-06 15:31:35.442 69777 INFO tempest.lib.common.rest_client [req-b43eae61-33b4-4615-86a8-fc0f60554339 req-b43eae61-33b4-4615-86a8-fc0f60554339 ] Request (ServerShowV254Test:test_rebuild_server): 200 GET http://10.180.1.21/compute/v2.1/servers/2f8a27df-b350-4b34-8d14-8a57437488c4 0.751s
2025-04-06 15:31:35.453 69777 INFO tempest.common.waiters [-] State transition "BUILD/scheduling" ==> "BUILD/None" after 26 second wait
2025-04-06 15:31:35.535 69771 INFO tempest.lib.common.rest_client [req-bee98799-4d04-4ac6-992f-82968312c187 req-bee98799-4d04-4ac6-992f-82968312c187 ] Request (VolumesAssistedSnapshotsTest:test_volume_assisted_snapshot_create_delete): 200 GET http://10.180.1.21/compute/v2.1/servers/7530c7cf-94a7-415b-a631-7777e2b09a47 1.049s
2025-04-06 15:31:35.585 69787 INFO tempest.lib.common.rest_client [req-7815dfcb-3209-4b55-a605-394a440ed764 req-7815dfcb-3209-4b55-a605-394a440ed764 ] Request (ImagesOneServerTestJSON:setUpClass): 200 GET http://10.180.1.21/compute/v2.1/servers/482ad76b-9174-474f-a399-31a87941b4c2 0.833s
