2025-04-06 15:31:35.614 69751 INFO tempest.lib.common.rest_client [req-33c083d3-fdaf-42b3-a303-0f3cc6066894 req-33c083d3-fdaf-42b3-a303-0f3cc6066894 ] Request (ServersWithSpecificFlavorTestJSON:test_verify_created_server_ephemeral_disk): 200 GET http://10.180.1.21/compute/v2.1/servers/70d4dcdb-93b1-4b4b-8a37-e9f63ebdbb53 0.911s
2025-04-06 15:31:35.701 69782 INFO tempest.lib.common.rest_client [req-274d7914-67f4-4d6f-8052-9e8a32ae89f1 req-274d7914-67f4-4d6f-8052-9e8a32ae89f1 ] Request (InstanceActionsV221TestJSON:test_get_list_deleted_instance_actions): 200 GET http://10.180.1.21/compute/v2.1/servers/6c69c423-87ef-4f0e-853d-f795c70464b9 0.918s
2025-04-06 15:31:35.708 69789 INFO tempest.lib.common.rest_client [req-cba6baab-b46b-4541-8ac7-533575804b79 req-cba6baab-b46b-4541-8ac7-533575804b79 ] Request (FloatingIPDetailsTestJSON:tearDownClass): 200 PUT http://10.180.1.21:9696/networking/v2.0/routers/530c9445-20ec-4fc5-99ba-4c51b2666c3a/remove_router_interface 1.529s
2025-04-06 15:31:35.707 69763 INFO tempest.lib.common.rest_client [req-086f2ad2-aaf4-4743-b886-e9a8a4b01dd5 req-086f2ad2-aaf4-4743-b886-e9a8a4b01dd5 ] Request (FloatingIPsAssociationNegativeTestJSON:setUpClass): 200 GET http://10.180.1.21/compute/v2.1/servers/a8997733-2108-4557-81d2-3e470f547ea6 0.880s
2025-04-06 15:31:35.725 69779 INFO tempest.lib.common.rest_client [req-4a7fe868-36cf-4c7a-806a-9ba3ea38b861 req-4a7fe868-36cf-4c7a-806a-9ba3ea38b861 ] Request (SecurityGroupRulesTestJSON:tearDownClass): 404 DELETE http://10.180.1.21/compute/v2.1/os-security-groups/52983586-d8c0-4d42-84f5-fb901d09dc12 0.706s
2025-04-06 15:31:35.783 69803 INFO tempest.lib.common.rest_client [req-45c6fea7-f74d-4e0f-915a-98792fd60cf2 req-45c6fea7-f74d-4e0f-915a-98792fd60cf2 ] Request (ServersAdminTestJSON:test_create_server_with_scheduling_hint): 200 GET http://10.180.1.21/compute/v2.1/servers/efa44fa4-14ba-441f-8c6a-64c557cda2d0 0.776s
2025-04-06 15:31:35.799 69809 INFO tempest.lib.common.rest_client [req-54cf6b15-b1ec-47e8-a3b4-ac8bf8cabc1c req-54cf6b15-b1ec-47e8-a3b4-ac8bf8cabc1c ] Request (ServerDiagnosticsV248Test:test_get_server_diagnostics): 200 GET http://10.180.1.21/compute/v2.1/servers/3f9ca2d1-c9f0-40fc-ad80-5bc24df4b281 0.779s
2025-04-06 15:31:35.849 69801 INFO tempest.lib.common.rest_client [req-45d7b46e-38d6-4b45-8fdf-5c1c06e559e5 req-45d7b46e-38d6-4b45-8fdf-5c1c06e559e5 ] Request (ServerRescueTestJSON:test_rescue_unrescue_instance): 200 GET http://10.180.1.21/compute/v2.1/servers/8a408ee7-9957-489d-8dd4-fe4dab792d26 0.786s
2025-04-06 15:31:35.857 69783 INFO tempest.lib.common.rest_client [req-21de27a5-65d2-4627-b3b9-07421f0157bb req-21de27a5-65d2-4627-b3b9-07421f0157bb ] Request (ServerRescueNegativeTestJSON:setUpClass): 200 GET http://10.180.1.21/compute/v2.1/servers/a408ea57-9966-4246-a7f3-2fe708b5afc9 0.736s
2025-04-06 15:31:35.877 69767 INFO tempest.lib.common.rest_client [req-70e82dbb-4370-472e-9536-c5d4d5033be2 req-70e82dbb-4370-472e-9536-c5d4d5033be2 ] Request (VolumesSnapshotsTestJSON:tearDownClass): 404 GET http://10.180.1.21/compute/v2.1/os-volumes/7643f026-aa66-4415-80f1-01e5fd18cf36 0.607s
2025-04-06 15:31:35.940 69773 INFO tempest.lib.common.rest_client [req-3e7219f4-86e9-4db9-916d-c6cb3dec2530 req-3e7219f4-86e9-4db9-916d-c6cb3dec2530 ] Request (ListServersNegativeTestJSON:setUpClass): 200 GET http://10.180.1.21/compute/v2.1/servers/3e0e857b-c69a-4c3e-a116-269073c38cba 0.450s
2025-04-06 15:31:35.945 69753 INFO tempest.lib.common.rest_client [req-71e716d5-1f8b-41d7-83e7-75bb4f66ad81 req-71e716d5-1f8b-41d7-83e7-75bb4f66ad81 ] Request (ServersListShow2100Test:tearDownClass): 200 GET http://10.180.1.21/compute/v2.1/servers/a6903f16-9d39-47f9-abd6-73b4a40ebdd4 0.652s
2025-04-06 15:31:36.010 69767 INFO tempest.lib.common.rest_client [req-4cdb7a0b-53f2-48fe-a6d0-a4a3295bc4a8 req-4cdb7a0b-53f2-48fe-a6d0-a4a3295bc4a8 ] Request (VolumesSnapshotsTestJSON:tearDownClass): 204 DELETE http://10.180.1.21/identity/v3/users/7c4924a5dd4a4298908813dd13557363 0.131s
2025-04-06 15:31:36.010 69767 INFO tempest.lib.common.dynamic_creds [-] Deleting project and security group for project: 96d342f48b64412a85c9018e4c3aa819
2025-04-06 15:31:36.022 69755 INFO tempest.lib.common.rest_client [req-7857ffa9-96b8-4348-be0e-f9cfd2de1ce5 req-7857ffa9-96b8-4348-be0e-f9cfd2de1ce5 ] Request (ServerDiagnosticsTest:tearDownClass): 200 GET http://10.180.1.21/compute/v2.1/servers/8fd3ca97-8eb5-4481-a2d6-3c3296a3ee86 0.476s
2025-04-06 15:31:36.047 69795 INFO tempest.lib.common.rest_client [req-c4da2698-747f-4074-a715-42276c0f4d5f req-c4da2698-747f-4074-a715-42276c0f4d5f ] Request (FloatingIPsAssociationTestJSON:test_associate_already_associated_floating_ip): 200 GET http://10.180.1.21/compute/v2.1/servers/1ffc2586-5045-4048-a7a9-0f855cedf2be 0.543s
2025-04-06 15:31:36.097 69767 INFO tempest.lib.common.rest_client [req-a07d0973-e171-452c-bf40-02d2d5df9080 req-a07d0973-e171-452c-bf40-02d2d5df9080 ] Request (VolumesSnapshotsTestJSON:tearDownClass): 201 POST http://10.180.1.21/identity/v3/auth/tokens 0.087s
2025-04-06 15:31:36.120 69749 INFO tempest.lib.common.rest_client [req-5043fe14-34f6-41e1-9273-35142b9758b6 req-5043fe14-34f6-41e1-9273-35142b9758b6 ] Request (ServerDiagnosticsNegativeTest:tearDownClass): 200 GET http://10.180.1.21/compute/v2.1/servers/607ed338-d4e0-47b6-8f06-f0e3809a2139 0.474s
2025-04-06 15:31:36.135 69759 INFO tempest.lib.common.rest_client [req-625f249b-5675-4175-ac36-797c84c8c2fe req-625f249b-5675-4175-ac36-797c84c8c2fe ] Request (ServersAdminNegativeTestJSON:test_migrate_server_invalid_state): 200 GET http://10.180.1.21/compute/v2.1/servers/1e732690-5902-4ffd-bea7-98d10fb33549 0.577s
2025-04-06 15:31:36.147 69759 INFO tempest.common.waiters [-] State transition "BUILD/networking" ==> "BUILD/spawning" after 37 second wait
2025-04-06 15:31:36.180 69769 INFO tempest.lib.common.rest_client [req-2d4bac64-4bad-4ea4-8694-3c0e7c4f7e98 req-2d4bac64-4bad-4ea4-8694-3c0e7c4f7e98 ] Request (ListImageFiltersTestJSON:setUpClass): 200 GET http://10.180.1.21/compute/v2.1/servers/4dadecae-296e-453b-a434-78870fae404e 0.479s
2025-04-06 15:31:36.214 69789 INFO tempest.lib.common.rest_client [req-00f92706-16dd-45a4-be68-410778364c57 req-00f92706-16dd-45a4-be68-410778364c57 ] Request (FloatingIPDetailsTestJSON:tearDownClass): 204 DELETE http://10.180.1.21:9696/networking/v2.0/routers/530c9445-20ec-4fc5-99ba-4c51b2666c3a 0.505s
2025-04-06 15:31:36.292 69767 INFO tempest.lib.common.rest_client [req-b6c9bef8-0d9c-44e2-a932-1bfc76e70842 req-b6c9bef8-0d9c-44e2-a932-1bfc76e70842 ] Request (VolumesSnapshotsTestJSON:tearDownClass): 200 GET http://10.180.1.21:9696/networking/v2.0/security-groups?tenant_id=96d342f48b64412a85c9018e4c3aa819&name=default 0.194s
2025-04-06 15:31:36.320 69786 INFO tempest.lib.common.rest_client [req-0102645d-f5e0-409d-aa43-cc066f8befb5 req-0102645d-f5e0-409d-aa43-cc066f8befb5 ] Request (MigrationsAdminTest:test_list_migrations_in_flavor_resize_situation): 200 GET http://10.180.1.21/compute/v2.1/servers/dd22452f-04e7-43f9-95a1-4dc220c12db3 0.602s
2025-04-06 15:31:36.362 69779 INFO tempest.lib.common.rest_client [req-f277d219-7b8e-4750-a4b4-a95fae40b2e7 req-f277d219-7b8e-4750-a4b4-a95fae40b2e7 ] Request (SecurityGroupRulesTestJSON:tearDownClass): 202 DELETE http://10.180.1.21/compute/v2.1/os-security-groups/078cce61-15e0-4600-ab6d-2c9f9682b55d 0.636s
2025-04-06 15:31:36.378 69765 INFO tempest.lib.common.rest_client [req-05f0ab4f-a5db-4ee0-bc87-2fb151e85349 req-05f0ab4f-a5db-4ee0-bc87-2fb151e85349 ] Request (ServersListShow298Test:test_list_show_update_rebuild_server_298): 200 GET http://10.180.1.21/compute/v2.1/servers/dda40d11-631f-478c-bcc4-35b7bcd079a7 0.601s
2025-04-06 15:31:36.385 69767 INFO tempest.lib.common.rest_client [req-883e3ca0-35cf-4b31-82fc-b2a734828cca req-883e3ca0-35cf-4b31-82fc-b2a734828cca ] Request (VolumesSnapshotsTestJSON:tearDownClass): 204 DELETE http://10.180.1.21:9696/networking/v2.0/security-groups/d4daf92e-dbc8-4376-867e-614983ce306f 0.092s
2025-04-06 15:31:36.438 69789 INFO tempest.lib.common.rest_client [req-ef989543-85fa-42df-bdfc-8b8f9ff5dbfc req-ef989543-85fa-42df-bdfc-8b8f9ff5dbfc ] Request (FloatingIPDetailsTestJSON:tearDownClass): 204 DELETE http://10.180.1.21:9696/networking/v2.0/subnets/d7fe00f0-0109-447b-93e9-fceb1cfe8b8b 0.224s
2025-04-06 15:31:36.442 69807 INFO tempest.lib.common.rest_client [req-612fe9ea-1aec-4889-b791-854a90ca8d50 req-612fe9ea-1aec-4889-b791-854a90ca8d50 ] Request (ServersNegativeTestMultiTenantJSON:setUpClass): 200 GET http://10.180.1.21/compute/v2.1/servers/2c1cbcc3-22f0-4443-95cd-05dafecde659 0.534s
2025-04-06 15:31:36.448 69757 INFO tempest.lib.common.rest_client [req-4dd11229-1bab-4191-a334-7da43ecfc1a4 req-4dd11229-1bab-4191-a334-7da43ecfc1a4 ] Request (ImagesOneServerNegativeTestJSON:_run_cleanups): 200 GET http://10.180.1.21/compute/v2.1/servers/0d07e46b-24af-4795-841b-b89ecad2326c 0.589s
2025-04-06 15:31:36.465 69767 INFO tempest.lib.common.rest_client [req-f115879f-6162-4466-bff2-e4cc4a7b6161 req-f115879f-6162-4466-bff2-e4cc4a7b6161 ] Request (VolumesSnapshotsTestJSON:tearDownClass): 204 DELETE http://10.180.1.21/identity/v3/projects/96d342f48b64412a85c9018e4c3aa819 0.079s
2025-04-06 15:31:36.498 69793 INFO tempest.lib.common.rest_client [req-af03432a-6cea-40dd-8ea0-dc05be41192e req-af03432a-6cea-40dd-8ea0-dc05be41192e ] Request (ServerShowV247Test:test_update_rebuild_list_server): 200 GET http://10.180.1.21/compute/v2.1/servers/87ccccac-cfaa-4602-b8d0-d2a8465cb8a6 0.398s
2025-04-06 15:31:36.513 69805 INFO tempest.lib.common.rest_client [req-10bd0312-c6e6-4b5b-8b52-b2a74a83abca req-10bd0312-c6e6-4b5b-8b52-b2a74a83abca ] Request (DeleteServersAdminTestJSON:test_delete_server_while_in_error_state): 200 GET http://10.180.1.21/compute/v2.1/servers/dd17765b-eeab-4249-ab76-6476423ba5a4 0.345s
2025-04-06 15:31:36.563 69791 INFO tempest.lib.common.rest_client [req-898a4d9a-53ef-44a6-9149-58aa42a71d30 req-898a4d9a-53ef-44a6-9149-58aa42a71d30 ] Request (AttachInterfacesV270Test:test_create_get_list_interfaces): 200 GET http://10.180.1.21/compute/v2.1/servers/af65de7d-28f6-438f-ae29-81686bf5af5c 0.310s
2025-04-06 15:31:36.580 69811 INFO tempest.lib.common.rest_client [req-c79a040d-e7c5-4fa5-9d7a-1ccd513f0143 req-c79a040d-e7c5-4fa5-9d7a-1ccd513f0143 ] Request (TenantUsagesTestJSON:tearDownClass): 404 GET http://10.180.1.21/compute/v2.1/servers/4a539684-1b4a-40d8-b3bd-9a5a5e845689 0.195s
2025-04-06 15:31:36.642 69777 INFO tempest.lib.common.rest_client [req-b1790593-3d5b-47c3-add7-48363d6454f3 req-b1790593-3d5b-47c3-add7-48363d6454f3 ] Request (ServerShowV254Test:test_rebuild_server): 200 GET http://10.180.1.21/compute/v2.1/servers/2f8a27df-b350-4b34-8d14-8a57437488c4 0.187s
2025-04-06 15:31:36.721 69811 INFO tempest.lib.common.rest_client [req-9ad2bceb-03d9-40e2-a8ab-1ab105b88781 req-9ad2bceb-03d9-40e2-a8ab-1ab105b88781 ] Request (TenantUsagesTestJSON:tearDownClass): 204 DELETE http://10.180.1.21/identity/v3/users/8762748da2ff42c295df3dce1c775c35 0.140s
2025-04-06 15:31:36.768 69771 INFO tempest.lib.common.rest_client [req-7ba30a85-47f8-4c50-95ca-8aa343ab8ab1 req-7ba30a85-47f8-4c50-95ca-8aa343ab8ab1 ] Request (VolumesAssistedSnapshotsTest:test_volume_assisted_snapshot_create_delete): 200 GET http://10.180.1.21/compute/v2.1/servers/7530c7cf-94a7-415b-a631-7777e2b09a47 0.219s
2025-04-06 15:31:36.799 69779 INFO tempest.lib.common.rest_client [req-e63de245-6c3e-4144-ad92-86e6db77d030 req-e63de245-6c3e-4144-ad92-86e6db77d030 ] Request (SecurityGroupRulesTestJSON:tearDownClass): 202 DELETE http://10.180.1.21/compute/v2.1/os-security-groups/cc25e993-45e7-4331-9b57-7fabe68c6623 0.437s
2025-04-06 15:31:36.838 69787 INFO tempest.lib.common.rest_client [req-69040d37-7f31-4116-a33a-5b61e1f40da1 req-69040d37-7f31-4116-a33a-5b61e1f40da1 ] Request (ImagesOneServerTestJSON:setUpClass): 200 GET http://10.180.1.21/compute/v2.1/servers/482ad76b-9174-474f-a399-31a87941b4c2 0.243s
2025-04-06 15:31:36.846 69811 INFO tempest.lib.common.rest_client [req-3d127372-dc2e-4a6a-94e0-5cbf39bbbae2 req-3d127372-dc2e-4a6a-94e0-5cbf39bbbae2 ] Request (TenantUsagesTestJSON:tearDownClass): 204 DELETE http://10.180.1.21/identity/v3/users/d66ae35f8ba84c9ab23287adad3ae9ac 0.124s
2025-04-06 15:31:36.846 69811 INFO tempest.lib.common.dynamic_creds [-] Deleting project and security group for project: 840832a705d543bc8ebba00c2c90d106
2025-04-06 15:31:36.920 69811 INFO tempest.lib.common.rest_client [req-263b6110-a5ac-4da3-bab6-689893263ed3 req-263b6110-a5ac-4da3-bab6-689893263ed3 ] Request (TenantUsagesTestJSON:tearDownClass): 201 POST http://10.180.1.21/identity/v3/auth/tokens 0.074s
2025-04-06 15:31:36.938 69789 INFO tempest.lib.common.rest_client [req-e6ad23e2-320f-48be-86e5-17d585eef6f1 req-e6ad23e2-320f-48be-86e5-17d585eef6f1 ] Request (FloatingIPDetailsTestJSON:tearDownClass): 204 DELETE http://10.180.1.21:9696/networking/v2.0/networks/0f766ff4-7d13-42ce-a530-2553ef71dbc0 0.500s
2025-04-06 15:31:36.954 69751 INFO tempest.lib.common.rest_client [req-c9518a3a-00a2-429b-9373-468228ce9196 req-c9518a3a-00a2-429b-9373-468228ce9196 ] Request (ServersWithSpecificFlavorTestJSON:test_verify_created_server_ephemeral_disk): 200 GET http://10.180.1.21/compute/v2.1/servers/70d4dcdb-93b1-4b4b-8a37-e9f63ebdbb53 0.326s
2025-04-06 15:31:36.963 69751 INFO tempest.common.waiters [-] State transition "BUILD/spawning" ==> "ACTIVE/None" after 41 second wait
2025-04-06 15:31:37.001 69789 INFO tempest.lib.common.rest_client [req-cf3ae55c-2009-4776-97d0-d237adee2b62 req-cf3ae55c-2009-4776-97d0-d237adee2b62 ] Request (FloatingIPDetailsTestJSON:tearDownClass): 204 DELETE http://10.180.1.21/identity/v3/users/f053f97f1d504665a5b0d1a1105e6245 0.062s
2025-04-06 15:31:37.001 69789 INFO tempest.lib.common.dynamic_creds [-] Deleting project and security group for project: 53062935ad564c038ffd5210c888fa1f
2025-04-06 15:31:37.013 69763 INFO tempest.lib.common.rest_client [req-b4a50422-2443-4312-89d0-c6ddedf8ac5a req-b4a50422-2443-4312-89d0-c6ddedf8ac5a ] Request (FloatingIPsAssociationNegativeTestJSON:setUpClass): 200 GET http://10.180.1.21/compute/v2.1/servers/a8997733-2108-4557-81d2-3e470f547ea6 0.293s
2025-04-06 15:31:37.019 69782 INFO tempest.lib.common.rest_client [req-c98467e1-6819-45df-b022-a33a86182b04 req-c98467e1-6819-45df-b022-a33a86182b04 ] Request (InstanceActionsV221TestJSON:test_get_list_deleted_instance_actions): 200 GET http://10.180.1.21/compute/v2.1/servers/6c69c423-87ef-4f0e-853d-f795c70464b9 0.303s
2025-04-06 15:31:37.050 69789 INFO tempest.lib.common.rest_client [req-ecb7b855-53cb-4ba7-84e1-3cb97c7a368e req-ecb7b855-53cb-4ba7-84e1-3cb97c7a368e ] Request (FloatingIPDetailsTestJSON:tearDownClass): 200 GET http://10.180.1.21:9696/networking/v2.0/security-groups?tenant_id=53062935ad564c038ffd5210c888fa1f&name=default 0.048s
2025-04-06 15:31:37.071 69803 INFO tempest.lib.common.rest_client [req-1a12131a-c6a5-48c5-8c83-c4b9742e81b2 req-1a12131a-c6a5-48c5-8c83-c4b9742e81b2 ] Request (ServersAdminTestJSON:test_create_server_with_scheduling_hint): 200 GET http://10.180.1.21/compute/v2.1/servers/efa44fa4-14ba-441f-8c6a-64c557cda2d0 0.277s
2025-04-06 15:31:37.127 69809 INFO tempest.lib.common.rest_client [req-91b4004d-6e13-45fc-90fc-20e7819cc247 req-91b4004d-6e13-45fc-90fc-20e7819cc247 ] Request (ServerDiagnosticsV248Test:test_get_server_diagnostics): 200 GET http://10.180.1.21/compute/v2.1/servers/3f9ca2d1-c9f0-40fc-ad80-5bc24df4b281 0.315s
2025-04-06 15:31:37.176 69801 INFO tempest.lib.common.rest_client [req-9e2af60f-2acd-4811-b73b-738bc28037de req-9e2af60f-2acd-4811-b73b-738bc28037de ] Request (ServerRescueTestJSON:test_rescue_unrescue_instance): 200 GET http://10.180.1.21/compute/v2.1/servers/8a408ee7-9957-489d-8dd4-fe4dab792d26 0.313s
2025-04-06 15:31:37.230 69811 INFO tempest.lib.common.rest_client [req-12487146-1465-4dd4-9949-411dcc60f196 req-12487146-1465-4dd4-9949-411dcc60f196 ] Request (TenantUsagesTestJSON:tearDownClass): 200 GET http://10.180.1.21:9696/networking/v2.0/security-groups?tenant_id=840832a705d543bc8ebba00c2c90d106&name=default 0.310s
2025-04-06 15:31:37.233 69783 INFO tempest.lib.common.rest_client [req-b56133ea-c18b-44b3-80f9-2e27d0d64f23 req-b56133ea-c18b-44b3-80f9-2e27d0d64f23 ] Request (ServerRescueNegativeTestJSON:setUpClass): 200 GET http://10.180.1.21/compute/v2.1/servers/a408ea57-9966-4246-a7f3-2fe708b5afc9 0.363s
2025-04-06 15:31:37.255 69779 INFO tempest.lib.common.rest_client [req-31562278-9bce-4408-b304-eebcc6ade261 req-31562278-9bce-4408-b304-eebcc6ade261 ] Request (SecurityGroupRulesTestJSON:tearDownClass): 202 DELETE http://10.180.1.21/compute/v2.1/os-security-groups/a909e02b-6702-4991-afd7-bb20458d06c1 0.455s
2025-04-06 15:31:37.266 69789 INFO tempest.lib.common.rest_client [req-c381592f-4332-46b4-b45c-cd0f8cf692f2 req-c381592f-4332-46b4-b45c-cd0f8cf692f2 ] Request (FloatingIPDetailsTestJSON:tearDownClass): 204 DELETE http://10.180.1.21:9696/networking/v2.0/security-groups/a565cea4-2e13-4143-9f5b-356d308e0919 0.215s
2025-04-06 15:31:37.295 69773 INFO tempest.lib.common.rest_client [req-29800fe9-a023-4257-a169-3e77a1ae8e42 req-29800fe9-a023-4257-a169-3e77a1ae8e42 ] Request (ListServersNegativeTestJSON:setUpClass): 200 GET http://10.180.1.21/compute/v2.1/servers/3e0e857b-c69a-4c3e-a116-269073c38cba 0.345s
2025-04-06 15:31:37.346 69753 INFO tempest.lib.common.rest_client [req-5e7572b3-36a5-4677-96d4-83fb6b4dc9d3 req-5e7572b3-36a5-4677-96d4-83fb6b4dc9d3 ] Request (ServersListShow2100Test:tearDownClass): 200 GET http://10.180.1.21/compute/v2.1/servers/a6903f16-9d39-47f9-abd6-73b4a40ebdd4 0.381s
2025-04-06 15:31:37.353 69811 INFO tempest.lib.common.rest_client [req-b909e0de-449d-4d7a-acfd-11dc0748c1b7 req-b909e0de-449d-4d7a-acfd-11dc0748c1b7 ] Request (TenantUsagesTestJSON:tearDownClass): 204 DELETE http://10.180.1.21:9696/networking/v2.0/security-groups/637eb7f3-5b65-4b42-a973-a2ca62005402 0.122s
2025-04-06 15:31:37.388 69789 INFO tempest.lib.common.rest_client [req-e93c8f10-d888-4435-a7be-fcde7d830806 req-e93c8f10-d888-4435-a7be-fcde7d830806 ] Request (FloatingIPDetailsTestJSON:tearDownClass): 204 DELETE http://10.180.1.21/identity/v3/projects/53062935ad564c038ffd5210c888fa1f 0.122s
2025-04-06 15:31:37.400 69751 INFO tempest.lib.common.rest_client [req-f7fdba8d-eef6-4eca-9f34-4fb80eac2de9 req-f7fdba8d-eef6-4eca-9f34-4fb80eac2de9 ] Request (ServersWithSpecificFlavorTestJSON:test_verify_created_server_ephemeral_disk): 200 GET http://10.180.1.21/compute/v2.1/servers/70d4dcdb-93b1-4b4b-8a37-e9f63ebdbb53/os-interface 0.436s
2025-04-06 15:31:37.425 69789 INFO tempest.lib.common.rest_client [req-25a3a9ea-e031-43bb-96b2-9cf5018b2052 req-25a3a9ea-e031-43bb-96b2-9cf5018b2052 ] Request (KeyPairsNegativeTestJSON:setUpClass): 201 POST http://10.180.1.21/identity/v3/auth/tokens 0.035s
2025-04-06 15:31:37.430 69755 INFO tempest.lib.common.rest_client [req-e5dd68ff-583c-45c6-a6f3-31304f4fef2e req-e5dd68ff-583c-45c6-a6f3-31304f4fef2e ] Request (ServerDiagnosticsTest:tearDownClass): 200 GET http://10.180.1.21/compute/v2.1/servers/8fd3ca97-8eb5-4481-a2d6-3c3296a3ee86 0.399s
2025-04-06 15:31:37.450 69811 INFO tempest.lib.common.rest_client [req-71995e00-5e09-4261-91ec-25c56d5cd7f0 req-71995e00-5e09-4261-91ec-25c56d5cd7f0 ] Request (TenantUsagesTestJSON:tearDownClass): 204 DELETE http://10.180.1.21/identity/v3/projects/840832a705d543bc8ebba00c2c90d106 0.096s
2025-04-06 15:31:37.450 69811 INFO tempest.lib.common.dynamic_creds [-] Deleting project and security group for project: f00e8f7815494eb5b55c46366d2f23d2
2025-04-06 15:31:37.487 69749 INFO tempest.lib.common.rest_client [req-97744e6f-1f39-4e76-b33c-afaab12e928f req-97744e6f-1f39-4e76-b33c-afaab12e928f ] Request (ServerDiagnosticsNegativeTest:tearDownClass): 200 GET http://10.180.1.21/compute/v2.1/servers/607ed338-d4e0-47b6-8f06-f0e3809a2139 0.356s
2025-04-06 15:31:37.491 69789 INFO tempest.lib.common.rest_client [req-281e16de-d3d6-47df-b15d-ef852b3168b6 req-281e16de-d3d6-47df-b15d-ef852b3168b6 ] Request (KeyPairsNegativeTestJSON:setUpClass): 201 POST http://10.180.1.21/identity/v3/auth/tokens 0.064s
2025-04-06 15:31:37.519 69789 INFO tempest.lib.common.rest_client [req-aa610a64-742d-4c8e-9be8-3d6e43f8e1e8 req-aa610a64-742d-4c8e-9be8-3d6e43f8e1e8 ] Request (KeyPairsNegativeTestJSON:setUpClass): 200 GET http://10.180.1.21/identity/v3/domains?name=Default 0.028s
2025-04-06 15:31:37.532 69811 INFO tempest.lib.common.rest_client [req-116b5294-a8e0-4a49-9c6d-c06765b41313 req-116b5294-a8e0-4a49-9c6d-c06765b41313 ] Request (TenantUsagesTestJSON:tearDownClass): 200 GET http://10.180.1.21:9696/networking/v2.0/security-groups?tenant_id=f00e8f7815494eb5b55c46366d2f23d2&name=default 0.082s
2025-04-06 15:31:37.546 69789 INFO tempest.lib.common.rest_client [req-fe375efe-0491-47bd-bd22-b7a3fd73886a req-fe375efe-0491-47bd-bd22-b7a3fd73886a ] Request (KeyPairsNegativeTestJSON:setUpClass): 201 POST http://10.180.1.21/identity/v3/projects 0.026s
2025-04-06 15:31:37.603 69759 INFO tempest.lib.common.rest_client [req-d49220af-8b58-41aa-882b-3d399b72cd67 req-d49220af-8b58-41aa-882b-3d399b72cd67 ] Request (ServersAdminNegativeTestJSON:test_migrate_server_invalid_state): 200 GET http://10.180.1.21/compute/v2.1/servers/1e732690-5902-4ffd-bea7-98d10fb33549 0.455s
2025-04-06 15:31:37.606 69789 INFO tempest.lib.common.rest_client [req-dd235a1c-abcb-4cdc-8119-a2e18a3a8535 req-dd235a1c-abcb-4cdc-8119-a2e18a3a8535 ] Request (KeyPairsNegativeTestJSON:setUpClass): 201 POST http://10.180.1.21/identity/v3/users 0.060s
2025-04-06 15:31:37.619 69795 INFO tempest.lib.common.rest_client [req-3c7a28e5-33bc-4488-9033-0f92f0385d7f req-3c7a28e5-33bc-4488-9033-0f92f0385d7f ] Request (FloatingIPsAssociationTestJSON:test_associate_already_associated_floating_ip): 200 GET http://10.180.1.21/compute/v2.1/servers/1ffc2586-5045-4048-a7a9-0f855cedf2be 0.564s
2025-04-06 15:31:37.637 69789 INFO tempest.lib.common.rest_client [req-fc9c8ce8-4437-46ef-b8d6-007bf1e20a4d req-fc9c8ce8-4437-46ef-b8d6-007bf1e20a4d ] Request (KeyPairsNegativeTestJSON:setUpClass): 200 GET http://10.180.1.21/identity/v3/roles 0.030s
2025-04-06 15:31:37.667 69811 INFO tempest.lib.common.rest_client [req-7a1d95cd-2fba-46e3-831c-76e7982a2b16 req-7a1d95cd-2fba-46e3-831c-76e7982a2b16 ] Request (TenantUsagesTestJSON:tearDownClass): 204 DELETE http://10.180.1.21:9696/networking/v2.0/security-groups/58f669c4-7af2-4351-9348-50ca92adbccc 0.134s
2025-04-06 15:31:37.672 69769 INFO tempest.lib.common.rest_client [req-1444765f-d70d-4ded-a00e-ed91445f060e req-1444765f-d70d-4ded-a00e-ed91445f060e ] Request (ListImageFiltersTestJSON:setUpClass): 200 GET http://10.180.1.21/compute/v2.1/servers/4dadecae-296e-453b-a434-78870fae404e 0.482s
2025-04-06 15:31:37.681 69789 INFO tempest.lib.common.rest_client [req-d0343dfe-5a88-4c98-8d28-375c91b39e2e req-d0343dfe-5a88-4c98-8d28-375c91b39e2e ] Request (KeyPairsNegativeTestJSON:setUpClass): 204 PUT http://10.180.1.21/identity/v3/projects/a0b97d2e804a43919b493891d369bb86/users/84a503f00c544fb4bf7406e43fd17e1d/roles/67856c16451548f689b76be23aa3f63e 0.043s
2025-04-06 15:31:37.682 69789 INFO tempest.lib.common.dynamic_creds [-] Dynamic test user 84a503f00c544fb4bf7406e43fd17e1d is created with scope project and roles: ['member']
2025-04-06 15:31:37.682 69789 INFO tempest.lib.common.dynamic_creds [-] Acquired dynamic creds: credentials: Credentials: {'domain_id': 'default', 'domain_name': 'Default', 'username': 'tempest-KeyPairsNegativeTestJSON-771241754-project-member', 'project_domain_id': 'default', 'project_domain_name': 'Default', 'project_id': 'a0b97d2e804a43919b493891d369bb86', 'project_name': 'tempest-KeyPairsNegativeTestJSON-771241754', 'tenant_id': 'a0b97d2e804a43919b493891d369bb86', 'tenant_name': 'tempest-KeyPairsNegativeTestJSON-771241754', 'user_domain_id': 'default', 'user_domain_name': 'Default', 'user_id': '84a503f00c544fb4bf7406e43fd17e1d', 'system': None}, Network: None, Subnet: None, Router: None
2025-04-06 15:31:37.682 69789 INFO tempest.lib.common.dynamic_creds [-] Created isolated network resources for: credentials: Credentials: {'domain_id': 'default', 'domain_name': 'Default', 'username': 'tempest-KeyPairsNegativeTestJSON-771241754-project-member', 'project_domain_id': 'default', 'project_domain_name': 'Default', 'project_id': 'a0b97d2e804a43919b493891d369bb86', 'project_name': 'tempest-KeyPairsNegativeTestJSON-771241754', 'tenant_id': 'a0b97d2e804a43919b493891d369bb86', 'tenant_name': 'tempest-KeyPairsNegativeTestJSON-771241754', 'user_domain_id': 'default', 'user_domain_name': 'Default', 'user_id': '84a503f00c544fb4bf7406e43fd17e1d', 'system': None}, Network: None, Subnet: None, Router: None
2025-04-06 15:31:37.770 69789 INFO tempest.lib.common.rest_client [req-6fdf7bda-a979-4c7f-a553-d2e129937ec8 req-6fdf7bda-a979-4c7f-a553-d2e129937ec8 ] Request (KeyPairsNegativeTestJSON:setUpClass): 201 POST http://10.180.1.21/identity/v3/auth/tokens 0.083s
2025-04-06 15:31:37.788 69786 INFO tempest.lib.common.rest_client [req-adf15ee7-84a2-4442-9fec-acf921798b3e req-adf15ee7-84a2-4442-9fec-acf921798b3e ] Request (MigrationsAdminTest:test_list_migrations_in_flavor_resize_situation): 200 GET http://10.180.1.21/compute/v2.1/servers/dd22452f-04e7-43f9-95a1-4dc220c12db3 0.458s
2025-04-06 15:31:37.789 69811 INFO tempest.lib.common.rest_client [req-c47e5fba-28b2-45e3-83ab-f6e0321690e6 req-c47e5fba-28b2-45e3-83ab-f6e0321690e6 ] Request (TenantUsagesTestJSON:tearDownClass): 204 DELETE http://10.180.1.21/identity/v3/projects/f00e8f7815494eb5b55c46366d2f23d2 0.121s
2025-04-06 15:31:37.810 69779 INFO tempest.lib.common.rest_client [req-16a85b44-344e-4ddd-ab82-6a3362464694 req-16a85b44-344e-4ddd-ab82-6a3362464694 ] Request (SecurityGroupRulesTestJSON:tearDownClass): 202 DELETE http://10.180.1.21/compute/v2.1/os-security-groups/41af2da9-ee51-4aff-957b-fda869a6ccd8 0.554s
2025-04-06 15:31:37.849 69765 INFO tempest.lib.common.rest_client [req-f861a2e2-65b6-4aa8-ad3c-27c06fdfc04a req-f861a2e2-65b6-4aa8-ad3c-27c06fdfc04a ] Request (ServersListShow298Test:test_list_show_update_rebuild_server_298): 200 GET http://10.180.1.21/compute/v2.1/servers/dda40d11-631f-478c-bcc4-35b7bcd079a7 0.457s
2025-04-06 15:31:37.864 69811 INFO tempest.lib.common.rest_client [req-0849c279-29be-4063-b079-e87202f7f54f req-0849c279-29be-4063-b079-e87202f7f54f ] Request (AZV2TestJSON:setUpClass): 201 POST http://10.180.1.21/identity/v3/auth/tokens 0.073s
2025-04-06 15:31:37.867 69807 INFO tempest.lib.common.rest_client [req-922ea4f1-aa97-463b-ad6a-55abfd4b958e req-922ea4f1-aa97-463b-ad6a-55abfd4b958e ] Request (ServersNegativeTestMultiTenantJSON:setUpClass): 200 GET http://10.180.1.21/compute/v2.1/servers/2c1cbcc3-22f0-4443-95cd-05dafecde659 0.414s
2025-04-06 15:31:37.902 69811 INFO tempest.lib.common.rest_client [req-fd121761-63a3-49db-b481-7c68823a1116 req-fd121761-63a3-49db-b481-7c68823a1116 ] Request (AZV2TestJSON:setUpClass): 201 POST http://10.180.1.21/identity/v3/auth/tokens 0.036s
2025-04-06 15:31:37.909 69757 INFO tempest.lib.common.rest_client [req-6d13b3fb-6276-4fb0-a84f-d332ea757633 req-6d13b3fb-6276-4fb0-a84f-d332ea757633 ] Request (ImagesOneServerNegativeTestJSON:_run_cleanups): 200 GET http://10.180.1.21/compute/v2.1/servers/0d07e46b-24af-4795-841b-b89ecad2326c 0.452s
2025-04-06 15:31:37.916 69793 INFO tempest.lib.common.rest_client [req-45989be1-5902-49ac-884c-ee24c641801f req-45989be1-5902-49ac-884c-ee24c641801f ] Request (ServerShowV247Test:test_update_rebuild_list_server): 200 GET http://10.180.1.21/compute/v2.1/servers/87ccccac-cfaa-4602-b8d0-d2a8465cb8a6 0.405s
2025-04-06 15:31:37.931 69811 INFO tempest.lib.common.rest_client [req-fc896c0b-e79d-430a-99cd-af6862bbb10d req-fc896c0b-e79d-430a-99cd-af6862bbb10d ] Request (AZV2TestJSON:setUpClass): 200 GET http://10.180.1.21/identity/v3/domains?name=Default 0.029s
2025-04-06 15:31:37.958 69805 INFO tempest.lib.common.rest_client [req-a7969798-7970-4e88-8471-46d28d4c1e7f req-a7969798-7970-4e88-8471-46d28d4c1e7f ] Request (DeleteServersAdminTestJSON:test_delete_server_while_in_error_state): 200 GET http://10.180.1.21/compute/v2.1/servers/dd17765b-eeab-4249-ab76-6476423ba5a4 0.433s
2025-04-06 15:31:37.962 69811 INFO tempest.lib.common.rest_client [req-a6faee89-f972-439b-85ee-bde6183f6960 req-a6faee89-f972-439b-85ee-bde6183f6960 ] Request (AZV2TestJSON:setUpClass): 201 POST http://10.180.1.21/identity/v3/projects 0.029s
2025-04-06 15:31:37.968 69791 INFO tempest.lib.common.rest_client [req-c303702f-cdb9-40b4-9da0-27d9df9b5b7a req-c303702f-cdb9-40b4-9da0-27d9df9b5b7a ] Request (AttachInterfacesV270Test:test_create_get_list_interfaces): 200 GET http://10.180.1.21/compute/v2.1/servers/af65de7d-28f6-438f-ae29-81686bf5af5c 0.389s
2025-04-06 15:31:38.008 69777 INFO tempest.lib.common.rest_client [req-e473ede4-6e38-4cd7-9731-ec43bada5cff req-e473ede4-6e38-4cd7-9731-ec43bada5cff ] Request (ServerShowV254Test:test_rebuild_server): 200 GET http://10.180.1.21/compute/v2.1/servers/2f8a27df-b350-4b34-8d14-8a57437488c4 0.356s
2025-04-06 15:31:38.031 69811 INFO tempest.lib.common.rest_client [req-1b80db2e-b23a-4335-b9b4-ec80c3f9c625 req-1b80db2e-b23a-4335-b9b4-ec80c3f9c625 ] Request (AZV2TestJSON:setUpClass): 201 POST http://10.180.1.21/identity/v3/users 0.069s
2025-04-06 15:31:38.038 69751 INFO tempest.lib.common.rest_client [req-6fb28563-484d-488a-a4da-6c0a2efa4c18 req-6fb28563-484d-488a-a4da-6c0a2efa4c18 ] Request (ServersWithSpecificFlavorTestJSON:test_verify_created_server_ephemeral_disk): 200 PUT http://10.180.1.21:9696/networking/v2.0/floatingips/a3a3a4c7-29d3-4690-82dd-533598219b4b 0.635s
2025-04-06 15:31:38.052 69811 INFO tempest.lib.common.rest_client [req-43c4550b-0761-408f-bc69-ac3fb9fff1d2 req-43c4550b-0761-408f-bc69-ac3fb9fff1d2 ] Request (AZV2TestJSON:setUpClass): 200 GET http://10.180.1.21/identity/v3/roles 0.020s
2025-04-06 15:31:38.053 69797 WARNING tempest.lib.common.ssh [-] Failed to establish authenticated ssh connection to cirros@10.180.180.188 ([Errno None] Unable to connect to port 22 on 10.180.180.188). Number attempts: 2. Retry after 3 seconds.: paramiko.ssh_exception.NoValidConnectionsError: [Errno None] Unable to connect to port 22 on 10.180.180.188
2025-04-06 15:31:38.067 69789 INFO tempest.lib.common.rest_client [req-5e48463d-3e9c-4e97-801f-e8f7ef8a67cb req-5e48463d-3e9c-4e97-801f-e8f7ef8a67cb ] Request (KeyPairsNegativeTestJSON:test_create_keypair_invalid_name): 400 POST http://10.180.1.21/compute/v2.1/os-keypairs 0.295s
2025-04-06 15:31:38.077 69811 INFO tempest.lib.common.rest_client [req-f84df635-ac39-4fcd-bbdb-6eda9bc25d1c req-f84df635-ac39-4fcd-bbdb-6eda9bc25d1c ] Request (AZV2TestJSON:setUpClass): 204 PUT http://10.180.1.21/identity/v3/projects/8766db7a11a04a199288e3157fc12af9/users/85f67fa5c658474a8c06eea6005de418/roles/67856c16451548f689b76be23aa3f63e 0.025s
2025-04-06 15:31:38.077 69811 INFO tempest.lib.common.dynamic_creds [-] Dynamic test user 85f67fa5c658474a8c06eea6005de418 is created with scope project and roles: ['member']
2025-04-06 15:31:38.077 69811 INFO tempest.lib.common.dynamic_creds [-] Acquired dynamic creds: credentials: Credentials: {'domain_id': 'default', 'domain_name': 'Default', 'username': 'tempest-AZV2TestJSON-596735187-project-member', 'project_domain_id': 'default', 'project_domain_name': 'Default', 'project_id': '8766db7a11a04a199288e3157fc12af9', 'project_name': 'tempest-AZV2TestJSON-596735187', 'tenant_id': '8766db7a11a04a199288e3157fc12af9', 'tenant_name': 'tempest-AZV2TestJSON-596735187', 'user_domain_id': 'default', 'user_domain_name': 'Default', 'user_id': '85f67fa5c658474a8c06eea6005de418', 'system': None}, Network: None, Subnet: None, Router: None
2025-04-06 15:31:38.078 69811 INFO tempest.lib.common.dynamic_creds [-] Created isolated network resources for: credentials: Credentials: {'domain_id': 'default', 'domain_name': 'Default', 'username': 'tempest-AZV2TestJSON-596735187-project-member', 'project_domain_id': 'default', 'project_domain_name': 'Default', 'project_id': '8766db7a11a04a199288e3157fc12af9', 'project_name': 'tempest-AZV2TestJSON-596735187', 'tenant_id': '8766db7a11a04a199288e3157fc12af9', 'tenant_name': 'tempest-AZV2TestJSON-596735187', 'user_domain_id': 'default', 'user_domain_name': 'Default', 'user_id': '85f67fa5c658474a8c06eea6005de418', 'system': None}, Network: None, Subnet: None, Router: None
2025-04-06 15:31:38.097 69771 INFO tempest.lib.common.rest_client [req-4d310357-1b4a-4dbc-b6a3-b3a4358b8489 req-4d310357-1b4a-4dbc-b6a3-b3a4358b8489 ] Request (VolumesAssistedSnapshotsTest:test_volume_assisted_snapshot_create_delete): 200 GET http://10.180.1.21/compute/v2.1/servers/7530c7cf-94a7-415b-a631-7777e2b09a47 0.319s
2025-04-06 15:31:38.104 69771 INFO tempest.common.waiters [-] State transition "BUILD/spawning" ==> "ACTIVE/None" after 42 second wait
2025-04-06 15:31:38.143 69811 INFO tempest.lib.common.rest_client [req-06741b33-3bb7-49cf-a73e-dcbb6cf17c3a req-06741b33-3bb7-49cf-a73e-dcbb6cf17c3a ] Request (AZV2TestJSON:setUpClass): 201 POST http://10.180.1.21/identity/v3/auth/tokens 0.062s
2025-04-06 15:31:38.145 69787 INFO tempest.lib.common.rest_client [req-2a8c9f67-02cd-444b-82a6-7a41587bb55c req-2a8c9f67-02cd-444b-82a6-7a41587bb55c ] Request (ImagesOneServerTestJSON:setUpClass): 200 GET http://10.180.1.21/compute/v2.1/servers/482ad76b-9174-474f-a399-31a87941b4c2 0.296s
2025-04-06 15:31:38.152 69787 INFO tempest.common.waiters [-] State transition "BUILD/scheduling" ==> "BUILD/None" after 25 second wait
2025-04-06 15:31:38.162 69779 INFO tempest.lib.common.rest_client [req-90b56aa4-8f12-4f6c-a146-87659d525a97 req-90b56aa4-8f12-4f6c-a146-87659d525a97 ] Request (SecurityGroupRulesTestJSON:tearDownClass): 202 DELETE http://10.180.1.21/compute/v2.1/os-security-groups/e949ede9-655d-4ee5-956d-1caeb64251d6 0.352s
2025-04-06 15:31:38.217 69763 INFO tempest.lib.common.rest_client [req-9bbb407e-3f9a-45ad-be11-8e0c401a6242 req-9bbb407e-3f9a-45ad-be11-8e0c401a6242 ] Request (FloatingIPsAssociationNegativeTestJSON:setUpClass): 200 GET http://10.180.1.21/compute/v2.1/servers/a8997733-2108-4557-81d2-3e470f547ea6 0.193s
2025-04-06 15:31:38.228 69782 INFO tempest.lib.common.rest_client [req-0386671c-5f1e-4c03-a217-6a6d0c30fec4 req-0386671c-5f1e-4c03-a217-6a6d0c30fec4 ] Request (InstanceActionsV221TestJSON:test_get_list_deleted_instance_actions): 200 GET http://10.180.1.21/compute/v2.1/servers/6c69c423-87ef-4f0e-853d-f795c70464b9 0.197s
2025-04-06 15:31:38.260 69789 INFO tempest.lib.common.rest_client [req-264a08bc-e86f-4194-a563-39053578ab3b req-264a08bc-e86f-4194-a563-39053578ab3b ] Request (KeyPairsNegativeTestJSON:test_create_keypair_when_public_key_bits_exceeds_maximum): 400 POST http://10.180.1.21/compute/v2.1/os-keypairs 0.192s
2025-04-06 15:31:38.309 69803 INFO tempest.lib.common.rest_client [req-c6976d03-43f6-4a58-b557-497c6a3f51f3 req-c6976d03-43f6-4a58-b557-497c6a3f51f3 ] Request (ServersAdminTestJSON:test_create_server_with_scheduling_hint): 200 GET http://10.180.1.21/compute/v2.1/servers/efa44fa4-14ba-441f-8c6a-64c557cda2d0 0.227s
2025-04-06 15:31:38.346 69751 INFO tempest.lib.common.rest_client [req-4d45e2c1-119b-4d35-8967-733efae4403b req-4d45e2c1-119b-4d35-8967-733efae4403b ] Request (ServersWithSpecificFlavorTestJSON:test_verify_created_server_ephemeral_disk): 200 GET http://10.180.1.21/compute/v2.1/servers/70d4dcdb-93b1-4b4b-8a37-e9f63ebdbb53 0.307s
2025-04-06 15:31:38.354 69751 INFO tempest.lib.common.ssh [-] Creating ssh connection to '10.180.180.194:22' as 'cirros' with public key authentication
2025-04-06 15:31:38.410 69771 INFO tempest.lib.common.rest_client [req-90f2f6c2-e8e2-4c69-9ba9-1dcbfe12361d req-90f2f6c2-e8e2-4c69-9ba9-1dcbfe12361d ] Request (VolumesAssistedSnapshotsTest:test_volume_assisted_snapshot_create_delete): 200 GET http://10.180.1.21/compute/v2.1/servers/7530c7cf-94a7-415b-a631-7777e2b09a47/os-interface 0.305s
2025-04-06 15:31:38.420 69809 INFO tempest.lib.common.rest_client [req-a7ea7d56-8242-4b25-a85a-81548b64c2b1 req-a7ea7d56-8242-4b25-a85a-81548b64c2b1 ] Request (ServerDiagnosticsV248Test:test_get_server_diagnostics): 200 GET http://10.180.1.21/compute/v2.1/servers/3f9ca2d1-c9f0-40fc-ad80-5bc24df4b281 0.277s
2025-04-06 15:31:38.493 69801 INFO tempest.lib.common.rest_client [req-f815fdcd-23a4-4b76-9e89-6f98b908c1ab req-f815fdcd-23a4-4b76-9e89-6f98b908c1ab ] Request (ServerRescueTestJSON:test_rescue_unrescue_instance): 200 GET http://10.180.1.21/compute/v2.1/servers/8a408ee7-9957-489d-8dd4-fe4dab792d26 0.300s
2025-04-06 15:31:38.514 69811 INFO tempest.lib.common.rest_client [req-e5b1bf41-d100-4c15-b3b4-197b6a175369 req-e5b1bf41-d100-4c15-b3b4-197b6a175369 ] Request (AZV2TestJSON:test_get_availability_zone_list_with_non_admin_user): 200 GET http://10.180.1.21/compute/v2.1/os-availability-zone 0.370s
2025-04-06 15:31:38.544 69789 INFO tempest.lib.common.rest_client [req-997f67e7-9311-447c-9d44-ddf7091fc3e0 req-997f67e7-9311-447c-9d44-ddf7091fc3e0 ] Request (KeyPairsNegativeTestJSON:test_create_keypair_with_duplicate_name): 200 POST http://10.180.1.21/compute/v2.1/os-keypairs 0.282s
2025-04-06 15:31:38.562 69783 INFO tempest.lib.common.rest_client [req-97a68fb0-06cb-4205-8477-e5e62b4a8b1b req-97a68fb0-06cb-4205-8477-e5e62b4a8b1b ] Request (ServerRescueNegativeTestJSON:setUpClass): 200 GET http://10.180.1.21/compute/v2.1/servers/a408ea57-9966-4246-a7f3-2fe708b5afc9 0.318s
2025-04-06 15:31:38.613 69773 INFO tempest.lib.common.rest_client [req-84f2fff7-205b-4ed4-821e-3a2ccb63985c req-84f2fff7-205b-4ed4-821e-3a2ccb63985c ] Request (ListServersNegativeTestJSON:setUpClass): 200 GET http://10.180.1.21/compute/v2.1/servers/3e0e857b-c69a-4c3e-a116-269073c38cba 0.309s
2025-04-06 15:31:38.656 69811 INFO tempest.lib.common.rest_client [req-fdcc9457-5e3e-4f6d-a3d5-e920355a285d req-fdcc9457-5e3e-4f6d-a3d5-e920355a285d ] Request (AZV2TestJSON:tearDownClass): 204 DELETE http://10.180.1.21/identity/v3/users/85f67fa5c658474a8c06eea6005de418 0.139s
2025-04-06 15:31:38.656 69811 INFO tempest.lib.common.dynamic_creds [-] Deleting project and security group for project: 8766db7a11a04a199288e3157fc12af9
2025-04-06 15:31:38.663 69753 INFO tempest.lib.common.rest_client [req-8ef70c52-2dcc-4187-9dbc-e6ec329f4a6d req-8ef70c52-2dcc-4187-9dbc-e6ec329f4a6d ] Request (ServersListShow2100Test:tearDownClass): 200 GET http://10.180.1.21/compute/v2.1/servers/a6903f16-9d39-47f9-abd6-73b4a40ebdd4 0.301s
2025-04-06 15:31:38.703 69755 INFO tempest.lib.common.rest_client [req-48ad9178-dc2d-439c-a9e7-c871840abc59 req-48ad9178-dc2d-439c-a9e7-c871840abc59 ] Request (ServerDiagnosticsTest:tearDownClass): 200 GET http://10.180.1.21/compute/v2.1/servers/8fd3ca97-8eb5-4481-a2d6-3c3296a3ee86 0.263s
2025-04-06 15:31:38.736 69789 INFO tempest.lib.common.rest_client [req-25ff6d7c-238a-4518-8a76-9307b03602db req-25ff6d7c-238a-4518-8a76-9307b03602db ] Request (KeyPairsNegativeTestJSON:test_create_keypair_with_duplicate_name): 409 POST http://10.180.1.21/compute/v2.1/os-keypairs 0.190s
2025-04-06 15:31:38.743 69749 INFO tempest.lib.common.rest_client [req-aa927f1b-dcac-471d-9210-dc67230b7091 req-aa927f1b-dcac-471d-9210-dc67230b7091 ] Request (ServerDiagnosticsNegativeTest:tearDownClass): 200 GET http://10.180.1.21/compute/v2.1/servers/607ed338-d4e0-47b6-8f06-f0e3809a2139 0.244s
2025-04-06 15:31:38.752 69811 INFO tempest.lib.common.rest_client [req-2340060d-d211-4c8c-834b-3880e963476c req-2340060d-d211-4c8c-834b-3880e963476c ] Request (AZV2TestJSON:tearDownClass): 201 POST http://10.180.1.21/identity/v3/auth/tokens 0.096s
2025-04-06 15:31:38.860 69759 INFO tempest.lib.common.rest_client [req-8a8b3304-1fe0-488c-ac9d-cd8505a0c0b0 req-8a8b3304-1fe0-488c-ac9d-cd8505a0c0b0 ] Request (ServersAdminNegativeTestJSON:test_migrate_server_invalid_state): 200 GET http://10.180.1.21/compute/v2.1/servers/1e732690-5902-4ffd-bea7-98d10fb33549 0.244s
2025-04-06 15:31:38.916 69769 INFO tempest.lib.common.rest_client [req-e93cca2d-1ea4-45e2-835a-2c99cbdacdcd req-e93cca2d-1ea4-45e2-835a-2c99cbdacdcd ] Request (ListImageFiltersTestJSON:setUpClass): 200 GET http://10.180.1.21/compute/v2.1/servers/4dadecae-296e-453b-a434-78870fae404e 0.234s
2025-04-06 15:31:38.933 69789 INFO tempest.lib.common.rest_client [req-3bbfdb30-19c5-4964-b211-26668332aee9 req-3bbfdb30-19c5-4964-b211-26668332aee9 ] Request (KeyPairsNegativeTestJSON:test_create_keypair_with_duplicate_name): 202 DELETE http://10.180.1.21/compute/v2.1/os-keypairs/tempest-keypair-1520425945 0.197s
2025-04-06 15:31:39.022 69786 INFO tempest.lib.common.rest_client [req-115ba153-e8b5-4c9f-b8f3-80176d9a5d88 req-115ba153-e8b5-4c9f-b8f3-80176d9a5d88 ] Request (MigrationsAdminTest:test_list_migrations_in_flavor_resize_situation): 200 GET http://10.180.1.21/compute/v2.1/servers/dd22452f-04e7-43f9-95a1-4dc220c12db3 0.226s
2025-04-06 15:31:39.077 69765 INFO tempest.lib.common.rest_client [req-9228844c-a5d2-4a87-8019-8f87d78a674e req-9228844c-a5d2-4a87-8019-8f87d78a674e ] Request (ServersListShow298Test:test_list_show_update_rebuild_server_298): 200 GET http://10.180.1.21/compute/v2.1/servers/dda40d11-631f-478c-bcc4-35b7bcd079a7 0.210s
2025-04-06 15:31:39.129 69795 INFO tempest.lib.common.rest_client [req-10e8b2fe-ace1-45d7-9138-ede65ec5f421 req-10e8b2fe-ace1-45d7-9138-ede65ec5f421 ] Request (FloatingIPsAssociationTestJSON:test_associate_already_associated_floating_ip): 200 GET http://10.180.1.21/compute/v2.1/servers/1ffc2586-5045-4048-a7a9-0f855cedf2be 0.498s
2025-04-06 15:31:39.211 69757 INFO tempest.lib.common.rest_client [req-eba4d310-8740-46f7-b48a-5b419b85ef21 req-eba4d310-8740-46f7-b48a-5b419b85ef21 ] Request (ImagesOneServerNegativeTestJSON:_run_cleanups): 200 GET http://10.180.1.21/compute/v2.1/servers/0d07e46b-24af-4795-841b-b89ecad2326c 0.292s
2025-04-06 15:31:39.313 69793 INFO tempest.lib.common.rest_client [req-0ac6abb8-b91e-49e6-b11d-c2dd3d69e6ac req-0ac6abb8-b91e-49e6-b11d-c2dd3d69e6ac ] Request (ServerShowV247Test:test_update_rebuild_list_server): 200 GET http://10.180.1.21/compute/v2.1/servers/87ccccac-cfaa-4602-b8d0-d2a8465cb8a6 0.384s
2025-04-06 15:31:39.324 69811 INFO tempest.lib.common.rest_client [req-53d52b30-5768-4be4-ab81-dcc0e85ac425 req-53d52b30-5768-4be4-ab81-dcc0e85ac425 ] Request (AZV2TestJSON:tearDownClass): 200 GET http://10.180.1.21:9696/networking/v2.0/security-groups?tenant_id=8766db7a11a04a199288e3157fc12af9&name=default 0.571s
2025-04-06 15:31:39.325 69789 INFO tempest.lib.common.rest_client [req-9484cbf8-1fd2-48c1-b3d8-de28292f6862 req-9484cbf8-1fd2-48c1-b3d8-de28292f6862 ] Request (KeyPairsNegativeTestJSON:test_create_keypair_with_empty_name_string): 400 POST http://10.180.1.21/compute/v2.1/os-keypairs 0.390s
2025-04-06 15:31:39.341 69807 INFO tempest.lib.common.rest_client [req-9fe5c9fd-a8c1-4b7d-9634-7f1cce36d816 req-9fe5c9fd-a8c1-4b7d-9634-7f1cce36d816 ] Request (ServersNegativeTestMultiTenantJSON:setUpClass): 200 GET http://10.180.1.21/compute/v2.1/servers/2c1cbcc3-22f0-4443-95cd-05dafecde659 0.465s
2025-04-06 15:31:39.392 69805 INFO tempest.lib.common.rest_client [req-99123c5a-5f16-4710-be0f-d93631cbc5c5 req-99123c5a-5f16-4710-be0f-d93631cbc5c5 ] Request (DeleteServersAdminTestJSON:test_delete_server_while_in_error_state): 200 GET http://10.180.1.21/compute/v2.1/servers/dd17765b-eeab-4249-ab76-6476423ba5a4 0.424s
2025-04-06 15:31:39.408 69791 INFO tempest.lib.common.rest_client [req-82fb3d70-1751-4434-8158-5eb160d82555 req-82fb3d70-1751-4434-8158-5eb160d82555 ] Request (AttachInterfacesV270Test:test_create_get_list_interfaces): 200 GET http://10.180.1.21/compute/v2.1/servers/af65de7d-28f6-438f-ae29-81686bf5af5c 0.429s
2025-04-06 15:31:39.428 69811 INFO tempest.lib.common.rest_client [req-1ba0ccd8-e480-43ee-9693-35856d1bf11d req-1ba0ccd8-e480-43ee-9693-35856d1bf11d ] Request (AZV2TestJSON:tearDownClass): 204 DELETE http://10.180.1.21:9696/networking/v2.0/security-groups/48e1a595-16dd-4595-888c-1b21204d0f98 0.104s
2025-04-06 15:31:39.466 69777 INFO tempest.lib.common.rest_client [req-b0db232a-1f48-4de7-b302-e90c337da68a req-b0db232a-1f48-4de7-b302-e90c337da68a ] Request (ServerShowV254Test:test_rebuild_server): 200 GET http://10.180.1.21/compute/v2.1/servers/2f8a27df-b350-4b34-8d14-8a57437488c4 0.448s
2025-04-06 15:31:39.472 69787 INFO tempest.lib.common.rest_client [req-0ce8ba66-1105-4a0d-a94f-ac8e60af393c req-0ce8ba66-1105-4a0d-a94f-ac8e60af393c ] Request (ImagesOneServerTestJSON:setUpClass): 200 GET http://10.180.1.21/compute/v2.1/servers/482ad76b-9174-474f-a399-31a87941b4c2 0.316s
2025-04-06 15:31:39.504 69811 INFO tempest.lib.common.rest_client [req-90da00f4-a32e-450e-8cbc-e1587e7c980e req-90da00f4-a32e-450e-8cbc-e1587e7c980e ] Request (AZV2TestJSON:tearDownClass): 204 DELETE http://10.180.1.21/identity/v3/projects/8766db7a11a04a199288e3157fc12af9 0.075s
2025-04-06 15:31:39.536 69763 INFO tempest.lib.common.rest_client [req-634a0623-8bd4-4c2e-b5b7-ec61d59f04f5 req-634a0623-8bd4-4c2e-b5b7-ec61d59f04f5 ] Request (FloatingIPsAssociationNegativeTestJSON:setUpClass): 200 GET http://10.180.1.21/compute/v2.1/servers/a8997733-2108-4557-81d2-3e470f547ea6 0.305s
2025-04-06 15:31:39.538 69782 INFO tempest.lib.common.rest_client [req-c1cec8db-180a-4b54-8fbe-aa8e669ffe46 req-c1cec8db-180a-4b54-8fbe-aa8e669ffe46 ] Request (InstanceActionsV221TestJSON:test_get_list_deleted_instance_actions): 200 GET http://10.180.1.21/compute/v2.1/servers/6c69c423-87ef-4f0e-853d-f795c70464b9 0.297s
2025-04-06 15:31:39.548 69782 INFO tempest.common.waiters [-] State transition "ACTIVE/deleting" ==> "DELETED/None" after 4 second wait
2025-04-06 15:31:39.568 69789 INFO tempest.lib.common.rest_client [req-debf3dfc-e0fb-4c45-a40f-fcdbf5dce914 req-debf3dfc-e0fb-4c45-a40f-fcdbf5dce914 ] Request (KeyPairsNegativeTestJSON:test_create_keypair_with_empty_public_key): 400 POST http://10.180.1.21/compute/v2.1/os-keypairs 0.241s
2025-04-06 15:31:39.591 69811 INFO tempest.lib.common.rest_client [req-d147892b-5fec-4653-83d7-62a03a414cf9 req-d147892b-5fec-4653-83d7-62a03a414cf9 ] Request (ServerGroup264TestJSON:setUpClass): 201 POST http://10.180.1.21/identity/v3/auth/tokens 0.086s
2025-04-06 15:31:39.629 69811 INFO tempest.lib.common.rest_client [req-068cd6ec-8e47-42e7-8579-18a57922db08 req-068cd6ec-8e47-42e7-8579-18a57922db08 ] Request (ServerGroup264TestJSON:setUpClass): 201 POST http://10.180.1.21/identity/v3/auth/tokens 0.035s
2025-04-06 15:31:39.631 69803 INFO tempest.lib.common.rest_client [req-a51e2adf-e079-434f-a7f1-26c66a64a27b req-a51e2adf-e079-434f-a7f1-26c66a64a27b ] Request (ServersAdminTestJSON:test_create_server_with_scheduling_hint): 200 GET http://10.180.1.21/compute/v2.1/servers/efa44fa4-14ba-441f-8c6a-64c557cda2d0 0.310s
2025-04-06 15:31:39.645 69771 INFO tempest.lib.common.rest_client [req-98cd9c00-4556-4ed4-a896-a1fdb98462b6 req-98cd9c00-4556-4ed4-a896-a1fdb98462b6 ] Request (VolumesAssistedSnapshotsTest:test_volume_assisted_snapshot_create_delete): 200 PUT http://10.180.1.21:9696/networking/v2.0/floatingips/2ec1cd73-2b37-4333-ba24-939052bbb7c8 1.233s
2025-04-06 15:31:39.647 69771 INFO tempest.lib.common.ssh [-] Creating ssh connection to '10.180.180.158:22' as 'cirros' with public key authentication
2025-04-06 15:31:39.659 69809 INFO tempest.lib.common.rest_client [req-c2507bdd-089b-4139-b9fa-2e8500f8fd75 req-c2507bdd-089b-4139-b9fa-2e8500f8fd75 ] Request (ServerDiagnosticsV248Test:test_get_server_diagnostics): 200 GET http://10.180.1.21/compute/v2.1/servers/3f9ca2d1-c9f0-40fc-ad80-5bc24df4b281 0.228s
2025-04-06 15:31:39.676 69811 INFO tempest.lib.common.rest_client [req-fd4a1a5e-50fe-4124-b687-73fbd4d66758 req-fd4a1a5e-50fe-4124-b687-73fbd4d66758 ] Request (ServerGroup264TestJSON:setUpClass): 200 GET http://10.180.1.21/identity/v3/domains?name=Default 0.046s
2025-04-06 15:31:39.700 69801 INFO tempest.lib.common.rest_client [req-a075160f-e996-4b35-8e67-f5fece723b20 req-a075160f-e996-4b35-8e67-f5fece723b20 ] Request (ServerRescueTestJSON:test_rescue_unrescue_instance): 200 GET http://10.180.1.21/compute/v2.1/servers/8a408ee7-9957-489d-8dd4-fe4dab792d26 0.197s
2025-04-06 15:31:39.707 69789 INFO tempest.lib.common.rest_client [req-8a2c1f90-ad57-4a6c-9bf0-f301e9fe7d80 req-8a2c1f90-ad57-4a6c-9bf0-f301e9fe7d80 ] Request (KeyPairsNegativeTestJSON:test_create_keypair_with_long_keynames): 400 POST http://10.180.1.21/compute/v2.1/os-keypairs 0.138s
2025-04-06 15:31:39.710 69811 INFO tempest.lib.common.rest_client [req-269a177d-af0e-4174-8b62-8c739f405655 req-269a177d-af0e-4174-8b62-8c739f405655 ] Request (ServerGroup264TestJSON:setUpClass): 201 POST http://10.180.1.21/identity/v3/projects 0.034s
2025-04-06 15:31:39.719 69783 INFO tempest.lib.common.rest_client [req-1db11811-c673-45bb-86eb-373e3c6e2d0b req-1db11811-c673-45bb-86eb-373e3c6e2d0b ] Request (ServerRescueNegativeTestJSON:setUpClass): 200 GET http://10.180.1.21/compute/v2.1/servers/a408ea57-9966-4246-a7f3-2fe708b5afc9 0.149s
2025-04-06 15:31:39.738 69779 INFO tempest.lib.common.rest_client [req-f46a2f92-d0d7-494e-9c89-276cc57d7a75 req-f46a2f92-d0d7-494e-9c89-276cc57d7a75 ] Request (SecurityGroupRulesTestJSON:tearDownClass): 200 PUT http://10.180.1.21:9696/networking/v2.0/routers/ae9d71a4-de83-47bf-938c-aac2b8d8972d/remove_router_interface 1.576s
2025-04-06 15:31:39.775 69773 INFO tempest.lib.common.rest_client [req-ab2aed28-d1a5-4443-b3d8-266f27361ddd req-ab2aed28-d1a5-4443-b3d8-266f27361ddd ] Request (ListServersNegativeTestJSON:setUpClass): 200 GET http://10.180.1.21/compute/v2.1/servers/3e0e857b-c69a-4c3e-a116-269073c38cba 0.152s
2025-04-06 15:31:39.802 69811 INFO tempest.lib.common.rest_client [req-2abbd178-f2c8-4c5a-b2b9-80016b51baf9 req-2abbd178-f2c8-4c5a-b2b9-80016b51baf9 ] Request (ServerGroup264TestJSON:setUpClass): 201 POST http://10.180.1.21/identity/v3/users 0.091s
2025-04-06 15:31:39.825 69789 INFO tempest.lib.common.rest_client [req-0eb83f9f-c9c8-415d-8a03-260071dd8e33 req-0eb83f9f-c9c8-415d-8a03-260071dd8e33 ] Request (KeyPairsNegativeTestJSON:test_keypair_create_with_invalid_pub_key): 400 POST http://10.180.1.21/compute/v2.1/os-keypairs 0.117s
