2025-04-06 15:33:03.847 69769 INFO tempest.lib.common.rest_client [req-7bcd1b48-d7ce-4c94-8f43-981ae19e5b48 req-7bcd1b48-d7ce-4c94-8f43-981ae19e5b48 ] Request (ListImageFiltersTestJSON:setUpClass): 200 GET http://10.180.1.21/compute/v2.1/images/05072162-371d-41c4-92f7-0474bae8f4c3 0.068s
2025-04-06 15:33:03.889 69749 INFO tempest.lib.common.rest_client [req-ee489ef7-421f-4f52-80c0-a2565e05c0ed req-ee489ef7-421f-4f52-80c0-a2565e05c0ed ] Request (ServersTestBootFromVolume:setUpClass): 200 GET http://10.180.1.21/compute/v2.1/servers/e5ef7229-b060-449f-8474-d1bb48236ce4 0.055s
2025-04-06 15:33:03.900 69786 INFO tempest.lib.common.rest_client [req-3a242fa8-e1da-49de-a24f-227b53a2a90b req-3a242fa8-e1da-49de-a24f-227b53a2a90b ] Request (MigrationsAdminTest:test_resize_server_revert_deleted_flavor): 200 GET http://10.180.1.21/compute/v2.1/servers/92a06e75-bc77-4211-8ed4-c30ed8751be5 0.059s
2025-04-06 15:33:03.960 69759 INFO tempest.lib.common.rest_client [req-5addfc60-8dca-488b-89c8-235d595ecfeb req-5addfc60-8dca-488b-89c8-235d595ecfeb ] Request (ServersAdminNegativeTestJSON:tearDownClass): 200 GET http://10.180.1.21/compute/v2.1/servers/392a7894-9094-4707-9de4-9746b64eedd7 0.060s
2025-04-06 15:33:03.979 69771 INFO tempest.lib.common.rest_client [req-b61ee1c8-08e3-46ca-9af7-8afbf750caae req-b61ee1c8-08e3-46ca-9af7-8afbf750caae ] Request (VolumesAssistedSnapshotsTest:tearDownClass): 200 GET http://10.180.1.21/compute/v2.1/servers/7530c7cf-94a7-415b-a631-7777e2b09a47 0.068s
2025-04-06 15:33:04.015 69793 INFO tempest.lib.common.rest_client [req-3e3d63ff-3d22-40d8-aafc-36df574443cd req-3e3d63ff-3d22-40d8-aafc-36df574443cd ] Request (ServerShowV247Test:test_update_rebuild_list_server): 200 GET http://10.180.1.21/compute/v2.1/servers/87ccccac-cfaa-4602-b8d0-d2a8465cb8a6 0.054s
2025-04-06 15:33:04.031 69803 INFO tempest.lib.common.rest_client [req-258bd07a-0798-4e14-b4ed-ae3b30add5a5 req-258bd07a-0798-4e14-b4ed-ae3b30add5a5 ] Request (ServersAdminTestJSON:test_inject_network_info): 200 GET http://10.180.1.21/compute/v2.1/servers/5be53d46-ea3e-47dd-bbf7-db8e22a71b27 0.071s
2025-04-06 15:33:04.068 69782 INFO tempest.lib.common.rest_client [req-a416f795-b4f7-4345-917c-9076106e1007 req-a416f795-b4f7-4345-917c-9076106e1007 ] Request (ServersNegativeTestJSON:setUpClass): 200 GET http://10.180.1.21/compute/v2.1/servers/90206bf8-d16d-4586-9ffb-1c4d89c46550 0.053s
2025-04-06 15:33:04.118 69797 WARNING tempest.lib.common.ssh [-] Failed to establish authenticated ssh connection to cirros@10.180.180.188 ([Errno None] Unable to connect to port 22 on 10.180.180.188). Number attempts: 11. Retry after 12 seconds.: paramiko.ssh_exception.NoValidConnectionsError: [Errno None] Unable to connect to port 22 on 10.180.180.188
2025-04-06 15:33:04.125 69757 INFO tempest.lib.common.rest_client [req-ac093dfd-90be-4cc7-a9f1-3d7c97b3ef58 req-ac093dfd-90be-4cc7-a9f1-3d7c97b3ef58 ] Request (ImagesOneServerNegativeTestJSON:_run_cleanups): 200 GET http://10.180.1.21/compute/v2.1/servers/d4c7b2f9-d921-409a-a3df-df6bae0db0d9 0.056s
2025-04-06 15:33:04.131 69787 INFO tempest.lib.common.rest_client [req-9ef0d4d4-83cb-4835-aab5-36594a29fe50 req-9ef0d4d4-83cb-4835-aab5-36594a29fe50 ] Request (ImagesOneServerTestJSON:tearDownClass): 200 GET http://10.180.1.21/compute/v2.1/servers/482ad76b-9174-474f-a399-31a87941b4c2 0.078s
2025-04-06 15:33:04.180 69783 INFO tempest.lib.common.rest_client [req-47f21898-ce1c-47fd-bc10-e1a5b0513cdb req-47f21898-ce1c-47fd-bc10-e1a5b0513cdb ] Request (ServerRescueNegativeTestJSON:test_rescued_vm_detach_volume): 200 GET http://10.180.1.21/compute/v2.1/servers/45b1b295-23ae-4628-9762-209ac7f1b60b 0.059s
2025-04-06 15:33:04.238 69809 INFO tempest.lib.common.rest_client [req-52b9178a-94a5-40ae-a85c-ff4ca3827ffc req-52b9178a-94a5-40ae-a85c-ff4ca3827ffc ] Request (ServerDiagnosticsV248Test:test_get_server_diagnostics): 200 GET http://10.180.1.21/compute/v2.1/servers/3f9ca2d1-c9f0-40fc-ad80-5bc24df4b281 0.058s
2025-04-06 15:33:04.357 69779 INFO tempest.lib.common.rest_client [req-6e0c48d9-f07c-4852-8ae9-17e598d87bf4 req-6e0c48d9-f07c-4852-8ae9-17e598d87bf4 ] Request (ServersTestFqdnHostnames:test_create_server_with_fqdn_name): 200 GET http://10.180.1.21/compute/v2.1/servers/7c8ea413-9d35-4ba2-895a-2fd1c86dd901 0.070s
2025-04-06 15:33:04.444 69765 INFO tempest.lib.common.rest_client [req-a3ed9f7a-1ef6-4cd7-8920-5d4b07c7488d req-a3ed9f7a-1ef6-4cd7-8920-5d4b07c7488d ] Request (ServersListShow298Test:test_list_show_update_rebuild_server_298): 200 GET http://10.180.1.21/compute/v2.1/servers/dda40d11-631f-478c-bcc4-35b7bcd079a7 0.062s
2025-04-06 15:33:04.459 69773 INFO tempest.lib.common.rest_client [req-7c6e49e0-5909-4e6d-be4e-6b2ad41f5974 req-7c6e49e0-5909-4e6d-be4e-6b2ad41f5974 ] Request (ListServersNegativeTestJSON:setUpClass): 200 GET http://10.180.1.21/compute/v2.1/servers/fa288b4c-b51a-4ef0-b700-0da46529617f 0.076s
2025-04-06 15:33:04.510 69763 INFO tempest.lib.common.rest_client [req-02da3da1-0b5e-48db-a69c-2ae511b04fc2 req-02da3da1-0b5e-48db-a69c-2ae511b04fc2 ] Request (FloatingIPsAssociationNegativeTestJSON:tearDownClass): 200 GET http://10.180.1.21/compute/v2.1/servers/a8997733-2108-4557-81d2-3e470f547ea6 0.055s
2025-04-06 15:33:04.560 69795 INFO tempest.lib.common.rest_client [req-69dba26b-99eb-4e99-b800-d7c16229b9d2 req-69dba26b-99eb-4e99-b800-d7c16229b9d2 ] Request (FloatingIPsAssociationTestJSON:tearDownClass): 200 PUT http://10.180.1.21:9696/networking/v2.0/routers/13dab830-904d-48ec-9088-933caa3560e1/remove_router_interface 0.893s
2025-04-06 15:33:04.735 69801 INFO tempest.lib.common.rest_client [req-e3f3d07c-a283-42d6-a67b-d00e5756b2f8 req-e3f3d07c-a283-42d6-a67b-d00e5756b2f8 ] Request (ServerRescueTestJSON:test_rescue_unrescue_instance): 200 GET http://10.180.1.21/compute/v2.1/servers/8a408ee7-9957-489d-8dd4-fe4dab792d26 0.133s
2025-04-06 15:33:04.740 69761 INFO tempest.lib.common.rest_client [req-ddb2a94f-c4b8-4b15-861c-286aa09bc2d7 req-ddb2a94f-c4b8-4b15-861c-286aa09bc2d7 ] Request (ServersWithFlavorSwapResizeTest:test_flavor_swap_0_to_1024): 200 GET http://10.180.1.21/compute/v2.1/servers/659db4c6-264a-432b-96a0-c55d27b5da14 0.131s
2025-04-06 15:33:04.743 69801 INFO tempest.common.waiters [-] State transition "RESCUE/unrescuing" ==> "ACTIVE/None" after 6 second wait
2025-04-06 15:33:04.792 69755 INFO tempest.lib.common.rest_client [req-74189fed-cbeb-40a0-91b4-7a9467e68226 req-74189fed-cbeb-40a0-91b4-7a9467e68226 ] Request (AttachInterfacesTestJSON:test_create_list_show_delete_interfaces_by_fixed_ip): 200 GET http://10.180.1.21/compute/v2.1/servers/295ed5bf-b0b7-4ffb-b95f-25faa8ae6dd1 0.140s
2025-04-06 15:33:04.793 69751 INFO tempest.lib.common.rest_client [req-048e5762-8df7-465a-8962-bb2b78b5dd1d req-048e5762-8df7-465a-8962-bb2b78b5dd1d ] Request (ServersWithSpecificFlavorTestJSON:test_verify_created_server_ephemeral_disk): 200 GET http://10.180.1.21/compute/v2.1/servers/af0d50d8-371e-407f-8e11-2b0eb3b4f8be 0.053s
2025-04-06 15:33:04.880 69801 INFO tempest.lib.common.rest_client [req-a9ff0895-9f21-4465-a18a-540177095e5c req-a9ff0895-9f21-4465-a18a-540177095e5c ] Request (ServerRescueTestJSON:tearDownClass): 204 DELETE http://10.180.1.21/compute/v2.1/servers/8a408ee7-9957-489d-8dd4-fe4dab792d26 0.136s
2025-04-06 15:33:04.912 69789 INFO tempest.lib.common.rest_client [req-e5ba3ab2-259d-4e48-8c04-fe050db3506f req-e5ba3ab2-259d-4e48-8c04-fe050db3506f ] Request (InstanceActionsNegativeTestJSON:setUpClass): 200 GET http://10.180.1.21/compute/v2.1/servers/9c265d8a-05c2-4227-9561-f217be324a2e 0.157s
2025-04-06 15:33:04.938 69805 INFO tempest.lib.common.rest_client [req-1fc56a54-560e-4170-a2d6-38285e2316a3 req-1fc56a54-560e-4170-a2d6-38285e2316a3 ] Request (DeleteServersAdminTestJSON:test_delete_server_while_in_error_state): 200 GET http://10.180.1.21/compute/v2.1/servers/dd17765b-eeab-4249-ab76-6476423ba5a4 0.120s
2025-04-06 15:33:04.980 69769 INFO tempest.lib.common.rest_client [req-195f9ad6-fbf1-4698-adba-5e0e7fe33e58 req-195f9ad6-fbf1-4698-adba-5e0e7fe33e58 ] Request (ListImageFiltersTestJSON:setUpClass): 200 GET http://10.180.1.21/compute/v2.1/images/05072162-371d-41c4-92f7-0474bae8f4c3 0.128s
2025-04-06 15:33:04.998 69791 INFO tempest.lib.common.rest_client [req-88670097-8df3-4b76-be2c-8fb7aa65563e req-88670097-8df3-4b76-be2c-8fb7aa65563e ] Request (AttachInterfacesV270Test:tearDownClass): 200 GET http://10.180.1.21/compute/v2.1/servers/af65de7d-28f6-438f-ae29-81686bf5af5c 0.164s
2025-04-06 15:33:05.017 69795 INFO tempest.lib.common.rest_client [req-db8ee2d2-fc44-4028-90a0-be168beddba2 req-db8ee2d2-fc44-4028-90a0-be168beddba2 ] Request (FloatingIPsAssociationTestJSON:tearDownClass): 204 DELETE http://10.180.1.21:9696/networking/v2.0/routers/13dab830-904d-48ec-9088-933caa3560e1 0.456s
2025-04-06 15:33:05.050 69749 INFO tempest.lib.common.rest_client [req-180244c2-ea7a-4724-b456-c2981b22b29a req-180244c2-ea7a-4724-b456-c2981b22b29a ] Request (ServersTestBootFromVolume:setUpClass): 200 GET http://10.180.1.21/compute/v2.1/servers/e5ef7229-b060-449f-8474-d1bb48236ce4 0.148s
2025-04-06 15:33:05.078 69801 INFO tempest.lib.common.rest_client [req-8152c3f5-1fa2-4b5b-83ca-39e43134d976 req-8152c3f5-1fa2-4b5b-83ca-39e43134d976 ] Request (ServerRescueTestJSON:tearDownClass): 200 GET http://10.180.1.21/compute/v2.1/servers/8a408ee7-9957-489d-8dd4-fe4dab792d26 0.197s
2025-04-06 15:33:05.112 69786 INFO tempest.lib.common.rest_client [req-bf520fc7-8dec-4f0b-803a-f0e1999300bb req-bf520fc7-8dec-4f0b-803a-f0e1999300bb ] Request (MigrationsAdminTest:test_resize_server_revert_deleted_flavor): 200 GET http://10.180.1.21/compute/v2.1/servers/92a06e75-bc77-4211-8ed4-c30ed8751be5 0.204s
2025-04-06 15:33:05.146 69759 INFO tempest.lib.common.rest_client [req-b7c69bfa-553f-4b3c-8267-f288e193598e req-b7c69bfa-553f-4b3c-8267-f288e193598e ] Request (ServersAdminNegativeTestJSON:tearDownClass): 200 GET http://10.180.1.21/compute/v2.1/servers/392a7894-9094-4707-9de4-9746b64eedd7 0.176s
2025-04-06 15:33:05.155 69795 INFO tempest.lib.common.rest_client [req-2492ab4c-d0b9-4021-b06d-5ddb4718a7c9 req-2492ab4c-d0b9-4021-b06d-5ddb4718a7c9 ] Request (FloatingIPsAssociationTestJSON:tearDownClass): 204 DELETE http://10.180.1.21:9696/networking/v2.0/subnets/541635da-60a0-4b57-84af-ebb21cb79de2 0.137s
2025-04-06 15:33:05.174 69769 INFO tempest.lib.common.rest_client [req-ab42e148-4314-49a1-b9a9-090b185146b1 req-ab42e148-4314-49a1-b9a9-090b185146b1 ] Request (ListImageFiltersTestJSON:setUpClass): 200 GET http://10.180.1.21/compute/v2.1/images/05072162-371d-41c4-92f7-0474bae8f4c3 0.191s
2025-04-06 15:33:05.205 69771 INFO tempest.lib.common.rest_client [req-8e2b622f-1f6a-4a8e-b2b0-a969cf64b073 req-8e2b622f-1f6a-4a8e-b2b0-a969cf64b073 ] Request (VolumesAssistedSnapshotsTest:tearDownClass): 200 GET http://10.180.1.21/compute/v2.1/servers/7530c7cf-94a7-415b-a631-7777e2b09a47 0.217s
2025-04-06 15:33:05.238 69793 INFO tempest.lib.common.rest_client [req-e7e045a5-fdbf-470d-9401-3498ffc937e4 req-e7e045a5-fdbf-470d-9401-3498ffc937e4 ] Request (ServerShowV247Test:test_update_rebuild_list_server): 200 GET http://10.180.1.21/compute/v2.1/servers/87ccccac-cfaa-4602-b8d0-d2a8465cb8a6 0.212s
2025-04-06 15:33:05.260 69803 INFO tempest.lib.common.rest_client [req-7e3289d7-dc75-435e-a650-c54076bc5e12 req-7e3289d7-dc75-435e-a650-c54076bc5e12 ] Request (ServersAdminTestJSON:test_inject_network_info): 200 GET http://10.180.1.21/compute/v2.1/servers/5be53d46-ea3e-47dd-bbf7-db8e22a71b27 0.220s
2025-04-06 15:33:05.303 69782 INFO tempest.lib.common.rest_client [req-a85c5307-adf7-4be0-801a-19167e80a428 req-a85c5307-adf7-4be0-801a-19167e80a428 ] Request (ServersNegativeTestJSON:setUpClass): 200 GET http://10.180.1.21/compute/v2.1/servers/90206bf8-d16d-4586-9ffb-1c4d89c46550 0.226s
2025-04-06 15:33:05.318 69757 INFO tempest.lib.common.rest_client [req-d9734c4a-4c80-4aec-ac81-de0183c25db6 req-d9734c4a-4c80-4aec-ac81-de0183c25db6 ] Request (ImagesOneServerNegativeTestJSON:_run_cleanups): 200 GET http://10.180.1.21/compute/v2.1/servers/d4c7b2f9-d921-409a-a3df-df6bae0db0d9 0.184s
2025-04-06 15:33:05.378 69787 INFO tempest.lib.common.rest_client [req-92dfc564-4669-4e63-8999-7e644a4fd75f req-92dfc564-4669-4e63-8999-7e644a4fd75f ] Request (ImagesOneServerTestJSON:tearDownClass): 200 GET http://10.180.1.21/compute/v2.1/servers/482ad76b-9174-474f-a399-31a87941b4c2 0.235s
2025-04-06 15:33:05.449 69783 INFO tempest.lib.common.rest_client [req-7f6e4231-21be-4036-b497-078c4231b3ac req-7f6e4231-21be-4036-b497-078c4231b3ac ] Request (ServerRescueNegativeTestJSON:test_rescued_vm_detach_volume): 200 GET http://10.180.1.21/compute/v2.1/servers/45b1b295-23ae-4628-9762-209ac7f1b60b 0.256s
2025-04-06 15:33:05.473 69769 INFO tempest.lib.common.rest_client [req-af9ddd14-5acf-4e1c-ae85-1f7435218eb7 req-af9ddd14-5acf-4e1c-ae85-1f7435218eb7 ] Request (ListImageFiltersTestJSON:setUpClass): 200 GET http://10.180.1.21/compute/v2.1/servers/8c072554-3e65-4f53-bd49-0bb6ebd7c9f9 0.295s
2025-04-06 15:33:05.477 69795 INFO tempest.lib.common.rest_client [req-97d69ad8-227d-46ca-93b7-1382a84efc19 req-97d69ad8-227d-46ca-93b7-1382a84efc19 ] Request (FloatingIPsAssociationTestJSON:tearDownClass): 204 DELETE http://10.180.1.21:9696/networking/v2.0/networks/cfdb1ef9-97b6-4efa-8b04-8c1ae454961b 0.321s
2025-04-06 15:33:05.509 69809 INFO tempest.lib.common.rest_client [req-8fe96374-4290-4e8c-a6b6-7046dfba1cef req-8fe96374-4290-4e8c-a6b6-7046dfba1cef ] Request (ServerDiagnosticsV248Test:test_get_server_diagnostics): 200 GET http://10.180.1.21/compute/v2.1/servers/3f9ca2d1-c9f0-40fc-ad80-5bc24df4b281 0.262s
2025-04-06 15:33:05.518 69809 INFO tempest.common.waiters [-] State transition "BUILD/spawning" ==> "ACTIVE/None" after 90 second wait
2025-04-06 15:33:05.531 69779 INFO tempest.lib.common.rest_client [req-cedc5243-3cc8-4c6e-a1f1-b29ce633f567 req-cedc5243-3cc8-4c6e-a1f1-b29ce633f567 ] Request (ServersTestFqdnHostnames:test_create_server_with_fqdn_name): 200 GET http://10.180.1.21/compute/v2.1/servers/7c8ea413-9d35-4ba2-895a-2fd1c86dd901 0.166s
2025-04-06 15:33:05.552 69773 INFO tempest.lib.common.rest_client [req-3c8ab46b-a966-486d-be77-0783e356d7b6 req-3c8ab46b-a966-486d-be77-0783e356d7b6 ] Request (ListServersNegativeTestJSON:setUpClass): 404 GET http://10.180.1.21/compute/v2.1/servers/fa288b4c-b51a-4ef0-b700-0da46529617f 0.085s
2025-04-06 15:33:05.581 69765 INFO tempest.lib.common.rest_client [req-ba7365e2-3fe8-4ff8-b830-7affd0f9fc90 req-ba7365e2-3fe8-4ff8-b830-7affd0f9fc90 ] Request (ServersListShow298Test:test_list_show_update_rebuild_server_298): 200 GET http://10.180.1.21/compute/v2.1/servers/dda40d11-631f-478c-bcc4-35b7bcd079a7 0.122s
2025-04-06 15:33:05.596 69765 INFO tempest.common.waiters [-] State transition "REBUILD/rebuilding" ==> "REBUILD/rebuild_spawning" after 3 second wait
2025-04-06 15:33:05.602 69795 INFO tempest.lib.common.rest_client [req-61a57c42-c8bd-43af-9925-c2eddf7f33b6 req-61a57c42-c8bd-43af-9925-c2eddf7f33b6 ] Request (FloatingIPsAssociationTestJSON:tearDownClass): 204 DELETE http://10.180.1.21/identity/v3/users/800cae7da3a54251996818f0c44211f3 0.124s
2025-04-06 15:33:05.602 69795 INFO tempest.lib.common.dynamic_creds [-] Deleting project and security group for project: 888a128ae33b416ab54f53fc829073f6
2025-04-06 15:33:05.641 69763 INFO tempest.lib.common.rest_client [req-b354bded-985f-43e8-9f52-55b2c5c0383f req-b354bded-985f-43e8-9f52-55b2c5c0383f ] Request (FloatingIPsAssociationNegativeTestJSON:tearDownClass): 200 GET http://10.180.1.21/compute/v2.1/servers/a8997733-2108-4557-81d2-3e470f547ea6 0.123s
2025-04-06 15:33:05.648 69795 INFO tempest.lib.common.rest_client [req-11988272-6015-423d-8745-944fba3f71c5 req-11988272-6015-423d-8745-944fba3f71c5 ] Request (FloatingIPsAssociationTestJSON:tearDownClass): 200 GET http://10.180.1.21:9696/networking/v2.0/security-groups?tenant_id=888a128ae33b416ab54f53fc829073f6&name=default 0.046s
2025-04-06 15:33:05.701 69773 INFO tempest.lib.common.rest_client [req-850c5d8f-fef1-40ef-b0d7-5bcba47bdc56 req-850c5d8f-fef1-40ef-b0d7-5bcba47bdc56 ] Request (ListServersNegativeTestJSON:test_list_servers_by_changes_since_future_date): 200 GET http://10.180.1.21/compute/v2.1/servers?changes-since=2051-01-01T12%3A34%3A00Z&status=ACTIVE 0.148s
2025-04-06 15:33:05.718 69773 INFO tempest.lib.common.rest_client [req-3d6234da-0f05-4d64-8e6c-08edd0f8e95b req-3d6234da-0f05-4d64-8e6c-08edd0f8e95b ] Request (ListServersNegativeTestJSON:test_list_servers_by_changes_since_invalid_date): 400 GET http://10.180.1.21/compute/v2.1/servers?changes-since=2011%2F01%2F01 0.010s
2025-04-06 15:33:05.782 69773 INFO tempest.lib.common.rest_client [req-19cd158f-99b4-4d52-9e6f-778e073cb387 req-19cd158f-99b4-4d52-9e6f-778e073cb387 ] Request (ListServersNegativeTestJSON:test_list_servers_by_limits_greater_than_actual_count): 200 GET http://10.180.1.21/compute/v2.1/servers 0.063s
2025-04-06 15:33:05.786 69795 INFO tempest.lib.common.rest_client [req-7a41d3e1-c266-445c-bcc0-ce3c58196b8b req-7a41d3e1-c266-445c-bcc0-ce3c58196b8b ] Request (FloatingIPsAssociationTestJSON:tearDownClass): 204 DELETE http://10.180.1.21:9696/networking/v2.0/security-groups/5c323539-710e-4ae7-ab36-d125a8b070ef 0.138s
2025-04-06 15:33:05.894 69761 INFO tempest.lib.common.rest_client [req-d4d2d08b-e10c-457e-a38d-9f514a59bbce req-d4d2d08b-e10c-457e-a38d-9f514a59bbce ] Request (ServersWithFlavorSwapResizeTest:test_flavor_swap_0_to_1024): 200 GET http://10.180.1.21/compute/v2.1/servers/659db4c6-264a-432b-96a0-c55d27b5da14 0.143s
2025-04-06 15:33:05.898 69795 INFO tempest.lib.common.rest_client [req-030370fd-2504-40f7-8e0b-6897be9bb208 req-030370fd-2504-40f7-8e0b-6897be9bb208 ] Request (FloatingIPsAssociationTestJSON:tearDownClass): 204 DELETE http://10.180.1.21/identity/v3/projects/888a128ae33b416ab54f53fc829073f6 0.111s
2025-04-06 15:33:05.944 69773 INFO tempest.lib.common.rest_client [req-ef27fae9-f408-4064-9b04-3298614ea1de req-ef27fae9-f408-4064-9b04-3298614ea1de ] Request (ListServersNegativeTestJSON:test_list_servers_by_limits_greater_than_actual_count): 200 GET http://10.180.1.21/compute/v2.1/servers?limit=102 0.159s
2025-04-06 15:33:05.966 69795 INFO tempest.lib.common.rest_client [req-931213dc-c1c9-4011-a135-16b6abf95b31 req-931213dc-c1c9-4011-a135-16b6abf95b31 ] Request (FloatingIPDetailsNegativeTestJSON:setUpClass): 201 POST http://10.180.1.21/identity/v3/auth/tokens 0.066s
2025-04-06 15:33:05.995 69755 INFO tempest.lib.common.rest_client [req-1a48695d-240f-4068-bd71-b8776c551403 req-1a48695d-240f-4068-bd71-b8776c551403 ] Request (AttachInterfacesTestJSON:test_create_list_show_delete_interfaces_by_fixed_ip): 200 GET http://10.180.1.21/compute/v2.1/servers/295ed5bf-b0b7-4ffb-b95f-25faa8ae6dd1 0.195s
2025-04-06 15:33:05.999 69795 INFO tempest.lib.common.rest_client [req-4f339f82-af47-40fd-bb8f-991dbe22ac9b req-4f339f82-af47-40fd-bb8f-991dbe22ac9b ] Request (FloatingIPDetailsNegativeTestJSON:setUpClass): 201 POST http://10.180.1.21/identity/v3/auth/tokens 0.031s
2025-04-06 15:33:06.022 69795 INFO tempest.lib.common.rest_client [req-a4fecb37-563b-4a55-9215-7a4b72d2d8b3 req-a4fecb37-563b-4a55-9215-7a4b72d2d8b3 ] Request (FloatingIPDetailsNegativeTestJSON:setUpClass): 200 GET http://10.180.1.21/identity/v3/domains?name=Default 0.022s
2025-04-06 15:33:06.042 69751 INFO tempest.lib.common.rest_client [req-f405e307-e444-48d5-b874-edaa6bfcb5c1 req-f405e307-e444-48d5-b874-edaa6bfcb5c1 ] Request (ServersWithSpecificFlavorTestJSON:test_verify_created_server_ephemeral_disk): 200 GET http://10.180.1.21/compute/v2.1/servers/af0d50d8-371e-407f-8e11-2b0eb3b4f8be 0.241s
2025-04-06 15:33:06.048 69795 INFO tempest.lib.common.rest_client [req-3ca64976-563c-4701-9a30-e5401fa73d7b req-3ca64976-563c-4701-9a30-e5401fa73d7b ] Request (FloatingIPDetailsNegativeTestJSON:setUpClass): 201 POST http://10.180.1.21/identity/v3/projects 0.026s
2025-04-06 15:33:06.107 69795 INFO tempest.lib.common.rest_client [req-eee92d58-9120-4f57-a4a3-b44f76c80311 req-eee92d58-9120-4f57-a4a3-b44f76c80311 ] Request (FloatingIPDetailsNegativeTestJSON:setUpClass): 201 POST http://10.180.1.21/identity/v3/users 0.058s
2025-04-06 15:33:06.126 69789 INFO tempest.lib.common.rest_client [req-da1533df-1de2-4d15-ab80-d2a2d8d3cdfa req-da1533df-1de2-4d15-ab80-d2a2d8d3cdfa ] Request (InstanceActionsNegativeTestJSON:setUpClass): 200 GET http://10.180.1.21/compute/v2.1/servers/9c265d8a-05c2-4227-9561-f217be324a2e 0.202s
2025-04-06 15:33:06.127 69795 INFO tempest.lib.common.rest_client [req-f3127a74-cc96-40ab-b08d-08c03c1eea12 req-f3127a74-cc96-40ab-b08d-08c03c1eea12 ] Request (FloatingIPDetailsNegativeTestJSON:setUpClass): 200 GET http://10.180.1.21/identity/v3/roles 0.019s
2025-04-06 15:33:06.151 69795 INFO tempest.lib.common.rest_client [req-e4586123-307d-48ba-a0b3-fbe4798065d9 req-e4586123-307d-48ba-a0b3-fbe4798065d9 ] Request (FloatingIPDetailsNegativeTestJSON:setUpClass): 204 PUT http://10.180.1.21/identity/v3/projects/40058a62158b41be9c7e258c53f7fde8/users/4865cf1547aa4bb8ba29e1baad01f4aa/roles/67856c16451548f689b76be23aa3f63e 0.024s
2025-04-06 15:33:06.152 69795 INFO tempest.lib.common.dynamic_creds [-] Dynamic test user 4865cf1547aa4bb8ba29e1baad01f4aa is created with scope project and roles: ['member']
2025-04-06 15:33:06.152 69795 INFO tempest.lib.common.dynamic_creds [-] Acquired dynamic creds: credentials: Credentials: {'domain_id': 'default', 'domain_name': 'Default', 'username': 'tempest-FloatingIPDetailsNegativeTestJSON-271965814-project-member', 'project_domain_id': 'default', 'project_domain_name': 'Default', 'project_id': '40058a62158b41be9c7e258c53f7fde8', 'project_name': 'tempest-FloatingIPDetailsNegativeTestJSON-271965814', 'tenant_id': '40058a62158b41be9c7e258c53f7fde8', 'tenant_name': 'tempest-FloatingIPDetailsNegativeTestJSON-271965814', 'user_domain_id': 'default', 'user_domain_name': 'Default', 'user_id': '4865cf1547aa4bb8ba29e1baad01f4aa', 'system': None}, Network: None, Subnet: None, Router: None
2025-04-06 15:33:06.179 69805 INFO tempest.lib.common.rest_client [req-d2a309c6-6678-4063-93c7-d7e033acd6ec req-d2a309c6-6678-4063-93c7-d7e033acd6ec ] Request (DeleteServersAdminTestJSON:test_delete_server_while_in_error_state): 200 GET http://10.180.1.21/compute/v2.1/servers/dd17765b-eeab-4249-ab76-6476423ba5a4 0.234s
2025-04-06 15:33:06.184 69773 INFO tempest.lib.common.rest_client [req-cdf5a855-fc37-4e5a-bd88-6812e6acf7d9 req-cdf5a855-fc37-4e5a-bd88-6812e6acf7d9 ] Request (ListServersNegativeTestJSON:test_list_servers_by_limits_pass_negative_value): 400 GET http://10.180.1.21/compute/v2.1/servers?limit=-1 0.237s
2025-04-06 15:33:06.207 69795 INFO tempest.lib.common.rest_client [req-96f52b9b-5f42-4db0-b6ca-906ef9623ea2 req-96f52b9b-5f42-4db0-b6ca-906ef9623ea2 ] Request (FloatingIPDetailsNegativeTestJSON:setUpClass): 201 POST http://10.180.1.21/identity/v3/auth/tokens 0.055s
2025-04-06 15:33:06.242 69791 INFO tempest.lib.common.rest_client [req-35d22e35-f4a2-457a-8ff9-77e8f5fccd42 req-35d22e35-f4a2-457a-8ff9-77e8f5fccd42 ] Request (AttachInterfacesV270Test:tearDownClass): 200 GET http://10.180.1.21/compute/v2.1/servers/af65de7d-28f6-438f-ae29-81686bf5af5c 0.231s
2025-04-06 15:33:06.249 69809 INFO tempest.lib.common.rest_client [req-b9952d29-cae1-41b3-816b-2ecf53d294fb req-b9952d29-cae1-41b3-816b-2ecf53d294fb ] Request (ServerDiagnosticsV248Test:test_get_server_diagnostics): 200 GET http://10.180.1.21/compute/v2.1/servers/3f9ca2d1-c9f0-40fc-ad80-5bc24df4b281/diagnostics 0.731s
2025-04-06 15:33:06.298 69749 INFO tempest.lib.common.rest_client [req-c0437da3-10ac-417f-b696-2d4c169a1b7e req-c0437da3-10ac-417f-b696-2d4c169a1b7e ] Request (ServersTestBootFromVolume:setUpClass): 200 GET http://10.180.1.21/compute/v2.1/servers/e5ef7229-b060-449f-8474-d1bb48236ce4 0.240s
2025-04-06 15:33:06.337 69801 INFO tempest.lib.common.rest_client [req-d46f4530-461b-4434-9ffd-a5e384e95508 req-d46f4530-461b-4434-9ffd-a5e384e95508 ] Request (ServerRescueTestJSON:tearDownClass): 200 GET http://10.180.1.21/compute/v2.1/servers/8a408ee7-9957-489d-8dd4-fe4dab792d26 0.248s
2025-04-06 15:33:06.350 69786 INFO tempest.lib.common.rest_client [req-e981152c-e0e7-435a-88ea-f18bd41c5567 req-e981152c-e0e7-435a-88ea-f18bd41c5567 ] Request (MigrationsAdminTest:test_resize_server_revert_deleted_flavor): 200 GET http://10.180.1.21/compute/v2.1/servers/92a06e75-bc77-4211-8ed4-c30ed8751be5 0.223s
2025-04-06 15:33:06.358 69773 INFO tempest.lib.common.rest_client [req-2a43f72b-3003-48f9-8a08-43d37904b2df req-2a43f72b-3003-48f9-8a08-43d37904b2df ] Request (ListServersNegativeTestJSON:test_list_servers_by_limits_pass_string): 400 GET http://10.180.1.21/compute/v2.1/servers?limit=testing 0.173s
2025-04-06 15:33:06.398 69759 INFO tempest.lib.common.rest_client [req-bea7b43d-8d9c-442a-acbd-294efc7b3afe req-bea7b43d-8d9c-442a-acbd-294efc7b3afe ] Request (ServersAdminNegativeTestJSON:tearDownClass): 200 GET http://10.180.1.21/compute/v2.1/servers/392a7894-9094-4707-9de4-9746b64eedd7 0.244s
2025-04-06 15:33:06.427 69771 INFO tempest.lib.common.rest_client [req-9649c898-ad8c-48ff-badd-4250769f07cf req-9649c898-ad8c-48ff-badd-4250769f07cf ] Request (VolumesAssistedSnapshotsTest:tearDownClass): 200 GET http://10.180.1.21/compute/v2.1/servers/7530c7cf-94a7-415b-a631-7777e2b09a47 0.214s
2025-04-06 15:33:06.448 69793 INFO tempest.lib.common.rest_client [req-1ecbe124-5e98-4a4e-8eee-5eb46b473072 req-1ecbe124-5e98-4a4e-8eee-5eb46b473072 ] Request (ServerShowV247Test:test_update_rebuild_list_server): 200 GET http://10.180.1.21/compute/v2.1/servers/87ccccac-cfaa-4602-b8d0-d2a8465cb8a6 0.199s
2025-04-06 15:33:06.457 69793 INFO tempest.common.waiters [-] State transition "REBUILD/rebuild_spawning" ==> "ACTIVE/None" after 12 second wait
2025-04-06 15:33:06.486 69803 INFO tempest.lib.common.rest_client [req-8a61cba1-e190-4cf9-a429-e0a7be373bf2 req-8a61cba1-e190-4cf9-a429-e0a7be373bf2 ] Request (ServersAdminTestJSON:test_inject_network_info): 200 GET http://10.180.1.21/compute/v2.1/servers/5be53d46-ea3e-47dd-bbf7-db8e22a71b27 0.217s
2025-04-06 15:33:06.488 69795 INFO tempest.lib.common.rest_client [req-906f081e-d226-489e-8b45-73b336c50601 req-906f081e-d226-489e-8b45-73b336c50601 ] Request (FloatingIPDetailsNegativeTestJSON:setUpClass): 201 POST http://10.180.1.21:9696/networking/v2.0/networks 0.281s
2025-04-06 15:33:06.503 69782 INFO tempest.lib.common.rest_client [req-5928c993-bc17-43be-8c8a-872fd4c650a6 req-5928c993-bc17-43be-8c8a-872fd4c650a6 ] Request (ServersNegativeTestJSON:setUpClass): 200 GET http://10.180.1.21/compute/v2.1/servers/90206bf8-d16d-4586-9ffb-1c4d89c46550 0.190s
2025-04-06 15:33:06.514 69773 INFO tempest.lib.common.rest_client [req-57f07111-f55d-4a8c-be33-588493104568 req-57f07111-f55d-4a8c-be33-588493104568 ] Request (ListServersNegativeTestJSON:test_list_servers_by_non_existing_flavor): 200 GET http://10.180.1.21/compute/v2.1/servers?flavor=non_existing_flavor 0.155s
2025-04-06 15:33:06.532 69757 INFO tempest.lib.common.rest_client [req-403d39de-e37a-4f15-902a-7738cd89fe21 req-403d39de-e37a-4f15-902a-7738cd89fe21 ] Request (ImagesOneServerNegativeTestJSON:_run_cleanups): 200 GET http://10.180.1.21/compute/v2.1/servers/d4c7b2f9-d921-409a-a3df-df6bae0db0d9 0.205s
2025-04-06 15:33:06.573 69787 INFO tempest.lib.common.rest_client [req-f354ac5f-1c57-4ef0-82c7-19d88c84b4b6 req-f354ac5f-1c57-4ef0-82c7-19d88c84b4b6 ] Request (ImagesOneServerTestJSON:tearDownClass): 200 GET http://10.180.1.21/compute/v2.1/servers/482ad76b-9174-474f-a399-31a87941b4c2 0.185s
2025-04-06 15:33:06.618 69783 INFO tempest.lib.common.rest_client [req-ab08602c-2dbd-407e-b878-7bfb060fcfe2 req-ab08602c-2dbd-407e-b878-7bfb060fcfe2 ] Request (ServerRescueNegativeTestJSON:test_rescued_vm_detach_volume): 200 GET http://10.180.1.21/compute/v2.1/servers/45b1b295-23ae-4628-9762-209ac7f1b60b 0.159s
2025-04-06 15:33:06.660 69795 INFO tempest.lib.common.rest_client [req-8ec6fff1-e957-4dca-b25a-6c0b3f33a782 req-8ec6fff1-e957-4dca-b25a-6c0b3f33a782 ] Request (FloatingIPDetailsNegativeTestJSON:setUpClass): 201 POST http://10.180.1.21:9696/networking/v2.0/subnets 0.171s
2025-04-06 15:33:06.668 69793 INFO tempest.lib.common.rest_client [req-f0fc2557-6867-442c-bc82-5f2eb09b9b9e req-f0fc2557-6867-442c-bc82-5f2eb09b9b9e ] Request (ServerShowV247Test:test_update_rebuild_list_server): 200 GET http://10.180.1.21/compute/v2.1/servers/detail 0.211s
2025-04-06 15:33:06.719 69773 INFO tempest.lib.common.rest_client [req-fced5982-8f42-4c8a-8b0a-bce71a23db1c req-fced5982-8f42-4c8a-8b0a-bce71a23db1c ] Request (ListServersNegativeTestJSON:test_list_servers_by_non_existing_image): 200 GET http://10.180.1.21/compute/v2.1/servers?image=non_existing_image 0.202s
2025-04-06 15:33:06.750 69769 INFO tempest.lib.common.rest_client [req-9cb8c55c-2b32-4081-a3ed-14fa7cd94c18 req-9cb8c55c-2b32-4081-a3ed-14fa7cd94c18 ] Request (ListImageFiltersTestJSON:setUpClass): 200 GET http://10.180.1.21/compute/v2.1/servers/8c072554-3e65-4f53-bd49-0bb6ebd7c9f9 0.265s
2025-04-06 15:33:06.757 69769 INFO tempest.common.waiters [-] State transition "ACTIVE/image_uploading" ==> "ACTIVE/None" after 1 second wait
2025-04-06 15:33:06.775 69779 INFO tempest.lib.common.rest_client [req-18bacdea-ef7f-4653-bb26-a8072ac2591f req-18bacdea-ef7f-4653-bb26-a8072ac2591f ] Request (ServersTestFqdnHostnames:test_create_server_with_fqdn_name): 200 GET http://10.180.1.21/compute/v2.1/servers/7c8ea413-9d35-4ba2-895a-2fd1c86dd901 0.235s
2025-04-06 15:33:06.818 69765 INFO tempest.lib.common.rest_client [req-332f41dc-027f-4ac7-b702-f03e76c76cdf req-332f41dc-027f-4ac7-b702-f03e76c76cdf ] Request (ServersListShow298Test:test_list_show_update_rebuild_server_298): 200 GET http://10.180.1.21/compute/v2.1/servers/dda40d11-631f-478c-bcc4-35b7bcd079a7 0.220s
2025-04-06 15:33:06.834 69763 INFO tempest.lib.common.rest_client [req-da6d1fd2-9369-48ad-a911-20a0095f8a68 req-da6d1fd2-9369-48ad-a911-20a0095f8a68 ] Request (FloatingIPsAssociationNegativeTestJSON:tearDownClass): 200 GET http://10.180.1.21/compute/v2.1/servers/a8997733-2108-4557-81d2-3e470f547ea6 0.181s
2025-04-06 15:33:06.884 69773 INFO tempest.lib.common.rest_client [req-9a96d3ab-38e8-474f-8a12-3f3831a331dd req-9a96d3ab-38e8-474f-8a12-3f3831a331dd ] Request (ListServersNegativeTestJSON:test_list_servers_by_non_existing_server_name): 200 GET http://10.180.1.21/compute/v2.1/servers?name=non_existing_server_name 0.162s
2025-04-06 15:33:06.887 69793 INFO tempest.lib.common.rest_client [req-f71d62da-db93-4e74-ae59-fed483dc0be1 req-f71d62da-db93-4e74-ae59-fed483dc0be1 ] Request (ServerShowV247Test:tearDownClass): 204 DELETE http://10.180.1.21/compute/v2.1/servers/87ccccac-cfaa-4602-b8d0-d2a8465cb8a6 0.203s
2025-04-06 15:33:06.945 69793 INFO tempest.lib.common.rest_client [req-d3254f07-6c40-44fa-bdbf-db77c76666b1 req-d3254f07-6c40-44fa-bdbf-db77c76666b1 ] Request (ServerShowV247Test:tearDownClass): 200 GET http://10.180.1.21/compute/v2.1/servers/87ccccac-cfaa-4602-b8d0-d2a8465cb8a6 0.057s
2025-04-06 15:33:06.954 69769 INFO tempest.lib.common.rest_client [req-3c1a7a5d-3ba1-4c6b-85f3-d45e811420f4 req-3c1a7a5d-3ba1-4c6b-85f3-d45e811420f4 ] Request (ListImageFiltersTestJSON:test_list_images_filter_by_changes_since): 200 GET http://10.180.1.21/compute/v2.1/images?changes-since=2025-04-06T15%3A30%3A59Z 0.196s
2025-04-06 15:33:07.047 69761 INFO tempest.lib.common.rest_client [req-e8d6a936-d14a-4da3-8521-20f21a5cad3c req-e8d6a936-d14a-4da3-8521-20f21a5cad3c ] Request (ServersWithFlavorSwapResizeTest:test_flavor_swap_0_to_1024): 200 GET http://10.180.1.21/compute/v2.1/servers/659db4c6-264a-432b-96a0-c55d27b5da14 0.144s
2025-04-06 15:33:07.093 69769 INFO tempest.lib.common.rest_client [req-7c078a15-175e-4cb2-b34d-cdb906b7e14d req-7c078a15-175e-4cb2-b34d-cdb906b7e14d ] Request (ListImageFiltersTestJSON:test_list_images_filter_by_name): 200 GET http://10.180.1.21/compute/v2.1/images?name=tempest-ListImageFiltersTestJSON-image-1445274993 0.135s
2025-04-06 15:33:07.154 69755 INFO tempest.lib.common.rest_client [req-5863d947-7de7-41a0-b6a5-bca1dbeb80e6 req-5863d947-7de7-41a0-b6a5-bca1dbeb80e6 ] Request (AttachInterfacesTestJSON:test_create_list_show_delete_interfaces_by_fixed_ip): 200 GET http://10.180.1.21/compute/v2.1/servers/295ed5bf-b0b7-4ffb-b95f-25faa8ae6dd1 0.152s
2025-04-06 15:33:07.201 69751 INFO tempest.lib.common.rest_client [req-d65f00fb-1a7b-49c7-9b3e-9a0104945116 req-d65f00fb-1a7b-49c7-9b3e-9a0104945116 ] Request (ServersWithSpecificFlavorTestJSON:test_verify_created_server_ephemeral_disk): 200 GET http://10.180.1.21/compute/v2.1/servers/af0d50d8-371e-407f-8e11-2b0eb3b4f8be 0.152s
2025-04-06 15:33:07.219 69773 INFO tempest.lib.common.rest_client [req-55d590e4-b6ad-4f3f-955c-d1a587aa5fea req-55d590e4-b6ad-4f3f-955c-d1a587aa5fea ] Request (ListServersNegativeTestJSON:test_list_servers_detail_server_is_deleted): 200 GET http://10.180.1.21/compute/v2.1/servers/detail 0.332s
2025-04-06 15:33:07.257 69769 INFO tempest.lib.common.rest_client [req-9b50f5bf-eca7-476f-b68b-eab771c911ae req-9b50f5bf-eca7-476f-b68b-eab771c911ae ] Request (ListImageFiltersTestJSON:test_list_images_filter_by_server_id): 200 GET http://10.180.1.21/compute/v2.1/images?server=8c072554-3e65-4f53-bd49-0bb6ebd7c9f9 0.160s
2025-04-06 15:33:07.316 69805 INFO tempest.lib.common.rest_client [req-5fede888-3c05-42b7-9bc8-4b367c24af4a req-5fede888-3c05-42b7-9bc8-4b367c24af4a ] Request (DeleteServersAdminTestJSON:test_delete_server_while_in_error_state): 200 GET http://10.180.1.21/compute/v2.1/servers/dd17765b-eeab-4249-ab76-6476423ba5a4 0.128s
2025-04-06 15:33:07.322 69773 INFO tempest.lib.common.rest_client [req-eeeebdb0-9a8d-4c52-99a1-14d15a239b86 req-eeeebdb0-9a8d-4c52-99a1-14d15a239b86 ] Request (ListServersNegativeTestJSON:test_list_servers_status_non_existing): 200 GET http://10.180.1.21/compute/v2.1/servers?status=non_existing_status 0.092s
2025-04-06 15:33:07.361 69789 INFO tempest.lib.common.rest_client [req-d1f07b3f-9c1e-4c32-b49b-9c774fb573b4 req-d1f07b3f-9c1e-4c32-b49b-9c774fb573b4 ] Request (InstanceActionsNegativeTestJSON:setUpClass): 200 GET http://10.180.1.21/compute/v2.1/servers/9c265d8a-05c2-4227-9561-f217be324a2e 0.227s
2025-04-06 15:33:07.381 69791 INFO tempest.lib.common.rest_client [req-e13506d2-a315-4a8e-8cc5-8db63ea2bc05 req-e13506d2-a315-4a8e-8cc5-8db63ea2bc05 ] Request (AttachInterfacesV270Test:tearDownClass): 200 GET http://10.180.1.21/compute/v2.1/servers/af65de7d-28f6-438f-ae29-81686bf5af5c 0.128s
2025-04-06 15:33:07.401 69769 INFO tempest.lib.common.rest_client [req-d0b9bf09-5464-4b38-84e5-1411f9b3e54c req-d0b9bf09-5464-4b38-84e5-1411f9b3e54c ] Request (ListImageFiltersTestJSON:test_list_images_filter_by_server_ref): 200 GET http://10.180.1.21/compute/v2.1/images?server=http%3A%2F%2F10.180.1.21%2Fcompute%2Fv2.1%2Fservers%2F4dadecae-296e-453b-a434-78870fae404e 0.141s
2025-04-06 15:33:07.490 69773 INFO tempest.lib.common.rest_client [req-85e35490-00c4-460e-bdd2-71fcddf95c87 req-85e35490-00c4-460e-bdd2-71fcddf95c87 ] Request (ListServersNegativeTestJSON:test_list_servers_with_a_deleted_server): 200 GET http://10.180.1.21/compute/v2.1/servers 0.165s
2025-04-06 15:33:07.663 69749 INFO tempest.lib.common.rest_client [req-e5e92f9d-8c8b-4859-ad51-351fb0575a51 req-e5e92f9d-8c8b-4859-ad51-351fb0575a51 ] Request (ServersTestBootFromVolume:setUpClass): 200 GET http://10.180.1.21/compute/v2.1/servers/e5ef7229-b060-449f-8474-d1bb48236ce4 0.357s
2025-04-06 15:33:07.706 69795 INFO tempest.lib.common.rest_client [req-124d6401-e6cb-4fe4-a4e8-0b8a9a9e2a17 req-124d6401-e6cb-4fe4-a4e8-0b8a9a9e2a17 ] Request (FloatingIPDetailsNegativeTestJSON:setUpClass): 201 POST http://10.180.1.21:9696/networking/v2.0/routers 1.045s
2025-04-06 15:33:07.730 69786 INFO tempest.lib.common.rest_client [req-841f6339-3363-4627-a01f-5f916d2a4329 req-841f6339-3363-4627-a01f-5f916d2a4329 ] Request (MigrationsAdminTest:test_resize_server_revert_deleted_flavor): 200 GET http://10.180.1.21/compute/v2.1/servers/92a06e75-bc77-4211-8ed4-c30ed8751be5 0.371s
2025-04-06 15:33:07.741 69801 INFO tempest.lib.common.rest_client [req-c9118610-6b73-434a-9cc7-a161fedce966 req-c9118610-6b73-434a-9cc7-a161fedce966 ] Request (ServerRescueTestJSON:tearDownClass): 200 GET http://10.180.1.21/compute/v2.1/servers/8a408ee7-9957-489d-8dd4-fe4dab792d26 0.396s
2025-04-06 15:33:07.741 69786 INFO tempest.common.waiters [-] State transition "BUILD/scheduling" ==> "BUILD/None" after 34 second wait
2025-04-06 15:33:07.786 69769 INFO tempest.lib.common.rest_client [req-ca08e6f3-618c-432d-83d1-38d16f609a8c req-ca08e6f3-618c-432d-83d1-38d16f609a8c ] Request (ListImageFiltersTestJSON:test_list_images_filter_by_server_ref): 200 GET http://10.180.1.21/compute/v2.1/images?server=http%3A%2F%2F10.180.1.21%2Fcompute%2Fservers%2F4dadecae-296e-453b-a434-78870fae404e 0.383s
2025-04-06 15:33:07.810 69771 INFO tempest.lib.common.rest_client [req-274a2fbb-41a6-4522-a4b8-88129287bf10 req-274a2fbb-41a6-4522-a4b8-88129287bf10 ] Request (VolumesAssistedSnapshotsTest:tearDownClass): 404 GET http://10.180.1.21/compute/v2.1/servers/7530c7cf-94a7-415b-a631-7777e2b09a47 0.375s
2025-04-06 15:33:07.826 69759 INFO tempest.lib.common.rest_client [req-af87dc37-0c5d-41bf-b19b-a50bee9c952c req-af87dc37-0c5d-41bf-b19b-a50bee9c952c ] Request (ServersAdminNegativeTestJSON:tearDownClass): 200 GET http://10.180.1.21/compute/v2.1/servers/392a7894-9094-4707-9de4-9746b64eedd7 0.420s
2025-04-06 15:33:07.846 69773 INFO tempest.lib.common.rest_client [req-9451ec26-6823-41af-aada-8fe56128a8f0 req-9451ec26-6823-41af-aada-8fe56128a8f0 ] Request (ListServersNegativeTestJSON:tearDownClass): 404 DELETE http://10.180.1.21/compute/v2.1/servers/fa288b4c-b51a-4ef0-b700-0da46529617f 0.345s
2025-04-06 15:33:07.870 69803 INFO tempest.lib.common.rest_client [req-bbc9685e-5da2-4734-9945-2f7194e1cf80 req-bbc9685e-5da2-4734-9945-2f7194e1cf80 ] Request (ServersAdminTestJSON:test_inject_network_info): 200 GET http://10.180.1.21/compute/v2.1/servers/5be53d46-ea3e-47dd-bbf7-db8e22a71b27 0.377s
2025-04-06 15:33:07.894 69782 INFO tempest.lib.common.rest_client [req-14ad52fe-bbe3-47fd-8d17-e4e95f578180 req-14ad52fe-bbe3-47fd-8d17-e4e95f578180 ] Request (ServersNegativeTestJSON:setUpClass): 200 GET http://10.180.1.21/compute/v2.1/servers/90206bf8-d16d-4586-9ffb-1c4d89c46550 0.383s
2025-04-06 15:33:07.947 69757 INFO tempest.lib.common.rest_client [req-c85b0956-3bcf-46c2-912e-c7a4306a7814 req-c85b0956-3bcf-46c2-912e-c7a4306a7814 ] Request (ImagesOneServerNegativeTestJSON:_run_cleanups): 200 GET http://10.180.1.21/compute/v2.1/servers/d4c7b2f9-d921-409a-a3df-df6bae0db0d9 0.404s
2025-04-06 15:33:07.970 69787 INFO tempest.lib.common.rest_client [req-d391378b-06b2-4031-8fd0-72fee0d8f04b req-d391378b-06b2-4031-8fd0-72fee0d8f04b ] Request (ImagesOneServerTestJSON:tearDownClass): 200 GET http://10.180.1.21/compute/v2.1/servers/482ad76b-9174-474f-a399-31a87941b4c2 0.387s
2025-04-06 15:33:08.002 69783 INFO tempest.lib.common.rest_client [req-e53a104d-baf9-4baa-a324-8794d4264f89 req-e53a104d-baf9-4baa-a324-8794d4264f89 ] Request (ServerRescueNegativeTestJSON:test_rescued_vm_detach_volume): 200 GET http://10.180.1.21/compute/v2.1/servers/45b1b295-23ae-4628-9762-209ac7f1b60b 0.371s
2025-04-06 15:33:08.033 69779 INFO tempest.lib.common.rest_client [req-696700f3-2b1b-4b9a-9a87-312b9e75ef7a req-696700f3-2b1b-4b9a-9a87-312b9e75ef7a ] Request (ServersTestFqdnHostnames:test_create_server_with_fqdn_name): 200 GET http://10.180.1.21/compute/v2.1/servers/7c8ea413-9d35-4ba2-895a-2fd1c86dd901 0.249s
2025-04-06 15:33:08.053 69771 INFO tempest.lib.common.rest_client [req-d46774dc-44bd-4b16-8429-09fe8d62c551 req-d46774dc-44bd-4b16-8429-09fe8d62c551 ] Request (VolumesAssistedSnapshotsTest:tearDownClass): 202 DELETE http://10.180.1.21/compute/v2.1/os-keypairs/tempest-keypair-797680368 0.243s
2025-04-06 15:33:08.077 69769 INFO tempest.lib.common.rest_client [req-8580680e-3f2a-4959-920d-892986653071 req-8580680e-3f2a-4959-920d-892986653071 ] Request (ListImageFiltersTestJSON:test_list_images_filter_by_status): 200 GET http://10.180.1.21/compute/v2.1/images?status=ACTIVE 0.284s
2025-04-06 15:33:08.129 69765 INFO tempest.lib.common.rest_client [req-19bddd81-412b-4d0d-aae1-ec560232ad1d req-19bddd81-412b-4d0d-aae1-ec560232ad1d ] Request (ServersListShow298Test:test_list_show_update_rebuild_server_298): 200 GET http://10.180.1.21/compute/v2.1/servers/dda40d11-631f-478c-bcc4-35b7bcd079a7 0.300s
2025-04-06 15:33:08.149 69763 INFO tempest.lib.common.rest_client [req-c772ff1b-f82b-48b2-abe3-d93427e6d827 req-c772ff1b-f82b-48b2-abe3-d93427e6d827 ] Request (FloatingIPsAssociationNegativeTestJSON:tearDownClass): 200 GET http://10.180.1.21/compute/v2.1/servers/a8997733-2108-4557-81d2-3e470f547ea6 0.307s
2025-04-06 15:33:08.181 69771 INFO tempest.lib.common.rest_client [req-36076371-4632-4a78-802c-ed10ea82b8ba req-36076371-4632-4a78-802c-ed10ea82b8ba ] Request (VolumesAssistedSnapshotsTest:tearDownClass): 204 DELETE http://10.180.1.21:9696/networking/v2.0/security-groups/767d93c9-039a-448e-9f14-79d61484af80 0.128s
2025-04-06 15:33:08.194 69771 INFO tempest.lib.common.rest_client [req-8c3598c9-6e14-4531-8608-93238e26e8f0 req-8c3598c9-6e14-4531-8608-93238e26e8f0 ] Request (VolumesAssistedSnapshotsTest:tearDownClass): 404 GET http://10.180.1.21:9696/networking/v2.0/security-groups/767d93c9-039a-448e-9f14-79d61484af80 0.012s
2025-04-06 15:33:08.218 69773 INFO tempest.lib.common.rest_client [req-bb8781d5-4704-4a1f-94ce-ccb5802f9744 req-bb8781d5-4704-4a1f-94ce-ccb5802f9744 ] Request (ListServersNegativeTestJSON:tearDownClass): 204 DELETE http://10.180.1.21/compute/v2.1/servers/edf0945e-367f-41c9-a083-e4294b7b270a 0.371s
2025-04-06 15:33:08.234 69793 INFO tempest.lib.common.rest_client [req-1625f414-ea3d-42a7-83eb-27b7b1b7912a req-1625f414-ea3d-42a7-83eb-27b7b1b7912a ] Request (ServerShowV247Test:tearDownClass): 200 GET http://10.180.1.21/compute/v2.1/servers/87ccccac-cfaa-4602-b8d0-d2a8465cb8a6 0.280s
2025-04-06 15:33:08.284 69769 INFO tempest.lib.common.rest_client [req-c33a98fd-2a7c-4ef9-a42c-af6144f45f06 req-c33a98fd-2a7c-4ef9-a42c-af6144f45f06 ] Request (ListImageFiltersTestJSON:test_list_images_filter_by_type): 200 GET http://10.180.1.21/compute/v2.1/images?type=snapshot 0.203s
2025-04-06 15:33:08.335 69755 INFO tempest.lib.common.rest_client [req-c2a98c32-4a69-42a6-99fc-c8ff0ca20c0d req-c2a98c32-4a69-42a6-99fc-c8ff0ca20c0d ] Request (AttachInterfacesTestJSON:test_create_list_show_delete_interfaces_by_fixed_ip): 200 GET http://10.180.1.21/compute/v2.1/servers/295ed5bf-b0b7-4ffb-b95f-25faa8ae6dd1 0.173s
2025-04-06 15:33:08.376 69761 INFO tempest.lib.common.rest_client [req-340e570a-6124-470c-94f6-c0eb8b8d9ec1 req-340e570a-6124-470c-94f6-c0eb8b8d9ec1 ] Request (ServersWithFlavorSwapResizeTest:test_flavor_swap_0_to_1024): 200 GET http://10.180.1.21/compute/v2.1/servers/659db4c6-264a-432b-96a0-c55d27b5da14 0.321s
2025-04-06 15:33:08.386 69751 INFO tempest.lib.common.rest_client [req-bc257607-ea01-407d-9b57-c344aafa49a6 req-bc257607-ea01-407d-9b57-c344aafa49a6 ] Request (ServersWithSpecificFlavorTestJSON:test_verify_created_server_ephemeral_disk): 200 GET http://10.180.1.21/compute/v2.1/servers/af0d50d8-371e-407f-8e11-2b0eb3b4f8be 0.177s
2025-04-06 15:33:08.423 69769 INFO tempest.lib.common.rest_client [req-0d3aebc0-e29b-4632-acbf-7e04e8f6ec4c req-0d3aebc0-e29b-4632-acbf-7e04e8f6ec4c ] Request (ListImageFiltersTestJSON:test_list_images_limit_results): 200 GET http://10.180.1.21/compute/v2.1/images?limit=1 0.135s
2025-04-06 15:33:08.455 69773 INFO tempest.lib.common.rest_client [req-bb5e5d9c-cb0a-4873-8b4b-a799a2e4279e req-bb5e5d9c-cb0a-4873-8b4b-a799a2e4279e ] Request (ListServersNegativeTestJSON:tearDownClass): 204 DELETE http://10.180.1.21/compute/v2.1/servers/3e0e857b-c69a-4c3e-a116-269073c38cba 0.236s
2025-04-06 15:33:08.474 69771 INFO tempest.lib.common.rest_client [req-ca5c4629-878f-4c19-8488-c891ab6a3bff req-ca5c4629-878f-4c19-8488-c891ab6a3bff ] Request (VolumesAssistedSnapshotsTest:tearDownClass): 204 DELETE http://10.180.1.21:9696/networking/v2.0/floatingips/2ec1cd73-2b37-4333-ba24-939052bbb7c8 0.279s
2025-04-06 15:33:08.491 69771 INFO tempest.lib.common.rest_client [req-1d5d3ba5-49af-46c6-9fce-98a9bb97f3cc req-1d5d3ba5-49af-46c6-9fce-98a9bb97f3cc ] Request (VolumesAssistedSnapshotsTest:tearDownClass): 404 DELETE http://10.180.1.21/volume/v3/volumes/77dec4c9-be87-4b6c-ada9-860a2d4affb6 0.016s
2025-04-06 15:33:08.503 69805 INFO tempest.lib.common.rest_client [req-13b34835-f62f-45e9-b2b4-fa1cbe1ee015 req-13b34835-f62f-45e9-b2b4-fa1cbe1ee015 ] Request (DeleteServersAdminTestJSON:test_delete_server_while_in_error_state): 200 GET http://10.180.1.21/compute/v2.1/servers/dd17765b-eeab-4249-ab76-6476423ba5a4 0.177s
2025-04-06 15:33:08.507 69771 INFO tempest.lib.common.rest_client [req-18e87e9b-86dc-43ce-867a-76e8f899ba9a req-18e87e9b-86dc-43ce-867a-76e8f899ba9a ] Request (VolumesAssistedSnapshotsTest:tearDownClass): 404 GET http://10.180.1.21/volume/v3/volumes/77dec4c9-be87-4b6c-ada9-860a2d4affb6 0.016s
2025-04-06 15:33:08.548 69789 INFO tempest.lib.common.rest_client [req-d72f3f9c-0b9e-4fb3-ae5e-15a47fbfbb8f req-d72f3f9c-0b9e-4fb3-ae5e-15a47fbfbb8f ] Request (InstanceActionsNegativeTestJSON:setUpClass): 200 GET http://10.180.1.21/compute/v2.1/servers/9c265d8a-05c2-4227-9561-f217be324a2e 0.178s
2025-04-06 15:33:08.581 69791 INFO tempest.lib.common.rest_client [req-b99ff3d5-894b-4754-8371-d62964c0134f req-b99ff3d5-894b-4754-8371-d62964c0134f ] Request (AttachInterfacesV270Test:tearDownClass): 200 GET http://10.180.1.21/compute/v2.1/servers/af65de7d-28f6-438f-ae29-81686bf5af5c 0.188s
2025-04-06 15:33:08.604 69769 INFO tempest.lib.common.rest_client [req-7f3874a1-6dd8-4073-ad32-96c96397c879 req-7f3874a1-6dd8-4073-ad32-96c96397c879 ] Request (ListImageFiltersTestJSON:test_list_images_with_detail_filter_by_changes_since): 200 GET http://10.180.1.21/compute/v2.1/images/detail?changes-since=2025-04-06T15%3A30%3A46Z 0.176s
2025-04-06 15:33:08.605 69773 INFO tempest.lib.common.rest_client [req-e0d31699-cff8-448b-8680-854068c7139d req-e0d31699-cff8-448b-8680-854068c7139d ] Request (ListServersNegativeTestJSON:tearDownClass): 404 GET http://10.180.1.21/compute/v2.1/servers/fa288b4c-b51a-4ef0-b700-0da46529617f 0.150s
2025-04-06 15:33:08.650 69769 INFO tempest.lib.common.rest_client [req-b43f024c-3552-42b8-9988-b2c5d319797b req-b43f024c-3552-42b8-9988-b2c5d319797b ] Request (ListImageFiltersTestJSON:test_list_images_with_detail_filter_by_name): 200 GET http://10.180.1.21/compute/v2.1/images/detail?name=tempest-ListImageFiltersTestJSON-image-1445274993 0.041s
2025-04-06 15:33:08.709 69769 INFO tempest.lib.common.rest_client [req-04987aa0-c08f-4f4f-930c-e8fcff90ca2c req-04987aa0-c08f-4f4f-930c-e8fcff90ca2c ] Request (ListImageFiltersTestJSON:test_list_images_with_detail_filter_by_server_ref): 200 GET http://10.180.1.21/compute/v2.1/images/detail?server=http%3A%2F%2F10.180.1.21%2Fcompute%2Fv2.1%2Fservers%2F4dadecae-296e-453b-a434-78870fae404e 0.051s
2025-04-06 15:33:08.723 69773 INFO tempest.lib.common.rest_client [req-1e309e09-d3b8-4149-825d-4ad6883d3a67 req-1e309e09-d3b8-4149-825d-4ad6883d3a67 ] Request (ListServersNegativeTestJSON:tearDownClass): 200 GET http://10.180.1.21/compute/v2.1/servers/edf0945e-367f-41c9-a083-e4294b7b270a 0.117s
2025-04-06 15:33:08.767 69769 INFO tempest.lib.common.rest_client [req-32141940-f7f4-4803-a71b-e46856cf6838 req-32141940-f7f4-4803-a71b-e46856cf6838 ] Request (ListImageFiltersTestJSON:test_list_images_with_detail_filter_by_server_ref): 200 GET http://10.180.1.21/compute/v2.1/images/detail?server=http%3A%2F%2F10.180.1.21%2Fcompute%2Fservers%2F4dadecae-296e-453b-a434-78870fae404e 0.054s
2025-04-06 15:33:08.779 69749 INFO tempest.lib.common.rest_client [req-1ecd964a-aedb-4dd0-999d-231b4de5a681 req-1ecd964a-aedb-4dd0-999d-231b4de5a681 ] Request (ServersTestBootFromVolume:setUpClass): 200 GET http://10.180.1.21/compute/v2.1/servers/e5ef7229-b060-449f-8474-d1bb48236ce4 0.107s
2025-04-06 15:33:08.815 69786 INFO tempest.lib.common.rest_client [req-9c581da9-581f-46cf-ba1f-bd5ed5b2661e req-9c581da9-581f-46cf-ba1f-bd5ed5b2661e ] Request (MigrationsAdminTest:test_resize_server_revert_deleted_flavor): 200 GET http://10.180.1.21/compute/v2.1/servers/92a06e75-bc77-4211-8ed4-c30ed8751be5 0.073s
2025-04-06 15:33:08.852 69801 INFO tempest.lib.common.rest_client [req-39e7ed54-4253-4e2f-acdc-fa56d916e09c req-39e7ed54-4253-4e2f-acdc-fa56d916e09c ] Request (ServerRescueTestJSON:tearDownClass): 200 GET http://10.180.1.21/compute/v2.1/servers/8a408ee7-9957-489d-8dd4-fe4dab792d26 0.101s
2025-04-06 15:33:08.866 69769 INFO tempest.lib.common.rest_client [req-6a1c8150-2243-4aec-9700-d924d5e46939 req-6a1c8150-2243-4aec-9700-d924d5e46939 ] Request (ListImageFiltersTestJSON:test_list_images_with_detail_filter_by_status): 200 GET http://10.180.1.21/compute/v2.1/images/detail?status=ACTIVE 0.093s
2025-04-06 15:33:08.887 69795 INFO tempest.lib.common.rest_client [req-e8d5a4d6-f2f3-41a7-b993-090daa410777 req-e8d5a4d6-f2f3-41a7-b993-090daa410777 ] Request (FloatingIPDetailsNegativeTestJSON:setUpClass): 200 PUT http://10.180.1.21:9696/networking/v2.0/routers/a179090a-4588-4901-b3bc-74b8b98cf4c2/add_router_interface 1.180s
