2025-04-17 11:46:44.956 71209 INFO tempest.lib.common.rest_client [req-13feb9d1-ab69-4aeb-99aa-10673bcba75c req-13feb9d1-ab69-4aeb-99aa-10673bcba75c ] Request (QuotaClassesAdmin257Test:_run_cleanups): 200 PUT http://10.180.1.21/compute/v2.1/os-quota-class-sets/default 1.037s
2025-04-17 11:46:44.973 71233 INFO tempest.lib.common.rest_client [req-68c934fb-c0d7-41f7-9cae-6075f3e9fb3f req-68c934fb-c0d7-41f7-9cae-6075f3e9fb3f ] Request (ServerShowV247Test:test_show_server): 201 POST http://10.180.1.21/identity/v3/auth/tokens 0.115s
2025-04-17 11:46:44.974 71233 INFO tempest.lib.common.fixed_network [-] (ServerShowV247Test:test_show_server) Found network None available for tenant
2025-04-17 11:46:44.992 71237 INFO tempest.lib.common.rest_client [req-6f9a8b6a-44ee-43b4-bd84-d67fc9f3fafe req-6f9a8b6a-44ee-43b4-bd84-d67fc9f3fafe ] Request (AggregatesAdminNegativeTestJSON:test_aggregate_add_host_as_user): 200 POST http://10.180.1.21/compute/v2.1/os-aggregates 1.042s
2025-04-17 11:46:45.006 71197 INFO tempest.lib.common.rest_client [req-82c859f2-96a4-486b-ba01-ba85665b3685 req-82c859f2-96a4-486b-ba01-ba85665b3685 ] Request (ServicesAdminNegativeTestJSON:test_get_service_by_invalid_params): 200 GET http://10.180.1.21/compute/v2.1/os-services 1.183s
2025-04-17 11:46:45.013 71211 INFO tempest.lib.common.rest_client [req-97cb87de-3b0d-4e9e-9c26-e0ac82ba3ba9 req-97cb87de-3b0d-4e9e-9c26-e0ac82ba3ba9 ] Request (ServersWithSpecificFlavorTestJSON:test_verify_created_server_ephemeral_disk): 200 POST http://10.180.1.21/compute/v2.1/flavors 1.043s
2025-04-17 11:46:45.034 71219 INFO tempest.lib.common.rest_client [req-cec507ab-17c0-49fa-a62c-d3e45012e970 req-cec507ab-17c0-49fa-a62c-d3e45012e970 ] Request (HostsAdminTestJSON:test_list_hosts_with_zone): 200 GET http://10.180.1.21/compute/v2.1/os-hosts 0.993s
2025-04-17 11:46:45.058 71223 INFO tempest.lib.common.rest_client [req-5455d7ac-5c7f-4687-a5d7-b6bd900cec5c req-5455d7ac-5c7f-4687-a5d7-b6bd900cec5c ] Request (VolumesAssistedSnapshotsTest:test_volume_assisted_snapshot_create_delete): 201 POST http://10.180.1.21:9696/networking/v2.0/security-group-rules 0.170s
2025-04-17 11:46:45.073 71209 INFO tempest.lib.common.rest_client [req-01907ad2-2b38-4a98-8dc2-6ae1f25c4f8d req-01907ad2-2b38-4a98-8dc2-6ae1f25c4f8d ] Request (QuotaClassesAdmin257Test:tearDownClass): 204 DELETE http://10.180.1.21/identity/v3/users/642359942a2440dc9341e60d9b055f2c 0.112s
2025-04-17 11:46:45.075 71185 INFO tempest.lib.common.rest_client [req-125dfa3d-e74f-4839-98ec-f5070cb194e2 req-125dfa3d-e74f-4839-98ec-f5070cb194e2 ] Request (FlavorsAccessNegativeTestJSON:_run_cleanups): 200 GET http://10.180.1.21/compute/v2.1/flavors/detail 0.949s
2025-04-17 11:46:45.094 71191 INFO tempest.lib.common.rest_client [req-eea8399a-2cb2-461b-af83-f233ea0c35f5 req-eea8399a-2cb2-461b-af83-f233ea0c35f5 ] Request (HypervisorAdminNegativeUnderV252Test:tearDownClass): 204 DELETE http://10.180.1.21:9696/networking/v2.0/security-groups/296599d4-6c43-40a3-8591-f947f8b2cec7 0.279s
2025-04-17 11:46:45.100 71242 INFO tempest.lib.common.rest_client [req-92f35457-8041-4e4c-ac01-4a89b034426d req-92f35457-8041-4e4c-ac01-4a89b034426d ] Request (HypervisorAdminTestJSON:test_get_hypervisor_show_details): 200 GET http://10.180.1.21/compute/v2.1/os-hypervisors/1 0.945s
2025-04-17 11:46:45.124 71247 INFO tempest.lib.common.rest_client [req-44ceedf5-e8bf-4d24-808e-6a6dd9b383ab req-44ceedf5-e8bf-4d24-808e-6a6dd9b383ab ] Request (ServicesAdminNegativeV253TestJSON:test_get_service_with_valid_service_and_invalid_host): 200 GET http://10.180.1.21/compute/v2.1/os-services 0.942s
2025-04-17 11:46:45.148 71203 INFO tempest.lib.common.rest_client [req-e6c7bc30-07b4-4281-8fab-015eabe4ae37 req-e6c7bc30-07b4-4281-8fab-015eabe4ae37 ] Request (KeyPairsV210TestJSON:tearDownClass): 204 DELETE http://10.180.1.21:9696/networking/v2.0/security-groups/35848340-175f-4635-8b5b-0f8b5aeab73d 0.289s
2025-04-17 11:46:45.181 71209 INFO tempest.lib.common.rest_client [req-c4d332ac-1f78-46d2-862e-9bad7ca10fbe req-c4d332ac-1f78-46d2-862e-9bad7ca10fbe ] Request (QuotaClassesAdmin257Test:tearDownClass): 204 DELETE http://10.180.1.21/identity/v3/users/a85187d72be741ddb17194f25e873fe8 0.107s
2025-04-17 11:46:45.181 71209 INFO tempest.lib.common.dynamic_creds [-] Deleting project and security group for project: b393f4af1e324ddf9bf94ea020d76281
2025-04-17 11:46:45.206 71217 INFO tempest.lib.common.rest_client [req-19779241-cd6d-483c-ae05-bf54831f8882 req-19779241-cd6d-483c-ae05-bf54831f8882 ] Request (FlavorsV261TestJSON:tearDownClass): 200 GET http://10.180.1.21:9696/networking/v2.0/security-groups?tenant_id=303a945ef3784182bb0ee32ebe67e302&name=default 0.511s
2025-04-17 11:46:45.213 71235 INFO tempest.lib.common.rest_client [req-a73c394e-ae26-4cb7-ba9d-50ee1c57a83f req-a73c394e-ae26-4cb7-ba9d-50ee1c57a83f ] Request (ServerDiagnosticsTest:test_get_server_diagnostics): 200 GET http://10.180.1.21/compute/v2.1/servers/1cfd0a70-d95d-4a3b-a23a-0a2abbab5d1d 1.151s
2025-04-17 11:46:45.218 71191 INFO tempest.lib.common.rest_client [req-3854bc82-e19b-478a-8ddb-9fab41c56e20 req-3854bc82-e19b-478a-8ddb-9fab41c56e20 ] Request (HypervisorAdminNegativeUnderV252Test:tearDownClass): 204 DELETE http://10.180.1.21/identity/v3/projects/c76e2adfbcbf4380be2a45c3c2b2b62c 0.124s
2025-04-17 11:46:45.228 71205 INFO tempest.lib.common.rest_client [req-d867bed4-3e3a-4ffe-b560-e1692ca94947 req-d867bed4-3e3a-4ffe-b560-e1692ca94947 ] Request (ServersListShow296Test:test_list_show_update_rebuild_server_296): 200 GET http://10.180.1.21/compute/v2.1/servers/3dcf9e2a-4306-4025-a942-9aa1a598f49f 1.020s
2025-04-17 11:46:45.271 71245 INFO tempest.lib.common.rest_client [req-524dae6e-8c8a-426a-a5e3-d3e94fb4c4dc req-524dae6e-8c8a-426a-a5e3-d3e94fb4c4dc ] Request (ServerRescueTestJSONUnderV235:setUpClass): 201 POST http://10.180.1.21:9696/networking/v2.0/routers 1.975s
2025-04-17 11:46:45.291 71209 INFO tempest.lib.common.rest_client [req-6514173f-2914-46c3-bce3-041e54b02a74 req-6514173f-2914-46c3-bce3-041e54b02a74 ] Request (QuotaClassesAdmin257Test:tearDownClass): 201 POST http://10.180.1.21/identity/v3/auth/tokens 0.110s
2025-04-17 11:46:45.326 71203 INFO tempest.lib.common.rest_client [req-3219dca7-c23d-445d-87ef-4f88b97b75fa req-3219dca7-c23d-445d-87ef-4f88b97b75fa ] Request (KeyPairsV210TestJSON:tearDownClass): 204 DELETE http://10.180.1.21/identity/v3/projects/708311cc4f444ae9b092f1d5a6258352 0.177s
2025-04-17 11:46:45.326 71203 INFO tempest.lib.common.dynamic_creds [-] Deleting project and security group for project: db8d795b43794abcb8729f933f9c0cc0
2025-04-17 11:46:45.386 71191 INFO tempest.lib.common.rest_client [req-cb39122d-ba4d-4235-ba17-822ec1cf783f req-cb39122d-ba4d-4235-ba17-822ec1cf783f ] Request (InstanceUsageAuditLogTestJSON:setUpClass): 201 POST http://10.180.1.21/identity/v3/auth/tokens 0.165s
2025-04-17 11:46:45.471 71191 INFO tempest.lib.common.rest_client [req-baf9a94c-2851-4c65-a669-a1737e3b915e req-baf9a94c-2851-4c65-a669-a1737e3b915e ] Request (InstanceUsageAuditLogTestJSON:setUpClass): 201 POST http://10.180.1.21/identity/v3/auth/tokens 0.076s
2025-04-17 11:46:45.501 71191 INFO tempest.lib.common.rest_client [req-cf13cb44-8126-4883-8f4b-d16a37f24de7 req-cf13cb44-8126-4883-8f4b-d16a37f24de7 ] Request (InstanceUsageAuditLogTestJSON:setUpClass): 200 GET http://10.180.1.21/identity/v3/domains?name=Default 0.029s
2025-04-17 11:46:45.504 71221 INFO tempest.lib.common.rest_client [req-ce18dcc9-cca9-4b39-8296-ba751f2a6959 req-ce18dcc9-cca9-4b39-8296-ba751f2a6959 ] Request (ServersV294TestFqdnHostnames:setUpClass): 201 POST http://10.180.1.21/compute/v2.1/os-keypairs 1.247s
2025-04-17 11:46:45.536 71191 INFO tempest.lib.common.rest_client [req-a53644dd-b81c-4aca-9373-9936a2bfbceb req-a53644dd-b81c-4aca-9373-9936a2bfbceb ] Request (InstanceUsageAuditLogTestJSON:setUpClass): 201 POST http://10.180.1.21/identity/v3/projects 0.035s
2025-04-17 11:46:45.540 71217 INFO tempest.lib.common.rest_client [req-01ce870d-5c29-4613-bc64-f04eee10d2a5 req-01ce870d-5c29-4613-bc64-f04eee10d2a5 ] Request (FlavorsV261TestJSON:tearDownClass): 204 DELETE http://10.180.1.21:9696/networking/v2.0/security-groups/82b1a02c-12d0-4a54-8013-738b01530870 0.334s
2025-04-17 11:46:45.598 71191 INFO tempest.lib.common.rest_client [req-40ea0eb3-9902-4134-a401-de25b99f9801 req-40ea0eb3-9902-4134-a401-de25b99f9801 ] Request (InstanceUsageAuditLogTestJSON:setUpClass): 201 POST http://10.180.1.21/identity/v3/users 0.062s
2025-04-17 11:46:45.618 71191 INFO tempest.lib.common.rest_client [req-4847d9df-f43d-42d4-b343-45884fb237df req-4847d9df-f43d-42d4-b343-45884fb237df ] Request (InstanceUsageAuditLogTestJSON:setUpClass): 200 GET http://10.180.1.21/identity/v3/roles 0.019s
2025-04-17 11:46:45.639 71217 INFO tempest.lib.common.rest_client [req-38db8abe-7f47-4a6e-aad7-0d244c5d060d req-38db8abe-7f47-4a6e-aad7-0d244c5d060d ] Request (FlavorsV261TestJSON:tearDownClass): 204 DELETE http://10.180.1.21/identity/v3/projects/303a945ef3784182bb0ee32ebe67e302 0.098s
2025-04-17 11:46:45.639 71217 INFO tempest.lib.common.dynamic_creds [-] Deleting project and security group for project: f97ed4aa863045bbb50d314d0b7317ce
2025-04-17 11:46:45.669 71239 INFO tempest.lib.common.rest_client [req-b9c616f0-96ed-46dd-b4cd-4bdfc513d5a9 req-b9c616f0-96ed-46dd-b4cd-4bdfc513d5a9 ] Request (DeleteServersAdminTestJSON:test_admin_delete_servers_of_others): 200 GET http://10.180.1.21/compute/v2.1/servers/f0de3aaa-605f-48e6-a512-747263d49680 1.279s
2025-04-17 11:46:45.702 71191 INFO tempest.lib.common.rest_client [req-07bf6441-c072-4b48-ab6d-ef60c1de41d5 req-07bf6441-c072-4b48-ab6d-ef60c1de41d5 ] Request (InstanceUsageAuditLogTestJSON:setUpClass): 204 PUT http://10.180.1.21/identity/v3/projects/273bfe8141ec4a4286f18ea31e74a5ad/users/d504d5ee9494411182693e3966bef579/roles/da68cb1f548840b393dc38fe38b80756 0.084s
2025-04-17 11:46:45.703 71191 INFO tempest.lib.common.dynamic_creds [-] Dynamic test user d504d5ee9494411182693e3966bef579 is created with scope project and roles: ['member']
2025-04-17 11:46:45.703 71191 INFO tempest.lib.common.dynamic_creds [-] Acquired dynamic creds: credentials: Credentials: {'domain_id': 'default', 'domain_name': 'Default', 'username': 'tempest-InstanceUsageAuditLogTestJSON-169405827-project-member', 'project_domain_id': 'default', 'project_domain_name': 'Default', 'project_id': '273bfe8141ec4a4286f18ea31e74a5ad', 'project_name': 'tempest-InstanceUsageAuditLogTestJSON-169405827', 'tenant_id': '273bfe8141ec4a4286f18ea31e74a5ad', 'tenant_name': 'tempest-InstanceUsageAuditLogTestJSON-169405827', 'user_domain_id': 'default', 'user_domain_name': 'Default', 'user_id': 'd504d5ee9494411182693e3966bef579', 'system': None}, Network: None, Subnet: None, Router: None
2025-04-17 11:46:45.703 71191 INFO tempest.lib.common.dynamic_creds [-] Created isolated network resources for: credentials: Credentials: {'domain_id': 'default', 'domain_name': 'Default', 'username': 'tempest-InstanceUsageAuditLogTestJSON-169405827-project-member', 'project_domain_id': 'default', 'project_domain_name': 'Default', 'project_id': '273bfe8141ec4a4286f18ea31e74a5ad', 'project_name': 'tempest-InstanceUsageAuditLogTestJSON-169405827', 'tenant_id': '273bfe8141ec4a4286f18ea31e74a5ad', 'tenant_name': 'tempest-InstanceUsageAuditLogTestJSON-169405827', 'user_domain_id': 'default', 'user_domain_name': 'Default', 'user_id': 'd504d5ee9494411182693e3966bef579', 'system': None}, Network: None, Subnet: None, Router: None
2025-04-17 11:46:45.790 71191 INFO tempest.lib.common.rest_client [req-ff8f8d17-fdd3-464e-b8a4-ba8f92db5e02 req-ff8f8d17-fdd3-464e-b8a4-ba8f92db5e02 ] Request (InstanceUsageAuditLogTestJSON:setUpClass): 201 POST http://10.180.1.21/identity/v3/auth/tokens 0.083s
2025-04-17 11:46:45.856 71191 INFO tempest.lib.common.rest_client [req-51d32698-3368-4287-a3de-b782151ce4c2 req-51d32698-3368-4287-a3de-b782151ce4c2 ] Request (InstanceUsageAuditLogTestJSON:setUpClass): 201 POST http://10.180.1.21/identity/v3/projects 0.065s
2025-04-17 11:46:45.916 71203 INFO tempest.lib.common.rest_client [req-dfb0f713-56fc-4634-9851-e9cdf4ad2bbf req-dfb0f713-56fc-4634-9851-e9cdf4ad2bbf ] Request (KeyPairsV210TestJSON:tearDownClass): 200 GET http://10.180.1.21:9696/networking/v2.0/security-groups?tenant_id=db8d795b43794abcb8729f933f9c0cc0&name=default 0.590s
2025-04-17 11:46:45.941 71191 INFO tempest.lib.common.rest_client [req-e6d46531-4585-42cf-b7f2-0e45fe9b6004 req-e6d46531-4585-42cf-b7f2-0e45fe9b6004 ] Request (InstanceUsageAuditLogTestJSON:setUpClass): 201 POST http://10.180.1.21/identity/v3/users 0.084s
2025-04-17 11:46:45.961 71191 INFO tempest.lib.common.rest_client [req-28710f6e-0312-411d-8ed5-939378106950 req-28710f6e-0312-411d-8ed5-939378106950 ] Request (InstanceUsageAuditLogTestJSON:setUpClass): 200 GET http://10.180.1.21/identity/v3/roles 0.019s
2025-04-17 11:46:46.003 71191 INFO tempest.lib.common.rest_client [req-52a79647-1eff-46f6-8644-8e2e55f3b053 req-52a79647-1eff-46f6-8644-8e2e55f3b053 ] Request (InstanceUsageAuditLogTestJSON:setUpClass): 204 PUT http://10.180.1.21/identity/v3/projects/32d17edbb8f44989979b5c5eb1944874/users/65323b5f68e94c42b50558eb93e45fd5/roles/e6ed5c73b1e242688e4a7fd359e895f5 0.041s
2025-04-17 11:46:46.021 71243 INFO tempest.lib.common.rest_client [req-ec69dfe1-a917-41c1-97bb-f8275d03ebef req-ec69dfe1-a917-41c1-97bb-f8275d03ebef ] Request (QuotasAdminNegativeTest:test_create_server_when_instances_quota_is_full): 403 POST http://10.180.1.21/compute/v2.1/servers 1.710s
2025-04-17 11:46:46.062 71191 INFO tempest.lib.common.rest_client [req-490ba7bb-46cb-4e06-98d6-41fbc9f14508 req-490ba7bb-46cb-4e06-98d6-41fbc9f14508 ] Request (InstanceUsageAuditLogTestJSON:setUpClass): 200 GET http://10.180.1.21/identity/v3/roles 0.058s
2025-04-17 11:46:46.088 71191 INFO tempest.lib.common.rest_client [req-19937072-4a62-4d3c-bba1-a2949fff63f0 req-19937072-4a62-4d3c-bba1-a2949fff63f0 ] Request (InstanceUsageAuditLogTestJSON:setUpClass): 204 PUT http://10.180.1.21/identity/v3/projects/32d17edbb8f44989979b5c5eb1944874/users/65323b5f68e94c42b50558eb93e45fd5/roles/e6ed5c73b1e242688e4a7fd359e895f5 0.026s
2025-04-17 11:46:46.088 71191 INFO tempest.lib.common.dynamic_creds [-] Dynamic test user 65323b5f68e94c42b50558eb93e45fd5 is created with scope project and roles: ['admin']
2025-04-17 11:46:46.088 71191 INFO tempest.lib.common.dynamic_creds [-] Acquired dynamic creds: credentials: Credentials: {'domain_id': 'default', 'domain_name': 'Default', 'username': 'tempest-InstanceUsageAuditLogTestJSON-1616338571-project-admin', 'project_domain_id': 'default', 'project_domain_name': 'Default', 'project_id': '32d17edbb8f44989979b5c5eb1944874', 'project_name': 'tempest-InstanceUsageAuditLogTestJSON-1616338571', 'tenant_id': '32d17edbb8f44989979b5c5eb1944874', 'tenant_name': 'tempest-InstanceUsageAuditLogTestJSON-1616338571', 'user_domain_id': 'default', 'user_domain_name': 'Default', 'user_id': '65323b5f68e94c42b50558eb93e45fd5', 'system': None}, Network: None, Subnet: None, Router: None
2025-04-17 11:46:46.088 71191 INFO tempest.lib.common.dynamic_creds [-] Created isolated network resources for: credentials: Credentials: {'domain_id': 'default', 'domain_name': 'Default', 'username': 'tempest-InstanceUsageAuditLogTestJSON-1616338571-project-admin', 'project_domain_id': 'default', 'project_domain_name': 'Default', 'project_id': '32d17edbb8f44989979b5c5eb1944874', 'project_name': 'tempest-InstanceUsageAuditLogTestJSON-1616338571', 'tenant_id': '32d17edbb8f44989979b5c5eb1944874', 'tenant_name': 'tempest-InstanceUsageAuditLogTestJSON-1616338571', 'user_domain_id': 'default', 'user_domain_name': 'Default', 'user_id': '65323b5f68e94c42b50558eb93e45fd5', 'system': None}, Network: None, Subnet: None, Router: None
2025-04-17 11:46:46.140 71207 INFO tempest.lib.common.rest_client [req-e4c6c680-7d3b-48dd-8449-712ff61edf42 req-e4c6c680-7d3b-48dd-8449-712ff61edf42 ] Request (MigrationsAdminTest:test_list_migrations_in_flavor_resize_situation): 200 GET http://10.180.1.21/compute/v2.1/servers/f97cb95b-5d2e-4ac4-ba82-80a705a086f4 1.415s
2025-04-17 11:46:46.149 71207 INFO tempest.common.waiters [-] State transition "BUILD/None" ==> "BUILD/block_device_mapping" after 8 second wait
2025-04-17 11:46:46.156 71191 INFO tempest.lib.common.rest_client [req-a5195782-0869-4a60-a12c-8b867fa2fad8 req-a5195782-0869-4a60-a12c-8b867fa2fad8 ] Request (InstanceUsageAuditLogTestJSON:setUpClass): 201 POST http://10.180.1.21/identity/v3/auth/tokens 0.065s
2025-04-17 11:46:46.205 71189 INFO tempest.lib.common.rest_client [req-7c74cd25-f0db-40ce-807b-a4fc13b4b86c req-7c74cd25-f0db-40ce-807b-a4fc13b4b86c ] Request (InstanceActionsV221TestJSON:test_get_list_deleted_instance_actions): 200 GET http://10.180.1.21/compute/v2.1/servers/4be98957-bf1b-4464-bb2b-66349fa66668 1.755s
2025-04-17 11:46:46.209 71217 INFO tempest.lib.common.rest_client [req-a948ccc4-ecd4-4d21-88ec-b43ec0c78dde req-a948ccc4-ecd4-4d21-88ec-b43ec0c78dde ] Request (FlavorsV261TestJSON:tearDownClass): 200 GET http://10.180.1.21:9696/networking/v2.0/security-groups?tenant_id=f97ed4aa863045bbb50d314d0b7317ce&name=default 0.569s
2025-04-17 11:46:46.219 71189 INFO tempest.common.waiters [-] State transition "BUILD/networking" ==> "BUILD/spawning" after 8 second wait
2025-04-17 11:46:46.222 71187 INFO tempest.lib.common.rest_client [req-f61bf2d5-ce39-48a2-a854-8bf38c8e1edb req-f61bf2d5-ce39-48a2-a854-8bf38c8e1edb ] Request (FlavorsExtraSpecsTestJSON:test_flavor_set_get_update_show_unset_keys): 200 GET http://10.180.1.21/compute/v2.1/flavors/1688719613/os-extra_specs 1.437s
2025-04-17 11:46:46.229 71209 INFO tempest.lib.common.rest_client [req-7340ebfa-563e-458d-80f8-99ee84c93a90 req-7340ebfa-563e-458d-80f8-99ee84c93a90 ] Request (QuotaClassesAdmin257Test:tearDownClass): 200 GET http://10.180.1.21:9696/networking/v2.0/security-groups?tenant_id=b393f4af1e324ddf9bf94ea020d76281&name=default 0.937s
2025-04-17 11:46:46.252 71227 INFO tempest.lib.common.rest_client [req-73634d1f-5855-4027-b766-aea6cf1fc6ff req-73634d1f-5855-4027-b766-aea6cf1fc6ff ] Request (ServersAdminNegativeTestJSON:setUpClass): 200 GET http://10.180.1.21/compute/v2.1/servers/88f4a83c-1880-4e6c-99ed-18e9229d1125 1.496s
2025-04-17 11:46:46.304 71221 INFO tempest.lib.common.rest_client [req-ca739538-0430-4301-a8e7-f14e4d4b9e1e req-ca739538-0430-4301-a8e7-f14e4d4b9e1e ] Request (ServersV294TestFqdnHostnames:setUpClass): 201 POST http://10.180.1.21:9696/networking/v2.0/security-groups 0.797s
2025-04-17 11:46:46.424 71203 INFO tempest.lib.common.rest_client [req-c204ce03-e276-4836-b0f7-444d6e74e003 req-c204ce03-e276-4836-b0f7-444d6e74e003 ] Request (KeyPairsV210TestJSON:tearDownClass): 204 DELETE http://10.180.1.21:9696/networking/v2.0/security-groups/355f7964-8876-4563-bf52-02538483e289 0.507s
2025-04-17 11:46:46.538 71203 INFO tempest.lib.common.rest_client [req-d1d128df-6fbe-4e67-b7e6-cb94c1db2059 req-d1d128df-6fbe-4e67-b7e6-cb94c1db2059 ] Request (KeyPairsV210TestJSON:tearDownClass): 204 DELETE http://10.180.1.21/identity/v3/projects/db8d795b43794abcb8729f933f9c0cc0 0.113s
2025-04-17 11:46:46.539 71203 INFO tempest.test [-] raised in LiveAutoBlockMigrationV225Test.setUpClass. Invoking tearDownClass.
2025-04-17 11:46:46.597 71203 INFO tempest.lib.common.rest_client [req-4859fb71-da2c-43dc-9e88-2e6d484ef7e2 req-4859fb71-da2c-43dc-9e88-2e6d484ef7e2 ] Request (QuotasAdminTestV257:setUpClass): 201 POST http://10.180.1.21/identity/v3/auth/tokens 0.056s
2025-04-17 11:46:46.610 71209 INFO tempest.lib.common.rest_client [req-1b5feff8-82c7-49f5-91a3-e9d5341afa93 req-1b5feff8-82c7-49f5-91a3-e9d5341afa93 ] Request (QuotaClassesAdmin257Test:tearDownClass): 204 DELETE http://10.180.1.21:9696/networking/v2.0/security-groups/24c31959-18a0-49cc-be7c-25496e4f7b8e 0.380s
2025-04-17 11:46:46.624 71217 INFO tempest.lib.common.rest_client [req-191cb7f0-dfd5-42f8-b25b-f343b5c0ff57 req-191cb7f0-dfd5-42f8-b25b-f343b5c0ff57 ] Request (FlavorsV261TestJSON:tearDownClass): 204 DELETE http://10.180.1.21:9696/networking/v2.0/security-groups/0109b2fc-7c2a-40c7-b56b-ad134284a7a0 0.415s
2025-04-17 11:46:46.631 71195 INFO tempest.lib.common.rest_client [req-39240312-ac2d-4318-aa35-125784e129c0 req-39240312-ac2d-4318-aa35-125784e129c0 ] Request (ServerDiagnosticsNegativeTest:test_get_server_diagnostics_by_non_admin): 200 GET http://10.180.1.21/compute/v2.1/servers/4a4a7b43-903f-495b-8bb9-becf921e7283 1.797s
2025-04-17 11:46:46.640 71199 INFO tempest.lib.common.rest_client [req-5c2fb3d0-9468-443b-842f-77056162e292 req-5c2fb3d0-9468-443b-842f-77056162e292 ] Request (FlavorsExtraSpecsNegativeTestJSON:test_flavor_update_mismatch_key): 400 PUT http://10.180.1.21/compute/v2.1/flavors/728409276/os-extra_specs/hw:numa_nodes 1.786s
2025-04-17 11:46:46.643 71203 INFO tempest.lib.common.rest_client [req-e50262a3-9b35-4f81-b474-ea18ce7e897a req-e50262a3-9b35-4f81-b474-ea18ce7e897a ] Request (QuotasAdminTestV257:setUpClass): 201 POST http://10.180.1.21/identity/v3/auth/tokens 0.043s
2025-04-17 11:46:46.660 71193 INFO tempest.lib.common.rest_client [req-414e7da3-98d2-4ee0-9aa3-11b230b58ebe req-414e7da3-98d2-4ee0-9aa3-11b230b58ebe ] Request (FlavorsAccessTestJSON:test_flavor_access_list_with_private_flavor): 200 POST http://10.180.1.21/compute/v2.1/flavors 1.795s
2025-04-17 11:46:46.672 71201 INFO tempest.lib.common.rest_client [req-c44ec9df-3892-4386-8459-26f50af440a4 req-c44ec9df-3892-4386-8459-26f50af440a4 ] Request (FlavorsV2TestJSON:test_list_flavors_detailed_filter_by_min_ram): 200 GET http://10.180.1.21/compute/v2.1/flavors/42 1.779s
2025-04-17 11:46:46.678 71231 INFO tempest.lib.common.rest_client [req-04f325f6-872c-4b22-9278-aa64666ddd62 req-04f325f6-872c-4b22-9278-aa64666ddd62 ] Request (HypervisorAdminNegativeTestJSON:test_show_hypervisor_with_non_admin_user): 403 GET http://10.180.1.21/compute/v2.1/os-hypervisors/1 1.769s
2025-04-17 11:46:46.682 71209 INFO tempest.lib.common.rest_client [req-73dd1a10-4471-48a5-bd68-6d274a2dadcc req-73dd1a10-4471-48a5-bd68-6d274a2dadcc ] Request (QuotaClassesAdmin257Test:tearDownClass): 204 DELETE http://10.180.1.21/identity/v3/projects/b393f4af1e324ddf9bf94ea020d76281 0.071s
2025-04-17 11:46:46.682 71209 INFO tempest.lib.common.dynamic_creds [-] Deleting project and security group for project: 6f6ae7e49c1d4f23a245e99d4438a332
2025-04-17 11:46:46.689 71215 INFO tempest.lib.common.rest_client [req-3284193a-5af6-4c6c-92b4-f7ea7c8bff2a req-3284193a-5af6-4c6c-92b4-f7ea7c8bff2a ] Request (HostsAdminNegativeTestJSON:test_startup_host_with_non_admin_user): 403 GET http://10.180.1.21/compute/v2.1/os-hosts/devstack/startup 1.769s
2025-04-17 11:46:46.722 71225 INFO tempest.lib.common.rest_client [req-907303f7-91c2-412c-ac6e-eba5f9808bc1 req-907303f7-91c2-412c-ac6e-eba5f9808bc1 ] Request (SecurityGroupRulesTestJSON:test_security_group_rules_delete_when_peer_group_deleted): 200 POST http://10.180.1.21/compute/v2.1/os-security-groups 1.900s
2025-04-17 11:46:46.732 71221 INFO tempest.lib.common.rest_client [req-08edf142-390d-4f4f-97be-298aff5921ea req-08edf142-390d-4f4f-97be-298aff5921ea ] Request (ServersV294TestFqdnHostnames:setUpClass): 201 POST http://10.180.1.21:9696/networking/v2.0/security-group-rules 0.428s
2025-04-17 11:46:46.741 71217 INFO tempest.lib.common.rest_client [req-372b08a2-16b7-42cb-94f2-bd8615ef927d req-372b08a2-16b7-42cb-94f2-bd8615ef927d ] Request (FlavorsV261TestJSON:tearDownClass): 204 DELETE http://10.180.1.21/identity/v3/projects/f97ed4aa863045bbb50d314d0b7317ce 0.116s
2025-04-17 11:46:46.742 71217 INFO tempest.test [-] raised in LiveMigrationNegativeTest.setUpClass. Invoking tearDownClass.
2025-04-17 11:46:46.743 71217 INFO tempest.test [-] raised in UpdateMultiattachVolumeNegativeTest.setUpClass. Invoking tearDownClass.
2025-04-17 11:46:46.749 71229 INFO tempest.lib.common.rest_client [req-22d683ae-3aa4-4016-9bdd-6d88545a7b46 req-22d683ae-3aa4-4016-9bdd-6d88545a7b46 ] Request (ImagesOneServerNegativeTestJSON:setUpClass): 201 POST http://10.180.1.21:9696/networking/v2.0/routers 2.261s
2025-04-17 11:46:46.774 71203 INFO tempest.lib.common.rest_client [req-2a39bdbb-73c2-4574-be61-ded5c6db8770 req-2a39bdbb-73c2-4574-be61-ded5c6db8770 ] Request (QuotasAdminTestV257:setUpClass): 200 GET http://10.180.1.21/identity/v3/domains?name=Default 0.130s
2025-04-17 11:46:46.787 71223 INFO tempest.lib.common.rest_client [req-9194291d-1be6-4d8f-832e-418cad31d80c req-9194291d-1be6-4d8f-832e-418cad31d80c ] Request (VolumesAssistedSnapshotsTest:test_volume_assisted_snapshot_create_delete): 201 POST http://10.180.1.21:9696/networking/v2.0/floatingips 1.728s
2025-04-17 11:46:46.885 71237 INFO tempest.lib.common.rest_client [req-7ef5ee62-e384-4d9e-8a86-79fd1e9d9b85 req-7ef5ee62-e384-4d9e-8a86-79fd1e9d9b85 ] Request (AggregatesAdminNegativeTestJSON:test_aggregate_add_host_as_user): 403 POST http://10.180.1.21/compute/v2.1/os-aggregates/2/action 1.890s
2025-04-17 11:46:46.902 71217 INFO tempest.lib.common.rest_client [req-31efd151-16e3-4cc5-b323-92de10a4e121 req-31efd151-16e3-4cc5-b323-92de10a4e121 ] Request (FloatingIPsTestJSON:setUpClass): 201 POST http://10.180.1.21/identity/v3/auth/tokens 0.154s
2025-04-17 11:46:46.918 71221 INFO tempest.lib.common.rest_client [req-4f837448-093a-424d-9aac-53e3cc144a35 req-4f837448-093a-424d-9aac-53e3cc144a35 ] Request (ServersV294TestFqdnHostnames:setUpClass): 201 POST http://10.180.1.21:9696/networking/v2.0/security-group-rules 0.185s
2025-04-17 11:46:46.929 71197 INFO tempest.lib.common.rest_client [req-831b5d5e-2049-4add-b7f9-beabc94741d5 req-831b5d5e-2049-4add-b7f9-beabc94741d5 ] Request (ServicesAdminNegativeTestJSON:test_get_service_by_invalid_params): 200 GET http://10.180.1.21/compute/v2.1/os-services?xxx=nova-compute 1.920s
2025-04-17 11:46:46.933 71203 INFO tempest.lib.common.rest_client [req-cf553331-c67c-4480-ba2e-9986ace5008d req-cf553331-c67c-4480-ba2e-9986ace5008d ] Request (QuotasAdminTestV257:setUpClass): 201 POST http://10.180.1.21/identity/v3/projects 0.159s
2025-04-17 11:46:46.945 71211 INFO tempest.lib.common.rest_client [req-edcba8f7-a891-44e4-9ada-b4f7bd84b681 req-edcba8f7-a891-44e4-9ada-b4f7bd84b681 ] Request (ServersWithSpecificFlavorTestJSON:test_verify_created_server_ephemeral_disk): 200 GET http://10.180.1.21/compute/v2.1/flavors/42/os-extra_specs 1.930s
2025-04-17 11:46:46.964 71219 INFO tempest.lib.common.rest_client [req-1c4bda03-ed88-4c79-8ddd-d2fe67447ff4 req-1c4bda03-ed88-4c79-8ddd-d2fe67447ff4 ] Request (HostsAdminTestJSON:test_list_hosts_with_zone): 200 GET http://10.180.1.21/compute/v2.1/os-hosts?zone=internal 1.929s
2025-04-17 11:46:47.000 71223 INFO tempest.lib.common.rest_client [req-1bf4dbe9-6331-4f35-8b0a-8ccdf068dba7 req-1bf4dbe9-6331-4f35-8b0a-8ccdf068dba7 ] Request (VolumesAssistedSnapshotsTest:test_volume_assisted_snapshot_create_delete): 201 POST http://10.180.1.21/identity/v3/auth/tokens 0.208s
2025-04-17 11:46:47.000 71223 INFO tempest.lib.common.fixed_network [-] (VolumesAssistedSnapshotsTest:test_volume_assisted_snapshot_create_delete) Found network {'id': '84baa27d-9592-4482-9586-88c189aabdbf', 'name': 'tempest-VolumesAssistedSnapshotsTest-504669562-network', 'tenant_id': '462e9a48567f4297971c1af538617610', 'admin_state_up': True, 'mtu': 8950, 'status': 'ACTIVE', 'subnets': [], 'shared': False, 'project_id': '462e9a48567f4297971c1af538617610', 'port_security_enabled': True, 'router:external': False, 'provider:network_type': 'vlan', 'provider:physical_network': 'default', 'provider:segmentation_id': 463, 'availability_zone_hints': [], 'availability_zones': [], 'ipv4_address_scope': None, 'ipv6_address_scope': None, 'description': '', 'tags': [], 'created_at': '2025-04-17T11:46:27Z', 'updated_at': '2025-04-17T11:46:27Z', 'revision_number': 1} available for tenant
2025-04-17 11:46:47.026 71217 INFO tempest.lib.common.rest_client [req-ac55552f-58bb-4c26-8140-a4aa17c42336 req-ac55552f-58bb-4c26-8140-a4aa17c42336 ] Request (FloatingIPsTestJSON:setUpClass): 201 POST http://10.180.1.21/identity/v3/auth/tokens 0.122s
2025-04-17 11:46:47.034 71233 INFO tempest.lib.common.rest_client [req-85015d23-489d-4a02-ba47-f259c015fe49 req-85015d23-489d-4a02-ba47-f259c015fe49 ] Request (ServerShowV247Test:test_show_server): 202 POST http://10.180.1.21/compute/v2.1/servers 2.058s
2025-04-17 11:46:47.058 71185 INFO tempest.lib.common.rest_client [req-a54a5032-555c-4f3b-bcfe-4ff88b6a1326 req-a54a5032-555c-4f3b-bcfe-4ff88b6a1326 ] Request (FlavorsAccessNegativeTestJSON:test_flavor_access_list_with_public_flavor): 200 POST http://10.180.1.21/compute/v2.1/flavors 1.975s
2025-04-17 11:46:47.066 71213 INFO tempest.lib.common.rest_client [req-407c3f04-1458-4564-b11f-c09276d95835 req-407c3f04-1458-4564-b11f-c09276d95835 ] Request (ServersAdminTestJSON:setUpClass): 200 GET http://10.180.1.21/compute/v2.1/servers/8ca8c5ef-e951-49bf-816c-84a297d92f07 1.993s
2025-04-17 11:46:47.070 71203 INFO tempest.lib.common.rest_client [req-18c12186-9390-4208-abe6-2a088d324c1f req-18c12186-9390-4208-abe6-2a088d324c1f ] Request (QuotasAdminTestV257:setUpClass): 201 POST http://10.180.1.21/identity/v3/users 0.136s
2025-04-17 11:46:47.073 71242 INFO tempest.lib.common.rest_client [req-828e9d24-1b6c-4d80-9638-a23c4d4801d1 req-828e9d24-1b6c-4d80-9638-a23c4d4801d1 ] Request (HypervisorAdminTestJSON:test_get_hypervisor_stats): 200 GET http://10.180.1.21/compute/v2.1/os-hypervisors/statistics 1.967s
2025-04-17 11:46:47.078 71217 INFO tempest.lib.common.rest_client [req-8440b01b-61a5-47d9-bc3d-bd95ea8867b0 req-8440b01b-61a5-47d9-bc3d-bd95ea8867b0 ] Request (FloatingIPsTestJSON:setUpClass): 200 GET http://10.180.1.21/identity/v3/domains?name=Default 0.051s
2025-04-17 11:46:47.084 71209 INFO tempest.lib.common.rest_client [req-60f03866-b4bb-4592-9fee-3ffdec0468cd req-60f03866-b4bb-4592-9fee-3ffdec0468cd ] Request (QuotaClassesAdmin257Test:tearDownClass): 200 GET http://10.180.1.21:9696/networking/v2.0/security-groups?tenant_id=6f6ae7e49c1d4f23a245e99d4438a332&name=default 0.399s
2025-04-17 11:46:47.094 71247 INFO tempest.lib.common.rest_client [req-dcdbf8e4-a377-48bd-aed6-66ce09d0594c req-dcdbf8e4-a377-48bd-aed6-66ce09d0594c ] Request (ServicesAdminNegativeV253TestJSON:test_get_service_with_valid_service_and_invalid_host): 200 GET http://10.180.1.21/compute/v2.1/os-services?host=xxx&binary=nova-scheduler 1.965s
2025-04-17 11:46:47.095 71203 INFO tempest.lib.common.rest_client [req-6f5f01fb-76bd-41d7-a5ea-fb1dbe5bcf35 req-6f5f01fb-76bd-41d7-a5ea-fb1dbe5bcf35 ] Request (QuotasAdminTestV257:setUpClass): 200 GET http://10.180.1.21/identity/v3/roles 0.025s
2025-04-17 11:46:47.139 71217 INFO tempest.lib.common.rest_client [req-eba6ff7a-71f9-4e65-95c0-a61530eff543 req-eba6ff7a-71f9-4e65-95c0-a61530eff543 ] Request (FloatingIPsTestJSON:setUpClass): 201 POST http://10.180.1.21/identity/v3/projects 0.060s
2025-04-17 11:46:47.192 71242 INFO tempest.lib.common.rest_client [req-e2c1065c-3ae7-447a-8005-4abd32442ff0 req-e2c1065c-3ae7-447a-8005-4abd32442ff0 ] Request (HypervisorAdminTestJSON:tearDownClass): 204 DELETE http://10.180.1.21/identity/v3/users/bbad0b2fbf8b434ea07f128792f219c3 0.105s
2025-04-17 11:46:47.285 71203 INFO tempest.lib.common.rest_client [req-bb76b1fc-4da1-4657-9949-42d175dc4b08 req-bb76b1fc-4da1-4657-9949-42d175dc4b08 ] Request (QuotasAdminTestV257:setUpClass): 204 PUT http://10.180.1.21/identity/v3/projects/8fd9697485af4c4f82e17316c7943fc8/users/3af2ca5c0278467b86bc3839dc38e199/roles/da68cb1f548840b393dc38fe38b80756 0.189s
2025-04-17 11:46:47.285 71203 INFO tempest.lib.common.dynamic_creds [-] Dynamic test user 3af2ca5c0278467b86bc3839dc38e199 is created with scope project and roles: ['member']
2025-04-17 11:46:47.286 71203 INFO tempest.lib.common.dynamic_creds [-] Acquired dynamic creds: credentials: Credentials: {'domain_id': 'default', 'domain_name': 'Default', 'username': 'tempest-QuotasAdminTestV257-434402217-project-member', 'project_domain_id': 'default', 'project_domain_name': 'Default', 'project_id': '8fd9697485af4c4f82e17316c7943fc8', 'project_name': 'tempest-QuotasAdminTestV257-434402217', 'tenant_id': '8fd9697485af4c4f82e17316c7943fc8', 'tenant_name': 'tempest-QuotasAdminTestV257-434402217', 'user_domain_id': 'default', 'user_domain_name': 'Default', 'user_id': '3af2ca5c0278467b86bc3839dc38e199', 'system': None}, Network: None, Subnet: None, Router: None
2025-04-17 11:46:47.286 71203 INFO tempest.lib.common.dynamic_creds [-] Created isolated network resources for: credentials: Credentials: {'domain_id': 'default', 'domain_name': 'Default', 'username': 'tempest-QuotasAdminTestV257-434402217-project-member', 'project_domain_id': 'default', 'project_domain_name': 'Default', 'project_id': '8fd9697485af4c4f82e17316c7943fc8', 'project_name': 'tempest-QuotasAdminTestV257-434402217', 'tenant_id': '8fd9697485af4c4f82e17316c7943fc8', 'tenant_name': 'tempest-QuotasAdminTestV257-434402217', 'user_domain_id': 'default', 'user_domain_name': 'Default', 'user_id': '3af2ca5c0278467b86bc3839dc38e199', 'system': None}, Network: None, Subnet: None, Router: None
2025-04-17 11:46:47.352 71209 INFO tempest.lib.common.rest_client [req-c90ab97b-30b7-4739-87ba-0ddae2752321 req-c90ab97b-30b7-4739-87ba-0ddae2752321 ] Request (QuotaClassesAdmin257Test:tearDownClass): 204 DELETE http://10.180.1.21:9696/networking/v2.0/security-groups/12259349-aade-419e-9966-6980717e3bfd 0.268s
2025-04-17 11:46:47.393 71243 INFO tempest.lib.common.rest_client [req-4cbdc302-fea4-4fc3-9756-a8fbcdf1981c req-4cbdc302-fea4-4fc3-9756-a8fbcdf1981c ] Request (QuotasAdminNegativeTest:_run_cleanups): 200 PUT http://10.180.1.21/compute/v2.1/os-quota-sets/f1e2c325a5cc47a6bb20440f18170303 1.370s
2025-04-17 11:46:47.432 71187 INFO tempest.lib.common.rest_client [req-f3af4da4-f32f-4326-8192-e86183995db8 req-f3af4da4-f32f-4326-8192-e86183995db8 ] Request (FlavorsExtraSpecsTestJSON:test_flavor_set_get_update_show_unset_keys): 200 PUT http://10.180.1.21/compute/v2.1/flavors/1688719613/os-extra_specs/hw:numa_nodes 1.209s
2025-04-17 11:46:47.438 71217 INFO tempest.lib.common.rest_client [req-e1f37a95-d8e9-4559-832e-c2499492e4c0 req-e1f37a95-d8e9-4559-832e-c2499492e4c0 ] Request (FloatingIPsTestJSON:setUpClass): 201 POST http://10.180.1.21/identity/v3/users 0.298s
2025-04-17 11:46:47.458 71191 INFO tempest.lib.common.rest_client [req-561ec3a8-2595-4378-96aa-633d9898edf6 req-561ec3a8-2595-4378-96aa-633d9898edf6 ] Request (InstanceUsageAuditLogTestJSON:test_get_instance_usage_audit_log): 200 GET http://10.180.1.21/compute/v2.1/os-instance_usage_audit_log/2025-04-17%2011%3A46%3A46 1.301s
2025-04-17 11:46:47.528 71203 INFO tempest.lib.common.rest_client [req-59106be0-8a69-4339-8b75-dbbf4a538307 req-59106be0-8a69-4339-8b75-dbbf4a538307 ] Request (QuotasAdminTestV257:setUpClass): 201 POST http://10.180.1.21/identity/v3/auth/tokens 0.235s
2025-04-17 11:46:47.538 71242 INFO tempest.lib.common.rest_client [req-b751f800-3607-47ce-be27-a587185d80b3 req-b751f800-3607-47ce-be27-a587185d80b3 ] Request (HypervisorAdminTestJSON:tearDownClass): 204 DELETE http://10.180.1.21/identity/v3/users/9ccb4f1b33e94935918b31ff6125e4ec 0.345s
2025-04-17 11:46:47.538 71242 INFO tempest.lib.common.dynamic_creds [-] Deleting project and security group for project: 72b7bd1d87d941468286a7428d640400
2025-04-17 11:46:47.567 71205 INFO tempest.lib.common.rest_client [req-4b8d534d-736a-41ae-98ba-06052494eba3 req-4b8d534d-736a-41ae-98ba-06052494eba3 ] Request (ServersListShow296Test:test_list_show_update_rebuild_server_296): 200 GET http://10.180.1.21/compute/v2.1/servers/3dcf9e2a-4306-4025-a942-9aa1a598f49f 1.326s
2025-04-17 11:46:47.594 71235 INFO tempest.lib.common.rest_client [req-48dbeacf-b2de-4e00-83a0-133aaa6eadaa req-48dbeacf-b2de-4e00-83a0-133aaa6eadaa ] Request (ServerDiagnosticsTest:test_get_server_diagnostics): 200 GET http://10.180.1.21/compute/v2.1/servers/1cfd0a70-d95d-4a3b-a23a-0a2abbab5d1d 1.370s
2025-04-17 11:46:47.601 71199 INFO tempest.lib.common.rest_client [req-e4682824-d1b5-4645-a74e-7757e080ac87 req-e4682824-d1b5-4645-a74e-7757e080ac87 ] Request (FlavorsExtraSpecsNegativeTestJSON:test_flavor_update_more_key): 400 PUT http://10.180.1.21/compute/v2.1/flavors/728409276/os-extra_specs/hw:numa_nodes 0.960s
2025-04-17 11:46:47.604 71217 INFO tempest.lib.common.rest_client [req-9ff2a405-f297-4dd7-a9ec-7b74b28e740b req-9ff2a405-f297-4dd7-a9ec-7b74b28e740b ] Request (FloatingIPsTestJSON:setUpClass): 200 GET http://10.180.1.21/identity/v3/roles 0.166s
2025-04-17 11:46:47.622 71193 INFO tempest.lib.common.rest_client [req-91deb5b0-ee35-4e08-a97b-d6c6aecc0ad8 req-91deb5b0-ee35-4e08-a97b-d6c6aecc0ad8 ] Request (FlavorsAccessTestJSON:test_flavor_access_list_with_private_flavor): 200 GET http://10.180.1.21/compute/v2.1/flavors/842641700/os-flavor-access 0.960s
2025-04-17 11:46:47.642 71203 INFO tempest.lib.common.rest_client [req-c7cf5df7-8909-40ea-926f-bc59ff02dd64 req-c7cf5df7-8909-40ea-926f-bc59ff02dd64 ] Request (QuotasAdminTestV257:setUpClass): 201 POST http://10.180.1.21/identity/v3/projects 0.113s
2025-04-17 11:46:47.657 71209 INFO tempest.lib.common.rest_client [req-aefb185f-a97a-48f6-94ee-417e663e8326 req-aefb185f-a97a-48f6-94ee-417e663e8326 ] Request (QuotaClassesAdmin257Test:tearDownClass): 204 DELETE http://10.180.1.21/identity/v3/projects/6f6ae7e49c1d4f23a245e99d4438a332 0.303s
2025-04-17 11:46:47.662 71201 INFO tempest.lib.common.rest_client [req-cb290dd3-4d17-450f-a8d0-4d37d892b393 req-cb290dd3-4d17-450f-a8d0-4d37d892b393 ] Request (FlavorsV2TestJSON:test_list_flavors_detailed_filter_by_min_ram): 200 GET http://10.180.1.21/compute/v2.1/flavors/detail?minRam=193 0.988s
2025-04-17 11:46:47.666 71231 INFO tempest.lib.common.rest_client [req-8aed4c0d-65ee-4382-964c-4628482e79a1 req-8aed4c0d-65ee-4382-964c-4628482e79a1 ] Request (HypervisorAdminNegativeTestJSON:test_show_nonexistent_hypervisor): 404 GET http://10.180.1.21/compute/v2.1/os-hypervisors/3f01ed52-94cb-4562-ad8c-133e62d6d1ac 0.987s
2025-04-17 11:46:47.673 71221 INFO tempest.lib.common.rest_client [req-2c69547d-1f1e-4e91-b8b0-a35749db152f req-2c69547d-1f1e-4e91-b8b0-a35749db152f ] Request (ServersV294TestFqdnHostnames:setUpClass): 201 POST http://10.180.1.21:9696/networking/v2.0/floatingips 0.755s
2025-04-17 11:46:47.720 71242 INFO tempest.lib.common.rest_client [req-55b3fccb-1388-492e-aa78-36f35166ca37 req-55b3fccb-1388-492e-aa78-36f35166ca37 ] Request (HypervisorAdminTestJSON:tearDownClass): 201 POST http://10.180.1.21/identity/v3/auth/tokens 0.182s
2025-04-17 11:46:47.758 71217 INFO tempest.lib.common.rest_client [req-35ed4f4b-19b9-409e-8f72-36942b81b6a0 req-35ed4f4b-19b9-409e-8f72-36942b81b6a0 ] Request (FloatingIPsTestJSON:setUpClass): 204 PUT http://10.180.1.21/identity/v3/projects/11bfb23e30f1480e843cc6ba75e0118d/users/914f27dc29ff4930b7b7e1dc5c85ae0f/roles/da68cb1f548840b393dc38fe38b80756 0.153s
2025-04-17 11:46:47.759 71217 INFO tempest.lib.common.dynamic_creds [-] Dynamic test user 914f27dc29ff4930b7b7e1dc5c85ae0f is created with scope project and roles: ['member']
2025-04-17 11:46:47.759 71217 INFO tempest.lib.common.dynamic_creds [-] Acquired dynamic creds: credentials: Credentials: {'domain_id': 'default', 'domain_name': 'Default', 'username': 'tempest-FloatingIPsTestJSON-342046692-project-member', 'project_domain_id': 'default', 'project_domain_name': 'Default', 'project_id': '11bfb23e30f1480e843cc6ba75e0118d', 'project_name': 'tempest-FloatingIPsTestJSON-342046692', 'tenant_id': '11bfb23e30f1480e843cc6ba75e0118d', 'tenant_name': 'tempest-FloatingIPsTestJSON-342046692', 'user_domain_id': 'default', 'user_domain_name': 'Default', 'user_id': '914f27dc29ff4930b7b7e1dc5c85ae0f', 'system': None}, Network: None, Subnet: None, Router: None
2025-04-17 11:46:47.811 71239 INFO tempest.lib.common.rest_client [req-6fc3e994-e0cf-4ab4-abda-4258d158237a req-6fc3e994-e0cf-4ab4-abda-4258d158237a ] Request (DeleteServersAdminTestJSON:test_admin_delete_servers_of_others): 200 GET http://10.180.1.21/compute/v2.1/servers/f0de3aaa-605f-48e6-a512-747263d49680 1.131s
2025-04-17 11:46:47.820 71209 INFO tempest.lib.common.rest_client [req-34fa45f6-2d21-4c06-a9a5-f6a83d89a214 req-34fa45f6-2d21-4c06-a9a5-f6a83d89a214 ] Request (SecurityGroupsNegativeTestJSON:setUpClass): 201 POST http://10.180.1.21/identity/v3/auth/tokens 0.159s
2025-04-17 11:46:47.822 71215 INFO tempest.lib.common.rest_client [req-8f0248c6-e0c7-45f8-a4f5-6b3613c9de7b req-8f0248c6-e0c7-45f8-a4f5-6b3613c9de7b ] Request (HostsAdminNegativeTestJSON:test_startup_nonexistent_host): 404 GET http://10.180.1.21/compute/v2.1/os-hosts/nonexistent_hostname/startup 1.131s
2025-04-17 11:46:47.837 71203 INFO tempest.lib.common.rest_client [req-a75f3803-4ccc-4ed5-b73b-911ac184d104 req-a75f3803-4ccc-4ed5-b73b-911ac184d104 ] Request (QuotasAdminTestV257:setUpClass): 201 POST http://10.180.1.21/identity/v3/users 0.195s
2025-04-17 11:46:47.861 71237 INFO tempest.lib.common.rest_client [req-2a5db1b7-2c1a-4b18-a502-29e1397d60fa req-2a5db1b7-2c1a-4b18-a502-29e1397d60fa ] Request (AggregatesAdminNegativeTestJSON:_run_cleanups): 200 DELETE http://10.180.1.21/compute/v2.1/os-aggregates/2 0.975s
2025-04-17 11:46:47.886 71197 INFO tempest.lib.common.rest_client [req-604d3449-b74a-416b-bedd-71a2fe6b1454 req-604d3449-b74a-416b-bedd-71a2fe6b1454 ] Request (ServicesAdminNegativeTestJSON:test_get_service_by_invalid_service_and_valid_host): 200 GET http://10.180.1.21/compute/v2.1/os-services 0.953s
2025-04-17 11:46:47.901 71221 INFO tempest.lib.common.rest_client [req-18c359f9-99b3-470a-a5d9-62e95ffa6230 req-18c359f9-99b3-470a-a5d9-62e95ffa6230 ] Request (ServersV294TestFqdnHostnames:setUpClass): 201 POST http://10.180.1.21/identity/v3/auth/tokens 0.222s
2025-04-17 11:46:47.901 71221 INFO tempest.lib.common.fixed_network [-] (ServersV294TestFqdnHostnames:setUpClass) Found network {'id': '82588551-7d24-4c46-a861-1bd809961e6a', 'name': 'tempest-ServersV294TestFqdnHostnames-386919514-network', 'tenant_id': '355069d81e914780a6370cdfa8d3a07d', 'admin_state_up': True, 'mtu': 8950, 'status': 'ACTIVE', 'subnets': [], 'shared': False, 'project_id': '355069d81e914780a6370cdfa8d3a07d', 'port_security_enabled': True, 'router:external': False, 'provider:network_type': 'vlan', 'provider:physical_network': 'default', 'provider:segmentation_id': 783, 'availability_zone_hints': [], 'availability_zones': [], 'ipv4_address_scope': None, 'ipv6_address_scope': None, 'description': '', 'tags': [], 'created_at': '2025-04-17T11:46:39Z', 'updated_at': '2025-04-17T11:46:39Z', 'revision_number': 1} available for tenant
2025-04-17 11:46:47.916 71211 INFO tempest.lib.common.rest_client [req-e063ff49-9626-44a9-a709-739f6284b5ef req-e063ff49-9626-44a9-a709-739f6284b5ef ] Request (ServersWithSpecificFlavorTestJSON:test_verify_created_server_ephemeral_disk): 200 POST http://10.180.1.21/compute/v2.1/flavors/1483443469/os-extra_specs 0.970s
2025-04-17 11:46:47.920 71231 INFO tempest.lib.common.rest_client [req-84c76d59-6b72-4ea7-9ac0-aa46b8070a40 req-84c76d59-6b72-4ea7-9ac0-aa46b8070a40 ] Request (HypervisorAdminNegativeTestJSON:tearDownClass): 204 DELETE http://10.180.1.21/identity/v3/users/118bfb0f157b4e4589665a9a1e692d9e 0.251s
2025-04-17 11:46:47.939 71219 INFO tempest.lib.common.rest_client [req-c74e89c6-2474-426b-a57a-a02361aafe58 req-c74e89c6-2474-426b-a57a-a02361aafe58 ] Request (HostsAdminTestJSON:test_show_host_detail): 200 GET http://10.180.1.21/compute/v2.1/os-hosts 0.969s
2025-04-17 11:46:47.972 71217 INFO tempest.lib.common.rest_client [req-05077af5-badc-4d13-b08d-72a8c7524cda req-05077af5-badc-4d13-b08d-72a8c7524cda ] Request (FloatingIPsTestJSON:setUpClass): 201 POST http://10.180.1.21/identity/v3/auth/tokens 0.213s
2025-04-17 11:46:48.000 71209 INFO tempest.lib.common.rest_client [req-cf6276ef-0cf1-4489-a48e-9e37e77f87bb req-cf6276ef-0cf1-4489-a48e-9e37e77f87bb ] Request (SecurityGroupsNegativeTestJSON:setUpClass): 201 POST http://10.180.1.21/identity/v3/auth/tokens 0.177s
2025-04-17 11:46:48.024 71203 INFO tempest.lib.common.rest_client [req-badc714f-a1f4-471b-a7a5-a3dcbbe6bf5d req-badc714f-a1f4-471b-a7a5-a3dcbbe6bf5d ] Request (QuotasAdminTestV257:setUpClass): 200 GET http://10.180.1.21/identity/v3/roles 0.186s
2025-04-17 11:46:48.048 71209 INFO tempest.lib.common.rest_client [req-cecaa07a-74ef-4687-9da2-fb4b958918a1 req-cecaa07a-74ef-4687-9da2-fb4b958918a1 ] Request (SecurityGroupsNegativeTestJSON:setUpClass): 200 GET http://10.180.1.21/identity/v3/domains?name=Default 0.048s
2025-04-17 11:46:48.070 71231 INFO tempest.lib.common.rest_client [req-08330804-9822-46e3-9236-40348b1a574a req-08330804-9822-46e3-9236-40348b1a574a ] Request (HypervisorAdminNegativeTestJSON:tearDownClass): 204 DELETE http://10.180.1.21/identity/v3/users/900c9fd3a0c14084a67ae1531a6d6c22 0.150s
2025-04-17 11:46:48.071 71231 INFO tempest.lib.common.dynamic_creds [-] Deleting project and security group for project: 16fdbd5cb4284b90a2670adbe9b0d15d
2025-04-17 11:46:48.104 71203 INFO tempest.lib.common.rest_client [req-c6764742-771f-48f2-a161-2fe66b555015 req-c6764742-771f-48f2-a161-2fe66b555015 ] Request (QuotasAdminTestV257:setUpClass): 204 PUT http://10.180.1.21/identity/v3/projects/58d189bc639e408ca495107b6bef13e5/users/09d47d9a89b94736b7262130b4906eda/roles/e6ed5c73b1e242688e4a7fd359e895f5 0.080s
2025-04-17 11:46:48.158 71231 INFO tempest.lib.common.rest_client [req-75e1cce2-d4da-46cd-9738-7d36e3a60dec req-75e1cce2-d4da-46cd-9738-7d36e3a60dec ] Request (HypervisorAdminNegativeTestJSON:tearDownClass): 201 POST http://10.180.1.21/identity/v3/auth/tokens 0.087s
2025-04-17 11:46:48.169 71209 INFO tempest.lib.common.rest_client [req-924f0111-cbeb-465c-b91d-21e4fe1d44c8 req-924f0111-cbeb-465c-b91d-21e4fe1d44c8 ] Request (SecurityGroupsNegativeTestJSON:setUpClass): 201 POST http://10.180.1.21/identity/v3/projects 0.119s
2025-04-17 11:46:48.176 71203 INFO tempest.lib.common.rest_client [req-cf33b8b9-69e6-4c08-9eef-093daf8259d0 req-cf33b8b9-69e6-4c08-9eef-093daf8259d0 ] Request (QuotasAdminTestV257:setUpClass): 200 GET http://10.180.1.21/identity/v3/roles 0.071s
2025-04-17 11:46:48.268 71203 INFO tempest.lib.common.rest_client [req-76a96603-3837-4699-bfaa-44412e69f836 req-76a96603-3837-4699-bfaa-44412e69f836 ] Request (QuotasAdminTestV257:setUpClass): 204 PUT http://10.180.1.21/identity/v3/projects/58d189bc639e408ca495107b6bef13e5/users/09d47d9a89b94736b7262130b4906eda/roles/e6ed5c73b1e242688e4a7fd359e895f5 0.091s
2025-04-17 11:46:48.268 71203 INFO tempest.lib.common.dynamic_creds [-] Dynamic test user 09d47d9a89b94736b7262130b4906eda is created with scope project and roles: ['admin']
2025-04-17 11:46:48.268 71203 INFO tempest.lib.common.dynamic_creds [-] Acquired dynamic creds: credentials: Credentials: {'domain_id': 'default', 'domain_name': 'Default', 'username': 'tempest-QuotasAdminTestV257-1128775454-project-admin', 'project_domain_id': 'default', 'project_domain_name': 'Default', 'project_id': '58d189bc639e408ca495107b6bef13e5', 'project_name': 'tempest-QuotasAdminTestV257-1128775454', 'tenant_id': '58d189bc639e408ca495107b6bef13e5', 'tenant_name': 'tempest-QuotasAdminTestV257-1128775454', 'user_domain_id': 'default', 'user_domain_name': 'Default', 'user_id': '09d47d9a89b94736b7262130b4906eda', 'system': None}, Network: None, Subnet: None, Router: None
2025-04-17 11:46:48.269 71203 INFO tempest.lib.common.dynamic_creds [-] Created isolated network resources for: credentials: Credentials: {'domain_id': 'default', 'domain_name': 'Default', 'username': 'tempest-QuotasAdminTestV257-1128775454-project-admin', 'project_domain_id': 'default', 'project_domain_name': 'Default', 'project_id': '58d189bc639e408ca495107b6bef13e5', 'project_name': 'tempest-QuotasAdminTestV257-1128775454', 'tenant_id': '58d189bc639e408ca495107b6bef13e5', 'tenant_name': 'tempest-QuotasAdminTestV257-1128775454', 'user_domain_id': 'default', 'user_domain_name': 'Default', 'user_id': '09d47d9a89b94736b7262130b4906eda', 'system': None}, Network: None, Subnet: None, Router: None
2025-04-17 11:46:48.273 71209 INFO tempest.lib.common.rest_client [req-2a49821e-81d1-4f8c-a787-f21890559b37 req-2a49821e-81d1-4f8c-a787-f21890559b37 ] Request (SecurityGroupsNegativeTestJSON:setUpClass): 201 POST http://10.180.1.21/identity/v3/users 0.103s
2025-04-17 11:46:48.286 71225 INFO tempest.lib.common.rest_client [req-066edf0c-cbf5-4ed3-8feb-99486c19f786 req-066edf0c-cbf5-4ed3-8feb-99486c19f786 ] Request (SecurityGroupRulesTestJSON:test_security_group_rules_delete_when_peer_group_deleted): 200 POST http://10.180.1.21/compute/v2.1/os-security-groups 1.560s
2025-04-17 11:46:48.325 71209 INFO tempest.lib.common.rest_client [req-d2a7582b-7f74-4ac2-9730-82ea6f8191a3 req-d2a7582b-7f74-4ac2-9730-82ea6f8191a3 ] Request (SecurityGroupsNegativeTestJSON:setUpClass): 200 GET http://10.180.1.21/identity/v3/roles 0.051s
2025-04-17 11:46:48.357 71203 INFO tempest.lib.common.rest_client [req-da814e6a-fb4a-449e-8d8b-0555c30c3f44 req-da814e6a-fb4a-449e-8d8b-0555c30c3f44 ] Request (QuotasAdminTestV257:setUpClass): 201 POST http://10.180.1.21/identity/v3/auth/tokens 0.086s
2025-04-17 11:46:48.358 71203 WARNING tempest.lib.common.rest_client [-] Deprecated: "tenant_id" property is deprecated for removal, use "project_id" instead
2025-04-17 11:46:48.374 71209 INFO tempest.lib.common.rest_client [req-c064d259-45f9-4ef5-8de7-4ae7bb167af0 req-c064d259-45f9-4ef5-8de7-4ae7bb167af0 ] Request (SecurityGroupsNegativeTestJSON:setUpClass): 204 PUT http://10.180.1.21/identity/v3/projects/8d070734b72142bbb1ef2d2c1c21741a/users/0eaf0e04a4934b7ea239720806e72d43/roles/da68cb1f548840b393dc38fe38b80756 0.048s
2025-04-17 11:46:48.374 71209 INFO tempest.lib.common.dynamic_creds [-] Dynamic test user 0eaf0e04a4934b7ea239720806e72d43 is created with scope project and roles: ['member']
