2025-04-17 11:48:36.974 71187 INFO tempest.lib.common.rest_client [req-e1347ca0-dbc9-46ac-a989-20bf88065b75 req-e1347ca0-dbc9-46ac-a989-20bf88065b75 ] Request (ServersAaction247Test:tearDownClass): 200 GET http://10.180.1.21/compute/v2.1/servers/842fc73b-8c91-4c4f-93fe-17b20c1ea4dc 1.119s
2025-04-17 11:48:37.040 71201 INFO tempest.lib.common.rest_client [req-61c2b5dd-fc30-4922-8991-86d8ccf7a4c0 req-61c2b5dd-fc30-4922-8991-86d8ccf7a4c0 ] Request (FloatingIPsAssociationTestJSON:test_associate_already_associated_floating_ip): 200 GET http://10.180.1.21/compute/v2.1/servers/fcd97809-14c4-4674-ba98-8a56a34cf239 1.147s
2025-04-17 11:48:37.073 71223 WARNING tempest.lib.common.ssh [-] Failed to establish authenticated ssh connection to cirros@10.180.180.241 ([Errno None] Unable to connect to port 22 on 10.180.180.241). Number attempts: 9. Retry after 10 seconds.: paramiko.ssh_exception.NoValidConnectionsError: [Errno None] Unable to connect to port 22 on 10.180.180.241
2025-04-17 11:48:37.118 71247 INFO tempest.lib.common.rest_client [req-83b29f68-8fa8-4bc6-9334-11e362419447 req-83b29f68-8fa8-4bc6-9334-11e362419447 ] Request (ImagesOneServerTestJSON:tearDownClass): 200 GET http://10.180.1.21/compute/v2.1/servers/decc1817-c45d-4e03-92c2-80bcaa2ba0f9 1.176s
2025-04-17 11:48:37.161 71193 INFO tempest.lib.common.rest_client [req-21bc68ef-1aa2-45b2-bf0e-df989ade840f req-21bc68ef-1aa2-45b2-bf0e-df989ade840f ] Request (ListImageFiltersTestJSON:setUpClass): 200 GET http://10.180.1.21/compute/v2.1/images/56febec9-c3ef-4930-9a76-c136d90f8e3b 1.172s
2025-04-17 11:48:37.215 71243 INFO tempest.lib.common.rest_client [req-86b31974-e5ce-4b6a-9782-99daadf6f711 req-86b31974-e5ce-4b6a-9782-99daadf6f711 ] Request (ImagesMetadataNegativeTestJSON:tearDownClass): 200 GET http://10.180.1.21:9696/networking/v2.0/security-groups?tenant_id=17f6c834ef45451ba957c6ea4b2b7ae3&name=default 0.258s
2025-04-17 11:48:37.238 71199 INFO tempest.lib.common.rest_client [req-fa7ade91-e147-45d3-bf8d-82836c3ee52f req-fa7ade91-e147-45d3-bf8d-82836c3ee52f ] Request (SecurityGroupsTestJSON:test_list_security_groups_by_server): 200 GET http://10.180.1.21/compute/v2.1/servers/ef4a1e5c-a8a3-4e6c-901d-b71b2f857d0d 1.198s
2025-04-17 11:48:37.298 71243 INFO tempest.lib.common.rest_client [req-327ec907-0ad2-46ec-bf21-9bf1c8e8f88c req-327ec907-0ad2-46ec-bf21-9bf1c8e8f88c ] Request (ImagesMetadataNegativeTestJSON:tearDownClass): 204 DELETE http://10.180.1.21:9696/networking/v2.0/security-groups/10b56108-d7ba-48c0-bc84-1dfbde76e986 0.083s
2025-04-17 11:48:37.300 71229 INFO tempest.lib.common.rest_client [req-7adb6757-917b-463a-ba75-7ddff5a5a5cd req-7adb6757-917b-463a-ba75-7ddff5a5a5cd ] Request (ImagesOneServerNegativeTestJSON:_run_cleanups): 200 GET http://10.180.1.21/compute/v2.1/servers/22e5eb53-69e2-4aaa-8147-3a9c6998b7eb 1.211s
2025-04-17 11:48:37.351 71239 INFO tempest.lib.common.rest_client [req-88064ee7-2170-4e16-b416-0baf1bb4fae5 req-88064ee7-2170-4e16-b416-0baf1bb4fae5 ] Request (DeleteServersAdminTestJSON:test_delete_server_while_in_error_state): 200 GET http://10.180.1.21/compute/v2.1/servers/c70bd66c-05f2-406d-8daa-58ff59fb5d93 1.208s
2025-04-17 11:48:37.365 71243 INFO tempest.lib.common.rest_client [req-26cb6b93-0f42-415e-826a-e22b5ab7cdc1 req-26cb6b93-0f42-415e-826a-e22b5ab7cdc1 ] Request (ImagesMetadataNegativeTestJSON:tearDownClass): 204 DELETE http://10.180.1.21/identity/v3/projects/17f6c834ef45451ba957c6ea4b2b7ae3 0.066s
2025-04-17 11:48:37.366 71243 INFO tempest.test [-] raised in ServerStableDeviceRescueTest.setUpClass. Invoking tearDownClass.
2025-04-17 11:48:37.416 71191 INFO tempest.lib.common.rest_client [req-d2a40a29-5690-4aa9-806c-58557f354d84 req-d2a40a29-5690-4aa9-806c-58557f354d84 ] Request (AttachInterfacesV270Test:tearDownClass): 200 GET http://10.180.1.21/compute/v2.1/servers/ec7a7de1-c7e5-469b-ada8-634381ee04fd 1.206s
2025-04-17 11:48:37.646 71215 INFO tempest.lib.common.rest_client [req-8c92c0d1-2c83-4edc-957a-56f8d91470fa req-8c92c0d1-2c83-4edc-957a-56f8d91470fa ] Request (ServersAdmin275Test:test_rebuild_update_server_275): 202 POST http://10.180.1.21/compute/v2.1/servers/dcbf8cff-2227-4d10-843d-c08d4a98695e/action 0.889s
2025-04-17 11:48:37.694 71235 INFO tempest.lib.common.rest_client [req-4c6a80bd-7379-4cee-83e0-73ca9316d74c req-4c6a80bd-7379-4cee-83e0-73ca9316d74c ] Request (VolumesAdminNegativeTest:test_update_attached_volume_with_nonexistent_volume_in_body): 200 GET http://10.180.1.21/compute/v2.1/servers/d0ca53d2-313b-48e6-95ca-b580e0b083ff 0.914s
2025-04-17 11:48:37.742 71195 INFO tempest.lib.common.rest_client [req-1f9e0cb7-3553-4de3-8fca-ccaf36c4e62f req-1f9e0cb7-3553-4de3-8fca-ccaf36c4e62f ] Request (ServerGroupTestJSON:test_create_server_with_scheduler_hint_group): 200 GET http://10.180.1.21/compute/v2.1/servers/30bee283-5a5d-443f-8799-0675a0e0a2c8 0.910s
2025-04-17 11:48:37.812 71185 INFO tempest.lib.common.rest_client [req-2575ed09-56d2-4caa-b74d-8af6ea70ac7f req-2575ed09-56d2-4caa-b74d-8af6ea70ac7f ] Request (ListServerFiltersTestJSON:setUpClass): 200 GET http://10.180.1.21/compute/v2.1/servers/9ebcf594-a25c-4401-b0e4-04740e70bcc7 0.928s
2025-04-17 11:48:37.861 71237 INFO tempest.lib.common.rest_client [req-43e76852-e594-4983-a05d-4f236d0fd19e req-43e76852-e594-4983-a05d-4f236d0fd19e ] Request (ServersTestBootFromVolume:setUpClass): 200 GET http://10.180.1.21/compute/v2.1/servers/b6d28619-832a-4d9a-8cf8-bde835200bba 0.924s
2025-04-17 11:48:37.869 71237 INFO tempest.common.waiters [-] State transition "BUILD/scheduling" ==> "BUILD/None" after 31 second wait
2025-04-17 11:48:37.928 71233 INFO tempest.lib.common.rest_client [req-635518c9-bc59-4fe9-b95e-cb18e011f255 req-635518c9-bc59-4fe9-b95e-cb18e011f255 ] Request (ServerShowV247Test:tearDownClass): 200 GET http://10.180.1.21/compute/v2.1/servers/00ea765e-2487-4758-bfb8-2ff5e5ed4070 0.922s
2025-04-17 11:48:37.948 71197 INFO tempest.lib.common.rest_client [req-b3b7215f-4e6b-449c-8539-a19fb9b6c806 req-b3b7215f-4e6b-449c-8539-a19fb9b6c806 ] Request (ServerAddressesNegativeTestJSON:tearDownClass): 404 GET http://10.180.1.21/compute/v2.1/servers/76085f51-855e-4d02-ae73-ddf86201158a 0.890s
2025-04-17 11:48:38.012 71242 INFO tempest.lib.common.rest_client [req-c0f814c2-aa9d-456a-9e3b-0092f30ce2ae req-c0f814c2-aa9d-456a-9e3b-0092f30ce2ae ] Request (FloatingIPsAssociationNegativeTestJSON:setUpClass): 200 GET http://10.180.1.21/compute/v2.1/servers/96ed8c5a-2029-4ce1-9ddf-5dc836005acb 0.890s
2025-04-17 11:48:38.099 71207 INFO tempest.lib.common.rest_client [req-0fd4c61f-2048-4acb-980c-5c66928e6f05 req-0fd4c61f-2048-4acb-980c-5c66928e6f05 ] Request (MigrationsAdminTest:test_resize_server_revert_deleted_flavor): 200 GET http://10.180.1.21/compute/v2.1/servers/3d2b5374-46c8-4ab9-ab4c-4376eadfb236 0.936s
2025-04-17 11:48:38.170 71213 INFO tempest.lib.common.rest_client [req-204317e1-f752-43eb-8a9f-5e6279a84be0 req-204317e1-f752-43eb-8a9f-5e6279a84be0 ] Request (ServersAdminTestJSON:test_inject_network_info): 200 GET http://10.180.1.21/compute/v2.1/servers/5672f7d0-4265-47cb-9d68-9eb1a5420f3e 0.963s
2025-04-17 11:48:38.344 71225 INFO tempest.lib.common.rest_client [req-fd7d20ea-fa76-4f97-8606-537859ce7774 req-fd7d20ea-fa76-4f97-8606-537859ce7774 ] Request (ServerAddressesTestJSON:setUpClass): 200 GET http://10.180.1.21/compute/v2.1/servers/331fc4c1-2d75-4d25-b160-0fbb77937314 0.984s
2025-04-17 11:48:38.428 71227 INFO tempest.lib.common.rest_client [req-9860ebf2-218f-4608-8d14-f400e3915677 req-9860ebf2-218f-4608-8d14-f400e3915677 ] Request (ServersAdminNegativeTestJSON:tearDownClass): 200 GET http://10.180.1.21/compute/v2.1/servers/7dcc0086-65cf-41c7-b647-6426f7c36c10 1.007s
2025-04-17 11:48:38.495 71215 INFO tempest.lib.common.rest_client [req-328e9a30-389a-4f3a-9602-398f6712ff53 req-328e9a30-389a-4f3a-9602-398f6712ff53 ] Request (ServersAdmin275Test:test_rebuild_update_server_275): 200 GET http://10.180.1.21/compute/v2.1/servers/dcbf8cff-2227-4d10-843d-c08d4a98695e 0.840s
2025-04-17 11:48:38.553 71221 INFO tempest.lib.common.rest_client [req-9db74e39-dee6-4366-a743-a28c3cb2742a req-9db74e39-dee6-4366-a743-a28c3cb2742a ] Request (InstanceActionsNegativeTestJSON:setUpClass): 200 GET http://10.180.1.21/compute/v2.1/servers/72a8b88b-0b5f-420b-ab94-c29fbca64156 0.858s
2025-04-17 11:48:38.613 71189 INFO tempest.lib.common.rest_client [req-034443f7-6b04-4a92-82a4-810efbe45559 req-034443f7-6b04-4a92-82a4-810efbe45559 ] Request (ServerActionsV293TestJSON:setUpClass): 200 GET http://10.180.1.21/compute/v2.1/servers/bd36ce91-908a-408b-ba11-95c6a135f4cf 0.768s
2025-04-17 11:48:38.678 71245 INFO tempest.lib.common.rest_client [req-01da314d-1ca0-4bca-a36a-73e102a3497b req-01da314d-1ca0-4bca-a36a-73e102a3497b ] Request (ServersListShow298Test:test_list_show_update_rebuild_server_298): 200 GET http://10.180.1.21/compute/v2.1/servers/17bdd3ac-64f4-4b2e-b196-ce44e1576aa9 0.753s
2025-04-17 11:48:38.754 71187 INFO tempest.lib.common.rest_client [req-98d0dc39-e392-4e42-aa22-70ff58ff37fa req-98d0dc39-e392-4e42-aa22-70ff58ff37fa ] Request (ServersAaction247Test:tearDownClass): 200 GET http://10.180.1.21/compute/v2.1/servers/842fc73b-8c91-4c4f-93fe-17b20c1ea4dc 0.770s
2025-04-17 11:48:38.813 71201 INFO tempest.lib.common.rest_client [req-f78680b2-1d1f-4be6-b9f2-f158f79e79f1 req-f78680b2-1d1f-4be6-b9f2-f158f79e79f1 ] Request (FloatingIPsAssociationTestJSON:test_associate_already_associated_floating_ip): 200 GET http://10.180.1.21/compute/v2.1/servers/fcd97809-14c4-4674-ba98-8a56a34cf239 0.760s
2025-04-17 11:48:38.883 71247 INFO tempest.lib.common.rest_client [req-4313fac5-c86c-426a-8fa9-6679c100bb98 req-4313fac5-c86c-426a-8fa9-6679c100bb98 ] Request (ImagesOneServerTestJSON:tearDownClass): 200 GET http://10.180.1.21/compute/v2.1/servers/decc1817-c45d-4e03-92c2-80bcaa2ba0f9 0.752s
2025-04-17 11:48:38.918 71193 INFO tempest.lib.common.rest_client [req-6a1922ef-297a-4879-9815-5b8f66fe6869 req-6a1922ef-297a-4879-9815-5b8f66fe6869 ] Request (ListImageFiltersTestJSON:setUpClass): 200 GET http://10.180.1.21/compute/v2.1/images/56febec9-c3ef-4930-9a76-c136d90f8e3b 0.753s
2025-04-17 11:48:38.951 71197 INFO tempest.lib.common.rest_client [req-9870b946-edae-4c15-9237-d5616c5ab65a req-9870b946-edae-4c15-9237-d5616c5ab65a ] Request (ServerAddressesNegativeTestJSON:tearDownClass): 200 PUT http://10.180.1.21:9696/networking/v2.0/routers/fb7604ad-7f6a-4b36-bbf9-f9429913b8c4/remove_router_interface 1.003s
2025-04-17 11:48:39.000 71199 INFO tempest.lib.common.rest_client [req-e27be101-ddc4-4e7c-8acd-b317f73d9862 req-e27be101-ddc4-4e7c-8acd-b317f73d9862 ] Request (SecurityGroupsTestJSON:test_list_security_groups_by_server): 200 GET http://10.180.1.21/compute/v2.1/servers/ef4a1e5c-a8a3-4e6c-901d-b71b2f857d0d 0.752s
2025-04-17 11:48:39.057 71229 INFO tempest.lib.common.rest_client [req-00df19a6-c81e-40a1-b73c-a2339afb3629 req-00df19a6-c81e-40a1-b73c-a2339afb3629 ] Request (ImagesOneServerNegativeTestJSON:_run_cleanups): 200 GET http://10.180.1.21/compute/v2.1/servers/22e5eb53-69e2-4aaa-8147-3a9c6998b7eb 0.747s
2025-04-17 11:48:39.115 71239 INFO tempest.lib.common.rest_client [req-cb4361e1-9a5a-4742-88a3-fdea89a2f38f req-cb4361e1-9a5a-4742-88a3-fdea89a2f38f ] Request (DeleteServersAdminTestJSON:test_delete_server_while_in_error_state): 200 GET http://10.180.1.21/compute/v2.1/servers/c70bd66c-05f2-406d-8daa-58ff59fb5d93 0.757s
2025-04-17 11:48:39.196 71191 INFO tempest.lib.common.rest_client [req-23905f45-45a3-4fd4-a6e5-386bd26dadd7 req-23905f45-45a3-4fd4-a6e5-386bd26dadd7 ] Request (AttachInterfacesV270Test:tearDownClass): 200 GET http://10.180.1.21/compute/v2.1/servers/ec7a7de1-c7e5-469b-ada8-634381ee04fd 0.770s
2025-04-17 11:48:39.250 71235 INFO tempest.lib.common.rest_client [req-cbc809d3-3215-4b6f-958f-21cdc4ad4965 req-cbc809d3-3215-4b6f-958f-21cdc4ad4965 ] Request (VolumesAdminNegativeTest:test_update_attached_volume_with_nonexistent_volume_in_body): 200 GET http://10.180.1.21/compute/v2.1/servers/d0ca53d2-313b-48e6-95ca-b580e0b083ff 0.548s
2025-04-17 11:48:39.301 71195 INFO tempest.lib.common.rest_client [req-1ea535cf-6cc5-4deb-90d9-67fdb2e37798 req-1ea535cf-6cc5-4deb-90d9-67fdb2e37798 ] Request (ServerGroupTestJSON:test_create_server_with_scheduler_hint_group): 200 GET http://10.180.1.21/compute/v2.1/servers/30bee283-5a5d-443f-8799-0675a0e0a2c8 0.549s
2025-04-17 11:48:39.367 71185 INFO tempest.lib.common.rest_client [req-4e340282-60d6-45f7-aaec-b5e8d033c02e req-4e340282-60d6-45f7-aaec-b5e8d033c02e ] Request (ListServerFiltersTestJSON:setUpClass): 200 GET http://10.180.1.21/compute/v2.1/servers/9ebcf594-a25c-4401-b0e4-04740e70bcc7 0.547s
2025-04-17 11:48:39.391 71197 INFO tempest.lib.common.rest_client [req-93a7ba94-2bc7-456b-9db2-18c57aa3631f req-93a7ba94-2bc7-456b-9db2-18c57aa3631f ] Request (ServerAddressesNegativeTestJSON:tearDownClass): 204 DELETE http://10.180.1.21:9696/networking/v2.0/routers/fb7604ad-7f6a-4b36-bbf9-f9429913b8c4 0.439s
2025-04-17 11:48:39.439 71237 INFO tempest.lib.common.rest_client [req-d8838789-d5c5-4364-aed2-4490726749a8 req-d8838789-d5c5-4364-aed2-4490726749a8 ] Request (ServersTestBootFromVolume:setUpClass): 200 GET http://10.180.1.21/compute/v2.1/servers/b6d28619-832a-4d9a-8cf8-bde835200bba 0.570s
2025-04-17 11:48:39.514 71233 INFO tempest.lib.common.rest_client [req-612053bc-f96f-4838-805d-6971e2f11643 req-612053bc-f96f-4838-805d-6971e2f11643 ] Request (ServerShowV247Test:tearDownClass): 200 GET http://10.180.1.21/compute/v2.1/servers/00ea765e-2487-4758-bfb8-2ff5e5ed4070 0.576s
2025-04-17 11:48:39.580 71242 INFO tempest.lib.common.rest_client [req-c7e957fd-df04-42bc-a6ec-c7f6bd654dd0 req-c7e957fd-df04-42bc-a6ec-c7f6bd654dd0 ] Request (FloatingIPsAssociationNegativeTestJSON:setUpClass): 200 GET http://10.180.1.21/compute/v2.1/servers/96ed8c5a-2029-4ce1-9ddf-5dc836005acb 0.560s
2025-04-17 11:48:39.637 71211 WARNING tempest.lib.common.ssh [-] Failed to establish authenticated ssh connection to cirros@10.180.180.138 ([Errno None] Unable to connect to port 22 on 10.180.180.138). Number attempts: 7. Retry after 8 seconds.: paramiko.ssh_exception.NoValidConnectionsError: [Errno None] Unable to connect to port 22 on 10.180.180.138
2025-04-17 11:48:39.646 71207 INFO tempest.lib.common.rest_client [req-fbc5fad6-1e3b-4a9b-80df-c41c9a80126d req-fbc5fad6-1e3b-4a9b-80df-c41c9a80126d ] Request (MigrationsAdminTest:test_resize_server_revert_deleted_flavor): 200 GET http://10.180.1.21/compute/v2.1/servers/3d2b5374-46c8-4ab9-ab4c-4376eadfb236 0.535s
2025-04-17 11:48:39.659 71197 INFO tempest.lib.common.rest_client [req-91ad652a-b117-47dd-934b-855bfea399cb req-91ad652a-b117-47dd-934b-855bfea399cb ] Request (ServerAddressesNegativeTestJSON:tearDownClass): 204 DELETE http://10.180.1.21:9696/networking/v2.0/subnets/ddf71459-92e8-4e5d-8e45-ad9ad0d79dd9 0.267s
2025-04-17 11:48:39.721 71213 INFO tempest.lib.common.rest_client [req-a28d9b6e-2091-455d-9e5b-8f03d555825a req-a28d9b6e-2091-455d-9e5b-8f03d555825a ] Request (ServersAdminTestJSON:test_inject_network_info): 200 GET http://10.180.1.21/compute/v2.1/servers/5672f7d0-4265-47cb-9d68-9eb1a5420f3e 0.538s
2025-04-17 11:48:39.894 71225 INFO tempest.lib.common.rest_client [req-80869967-e133-400c-b888-0e14246c6a98 req-80869967-e133-400c-b888-0e14246c6a98 ] Request (ServerAddressesTestJSON:setUpClass): 200 GET http://10.180.1.21/compute/v2.1/servers/331fc4c1-2d75-4d25-b160-0fbb77937314 0.542s
2025-04-17 11:48:39.967 71227 INFO tempest.lib.common.rest_client [req-96d0080a-ee80-4698-a99b-c6f56e51a1a4 req-96d0080a-ee80-4698-a99b-c6f56e51a1a4 ] Request (ServersAdminNegativeTestJSON:tearDownClass): 200 GET http://10.180.1.21/compute/v2.1/servers/7dcc0086-65cf-41c7-b647-6426f7c36c10 0.530s
2025-04-17 11:48:40.040 71215 INFO tempest.lib.common.rest_client [req-de2c1171-e3f9-4f24-8a02-8a70dfe303f2 req-de2c1171-e3f9-4f24-8a02-8a70dfe303f2 ] Request (ServersAdmin275Test:test_rebuild_update_server_275): 200 GET http://10.180.1.21/compute/v2.1/servers/dcbf8cff-2227-4d10-843d-c08d4a98695e 0.534s
2025-04-17 11:48:40.108 71221 INFO tempest.lib.common.rest_client [req-ddfd13c4-7e57-4956-9184-0618107b7a41 req-ddfd13c4-7e57-4956-9184-0618107b7a41 ] Request (InstanceActionsNegativeTestJSON:setUpClass): 200 GET http://10.180.1.21/compute/v2.1/servers/72a8b88b-0b5f-420b-ab94-c29fbca64156 0.546s
2025-04-17 11:48:40.122 71231 INFO tempest.lib.common.rest_client [req-aaf0feb5-f828-4692-91ac-577cef6cef1c req-aaf0feb5-f828-4692-91ac-577cef6cef1c ] Request (AttachInterfacesTestJSON:test_create_list_show_delete_interfaces_by_fixed_ip): 200 POST http://10.180.1.21/compute/v2.1/servers/6e714e41-8baf-492a-b38c-7b162a779556/os-interface 8.166s
2025-04-17 11:48:40.140 71197 INFO tempest.lib.common.rest_client [req-aa6f4d92-d664-4cd5-9fea-1d591893cd9a req-aa6f4d92-d664-4cd5-9fea-1d591893cd9a ] Request (ServerAddressesNegativeTestJSON:tearDownClass): 204 DELETE http://10.180.1.21:9696/networking/v2.0/networks/6ce11a27-47dc-43ab-a91c-cd60f319b628 0.481s
2025-04-17 11:48:40.171 71189 INFO tempest.lib.common.rest_client [req-57022308-b48d-4d6d-9f3f-594d516eab66 req-57022308-b48d-4d6d-9f3f-594d516eab66 ] Request (ServerActionsV293TestJSON:setUpClass): 200 GET http://10.180.1.21/compute/v2.1/servers/bd36ce91-908a-408b-ba11-95c6a135f4cf 0.543s
2025-04-17 11:48:40.196 71245 INFO tempest.lib.common.rest_client [req-a4a3adf0-fbc3-4485-9ef4-ec55316785f9 req-a4a3adf0-fbc3-4485-9ef4-ec55316785f9 ] Request (ServersListShow298Test:test_list_show_update_rebuild_server_298): 200 GET http://10.180.1.21/compute/v2.1/servers/17bdd3ac-64f4-4b2e-b196-ce44e1576aa9 0.505s
2025-04-17 11:48:40.236 71187 INFO tempest.lib.common.rest_client [req-c7c629c3-405a-4acf-a2c8-64125e316a7c req-c7c629c3-405a-4acf-a2c8-64125e316a7c ] Request (ServersAaction247Test:tearDownClass): 200 GET http://10.180.1.21/compute/v2.1/servers/842fc73b-8c91-4c4f-93fe-17b20c1ea4dc 0.471s
2025-04-17 11:48:40.275 71201 INFO tempest.lib.common.rest_client [req-9c56830a-7213-4a02-bae8-78f93abecfce req-9c56830a-7213-4a02-bae8-78f93abecfce ] Request (FloatingIPsAssociationTestJSON:test_associate_already_associated_floating_ip): 200 GET http://10.180.1.21/compute/v2.1/servers/fcd97809-14c4-4674-ba98-8a56a34cf239 0.454s
2025-04-17 11:48:40.290 71197 INFO tempest.lib.common.rest_client [req-b3d729c4-6102-4d5c-898c-6826b8e4660d req-b3d729c4-6102-4d5c-898c-6826b8e4660d ] Request (ServerAddressesNegativeTestJSON:tearDownClass): 204 DELETE http://10.180.1.21/identity/v3/users/58373c5f262345acb6ff78c4715a67e2 0.150s
2025-04-17 11:48:40.290 71197 INFO tempest.lib.common.dynamic_creds [-] Deleting project and security group for project: cc4cb9d0b15e4a0f8d2cf4dfd5710267
2025-04-17 11:48:40.300 71247 INFO tempest.lib.common.rest_client [req-10511ffc-6668-4a7f-8ed9-87afcf1f0e52 req-10511ffc-6668-4a7f-8ed9-87afcf1f0e52 ] Request (ImagesOneServerTestJSON:tearDownClass): 200 GET http://10.180.1.21/compute/v2.1/servers/decc1817-c45d-4e03-92c2-80bcaa2ba0f9 0.408s
2025-04-17 11:48:40.319 71193 INFO tempest.lib.common.rest_client [req-682f5f25-c5db-4b88-9d32-227770cf5c67 req-682f5f25-c5db-4b88-9d32-227770cf5c67 ] Request (ListImageFiltersTestJSON:setUpClass): 200 GET http://10.180.1.21/compute/v2.1/images/56febec9-c3ef-4930-9a76-c136d90f8e3b 0.395s
2025-04-17 11:48:40.328 71197 INFO tempest.lib.common.rest_client [req-389d205d-6557-426f-8489-3799f821ed04 req-389d205d-6557-426f-8489-3799f821ed04 ] Request (ServerAddressesNegativeTestJSON:tearDownClass): 200 GET http://10.180.1.21:9696/networking/v2.0/security-groups?tenant_id=cc4cb9d0b15e4a0f8d2cf4dfd5710267&name=default 0.036s
2025-04-17 11:48:40.384 71229 INFO tempest.lib.common.rest_client [req-e1cef638-779a-427c-aa9a-2fde3189a080 req-e1cef638-779a-427c-aa9a-2fde3189a080 ] Request (ImagesOneServerNegativeTestJSON:_run_cleanups): 200 GET http://10.180.1.21/compute/v2.1/servers/22e5eb53-69e2-4aaa-8147-3a9c6998b7eb 0.315s
2025-04-17 11:48:40.440 71197 INFO tempest.lib.common.rest_client [req-3a3f66c4-9080-41dc-9448-9688b8915826 req-3a3f66c4-9080-41dc-9448-9688b8915826 ] Request (ServerAddressesNegativeTestJSON:tearDownClass): 204 DELETE http://10.180.1.21:9696/networking/v2.0/security-groups/b72118f2-2d8b-4d23-bebe-67cae38f9086 0.111s
2025-04-17 11:48:40.472 71239 INFO tempest.lib.common.rest_client [req-94864b3f-9163-43e7-b91b-9ca92052c7dd req-94864b3f-9163-43e7-b91b-9ca92052c7dd ] Request (DeleteServersAdminTestJSON:test_delete_server_while_in_error_state): 200 GET http://10.180.1.21/compute/v2.1/servers/c70bd66c-05f2-406d-8daa-58ff59fb5d93 0.349s
2025-04-17 11:48:40.480 71199 INFO tempest.lib.common.rest_client [req-4ac26306-ce74-42b6-a4bd-d906aebdac53 req-4ac26306-ce74-42b6-a4bd-d906aebdac53 ] Request (SecurityGroupsTestJSON:test_list_security_groups_by_server): 200 GET http://10.180.1.21/compute/v2.1/servers/ef4a1e5c-a8a3-4e6c-901d-b71b2f857d0d 0.473s
2025-04-17 11:48:40.488 71199 INFO tempest.common.waiters [-] State transition "BUILD/None" ==> "BUILD/networking" after 61 second wait
2025-04-17 11:48:40.544 71231 INFO tempest.lib.common.rest_client [req-80cbafba-628d-4a23-8856-7188fa639ca2 req-80cbafba-628d-4a23-8856-7188fa639ca2 ] Request (AttachInterfacesTestJSON:test_create_list_show_delete_interfaces_by_fixed_ip): 200 GET http://10.180.1.21/compute/v2.1/servers/6e714e41-8baf-492a-b38c-7b162a779556/os-interface/f48ee5bd-b8fd-41dd-8f33-788fe01a5ed1 0.418s
2025-04-17 11:48:40.572 71191 INFO tempest.lib.common.rest_client [req-1d9f3969-1c07-4a4f-84bf-0f1a5c4149b0 req-1d9f3969-1c07-4a4f-84bf-0f1a5c4149b0 ] Request (AttachInterfacesV270Test:tearDownClass): 200 GET http://10.180.1.21/compute/v2.1/servers/ec7a7de1-c7e5-469b-ada8-634381ee04fd 0.366s
2025-04-17 11:48:40.592 71197 INFO tempest.lib.common.rest_client [req-b1878fee-9756-4f6d-83e1-67257c733e2c req-b1878fee-9756-4f6d-83e1-67257c733e2c ] Request (ServerAddressesNegativeTestJSON:tearDownClass): 204 DELETE http://10.180.1.21/identity/v3/projects/cc4cb9d0b15e4a0f8d2cf4dfd5710267 0.152s
2025-04-17 11:48:40.613 71235 INFO tempest.lib.common.rest_client [req-e7394847-b604-4085-a6af-285e80fdc650 req-e7394847-b604-4085-a6af-285e80fdc650 ] Request (VolumesAdminNegativeTest:test_update_attached_volume_with_nonexistent_volume_in_body): 200 GET http://10.180.1.21/compute/v2.1/servers/d0ca53d2-313b-48e6-95ca-b580e0b083ff 0.353s
2025-04-17 11:48:40.632 71195 INFO tempest.lib.common.rest_client [req-a7fec224-ce8c-45ea-b692-e88f80146ead req-a7fec224-ce8c-45ea-b692-e88f80146ead ] Request (ServerGroupTestJSON:test_create_server_with_scheduler_hint_group): 200 GET http://10.180.1.21/compute/v2.1/servers/30bee283-5a5d-443f-8799-0675a0e0a2c8 0.322s
2025-04-17 11:48:40.666 71185 INFO tempest.lib.common.rest_client [req-d2cb5b10-c613-45f4-8887-fb221a0f31da req-d2cb5b10-c613-45f4-8887-fb221a0f31da ] Request (ListServerFiltersTestJSON:setUpClass): 200 GET http://10.180.1.21/compute/v2.1/servers/9ebcf594-a25c-4401-b0e4-04740e70bcc7 0.289s
2025-04-17 11:48:40.671 71197 INFO tempest.lib.common.rest_client [req-f0153fe9-d815-47fa-adac-91adb003931f req-f0153fe9-d815-47fa-adac-91adb003931f ] Request (ServerShowV254Test:setUpClass): 201 POST http://10.180.1.21/identity/v3/auth/tokens 0.076s
2025-04-17 11:48:40.694 71237 INFO tempest.lib.common.rest_client [req-3e09b555-fce3-4397-810a-2200c35bd229 req-3e09b555-fce3-4397-810a-2200c35bd229 ] Request (ServersTestBootFromVolume:setUpClass): 200 GET http://10.180.1.21/compute/v2.1/servers/b6d28619-832a-4d9a-8cf8-bde835200bba 0.244s
2025-04-17 11:48:40.711 71197 INFO tempest.lib.common.rest_client [req-963aaabd-961d-4514-8afa-aa59771724d5 req-963aaabd-961d-4514-8afa-aa59771724d5 ] Request (ServerShowV254Test:setUpClass): 201 POST http://10.180.1.21/identity/v3/auth/tokens 0.035s
2025-04-17 11:48:40.739 71197 INFO tempest.lib.common.rest_client [req-367edd8d-29ab-4efb-a2b2-aa1bfff12c71 req-367edd8d-29ab-4efb-a2b2-aa1bfff12c71 ] Request (ServerShowV254Test:setUpClass): 200 GET http://10.180.1.21/identity/v3/domains?name=Default 0.028s
2025-04-17 11:48:40.742 71233 INFO tempest.lib.common.rest_client [req-dfa02106-957c-4960-a12e-4d7779f4ab0b req-dfa02106-957c-4960-a12e-4d7779f4ab0b ] Request (ServerShowV247Test:tearDownClass): 200 GET http://10.180.1.21/compute/v2.1/servers/00ea765e-2487-4758-bfb8-2ff5e5ed4070 0.214s
2025-04-17 11:48:40.770 71197 INFO tempest.lib.common.rest_client [req-13582d36-2c45-4d8a-a917-4b029ae53346 req-13582d36-2c45-4d8a-a917-4b029ae53346 ] Request (ServerShowV254Test:setUpClass): 201 POST http://10.180.1.21/identity/v3/projects 0.030s
2025-04-17 11:48:40.812 71242 INFO tempest.lib.common.rest_client [req-de0e7a55-be31-413e-b4fe-e2418fe2303e req-de0e7a55-be31-413e-b4fe-e2418fe2303e ] Request (FloatingIPsAssociationNegativeTestJSON:setUpClass): 200 GET http://10.180.1.21/compute/v2.1/servers/96ed8c5a-2029-4ce1-9ddf-5dc836005acb 0.225s
2025-04-17 11:48:40.833 71231 INFO tempest.lib.common.rest_client [req-d3be158e-e75e-43ec-94c2-8b30b5ba1f5f req-d3be158e-e75e-43ec-94c2-8b30b5ba1f5f ] Request (AttachInterfacesTestJSON:test_create_list_show_delete_interfaces_by_fixed_ip): 200 GET http://10.180.1.21/compute/v2.1/servers/6e714e41-8baf-492a-b38c-7b162a779556/os-interface 0.286s
2025-04-17 11:48:40.845 71197 INFO tempest.lib.common.rest_client [req-fe537520-8ea5-4a6d-b95d-533bdbf5a090 req-fe537520-8ea5-4a6d-b95d-533bdbf5a090 ] Request (ServerShowV254Test:setUpClass): 201 POST http://10.180.1.21/identity/v3/users 0.075s
2025-04-17 11:48:40.867 71197 INFO tempest.lib.common.rest_client [req-b3ec6413-d16f-4590-b1d9-dffcedebe023 req-b3ec6413-d16f-4590-b1d9-dffcedebe023 ] Request (ServerShowV254Test:setUpClass): 200 GET http://10.180.1.21/identity/v3/roles 0.021s
2025-04-17 11:48:40.874 71207 INFO tempest.lib.common.rest_client [req-888fb4cb-08c3-47be-bc38-588255b3b481 req-888fb4cb-08c3-47be-bc38-588255b3b481 ] Request (MigrationsAdminTest:test_resize_server_revert_deleted_flavor): 200 GET http://10.180.1.21/compute/v2.1/servers/3d2b5374-46c8-4ab9-ab4c-4376eadfb236 0.219s
2025-04-17 11:48:40.895 71213 INFO tempest.lib.common.rest_client [req-75f10ee3-2e6a-4918-820a-ec541401417e req-75f10ee3-2e6a-4918-820a-ec541401417e ] Request (ServersAdminTestJSON:test_inject_network_info): 200 GET http://10.180.1.21/compute/v2.1/servers/5672f7d0-4265-47cb-9d68-9eb1a5420f3e 0.162s
2025-04-17 11:48:40.898 71197 INFO tempest.lib.common.rest_client [req-69c42734-6c4b-4c1e-a866-40d63a29f196 req-69c42734-6c4b-4c1e-a866-40d63a29f196 ] Request (ServerShowV254Test:setUpClass): 204 PUT http://10.180.1.21/identity/v3/projects/745d490176fe41d2bd7398b4b712418e/users/1e3bbae940de4e999bc0c517b3a85260/roles/da68cb1f548840b393dc38fe38b80756 0.030s
2025-04-17 11:48:40.898 71197 INFO tempest.lib.common.dynamic_creds [-] Dynamic test user 1e3bbae940de4e999bc0c517b3a85260 is created with scope project and roles: ['member']
2025-04-17 11:48:40.898 71197 INFO tempest.lib.common.dynamic_creds [-] Acquired dynamic creds: credentials: Credentials: {'domain_id': 'default', 'domain_name': 'Default', 'username': 'tempest-ServerShowV254Test-306067473-project-member', 'project_domain_id': 'default', 'project_domain_name': 'Default', 'project_id': '745d490176fe41d2bd7398b4b712418e', 'project_name': 'tempest-ServerShowV254Test-306067473', 'tenant_id': '745d490176fe41d2bd7398b4b712418e', 'tenant_name': 'tempest-ServerShowV254Test-306067473', 'user_domain_id': 'default', 'user_domain_name': 'Default', 'user_id': '1e3bbae940de4e999bc0c517b3a85260', 'system': None}, Network: None, Subnet: None, Router: None
2025-04-17 11:48:40.898 71197 INFO tempest.lib.common.dynamic_creds [-] Created isolated network resources for: credentials: Credentials: {'domain_id': 'default', 'domain_name': 'Default', 'username': 'tempest-ServerShowV254Test-306067473-project-member', 'project_domain_id': 'default', 'project_domain_name': 'Default', 'project_id': '745d490176fe41d2bd7398b4b712418e', 'project_name': 'tempest-ServerShowV254Test-306067473', 'tenant_id': '745d490176fe41d2bd7398b4b712418e', 'tenant_name': 'tempest-ServerShowV254Test-306067473', 'user_domain_id': 'default', 'user_domain_name': 'Default', 'user_id': '1e3bbae940de4e999bc0c517b3a85260', 'system': None}, Network: None, Subnet: None, Router: None
2025-04-17 11:48:40.943 71231 INFO tempest.lib.common.rest_client [req-55349200-ea46-495f-9290-a733807e15fd req-55349200-ea46-495f-9290-a733807e15fd ] Request (AttachInterfacesTestJSON:test_create_list_show_delete_interfaces_by_fixed_ip): 200 GET http://10.180.1.21/compute/v2.1/servers/6e714e41-8baf-492a-b38c-7b162a779556/os-interface/f2fec0ce-de2b-4fdd-bc07-f8401097abbc 0.108s
2025-04-17 11:48:40.945 71209 WARNING tempest.lib.common.ssh [-] Failed to establish authenticated ssh connection to cirros@10.180.180.153 ([Errno None] Unable to connect to port 22 on 10.180.180.153). Number attempts: 5. Retry after 6 seconds.: paramiko.ssh_exception.NoValidConnectionsError: [Errno None] Unable to connect to port 22 on 10.180.180.153
2025-04-17 11:48:40.980 71197 INFO tempest.lib.common.rest_client [req-b544bce4-a9c9-4e8c-b011-70d1275375a9 req-b544bce4-a9c9-4e8c-b011-70d1275375a9 ] Request (ServerShowV254Test:setUpClass): 201 POST http://10.180.1.21/identity/v3/auth/tokens 0.076s
2025-04-17 11:48:41.001 71225 INFO tempest.lib.common.rest_client [req-25a370f2-46bd-4576-8f23-2effbe5fc0fd req-25a370f2-46bd-4576-8f23-2effbe5fc0fd ] Request (ServerAddressesTestJSON:setUpClass): 200 GET http://10.180.1.21/compute/v2.1/servers/331fc4c1-2d75-4d25-b160-0fbb77937314 0.099s
2025-04-17 11:48:41.003 71231 INFO tempest.lib.common.rest_client [req-5f6db64e-72c8-4f5d-af86-8a7fd1c8089f req-5f6db64e-72c8-4f5d-af86-8a7fd1c8089f ] Request (AttachInterfacesTestJSON:test_create_list_show_delete_interfaces_by_fixed_ip): 202 DELETE http://10.180.1.21/compute/v2.1/servers/6e714e41-8baf-492a-b38c-7b162a779556/os-interface/f48ee5bd-b8fd-41dd-8f33-788fe01a5ed1 0.058s
2025-04-17 11:48:41.010 71197 INFO tempest.lib.common.rest_client [req-20455fe9-4a7b-4cfd-b98f-18b96e38f7ed req-20455fe9-4a7b-4cfd-b98f-18b96e38f7ed ] Request (ServerShowV254Test:test_rebuild_server): 201 POST http://10.180.1.21/identity/v3/auth/tokens 0.026s
2025-04-17 11:48:41.011 71197 INFO tempest.lib.common.fixed_network [-] (ServerShowV254Test:test_rebuild_server) Found network None available for tenant
2025-04-17 11:48:41.056 71227 INFO tempest.lib.common.rest_client [req-c1d54d10-41bb-48a4-9013-f47d13ec1f49 req-c1d54d10-41bb-48a4-9013-f47d13ec1f49 ] Request (ServersAdminNegativeTestJSON:tearDownClass): 200 GET http://10.180.1.21/compute/v2.1/servers/7dcc0086-65cf-41c7-b647-6426f7c36c10 0.078s
2025-04-17 11:48:41.071 71231 INFO tempest.lib.common.rest_client [req-07795070-b8b0-4d0c-b3f7-a8a5f0483a66 req-07795070-b8b0-4d0c-b3f7-a8a5f0483a66 ] Request (AttachInterfacesTestJSON:test_create_list_show_delete_interfaces_by_fixed_ip): 200 GET http://10.180.1.21/compute/v2.1/servers/6e714e41-8baf-492a-b38c-7b162a779556/os-interface 0.067s
2025-04-17 11:48:41.123 71215 INFO tempest.lib.common.rest_client [req-36ed10ae-0d8e-4b9b-9bd5-c80e81d21414 req-36ed10ae-0d8e-4b9b-9bd5-c80e81d21414 ] Request (ServersAdmin275Test:test_rebuild_update_server_275): 200 GET http://10.180.1.21/compute/v2.1/servers/dcbf8cff-2227-4d10-843d-c08d4a98695e 0.072s
2025-04-17 11:48:41.134 71215 INFO tempest.common.waiters [-] State transition "REBUILD/rebuilding" ==> "REBUILD/rebuild_spawning" after 3 second wait
2025-04-17 11:48:41.171 71221 INFO tempest.lib.common.rest_client [req-4ea7cb8c-385a-4b20-a7c3-ac6be88ea40a req-4ea7cb8c-385a-4b20-a7c3-ac6be88ea40a ] Request (InstanceActionsNegativeTestJSON:setUpClass): 200 GET http://10.180.1.21/compute/v2.1/servers/72a8b88b-0b5f-420b-ab94-c29fbca64156 0.049s
2025-04-17 11:48:41.239 71197 INFO tempest.lib.common.rest_client [req-ee0ce717-81bc-4d74-940d-c836bc8ad73b req-ee0ce717-81bc-4d74-940d-c836bc8ad73b ] Request (ServerShowV254Test:test_rebuild_server): 202 POST http://10.180.1.21/compute/v2.1/servers 0.228s
2025-04-17 11:48:41.248 71189 INFO tempest.lib.common.rest_client [req-b2ec257d-3ccf-49b5-ba4f-a1414e136f3b req-b2ec257d-3ccf-49b5-ba4f-a1414e136f3b ] Request (ServerActionsV293TestJSON:setUpClass): 200 GET http://10.180.1.21/compute/v2.1/servers/bd36ce91-908a-408b-ba11-95c6a135f4cf 0.066s
2025-04-17 11:48:41.290 71197 INFO tempest.lib.common.rest_client [req-a674f1bf-bbe5-48fe-89d3-bbb2e93a33dd req-a674f1bf-bbe5-48fe-89d3-bbb2e93a33dd ] Request (ServerShowV254Test:test_rebuild_server): 200 GET http://10.180.1.21/compute/v2.1/servers/9d4ed53b-02bf-4bad-80b5-8b9105b48d0b 0.049s
2025-04-17 11:48:41.300 71245 INFO tempest.lib.common.rest_client [req-3e499837-4c05-4571-8b48-8e5570c09390 req-3e499837-4c05-4571-8b48-8e5570c09390 ] Request (ServersListShow298Test:test_list_show_update_rebuild_server_298): 200 GET http://10.180.1.21/compute/v2.1/servers/17bdd3ac-64f4-4b2e-b196-ce44e1576aa9 0.086s
2025-04-17 11:48:41.360 71201 INFO tempest.lib.common.rest_client [req-9a20b0f0-73d0-4e98-b3e9-bd4f43657186 req-9a20b0f0-73d0-4e98-b3e9-bd4f43657186 ] Request (FloatingIPsAssociationTestJSON:test_associate_already_associated_floating_ip): 200 GET http://10.180.1.21/compute/v2.1/servers/fcd97809-14c4-4674-ba98-8a56a34cf239 0.072s
2025-04-17 11:48:41.375 71187 INFO tempest.lib.common.rest_client [req-64fc1571-8084-4ff8-967e-247d0ba51279 req-64fc1571-8084-4ff8-967e-247d0ba51279 ] Request (ServersAaction247Test:tearDownClass): 200 GET http://10.180.1.21/compute/v2.1/servers/842fc73b-8c91-4c4f-93fe-17b20c1ea4dc 0.129s
2025-04-17 11:48:41.411 71193 INFO tempest.lib.common.rest_client [req-3c711b2f-3546-4685-abf7-c6bb967d5364 req-3c711b2f-3546-4685-abf7-c6bb967d5364 ] Request (ListImageFiltersTestJSON:setUpClass): 200 GET http://10.180.1.21/compute/v2.1/images/56febec9-c3ef-4930-9a76-c136d90f8e3b 0.088s
2025-04-17 11:48:41.441 71247 INFO tempest.lib.common.rest_client [req-670fc132-0704-4443-986e-8906bf762398 req-670fc132-0704-4443-986e-8906bf762398 ] Request (ImagesOneServerTestJSON:tearDownClass): 200 GET http://10.180.1.21/compute/v2.1/servers/decc1817-c45d-4e03-92c2-80bcaa2ba0f9 0.128s
2025-04-17 11:48:41.475 71229 INFO tempest.lib.common.rest_client [req-abccf880-a13a-4631-80b8-9c4a5fe32168 req-abccf880-a13a-4631-80b8-9c4a5fe32168 ] Request (ImagesOneServerNegativeTestJSON:_run_cleanups): 200 GET http://10.180.1.21/compute/v2.1/servers/22e5eb53-69e2-4aaa-8147-3a9c6998b7eb 0.081s
2025-04-17 11:48:41.553 71239 INFO tempest.lib.common.rest_client [req-1541cf97-a46c-4251-bb71-613c64a3513f req-1541cf97-a46c-4251-bb71-613c64a3513f ] Request (DeleteServersAdminTestJSON:test_delete_server_while_in_error_state): 200 GET http://10.180.1.21/compute/v2.1/servers/c70bd66c-05f2-406d-8daa-58ff59fb5d93 0.070s
2025-04-17 11:48:41.649 71191 INFO tempest.lib.common.rest_client [req-f42702f0-3afc-49ab-b354-8af83ae75fe0 req-f42702f0-3afc-49ab-b354-8af83ae75fe0 ] Request (AttachInterfacesV270Test:tearDownClass): 200 GET http://10.180.1.21/compute/v2.1/servers/ec7a7de1-c7e5-469b-ada8-634381ee04fd 0.066s
2025-04-17 11:48:41.657 71199 INFO tempest.lib.common.rest_client [req-e52d7584-e47e-4472-b7d3-c8920be4529c req-e52d7584-e47e-4472-b7d3-c8920be4529c ] Request (SecurityGroupsTestJSON:test_list_security_groups_by_server): 200 GET http://10.180.1.21/compute/v2.1/servers/ef4a1e5c-a8a3-4e6c-901d-b71b2f857d0d 0.168s
2025-04-17 11:48:41.664 71199 INFO tempest.common.waiters [-] State transition "BUILD/networking" ==> "BUILD/spawning" after 62 second wait
2025-04-17 11:48:41.705 71235 INFO tempest.lib.common.rest_client [req-c5548efc-b56e-4820-b9fb-b15cd79473e8 req-c5548efc-b56e-4820-b9fb-b15cd79473e8 ] Request (VolumesAdminNegativeTest:test_update_attached_volume_with_nonexistent_volume_in_body): 200 GET http://10.180.1.21/compute/v2.1/servers/d0ca53d2-313b-48e6-95ca-b580e0b083ff 0.077s
2025-04-17 11:48:41.706 71195 INFO tempest.lib.common.rest_client [req-27ac9f8b-4a37-4232-885c-1d5cc82b24c8 req-27ac9f8b-4a37-4232-885c-1d5cc82b24c8 ] Request (ServerGroupTestJSON:test_create_server_with_scheduler_hint_group): 200 GET http://10.180.1.21/compute/v2.1/servers/30bee283-5a5d-443f-8799-0675a0e0a2c8 0.065s
2025-04-17 11:48:41.754 71185 INFO tempest.lib.common.rest_client [req-eccafaae-b651-4fb8-84e3-106e63fc3bc6 req-eccafaae-b651-4fb8-84e3-106e63fc3bc6 ] Request (ListServerFiltersTestJSON:setUpClass): 200 GET http://10.180.1.21/compute/v2.1/servers/9ebcf594-a25c-4401-b0e4-04740e70bcc7 0.078s
2025-04-17 11:48:41.756 71237 INFO tempest.lib.common.rest_client [req-3c1f0cdc-a3f0-4018-896f-9e2365b0678c req-3c1f0cdc-a3f0-4018-896f-9e2365b0678c ] Request (ServersTestBootFromVolume:setUpClass): 200 GET http://10.180.1.21/compute/v2.1/servers/b6d28619-832a-4d9a-8cf8-bde835200bba 0.048s
2025-04-17 11:48:41.777 71233 INFO tempest.lib.common.rest_client [req-8fb6f97f-a490-44be-ba4b-f53a09e2c2ad req-8fb6f97f-a490-44be-ba4b-f53a09e2c2ad ] Request (ServerShowV247Test:tearDownClass): 404 GET http://10.180.1.21/compute/v2.1/servers/00ea765e-2487-4758-bfb8-2ff5e5ed4070 0.024s
2025-04-17 11:48:41.883 71242 INFO tempest.lib.common.rest_client [req-270032aa-97e6-41a4-b227-16325e967428 req-270032aa-97e6-41a4-b227-16325e967428 ] Request (FloatingIPsAssociationNegativeTestJSON:setUpClass): 200 GET http://10.180.1.21/compute/v2.1/servers/96ed8c5a-2029-4ce1-9ddf-5dc836005acb 0.058s
2025-04-17 11:48:41.900 71233 INFO tempest.lib.common.rest_client [req-14bc4236-9576-43f3-a174-911d84ad717a req-14bc4236-9576-43f3-a174-911d84ad717a ] Request (ServerShowV247Test:tearDownClass): 204 DELETE http://10.180.1.21/identity/v3/users/c36351e9fe83477284e05dedf895925d 0.123s
2025-04-17 11:48:41.946 71207 INFO tempest.lib.common.rest_client [req-5fde3c0e-7bf1-4521-962a-8b5fdea6a603 req-5fde3c0e-7bf1-4521-962a-8b5fdea6a603 ] Request (MigrationsAdminTest:test_resize_server_revert_deleted_flavor): 200 GET http://10.180.1.21/compute/v2.1/servers/3d2b5374-46c8-4ab9-ab4c-4376eadfb236 0.058s
2025-04-17 11:48:41.958 71213 INFO tempest.lib.common.rest_client [req-5f097495-fe03-4827-96a5-d232b392c4fc req-5f097495-fe03-4827-96a5-d232b392c4fc ] Request (ServersAdminTestJSON:test_inject_network_info): 200 GET http://10.180.1.21/compute/v2.1/servers/5672f7d0-4265-47cb-9d68-9eb1a5420f3e 0.052s
2025-04-17 11:48:41.983 71233 INFO tempest.lib.common.rest_client [req-e7e4ae0f-9b76-424f-b809-6b0ce44a0011 req-e7e4ae0f-9b76-424f-b809-6b0ce44a0011 ] Request (ServerShowV247Test:tearDownClass): 204 DELETE http://10.180.1.21/identity/v3/users/cfe515f5c10547508e8f044915457a67 0.082s
2025-04-17 11:48:41.983 71233 INFO tempest.lib.common.dynamic_creds [-] Deleting project and security group for project: 532391cc48244d5fb69a5ff660cc2d44
2025-04-17 11:48:42.039 71233 INFO tempest.lib.common.rest_client [req-40b5a1be-440d-4097-91cf-ed74c3842edc req-40b5a1be-440d-4097-91cf-ed74c3842edc ] Request (ServerShowV247Test:tearDownClass): 201 POST http://10.180.1.21/identity/v3/auth/tokens 0.056s
2025-04-17 11:48:42.148 71227 INFO tempest.lib.common.rest_client [req-04213042-01d0-427a-b563-a082ac858a9a req-04213042-01d0-427a-b563-a082ac858a9a ] Request (ServersAdminNegativeTestJSON:tearDownClass): 200 GET http://10.180.1.21/compute/v2.1/servers/7dcc0086-65cf-41c7-b647-6426f7c36c10 0.083s
2025-04-17 11:48:42.173 71225 INFO tempest.lib.common.rest_client [req-bf136441-78c3-4ddf-a135-5d3e9f8192e8 req-bf136441-78c3-4ddf-a135-5d3e9f8192e8 ] Request (ServerAddressesTestJSON:setUpClass): 200 GET http://10.180.1.21/compute/v2.1/servers/331fc4c1-2d75-4d25-b160-0fbb77937314 0.163s
2025-04-17 11:48:42.241 71215 INFO tempest.lib.common.rest_client [req-75cbb7dc-97c2-4113-add8-694fc9f8da7c req-75cbb7dc-97c2-4113-add8-694fc9f8da7c ] Request (ServersAdmin275Test:test_rebuild_update_server_275): 200 GET http://10.180.1.21/compute/v2.1/servers/dcbf8cff-2227-4d10-843d-c08d4a98695e 0.106s
2025-04-17 11:48:42.257 71231 INFO tempest.lib.common.rest_client [req-47f6eccf-0de4-4dba-a8c0-c451f25b452f req-47f6eccf-0de4-4dba-a8c0-c451f25b452f ] Request (AttachInterfacesTestJSON:test_create_list_show_delete_interfaces_by_fixed_ip): 200 GET http://10.180.1.21/compute/v2.1/servers/6e714e41-8baf-492a-b38c-7b162a779556/os-interface 0.183s
2025-04-17 11:48:42.279 71233 INFO tempest.lib.common.rest_client [req-90fb3062-40bc-4a20-be0a-f6cc657caf89 req-90fb3062-40bc-4a20-be0a-f6cc657caf89 ] Request (ServerShowV247Test:tearDownClass): 200 GET http://10.180.1.21:9696/networking/v2.0/security-groups?tenant_id=532391cc48244d5fb69a5ff660cc2d44&name=default 0.239s
2025-04-17 11:48:42.303 71221 INFO tempest.lib.common.rest_client [req-77fb8d40-0736-4fe7-9362-8ee2c043e3b1 req-77fb8d40-0736-4fe7-9362-8ee2c043e3b1 ] Request (InstanceActionsNegativeTestJSON:setUpClass): 200 GET http://10.180.1.21/compute/v2.1/servers/72a8b88b-0b5f-420b-ab94-c29fbca64156 0.123s
2025-04-17 11:48:42.327 71189 INFO tempest.lib.common.rest_client [req-35d4585f-c7c3-4206-a781-ffa77996ed96 req-35d4585f-c7c3-4206-a781-ffa77996ed96 ] Request (ServerActionsV293TestJSON:setUpClass): 200 GET http://10.180.1.21/compute/v2.1/servers/bd36ce91-908a-408b-ba11-95c6a135f4cf 0.069s
2025-04-17 11:48:42.361 71197 INFO tempest.lib.common.rest_client [req-aad50f07-6712-4c31-9f07-1213dbcbbc3f req-aad50f07-6712-4c31-9f07-1213dbcbbc3f ] Request (ServerShowV254Test:test_rebuild_server): 200 GET http://10.180.1.21/compute/v2.1/servers/9d4ed53b-02bf-4bad-80b5-8b9105b48d0b 0.056s
2025-04-17 11:48:42.387 71233 INFO tempest.lib.common.rest_client [req-e3e34bd1-e3fa-46e9-8009-e02e25520a96 req-e3e34bd1-e3fa-46e9-8009-e02e25520a96 ] Request (ServerShowV247Test:tearDownClass): 204 DELETE http://10.180.1.21:9696/networking/v2.0/security-groups/04e67b89-2042-41d4-bda7-8886d16d74b3 0.107s
2025-04-17 11:48:42.389 71245 INFO tempest.lib.common.rest_client [req-17f0287a-caca-4484-baca-63ec9abd35b6 req-17f0287a-caca-4484-baca-63ec9abd35b6 ] Request (ServersListShow298Test:test_list_show_update_rebuild_server_298): 200 GET http://10.180.1.21/compute/v2.1/servers/17bdd3ac-64f4-4b2e-b196-ce44e1576aa9 0.072s
2025-04-17 11:48:42.438 71201 INFO tempest.lib.common.rest_client [req-d2333fac-13da-48a7-829a-18be13684567 req-d2333fac-13da-48a7-829a-18be13684567 ] Request (FloatingIPsAssociationTestJSON:test_associate_already_associated_floating_ip): 200 GET http://10.180.1.21/compute/v2.1/servers/fcd97809-14c4-4674-ba98-8a56a34cf239 0.068s
2025-04-17 11:48:42.458 71187 INFO tempest.lib.common.rest_client [req-63eb25ac-7663-41b5-972f-e2ec455d58ae req-63eb25ac-7663-41b5-972f-e2ec455d58ae ] Request (ServersAaction247Test:tearDownClass): 200 GET http://10.180.1.21/compute/v2.1/servers/842fc73b-8c91-4c4f-93fe-17b20c1ea4dc 0.073s
2025-04-17 11:48:42.472 71233 INFO tempest.lib.common.rest_client [req-85f7e7a9-9b8d-435d-b34a-02879c78885d req-85f7e7a9-9b8d-435d-b34a-02879c78885d ] Request (ServerShowV247Test:tearDownClass): 204 DELETE http://10.180.1.21/identity/v3/projects/532391cc48244d5fb69a5ff660cc2d44 0.084s
2025-04-17 11:48:42.477 71193 INFO tempest.lib.common.rest_client [req-f0edfb50-54d1-4ea5-a940-9a2be0723b4d req-f0edfb50-54d1-4ea5-a940-9a2be0723b4d ] Request (ListImageFiltersTestJSON:setUpClass): 200 GET http://10.180.1.21/compute/v2.1/images/56febec9-c3ef-4930-9a76-c136d90f8e3b 0.061s
2025-04-17 11:48:42.520 71247 INFO tempest.lib.common.rest_client [req-674e746d-fbf4-4520-a85e-7c62657129ea req-674e746d-fbf4-4520-a85e-7c62657129ea ] Request (ImagesOneServerTestJSON:tearDownClass): 200 GET http://10.180.1.21/compute/v2.1/servers/decc1817-c45d-4e03-92c2-80bcaa2ba0f9 0.067s
2025-04-17 11:48:42.537 71229 INFO tempest.lib.common.rest_client [req-2c0485a5-b1be-4585-86d2-7080f0a4d6d9 req-2c0485a5-b1be-4585-86d2-7080f0a4d6d9 ] Request (ImagesOneServerNegativeTestJSON:_run_cleanups): 200 GET http://10.180.1.21/compute/v2.1/servers/22e5eb53-69e2-4aaa-8147-3a9c6998b7eb 0.053s
2025-04-17 11:48:42.544 71233 INFO tempest.lib.common.rest_client [req-6fe74ce8-97cd-46f0-9ca6-af3b984ed350 req-6fe74ce8-97cd-46f0-9ca6-af3b984ed350 ] Request (ExtensionsTest:setUpClass): 201 POST http://10.180.1.21/identity/v3/auth/tokens 0.070s
2025-04-17 11:48:42.575 71233 INFO tempest.lib.common.rest_client [req-118ba2bf-d386-4049-b743-c07153b49b44 req-118ba2bf-d386-4049-b743-c07153b49b44 ] Request (ExtensionsTest:setUpClass): 201 POST http://10.180.1.21/identity/v3/auth/tokens 0.028s
2025-04-17 11:48:42.598 71233 INFO tempest.lib.common.rest_client [req-cdecb93e-f901-4551-bef5-9397d5076fb7 req-cdecb93e-f901-4551-bef5-9397d5076fb7 ] Request (ExtensionsTest:setUpClass): 200 GET http://10.180.1.21/identity/v3/domains?name=Default 0.023s
2025-04-17 11:48:42.622 71239 INFO tempest.lib.common.rest_client [req-ff1abdd9-341c-4687-8321-d79f165e507b req-ff1abdd9-341c-4687-8321-d79f165e507b ] Request (DeleteServersAdminTestJSON:test_delete_server_while_in_error_state): 200 GET http://10.180.1.21/compute/v2.1/servers/c70bd66c-05f2-406d-8daa-58ff59fb5d93 0.059s
2025-04-17 11:48:42.629 71233 INFO tempest.lib.common.rest_client [req-03f24116-7aa6-4aee-b8b4-2fdd9412e068 req-03f24116-7aa6-4aee-b8b4-2fdd9412e068 ] Request (ExtensionsTest:setUpClass): 201 POST http://10.180.1.21/identity/v3/projects 0.031s
2025-04-17 11:48:42.686 71233 INFO tempest.lib.common.rest_client [req-534e44f4-b556-4245-82af-ab5583acef12 req-534e44f4-b556-4245-82af-ab5583acef12 ] Request (ExtensionsTest:setUpClass): 201 POST http://10.180.1.21/identity/v3/users 0.056s
2025-04-17 11:48:42.712 71233 INFO tempest.lib.common.rest_client [req-1d31feb2-150c-4c03-b450-4a5197fab220 req-1d31feb2-150c-4c03-b450-4a5197fab220 ] Request (ExtensionsTest:setUpClass): 200 GET http://10.180.1.21/identity/v3/roles 0.026s
2025-04-17 11:48:42.736 71191 INFO tempest.lib.common.rest_client [req-5b7131d3-ca12-4511-970e-a640784bdcba req-5b7131d3-ca12-4511-970e-a640784bdcba ] Request (AttachInterfacesV270Test:tearDownClass): 200 GET http://10.180.1.21/compute/v2.1/servers/ec7a7de1-c7e5-469b-ada8-634381ee04fd 0.072s
2025-04-17 11:48:42.747 71233 INFO tempest.lib.common.rest_client [req-4631f24c-df6b-43e2-806d-f3a52d643528 req-4631f24c-df6b-43e2-806d-f3a52d643528 ] Request (ExtensionsTest:setUpClass): 204 PUT http://10.180.1.21/identity/v3/projects/91bb484feacd479ea3471c7ce8db1c7e/users/5398f1ab4d5841ffb8aeb4c513129dba/roles/da68cb1f548840b393dc38fe38b80756 0.035s
2025-04-17 11:48:42.748 71233 INFO tempest.lib.common.dynamic_creds [-] Dynamic test user 5398f1ab4d5841ffb8aeb4c513129dba is created with scope project and roles: ['member']
2025-04-17 11:48:42.748 71233 INFO tempest.lib.common.dynamic_creds [-] Acquired dynamic creds: credentials: Credentials: {'domain_id': 'default', 'domain_name': 'Default', 'username': 'tempest-ExtensionsTest-537539057-project-member', 'project_domain_id': 'default', 'project_domain_name': 'Default', 'project_id': '91bb484feacd479ea3471c7ce8db1c7e', 'project_name': 'tempest-ExtensionsTest-537539057', 'tenant_id': '91bb484feacd479ea3471c7ce8db1c7e', 'tenant_name': 'tempest-ExtensionsTest-537539057', 'user_domain_id': 'default', 'user_domain_name': 'Default', 'user_id': '5398f1ab4d5841ffb8aeb4c513129dba', 'system': None}, Network: None, Subnet: None, Router: None
2025-04-17 11:48:42.748 71233 INFO tempest.lib.common.dynamic_creds [-] Created isolated network resources for: credentials: Credentials: {'domain_id': 'default', 'domain_name': 'Default', 'username': 'tempest-ExtensionsTest-537539057-project-member', 'project_domain_id': 'default', 'project_domain_name': 'Default', 'project_id': '91bb484feacd479ea3471c7ce8db1c7e', 'project_name': 'tempest-ExtensionsTest-537539057', 'tenant_id': '91bb484feacd479ea3471c7ce8db1c7e', 'tenant_name': 'tempest-ExtensionsTest-537539057', 'user_domain_id': 'default', 'user_domain_name': 'Default', 'user_id': '5398f1ab4d5841ffb8aeb4c513129dba', 'system': None}, Network: None, Subnet: None, Router: None
2025-04-17 11:48:42.793 71199 INFO tempest.lib.common.rest_client [req-198b78e7-83b8-424c-9980-9835731231d4 req-198b78e7-83b8-424c-9980-9835731231d4 ] Request (SecurityGroupsTestJSON:test_list_security_groups_by_server): 200 GET http://10.180.1.21/compute/v2.1/servers/ef4a1e5c-a8a3-4e6c-901d-b71b2f857d0d 0.124s
2025-04-17 11:48:42.804 71195 INFO tempest.lib.common.rest_client [req-d113332b-079f-4c4d-a935-a45814a06272 req-d113332b-079f-4c4d-a935-a45814a06272 ] Request (ServerGroupTestJSON:test_create_server_with_scheduler_hint_group): 200 GET http://10.180.1.21/compute/v2.1/servers/30bee283-5a5d-443f-8799-0675a0e0a2c8 0.089s
2025-04-17 11:48:42.843 71235 INFO tempest.lib.common.rest_client [req-4ddc21f0-4b88-4f45-91ed-f1ab3529668e req-4ddc21f0-4b88-4f45-91ed-f1ab3529668e ] Request (VolumesAdminNegativeTest:test_update_attached_volume_with_nonexistent_volume_in_body): 200 GET http://10.180.1.21/compute/v2.1/servers/d0ca53d2-313b-48e6-95ca-b580e0b083ff 0.130s
2025-04-17 11:48:42.844 71233 INFO tempest.lib.common.rest_client [req-30ed5250-a9eb-40c0-9c55-aad085c3cb68 req-30ed5250-a9eb-40c0-9c55-aad085c3cb68 ] Request (ExtensionsTest:setUpClass): 201 POST http://10.180.1.21/identity/v3/auth/tokens 0.091s
2025-04-17 11:48:42.862 71185 INFO tempest.lib.common.rest_client [req-cb968195-ef59-4433-97ac-e46a4d4cf33c req-cb968195-ef59-4433-97ac-e46a4d4cf33c ] Request (ListServerFiltersTestJSON:setUpClass): 200 GET http://10.180.1.21/compute/v2.1/servers/9ebcf594-a25c-4401-b0e4-04740e70bcc7 0.099s
2025-04-17 11:48:42.898 71237 INFO tempest.lib.common.rest_client [req-2392d1a9-ae83-4612-ad1f-f45838a27ff7 req-2392d1a9-ae83-4612-ad1f-f45838a27ff7 ] Request (ServersTestBootFromVolume:setUpClass): 200 GET http://10.180.1.21/compute/v2.1/servers/b6d28619-832a-4d9a-8cf8-bde835200bba 0.134s
2025-04-17 11:48:42.940 71233 INFO tempest.lib.common.rest_client [req-f17ac960-6ae3-44f4-ae8f-8a019c7578e2 req-f17ac960-6ae3-44f4-ae8f-8a019c7578e2 ] Request (ExtensionsTest:test_get_extension): 200 GET http://10.180.1.21/compute/v2.1/extensions/os-consoles 0.094s
2025-04-17 11:48:42.947 71242 INFO tempest.lib.common.rest_client [req-5b5efc58-eb19-46a2-b44e-42a0c79a85f3 req-5b5efc58-eb19-46a2-b44e-42a0c79a85f3 ] Request (FloatingIPsAssociationNegativeTestJSON:setUpClass): 200 GET http://10.180.1.21/compute/v2.1/servers/96ed8c5a-2029-4ce1-9ddf-5dc836005acb 0.057s
