2025-04-17 11:47:39.211 71185 INFO tempest.lib.common.dynamic_creds [-] Dynamic test user e03c6b6f81b440f28b5c3e8359f83e0c is created with scope project and roles: ['member']
2025-04-17 11:47:39.211 71185 INFO tempest.lib.common.dynamic_creds [-] Acquired dynamic creds: credentials: Credentials: {'domain_id': 'default', 'domain_name': 'Default', 'username': 'tempest-ListServerFiltersTestJSON-2114532629-project-member', 'project_domain_id': 'default', 'project_domain_name': 'Default', 'project_id': 'b76930aa509342adbfff52f545873d53', 'project_name': 'tempest-ListServerFiltersTestJSON-2114532629', 'tenant_id': 'b76930aa509342adbfff52f545873d53', 'tenant_name': 'tempest-ListServerFiltersTestJSON-2114532629', 'user_domain_id': 'default', 'user_domain_name': 'Default', 'user_id': 'e03c6b6f81b440f28b5c3e8359f83e0c', 'system': None}, Network: None, Subnet: None, Router: None
2025-04-17 11:47:39.222 71199 INFO tempest.lib.common.rest_client [req-7e239d21-8fc3-46d4-b6a7-87232376ca50 req-7e239d21-8fc3-46d4-b6a7-87232376ca50 ] Request (SecurityGroupsTestJSON:test_list_security_groups_by_server): 200 GET http://10.180.1.21/compute/v2.1/servers/ef4a1e5c-a8a3-4e6c-901d-b71b2f857d0d 0.723s
2025-04-17 11:47:39.285 71185 INFO tempest.lib.common.rest_client [req-9f76430b-35e2-415d-85c1-9f2b0be5186d req-9f76430b-35e2-415d-85c1-9f2b0be5186d ] Request (ListServerFiltersTestJSON:setUpClass): 201 POST http://10.180.1.21/identity/v3/auth/tokens 0.074s
2025-04-17 11:47:39.288 71187 INFO tempest.lib.common.rest_client [req-a71ce5f7-62c0-4d34-ba76-3103d0a778cd req-a71ce5f7-62c0-4d34-ba76-3103d0a778cd ] Request (ServersAaction247Test:test_create_backup): 200 GET http://10.180.1.21/compute/v2.1/servers/842fc73b-8c91-4c4f-93fe-17b20c1ea4dc 0.741s
2025-04-17 11:47:39.326 71245 INFO tempest.lib.common.rest_client [req-2cf86a49-16a3-4ba2-962d-c89ad78047dd req-2cf86a49-16a3-4ba2-962d-c89ad78047dd ] Request (ServerRescueTestJSONUnderV235:setUpClass): 200 GET http://10.180.1.21/compute/v2.1/servers/8dc05e7d-bad4-42ba-a73e-30816551cf75 1.064s
2025-04-17 11:47:39.334 71245 INFO tempest.common.waiters [-] State transition "ACTIVE/rescuing" ==> "RESCUE/None" after 11 second wait
2025-04-17 11:47:39.451 71191 INFO tempest.lib.common.rest_client [req-110934e4-0a29-4946-93db-3abe8e6e3a97 req-110934e4-0a29-4946-93db-3abe8e6e3a97 ] Request (AttachInterfacesV270Test:test_create_get_list_interfaces): 200 GET http://10.180.1.21/compute/v2.1/servers/ec7a7de1-c7e5-469b-ada8-634381ee04fd 0.824s
2025-04-17 11:47:39.467 71189 INFO tempest.lib.common.rest_client [req-c849c3fc-7451-4e14-a9f3-04a0f92f5679 req-c849c3fc-7451-4e14-a9f3-04a0f92f5679 ] Request (ServerActionsV293TestJSON:setUpClass): 201 POST http://10.180.1.21/compute/v2.1/os-keypairs 0.873s
2025-04-17 11:47:39.541 71213 INFO tempest.lib.common.rest_client [req-ad242040-cc56-45d1-9675-63c06d6e2c7c req-ad242040-cc56-45d1-9675-63c06d6e2c7c ] Request (ServersAdminTestJSON:test_create_server_with_scheduling_hint): 200 GET http://10.180.1.21/compute/v2.1/servers/cd4b0d7b-8070-4a0a-a8bd-09cc2c296789 0.836s
2025-04-17 11:47:39.657 71189 INFO tempest.lib.common.rest_client [req-7a850b30-6b52-4ac4-a344-fc78b986a26b req-7a850b30-6b52-4ac4-a344-fc78b986a26b ] Request (ServerActionsV293TestJSON:setUpClass): 201 POST http://10.180.1.21:9696/networking/v2.0/security-groups 0.187s
2025-04-17 11:47:39.728 71207 INFO tempest.lib.common.rest_client [req-534a5e1e-925b-42a2-8af5-8b1e284a41fe req-534a5e1e-925b-42a2-8af5-8b1e284a41fe ] Request (MigrationsAdminTest:test_list_migrations_in_flavor_resize_situation): 200 GET http://10.180.1.21/compute/v2.1/servers/f97cb95b-5d2e-4ac4-ba82-80a705a086f4 0.898s
2025-04-17 11:47:39.765 71189 INFO tempest.lib.common.rest_client [req-72d7a6f1-0e58-4a3a-8ff8-1cd136a1cb69 req-72d7a6f1-0e58-4a3a-8ff8-1cd136a1cb69 ] Request (ServerActionsV293TestJSON:setUpClass): 201 POST http://10.180.1.21:9696/networking/v2.0/security-group-rules 0.107s
2025-04-17 11:47:39.814 71229 INFO tempest.lib.common.rest_client [req-ed4fbbee-fcec-456d-b72d-b2367f647461 req-ed4fbbee-fcec-456d-b72d-b2367f647461 ] Request (ImagesOneServerNegativeTestJSON:setUp): 200 GET http://10.180.1.21/compute/v2.1/servers/a893add8-af75-482e-b1a9-0fa099407df8 1.114s
2025-04-17 11:47:39.876 71237 INFO tempest.lib.common.rest_client [req-69b209d8-fc25-4fcf-b005-896b0867c53d req-69b209d8-fc25-4fcf-b005-896b0867c53d ] Request (ServersTestBootFromVolume:setUpClass): 201 POST http://10.180.1.21:9696/networking/v2.0/routers 2.616s
2025-04-17 11:47:39.900 71211 INFO tempest.lib.common.rest_client [req-d647931f-0a26-45ea-a437-8908e77994b0 req-d647931f-0a26-45ea-a437-8908e77994b0 ] Request (ServersWithSpecificFlavorTestJSON:test_verify_created_server_ephemeral_disk): 200 GET http://10.180.1.21/compute/v2.1/servers/39540351-0bb2-4505-a505-06bf5aaca7f2 0.996s
2025-04-17 11:47:39.919 71209 INFO tempest.lib.common.rest_client [req-5027f297-5f8f-4df5-a8d2-4516bcb8fa60 req-5027f297-5f8f-4df5-a8d2-4516bcb8fa60 ] Request (ServerActionsTestOtherB:setUpClass): 200 GET http://10.180.1.21/compute/v2.1/servers/e4828dea-a14c-4aff-8e6f-e1986f399b60 0.985s
2025-04-17 11:47:39.972 71189 INFO tempest.lib.common.rest_client [req-fdffdf7d-a8f8-4280-bf36-ee01847fa9e9 req-fdffdf7d-a8f8-4280-bf36-ee01847fa9e9 ] Request (ServerActionsV293TestJSON:setUpClass): 201 POST http://10.180.1.21:9696/networking/v2.0/security-group-rules 0.207s
2025-04-17 11:47:39.976 71185 INFO tempest.lib.common.rest_client [req-a85c0f96-bdc9-41e1-96d8-6283eb8c6de2 req-a85c0f96-bdc9-41e1-96d8-6283eb8c6de2 ] Request (ListServerFiltersTestJSON:setUpClass): 201 POST http://10.180.1.21:9696/networking/v2.0/networks 0.690s
2025-04-17 11:47:40.032 71201 INFO tempest.lib.common.rest_client [req-928be127-9737-411f-ae06-703007b608e1 req-928be127-9737-411f-ae06-703007b608e1 ] Request (FloatingIPsAssociationTestJSON:setUpClass): 200 GET http://10.180.1.21/compute/v2.1/servers/47e97d46-a933-43cf-98fc-2865c78a4492 1.042s
2025-04-17 11:47:40.045 71239 INFO tempest.lib.common.rest_client [req-2bccb7ea-a27b-4bfb-a25b-fccc07853520 req-2bccb7ea-a27b-4bfb-a25b-fccc07853520 ] Request (DeleteServersAdminTestJSON:test_delete_server_while_in_error_state): 200 GET http://10.180.1.21/compute/v2.1/servers/c70bd66c-05f2-406d-8daa-58ff59fb5d93 1.007s
2025-04-17 11:47:40.082 71195 INFO tempest.lib.common.rest_client [req-abbe8b94-48df-4e80-817a-e0dabb627306 req-abbe8b94-48df-4e80-817a-e0dabb627306 ] Request (ServerGroupTestJSON:test_create_delete_multiple_server_groups_with_same_name_policy): 204 DELETE http://10.180.1.21/compute/v2.1/os-server-groups/4a026026-dfdb-4248-b962-b827ce567cf1 0.972s
2025-04-17 11:47:40.180 71235 INFO tempest.lib.common.rest_client [req-2f047ec9-46d1-4580-8bb8-6f0e78d39b80 req-2f047ec9-46d1-4580-8bb8-6f0e78d39b80 ] Request (VolumesAdminNegativeTest:test_update_attached_volume_with_nonexistent_volume_in_body): 200 POST http://10.180.1.21/compute/v2.1/os-keypairs 0.991s
2025-04-17 11:47:40.385 71245 INFO tempest.lib.common.rest_client [req-c258c0ee-888a-47f0-8ba2-bcaa4121ec1c req-c258c0ee-888a-47f0-8ba2-bcaa4121ec1c ] Request (ServerRescueTestJSONUnderV235:test_rescued_vm_add_remove_security_group): 200 POST http://10.180.1.21/compute/v2.1/os-security-groups 1.050s
2025-04-17 11:47:40.475 71247 INFO tempest.lib.common.rest_client [req-d0590397-8d2b-43a6-a4f7-70e38b11931f req-d0590397-8d2b-43a6-a4f7-70e38b11931f ] Request (ImagesOneServerTestJSON:setUpClass): 200 GET http://10.180.1.21/compute/v2.1/servers/decc1817-c45d-4e03-92c2-80bcaa2ba0f9 0.922s
2025-04-17 11:47:40.477 71197 INFO tempest.lib.common.rest_client [req-30075db1-4caa-448a-8c3d-78abffb65e80 req-30075db1-4caa-448a-8c3d-78abffb65e80 ] Request (ServerAddressesNegativeTestJSON:setUpClass): 200 GET http://10.180.1.21/compute/v2.1/servers/76085f51-855e-4d02-ae73-ddf86201158a 0.888s
2025-04-17 11:47:40.482 71185 INFO tempest.lib.common.rest_client [req-2ca87b55-00c6-463a-ae73-c7c3f71e1eb4 req-2ca87b55-00c6-463a-ae73-c7c3f71e1eb4 ] Request (ListServerFiltersTestJSON:setUpClass): 201 POST http://10.180.1.21:9696/networking/v2.0/subnets 0.505s
2025-04-17 11:47:40.482 71185 INFO tempest.lib.common.dynamic_creds [-] Created isolated network resources for: credentials: Credentials: {'domain_id': 'default', 'domain_name': 'Default', 'username': 'tempest-ListServerFiltersTestJSON-2114532629-project-member', 'project_domain_id': 'default', 'project_domain_name': 'Default', 'project_id': 'b76930aa509342adbfff52f545873d53', 'project_name': 'tempest-ListServerFiltersTestJSON-2114532629', 'tenant_id': 'b76930aa509342adbfff52f545873d53', 'tenant_name': 'tempest-ListServerFiltersTestJSON-2114532629', 'user_domain_id': 'default', 'user_domain_name': 'Default', 'user_id': 'e03c6b6f81b440f28b5c3e8359f83e0c', 'system': None}, Network: {'id': '26cb3356-0178-4a40-b1d3-d1845489d720', 'name': 'tempest-ListServerFiltersTestJSON-1342100142-network', 'tenant_id': 'b76930aa509342adbfff52f545873d53', 'admin_state_up': True, 'mtu': 8950, 'status': 'ACTIVE', 'subnets': [], 'shared': False, 'project_id': 'b76930aa509342adbfff52f545873d53', 'port_security_enabled': True, 'router:external': False, 'provider:network_type': 'vlan', 'provider:physical_network': 'default', 'provider:segmentation_id': 451, 'availability_zone_hints': [], 'availability_zones': [], 'ipv4_address_scope': None, 'ipv6_address_scope': None, 'description': '', 'tags': [], 'created_at': '2025-04-17T11:47:39Z', 'updated_at': '2025-04-17T11:47:39Z', 'revision_number': 1}, Subnet: {'id': 'a633eb3a-1ead-4bea-bacc-29646cff9a3b', 'name': 'tempest-ListServerFiltersTestJSON-1342100142-subnet', 'tenant_id': 'b76930aa509342adbfff52f545873d53', 'network_id': '26cb3356-0178-4a40-b1d3-d1845489d720', 'ip_version': 4, 'subnetpool_id': None, 'enable_dhcp': True, 'ipv6_ra_mode': None, 'ipv6_address_mode': None, 'gateway_ip': '192.168.128.1', 'cidr': '192.168.128.0/28', 'allocation_pools': [{'start': '192.168.128.2', 'end': '192.168.128.14'}], 'host_routes': [], 'dns_nameservers': [], 'description': '', 'router:external': False, 'service_types': [], 'tags': [], 'created_at': '2025-04-17T11:47:40Z', 'updated_at': '2025-04-17T11:47:40Z', 'revision_number': 0, 'project_id': 'b76930aa509342adbfff52f545873d53'}, Router: None
2025-04-17 11:47:40.496 71235 INFO tempest.lib.common.rest_client [req-eb204db0-f5db-4dd7-bcc0-245dff070fab req-eb204db0-f5db-4dd7-bcc0-245dff070fab ] Request (VolumesAdminNegativeTest:test_update_attached_volume_with_nonexistent_volume_in_body): 201 POST http://10.180.1.21:9696/networking/v2.0/security-groups 0.314s
2025-04-17 11:47:40.563 71243 INFO tempest.lib.common.rest_client [req-3b50ea96-409d-4255-82c5-f03792e03b92 req-3b50ea96-409d-4255-82c5-f03792e03b92 ] Request (TenantUsagesTestJSON:setUpClass): 200 GET http://10.180.1.21/compute/v2.1/servers/f7271eec-aab3-4258-a6c3-08ac0664d200 0.795s
2025-04-17 11:47:40.611 71185 INFO tempest.lib.common.rest_client [req-c4cb12b2-0b6b-497b-a81e-1642563c99a0 req-c4cb12b2-0b6b-497b-a81e-1642563c99a0 ] Request (ListServerFiltersTestJSON:setUpClass): 201 POST http://10.180.1.21/identity/v3/auth/tokens 0.121s
2025-04-17 11:47:40.655 71185 INFO tempest.lib.common.rest_client [req-c69154bf-903e-45ce-83ec-3d0908942454 req-c69154bf-903e-45ce-83ec-3d0908942454 ] Request (ListServerFiltersTestJSON:setUpClass): 201 POST http://10.180.1.21/identity/v3/auth/tokens 0.037s
2025-04-17 11:47:40.656 71185 INFO tempest.lib.common.fixed_network [-] (ListServerFiltersTestJSON:setUpClass) Found network {'id': '26cb3356-0178-4a40-b1d3-d1845489d720', 'name': 'tempest-ListServerFiltersTestJSON-1342100142-network', 'tenant_id': 'b76930aa509342adbfff52f545873d53', 'admin_state_up': True, 'mtu': 8950, 'status': 'ACTIVE', 'subnets': [], 'shared': False, 'project_id': 'b76930aa509342adbfff52f545873d53', 'port_security_enabled': True, 'router:external': False, 'provider:network_type': 'vlan', 'provider:physical_network': 'default', 'provider:segmentation_id': 451, 'availability_zone_hints': [], 'availability_zones': [], 'ipv4_address_scope': None, 'ipv6_address_scope': None, 'description': '', 'tags': [], 'created_at': '2025-04-17T11:47:39Z', 'updated_at': '2025-04-17T11:47:39Z', 'revision_number': 1} available for tenant
2025-04-17 11:47:40.682 71235 INFO tempest.lib.common.rest_client [req-7664c849-4403-415d-8aff-6933f7a4965e req-7664c849-4403-415d-8aff-6933f7a4965e ] Request (VolumesAdminNegativeTest:test_update_attached_volume_with_nonexistent_volume_in_body): 201 POST http://10.180.1.21:9696/networking/v2.0/security-group-rules 0.186s
2025-04-17 11:47:40.722 71185 INFO tempest.lib.common.rest_client [req-63df7510-7fca-4034-8037-e0248ded827c req-63df7510-7fca-4034-8037-e0248ded827c ] Request (ListServerFiltersTestJSON:setUpClass): 201 POST http://10.180.1.21/identity/v3/auth/tokens 0.059s
2025-04-17 11:47:40.722 71185 INFO tempest.lib.common.fixed_network [-] (ListServerFiltersTestJSON:setUpClass) Found network {'id': '26cb3356-0178-4a40-b1d3-d1845489d720', 'name': 'tempest-ListServerFiltersTestJSON-1342100142-network', 'tenant_id': 'b76930aa509342adbfff52f545873d53', 'admin_state_up': True, 'mtu': 8950, 'status': 'ACTIVE', 'subnets': [], 'shared': False, 'project_id': 'b76930aa509342adbfff52f545873d53', 'port_security_enabled': True, 'router:external': False, 'provider:network_type': 'vlan', 'provider:physical_network': 'default', 'provider:segmentation_id': 451, 'availability_zone_hints': [], 'availability_zones': [], 'ipv4_address_scope': None, 'ipv6_address_scope': None, 'description': '', 'tags': [], 'created_at': '2025-04-17T11:47:39Z', 'updated_at': '2025-04-17T11:47:39Z', 'revision_number': 1} available for tenant
2025-04-17 11:47:40.731 71205 INFO tempest.lib.common.rest_client [req-cf3694ff-862b-4b89-acd8-f8f113fefaaa req-cf3694ff-862b-4b89-acd8-f8f113fefaaa ] Request (ServersListShow296Test:tearDownClass): 200 GET http://10.180.1.21/compute/v2.1/servers/3dcf9e2a-4306-4025-a942-9aa1a598f49f 0.875s
2025-04-17 11:47:40.813 71227 INFO tempest.lib.common.rest_client [req-f2a3fd17-5005-431b-bebf-8d112b52adc5 req-f2a3fd17-5005-431b-bebf-8d112b52adc5 ] Request (ServersAdminNegativeTestJSON:test_migrate_server_invalid_state): 200 GET http://10.180.1.21/compute/v2.1/servers/7dcc0086-65cf-41c7-b647-6426f7c36c10 0.915s
2025-04-17 11:47:40.953 71235 INFO tempest.lib.common.rest_client [req-bf637a7e-26b7-405a-b2e6-657719599814 req-bf637a7e-26b7-405a-b2e6-657719599814 ] Request (VolumesAdminNegativeTest:test_update_attached_volume_with_nonexistent_volume_in_body): 201 POST http://10.180.1.21:9696/networking/v2.0/security-group-rules 0.271s
2025-04-17 11:47:41.047 71229 INFO tempest.lib.common.rest_client [req-a5ff84f2-7804-4448-8729-c406fbf09367 req-a5ff84f2-7804-4448-8729-c406fbf09367 ] Request (ImagesOneServerNegativeTestJSON:test_create_second_image_when_first_image_is_being_saved): 202 POST http://10.180.1.21/compute/v2.1/servers/a893add8-af75-482e-b1a9-0fa099407df8/action 1.221s
2025-04-17 11:47:41.241 71231 INFO tempest.lib.common.rest_client [req-0cc46a4c-d462-4daf-aeca-bbaac170b02f req-0cc46a4c-d462-4daf-aeca-bbaac170b02f ] Request (AttachInterfacesTestJSON:test_create_list_show_delete_interfaces_by_fixed_ip): 200 GET http://10.180.1.21/compute/v2.1/servers/6e714e41-8baf-492a-b38c-7b162a779556 1.276s
2025-04-17 11:47:41.244 71242 INFO tempest.lib.common.rest_client [req-527735f2-87e6-467d-8b76-923ecc425439 req-527735f2-87e6-467d-8b76-923ecc425439 ] Request (ServerExternalEventsTest:test_create_server_external_events): 200 GET http://10.180.1.21/compute/v2.1/servers/6415730a-4aa9-47f0-960e-509459c615f7 1.293s
2025-04-17 11:47:41.253 71231 INFO tempest.common.waiters [-] State transition "BUILD/networking" ==> "BUILD/spawning" after 35 second wait
2025-04-17 11:47:41.296 71225 INFO tempest.lib.common.rest_client [req-cd4c4999-cc3c-4025-a6dd-fd6e25997f4f req-cd4c4999-cc3c-4025-a6dd-fd6e25997f4f ] Request (ServerAddressesTestJSON:setUpClass): 200 GET http://10.180.1.21/compute/v2.1/servers/331fc4c1-2d75-4d25-b160-0fbb77937314 1.274s
2025-04-17 11:47:41.308 71215 INFO tempest.lib.common.rest_client [req-cd526005-740a-43ec-94e5-bf70dde1d610 req-cd526005-740a-43ec-94e5-bf70dde1d610 ] Request (ServersAdmin275Test:test_rebuild_update_server_275): 200 GET http://10.180.1.21/compute/v2.1/servers/dcbf8cff-2227-4d10-843d-c08d4a98695e 1.284s
2025-04-17 11:47:41.310 71195 INFO tempest.lib.common.rest_client [req-fe323eeb-60ad-4388-9d56-901759693d60 req-fe323eeb-60ad-4388-9d56-901759693d60 ] Request (ServerGroupTestJSON:test_create_delete_multiple_server_groups_with_same_name_policy): 200 GET http://10.180.1.21/compute/v2.1/os-server-groups 1.227s
2025-04-17 11:47:41.383 71193 INFO tempest.lib.common.rest_client [req-323c3703-d7e1-45d3-b5a1-0edfcdeef104 req-323c3703-d7e1-45d3-b5a1-0edfcdeef104 ] Request (ListImageFiltersTestJSON:setUpClass): 200 GET http://10.180.1.21/compute/v2.1/servers/a68640b9-e77b-4572-b1fd-9b878578e63c 1.284s
2025-04-17 11:47:41.384 71233 INFO tempest.lib.common.rest_client [req-a8c410a1-779e-4216-8fbe-a16f7cc31557 req-a8c410a1-779e-4216-8fbe-a16f7cc31557 ] Request (ServerShowV247Test:tearDownClass): 200 GET http://10.180.1.21/compute/v2.1/servers/97c97a43-1d7c-4c5f-b54f-ba3bd8e0a7dc 1.206s
2025-04-17 11:47:41.394 71233 INFO tempest.common.waiters [-] State transition "ACTIVE/deleting" ==> "DELETED/None" after 6 second wait
2025-04-17 11:47:41.452 71187 INFO tempest.lib.common.rest_client [req-2f033c20-53be-467e-8214-b40081f61e86 req-2f033c20-53be-467e-8214-b40081f61e86 ] Request (ServersAaction247Test:test_create_backup): 200 GET http://10.180.1.21/compute/v2.1/servers/842fc73b-8c91-4c4f-93fe-17b20c1ea4dc 1.146s
2025-04-17 11:47:41.469 71199 INFO tempest.lib.common.rest_client [req-22e362d1-667d-490d-be15-fe4257d6c961 req-22e362d1-667d-490d-be15-fe4257d6c961 ] Request (SecurityGroupsTestJSON:test_list_security_groups_by_server): 200 GET http://10.180.1.21/compute/v2.1/servers/ef4a1e5c-a8a3-4e6c-901d-b71b2f857d0d 1.234s
2025-04-17 11:47:41.537 71189 INFO tempest.lib.common.rest_client [req-6ac1f1aa-9dfd-4d42-9dd8-1fe806e35196 req-6ac1f1aa-9dfd-4d42-9dd8-1fe806e35196 ] Request (ServerActionsV293TestJSON:setUpClass): 201 POST http://10.180.1.21:9696/networking/v2.0/floatingips 1.564s
2025-04-17 11:47:41.544 71191 INFO tempest.lib.common.rest_client [req-b8dabc92-5f6f-45c7-a927-33cc60e5b4c9 req-b8dabc92-5f6f-45c7-a927-33cc60e5b4c9 ] Request (AttachInterfacesV270Test:test_create_get_list_interfaces): 200 GET http://10.180.1.21/compute/v2.1/servers/ec7a7de1-c7e5-469b-ada8-634381ee04fd 1.077s
2025-04-17 11:47:41.581 71235 INFO tempest.lib.common.rest_client [req-0cff0be5-a2f6-4074-b477-5999e82204ab req-0cff0be5-a2f6-4074-b477-5999e82204ab ] Request (VolumesAdminNegativeTest:test_update_attached_volume_with_nonexistent_volume_in_body): 201 POST http://10.180.1.21:9696/networking/v2.0/floatingips 0.627s
2025-04-17 11:47:41.591 71189 INFO tempest.lib.common.rest_client [req-679bcb24-3823-47da-be3b-7b69ecc0e8ba req-679bcb24-3823-47da-be3b-7b69ecc0e8ba ] Request (ServerActionsV293TestJSON:setUpClass): 201 POST http://10.180.1.21/identity/v3/auth/tokens 0.050s
2025-04-17 11:47:41.591 71189 INFO tempest.lib.common.fixed_network [-] (ServerActionsV293TestJSON:setUpClass) Found network {'id': '964198d8-8a24-40de-8171-5bee86ed65af', 'name': 'tempest-ServerActionsV293TestJSON-1528126243-network', 'tenant_id': '7b67d7ecb5bd4c5aa548b821f9ad70dc', 'admin_state_up': True, 'mtu': 8950, 'status': 'ACTIVE', 'subnets': [], 'shared': False, 'project_id': '7b67d7ecb5bd4c5aa548b821f9ad70dc', 'port_security_enabled': True, 'router:external': False, 'provider:network_type': 'vlan', 'provider:physical_network': 'default', 'provider:segmentation_id': 438, 'availability_zone_hints': [], 'availability_zones': [], 'ipv4_address_scope': None, 'ipv6_address_scope': None, 'description': '', 'tags': [], 'created_at': '2025-04-17T11:47:33Z', 'updated_at': '2025-04-17T11:47:33Z', 'revision_number': 1} available for tenant
2025-04-17 11:47:41.615 71213 INFO tempest.lib.common.rest_client [req-c747446a-f7b7-4ee2-8c30-8ab03ac545b0 req-c747446a-f7b7-4ee2-8c30-8ab03ac545b0 ] Request (ServersAdminTestJSON:test_create_server_with_scheduling_hint): 200 GET http://10.180.1.21/compute/v2.1/servers/cd4b0d7b-8070-4a0a-a8bd-09cc2c296789 1.063s
2025-04-17 11:47:41.625 71235 INFO tempest.lib.common.rest_client [req-44d0da24-ece7-4474-b65f-6a12a14403b3 req-44d0da24-ece7-4474-b65f-6a12a14403b3 ] Request (VolumesAdminNegativeTest:test_update_attached_volume_with_nonexistent_volume_in_body): 201 POST http://10.180.1.21/identity/v3/auth/tokens 0.039s
2025-04-17 11:47:41.626 71235 INFO tempest.lib.common.fixed_network [-] (VolumesAdminNegativeTest:test_update_attached_volume_with_nonexistent_volume_in_body) Found network {'id': 'd47c5485-afb8-4e27-9b84-ba0751a8e932', 'name': 'tempest-VolumesAdminNegativeTest-706264388-network', 'tenant_id': 'ca8ee7c29a8f4dcdb84ae7af3742d1b9', 'admin_state_up': True, 'mtu': 8950, 'status': 'ACTIVE', 'subnets': [], 'shared': False, 'project_id': 'ca8ee7c29a8f4dcdb84ae7af3742d1b9', 'port_security_enabled': True, 'router:external': False, 'provider:network_type': 'vlan', 'provider:physical_network': 'default', 'provider:segmentation_id': 481, 'availability_zone_hints': [], 'availability_zones': [], 'ipv4_address_scope': None, 'ipv6_address_scope': None, 'description': '', 'tags': [], 'created_at': '2025-04-17T11:47:27Z', 'updated_at': '2025-04-17T11:47:27Z', 'revision_number': 1} available for tenant
2025-04-17 11:47:41.852 71221 WARNING tempest.lib.common.ssh [-] Failed to establish authenticated ssh connection to cirros@10.180.180.192 ([Errno None] Unable to connect to port 22 on 10.180.180.192). Number attempts: 4. Retry after 5 seconds.: paramiko.ssh_exception.NoValidConnectionsError: [Errno None] Unable to connect to port 22 on 10.180.180.192
2025-04-17 11:47:41.859 71245 INFO tempest.lib.common.rest_client [req-7fff6caf-f469-4a06-b288-e0302c707782 req-7fff6caf-f469-4a06-b288-e0302c707782 ] Request (ServerRescueTestJSONUnderV235:test_rescued_vm_add_remove_security_group): 202 POST http://10.180.1.21/compute/v2.1/servers/8dc05e7d-bad4-42ba-a73e-30816551cf75/action 1.470s
2025-04-17 11:47:41.932 71237 INFO tempest.lib.common.rest_client [req-1dbf529a-8ae5-4a78-9e6e-d9a2e33cce22 req-1dbf529a-8ae5-4a78-9e6e-d9a2e33cce22 ] Request (ServersTestBootFromVolume:setUpClass): 200 PUT http://10.180.1.21:9696/networking/v2.0/routers/8be48f8b-27dc-4d92-bd3a-aac2008e63ca/add_router_interface 2.055s
2025-04-17 11:47:41.932 71237 INFO tempest.lib.common.dynamic_creds [-] Created isolated network resources for: credentials: Credentials: {'domain_id': 'default', 'domain_name': 'Default', 'username': 'tempest-ServersTestBootFromVolume-169870283-project-member', 'project_domain_id': 'default', 'project_domain_name': 'Default', 'project_id': 'ec54c11b9659488da13a8e353b24cf76', 'project_name': 'tempest-ServersTestBootFromVolume-169870283', 'tenant_id': 'ec54c11b9659488da13a8e353b24cf76', 'tenant_name': 'tempest-ServersTestBootFromVolume-169870283', 'user_domain_id': 'default', 'user_domain_name': 'Default', 'user_id': 'e393244c93f54a55822310ab6325123a', 'system': None}, Network: {'id': 'e95b13d2-cdae-448a-90ae-711bcd9f3cdb', 'name': 'tempest-ServersTestBootFromVolume-793255591-network', 'tenant_id': 'ec54c11b9659488da13a8e353b24cf76', 'admin_state_up': True, 'mtu': 8950, 'status': 'ACTIVE', 'subnets': [], 'shared': False, 'project_id': 'ec54c11b9659488da13a8e353b24cf76', 'port_security_enabled': True, 'router:external': False, 'provider:network_type': 'vlan', 'provider:physical_network': 'default', 'provider:segmentation_id': 476, 'availability_zone_hints': [], 'availability_zones': [], 'ipv4_address_scope': None, 'ipv6_address_scope': None, 'description': '', 'tags': [], 'created_at': '2025-04-17T11:47:36Z', 'updated_at': '2025-04-17T11:47:36Z', 'revision_number': 1}, Subnet: {'id': '1b293dd5-43e6-4b78-82ad-5795f541f885', 'name': 'tempest-ServersTestBootFromVolume-793255591-subnet', 'tenant_id': 'ec54c11b9659488da13a8e353b24cf76', 'network_id': 'e95b13d2-cdae-448a-90ae-711bcd9f3cdb', 'ip_version': 4, 'subnetpool_id': None, 'enable_dhcp': True, 'ipv6_ra_mode': None, 'ipv6_address_mode': None, 'gateway_ip': '192.168.128.1', 'cidr': '192.168.128.0/28', 'allocation_pools': [{'start': '192.168.128.2', 'end': '192.168.128.14'}], 'host_routes': [], 'dns_nameservers': [], 'description': '', 'router:external': False, 'service_types': [], 'tags': [], 'created_at': '2025-04-17T11:47:36Z', 'updated_at': '2025-04-17T11:47:36Z', 'revision_number': 0, 'project_id': 'ec54c11b9659488da13a8e353b24cf76'}, Router: {'id': '8be48f8b-27dc-4d92-bd3a-aac2008e63ca', 'name': 'tempest-ServersTestBootFromVolume-793255591-router', 'tenant_id': 'ec54c11b9659488da13a8e353b24cf76', 'admin_state_up': True, 'status': 'ACTIVE', 'external_gateway_info': {'network_id': '1557cddf-3053-4381-bbb9-4821e73aa036', 'external_fixed_ips': [{'subnet_id': 'd1a76577-5ab0-4baf-a647-936985850ed0', 'ip_address': '10.180.180.200'}], 'enable_snat': True}, 'description': '', 'availability_zones': [], 'distributed': False, 'ha': False, 'availability_zone_hints': [], 'routes': [], 'flavor_id': None, 'tags': [], 'created_at': '2025-04-17T11:47:37Z', 'updated_at': '2025-04-17T11:47:39Z', 'revision_number': 2, 'project_id': 'ec54c11b9659488da13a8e353b24cf76'}
2025-04-17 11:47:42.016 71207 INFO tempest.lib.common.rest_client [req-ef471a62-ec2d-4c7c-9f49-ae4a80f65988 req-ef471a62-ec2d-4c7c-9f49-ae4a80f65988 ] Request (MigrationsAdminTest:test_list_migrations_in_flavor_resize_situation): 200 GET http://10.180.1.21/compute/v2.1/servers/f97cb95b-5d2e-4ac4-ba82-80a705a086f4 1.264s
2025-04-17 11:47:42.029 71207 INFO tempest.common.waiters [-] State transition "RESIZE/resize_migrating" ==> "RESIZE/resize_migrated" after 37 second wait
2025-04-17 11:47:42.039 71237 INFO tempest.lib.common.rest_client [req-87f2180c-0597-4ae1-a200-8bc32e8c107b req-87f2180c-0597-4ae1-a200-8bc32e8c107b ] Request (ServersTestBootFromVolume:setUpClass): 201 POST http://10.180.1.21/identity/v3/auth/tokens 0.103s
2025-04-17 11:47:42.076 71185 INFO tempest.lib.common.rest_client [req-b6941e19-9b1d-4ba3-88b9-3c7825aeff57 req-b6941e19-9b1d-4ba3-88b9-3c7825aeff57 ] Request (ListServerFiltersTestJSON:setUpClass): 202 POST http://10.180.1.21/compute/v2.1/servers 1.352s
2025-04-17 11:47:42.141 71185 INFO tempest.lib.common.rest_client [req-3273291d-6bcd-46dd-a9ee-1bc1085afe93 req-3273291d-6bcd-46dd-a9ee-1bc1085afe93 ] Request (ListServerFiltersTestJSON:setUpClass): 201 POST http://10.180.1.21/identity/v3/auth/tokens 0.059s
2025-04-17 11:47:42.141 71185 INFO tempest.lib.common.fixed_network [-] (ListServerFiltersTestJSON:setUpClass) Found network {'id': '26cb3356-0178-4a40-b1d3-d1845489d720', 'name': 'tempest-ListServerFiltersTestJSON-1342100142-network', 'tenant_id': 'b76930aa509342adbfff52f545873d53', 'admin_state_up': True, 'mtu': 8950, 'status': 'ACTIVE', 'subnets': [], 'shared': False, 'project_id': 'b76930aa509342adbfff52f545873d53', 'port_security_enabled': True, 'router:external': False, 'provider:network_type': 'vlan', 'provider:physical_network': 'default', 'provider:segmentation_id': 451, 'availability_zone_hints': [], 'availability_zones': [], 'ipv4_address_scope': None, 'ipv6_address_scope': None, 'description': '', 'tags': [], 'created_at': '2025-04-17T11:47:39Z', 'updated_at': '2025-04-17T11:47:39Z', 'revision_number': 1} available for tenant
2025-04-17 11:47:42.143 71209 INFO tempest.lib.common.rest_client [req-faca95ff-c647-466f-916d-50e8a981058c req-faca95ff-c647-466f-916d-50e8a981058c ] Request (ServerActionsTestOtherB:setUpClass): 200 GET http://10.180.1.21/compute/v2.1/servers/e4828dea-a14c-4aff-8e6f-e1986f399b60 1.210s
2025-04-17 11:47:42.206 71211 INFO tempest.lib.common.rest_client [req-b66c8ff6-b965-4ca7-b138-940f504598aa req-b66c8ff6-b965-4ca7-b138-940f504598aa ] Request (ServersWithSpecificFlavorTestJSON:test_verify_created_server_ephemeral_disk): 200 GET http://10.180.1.21/compute/v2.1/servers/39540351-0bb2-4505-a505-06bf5aaca7f2 1.295s
2025-04-17 11:47:42.213 71201 INFO tempest.lib.common.rest_client [req-5b018f46-544e-465c-8fcc-a87a86a32d6d req-5b018f46-544e-465c-8fcc-a87a86a32d6d ] Request (FloatingIPsAssociationTestJSON:setUpClass): 200 GET http://10.180.1.21/compute/v2.1/servers/47e97d46-a933-43cf-98fc-2865c78a4492 1.169s
2025-04-17 11:47:42.251 71229 INFO tempest.lib.common.rest_client [req-5c1b774a-88a9-4ac1-b025-d3915e260ffd req-5c1b774a-88a9-4ac1-b025-d3915e260ffd ] Request (ImagesOneServerNegativeTestJSON:test_create_second_image_when_first_image_is_being_saved): 409 POST http://10.180.1.21/compute/v2.1/servers/a893add8-af75-482e-b1a9-0fa099407df8/action 1.202s
2025-04-17 11:47:42.261 71189 INFO tempest.lib.common.rest_client [req-de4ac10c-d52f-4af5-8ac4-d932e986b707 req-de4ac10c-d52f-4af5-8ac4-d932e986b707 ] Request (ServerActionsV293TestJSON:setUpClass): 202 POST http://10.180.1.21/volume/v3/volumes 0.668s
2025-04-17 11:47:42.275 71195 INFO tempest.lib.common.rest_client [req-3d1e88e1-18e6-48b6-91e2-7047c47194a3 req-3d1e88e1-18e6-48b6-91e2-7047c47194a3 ] Request (ServerGroupTestJSON:test_create_delete_multiple_server_groups_with_same_name_policy): 204 DELETE http://10.180.1.21/compute/v2.1/os-server-groups/dcab102c-b846-4931-b8b0-ae4b2eecad56 0.963s
2025-04-17 11:47:42.293 71239 INFO tempest.lib.common.rest_client [req-f3ecdfad-f2b3-4e1a-9c32-a10becaba236 req-f3ecdfad-f2b3-4e1a-9c32-a10becaba236 ] Request (DeleteServersAdminTestJSON:test_delete_server_while_in_error_state): 200 GET http://10.180.1.21/compute/v2.1/servers/c70bd66c-05f2-406d-8daa-58ff59fb5d93 1.234s
2025-04-17 11:47:42.316 71189 INFO tempest.lib.common.rest_client [req-d2df4da5-4f19-4e8e-8c9a-d357c8331c08 req-d2df4da5-4f19-4e8e-8c9a-d357c8331c08 ] Request (ServerActionsV293TestJSON:setUpClass): 200 GET http://10.180.1.21/volume/v3/volumes/16477e5f-7e9e-4c08-a94c-c99b322d368d 0.045s
2025-04-17 11:47:42.376 71197 INFO tempest.lib.common.rest_client [req-fde04369-d9d1-4e8e-a33e-af2005519849 req-fde04369-d9d1-4e8e-a33e-af2005519849 ] Request (ServerAddressesNegativeTestJSON:setUpClass): 200 GET http://10.180.1.21/compute/v2.1/servers/76085f51-855e-4d02-ae73-ddf86201158a 0.884s
2025-04-17 11:47:42.438 71247 INFO tempest.lib.common.rest_client [req-58b408c9-9de6-4a69-8f9e-ba6defa8383a req-58b408c9-9de6-4a69-8f9e-ba6defa8383a ] Request (ImagesOneServerTestJSON:setUpClass): 200 GET http://10.180.1.21/compute/v2.1/servers/decc1817-c45d-4e03-92c2-80bcaa2ba0f9 0.953s
2025-04-17 11:47:42.455 71243 INFO tempest.lib.common.rest_client [req-5778bc07-16c5-49c0-be84-8fc5744088da req-5778bc07-16c5-49c0-be84-8fc5744088da ] Request (TenantUsagesTestJSON:setUpClass): 200 GET http://10.180.1.21/compute/v2.1/servers/f7271eec-aab3-4258-a6c3-08ac0664d200 0.880s
2025-04-17 11:47:42.466 71243 INFO tempest.common.waiters [-] State transition "BUILD/None" ==> "BUILD/networking" after 36 second wait
2025-04-17 11:47:42.573 71205 INFO tempest.lib.common.rest_client [req-d3e1f0a3-b991-4105-ba13-71ca7c7ba268 req-d3e1f0a3-b991-4105-ba13-71ca7c7ba268 ] Request (ServersListShow296Test:tearDownClass): 200 GET http://10.180.1.21/compute/v2.1/servers/3dcf9e2a-4306-4025-a942-9aa1a598f49f 0.828s
2025-04-17 11:47:42.652 71227 INFO tempest.lib.common.rest_client [req-cb6f1c14-c307-4349-a36a-f4a99145267a req-cb6f1c14-c307-4349-a36a-f4a99145267a ] Request (ServersAdminNegativeTestJSON:test_migrate_server_invalid_state): 200 GET http://10.180.1.21/compute/v2.1/servers/7dcc0086-65cf-41c7-b647-6426f7c36c10 0.830s
2025-04-17 11:47:43.048 71235 INFO tempest.lib.common.rest_client [req-794f032c-94f3-4008-b90d-d80592b604b2 req-794f032c-94f3-4008-b90d-d80592b604b2 ] Request (VolumesAdminNegativeTest:test_update_attached_volume_with_nonexistent_volume_in_body): 202 POST http://10.180.1.21/compute/v2.1/servers 1.421s
2025-04-17 11:47:43.151 71237 INFO tempest.lib.common.rest_client [req-db94841c-e75d-4e0f-9429-9a6b6bc0052c req-db94841c-e75d-4e0f-9429-9a6b6bc0052c ] Request (ServersTestBootFromVolume:setUpClass): 200 POST http://10.180.1.21/compute/v2.1/os-keypairs 1.111s
2025-04-17 11:47:43.205 71245 INFO tempest.lib.common.rest_client [req-c6fba0a7-963d-44a1-8a7c-8fa85a03e669 req-c6fba0a7-963d-44a1-8a7c-8fa85a03e669 ] Request (ServerRescueTestJSONUnderV235:test_rescued_vm_add_remove_security_group): 202 POST http://10.180.1.21/compute/v2.1/servers/8dc05e7d-bad4-42ba-a73e-30816551cf75/action 1.345s
2025-04-17 11:47:43.337 71237 INFO tempest.lib.common.rest_client [req-296bfdf1-1612-4282-98ff-12c50cec9062 req-296bfdf1-1612-4282-98ff-12c50cec9062 ] Request (ServersTestBootFromVolume:setUpClass): 201 POST http://10.180.1.21:9696/networking/v2.0/security-groups 0.184s
2025-04-17 11:47:43.369 71189 INFO tempest.lib.common.rest_client [req-dcbb0fdb-66ee-46de-b739-89a6f37c3370 req-dcbb0fdb-66ee-46de-b739-89a6f37c3370 ] Request (ServerActionsV293TestJSON:setUpClass): 200 GET http://10.180.1.21/volume/v3/volumes/16477e5f-7e9e-4c08-a94c-c99b322d368d 0.040s
2025-04-17 11:47:43.380 71229 INFO tempest.lib.common.rest_client [req-88cc118e-db25-4899-b9bf-da74c16b6b26 req-88cc118e-db25-4899-b9bf-da74c16b6b26 ] Request (ImagesOneServerNegativeTestJSON:test_create_second_image_when_first_image_is_being_saved): 204 DELETE http://10.180.1.21/compute/v2.1/images/9d14d6e0-a33f-4534-a8dd-c927bdca1c8c 1.128s
2025-04-17 11:47:43.491 71237 INFO tempest.lib.common.rest_client [req-fc3411ae-57e8-4d64-85c0-a639385a7d21 req-fc3411ae-57e8-4d64-85c0-a639385a7d21 ] Request (ServersTestBootFromVolume:setUpClass): 201 POST http://10.180.1.21:9696/networking/v2.0/security-group-rules 0.153s
2025-04-17 11:47:43.516 71185 INFO tempest.lib.common.rest_client [req-693763bc-25e3-46b0-ba32-f6671ea819b6 req-693763bc-25e3-46b0-ba32-f6671ea819b6 ] Request (ListServerFiltersTestJSON:setUpClass): 202 POST http://10.180.1.21/compute/v2.1/servers 1.371s
2025-04-17 11:47:43.531 71242 INFO tempest.lib.common.rest_client [req-290ec50a-7f31-4679-9fc9-e28291d4a2d1 req-290ec50a-7f31-4679-9fc9-e28291d4a2d1 ] Request (ServerExternalEventsTest:test_create_server_external_events): 200 GET http://10.180.1.21/compute/v2.1/servers/6415730a-4aa9-47f0-960e-509459c615f7 1.278s
2025-04-17 11:47:43.540 71242 INFO tempest.common.waiters [-] State transition "BUILD/spawning" ==> "ACTIVE/None" after 47 second wait
2025-04-17 11:47:43.550 71195 INFO tempest.lib.common.rest_client [req-1574d922-4a99-4c73-b370-7328fb5765f8 req-1574d922-4a99-4c73-b370-7328fb5765f8 ] Request (ServerGroupTestJSON:test_create_delete_multiple_server_groups_with_same_name_policy): 200 GET http://10.180.1.21/compute/v2.1/os-server-groups 1.275s
2025-04-17 11:47:43.582 71185 INFO tempest.lib.common.rest_client [req-10a212c7-b54b-4891-acdb-f003a67dbca6 req-10a212c7-b54b-4891-acdb-f003a67dbca6 ] Request (ListServerFiltersTestJSON:setUpClass): 201 POST http://10.180.1.21/identity/v3/auth/tokens 0.062s
2025-04-17 11:47:43.583 71185 INFO tempest.lib.common.fixed_network [-] (ListServerFiltersTestJSON:setUpClass) Found network {'id': '26cb3356-0178-4a40-b1d3-d1845489d720', 'name': 'tempest-ListServerFiltersTestJSON-1342100142-network', 'tenant_id': 'b76930aa509342adbfff52f545873d53', 'admin_state_up': True, 'mtu': 8950, 'status': 'ACTIVE', 'subnets': [], 'shared': False, 'project_id': 'b76930aa509342adbfff52f545873d53', 'port_security_enabled': True, 'router:external': False, 'provider:network_type': 'vlan', 'provider:physical_network': 'default', 'provider:segmentation_id': 451, 'availability_zone_hints': [], 'availability_zones': [], 'ipv4_address_scope': None, 'ipv6_address_scope': None, 'description': '', 'tags': [], 'created_at': '2025-04-17T11:47:39Z', 'updated_at': '2025-04-17T11:47:39Z', 'revision_number': 1} available for tenant
2025-04-17 11:47:43.614 71225 INFO tempest.lib.common.rest_client [req-c19f00e4-87c1-418e-88ea-3b2141e6956f req-c19f00e4-87c1-418e-88ea-3b2141e6956f ] Request (ServerAddressesTestJSON:setUpClass): 200 GET http://10.180.1.21/compute/v2.1/servers/331fc4c1-2d75-4d25-b160-0fbb77937314 1.309s
2025-04-17 11:47:43.674 71215 INFO tempest.lib.common.rest_client [req-16efdafd-b1f1-428d-a327-e3fd44b6ae53 req-16efdafd-b1f1-428d-a327-e3fd44b6ae53 ] Request (ServersAdmin275Test:test_rebuild_update_server_275): 200 GET http://10.180.1.21/compute/v2.1/servers/dcbf8cff-2227-4d10-843d-c08d4a98695e 1.353s
2025-04-17 11:47:43.743 71231 INFO tempest.lib.common.rest_client [req-32af266e-ecb6-461a-b5d5-3ccdaabe3f15 req-32af266e-ecb6-461a-b5d5-3ccdaabe3f15 ] Request (AttachInterfacesTestJSON:test_create_list_show_delete_interfaces_by_fixed_ip): 200 GET http://10.180.1.21/compute/v2.1/servers/6e714e41-8baf-492a-b38c-7b162a779556 1.489s
2025-04-17 11:47:43.753 71233 INFO tempest.lib.common.rest_client [req-42d63dbd-f83e-429f-901c-8c361f1f6ab3 req-42d63dbd-f83e-429f-901c-8c361f1f6ab3 ] Request (ServerShowV247Test:tearDownClass): 200 GET http://10.180.1.21/compute/v2.1/servers/97c97a43-1d7c-4c5f-b54f-ba3bd8e0a7dc 1.357s
2025-04-17 11:47:43.808 71237 INFO tempest.lib.common.rest_client [req-59e2ed06-6fc0-4c2d-8bf0-33e1b3f8a646 req-59e2ed06-6fc0-4c2d-8bf0-33e1b3f8a646 ] Request (ServersTestBootFromVolume:setUpClass): 201 POST http://10.180.1.21:9696/networking/v2.0/security-group-rules 0.316s
2025-04-17 11:47:43.810 71187 INFO tempest.lib.common.rest_client [req-9824b97e-817c-4bb3-a196-9311cea9e8c1 req-9824b97e-817c-4bb3-a196-9311cea9e8c1 ] Request (ServersAaction247Test:test_create_backup): 200 GET http://10.180.1.21/compute/v2.1/servers/842fc73b-8c91-4c4f-93fe-17b20c1ea4dc 1.341s
2025-04-17 11:47:43.827 71193 INFO tempest.lib.common.rest_client [req-65789269-5f0f-4bf3-86dc-d28ca066b5d1 req-65789269-5f0f-4bf3-86dc-d28ca066b5d1 ] Request (ListImageFiltersTestJSON:setUpClass): 200 GET http://10.180.1.21/compute/v2.1/servers/a68640b9-e77b-4572-b1fd-9b878578e63c 1.430s
2025-04-17 11:47:43.873 71199 INFO tempest.lib.common.rest_client [req-26c42ef6-45a7-490f-bba4-b106d5992412 req-26c42ef6-45a7-490f-bba4-b106d5992412 ] Request (SecurityGroupsTestJSON:test_list_security_groups_by_server): 200 GET http://10.180.1.21/compute/v2.1/servers/ef4a1e5c-a8a3-4e6c-901d-b71b2f857d0d 1.394s
2025-04-17 11:47:43.883 71191 INFO tempest.lib.common.rest_client [req-cc25f433-dad8-4014-8698-a06f212826f5 req-cc25f433-dad8-4014-8698-a06f212826f5 ] Request (AttachInterfacesV270Test:test_create_get_list_interfaces): 200 GET http://10.180.1.21/compute/v2.1/servers/ec7a7de1-c7e5-469b-ada8-634381ee04fd 1.323s
2025-04-17 11:47:43.930 71213 INFO tempest.lib.common.rest_client [req-4ec4be47-c51f-407a-8810-7bb49cda6e97 req-4ec4be47-c51f-407a-8810-7bb49cda6e97 ] Request (ServersAdminTestJSON:test_create_server_with_scheduling_hint): 200 GET http://10.180.1.21/compute/v2.1/servers/cd4b0d7b-8070-4a0a-a8bd-09cc2c296789 1.303s
2025-04-17 11:47:43.995 71235 INFO tempest.lib.common.rest_client [req-5d593a55-fb60-42e8-8b4c-414898924d54 req-5d593a55-fb60-42e8-8b4c-414898924d54 ] Request (VolumesAdminNegativeTest:test_update_attached_volume_with_nonexistent_volume_in_body): 200 GET http://10.180.1.21/compute/v2.1/servers/d0ca53d2-313b-48e6-95ca-b580e0b083ff 0.945s
2025-04-17 11:47:44.028 71207 INFO tempest.lib.common.rest_client [req-0400bbe2-aa79-417c-9c50-2ca010ecd83f req-0400bbe2-aa79-417c-9c50-2ca010ecd83f ] Request (MigrationsAdminTest:test_list_migrations_in_flavor_resize_situation): 200 GET http://10.180.1.21/compute/v2.1/servers/f97cb95b-5d2e-4ac4-ba82-80a705a086f4 0.998s
2025-04-17 11:47:44.037 71207 INFO tempest.common.waiters [-] State transition "RESIZE/resize_migrated" ==> "RESIZE/resize_finish" after 39 second wait
2025-04-17 11:47:44.059 71209 INFO tempest.lib.common.rest_client [req-abd8834a-b9e4-4ce3-8d48-e3e145f55571 req-abd8834a-b9e4-4ce3-8d48-e3e145f55571 ] Request (ServerActionsTestOtherB:setUpClass): 200 GET http://10.180.1.21/compute/v2.1/servers/e4828dea-a14c-4aff-8e6f-e1986f399b60 0.903s
2025-04-17 11:47:44.068 71209 INFO tempest.common.waiters [-] State transition "BUILD/scheduling" ==> "BUILD/None" after 23 second wait
2025-04-17 11:47:44.145 71223 WARNING tempest.lib.common.ssh [-] Failed to establish authenticated ssh connection to cirros@10.180.180.241 ([Errno None] Unable to connect to port 22 on 10.180.180.241). Number attempts: 4. Retry after 5 seconds.: paramiko.ssh_exception.NoValidConnectionsError: [Errno None] Unable to connect to port 22 on 10.180.180.241
2025-04-17 11:47:44.312 71211 INFO tempest.lib.common.rest_client [req-78cf0585-efe2-44d0-9c6c-2eaf2b69f0e3 req-78cf0585-efe2-44d0-9c6c-2eaf2b69f0e3 ] Request (ServersWithSpecificFlavorTestJSON:test_verify_created_server_ephemeral_disk): 200 GET http://10.180.1.21/compute/v2.1/servers/39540351-0bb2-4505-a505-06bf5aaca7f2 1.094s
2025-04-17 11:47:44.372 71201 INFO tempest.lib.common.rest_client [req-466e9d63-491e-457e-bd6c-a3ac81668bad req-466e9d63-491e-457e-bd6c-a3ac81668bad ] Request (FloatingIPsAssociationTestJSON:setUpClass): 200 GET http://10.180.1.21/compute/v2.1/servers/47e97d46-a933-43cf-98fc-2865c78a4492 1.147s
2025-04-17 11:47:44.431 71189 INFO tempest.lib.common.rest_client [req-240423fe-dab2-4599-bf02-201fffec92d6 req-240423fe-dab2-4599-bf02-201fffec92d6 ] Request (ServerActionsV293TestJSON:setUpClass): 200 GET http://10.180.1.21/volume/v3/volumes/16477e5f-7e9e-4c08-a94c-c99b322d368d 0.052s
2025-04-17 11:47:44.469 71239 INFO tempest.lib.common.rest_client [req-47d508a7-e015-4ebf-8477-669a44b2190e req-47d508a7-e015-4ebf-8477-669a44b2190e ] Request (DeleteServersAdminTestJSON:test_delete_server_while_in_error_state): 200 GET http://10.180.1.21/compute/v2.1/servers/c70bd66c-05f2-406d-8daa-58ff59fb5d93 1.167s
2025-04-17 11:47:44.651 71237 INFO tempest.lib.common.rest_client [req-cab2809d-2aa6-4de6-86f0-6208ee896e52 req-cab2809d-2aa6-4de6-86f0-6208ee896e52 ] Request (ServersTestBootFromVolume:setUpClass): 201 POST http://10.180.1.21:9696/networking/v2.0/floatingips 0.843s
2025-04-17 11:47:44.698 71237 INFO tempest.lib.common.rest_client [req-d39ec1c6-6fca-41dd-9b4a-a4495ed28923 req-d39ec1c6-6fca-41dd-9b4a-a4495ed28923 ] Request (ServersTestBootFromVolume:setUpClass): 201 POST http://10.180.1.21/identity/v3/auth/tokens 0.044s
2025-04-17 11:47:44.699 71237 INFO tempest.lib.common.fixed_network [-] (ServersTestBootFromVolume:setUpClass) Found network {'id': 'e95b13d2-cdae-448a-90ae-711bcd9f3cdb', 'name': 'tempest-ServersTestBootFromVolume-793255591-network', 'tenant_id': 'ec54c11b9659488da13a8e353b24cf76', 'admin_state_up': True, 'mtu': 8950, 'status': 'ACTIVE', 'subnets': [], 'shared': False, 'project_id': 'ec54c11b9659488da13a8e353b24cf76', 'port_security_enabled': True, 'router:external': False, 'provider:network_type': 'vlan', 'provider:physical_network': 'default', 'provider:segmentation_id': 476, 'availability_zone_hints': [], 'availability_zones': [], 'ipv4_address_scope': None, 'ipv6_address_scope': None, 'description': '', 'tags': [], 'created_at': '2025-04-17T11:47:36Z', 'updated_at': '2025-04-17T11:47:36Z', 'revision_number': 1} available for tenant
2025-04-17 11:47:44.705 71229 INFO tempest.lib.common.rest_client [req-765de04a-7676-4c8e-a6a5-348886f51aae req-765de04a-7676-4c8e-a6a5-348886f51aae ] Request (ImagesOneServerNegativeTestJSON:tearDown): 200 GET http://10.180.1.21/compute/v2.1/servers/a893add8-af75-482e-b1a9-0fa099407df8 1.325s
2025-04-17 11:47:44.785 71197 INFO tempest.lib.common.rest_client [req-11970a7b-fc1b-4202-a26b-745a0f1df487 req-11970a7b-fc1b-4202-a26b-745a0f1df487 ] Request (ServerAddressesNegativeTestJSON:setUpClass): 200 GET http://10.180.1.21/compute/v2.1/servers/76085f51-855e-4d02-ae73-ddf86201158a 1.396s
2025-04-17 11:47:44.793 71197 INFO tempest.common.waiters [-] State transition "BUILD/None" ==> "BUILD/networking" after 37 second wait
2025-04-17 11:47:44.809 71245 INFO tempest.lib.common.rest_client [req-745a6f63-1e08-4374-a352-62d27decbe43 req-745a6f63-1e08-4374-a352-62d27decbe43 ] Request (ServerRescueTestJSONUnderV235:test_rescued_vm_associate_dissociate_floating_ip): 200 POST http://10.180.1.21/compute/v2.1/os-floating-ips 1.601s
2025-04-17 11:47:44.913 71243 INFO tempest.lib.common.rest_client [req-5b74ccaf-bf03-47f1-82c7-1e735fb844cd req-5b74ccaf-bf03-47f1-82c7-1e735fb844cd ] Request (TenantUsagesTestJSON:setUpClass): 200 GET http://10.180.1.21/compute/v2.1/servers/f7271eec-aab3-4258-a6c3-08ac0664d200 1.445s
2025-04-17 11:47:44.921 71243 INFO tempest.common.waiters [-] State transition "BUILD/networking" ==> "BUILD/spawning" after 38 second wait
2025-04-17 11:47:44.967 71247 INFO tempest.lib.common.rest_client [req-a29a1a86-5c71-4625-a845-f05c759d8967 req-a29a1a86-5c71-4625-a845-f05c759d8967 ] Request (ImagesOneServerTestJSON:setUpClass): 200 GET http://10.180.1.21/compute/v2.1/servers/decc1817-c45d-4e03-92c2-80bcaa2ba0f9 1.512s
2025-04-17 11:47:45.007 71237 INFO tempest.lib.common.rest_client [req-7368f3ce-feb2-45a5-98c7-8adac014bd26 req-7368f3ce-feb2-45a5-98c7-8adac014bd26 ] Request (ServersTestBootFromVolume:setUpClass): 202 POST http://10.180.1.21/volume/v3/volumes 0.307s
2025-04-17 11:47:45.035 71242 INFO tempest.lib.common.rest_client [req-8816386b-4bf2-4067-a1c8-05ea785ad967 req-8816386b-4bf2-4067-a1c8-05ea785ad967 ] Request (ServerExternalEventsTest:test_create_server_external_events): 200 POST http://10.180.1.21/compute/v2.1/os-server-external-events 1.495s
2025-04-17 11:47:45.045 71195 INFO tempest.lib.common.rest_client [req-935e65e0-e7b9-46a8-9afa-0430fe05f180 req-935e65e0-e7b9-46a8-9afa-0430fe05f180 ] Request (ServerGroupTestJSON:test_create_delete_server_group_with_affinity_policy): 200 POST http://10.180.1.21/compute/v2.1/os-server-groups 1.492s
2025-04-17 11:47:45.050 71237 INFO tempest.lib.common.rest_client [req-d64154f0-270f-4591-853e-f7010e4bf13d req-d64154f0-270f-4591-853e-f7010e4bf13d ] Request (ServersTestBootFromVolume:setUpClass): 200 GET http://10.180.1.21/volume/v3/volumes/9a65219c-eeec-4171-bf9d-fdc7772130f6 0.034s
2025-04-17 11:47:45.154 71205 INFO tempest.lib.common.rest_client [req-f7bb83fb-c2aa-4f85-bdaf-417dcb855be9 req-f7bb83fb-c2aa-4f85-bdaf-417dcb855be9 ] Request (ServersListShow296Test:tearDownClass): 200 GET http://10.180.1.21/compute/v2.1/servers/3dcf9e2a-4306-4025-a942-9aa1a598f49f 1.559s
2025-04-17 11:47:45.223 71227 INFO tempest.lib.common.rest_client [req-5479e1b2-514d-4bc3-b531-fb26d9e8fabe req-5479e1b2-514d-4bc3-b531-fb26d9e8fabe ] Request (ServersAdminNegativeTestJSON:test_migrate_server_invalid_state): 200 GET http://10.180.1.21/compute/v2.1/servers/7dcc0086-65cf-41c7-b647-6426f7c36c10 1.560s
2025-04-17 11:47:45.295 71225 INFO tempest.lib.common.rest_client [req-589c3832-ff15-4bb7-b1fd-729dce769874 req-589c3832-ff15-4bb7-b1fd-729dce769874 ] Request (ServerAddressesTestJSON:setUpClass): 200 GET http://10.180.1.21/compute/v2.1/servers/331fc4c1-2d75-4d25-b160-0fbb77937314 0.671s
2025-04-17 11:47:45.350 71185 INFO tempest.lib.common.rest_client [req-47a48f1e-fc8b-4ec6-a969-2d49217a97b8 req-47a48f1e-fc8b-4ec6-a969-2d49217a97b8 ] Request (ListServerFiltersTestJSON:setUpClass): 202 POST http://10.180.1.21/compute/v2.1/servers 1.766s
2025-04-17 11:47:45.364 71215 INFO tempest.lib.common.rest_client [req-ab7f974c-40f9-4f36-b79e-edb8134353c2 req-ab7f974c-40f9-4f36-b79e-edb8134353c2 ] Request (ServersAdmin275Test:test_rebuild_update_server_275): 200 GET http://10.180.1.21/compute/v2.1/servers/dcbf8cff-2227-4d10-843d-c08d4a98695e 0.677s
2025-04-17 11:47:45.476 71189 INFO tempest.lib.common.rest_client [req-ce19bbe4-0e53-41b5-82dc-c459aecc00dd req-ce19bbe4-0e53-41b5-82dc-c459aecc00dd ] Request (ServerActionsV293TestJSON:setUpClass): 200 GET http://10.180.1.21/volume/v3/volumes/16477e5f-7e9e-4c08-a94c-c99b322d368d 0.036s
2025-04-17 11:47:45.490 71233 INFO tempest.lib.common.rest_client [req-d8d1dced-0964-4c42-ad77-f59c62135bd2 req-d8d1dced-0964-4c42-ad77-f59c62135bd2 ] Request (ServerShowV247Test:tearDownClass): 200 GET http://10.180.1.21/compute/v2.1/servers/97c97a43-1d7c-4c5f-b54f-ba3bd8e0a7dc 0.722s
2025-04-17 11:47:45.553 71231 INFO tempest.lib.common.rest_client [req-863247cd-d9c6-4c22-890e-1344cad7e8cd req-863247cd-d9c6-4c22-890e-1344cad7e8cd ] Request (AttachInterfacesTestJSON:test_create_list_show_delete_interfaces_by_fixed_ip): 200 GET http://10.180.1.21/compute/v2.1/servers/6e714e41-8baf-492a-b38c-7b162a779556 0.801s
2025-04-17 11:47:45.639 71187 INFO tempest.lib.common.rest_client [req-7eb6888a-93bd-489d-b9a1-5926fb9b1c06 req-7eb6888a-93bd-489d-b9a1-5926fb9b1c06 ] Request (ServersAaction247Test:test_create_backup): 200 GET http://10.180.1.21/compute/v2.1/servers/842fc73b-8c91-4c4f-93fe-17b20c1ea4dc 0.817s
2025-04-17 11:47:45.692 71193 INFO tempest.lib.common.rest_client [req-df9cad70-ee73-436e-9716-1b2c79f00a1e req-df9cad70-ee73-436e-9716-1b2c79f00a1e ] Request (ListImageFiltersTestJSON:setUpClass): 200 GET http://10.180.1.21/compute/v2.1/servers/a68640b9-e77b-4572-b1fd-9b878578e63c 0.849s
2025-04-17 11:47:45.745 71199 INFO tempest.lib.common.rest_client [req-5e3d1e8f-5771-485c-9b2e-142cdac16662 req-5e3d1e8f-5771-485c-9b2e-142cdac16662 ] Request (SecurityGroupsTestJSON:test_list_security_groups_by_server): 200 GET http://10.180.1.21/compute/v2.1/servers/ef4a1e5c-a8a3-4e6c-901d-b71b2f857d0d 0.862s
2025-04-17 11:47:45.811 71191 INFO tempest.lib.common.rest_client [req-8f5de3b4-2c4d-4ab2-9a95-5c3e7d1b8a5a req-8f5de3b4-2c4d-4ab2-9a95-5c3e7d1b8a5a ] Request (AttachInterfacesV270Test:test_create_get_list_interfaces): 200 GET http://10.180.1.21/compute/v2.1/servers/ec7a7de1-c7e5-469b-ada8-634381ee04fd 0.915s
2025-04-17 11:47:45.865 71213 INFO tempest.lib.common.rest_client [req-e45a99c8-d15c-4763-8ab0-62413a9d707a req-e45a99c8-d15c-4763-8ab0-62413a9d707a ] Request (ServersAdminTestJSON:test_create_server_with_scheduling_hint): 200 GET http://10.180.1.21/compute/v2.1/servers/cd4b0d7b-8070-4a0a-a8bd-09cc2c296789 0.921s
2025-04-17 11:47:45.930 71235 INFO tempest.lib.common.rest_client [req-e249710d-f217-449d-894a-48605e9c597d req-e249710d-f217-449d-894a-48605e9c597d ] Request (VolumesAdminNegativeTest:test_update_attached_volume_with_nonexistent_volume_in_body): 200 GET http://10.180.1.21/compute/v2.1/servers/d0ca53d2-313b-48e6-95ca-b580e0b083ff 0.920s
