2025-04-17 11:48:06.208 71207 INFO tempest.lib.common.rest_client [req-7074f00a-f0d0-45dc-8ec0-5c3af9f2a5a4 req-7074f00a-f0d0-45dc-8ec0-5c3af9f2a5a4 ] Request (MigrationsAdminTest:test_list_migrations_in_flavor_resize_situation): 200 GET http://10.180.1.21/compute/v2.1/servers/f97cb95b-5d2e-4ac4-ba82-80a705a086f4 0.186s
2025-04-17 11:48:06.258 71225 INFO tempest.lib.common.rest_client [req-13449c28-0b39-4b17-a569-28a83e3f5399 req-13449c28-0b39-4b17-a569-28a83e3f5399 ] Request (ServerAddressesTestJSON:setUpClass): 200 GET http://10.180.1.21/compute/v2.1/servers/331fc4c1-2d75-4d25-b160-0fbb77937314 0.192s
2025-04-17 11:48:06.312 71215 INFO tempest.lib.common.rest_client [req-e6a1db09-8bb4-46c6-9989-d0780250f4d8 req-e6a1db09-8bb4-46c6-9989-d0780250f4d8 ] Request (ServersAdmin275Test:test_rebuild_update_server_275): 200 GET http://10.180.1.21/compute/v2.1/servers/dcbf8cff-2227-4d10-843d-c08d4a98695e 0.174s
2025-04-17 11:48:06.379 71243 INFO tempest.lib.common.rest_client [req-66a4b37b-6a35-44ba-a874-11f0d9849ec9 req-66a4b37b-6a35-44ba-a874-11f0d9849ec9 ] Request (TenantUsagesTestJSON:tearDownClass): 200 GET http://10.180.1.21/compute/v2.1/servers/f7271eec-aab3-4258-a6c3-08ac0664d200 0.235s
2025-04-17 11:48:06.435 71199 INFO tempest.lib.common.rest_client [req-11e545ae-b0ad-4ac3-bef3-c3161dbf9c9a req-11e545ae-b0ad-4ac3-bef3-c3161dbf9c9a ] Request (SecurityGroupsTestJSON:test_list_security_groups_by_server): 200 GET http://10.180.1.21/compute/v2.1/servers/ef4a1e5c-a8a3-4e6c-901d-b71b2f857d0d 0.237s
2025-04-17 11:48:06.490 71187 INFO tempest.lib.common.rest_client [req-741c6f3e-7081-46c1-8ae1-b51b52ae4525 req-741c6f3e-7081-46c1-8ae1-b51b52ae4525 ] Request (ServersAaction247Test:test_create_backup): 200 GET http://10.180.1.21/compute/v2.1/servers/842fc73b-8c91-4c4f-93fe-17b20c1ea4dc 0.238s
2025-04-17 11:48:06.544 71193 INFO tempest.lib.common.rest_client [req-02f04910-bdde-41ad-bd67-6e29e376a154 req-02f04910-bdde-41ad-bd67-6e29e376a154 ] Request (ListImageFiltersTestJSON:setUpClass): 200 GET http://10.180.1.21/compute/v2.1/servers/a68640b9-e77b-4572-b1fd-9b878578e63c 0.282s
2025-04-17 11:48:06.596 71195 INFO tempest.lib.common.rest_client [req-6d7b2f25-d98f-4955-902f-97c4d7fbb8f0 req-6d7b2f25-d98f-4955-902f-97c4d7fbb8f0 ] Request (ServerGroupTestJSON:test_create_server_with_scheduler_hint_group): 200 GET http://10.180.1.21/compute/v2.1/servers/30bee283-5a5d-443f-8799-0675a0e0a2c8 0.274s
2025-04-17 11:48:06.643 71235 INFO tempest.lib.common.rest_client [req-a7926ba7-71d4-4df7-bcfd-24d43525665e req-a7926ba7-71d4-4df7-bcfd-24d43525665e ] Request (VolumesAdminNegativeTest:test_update_attached_volume_with_nonexistent_volume_in_body): 200 GET http://10.180.1.21/compute/v2.1/servers/d0ca53d2-313b-48e6-95ca-b580e0b083ff 0.244s
2025-04-17 11:48:06.683 71237 INFO tempest.lib.common.rest_client [req-b4cc41fb-ddf7-40fe-bb1d-fa38adc457e6 req-b4cc41fb-ddf7-40fe-bb1d-fa38adc457e6 ] Request (ServersTestBootFromVolume:setUpClass): 202 POST http://10.180.1.21/compute/v2.1/servers 0.612s
2025-04-17 11:48:06.735 71233 INFO tempest.lib.common.rest_client [req-0f397714-26e2-4ce4-a705-250077a21a7a req-0f397714-26e2-4ce4-a705-250077a21a7a ] Request (ServerShowV247Test:tearDownClass): 200 GET http://10.180.1.21/compute/v2.1/servers/00ea765e-2487-4758-bfb8-2ff5e5ed4070 0.269s
2025-04-17 11:48:06.763 71191 INFO tempest.lib.common.rest_client [req-b4cec4af-dfd7-492c-8139-e7055bdb7dcf req-b4cec4af-dfd7-492c-8139-e7055bdb7dcf ] Request (AttachInterfacesV270Test:test_create_get_list_interfaces): 200 GET http://10.180.1.21/compute/v2.1/servers/ec7a7de1-c7e5-469b-ada8-634381ee04fd 0.365s
2025-04-17 11:48:06.815 71185 INFO tempest.lib.common.rest_client [req-875c9954-78d1-468e-ac0d-91cadaf90ea4 req-875c9954-78d1-468e-ac0d-91cadaf90ea4 ] Request (ListServerFiltersTestJSON:setUpClass): 200 GET http://10.180.1.21/compute/v2.1/servers/9ebcf594-a25c-4401-b0e4-04740e70bcc7 0.235s
2025-04-17 11:48:06.862 71209 INFO tempest.lib.common.rest_client [req-083fdf7e-6189-4c66-89cc-e0d71c69e3dd req-083fdf7e-6189-4c66-89cc-e0d71c69e3dd ] Request (ServerActionsTestOtherB:setUpClass): 200 GET http://10.180.1.21/compute/v2.1/servers/e4828dea-a14c-4aff-8e6f-e1986f399b60 0.336s
2025-04-17 11:48:06.863 71239 INFO tempest.lib.common.rest_client [req-f8ad16a2-8db4-41f3-a3d5-4876de64716d req-f8ad16a2-8db4-41f3-a3d5-4876de64716d ] Request (DeleteServersAdminTestJSON:test_delete_server_while_in_error_state): 200 GET http://10.180.1.21/compute/v2.1/servers/c70bd66c-05f2-406d-8daa-58ff59fb5d93 0.282s
2025-04-17 11:48:06.869 71209 INFO tempest.common.waiters [-] State transition "BUILD/networking" ==> "BUILD/spawning" after 45 second wait
2025-04-17 11:48:06.907 71237 INFO tempest.lib.common.rest_client [req-94372248-2d52-449a-b0b2-e7c4e7ec5dd3 req-94372248-2d52-449a-b0b2-e7c4e7ec5dd3 ] Request (ServersTestBootFromVolume:setUpClass): 200 GET http://10.180.1.21/compute/v2.1/servers/b6d28619-832a-4d9a-8cf8-bde835200bba 0.223s
2025-04-17 11:48:06.933 71197 INFO tempest.lib.common.rest_client [req-f1afb1de-c113-46bc-bcb0-118d07340c8e req-f1afb1de-c113-46bc-bcb0-118d07340c8e ] Request (ServerAddressesNegativeTestJSON:tearDownClass): 200 GET http://10.180.1.21/compute/v2.1/servers/76085f51-855e-4d02-ae73-ddf86201158a 0.291s
2025-04-17 11:48:06.961 71229 INFO tempest.lib.common.rest_client [req-cf226f81-27c5-4986-a65b-51e6dfee8bd9 req-cf226f81-27c5-4986-a65b-51e6dfee8bd9 ] Request (ImagesOneServerNegativeTestJSON:_run_cleanups): 200 GET http://10.180.1.21/compute/v2.1/servers/a893add8-af75-482e-b1a9-0fa099407df8 0.172s
2025-04-17 11:48:07.040 71227 INFO tempest.lib.common.rest_client [req-49bb5096-2bef-49c6-a6a9-85c456e233cb req-49bb5096-2bef-49c6-a6a9-85c456e233cb ] Request (ServersAdminNegativeTestJSON:tearDownClass): 200 GET http://10.180.1.21/compute/v2.1/servers/7dcc0086-65cf-41c7-b647-6426f7c36c10 0.140s
2025-04-17 11:48:07.066 71201 INFO tempest.lib.common.rest_client [req-c461de0d-99f3-471b-94c3-620d2109a0a4 req-c461de0d-99f3-471b-94c3-620d2109a0a4 ] Request (FloatingIPsAssociationTestJSON:setUpClass): 200 GET http://10.180.1.21/compute/v2.1/servers/47e97d46-a933-43cf-98fc-2865c78a4492 0.089s
2025-04-17 11:48:07.074 71201 INFO tempest.common.waiters [-] State transition "BUILD/spawning" ==> "ACTIVE/None" after 48 second wait
2025-04-17 11:48:07.118 71245 INFO tempest.lib.common.rest_client [req-42f16514-da64-458d-a990-0b4f7e7ddff1 req-42f16514-da64-458d-a990-0b4f7e7ddff1 ] Request (ServerRescueTestJSONUnderV235:tearDownClass): 200 GET http://10.180.1.21/compute/v2.1/servers/8dc05e7d-bad4-42ba-a73e-30816551cf75 0.075s
2025-04-17 11:48:07.125 71247 INFO tempest.lib.common.rest_client [req-236847bb-b50e-47a4-b759-49e8be6bf23d req-236847bb-b50e-47a4-b759-49e8be6bf23d ] Request (ImagesOneServerTestJSON:test_create_delete_image): 200 GET http://10.180.1.21/compute/v2.1/servers/decc1817-c45d-4e03-92c2-80bcaa2ba0f9 0.097s
2025-04-17 11:48:07.132 71247 INFO tempest.common.waiters [-] State transition "ACTIVE/image_uploading" ==> "ACTIVE/None" after 1 second wait
2025-04-17 11:48:07.179 71221 INFO tempest.lib.common.rest_client [req-c070a9b8-3e3f-4f9e-8806-5962c1cb4852 req-c070a9b8-3e3f-4f9e-8806-5962c1cb4852 ] Request (ServersV294TestFqdnHostnames:tearDownClass): 200 GET http://10.180.1.21/compute/v2.1/servers/2f11308d-9290-472a-9a2d-62e3e5dcac8b 0.076s
2025-04-17 11:48:07.238 71242 INFO tempest.lib.common.rest_client [req-ac108d42-c423-404b-ae4e-9f1ecb9f042a req-ac108d42-c423-404b-ae4e-9f1ecb9f042a ] Request (ServerExternalEventsTest:tearDownClass): 200 GET http://10.180.1.21/compute/v2.1/servers/6415730a-4aa9-47f0-960e-509459c615f7 0.124s
2025-04-17 11:48:07.270 71247 INFO tempest.lib.common.rest_client [req-a89d90b7-a1f3-4dfb-b2ef-7f46426fe201 req-a89d90b7-a1f3-4dfb-b2ef-7f46426fe201 ] Request (ImagesOneServerTestJSON:test_create_delete_image): 200 GET http://10.180.1.21/compute/v2.1/images/dd397023-e461-4e98-8ebe-ed21450996ea 0.138s
2025-04-17 11:48:07.318 71213 INFO tempest.lib.common.rest_client [req-bf3a97c6-d06f-4560-9d03-d666d84a78f2 req-bf3a97c6-d06f-4560-9d03-d666d84a78f2 ] Request (ServersAdminTestJSON:test_inject_network_info): 200 GET http://10.180.1.21/compute/v2.1/servers/5672f7d0-4265-47cb-9d68-9eb1a5420f3e 0.167s
2025-04-17 11:48:07.425 71207 INFO tempest.lib.common.rest_client [req-c2e10600-d8fa-409d-b1aa-077d0bcc0ebf req-c2e10600-d8fa-409d-b1aa-077d0bcc0ebf ] Request (MigrationsAdminTest:test_list_migrations_in_flavor_resize_situation): 200 GET http://10.180.1.21/compute/v2.1/servers/f97cb95b-5d2e-4ac4-ba82-80a705a086f4 0.208s
2025-04-17 11:48:07.491 71189 INFO tempest.lib.common.rest_client [req-35f67ef4-2b18-4f3b-ae15-e7a34b48d035 req-35f67ef4-2b18-4f3b-ae15-e7a34b48d035 ] Request (ServerActionsV293TestJSON:setUpClass): 200 GET http://10.180.1.21/compute/v2.1/servers/bd36ce91-908a-408b-ba11-95c6a135f4cf 0.274s
2025-04-17 11:48:07.537 71231 WARNING tempest.lib.common.ssh [-] Failed to establish authenticated ssh connection to cirros@10.180.180.238 ([Errno None] Unable to connect to port 22 on 10.180.180.238). Number attempts: 3. Retry after 4 seconds.: paramiko.ssh_exception.NoValidConnectionsError: [Errno None] Unable to connect to port 22 on 10.180.180.238
2025-04-17 11:48:07.566 71225 INFO tempest.lib.common.rest_client [req-8336e5ea-dad1-4a6a-b05b-3c6c145e64f2 req-8336e5ea-dad1-4a6a-b05b-3c6c145e64f2 ] Request (ServerAddressesTestJSON:setUpClass): 200 GET http://10.180.1.21/compute/v2.1/servers/331fc4c1-2d75-4d25-b160-0fbb77937314 0.301s
2025-04-17 11:48:07.581 71247 INFO tempest.lib.common.rest_client [req-78f2c1a3-55da-4e2b-aea4-a4c151515f14 req-78f2c1a3-55da-4e2b-aea4-a4c151515f14 ] Request (ImagesOneServerTestJSON:test_create_delete_image): 200 GET http://10.180.1.21/compute/v2.1/flavors/42 0.307s
2025-04-17 11:48:07.643 71215 INFO tempest.lib.common.rest_client [req-bf250567-c755-422f-967c-7fda97687006 req-bf250567-c755-422f-967c-7fda97687006 ] Request (ServersAdmin275Test:test_rebuild_update_server_275): 200 GET http://10.180.1.21/compute/v2.1/servers/dcbf8cff-2227-4d10-843d-c08d4a98695e 0.318s
2025-04-17 11:48:07.703 71243 INFO tempest.lib.common.rest_client [req-364b88ec-f147-4d24-a497-ababc1913304 req-364b88ec-f147-4d24-a497-ababc1913304 ] Request (TenantUsagesTestJSON:tearDownClass): 200 GET http://10.180.1.21/compute/v2.1/servers/f7271eec-aab3-4258-a6c3-08ac0664d200 0.313s
2025-04-17 11:48:07.762 71201 INFO tempest.lib.common.rest_client [req-a25c9b14-e77e-4642-ba8b-5522abec4897 req-a25c9b14-e77e-4642-ba8b-5522abec4897 ] Request (FloatingIPsAssociationTestJSON:setUpClass): 200 POST http://10.180.1.21/compute/v2.1/os-floating-ips 0.687s
2025-04-17 11:48:07.770 71199 INFO tempest.lib.common.rest_client [req-8df9d161-5435-47fa-8e1d-ce2363210a21 req-8df9d161-5435-47fa-8e1d-ce2363210a21 ] Request (SecurityGroupsTestJSON:test_list_security_groups_by_server): 200 GET http://10.180.1.21/compute/v2.1/servers/ef4a1e5c-a8a3-4e6c-901d-b71b2f857d0d 0.328s
2025-04-17 11:48:07.812 71187 INFO tempest.lib.common.rest_client [req-35c23b8e-f020-4b3c-ae46-a2091e672b97 req-35c23b8e-f020-4b3c-ae46-a2091e672b97 ] Request (ServersAaction247Test:test_create_backup): 200 GET http://10.180.1.21/compute/v2.1/servers/842fc73b-8c91-4c4f-93fe-17b20c1ea4dc 0.312s
2025-04-17 11:48:07.821 71193 INFO tempest.lib.common.rest_client [req-949f0a56-2982-4afd-8b26-b9e23cb1bdc2 req-949f0a56-2982-4afd-8b26-b9e23cb1bdc2 ] Request (ListImageFiltersTestJSON:setUpClass): 200 GET http://10.180.1.21/compute/v2.1/servers/a68640b9-e77b-4572-b1fd-9b878578e63c 0.269s
2025-04-17 11:48:07.834 71201 INFO tempest.lib.common.rest_client [req-d6ef428e-6dbe-4440-9d03-e6d4f801e75b req-d6ef428e-6dbe-4440-9d03-e6d4f801e75b ] Request (FloatingIPsAssociationTestJSON:test_associate_already_associated_floating_ip): 201 POST http://10.180.1.21/identity/v3/auth/tokens 0.067s
2025-04-17 11:48:07.834 71201 INFO tempest.lib.common.fixed_network [-] (FloatingIPsAssociationTestJSON:test_associate_already_associated_floating_ip) Found network {'id': '597d81de-b815-4619-8377-bdb8eb0effc3', 'name': 'tempest-FloatingIPsAssociationTestJSON-1798964727-network', 'tenant_id': '06a887df179441049f4c4f647d27fc5f', 'admin_state_up': True, 'mtu': 8950, 'status': 'ACTIVE', 'subnets': [], 'shared': False, 'project_id': '06a887df179441049f4c4f647d27fc5f', 'port_security_enabled': True, 'router:external': False, 'provider:network_type': 'vlan', 'provider:physical_network': 'default', 'provider:segmentation_id': 321, 'availability_zone_hints': [], 'availability_zones': [], 'ipv4_address_scope': None, 'ipv6_address_scope': None, 'description': '', 'tags': [], 'created_at': '2025-04-17T11:47:11Z', 'updated_at': '2025-04-17T11:47:11Z', 'revision_number': 1} available for tenant
2025-04-17 11:48:07.864 71195 INFO tempest.lib.common.rest_client [req-20b1c4bd-dadc-4379-8903-d6b35f870116 req-20b1c4bd-dadc-4379-8903-d6b35f870116 ] Request (ServerGroupTestJSON:test_create_server_with_scheduler_hint_group): 200 GET http://10.180.1.21/compute/v2.1/servers/30bee283-5a5d-443f-8799-0675a0e0a2c8 0.259s
2025-04-17 11:48:07.910 71247 INFO tempest.lib.common.rest_client [req-e5cdb1db-4b44-4af3-bbcd-e7883d063888 req-e5cdb1db-4b44-4af3-bbcd-e7883d063888 ] Request (ImagesOneServerTestJSON:test_create_delete_image): 204 DELETE http://10.180.1.21/compute/v2.1/images/a10039aa-4e2d-48fd-836b-1f1b0b49bb74 0.326s
2025-04-17 11:48:07.913 71235 INFO tempest.lib.common.rest_client [req-56fecd65-d38f-4d2e-acfc-3456c11d59e2 req-56fecd65-d38f-4d2e-acfc-3456c11d59e2 ] Request (VolumesAdminNegativeTest:test_update_attached_volume_with_nonexistent_volume_in_body): 200 GET http://10.180.1.21/compute/v2.1/servers/d0ca53d2-313b-48e6-95ca-b580e0b083ff 0.261s
2025-04-17 11:48:07.980 71233 INFO tempest.lib.common.rest_client [req-d82efdf4-ea4c-44ff-867f-aa045f56f86b req-d82efdf4-ea4c-44ff-867f-aa045f56f86b ] Request (ServerShowV247Test:tearDownClass): 200 GET http://10.180.1.21/compute/v2.1/servers/00ea765e-2487-4758-bfb8-2ff5e5ed4070 0.235s
2025-04-17 11:48:07.989 71233 INFO tempest.common.waiters [-] State transition "ACTIVE/deleting" ==> "DELETED/None" after 4 second wait
2025-04-17 11:48:08.032 71185 INFO tempest.lib.common.rest_client [req-b0f845f8-1b57-4303-86f3-beecc0e50fc1 req-b0f845f8-1b57-4303-86f3-beecc0e50fc1 ] Request (ListServerFiltersTestJSON:setUpClass): 200 GET http://10.180.1.21/compute/v2.1/servers/9ebcf594-a25c-4401-b0e4-04740e70bcc7 0.210s
2025-04-17 11:48:08.046 71191 INFO tempest.lib.common.rest_client [req-c9ef9c63-bc99-433b-aeb6-9bb9d4621364 req-c9ef9c63-bc99-433b-aeb6-9bb9d4621364 ] Request (AttachInterfacesV270Test:test_create_get_list_interfaces): 200 GET http://10.180.1.21/compute/v2.1/servers/ec7a7de1-c7e5-469b-ada8-634381ee04fd 0.273s
2025-04-17 11:48:08.149 71209 INFO tempest.lib.common.rest_client [req-b28a6e84-a5f9-49c8-9d6a-ac1de12c0a6f req-b28a6e84-a5f9-49c8-9d6a-ac1de12c0a6f ] Request (ServerActionsTestOtherB:setUpClass): 200 GET http://10.180.1.21/compute/v2.1/servers/e4828dea-a14c-4aff-8e6f-e1986f399b60 0.279s
2025-04-17 11:48:08.210 71239 INFO tempest.lib.common.rest_client [req-f0c1c735-79f7-4fa6-84f9-093a7d41d32b req-f0c1c735-79f7-4fa6-84f9-093a7d41d32b ] Request (DeleteServersAdminTestJSON:test_delete_server_while_in_error_state): 200 GET http://10.180.1.21/compute/v2.1/servers/c70bd66c-05f2-406d-8daa-58ff59fb5d93 0.339s
2025-04-17 11:48:08.217 71239 INFO tempest.common.waiters [-] State transition "BUILD/None" ==> "BUILD/networking" after 46 second wait
2025-04-17 11:48:08.231 71247 INFO tempest.lib.common.rest_client [req-308fede7-93ea-4faf-b9d2-676ffd9b214d req-308fede7-93ea-4faf-b9d2-676ffd9b214d ] Request (ImagesOneServerTestJSON:test_create_delete_image): 404 GET http://10.180.1.21/compute/v2.1/images/a10039aa-4e2d-48fd-836b-1f1b0b49bb74 0.321s
2025-04-17 11:48:08.285 71237 INFO tempest.lib.common.rest_client [req-27267b46-f887-4e6f-ba46-1d966e80305d req-27267b46-f887-4e6f-ba46-1d966e80305d ] Request (ServersTestBootFromVolume:setUpClass): 200 GET http://10.180.1.21/compute/v2.1/servers/b6d28619-832a-4d9a-8cf8-bde835200bba 0.369s
2025-04-17 11:48:08.338 71197 INFO tempest.lib.common.rest_client [req-6b273692-8f75-485d-b22e-ecc88c0ad3d4 req-6b273692-8f75-485d-b22e-ecc88c0ad3d4 ] Request (ServerAddressesNegativeTestJSON:tearDownClass): 200 GET http://10.180.1.21/compute/v2.1/servers/76085f51-855e-4d02-ae73-ddf86201158a 0.397s
2025-04-17 11:48:08.421 71229 INFO tempest.lib.common.rest_client [req-a602ba8f-a57e-4e4a-81aa-53729eead5fe req-a602ba8f-a57e-4e4a-81aa-53729eead5fe ] Request (ImagesOneServerNegativeTestJSON:_run_cleanups): 200 GET http://10.180.1.21/compute/v2.1/servers/a893add8-af75-482e-b1a9-0fa099407df8 0.452s
2025-04-17 11:48:08.483 71227 INFO tempest.lib.common.rest_client [req-05e14cd9-13f1-420b-bcb7-6849b107ea08 req-05e14cd9-13f1-420b-bcb7-6849b107ea08 ] Request (ServersAdminNegativeTestJSON:tearDownClass): 200 GET http://10.180.1.21/compute/v2.1/servers/7dcc0086-65cf-41c7-b647-6426f7c36c10 0.436s
2025-04-17 11:48:08.543 71245 INFO tempest.lib.common.rest_client [req-ba20193e-d0cc-41e4-8afe-134a12e9b2be req-ba20193e-d0cc-41e4-8afe-134a12e9b2be ] Request (ServerRescueTestJSONUnderV235:tearDownClass): 200 GET http://10.180.1.21/compute/v2.1/servers/8dc05e7d-bad4-42ba-a73e-30816551cf75 0.417s
2025-04-17 11:48:08.619 71221 INFO tempest.lib.common.rest_client [req-7aa25c40-5f32-4c02-8464-31e3dd966491 req-7aa25c40-5f32-4c02-8464-31e3dd966491 ] Request (ServersV294TestFqdnHostnames:tearDownClass): 200 GET http://10.180.1.21/compute/v2.1/servers/2f11308d-9290-472a-9a2d-62e3e5dcac8b 0.429s
2025-04-17 11:48:08.697 71201 INFO tempest.lib.common.rest_client [req-eaa4834c-605d-4b31-84f9-71e9bab5ef10 req-eaa4834c-605d-4b31-84f9-71e9bab5ef10 ] Request (FloatingIPsAssociationTestJSON:test_associate_already_associated_floating_ip): 202 POST http://10.180.1.21/compute/v2.1/servers 0.862s
2025-04-17 11:48:08.771 71242 INFO tempest.lib.common.rest_client [req-a0231e07-d990-4aa6-8162-fab40540a673 req-a0231e07-d990-4aa6-8162-fab40540a673 ] Request (ServerExternalEventsTest:tearDownClass): 200 GET http://10.180.1.21/compute/v2.1/servers/6415730a-4aa9-47f0-960e-509459c615f7 0.521s
2025-04-17 11:48:08.824 71213 INFO tempest.lib.common.rest_client [req-2f28378e-a0c4-4fef-9636-35e282196473 req-2f28378e-a0c4-4fef-9636-35e282196473 ] Request (ServersAdminTestJSON:test_inject_network_info): 200 GET http://10.180.1.21/compute/v2.1/servers/5672f7d0-4265-47cb-9d68-9eb1a5420f3e 0.496s
2025-04-17 11:48:08.944 71207 INFO tempest.lib.common.rest_client [req-39912683-f247-46f7-8f64-1639afbcdccf req-39912683-f247-46f7-8f64-1639afbcdccf ] Request (MigrationsAdminTest:test_list_migrations_in_flavor_resize_situation): 200 GET http://10.180.1.21/compute/v2.1/servers/f97cb95b-5d2e-4ac4-ba82-80a705a086f4 0.510s
2025-04-17 11:48:09.004 71189 INFO tempest.lib.common.rest_client [req-2fb60fe7-e4e1-4eb7-8b11-62863f30c5a6 req-2fb60fe7-e4e1-4eb7-8b11-62863f30c5a6 ] Request (ServerActionsV293TestJSON:setUpClass): 200 GET http://10.180.1.21/compute/v2.1/servers/bd36ce91-908a-408b-ba11-95c6a135f4cf 0.502s
2025-04-17 11:48:09.026 71247 INFO tempest.lib.common.rest_client [req-12144e57-9e83-49fb-99c6-aa5a08fdb4c9 req-12144e57-9e83-49fb-99c6-aa5a08fdb4c9 ] Request (ImagesOneServerTestJSON:test_create_image_specify_multibyte_character_image_name): 202 POST http://10.180.1.21/compute/v2.1/servers/decc1817-c45d-4e03-92c2-80bcaa2ba0f9/action 0.791s
2025-04-17 11:48:09.061 71225 INFO tempest.lib.common.rest_client [req-a035df46-c0ef-443f-bd4a-0ae03d98d77d req-a035df46-c0ef-443f-bd4a-0ae03d98d77d ] Request (ServerAddressesTestJSON:setUpClass): 200 GET http://10.180.1.21/compute/v2.1/servers/331fc4c1-2d75-4d25-b160-0fbb77937314 0.481s
2025-04-17 11:48:09.083 71215 INFO tempest.lib.common.rest_client [req-1290e1a5-afae-4a96-ac8f-6e8202df8264 req-1290e1a5-afae-4a96-ac8f-6e8202df8264 ] Request (ServersAdmin275Test:test_rebuild_update_server_275): 200 GET http://10.180.1.21/compute/v2.1/servers/dcbf8cff-2227-4d10-843d-c08d4a98695e 0.430s
2025-04-17 11:48:09.090 71201 INFO tempest.lib.common.rest_client [req-2cfa4235-8e06-41e7-9337-67be8c445035 req-2cfa4235-8e06-41e7-9337-67be8c445035 ] Request (FloatingIPsAssociationTestJSON:test_associate_already_associated_floating_ip): 200 GET http://10.180.1.21/compute/v2.1/servers/fcd97809-14c4-4674-ba98-8a56a34cf239 0.391s
2025-04-17 11:48:09.134 71199 INFO tempest.lib.common.rest_client [req-fce2eac0-8da2-4f1b-8e7d-accbe11fc2ad req-fce2eac0-8da2-4f1b-8e7d-accbe11fc2ad ] Request (SecurityGroupsTestJSON:test_list_security_groups_by_server): 200 GET http://10.180.1.21/compute/v2.1/servers/ef4a1e5c-a8a3-4e6c-901d-b71b2f857d0d 0.355s
2025-04-17 11:48:09.135 71243 INFO tempest.lib.common.rest_client [req-9ac96151-4809-4791-8aee-1d1e27709921 req-9ac96151-4809-4791-8aee-1d1e27709921 ] Request (TenantUsagesTestJSON:tearDownClass): 200 GET http://10.180.1.21/compute/v2.1/servers/f7271eec-aab3-4258-a6c3-08ac0664d200 0.424s
2025-04-17 11:48:09.178 71193 INFO tempest.lib.common.rest_client [req-48c711cc-942c-4768-816f-6fcd0820dfbc req-48c711cc-942c-4768-816f-6fcd0820dfbc ] Request (ListImageFiltersTestJSON:setUpClass): 200 GET http://10.180.1.21/compute/v2.1/servers/a68640b9-e77b-4572-b1fd-9b878578e63c 0.347s
2025-04-17 11:48:09.180 71187 INFO tempest.lib.common.rest_client [req-418be1a0-9344-4637-9c0a-0f1db0f441ad req-418be1a0-9344-4637-9c0a-0f1db0f441ad ] Request (ServersAaction247Test:test_create_backup): 200 GET http://10.180.1.21/compute/v2.1/servers/842fc73b-8c91-4c4f-93fe-17b20c1ea4dc 0.357s
2025-04-17 11:48:09.226 71235 INFO tempest.lib.common.rest_client [req-ae6c343d-cc5e-4dee-a2f6-582cc98838ee req-ae6c343d-cc5e-4dee-a2f6-582cc98838ee ] Request (VolumesAdminNegativeTest:test_update_attached_volume_with_nonexistent_volume_in_body): 200 GET http://10.180.1.21/compute/v2.1/servers/d0ca53d2-313b-48e6-95ca-b580e0b083ff 0.304s
2025-04-17 11:48:09.227 71195 INFO tempest.lib.common.rest_client [req-1e9be478-f3b2-4a17-9f3c-69622de02dec req-1e9be478-f3b2-4a17-9f3c-69622de02dec ] Request (ServerGroupTestJSON:test_create_server_with_scheduler_hint_group): 200 GET http://10.180.1.21/compute/v2.1/servers/30bee283-5a5d-443f-8799-0675a0e0a2c8 0.355s
2025-04-17 11:48:09.260 71247 INFO tempest.lib.common.rest_client [req-6d0166d4-d178-404a-9bf9-98fb81ca3d4c req-6d0166d4-d178-404a-9bf9-98fb81ca3d4c ] Request (ImagesOneServerTestJSON:test_create_image_specify_multibyte_character_image_name): 200 GET http://10.180.1.21/compute/v2.1/images/8144fec5-0197-4f88-94bb-c27e33697b1b 0.233s
2025-04-17 11:48:09.282 71233 INFO tempest.lib.common.rest_client [req-4ebecef4-db33-42eb-ad6e-2fbb0524a35b req-4ebecef4-db33-42eb-ad6e-2fbb0524a35b ] Request (ServerShowV247Test:tearDownClass): 200 GET http://10.180.1.21/compute/v2.1/servers/00ea765e-2487-4758-bfb8-2ff5e5ed4070 0.292s
2025-04-17 11:48:09.309 71185 INFO tempest.lib.common.rest_client [req-77ff7a06-370f-4613-b8c8-f6f640bd7aae req-77ff7a06-370f-4613-b8c8-f6f640bd7aae ] Request (ListServerFiltersTestJSON:setUpClass): 200 GET http://10.180.1.21/compute/v2.1/servers/9ebcf594-a25c-4401-b0e4-04740e70bcc7 0.267s
2025-04-17 11:48:09.415 71209 INFO tempest.lib.common.rest_client [req-29aee5eb-72f0-4f2a-9808-6a8d51b39b44 req-29aee5eb-72f0-4f2a-9808-6a8d51b39b44 ] Request (ServerActionsTestOtherB:setUpClass): 200 GET http://10.180.1.21/compute/v2.1/servers/e4828dea-a14c-4aff-8e6f-e1986f399b60 0.258s
2025-04-17 11:48:09.425 71191 INFO tempest.lib.common.rest_client [req-25cfa570-7f6c-493a-87df-7eb42064e8e0 req-25cfa570-7f6c-493a-87df-7eb42064e8e0 ] Request (AttachInterfacesV270Test:test_create_get_list_interfaces): 200 GET http://10.180.1.21/compute/v2.1/servers/ec7a7de1-c7e5-469b-ada8-634381ee04fd 0.368s
2025-04-17 11:48:09.477 71237 INFO tempest.lib.common.rest_client [req-44d644b2-8cf4-4f12-8f08-16e9a309095b req-44d644b2-8cf4-4f12-8f08-16e9a309095b ] Request (ServersTestBootFromVolume:setUpClass): 200 GET http://10.180.1.21/compute/v2.1/servers/b6d28619-832a-4d9a-8cf8-bde835200bba 0.183s
2025-04-17 11:48:09.534 71197 INFO tempest.lib.common.rest_client [req-e4a70705-7e07-4b3c-a829-278b4d5131c0 req-e4a70705-7e07-4b3c-a829-278b4d5131c0 ] Request (ServerAddressesNegativeTestJSON:tearDownClass): 200 GET http://10.180.1.21/compute/v2.1/servers/76085f51-855e-4d02-ae73-ddf86201158a 0.184s
2025-04-17 11:48:09.553 71239 INFO tempest.lib.common.rest_client [req-3221c295-6327-4bc7-9a22-12f2bceeab8a req-3221c295-6327-4bc7-9a22-12f2bceeab8a ] Request (DeleteServersAdminTestJSON:test_delete_server_while_in_error_state): 200 GET http://10.180.1.21/compute/v2.1/servers/c70bd66c-05f2-406d-8daa-58ff59fb5d93 0.335s
2025-04-17 11:48:09.559 71239 INFO tempest.common.waiters [-] State transition "BUILD/networking" ==> "BUILD/spawning" after 47 second wait
2025-04-17 11:48:09.597 71229 INFO tempest.lib.common.rest_client [req-42cdeb53-7a62-4b43-835d-aaa733e7a616 req-42cdeb53-7a62-4b43-835d-aaa733e7a616 ] Request (ImagesOneServerNegativeTestJSON:_run_cleanups): 200 GET http://10.180.1.21/compute/v2.1/servers/a893add8-af75-482e-b1a9-0fa099407df8 0.163s
2025-04-17 11:48:09.613 71227 INFO tempest.lib.common.rest_client [req-25ab7b7f-006b-47c0-a73e-37a781d33e78 req-25ab7b7f-006b-47c0-a73e-37a781d33e78 ] Request (ServersAdminNegativeTestJSON:tearDownClass): 200 GET http://10.180.1.21/compute/v2.1/servers/7dcc0086-65cf-41c7-b647-6426f7c36c10 0.122s
2025-04-17 11:48:09.620 71227 INFO tempest.common.waiters [-] State transition "SUSPENDED/deleting" ==> "DELETED/None" after 4 second wait
2025-04-17 11:48:09.656 71245 INFO tempest.lib.common.rest_client [req-8c4bfdcf-83d6-41f6-9830-3db6d2931b4c req-8c4bfdcf-83d6-41f6-9830-3db6d2931b4c ] Request (ServerRescueTestJSONUnderV235:tearDownClass): 200 GET http://10.180.1.21/compute/v2.1/servers/8dc05e7d-bad4-42ba-a73e-30816551cf75 0.098s
2025-04-17 11:48:09.701 71221 INFO tempest.lib.common.rest_client [req-99528f7c-6ffb-4e3f-8d91-1bc5eef16018 req-99528f7c-6ffb-4e3f-8d91-1bc5eef16018 ] Request (ServersV294TestFqdnHostnames:tearDownClass): 200 GET http://10.180.1.21/compute/v2.1/servers/2f11308d-9290-472a-9a2d-62e3e5dcac8b 0.068s
2025-04-17 11:48:09.837 71242 INFO tempest.lib.common.rest_client [req-31586a46-b4b8-4a4e-bca8-a52f5445e4f2 req-31586a46-b4b8-4a4e-bca8-a52f5445e4f2 ] Request (ServerExternalEventsTest:tearDownClass): 200 GET http://10.180.1.21/compute/v2.1/servers/6415730a-4aa9-47f0-960e-509459c615f7 0.058s
2025-04-17 11:48:09.889 71213 INFO tempest.lib.common.rest_client [req-cad3dd20-9b2d-412f-a41e-3984e539c307 req-cad3dd20-9b2d-412f-a41e-3984e539c307 ] Request (ServersAdminTestJSON:test_inject_network_info): 200 GET http://10.180.1.21/compute/v2.1/servers/5672f7d0-4265-47cb-9d68-9eb1a5420f3e 0.052s
2025-04-17 11:48:10.036 71207 INFO tempest.lib.common.rest_client [req-6d5db047-2694-4e7b-8d2a-88f46564208f req-6d5db047-2694-4e7b-8d2a-88f46564208f ] Request (MigrationsAdminTest:test_list_migrations_in_flavor_resize_situation): 200 GET http://10.180.1.21/compute/v2.1/servers/f97cb95b-5d2e-4ac4-ba82-80a705a086f4 0.084s
2025-04-17 11:48:10.064 71189 INFO tempest.lib.common.rest_client [req-876542b9-674c-4a25-8f54-1a60b40d87e9 req-876542b9-674c-4a25-8f54-1a60b40d87e9 ] Request (ServerActionsV293TestJSON:setUpClass): 200 GET http://10.180.1.21/compute/v2.1/servers/bd36ce91-908a-408b-ba11-95c6a135f4cf 0.050s
2025-04-17 11:48:10.118 71225 INFO tempest.lib.common.rest_client [req-7b56c8f0-20ec-4aeb-9dd9-c632790da197 req-7b56c8f0-20ec-4aeb-9dd9-c632790da197 ] Request (ServerAddressesTestJSON:setUpClass): 200 GET http://10.180.1.21/compute/v2.1/servers/331fc4c1-2d75-4d25-b160-0fbb77937314 0.047s
2025-04-17 11:48:10.150 71215 INFO tempest.lib.common.rest_client [req-77405cdb-15eb-4d37-b75e-00b3944638b6 req-77405cdb-15eb-4d37-b75e-00b3944638b6 ] Request (ServersAdmin275Test:test_rebuild_update_server_275): 200 GET http://10.180.1.21/compute/v2.1/servers/dcbf8cff-2227-4d10-843d-c08d4a98695e 0.057s
2025-04-17 11:48:10.168 71201 INFO tempest.lib.common.rest_client [req-0d01b8e6-11c0-4f05-a960-4dc8603c93b9 req-0d01b8e6-11c0-4f05-a960-4dc8603c93b9 ] Request (FloatingIPsAssociationTestJSON:test_associate_already_associated_floating_ip): 200 GET http://10.180.1.21/compute/v2.1/servers/fcd97809-14c4-4674-ba98-8a56a34cf239 0.070s
2025-04-17 11:48:10.211 71243 INFO tempest.lib.common.rest_client [req-1d9f1c9c-c42c-43ff-ba34-76bf30275e17 req-1d9f1c9c-c42c-43ff-ba34-76bf30275e17 ] Request (TenantUsagesTestJSON:tearDownClass): 200 GET http://10.180.1.21/compute/v2.1/servers/f7271eec-aab3-4258-a6c3-08ac0664d200 0.068s
2025-04-17 11:48:10.211 71199 INFO tempest.lib.common.rest_client [req-329590d2-4a05-4a16-b215-8d2125c635d6 req-329590d2-4a05-4a16-b215-8d2125c635d6 ] Request (SecurityGroupsTestJSON:test_list_security_groups_by_server): 200 GET http://10.180.1.21/compute/v2.1/servers/ef4a1e5c-a8a3-4e6c-901d-b71b2f857d0d 0.068s
2025-04-17 11:48:10.260 71187 INFO tempest.lib.common.rest_client [req-122fe05e-3b78-4f9d-83de-df283ac5cbf1 req-122fe05e-3b78-4f9d-83de-df283ac5cbf1 ] Request (ServersAaction247Test:test_create_backup): 200 GET http://10.180.1.21/compute/v2.1/servers/842fc73b-8c91-4c4f-93fe-17b20c1ea4dc 0.071s
2025-04-17 11:48:10.270 71193 INFO tempest.lib.common.rest_client [req-0de99ca6-8016-4f44-9afa-6e6c954bc904 req-0de99ca6-8016-4f44-9afa-6e6c954bc904 ] Request (ListImageFiltersTestJSON:setUpClass): 200 GET http://10.180.1.21/compute/v2.1/servers/a68640b9-e77b-4572-b1fd-9b878578e63c 0.082s
2025-04-17 11:48:10.328 71235 INFO tempest.lib.common.rest_client [req-452fd7fb-81b9-4cf6-a86b-12e0587863ec req-452fd7fb-81b9-4cf6-a86b-12e0587863ec ] Request (VolumesAdminNegativeTest:test_update_attached_volume_with_nonexistent_volume_in_body): 200 GET http://10.180.1.21/compute/v2.1/servers/d0ca53d2-313b-48e6-95ca-b580e0b083ff 0.094s
2025-04-17 11:48:10.336 71195 INFO tempest.lib.common.rest_client [req-dfcdef14-c678-4599-af42-0bb0efddb5f7 req-dfcdef14-c678-4599-af42-0bb0efddb5f7 ] Request (ServerGroupTestJSON:test_create_server_with_scheduler_hint_group): 200 GET http://10.180.1.21/compute/v2.1/servers/30bee283-5a5d-443f-8799-0675a0e0a2c8 0.100s
2025-04-17 11:48:10.357 71247 INFO tempest.lib.common.rest_client [req-d87b3068-fabb-4928-b460-db3d670ec16f req-d87b3068-fabb-4928-b460-db3d670ec16f ] Request (ImagesOneServerTestJSON:test_create_image_specify_multibyte_character_image_name): 200 GET http://10.180.1.21/compute/v2.1/images/8144fec5-0197-4f88-94bb-c27e33697b1b 0.093s
2025-04-17 11:48:10.407 71185 INFO tempest.lib.common.rest_client [req-5295d73f-849e-484d-8d88-f65470ade870 req-5295d73f-849e-484d-8d88-f65470ade870 ] Request (ListServerFiltersTestJSON:setUpClass): 200 GET http://10.180.1.21/compute/v2.1/servers/9ebcf594-a25c-4401-b0e4-04740e70bcc7 0.091s
2025-04-17 11:48:10.411 71233 INFO tempest.lib.common.rest_client [req-2d13a4df-3fb5-46db-9d88-c6bc14ab2224 req-2d13a4df-3fb5-46db-9d88-c6bc14ab2224 ] Request (ServerShowV247Test:tearDownClass): 200 GET http://10.180.1.21/compute/v2.1/servers/00ea765e-2487-4758-bfb8-2ff5e5ed4070 0.118s
2025-04-17 11:48:10.519 71209 INFO tempest.lib.common.rest_client [req-2a6a293b-e3e9-4e21-8163-2bf9c1f76998 req-2a6a293b-e3e9-4e21-8163-2bf9c1f76998 ] Request (ServerActionsTestOtherB:setUpClass): 200 GET http://10.180.1.21/compute/v2.1/servers/e4828dea-a14c-4aff-8e6f-e1986f399b60 0.096s
2025-04-17 11:48:10.548 71191 INFO tempest.lib.common.rest_client [req-7604544e-8101-4743-ade3-03362aedd4fa req-7604544e-8101-4743-ade3-03362aedd4fa ] Request (AttachInterfacesV270Test:test_create_get_list_interfaces): 200 GET http://10.180.1.21/compute/v2.1/servers/ec7a7de1-c7e5-469b-ada8-634381ee04fd 0.113s
2025-04-17 11:48:10.573 71237 INFO tempest.lib.common.rest_client [req-3f77da0b-e3da-45cb-aef0-ad5afa98a708 req-3f77da0b-e3da-45cb-aef0-ad5afa98a708 ] Request (ServersTestBootFromVolume:setUpClass): 200 GET http://10.180.1.21/compute/v2.1/servers/b6d28619-832a-4d9a-8cf8-bde835200bba 0.087s
2025-04-17 11:48:10.617 71197 INFO tempest.lib.common.rest_client [req-d2c091eb-17f3-4f62-bddc-1d6b11dbe167 req-d2c091eb-17f3-4f62-bddc-1d6b11dbe167 ] Request (ServerAddressesNegativeTestJSON:tearDownClass): 200 GET http://10.180.1.21/compute/v2.1/servers/76085f51-855e-4d02-ae73-ddf86201158a 0.074s
2025-04-17 11:48:10.658 71239 INFO tempest.lib.common.rest_client [req-3281e6b9-b17c-4083-9fe5-a7fbc96dbcaf req-3281e6b9-b17c-4083-9fe5-a7fbc96dbcaf ] Request (DeleteServersAdminTestJSON:test_delete_server_while_in_error_state): 200 GET http://10.180.1.21/compute/v2.1/servers/c70bd66c-05f2-406d-8daa-58ff59fb5d93 0.096s
2025-04-17 11:48:10.666 71229 INFO tempest.lib.common.rest_client [req-402cac75-88ef-47ad-88c2-88d7533a137b req-402cac75-88ef-47ad-88c2-88d7533a137b ] Request (ImagesOneServerNegativeTestJSON:_run_cleanups): 200 GET http://10.180.1.21/compute/v2.1/servers/a893add8-af75-482e-b1a9-0fa099407df8 0.057s
2025-04-17 11:48:10.707 71227 INFO tempest.lib.common.rest_client [req-1b7a7015-815b-4714-b1f7-9a616125cb4d req-1b7a7015-815b-4714-b1f7-9a616125cb4d ] Request (ServersAdminNegativeTestJSON:tearDownClass): 200 GET http://10.180.1.21/compute/v2.1/servers/7dcc0086-65cf-41c7-b647-6426f7c36c10 0.085s
2025-04-17 11:48:10.716 71245 INFO tempest.lib.common.rest_client [req-8a21040c-7d52-4744-ad3f-c1e0bc2bdccb req-8a21040c-7d52-4744-ad3f-c1e0bc2bdccb ] Request (ServerRescueTestJSONUnderV235:tearDownClass): 200 GET http://10.180.1.21/compute/v2.1/servers/8dc05e7d-bad4-42ba-a73e-30816551cf75 0.052s
2025-04-17 11:48:10.766 71221 INFO tempest.lib.common.rest_client [req-e54e2ae8-a755-4c74-b90f-c548a432597e req-e54e2ae8-a755-4c74-b90f-c548a432597e ] Request (ServersV294TestFqdnHostnames:tearDownClass): 200 GET http://10.180.1.21/compute/v2.1/servers/2f11308d-9290-472a-9a2d-62e3e5dcac8b 0.054s
2025-04-17 11:48:10.866 71242 INFO tempest.lib.common.rest_client [req-6656f316-8b19-48be-88ee-fee6ea88511e req-6656f316-8b19-48be-88ee-fee6ea88511e ] Request (ServerExternalEventsTest:tearDownClass): 404 GET http://10.180.1.21/compute/v2.1/servers/6415730a-4aa9-47f0-960e-509459c615f7 0.022s
2025-04-17 11:48:10.898 71211 WARNING tempest.lib.common.ssh [-] Failed to establish authenticated ssh connection to cirros@10.180.180.138 ([Errno None] Unable to connect to port 22 on 10.180.180.138). Number attempts: 4. Retry after 5 seconds.: paramiko.ssh_exception.NoValidConnectionsError: [Errno None] Unable to connect to port 22 on 10.180.180.138
2025-04-17 11:48:10.951 71213 INFO tempest.lib.common.rest_client [req-2a1d9e02-bb93-4386-a95e-1bab99790a4e req-2a1d9e02-bb93-4386-a95e-1bab99790a4e ] Request (ServersAdminTestJSON:test_inject_network_info): 200 GET http://10.180.1.21/compute/v2.1/servers/5672f7d0-4265-47cb-9d68-9eb1a5420f3e 0.054s
2025-04-17 11:48:10.986 71242 INFO tempest.lib.common.rest_client [req-09435e7d-1d25-402e-bff1-cc6594e2262d req-09435e7d-1d25-402e-bff1-cc6594e2262d ] Request (ServerExternalEventsTest:tearDownClass): 204 DELETE http://10.180.1.21/identity/v3/users/52e599cad39a42ff84ddbc2e9290fead 0.119s
2025-04-17 11:48:11.095 71242 INFO tempest.lib.common.rest_client [req-2200dc9d-6029-4798-8bc4-ada8453957ec req-2200dc9d-6029-4798-8bc4-ada8453957ec ] Request (ServerExternalEventsTest:tearDownClass): 204 DELETE http://10.180.1.21/identity/v3/users/80be9904a30d4d04b658774b433d63bb 0.108s
2025-04-17 11:48:11.133 71189 INFO tempest.lib.common.rest_client [req-61e552fa-88d8-47e3-b629-4c26e4a44263 req-61e552fa-88d8-47e3-b629-4c26e4a44263 ] Request (ServerActionsV293TestJSON:setUpClass): 200 GET http://10.180.1.21/compute/v2.1/servers/bd36ce91-908a-408b-ba11-95c6a135f4cf 0.059s
2025-04-17 11:48:11.179 71207 INFO tempest.lib.common.rest_client [req-49d1f80a-643e-40bd-ad15-2b8c6f7d1688 req-49d1f80a-643e-40bd-ad15-2b8c6f7d1688 ] Request (MigrationsAdminTest:test_list_migrations_in_flavor_resize_situation): 200 GET http://10.180.1.21/compute/v2.1/servers/f97cb95b-5d2e-4ac4-ba82-80a705a086f4 0.134s
2025-04-17 11:48:11.189 71225 INFO tempest.lib.common.rest_client [req-4ee81560-a44d-435d-b8da-ef3b6a3410ed req-4ee81560-a44d-435d-b8da-ef3b6a3410ed ] Request (ServerAddressesTestJSON:setUpClass): 200 GET http://10.180.1.21/compute/v2.1/servers/331fc4c1-2d75-4d25-b160-0fbb77937314 0.064s
2025-04-17 11:48:11.189 71242 INFO tempest.lib.common.rest_client [req-b083ac2d-c84a-40ce-9b95-fda80a964bd8 req-b083ac2d-c84a-40ce-9b95-fda80a964bd8 ] Request (ServerExternalEventsTest:tearDownClass): 204 DELETE http://10.180.1.21/identity/v3/users/b48a087605954f56a0a7fc696b116326 0.094s
2025-04-17 11:48:11.190 71242 INFO tempest.lib.common.dynamic_creds [-] Deleting project and security group for project: 91f5a250f40a44ecad2946c6970004cc
2025-04-17 11:48:11.236 71215 INFO tempest.lib.common.rest_client [req-6d27992c-b1d5-43b8-8ab0-24d23ede05a7 req-6d27992c-b1d5-43b8-8ab0-24d23ede05a7 ] Request (ServersAdmin275Test:test_rebuild_update_server_275): 200 GET http://10.180.1.21/compute/v2.1/servers/dcbf8cff-2227-4d10-843d-c08d4a98695e 0.073s
2025-04-17 11:48:11.249 71201 INFO tempest.lib.common.rest_client [req-6cb17203-0240-478f-aa66-2c65028d2770 req-6cb17203-0240-478f-aa66-2c65028d2770 ] Request (FloatingIPsAssociationTestJSON:test_associate_already_associated_floating_ip): 200 GET http://10.180.1.21/compute/v2.1/servers/fcd97809-14c4-4674-ba98-8a56a34cf239 0.073s
2025-04-17 11:48:11.264 71242 INFO tempest.lib.common.rest_client [req-4a805de4-63d9-461e-bf6d-753f853c756b req-4a805de4-63d9-461e-bf6d-753f853c756b ] Request (ServerExternalEventsTest:tearDownClass): 201 POST http://10.180.1.21/identity/v3/auth/tokens 0.074s
2025-04-17 11:48:11.293 71243 INFO tempest.lib.common.rest_client [req-0b4580b8-336d-4966-8d7d-a8c08296770f req-0b4580b8-336d-4966-8d7d-a8c08296770f ] Request (TenantUsagesTestJSON:tearDownClass): 200 GET http://10.180.1.21/compute/v2.1/servers/f7271eec-aab3-4258-a6c3-08ac0664d200 0.074s
2025-04-17 11:48:11.304 71199 INFO tempest.lib.common.rest_client [req-8df547ef-1ba7-4dcd-920c-5d87c32ea807 req-8df547ef-1ba7-4dcd-920c-5d87c32ea807 ] Request (SecurityGroupsTestJSON:test_list_security_groups_by_server): 200 GET http://10.180.1.21/compute/v2.1/servers/ef4a1e5c-a8a3-4e6c-901d-b71b2f857d0d 0.084s
2025-04-17 11:48:11.354 71187 INFO tempest.lib.common.rest_client [req-ce046b65-f9ff-4e21-b002-ba5de7d7f146 req-ce046b65-f9ff-4e21-b002-ba5de7d7f146 ] Request (ServersAaction247Test:test_create_backup): 200 GET http://10.180.1.21/compute/v2.1/servers/842fc73b-8c91-4c4f-93fe-17b20c1ea4dc 0.084s
2025-04-17 11:48:11.360 71193 INFO tempest.lib.common.rest_client [req-66a2eb0b-3e31-4b27-b09e-68eeda3d9532 req-66a2eb0b-3e31-4b27-b09e-68eeda3d9532 ] Request (ListImageFiltersTestJSON:setUpClass): 200 GET http://10.180.1.21/compute/v2.1/servers/a68640b9-e77b-4572-b1fd-9b878578e63c 0.076s
2025-04-17 11:48:11.422 71195 INFO tempest.lib.common.rest_client [req-97d0595a-e345-4f36-a8e6-e427e42116b4 req-97d0595a-e345-4f36-a8e6-e427e42116b4 ] Request (ServerGroupTestJSON:test_create_server_with_scheduler_hint_group): 200 GET http://10.180.1.21/compute/v2.1/servers/30bee283-5a5d-443f-8799-0675a0e0a2c8 0.077s
2025-04-17 11:48:11.425 71235 INFO tempest.lib.common.rest_client [req-d6e3d94a-9514-413e-8835-12057d77bc32 req-d6e3d94a-9514-413e-8835-12057d77bc32 ] Request (VolumesAdminNegativeTest:test_update_attached_volume_with_nonexistent_volume_in_body): 200 GET http://10.180.1.21/compute/v2.1/servers/d0ca53d2-313b-48e6-95ca-b580e0b083ff 0.091s
2025-04-17 11:48:11.462 71242 INFO tempest.lib.common.rest_client [req-6dd87752-94fa-4252-820d-6bfbe1299ca3 req-6dd87752-94fa-4252-820d-6bfbe1299ca3 ] Request (ServerExternalEventsTest:tearDownClass): 200 GET http://10.180.1.21:9696/networking/v2.0/security-groups?tenant_id=91f5a250f40a44ecad2946c6970004cc&name=default 0.197s
2025-04-17 11:48:11.467 71247 INFO tempest.lib.common.rest_client [req-a395d2d6-28f8-4057-b63d-349819d9342c req-a395d2d6-28f8-4057-b63d-349819d9342c ] Request (ImagesOneServerTestJSON:test_create_image_specify_multibyte_character_image_name): 200 GET http://10.180.1.21/compute/v2.1/images/8144fec5-0197-4f88-94bb-c27e33697b1b 0.103s
2025-04-17 11:48:11.490 71185 INFO tempest.lib.common.rest_client [req-dc3642e5-cbb4-4a6b-9be6-ad7d4d33afa3 req-dc3642e5-cbb4-4a6b-9be6-ad7d4d33afa3 ] Request (ListServerFiltersTestJSON:setUpClass): 200 GET http://10.180.1.21/compute/v2.1/servers/9ebcf594-a25c-4401-b0e4-04740e70bcc7 0.072s
2025-04-17 11:48:11.534 71233 INFO tempest.lib.common.rest_client [req-4d08b1cc-f774-46fb-a698-db73b0af9541 req-4d08b1cc-f774-46fb-a698-db73b0af9541 ] Request (ServerShowV247Test:tearDownClass): 200 GET http://10.180.1.21/compute/v2.1/servers/00ea765e-2487-4758-bfb8-2ff5e5ed4070 0.113s
2025-04-17 11:48:11.559 71242 INFO tempest.lib.common.rest_client [req-c73c45ba-2262-48da-b739-bdacb8f95f5a req-c73c45ba-2262-48da-b739-bdacb8f95f5a ] Request (ServerExternalEventsTest:tearDownClass): 204 DELETE http://10.180.1.21:9696/networking/v2.0/security-groups/5b15c9e8-fa34-4023-a21c-79f5b230bbd1 0.096s
2025-04-17 11:48:11.624 71242 INFO tempest.lib.common.rest_client [req-7883cf17-742d-4574-8d70-a3fc1f6f04dc req-7883cf17-742d-4574-8d70-a3fc1f6f04dc ] Request (ServerExternalEventsTest:tearDownClass): 204 DELETE http://10.180.1.21/identity/v3/projects/91f5a250f40a44ecad2946c6970004cc 0.065s
2025-04-17 11:48:11.625 71242 INFO tempest.lib.common.dynamic_creds [-] Deleting project and security group for project: ef50d9a5a78b43608d79c04561185ae1
2025-04-17 11:48:11.662 71242 INFO tempest.lib.common.rest_client [req-6bcefc3a-3fcd-4dc6-8369-477232a250d7 req-6bcefc3a-3fcd-4dc6-8369-477232a250d7 ] Request (ServerExternalEventsTest:tearDownClass): 200 GET http://10.180.1.21:9696/networking/v2.0/security-groups?tenant_id=ef50d9a5a78b43608d79c04561185ae1&name=default 0.037s
2025-04-17 11:48:11.676 71191 INFO tempest.lib.common.rest_client [req-3feb413b-e0b3-4521-af5a-e25f05b8c54a req-3feb413b-e0b3-4521-af5a-e25f05b8c54a ] Request (AttachInterfacesV270Test:test_create_get_list_interfaces): 200 GET http://10.180.1.21/compute/v2.1/servers/ec7a7de1-c7e5-469b-ada8-634381ee04fd 0.112s
2025-04-17 11:48:11.698 71209 INFO tempest.lib.common.rest_client [req-2f144865-8c2d-4ba7-99cc-8560510e92eb req-2f144865-8c2d-4ba7-99cc-8560510e92eb ] Request (ServerActionsTestOtherB:setUpClass): 200 GET http://10.180.1.21/compute/v2.1/servers/e4828dea-a14c-4aff-8e6f-e1986f399b60 0.170s
2025-04-17 11:48:11.733 71237 INFO tempest.lib.common.rest_client [req-8e58d36b-b735-43cf-ac38-20e16839e9da req-8e58d36b-b735-43cf-ac38-20e16839e9da ] Request (ServersTestBootFromVolume:setUpClass): 200 GET http://10.180.1.21/compute/v2.1/servers/b6d28619-832a-4d9a-8cf8-bde835200bba 0.153s
2025-04-17 11:48:11.769 71242 INFO tempest.lib.common.rest_client [req-1eb3b459-17b4-474f-ae13-4923107cf881 req-1eb3b459-17b4-474f-ae13-4923107cf881 ] Request (ServerExternalEventsTest:tearDownClass): 204 DELETE http://10.180.1.21:9696/networking/v2.0/security-groups/0e3a1164-cbad-4b32-a855-a9494208316f 0.107s
2025-04-17 11:48:11.773 71197 INFO tempest.lib.common.rest_client [req-5e0c6b28-05e1-4d5a-b047-6639be5d7664 req-5e0c6b28-05e1-4d5a-b047-6639be5d7664 ] Request (ServerAddressesNegativeTestJSON:tearDownClass): 200 GET http://10.180.1.21/compute/v2.1/servers/76085f51-855e-4d02-ae73-ddf86201158a 0.148s
2025-04-17 11:48:11.832 71239 INFO tempest.lib.common.rest_client [req-32c70a06-6d6c-47b0-9490-232a42a2942b req-32c70a06-6d6c-47b0-9490-232a42a2942b ] Request (DeleteServersAdminTestJSON:test_delete_server_while_in_error_state): 200 GET http://10.180.1.21/compute/v2.1/servers/c70bd66c-05f2-406d-8daa-58ff59fb5d93 0.166s
2025-04-17 11:48:11.834 71229 INFO tempest.lib.common.rest_client [req-1e43ab7a-4c89-45e1-905f-b74635b94678 req-1e43ab7a-4c89-45e1-905f-b74635b94678 ] Request (ImagesOneServerNegativeTestJSON:_run_cleanups): 200 GET http://10.180.1.21/compute/v2.1/servers/a893add8-af75-482e-b1a9-0fa099407df8 0.160s
2025-04-17 11:48:11.879 71242 INFO tempest.lib.common.rest_client [req-acc5b05b-baf7-42f1-a233-52c3f2f275c6 req-acc5b05b-baf7-42f1-a233-52c3f2f275c6 ] Request (ServerExternalEventsTest:tearDownClass): 204 DELETE http://10.180.1.21/identity/v3/projects/ef50d9a5a78b43608d79c04561185ae1 0.109s
2025-04-17 11:48:11.879 71242 INFO tempest.lib.common.dynamic_creds [-] Deleting project and security group for project: b877e3c639eb4486a7941af2b6b27391
2025-04-17 11:48:11.897 71245 INFO tempest.lib.common.rest_client [req-7353ac17-0a59-42b5-baa5-422a925c3871 req-7353ac17-0a59-42b5-baa5-422a925c3871 ] Request (ServerRescueTestJSONUnderV235:tearDownClass): 200 GET http://10.180.1.21/compute/v2.1/servers/8dc05e7d-bad4-42ba-a73e-30816551cf75 0.172s
2025-04-17 11:48:11.901 71227 INFO tempest.lib.common.rest_client [req-5b49e16f-aea5-4032-969e-6083c9149bb6 req-5b49e16f-aea5-4032-969e-6083c9149bb6 ] Request (ServersAdminNegativeTestJSON:tearDownClass): 200 GET http://10.180.1.21/compute/v2.1/servers/7dcc0086-65cf-41c7-b647-6426f7c36c10 0.186s
2025-04-17 11:48:11.994 71242 INFO tempest.lib.common.rest_client [req-490c505e-a8c0-49f9-81c2-e17c7c2854e3 req-490c505e-a8c0-49f9-81c2-e17c7c2854e3 ] Request (ServerExternalEventsTest:tearDownClass): 200 GET http://10.180.1.21:9696/networking/v2.0/security-groups?tenant_id=b877e3c639eb4486a7941af2b6b27391&name=default 0.114s
2025-04-17 11:48:12.021 71213 INFO tempest.lib.common.rest_client [req-01181dd8-c8ee-447d-aa0f-3b703a1a110e req-01181dd8-c8ee-447d-aa0f-3b703a1a110e ] Request (ServersAdminTestJSON:test_inject_network_info): 200 GET http://10.180.1.21/compute/v2.1/servers/5672f7d0-4265-47cb-9d68-9eb1a5420f3e 0.056s
2025-04-17 11:48:12.043 71231 WARNING tempest.lib.common.ssh [-] Failed to establish authenticated ssh connection to cirros@10.180.180.238 ([Errno None] Unable to connect to port 22 on 10.180.180.238). Number attempts: 4. Retry after 5 seconds.: paramiko.ssh_exception.NoValidConnectionsError: [Errno None] Unable to connect to port 22 on 10.180.180.238
2025-04-17 11:48:12.080 71242 INFO tempest.lib.common.rest_client [req-058d8fb8-cfcd-4d3a-988f-4318d0f14942 req-058d8fb8-cfcd-4d3a-988f-4318d0f14942 ] Request (ServerExternalEventsTest:tearDownClass): 204 DELETE http://10.180.1.21:9696/networking/v2.0/security-groups/e42e2555-7cae-4c7a-a808-8d1951fa6d73 0.085s
2025-04-17 11:48:12.183 71242 INFO tempest.lib.common.rest_client [req-de542552-e044-4279-8a29-8297a5ca419f req-de542552-e044-4279-8a29-8297a5ca419f ] Request (ServerExternalEventsTest:tearDownClass): 204 DELETE http://10.180.1.21/identity/v3/projects/b877e3c639eb4486a7941af2b6b27391 0.103s
2025-04-17 11:48:12.202 71221 INFO tempest.lib.common.rest_client [req-8600607d-dfae-4430-85de-f9872964e263 req-8600607d-dfae-4430-85de-f9872964e263 ] Request (ServersV294TestFqdnHostnames:tearDownClass): 200 GET http://10.180.1.21/compute/v2.1/servers/2f11308d-9290-472a-9a2d-62e3e5dcac8b 0.426s
2025-04-17 11:48:12.212 71189 INFO tempest.lib.common.rest_client [req-8e264790-1f75-4ab7-9c45-9b7830b91210 req-8e264790-1f75-4ab7-9c45-9b7830b91210 ] Request (ServerActionsV293TestJSON:setUpClass): 200 GET http://10.180.1.21/compute/v2.1/servers/bd36ce91-908a-408b-ba11-95c6a135f4cf 0.067s
2025-04-17 11:48:12.250 71242 INFO tempest.lib.common.rest_client [req-b364766c-f6e0-4ba7-8643-db6fc35c4a6c req-b364766c-f6e0-4ba7-8643-db6fc35c4a6c ] Request (FloatingIPsAssociationNegativeTestJSON:setUpClass): 201 POST http://10.180.1.21/identity/v3/auth/tokens 0.065s
2025-04-17 11:48:12.257 71225 INFO tempest.lib.common.rest_client [req-6002dbb4-603d-480c-9464-d2df56af6a4a req-6002dbb4-603d-480c-9464-d2df56af6a4a ] Request (ServerAddressesTestJSON:setUpClass): 200 GET http://10.180.1.21/compute/v2.1/servers/331fc4c1-2d75-4d25-b160-0fbb77937314 0.060s
2025-04-17 11:48:12.280 71242 INFO tempest.lib.common.rest_client [req-d95ecd26-e201-44a3-9ab0-9223b85c5532 req-d95ecd26-e201-44a3-9ab0-9223b85c5532 ] Request (FloatingIPsAssociationNegativeTestJSON:setUpClass): 201 POST http://10.180.1.21/identity/v3/auth/tokens 0.027s
2025-04-17 11:48:12.312 71242 INFO tempest.lib.common.rest_client [req-5b39b010-2012-48fd-8d99-c05787e7c0b8 req-5b39b010-2012-48fd-8d99-c05787e7c0b8 ] Request (FloatingIPsAssociationNegativeTestJSON:setUpClass): 200 GET http://10.180.1.21/identity/v3/domains?name=Default 0.032s
2025-04-17 11:48:12.314 71215 INFO tempest.lib.common.rest_client [req-deb03e93-3c7e-44a2-bf5a-dc1c960e5bbe req-deb03e93-3c7e-44a2-bf5a-dc1c960e5bbe ] Request (ServersAdmin275Test:test_rebuild_update_server_275): 200 GET http://10.180.1.21/compute/v2.1/servers/dcbf8cff-2227-4d10-843d-c08d4a98695e 0.060s
2025-04-17 11:48:12.347 71242 INFO tempest.lib.common.rest_client [req-4d16a22e-a11f-4314-aec6-cf15c74fc817 req-4d16a22e-a11f-4314-aec6-cf15c74fc817 ] Request (FloatingIPsAssociationNegativeTestJSON:setUpClass): 201 POST http://10.180.1.21/identity/v3/projects 0.034s
2025-04-17 11:48:12.353 71207 INFO tempest.lib.common.rest_client [req-e0ae53ea-7429-45e2-83e6-09cb86c2480c req-e0ae53ea-7429-45e2-83e6-09cb86c2480c ] Request (MigrationsAdminTest:test_list_migrations_in_flavor_resize_situation): 200 GET http://10.180.1.21/compute/v2.1/servers/f97cb95b-5d2e-4ac4-ba82-80a705a086f4 0.156s
2025-04-17 11:48:12.364 71201 INFO tempest.lib.common.rest_client [req-f7440d8c-9dae-446e-aad1-67206e24073f req-f7440d8c-9dae-446e-aad1-67206e24073f ] Request (FloatingIPsAssociationTestJSON:test_associate_already_associated_floating_ip): 200 GET http://10.180.1.21/compute/v2.1/servers/fcd97809-14c4-4674-ba98-8a56a34cf239 0.106s
2025-04-17 11:48:12.412 71242 INFO tempest.lib.common.rest_client [req-ba542643-f4e8-459f-b1c0-160861d8028c req-ba542643-f4e8-459f-b1c0-160861d8028c ] Request (FloatingIPsAssociationNegativeTestJSON:setUpClass): 201 POST http://10.180.1.21/identity/v3/users 0.065s
2025-04-17 11:48:12.424 71199 INFO tempest.lib.common.rest_client [req-1abda0ce-b6db-4903-8f31-9acd7424f7db req-1abda0ce-b6db-4903-8f31-9acd7424f7db ] Request (SecurityGroupsTestJSON:test_list_security_groups_by_server): 200 GET http://10.180.1.21/compute/v2.1/servers/ef4a1e5c-a8a3-4e6c-901d-b71b2f857d0d 0.108s
