2025-04-17 11:46:55.426 71193 INFO tempest.lib.common.dynamic_creds [-] Acquired dynamic creds: credentials: Credentials: {'domain_id': 'default', 'domain_name': 'Default', 'username': 'tempest-QuotasAdminTestV236-1890108063-project-admin', 'project_domain_id': 'default', 'project_domain_name': 'Default', 'project_id': '64d595b4586c435c8e7870e6fc1626e1', 'project_name': 'tempest-QuotasAdminTestV236-1890108063', 'tenant_id': '64d595b4586c435c8e7870e6fc1626e1', 'tenant_name': 'tempest-QuotasAdminTestV236-1890108063', 'user_domain_id': 'default', 'user_domain_name': 'Default', 'user_id': 'f1f7141ac321464fbe7997da35edfb84', 'system': None}, Network: None, Subnet: None, Router: None
2025-04-17 11:46:55.426 71193 INFO tempest.lib.common.dynamic_creds [-] Created isolated network resources for: credentials: Credentials: {'domain_id': 'default', 'domain_name': 'Default', 'username': 'tempest-QuotasAdminTestV236-1890108063-project-admin', 'project_domain_id': 'default', 'project_domain_name': 'Default', 'project_id': '64d595b4586c435c8e7870e6fc1626e1', 'project_name': 'tempest-QuotasAdminTestV236-1890108063', 'tenant_id': '64d595b4586c435c8e7870e6fc1626e1', 'tenant_name': 'tempest-QuotasAdminTestV236-1890108063', 'user_domain_id': 'default', 'user_domain_name': 'Default', 'user_id': 'f1f7141ac321464fbe7997da35edfb84', 'system': None}, Network: None, Subnet: None, Router: None
2025-04-17 11:46:55.433 71199 INFO tempest.lib.common.rest_client [req-767b95e1-5dbf-426a-b00d-da406587f7a5 req-767b95e1-5dbf-426a-b00d-da406587f7a5 ] Request (NetworksTest:setUpClass): 204 PUT http://10.180.1.21/identity/v3/projects/21bd83336fbb4498b659e85d274179bd/users/66f88c5d1731450497b9aaddfe2175da/roles/e6ed5c73b1e242688e4a7fd359e895f5 0.023s
2025-04-17 11:46:55.433 71199 INFO tempest.lib.common.dynamic_creds [-] Dynamic test user 66f88c5d1731450497b9aaddfe2175da is created with scope project and roles: ['admin']
2025-04-17 11:46:55.433 71199 INFO tempest.lib.common.dynamic_creds [-] Acquired dynamic creds: credentials: Credentials: {'domain_id': 'default', 'domain_name': 'Default', 'username': 'tempest-NetworksTest-260683827-project-admin', 'project_domain_id': 'default', 'project_domain_name': 'Default', 'project_id': '21bd83336fbb4498b659e85d274179bd', 'project_name': 'tempest-NetworksTest-260683827', 'tenant_id': '21bd83336fbb4498b659e85d274179bd', 'tenant_name': 'tempest-NetworksTest-260683827', 'user_domain_id': 'default', 'user_domain_name': 'Default', 'user_id': '66f88c5d1731450497b9aaddfe2175da', 'system': None}, Network: None, Subnet: None, Router: None
2025-04-17 11:46:55.433 71199 INFO tempest.lib.common.dynamic_creds [-] Created isolated network resources for: credentials: Credentials: {'domain_id': 'default', 'domain_name': 'Default', 'username': 'tempest-NetworksTest-260683827-project-admin', 'project_domain_id': 'default', 'project_domain_name': 'Default', 'project_id': '21bd83336fbb4498b659e85d274179bd', 'project_name': 'tempest-NetworksTest-260683827', 'tenant_id': '21bd83336fbb4498b659e85d274179bd', 'tenant_name': 'tempest-NetworksTest-260683827', 'user_domain_id': 'default', 'user_domain_name': 'Default', 'user_id': '66f88c5d1731450497b9aaddfe2175da', 'system': None}, Network: None, Subnet: None, Router: None
2025-04-17 11:46:55.515 71193 INFO tempest.lib.common.rest_client [req-1dc2ac3e-d73a-4a55-8491-1a325aadcb43 req-1dc2ac3e-d73a-4a55-8491-1a325aadcb43 ] Request (QuotasAdminTestV236:setUpClass): 201 POST http://10.180.1.21/identity/v3/auth/tokens 0.086s
2025-04-17 11:46:55.516 71199 INFO tempest.lib.common.rest_client [req-3e72aecb-e053-45d0-9134-6096a46ceabe req-3e72aecb-e053-45d0-9134-6096a46ceabe ] Request (NetworksTest:setUpClass): 201 POST http://10.180.1.21/identity/v3/auth/tokens 0.079s
2025-04-17 11:46:55.594 71209 INFO tempest.lib.common.rest_client [req-cfc131a6-b17c-4109-a74a-6b3c02378efa req-cfc131a6-b17c-4109-a74a-6b3c02378efa ] Request (SecurityGroupsNegativeTestJSON:setUpClass): 200 PUT http://10.180.1.21:9696/networking/v2.0/routers/cc34e0cc-eb44-4cf3-a1be-cc6f89c7b059/add_router_interface 2.662s
2025-04-17 11:46:55.595 71209 INFO tempest.lib.common.dynamic_creds [-] Created isolated network resources for: credentials: Credentials: {'domain_id': 'default', 'domain_name': 'Default', 'username': 'tempest-SecurityGroupsNegativeTestJSON-300044234-project-member', 'project_domain_id': 'default', 'project_domain_name': 'Default', 'project_id': '8d070734b72142bbb1ef2d2c1c21741a', 'project_name': 'tempest-SecurityGroupsNegativeTestJSON-300044234', 'tenant_id': '8d070734b72142bbb1ef2d2c1c21741a', 'tenant_name': 'tempest-SecurityGroupsNegativeTestJSON-300044234', 'user_domain_id': 'default', 'user_domain_name': 'Default', 'user_id': '0eaf0e04a4934b7ea239720806e72d43', 'system': None}, Network: {'id': 'c1054ca7-3c9a-46a9-8ff6-82421e95e83b', 'name': 'tempest-SecurityGroupsNegativeTestJSON-545400377-network', 'tenant_id': '8d070734b72142bbb1ef2d2c1c21741a', 'admin_state_up': True, 'mtu': 8950, 'status': 'ACTIVE', 'subnets': [], 'shared': False, 'project_id': '8d070734b72142bbb1ef2d2c1c21741a', 'port_security_enabled': True, 'router:external': False, 'provider:network_type': 'vlan', 'provider:physical_network': 'default', 'provider:segmentation_id': 130, 'availability_zone_hints': [], 'availability_zones': [], 'ipv4_address_scope': None, 'ipv6_address_scope': None, 'description': '', 'tags': [], 'created_at': '2025-04-17T11:46:49Z', 'updated_at': '2025-04-17T11:46:49Z', 'revision_number': 1}, Subnet: {'id': '441ef878-1b0d-4541-99f8-9825ae211c83', 'name': 'tempest-SecurityGroupsNegativeTestJSON-545400377-subnet', 'tenant_id': '8d070734b72142bbb1ef2d2c1c21741a', 'network_id': 'c1054ca7-3c9a-46a9-8ff6-82421e95e83b', 'ip_version': 4, 'subnetpool_id': None, 'enable_dhcp': True, 'ipv6_ra_mode': None, 'ipv6_address_mode': None, 'gateway_ip': '192.168.128.1', 'cidr': '192.168.128.0/28', 'allocation_pools': [{'start': '192.168.128.2', 'end': '192.168.128.14'}], 'host_routes': [], 'dns_nameservers': [], 'description': '', 'router:external': False, 'service_types': [], 'tags': [], 'created_at': '2025-04-17T11:46:49Z', 'updated_at': '2025-04-17T11:46:49Z', 'revision_number': 0, 'project_id': '8d070734b72142bbb1ef2d2c1c21741a'}, Router: {'id': 'cc34e0cc-eb44-4cf3-a1be-cc6f89c7b059', 'name': 'tempest-SecurityGroupsNegativeTestJSON-545400377-router', 'tenant_id': '8d070734b72142bbb1ef2d2c1c21741a', 'admin_state_up': True, 'status': 'ACTIVE', 'external_gateway_info': {'network_id': '1557cddf-3053-4381-bbb9-4821e73aa036', 'external_fixed_ips': [{'subnet_id': 'd1a76577-5ab0-4baf-a647-936985850ed0', 'ip_address': '10.180.180.174'}], 'enable_snat': True}, 'description': '', 'availability_zones': [], 'distributed': False, 'ha': False, 'availability_zone_hints': [], 'routes': [], 'flavor_id': None, 'tags': [], 'created_at': '2025-04-17T11:46:50Z', 'updated_at': '2025-04-17T11:46:51Z', 'revision_number': 2, 'project_id': '8d070734b72142bbb1ef2d2c1c21741a'}
2025-04-17 11:46:55.620 71191 INFO tempest.lib.common.rest_client [req-1d4fda8c-597f-4aa0-82b4-35e341a04aed req-1d4fda8c-597f-4aa0-82b4-35e341a04aed ] Request (SecurityGroupsTestAdminJSON:test_list_security_groups_list_all_tenants_filter): 200 POST http://10.180.1.21/compute/v2.1/os-security-groups 2.444s
2025-04-17 11:46:55.658 71211 INFO tempest.lib.common.rest_client [req-ebe1b0c9-7bf6-4123-8421-01e0a35840ef req-ebe1b0c9-7bf6-4123-8421-01e0a35840ef ] Request (ServersWithSpecificFlavorTestJSON:test_verify_created_server_ephemeral_disk): 202 POST http://10.180.1.21/compute/v2.1/servers 3.172s
2025-04-17 11:46:55.675 71225 INFO tempest.lib.common.rest_client [req-f1dd37ef-1828-4f84-92e0-1e63e4fd1938 req-f1dd37ef-1828-4f84-92e0-1e63e4fd1938 ] Request (SecurityGroupRulesTestJSON:test_security_group_rules_delete_when_peer_group_deleted): 200 GET http://10.180.1.21/compute/v2.1/os-security-groups/8a5c02ba-f0ee-4abb-b4e0-ba44e05397ac 2.264s
2025-04-17 11:46:55.713 71209 INFO tempest.lib.common.rest_client [req-6d88620d-dc21-4498-a9b3-cea8a118d39b req-6d88620d-dc21-4498-a9b3-cea8a118d39b ] Request (SecurityGroupsNegativeTestJSON:setUpClass): 201 POST http://10.180.1.21/identity/v3/auth/tokens 0.113s
2025-04-17 11:46:55.756 71229 INFO tempest.lib.common.rest_client [req-73385468-b77a-4958-8715-6259fd65097b req-73385468-b77a-4958-8715-6259fd65097b ] Request (ImagesOneServerNegativeTestJSON:setUpClass): 200 GET http://10.180.1.21/compute/v2.1/servers/a893add8-af75-482e-b1a9-0fa099407df8 2.214s
2025-04-17 11:46:55.784 71185 INFO tempest.lib.common.rest_client [req-62098514-7de6-4172-9b25-2c5510e897b8 req-62098514-7de6-4172-9b25-2c5510e897b8 ] Request (FlavorsAccessNegativeTestJSON:test_flavor_non_admin_add): 200 POST http://10.180.1.21/compute/v2.1/flavors 2.211s
2025-04-17 11:46:55.863 71189 INFO tempest.lib.common.rest_client [req-f53d329c-d73d-403c-af77-e7d41d2ff9ff req-f53d329c-d73d-403c-af77-e7d41d2ff9ff ] Request (InstanceActionsV221TestJSON:test_get_list_deleted_instance_actions): 200 GET http://10.180.1.21/compute/v2.1/servers/4be98957-bf1b-4464-bb2b-66349fa66668 2.423s
2025-04-17 11:46:55.865 71247 INFO tempest.lib.common.rest_client [req-433f0753-2ab0-4d8a-b5d0-cc966c498755 req-433f0753-2ab0-4d8a-b5d0-cc966c498755 ] Request (ImagesOneServerTestJSON:setUpClass): 201 POST http://10.180.1.21:9696/networking/v2.0/routers 1.583s
2025-04-17 11:46:55.873 71189 INFO tempest.common.waiters [-] State transition "BUILD/spawning" ==> "ACTIVE/None" after 17 second wait
2025-04-17 11:46:55.942 71207 INFO tempest.lib.common.rest_client [req-689b89bd-a88e-41e2-97e7-1116d9d538f7 req-689b89bd-a88e-41e2-97e7-1116d9d538f7 ] Request (MigrationsAdminTest:test_list_migrations_in_flavor_resize_situation): 200 GET http://10.180.1.21/compute/v2.1/servers/f97cb95b-5d2e-4ac4-ba82-80a705a086f4 2.332s
2025-04-17 11:46:55.966 71227 INFO tempest.lib.common.rest_client [req-390565d2-e227-4921-926b-5c0dcd1dc45f req-390565d2-e227-4921-926b-5c0dcd1dc45f ] Request (ServersAdminNegativeTestJSON:setUpClass): 200 GET http://10.180.1.21/compute/v2.1/servers/88f4a83c-1880-4e6c-99ed-18e9229d1125 2.244s
2025-04-17 11:46:55.974 71227 INFO tempest.common.waiters [-] State transition "BUILD/None" ==> "BUILD/block_device_mapping" after 9 second wait
2025-04-17 11:46:55.990 71195 INFO tempest.lib.common.rest_client [req-f912d192-9458-4eba-a895-8ed3ff9bdbdf req-f912d192-9458-4eba-a895-8ed3ff9bdbdf ] Request (ServerDiagnosticsNegativeTest:test_get_server_diagnostics_by_non_admin): 403 GET http://10.180.1.21/compute/v2.1/servers/4a4a7b43-903f-495b-8bb9-becf921e7283/diagnostics 2.255s
2025-04-17 11:46:56.003 71187 INFO tempest.lib.common.rest_client [req-2aee95c7-4f6d-4f22-8132-1e2285d451f0 req-2aee95c7-4f6d-4f22-8132-1e2285d451f0 ] Request (FlavorsExtraSpecsTestJSON:test_flavor_set_get_update_show_unset_keys): 200 GET http://10.180.1.21/compute/v2.1/flavors/1688719613/os-extra_specs 2.185s
2025-04-17 11:46:56.064 71221 INFO tempest.lib.common.rest_client [req-c7f48566-a0de-4483-bdce-94691c4cb950 req-c7f48566-a0de-4483-bdce-94691c4cb950 ] Request (ServersV294TestFqdnHostnames:setUpClass): 200 GET http://10.180.1.21/compute/v2.1/servers/2f11308d-9290-472a-9a2d-62e3e5dcac8b 2.235s
2025-04-17 11:46:56.077 71221 INFO tempest.common.waiters [-] State transition "BUILD/scheduling" ==> "BUILD/None" after 4 second wait
2025-04-17 11:46:56.189 71233 INFO tempest.lib.common.rest_client [req-bd6a8cea-c2b5-451e-86d4-532c48ad37a1 req-bd6a8cea-c2b5-451e-86d4-532c48ad37a1 ] Request (ServerShowV247Test:test_update_rebuild_list_server): 200 GET http://10.180.1.21/compute/v2.1/servers/97c97a43-1d7c-4c5f-b54f-ba3bd8e0a7dc 2.383s
2025-04-17 11:46:56.282 71203 INFO tempest.lib.common.rest_client [req-2df76a90-70c9-49d5-8858-ad62a47af364 req-2df76a90-70c9-49d5-8858-ad62a47af364 ] Request (QuotasAdminTestV257:test_get_updated_quotas): 200 PUT http://10.180.1.21/compute/v2.1/os-quota-sets/1ee2d55a71854a168977ad49105b8e64?user_id=fad3b6f7e96e414594ae50343432c22c 2.355s
2025-04-17 11:46:56.290 71215 INFO tempest.lib.common.rest_client [req-aec3407c-5601-48d1-b78e-0f550db38c26 req-aec3407c-5601-48d1-b78e-0f550db38c26 ] Request (HostsAdminNegativeTestJSON:test_update_host_without_param): 400 PUT http://10.180.1.21/compute/v2.1/os-hosts/devstack 1.923s
2025-04-17 11:46:56.306 71201 INFO tempest.lib.common.rest_client [req-2752ec0c-4149-4565-86ac-85d88fee378c req-2752ec0c-4149-4565-86ac-85d88fee378c ] Request (FlavorsV2TestJSON:test_list_flavors_filter_by_min_disk): 200 GET http://10.180.1.21/compute/v2.1/flavors/42 1.860s
2025-04-17 11:46:56.384 71242 INFO tempest.lib.common.rest_client [req-27299a9f-0aaf-4d76-8ade-95a14428c874 req-27299a9f-0aaf-4d76-8ade-95a14428c874 ] Request (ServerExternalEventsTest:test_create_server_external_events): 200 GET http://10.180.1.21/compute/v2.1/servers/6415730a-4aa9-47f0-960e-509459c615f7 1.895s
2025-04-17 11:46:56.393 71237 INFO tempest.lib.common.rest_client [req-bfd2f98b-3078-4f0a-83d2-9cbeb276ddd9 req-bfd2f98b-3078-4f0a-83d2-9cbeb276ddd9 ] Request (AggregatesAdminNegativeTestJSON:test_aggregate_create_aggregate_name_length_exceeds_255): 400 POST http://10.180.1.21/compute/v2.1/os-aggregates 1.898s
2025-04-17 11:46:56.500 71197 INFO tempest.lib.common.rest_client [req-b48ba6f9-bab6-4390-84e9-a709d60f412e req-b48ba6f9-bab6-4390-84e9-a709d60f412e ] Request (ServicesAdminNegativeTestJSON:test_list_services_with_non_admin_user): 403 GET http://10.180.1.21/compute/v2.1/os-services 1.964s
2025-04-17 11:46:56.627 71197 INFO tempest.lib.common.rest_client [req-bc9f0fea-3e37-4fab-b85b-82222db6bbad req-bc9f0fea-3e37-4fab-b85b-82222db6bbad ] Request (ServicesAdminNegativeTestJSON:tearDownClass): 204 DELETE http://10.180.1.21/identity/v3/users/0099d618e6b740c288941e1133d62e5e 0.125s
2025-04-17 11:46:56.683 71213 INFO tempest.lib.common.rest_client [req-0a636591-afda-457e-8554-454362be2809 req-0a636591-afda-457e-8554-454362be2809 ] Request (ServersAdminTestJSON:setUpClass): 200 GET http://10.180.1.21/compute/v2.1/servers/8ca8c5ef-e951-49bf-816c-84a297d92f07 2.030s
2025-04-17 11:46:56.692 71213 INFO tempest.common.waiters [-] State transition "BUILD/block_device_mapping" ==> "BUILD/spawning" after 14 second wait
2025-04-17 11:46:56.760 71197 INFO tempest.lib.common.rest_client [req-e9d010f0-7827-4665-bc2f-d348b574fc89 req-e9d010f0-7827-4665-bc2f-d348b574fc89 ] Request (ServicesAdminNegativeTestJSON:tearDownClass): 204 DELETE http://10.180.1.21/identity/v3/users/fa3fb8856dbd4f7780582f3f1d233cdc 0.132s
2025-04-17 11:46:56.761 71197 INFO tempest.lib.common.dynamic_creds [-] Deleting project and security group for project: 84de661abe9241f5960c6c3ce6ec82ce
2025-04-17 11:46:56.818 71197 INFO tempest.lib.common.rest_client [req-1dc61f57-5232-42ba-baf7-15d00c468c81 req-1dc61f57-5232-42ba-baf7-15d00c468c81 ] Request (ServicesAdminNegativeTestJSON:tearDownClass): 201 POST http://10.180.1.21/identity/v3/auth/tokens 0.057s
2025-04-17 11:46:56.907 71235 INFO tempest.lib.common.rest_client [req-2f7bb203-b577-43ad-a169-dbfd706b274d req-2f7bb203-b577-43ad-a169-dbfd706b274d ] Request (ServerDiagnosticsTest:test_get_server_diagnostics): 200 GET http://10.180.1.21/compute/v2.1/servers/1cfd0a70-d95d-4a3b-a23a-0a2abbab5d1d/diagnostics 2.638s
2025-04-17 11:46:57.089 71243 INFO tempest.lib.common.rest_client [req-be0f41ad-eea1-4a10-8e9c-a37bd01c8f56 req-be0f41ad-eea1-4a10-8e9c-a37bd01c8f56 ] Request (QuotasAdminNegativeTest:_run_cleanups): 200 PUT http://10.180.1.21/compute/v2.1/os-quota-sets/f1e2c325a5cc47a6bb20440f18170303 2.209s
2025-04-17 11:46:57.192 71205 INFO tempest.lib.common.rest_client [req-6924aa69-2b24-41da-a333-63cd1faedea7 req-6924aa69-2b24-41da-a333-63cd1faedea7 ] Request (ServersListShow296Test:test_list_show_update_rebuild_server_296): 200 GET http://10.180.1.21/compute/v2.1/servers/3dcf9e2a-4306-4025-a942-9aa1a598f49f 2.257s
2025-04-17 11:46:57.219 71197 INFO tempest.lib.common.rest_client [req-bb654f49-ec03-480b-9571-b12e3273e3ec req-bb654f49-ec03-480b-9571-b12e3273e3ec ] Request (ServicesAdminNegativeTestJSON:tearDownClass): 200 GET http://10.180.1.21:9696/networking/v2.0/security-groups?tenant_id=84de661abe9241f5960c6c3ce6ec82ce&name=default 0.401s
2025-04-17 11:46:57.424 71239 INFO tempest.lib.common.rest_client [req-ee839653-3d61-4193-998b-0adcb7570ba1 req-ee839653-3d61-4193-998b-0adcb7570ba1 ] Request (DeleteServersAdminTestJSON:test_admin_delete_servers_of_others): 204 DELETE http://10.180.1.21/compute/v2.1/servers/f0de3aaa-605f-48e6-a512-747263d49680 2.481s
2025-04-17 11:46:57.430 71197 INFO tempest.lib.common.rest_client [req-0f597a96-2302-4e49-96a1-a6cd5691f3ac req-0f597a96-2302-4e49-96a1-a6cd5691f3ac ] Request (ServicesAdminNegativeTestJSON:tearDownClass): 204 DELETE http://10.180.1.21:9696/networking/v2.0/security-groups/ab73eff6-dec6-40cf-9a07-c567ef5f45e7 0.211s
2025-04-17 11:46:57.457 71219 INFO tempest.lib.common.rest_client [req-46d4817d-a54b-4063-96f2-4dba4c98e7f2 req-46d4817d-a54b-4063-96f2-4dba4c98e7f2 ] Request (ImagesDeleteNegativeTestJSON:test_delete_image_negative_image_id): 404 DELETE http://10.180.1.21/compute/v2.1/images/-1 2.315s
2025-04-17 11:46:57.526 71197 INFO tempest.lib.common.rest_client [req-96a3fa8b-c529-4348-9ea5-cdb2c396f559 req-96a3fa8b-c529-4348-9ea5-cdb2c396f559 ] Request (ServicesAdminNegativeTestJSON:tearDownClass): 204 DELETE http://10.180.1.21/identity/v3/projects/84de661abe9241f5960c6c3ce6ec82ce 0.095s
2025-04-17 11:46:57.527 71197 INFO tempest.lib.common.dynamic_creds [-] Deleting project and security group for project: b0814731c6ed4d959e28f868227320a7
2025-04-17 11:46:57.534 71245 INFO tempest.lib.common.rest_client [req-f8e3f67d-958b-417c-ac9f-66195424dc5a req-f8e3f67d-958b-417c-ac9f-66195424dc5a ] Request (ServerRescueTestJSONUnderV235:setUpClass): 200 GET http://10.180.1.21/compute/v2.1/servers/8dc05e7d-bad4-42ba-a73e-30816551cf75 2.155s
2025-04-17 11:46:57.542 71245 INFO tempest.common.waiters [-] State transition "BUILD/scheduling" ==> "BUILD/None" after 3 second wait
2025-04-17 11:46:57.627 71231 INFO tempest.lib.common.rest_client [req-677fa4e7-9663-402c-862b-c499f09fb351 req-677fa4e7-9663-402c-862b-c499f09fb351 ] Request (AttachInterfacesTestJSON:setUpClass): 200 PUT http://10.180.1.21:9696/networking/v2.0/routers/42e6ef10-8f3c-443b-9a2d-40d01d0c2aa8/add_router_interface 2.311s
2025-04-17 11:46:57.627 71231 INFO tempest.lib.common.dynamic_creds [-] Created isolated network resources for: credentials: Credentials: {'domain_id': 'default', 'domain_name': 'Default', 'username': 'tempest-AttachInterfacesTestJSON-799558151-project-member', 'project_domain_id': 'default', 'project_domain_name': 'Default', 'project_id': '6764fc0b9a604426976a4b145f22b580', 'project_name': 'tempest-AttachInterfacesTestJSON-799558151', 'tenant_id': '6764fc0b9a604426976a4b145f22b580', 'tenant_name': 'tempest-AttachInterfacesTestJSON-799558151', 'user_domain_id': 'default', 'user_domain_name': 'Default', 'user_id': '99f4ded22da4413eb375370addc94c8c', 'system': None}, Network: {'id': 'addbdc6a-23f3-4408-86c3-571f6567ee4b', 'name': 'tempest-AttachInterfacesTestJSON-1153574529-network', 'tenant_id': '6764fc0b9a604426976a4b145f22b580', 'admin_state_up': True, 'mtu': 8950, 'status': 'ACTIVE', 'subnets': [], 'shared': False, 'project_id': '6764fc0b9a604426976a4b145f22b580', 'port_security_enabled': True, 'router:external': False, 'provider:network_type': 'vlan', 'provider:physical_network': 'default', 'provider:segmentation_id': 709, 'availability_zone_hints': [], 'availability_zones': [], 'ipv4_address_scope': None, 'ipv6_address_scope': None, 'description': '', 'tags': [], 'created_at': '2025-04-17T11:46:51Z', 'updated_at': '2025-04-17T11:46:51Z', 'revision_number': 1}, Subnet: {'id': '1f877c0d-ede0-41a8-a4b8-766284d908c1', 'name': 'tempest-AttachInterfacesTestJSON-1153574529-subnet', 'tenant_id': '6764fc0b9a604426976a4b145f22b580', 'network_id': 'addbdc6a-23f3-4408-86c3-571f6567ee4b', 'ip_version': 4, 'subnetpool_id': None, 'enable_dhcp': True, 'ipv6_ra_mode': None, 'ipv6_address_mode': None, 'gateway_ip': '192.168.128.1', 'cidr': '192.168.128.0/28', 'allocation_pools': [{'start': '192.168.128.2', 'end': '192.168.128.14'}], 'host_routes': [], 'dns_nameservers': [], 'description': '', 'router:external': False, 'service_types': [], 'tags': [], 'created_at': '2025-04-17T11:46:52Z', 'updated_at': '2025-04-17T11:46:52Z', 'revision_number': 0, 'project_id': '6764fc0b9a604426976a4b145f22b580'}, Router: {'id': '42e6ef10-8f3c-443b-9a2d-40d01d0c2aa8', 'name': 'tempest-AttachInterfacesTestJSON-1153574529-router', 'tenant_id': '6764fc0b9a604426976a4b145f22b580', 'admin_state_up': True, 'status': 'ACTIVE', 'external_gateway_info': {'network_id': '1557cddf-3053-4381-bbb9-4821e73aa036', 'external_fixed_ips': [{'subnet_id': 'd1a76577-5ab0-4baf-a647-936985850ed0', 'ip_address': '10.180.180.225'}], 'enable_snat': True}, 'description': '', 'availability_zones': [], 'distributed': False, 'ha': False, 'availability_zone_hints': [], 'routes': [], 'flavor_id': None, 'tags': [], 'created_at': '2025-04-17T11:46:52Z', 'updated_at': '2025-04-17T11:46:54Z', 'revision_number': 2, 'project_id': '6764fc0b9a604426976a4b145f22b580'}
2025-04-17 11:46:57.679 71197 INFO tempest.lib.common.rest_client [req-1d0c0e49-e4e5-42c2-9f44-da4cf0de790a req-1d0c0e49-e4e5-42c2-9f44-da4cf0de790a ] Request (ServicesAdminNegativeTestJSON:tearDownClass): 200 GET http://10.180.1.21:9696/networking/v2.0/security-groups?tenant_id=b0814731c6ed4d959e28f868227320a7&name=default 0.152s
2025-04-17 11:46:57.719 71231 INFO tempest.lib.common.rest_client [req-0f7bc3ea-fdf1-4162-9f9c-b7e50227fcdc req-0f7bc3ea-fdf1-4162-9f9c-b7e50227fcdc ] Request (AttachInterfacesTestJSON:setUpClass): 201 POST http://10.180.1.21/identity/v3/auth/tokens 0.086s
2025-04-17 11:46:57.817 71199 INFO tempest.lib.common.rest_client [req-7660140f-3df7-41d5-9944-0fdb23810715 req-7660140f-3df7-41d5-9944-0fdb23810715 ] Request (NetworksTest:test_get_network): 200 GET http://10.180.1.21/compute/v2.1/os-networks 2.300s
2025-04-17 11:46:57.819 71217 INFO tempest.lib.common.rest_client [req-37fc2dee-7d98-45da-b2dd-a9b1a3243ba4 req-37fc2dee-7d98-45da-b2dd-a9b1a3243ba4 ] Request (FloatingIPsTestJSON:test_allocate_floating_ip): 200 POST http://10.180.1.21/compute/v2.1/os-floating-ips 3.074s
2025-04-17 11:46:57.855 71197 INFO tempest.lib.common.rest_client [req-bcd80359-e0be-46fb-a1d3-2d5f21d327bc req-bcd80359-e0be-46fb-a1d3-2d5f21d327bc ] Request (ServicesAdminNegativeTestJSON:tearDownClass): 204 DELETE http://10.180.1.21:9696/networking/v2.0/security-groups/350114a5-3de6-4372-a6f1-ec38dc59838a 0.175s
2025-04-17 11:46:57.877 71211 INFO tempest.lib.common.rest_client [req-efb68c8f-0e2c-47f8-b186-744a8b349c75 req-efb68c8f-0e2c-47f8-b186-744a8b349c75 ] Request (ServersWithSpecificFlavorTestJSON:test_verify_created_server_ephemeral_disk): 200 GET http://10.180.1.21/compute/v2.1/servers/39540351-0bb2-4505-a505-06bf5aaca7f2 2.217s
2025-04-17 11:46:57.937 71223 INFO tempest.lib.common.rest_client [req-912dbeb7-f8dd-47d1-aa96-f5371050c201 req-912dbeb7-f8dd-47d1-aa96-f5371050c201 ] Request (VolumesAssistedSnapshotsTest:test_volume_assisted_snapshot_create_delete): 200 GET http://10.180.1.21/compute/v2.1/servers/dfb3f04f-1da6-4d75-9ea3-4d5b4e1423f6 2.255s
2025-04-17 11:46:57.963 71197 INFO tempest.lib.common.rest_client [req-22d0c614-6fa8-4801-9fbb-ee57446c967f req-22d0c614-6fa8-4801-9fbb-ee57446c967f ] Request (ServicesAdminNegativeTestJSON:tearDownClass): 204 DELETE http://10.180.1.21/identity/v3/projects/b0814731c6ed4d959e28f868227320a7 0.108s
2025-04-17 11:46:57.967 71247 INFO tempest.lib.common.rest_client [req-5fe072fd-2099-4216-83c6-09a3f7907c4e req-5fe072fd-2099-4216-83c6-09a3f7907c4e ] Request (ImagesOneServerTestJSON:setUpClass): 200 PUT http://10.180.1.21:9696/networking/v2.0/routers/7d84e27c-139c-462a-b341-734586b1de5c/add_router_interface 2.101s
2025-04-17 11:46:57.967 71247 INFO tempest.lib.common.dynamic_creds [-] Created isolated network resources for: credentials: Credentials: {'domain_id': 'default', 'domain_name': 'Default', 'username': 'tempest-ImagesOneServerTestJSON-1657860221-project-member', 'project_domain_id': 'default', 'project_domain_name': 'Default', 'project_id': 'd797bff009944f2ebbccfb75d98b4f87', 'project_name': 'tempest-ImagesOneServerTestJSON-1657860221', 'tenant_id': 'd797bff009944f2ebbccfb75d98b4f87', 'tenant_name': 'tempest-ImagesOneServerTestJSON-1657860221', 'user_domain_id': 'default', 'user_domain_name': 'Default', 'user_id': 'fc95104679104688b0187a8acbd05f7c', 'system': None}, Network: {'id': '4e928757-a60e-454c-b677-712b05d08ee0', 'name': 'tempest-ImagesOneServerTestJSON-1326705251-network', 'tenant_id': 'd797bff009944f2ebbccfb75d98b4f87', 'admin_state_up': True, 'mtu': 8950, 'status': 'ACTIVE', 'subnets': [], 'shared': False, 'project_id': 'd797bff009944f2ebbccfb75d98b4f87', 'port_security_enabled': True, 'router:external': False, 'provider:network_type': 'vlan', 'provider:physical_network': 'default', 'provider:segmentation_id': 684, 'availability_zone_hints': [], 'availability_zones': [], 'ipv4_address_scope': None, 'ipv6_address_scope': None, 'description': '', 'tags': [], 'created_at': '2025-04-17T11:46:53Z', 'updated_at': '2025-04-17T11:46:53Z', 'revision_number': 1}, Subnet: {'id': '496b7838-6fcf-407a-ab5d-cc430e519382', 'name': 'tempest-ImagesOneServerTestJSON-1326705251-subnet', 'tenant_id': 'd797bff009944f2ebbccfb75d98b4f87', 'network_id': '4e928757-a60e-454c-b677-712b05d08ee0', 'ip_version': 4, 'subnetpool_id': None, 'enable_dhcp': True, 'ipv6_ra_mode': None, 'ipv6_address_mode': None, 'gateway_ip': '192.168.128.1', 'cidr': '192.168.128.0/28', 'allocation_pools': [{'start': '192.168.128.2', 'end': '192.168.128.14'}], 'host_routes': [], 'dns_nameservers': [], 'description': '', 'router:external': False, 'service_types': [], 'tags': [], 'created_at': '2025-04-17T11:46:53Z', 'updated_at': '2025-04-17T11:46:53Z', 'revision_number': 0, 'project_id': 'd797bff009944f2ebbccfb75d98b4f87'}, Router: {'id': '7d84e27c-139c-462a-b341-734586b1de5c', 'name': 'tempest-ImagesOneServerTestJSON-1326705251-router', 'tenant_id': 'd797bff009944f2ebbccfb75d98b4f87', 'admin_state_up': True, 'status': 'ACTIVE', 'external_gateway_info': {'network_id': '1557cddf-3053-4381-bbb9-4821e73aa036', 'external_fixed_ips': [{'subnet_id': 'd1a76577-5ab0-4baf-a647-936985850ed0', 'ip_address': '10.180.180.169'}], 'enable_snat': True}, 'description': '', 'availability_zones': [], 'distributed': False, 'ha': False, 'availability_zone_hints': [], 'routes': [], 'flavor_id': None, 'tags': [], 'created_at': '2025-04-17T11:46:54Z', 'updated_at': '2025-04-17T11:46:55Z', 'revision_number': 2, 'project_id': 'd797bff009944f2ebbccfb75d98b4f87'}
2025-04-17 11:46:57.992 71191 INFO tempest.lib.common.rest_client [req-2d5af934-c6e8-457e-aca2-46a4498c6cdf req-2d5af934-c6e8-457e-aca2-46a4498c6cdf ] Request (SecurityGroupsTestAdminJSON:test_list_security_groups_list_all_tenants_filter): 200 POST http://10.180.1.21/compute/v2.1/os-security-groups 2.369s
2025-04-17 11:46:58.042 71247 INFO tempest.lib.common.rest_client [req-827af072-2626-4bf6-8573-eddd30dc1664 req-827af072-2626-4bf6-8573-eddd30dc1664 ] Request (ImagesOneServerTestJSON:setUpClass): 201 POST http://10.180.1.21/identity/v3/auth/tokens 0.070s
2025-04-17 11:46:58.049 71197 INFO tempest.lib.common.rest_client [req-9dc9ea35-69b3-4a4d-a1b4-b2535ccd7c0e req-9dc9ea35-69b3-4a4d-a1b4-b2535ccd7c0e ] Request (ServerAddressesNegativeTestJSON:setUpClass): 201 POST http://10.180.1.21/identity/v3/auth/tokens 0.085s
2025-04-17 11:46:58.072 71247 INFO tempest.lib.common.rest_client [req-3128b378-8cbb-41d8-9d27-e5c9ccb8fc20 req-3128b378-8cbb-41d8-9d27-e5c9ccb8fc20 ] Request (ImagesOneServerTestJSON:setUpClass): 201 POST http://10.180.1.21/identity/v3/auth/tokens 0.026s
2025-04-17 11:46:58.073 71247 INFO tempest.lib.common.fixed_network [-] (ImagesOneServerTestJSON:setUpClass) Found network {'id': '4e928757-a60e-454c-b677-712b05d08ee0', 'name': 'tempest-ImagesOneServerTestJSON-1326705251-network', 'tenant_id': 'd797bff009944f2ebbccfb75d98b4f87', 'admin_state_up': True, 'mtu': 8950, 'status': 'ACTIVE', 'subnets': [], 'shared': False, 'project_id': 'd797bff009944f2ebbccfb75d98b4f87', 'port_security_enabled': True, 'router:external': False, 'provider:network_type': 'vlan', 'provider:physical_network': 'default', 'provider:segmentation_id': 684, 'availability_zone_hints': [], 'availability_zones': [], 'ipv4_address_scope': None, 'ipv6_address_scope': None, 'description': '', 'tags': [], 'created_at': '2025-04-17T11:46:53Z', 'updated_at': '2025-04-17T11:46:53Z', 'revision_number': 1} available for tenant
2025-04-17 11:46:58.095 71197 INFO tempest.lib.common.rest_client [req-977e740f-290c-4a22-9959-1d0dd1992140 req-977e740f-290c-4a22-9959-1d0dd1992140 ] Request (ServerAddressesNegativeTestJSON:setUpClass): 201 POST http://10.180.1.21/identity/v3/auth/tokens 0.043s
2025-04-17 11:46:58.119 71197 INFO tempest.lib.common.rest_client [req-41669403-bb57-4e18-baae-ce5687322e12 req-41669403-bb57-4e18-baae-ce5687322e12 ] Request (ServerAddressesNegativeTestJSON:setUpClass): 200 GET http://10.180.1.21/identity/v3/domains?name=Default 0.023s
2025-04-17 11:46:58.127 71225 INFO tempest.lib.common.rest_client [req-be664046-5498-41b8-9d9e-91deddb5f997 req-be664046-5498-41b8-9d9e-91deddb5f997 ] Request (SecurityGroupRulesTestJSON:test_security_group_rules_list): 200 POST http://10.180.1.21/compute/v2.1/os-security-groups 2.445s
2025-04-17 11:46:58.133 71209 INFO tempest.lib.common.rest_client [req-df22d34c-fffb-46a1-a28a-d16804ddc364 req-df22d34c-fffb-46a1-a28a-d16804ddc364 ] Request (SecurityGroupsNegativeTestJSON:test_delete_nonexistent_security_group): 404 DELETE http://10.180.1.21/compute/v2.1/os-security-groups/5aa7be19-be4f-4e8e-ad94-050766f6130e 2.419s
2025-04-17 11:46:58.152 71197 INFO tempest.lib.common.rest_client [req-28526dde-514d-4255-b94d-73a3a8905633 req-28526dde-514d-4255-b94d-73a3a8905633 ] Request (ServerAddressesNegativeTestJSON:setUpClass): 201 POST http://10.180.1.21/identity/v3/projects 0.033s
2025-04-17 11:46:58.187 71185 INFO tempest.lib.common.rest_client [req-eb68bf28-35c4-4e9d-8f8e-178fbc4727ed req-eb68bf28-35c4-4e9d-8f8e-178fbc4727ed ] Request (FlavorsAccessNegativeTestJSON:test_flavor_non_admin_add): 403 POST http://10.180.1.21/compute/v2.1/flavors/199640329/action 2.399s
2025-04-17 11:46:58.222 71197 INFO tempest.lib.common.rest_client [req-1a1c7520-7360-4d98-9415-90456fd23e30 req-1a1c7520-7360-4d98-9415-90456fd23e30 ] Request (ServerAddressesNegativeTestJSON:setUpClass): 201 POST http://10.180.1.21/identity/v3/users 0.069s
2025-04-17 11:46:58.248 71197 INFO tempest.lib.common.rest_client [req-b9d2247c-c679-4973-a942-47f97e871440 req-b9d2247c-c679-4973-a942-47f97e871440 ] Request (ServerAddressesNegativeTestJSON:setUpClass): 200 GET http://10.180.1.21/identity/v3/roles 0.026s
2025-04-17 11:46:58.248 71189 INFO tempest.lib.common.rest_client [req-a4de019e-e79c-44f0-a0a7-db72287118c5 req-a4de019e-e79c-44f0-a0a7-db72287118c5 ] Request (InstanceActionsV221TestJSON:test_get_list_deleted_instance_actions): 204 DELETE http://10.180.1.21/compute/v2.1/servers/4be98957-bf1b-4464-bb2b-66349fa66668 2.375s
2025-04-17 11:46:58.269 71187 INFO tempest.lib.common.rest_client [req-ce1e6848-2b42-412c-b7ce-8c9ce95b0b5e req-ce1e6848-2b42-412c-b7ce-8c9ce95b0b5e ] Request (FlavorsExtraSpecsTestJSON:tearDownClass): 202 DELETE http://10.180.1.21/compute/v2.1/flavors/1688719613 2.259s
2025-04-17 11:46:58.281 71197 INFO tempest.lib.common.rest_client [req-438e93b1-c3d6-4aef-b411-2e10a0a82234 req-438e93b1-c3d6-4aef-b411-2e10a0a82234 ] Request (ServerAddressesNegativeTestJSON:setUpClass): 204 PUT http://10.180.1.21/identity/v3/projects/cc4cb9d0b15e4a0f8d2cf4dfd5710267/users/58373c5f262345acb6ff78c4715a67e2/roles/da68cb1f548840b393dc38fe38b80756 0.032s
2025-04-17 11:46:58.281 71197 INFO tempest.lib.common.dynamic_creds [-] Dynamic test user 58373c5f262345acb6ff78c4715a67e2 is created with scope project and roles: ['member']
2025-04-17 11:46:58.281 71197 INFO tempest.lib.common.dynamic_creds [-] Acquired dynamic creds: credentials: Credentials: {'domain_id': 'default', 'domain_name': 'Default', 'username': 'tempest-ServerAddressesNegativeTestJSON-1307823693-project-member', 'project_domain_id': 'default', 'project_domain_name': 'Default', 'project_id': 'cc4cb9d0b15e4a0f8d2cf4dfd5710267', 'project_name': 'tempest-ServerAddressesNegativeTestJSON-1307823693', 'tenant_id': 'cc4cb9d0b15e4a0f8d2cf4dfd5710267', 'tenant_name': 'tempest-ServerAddressesNegativeTestJSON-1307823693', 'user_domain_id': 'default', 'user_domain_name': 'Default', 'user_id': '58373c5f262345acb6ff78c4715a67e2', 'system': None}, Network: None, Subnet: None, Router: None
2025-04-17 11:46:58.306 71195 INFO tempest.lib.common.rest_client [req-09b37dde-5dfb-4a3e-b6e3-fc16f5858468 req-09b37dde-5dfb-4a3e-b6e3-fc16f5858468 ] Request (ServerDiagnosticsNegativeTest:tearDownClass): 204 DELETE http://10.180.1.21/compute/v2.1/servers/4a4a7b43-903f-495b-8bb9-becf921e7283 2.307s
2025-04-17 11:46:58.323 71215 INFO tempest.lib.common.rest_client [req-5dc94a8a-3406-4fbf-ba73-8765b52498f7 req-5dc94a8a-3406-4fbf-ba73-8765b52498f7 ] Request (HostsAdminNegativeTestJSON:test_update_nonexistent_host): 404 PUT http://10.180.1.21/compute/v2.1/os-hosts/nonexistent_hostname 2.031s
2025-04-17 11:46:58.357 71201 INFO tempest.lib.common.rest_client [req-0b80991d-4ddc-4099-80b5-a1a3e40de1e0 req-0b80991d-4ddc-4099-80b5-a1a3e40de1e0 ] Request (FlavorsV2TestJSON:test_list_flavors_filter_by_min_disk): 200 GET http://10.180.1.21/compute/v2.1/flavors?minDisk=2 2.048s
2025-04-17 11:46:58.360 71237 INFO tempest.lib.common.rest_client [req-61ffbc56-9218-4822-874d-3561cf526a41 req-61ffbc56-9218-4822-874d-3561cf526a41 ] Request (AggregatesAdminNegativeTestJSON:test_aggregate_create_aggregate_name_length_less_than_1): 400 POST http://10.180.1.21/compute/v2.1/os-aggregates 1.964s
2025-04-17 11:46:58.366 71197 INFO tempest.lib.common.rest_client [req-cd732d70-2397-40e1-a011-e729af1ace5b req-cd732d70-2397-40e1-a011-e729af1ace5b ] Request (ServerAddressesNegativeTestJSON:setUpClass): 201 POST http://10.180.1.21/identity/v3/auth/tokens 0.084s
2025-04-17 11:46:58.431 71203 INFO tempest.lib.common.rest_client [req-3b5470f3-5ba9-4d6d-a347-7a49571e3d45 req-3b5470f3-5ba9-4d6d-a347-7a49571e3d45 ] Request (QuotasAdminTestV257:test_get_updated_quotas): 200 GET http://10.180.1.21/compute/v2.1/os-quota-sets/1ee2d55a71854a168977ad49105b8e64?user_id=fad3b6f7e96e414594ae50343432c22c 2.147s
2025-04-17 11:46:58.436 71229 INFO tempest.lib.common.rest_client [req-56f257dc-6ae6-4051-bd1f-490976806053 req-56f257dc-6ae6-4051-bd1f-490976806053 ] Request (ImagesOneServerNegativeTestJSON:setUpClass): 200 GET http://10.180.1.21/compute/v2.1/servers/a893add8-af75-482e-b1a9-0fa099407df8 1.670s
2025-04-17 11:46:58.464 71215 INFO tempest.lib.common.rest_client [req-ce7d252a-2029-46fb-8933-5eb9c4fd0ea0 req-ce7d252a-2029-46fb-8933-5eb9c4fd0ea0 ] Request (HostsAdminNegativeTestJSON:tearDownClass): 204 DELETE http://10.180.1.21/identity/v3/users/f5a299f5e6f04eaa99ef531ce4299f46 0.137s
2025-04-17 11:46:58.555 71235 INFO tempest.lib.common.rest_client [req-22b3e2eb-d8db-4baf-b3a9-d4c58a8c33db req-22b3e2eb-d8db-4baf-b3a9-d4c58a8c33db ] Request (ServerDiagnosticsTest:tearDownClass): 204 DELETE http://10.180.1.21/compute/v2.1/servers/1cfd0a70-d95d-4a3b-a23a-0a2abbab5d1d 1.635s
2025-04-17 11:46:58.591 71207 INFO tempest.lib.common.rest_client [req-a3223c96-a62c-4133-a4c2-5aac81e18cb3 req-a3223c96-a62c-4133-a4c2-5aac81e18cb3 ] Request (MigrationsAdminTest:test_list_migrations_in_flavor_resize_situation): 200 GET http://10.180.1.21/compute/v2.1/servers/f97cb95b-5d2e-4ac4-ba82-80a705a086f4 1.635s
2025-04-17 11:46:58.598 71203 INFO tempest.lib.common.rest_client [req-6f4d36f7-ff66-4bfc-ac32-4c564d076723 req-6f4d36f7-ff66-4bfc-ac32-4c564d076723 ] Request (QuotasAdminTestV257:_run_cleanups): 204 DELETE http://10.180.1.21/identity/v3/users/fad3b6f7e96e414594ae50343432c22c 0.165s
2025-04-17 11:46:58.643 71215 INFO tempest.lib.common.rest_client [req-1a886ce4-9c57-4e42-b4b4-e61f4ce67a9d req-1a886ce4-9c57-4e42-b4b4-e61f4ce67a9d ] Request (HostsAdminNegativeTestJSON:tearDownClass): 204 DELETE http://10.180.1.21/identity/v3/users/530fb63799a14957a2ed2265f5604fff 0.179s
2025-04-17 11:46:58.644 71215 INFO tempest.lib.common.dynamic_creds [-] Deleting project and security group for project: 0d540bce1b88437f8151fbcf6d6bb9ac
2025-04-17 11:46:58.660 71221 INFO tempest.lib.common.rest_client [req-5f181cf7-d12e-4817-81af-f6aed98b2caa req-5f181cf7-d12e-4817-81af-f6aed98b2caa ] Request (ServersV294TestFqdnHostnames:setUpClass): 200 GET http://10.180.1.21/compute/v2.1/servers/2f11308d-9290-472a-9a2d-62e3e5dcac8b 1.582s
2025-04-17 11:46:58.674 71243 INFO tempest.lib.common.rest_client [req-ea781d33-46df-42d4-a77c-142728ba43a0 req-ea781d33-46df-42d4-a77c-142728ba43a0 ] Request (QuotasAdminNegativeTest:test_update_quota_normal_user): 403 PUT http://10.180.1.21/compute/v2.1/os-quota-sets/f1e2c325a5cc47a6bb20440f18170303 1.581s
2025-04-17 11:46:58.705 71215 INFO tempest.lib.common.rest_client [req-63fe4cce-bd78-4e72-8ae1-3029ef5b9914 req-63fe4cce-bd78-4e72-8ae1-3029ef5b9914 ] Request (HostsAdminNegativeTestJSON:tearDownClass): 201 POST http://10.180.1.21/identity/v3/auth/tokens 0.061s
2025-04-17 11:46:58.720 71227 INFO tempest.lib.common.rest_client [req-9d941d6b-477a-4ad7-a10c-866b07de0c36 req-9d941d6b-477a-4ad7-a10c-866b07de0c36 ] Request (ServersAdminNegativeTestJSON:setUpClass): 200 GET http://10.180.1.21/compute/v2.1/servers/88f4a83c-1880-4e6c-99ed-18e9229d1125 1.745s
2025-04-17 11:46:58.733 71227 INFO tempest.common.waiters [-] State transition "BUILD/block_device_mapping" ==> "BUILD/spawning" after 12 second wait
2025-04-17 11:46:58.755 71233 INFO tempest.lib.common.rest_client [req-2287c5b8-aacb-41a7-993d-629132b40042 req-2287c5b8-aacb-41a7-993d-629132b40042 ] Request (ServerShowV247Test:test_update_rebuild_list_server): 200 GET http://10.180.1.21/compute/v2.1/servers/97c97a43-1d7c-4c5f-b54f-ba3bd8e0a7dc 1.554s
2025-04-17 11:46:58.763 71243 INFO tempest.lib.common.rest_client [req-47393d23-dab7-4be0-907b-022d2a6a2cb9 req-47393d23-dab7-4be0-907b-022d2a6a2cb9 ] Request (QuotasAdminNegativeTest:tearDownClass): 204 DELETE http://10.180.1.21/identity/v3/users/635bc37b88ad48b99ef4c6e667ff5471 0.087s
2025-04-17 11:46:58.789 71203 INFO tempest.lib.common.rest_client [req-abd6a199-595c-4259-8b0d-0031e9ae263d req-abd6a199-595c-4259-8b0d-0031e9ae263d ] Request (QuotasAdminTestV257:_run_cleanups): 204 DELETE http://10.180.1.21/identity/v3/projects/1ee2d55a71854a168977ad49105b8e64 0.190s
2025-04-17 11:46:58.833 71242 INFO tempest.lib.common.rest_client [req-cb25fa55-c1d6-447e-b430-b0a3627c6e5b req-cb25fa55-c1d6-447e-b430-b0a3627c6e5b ] Request (ServerExternalEventsTest:test_create_server_external_events): 200 GET http://10.180.1.21/compute/v2.1/servers/6415730a-4aa9-47f0-960e-509459c615f7 1.438s
2025-04-17 11:46:58.857 71219 INFO tempest.lib.common.rest_client [req-5a13ba7a-59a6-49f9-8bfc-ade3e3d16f74 req-5a13ba7a-59a6-49f9-8bfc-ade3e3d16f74 ] Request (ImagesDeleteNegativeTestJSON:test_delete_image_non_hex_string_id): 404 DELETE http://10.180.1.21/compute/v2.1/images/9563ba61-2f88-4dbf-a582-15276c411a1j 1.396s
2025-04-17 11:46:58.914 71203 INFO tempest.lib.common.rest_client [req-c536e698-b680-4a75-be3a-1e3c4ec02334 req-c536e698-b680-4a75-be3a-1e3c4ec02334 ] Request (QuotasAdminTestV257:tearDownClass): 204 DELETE http://10.180.1.21/identity/v3/users/3af2ca5c0278467b86bc3839dc38e199 0.123s
2025-04-17 11:46:58.922 71243 INFO tempest.lib.common.rest_client [req-e543a742-9553-494d-9a41-3a3ca52605cf req-e543a742-9553-494d-9a41-3a3ca52605cf ] Request (QuotasAdminNegativeTest:tearDownClass): 204 DELETE http://10.180.1.21/identity/v3/users/c5e7ce73adee46369af016eab5e3fd2b 0.155s
2025-04-17 11:46:58.922 71243 INFO tempest.lib.common.dynamic_creds [-] Deleting project and security group for project: 31d6ab2d276b4be2b68c39288ab6ac47
2025-04-17 11:46:58.937 71239 INFO tempest.lib.common.rest_client [req-0e4abcca-b0c7-4370-9cae-2ae5de581da0 req-0e4abcca-b0c7-4370-9cae-2ae5de581da0 ] Request (DeleteServersAdminTestJSON:test_admin_delete_servers_of_others): 200 GET http://10.180.1.21/compute/v2.1/servers/f0de3aaa-605f-48e6-a512-747263d49680 1.512s
2025-04-17 11:46:58.961 71197 INFO tempest.lib.common.rest_client [req-c4d89c67-212f-4c46-9019-0bd99eb0183b req-c4d89c67-212f-4c46-9019-0bd99eb0183b ] Request (ServerAddressesNegativeTestJSON:setUpClass): 201 POST http://10.180.1.21:9696/networking/v2.0/networks 0.594s
2025-04-17 11:46:59.024 71193 INFO tempest.lib.common.rest_client [req-fbc2b305-c71d-43b8-b56f-6b042449456f req-fbc2b305-c71d-43b8-b56f-6b042449456f ] Request (QuotasAdminTestV236:test_get_updated_quotas): 200 GET http://10.180.1.21/identity/v3/domains?name=Default 0.139s
2025-04-17 11:46:59.054 71215 INFO tempest.lib.common.rest_client [req-dd4cdee2-aa0d-4957-8504-3b0e12d4246d req-dd4cdee2-aa0d-4957-8504-3b0e12d4246d ] Request (HostsAdminNegativeTestJSON:tearDownClass): 200 GET http://10.180.1.21:9696/networking/v2.0/security-groups?tenant_id=0d540bce1b88437f8151fbcf6d6bb9ac&name=default 0.348s
2025-04-17 11:46:59.069 71203 INFO tempest.lib.common.rest_client [req-3228108e-9164-4872-b1bc-650779d39435 req-3228108e-9164-4872-b1bc-650779d39435 ] Request (QuotasAdminTestV257:tearDownClass): 204 DELETE http://10.180.1.21/identity/v3/users/09d47d9a89b94736b7262130b4906eda 0.154s
2025-04-17 11:46:59.069 71203 INFO tempest.lib.common.dynamic_creds [-] Deleting project and security group for project: 58d189bc639e408ca495107b6bef13e5
2025-04-17 11:46:59.081 71243 INFO tempest.lib.common.rest_client [req-2300792a-3bff-4e56-b16f-38ef2a6b532e req-2300792a-3bff-4e56-b16f-38ef2a6b532e ] Request (QuotasAdminNegativeTest:tearDownClass): 201 POST http://10.180.1.21/identity/v3/auth/tokens 0.159s
2025-04-17 11:46:59.183 71193 INFO tempest.lib.common.rest_client [req-f110bfaa-0199-4665-bf4e-aae13b62eb4e req-f110bfaa-0199-4665-bf4e-aae13b62eb4e ] Request (QuotasAdminTestV236:test_get_updated_quotas): 201 POST http://10.180.1.21/identity/v3/projects 0.158s
2025-04-17 11:46:59.217 71215 INFO tempest.lib.common.rest_client [req-4754a9a6-8f69-44ba-81a5-571d320e6f05 req-4754a9a6-8f69-44ba-81a5-571d320e6f05 ] Request (HostsAdminNegativeTestJSON:tearDownClass): 204 DELETE http://10.180.1.21:9696/networking/v2.0/security-groups/fffcbaf2-bdf7-432c-9b5f-0134fc760454 0.162s
2025-04-17 11:46:59.234 71231 INFO tempest.lib.common.rest_client [req-41cb994f-8161-461f-9f21-c3ccb1c43b36 req-41cb994f-8161-461f-9f21-c3ccb1c43b36 ] Request (ValidationResourcesFixture:setUp): 200 POST http://10.180.1.21/compute/v2.1/os-keypairs 1.510s
2025-04-17 11:46:59.247 71213 INFO tempest.lib.common.rest_client [req-5d327a68-43e7-441e-92fe-ca9144198738 req-5d327a68-43e7-441e-92fe-ca9144198738 ] Request (ServersAdminTestJSON:setUpClass): 200 GET http://10.180.1.21/compute/v2.1/servers/8ca8c5ef-e951-49bf-816c-84a297d92f07 1.554s
2025-04-17 11:46:59.250 71203 INFO tempest.lib.common.rest_client [req-fdafbb40-7c47-4fe6-875e-3749d05fb517 req-fdafbb40-7c47-4fe6-875e-3749d05fb517 ] Request (QuotasAdminTestV257:tearDownClass): 201 POST http://10.180.1.21/identity/v3/auth/tokens 0.181s
2025-04-17 11:46:59.316 71197 INFO tempest.lib.common.rest_client [req-8e4067bc-00f3-4ba8-ba6c-d39eca78a226 req-8e4067bc-00f3-4ba8-ba6c-d39eca78a226 ] Request (ServerAddressesNegativeTestJSON:setUpClass): 201 POST http://10.180.1.21:9696/networking/v2.0/subnets 0.355s
2025-04-17 11:46:59.327 71193 INFO tempest.lib.common.rest_client [req-cc242df5-bb8c-41cd-aeb1-f3257a4cfd6c req-cc242df5-bb8c-41cd-aeb1-f3257a4cfd6c ] Request (QuotasAdminTestV236:test_get_updated_quotas): 200 GET http://10.180.1.21/identity/v3/domains?name=Default 0.143s
2025-04-17 11:46:59.336 71199 INFO tempest.lib.common.rest_client [req-a9fd30c6-e2bf-4689-8e47-ec9c3030b945 req-a9fd30c6-e2bf-4689-8e47-ec9c3030b945 ] Request (NetworksTest:test_get_network): 200 GET http://10.180.1.21/compute/v2.1/os-networks/1557cddf-3053-4381-bbb9-4821e73aa036 1.518s
2025-04-17 11:46:59.362 71215 INFO tempest.lib.common.rest_client [req-1bd822a0-b8a0-44ec-ac03-a1b4dd972d84 req-1bd822a0-b8a0-44ec-ac03-a1b4dd972d84 ] Request (HostsAdminNegativeTestJSON:tearDownClass): 204 DELETE http://10.180.1.21/identity/v3/projects/0d540bce1b88437f8151fbcf6d6bb9ac 0.144s
2025-04-17 11:46:59.362 71215 INFO tempest.lib.common.dynamic_creds [-] Deleting project and security group for project: 8c69de5bedb74c7b8d248f71a268e8d9
2025-04-17 11:46:59.459 71231 INFO tempest.lib.common.rest_client [req-5b939318-6df6-43af-93a9-6579921fb2c9 req-5b939318-6df6-43af-93a9-6579921fb2c9 ] Request (ValidationResourcesFixture:setUp): 201 POST http://10.180.1.21:9696/networking/v2.0/security-groups 0.224s
2025-04-17 11:46:59.557 71217 INFO tempest.lib.common.rest_client [req-d6095daa-4039-4d75-b45b-1030a9519abd req-d6095daa-4039-4d75-b45b-1030a9519abd ] Request (FloatingIPsTestJSON:test_allocate_floating_ip): 200 GET http://10.180.1.21/compute/v2.1/os-floating-ips/c7797ad4-22cf-48ed-be62-ac4c9b55133f 1.736s
2025-04-17 11:46:59.578 71215 INFO tempest.lib.common.rest_client [req-98feedcd-2146-4745-836b-c6aae48cf7b3 req-98feedcd-2146-4745-836b-c6aae48cf7b3 ] Request (HostsAdminNegativeTestJSON:tearDownClass): 200 GET http://10.180.1.21:9696/networking/v2.0/security-groups?tenant_id=8c69de5bedb74c7b8d248f71a268e8d9&name=default 0.215s
2025-04-17 11:46:59.726 71215 INFO tempest.lib.common.rest_client [req-b9dc0385-b14d-489f-b499-794ce491e7b4 req-b9dc0385-b14d-489f-b499-794ce491e7b4 ] Request (HostsAdminNegativeTestJSON:tearDownClass): 204 DELETE http://10.180.1.21:9696/networking/v2.0/security-groups/a1266119-0962-41da-b355-72992f77d587 0.147s
2025-04-17 11:46:59.795 71215 INFO tempest.lib.common.rest_client [req-9e703488-1803-437f-a30d-b9dc66b55280 req-9e703488-1803-437f-a30d-b9dc66b55280 ] Request (HostsAdminNegativeTestJSON:tearDownClass): 204 DELETE http://10.180.1.21/identity/v3/projects/8c69de5bedb74c7b8d248f71a268e8d9 0.068s
2025-04-17 11:46:59.811 71191 INFO tempest.lib.common.rest_client [req-89ca56bf-e5f1-4e3c-8759-f3aa149d9842 req-89ca56bf-e5f1-4e3c-8759-f3aa149d9842 ] Request (SecurityGroupsTestAdminJSON:test_list_security_groups_list_all_tenants_filter): 200 POST http://10.180.1.21/compute/v2.1/os-security-groups 1.815s
2025-04-17 11:46:59.826 71243 INFO tempest.lib.common.rest_client [req-16004ca8-a909-483d-b725-856a16ce022c req-16004ca8-a909-483d-b725-856a16ce022c ] Request (QuotasAdminNegativeTest:tearDownClass): 200 GET http://10.180.1.21:9696/networking/v2.0/security-groups?tenant_id=31d6ab2d276b4be2b68c39288ab6ac47&name=default 0.744s
2025-04-17 11:46:59.872 71215 INFO tempest.lib.common.rest_client [req-5b7966a9-a883-4a26-ba01-6f3b3bbf8669 req-5b7966a9-a883-4a26-ba01-6f3b3bbf8669 ] Request (QuotasAdminTestJSON:setUpClass): 201 POST http://10.180.1.21/identity/v3/auth/tokens 0.075s
2025-04-17 11:46:59.927 71215 INFO tempest.lib.common.rest_client [req-835761ee-6178-431a-b952-5c955a12879e req-835761ee-6178-431a-b952-5c955a12879e ] Request (QuotasAdminTestJSON:setUpClass): 201 POST http://10.180.1.21/identity/v3/auth/tokens 0.047s
2025-04-17 11:46:59.961 71215 INFO tempest.lib.common.rest_client [req-f5ef7888-494c-4319-aee9-5a6ec5196c59 req-f5ef7888-494c-4319-aee9-5a6ec5196c59 ] Request (QuotasAdminTestJSON:setUpClass): 200 GET http://10.180.1.21/identity/v3/domains?name=Default 0.033s
2025-04-17 11:46:59.982 71243 INFO tempest.lib.common.rest_client [req-2cf873ab-facf-4952-80f5-73e90f43cf26 req-2cf873ab-facf-4952-80f5-73e90f43cf26 ] Request (QuotasAdminNegativeTest:tearDownClass): 204 DELETE http://10.180.1.21:9696/networking/v2.0/security-groups/e80b4d16-6a45-4d05-b402-0106cd4eaa34 0.155s
2025-04-17 11:46:59.998 71225 INFO tempest.lib.common.rest_client [req-6b9c13b9-6442-4240-b7eb-4ec1c0d94563 req-6b9c13b9-6442-4240-b7eb-4ec1c0d94563 ] Request (SecurityGroupRulesTestJSON:test_security_group_rules_list): 200 POST http://10.180.1.21/compute/v2.1/os-security-group-rules 1.868s
2025-04-17 11:46:59.999 71215 INFO tempest.lib.common.rest_client [req-bb10b066-a8a0-4d92-8b79-63a290515fbd req-bb10b066-a8a0-4d92-8b79-63a290515fbd ] Request (QuotasAdminTestJSON:setUpClass): 201 POST http://10.180.1.21/identity/v3/projects 0.037s
2025-04-17 11:47:00.000 71209 INFO tempest.lib.common.rest_client [req-0be13f31-61bf-4280-8de5-1dff0008ada1 req-0be13f31-61bf-4280-8de5-1dff0008ada1 ] Request (SecurityGroupsNegativeTestJSON:test_delete_security_group_without_passing_id): 404 DELETE http://10.180.1.21/compute/v2.1/os-security-groups/ 1.865s
2025-04-17 11:47:00.025 71185 INFO tempest.lib.common.rest_client [req-35f47985-e91c-4268-9d2e-8497449dfd0f req-35f47985-e91c-4268-9d2e-8497449dfd0f ] Request (FlavorsAccessNegativeTestJSON:_run_cleanups): 202 DELETE http://10.180.1.21/compute/v2.1/flavors/199640329 1.837s
2025-04-17 11:47:00.075 71215 INFO tempest.lib.common.rest_client [req-00d25c91-0fe6-4552-bf0e-c908032c0c28 req-00d25c91-0fe6-4552-bf0e-c908032c0c28 ] Request (QuotasAdminTestJSON:setUpClass): 201 POST http://10.180.1.21/identity/v3/users 0.076s
2025-04-17 11:47:00.082 71231 INFO tempest.lib.common.rest_client [req-c25d48c8-6bf7-4b02-927c-b90e42bfeabf req-c25d48c8-6bf7-4b02-927c-b90e42bfeabf ] Request (ValidationResourcesFixture:setUp): 201 POST http://10.180.1.21:9696/networking/v2.0/security-group-rules 0.622s
2025-04-17 11:47:00.096 71243 INFO tempest.lib.common.rest_client [req-03b4d3be-2e43-4c46-9d57-c12c42260375 req-03b4d3be-2e43-4c46-9d57-c12c42260375 ] Request (QuotasAdminNegativeTest:tearDownClass): 204 DELETE http://10.180.1.21/identity/v3/projects/31d6ab2d276b4be2b68c39288ab6ac47 0.113s
2025-04-17 11:47:00.096 71243 INFO tempest.lib.common.dynamic_creds [-] Deleting project and security group for project: f1e2c325a5cc47a6bb20440f18170303
