2025-04-17 11:46:32.058 71185 INFO tempest.lib.common.rest_client [req-228b3805-f624-49c4-942e-40010c03b93f req-228b3805-f624-49c4-942e-40010c03b93f ] Request (AZAdminNegativeTestJSON:tearDownClass): 201 POST http://10.180.1.21/identity/v3/auth/tokens 0.152s
2025-04-17 11:46:32.069 71191 INFO tempest.lib.common.rest_client [req-580126c2-1522-4e12-8a1a-6a54aad16304 req-580126c2-1522-4e12-8a1a-6a54aad16304 ] Request (HypervisorAdminNegativeUnderV252Test:test_search_hypervisor_with_non_admin_user): 200 GET http://10.180.1.21/compute/v2.1/os-hypervisors 1.938s
2025-04-17 11:46:32.079 71187 INFO tempest.lib.common.rest_client [req-8629a671-9e89-41f4-a108-483751aaccf2 req-8629a671-9e89-41f4-a108-483751aaccf2 ] Request (FlavorsExtraSpecsTestJSON:setUpClass): 201 POST http://10.180.1.21/identity/v3/projects 0.127s
2025-04-17 11:46:32.087 71195 INFO tempest.lib.common.rest_client [req-1b6a6d02-c87e-4ac5-bed6-4d7d87331f40 req-1b6a6d02-c87e-4ac5-bed6-4d7d87331f40 ] Request (ServerDiagnosticsNegativeTest:test_get_server_diagnostics_by_non_admin): 202 POST http://10.180.1.21/compute/v2.1/servers 3.202s
2025-04-17 11:46:32.123 71189 INFO tempest.lib.common.rest_client [req-8ea67820-e64c-4bc4-8024-6e6464dbe6a3 req-8ea67820-e64c-4bc4-8024-6e6464dbe6a3 ] Request (InstanceActionsV221TestJSON:test_get_list_deleted_instance_actions): 201 POST http://10.180.1.21/identity/v3/auth/tokens 0.103s
2025-04-17 11:46:32.123 71189 INFO tempest.lib.common.fixed_network [-] (InstanceActionsV221TestJSON:test_get_list_deleted_instance_actions) Found network {'id': '9fa0bc35-9445-4e42-a140-54118dd0e50d', 'name': 'tempest-InstanceActionsV221TestJSON-472382922-network', 'tenant_id': 'bcf696ab71f64a4a95bcc004b20489d6', 'admin_state_up': True, 'mtu': 8950, 'status': 'ACTIVE', 'subnets': [], 'shared': False, 'project_id': 'bcf696ab71f64a4a95bcc004b20489d6', 'port_security_enabled': True, 'router:external': False, 'provider:network_type': 'vlan', 'provider:physical_network': 'default', 'provider:segmentation_id': 892, 'availability_zone_hints': [], 'availability_zones': [], 'ipv4_address_scope': None, 'ipv6_address_scope': None, 'description': '', 'tags': [], 'created_at': '2025-04-17T11:46:27Z', 'updated_at': '2025-04-17T11:46:27Z', 'revision_number': 1} available for tenant
2025-04-17 11:46:32.132 71211 INFO tempest.lib.common.rest_client [req-50cce0a0-3f79-4276-a350-d9f3a73dc765 req-50cce0a0-3f79-4276-a350-d9f3a73dc765 ] Request (ServersWithSpecificFlavorTestJSON:setUpClass): 200 PUT http://10.180.1.21:9696/networking/v2.0/routers/a86c617c-90c8-49c8-9206-471599a115c6/add_router_interface 2.056s
2025-04-17 11:46:32.132 71211 INFO tempest.lib.common.dynamic_creds [-] Created isolated network resources for: credentials: Credentials: {'domain_id': 'default', 'domain_name': 'Default', 'username': 'tempest-ServersWithSpecificFlavorTestJSON-758785294-project-member', 'project_domain_id': 'default', 'project_domain_name': 'Default', 'project_id': '4982a2049a734c57b775d3a5b1f789af', 'project_name': 'tempest-ServersWithSpecificFlavorTestJSON-758785294', 'tenant_id': '4982a2049a734c57b775d3a5b1f789af', 'tenant_name': 'tempest-ServersWithSpecificFlavorTestJSON-758785294', 'user_domain_id': 'default', 'user_domain_name': 'Default', 'user_id': '9c2569bd938f4cf9974ff6f9e29cd72e', 'system': None}, Network: {'id': '37dda7c4-81b4-436e-bbb0-f572536f66a9', 'name': 'tempest-ServersWithSpecificFlavorTestJSON-506597560-network', 'tenant_id': '4982a2049a734c57b775d3a5b1f789af', 'admin_state_up': True, 'mtu': 8950, 'status': 'ACTIVE', 'subnets': [], 'shared': False, 'project_id': '4982a2049a734c57b775d3a5b1f789af', 'port_security_enabled': True, 'router:external': False, 'provider:network_type': 'vlan', 'provider:physical_network': 'default', 'provider:segmentation_id': 518, 'availability_zone_hints': [], 'availability_zones': [], 'ipv4_address_scope': None, 'ipv6_address_scope': None, 'description': '', 'tags': [], 'created_at': '2025-04-17T11:46:27Z', 'updated_at': '2025-04-17T11:46:27Z', 'revision_number': 1}, Subnet: {'id': '3428b9ba-a72c-4c1e-9e8b-92da440753c9', 'name': 'tempest-ServersWithSpecificFlavorTestJSON-506597560-subnet', 'tenant_id': '4982a2049a734c57b775d3a5b1f789af', 'network_id': '37dda7c4-81b4-436e-bbb0-f572536f66a9', 'ip_version': 4, 'subnetpool_id': None, 'enable_dhcp': True, 'ipv6_ra_mode': None, 'ipv6_address_mode': None, 'gateway_ip': '192.168.128.1', 'cidr': '192.168.128.0/28', 'allocation_pools': [{'start': '192.168.128.2', 'end': '192.168.128.14'}], 'host_routes': [], 'dns_nameservers': [], 'description': '', 'router:external': False, 'service_types': [], 'tags': [], 'created_at': '2025-04-17T11:46:27Z', 'updated_at': '2025-04-17T11:46:27Z', 'revision_number': 0, 'project_id': '4982a2049a734c57b775d3a5b1f789af'}, Router: {'id': 'a86c617c-90c8-49c8-9206-471599a115c6', 'name': 'tempest-ServersWithSpecificFlavorTestJSON-506597560-router', 'tenant_id': '4982a2049a734c57b775d3a5b1f789af', 'admin_state_up': True, 'status': 'ACTIVE', 'external_gateway_info': {'network_id': '1557cddf-3053-4381-bbb9-4821e73aa036', 'external_fixed_ips': [{'subnet_id': 'd1a76577-5ab0-4baf-a647-936985850ed0', 'ip_address': '10.180.180.242'}], 'enable_snat': True}, 'description': '', 'availability_zones': [], 'distributed': False, 'ha': False, 'availability_zone_hints': [], 'routes': [], 'flavor_id': None, 'tags': [], 'created_at': '2025-04-17T11:46:28Z', 'updated_at': '2025-04-17T11:46:29Z', 'revision_number': 2, 'project_id': '4982a2049a734c57b775d3a5b1f789af'}
2025-04-17 11:46:32.147 71203 INFO tempest.lib.common.rest_client [req-148a2f1d-3452-44e1-a9f2-3eb2b11f29f4 req-148a2f1d-3452-44e1-a9f2-3eb2b11f29f4 ] Request (KeyPairsV210TestJSON:test_admin_manage_keypairs_for_other_users): 201 POST http://10.180.1.21/compute/v2.1/os-keypairs 1.683s
2025-04-17 11:46:32.192 71213 INFO tempest.lib.common.rest_client [req-4bc3bc0b-577a-4439-9ab3-d89f6a9ab594 req-4bc3bc0b-577a-4439-9ab3-d89f6a9ab594 ] Request (ServersAdminTestJSON:setUpClass): 201 POST http://10.180.1.21:9696/networking/v2.0/subnets 0.236s
2025-04-17 11:46:32.280 71187 INFO tempest.lib.common.rest_client [req-ed33ec82-eae6-4226-bcc7-3527c4c7ca19 req-ed33ec82-eae6-4226-bcc7-3527c4c7ca19 ] Request (FlavorsExtraSpecsTestJSON:setUpClass): 201 POST http://10.180.1.21/identity/v3/users 0.200s
2025-04-17 11:46:32.403 71185 INFO tempest.lib.common.rest_client [req-5825d1ee-3efa-4d4c-90dc-2e8a501aee74 req-5825d1ee-3efa-4d4c-90dc-2e8a501aee74 ] Request (AZAdminNegativeTestJSON:tearDownClass): 200 GET http://10.180.1.21:9696/networking/v2.0/security-groups?tenant_id=8750afdab7804c869531d4b2c20b319d&name=default 0.344s
2025-04-17 11:46:32.439 71223 INFO tempest.lib.common.rest_client [req-6b7907db-2e50-49e7-a076-01bd1f150ec8 req-6b7907db-2e50-49e7-a076-01bd1f150ec8 ] Request (VolumesAssistedSnapshotsTest:setUpClass): 201 POST http://10.180.1.21/identity/v3/auth/tokens 0.357s
2025-04-17 11:46:32.466 71215 INFO tempest.lib.common.rest_client [req-a6e95c6e-0596-4616-a089-35e3363fd8fc req-a6e95c6e-0596-4616-a089-35e3363fd8fc ] Request (HostsAdminNegativeTestJSON:setUpClass): 200 GET http://10.180.1.21/compute/v2.1/os-hosts 1.896s
2025-04-17 11:46:32.472 71187 INFO tempest.lib.common.rest_client [req-3565ef33-1d70-4d25-9f93-5e5a3c045d9f req-3565ef33-1d70-4d25-9f93-5e5a3c045d9f ] Request (FlavorsExtraSpecsTestJSON:setUpClass): 200 GET http://10.180.1.21/identity/v3/roles 0.192s
2025-04-17 11:46:32.507 71205 INFO tempest.lib.common.rest_client [req-2af93aff-aa98-438d-b642-e9b1279c00de req-2af93aff-aa98-438d-b642-e9b1279c00de ] Request (HypervisorAdminV228Test:tearDownClass): 200 GET http://10.180.1.21:9696/networking/v2.0/security-groups?tenant_id=e6a4379c08bf4dad91889bbdbdfff462&name=default 0.466s
2025-04-17 11:46:32.528 71211 INFO tempest.lib.common.rest_client [req-3957d9ca-b938-40f0-bb08-70ba10e1e6b1 req-3957d9ca-b938-40f0-bb08-70ba10e1e6b1 ] Request (ServersWithSpecificFlavorTestJSON:setUpClass): 201 POST http://10.180.1.21/identity/v3/auth/tokens 0.341s
2025-04-17 11:46:32.536 71223 INFO tempest.lib.common.rest_client [req-0c7120a1-f3b5-4fcb-8851-5f418b42abc0 req-0c7120a1-f3b5-4fcb-8851-5f418b42abc0 ] Request (VolumesAssistedSnapshotsTest:setUpClass): 201 POST http://10.180.1.21/identity/v3/projects 0.096s
2025-04-17 11:46:32.592 71185 INFO tempest.lib.common.rest_client [req-da1c3259-3ea9-4106-94e8-a8b6859fbeca req-da1c3259-3ea9-4106-94e8-a8b6859fbeca ] Request (AZAdminNegativeTestJSON:tearDownClass): 204 DELETE http://10.180.1.21:9696/networking/v2.0/security-groups/bdff0465-14df-4527-85b2-3b9f4b2e7fa8 0.189s
2025-04-17 11:46:32.599 71187 INFO tempest.lib.common.rest_client [req-7905effc-c965-4afb-96e0-3aed6f691131 req-7905effc-c965-4afb-96e0-3aed6f691131 ] Request (FlavorsExtraSpecsTestJSON:setUpClass): 204 PUT http://10.180.1.21/identity/v3/projects/bf0d9c2ebe5e44ffbba7b01f5e871f24/users/5449d273d09e4cd69f0242c5682a2ace/roles/da68cb1f548840b393dc38fe38b80756 0.126s
2025-04-17 11:46:32.599 71187 INFO tempest.lib.common.dynamic_creds [-] Dynamic test user 5449d273d09e4cd69f0242c5682a2ace is created with scope project and roles: ['member']
2025-04-17 11:46:32.600 71187 INFO tempest.lib.common.dynamic_creds [-] Acquired dynamic creds: credentials: Credentials: {'domain_id': 'default', 'domain_name': 'Default', 'username': 'tempest-FlavorsExtraSpecsTestJSON-378532887-project-member', 'project_domain_id': 'default', 'project_domain_name': 'Default', 'project_id': 'bf0d9c2ebe5e44ffbba7b01f5e871f24', 'project_name': 'tempest-FlavorsExtraSpecsTestJSON-378532887', 'tenant_id': 'bf0d9c2ebe5e44ffbba7b01f5e871f24', 'tenant_name': 'tempest-FlavorsExtraSpecsTestJSON-378532887', 'user_domain_id': 'default', 'user_domain_name': 'Default', 'user_id': '5449d273d09e4cd69f0242c5682a2ace', 'system': None}, Network: None, Subnet: None, Router: None
2025-04-17 11:46:32.600 71187 INFO tempest.lib.common.dynamic_creds [-] Created isolated network resources for: credentials: Credentials: {'domain_id': 'default', 'domain_name': 'Default', 'username': 'tempest-FlavorsExtraSpecsTestJSON-378532887-project-member', 'project_domain_id': 'default', 'project_domain_name': 'Default', 'project_id': 'bf0d9c2ebe5e44ffbba7b01f5e871f24', 'project_name': 'tempest-FlavorsExtraSpecsTestJSON-378532887', 'tenant_id': 'bf0d9c2ebe5e44ffbba7b01f5e871f24', 'tenant_name': 'tempest-FlavorsExtraSpecsTestJSON-378532887', 'user_domain_id': 'default', 'user_domain_name': 'Default', 'user_id': '5449d273d09e4cd69f0242c5682a2ace', 'system': None}, Network: None, Subnet: None, Router: None
2025-04-17 11:46:32.629 71225 INFO tempest.lib.common.rest_client [req-41cd2670-2443-478d-81e4-6a3a292ecab4 req-41cd2670-2443-478d-81e4-6a3a292ecab4 ] Request (SecurityGroupRulesTestJSON:test_security_group_rules_create): 200 POST http://10.180.1.21/compute/v2.1/os-security-groups 2.443s
2025-04-17 11:46:32.643 71205 INFO tempest.lib.common.rest_client [req-2ba13b2e-3b34-4e70-a707-fb06b5d78d57 req-2ba13b2e-3b34-4e70-a707-fb06b5d78d57 ] Request (HypervisorAdminV228Test:tearDownClass): 204 DELETE http://10.180.1.21:9696/networking/v2.0/security-groups/376b5c60-39df-4f29-a119-1347232d8a03 0.135s
2025-04-17 11:46:32.674 71211 INFO tempest.lib.common.rest_client [req-93179abc-e787-418a-a6ed-ac1f3593570e req-93179abc-e787-418a-a6ed-ac1f3593570e ] Request (ServersWithSpecificFlavorTestJSON:setUpClass): 201 POST http://10.180.1.21/identity/v3/projects 0.145s
2025-04-17 11:46:32.705 71223 INFO tempest.lib.common.rest_client [req-1818e8fd-05b6-41c1-8792-4b4b992a5401 req-1818e8fd-05b6-41c1-8792-4b4b992a5401 ] Request (VolumesAssistedSnapshotsTest:setUpClass): 201 POST http://10.180.1.21/identity/v3/users 0.168s
2025-04-17 11:46:32.774 71185 INFO tempest.lib.common.rest_client [req-78549593-b431-4f9d-b821-cacf31f1b1d6 req-78549593-b431-4f9d-b821-cacf31f1b1d6 ] Request (AZAdminNegativeTestJSON:tearDownClass): 204 DELETE http://10.180.1.21/identity/v3/projects/8750afdab7804c869531d4b2c20b319d 0.181s
2025-04-17 11:46:32.774 71185 INFO tempest.lib.common.dynamic_creds [-] Deleting project and security group for project: f6cc8e1b37d7488182b404bc7ab542f3
2025-04-17 11:46:32.818 71187 INFO tempest.lib.common.rest_client [req-043a2efd-4a12-4f1e-9029-a29420caa0ed req-043a2efd-4a12-4f1e-9029-a29420caa0ed ] Request (FlavorsExtraSpecsTestJSON:setUpClass): 201 POST http://10.180.1.21/identity/v3/auth/tokens 0.214s
2025-04-17 11:46:32.850 71242 INFO tempest.lib.common.rest_client [req-f99d8346-3b48-4773-a3d8-5c7a114dc585 req-f99d8346-3b48-4773-a3d8-5c7a114dc585 ] Request (AZAdminV2TestJSON:test_get_availability_zone_list): 200 GET http://10.180.1.21/compute/v2.1/os-availability-zone 2.237s
2025-04-17 11:46:32.910 71197 INFO tempest.lib.common.rest_client [req-eab647b1-ff9d-4577-b80d-168108ec0735 req-eab647b1-ff9d-4577-b80d-168108ec0735 ] Request (FlavorMetadataValidation:test_flavor_update_with_custom_namespace): 200 POST http://10.180.1.21/compute/v2.1/flavors 2.279s
2025-04-17 11:46:32.933 71185 INFO tempest.lib.common.rest_client [req-4f4feba9-fb7e-44d1-8cf5-50a9df9d135e req-4f4feba9-fb7e-44d1-8cf5-50a9df9d135e ] Request (AZAdminNegativeTestJSON:tearDownClass): 200 GET http://10.180.1.21:9696/networking/v2.0/security-groups?tenant_id=f6cc8e1b37d7488182b404bc7ab542f3&name=default 0.158s
2025-04-17 11:46:32.934 71211 INFO tempest.lib.common.rest_client [req-87efa91c-4ee0-4b76-a043-7cac8cedd9ec req-87efa91c-4ee0-4b76-a043-7cac8cedd9ec ] Request (ServersWithSpecificFlavorTestJSON:setUpClass): 201 POST http://10.180.1.21/identity/v3/users 0.260s
2025-04-17 11:46:32.966 71205 INFO tempest.lib.common.rest_client [req-03b2187e-16ca-40e1-9623-b13ba6dd5245 req-03b2187e-16ca-40e1-9623-b13ba6dd5245 ] Request (HypervisorAdminV228Test:tearDownClass): 204 DELETE http://10.180.1.21/identity/v3/projects/e6a4379c08bf4dad91889bbdbdfff462 0.322s
2025-04-17 11:46:32.966 71205 INFO tempest.lib.common.dynamic_creds [-] Deleting project and security group for project: 09133fd7f72e4dbaaed9dafbd2baa4ac
2025-04-17 11:46:32.995 71223 INFO tempest.lib.common.rest_client [req-adc2444e-d323-4654-a4e2-2a49d4f2cbf1 req-adc2444e-d323-4654-a4e2-2a49d4f2cbf1 ] Request (VolumesAssistedSnapshotsTest:setUpClass): 200 GET http://10.180.1.21/identity/v3/roles 0.290s
2025-04-17 11:46:33.047 71187 INFO tempest.lib.common.rest_client [req-ba53d7a6-9f7d-4a41-9489-3f5d4c58aad4 req-ba53d7a6-9f7d-4a41-9489-3f5d4c58aad4 ] Request (FlavorsExtraSpecsTestJSON:setUpClass): 201 POST http://10.180.1.21/identity/v3/projects 0.228s
2025-04-17 11:46:33.058 71185 INFO tempest.lib.common.rest_client [req-65345462-980e-4b49-a829-9284af5aa433 req-65345462-980e-4b49-a829-9284af5aa433 ] Request (AZAdminNegativeTestJSON:tearDownClass): 204 DELETE http://10.180.1.21:9696/networking/v2.0/security-groups/7985824c-2771-474c-a22c-9bef047af3e0 0.125s
2025-04-17 11:46:33.094 71205 INFO tempest.lib.common.rest_client [req-e0e20380-61f6-4498-b16f-4193e2c40684 req-e0e20380-61f6-4498-b16f-4193e2c40684 ] Request (HypervisorAdminV228Test:tearDownClass): 200 GET http://10.180.1.21:9696/networking/v2.0/security-groups?tenant_id=09133fd7f72e4dbaaed9dafbd2baa4ac&name=default 0.127s
2025-04-17 11:46:33.151 71217 INFO tempest.lib.common.rest_client [req-87ef0dfe-8408-4f2e-b0ff-2f21afd24b5e req-87ef0dfe-8408-4f2e-b0ff-2f21afd24b5e ] Request (FlavorsV261TestJSON:test_crud_flavor): 200 POST http://10.180.1.21/compute/v2.1/flavors 2.403s
2025-04-17 11:46:33.164 71205 INFO tempest.lib.common.rest_client [req-734596ec-fede-4ed9-985d-37377d14c1bc req-734596ec-fede-4ed9-985d-37377d14c1bc ] Request (HypervisorAdminV228Test:tearDownClass): 204 DELETE http://10.180.1.21:9696/networking/v2.0/security-groups/293de731-088d-421e-8105-dd587ba009ec 0.069s
2025-04-17 11:46:33.206 71211 INFO tempest.lib.common.rest_client [req-3de4e20c-c3a8-4021-9270-213ad6b92dd4 req-3de4e20c-c3a8-4021-9270-213ad6b92dd4 ] Request (ServersWithSpecificFlavorTestJSON:setUpClass): 200 GET http://10.180.1.21/identity/v3/roles 0.271s
2025-04-17 11:46:33.212 71213 INFO tempest.lib.common.rest_client [req-bd360d99-5f74-42e9-9dc7-b047332670f2 req-bd360d99-5f74-42e9-9dc7-b047332670f2 ] Request (ServersAdminTestJSON:setUpClass): 201 POST http://10.180.1.21:9696/networking/v2.0/routers 1.019s
2025-04-17 11:46:33.244 71223 INFO tempest.lib.common.rest_client [req-194af7ef-c8f5-4dcf-bf99-e4800f6a5674 req-194af7ef-c8f5-4dcf-bf99-e4800f6a5674 ] Request (VolumesAssistedSnapshotsTest:setUpClass): 204 PUT http://10.180.1.21/identity/v3/projects/3099ec8823a44d52a0d324450f1e9a32/users/da0ccc5f9ca74df193ae17207434684f/roles/e6ed5c73b1e242688e4a7fd359e895f5 0.248s
2025-04-17 11:46:33.248 71187 INFO tempest.lib.common.rest_client [req-1b8c63d3-2654-4510-951d-5cbc297cc6b5 req-1b8c63d3-2654-4510-951d-5cbc297cc6b5 ] Request (FlavorsExtraSpecsTestJSON:setUpClass): 201 POST http://10.180.1.21/identity/v3/users 0.200s
2025-04-17 11:46:33.370 71233 INFO tempest.lib.common.rest_client [req-14e62951-0984-44e6-bcf2-fb035df5d53b req-14e62951-0984-44e6-bcf2-fb035df5d53b ] Request (HypervisorAdminV253TestBase:test_list_show_detail_hypervisors): 200 GET http://10.180.1.21/compute/v2.1/os-hypervisors/detail?with_servers=True 2.555s
2025-04-17 11:46:33.393 71185 INFO tempest.lib.common.rest_client [req-23a7ff05-f997-4e87-8d1f-4f737c9b5b59 req-23a7ff05-f997-4e87-8d1f-4f737c9b5b59 ] Request (AZAdminNegativeTestJSON:tearDownClass): 204 DELETE http://10.180.1.21/identity/v3/projects/f6cc8e1b37d7488182b404bc7ab542f3 0.335s
2025-04-17 11:46:33.409 71247 INFO tempest.lib.common.rest_client [req-a5c0c248-57d5-4746-aa5e-86dc6fe8b586 req-a5c0c248-57d5-4746-aa5e-86dc6fe8b586 ] Request (ServicesAdminNegativeV253TestJSON:test_disable_log_reason_with_invalid_service_id): 404 PUT http://10.180.1.21/compute/v2.1/os-services/8132cf97-eb2f-43dd-8a89-05e7d7bb376d 2.496s
2025-04-17 11:46:33.464 71211 INFO tempest.lib.common.rest_client [req-ae7cdd2f-f5b0-4391-9e1b-1c7bb864c3c7 req-ae7cdd2f-f5b0-4391-9e1b-1c7bb864c3c7 ] Request (ServersWithSpecificFlavorTestJSON:setUpClass): 204 PUT http://10.180.1.21/identity/v3/projects/81790a4d93b347c197b89927e8eb20b7/users/4e5b853c967c4387a2fbd8ec8069d2d7/roles/e6ed5c73b1e242688e4a7fd359e895f5 0.256s
2025-04-17 11:46:33.517 71205 INFO tempest.lib.common.rest_client [req-abe5188e-1e9c-4690-be71-aba708971609 req-abe5188e-1e9c-4690-be71-aba708971609 ] Request (HypervisorAdminV228Test:tearDownClass): 204 DELETE http://10.180.1.21/identity/v3/projects/09133fd7f72e4dbaaed9dafbd2baa4ac 0.352s
2025-04-17 11:46:33.517 71205 INFO tempest.test [-] raised in TestMultiAttachVolumeSwap.setUpClass. Invoking tearDownClass.
2025-04-17 11:46:33.519 71205 INFO tempest.test [-] raised in TestVolumeSwap.setUpClass. Invoking tearDownClass.
2025-04-17 11:46:33.573 71187 INFO tempest.lib.common.rest_client [req-b31a95e7-ccb3-4857-9d2b-41b0004387dd req-b31a95e7-ccb3-4857-9d2b-41b0004387dd ] Request (FlavorsExtraSpecsTestJSON:setUpClass): 200 GET http://10.180.1.21/identity/v3/roles 0.324s
2025-04-17 11:46:33.588 71223 INFO tempest.lib.common.rest_client [req-51e3e94b-e933-4997-bd0b-5f12293bfa97 req-51e3e94b-e933-4997-bd0b-5f12293bfa97 ] Request (VolumesAssistedSnapshotsTest:setUpClass): 200 GET http://10.180.1.21/identity/v3/roles 0.343s
2025-04-17 11:46:33.616 71185 INFO tempest.lib.common.rest_client [req-aa263c03-8745-4697-b7c3-969b9884b179 req-aa263c03-8745-4697-b7c3-969b9884b179 ] Request (FlavorsAccessNegativeTestJSON:setUpClass): 201 POST http://10.180.1.21/identity/v3/auth/tokens 0.221s
2025-04-17 11:46:33.689 71207 INFO tempest.lib.common.rest_client [req-b14e9941-8fc9-4eec-b1ac-8ff370b84cc2 req-b14e9941-8fc9-4eec-b1ac-8ff370b84cc2 ] Request (MigrationsAdminTest:test_list_migrations): 200 GET http://10.180.1.21/compute/v2.1/os-migrations 2.707s
2025-04-17 11:46:33.694 71211 INFO tempest.lib.common.rest_client [req-c5481790-2b75-445e-8ba2-ca714b723462 req-c5481790-2b75-445e-8ba2-ca714b723462 ] Request (ServersWithSpecificFlavorTestJSON:setUpClass): 200 GET http://10.180.1.21/identity/v3/roles 0.229s
2025-04-17 11:46:33.701 71205 INFO tempest.lib.common.rest_client [req-cebf4b72-51e4-4284-b326-a3816c07a5e1 req-cebf4b72-51e4-4284-b326-a3816c07a5e1 ] Request (ServerShowV263Test:setUpClass): 201 POST http://10.180.1.21/identity/v3/auth/tokens 0.180s
2025-04-17 11:46:33.718 71187 INFO tempest.lib.common.rest_client [req-c300fba1-6772-4201-9c14-0518818ec110 req-c300fba1-6772-4201-9c14-0518818ec110 ] Request (FlavorsExtraSpecsTestJSON:setUpClass): 204 PUT http://10.180.1.21/identity/v3/projects/620f6df90a6948b1a72785cc2b9c9baf/users/4ef94b389884445499c49bfb3d378651/roles/e6ed5c73b1e242688e4a7fd359e895f5 0.144s
2025-04-17 11:46:33.728 71223 INFO tempest.lib.common.rest_client [req-00240859-f6c4-46a7-895b-47bd521466e8 req-00240859-f6c4-46a7-895b-47bd521466e8 ] Request (VolumesAssistedSnapshotsTest:setUpClass): 204 PUT http://10.180.1.21/identity/v3/projects/3099ec8823a44d52a0d324450f1e9a32/users/da0ccc5f9ca74df193ae17207434684f/roles/e6ed5c73b1e242688e4a7fd359e895f5 0.140s
2025-04-17 11:46:33.728 71223 INFO tempest.lib.common.dynamic_creds [-] Dynamic test user da0ccc5f9ca74df193ae17207434684f is created with scope project and roles: ['admin']
2025-04-17 11:46:33.729 71223 INFO tempest.lib.common.dynamic_creds [-] Acquired dynamic creds: credentials: Credentials: {'domain_id': 'default', 'domain_name': 'Default', 'username': 'tempest-VolumesAssistedSnapshotsTest-1070565984-project-admin', 'project_domain_id': 'default', 'project_domain_name': 'Default', 'project_id': '3099ec8823a44d52a0d324450f1e9a32', 'project_name': 'tempest-VolumesAssistedSnapshotsTest-1070565984', 'tenant_id': '3099ec8823a44d52a0d324450f1e9a32', 'tenant_name': 'tempest-VolumesAssistedSnapshotsTest-1070565984', 'user_domain_id': 'default', 'user_domain_name': 'Default', 'user_id': 'da0ccc5f9ca74df193ae17207434684f', 'system': None}, Network: None, Subnet: None, Router: None
2025-04-17 11:46:33.771 71185 INFO tempest.lib.common.rest_client [req-7e26b50a-54d5-494d-9901-c3c4c51156b8 req-7e26b50a-54d5-494d-9901-c3c4c51156b8 ] Request (FlavorsAccessNegativeTestJSON:setUpClass): 201 POST http://10.180.1.21/identity/v3/auth/tokens 0.152s
2025-04-17 11:46:33.785 71211 INFO tempest.lib.common.rest_client [req-52cbae11-af98-45c9-aa2e-c084d693f9a5 req-52cbae11-af98-45c9-aa2e-c084d693f9a5 ] Request (ServersWithSpecificFlavorTestJSON:setUpClass): 204 PUT http://10.180.1.21/identity/v3/projects/81790a4d93b347c197b89927e8eb20b7/users/4e5b853c967c4387a2fbd8ec8069d2d7/roles/e6ed5c73b1e242688e4a7fd359e895f5 0.091s
2025-04-17 11:46:33.785 71211 INFO tempest.lib.common.dynamic_creds [-] Dynamic test user 4e5b853c967c4387a2fbd8ec8069d2d7 is created with scope project and roles: ['admin']
2025-04-17 11:46:33.786 71211 INFO tempest.lib.common.dynamic_creds [-] Acquired dynamic creds: credentials: Credentials: {'domain_id': 'default', 'domain_name': 'Default', 'username': 'tempest-ServersWithSpecificFlavorTestJSON-670433228-project-admin', 'project_domain_id': 'default', 'project_domain_name': 'Default', 'project_id': '81790a4d93b347c197b89927e8eb20b7', 'project_name': 'tempest-ServersWithSpecificFlavorTestJSON-670433228', 'tenant_id': '81790a4d93b347c197b89927e8eb20b7', 'tenant_name': 'tempest-ServersWithSpecificFlavorTestJSON-670433228', 'user_domain_id': 'default', 'user_domain_name': 'Default', 'user_id': '4e5b853c967c4387a2fbd8ec8069d2d7', 'system': None}, Network: None, Subnet: None, Router: None
2025-04-17 11:46:33.837 71207 INFO tempest.lib.common.rest_client [req-9dea0817-149e-40d8-86fe-f595dee0a381 req-9dea0817-149e-40d8-86fe-f595dee0a381 ] Request (MigrationsAdminTest:test_list_migrations_in_flavor_resize_situation): 201 POST http://10.180.1.21/identity/v3/auth/tokens 0.135s
2025-04-17 11:46:33.837 71207 INFO tempest.lib.common.fixed_network [-] (MigrationsAdminTest:test_list_migrations_in_flavor_resize_situation) Found network None available for tenant
2025-04-17 11:46:33.841 71237 INFO tempest.lib.common.rest_client [req-8a0af216-e764-499c-9276-ef467cd1b8f0 req-8a0af216-e764-499c-9276-ef467cd1b8f0 ] Request (AggregatesAdminNegativeTestJSON:setUpClass): 200 GET http://10.180.1.21/compute/v2.1/os-services?binary=nova-compute 2.838s
2025-04-17 11:46:33.873 71205 INFO tempest.lib.common.rest_client [req-672c75d3-4393-421c-b72e-6efa70c2d6f3 req-672c75d3-4393-421c-b72e-6efa70c2d6f3 ] Request (ServerShowV263Test:setUpClass): 201 POST http://10.180.1.21/identity/v3/auth/tokens 0.170s
2025-04-17 11:46:33.893 71187 INFO tempest.lib.common.rest_client [req-402f38f5-0c00-44b6-b96b-f76069c7012c req-402f38f5-0c00-44b6-b96b-f76069c7012c ] Request (FlavorsExtraSpecsTestJSON:setUpClass): 200 GET http://10.180.1.21/identity/v3/roles 0.175s
2025-04-17 11:46:33.916 71185 INFO tempest.lib.common.rest_client [req-f5ea461f-82d0-48ba-8218-e0a444637e88 req-f5ea461f-82d0-48ba-8218-e0a444637e88 ] Request (FlavorsAccessNegativeTestJSON:setUpClass): 200 GET http://10.180.1.21/identity/v3/domains?name=Default 0.145s
2025-04-17 11:46:33.971 71243 INFO tempest.lib.common.rest_client [req-56743b61-6835-4a3b-bd57-097e1e2400f5 req-56743b61-6835-4a3b-bd57-097e1e2400f5 ] Request (QuotasAdminNegativeTest:test_create_server_when_cpu_quota_is_full): 200 GET http://10.180.1.21/compute/v2.1/os-quota-sets/f1e2c325a5cc47a6bb20440f18170303 3.043s
2025-04-17 11:46:33.980 71205 INFO tempest.lib.common.rest_client [req-c33938c6-d82b-4d25-b738-b8715d1b7446 req-c33938c6-d82b-4d25-b738-b8715d1b7446 ] Request (ServerShowV263Test:setUpClass): 200 GET http://10.180.1.21/identity/v3/domains?name=Default 0.106s
2025-04-17 11:46:33.994 71187 INFO tempest.lib.common.rest_client [req-f6219448-2d12-4f8a-8b2b-1acc97e1a025 req-f6219448-2d12-4f8a-8b2b-1acc97e1a025 ] Request (FlavorsExtraSpecsTestJSON:setUpClass): 204 PUT http://10.180.1.21/identity/v3/projects/620f6df90a6948b1a72785cc2b9c9baf/users/4ef94b389884445499c49bfb3d378651/roles/e6ed5c73b1e242688e4a7fd359e895f5 0.100s
2025-04-17 11:46:33.994 71187 INFO tempest.lib.common.dynamic_creds [-] Dynamic test user 4ef94b389884445499c49bfb3d378651 is created with scope project and roles: ['admin']
2025-04-17 11:46:33.994 71187 INFO tempest.lib.common.dynamic_creds [-] Acquired dynamic creds: credentials: Credentials: {'domain_id': 'default', 'domain_name': 'Default', 'username': 'tempest-FlavorsExtraSpecsTestJSON-64014131-project-admin', 'project_domain_id': 'default', 'project_domain_name': 'Default', 'project_id': '620f6df90a6948b1a72785cc2b9c9baf', 'project_name': 'tempest-FlavorsExtraSpecsTestJSON-64014131', 'tenant_id': '620f6df90a6948b1a72785cc2b9c9baf', 'tenant_name': 'tempest-FlavorsExtraSpecsTestJSON-64014131', 'user_domain_id': 'default', 'user_domain_name': 'Default', 'user_id': '4ef94b389884445499c49bfb3d378651', 'system': None}, Network: None, Subnet: None, Router: None
2025-04-17 11:46:33.994 71187 INFO tempest.lib.common.dynamic_creds [-] Created isolated network resources for: credentials: Credentials: {'domain_id': 'default', 'domain_name': 'Default', 'username': 'tempest-FlavorsExtraSpecsTestJSON-64014131-project-admin', 'project_domain_id': 'default', 'project_domain_name': 'Default', 'project_id': '620f6df90a6948b1a72785cc2b9c9baf', 'project_name': 'tempest-FlavorsExtraSpecsTestJSON-64014131', 'tenant_id': '620f6df90a6948b1a72785cc2b9c9baf', 'tenant_name': 'tempest-FlavorsExtraSpecsTestJSON-64014131', 'user_domain_id': 'default', 'user_domain_name': 'Default', 'user_id': '4ef94b389884445499c49bfb3d378651', 'system': None}, Network: None, Subnet: None, Router: None
2025-04-17 11:46:34.008 71219 INFO tempest.lib.common.rest_client [req-ab87f458-2177-4052-839b-8e1f2f317b41 req-ab87f458-2177-4052-839b-8e1f2f317b41 ] Request (HostsAdminTestJSON:test_list_hosts): 200 GET http://10.180.1.21/compute/v2.1/os-hosts 2.962s
2025-04-17 11:46:34.028 71185 INFO tempest.lib.common.rest_client [req-8630add7-32de-4d92-a9ca-5b0c073354b6 req-8630add7-32de-4d92-a9ca-5b0c073354b6 ] Request (FlavorsAccessNegativeTestJSON:setUpClass): 201 POST http://10.180.1.21/identity/v3/projects 0.111s
2025-04-17 11:46:34.031 71223 INFO tempest.lib.common.rest_client [req-7b35bdce-c6fa-4e5e-974b-00125a97a098 req-7b35bdce-c6fa-4e5e-974b-00125a97a098 ] Request (VolumesAssistedSnapshotsTest:setUpClass): 201 POST http://10.180.1.21:9696/networking/v2.0/networks 0.302s
2025-04-17 11:46:34.044 71213 INFO tempest.lib.common.rest_client [req-cb3f03d8-cce7-4c36-9184-ca21c225f1d1 req-cb3f03d8-cce7-4c36-9184-ca21c225f1d1 ] Request (ServersAdminTestJSON:setUpClass): 200 PUT http://10.180.1.21:9696/networking/v2.0/routers/8927d61a-701a-4f26-8d31-3d828b7e7574/add_router_interface 0.832s
2025-04-17 11:46:34.045 71213 INFO tempest.lib.common.dynamic_creds [-] Created isolated network resources for: credentials: Credentials: {'domain_id': 'default', 'domain_name': 'Default', 'username': 'tempest-ServersAdminTestJSON-78801746-project-admin', 'project_domain_id': 'default', 'project_domain_name': 'Default', 'project_id': 'c6c5dcc567b04062ab810f04d86c771e', 'project_name': 'tempest-ServersAdminTestJSON-78801746', 'tenant_id': 'c6c5dcc567b04062ab810f04d86c771e', 'tenant_name': 'tempest-ServersAdminTestJSON-78801746', 'user_domain_id': 'default', 'user_domain_name': 'Default', 'user_id': '1cd3b3d8686d4441969f3b7d3c165203', 'system': None}, Network: {'id': '70ec353c-765a-4d30-ac7e-6233a2f08444', 'name': 'tempest-ServersAdminTestJSON-1750890434-network', 'tenant_id': 'c6c5dcc567b04062ab810f04d86c771e', 'admin_state_up': True, 'mtu': 8950, 'status': 'ACTIVE', 'subnets': [], 'shared': False, 'project_id': 'c6c5dcc567b04062ab810f04d86c771e', 'port_security_enabled': True, 'router:external': False, 'provider:network_type': 'vlan', 'provider:physical_network': 'default', 'provider:segmentation_id': 121, 'availability_zone_hints': [], 'availability_zones': [], 'ipv4_address_scope': None, 'ipv6_address_scope': None, 'description': '', 'tags': [], 'created_at': '2025-04-17T11:46:31Z', 'updated_at': '2025-04-17T11:46:31Z', 'revision_number': 1}, Subnet: {'id': '9d8b97fc-c4d1-471a-bc48-2995b54ed2cd', 'name': 'tempest-ServersAdminTestJSON-1750890434-subnet', 'tenant_id': 'c6c5dcc567b04062ab810f04d86c771e', 'network_id': '70ec353c-765a-4d30-ac7e-6233a2f08444', 'ip_version': 4, 'subnetpool_id': None, 'enable_dhcp': True, 'ipv6_ra_mode': None, 'ipv6_address_mode': None, 'gateway_ip': '192.168.128.1', 'cidr': '192.168.128.0/28', 'allocation_pools': [{'start': '192.168.128.2', 'end': '192.168.128.14'}], 'host_routes': [], 'dns_nameservers': [], 'description': '', 'router:external': False, 'service_types': [], 'tags': [], 'created_at': '2025-04-17T11:46:32Z', 'updated_at': '2025-04-17T11:46:32Z', 'revision_number': 0, 'project_id': 'c6c5dcc567b04062ab810f04d86c771e'}, Router: {'id': '8927d61a-701a-4f26-8d31-3d828b7e7574', 'name': 'tempest-ServersAdminTestJSON-1750890434-router', 'tenant_id': 'c6c5dcc567b04062ab810f04d86c771e', 'admin_state_up': True, 'status': 'ACTIVE', 'external_gateway_info': {'network_id': '1557cddf-3053-4381-bbb9-4821e73aa036', 'external_fixed_ips': [{'subnet_id': 'd1a76577-5ab0-4baf-a647-936985850ed0', 'ip_address': '10.180.180.243'}], 'enable_snat': True}, 'description': '', 'availability_zones': [], 'distributed': False, 'ha': False, 'availability_zone_hints': [], 'routes': [], 'flavor_id': None, 'tags': [], 'created_at': '2025-04-17T11:46:32Z', 'updated_at': '2025-04-17T11:46:32Z', 'revision_number': 2, 'project_id': 'c6c5dcc567b04062ab810f04d86c771e'}
2025-04-17 11:46:34.073 71211 INFO tempest.lib.common.rest_client [req-4b0424ce-99f7-4da5-9cc0-47bb307e51b6 req-4b0424ce-99f7-4da5-9cc0-47bb307e51b6 ] Request (ServersWithSpecificFlavorTestJSON:setUpClass): 201 POST http://10.180.1.21:9696/networking/v2.0/networks 0.287s
2025-04-17 11:46:34.096 71187 INFO tempest.lib.common.rest_client [req-c581b1bb-e700-4310-9754-467d3484bdab req-c581b1bb-e700-4310-9754-467d3484bdab ] Request (FlavorsExtraSpecsTestJSON:setUpClass): 201 POST http://10.180.1.21/identity/v3/auth/tokens 0.100s
2025-04-17 11:46:34.108 71205 INFO tempest.lib.common.rest_client [req-91a5928c-5ba0-4ad3-af26-86ed2ff448e4 req-91a5928c-5ba0-4ad3-af26-86ed2ff448e4 ] Request (ServerShowV263Test:setUpClass): 201 POST http://10.180.1.21/identity/v3/projects 0.128s
2025-04-17 11:46:34.122 71239 INFO tempest.lib.common.rest_client [req-c1313682-23ef-405f-9e04-d370e971983f req-c1313682-23ef-405f-9e04-d370e971983f ] Request (DeleteServersAdminTestJSON:test_admin_delete_servers_of_others): 200 GET http://10.180.1.21/compute/v2.1/servers/f0de3aaa-605f-48e6-a512-747263d49680 3.068s
2025-04-17 11:46:34.166 71185 INFO tempest.lib.common.rest_client [req-883bc4a3-899b-48f9-a121-66daf595ca3e req-883bc4a3-899b-48f9-a121-66daf595ca3e ] Request (FlavorsAccessNegativeTestJSON:setUpClass): 201 POST http://10.180.1.21/identity/v3/users 0.137s
2025-04-17 11:46:34.231 71213 INFO tempest.lib.common.rest_client [req-46a5ddb5-3f62-495d-b6ec-185080217645 req-46a5ddb5-3f62-495d-b6ec-185080217645 ] Request (ServersAdminTestJSON:setUpClass): 201 POST http://10.180.1.21/identity/v3/auth/tokens 0.183s
2025-04-17 11:46:34.260 71205 INFO tempest.lib.common.rest_client [req-655e3b95-b559-4301-93af-789103c6b10f req-655e3b95-b559-4301-93af-789103c6b10f ] Request (ServerShowV263Test:setUpClass): 201 POST http://10.180.1.21/identity/v3/users 0.151s
2025-04-17 11:46:34.279 71185 INFO tempest.lib.common.rest_client [req-098a34b3-72d7-4f54-912f-464a12bac02e req-098a34b3-72d7-4f54-912f-464a12bac02e ] Request (FlavorsAccessNegativeTestJSON:setUpClass): 200 GET http://10.180.1.21/identity/v3/roles 0.112s
2025-04-17 11:46:34.301 71221 INFO tempest.lib.common.rest_client [req-eafce0a2-44ac-448f-8cea-368bb1ee9cce req-eafce0a2-44ac-448f-8cea-368bb1ee9cce ] Request (FloatingIPDetailsNegativeTestJSON:test_get_nonexistent_floating_ip_details): 404 GET http://10.180.1.21/compute/v2.1/os-floating-ips/b6ba8599-da51-4544-83fd-f13c19f5f3ac 3.227s
2025-04-17 11:46:34.305 71205 INFO tempest.lib.common.rest_client [req-9998dc6b-0b61-45db-8dc1-0e7145809140 req-9998dc6b-0b61-45db-8dc1-0e7145809140 ] Request (ServerShowV263Test:setUpClass): 200 GET http://10.180.1.21/identity/v3/roles 0.044s
2025-04-17 11:46:34.313 71193 INFO tempest.lib.common.rest_client [req-465b5925-010b-4f5c-8bd4-72ed2d227900 req-465b5925-010b-4f5c-8bd4-72ed2d227900 ] Request (FlavorsAccessTestJSON:test_flavor_access_add_remove): 200 POST http://10.180.1.21/compute/v2.1/flavors 3.205s
2025-04-17 11:46:34.334 71213 INFO tempest.lib.common.rest_client [req-d3b78f4e-1da0-4bfc-a13d-92436df96e73 req-d3b78f4e-1da0-4bfc-a13d-92436df96e73 ] Request (ServersAdminTestJSON:setUpClass): 201 POST http://10.180.1.21/identity/v3/auth/tokens 0.098s
2025-04-17 11:46:34.334 71213 INFO tempest.lib.common.fixed_network [-] (ServersAdminTestJSON:setUpClass) Found network {'id': '92679d6e-9d23-48b6-ac5f-eb75f3549552', 'name': 'tempest-ServersAdminTestJSON-309244147-network', 'tenant_id': '9887a501ada94094811782796978977f', 'admin_state_up': True, 'mtu': 8950, 'status': 'ACTIVE', 'subnets': [], 'shared': False, 'project_id': '9887a501ada94094811782796978977f', 'port_security_enabled': True, 'router:external': False, 'provider:network_type': 'vlan', 'provider:physical_network': 'default', 'provider:segmentation_id': 597, 'availability_zone_hints': [], 'availability_zones': [], 'ipv4_address_scope': None, 'ipv6_address_scope': None, 'description': '', 'tags': [], 'created_at': '2025-04-17T11:46:26Z', 'updated_at': '2025-04-17T11:46:26Z', 'revision_number': 1} available for tenant
2025-04-17 11:46:34.344 71185 INFO tempest.lib.common.rest_client [req-efa1ef16-8151-4861-b6c9-2a529addd1bc req-efa1ef16-8151-4861-b6c9-2a529addd1bc ] Request (FlavorsAccessNegativeTestJSON:setUpClass): 204 PUT http://10.180.1.21/identity/v3/projects/3cfbf1f5cebc4bf387c95cbb816a837f/users/3a872672113447088e89df68002568bd/roles/da68cb1f548840b393dc38fe38b80756 0.064s
2025-04-17 11:46:34.344 71185 INFO tempest.lib.common.dynamic_creds [-] Dynamic test user 3a872672113447088e89df68002568bd is created with scope project and roles: ['member']
2025-04-17 11:46:34.344 71185 INFO tempest.lib.common.dynamic_creds [-] Acquired dynamic creds: credentials: Credentials: {'domain_id': 'default', 'domain_name': 'Default', 'username': 'tempest-FlavorsAccessNegativeTestJSON-120122011-project-member', 'project_domain_id': 'default', 'project_domain_name': 'Default', 'project_id': '3cfbf1f5cebc4bf387c95cbb816a837f', 'project_name': 'tempest-FlavorsAccessNegativeTestJSON-120122011', 'tenant_id': '3cfbf1f5cebc4bf387c95cbb816a837f', 'tenant_name': 'tempest-FlavorsAccessNegativeTestJSON-120122011', 'user_domain_id': 'default', 'user_domain_name': 'Default', 'user_id': '3a872672113447088e89df68002568bd', 'system': None}, Network: None, Subnet: None, Router: None
2025-04-17 11:46:34.344 71185 INFO tempest.lib.common.dynamic_creds [-] Created isolated network resources for: credentials: Credentials: {'domain_id': 'default', 'domain_name': 'Default', 'username': 'tempest-FlavorsAccessNegativeTestJSON-120122011-project-member', 'project_domain_id': 'default', 'project_domain_name': 'Default', 'project_id': '3cfbf1f5cebc4bf387c95cbb816a837f', 'project_name': 'tempest-FlavorsAccessNegativeTestJSON-120122011', 'tenant_id': '3cfbf1f5cebc4bf387c95cbb816a837f', 'tenant_name': 'tempest-FlavorsAccessNegativeTestJSON-120122011', 'user_domain_id': 'default', 'user_domain_name': 'Default', 'user_id': '3a872672113447088e89df68002568bd', 'system': None}, Network: None, Subnet: None, Router: None
2025-04-17 11:46:34.386 71205 INFO tempest.lib.common.rest_client [req-70629923-2b8f-43a2-b0c1-eb147a7fd1e7 req-70629923-2b8f-43a2-b0c1-eb147a7fd1e7 ] Request (ServerShowV263Test:setUpClass): 204 PUT http://10.180.1.21/identity/v3/projects/2e84cb43337643fbbb1cdc24db0645d7/users/3499bd2800224b3d885f0009f280b250/roles/da68cb1f548840b393dc38fe38b80756 0.081s
2025-04-17 11:46:34.387 71205 INFO tempest.lib.common.dynamic_creds [-] Dynamic test user 3499bd2800224b3d885f0009f280b250 is created with scope project and roles: ['member']
2025-04-17 11:46:34.387 71205 INFO tempest.lib.common.dynamic_creds [-] Acquired dynamic creds: credentials: Credentials: {'domain_id': 'default', 'domain_name': 'Default', 'username': 'tempest-ServerShowV263Test-351783220-project-member', 'project_domain_id': 'default', 'project_domain_name': 'Default', 'project_id': '2e84cb43337643fbbb1cdc24db0645d7', 'project_name': 'tempest-ServerShowV263Test-351783220', 'tenant_id': '2e84cb43337643fbbb1cdc24db0645d7', 'tenant_name': 'tempest-ServerShowV263Test-351783220', 'user_domain_id': 'default', 'user_domain_name': 'Default', 'user_id': '3499bd2800224b3d885f0009f280b250', 'system': None}, Network: None, Subnet: None, Router: None
2025-04-17 11:46:34.387 71205 INFO tempest.lib.common.dynamic_creds [-] Created isolated network resources for: credentials: Credentials: {'domain_id': 'default', 'domain_name': 'Default', 'username': 'tempest-ServerShowV263Test-351783220-project-member', 'project_domain_id': 'default', 'project_domain_name': 'Default', 'project_id': '2e84cb43337643fbbb1cdc24db0645d7', 'project_name': 'tempest-ServerShowV263Test-351783220', 'tenant_id': '2e84cb43337643fbbb1cdc24db0645d7', 'tenant_name': 'tempest-ServerShowV263Test-351783220', 'user_domain_id': 'default', 'user_domain_name': 'Default', 'user_id': '3499bd2800224b3d885f0009f280b250', 'system': None}, Network: None, Subnet: None, Router: None
2025-04-17 11:46:34.390 71211 INFO tempest.lib.common.rest_client [req-b8c1e960-d81f-4476-8611-32e6c009c80d req-b8c1e960-d81f-4476-8611-32e6c009c80d ] Request (ServersWithSpecificFlavorTestJSON:setUpClass): 201 POST http://10.180.1.21:9696/networking/v2.0/subnets 0.316s
2025-04-17 11:46:34.413 71223 INFO tempest.lib.common.rest_client [req-dac0e858-2b8b-4a7c-a607-676a299b8f05 req-dac0e858-2b8b-4a7c-a607-676a299b8f05 ] Request (VolumesAssistedSnapshotsTest:setUpClass): 201 POST http://10.180.1.21:9696/networking/v2.0/subnets 0.381s
2025-04-17 11:46:34.436 71245 INFO tempest.lib.common.rest_client [req-8b58a065-2873-4aeb-8f6c-a1c08b7477b1 req-8b58a065-2873-4aeb-8f6c-a1c08b7477b1 ] Request (InstanceUsageAuditLogNegativeTestJSON:test_get_instance_usage_audit_logs_with_invalid_time): 400 GET http://10.180.1.21/compute/v2.1/os-instance_usage_audit_log/invalid_time 3.272s
2025-04-17 11:46:34.489 71185 INFO tempest.lib.common.rest_client [req-7fa83232-9c5e-48a2-9c7d-a69fa2168f4d req-7fa83232-9c5e-48a2-9c7d-a69fa2168f4d ] Request (FlavorsAccessNegativeTestJSON:setUpClass): 201 POST http://10.180.1.21/identity/v3/auth/tokens 0.140s
2025-04-17 11:46:34.494 71229 INFO tempest.lib.common.rest_client [req-b6e9c8e4-723c-43db-b80c-285ee1ebc92f req-b6e9c8e4-723c-43db-b80c-285ee1ebc92f ] Request (ServicesAdminTestJSON:test_get_service_by_host_name): 200 GET http://10.180.1.21/compute/v2.1/os-services 3.278s
2025-04-17 11:46:34.530 71205 INFO tempest.lib.common.rest_client [req-15372b68-b386-4c84-a6ec-9fa24ba5c84b req-15372b68-b386-4c84-a6ec-9fa24ba5c84b ] Request (ServerShowV263Test:setUpClass): 201 POST http://10.180.1.21/identity/v3/auth/tokens 0.136s
2025-04-17 11:46:34.553 71231 INFO tempest.lib.common.rest_client [req-ae7039dc-96be-4e57-bd0d-e0b299f9aef4 req-ae7039dc-96be-4e57-bd0d-e0b299f9aef4 ] Request (HypervisorAdminNegativeTestJSON:test_get_hypervisor_list_details_with_non_admin_user): 403 GET http://10.180.1.21/compute/v2.1/os-hypervisors/detail 3.274s
2025-04-17 11:46:34.584 71185 INFO tempest.lib.common.rest_client [req-cad72da3-b067-4b41-9774-d4d612202368 req-cad72da3-b067-4b41-9774-d4d612202368 ] Request (FlavorsAccessNegativeTestJSON:setUpClass): 201 POST http://10.180.1.21/identity/v3/projects 0.095s
2025-04-17 11:46:34.602 71199 INFO tempest.lib.common.rest_client [req-d23afe3d-2d99-4f25-aeb5-58454eadc0ab req-d23afe3d-2d99-4f25-aeb5-58454eadc0ab ] Request (FlavorsExtraSpecsNegativeTestJSON:test_flavor_get_nonexistent_key): 404 GET http://10.180.1.21/compute/v2.1/flavors/728409276/os-extra_specs/hw:cpu_thread_policy 3.240s
2025-04-17 11:46:34.626 71205 INFO tempest.lib.common.rest_client [req-e100cae9-15f6-44c4-8c0d-4bf542983ce0 req-e100cae9-15f6-44c4-8c0d-4bf542983ce0 ] Request (ServerShowV263Test:setUpClass): 200 GET http://10.180.1.21/identity/v3/projects/2e84cb43337643fbbb1cdc24db0645d7 0.095s
2025-04-17 11:46:34.626 71205 INFO tempest.lib.common.dynamic_creds [-] Using the existing project 2e84cb43337643fbbb1cdc24db0645d7 for scope project and roles: ['reader']
2025-04-17 11:46:34.648 71185 INFO tempest.lib.common.rest_client [req-985c7afd-846e-4b2e-9274-28c9576cd8f8 req-985c7afd-846e-4b2e-9274-28c9576cd8f8 ] Request (FlavorsAccessNegativeTestJSON:setUpClass): 201 POST http://10.180.1.21/identity/v3/users 0.063s
2025-04-17 11:46:34.689 71205 INFO tempest.lib.common.rest_client [req-1a9998ce-973d-45fc-9035-a6319f6b9a16 req-1a9998ce-973d-45fc-9035-a6319f6b9a16 ] Request (ServerShowV263Test:setUpClass): 201 POST http://10.180.1.21/identity/v3/users 0.063s
2025-04-17 11:46:34.705 71201 INFO tempest.lib.common.rest_client [req-d90b0904-ad42-4c71-a110-df8b6aa33f73 req-d90b0904-ad42-4c71-a110-df8b6aa33f73 ] Request (TenantUsagesNegativeTestJSON:test_list_usage_all_tenants_with_non_admin_user): 403 GET http://10.180.1.21/compute/v2.1/os-simple-tenant-usage?start=2025-04-16T11%3A46%3A28.622218&end=2025-04-18T11%3A46%3A28.622218&detailed=1 3.288s
2025-04-17 11:46:34.709 71185 INFO tempest.lib.common.rest_client [req-9796a19c-4468-4900-b759-9e18fcb2fcd3 req-9796a19c-4468-4900-b759-9e18fcb2fcd3 ] Request (FlavorsAccessNegativeTestJSON:setUpClass): 200 GET http://10.180.1.21/identity/v3/roles 0.060s
2025-04-17 11:46:34.716 71205 INFO tempest.lib.common.rest_client [req-bded55c2-7eef-4d7a-b56e-aa2f5d7976f8 req-bded55c2-7eef-4d7a-b56e-aa2f5d7976f8 ] Request (ServerShowV263Test:setUpClass): 200 GET http://10.180.1.21/identity/v3/roles 0.026s
2025-04-17 11:46:34.743 71185 INFO tempest.lib.common.rest_client [req-ca87dd4b-8e57-4b8b-af3c-13152e3642b5 req-ca87dd4b-8e57-4b8b-af3c-13152e3642b5 ] Request (FlavorsAccessNegativeTestJSON:setUpClass): 204 PUT http://10.180.1.21/identity/v3/projects/00ad0f5d7e0c47ec844c155ea66c6aeb/users/2f20021ec46141528bc835d33d5ca576/roles/e6ed5c73b1e242688e4a7fd359e895f5 0.033s
2025-04-17 11:46:34.784 71201 INFO tempest.lib.common.rest_client [req-d7d2c683-bfd5-4b27-98a3-f48e1b637818 req-d7d2c683-bfd5-4b27-98a3-f48e1b637818 ] Request (TenantUsagesNegativeTestJSON:tearDownClass): 204 DELETE http://10.180.1.21/identity/v3/users/beaefec31a50493b8687d70faae5b9cd 0.078s
2025-04-17 11:46:34.823 71205 INFO tempest.lib.common.rest_client [req-3b71191e-622c-4c30-ab5e-64d26ae7b986 req-3b71191e-622c-4c30-ab5e-64d26ae7b986 ] Request (ServerShowV263Test:setUpClass): 204 PUT http://10.180.1.21/identity/v3/projects/2e84cb43337643fbbb1cdc24db0645d7/users/158815af6cfa4a2a879c6f399117a6d9/roles/60aac8aa8a92454aa1a12c4cbfe91ac9 0.106s
2025-04-17 11:46:34.824 71205 INFO tempest.lib.common.dynamic_creds [-] Dynamic test user 158815af6cfa4a2a879c6f399117a6d9 is created with scope project and roles: ['reader']
2025-04-17 11:46:34.824 71205 INFO tempest.lib.common.dynamic_creds [-] Acquired dynamic creds: credentials: Credentials: {'domain_id': 'default', 'domain_name': 'Default', 'username': 'tempest-ServerShowV263Test-351783220-project-reader', 'project_domain_id': 'default', 'project_domain_name': 'Default', 'project_id': '2e84cb43337643fbbb1cdc24db0645d7', 'project_name': 'tempest-ServerShowV263Test-351783220', 'tenant_id': '2e84cb43337643fbbb1cdc24db0645d7', 'tenant_name': 'tempest-ServerShowV263Test-351783220', 'user_domain_id': 'default', 'user_domain_name': 'Default', 'user_id': '158815af6cfa4a2a879c6f399117a6d9', 'system': None}, Network: None, Subnet: None, Router: None
2025-04-17 11:46:34.824 71205 INFO tempest.lib.common.dynamic_creds [-] Network resources are not created for requested scope: project and credentials: Credentials: {'domain_id': 'default', 'domain_name': 'Default', 'username': 'tempest-ServerShowV263Test-351783220-project-reader', 'project_domain_id': 'default', 'project_domain_name': 'Default', 'project_id': '2e84cb43337643fbbb1cdc24db0645d7', 'project_name': 'tempest-ServerShowV263Test-351783220', 'tenant_id': '2e84cb43337643fbbb1cdc24db0645d7', 'tenant_name': 'tempest-ServerShowV263Test-351783220', 'user_domain_id': 'default', 'user_domain_name': 'Default', 'user_id': '158815af6cfa4a2a879c6f399117a6d9', 'system': None}, Network: None, Subnet: None, Router: None
2025-04-17 11:46:34.863 71185 INFO tempest.lib.common.rest_client [req-b496dc4a-d46a-44c6-a805-35aa16074f47 req-b496dc4a-d46a-44c6-a805-35aa16074f47 ] Request (FlavorsAccessNegativeTestJSON:setUpClass): 200 GET http://10.180.1.21/identity/v3/roles 0.119s
2025-04-17 11:46:34.881 71227 INFO tempest.lib.common.rest_client [req-b13081d4-74ee-4b3b-9a7f-86e39275866b req-b13081d4-74ee-4b3b-9a7f-86e39275866b ] Request (QuotaClassesAdminTestJSON:test_update_default_quotas): 200 PUT http://10.180.1.21/compute/v2.1/os-quota-class-sets/default 3.064s
2025-04-17 11:46:34.914 71201 INFO tempest.lib.common.rest_client [req-7bc87f3b-7f45-4b43-9a40-06448e249994 req-7bc87f3b-7f45-4b43-9a40-06448e249994 ] Request (TenantUsagesNegativeTestJSON:tearDownClass): 204 DELETE http://10.180.1.21/identity/v3/users/51f75f39571843858a395589ff66f7cd 0.129s
2025-04-17 11:46:34.914 71201 INFO tempest.lib.common.dynamic_creds [-] Deleting project and security group for project: 50709dd7e4a74271a93202c5b68778be
2025-04-17 11:46:34.924 71205 INFO tempest.lib.common.rest_client [req-687f4716-98ce-437a-9bf0-5efe7475c5e0 req-687f4716-98ce-437a-9bf0-5efe7475c5e0 ] Request (ServerShowV263Test:setUpClass): 201 POST http://10.180.1.21/identity/v3/auth/tokens 0.095s
2025-04-17 11:46:34.963 71185 INFO tempest.lib.common.rest_client [req-fd090fd8-13c3-4506-b0ed-c0f517afe91d req-fd090fd8-13c3-4506-b0ed-c0f517afe91d ] Request (FlavorsAccessNegativeTestJSON:setUpClass): 204 PUT http://10.180.1.21/identity/v3/projects/00ad0f5d7e0c47ec844c155ea66c6aeb/users/2f20021ec46141528bc835d33d5ca576/roles/e6ed5c73b1e242688e4a7fd359e895f5 0.099s
2025-04-17 11:46:34.963 71185 INFO tempest.lib.common.dynamic_creds [-] Dynamic test user 2f20021ec46141528bc835d33d5ca576 is created with scope project and roles: ['admin']
2025-04-17 11:46:34.964 71185 INFO tempest.lib.common.dynamic_creds [-] Acquired dynamic creds: credentials: Credentials: {'domain_id': 'default', 'domain_name': 'Default', 'username': 'tempest-FlavorsAccessNegativeTestJSON-388664123-project-admin', 'project_domain_id': 'default', 'project_domain_name': 'Default', 'project_id': '00ad0f5d7e0c47ec844c155ea66c6aeb', 'project_name': 'tempest-FlavorsAccessNegativeTestJSON-388664123', 'tenant_id': '00ad0f5d7e0c47ec844c155ea66c6aeb', 'tenant_name': 'tempest-FlavorsAccessNegativeTestJSON-388664123', 'user_domain_id': 'default', 'user_domain_name': 'Default', 'user_id': '2f20021ec46141528bc835d33d5ca576', 'system': None}, Network: None, Subnet: None, Router: None
2025-04-17 11:46:34.964 71185 INFO tempest.lib.common.dynamic_creds [-] Created isolated network resources for: credentials: Credentials: {'domain_id': 'default', 'domain_name': 'Default', 'username': 'tempest-FlavorsAccessNegativeTestJSON-388664123-project-admin', 'project_domain_id': 'default', 'project_domain_name': 'Default', 'project_id': '00ad0f5d7e0c47ec844c155ea66c6aeb', 'project_name': 'tempest-FlavorsAccessNegativeTestJSON-388664123', 'tenant_id': '00ad0f5d7e0c47ec844c155ea66c6aeb', 'tenant_name': 'tempest-FlavorsAccessNegativeTestJSON-388664123', 'user_domain_id': 'default', 'user_domain_name': 'Default', 'user_id': '2f20021ec46141528bc835d33d5ca576', 'system': None}, Network: None, Subnet: None, Router: None
2025-04-17 11:46:35.026 71201 INFO tempest.lib.common.rest_client [req-ed3404e5-6951-49a7-9720-92f214236545 req-ed3404e5-6951-49a7-9720-92f214236545 ] Request (TenantUsagesNegativeTestJSON:tearDownClass): 201 POST http://10.180.1.21/identity/v3/auth/tokens 0.112s
