2025-04-17 11:47:53.915 71235 INFO tempest.lib.common.rest_client [req-b8259fd5-e6d0-4559-a1d8-fc4a7abe1288 req-b8259fd5-e6d0-4559-a1d8-fc4a7abe1288 ] Request (VolumesAdminNegativeTest:test_update_attached_volume_with_nonexistent_volume_in_body): 200 GET http://10.180.1.21/compute/v2.1/servers/d0ca53d2-313b-48e6-95ca-b580e0b083ff 0.187s
2025-04-17 11:47:53.945 71221 INFO paramiko.transport [-] Authentication (publickey) successful!
2025-04-17 11:47:53.945 71221 INFO tempest.lib.common.ssh [-] ssh connection to cirros@10.180.180.192 successfully created
2025-04-17 11:47:53.954 71221 INFO tempest.lib.common.ssh [-] Creating ssh connection to '10.180.180.192:22' as 'cirros' with public key authentication
2025-04-17 11:47:53.957 71221 INFO paramiko.transport [-] Connected (version 2.0, client dropbear_2020.81)
2025-04-17 11:47:54.020 71221 INFO paramiko.transport [-] Authentication (publickey) successful!
2025-04-17 11:47:54.020 71221 INFO tempest.lib.common.ssh [-] ssh connection to cirros@10.180.180.192 successfully created
2025-04-17 11:47:54.058 71213 INFO tempest.lib.common.rest_client [req-c7a59282-e5af-4488-84a4-bc532e2b4db4 req-c7a59282-e5af-4488-84a4-bc532e2b4db4 ] Request (ServersAdminTestJSON:test_create_server_with_scheduling_hint): 200 GET http://10.180.1.21/compute/v2.1/servers/cd4b0d7b-8070-4a0a-a8bd-09cc2c296789 0.229s
2025-04-17 11:47:54.135 71231 INFO tempest.lib.common.rest_client [req-b9c22464-8dc9-4678-a76d-87bb90bc4366 req-b9c22464-8dc9-4678-a76d-87bb90bc4366 ] Request (AttachInterfacesTestJSON:test_create_list_show_delete_interfaces_by_fixed_ip): 200 GET http://10.180.1.21/compute/v2.1/servers/6e714e41-8baf-492a-b38c-7b162a779556 0.615s
2025-04-17 11:47:54.147 71231 INFO tempest.lib.common.ssh [-] Creating ssh connection to '10.180.180.238:22' as 'cirros' with public key authentication
2025-04-17 11:47:54.147 71209 INFO tempest.lib.common.rest_client [req-7d7e0f63-feb0-4703-a4f4-42e1af9ab281 req-7d7e0f63-feb0-4703-a4f4-42e1af9ab281 ] Request (ServerActionsTestOtherB:setUpClass): 200 GET http://10.180.1.21/compute/v2.1/servers/e4828dea-a14c-4aff-8e6f-e1986f399b60 0.237s
2025-04-17 11:47:54.206 71185 INFO tempest.lib.common.rest_client [req-ce5c367b-d8ba-4b92-b2b2-7bc5c7851bac req-ce5c367b-d8ba-4b92-b2b2-7bc5c7851bac ] Request (ListServerFiltersTestJSON:setUpClass): 200 GET http://10.180.1.21/compute/v2.1/servers/9ebcf594-a25c-4401-b0e4-04740e70bcc7 0.148s
2025-04-17 11:47:54.215 71201 INFO tempest.lib.common.rest_client [req-55915372-3056-4f67-942e-fb37aa0b0819 req-55915372-3056-4f67-942e-fb37aa0b0819 ] Request (FloatingIPsAssociationTestJSON:setUpClass): 200 GET http://10.180.1.21/compute/v2.1/servers/47e97d46-a933-43cf-98fc-2865c78a4492 0.223s
2025-04-17 11:47:54.225 71201 INFO tempest.common.waiters [-] State transition "BUILD/None" ==> "BUILD/networking" after 35 second wait
2025-04-17 11:47:54.302 71239 INFO tempest.lib.common.rest_client [req-5f98a244-02de-43fa-8fa9-a64214e818c5 req-5f98a244-02de-43fa-8fa9-a64214e818c5 ] Request (DeleteServersAdminTestJSON:test_delete_server_while_in_error_state): 200 GET http://10.180.1.21/compute/v2.1/servers/c70bd66c-05f2-406d-8daa-58ff59fb5d93 0.184s
2025-04-17 11:47:54.368 71207 INFO tempest.lib.common.rest_client [req-1cecdcbd-d4d9-4d10-9c3a-082f102b501d req-1cecdcbd-d4d9-4d10-9c3a-082f102b501d ] Request (MigrationsAdminTest:test_list_migrations_in_flavor_resize_situation): 200 GET http://10.180.1.21/compute/v2.1/servers/f97cb95b-5d2e-4ac4-ba82-80a705a086f4 0.278s
2025-04-17 11:47:54.454 71229 INFO tempest.lib.common.rest_client [req-34a84819-b1a9-4c1e-aa26-b502f3882527 req-34a84819-b1a9-4c1e-aa26-b502f3882527 ] Request (ImagesOneServerNegativeTestJSON:_run_cleanups): 200 GET http://10.180.1.21/compute/v2.1/servers/a893add8-af75-482e-b1a9-0fa099407df8 0.208s
2025-04-17 11:47:54.478 71237 INFO tempest.lib.common.rest_client [req-d11e2a25-4670-48f6-8e1c-4ba3872e8557 req-d11e2a25-4670-48f6-8e1c-4ba3872e8557 ] Request (ServersTestBootFromVolume:setUpClass): 200 GET http://10.180.1.21/volume/v3/volumes/9a65219c-eeec-4171-bf9d-fdc7772130f6 0.046s
2025-04-17 11:47:54.486 71245 INFO tempest.lib.common.rest_client [req-bcf50de6-f14d-4caa-a4a2-96a16e7e4691 req-bcf50de6-f14d-4caa-a4a2-96a16e7e4691 ] Request (ServerRescueTestJSONUnderV235:tearDownClass): 200 GET http://10.180.1.21/compute/v2.1/servers/8dc05e7d-bad4-42ba-a73e-30816551cf75 0.268s
2025-04-17 11:47:54.593 71197 INFO tempest.lib.common.rest_client [req-94acf135-13e4-4455-b112-c70a903298e7 req-94acf135-13e4-4455-b112-c70a903298e7 ] Request (ServerAddressesNegativeTestJSON:setUpClass): 200 GET http://10.180.1.21/compute/v2.1/servers/76085f51-855e-4d02-ae73-ddf86201158a 0.211s
2025-04-17 11:47:54.624 71243 INFO tempest.lib.common.rest_client [req-d56e6923-9f3d-4c2d-9966-130345201f3b req-d56e6923-9f3d-4c2d-9966-130345201f3b ] Request (TenantUsagesTestJSON:setUpClass): 200 GET http://10.180.1.21/compute/v2.1/servers/f7271eec-aab3-4258-a6c3-08ac0664d200 0.258s
2025-04-17 11:47:54.633 71243 INFO tempest.common.waiters [-] State transition "BUILD/spawning" ==> "ACTIVE/None" after 48 second wait
2025-04-17 11:47:54.686 71242 INFO tempest.lib.common.rest_client [req-930513c8-d400-4879-aa5a-a7e40dfc20f5 req-930513c8-d400-4879-aa5a-a7e40dfc20f5 ] Request (ServerExternalEventsTest:tearDownClass): 200 GET http://10.180.1.21/compute/v2.1/servers/6415730a-4aa9-47f0-960e-509459c615f7 0.231s
2025-04-17 11:47:54.707 71247 INFO tempest.lib.common.rest_client [req-b2b87671-57a2-48af-9825-30a08290f6fd req-b2b87671-57a2-48af-9825-30a08290f6fd ] Request (ImagesOneServerTestJSON:test_create_delete_image): 200 GET http://10.180.1.21/compute/v2.1/images/a10039aa-4e2d-48fd-836b-1f1b0b49bb74 0.214s
2025-04-17 11:47:54.781 71225 INFO tempest.lib.common.rest_client [req-1da0de67-c41f-403a-8a33-674a17c1aa9d req-1da0de67-c41f-403a-8a33-674a17c1aa9d ] Request (ServerAddressesTestJSON:setUpClass): 200 GET http://10.180.1.21/compute/v2.1/servers/331fc4c1-2d75-4d25-b160-0fbb77937314 0.225s
2025-04-17 11:47:54.829 71227 INFO tempest.lib.common.rest_client [req-b6de6b70-15d9-4fb9-b49c-da6c1957fd84 req-b6de6b70-15d9-4fb9-b49c-da6c1957fd84 ] Request (ServersAdminNegativeTestJSON:test_migrate_server_invalid_state): 200 GET http://10.180.1.21/compute/v2.1/servers/7dcc0086-65cf-41c7-b647-6426f7c36c10 0.296s
2025-04-17 11:47:54.870 71189 INFO tempest.lib.common.rest_client [req-5c8ea4b7-b7c7-4cc9-9355-31c4473079ec req-5c8ea4b7-b7c7-4cc9-9355-31c4473079ec ] Request (ServerActionsV293TestJSON:setUpClass): 200 GET http://10.180.1.21/volume/v3/volumes/16477e5f-7e9e-4c08-a94c-c99b322d368d 0.037s
2025-04-17 11:47:54.870 71215 INFO tempest.lib.common.rest_client [req-b9f92818-5d53-4bfc-a6f8-31e36940435b req-b9f92818-5d53-4bfc-a6f8-31e36940435b ] Request (ServersAdmin275Test:test_rebuild_update_server_275): 200 GET http://10.180.1.21/compute/v2.1/servers/dcbf8cff-2227-4d10-843d-c08d4a98695e 0.247s
2025-04-17 11:47:54.910 71205 INFO tempest.lib.common.rest_client [req-f76fa1fe-35b4-4ee8-befe-76b58bc63d1a req-f76fa1fe-35b4-4ee8-befe-76b58bc63d1a ] Request (ServersListShow296Test:tearDownClass): 200 GET http://10.180.1.21/compute/v2.1/servers/3dcf9e2a-4306-4025-a942-9aa1a598f49f 0.285s
2025-04-17 11:47:54.975 71233 INFO tempest.lib.common.rest_client [req-ae62ac3b-7ea3-480e-b130-9c940946c46e req-ae62ac3b-7ea3-480e-b130-9c940946c46e ] Request (ServerShowV247Test:tearDownClass): 200 GET http://10.180.1.21/compute/v2.1/servers/97c97a43-1d7c-4c5f-b54f-ba3bd8e0a7dc 0.291s
2025-04-17 11:47:54.992 71243 INFO tempest.lib.common.rest_client [req-f93518b0-34f4-4390-8424-38381a493cbe req-f93518b0-34f4-4390-8424-38381a493cbe ] Request (TenantUsagesTestJSON:test_get_usage_tenant): 200 GET http://10.180.1.21/compute/v2.1/os-simple-tenant-usage/f70ca320b3354cf0bfbd82a89270fd80?start=2025-04-16T11%3A47%3A54.634223&end=2025-04-18T11%3A47%3A54.634223 0.358s
2025-04-17 11:47:55.030 71187 INFO tempest.lib.common.rest_client [req-2ee1e6b7-d4b3-432c-be19-043197ab6ae4 req-2ee1e6b7-d4b3-432c-be19-043197ab6ae4 ] Request (ServersAaction247Test:test_create_backup): 200 GET http://10.180.1.21/compute/v2.1/servers/842fc73b-8c91-4c4f-93fe-17b20c1ea4dc 0.345s
2025-04-17 11:47:55.052 71199 INFO tempest.lib.common.rest_client [req-ae6bedde-2429-48ec-98f2-c7d82961879c req-ae6bedde-2429-48ec-98f2-c7d82961879c ] Request (SecurityGroupsTestJSON:test_list_security_groups_by_server): 200 GET http://10.180.1.21/compute/v2.1/servers/ef4a1e5c-a8a3-4e6c-901d-b71b2f857d0d 0.310s
2025-04-17 11:47:55.086 71193 INFO tempest.lib.common.rest_client [req-d880b846-04af-4d93-8abf-5b306e687388 req-d880b846-04af-4d93-8abf-5b306e687388 ] Request (ListImageFiltersTestJSON:setUpClass): 200 GET http://10.180.1.21/compute/v2.1/servers/a68640b9-e77b-4572-b1fd-9b878578e63c 0.343s
2025-04-17 11:47:55.093 71193 INFO tempest.common.waiters [-] State transition "BUILD/scheduling" ==> "BUILD/None" after 31 second wait
2025-04-17 11:47:55.114 71191 INFO tempest.lib.common.rest_client [req-bfd2b1d8-04bc-4328-91e8-2fd52b4eef9b req-bfd2b1d8-04bc-4328-91e8-2fd52b4eef9b ] Request (AttachInterfacesV270Test:test_create_get_list_interfaces): 200 GET http://10.180.1.21/compute/v2.1/servers/ec7a7de1-c7e5-469b-ada8-634381ee04fd 0.320s
2025-04-17 11:47:55.149 71195 INFO tempest.lib.common.rest_client [req-37de2887-ed74-461a-bae6-b61e8e6bf8d7 req-37de2887-ed74-461a-bae6-b61e8e6bf8d7 ] Request (ServerGroupTestJSON:test_create_server_with_scheduler_hint_group): 200 GET http://10.180.1.21/compute/v2.1/servers/30bee283-5a5d-443f-8799-0675a0e0a2c8 0.280s
2025-04-17 11:47:55.172 71235 INFO tempest.lib.common.rest_client [req-fe51cf81-8016-436e-b56c-b28b6ff31101 req-fe51cf81-8016-436e-b56c-b28b6ff31101 ] Request (VolumesAdminNegativeTest:test_update_attached_volume_with_nonexistent_volume_in_body): 200 GET http://10.180.1.21/compute/v2.1/servers/d0ca53d2-313b-48e6-95ca-b580e0b083ff 0.249s
2025-04-17 11:47:55.186 71243 INFO tempest.lib.common.rest_client [req-1c6a9737-efc2-48f8-9007-e9df283ee238 req-1c6a9737-efc2-48f8-9007-e9df283ee238 ] Request (TenantUsagesTestJSON:test_get_usage_tenant_with_non_admin_user): 200 GET http://10.180.1.21/compute/v2.1/os-simple-tenant-usage/f70ca320b3354cf0bfbd82a89270fd80?start=2025-04-16T11%3A47%3A54.634223&end=2025-04-18T11%3A47%3A54.634223 0.189s
2025-04-17 11:47:55.269 71221 INFO tempest.lib.common.rest_client [req-cb14d0fe-f602-4490-8c6c-d74c63183c34 req-cb14d0fe-f602-4490-8c6c-d74c63183c34 ] Request (ServersV294TestFqdnHostnames:tearDownClass): 204 DELETE http://10.180.1.21/compute/v2.1/servers/2f11308d-9290-472a-9a2d-62e3e5dcac8b 0.215s
2025-04-17 11:47:55.320 71213 INFO tempest.lib.common.rest_client [req-df2b0280-bde0-4276-bca0-e478ae2e770c req-df2b0280-bde0-4276-bca0-e478ae2e770c ] Request (ServersAdminTestJSON:test_create_server_with_scheduling_hint): 200 GET http://10.180.1.21/compute/v2.1/servers/cd4b0d7b-8070-4a0a-a8bd-09cc2c296789 0.244s
2025-04-17 11:47:55.333 71209 INFO tempest.lib.common.rest_client [req-9922580e-2cc7-4edc-825f-e956d1fa6daf req-9922580e-2cc7-4edc-825f-e956d1fa6daf ] Request (ServerActionsTestOtherB:setUpClass): 200 GET http://10.180.1.21/compute/v2.1/servers/e4828dea-a14c-4aff-8e6f-e1986f399b60 0.176s
2025-04-17 11:47:55.395 71185 INFO tempest.lib.common.rest_client [req-cba10e8b-ff44-499e-9def-5881c2bcf9c8 req-cba10e8b-ff44-499e-9def-5881c2bcf9c8 ] Request (ListServerFiltersTestJSON:setUpClass): 200 GET http://10.180.1.21/compute/v2.1/servers/9ebcf594-a25c-4401-b0e4-04740e70bcc7 0.176s
2025-04-17 11:47:55.528 71201 INFO tempest.lib.common.rest_client [req-10596ebc-254e-483e-b659-118115e50d88 req-10596ebc-254e-483e-b659-118115e50d88 ] Request (FloatingIPsAssociationTestJSON:setUpClass): 200 GET http://10.180.1.21/compute/v2.1/servers/47e97d46-a933-43cf-98fc-2865c78a4492 0.299s
2025-04-17 11:47:55.535 71201 INFO tempest.common.waiters [-] State transition "BUILD/networking" ==> "BUILD/spawning" after 36 second wait
2025-04-17 11:47:55.538 71237 INFO tempest.lib.common.rest_client [req-3b9144c4-acce-4625-9cc1-05283242e81c req-3b9144c4-acce-4625-9cc1-05283242e81c ] Request (ServersTestBootFromVolume:setUpClass): 200 GET http://10.180.1.21/volume/v3/volumes/9a65219c-eeec-4171-bf9d-fdc7772130f6 0.044s
2025-04-17 11:47:55.609 71243 INFO tempest.lib.common.rest_client [req-accf9f26-123a-483c-9a67-4c4d960ce546 req-accf9f26-123a-483c-9a67-4c4d960ce546 ] Request (TenantUsagesTestJSON:test_list_usage_all_tenants): 200 GET http://10.180.1.21/compute/v2.1/os-simple-tenant-usage?start=2025-04-16T11%3A47%3A54.634223&end=2025-04-18T11%3A47%3A54.634223&detailed=1 0.417s
2025-04-17 11:47:55.661 71239 INFO tempest.lib.common.rest_client [req-44875909-5075-4b3a-b8c0-8a7f9e4b0e8b req-44875909-5075-4b3a-b8c0-8a7f9e4b0e8b ] Request (DeleteServersAdminTestJSON:test_delete_server_while_in_error_state): 200 GET http://10.180.1.21/compute/v2.1/servers/c70bd66c-05f2-406d-8daa-58ff59fb5d93 0.348s
2025-04-17 11:47:55.668 71221 INFO tempest.lib.common.rest_client [req-38b3f4a6-0889-4a64-94ca-71d11aab6294 req-38b3f4a6-0889-4a64-94ca-71d11aab6294 ] Request (ServersV294TestFqdnHostnames:tearDownClass): 200 GET http://10.180.1.21/compute/v2.1/servers/2f11308d-9290-472a-9a2d-62e3e5dcac8b 0.398s
2025-04-17 11:47:55.725 71229 INFO tempest.lib.common.rest_client [req-96b3a9bd-cda4-4410-999d-3ed3dfd955a9 req-96b3a9bd-cda4-4410-999d-3ed3dfd955a9 ] Request (ImagesOneServerNegativeTestJSON:_run_cleanups): 200 GET http://10.180.1.21/compute/v2.1/servers/a893add8-af75-482e-b1a9-0fa099407df8 0.256s
2025-04-17 11:47:55.731 71229 INFO tempest.common.waiters [-] State transition "ACTIVE/deleting" ==> "DELETED/None" after 4 second wait
2025-04-17 11:47:55.756 71207 INFO tempest.lib.common.rest_client [req-89eaf86a-86ed-42e1-ad12-e7fb89edb8b8 req-89eaf86a-86ed-42e1-ad12-e7fb89edb8b8 ] Request (MigrationsAdminTest:test_list_migrations_in_flavor_resize_situation): 200 GET http://10.180.1.21/compute/v2.1/servers/f97cb95b-5d2e-4ac4-ba82-80a705a086f4 0.371s
2025-04-17 11:47:55.776 71245 INFO tempest.lib.common.rest_client [req-7b9d3001-8cf5-488a-b283-8c36a0b48117 req-7b9d3001-8cf5-488a-b283-8c36a0b48117 ] Request (ServerRescueTestJSONUnderV235:tearDownClass): 200 GET http://10.180.1.21/compute/v2.1/servers/8dc05e7d-bad4-42ba-a73e-30816551cf75 0.274s
2025-04-17 11:47:55.843 71197 INFO tempest.lib.common.rest_client [req-40e4ed11-843f-4bc0-8c27-04f434b6492e req-40e4ed11-843f-4bc0-8c27-04f434b6492e ] Request (ServerAddressesNegativeTestJSON:setUpClass): 200 GET http://10.180.1.21/compute/v2.1/servers/76085f51-855e-4d02-ae73-ddf86201158a 0.239s
2025-04-17 11:47:55.849 71243 INFO tempest.lib.common.rest_client [req-962251fb-29e5-475a-8c2b-0deaf54289c1 req-962251fb-29e5-475a-8c2b-0deaf54289c1 ] Request (TenantUsagesTestJSON:tearDownClass): 204 DELETE http://10.180.1.21/compute/v2.1/servers/f7271eec-aab3-4258-a6c3-08ac0664d200 0.231s
2025-04-17 11:47:55.882 71247 INFO tempest.lib.common.rest_client [req-d008e9e5-c304-41e6-a4a4-2a58093aec0e req-d008e9e5-c304-41e6-a4a4-2a58093aec0e ] Request (ImagesOneServerTestJSON:test_create_delete_image): 200 GET http://10.180.1.21/compute/v2.1/images/a10039aa-4e2d-48fd-836b-1f1b0b49bb74 0.169s
2025-04-17 11:47:55.898 71242 INFO tempest.lib.common.rest_client [req-aa2d08c8-e02f-499d-bb9c-5d96d1b52841 req-aa2d08c8-e02f-499d-bb9c-5d96d1b52841 ] Request (ServerExternalEventsTest:tearDownClass): 200 GET http://10.180.1.21/compute/v2.1/servers/6415730a-4aa9-47f0-960e-509459c615f7 0.199s
2025-04-17 11:47:55.901 71189 INFO tempest.lib.common.rest_client [req-c192a066-9241-4cda-8577-e132bd86d17c req-c192a066-9241-4cda-8577-e132bd86d17c ] Request (ServerActionsV293TestJSON:setUpClass): 200 GET http://10.180.1.21/volume/v3/volumes/16477e5f-7e9e-4c08-a94c-c99b322d368d 0.023s
2025-04-17 11:47:55.939 71225 INFO tempest.lib.common.rest_client [req-3c39714a-665c-4e64-936f-683c4e3cb55a req-3c39714a-665c-4e64-936f-683c4e3cb55a ] Request (ServerAddressesTestJSON:setUpClass): 200 GET http://10.180.1.21/compute/v2.1/servers/331fc4c1-2d75-4d25-b160-0fbb77937314 0.144s
2025-04-17 11:47:56.009 71227 INFO tempest.lib.common.rest_client [req-4cc1e1ef-3426-48aa-9a8b-1471ddc54e95 req-4cc1e1ef-3426-48aa-9a8b-1471ddc54e95 ] Request (ServersAdminNegativeTestJSON:test_migrate_server_invalid_state): 200 GET http://10.180.1.21/compute/v2.1/servers/7dcc0086-65cf-41c7-b647-6426f7c36c10 0.170s
2025-04-17 11:47:56.036 71243 INFO tempest.lib.common.rest_client [req-cd6e644c-381a-40ec-87d9-1bf0a14145ef req-cd6e644c-381a-40ec-87d9-1bf0a14145ef ] Request (TenantUsagesTestJSON:tearDownClass): 200 GET http://10.180.1.21/compute/v2.1/servers/f7271eec-aab3-4258-a6c3-08ac0664d200 0.186s
2025-04-17 11:47:56.070 71215 INFO tempest.lib.common.rest_client [req-7b0e5cdf-0afe-41bb-b7cd-61268e09cab6 req-7b0e5cdf-0afe-41bb-b7cd-61268e09cab6 ] Request (ServersAdmin275Test:test_rebuild_update_server_275): 200 GET http://10.180.1.21/compute/v2.1/servers/dcbf8cff-2227-4d10-843d-c08d4a98695e 0.185s
2025-04-17 11:47:56.103 71205 INFO tempest.lib.common.rest_client [req-937be762-114e-4c8e-9aec-7772fa1466e5 req-937be762-114e-4c8e-9aec-7772fa1466e5 ] Request (ServersListShow296Test:tearDownClass): 200 GET http://10.180.1.21/compute/v2.1/servers/3dcf9e2a-4306-4025-a942-9aa1a598f49f 0.180s
2025-04-17 11:47:56.131 71233 INFO tempest.lib.common.rest_client [req-607c9ca1-25a7-40ba-bc9b-6cf690176242 req-607c9ca1-25a7-40ba-bc9b-6cf690176242 ] Request (ServerShowV247Test:tearDownClass): 200 GET http://10.180.1.21/compute/v2.1/servers/97c97a43-1d7c-4c5f-b54f-ba3bd8e0a7dc 0.147s
2025-04-17 11:47:56.153 71187 INFO tempest.lib.common.rest_client [req-2a484079-66d3-400c-a0ec-e082b89a0ae6 req-2a484079-66d3-400c-a0ec-e082b89a0ae6 ] Request (ServersAaction247Test:test_create_backup): 200 GET http://10.180.1.21/compute/v2.1/servers/842fc73b-8c91-4c4f-93fe-17b20c1ea4dc 0.112s
2025-04-17 11:47:56.177 71199 INFO tempest.lib.common.rest_client [req-469d5680-81bf-4236-8e5e-11544ea9afa7 req-469d5680-81bf-4236-8e5e-11544ea9afa7 ] Request (SecurityGroupsTestJSON:test_list_security_groups_by_server): 200 GET http://10.180.1.21/compute/v2.1/servers/ef4a1e5c-a8a3-4e6c-901d-b71b2f857d0d 0.117s
2025-04-17 11:47:56.214 71193 INFO tempest.lib.common.rest_client [req-63f77882-02b9-406c-9ec6-d14c0c5b03cd req-63f77882-02b9-406c-9ec6-d14c0c5b03cd ] Request (ListImageFiltersTestJSON:setUpClass): 200 GET http://10.180.1.21/compute/v2.1/servers/a68640b9-e77b-4572-b1fd-9b878578e63c 0.120s
2025-04-17 11:47:56.230 71191 INFO tempest.lib.common.rest_client [req-9f6e2b55-3b59-4163-8bf5-a478776d40c3 req-9f6e2b55-3b59-4163-8bf5-a478776d40c3 ] Request (AttachInterfacesV270Test:test_create_get_list_interfaces): 200 GET http://10.180.1.21/compute/v2.1/servers/ec7a7de1-c7e5-469b-ada8-634381ee04fd 0.102s
2025-04-17 11:47:56.267 71195 INFO tempest.lib.common.rest_client [req-9e4cc9d4-4e73-44b0-b8b3-a5a031777a51 req-9e4cc9d4-4e73-44b0-b8b3-a5a031777a51 ] Request (ServerGroupTestJSON:test_create_server_with_scheduler_hint_group): 200 GET http://10.180.1.21/compute/v2.1/servers/30bee283-5a5d-443f-8799-0675a0e0a2c8 0.104s
2025-04-17 11:47:56.285 71235 INFO tempest.lib.common.rest_client [req-5c6a8579-c37f-4376-af06-1075ebeba41a req-5c6a8579-c37f-4376-af06-1075ebeba41a ] Request (VolumesAdminNegativeTest:test_update_attached_volume_with_nonexistent_volume_in_body): 200 GET http://10.180.1.21/compute/v2.1/servers/d0ca53d2-313b-48e6-95ca-b580e0b083ff 0.102s
2025-04-17 11:47:56.422 71209 INFO tempest.lib.common.rest_client [req-130a11cf-fcf5-4571-bbd7-c7838a589cf0 req-130a11cf-fcf5-4571-bbd7-c7838a589cf0 ] Request (ServerActionsTestOtherB:setUpClass): 200 GET http://10.180.1.21/compute/v2.1/servers/e4828dea-a14c-4aff-8e6f-e1986f399b60 0.079s
2025-04-17 11:47:56.497 71185 INFO tempest.lib.common.rest_client [req-d1a0312d-edbc-486d-a4de-3a031dec1cff req-d1a0312d-edbc-486d-a4de-3a031dec1cff ] Request (ListServerFiltersTestJSON:setUpClass): 200 GET http://10.180.1.21/compute/v2.1/servers/9ebcf594-a25c-4401-b0e4-04740e70bcc7 0.092s
2025-04-17 11:47:56.497 71213 INFO tempest.lib.common.rest_client [req-44caee89-1339-40c2-9cbd-6d6fb5675965 req-44caee89-1339-40c2-9cbd-6d6fb5675965 ] Request (ServersAdminTestJSON:test_create_server_with_scheduling_hint): 200 GET http://10.180.1.21/compute/v2.1/servers/cd4b0d7b-8070-4a0a-a8bd-09cc2c296789 0.165s
2025-04-17 11:47:56.574 71237 INFO tempest.lib.common.rest_client [req-1f690698-d4fa-429d-a8d7-2d0d850ffbe7 req-1f690698-d4fa-429d-a8d7-2d0d850ffbe7 ] Request (ServersTestBootFromVolume:setUpClass): 200 GET http://10.180.1.21/volume/v3/volumes/9a65219c-eeec-4171-bf9d-fdc7772130f6 0.029s
2025-04-17 11:47:56.656 71201 INFO tempest.lib.common.rest_client [req-8114d238-0220-43ee-bd9a-1f6132e5be01 req-8114d238-0220-43ee-bd9a-1f6132e5be01 ] Request (FloatingIPsAssociationTestJSON:setUpClass): 200 GET http://10.180.1.21/compute/v2.1/servers/47e97d46-a933-43cf-98fc-2865c78a4492 0.120s
2025-04-17 11:47:56.690 71211 WARNING tempest.lib.common.ssh [-] Failed to establish authenticated ssh connection to cirros@10.180.180.138 ([Errno None] Unable to connect to port 22 on 10.180.180.138). Number attempts: 2. Retry after 3 seconds.: paramiko.ssh_exception.NoValidConnectionsError: [Errno None] Unable to connect to port 22 on 10.180.180.138
2025-04-17 11:47:56.728 71239 INFO tempest.lib.common.rest_client [req-7ad95c93-228c-4241-bf48-e5726b6a22f2 req-7ad95c93-228c-4241-bf48-e5726b6a22f2 ] Request (DeleteServersAdminTestJSON:test_delete_server_while_in_error_state): 200 GET http://10.180.1.21/compute/v2.1/servers/c70bd66c-05f2-406d-8daa-58ff59fb5d93 0.059s
2025-04-17 11:47:56.810 71229 INFO tempest.lib.common.rest_client [req-2fb10a8f-e67d-4507-9ff3-c2fabca87c9b req-2fb10a8f-e67d-4507-9ff3-c2fabca87c9b ] Request (ImagesOneServerNegativeTestJSON:_run_cleanups): 200 GET http://10.180.1.21/compute/v2.1/servers/a893add8-af75-482e-b1a9-0fa099407df8 0.077s
2025-04-17 11:47:56.843 71221 INFO tempest.lib.common.rest_client [req-f5549ca2-0770-46d5-ac90-137b63695e12 req-f5549ca2-0770-46d5-ac90-137b63695e12 ] Request (ServersV294TestFqdnHostnames:tearDownClass): 200 GET http://10.180.1.21/compute/v2.1/servers/2f11308d-9290-472a-9a2d-62e3e5dcac8b 0.162s
2025-04-17 11:47:56.918 71245 INFO tempest.lib.common.rest_client [req-a78aed81-31fa-4e82-a8e0-001845657114 req-a78aed81-31fa-4e82-a8e0-001845657114 ] Request (ServerRescueTestJSONUnderV235:tearDownClass): 200 GET http://10.180.1.21/compute/v2.1/servers/8dc05e7d-bad4-42ba-a73e-30816551cf75 0.134s
2025-04-17 11:47:56.926 71245 INFO tempest.common.waiters [-] State transition "RESCUE/deleting" ==> "DELETED/None" after 5 second wait
2025-04-17 11:47:56.933 71189 INFO tempest.lib.common.rest_client [req-2db69551-bbf3-47c2-9faf-47db0a0dce4d req-2db69551-bbf3-47c2-9faf-47db0a0dce4d ] Request (ServerActionsV293TestJSON:setUpClass): 200 GET http://10.180.1.21/volume/v3/volumes/16477e5f-7e9e-4c08-a94c-c99b322d368d 0.022s
2025-04-17 11:47:56.935 71207 INFO tempest.lib.common.rest_client [req-c39689b2-c821-4ad0-9a7d-028aae50fa56 req-c39689b2-c821-4ad0-9a7d-028aae50fa56 ] Request (MigrationsAdminTest:test_list_migrations_in_flavor_resize_situation): 200 GET http://10.180.1.21/compute/v2.1/servers/f97cb95b-5d2e-4ac4-ba82-80a705a086f4 0.169s
2025-04-17 11:47:56.967 71247 INFO tempest.lib.common.rest_client [req-a2f5a56c-cd32-4ad7-bbf7-ebf95035464e req-a2f5a56c-cd32-4ad7-bbf7-ebf95035464e ] Request (ImagesOneServerTestJSON:test_create_delete_image): 200 GET http://10.180.1.21/compute/v2.1/images/a10039aa-4e2d-48fd-836b-1f1b0b49bb74 0.081s
2025-04-17 11:47:57.012 71197 INFO tempest.lib.common.rest_client [req-1305a6ad-a051-4f81-8c25-36ebd1174ca6 req-1305a6ad-a051-4f81-8c25-36ebd1174ca6 ] Request (ServerAddressesNegativeTestJSON:setUpClass): 200 GET http://10.180.1.21/compute/v2.1/servers/76085f51-855e-4d02-ae73-ddf86201158a 0.161s
2025-04-17 11:47:57.020 71197 INFO tempest.common.waiters [-] State transition "BUILD/spawning" ==> "ACTIVE/None" after 50 second wait
2025-04-17 11:47:57.032 71242 INFO tempest.lib.common.rest_client [req-e5a8d24c-e316-4316-b411-cc6334612a28 req-e5a8d24c-e316-4316-b411-cc6334612a28 ] Request (ServerExternalEventsTest:tearDownClass): 200 GET http://10.180.1.21/compute/v2.1/servers/6415730a-4aa9-47f0-960e-509459c615f7 0.128s
2025-04-17 11:47:57.069 71225 INFO tempest.lib.common.rest_client [req-509991f1-5e4e-4672-a209-95a543764ae2 req-509991f1-5e4e-4672-a209-95a543764ae2 ] Request (ServerAddressesTestJSON:setUpClass): 200 GET http://10.180.1.21/compute/v2.1/servers/331fc4c1-2d75-4d25-b160-0fbb77937314 0.122s
2025-04-17 11:47:57.092 71197 INFO tempest.lib.common.rest_client [req-ca32880b-c125-4399-b476-cb41905eeea1 req-ca32880b-c125-4399-b476-cb41905eeea1 ] Request (ServerAddressesNegativeTestJSON:test_list_server_addresses_by_network_neg): 404 GET http://10.180.1.21/compute/v2.1/servers/76085f51-855e-4d02-ae73-ddf86201158a/ips/invalid 0.070s
2025-04-17 11:47:57.126 71227 INFO tempest.lib.common.rest_client [req-bb3de3ab-d202-447b-80da-fb323cb49cc2 req-bb3de3ab-d202-447b-80da-fb323cb49cc2 ] Request (ServersAdminNegativeTestJSON:test_migrate_server_invalid_state): 200 GET http://10.180.1.21/compute/v2.1/servers/7dcc0086-65cf-41c7-b647-6426f7c36c10 0.109s
2025-04-17 11:47:57.177 71215 INFO tempest.lib.common.rest_client [req-5c36ed97-a632-48e4-bf5b-5113d26dee30 req-5c36ed97-a632-48e4-bf5b-5113d26dee30 ] Request (ServersAdmin275Test:test_rebuild_update_server_275): 200 GET http://10.180.1.21/compute/v2.1/servers/dcbf8cff-2227-4d10-843d-c08d4a98695e 0.097s
2025-04-17 11:47:57.183 71197 INFO tempest.lib.common.rest_client [req-3c2e9b29-871f-437e-a90f-dcbbb05f7f60 req-3c2e9b29-871f-437e-a90f-dcbbb05f7f60 ] Request (ServerAddressesNegativeTestJSON:test_list_server_addresses_invalid_server_id): 404 GET http://10.180.1.21/compute/v2.1/servers/999/ips 0.088s
2025-04-17 11:47:57.189 71243 INFO tempest.lib.common.rest_client [req-82b815ea-f09f-415c-abae-b847294b91a9 req-82b815ea-f09f-415c-abae-b847294b91a9 ] Request (TenantUsagesTestJSON:tearDownClass): 200 GET http://10.180.1.21/compute/v2.1/servers/f7271eec-aab3-4258-a6c3-08ac0664d200 0.140s
2025-04-17 11:47:57.207 71205 INFO tempest.lib.common.rest_client [req-9e1a4ef1-7194-490f-aef3-5c7cd5692698 req-9e1a4ef1-7194-490f-aef3-5c7cd5692698 ] Request (ServersListShow296Test:tearDownClass): 404 GET http://10.180.1.21/compute/v2.1/servers/3dcf9e2a-4306-4025-a942-9aa1a598f49f 0.094s
2025-04-17 11:47:57.252 71233 INFO tempest.lib.common.rest_client [req-55bc1af3-3900-4cb5-b7f4-20538c8dfcc0 req-55bc1af3-3900-4cb5-b7f4-20538c8dfcc0 ] Request (ServerShowV247Test:tearDownClass): 200 GET http://10.180.1.21/compute/v2.1/servers/97c97a43-1d7c-4c5f-b54f-ba3bd8e0a7dc 0.107s
2025-04-17 11:47:57.275 71187 INFO tempest.lib.common.rest_client [req-b22570c5-37c8-4f0c-9642-e61bfe7581a8 req-b22570c5-37c8-4f0c-9642-e61bfe7581a8 ] Request (ServersAaction247Test:test_create_backup): 200 GET http://10.180.1.21/compute/v2.1/servers/842fc73b-8c91-4c4f-93fe-17b20c1ea4dc 0.112s
2025-04-17 11:47:57.318 71199 INFO tempest.lib.common.rest_client [req-aea12111-b7ac-4baf-bc6a-e953e6047900 req-aea12111-b7ac-4baf-bc6a-e953e6047900 ] Request (SecurityGroupsTestJSON:test_list_security_groups_by_server): 200 GET http://10.180.1.21/compute/v2.1/servers/ef4a1e5c-a8a3-4e6c-901d-b71b2f857d0d 0.130s
2025-04-17 11:47:57.336 71205 INFO tempest.lib.common.rest_client [req-55d726ad-d650-455e-b935-d13de103fc0e req-55d726ad-d650-455e-b935-d13de103fc0e ] Request (ServersListShow296Test:tearDownClass): 204 DELETE http://10.180.1.21/identity/v3/users/61d5ad7faefa4cbdaa7b828818453b10 0.128s
2025-04-17 11:47:57.336 71205 INFO tempest.lib.common.dynamic_creds [-] Deleting project and security group for project: a7231a7794574146ba33ef0bd7901271
2025-04-17 11:47:57.366 71197 INFO tempest.lib.common.rest_client [req-1d3af7c6-c663-45fb-ae5e-781a8557fabf req-1d3af7c6-c663-45fb-ae5e-781a8557fabf ] Request (ServerAddressesNegativeTestJSON:tearDownClass): 204 DELETE http://10.180.1.21/compute/v2.1/servers/76085f51-855e-4d02-ae73-ddf86201158a 0.174s
2025-04-17 11:47:57.382 71193 INFO tempest.lib.common.rest_client [req-8e55d8fa-9a55-44e3-95d6-2c9f8b34d051 req-8e55d8fa-9a55-44e3-95d6-2c9f8b34d051 ] Request (ListImageFiltersTestJSON:setUpClass): 200 GET http://10.180.1.21/compute/v2.1/servers/a68640b9-e77b-4572-b1fd-9b878578e63c 0.159s
2025-04-17 11:47:57.413 71205 INFO tempest.lib.common.rest_client [req-0915b116-feae-47d7-b597-a4476f4a285b req-0915b116-feae-47d7-b597-a4476f4a285b ] Request (ServersListShow296Test:tearDownClass): 201 POST http://10.180.1.21/identity/v3/auth/tokens 0.076s
2025-04-17 11:47:57.429 71191 INFO tempest.lib.common.rest_client [req-d4140456-58ea-43e6-869d-8e7d9a4246e6 req-d4140456-58ea-43e6-869d-8e7d9a4246e6 ] Request (AttachInterfacesV270Test:test_create_get_list_interfaces): 200 GET http://10.180.1.21/compute/v2.1/servers/ec7a7de1-c7e5-469b-ada8-634381ee04fd 0.188s
2025-04-17 11:47:57.444 71195 INFO tempest.lib.common.rest_client [req-2369070c-20e2-4d89-9951-f24ed7343f96 req-2369070c-20e2-4d89-9951-f24ed7343f96 ] Request (ServerGroupTestJSON:test_create_server_with_scheduler_hint_group): 200 GET http://10.180.1.21/compute/v2.1/servers/30bee283-5a5d-443f-8799-0675a0e0a2c8 0.164s
2025-04-17 11:47:57.482 71235 INFO tempest.lib.common.rest_client [req-57a4c78a-95e8-433f-8718-eb14a3aaef0b req-57a4c78a-95e8-433f-8718-eb14a3aaef0b ] Request (VolumesAdminNegativeTest:test_update_attached_volume_with_nonexistent_volume_in_body): 200 GET http://10.180.1.21/compute/v2.1/servers/d0ca53d2-313b-48e6-95ca-b580e0b083ff 0.188s
2025-04-17 11:47:57.546 71209 INFO tempest.lib.common.rest_client [req-63f2c8ab-d026-4200-86d9-0ad0877d7c87 req-63f2c8ab-d026-4200-86d9-0ad0877d7c87 ] Request (ServerActionsTestOtherB:setUpClass): 200 GET http://10.180.1.21/compute/v2.1/servers/e4828dea-a14c-4aff-8e6f-e1986f399b60 0.112s
2025-04-17 11:47:57.596 71197 INFO tempest.lib.common.rest_client [req-80874c04-5645-457f-912c-ef6e04b68fdb req-80874c04-5645-457f-912c-ef6e04b68fdb ] Request (ServerAddressesNegativeTestJSON:tearDownClass): 200 GET http://10.180.1.21/compute/v2.1/servers/76085f51-855e-4d02-ae73-ddf86201158a 0.230s
2025-04-17 11:47:57.613 71237 INFO tempest.lib.common.rest_client [req-a0435a26-1723-4c5b-975a-fb0f478a6ea4 req-a0435a26-1723-4c5b-975a-fb0f478a6ea4 ] Request (ServersTestBootFromVolume:setUpClass): 200 GET http://10.180.1.21/volume/v3/volumes/9a65219c-eeec-4171-bf9d-fdc7772130f6 0.030s
2025-04-17 11:47:57.615 71185 INFO tempest.lib.common.rest_client [req-353b54af-ee7b-4dc2-b235-64489a72d06b req-353b54af-ee7b-4dc2-b235-64489a72d06b ] Request (ListServerFiltersTestJSON:setUpClass): 200 GET http://10.180.1.21/compute/v2.1/servers/9ebcf594-a25c-4401-b0e4-04740e70bcc7 0.111s
2025-04-17 11:47:57.667 71205 INFO tempest.lib.common.rest_client [req-8f2ec471-031c-4975-8e31-26e98fd54adf req-8f2ec471-031c-4975-8e31-26e98fd54adf ] Request (ServersListShow296Test:tearDownClass): 200 GET http://10.180.1.21:9696/networking/v2.0/security-groups?tenant_id=a7231a7794574146ba33ef0bd7901271&name=default 0.253s
2025-04-17 11:47:57.751 71213 INFO tempest.lib.common.rest_client [req-23bdb09a-d989-474e-9534-3b0f10b9db08 req-23bdb09a-d989-474e-9534-3b0f10b9db08 ] Request (ServersAdminTestJSON:test_create_server_with_scheduling_hint): 200 GET http://10.180.1.21/compute/v2.1/servers/cd4b0d7b-8070-4a0a-a8bd-09cc2c296789 0.246s
2025-04-17 11:47:57.800 71201 INFO tempest.lib.common.rest_client [req-dfcb8fc3-8238-4a45-b072-b7578e11dd6d req-dfcb8fc3-8238-4a45-b072-b7578e11dd6d ] Request (FloatingIPsAssociationTestJSON:setUpClass): 200 GET http://10.180.1.21/compute/v2.1/servers/47e97d46-a933-43cf-98fc-2865c78a4492 0.136s
2025-04-17 11:47:57.828 71239 INFO tempest.lib.common.rest_client [req-d8ecd193-462c-4c36-b901-5d448fc67557 req-d8ecd193-462c-4c36-b901-5d448fc67557 ] Request (DeleteServersAdminTestJSON:test_delete_server_while_in_error_state): 200 GET http://10.180.1.21/compute/v2.1/servers/c70bd66c-05f2-406d-8daa-58ff59fb5d93 0.090s
2025-04-17 11:47:57.858 71205 INFO tempest.lib.common.rest_client [req-4b19a7bb-0f54-4d68-936a-65075bf2aa34 req-4b19a7bb-0f54-4d68-936a-65075bf2aa34 ] Request (ServersListShow296Test:tearDownClass): 204 DELETE http://10.180.1.21:9696/networking/v2.0/security-groups/87793aed-58d8-4225-872b-13fdc2dbd58e 0.191s
2025-04-17 11:47:57.900 71229 INFO tempest.lib.common.rest_client [req-40fb0aab-48f6-4548-923b-42884d9dc88a req-40fb0aab-48f6-4548-923b-42884d9dc88a ] Request (ImagesOneServerNegativeTestJSON:_run_cleanups): 200 GET http://10.180.1.21/compute/v2.1/servers/a893add8-af75-482e-b1a9-0fa099407df8 0.080s
2025-04-17 11:47:57.952 71205 INFO tempest.lib.common.rest_client [req-8494915e-4833-415b-9667-9b2c6bc7d583 req-8494915e-4833-415b-9667-9b2c6bc7d583 ] Request (ServersListShow296Test:tearDownClass): 204 DELETE http://10.180.1.21/identity/v3/projects/a7231a7794574146ba33ef0bd7901271 0.094s
2025-04-17 11:47:57.972 71189 INFO tempest.lib.common.rest_client [req-ac7a44d9-4faa-4892-98aa-fa14926e31f0 req-ac7a44d9-4faa-4892-98aa-fa14926e31f0 ] Request (ServerActionsV293TestJSON:setUpClass): 200 GET http://10.180.1.21/volume/v3/volumes/16477e5f-7e9e-4c08-a94c-c99b322d368d 0.031s
2025-04-17 11:47:58.002 71245 INFO tempest.lib.common.rest_client [req-deae8f64-f1bb-4f10-bd27-eeb8851cd536 req-deae8f64-f1bb-4f10-bd27-eeb8851cd536 ] Request (ServerRescueTestJSONUnderV235:tearDownClass): 200 GET http://10.180.1.21/compute/v2.1/servers/8dc05e7d-bad4-42ba-a73e-30816551cf75 0.074s
2025-04-17 11:47:58.008 71221 INFO tempest.lib.common.rest_client [req-6d7d13e3-d10a-4584-a16c-ee031e5d5967 req-6d7d13e3-d10a-4584-a16c-ee031e5d5967 ] Request (ServersV294TestFqdnHostnames:tearDownClass): 200 GET http://10.180.1.21/compute/v2.1/servers/2f11308d-9290-472a-9a2d-62e3e5dcac8b 0.155s
2025-04-17 11:47:58.073 71247 INFO tempest.lib.common.rest_client [req-f556aa45-d7b5-4816-9a78-346810cdf4c6 req-f556aa45-d7b5-4816-9a78-346810cdf4c6 ] Request (ImagesOneServerTestJSON:test_create_delete_image): 200 GET http://10.180.1.21/compute/v2.1/images/a10039aa-4e2d-48fd-836b-1f1b0b49bb74 0.101s
2025-04-17 11:47:58.111 71207 INFO tempest.lib.common.rest_client [req-fe7654b2-a0a1-4b8f-b0d5-f953f6ac7a18 req-fe7654b2-a0a1-4b8f-b0d5-f953f6ac7a18 ] Request (MigrationsAdminTest:test_list_migrations_in_flavor_resize_situation): 200 GET http://10.180.1.21/compute/v2.1/servers/f97cb95b-5d2e-4ac4-ba82-80a705a086f4 0.167s
2025-04-17 11:47:58.156 71242 INFO tempest.lib.common.rest_client [req-e218738c-036b-4dac-9ccb-5281822e25eb req-e218738c-036b-4dac-9ccb-5281822e25eb ] Request (ServerExternalEventsTest:tearDownClass): 200 GET http://10.180.1.21/compute/v2.1/servers/6415730a-4aa9-47f0-960e-509459c615f7 0.109s
2025-04-17 11:47:58.160 71225 INFO tempest.lib.common.rest_client [req-6da3e9c5-7c25-4e65-80a8-7d58a03edca1 req-6da3e9c5-7c25-4e65-80a8-7d58a03edca1 ] Request (ServerAddressesTestJSON:setUpClass): 200 GET http://10.180.1.21/compute/v2.1/servers/331fc4c1-2d75-4d25-b160-0fbb77937314 0.077s
2025-04-17 11:47:58.226 71231 WARNING tempest.lib.common.ssh [-] Failed to establish authenticated ssh connection to cirros@10.180.180.238 ([Errno None] Unable to connect to port 22 on 10.180.180.238). Number attempts: 1. Retry after 2 seconds.: paramiko.ssh_exception.NoValidConnectionsError: [Errno None] Unable to connect to port 22 on 10.180.180.238
2025-04-17 11:47:58.258 71215 INFO tempest.lib.common.rest_client [req-b1aad3f1-dc16-4483-8a58-42da1dc96ef9 req-b1aad3f1-dc16-4483-8a58-42da1dc96ef9 ] Request (ServersAdmin275Test:test_rebuild_update_server_275): 200 GET http://10.180.1.21/compute/v2.1/servers/dcbf8cff-2227-4d10-843d-c08d4a98695e 0.069s
2025-04-17 11:47:58.357 71227 INFO tempest.lib.common.rest_client [req-fb9e8cf3-d676-4608-b073-f278e05866be req-fb9e8cf3-d676-4608-b073-f278e05866be ] Request (ServersAdminNegativeTestJSON:test_migrate_server_invalid_state): 200 GET http://10.180.1.21/compute/v2.1/servers/7dcc0086-65cf-41c7-b647-6426f7c36c10 0.222s
2025-04-17 11:47:58.411 71243 INFO tempest.lib.common.rest_client [req-f806a37c-00f6-49ce-abff-104db3f8b864 req-f806a37c-00f6-49ce-abff-104db3f8b864 ] Request (TenantUsagesTestJSON:tearDownClass): 200 GET http://10.180.1.21/compute/v2.1/servers/f7271eec-aab3-4258-a6c3-08ac0664d200 0.214s
2025-04-17 11:47:58.476 71233 INFO tempest.lib.common.rest_client [req-db0daf35-1f09-41ba-ad1d-a13b48f98154 req-db0daf35-1f09-41ba-ad1d-a13b48f98154 ] Request (ServerShowV247Test:tearDownClass): 200 GET http://10.180.1.21/compute/v2.1/servers/97c97a43-1d7c-4c5f-b54f-ba3bd8e0a7dc 0.207s
2025-04-17 11:47:58.500 71187 INFO tempest.lib.common.rest_client [req-1cca74b2-45fc-42d8-96d7-339029b7b017 req-1cca74b2-45fc-42d8-96d7-339029b7b017 ] Request (ServersAaction247Test:test_create_backup): 200 GET http://10.180.1.21/compute/v2.1/servers/842fc73b-8c91-4c4f-93fe-17b20c1ea4dc 0.215s
2025-04-17 11:47:58.537 71199 INFO tempest.lib.common.rest_client [req-20277777-2395-4f55-9cc7-02676d1305b2 req-20277777-2395-4f55-9cc7-02676d1305b2 ] Request (SecurityGroupsTestJSON:test_list_security_groups_by_server): 200 GET http://10.180.1.21/compute/v2.1/servers/ef4a1e5c-a8a3-4e6c-901d-b71b2f857d0d 0.207s
2025-04-17 11:47:58.558 71193 INFO tempest.lib.common.rest_client [req-289e34e1-7bee-4a78-b50e-13248e6b1c26 req-289e34e1-7bee-4a78-b50e-13248e6b1c26 ] Request (ListImageFiltersTestJSON:setUpClass): 200 GET http://10.180.1.21/compute/v2.1/servers/a68640b9-e77b-4572-b1fd-9b878578e63c 0.165s
2025-04-17 11:47:58.618 71191 INFO tempest.lib.common.rest_client [req-778a5cd0-3efa-4706-af61-9246f3620fb5 req-778a5cd0-3efa-4706-af61-9246f3620fb5 ] Request (AttachInterfacesV270Test:test_create_get_list_interfaces): 200 GET http://10.180.1.21/compute/v2.1/servers/ec7a7de1-c7e5-469b-ada8-634381ee04fd 0.175s
2025-04-17 11:47:58.632 71195 INFO tempest.lib.common.rest_client [req-bee78574-5b73-4415-a967-b56c2fc9dcbb req-bee78574-5b73-4415-a967-b56c2fc9dcbb ] Request (ServerGroupTestJSON:test_create_server_with_scheduler_hint_group): 200 GET http://10.180.1.21/compute/v2.1/servers/30bee283-5a5d-443f-8799-0675a0e0a2c8 0.180s
2025-04-17 11:47:58.692 71235 INFO tempest.lib.common.rest_client [req-eae94ae7-5502-4d33-9717-88145a3bea3e req-eae94ae7-5502-4d33-9717-88145a3bea3e ] Request (VolumesAdminNegativeTest:test_update_attached_volume_with_nonexistent_volume_in_body): 200 GET http://10.180.1.21/compute/v2.1/servers/d0ca53d2-313b-48e6-95ca-b580e0b083ff 0.200s
2025-04-17 11:47:58.716 71209 INFO tempest.lib.common.rest_client [req-90e77b7b-7ca8-4447-82bf-ecefe6415c8e req-90e77b7b-7ca8-4447-82bf-ecefe6415c8e ] Request (ServerActionsTestOtherB:setUpClass): 200 GET http://10.180.1.21/compute/v2.1/servers/e4828dea-a14c-4aff-8e6f-e1986f399b60 0.158s
2025-04-17 11:47:58.778 71237 INFO tempest.lib.common.rest_client [req-a74a4ade-0621-48a2-a73d-d9f82d6baf79 req-a74a4ade-0621-48a2-a73d-d9f82d6baf79 ] Request (ServersTestBootFromVolume:setUpClass): 200 GET http://10.180.1.21/volume/v3/volumes/9a65219c-eeec-4171-bf9d-fdc7772130f6 0.156s
2025-04-17 11:47:58.791 71185 INFO tempest.lib.common.rest_client [req-162ed302-9cc4-4a16-8505-42e3c656fc99 req-162ed302-9cc4-4a16-8505-42e3c656fc99 ] Request (ListServerFiltersTestJSON:setUpClass): 200 GET http://10.180.1.21/compute/v2.1/servers/9ebcf594-a25c-4401-b0e4-04740e70bcc7 0.164s
2025-04-17 11:47:58.840 71197 INFO tempest.lib.common.rest_client [req-39c2fe04-36de-40ac-9fb4-3ec65ebab4c7 req-39c2fe04-36de-40ac-9fb4-3ec65ebab4c7 ] Request (ServerAddressesNegativeTestJSON:tearDownClass): 200 GET http://10.180.1.21/compute/v2.1/servers/76085f51-855e-4d02-ae73-ddf86201158a 0.232s
2025-04-17 11:47:58.930 71213 INFO tempest.lib.common.rest_client [req-5cf08a8b-7cb8-42e9-a0e6-31e0f3cde3a7 req-5cf08a8b-7cb8-42e9-a0e6-31e0f3cde3a7 ] Request (ServersAdminTestJSON:test_create_server_with_scheduling_hint): 200 GET http://10.180.1.21/compute/v2.1/servers/cd4b0d7b-8070-4a0a-a8bd-09cc2c296789 0.163s
2025-04-17 11:47:58.958 71201 INFO tempest.lib.common.rest_client [req-19288855-ba50-40b0-856b-9016df4fc7dd req-19288855-ba50-40b0-856b-9016df4fc7dd ] Request (FloatingIPsAssociationTestJSON:setUpClass): 200 GET http://10.180.1.21/compute/v2.1/servers/47e97d46-a933-43cf-98fc-2865c78a4492 0.143s
2025-04-17 11:47:58.983 71239 INFO tempest.lib.common.rest_client [req-2204e278-2f79-4ee5-867b-6bd09cd20714 req-2204e278-2f79-4ee5-867b-6bd09cd20714 ] Request (DeleteServersAdminTestJSON:test_delete_server_while_in_error_state): 200 GET http://10.180.1.21/compute/v2.1/servers/c70bd66c-05f2-406d-8daa-58ff59fb5d93 0.148s
2025-04-17 11:47:59.006 71189 INFO tempest.lib.common.rest_client [req-9a07d1d6-a397-4fe2-a951-14bc3a691776 req-9a07d1d6-a397-4fe2-a951-14bc3a691776 ] Request (ServerActionsV293TestJSON:setUpClass): 200 GET http://10.180.1.21/volume/v3/volumes/16477e5f-7e9e-4c08-a94c-c99b322d368d 0.026s
2025-04-17 11:47:59.024 71229 INFO tempest.lib.common.rest_client [req-31f9a252-b266-4f1c-a692-abeb10e0e9b3 req-31f9a252-b266-4f1c-a692-abeb10e0e9b3 ] Request (ImagesOneServerNegativeTestJSON:_run_cleanups): 200 GET http://10.180.1.21/compute/v2.1/servers/a893add8-af75-482e-b1a9-0fa099407df8 0.111s
2025-04-17 11:47:59.089 71245 INFO tempest.lib.common.rest_client [req-7dc4bfa4-ae82-4c46-b481-c6f41641d028 req-7dc4bfa4-ae82-4c46-b481-c6f41641d028 ] Request (ServerRescueTestJSONUnderV235:tearDownClass): 200 GET http://10.180.1.21/compute/v2.1/servers/8dc05e7d-bad4-42ba-a73e-30816551cf75 0.072s
2025-04-17 11:47:59.127 71247 INFO tempest.lib.common.rest_client [req-0385457a-b4f7-40cc-b1b3-de5b5f02c7da req-0385457a-b4f7-40cc-b1b3-de5b5f02c7da ] Request (ImagesOneServerTestJSON:test_create_delete_image): 200 GET http://10.180.1.21/compute/v2.1/images/a10039aa-4e2d-48fd-836b-1f1b0b49bb74 0.048s
2025-04-17 11:47:59.279 71207 INFO tempest.lib.common.rest_client [req-bbdda775-500a-47f8-8744-75fff6243e04 req-bbdda775-500a-47f8-8744-75fff6243e04 ] Request (MigrationsAdminTest:test_list_migrations_in_flavor_resize_situation): 200 GET http://10.180.1.21/compute/v2.1/servers/f97cb95b-5d2e-4ac4-ba82-80a705a086f4 0.157s
2025-04-17 11:47:59.336 71221 INFO tempest.lib.common.rest_client [req-f64ff6ae-e557-4331-b067-8aec334aab48 req-f64ff6ae-e557-4331-b067-8aec334aab48 ] Request (ServersV294TestFqdnHostnames:tearDownClass): 200 GET http://10.180.1.21/compute/v2.1/servers/2f11308d-9290-472a-9a2d-62e3e5dcac8b 0.308s
2025-04-17 11:47:59.348 71242 INFO tempest.lib.common.rest_client [req-28bd6145-1509-4853-8f0b-bd0c4e079066 req-28bd6145-1509-4853-8f0b-bd0c4e079066 ] Request (ServerExternalEventsTest:tearDownClass): 200 GET http://10.180.1.21/compute/v2.1/servers/6415730a-4aa9-47f0-960e-509459c615f7 0.181s
2025-04-17 11:47:59.414 71225 INFO tempest.lib.common.rest_client [req-a5b31694-beab-4a88-9149-b8b3336612b1 req-a5b31694-beab-4a88-9149-b8b3336612b1 ] Request (ServerAddressesTestJSON:setUpClass): 200 GET http://10.180.1.21/compute/v2.1/servers/331fc4c1-2d75-4d25-b160-0fbb77937314 0.246s
2025-04-17 11:47:59.415 71215 INFO tempest.lib.common.rest_client [req-72a63d40-275a-449b-bcb9-5ef01afa86bf req-72a63d40-275a-449b-bcb9-5ef01afa86bf ] Request (ServersAdmin275Test:test_rebuild_update_server_275): 200 GET http://10.180.1.21/compute/v2.1/servers/dcbf8cff-2227-4d10-843d-c08d4a98695e 0.144s
2025-04-17 11:47:59.425 71215 INFO tempest.common.waiters [-] State transition "BUILD/scheduling" ==> "BUILD/None" after 34 second wait
2025-04-17 11:47:59.481 71243 INFO tempest.lib.common.rest_client [req-bc242302-518c-42cb-a1c9-37946fa93e97 req-bc242302-518c-42cb-a1c9-37946fa93e97 ] Request (TenantUsagesTestJSON:tearDownClass): 200 GET http://10.180.1.21/compute/v2.1/servers/f7271eec-aab3-4258-a6c3-08ac0664d200 0.055s
2025-04-17 11:47:59.545 71227 INFO tempest.lib.common.rest_client [req-9449e4e1-9674-4f1a-a0b4-facff848b4d3 req-9449e4e1-9674-4f1a-a0b4-facff848b4d3 ] Request (ServersAdminNegativeTestJSON:test_migrate_server_invalid_state): 200 GET http://10.180.1.21/compute/v2.1/servers/7dcc0086-65cf-41c7-b647-6426f7c36c10 0.178s
2025-04-17 11:47:59.559 71233 INFO tempest.lib.common.rest_client [req-7db66d08-3653-402e-a9be-b8268b21f7e2 req-7db66d08-3653-402e-a9be-b8268b21f7e2 ] Request (ServerShowV247Test:tearDownClass): 200 GET http://10.180.1.21/compute/v2.1/servers/97c97a43-1d7c-4c5f-b54f-ba3bd8e0a7dc 0.066s
2025-04-17 11:47:59.604 71187 INFO tempest.lib.common.rest_client [req-95265858-5d59-46a0-bbe3-e5c1e8ad9333 req-95265858-5d59-46a0-bbe3-e5c1e8ad9333 ] Request (ServersAaction247Test:test_create_backup): 200 GET http://10.180.1.21/compute/v2.1/servers/842fc73b-8c91-4c4f-93fe-17b20c1ea4dc 0.095s
2025-04-17 11:47:59.614 71199 INFO tempest.lib.common.rest_client [req-757207fd-a80b-433d-bb2e-e337dbde7447 req-757207fd-a80b-433d-bb2e-e337dbde7447 ] Request (SecurityGroupsTestJSON:test_list_security_groups_by_server): 200 GET http://10.180.1.21/compute/v2.1/servers/ef4a1e5c-a8a3-4e6c-901d-b71b2f857d0d 0.064s
2025-04-17 11:47:59.660 71193 INFO tempest.lib.common.rest_client [req-1aa9a53d-834a-4f3d-ab6f-fcf2b2f1f7f9 req-1aa9a53d-834a-4f3d-ab6f-fcf2b2f1f7f9 ] Request (ListImageFiltersTestJSON:setUpClass): 200 GET http://10.180.1.21/compute/v2.1/servers/a68640b9-e77b-4572-b1fd-9b878578e63c 0.085s
2025-04-17 11:47:59.702 71191 INFO tempest.lib.common.rest_client [req-a26877b8-34ae-41ad-afc8-cccbf3f866bd req-a26877b8-34ae-41ad-afc8-cccbf3f866bd ] Request (AttachInterfacesV270Test:test_create_get_list_interfaces): 200 GET http://10.180.1.21/compute/v2.1/servers/ec7a7de1-c7e5-469b-ada8-634381ee04fd 0.067s
2025-04-17 11:47:59.710 71195 INFO tempest.lib.common.rest_client [req-97bb0944-4326-49e8-ba79-a54707d5d606 req-97bb0944-4326-49e8-ba79-a54707d5d606 ] Request (ServerGroupTestJSON:test_create_server_with_scheduler_hint_group): 200 GET http://10.180.1.21/compute/v2.1/servers/30bee283-5a5d-443f-8799-0675a0e0a2c8 0.069s
2025-04-17 11:47:59.753 71235 INFO tempest.lib.common.rest_client [req-822e6d17-5f24-468c-a7cc-71537e9f75c2 req-822e6d17-5f24-468c-a7cc-71537e9f75c2 ] Request (VolumesAdminNegativeTest:test_update_attached_volume_with_nonexistent_volume_in_body): 200 GET http://10.180.1.21/compute/v2.1/servers/d0ca53d2-313b-48e6-95ca-b580e0b083ff 0.053s
2025-04-17 11:47:59.781 71209 INFO tempest.lib.common.rest_client [req-f0ec9ba2-8630-4991-8f35-9e63688562e1 req-f0ec9ba2-8630-4991-8f35-9e63688562e1 ] Request (ServerActionsTestOtherB:setUpClass): 200 GET http://10.180.1.21/compute/v2.1/servers/e4828dea-a14c-4aff-8e6f-e1986f399b60 0.049s
2025-04-17 11:47:59.818 71237 INFO tempest.lib.common.rest_client [req-3d700977-d02f-43e6-86fe-1c5d699ef3b3 req-3d700977-d02f-43e6-86fe-1c5d699ef3b3 ] Request (ServersTestBootFromVolume:setUpClass): 200 GET http://10.180.1.21/volume/v3/volumes/9a65219c-eeec-4171-bf9d-fdc7772130f6 0.026s
2025-04-17 11:47:59.857 71185 INFO tempest.lib.common.rest_client [req-42f4a8bf-b8ce-4764-b484-796f4d1476b5 req-42f4a8bf-b8ce-4764-b484-796f4d1476b5 ] Request (ListServerFiltersTestJSON:setUpClass): 200 GET http://10.180.1.21/compute/v2.1/servers/9ebcf594-a25c-4401-b0e4-04740e70bcc7 0.056s
2025-04-17 11:47:59.908 71197 INFO tempest.lib.common.rest_client [req-879cd148-f507-4220-a73b-80c095b05081 req-879cd148-f507-4220-a73b-80c095b05081 ] Request (ServerAddressesNegativeTestJSON:tearDownClass): 200 GET http://10.180.1.21/compute/v2.1/servers/76085f51-855e-4d02-ae73-ddf86201158a 0.053s
2025-04-17 11:48:00.031 71213 INFO tempest.lib.common.rest_client [req-fceaac17-ded6-4d1d-ae26-f7a2f3c33b60 req-fceaac17-ded6-4d1d-ae26-f7a2f3c33b60 ] Request (ServersAdminTestJSON:test_create_server_with_scheduling_hint): 200 GET http://10.180.1.21/compute/v2.1/servers/cd4b0d7b-8070-4a0a-a8bd-09cc2c296789 0.093s
2025-04-17 11:48:00.039 71213 INFO tempest.common.waiters [-] State transition "BUILD/spawning" ==> "ACTIVE/None" after 50 second wait
2025-04-17 11:48:00.039 71189 INFO tempest.lib.common.rest_client [req-b0db81e0-a354-40a0-b5bf-58c7aef8ff47 req-b0db81e0-a354-40a0-b5bf-58c7aef8ff47 ] Request (ServerActionsV293TestJSON:setUpClass): 200 GET http://10.180.1.21/volume/v3/volumes/16477e5f-7e9e-4c08-a94c-c99b322d368d 0.025s
2025-04-17 11:48:00.084 71239 INFO tempest.lib.common.rest_client [req-f2daf3c8-759a-45e5-aa77-517c14b765a1 req-f2daf3c8-759a-45e5-aa77-517c14b765a1 ] Request (DeleteServersAdminTestJSON:test_delete_server_while_in_error_state): 200 GET http://10.180.1.21/compute/v2.1/servers/c70bd66c-05f2-406d-8daa-58ff59fb5d93 0.092s
2025-04-17 11:48:00.100 71201 INFO tempest.lib.common.rest_client [req-de3f89d9-ad45-4f29-b1cc-00b5e3792a90 req-de3f89d9-ad45-4f29-b1cc-00b5e3792a90 ] Request (FloatingIPsAssociationTestJSON:setUpClass): 200 GET http://10.180.1.21/compute/v2.1/servers/47e97d46-a933-43cf-98fc-2865c78a4492 0.128s
2025-04-17 11:48:00.112 71213 INFO tempest.lib.common.rest_client [req-16088ab5-1b40-4e21-ab32-326ad30224c9 req-16088ab5-1b40-4e21-ab32-326ad30224c9 ] Request (ServersAdminTestJSON:test_inject_network_info): 201 POST http://10.180.1.21/identity/v3/auth/tokens 0.065s
2025-04-17 11:48:00.112 71213 INFO tempest.lib.common.fixed_network [-] (ServersAdminTestJSON:test_inject_network_info) Found network {'id': '92679d6e-9d23-48b6-ac5f-eb75f3549552', 'name': 'tempest-ServersAdminTestJSON-309244147-network', 'tenant_id': '9887a501ada94094811782796978977f', 'admin_state_up': True, 'mtu': 8950, 'status': 'ACTIVE', 'subnets': [], 'shared': False, 'project_id': '9887a501ada94094811782796978977f', 'port_security_enabled': True, 'router:external': False, 'provider:network_type': 'vlan', 'provider:physical_network': 'default', 'provider:segmentation_id': 597, 'availability_zone_hints': [], 'availability_zones': [], 'ipv4_address_scope': None, 'ipv6_address_scope': None, 'description': '', 'tags': [], 'created_at': '2025-04-17T11:46:26Z', 'updated_at': '2025-04-17T11:46:26Z', 'revision_number': 1} available for tenant
2025-04-17 11:48:00.141 71229 INFO tempest.lib.common.rest_client [req-f44d126c-bff1-475c-88b3-e95a39e37608 req-f44d126c-bff1-475c-88b3-e95a39e37608 ] Request (ImagesOneServerNegativeTestJSON:_run_cleanups): 200 GET http://10.180.1.21/compute/v2.1/servers/a893add8-af75-482e-b1a9-0fa099407df8 0.109s
