2025-04-08 18:50:57.059 68735 INFO tempest.lib.common.dynamic_creds [-] Acquired dynamic creds: credentials: Credentials: {'domain_id': 'default', 'domain_name': 'Default', 'username': 'tempest-SecurityGroupRulesNegativeTestJSON-1721571188-project-member', 'project_domain_id': 'default', 'project_domain_name': 'Default', 'project_id': '9025419dae884500b32a1e572074e555', 'project_name': 'tempest-SecurityGroupRulesNegativeTestJSON-1721571188', 'tenant_id': '9025419dae884500b32a1e572074e555', 'tenant_name': 'tempest-SecurityGroupRulesNegativeTestJSON-1721571188', 'user_domain_id': 'default', 'user_domain_name': 'Default', 'user_id': '7118de3383b64642a408156714119c71', 'system': None}, Network: None, Subnet: None, Router: None
2025-04-08 18:50:57.067 68773 INFO tempest.lib.common.rest_client [req-8f2ca572-722c-4473-a5a7-93417aa98954 req-8f2ca572-722c-4473-a5a7-93417aa98954 ] Request (AggregatesAdminNegativeTestJSON:test_aggregate_get_details_as_user): 200 POST http://10.180.1.21/compute/v2.1/os-aggregates 0.593s
2025-04-08 18:50:57.083 68776 INFO tempest.lib.common.rest_client [req-935fd0a4-53c3-406c-aed5-a1ecff5ef2fd req-935fd0a4-53c3-406c-aed5-a1ecff5ef2fd ] Request (FloatingIPsAssociationTestJSON:setUpClass): 200 GET http://10.180.1.21/compute/v2.1/servers/844f2b9d-ad2a-431a-a587-65ba446d571f 0.615s
2025-04-08 18:50:57.086 68745 INFO tempest.lib.common.rest_client [req-bf92f777-c795-4919-ba17-ea5676ab0952 req-bf92f777-c795-4919-ba17-ea5676ab0952 ] Request (FlavorsAdminTestJSON:_run_cleanups): 200 GET http://10.180.1.21/compute/v2.1/flavors/detail 0.599s
2025-04-08 18:50:57.104 68731 INFO tempest.lib.common.rest_client [req-e0161abf-ad51-4adb-91d6-7d3de4df01d0 req-e0161abf-ad51-4adb-91d6-7d3de4df01d0 ] Request (FlavorsV2TestJSON:test_list_flavors_using_marker): 200 GET http://10.180.1.21/compute/v2.1/flavors?marker=42 0.605s
2025-04-08 18:50:57.117 68779 INFO tempest.lib.common.rest_client [req-9f4a00cb-de03-413e-b5a9-9254ff0c14d1 req-9f4a00cb-de03-413e-b5a9-9254ff0c14d1 ] Request (InstanceActionsNegativeTestJSON:setUpClass): 201 POST http://10.180.1.21/identity/v3/auth/tokens 0.060s
2025-04-08 18:50:57.118 68735 INFO tempest.lib.common.rest_client [req-92d0e440-b4d6-488c-ac3a-a2be5d410e27 req-92d0e440-b4d6-488c-ac3a-a2be5d410e27 ] Request (SecurityGroupRulesNegativeTestJSON:setUpClass): 201 POST http://10.180.1.21/identity/v3/auth/tokens 0.059s
2025-04-08 18:50:57.133 68727 INFO tempest.lib.common.rest_client [req-721b3f29-4f10-45a6-9e5a-24f858171764 req-721b3f29-4f10-45a6-9e5a-24f858171764 ] Request (QuotasAdminTestV257:tearDownClass): 200 GET http://10.180.1.21:9696/networking/v2.0/security-groups?tenant_id=3f9e1a8319c54bdf8e5b0b434596faba&name=default 0.240s
2025-04-08 18:50:57.141 68779 INFO tempest.lib.common.rest_client [req-1b17d23c-a709-47b5-8e3c-78bc74edb27d req-1b17d23c-a709-47b5-8e3c-78bc74edb27d ] Request (InstanceActionsNegativeTestJSON:setUpClass): 200 GET http://10.180.1.21/identity/v3/domains?name=Default 0.023s
2025-04-08 18:50:57.207 68779 INFO tempest.lib.common.rest_client [req-ef09a645-9941-4d86-989f-b1a2b4c17da8 req-ef09a645-9941-4d86-989f-b1a2b4c17da8 ] Request (InstanceActionsNegativeTestJSON:setUpClass): 201 POST http://10.180.1.21/identity/v3/projects 0.065s
2025-04-08 18:50:57.212 68743 INFO tempest.lib.common.rest_client [req-bfc199e7-2791-4c8a-80ba-333cf3c0a20a req-bfc199e7-2791-4c8a-80ba-333cf3c0a20a ] Request (FlavorsAccessNegativeTestJSON:test_remove_flavor_access_not_found): 404 POST http://10.180.1.21/compute/v2.1/flavors/786527492/action 0.703s
2025-04-08 18:50:57.219 68727 INFO tempest.lib.common.rest_client [req-433d3936-3a51-48f3-9769-6eb79dbaba9f req-433d3936-3a51-48f3-9769-6eb79dbaba9f ] Request (QuotasAdminTestV257:tearDownClass): 204 DELETE http://10.180.1.21:9696/networking/v2.0/security-groups/916cafa8-321c-4c85-b329-3160b4609371 0.086s
2025-04-08 18:50:57.245 68771 INFO tempest.lib.common.rest_client [req-4ddeb097-32e4-4c6f-afa5-56c0ed69abcf req-4ddeb097-32e4-4c6f-afa5-56c0ed69abcf ] Request (ServersV294TestFqdnHostnames:setUpClass): 200 GET http://10.180.1.21/compute/v2.1/servers/f5aa2b1b-c290-42f2-84d3-272415184f14 0.620s
2025-04-08 18:50:57.261 68779 INFO tempest.lib.common.rest_client [req-23f16a83-0cb0-40de-a1f0-3198ca2d437b req-23f16a83-0cb0-40de-a1f0-3198ca2d437b ] Request (InstanceActionsNegativeTestJSON:setUpClass): 201 POST http://10.180.1.21/identity/v3/users 0.054s
2025-04-08 18:50:57.277 68725 INFO tempest.lib.common.rest_client [req-964490d8-c60d-4b4d-924f-1417043ae854 req-964490d8-c60d-4b4d-924f-1417043ae854 ] Request (KeyPairsV22TestJSON:test_keypairs_create_list_delete): 201 POST http://10.180.1.21/compute/v2.1/os-keypairs 0.443s
2025-04-08 18:50:57.277 68779 INFO tempest.lib.common.rest_client [req-61b9ea2e-d394-42e3-8d39-be6a3b83905c req-61b9ea2e-d394-42e3-8d39-be6a3b83905c ] Request (InstanceActionsNegativeTestJSON:setUpClass): 200 GET http://10.180.1.21/identity/v3/roles 0.015s
2025-04-08 18:50:57.305 68779 INFO tempest.lib.common.rest_client [req-9f83905f-b3bd-49ba-a4ba-57079813fd0d req-9f83905f-b3bd-49ba-a4ba-57079813fd0d ] Request (InstanceActionsNegativeTestJSON:setUpClass): 204 PUT http://10.180.1.21/identity/v3/projects/f8fc188bcadc4e989188f3d9f450de41/users/db843ba923a047298d5a7853e87fc5c4/roles/0238365169734317892e61cd6698901e 0.027s
2025-04-08 18:50:57.305 68779 INFO tempest.lib.common.dynamic_creds [-] Dynamic test user db843ba923a047298d5a7853e87fc5c4 is created with scope project and roles: ['member']
2025-04-08 18:50:57.305 68779 INFO tempest.lib.common.dynamic_creds [-] Acquired dynamic creds: credentials: Credentials: {'domain_id': 'default', 'domain_name': 'Default', 'username': 'tempest-InstanceActionsNegativeTestJSON-1093471651-project-member', 'project_domain_id': 'default', 'project_domain_name': 'Default', 'project_id': 'f8fc188bcadc4e989188f3d9f450de41', 'project_name': 'tempest-InstanceActionsNegativeTestJSON-1093471651', 'tenant_id': 'f8fc188bcadc4e989188f3d9f450de41', 'tenant_name': 'tempest-InstanceActionsNegativeTestJSON-1093471651', 'user_domain_id': 'default', 'user_domain_name': 'Default', 'user_id': 'db843ba923a047298d5a7853e87fc5c4', 'system': None}, Network: None, Subnet: None, Router: None
2025-04-08 18:50:57.311 68727 INFO tempest.lib.common.rest_client [req-4afbf64f-9f87-4ee7-9205-5065104f8985 req-4afbf64f-9f87-4ee7-9205-5065104f8985 ] Request (QuotasAdminTestV257:tearDownClass): 204 DELETE http://10.180.1.21/identity/v3/projects/3f9e1a8319c54bdf8e5b0b434596faba 0.091s
2025-04-08 18:50:57.311 68727 INFO tempest.lib.common.dynamic_creds [-] Deleting project and security group for project: 3cd721f07b7d4a6cabf881ea52b5cfc1
2025-04-08 18:50:57.340 68737 INFO tempest.lib.common.rest_client [req-76fb8788-bc16-4235-bdbf-57e9fdc40828 req-76fb8788-bc16-4235-bdbf-57e9fdc40828 ] Request (ServerExternalEventsTest:test_create_server_external_events): 200 GET http://10.180.1.21/compute/v2.1/servers/b0882dec-0d2a-4f62-933d-0d24f3340026 0.508s
2025-04-08 18:50:57.360 68779 INFO tempest.lib.common.rest_client [req-6233353d-dc3e-4c6e-9baa-d2322fd635f9 req-6233353d-dc3e-4c6e-9baa-d2322fd635f9 ] Request (InstanceActionsNegativeTestJSON:setUpClass): 201 POST http://10.180.1.21/identity/v3/auth/tokens 0.054s
2025-04-08 18:50:57.395 68723 INFO tempest.lib.common.rest_client [req-3a5b81e2-9147-4411-b904-78fd2b9dbd29 req-3a5b81e2-9147-4411-b904-78fd2b9dbd29 ] Request (ServerMetadataNegativeTestJSON:setUpClass): 200 GET http://10.180.1.21/compute/v2.1/servers/12d34fba-743e-4f1c-aeaf-6914aa5788c1 0.504s
2025-04-08 18:50:57.395 68727 INFO tempest.lib.common.rest_client [req-e9feb257-74ec-438f-9c14-7af10ab88fec req-e9feb257-74ec-438f-9c14-7af10ab88fec ] Request (QuotasAdminTestV257:tearDownClass): 200 GET http://10.180.1.21:9696/networking/v2.0/security-groups?tenant_id=3cd721f07b7d4a6cabf881ea52b5cfc1&name=default 0.084s
2025-04-08 18:50:57.453 68749 INFO tempest.lib.common.rest_client [req-168e8e16-e755-43cc-a5db-e6caf2e4099e req-168e8e16-e755-43cc-a5db-e6caf2e4099e ] Request (ServersAdminTestJSON:setUpClass): 200 GET http://10.180.1.21/compute/v2.1/servers/5afa4386-7640-4a3d-bc2b-b8b5e9d28ebf 0.505s
2025-04-08 18:50:57.473 68735 INFO tempest.lib.common.rest_client [req-4c125c15-b33f-47d8-a66d-3d5173b0ea33 req-4c125c15-b33f-47d8-a66d-3d5173b0ea33 ] Request (SecurityGroupRulesNegativeTestJSON:setUpClass): 201 POST http://10.180.1.21:9696/networking/v2.0/networks 0.353s
2025-04-08 18:50:57.482 68753 INFO tempest.lib.common.rest_client [req-199d5e17-3d20-4d6f-99a8-ae04a185330f req-199d5e17-3d20-4d6f-99a8-ae04a185330f ] Request (QuotasAdminNegativeTest:_run_cleanups): 200 PUT http://10.180.1.21/compute/v2.1/os-quota-sets/5cb359fb12014ce39f246758c46bbc16 0.640s
2025-04-08 18:50:57.485 68721 INFO tempest.lib.common.rest_client [req-48d1f918-3868-417e-9d09-f4d9413fccd6 req-48d1f918-3868-417e-9d09-f4d9413fccd6 ] Request (VolumesNegativeTest:test_get_volume_without_passing_volume_id): 404 GET http://10.180.1.21/compute/v2.1/os-volumes/ 0.457s
2025-04-08 18:50:57.489 68773 INFO tempest.lib.common.rest_client [req-febaf890-6bac-4951-b498-1063a052f98e req-febaf890-6bac-4951-b498-1063a052f98e ] Request (AggregatesAdminNegativeTestJSON:test_aggregate_get_details_as_user): 403 GET http://10.180.1.21/compute/v2.1/os-aggregates/6 0.421s
2025-04-08 18:50:57.492 68727 INFO tempest.lib.common.rest_client [req-c65ba9f9-89f1-433c-a3dc-4d48f21e185f req-c65ba9f9-89f1-433c-a3dc-4d48f21e185f ] Request (QuotasAdminTestV257:tearDownClass): 204 DELETE http://10.180.1.21:9696/networking/v2.0/security-groups/cc09bd9b-62db-4c10-9c45-e92f65ffe9d6 0.096s
2025-04-08 18:50:57.505 68745 INFO tempest.lib.common.rest_client [req-c7de8ea9-0c2f-4e97-b777-97195cec9465 req-c7de8ea9-0c2f-4e97-b777-97195cec9465 ] Request (FlavorsAdminTestJSON:test_is_public_string_variations): 200 POST http://10.180.1.21/compute/v2.1/flavors 0.410s
2025-04-08 18:50:57.520 68731 INFO tempest.lib.common.rest_client [req-deb18b4d-f836-438b-8932-a058b59e5976 req-deb18b4d-f836-438b-8932-a058b59e5976 ] Request (FlavorsV2TestJSON:test_list_flavors_with_detail): 200 GET http://10.180.1.21/compute/v2.1/flavors/detail 0.413s
2025-04-08 18:50:57.550 68727 INFO tempest.lib.common.rest_client [req-aa9b03c1-87e6-4073-90df-1f541bbfa8d8 req-aa9b03c1-87e6-4073-90df-1f541bbfa8d8 ] Request (QuotasAdminTestV257:tearDownClass): 204 DELETE http://10.180.1.21/identity/v3/projects/3cd721f07b7d4a6cabf881ea52b5cfc1 0.057s
2025-04-08 18:50:57.608 68727 INFO tempest.lib.common.rest_client [req-e0a33097-b666-49b7-8f3c-232846fa858e req-e0a33097-b666-49b7-8f3c-232846fa858e ] Request (ImagesOneServerNegativeTestJSON:setUpClass): 201 POST http://10.180.1.21/identity/v3/auth/tokens 0.056s
2025-04-08 18:50:57.641 68727 INFO tempest.lib.common.rest_client [req-23d4db31-2536-408a-b7aa-b4787a2b2fca req-23d4db31-2536-408a-b7aa-b4787a2b2fca ] Request (ImagesOneServerNegativeTestJSON:setUpClass): 201 POST http://10.180.1.21/identity/v3/auth/tokens 0.030s
2025-04-08 18:50:57.654 68735 INFO tempest.lib.common.rest_client [req-261dbde6-616e-4183-806d-5e8516a2bdde req-261dbde6-616e-4183-806d-5e8516a2bdde ] Request (SecurityGroupRulesNegativeTestJSON:setUpClass): 201 POST http://10.180.1.21:9696/networking/v2.0/subnets 0.180s
2025-04-08 18:50:57.665 68727 INFO tempest.lib.common.rest_client [req-5a2cf195-5886-418e-8703-dad37d182391 req-5a2cf195-5886-418e-8703-dad37d182391 ] Request (ImagesOneServerNegativeTestJSON:setUpClass): 200 GET http://10.180.1.21/identity/v3/domains?name=Default 0.023s
2025-04-08 18:50:57.694 68727 INFO tempest.lib.common.rest_client [req-7ed2422d-2b3c-4273-95d8-65434e58d231 req-7ed2422d-2b3c-4273-95d8-65434e58d231 ] Request (ImagesOneServerNegativeTestJSON:setUpClass): 201 POST http://10.180.1.21/identity/v3/projects 0.029s
2025-04-08 18:50:57.715 68739 INFO tempest.lib.common.rest_client [req-bc47b5f7-3a00-4ee1-9ed0-1ea2ca1c3c06 req-bc47b5f7-3a00-4ee1-9ed0-1ea2ca1c3c06 ] Request (DeleteServersAdminTestJSON:test_admin_delete_servers_of_others): 200 GET http://10.180.1.21/compute/v2.1/servers/7dd8326b-2ccd-4c27-8fc4-fc7910042870 0.541s
2025-04-08 18:50:57.728 68781 INFO tempest.lib.common.rest_client [req-78235ee3-facc-4f95-a432-277846c00917 req-78235ee3-facc-4f95-a432-277846c00917 ] Request (ImagesOneServerTestJSON:setUpClass): 200 GET http://10.180.1.21/compute/v2.1/servers/280e1cc5-91db-4a03-bca4-b2d2e4ddd221 0.780s
2025-04-08 18:50:57.752 68743 INFO tempest.lib.common.rest_client [req-a4a13716-713d-4b30-82ae-fd4759e970a6 req-a4a13716-713d-4b30-82ae-fd4759e970a6 ] Request (FlavorsAccessNegativeTestJSON:_run_cleanups): 202 DELETE http://10.180.1.21/compute/v2.1/flavors/786527492 0.539s
2025-04-08 18:50:57.756 68727 INFO tempest.lib.common.rest_client [req-317fd1b6-82d2-458c-930a-f58c8a3c57d9 req-317fd1b6-82d2-458c-930a-f58c8a3c57d9 ] Request (ImagesOneServerNegativeTestJSON:setUpClass): 201 POST http://10.180.1.21/identity/v3/users 0.061s
2025-04-08 18:50:57.761 68779 INFO tempest.lib.common.rest_client [req-1258a0c9-0448-4209-a8ff-9d80d7a74e5a req-1258a0c9-0448-4209-a8ff-9d80d7a74e5a ] Request (InstanceActionsNegativeTestJSON:setUpClass): 201 POST http://10.180.1.21:9696/networking/v2.0/networks 0.401s
2025-04-08 18:50:57.773 68727 INFO tempest.lib.common.rest_client [req-96c53ba4-2a88-4586-a1d4-e9348dc5b838 req-96c53ba4-2a88-4586-a1d4-e9348dc5b838 ] Request (ImagesOneServerNegativeTestJSON:setUpClass): 200 GET http://10.180.1.21/identity/v3/roles 0.017s
2025-04-08 18:50:57.807 68727 INFO tempest.lib.common.rest_client [req-c9f05ea2-cbf5-4a42-992f-dba2f518ecc8 req-c9f05ea2-cbf5-4a42-992f-dba2f518ecc8 ] Request (ImagesOneServerNegativeTestJSON:setUpClass): 204 PUT http://10.180.1.21/identity/v3/projects/2aefff10f6114464955e2c2060a0e905/users/b9cb5407694f4b92b0c1b27822e77b9c/roles/0238365169734317892e61cd6698901e 0.034s
2025-04-08 18:50:57.808 68727 INFO tempest.lib.common.dynamic_creds [-] Dynamic test user b9cb5407694f4b92b0c1b27822e77b9c is created with scope project and roles: ['member']
2025-04-08 18:50:57.808 68727 INFO tempest.lib.common.dynamic_creds [-] Acquired dynamic creds: credentials: Credentials: {'domain_id': 'default', 'domain_name': 'Default', 'username': 'tempest-ImagesOneServerNegativeTestJSON-1627556834-project-member', 'project_domain_id': 'default', 'project_domain_name': 'Default', 'project_id': '2aefff10f6114464955e2c2060a0e905', 'project_name': 'tempest-ImagesOneServerNegativeTestJSON-1627556834', 'tenant_id': '2aefff10f6114464955e2c2060a0e905', 'tenant_name': 'tempest-ImagesOneServerNegativeTestJSON-1627556834', 'user_domain_id': 'default', 'user_domain_name': 'Default', 'user_id': 'b9cb5407694f4b92b0c1b27822e77b9c', 'system': None}, Network: None, Subnet: None, Router: None
2025-04-08 18:50:57.815 68765 INFO tempest.lib.common.rest_client [req-e9daf7c1-e00c-44dd-b3ff-545bd1e1ac51 req-e9daf7c1-e00c-44dd-b3ff-545bd1e1ac51 ] Request (ServersTestMultiNic:test_verify_duplicate_network_nics): 200 GET http://10.180.1.21/compute/v2.1/servers/96d4015d-e7a6-4fcc-8f73-afc928113cff 0.586s
2025-04-08 18:50:57.870 68727 INFO tempest.lib.common.rest_client [req-3f4f7b8f-ee11-4293-9ae5-cc7801ef70f6 req-3f4f7b8f-ee11-4293-9ae5-cc7801ef70f6 ] Request (ImagesOneServerNegativeTestJSON:setUpClass): 201 POST http://10.180.1.21/identity/v3/auth/tokens 0.061s
2025-04-08 18:50:57.886 68747 INFO tempest.lib.common.rest_client [req-7dad5d25-4cd6-4454-bcfe-efc0cf0da92a req-7dad5d25-4cd6-4454-bcfe-efc0cf0da92a ] Request (ServersAdmin275Test:test_rebuild_update_server_275): 200 GET http://10.180.1.21/compute/v2.1/servers/88c5636b-e0d5-4db2-8044-aa909a1da0cc 0.628s
2025-04-08 18:50:57.917 68725 INFO tempest.lib.common.rest_client [req-a53798a8-16d7-484d-a459-ea924a210a70 req-a53798a8-16d7-484d-a459-ea924a210a70 ] Request (KeyPairsV22TestJSON:test_keypairs_create_list_delete): 201 POST http://10.180.1.21/compute/v2.1/os-keypairs 0.638s
2025-04-08 18:50:58.025 68741 INFO tempest.lib.common.rest_client [req-001c6e12-1dea-4406-8eaa-9bad714bc8b9 req-001c6e12-1dea-4406-8eaa-9bad714bc8b9 ] Request (ServersWithSpecificFlavorTestJSON:test_verify_created_server_ephemeral_disk): 200 GET http://10.180.1.21/compute/v2.1/servers/8fdbd88f-f608-4f26-9076-7d2f6eb67224 0.849s
2025-04-08 18:50:58.104 68763 INFO tempest.lib.common.rest_client [req-94ff43d8-0c76-4079-8782-58478b4708ed req-94ff43d8-0c76-4079-8782-58478b4708ed ] Request (SecurityGroupsTestJSON:test_list_security_groups_by_server): 200 GET http://10.180.1.21/compute/v2.1/servers/32a3402f-546a-4e3d-b71d-e4e3b50df6f0 0.706s
2025-04-08 18:50:58.135 68767 INFO tempest.lib.common.rest_client [req-6d6e95a1-2b14-4b89-8457-96bd57e423ec req-6d6e95a1-2b14-4b89-8457-96bd57e423ec ] Request (ServerDiagnosticsTest:test_get_server_diagnostics): 200 GET http://10.180.1.21/compute/v2.1/servers/3c9187ce-bad4-4634-bd67-7a3e7a4cacaf 0.793s
2025-04-08 18:50:58.167 68721 INFO tempest.lib.common.rest_client [req-6d796678-c019-4821-bcb2-f4f1585ae1ad req-6d796678-c019-4821-bcb2-f4f1585ae1ad ] Request (VolumesNegativeTest:test_volume_delete_nonexistent_volume_id): 404 DELETE http://10.180.1.21/compute/v2.1/os-volumes/e8d3cac1-7b0e-4fd0-a725-fe721de03a2a 0.681s
2025-04-08 18:50:58.186 68761 INFO tempest.lib.common.rest_client [req-ab0a989c-a1b1-47b4-87a6-e5ec4102d349 req-ab0a989c-a1b1-47b4-87a6-e5ec4102d349 ] Request (ServersTestManualDisk:setUpClass): 200 GET http://10.180.1.21/compute/v2.1/servers/b473237b-274d-450d-b5a1-63d78b08f6f0 0.736s
2025-04-08 18:50:58.207 68773 INFO tempest.lib.common.rest_client [req-9013d579-ec54-4e12-aacb-4e19975f5fba req-9013d579-ec54-4e12-aacb-4e19975f5fba ] Request (AggregatesAdminNegativeTestJSON:_run_cleanups): 200 DELETE http://10.180.1.21/compute/v2.1/os-aggregates/6 0.717s
2025-04-08 18:50:58.210 68779 INFO tempest.lib.common.rest_client [req-5a76d807-8f30-48f0-99d5-396d2f27d62a req-5a76d807-8f30-48f0-99d5-396d2f27d62a ] Request (InstanceActionsNegativeTestJSON:setUpClass): 201 POST http://10.180.1.21:9696/networking/v2.0/subnets 0.448s
2025-04-08 18:50:58.222 68745 INFO tempest.lib.common.rest_client [req-d747c5f4-edb7-46ab-8aa4-5d3d43190616 req-d747c5f4-edb7-46ab-8aa4-5d3d43190616 ] Request (FlavorsAdminTestJSON:test_is_public_string_variations): 200 POST http://10.180.1.21/compute/v2.1/flavors 0.714s
2025-04-08 18:50:58.231 68731 INFO tempest.lib.common.rest_client [req-080b2800-5a78-45b4-adba-04e064a345f7 req-080b2800-5a78-45b4-adba-04e064a345f7 ] Request (FlavorsV2TestJSON:test_list_flavors_with_detail): 200 GET http://10.180.1.21/compute/v2.1/flavors/42 0.704s
2025-04-08 18:50:58.318 68731 INFO tempest.lib.common.rest_client [req-a7f6b6df-6a87-4e1e-93bb-ed2531f390a4 req-a7f6b6df-6a87-4e1e-93bb-ed2531f390a4 ] Request (FlavorsV2TestJSON:tearDownClass): 204 DELETE http://10.180.1.21/identity/v3/users/ddd1cb5aff2c441ea70e940b9cbb1227 0.081s
2025-04-08 18:50:58.318 68731 INFO tempest.lib.common.dynamic_creds [-] Deleting project and security group for project: 0f9a545e08944f0db368e98af802d06c
2025-04-08 18:50:58.348 68753 INFO tempest.lib.common.rest_client [req-21a03744-cf30-47ae-be9f-18451388543f req-21a03744-cf30-47ae-be9f-18451388543f ] Request (QuotasAdminNegativeTest:test_create_server_when_instances_quota_is_full): 200 GET http://10.180.1.21/compute/v2.1/os-quota-sets/5cb359fb12014ce39f246758c46bbc16 0.861s
2025-04-08 18:50:58.371 68731 INFO tempest.lib.common.rest_client [req-98788787-3726-478d-a03f-ca69eaa3fac5 req-98788787-3726-478d-a03f-ca69eaa3fac5 ] Request (FlavorsV2TestJSON:tearDownClass): 201 POST http://10.180.1.21/identity/v3/auth/tokens 0.052s
2025-04-08 18:50:58.542 68727 INFO tempest.lib.common.rest_client [req-68783b47-4e44-4901-9a38-3e1b049e5915 req-68783b47-4e44-4901-9a38-3e1b049e5915 ] Request (ImagesOneServerNegativeTestJSON:setUpClass): 201 POST http://10.180.1.21:9696/networking/v2.0/networks 0.672s
2025-04-08 18:50:58.582 68733 INFO tempest.lib.common.rest_client [req-22ab23d3-b37e-4d6b-b8a4-772ce465a3c8 req-22ab23d3-b37e-4d6b-b8a4-772ce465a3c8 ] Request (MigrationsAdminTest:test_list_migrations_in_flavor_resize_situation): 200 GET http://10.180.1.21/compute/v2.1/servers/63801b63-1601-4e77-a500-3569713177bd 0.978s
2025-04-08 18:50:58.598 68743 INFO tempest.lib.common.rest_client [req-d22089d3-de74-4020-a434-9d7fd513e6de req-d22089d3-de74-4020-a434-9d7fd513e6de ] Request (FlavorsAccessNegativeTestJSON:_run_cleanups): 200 GET http://10.180.1.21/compute/v2.1/flavors/detail 0.845s
2025-04-08 18:50:58.685 68731 INFO tempest.lib.common.rest_client [req-d5503762-99fc-45c8-b215-3c25fda7a08b req-d5503762-99fc-45c8-b215-3c25fda7a08b ] Request (FlavorsV2TestJSON:tearDownClass): 200 GET http://10.180.1.21:9696/networking/v2.0/security-groups?tenant_id=0f9a545e08944f0db368e98af802d06c&name=default 0.313s
2025-04-08 18:50:58.685 68743 INFO tempest.lib.common.rest_client [req-35447f1b-4f2f-4dd7-b558-fb2349a1857a req-35447f1b-4f2f-4dd7-b558-fb2349a1857a ] Request (FlavorsAccessNegativeTestJSON:tearDownClass): 204 DELETE http://10.180.1.21/identity/v3/users/a15d3133839b4d11876ea8e9487de213 0.080s
2025-04-08 18:50:58.794 68743 INFO tempest.lib.common.rest_client [req-4aa99fb0-8845-43c0-81de-c4e504482b47 req-4aa99fb0-8845-43c0-81de-c4e504482b47 ] Request (FlavorsAccessNegativeTestJSON:tearDownClass): 204 DELETE http://10.180.1.21/identity/v3/users/8598f634b6554605b3571908c4017ea3 0.108s
2025-04-08 18:50:58.816 68777 INFO tempest.lib.common.rest_client [req-4b357e3c-8e95-4345-8f29-62779753d211 req-4b357e3c-8e95-4345-8f29-62779753d211 ] Request (ServersAdminNegativeTestJSON:setUpClass): 200 GET http://10.180.1.21/compute/v2.1/servers/5ebb83ca-5c3e-40c2-a9c3-9c1f182a1909 1.017s
2025-04-08 18:50:58.835 68751 INFO tempest.lib.common.rest_client [req-50dfd28a-1f32-412d-b112-69598fdb5b1a req-50dfd28a-1f32-412d-b112-69598fdb5b1a ] Request (ImagesTestJSON:test_create_image_from_stopped_server): 200 GET http://10.180.1.21/compute/v2.1/servers/cd131349-f678-4271-af79-456624f090d1 1.284s
2025-04-08 18:50:58.845 68725 INFO tempest.lib.common.rest_client [req-c59b16bb-a470-4606-997d-829c689a48f9 req-c59b16bb-a470-4606-997d-829c689a48f9 ] Request (KeyPairsV22TestJSON:test_keypairs_create_list_delete): 200 GET http://10.180.1.21/compute/v2.1/os-keypairs 0.924s
2025-04-08 18:50:58.845 68735 INFO tempest.lib.common.rest_client [req-ecb464d6-2a59-40f9-acad-1bee33f561d0 req-ecb464d6-2a59-40f9-acad-1bee33f561d0 ] Request (SecurityGroupRulesNegativeTestJSON:setUpClass): 201 POST http://10.180.1.21:9696/networking/v2.0/routers 1.191s
2025-04-08 18:50:58.913 68743 INFO tempest.lib.common.rest_client [req-5fd47b9b-52a8-4405-a395-c4a002b96881 req-5fd47b9b-52a8-4405-a395-c4a002b96881 ] Request (FlavorsAccessNegativeTestJSON:tearDownClass): 204 DELETE http://10.180.1.21/identity/v3/users/2ee33ab734c24bdfb9ef01d3aa816361 0.119s
2025-04-08 18:50:58.913 68743 INFO tempest.lib.common.dynamic_creds [-] Deleting project and security group for project: 4a23f19bac6d438b987e674bf586329c
2025-04-08 18:50:58.913 68759 INFO tempest.lib.common.rest_client [req-0d3608cf-9d83-4f05-a457-eef681e27dab req-0d3608cf-9d83-4f05-a457-eef681e27dab ] Request (AttachInterfacesUnderV243Test:test_add_remove_fixed_ip): 200 GET http://10.180.1.21/compute/v2.1/servers/6df57929-1115-4080-8131-8960525eb833 1.016s
2025-04-08 18:50:58.932 68755 INFO tempest.lib.common.rest_client [req-c3c107be-6bd7-4d76-9851-dc10e2e95bf0 req-c3c107be-6bd7-4d76-9851-dc10e2e95bf0 ] Request (ServerDiskConfigTestJSON:test_rebuild_server_with_auto_disk_config): 200 GET http://10.180.1.21/compute/v2.1/servers/ec17824f-18a5-4a44-8f64-33438ee4990d 0.979s
2025-04-08 18:50:58.941 68727 INFO tempest.lib.common.rest_client [req-cd3da75e-f67b-4cde-8ad0-cb62ef4adf6d req-cd3da75e-f67b-4cde-8ad0-cb62ef4adf6d ] Request (ImagesOneServerNegativeTestJSON:setUpClass): 201 POST http://10.180.1.21:9696/networking/v2.0/subnets 0.399s
2025-04-08 18:50:58.980 68743 INFO tempest.lib.common.rest_client [req-538ccb9c-91f4-4cc2-a4ab-1db174755e7b req-538ccb9c-91f4-4cc2-a4ab-1db174755e7b ] Request (FlavorsAccessNegativeTestJSON:tearDownClass): 201 POST http://10.180.1.21/identity/v3/auth/tokens 0.066s
2025-04-08 18:50:58.981 68731 INFO tempest.lib.common.rest_client [req-c3c58ac9-d5e6-47d9-ba62-9fb3c5e5526b req-c3c58ac9-d5e6-47d9-ba62-9fb3c5e5526b ] Request (FlavorsV2TestJSON:tearDownClass): 204 DELETE http://10.180.1.21:9696/networking/v2.0/security-groups/a1fdba68-b38d-4e41-a7ca-3d9303689b18 0.296s
2025-04-08 18:50:59.026 68757 INFO tempest.lib.common.rest_client [req-c811eacc-9716-4235-8cc9-9bc8999abfc8 req-c811eacc-9716-4235-8cc9-9bc8999abfc8 ] Request (MultipleCreateTestJSON:test_multiple_create): 200 GET http://10.180.1.21/compute/v2.1/servers/1c1675e9-0e4d-49d8-bb02-517b6021c35d 1.032s
2025-04-08 18:50:59.089 68731 INFO tempest.lib.common.rest_client [req-d5fdf956-8b2e-4658-b69b-21a36fbae5c6 req-d5fdf956-8b2e-4658-b69b-21a36fbae5c6 ] Request (FlavorsV2TestJSON:tearDownClass): 204 DELETE http://10.180.1.21/identity/v3/projects/0f9a545e08944f0db368e98af802d06c 0.107s
2025-04-08 18:50:59.127 68769 INFO tempest.lib.common.rest_client [req-e21c9f51-2f37-4c14-a9d4-83c518fccab2 req-e21c9f51-2f37-4c14-a9d4-83c518fccab2 ] Request (ServerActionsTestJSON:setUpClass): 200 GET http://10.180.1.21/compute/v2.1/servers/b8f1485f-2f6a-416f-a285-07607283eb08 1.094s
2025-04-08 18:50:59.162 68731 INFO tempest.lib.common.rest_client [req-4ea5a6a2-9076-4ac5-9ba6-2d11fd90c1cf req-4ea5a6a2-9076-4ac5-9ba6-2d11fd90c1cf ] Request (FloatingIPsAssociationNegativeTestJSON:setUpClass): 201 POST http://10.180.1.21/identity/v3/auth/tokens 0.070s
2025-04-08 18:50:59.202 68731 INFO tempest.lib.common.rest_client [req-daeb0446-46ec-41ab-a459-7934b8433268 req-daeb0446-46ec-41ab-a459-7934b8433268 ] Request (FloatingIPsAssociationNegativeTestJSON:setUpClass): 201 POST http://10.180.1.21/identity/v3/auth/tokens 0.038s
2025-04-08 18:50:59.222 68783 INFO tempest.lib.common.rest_client [req-68edfdce-2f49-4365-b839-2f0443aae769 req-68edfdce-2f49-4365-b839-2f0443aae769 ] Request (ServerDiagnosticsV248Test:test_get_server_diagnostics): 200 GET http://10.180.1.21/compute/v2.1/servers/bbf050f4-9cf2-49f7-984d-d140f7aac3f5 1.166s
2025-04-08 18:50:59.230 68731 INFO tempest.lib.common.rest_client [req-20ab1e8b-1eec-43d0-8db0-98c0e99e4564 req-20ab1e8b-1eec-43d0-8db0-98c0e99e4564 ] Request (FloatingIPsAssociationNegativeTestJSON:setUpClass): 200 GET http://10.180.1.21/identity/v3/domains?name=Default 0.026s
2025-04-08 18:50:59.236 68729 INFO tempest.lib.common.rest_client [req-fda00727-089e-40c9-98fe-22a18ac5b836 req-fda00727-089e-40c9-98fe-22a18ac5b836 ] Request (VolumesAssistedSnapshotsTest:test_volume_assisted_snapshot_create_delete): 200 GET http://10.180.1.21/compute/v2.1/servers/08a980e1-ca8e-4af3-afbf-bd688e11259f 1.261s
2025-04-08 18:50:59.265 68721 INFO tempest.lib.common.rest_client [req-2beaaa7d-a563-485b-91c3-642d12f20dcb req-2beaaa7d-a563-485b-91c3-642d12f20dcb ] Request (VolumesNegativeTest:test_volume_get_nonexistent_volume_id): 404 GET http://10.180.1.21/compute/v2.1/os-volumes/4ca855d8-b20e-4684-bdc3-34d887589a3c 1.096s
2025-04-08 18:50:59.275 68731 INFO tempest.lib.common.rest_client [req-9374df74-09ab-458f-bc1f-9b684c5df085 req-9374df74-09ab-458f-bc1f-9b684c5df085 ] Request (FloatingIPsAssociationNegativeTestJSON:setUpClass): 201 POST http://10.180.1.21/identity/v3/projects 0.045s
2025-04-08 18:50:59.280 68773 INFO tempest.lib.common.rest_client [req-e4c58a41-41df-4ba8-a6a9-97925fa2b7ed req-e4c58a41-41df-4ba8-a6a9-97925fa2b7ed ] Request (AggregatesAdminNegativeTestJSON:test_aggregate_get_details_with_invalid_id): 404 GET http://10.180.1.21/compute/v2.1/os-aggregates/-1 1.072s
2025-04-08 18:50:59.313 68745 INFO tempest.lib.common.rest_client [req-945db55f-081c-416f-9029-aa17f090638b req-945db55f-081c-416f-9029-aa17f090638b ] Request (FlavorsAdminTestJSON:test_is_public_string_variations): 200 GET http://10.180.1.21/compute/v2.1/flavors/detail?is_public=f 1.089s
2025-04-08 18:50:59.314 68776 INFO tempest.lib.common.rest_client [req-80c68839-bb0e-44d7-b923-cc7fa80d8a07 req-80c68839-bb0e-44d7-b923-cc7fa80d8a07 ] Request (FloatingIPsAssociationTestJSON:setUpClass): 200 GET http://10.180.1.21/compute/v2.1/servers/844f2b9d-ad2a-431a-a587-65ba446d571f 1.222s
2025-04-08 18:50:59.366 68731 INFO tempest.lib.common.rest_client [req-1dab24e9-cbc0-4ded-b79f-dc3122577bff req-1dab24e9-cbc0-4ded-b79f-dc3122577bff ] Request (FloatingIPsAssociationNegativeTestJSON:setUpClass): 201 POST http://10.180.1.21/identity/v3/users 0.090s
2025-04-08 18:50:59.383 68731 INFO tempest.lib.common.rest_client [req-fb012ab0-4025-4a86-8cdd-aef523af4d14 req-fb012ab0-4025-4a86-8cdd-aef523af4d14 ] Request (FloatingIPsAssociationNegativeTestJSON:setUpClass): 200 GET http://10.180.1.21/identity/v3/roles 0.017s
2025-04-08 18:50:59.413 68721 INFO tempest.lib.common.rest_client [req-df6f0a42-0cbc-4891-bfc7-bf0fcca73786 req-df6f0a42-0cbc-4891-bfc7-bf0fcca73786 ] Request (VolumesNegativeTest:tearDownClass): 204 DELETE http://10.180.1.21/identity/v3/users/9e6951e584594ceb91c283ab87f723ac 0.142s
2025-04-08 18:50:59.413 68721 INFO tempest.lib.common.dynamic_creds [-] Deleting project and security group for project: 3de91e236156432ab5cd3bf08ae266fd
2025-04-08 18:50:59.449 68731 INFO tempest.lib.common.rest_client [req-83dc720f-616a-4349-9fb5-f1a30fb66272 req-83dc720f-616a-4349-9fb5-f1a30fb66272 ] Request (FloatingIPsAssociationNegativeTestJSON:setUpClass): 204 PUT http://10.180.1.21/identity/v3/projects/d5ae5ac1a816479ca5133eb43b442975/users/cd6665fe1cc84aefb36b80a8fb773c0e/roles/0238365169734317892e61cd6698901e 0.065s
2025-04-08 18:50:59.449 68731 INFO tempest.lib.common.dynamic_creds [-] Dynamic test user cd6665fe1cc84aefb36b80a8fb773c0e is created with scope project and roles: ['member']
2025-04-08 18:50:59.449 68731 INFO tempest.lib.common.dynamic_creds [-] Acquired dynamic creds: credentials: Credentials: {'domain_id': 'default', 'domain_name': 'Default', 'username': 'tempest-FloatingIPsAssociationNegativeTestJSON-1020643258-project-member', 'project_domain_id': 'default', 'project_domain_name': 'Default', 'project_id': 'd5ae5ac1a816479ca5133eb43b442975', 'project_name': 'tempest-FloatingIPsAssociationNegativeTestJSON-1020643258', 'tenant_id': 'd5ae5ac1a816479ca5133eb43b442975', 'tenant_name': 'tempest-FloatingIPsAssociationNegativeTestJSON-1020643258', 'user_domain_id': 'default', 'user_domain_name': 'Default', 'user_id': 'cd6665fe1cc84aefb36b80a8fb773c0e', 'system': None}, Network: None, Subnet: None, Router: None
2025-04-08 18:50:59.472 68721 INFO tempest.lib.common.rest_client [req-c5320940-8427-4895-83dd-3c4fb32e65b8 req-c5320940-8427-4895-83dd-3c4fb32e65b8 ] Request (VolumesNegativeTest:tearDownClass): 201 POST http://10.180.1.21/identity/v3/auth/tokens 0.059s
2025-04-08 18:50:59.489 68743 INFO tempest.lib.common.rest_client [req-69548f6b-219b-46c7-b928-37634c31a45d req-69548f6b-219b-46c7-b928-37634c31a45d ] Request (FlavorsAccessNegativeTestJSON:tearDownClass): 200 GET http://10.180.1.21:9696/networking/v2.0/security-groups?tenant_id=4a23f19bac6d438b987e674bf586329c&name=default 0.508s
2025-04-08 18:50:59.528 68731 INFO tempest.lib.common.rest_client [req-593e15bf-5219-4d95-911a-ec4660565706 req-593e15bf-5219-4d95-911a-ec4660565706 ] Request (FloatingIPsAssociationNegativeTestJSON:setUpClass): 201 POST http://10.180.1.21/identity/v3/auth/tokens 0.079s
2025-04-08 18:50:59.673 68737 INFO tempest.lib.common.rest_client [req-09bb0730-810d-43e3-a78b-41ff22c9aa64 req-09bb0730-810d-43e3-a78b-41ff22c9aa64 ] Request (ServerExternalEventsTest:test_create_server_external_events): 200 GET http://10.180.1.21/compute/v2.1/servers/b0882dec-0d2a-4f62-933d-0d24f3340026 1.325s
2025-04-08 18:50:59.757 68771 INFO tempest.lib.common.rest_client [req-8ca6ded6-e496-46f4-89f4-aaacadae22ae req-8ca6ded6-e496-46f4-89f4-aaacadae22ae ] Request (ServersV294TestFqdnHostnames:setUpClass): 200 GET http://10.180.1.21/compute/v2.1/servers/f5aa2b1b-c290-42f2-84d3-272415184f14 1.495s
2025-04-08 18:50:59.781 68743 INFO tempest.lib.common.rest_client [req-b2bd615a-b524-450f-9ee4-a0197bb557d7 req-b2bd615a-b524-450f-9ee4-a0197bb557d7 ] Request (FlavorsAccessNegativeTestJSON:tearDownClass): 204 DELETE http://10.180.1.21:9696/networking/v2.0/security-groups/e6ddb684-0038-4e8e-b7cb-f86b21774947 0.292s
2025-04-08 18:50:59.828 68753 INFO tempest.lib.common.rest_client [req-bf7b745c-0850-42a9-ab82-8c5ac1a9c8dc req-bf7b745c-0850-42a9-ab82-8c5ac1a9c8dc ] Request (QuotasAdminNegativeTest:test_create_server_when_instances_quota_is_full): 200 PUT http://10.180.1.21/compute/v2.1/os-quota-sets/5cb359fb12014ce39f246758c46bbc16 1.478s
2025-04-08 18:50:59.841 68723 INFO tempest.lib.common.rest_client [req-e5b6511f-9d45-456e-ab64-5cfad898db75 req-e5b6511f-9d45-456e-ab64-5cfad898db75 ] Request (ServerMetadataNegativeTestJSON:setUpClass): 200 GET http://10.180.1.21/compute/v2.1/servers/12d34fba-743e-4f1c-aeaf-6914aa5788c1 1.439s
2025-04-08 18:50:59.855 68743 INFO tempest.lib.common.rest_client [req-050e612c-34c7-4fa7-89b2-746a512da9aa req-050e612c-34c7-4fa7-89b2-746a512da9aa ] Request (FlavorsAccessNegativeTestJSON:tearDownClass): 204 DELETE http://10.180.1.21/identity/v3/projects/4a23f19bac6d438b987e674bf586329c 0.073s
2025-04-08 18:50:59.855 68743 INFO tempest.lib.common.dynamic_creds [-] Deleting project and security group for project: 6ad0bbe9c8f24d6086363790fde82d2b
2025-04-08 18:50:59.905 68721 INFO tempest.lib.common.rest_client [req-77b42806-f454-4bfa-94e5-632719149932 req-77b42806-f454-4bfa-94e5-632719149932 ] Request (VolumesNegativeTest:tearDownClass): 200 GET http://10.180.1.21:9696/networking/v2.0/security-groups?tenant_id=3de91e236156432ab5cd3bf08ae266fd&name=default 0.432s
2025-04-08 18:50:59.911 68753 INFO tempest.lib.common.rest_client [req-388f26bb-d531-4c5c-b4c3-047607ffc975 req-388f26bb-d531-4c5c-b4c3-047607ffc975 ] Request (QuotasAdminNegativeTest:test_create_server_when_instances_quota_is_full): 201 POST http://10.180.1.21/identity/v3/auth/tokens 0.074s
2025-04-08 18:50:59.912 68753 INFO tempest.lib.common.fixed_network [-] (QuotasAdminNegativeTest:test_create_server_when_instances_quota_is_full) Found network None available for tenant
2025-04-08 18:51:00.081 68749 INFO tempest.lib.common.rest_client [req-b51b8d25-4d3d-4c07-9d4c-cc78f184be5e req-b51b8d25-4d3d-4c07-9d4c-cc78f184be5e ] Request (ServersAdminTestJSON:setUpClass): 200 GET http://10.180.1.21/compute/v2.1/servers/5afa4386-7640-4a3d-bc2b-b8b5e9d28ebf 1.612s
2025-04-08 18:51:00.153 68731 INFO tempest.lib.common.rest_client [req-56247391-f7bf-4bf1-865f-eadcaf231ea4 req-56247391-f7bf-4bf1-865f-eadcaf231ea4 ] Request (FloatingIPsAssociationNegativeTestJSON:setUpClass): 201 POST http://10.180.1.21:9696/networking/v2.0/networks 0.624s
2025-04-08 18:51:00.253 68721 INFO tempest.lib.common.rest_client [req-c79665c6-7f4e-40f6-8a65-d8881d916641 req-c79665c6-7f4e-40f6-8a65-d8881d916641 ] Request (VolumesNegativeTest:tearDownClass): 204 DELETE http://10.180.1.21:9696/networking/v2.0/security-groups/f33e2149-612a-49eb-adfe-84620b9b9dbe 0.347s
2025-04-08 18:51:00.279 68739 INFO tempest.lib.common.rest_client [req-60468fd9-bf95-407a-9f5b-9d027bd812ec req-60468fd9-bf95-407a-9f5b-9d027bd812ec ] Request (DeleteServersAdminTestJSON:test_admin_delete_servers_of_others): 200 GET http://10.180.1.21/compute/v2.1/servers/7dd8326b-2ccd-4c27-8fc4-fc7910042870 1.552s
2025-04-08 18:51:00.359 68765 INFO tempest.lib.common.rest_client [req-f73bec55-b607-4605-a3d5-6393786a7199 req-f73bec55-b607-4605-a3d5-6393786a7199 ] Request (ServersTestMultiNic:test_verify_duplicate_network_nics): 200 GET http://10.180.1.21/compute/v2.1/servers/96d4015d-e7a6-4fcc-8f73-afc928113cff 1.535s
2025-04-08 18:51:00.380 68781 INFO tempest.lib.common.rest_client [req-d35adc1b-c80d-4c95-aba4-5f752e6a75bd req-d35adc1b-c80d-4c95-aba4-5f752e6a75bd ] Request (ImagesOneServerTestJSON:setUpClass): 200 GET http://10.180.1.21/compute/v2.1/servers/280e1cc5-91db-4a03-bca4-b2d2e4ddd221 1.644s
2025-04-08 18:51:00.381 68743 INFO tempest.lib.common.rest_client [req-0b1e6db0-f903-4345-b17e-b3839e8355da req-0b1e6db0-f903-4345-b17e-b3839e8355da ] Request (FlavorsAccessNegativeTestJSON:tearDownClass): 200 GET http://10.180.1.21:9696/networking/v2.0/security-groups?tenant_id=6ad0bbe9c8f24d6086363790fde82d2b&name=default 0.525s
2025-04-08 18:51:00.390 68725 INFO tempest.lib.common.rest_client [req-26a0329d-79ea-4d24-b854-4201628e803c req-26a0329d-79ea-4d24-b854-4201628e803c ] Request (KeyPairsV22TestJSON:_run_cleanups): 204 DELETE http://10.180.1.21/compute/v2.1/os-keypairs/tempest-KeyPairsV22TestJSON-keypair-933918339 1.543s
2025-04-08 18:51:00.405 68721 INFO tempest.lib.common.rest_client [req-5d2246b7-6781-44f5-9328-25918198c8fd req-5d2246b7-6781-44f5-9328-25918198c8fd ] Request (VolumesNegativeTest:tearDownClass): 204 DELETE http://10.180.1.21/identity/v3/projects/3de91e236156432ab5cd3bf08ae266fd 0.149s
2025-04-08 18:51:00.471 68747 INFO tempest.lib.common.rest_client [req-c3bd19e1-3028-4d1e-9bdc-413ef6fd469d req-c3bd19e1-3028-4d1e-9bdc-413ef6fd469d ] Request (ServersAdmin275Test:test_rebuild_update_server_275): 200 GET http://10.180.1.21/compute/v2.1/servers/88c5636b-e0d5-4db2-8044-aa909a1da0cc 1.574s
2025-04-08 18:51:00.552 68763 INFO tempest.lib.common.rest_client [req-45a4384f-6f78-4bc3-89c5-f407754fb89a req-45a4384f-6f78-4bc3-89c5-f407754fb89a ] Request (SecurityGroupsTestJSON:test_list_security_groups_by_server): 200 GET http://10.180.1.21/compute/v2.1/servers/32a3402f-546a-4e3d-b71d-e4e3b50df6f0 1.432s
2025-04-08 18:51:00.689 68741 INFO tempest.lib.common.rest_client [req-5e2b701e-e8ed-422e-acf6-3f6af11a5514 req-5e2b701e-e8ed-422e-acf6-3f6af11a5514 ] Request (ServersWithSpecificFlavorTestJSON:test_verify_created_server_ephemeral_disk): 200 GET http://10.180.1.21/compute/v2.1/servers/8fdbd88f-f608-4f26-9076-7d2f6eb67224 1.652s
2025-04-08 18:51:00.722 68743 INFO tempest.lib.common.rest_client [req-90ff29e2-c389-485b-9be4-c8e27296e4f6 req-90ff29e2-c389-485b-9be4-c8e27296e4f6 ] Request (FlavorsAccessNegativeTestJSON:tearDownClass): 204 DELETE http://10.180.1.21:9696/networking/v2.0/security-groups/ea587558-3da1-4018-955c-e625348175c6 0.340s
2025-04-08 18:51:00.732 68779 INFO tempest.lib.common.rest_client [req-a82ba5f1-95a6-4bae-807e-8629ab8357f4 req-a82ba5f1-95a6-4bae-807e-8629ab8357f4 ] Request (InstanceActionsNegativeTestJSON:setUpClass): 201 POST http://10.180.1.21:9696/networking/v2.0/routers 2.521s
2025-04-08 18:51:00.761 68761 INFO tempest.lib.common.rest_client [req-ade474f1-5eba-4bfa-b92b-c0339ccf020b req-ade474f1-5eba-4bfa-b92b-c0339ccf020b ] Request (ServersTestManualDisk:setUpClass): 200 GET http://10.180.1.21/compute/v2.1/servers/b473237b-274d-450d-b5a1-63d78b08f6f0 1.565s
2025-04-08 18:51:00.763 68767 INFO tempest.lib.common.rest_client [req-c27de899-aeeb-4a4f-87b3-2380512327bc req-c27de899-aeeb-4a4f-87b3-2380512327bc ] Request (ServerDiagnosticsTest:test_get_server_diagnostics): 200 GET http://10.180.1.21/compute/v2.1/servers/3c9187ce-bad4-4634-bd67-7a3e7a4cacaf 1.618s
2025-04-08 18:51:00.767 68773 INFO tempest.lib.common.rest_client [req-1629beb8-a088-4ad2-b8e4-ad1bbda371b1 req-1629beb8-a088-4ad2-b8e4-ad1bbda371b1 ] Request (AggregatesAdminNegativeTestJSON:test_aggregate_list_as_user): 403 GET http://10.180.1.21/compute/v2.1/os-aggregates 1.484s
2025-04-08 18:51:00.785 68731 INFO tempest.lib.common.rest_client [req-daac81a6-2616-46bb-a78f-3fe9668e28cc req-daac81a6-2616-46bb-a78f-3fe9668e28cc ] Request (FloatingIPsAssociationNegativeTestJSON:setUpClass): 201 POST http://10.180.1.21:9696/networking/v2.0/subnets 0.631s
2025-04-08 18:51:00.787 68745 INFO tempest.lib.common.rest_client [req-9d4e6831-dcd7-4dac-b19b-8102d463a8cf req-9d4e6831-dcd7-4dac-b19b-8102d463a8cf ] Request (FlavorsAdminTestJSON:test_is_public_string_variations): 200 GET http://10.180.1.21/compute/v2.1/flavors/detail?is_public=false 1.470s
2025-04-08 18:51:00.823 68733 INFO tempest.lib.common.rest_client [req-56ecb739-88c5-4fdb-918a-79d72f4efec6 req-56ecb739-88c5-4fdb-918a-79d72f4efec6 ] Request (MigrationsAdminTest:test_list_migrations_in_flavor_resize_situation): 200 GET http://10.180.1.21/compute/v2.1/servers/63801b63-1601-4e77-a500-3569713177bd 1.229s
2025-04-08 18:51:00.830 68743 INFO tempest.lib.common.rest_client [req-3a593fe3-5f77-4e3f-94c7-de091254aeed req-3a593fe3-5f77-4e3f-94c7-de091254aeed ] Request (FlavorsAccessNegativeTestJSON:tearDownClass): 204 DELETE http://10.180.1.21/identity/v3/projects/6ad0bbe9c8f24d6086363790fde82d2b 0.108s
2025-04-08 18:51:00.830 68743 INFO tempest.lib.common.dynamic_creds [-] Deleting project and security group for project: f5c397cc75a54bb48e2d8b08a1136d25
2025-04-08 18:51:00.969 68777 INFO tempest.lib.common.rest_client [req-7684769b-011b-4cb3-9d88-b98ff5179d1a req-7684769b-011b-4cb3-9d88-b98ff5179d1a ] Request (ServersAdminNegativeTestJSON:setUpClass): 200 GET http://10.180.1.21/compute/v2.1/servers/5ebb83ca-5c3e-40c2-a9c3-9c1f182a1909 1.141s
2025-04-08 18:51:01.023 68751 INFO tempest.lib.common.rest_client [req-8e23d002-74a5-4a74-873a-482244c5f19b req-8e23d002-74a5-4a74-873a-482244c5f19b ] Request (ImagesTestJSON:test_create_image_from_stopped_server): 200 GET http://10.180.1.21/compute/v2.1/servers/cd131349-f678-4271-af79-456624f090d1 1.173s
2025-04-08 18:51:01.104 68759 INFO tempest.lib.common.rest_client [req-6aa4f2ab-889c-4be4-8ad5-e7a90dae3b26 req-6aa4f2ab-889c-4be4-8ad5-e7a90dae3b26 ] Request (AttachInterfacesUnderV243Test:test_add_remove_fixed_ip): 200 GET http://10.180.1.21/compute/v2.1/servers/6df57929-1115-4080-8131-8960525eb833 1.179s
2025-04-08 18:51:01.129 68743 INFO tempest.lib.common.rest_client [req-6dfe72f3-d903-48a0-a545-7306591697ca req-6dfe72f3-d903-48a0-a545-7306591697ca ] Request (FlavorsAccessNegativeTestJSON:tearDownClass): 200 GET http://10.180.1.21:9696/networking/v2.0/security-groups?tenant_id=f5c397cc75a54bb48e2d8b08a1136d25&name=default 0.298s
2025-04-08 18:51:01.182 68755 INFO tempest.lib.common.rest_client [req-dc09bf55-f03e-4aae-aa44-cd2b7e783d5d req-dc09bf55-f03e-4aae-aa44-cd2b7e783d5d ] Request (ServerDiskConfigTestJSON:test_rebuild_server_with_auto_disk_config): 200 GET http://10.180.1.21/compute/v2.1/servers/ec17824f-18a5-4a44-8f64-33438ee4990d 1.241s
2025-04-08 18:51:01.251 68757 INFO tempest.lib.common.rest_client [req-da4decac-5264-4766-b5f7-28e51e76a769 req-da4decac-5264-4766-b5f7-28e51e76a769 ] Request (MultipleCreateTestJSON:test_multiple_create): 200 GET http://10.180.1.21/compute/v2.1/servers/1c1675e9-0e4d-49d8-bb02-517b6021c35d 1.214s
2025-04-08 18:51:01.286 68727 INFO tempest.lib.common.rest_client [req-edb8ae2e-9556-4700-a11b-e6beffa73729 req-edb8ae2e-9556-4700-a11b-e6beffa73729 ] Request (ImagesOneServerNegativeTestJSON:setUpClass): 201 POST http://10.180.1.21:9696/networking/v2.0/routers 2.344s
2025-04-08 18:51:01.306 68753 INFO tempest.lib.common.rest_client [req-85ccdb3c-3be0-4c97-85ac-81754304eb5a req-85ccdb3c-3be0-4c97-85ac-81754304eb5a ] Request (QuotasAdminNegativeTest:test_create_server_when_instances_quota_is_full): 403 POST http://10.180.1.21/compute/v2.1/servers 1.393s
2025-04-08 18:51:01.344 68769 INFO tempest.lib.common.rest_client [req-1666ff59-2d1d-48c4-ad10-aa3ef0764bbf req-1666ff59-2d1d-48c4-ad10-aa3ef0764bbf ] Request (ServerActionsTestJSON:setUpClass): 200 GET http://10.180.1.21/compute/v2.1/servers/b8f1485f-2f6a-416f-a285-07607283eb08 1.207s
2025-04-08 18:51:01.373 68783 INFO tempest.lib.common.rest_client [req-0c4bf8b4-aab4-484f-bc58-a63e153aeb86 req-0c4bf8b4-aab4-484f-bc58-a63e153aeb86 ] Request (ServerDiagnosticsV248Test:test_get_server_diagnostics): 200 GET http://10.180.1.21/compute/v2.1/servers/bbf050f4-9cf2-49f7-984d-d140f7aac3f5 1.133s
2025-04-08 18:51:01.572 68743 INFO tempest.lib.common.rest_client [req-9930bfb3-c27e-4f04-a2d4-9a5efac24a0c req-9930bfb3-c27e-4f04-a2d4-9a5efac24a0c ] Request (FlavorsAccessNegativeTestJSON:tearDownClass): 204 DELETE http://10.180.1.21:9696/networking/v2.0/security-groups/e7ca24f3-11ac-4b95-bffa-9974ad390a45 0.443s
2025-04-08 18:51:01.625 68776 INFO tempest.lib.common.rest_client [req-00dfd6ad-8646-4a13-93c3-a102700f92ed req-00dfd6ad-8646-4a13-93c3-a102700f92ed ] Request (FloatingIPsAssociationTestJSON:setUpClass): 200 GET http://10.180.1.21/compute/v2.1/servers/844f2b9d-ad2a-431a-a587-65ba446d571f 1.296s
2025-04-08 18:51:01.645 68725 INFO tempest.lib.common.rest_client [req-fc981d84-6fe9-4dfb-a9a1-057b344c56ab req-fc981d84-6fe9-4dfb-a9a1-057b344c56ab ] Request (KeyPairsV22TestJSON:_run_cleanups): 204 DELETE http://10.180.1.21/compute/v2.1/os-keypairs/tempest-KeyPairsV22TestJSON-keypair-515336854 1.254s
2025-04-08 18:51:01.701 68743 INFO tempest.lib.common.rest_client [req-e9ac3f97-89a9-4072-ab44-96e1901aca38 req-e9ac3f97-89a9-4072-ab44-96e1901aca38 ] Request (FlavorsAccessNegativeTestJSON:tearDownClass): 204 DELETE http://10.180.1.21/identity/v3/projects/f5c397cc75a54bb48e2d8b08a1136d25 0.128s
2025-04-08 18:51:01.771 68743 INFO tempest.lib.common.rest_client [req-2d3c6bd6-a9d1-4c42-9a2a-c702445e29ed req-2d3c6bd6-a9d1-4c42-9a2a-c702445e29ed ] Request (AbsoluteLimitsNegativeTestJSON:setUpClass): 201 POST http://10.180.1.21/identity/v3/auth/tokens 0.068s
2025-04-08 18:51:01.776 68735 INFO tempest.lib.common.rest_client [req-5234df44-66df-4c9f-aab0-e6d4add06dd3 req-5234df44-66df-4c9f-aab0-e6d4add06dd3 ] Request (SecurityGroupRulesNegativeTestJSON:setUpClass): 200 PUT http://10.180.1.21:9696/networking/v2.0/routers/3158a45f-c286-4888-b754-b2bbdac2871f/add_router_interface 2.927s
2025-04-08 18:51:01.776 68735 INFO tempest.lib.common.dynamic_creds [-] Created isolated network resources for: credentials: Credentials: {'domain_id': 'default', 'domain_name': 'Default', 'username': 'tempest-SecurityGroupRulesNegativeTestJSON-1721571188-project-member', 'project_domain_id': 'default', 'project_domain_name': 'Default', 'project_id': '9025419dae884500b32a1e572074e555', 'project_name': 'tempest-SecurityGroupRulesNegativeTestJSON-1721571188', 'tenant_id': '9025419dae884500b32a1e572074e555', 'tenant_name': 'tempest-SecurityGroupRulesNegativeTestJSON-1721571188', 'user_domain_id': 'default', 'user_domain_name': 'Default', 'user_id': '7118de3383b64642a408156714119c71', 'system': None}, Network: {'id': '5997b5a5-bed1-4aeb-890b-d00774d88db7', 'name': 'tempest-SecurityGroupRulesNegativeTestJSON-1933041460-network', 'tenant_id': '9025419dae884500b32a1e572074e555', 'admin_state_up': True, 'mtu': 8950, 'status': 'ACTIVE', 'subnets': [], 'shared': False, 'project_id': '9025419dae884500b32a1e572074e555', 'port_security_enabled': True, 'router:external': False, 'provider:network_type': 'vlan', 'provider:physical_network': 'default', 'provider:segmentation_id': 733, 'is_default': False, 'availability_zone_hints': [], 'availability_zones': [], 'ipv4_address_scope': None, 'ipv6_address_scope': None, 'description': '', 'tags': [], 'created_at': '2025-04-08T18:50:57Z', 'updated_at': '2025-04-08T18:50:57Z', 'revision_number': 1}, Subnet: {'id': 'b0668963-0b50-4250-866e-13637bbe3acf', 'name': 'tempest-SecurityGroupRulesNegativeTestJSON-1933041460-subnet', 'tenant_id': '9025419dae884500b32a1e572074e555', 'network_id': '5997b5a5-bed1-4aeb-890b-d00774d88db7', 'ip_version': 4, 'subnetpool_id': None, 'enable_dhcp': True, 'ipv6_ra_mode': None, 'ipv6_address_mode': None, 'gateway_ip': '192.168.128.1', 'cidr': '192.168.128.0/28', 'allocation_pools': [{'start': '192.168.128.2', 'end': '192.168.128.14'}], 'host_routes': [], 'dns_nameservers': [], 'description': '', 'service_types': [], 'tags': [], 'created_at': '2025-04-08T18:50:57Z', 'updated_at': '2025-04-08T18:50:57Z', 'revision_number': 0, 'project_id': '9025419dae884500b32a1e572074e555'}, Router: {'id': '3158a45f-c286-4888-b754-b2bbdac2871f', 'name': 'tempest-SecurityGroupRulesNegativeTestJSON-1933041460-router', 'tenant_id': '9025419dae884500b32a1e572074e555', 'admin_state_up': True, 'status': 'ACTIVE', 'external_gateway_info': {'network_id': 'b3fe63f2-583d-416f-91ca-971347e96806', 'external_fixed_ips': [{'subnet_id': '6a400dcf-d91d-478f-995a-883537b20cf7', 'ip_address': '10.180.180.220'}], 'enable_snat': True}, 'description': '', 'availability_zones': [], 'distributed': False, 'ha': False, 'availability_zone_hints': [], 'routes': [], 'flavor_id': None, 'tags': [], 'created_at': '2025-04-08T18:50:57Z', 'updated_at': '2025-04-08T18:50:58Z', 'revision_number': 2, 'project_id': '9025419dae884500b32a1e572074e555'}
2025-04-08 18:51:01.780 68729 INFO tempest.lib.common.rest_client [req-4f2ca1c5-dedc-49c8-ac98-a5e208b17f9c req-4f2ca1c5-dedc-49c8-ac98-a5e208b17f9c ] Request (VolumesAssistedSnapshotsTest:test_volume_assisted_snapshot_create_delete): 200 GET http://10.180.1.21/compute/v2.1/servers/08a980e1-ca8e-4af3-afbf-bd688e11259f 1.533s
2025-04-08 18:51:01.810 68773 INFO tempest.lib.common.rest_client [req-468e0462-7db8-4543-83d7-4995ceea8b7d req-468e0462-7db8-4543-83d7-4995ceea8b7d ] Request (AggregatesAdminNegativeTestJSON:test_aggregate_remove_host_as_user): 200 POST http://10.180.1.21/compute/v2.1/os-aggregates 1.041s
2025-04-08 18:51:01.825 68743 INFO tempest.lib.common.rest_client [req-e5573d1f-0b82-466b-b1c9-f59ab4ddbcd2 req-e5573d1f-0b82-466b-b1c9-f59ab4ddbcd2 ] Request (AbsoluteLimitsNegativeTestJSON:setUpClass): 201 POST http://10.180.1.21/identity/v3/auth/tokens 0.050s
2025-04-08 18:51:01.858 68743 INFO tempest.lib.common.rest_client [req-e5b0f64b-4876-45ab-a8bb-e8875ea13a0a req-e5b0f64b-4876-45ab-a8bb-e8875ea13a0a ] Request (AbsoluteLimitsNegativeTestJSON:setUpClass): 200 GET http://10.180.1.21/identity/v3/domains?name=Default 0.033s
2025-04-08 18:51:01.870 68735 INFO tempest.lib.common.rest_client [req-365ad81a-7cb4-40a8-aa91-222689347822 req-365ad81a-7cb4-40a8-aa91-222689347822 ] Request (SecurityGroupRulesNegativeTestJSON:setUpClass): 201 POST http://10.180.1.21/identity/v3/auth/tokens 0.090s
2025-04-08 18:51:01.887 68743 INFO tempest.lib.common.rest_client [req-08763114-24a3-4f70-aa4b-01471a93920c req-08763114-24a3-4f70-aa4b-01471a93920c ] Request (AbsoluteLimitsNegativeTestJSON:setUpClass): 201 POST http://10.180.1.21/identity/v3/projects 0.028s
