2025-04-08 18:52:34.361 68753 INFO tempest.lib.common.rest_client [req-ffd8e37b-b8d4-4e1f-bd23-fec2041b3f5d req-ffd8e37b-b8d4-4e1f-bd23-fec2041b3f5d ] Request (ServerDiagnosticsNegativeTest:test_get_server_diagnostics_by_non_admin): 200 GET http://10.180.1.21/compute/v2.1/servers/0cab7c98-d6d4-401f-a8a3-6aeb7c4ae3e9 0.220s
2025-04-08 18:52:34.411 68745 INFO tempest.lib.common.rest_client [req-c0f21dd0-1243-4fed-a978-2b121d1521f2 req-c0f21dd0-1243-4fed-a978-2b121d1521f2 ] Request (AttachInterfacesV270Test:test_create_get_list_interfaces): 200 GET http://10.180.1.21/compute/v2.1/servers/67780abc-a216-41d2-b531-d31aef150587 0.260s
2025-04-08 18:52:34.413 68759 INFO tempest.lib.common.rest_client [req-eaaff34c-3a7a-449a-9756-4a06d3b4207c req-eaaff34c-3a7a-449a-9756-4a06d3b4207c ] Request (AttachInterfacesUnderV243Test:test_add_remove_fixed_ip): 200 GET http://10.180.1.21/compute/v2.1/servers/6df57929-1115-4080-8131-8960525eb833 0.319s
2025-04-08 18:52:34.456 68779 INFO tempest.lib.common.rest_client [req-5ec0ee04-30aa-4c4a-8e9b-c4a2c366dbc0 req-5ec0ee04-30aa-4c4a-8e9b-c4a2c366dbc0 ] Request (InstanceActionsNegativeTestJSON:setUpClass): 200 GET http://10.180.1.21/compute/v2.1/servers/1c1acc0d-263d-4687-93ff-291d18a592d8 0.253s
2025-04-08 18:52:34.519 68773 INFO tempest.lib.common.rest_client [req-8fdde61b-210e-4500-891f-130deb474f5c req-8fdde61b-210e-4500-891f-130deb474f5c ] Request (ServersListShow296Test:test_list_show_update_rebuild_server_296): 200 GET http://10.180.1.21/compute/v2.1/servers/a79985f5-4be3-4b95-a3d3-339b7f25b9e9 0.263s
2025-04-08 18:52:34.563 68729 INFO tempest.lib.common.rest_client [req-d38a6f31-627a-4c4d-9227-65917d93e878 req-d38a6f31-627a-4c4d-9227-65917d93e878 ] Request (VolumesAssistedSnapshotsTest:test_volume_assisted_snapshot_create_delete): 200 GET http://10.180.1.21/compute/v2.1/servers/08a980e1-ca8e-4af3-afbf-bd688e11259f 0.309s
2025-04-08 18:52:34.579 68783 INFO tempest.lib.common.rest_client [req-04d46614-79a6-479f-8f65-36c8c9f30602 req-04d46614-79a6-479f-8f65-36c8c9f30602 ] Request (ServerActionsTestOtherB:setUpClass): 200 GET http://10.180.1.21/compute/v2.1/servers/bc6ee2e0-ed65-4c30-bb37-28436f8d487d 0.279s
2025-04-08 18:52:34.609 68731 INFO tempest.lib.common.rest_client [req-5fc67d15-46eb-46cb-a80f-6b3681178994 req-5fc67d15-46eb-46cb-a80f-6b3681178994 ] Request (FloatingIPsAssociationNegativeTestJSON:setUpClass): 200 GET http://10.180.1.21/compute/v2.1/servers/0cf57946-5db0-4c7c-a537-3f35e50c231f 0.301s
2025-04-08 18:52:34.637 68755 INFO tempest.lib.common.rest_client [req-8e3d8b65-bf18-4615-b7ef-287cd60ac588 req-8e3d8b65-bf18-4615-b7ef-287cd60ac588 ] Request (ServerDiskConfigTestJSON:test_rebuild_server_with_auto_disk_config): 200 GET http://10.180.1.21/compute/v2.1/servers/ec17824f-18a5-4a44-8f64-33438ee4990d 0.290s
2025-04-08 18:52:34.718 68751 INFO tempest.lib.common.rest_client [req-505ac798-91cf-4b9a-8d2f-647852180462 req-505ac798-91cf-4b9a-8d2f-647852180462 ] Request (ImagesTestJSON:test_create_image_from_stopped_server): 200 GET http://10.180.1.21/compute/v2.1/servers/cd131349-f678-4271-af79-456624f090d1 0.319s
2025-04-08 18:52:34.751 68767 INFO tempest.lib.common.rest_client [req-476aa3c4-1b06-4003-b9e1-90a5cb321316 req-476aa3c4-1b06-4003-b9e1-90a5cb321316 ] Request (ServerDiagnosticsTest:test_get_server_diagnostics): 200 GET http://10.180.1.21/compute/v2.1/servers/3c9187ce-bad4-4634-bd67-7a3e7a4cacaf 0.144s
2025-04-08 18:52:34.809 68757 INFO tempest.lib.common.rest_client [req-8e2387d9-966d-4714-90e3-c578fc4ad7f0 req-8e2387d9-966d-4714-90e3-c578fc4ad7f0 ] Request (MultipleCreateTestJSON:test_multiple_create): 200 GET http://10.180.1.21/compute/v2.1/servers/1c1675e9-0e4d-49d8-bb02-517b6021c35d 0.156s
2025-04-08 18:52:34.828 68737 INFO tempest.lib.common.rest_client [req-4f8da828-9b37-4f9c-aac5-aae7c70e1fff req-4f8da828-9b37-4f9c-aac5-aae7c70e1fff ] Request (ServerExternalEventsTest:test_create_server_external_events): 200 GET http://10.180.1.21/compute/v2.1/servers/b0882dec-0d2a-4f62-933d-0d24f3340026 0.215s
2025-04-08 18:52:34.859 68769 INFO tempest.lib.common.rest_client [req-3963ddde-be0f-4fdc-972a-bdc609c39baf req-3963ddde-be0f-4fdc-972a-bdc609c39baf ] Request (ServerActionsTestJSON:setUpClass): 200 GET http://10.180.1.21/compute/v2.1/servers/b8f1485f-2f6a-416f-a285-07607283eb08 0.195s
2025-04-08 18:52:34.876 68776 INFO tempest.lib.common.rest_client [req-a47fd457-f19f-469c-a3bd-f0b5e0340a7e req-a47fd457-f19f-469c-a3bd-f0b5e0340a7e ] Request (FloatingIPsAssociationTestJSON:setUpClass): 200 GET http://10.180.1.21/compute/v2.1/servers/844f2b9d-ad2a-431a-a587-65ba446d571f 0.182s
2025-04-08 18:52:34.909 68749 INFO tempest.lib.common.rest_client [req-5999a7e2-397f-45f8-b806-83e5d5d7f70a req-5999a7e2-397f-45f8-b806-83e5d5d7f70a ] Request (ServersAdminTestJSON:setUpClass): 200 GET http://10.180.1.21/compute/v2.1/servers/5afa4386-7640-4a3d-bc2b-b8b5e9d28ebf 0.201s
2025-04-08 18:52:34.925 68765 INFO tempest.lib.common.rest_client [req-12f961e4-eca4-4103-afd0-d0c42efaf784 req-12f961e4-eca4-4103-afd0-d0c42efaf784 ] Request (ServersTestMultiNic:test_verify_duplicate_network_nics): 200 GET http://10.180.1.21/compute/v2.1/servers/96d4015d-e7a6-4fcc-8f73-afc928113cff 0.191s
2025-04-08 18:52:34.961 68723 INFO tempest.lib.common.rest_client [req-d0d5a248-9fd0-435a-86fa-027f3f93b417 req-d0d5a248-9fd0-435a-86fa-027f3f93b417 ] Request (ServerMetadataNegativeTestJSON:setUpClass): 200 GET http://10.180.1.21/compute/v2.1/servers/12d34fba-743e-4f1c-aeaf-6914aa5788c1 0.213s
2025-04-08 18:52:34.976 68727 INFO tempest.lib.common.rest_client [req-25994b45-d985-45b0-bdd8-e74cf0e35fa7 req-25994b45-d985-45b0-bdd8-e74cf0e35fa7 ] Request (ImagesOneServerNegativeTestJSON:setUpClass): 200 GET http://10.180.1.21/compute/v2.1/servers/b436b172-7da8-4753-9e5c-896675ae640c 0.199s
2025-04-08 18:52:35.009 68761 INFO tempest.lib.common.rest_client [req-44caf0d0-afea-4e92-831b-9d84057b6288 req-44caf0d0-afea-4e92-831b-9d84057b6288 ] Request (ServersTestManualDisk:setUpClass): 200 GET http://10.180.1.21/compute/v2.1/servers/b473237b-274d-450d-b5a1-63d78b08f6f0 0.218s
2025-04-08 18:52:35.027 68747 INFO tempest.lib.common.rest_client [req-c0845ee4-2a53-4630-a856-496ffeba4c65 req-c0845ee4-2a53-4630-a856-496ffeba4c65 ] Request (ServersAdmin275Test:test_rebuild_update_server_275): 200 GET http://10.180.1.21/compute/v2.1/servers/88c5636b-e0d5-4db2-8044-aa909a1da0cc 0.062s
2025-04-08 18:52:35.159 68763 INFO tempest.lib.common.rest_client [req-5bc958c3-bb1e-42e3-b5eb-ec2ce3912ea8 req-5bc958c3-bb1e-42e3-b5eb-ec2ce3912ea8 ] Request (SecurityGroupsTestJSON:test_list_security_groups_by_server): 200 GET http://10.180.1.21/compute/v2.1/servers/32a3402f-546a-4e3d-b71d-e4e3b50df6f0 0.058s
2025-04-08 18:52:35.173 68733 INFO tempest.lib.common.rest_client [req-5321584a-bab2-4176-af11-b853ab5df9d6 req-5321584a-bab2-4176-af11-b853ab5df9d6 ] Request (MigrationsAdminTest:test_list_migrations_in_flavor_resize_situation): 200 GET http://10.180.1.21/compute/v2.1/servers/63801b63-1601-4e77-a500-3569713177bd 0.120s
2025-04-08 18:52:35.222 68743 INFO tempest.lib.common.rest_client [req-312ce86d-d959-4039-9531-9df09d5f7037 req-312ce86d-d959-4039-9531-9df09d5f7037 ] Request (ServersTestJSON:setUpClass): 200 GET http://10.180.1.21/compute/v2.1/servers/960a8177-a962-471b-850c-7fdf16544cbe 0.061s
2025-04-08 18:52:35.287 68781 INFO tempest.lib.common.rest_client [req-b9cba484-8637-4579-8b9b-49a3265aec37 req-b9cba484-8637-4579-8b9b-49a3265aec37 ] Request (ImagesOneServerTestJSON:setUpClass): 200 GET http://10.180.1.21/compute/v2.1/servers/280e1cc5-91db-4a03-bca4-b2d2e4ddd221 0.171s
2025-04-08 18:52:35.429 68741 INFO tempest.lib.common.rest_client [req-24657659-b978-4d60-b337-364185a355c6 req-24657659-b978-4d60-b337-364185a355c6 ] Request (ServersWithSpecificFlavorTestJSON:test_verify_created_server_ephemeral_disk): 200 GET http://10.180.1.21/compute/v2.1/servers/8fdbd88f-f608-4f26-9076-7d2f6eb67224 0.213s
2025-04-08 18:52:35.433 68777 INFO tempest.lib.common.rest_client [req-e98fc07a-0294-4c21-abbd-22668c927c39 req-e98fc07a-0294-4c21-abbd-22668c927c39 ] Request (ServersAdminNegativeTestJSON:setUpClass): 200 GET http://10.180.1.21/compute/v2.1/servers/5ebb83ca-5c3e-40c2-a9c3-9c1f182a1909 0.169s
2025-04-08 18:52:35.485 68739 INFO tempest.lib.common.rest_client [req-d8795ba8-4173-4c18-bef5-d26a11f10d24 req-d8795ba8-4173-4c18-bef5-d26a11f10d24 ] Request (DeleteServersAdminTestJSON:test_delete_server_while_in_error_state): 200 GET http://10.180.1.21/compute/v2.1/servers/1f0d84b8-7f22-4b48-ab5a-04b36bfd29a5 0.174s
2025-04-08 18:52:35.542 68753 INFO tempest.lib.common.rest_client [req-a3aa4fea-a4e3-4f77-8a2e-95d8da766e5a req-a3aa4fea-a4e3-4f77-8a2e-95d8da766e5a ] Request (ServerDiagnosticsNegativeTest:test_get_server_diagnostics_by_non_admin): 200 GET http://10.180.1.21/compute/v2.1/servers/0cab7c98-d6d4-401f-a8a3-6aeb7c4ae3e9 0.172s
2025-04-08 18:52:35.564 68771 INFO tempest.lib.common.rest_client [req-97b68542-fa3d-4cc7-ac1c-b40206889a34 req-97b68542-fa3d-4cc7-ac1c-b40206889a34 ] Request (ServersV294TestFqdnHostnames:setUpClass): 200 GET http://10.180.1.21/compute/v2.1/servers/f5aa2b1b-c290-42f2-84d3-272415184f14 0.245s
2025-04-08 18:52:35.591 68745 INFO tempest.lib.common.rest_client [req-91602962-0999-458d-bb4b-76b7a6bd1c62 req-91602962-0999-458d-bb4b-76b7a6bd1c62 ] Request (AttachInterfacesV270Test:test_create_get_list_interfaces): 200 GET http://10.180.1.21/compute/v2.1/servers/67780abc-a216-41d2-b531-d31aef150587 0.169s
2025-04-08 18:52:35.647 68779 INFO tempest.lib.common.rest_client [req-472d16c9-186c-4631-a018-268273b4d09b req-472d16c9-186c-4631-a018-268273b4d09b ] Request (InstanceActionsNegativeTestJSON:setUpClass): 200 GET http://10.180.1.21/compute/v2.1/servers/1c1acc0d-263d-4687-93ff-291d18a592d8 0.183s
2025-04-08 18:52:35.666 68759 INFO tempest.lib.common.rest_client [req-e5c623b1-8a2c-4949-8dab-2503fd7cb1e2 req-e5c623b1-8a2c-4949-8dab-2503fd7cb1e2 ] Request (AttachInterfacesUnderV243Test:test_add_remove_fixed_ip): 200 GET http://10.180.1.21/compute/v2.1/servers/6df57929-1115-4080-8131-8960525eb833 0.245s
2025-04-08 18:52:35.705 68773 INFO tempest.lib.common.rest_client [req-e79367c1-92e3-40bb-8e78-c512e513372f req-e79367c1-92e3-40bb-8e78-c512e513372f ] Request (ServersListShow296Test:test_list_show_update_rebuild_server_296): 200 GET http://10.180.1.21/compute/v2.1/servers/a79985f5-4be3-4b95-a3d3-339b7f25b9e9 0.173s
2025-04-08 18:52:35.759 68783 INFO tempest.lib.common.rest_client [req-9a872865-b4a9-4962-8cdb-83d6816a8c36 req-9a872865-b4a9-4962-8cdb-83d6816a8c36 ] Request (ServerActionsTestOtherB:setUpClass): 200 GET http://10.180.1.21/compute/v2.1/servers/bc6ee2e0-ed65-4c30-bb37-28436f8d487d 0.172s
2025-04-08 18:52:35.773 68729 INFO tempest.lib.common.rest_client [req-6fc55e5b-206d-412d-9c10-f7e37e2dff46 req-6fc55e5b-206d-412d-9c10-f7e37e2dff46 ] Request (VolumesAssistedSnapshotsTest:test_volume_assisted_snapshot_create_delete): 200 GET http://10.180.1.21/compute/v2.1/servers/08a980e1-ca8e-4af3-afbf-bd688e11259f 0.202s
2025-04-08 18:52:35.812 68731 INFO tempest.lib.common.rest_client [req-f2f66f03-3294-4de3-a2a3-a4e73e5d97f7 req-f2f66f03-3294-4de3-a2a3-a4e73e5d97f7 ] Request (FloatingIPsAssociationNegativeTestJSON:setUpClass): 200 GET http://10.180.1.21/compute/v2.1/servers/0cf57946-5db0-4c7c-a537-3f35e50c231f 0.195s
2025-04-08 18:52:35.822 68755 INFO tempest.lib.common.rest_client [req-97dc617f-97c0-484f-9f96-6cbfa9320b32 req-97dc617f-97c0-484f-9f96-6cbfa9320b32 ] Request (ServerDiskConfigTestJSON:test_rebuild_server_with_auto_disk_config): 200 GET http://10.180.1.21/compute/v2.1/servers/ec17824f-18a5-4a44-8f64-33438ee4990d 0.172s
2025-04-08 18:52:35.960 68767 INFO tempest.lib.common.rest_client [req-25dae1df-9557-4cca-b8ef-b10ba1589ae7 req-25dae1df-9557-4cca-b8ef-b10ba1589ae7 ] Request (ServerDiagnosticsTest:test_get_server_diagnostics): 200 GET http://10.180.1.21/compute/v2.1/servers/3c9187ce-bad4-4634-bd67-7a3e7a4cacaf 0.198s
2025-04-08 18:52:35.994 68751 INFO tempest.lib.common.rest_client [req-a8aa7608-337c-4e95-9f09-4aa2bdc65712 req-a8aa7608-337c-4e95-9f09-4aa2bdc65712 ] Request (ImagesTestJSON:test_create_image_from_stopped_server): 200 GET http://10.180.1.21/compute/v2.1/servers/cd131349-f678-4271-af79-456624f090d1 0.263s
2025-04-08 18:52:36.007 68757 INFO tempest.lib.common.rest_client [req-abf75b0d-1ef0-4b46-8a30-d20d47efe085 req-abf75b0d-1ef0-4b46-8a30-d20d47efe085 ] Request (MultipleCreateTestJSON:test_multiple_create): 200 GET http://10.180.1.21/compute/v2.1/servers/1c1675e9-0e4d-49d8-bb02-517b6021c35d 0.189s
2025-04-08 18:52:36.055 68769 INFO tempest.lib.common.rest_client [req-fa5fc80f-4cf8-4294-813d-4e48d975462b req-fa5fc80f-4cf8-4294-813d-4e48d975462b ] Request (ServerActionsTestJSON:setUpClass): 200 GET http://10.180.1.21/compute/v2.1/servers/b8f1485f-2f6a-416f-a285-07607283eb08 0.187s
2025-04-08 18:52:36.102 68776 INFO tempest.lib.common.rest_client [req-34fa2e3d-a0a5-434a-8b59-84a99edb96dd req-34fa2e3d-a0a5-434a-8b59-84a99edb96dd ] Request (FloatingIPsAssociationTestJSON:setUpClass): 200 GET http://10.180.1.21/compute/v2.1/servers/844f2b9d-ad2a-431a-a587-65ba446d571f 0.218s
2025-04-08 18:52:36.111 68737 INFO tempest.lib.common.rest_client [req-bc2a5a4a-7a24-4f42-adef-885aa18a607d req-bc2a5a4a-7a24-4f42-adef-885aa18a607d ] Request (ServerExternalEventsTest:test_create_server_external_events): 200 GET http://10.180.1.21/compute/v2.1/servers/b0882dec-0d2a-4f62-933d-0d24f3340026 0.276s
2025-04-08 18:52:36.146 68749 INFO tempest.lib.common.rest_client [req-be8b0068-c978-4e54-88df-4b3cdb8b18e6 req-be8b0068-c978-4e54-88df-4b3cdb8b18e6 ] Request (ServersAdminTestJSON:setUpClass): 200 GET http://10.180.1.21/compute/v2.1/servers/5afa4386-7640-4a3d-bc2b-b8b5e9d28ebf 0.230s
2025-04-08 18:52:36.160 68765 INFO tempest.lib.common.rest_client [req-ba457a7f-65d7-4fbf-b791-0790225d91c6 req-ba457a7f-65d7-4fbf-b791-0790225d91c6 ] Request (ServersTestMultiNic:test_verify_duplicate_network_nics): 200 GET http://10.180.1.21/compute/v2.1/servers/96d4015d-e7a6-4fcc-8f73-afc928113cff 0.226s
2025-04-08 18:52:36.191 68723 INFO tempest.lib.common.rest_client [req-09ed1b90-c60d-4c15-a194-935227777895 req-09ed1b90-c60d-4c15-a194-935227777895 ] Request (ServerMetadataNegativeTestJSON:setUpClass): 200 GET http://10.180.1.21/compute/v2.1/servers/12d34fba-743e-4f1c-aeaf-6914aa5788c1 0.221s
2025-04-08 18:52:36.204 68727 INFO tempest.lib.common.rest_client [req-214fe97e-53b6-4ff1-84e2-47d07898b92c req-214fe97e-53b6-4ff1-84e2-47d07898b92c ] Request (ImagesOneServerNegativeTestJSON:setUpClass): 200 GET http://10.180.1.21/compute/v2.1/servers/b436b172-7da8-4753-9e5c-896675ae640c 0.219s
2025-04-08 18:52:36.236 68761 INFO tempest.lib.common.rest_client [req-7f62e8f1-b178-4d96-99cc-fd1a31e94661 req-7f62e8f1-b178-4d96-99cc-fd1a31e94661 ] Request (ServersTestManualDisk:setUpClass): 200 GET http://10.180.1.21/compute/v2.1/servers/b473237b-274d-450d-b5a1-63d78b08f6f0 0.219s
2025-04-08 18:52:36.252 68747 INFO tempest.lib.common.rest_client [req-da5814c0-d1f6-4526-a770-b3f8f03a9478 req-da5814c0-d1f6-4526-a770-b3f8f03a9478 ] Request (ServersAdmin275Test:test_rebuild_update_server_275): 200 GET http://10.180.1.21/compute/v2.1/servers/88c5636b-e0d5-4db2-8044-aa909a1da0cc 0.215s
2025-04-08 18:52:36.280 68763 INFO tempest.lib.common.rest_client [req-60bcb80d-6a0c-48d1-9aef-abc37ee29ca7 req-60bcb80d-6a0c-48d1-9aef-abc37ee29ca7 ] Request (SecurityGroupsTestJSON:test_list_security_groups_by_server): 200 GET http://10.180.1.21/compute/v2.1/servers/32a3402f-546a-4e3d-b71d-e4e3b50df6f0 0.113s
2025-04-08 18:52:36.326 68743 INFO tempest.lib.common.rest_client [req-4105091a-3355-4bc1-8c37-39cb6a6af635 req-4105091a-3355-4bc1-8c37-39cb6a6af635 ] Request (ServersTestJSON:setUpClass): 200 GET http://10.180.1.21/compute/v2.1/servers/960a8177-a962-471b-850c-7fdf16544cbe 0.095s
2025-04-08 18:52:36.348 68733 INFO tempest.lib.common.rest_client [req-ea821c27-ce82-47dc-adc2-4c72eede4a69 req-ea821c27-ce82-47dc-adc2-4c72eede4a69 ] Request (MigrationsAdminTest:test_list_migrations_in_flavor_resize_situation): 200 GET http://10.180.1.21/compute/v2.1/servers/63801b63-1601-4e77-a500-3569713177bd 0.165s
2025-04-08 18:52:36.409 68781 INFO tempest.lib.common.rest_client [req-64b63eb7-47c1-4ad1-985a-3ee576bfd804 req-64b63eb7-47c1-4ad1-985a-3ee576bfd804 ] Request (ImagesOneServerTestJSON:setUpClass): 200 GET http://10.180.1.21/compute/v2.1/servers/280e1cc5-91db-4a03-bca4-b2d2e4ddd221 0.115s
2025-04-08 18:52:36.563 68741 INFO tempest.lib.common.rest_client [req-2fa4237e-471a-4b0a-b888-b5660ad9bcff req-2fa4237e-471a-4b0a-b888-b5660ad9bcff ] Request (ServersWithSpecificFlavorTestJSON:test_verify_created_server_ephemeral_disk): 200 GET http://10.180.1.21/compute/v2.1/servers/8fdbd88f-f608-4f26-9076-7d2f6eb67224 0.125s
2025-04-08 18:52:36.568 68777 INFO tempest.lib.common.rest_client [req-a57a6f70-1a07-4cc0-8c73-16de5c1e8e64 req-a57a6f70-1a07-4cc0-8c73-16de5c1e8e64 ] Request (ServersAdminNegativeTestJSON:setUpClass): 200 GET http://10.180.1.21/compute/v2.1/servers/5ebb83ca-5c3e-40c2-a9c3-9c1f182a1909 0.127s
2025-04-08 18:52:36.616 68739 INFO tempest.lib.common.rest_client [req-41e48912-153e-4407-ac1b-fd5944ad3d97 req-41e48912-153e-4407-ac1b-fd5944ad3d97 ] Request (DeleteServersAdminTestJSON:test_delete_server_while_in_error_state): 200 GET http://10.180.1.21/compute/v2.1/servers/1f0d84b8-7f22-4b48-ab5a-04b36bfd29a5 0.123s
2025-04-08 18:52:36.618 68753 INFO tempest.lib.common.rest_client [req-b49f0fa3-934d-4b1f-9d06-d95ea5834642 req-b49f0fa3-934d-4b1f-9d06-d95ea5834642 ] Request (ServerDiagnosticsNegativeTest:test_get_server_diagnostics_by_non_admin): 200 GET http://10.180.1.21/compute/v2.1/servers/0cab7c98-d6d4-401f-a8a3-6aeb7c4ae3e9 0.066s
2025-04-08 18:52:36.673 68745 INFO tempest.lib.common.rest_client [req-48408fee-3f22-4c35-a566-0bd1528d0db2 req-48408fee-3f22-4c35-a566-0bd1528d0db2 ] Request (AttachInterfacesV270Test:test_create_get_list_interfaces): 200 GET http://10.180.1.21/compute/v2.1/servers/67780abc-a216-41d2-b531-d31aef150587 0.073s
2025-04-08 18:52:36.723 68779 INFO tempest.lib.common.rest_client [req-e26f4093-0668-4a3d-a8a0-da7625f4a3f2 req-e26f4093-0668-4a3d-a8a0-da7625f4a3f2 ] Request (InstanceActionsNegativeTestJSON:setUpClass): 200 GET http://10.180.1.21/compute/v2.1/servers/1c1acc0d-263d-4687-93ff-291d18a592d8 0.067s
2025-04-08 18:52:36.787 68771 INFO tempest.lib.common.rest_client [req-1f38f160-e20c-46f2-8f1e-58082a952a18 req-1f38f160-e20c-46f2-8f1e-58082a952a18 ] Request (ServersV294TestFqdnHostnames:setUpClass): 200 GET http://10.180.1.21/compute/v2.1/servers/f5aa2b1b-c290-42f2-84d3-272415184f14 0.211s
2025-04-08 18:52:36.845 68773 INFO tempest.lib.common.rest_client [req-b1951d00-6cb4-442f-936b-6dfeb9ec6d6d req-b1951d00-6cb4-442f-936b-6dfeb9ec6d6d ] Request (ServersListShow296Test:test_list_show_update_rebuild_server_296): 200 GET http://10.180.1.21/compute/v2.1/servers/a79985f5-4be3-4b95-a3d3-339b7f25b9e9 0.129s
2025-04-08 18:52:36.867 68759 INFO tempest.lib.common.rest_client [req-9580be16-1dbd-4717-9d97-fba066d8b8b6 req-9580be16-1dbd-4717-9d97-fba066d8b8b6 ] Request (AttachInterfacesUnderV243Test:test_add_remove_fixed_ip): 200 GET http://10.180.1.21/compute/v2.1/servers/6df57929-1115-4080-8131-8960525eb833 0.193s
2025-04-08 18:52:36.884 68783 INFO tempest.lib.common.rest_client [req-a9efc0ae-0629-4ca2-b026-8cf6012140b6 req-a9efc0ae-0629-4ca2-b026-8cf6012140b6 ] Request (ServerActionsTestOtherB:setUpClass): 200 GET http://10.180.1.21/compute/v2.1/servers/bc6ee2e0-ed65-4c30-bb37-28436f8d487d 0.118s
2025-04-08 18:52:36.928 68731 INFO tempest.lib.common.rest_client [req-9e0fc69a-950f-4cf2-b064-7ea3c32a8efa req-9e0fc69a-950f-4cf2-b064-7ea3c32a8efa ] Request (FloatingIPsAssociationNegativeTestJSON:setUpClass): 200 GET http://10.180.1.21/compute/v2.1/servers/0cf57946-5db0-4c7c-a537-3f35e50c231f 0.106s
2025-04-08 18:52:36.971 68755 INFO tempest.lib.common.rest_client [req-fd80a387-5be9-4757-8d59-354647e2e879 req-fd80a387-5be9-4757-8d59-354647e2e879 ] Request (ServerDiskConfigTestJSON:test_rebuild_server_with_auto_disk_config): 200 GET http://10.180.1.21/compute/v2.1/servers/ec17824f-18a5-4a44-8f64-33438ee4990d 0.141s
2025-04-08 18:52:36.977 68729 INFO tempest.lib.common.rest_client [req-95190866-3a6e-4e70-bc06-1708c0230e8d req-95190866-3a6e-4e70-bc06-1708c0230e8d ] Request (VolumesAssistedSnapshotsTest:test_volume_assisted_snapshot_create_delete): 200 GET http://10.180.1.21/compute/v2.1/servers/08a980e1-ca8e-4af3-afbf-bd688e11259f 0.194s
2025-04-08 18:52:37.134 68751 INFO tempest.lib.common.rest_client [req-f0d78c24-f55e-4031-8a81-36b058710057 req-f0d78c24-f55e-4031-8a81-36b058710057 ] Request (ImagesTestJSON:test_create_image_from_stopped_server): 200 GET http://10.180.1.21/compute/v2.1/servers/cd131349-f678-4271-af79-456624f090d1 0.132s
2025-04-08 18:52:37.149 68767 INFO tempest.lib.common.rest_client [req-e05a8ecd-464f-40cc-b4ca-0a4e91416fd6 req-e05a8ecd-464f-40cc-b4ca-0a4e91416fd6 ] Request (ServerDiagnosticsTest:test_get_server_diagnostics): 200 GET http://10.180.1.21/compute/v2.1/servers/3c9187ce-bad4-4634-bd67-7a3e7a4cacaf 0.173s
2025-04-08 18:52:37.175 68757 INFO tempest.lib.common.rest_client [req-5a21cb35-0750-482e-9424-7f57165e4055 req-5a21cb35-0750-482e-9424-7f57165e4055 ] Request (MultipleCreateTestJSON:test_multiple_create): 200 GET http://10.180.1.21/compute/v2.1/servers/1c1675e9-0e4d-49d8-bb02-517b6021c35d 0.160s
2025-04-08 18:52:37.193 68769 INFO tempest.lib.common.rest_client [req-e6e6c9df-d8ae-45a9-8ae4-52e6cf2e7a86 req-e6e6c9df-d8ae-45a9-8ae4-52e6cf2e7a86 ] Request (ServerActionsTestJSON:setUpClass): 200 GET http://10.180.1.21/compute/v2.1/servers/b8f1485f-2f6a-416f-a285-07607283eb08 0.128s
2025-04-08 18:52:37.216 68776 INFO tempest.lib.common.rest_client [req-3970b1be-d647-4aea-8966-445017585cdc req-3970b1be-d647-4aea-8966-445017585cdc ] Request (FloatingIPsAssociationTestJSON:setUpClass): 200 GET http://10.180.1.21/compute/v2.1/servers/844f2b9d-ad2a-431a-a587-65ba446d571f 0.106s
2025-04-08 18:52:37.261 68749 INFO tempest.lib.common.rest_client [req-b3a99c56-9751-44b9-99d8-8ce5cd5a0d5f req-b3a99c56-9751-44b9-99d8-8ce5cd5a0d5f ] Request (ServersAdminTestJSON:setUpClass): 200 GET http://10.180.1.21/compute/v2.1/servers/5afa4386-7640-4a3d-bc2b-b8b5e9d28ebf 0.107s
2025-04-08 18:52:37.288 68737 INFO tempest.lib.common.rest_client [req-db5a7ebf-b1d8-4177-90e9-646668562ac0 req-db5a7ebf-b1d8-4177-90e9-646668562ac0 ] Request (ServerExternalEventsTest:test_create_server_external_events): 200 GET http://10.180.1.21/compute/v2.1/servers/b0882dec-0d2a-4f62-933d-0d24f3340026 0.170s
2025-04-08 18:52:37.301 68765 INFO tempest.lib.common.rest_client [req-5cc6ea8b-ed9a-403f-ba58-9ebabc08ab6c req-5cc6ea8b-ed9a-403f-ba58-9ebabc08ab6c ] Request (ServersTestMultiNic:test_verify_duplicate_network_nics): 200 GET http://10.180.1.21/compute/v2.1/servers/96d4015d-e7a6-4fcc-8f73-afc928113cff 0.133s
2025-04-08 18:52:37.328 68723 INFO tempest.lib.common.rest_client [req-2fd3bc59-f6d9-4c2d-99e6-38cda910c16a req-2fd3bc59-f6d9-4c2d-99e6-38cda910c16a ] Request (ServerMetadataNegativeTestJSON:setUpClass): 200 GET http://10.180.1.21/compute/v2.1/servers/12d34fba-743e-4f1c-aeaf-6914aa5788c1 0.129s
2025-04-08 18:52:37.342 68727 INFO tempest.lib.common.rest_client [req-804c2fd7-ba7f-442a-a8a1-86774f1401a1 req-804c2fd7-ba7f-442a-a8a1-86774f1401a1 ] Request (ImagesOneServerNegativeTestJSON:setUpClass): 200 GET http://10.180.1.21/compute/v2.1/servers/b436b172-7da8-4753-9e5c-896675ae640c 0.131s
2025-04-08 18:52:37.371 68761 INFO tempest.lib.common.rest_client [req-280623f5-4d45-4823-ad8f-6ac9deb7ebac req-280623f5-4d45-4823-ad8f-6ac9deb7ebac ] Request (ServersTestManualDisk:setUpClass): 200 GET http://10.180.1.21/compute/v2.1/servers/b473237b-274d-450d-b5a1-63d78b08f6f0 0.122s
2025-04-08 18:52:37.387 68747 INFO tempest.lib.common.rest_client [req-3214a495-2efb-4c99-9d8f-545b0f93b1d9 req-3214a495-2efb-4c99-9d8f-545b0f93b1d9 ] Request (ServersAdmin275Test:test_rebuild_update_server_275): 200 GET http://10.180.1.21/compute/v2.1/servers/88c5636b-e0d5-4db2-8044-aa909a1da0cc 0.124s
2025-04-08 18:52:37.410 68763 INFO tempest.lib.common.rest_client [req-a205406c-e2da-4a8c-a66f-c1a8a11e7841 req-a205406c-e2da-4a8c-a66f-c1a8a11e7841 ] Request (SecurityGroupsTestJSON:test_list_security_groups_by_server): 200 GET http://10.180.1.21/compute/v2.1/servers/32a3402f-546a-4e3d-b71d-e4e3b50df6f0 0.117s
2025-04-08 18:52:37.427 68743 INFO tempest.lib.common.rest_client [req-8f0e091e-e007-4f29-a005-ab4b0a7c4b9a req-8f0e091e-e007-4f29-a005-ab4b0a7c4b9a ] Request (ServersTestJSON:setUpClass): 200 GET http://10.180.1.21/compute/v2.1/servers/960a8177-a962-471b-850c-7fdf16544cbe 0.093s
2025-04-08 18:52:37.520 68733 INFO tempest.lib.common.rest_client [req-897543ee-ca3a-484f-954e-5c2ab4afa300 req-897543ee-ca3a-484f-954e-5c2ab4afa300 ] Request (MigrationsAdminTest:test_list_migrations_in_flavor_resize_situation): 200 GET http://10.180.1.21/compute/v2.1/servers/63801b63-1601-4e77-a500-3569713177bd 0.165s
2025-04-08 18:52:37.534 68781 INFO tempest.lib.common.rest_client [req-941e41b6-6fcd-4adc-b172-2e0564b52982 req-941e41b6-6fcd-4adc-b172-2e0564b52982 ] Request (ImagesOneServerTestJSON:setUpClass): 200 GET http://10.180.1.21/compute/v2.1/servers/280e1cc5-91db-4a03-bca4-b2d2e4ddd221 0.117s
2025-04-08 18:52:37.694 68741 INFO tempest.lib.common.rest_client [req-eaa53408-89f8-46ff-bce7-ad1925fca654 req-eaa53408-89f8-46ff-bce7-ad1925fca654 ] Request (ServersWithSpecificFlavorTestJSON:test_verify_created_server_ephemeral_disk): 200 GET http://10.180.1.21/compute/v2.1/servers/8fdbd88f-f608-4f26-9076-7d2f6eb67224 0.122s
2025-04-08 18:52:37.703 68777 INFO tempest.lib.common.rest_client [req-ad0f5c4c-200a-45c8-b900-6fecc89a9559 req-ad0f5c4c-200a-45c8-b900-6fecc89a9559 ] Request (ServersAdminNegativeTestJSON:setUpClass): 200 GET http://10.180.1.21/compute/v2.1/servers/5ebb83ca-5c3e-40c2-a9c3-9c1f182a1909 0.124s
2025-04-08 18:52:37.737 68739 INFO tempest.lib.common.rest_client [req-5f380a2f-f6d7-448f-aa0b-b49bf0e77de7 req-5f380a2f-f6d7-448f-aa0b-b49bf0e77de7 ] Request (DeleteServersAdminTestJSON:test_delete_server_while_in_error_state): 200 GET http://10.180.1.21/compute/v2.1/servers/1f0d84b8-7f22-4b48-ab5a-04b36bfd29a5 0.113s
2025-04-08 18:52:37.749 68753 INFO tempest.lib.common.rest_client [req-836c20fb-b1ec-40c4-a218-4935375ba38f req-836c20fb-b1ec-40c4-a218-4935375ba38f ] Request (ServerDiagnosticsNegativeTest:test_get_server_diagnostics_by_non_admin): 200 GET http://10.180.1.21/compute/v2.1/servers/0cab7c98-d6d4-401f-a8a3-6aeb7c4ae3e9 0.122s
2025-04-08 18:52:37.929 68745 INFO tempest.lib.common.rest_client [req-8c6ecbe7-83ab-4066-af03-39a1d91dda88 req-8c6ecbe7-83ab-4066-af03-39a1d91dda88 ] Request (AttachInterfacesV270Test:test_create_get_list_interfaces): 200 GET http://10.180.1.21/compute/v2.1/servers/67780abc-a216-41d2-b531-d31aef150587 0.246s
2025-04-08 18:52:37.939 68779 INFO tempest.lib.common.rest_client [req-633c8ca4-aed3-4940-b6d7-2dc5ff36e24f req-633c8ca4-aed3-4940-b6d7-2dc5ff36e24f ] Request (InstanceActionsNegativeTestJSON:setUpClass): 200 GET http://10.180.1.21/compute/v2.1/servers/1c1acc0d-263d-4687-93ff-291d18a592d8 0.207s
2025-04-08 18:52:37.993 68773 INFO tempest.lib.common.rest_client [req-3254ea4e-7ea0-4224-b174-6e273a3952bb req-3254ea4e-7ea0-4224-b174-6e273a3952bb ] Request (ServersListShow296Test:test_list_show_update_rebuild_server_296): 200 GET http://10.180.1.21/compute/v2.1/servers/a79985f5-4be3-4b95-a3d3-339b7f25b9e9 0.136s
2025-04-08 18:52:38.042 68771 INFO tempest.lib.common.rest_client [req-1b283af1-fc82-49cd-bcc8-70a0dc949b72 req-1b283af1-fc82-49cd-bcc8-70a0dc949b72 ] Request (ServersV294TestFqdnHostnames:setUpClass): 200 GET http://10.180.1.21/compute/v2.1/servers/f5aa2b1b-c290-42f2-84d3-272415184f14 0.243s
2025-04-08 18:52:38.076 68759 INFO tempest.lib.common.rest_client [req-5b3b4c2c-9857-491c-bbe7-677ce65d6316 req-5b3b4c2c-9857-491c-bbe7-677ce65d6316 ] Request (AttachInterfacesUnderV243Test:test_add_remove_fixed_ip): 200 GET http://10.180.1.21/compute/v2.1/servers/6df57929-1115-4080-8131-8960525eb833 0.201s
2025-04-08 18:52:38.118 68731 INFO tempest.lib.common.rest_client [req-9dc07c7d-d277-4211-9a1d-b82c5ff9b66f req-9dc07c7d-d277-4211-9a1d-b82c5ff9b66f ] Request (FloatingIPsAssociationNegativeTestJSON:setUpClass): 200 GET http://10.180.1.21/compute/v2.1/servers/0cf57946-5db0-4c7c-a537-3f35e50c231f 0.183s
2025-04-08 18:52:38.161 68755 INFO tempest.lib.common.rest_client [req-f4f16829-c72e-4051-b69b-c342865a0a31 req-f4f16829-c72e-4051-b69b-c342865a0a31 ] Request (ServerDiskConfigTestJSON:test_rebuild_server_with_auto_disk_config): 200 GET http://10.180.1.21/compute/v2.1/servers/ec17824f-18a5-4a44-8f64-33438ee4990d 0.182s
2025-04-08 18:52:38.246 68783 INFO tempest.lib.common.rest_client [req-adb01c2a-5195-41b6-a7bd-84f6c71db941 req-adb01c2a-5195-41b6-a7bd-84f6c71db941 ] Request (ServerActionsTestOtherB:setUpClass): 200 GET http://10.180.1.21/compute/v2.1/servers/bc6ee2e0-ed65-4c30-bb37-28436f8d487d 0.353s
2025-04-08 18:52:38.262 68729 INFO tempest.lib.common.rest_client [req-bfa1a677-1eca-47a7-9dc2-d5bf67f044af req-bfa1a677-1eca-47a7-9dc2-d5bf67f044af ] Request (VolumesAssistedSnapshotsTest:test_volume_assisted_snapshot_create_delete): 200 GET http://10.180.1.21/compute/v2.1/servers/08a980e1-ca8e-4af3-afbf-bd688e11259f 0.277s
2025-04-08 18:52:38.372 68751 INFO tempest.lib.common.rest_client [req-3b4ae46a-3a0e-4d5e-9a8c-d5f626c2dc1d req-3b4ae46a-3a0e-4d5e-9a8c-d5f626c2dc1d ] Request (ImagesTestJSON:test_create_image_from_stopped_server): 200 GET http://10.180.1.21/compute/v2.1/servers/cd131349-f678-4271-af79-456624f090d1 0.230s
2025-04-08 18:52:38.378 68767 INFO tempest.lib.common.rest_client [req-b761a4cf-0b76-41ee-8c52-1e38b1cb984c req-b761a4cf-0b76-41ee-8c52-1e38b1cb984c ] Request (ServerDiagnosticsTest:test_get_server_diagnostics): 200 GET http://10.180.1.21/compute/v2.1/servers/3c9187ce-bad4-4634-bd67-7a3e7a4cacaf 0.222s
2025-04-08 18:52:38.419 68757 INFO tempest.lib.common.rest_client [req-6e828530-6c48-4308-8419-3598501a9d01 req-6e828530-6c48-4308-8419-3598501a9d01 ] Request (MultipleCreateTestJSON:test_multiple_create): 200 GET http://10.180.1.21/compute/v2.1/servers/1c1675e9-0e4d-49d8-bb02-517b6021c35d 0.235s
2025-04-08 18:52:38.427 68769 INFO tempest.lib.common.rest_client [req-9cb20389-384d-434d-a11e-10d493903240 req-9cb20389-384d-434d-a11e-10d493903240 ] Request (ServerActionsTestJSON:setUpClass): 200 GET http://10.180.1.21/compute/v2.1/servers/b8f1485f-2f6a-416f-a285-07607283eb08 0.226s
2025-04-08 18:52:38.463 68776 INFO tempest.lib.common.rest_client [req-4c411684-b0a8-4a9f-877e-32ba2b17e6b0 req-4c411684-b0a8-4a9f-877e-32ba2b17e6b0 ] Request (FloatingIPsAssociationTestJSON:setUpClass): 200 GET http://10.180.1.21/compute/v2.1/servers/844f2b9d-ad2a-431a-a587-65ba446d571f 0.238s
2025-04-08 18:52:38.475 68749 INFO tempest.lib.common.rest_client [req-24c06dd0-2f0a-45c0-b67d-0b2e7e043f8e req-24c06dd0-2f0a-45c0-b67d-0b2e7e043f8e ] Request (ServersAdminTestJSON:setUpClass): 200 GET http://10.180.1.21/compute/v2.1/servers/5afa4386-7640-4a3d-bc2b-b8b5e9d28ebf 0.205s
2025-04-08 18:52:38.520 68765 INFO tempest.lib.common.rest_client [req-f00a3e42-742a-4d85-bd35-e00b8eb9a393 req-f00a3e42-742a-4d85-bd35-e00b8eb9a393 ] Request (ServersTestMultiNic:test_verify_duplicate_network_nics): 200 GET http://10.180.1.21/compute/v2.1/servers/96d4015d-e7a6-4fcc-8f73-afc928113cff 0.212s
2025-04-08 18:52:38.566 68723 INFO tempest.lib.common.rest_client [req-3ff1b45c-af9c-4ec8-a3c6-40127bc0cc75 req-3ff1b45c-af9c-4ec8-a3c6-40127bc0cc75 ] Request (ServerMetadataNegativeTestJSON:setUpClass): 200 GET http://10.180.1.21/compute/v2.1/servers/12d34fba-743e-4f1c-aeaf-6914aa5788c1 0.230s
2025-04-08 18:52:38.571 68737 INFO tempest.lib.common.rest_client [req-11f14d82-79c0-4a3f-b388-bd9e9d0432b6 req-11f14d82-79c0-4a3f-b388-bd9e9d0432b6 ] Request (ServerExternalEventsTest:test_create_server_external_events): 200 GET http://10.180.1.21/compute/v2.1/servers/b0882dec-0d2a-4f62-933d-0d24f3340026 0.275s
2025-04-08 18:52:38.612 68727 INFO tempest.lib.common.rest_client [req-04de36b0-34e4-4a1a-8878-7ad104d125c0 req-04de36b0-34e4-4a1a-8878-7ad104d125c0 ] Request (ImagesOneServerNegativeTestJSON:setUpClass): 200 GET http://10.180.1.21/compute/v2.1/servers/b436b172-7da8-4753-9e5c-896675ae640c 0.262s
2025-04-08 18:52:38.620 68761 INFO tempest.lib.common.rest_client [req-7c71db51-e12f-4329-8a2a-3e8625ddf2bc req-7c71db51-e12f-4329-8a2a-3e8625ddf2bc ] Request (ServersTestManualDisk:setUpClass): 200 GET http://10.180.1.21/compute/v2.1/servers/b473237b-274d-450d-b5a1-63d78b08f6f0 0.242s
2025-04-08 18:52:38.657 68747 INFO tempest.lib.common.rest_client [req-d6c56bf6-420b-480e-9684-c20c366248ec req-d6c56bf6-420b-480e-9684-c20c366248ec ] Request (ServersAdmin275Test:test_rebuild_update_server_275): 200 GET http://10.180.1.21/compute/v2.1/servers/88c5636b-e0d5-4db2-8044-aa909a1da0cc 0.260s
2025-04-08 18:52:38.667 68763 INFO tempest.lib.common.rest_client [req-debfa3be-2a33-49e5-9c1d-3f4a0c41a42f req-debfa3be-2a33-49e5-9c1d-3f4a0c41a42f ] Request (SecurityGroupsTestJSON:test_list_security_groups_by_server): 200 GET http://10.180.1.21/compute/v2.1/servers/32a3402f-546a-4e3d-b71d-e4e3b50df6f0 0.249s
2025-04-08 18:52:38.700 68743 INFO tempest.lib.common.rest_client [req-ea361529-7dc1-4b8b-9b80-17f23030f6d3 req-ea361529-7dc1-4b8b-9b80-17f23030f6d3 ] Request (ServersTestJSON:setUpClass): 200 GET http://10.180.1.21/compute/v2.1/servers/960a8177-a962-471b-850c-7fdf16544cbe 0.266s
2025-04-08 18:52:38.794 68733 INFO tempest.lib.common.rest_client [req-07dbea19-3cea-46eb-8b64-07a3aa4745db req-07dbea19-3cea-46eb-8b64-07a3aa4745db ] Request (MigrationsAdminTest:test_list_migrations_in_flavor_resize_situation): 200 GET http://10.180.1.21/compute/v2.1/servers/63801b63-1601-4e77-a500-3569713177bd 0.265s
2025-04-08 18:52:38.810 68781 INFO tempest.lib.common.rest_client [req-d66f38b2-b9a0-4f86-aafd-381326a64103 req-d66f38b2-b9a0-4f86-aafd-381326a64103 ] Request (ImagesOneServerTestJSON:setUpClass): 200 GET http://10.180.1.21/compute/v2.1/servers/280e1cc5-91db-4a03-bca4-b2d2e4ddd221 0.268s
2025-04-08 18:52:38.924 68741 INFO tempest.lib.common.rest_client [req-b5eceda4-3b5e-4ce7-b2dc-704fe30110da req-b5eceda4-3b5e-4ce7-b2dc-704fe30110da ] Request (ServersWithSpecificFlavorTestJSON:test_verify_created_server_ephemeral_disk): 200 GET http://10.180.1.21/compute/v2.1/servers/8fdbd88f-f608-4f26-9076-7d2f6eb67224 0.222s
2025-04-08 18:52:38.937 68777 INFO tempest.lib.common.rest_client [req-d3abd242-fa2f-4054-95b4-7b7a93cfd6da req-d3abd242-fa2f-4054-95b4-7b7a93cfd6da ] Request (ServersAdminNegativeTestJSON:setUpClass): 200 GET http://10.180.1.21/compute/v2.1/servers/5ebb83ca-5c3e-40c2-a9c3-9c1f182a1909 0.225s
2025-04-08 18:52:38.978 68739 INFO tempest.lib.common.rest_client [req-394abefd-ff68-43dc-8d44-0cb2b6df4ce5 req-394abefd-ff68-43dc-8d44-0cb2b6df4ce5 ] Request (DeleteServersAdminTestJSON:test_delete_server_while_in_error_state): 200 GET http://10.180.1.21/compute/v2.1/servers/1f0d84b8-7f22-4b48-ab5a-04b36bfd29a5 0.233s
2025-04-08 18:52:38.986 68753 INFO tempest.lib.common.rest_client [req-9f92e9f7-255d-4fc6-97e0-0dc3cbdeeaeb req-9f92e9f7-255d-4fc6-97e0-0dc3cbdeeaeb ] Request (ServerDiagnosticsNegativeTest:test_get_server_diagnostics_by_non_admin): 200 GET http://10.180.1.21/compute/v2.1/servers/0cab7c98-d6d4-401f-a8a3-6aeb7c4ae3e9 0.229s
2025-04-08 18:52:39.033 68745 INFO tempest.lib.common.rest_client [req-ff1d4548-c22d-4441-aa36-eb988e2339f6 req-ff1d4548-c22d-4441-aa36-eb988e2339f6 ] Request (AttachInterfacesV270Test:test_create_get_list_interfaces): 200 GET http://10.180.1.21/compute/v2.1/servers/67780abc-a216-41d2-b531-d31aef150587 0.095s
2025-04-08 18:52:39.035 68779 INFO tempest.lib.common.rest_client [req-4933f5b4-9400-4f9b-b1c2-a18d6b9b9ac8 req-4933f5b4-9400-4f9b-b1c2-a18d6b9b9ac8 ] Request (InstanceActionsNegativeTestJSON:setUpClass): 200 GET http://10.180.1.21/compute/v2.1/servers/1c1acc0d-263d-4687-93ff-291d18a592d8 0.088s
2025-04-08 18:52:39.084 68773 INFO tempest.lib.common.rest_client [req-de46d265-5385-4dd1-85d7-5d2e7d8b7b07 req-de46d265-5385-4dd1-85d7-5d2e7d8b7b07 ] Request (ServersListShow296Test:test_list_show_update_rebuild_server_296): 200 GET http://10.180.1.21/compute/v2.1/servers/a79985f5-4be3-4b95-a3d3-339b7f25b9e9 0.080s
2025-04-08 18:52:39.185 68771 INFO tempest.lib.common.rest_client [req-0cf6a21c-752b-48f8-9064-0f146c47f17e req-0cf6a21c-752b-48f8-9064-0f146c47f17e ] Request (ServersV294TestFqdnHostnames:setUpClass): 200 GET http://10.180.1.21/compute/v2.1/servers/f5aa2b1b-c290-42f2-84d3-272415184f14 0.133s
2025-04-08 18:52:39.196 68759 INFO tempest.lib.common.rest_client [req-95d5901e-afbc-4646-ae86-70b3d21dc4f8 req-95d5901e-afbc-4646-ae86-70b3d21dc4f8 ] Request (AttachInterfacesUnderV243Test:test_add_remove_fixed_ip): 200 GET http://10.180.1.21/compute/v2.1/servers/6df57929-1115-4080-8131-8960525eb833 0.112s
2025-04-08 18:52:39.232 68731 INFO tempest.lib.common.rest_client [req-8a4c5a2a-b07e-48a6-8ba2-c91d934fcc7a req-8a4c5a2a-b07e-48a6-8ba2-c91d934fcc7a ] Request (FloatingIPsAssociationNegativeTestJSON:setUpClass): 200 GET http://10.180.1.21/compute/v2.1/servers/0cf57946-5db0-4c7c-a537-3f35e50c231f 0.107s
2025-04-08 18:52:39.244 68755 INFO tempest.lib.common.rest_client [req-11b533fa-8f9e-4090-a7bf-921e4e992f5e req-11b533fa-8f9e-4090-a7bf-921e4e992f5e ] Request (ServerDiskConfigTestJSON:test_rebuild_server_with_auto_disk_config): 200 GET http://10.180.1.21/compute/v2.1/servers/ec17824f-18a5-4a44-8f64-33438ee4990d 0.076s
2025-04-08 18:52:39.300 68783 INFO tempest.lib.common.rest_client [req-fb590487-e28f-454f-b77b-ac2583c5dd83 req-fb590487-e28f-454f-b77b-ac2583c5dd83 ] Request (ServerActionsTestOtherB:setUpClass): 200 GET http://10.180.1.21/compute/v2.1/servers/bc6ee2e0-ed65-4c30-bb37-28436f8d487d 0.046s
2025-04-08 18:52:39.360 68729 INFO tempest.lib.common.rest_client [req-59c27772-ab3d-4daa-80aa-008a1174faa9 req-59c27772-ab3d-4daa-80aa-008a1174faa9 ] Request (VolumesAssistedSnapshotsTest:test_volume_assisted_snapshot_create_delete): 200 GET http://10.180.1.21/compute/v2.1/servers/08a980e1-ca8e-4af3-afbf-bd688e11259f 0.089s
2025-04-08 18:52:39.506 68751 INFO tempest.lib.common.rest_client [req-4ac62c80-d68c-4655-ae26-91404ac3a287 req-4ac62c80-d68c-4655-ae26-91404ac3a287 ] Request (ImagesTestJSON:test_create_image_from_stopped_server): 200 GET http://10.180.1.21/compute/v2.1/servers/cd131349-f678-4271-af79-456624f090d1 0.126s
2025-04-08 18:52:39.511 68767 INFO tempest.lib.common.rest_client [req-ebe44fcb-fcd1-488b-b4ee-6102ce5a8f1a req-ebe44fcb-fcd1-488b-b4ee-6102ce5a8f1a ] Request (ServerDiagnosticsTest:test_get_server_diagnostics): 200 GET http://10.180.1.21/compute/v2.1/servers/3c9187ce-bad4-4634-bd67-7a3e7a4cacaf 0.125s
2025-04-08 18:52:39.567 68769 INFO tempest.lib.common.rest_client [req-4068154f-a74b-43ea-b239-88ef2f18cd92 req-4068154f-a74b-43ea-b239-88ef2f18cd92 ] Request (ServerActionsTestJSON:setUpClass): 200 GET http://10.180.1.21/compute/v2.1/servers/b8f1485f-2f6a-416f-a285-07607283eb08 0.132s
2025-04-08 18:52:39.567 68757 INFO tempest.lib.common.rest_client [req-d1b7b932-d337-4715-a445-220add2b0229 req-d1b7b932-d337-4715-a445-220add2b0229 ] Request (MultipleCreateTestJSON:test_multiple_create): 200 GET http://10.180.1.21/compute/v2.1/servers/1c1675e9-0e4d-49d8-bb02-517b6021c35d 0.141s
2025-04-08 18:52:39.621 68749 INFO tempest.lib.common.rest_client [req-e8df0606-4f4f-4e52-b47c-47bea11bbf69 req-e8df0606-4f4f-4e52-b47c-47bea11bbf69 ] Request (ServersAdminTestJSON:setUpClass): 200 GET http://10.180.1.21/compute/v2.1/servers/5afa4386-7640-4a3d-bc2b-b8b5e9d28ebf 0.139s
2025-04-08 18:52:39.627 68776 INFO tempest.lib.common.rest_client [req-d1ae59c1-0a9b-468f-8d74-fe72b4370942 req-d1ae59c1-0a9b-468f-8d74-fe72b4370942 ] Request (FloatingIPsAssociationTestJSON:setUpClass): 200 GET http://10.180.1.21/compute/v2.1/servers/844f2b9d-ad2a-431a-a587-65ba446d571f 0.156s
2025-04-08 18:52:39.681 68765 INFO tempest.lib.common.rest_client [req-daccdf0c-48c7-4494-88e6-f2fa5a7ad830 req-daccdf0c-48c7-4494-88e6-f2fa5a7ad830 ] Request (ServersTestMultiNic:test_verify_duplicate_network_nics): 200 GET http://10.180.1.21/compute/v2.1/servers/96d4015d-e7a6-4fcc-8f73-afc928113cff 0.153s
2025-04-08 18:52:39.682 68723 INFO tempest.lib.common.rest_client [req-68795a76-494c-4dcb-8fe3-9aec8e5283ab req-68795a76-494c-4dcb-8fe3-9aec8e5283ab ] Request (ServerMetadataNegativeTestJSON:setUpClass): 200 GET http://10.180.1.21/compute/v2.1/servers/12d34fba-743e-4f1c-aeaf-6914aa5788c1 0.108s
2025-04-08 18:52:39.738 68727 INFO tempest.lib.common.rest_client [req-87640606-e22e-446e-8449-2f349676a22d req-87640606-e22e-446e-8449-2f349676a22d ] Request (ImagesOneServerNegativeTestJSON:setUpClass): 200 GET http://10.180.1.21/compute/v2.1/servers/b436b172-7da8-4753-9e5c-896675ae640c 0.118s
2025-04-08 18:52:39.788 68761 INFO tempest.lib.common.rest_client [req-77ec8b99-4cbb-43ab-9519-bb9abf89d9d6 req-77ec8b99-4cbb-43ab-9519-bb9abf89d9d6 ] Request (ServersTestManualDisk:setUpClass): 200 GET http://10.180.1.21/compute/v2.1/servers/b473237b-274d-450d-b5a1-63d78b08f6f0 0.160s
2025-04-08 18:52:39.815 68737 INFO tempest.lib.common.rest_client [req-ac5060e9-86e9-4f20-9c94-5e92575809a9 req-ac5060e9-86e9-4f20-9c94-5e92575809a9 ] Request (ServerExternalEventsTest:test_create_server_external_events): 200 GET http://10.180.1.21/compute/v2.1/servers/b0882dec-0d2a-4f62-933d-0d24f3340026 0.235s
2025-04-08 18:52:39.863 68747 INFO tempest.lib.common.rest_client [req-67bf12cc-362f-40b6-87cf-547177d7a6bf req-67bf12cc-362f-40b6-87cf-547177d7a6bf ] Request (ServersAdmin275Test:test_rebuild_update_server_275): 200 GET http://10.180.1.21/compute/v2.1/servers/88c5636b-e0d5-4db2-8044-aa909a1da0cc 0.196s
2025-04-08 18:52:39.865 68763 INFO tempest.lib.common.rest_client [req-5fd0bcaf-46b9-4b1c-8f17-292d76b90d98 req-5fd0bcaf-46b9-4b1c-8f17-292d76b90d98 ] Request (SecurityGroupsTestJSON:test_list_security_groups_by_server): 200 GET http://10.180.1.21/compute/v2.1/servers/32a3402f-546a-4e3d-b71d-e4e3b50df6f0 0.191s
2025-04-08 18:52:39.912 68743 INFO tempest.lib.common.rest_client [req-f5e20889-9f24-4155-8ed9-dd7bf813b0c6 req-f5e20889-9f24-4155-8ed9-dd7bf813b0c6 ] Request (ServersTestJSON:setUpClass): 200 GET http://10.180.1.21/compute/v2.1/servers/960a8177-a962-471b-850c-7fdf16544cbe 0.205s
2025-04-08 18:52:39.988 68733 INFO tempest.lib.common.rest_client [req-bb846901-2466-44f4-ac69-ab4307fa3468 req-bb846901-2466-44f4-ac69-ab4307fa3468 ] Request (MigrationsAdminTest:test_list_migrations_in_flavor_resize_situation): 200 GET http://10.180.1.21/compute/v2.1/servers/63801b63-1601-4e77-a500-3569713177bd 0.184s
2025-04-08 18:52:40.111 68741 INFO tempest.lib.common.rest_client [req-e80b084d-4bab-458d-9556-764997a9c5b1 req-e80b084d-4bab-458d-9556-764997a9c5b1 ] Request (ServersWithSpecificFlavorTestJSON:test_verify_created_server_ephemeral_disk): 200 GET http://10.180.1.21/compute/v2.1/servers/8fdbd88f-f608-4f26-9076-7d2f6eb67224 0.178s
2025-04-08 18:52:40.113 68781 INFO tempest.lib.common.rest_client [req-034d2b66-0424-4653-bab8-9713da3054c7 req-034d2b66-0424-4653-bab8-9713da3054c7 ] Request (ImagesOneServerTestJSON:setUpClass): 200 GET http://10.180.1.21/compute/v2.1/servers/280e1cc5-91db-4a03-bca4-b2d2e4ddd221 0.293s
2025-04-08 18:52:40.171 68739 INFO tempest.lib.common.rest_client [req-836bed0d-c375-4368-82ad-274bb196e91d req-836bed0d-c375-4368-82ad-274bb196e91d ] Request (DeleteServersAdminTestJSON:test_delete_server_while_in_error_state): 200 GET http://10.180.1.21/compute/v2.1/servers/1f0d84b8-7f22-4b48-ab5a-04b36bfd29a5 0.185s
2025-04-08 18:52:40.220 68753 INFO tempest.lib.common.rest_client [req-484ad21d-fd7e-49e1-81c2-616189007b60 req-484ad21d-fd7e-49e1-81c2-616189007b60 ] Request (ServerDiagnosticsNegativeTest:test_get_server_diagnostics_by_non_admin): 200 GET http://10.180.1.21/compute/v2.1/servers/0cab7c98-d6d4-401f-a8a3-6aeb7c4ae3e9 0.224s
2025-04-08 18:52:40.235 68777 INFO tempest.lib.common.rest_client [req-148d053a-bcfa-4a08-a966-4f8b64eb6d8d req-148d053a-bcfa-4a08-a966-4f8b64eb6d8d ] Request (ServersAdminNegativeTestJSON:setUpClass): 200 GET http://10.180.1.21/compute/v2.1/servers/5ebb83ca-5c3e-40c2-a9c3-9c1f182a1909 0.291s
2025-04-08 18:52:40.264 68779 INFO tempest.lib.common.rest_client [req-efbaea89-30ea-4d90-898a-14d0ac5ff8f0 req-efbaea89-30ea-4d90-898a-14d0ac5ff8f0 ] Request (InstanceActionsNegativeTestJSON:setUpClass): 200 GET http://10.180.1.21/compute/v2.1/servers/1c1acc0d-263d-4687-93ff-291d18a592d8 0.221s
2025-04-08 18:52:40.282 68745 INFO tempest.lib.common.rest_client [req-cf815c24-81e4-40bf-8d0a-59ad6b32da96 req-cf815c24-81e4-40bf-8d0a-59ad6b32da96 ] Request (AttachInterfacesV270Test:test_create_get_list_interfaces): 200 GET http://10.180.1.21/compute/v2.1/servers/67780abc-a216-41d2-b531-d31aef150587 0.237s
2025-04-08 18:52:40.316 68773 INFO tempest.lib.common.rest_client [req-8dde16c7-b5c7-48d8-aec4-09d5190925cc req-8dde16c7-b5c7-48d8-aec4-09d5190925cc ] Request (ServersListShow296Test:test_list_show_update_rebuild_server_296): 200 GET http://10.180.1.21/compute/v2.1/servers/a79985f5-4be3-4b95-a3d3-339b7f25b9e9 0.220s
2025-04-08 18:52:40.404 68771 INFO tempest.lib.common.rest_client [req-05cbc36d-6cc9-40b4-a7d7-c1ad4b5bc5c1 req-05cbc36d-6cc9-40b4-a7d7-c1ad4b5bc5c1 ] Request (ServersV294TestFqdnHostnames:setUpClass): 200 GET http://10.180.1.21/compute/v2.1/servers/f5aa2b1b-c290-42f2-84d3-272415184f14 0.207s
2025-04-08 18:52:40.420 68759 INFO tempest.lib.common.rest_client [req-fd6d944a-caad-4954-8841-ecd944d245cc req-fd6d944a-caad-4954-8841-ecd944d245cc ] Request (AttachInterfacesUnderV243Test:test_add_remove_fixed_ip): 200 GET http://10.180.1.21/compute/v2.1/servers/6df57929-1115-4080-8131-8960525eb833 0.217s
2025-04-08 18:52:40.454 68731 INFO tempest.lib.common.rest_client [req-37e5760f-68a2-4bf7-9c26-4c649997d235 req-37e5760f-68a2-4bf7-9c26-4c649997d235 ] Request (FloatingIPsAssociationNegativeTestJSON:setUpClass): 200 GET http://10.180.1.21/compute/v2.1/servers/0cf57946-5db0-4c7c-a537-3f35e50c231f 0.214s
2025-04-08 18:52:40.466 68755 INFO tempest.lib.common.rest_client [req-f1e358fe-8ae8-46ab-83c9-c6ece37e8725 req-f1e358fe-8ae8-46ab-83c9-c6ece37e8725 ] Request (ServerDiskConfigTestJSON:test_rebuild_server_with_auto_disk_config): 200 GET http://10.180.1.21/compute/v2.1/servers/ec17824f-18a5-4a44-8f64-33438ee4990d 0.213s
2025-04-08 18:52:40.502 68783 INFO tempest.lib.common.rest_client [req-35514055-05a5-4aa0-9278-41a5223fecc7 req-35514055-05a5-4aa0-9278-41a5223fecc7 ] Request (ServerActionsTestOtherB:setUpClass): 200 GET http://10.180.1.21/compute/v2.1/servers/bc6ee2e0-ed65-4c30-bb37-28436f8d487d 0.193s
2025-04-08 18:52:40.571 68751 INFO tempest.lib.common.rest_client [req-25b58cc7-9f43-4ce9-aa2f-525bb116a92a req-25b58cc7-9f43-4ce9-aa2f-525bb116a92a ] Request (ImagesTestJSON:test_create_image_from_stopped_server): 200 GET http://10.180.1.21/compute/v2.1/servers/cd131349-f678-4271-af79-456624f090d1 0.057s
2025-04-08 18:52:40.578 68751 INFO tempest.common.waiters [-] State transition "BUILD/spawning" ==> "ERROR/None" after 147 second wait
2025-04-08 18:52:40.628 68729 INFO tempest.lib.common.rest_client [req-68f9b7ec-a0b9-466d-b6a8-4c929abe1f66 req-68f9b7ec-a0b9-466d-b6a8-4c929abe1f66 ] Request (VolumesAssistedSnapshotsTest:test_volume_assisted_snapshot_create_delete): 200 GET http://10.180.1.21/compute/v2.1/servers/08a980e1-ca8e-4af3-afbf-bd688e11259f 0.261s
2025-04-08 18:52:40.675 68769 INFO tempest.lib.common.rest_client [req-92f16b6d-e5d5-4304-a30a-042453acd074 req-92f16b6d-e5d5-4304-a30a-042453acd074 ] Request (ServerActionsTestJSON:setUpClass): 200 GET http://10.180.1.21/compute/v2.1/servers/b8f1485f-2f6a-416f-a285-07607283eb08 0.100s
2025-04-08 18:52:40.687 68767 INFO tempest.lib.common.rest_client [req-27209f02-f58d-43e5-9511-30df7818f0c4 req-27209f02-f58d-43e5-9511-30df7818f0c4 ] Request (ServerDiagnosticsTest:test_get_server_diagnostics): 200 GET http://10.180.1.21/compute/v2.1/servers/3c9187ce-bad4-4634-bd67-7a3e7a4cacaf 0.168s
2025-04-08 18:52:40.727 68757 INFO tempest.lib.common.rest_client [req-9bacd126-d534-4c81-8904-5e100b339bf7 req-9bacd126-d534-4c81-8904-5e100b339bf7 ] Request (MultipleCreateTestJSON:test_multiple_create): 200 GET http://10.180.1.21/compute/v2.1/servers/1c1675e9-0e4d-49d8-bb02-517b6021c35d 0.152s
2025-04-08 18:52:40.775 68749 INFO tempest.lib.common.rest_client [req-bb0cb480-cad3-4330-881b-9b1e165e8c8e req-bb0cb480-cad3-4330-881b-9b1e165e8c8e ] Request (ServersAdminTestJSON:setUpClass): 200 GET http://10.180.1.21/compute/v2.1/servers/5afa4386-7640-4a3d-bc2b-b8b5e9d28ebf 0.146s
2025-04-08 18:52:40.857 68751 INFO tempest.lib.common.rest_client [req-43b41a64-ce24-47ef-ab90-6aa391a8be53 req-43b41a64-ce24-47ef-ab90-6aa391a8be53 ] Request (ImagesTestJSON:test_create_image_from_stopped_server): 204 DELETE http://10.180.1.21/compute/v2.1/servers/cd131349-f678-4271-af79-456624f090d1 0.279s
2025-04-08 18:52:40.905 68723 INFO tempest.lib.common.rest_client [req-4044a56c-3172-4834-933c-124f5c30736f req-4044a56c-3172-4834-933c-124f5c30736f ] Request (ServerMetadataNegativeTestJSON:setUpClass): 200 GET http://10.180.1.21/compute/v2.1/servers/12d34fba-743e-4f1c-aeaf-6914aa5788c1 0.211s
2025-04-08 18:52:40.950 68776 INFO tempest.lib.common.rest_client [req-6c036a7c-1560-42ee-aa20-78c4d3c08b91 req-6c036a7c-1560-42ee-aa20-78c4d3c08b91 ] Request (FloatingIPsAssociationTestJSON:setUpClass): 200 GET http://10.180.1.21/compute/v2.1/servers/844f2b9d-ad2a-431a-a587-65ba446d571f 0.314s
2025-04-08 18:52:40.950 68765 INFO tempest.lib.common.rest_client [req-e8383ec4-fa4a-4a42-b786-34b6a68553b0 req-e8383ec4-fa4a-4a42-b786-34b6a68553b0 ] Request (ServersTestMultiNic:test_verify_duplicate_network_nics): 200 GET http://10.180.1.21/compute/v2.1/servers/96d4015d-e7a6-4fcc-8f73-afc928113cff 0.256s
2025-04-08 18:52:40.956 68776 INFO tempest.common.waiters [-] State transition "BUILD/scheduling" ==> "BUILD/spawning" after 113 second wait
