2025-04-08 18:50:20.657 68737 INFO tempest.lib.common.rest_client [req-94c7ab24-ebd9-4a67-a73d-f5d36a6ad636 req-94c7ab24-ebd9-4a67-a73d-f5d36a6ad636 ] Request (ServerExternalEventsTest:test_create_server_external_events): 200 GET http://10.180.1.21/compute/v2.1/servers/b0882dec-0d2a-4f62-933d-0d24f3340026 2.135s
2025-04-08 18:50:20.668 68761 INFO tempest.lib.common.rest_client [req-2c5ec50d-f0c0-45f4-886c-a88331f5aa32 req-2c5ec50d-f0c0-45f4-886c-a88331f5aa32 ] Request (HostsAdminNegativeTestJSON:test_shutdown_host_with_non_admin_user): 403 GET http://10.180.1.21/compute/v2.1/os-hosts/devstack/shutdown 1.678s
2025-04-08 18:50:20.673 68725 INFO tempest.lib.common.rest_client [req-59fdc3db-11c5-41ee-ac3e-ee61f59d7d61 req-59fdc3db-11c5-41ee-ac3e-ee61f59d7d61 ] Request (QuotasSecurityGroupAdminNegativeTest:tearDownClass): 204 DELETE http://10.180.1.21/identity/v3/projects/220b4170b3424b10b3efc2e40b41be65 0.073s
2025-04-08 18:50:20.674 68725 INFO tempest.test [-] raised in ServersOnMultiNodesTest.setUpClass. Invoking tearDownClass.
2025-04-08 18:50:20.737 68725 INFO tempest.lib.common.rest_client [req-ee559aa6-245b-474b-a9f2-41feabd07ad4 req-ee559aa6-245b-474b-a9f2-41feabd07ad4 ] Request (FloatingIPsNegativeTestJSON:setUpClass): 201 POST http://10.180.1.21/identity/v3/auth/tokens 0.060s
2025-04-08 18:50:20.794 68725 INFO tempest.lib.common.rest_client [req-a8239653-b471-4e42-9890-644ec2d4cc9f req-a8239653-b471-4e42-9890-644ec2d4cc9f ] Request (FloatingIPsNegativeTestJSON:setUpClass): 201 POST http://10.180.1.21/identity/v3/auth/tokens 0.055s
2025-04-08 18:50:20.811 68777 INFO tempest.lib.common.rest_client [req-b57c37a8-6a4a-4b69-b8a9-cb3e0e2de29c req-b57c37a8-6a4a-4b69-b8a9-cb3e0e2de29c ] Request (ServersAdminNegativeTestJSON:setUpClass): 202 POST http://10.180.1.21/compute/v2.1/servers 1.840s
2025-04-08 18:50:20.818 68725 INFO tempest.lib.common.rest_client [req-73fd4280-00de-46fc-a5a4-c76b85a96925 req-73fd4280-00de-46fc-a5a4-c76b85a96925 ] Request (FloatingIPsNegativeTestJSON:setUpClass): 200 GET http://10.180.1.21/identity/v3/domains?name=Default 0.024s
2025-04-08 18:50:20.835 68741 INFO tempest.lib.common.rest_client [req-4b86dced-48e9-49d4-b0f5-262ce8df8ec2 req-4b86dced-48e9-49d4-b0f5-262ce8df8ec2 ] Request (ServersWithSpecificFlavorTestJSON:test_verify_created_server_ephemeral_disk): 200 POST http://10.180.1.21/compute/v2.1/flavors 1.810s
2025-04-08 18:50:20.847 68727 INFO tempest.lib.common.rest_client [req-764a674b-add8-4a23-bc8d-4be8184a7161 req-764a674b-add8-4a23-bc8d-4be8184a7161 ] Request (FlavorsExtraSpecsNegativeTestJSON:test_flavor_unset_nonexistent_key): 404 DELETE http://10.180.1.21/compute/v2.1/flavors/1335332948/os-extra_specs/hw:cpu_thread_policy 1.813s
2025-04-08 18:50:20.853 68725 INFO tempest.lib.common.rest_client [req-6c93086b-aa89-4c94-9bd5-862f951e15b9 req-6c93086b-aa89-4c94-9bd5-862f951e15b9 ] Request (FloatingIPsNegativeTestJSON:setUpClass): 201 POST http://10.180.1.21/identity/v3/projects 0.034s
2025-04-08 18:50:20.858 68765 INFO tempest.lib.common.rest_client [req-a8b5aee4-fcfe-432c-a43c-7a97b4a50790 req-a8b5aee4-fcfe-432c-a43c-7a97b4a50790 ] Request (FlavorsExtraSpecsTestJSON:test_flavor_set_get_update_show_unset_keys): 200 GET http://10.180.1.21/compute/v2.1/flavors/1765177845/os-extra_specs 1.790s
2025-04-08 18:50:20.884 68749 INFO tempest.lib.common.rest_client [req-23c28b29-56ae-47eb-b12d-fed3ea55e168 req-23c28b29-56ae-47eb-b12d-fed3ea55e168 ] Request (ServersAdminTestJSON:setUpClass): 201 POST http://10.180.1.21:9696/networking/v2.0/networks 0.534s
2025-04-08 18:50:20.888 68769 INFO tempest.lib.common.rest_client [req-bbbac312-234a-44fc-80b6-c097198cdcf8 req-bbbac312-234a-44fc-80b6-c097198cdcf8 ] Request (SecurityGroupsNegativeTestJSON:test_delete_nonexistent_security_group): 404 DELETE http://10.180.1.21/compute/v2.1/os-security-groups/f3b83b69-564b-470d-82f0-4d673ea7463f 1.874s
2025-04-08 18:50:20.914 68725 INFO tempest.lib.common.rest_client [req-ba509e82-be1e-4793-8d30-a9296c070c89 req-ba509e82-be1e-4793-8d30-a9296c070c89 ] Request (FloatingIPsNegativeTestJSON:setUpClass): 201 POST http://10.180.1.21/identity/v3/users 0.060s
2025-04-08 18:50:20.922 68735 INFO tempest.lib.common.rest_client [req-cc3ae303-17d5-4bc6-a9a1-f3d92d94e7d0 req-cc3ae303-17d5-4bc6-a9a1-f3d92d94e7d0 ] Request (ImagesDeleteNegativeTestJSON:test_delete_non_existent_image): 404 DELETE http://10.180.1.21/compute/v2.1/images/d1d5ef91-3e4e-4618-976c-9082d0842753 1.824s
2025-04-08 18:50:20.936 68725 INFO tempest.lib.common.rest_client [req-2aef995c-7cb6-4a96-81ed-d650e1afc4aa req-2aef995c-7cb6-4a96-81ed-d650e1afc4aa ] Request (FloatingIPsNegativeTestJSON:setUpClass): 200 GET http://10.180.1.21/identity/v3/roles 0.022s
2025-04-08 18:50:20.954 68781 INFO tempest.lib.common.rest_client [req-35bc23fc-2539-40ac-af17-1bc54429e907 req-35bc23fc-2539-40ac-af17-1bc54429e907 ] Request (ImagesOneServerTestJSON:setUpClass): 201 POST http://10.180.1.21:9696/networking/v2.0/routers 3.804s
2025-04-08 18:50:20.960 68757 INFO tempest.lib.common.rest_client [req-46f00ed9-229d-4534-b64f-9e96a90f45fd req-46f00ed9-229d-4534-b64f-9e96a90f45fd ] Request (ServicesAdminNegativeV253TestJSON:test_get_service_with_valid_service_and_invalid_host): 200 GET http://10.180.1.21/compute/v2.1/os-services 1.839s
2025-04-08 18:50:21.026 68735 INFO tempest.lib.common.rest_client [req-6e0d9657-c1c6-4c3a-b6b4-6ab1c87a11a4 req-6e0d9657-c1c6-4c3a-b6b4-6ab1c87a11a4 ] Request (ImagesDeleteNegativeTestJSON:tearDownClass): 204 DELETE http://10.180.1.21/identity/v3/users/466ad0c4fec74a5faf7fdbe1c0917e43 0.103s
2025-04-08 18:50:21.026 68735 INFO tempest.lib.common.dynamic_creds [-] Deleting project and security group for project: 4d45af691c88439fb7a3d86c78291bdf
2025-04-08 18:50:21.089 68725 INFO tempest.lib.common.rest_client [req-31ffbfa9-e305-478d-b368-eb219730106d req-31ffbfa9-e305-478d-b368-eb219730106d ] Request (FloatingIPsNegativeTestJSON:setUpClass): 204 PUT http://10.180.1.21/identity/v3/projects/6a65fc941bd44e81a959f80a27318aa2/users/4bdbef524e104ce49534b1fd13b3b76c/roles/0238365169734317892e61cd6698901e 0.152s
2025-04-08 18:50:21.089 68725 INFO tempest.lib.common.dynamic_creds [-] Dynamic test user 4bdbef524e104ce49534b1fd13b3b76c is created with scope project and roles: ['member']
2025-04-08 18:50:21.089 68725 INFO tempest.lib.common.dynamic_creds [-] Acquired dynamic creds: credentials: Credentials: {'domain_id': 'default', 'domain_name': 'Default', 'username': 'tempest-FloatingIPsNegativeTestJSON-1727753284-project-member', 'project_domain_id': 'default', 'project_domain_name': 'Default', 'project_id': '6a65fc941bd44e81a959f80a27318aa2', 'project_name': 'tempest-FloatingIPsNegativeTestJSON-1727753284', 'tenant_id': '6a65fc941bd44e81a959f80a27318aa2', 'tenant_name': 'tempest-FloatingIPsNegativeTestJSON-1727753284', 'user_domain_id': 'default', 'user_domain_name': 'Default', 'user_id': '4bdbef524e104ce49534b1fd13b3b76c', 'system': None}, Network: None, Subnet: None, Router: None
2025-04-08 18:50:21.122 68779 INFO tempest.lib.common.rest_client [req-06509c39-215f-4a03-83e9-33b0249eb381 req-06509c39-215f-4a03-83e9-33b0249eb381 ] Request (QuotasAdminTestJSON:test_get_updated_quotas): 200 PUT http://10.180.1.21/compute/v2.1/os-quota-sets/eccddc8375d1485790e6d657cebf87ca 2.052s
2025-04-08 18:50:21.158 68735 INFO tempest.lib.common.rest_client [req-576c8ebe-6399-4f1d-bf4f-e2078d170826 req-576c8ebe-6399-4f1d-bf4f-e2078d170826 ] Request (ImagesDeleteNegativeTestJSON:tearDownClass): 201 POST http://10.180.1.21/identity/v3/auth/tokens 0.131s
2025-04-08 18:50:21.186 68725 INFO tempest.lib.common.rest_client [req-c2c6e8ed-6d30-4357-be15-80bfbea37e9e req-c2c6e8ed-6d30-4357-be15-80bfbea37e9e ] Request (FloatingIPsNegativeTestJSON:setUpClass): 201 POST http://10.180.1.21/identity/v3/auth/tokens 0.097s
2025-04-08 18:50:21.198 68721 INFO tempest.lib.common.rest_client [req-ee02dda0-b5b4-4e89-be73-ff14e891658c req-ee02dda0-b5b4-4e89-be73-ff14e891658c ] Request (VolumesSnapshotsTestJSON:test_volume_snapshot_create_get_list_delete): 200 GET http://10.180.1.21/compute/v2.1/os-volumes/58d22a15-d96e-420a-b559-1aa0c1adc13e 1.639s
2025-04-08 18:50:21.200 68721 INFO tempest.common.waiters [-] volume 58d22a15-d96e-420a-b559-1aa0c1adc13e reached available after waiting for 0.200671 seconds
2025-04-08 18:50:21.223 68743 INFO tempest.lib.common.rest_client [req-b7e15c81-b691-4059-9e9f-8ccc693ebb89 req-b7e15c81-b691-4059-9e9f-8ccc693ebb89 ] Request (FlavorsAccessNegativeTestJSON:_run_cleanups): 200 GET http://10.180.1.21/compute/v2.1/flavors/detail 1.642s
2025-04-08 18:50:21.240 68763 INFO tempest.lib.common.rest_client [req-a1c29331-c234-4102-b058-06ec18141113 req-a1c29331-c234-4102-b058-06ec18141113 ] Request (KeyPairsV210TestJSON:_run_cleanups): 204 DELETE http://10.180.1.21/compute/v2.1/os-keypairs/tempest-keypair-823542585?user_id=347e26532e8e4b92b18b06235041a83a 1.641s
2025-04-08 18:50:21.258 68776 INFO tempest.lib.common.rest_client [req-ac667235-5017-4507-9a23-692d737154bf req-ac667235-5017-4507-9a23-692d737154bf ] Request (FlavorsAccessTestJSON:test_flavor_access_list_with_private_flavor): 200 GET http://10.180.1.21/compute/v2.1/flavors/34041273/os-flavor-access 1.634s
2025-04-08 18:50:21.304 68771 INFO tempest.lib.common.rest_client [req-ae92577e-b4f0-42b0-b124-e0ba6183e087 req-ae92577e-b4f0-42b0-b124-e0ba6183e087 ] Request (ServersV294TestFqdnHostnames:setUpClass): 201 POST http://10.180.1.21/compute/v2.1/os-keypairs 2.136s
2025-04-08 18:50:21.322 68755 INFO tempest.lib.common.rest_client [req-2018adaa-0d07-43b0-921c-6ac1cb21eafb req-2018adaa-0d07-43b0-921c-6ac1cb21eafb ] Request (FlavorsV255TestJSON:_run_cleanups): 200 GET http://10.180.1.21/compute/v2.1/flavors/detail 1.688s
2025-04-08 18:50:21.343 68733 INFO tempest.lib.common.rest_client [req-ffe49c14-4d5b-4680-b752-0589b14a0f69 req-ffe49c14-4d5b-4680-b752-0589b14a0f69 ] Request (HypervisorAdminNegativeTestJSON:test_show_hypervisor_with_non_admin_user): 200 GET http://10.180.1.21/compute/v2.1/os-hypervisors 1.699s
2025-04-08 18:50:21.351 68723 INFO tempest.lib.common.rest_client [req-65c24f8b-b82d-4d94-b405-b06b7ef0d587 req-65c24f8b-b82d-4d94-b405-b06b7ef0d587 ] Request (HypervisorAdminNegativeUnderV252Test:test_search_nonexistent_hypervisor): 404 GET http://10.180.1.21/compute/v2.1/os-hypervisors/nonexistent_hypervisor_name/search 1.649s
2025-04-08 18:50:21.372 68745 INFO tempest.lib.common.rest_client [req-2340446b-b50a-486a-b38f-baa325450f03 req-2340446b-b50a-486a-b38f-baa325450f03 ] Request (FlavorsAdminTestJSON:_run_cleanups): 202 DELETE http://10.180.1.21/compute/v2.1/flavors/1179437857 1.651s
2025-04-08 18:50:21.422 68755 INFO tempest.lib.common.rest_client [req-a7abb2d2-88a8-4f5a-b2ef-a356361c8157 req-a7abb2d2-88a8-4f5a-b2ef-a356361c8157 ] Request (FlavorsV255TestJSON:tearDownClass): 204 DELETE http://10.180.1.21/identity/v3/users/0f11b1513c9c4e60adaddf2dbd56a183 0.086s
2025-04-08 18:50:21.512 68783 INFO tempest.lib.common.rest_client [req-f962cac0-2910-46e8-a539-6588fe2fb180 req-f962cac0-2910-46e8-a539-6588fe2fb180 ] Request (ServerDiagnosticsV248Test:test_get_server_diagnostics): 200 GET http://10.180.1.21/compute/v2.1/servers/bbf050f4-9cf2-49f7-984d-d140f7aac3f5 1.518s
2025-04-08 18:50:21.537 68773 INFO tempest.lib.common.rest_client [req-82a010fb-6aa8-4599-a99e-3623b584f29b req-82a010fb-6aa8-4599-a99e-3623b584f29b ] Request (AggregatesAdminNegativeTestJSON:test_aggregate_add_host_as_user): 200 POST http://10.180.1.21/compute/v2.1/os-aggregates 1.386s
2025-04-08 18:50:21.560 68755 INFO tempest.lib.common.rest_client [req-5650d6ba-5e19-4443-940a-da66e6f35baa req-5650d6ba-5e19-4443-940a-da66e6f35baa ] Request (FlavorsV255TestJSON:tearDownClass): 204 DELETE http://10.180.1.21/identity/v3/users/0c5e4ae5db2345fb82ff7c6123dd2cba 0.138s
2025-04-08 18:50:21.560 68755 INFO tempest.lib.common.dynamic_creds [-] Deleting project and security group for project: 21e1fc17f0a14f16a8183792a718cc1b
2025-04-08 18:50:21.625 68755 INFO tempest.lib.common.rest_client [req-d7d4a0cc-d56a-46ab-b874-7702ddcb37ad req-d7d4a0cc-d56a-46ab-b874-7702ddcb37ad ] Request (FlavorsV255TestJSON:tearDownClass): 201 POST http://10.180.1.21/identity/v3/auth/tokens 0.065s
2025-04-08 18:50:21.687 68771 INFO tempest.lib.common.rest_client [req-283250c2-1373-4775-a9eb-cd635dea8791 req-283250c2-1373-4775-a9eb-cd635dea8791 ] Request (ServersV294TestFqdnHostnames:setUpClass): 201 POST http://10.180.1.21:9696/networking/v2.0/security-groups 0.381s
2025-04-08 18:50:21.713 68749 INFO tempest.lib.common.rest_client [req-d4b44d6b-d3b6-46b5-8136-742dd4d47b5f req-d4b44d6b-d3b6-46b5-8136-742dd4d47b5f ] Request (ServersAdminTestJSON:setUpClass): 201 POST http://10.180.1.21:9696/networking/v2.0/subnets 0.828s
2025-04-08 18:50:22.037 68735 INFO tempest.lib.common.rest_client [req-a6a7bc50-81ce-4881-b2d4-966712ddcbb1 req-a6a7bc50-81ce-4881-b2d4-966712ddcbb1 ] Request (ImagesDeleteNegativeTestJSON:tearDownClass): 200 GET http://10.180.1.21:9696/networking/v2.0/security-groups?tenant_id=4d45af691c88439fb7a3d86c78291bdf&name=default 0.879s
2025-04-08 18:50:22.042 68739 INFO tempest.lib.common.rest_client [req-b57c99e0-b77e-4d97-9bec-b3fe7bc6375d req-b57c99e0-b77e-4d97-9bec-b3fe7bc6375d ] Request (DeleteServersAdminTestJSON:test_admin_delete_servers_of_others): 200 GET http://10.180.1.21/compute/v2.1/servers/7dd8326b-2ccd-4c27-8fc4-fc7910042870 2.415s
2025-04-08 18:50:22.071 68753 INFO tempest.lib.common.rest_client [req-4bfd2b2c-8ee8-4a4a-916e-1e6dd48ab7dd req-4bfd2b2c-8ee8-4a4a-916e-1e6dd48ab7dd ] Request (HostsAdminTestJSON:test_list_hosts_with_nonexistent_zone): 200 GET http://10.180.1.21/compute/v2.1/os-hosts?zone=xxx 1.846s
2025-04-08 18:50:22.230 68731 INFO tempest.lib.common.rest_client [req-be8a919e-632f-4681-bf5e-c21fe991739b req-be8a919e-632f-4681-bf5e-c21fe991739b ] Request (FlavorsV2TestJSON:test_get_flavor): 200 GET http://10.180.1.21/compute/v2.1/flavors/42 1.994s
2025-04-08 18:50:22.318 68755 INFO tempest.lib.common.rest_client [req-12d49c38-0a55-4b0c-8b08-bb2303d6d9da req-12d49c38-0a55-4b0c-8b08-bb2303d6d9da ] Request (FlavorsV255TestJSON:tearDownClass): 200 GET http://10.180.1.21:9696/networking/v2.0/security-groups?tenant_id=21e1fc17f0a14f16a8183792a718cc1b&name=default 0.692s
2025-04-08 18:50:22.396 68771 INFO tempest.lib.common.rest_client [req-d229015c-3fce-4195-8d08-af10a6544441 req-d229015c-3fce-4195-8d08-af10a6544441 ] Request (ServersV294TestFqdnHostnames:setUpClass): 201 POST http://10.180.1.21:9696/networking/v2.0/security-group-rules 0.708s
2025-04-08 18:50:22.579 68725 INFO tempest.lib.common.rest_client [req-38a400bd-f7ee-4926-97de-e970e901e6bb req-38a400bd-f7ee-4926-97de-e970e901e6bb ] Request (FloatingIPsNegativeTestJSON:setUpClass): 201 POST http://10.180.1.21:9696/networking/v2.0/networks 1.390s
2025-04-08 18:50:22.641 68735 INFO tempest.lib.common.rest_client [req-f08c032b-9ddc-4a40-80ee-2aa0e2fbf743 req-f08c032b-9ddc-4a40-80ee-2aa0e2fbf743 ] Request (ImagesDeleteNegativeTestJSON:tearDownClass): 204 DELETE http://10.180.1.21:9696/networking/v2.0/security-groups/dd94867e-0e94-4c7e-9d82-646d27b61a70 0.604s
2025-04-08 18:50:22.700 68767 INFO tempest.lib.common.rest_client [req-2610e0de-5bbe-4920-a8fa-abdbcf936237 req-2610e0de-5bbe-4920-a8fa-abdbcf936237 ] Request (ServerDiagnosticsTest:test_get_server_diagnostics): 200 GET http://10.180.1.21/compute/v2.1/servers/3c9187ce-bad4-4634-bd67-7a3e7a4cacaf 2.046s
2025-04-08 18:50:22.705 68735 INFO tempest.lib.common.rest_client [req-99928b58-ce66-4a32-ae8a-7c96a4ab995c req-99928b58-ce66-4a32-ae8a-7c96a4ab995c ] Request (ImagesDeleteNegativeTestJSON:tearDownClass): 204 DELETE http://10.180.1.21/identity/v3/projects/4d45af691c88439fb7a3d86c78291bdf 0.063s
2025-04-08 18:50:22.711 68761 INFO tempest.lib.common.rest_client [req-7e105f7b-ac25-44fc-931d-80b80f8ffb2d req-7e105f7b-ac25-44fc-931d-80b80f8ffb2d ] Request (HostsAdminNegativeTestJSON:test_shutdown_nonexistent_host): 404 GET http://10.180.1.21/compute/v2.1/os-hosts/nonexistent_hostname/shutdown 2.040s
2025-04-08 18:50:22.788 68735 INFO tempest.lib.common.rest_client [req-98697839-2fed-4ca3-8297-f20b1ee530fe req-98697839-2fed-4ca3-8297-f20b1ee530fe ] Request (KeyPairsV2TestJSON:setUpClass): 201 POST http://10.180.1.21/identity/v3/auth/tokens 0.081s
2025-04-08 18:50:22.815 68777 INFO tempest.lib.common.rest_client [req-ffe8bddf-6361-4cd9-8d45-9feb94a97284 req-ffe8bddf-6361-4cd9-8d45-9feb94a97284 ] Request (ServersAdminNegativeTestJSON:setUpClass): 200 GET http://10.180.1.21/compute/v2.1/servers/5ebb83ca-5c3e-40c2-a9c3-9c1f182a1909 2.002s
2025-04-08 18:50:22.829 68735 INFO tempest.lib.common.rest_client [req-22e4e779-d383-4d93-9cc2-ff42f3f08674 req-22e4e779-d383-4d93-9cc2-ff42f3f08674 ] Request (KeyPairsV2TestJSON:setUpClass): 201 POST http://10.180.1.21/identity/v3/auth/tokens 0.039s
2025-04-08 18:50:22.835 68741 INFO tempest.lib.common.rest_client [req-8ccc4086-21c8-48b7-a6b0-efdb9e4bd64e req-8ccc4086-21c8-48b7-a6b0-efdb9e4bd64e ] Request (ServersWithSpecificFlavorTestJSON:test_verify_created_server_ephemeral_disk): 200 GET http://10.180.1.21/compute/v2.1/flavors/42/os-extra_specs 1.997s
2025-04-08 18:50:22.843 68727 INFO tempest.lib.common.rest_client [req-bbc44ba8-f64a-494c-826e-21fa92b742b7 req-bbc44ba8-f64a-494c-826e-21fa92b742b7 ] Request (FlavorsExtraSpecsNegativeTestJSON:test_flavor_update_mismatch_key): 400 PUT http://10.180.1.21/compute/v2.1/flavors/1335332948/os-extra_specs/hw:numa_nodes 1.995s
2025-04-08 18:50:22.866 68765 INFO tempest.lib.common.rest_client [req-32ebef9a-6fbb-41f7-855e-ded90dde0c9f req-32ebef9a-6fbb-41f7-855e-ded90dde0c9f ] Request (FlavorsExtraSpecsTestJSON:test_flavor_set_get_update_show_unset_keys): 200 PUT http://10.180.1.21/compute/v2.1/flavors/1765177845/os-extra_specs/hw:numa_nodes 2.007s
2025-04-08 18:50:22.867 68735 INFO tempest.lib.common.rest_client [req-ba057561-7741-4209-970d-6472b312411e req-ba057561-7741-4209-970d-6472b312411e ] Request (KeyPairsV2TestJSON:setUpClass): 200 GET http://10.180.1.21/identity/v3/domains?name=Default 0.036s
2025-04-08 18:50:22.867 68769 INFO tempest.lib.common.rest_client [req-d7c1ee9b-5bca-49ae-b1d0-72a1655e9cf0 req-d7c1ee9b-5bca-49ae-b1d0-72a1655e9cf0 ] Request (SecurityGroupsNegativeTestJSON:test_delete_security_group_without_passing_id): 404 DELETE http://10.180.1.21/compute/v2.1/os-security-groups/ 1.978s
2025-04-08 18:50:22.888 68755 INFO tempest.lib.common.rest_client [req-37465612-9221-40e9-8fe9-2c68599ed505 req-37465612-9221-40e9-8fe9-2c68599ed505 ] Request (FlavorsV255TestJSON:tearDownClass): 204 DELETE http://10.180.1.21:9696/networking/v2.0/security-groups/58e07d70-f626-41fb-b761-b4597dcb57f9 0.569s
2025-04-08 18:50:22.902 68735 INFO tempest.lib.common.rest_client [req-a09c76fc-7f13-4bd4-9589-2834da434969 req-a09c76fc-7f13-4bd4-9589-2834da434969 ] Request (KeyPairsV2TestJSON:setUpClass): 201 POST http://10.180.1.21/identity/v3/projects 0.034s
2025-04-08 18:50:22.949 68757 INFO tempest.lib.common.rest_client [req-feb4c16a-3272-48a7-abe1-c7878a4987d2 req-feb4c16a-3272-48a7-abe1-c7878a4987d2 ] Request (ServicesAdminNegativeV253TestJSON:test_get_service_with_valid_service_and_invalid_host): 200 GET http://10.180.1.21/compute/v2.1/os-services?host=xxx&binary=nova-scheduler 1.987s
2025-04-08 18:50:22.965 68735 INFO tempest.lib.common.rest_client [req-a4a0ef46-02eb-4ae3-bba5-a8813ba24a75 req-a4a0ef46-02eb-4ae3-bba5-a8813ba24a75 ] Request (KeyPairsV2TestJSON:setUpClass): 201 POST http://10.180.1.21/identity/v3/users 0.061s
2025-04-08 18:50:23.001 68755 INFO tempest.lib.common.rest_client [req-d689cd11-8c6c-4c1f-92e3-b5b3d506226d req-d689cd11-8c6c-4c1f-92e3-b5b3d506226d ] Request (FlavorsV255TestJSON:tearDownClass): 204 DELETE http://10.180.1.21/identity/v3/projects/21e1fc17f0a14f16a8183792a718cc1b 0.113s
2025-04-08 18:50:23.001 68755 INFO tempest.lib.common.dynamic_creds [-] Deleting project and security group for project: 397f895e40b744098901341045ae02d5
2025-04-08 18:50:23.035 68735 INFO tempest.lib.common.rest_client [req-527c1f54-7fe4-4227-8747-de97a1fab9af req-527c1f54-7fe4-4227-8747-de97a1fab9af ] Request (KeyPairsV2TestJSON:setUpClass): 200 GET http://10.180.1.21/identity/v3/roles 0.069s
2025-04-08 18:50:23.081 68735 INFO tempest.lib.common.rest_client [req-03454960-f60b-4512-b8ab-8762761fbdf3 req-03454960-f60b-4512-b8ab-8762761fbdf3 ] Request (KeyPairsV2TestJSON:setUpClass): 204 PUT http://10.180.1.21/identity/v3/projects/91172792c58a48988df99181bfc9042a/users/a875181dba4c4f538332202dff947ea6/roles/0238365169734317892e61cd6698901e 0.045s
2025-04-08 18:50:23.081 68735 INFO tempest.lib.common.dynamic_creds [-] Dynamic test user a875181dba4c4f538332202dff947ea6 is created with scope project and roles: ['member']
2025-04-08 18:50:23.081 68735 INFO tempest.lib.common.dynamic_creds [-] Acquired dynamic creds: credentials: Credentials: {'domain_id': 'default', 'domain_name': 'Default', 'username': 'tempest-KeyPairsV2TestJSON-676248242-project-member', 'project_domain_id': 'default', 'project_domain_name': 'Default', 'project_id': '91172792c58a48988df99181bfc9042a', 'project_name': 'tempest-KeyPairsV2TestJSON-676248242', 'tenant_id': '91172792c58a48988df99181bfc9042a', 'tenant_name': 'tempest-KeyPairsV2TestJSON-676248242', 'user_domain_id': 'default', 'user_domain_name': 'Default', 'user_id': 'a875181dba4c4f538332202dff947ea6', 'system': None}, Network: None, Subnet: None, Router: None
2025-04-08 18:50:23.082 68735 INFO tempest.lib.common.dynamic_creds [-] Created isolated network resources for: credentials: Credentials: {'domain_id': 'default', 'domain_name': 'Default', 'username': 'tempest-KeyPairsV2TestJSON-676248242-project-member', 'project_domain_id': 'default', 'project_domain_name': 'Default', 'project_id': '91172792c58a48988df99181bfc9042a', 'project_name': 'tempest-KeyPairsV2TestJSON-676248242', 'tenant_id': '91172792c58a48988df99181bfc9042a', 'tenant_name': 'tempest-KeyPairsV2TestJSON-676248242', 'user_domain_id': 'default', 'user_domain_name': 'Default', 'user_id': 'a875181dba4c4f538332202dff947ea6', 'system': None}, Network: None, Subnet: None, Router: None
2025-04-08 18:50:23.159 68735 INFO tempest.lib.common.rest_client [req-04157ab8-89dd-49c5-b3d4-8a0bce6507a7 req-04157ab8-89dd-49c5-b3d4-8a0bce6507a7 ] Request (KeyPairsV2TestJSON:setUpClass): 201 POST http://10.180.1.21/identity/v3/auth/tokens 0.073s
2025-04-08 18:50:23.175 68771 INFO tempest.lib.common.rest_client [req-a2ce77b7-07c4-4fe6-b848-71ee676cfbc9 req-a2ce77b7-07c4-4fe6-b848-71ee676cfbc9 ] Request (ServersV294TestFqdnHostnames:setUpClass): 201 POST http://10.180.1.21:9696/networking/v2.0/security-group-rules 0.778s
2025-04-08 18:50:23.253 68759 INFO tempest.lib.common.rest_client [req-c5830d2b-bfda-4e0d-88ca-068cdeb52301 req-c5830d2b-bfda-4e0d-88ca-068cdeb52301 ] Request (AttachInterfacesUnderV243Test:setUpClass): 201 POST http://10.180.1.21:9696/networking/v2.0/routers 3.742s
2025-04-08 18:50:23.503 68751 INFO tempest.lib.common.rest_client [req-c8b4deb7-3262-4b74-96fd-711ab4f0a194 req-c8b4deb7-3262-4b74-96fd-711ab4f0a194 ] Request (ImagesTestJSON:test_create_image_from_stopped_server): 200 GET http://10.180.1.21/compute/v2.1/servers/cd131349-f678-4271-af79-456624f090d1 2.380s
2025-04-08 18:50:23.544 68725 INFO tempest.lib.common.rest_client [req-f996f0fe-621c-45d7-a67d-272538bbe9b2 req-f996f0fe-621c-45d7-a67d-272538bbe9b2 ] Request (FloatingIPsNegativeTestJSON:setUpClass): 201 POST http://10.180.1.21:9696/networking/v2.0/subnets 0.965s
2025-04-08 18:50:23.670 68779 INFO tempest.lib.common.rest_client [req-7db7bc66-858b-4f69-8e9d-0849d15bc04a req-7db7bc66-858b-4f69-8e9d-0849d15bc04a ] Request (QuotasAdminTestJSON:test_get_updated_quotas): 200 GET http://10.180.1.21/compute/v2.1/os-quota-sets/eccddc8375d1485790e6d657cebf87ca/detail 2.543s
2025-04-08 18:50:23.706 68779 INFO tempest.lib.common.rest_client [req-1b37dac2-9bb6-417d-ad36-5cb4e8f35c59 req-1b37dac2-9bb6-417d-ad36-5cb4e8f35c59 ] Request (QuotasAdminTestJSON:test_get_updated_quotas): 200 GET http://10.180.1.21/identity/v3/domains?name=Default 0.028s
2025-04-08 18:50:23.753 68779 INFO tempest.lib.common.rest_client [req-9bd6ce12-e33e-47e5-9841-c8d50d003409 req-9bd6ce12-e33e-47e5-9841-c8d50d003409 ] Request (QuotasAdminTestJSON:test_get_updated_quotas): 201 POST http://10.180.1.21/identity/v3/users 0.046s
2025-04-08 18:50:23.783 68779 INFO tempest.lib.common.rest_client [req-6d480deb-ba2f-45b3-8802-cb4eb1965772 req-6d480deb-ba2f-45b3-8802-cb4eb1965772 ] Request (QuotasAdminTestJSON:test_get_updated_quotas): 200 GET http://10.180.1.21/identity/v3/domains?name=Default 0.030s
2025-04-08 18:50:23.887 68755 INFO tempest.lib.common.rest_client [req-ae27dda5-0a6c-469a-b749-a67100fc930a req-ae27dda5-0a6c-469a-b749-a67100fc930a ] Request (FlavorsV255TestJSON:tearDownClass): 200 GET http://10.180.1.21:9696/networking/v2.0/security-groups?tenant_id=397f895e40b744098901341045ae02d5&name=default 0.886s
2025-04-08 18:50:23.950 68721 INFO tempest.lib.common.rest_client [req-42729005-26d5-46f9-a399-abaef505dd09 req-42729005-26d5-46f9-a399-abaef505dd09 ] Request (VolumesSnapshotsTestJSON:test_volume_snapshot_create_get_list_delete): 200 POST http://10.180.1.21/compute/v2.1/os-snapshots 2.746s
2025-04-08 18:50:23.974 68743 INFO tempest.lib.common.rest_client [req-be5260dc-4d65-4258-85ea-bb8f6f3b1c7d req-be5260dc-4d65-4258-85ea-bb8f6f3b1c7d ] Request (FlavorsAccessNegativeTestJSON:test_flavor_access_list_with_public_flavor): 200 POST http://10.180.1.21/compute/v2.1/flavors 2.734s
2025-04-08 18:50:23.999 68763 INFO tempest.lib.common.rest_client [req-611f8b8f-c815-4c59-b17f-2506f3e8ac3a req-611f8b8f-c815-4c59-b17f-2506f3e8ac3a ] Request (KeyPairsV210TestJSON:_run_cleanups): 204 DELETE http://10.180.1.21/compute/v2.1/os-keypairs/tempest-keypair-1744187090?user_id=347e26532e8e4b92b18b06235041a83a 2.758s
2025-04-08 18:50:24.031 68776 INFO tempest.lib.common.rest_client [req-0b740d04-d509-4dd6-accf-b78b48869cdd req-0b740d04-d509-4dd6-accf-b78b48869cdd ] Request (FlavorsAccessTestJSON:_run_cleanups): 202 DELETE http://10.180.1.21/compute/v2.1/flavors/34041273 2.772s
2025-04-08 18:50:24.036 68733 INFO tempest.lib.common.rest_client [req-15a2c314-adc9-4b5c-9c6a-3162bb08cddf req-15a2c314-adc9-4b5c-9c6a-3162bb08cddf ] Request (HypervisorAdminNegativeTestJSON:test_show_hypervisor_with_non_admin_user): 403 GET http://10.180.1.21/compute/v2.1/os-hypervisors/1 2.691s
2025-04-08 18:50:24.066 68723 INFO tempest.lib.common.rest_client [req-45d96646-663e-4642-91e9-b9a6ade09bc7 req-45d96646-663e-4642-91e9-b9a6ade09bc7 ] Request (HypervisorAdminNegativeUnderV252Test:test_show_servers_with_non_admin_user): 200 GET http://10.180.1.21/compute/v2.1/os-hypervisors 2.714s
2025-04-08 18:50:24.091 68745 INFO tempest.lib.common.rest_client [req-16b85fbe-1549-4aca-b741-3057c3cd71b3 req-16b85fbe-1549-4aca-b741-3057c3cd71b3 ] Request (FlavorsAdminTestJSON:_run_cleanups): 200 GET http://10.180.1.21/compute/v2.1/flavors/detail 2.718s
2025-04-08 18:50:24.253 68763 INFO tempest.lib.common.rest_client [req-29022f76-db6a-4433-8e57-bc774752b519 req-29022f76-db6a-4433-8e57-bc774752b519 ] Request (KeyPairsV210TestJSON:tearDownClass): 204 DELETE http://10.180.1.21/identity/v3/users/347e26532e8e4b92b18b06235041a83a 0.246s
2025-04-08 18:50:24.310 68755 INFO tempest.lib.common.rest_client [req-c3fc3bfa-f35a-4f10-93d0-a02c9a5b4ffe req-c3fc3bfa-f35a-4f10-93d0-a02c9a5b4ffe ] Request (FlavorsV255TestJSON:tearDownClass): 204 DELETE http://10.180.1.21:9696/networking/v2.0/security-groups/4fa3ff71-67fa-4861-80e7-c4ec202ed4a0 0.422s
2025-04-08 18:50:24.329 68773 INFO tempest.lib.common.rest_client [req-c2e2cdad-31c3-4cc9-9df0-58772f5d004a req-c2e2cdad-31c3-4cc9-9df0-58772f5d004a ] Request (AggregatesAdminNegativeTestJSON:test_aggregate_add_host_as_user): 403 POST http://10.180.1.21/compute/v2.1/os-aggregates/2/action 2.786s
2025-04-08 18:50:24.399 68763 INFO tempest.lib.common.rest_client [req-f5995934-8bee-4e6e-975a-8d9cf071f49b req-f5995934-8bee-4e6e-975a-8d9cf071f49b ] Request (KeyPairsV210TestJSON:tearDownClass): 204 DELETE http://10.180.1.21/identity/v3/users/0472e7cc232a48248b63f32234f68fba 0.146s
2025-04-08 18:50:24.399 68763 INFO tempest.lib.common.dynamic_creds [-] Deleting project and security group for project: 400a118cd6da49aaae032d656dec5443
2025-04-08 18:50:24.457 68755 INFO tempest.lib.common.rest_client [req-2b8c54c2-830b-48d9-ae0d-fc51b73ca786 req-2b8c54c2-830b-48d9-ae0d-fc51b73ca786 ] Request (FlavorsV255TestJSON:tearDownClass): 204 DELETE http://10.180.1.21/identity/v3/projects/397f895e40b744098901341045ae02d5 0.147s
2025-04-08 18:50:24.460 68763 INFO tempest.lib.common.rest_client [req-c6592878-21ff-464e-8969-1933fbb53f3a req-c6592878-21ff-464e-8969-1933fbb53f3a ] Request (KeyPairsV210TestJSON:tearDownClass): 201 POST http://10.180.1.21/identity/v3/auth/tokens 0.061s
2025-04-08 18:50:24.486 68755 INFO tempest.lib.common.rest_client [req-759c6c07-5ffe-4ae2-b66f-dfae8980ab13 req-759c6c07-5ffe-4ae2-b66f-dfae8980ab13 ] Request (InstanceUsageAuditLogTestJSON:setUpClass): 201 POST http://10.180.1.21/identity/v3/auth/tokens 0.026s
2025-04-08 18:50:24.524 68755 INFO tempest.lib.common.rest_client [req-d9817609-ea39-491e-b610-56c75378b757 req-d9817609-ea39-491e-b610-56c75378b757 ] Request (InstanceUsageAuditLogTestJSON:setUpClass): 201 POST http://10.180.1.21/identity/v3/auth/tokens 0.035s
2025-04-08 18:50:24.549 68755 INFO tempest.lib.common.rest_client [req-965338ba-8081-4add-923b-4e1566280529 req-965338ba-8081-4add-923b-4e1566280529 ] Request (InstanceUsageAuditLogTestJSON:setUpClass): 200 GET http://10.180.1.21/identity/v3/domains?name=Default 0.024s
2025-04-08 18:50:24.577 68755 INFO tempest.lib.common.rest_client [req-3e8b6053-d58e-458a-a164-5a320139331e req-3e8b6053-d58e-458a-a164-5a320139331e ] Request (InstanceUsageAuditLogTestJSON:setUpClass): 201 POST http://10.180.1.21/identity/v3/projects 0.027s
2025-04-08 18:50:24.667 68755 INFO tempest.lib.common.rest_client [req-79b83d39-4109-4e26-a1e7-231cfdc7d614 req-79b83d39-4109-4e26-a1e7-231cfdc7d614 ] Request (InstanceUsageAuditLogTestJSON:setUpClass): 201 POST http://10.180.1.21/identity/v3/users 0.089s
2025-04-08 18:50:24.684 68755 INFO tempest.lib.common.rest_client [req-ec96c641-a558-4fdf-a19f-5fa50b4ff8d7 req-ec96c641-a558-4fdf-a19f-5fa50b4ff8d7 ] Request (InstanceUsageAuditLogTestJSON:setUpClass): 200 GET http://10.180.1.21/identity/v3/roles 0.017s
2025-04-08 18:50:24.719 68755 INFO tempest.lib.common.rest_client [req-bf8ea446-4239-4615-bf12-6ae741371cd6 req-bf8ea446-4239-4615-bf12-6ae741371cd6 ] Request (InstanceUsageAuditLogTestJSON:setUpClass): 204 PUT http://10.180.1.21/identity/v3/projects/2cc5b3fb5e5f4a00b308089cc815e8d6/users/a1e4020717e84e29aabcf6d27477e670/roles/0238365169734317892e61cd6698901e 0.034s
2025-04-08 18:50:24.719 68755 INFO tempest.lib.common.dynamic_creds [-] Dynamic test user a1e4020717e84e29aabcf6d27477e670 is created with scope project and roles: ['member']
2025-04-08 18:50:24.720 68755 INFO tempest.lib.common.dynamic_creds [-] Acquired dynamic creds: credentials: Credentials: {'domain_id': 'default', 'domain_name': 'Default', 'username': 'tempest-InstanceUsageAuditLogTestJSON-161609819-project-member', 'project_domain_id': 'default', 'project_domain_name': 'Default', 'project_id': '2cc5b3fb5e5f4a00b308089cc815e8d6', 'project_name': 'tempest-InstanceUsageAuditLogTestJSON-161609819', 'tenant_id': '2cc5b3fb5e5f4a00b308089cc815e8d6', 'tenant_name': 'tempest-InstanceUsageAuditLogTestJSON-161609819', 'user_domain_id': 'default', 'user_domain_name': 'Default', 'user_id': 'a1e4020717e84e29aabcf6d27477e670', 'system': None}, Network: None, Subnet: None, Router: None
2025-04-08 18:50:24.720 68755 INFO tempest.lib.common.dynamic_creds [-] Created isolated network resources for: credentials: Credentials: {'domain_id': 'default', 'domain_name': 'Default', 'username': 'tempest-InstanceUsageAuditLogTestJSON-161609819-project-member', 'project_domain_id': 'default', 'project_domain_name': 'Default', 'project_id': '2cc5b3fb5e5f4a00b308089cc815e8d6', 'project_name': 'tempest-InstanceUsageAuditLogTestJSON-161609819', 'tenant_id': '2cc5b3fb5e5f4a00b308089cc815e8d6', 'tenant_name': 'tempest-InstanceUsageAuditLogTestJSON-161609819', 'user_domain_id': 'default', 'user_domain_name': 'Default', 'user_id': 'a1e4020717e84e29aabcf6d27477e670', 'system': None}, Network: None, Subnet: None, Router: None
2025-04-08 18:50:24.800 68755 INFO tempest.lib.common.rest_client [req-de3f61aa-44dd-4a90-b79c-72fa19b09b05 req-de3f61aa-44dd-4a90-b79c-72fa19b09b05 ] Request (InstanceUsageAuditLogTestJSON:setUpClass): 201 POST http://10.180.1.21/identity/v3/auth/tokens 0.076s
2025-04-08 18:50:24.879 68755 INFO tempest.lib.common.rest_client [req-47494a4a-6403-4be4-8011-653f4398a675 req-47494a4a-6403-4be4-8011-653f4398a675 ] Request (InstanceUsageAuditLogTestJSON:setUpClass): 201 POST http://10.180.1.21/identity/v3/projects 0.078s
2025-04-08 18:50:24.888 68737 INFO tempest.lib.common.rest_client [req-1a512f5f-4f36-415e-951f-39d6835a03f5 req-1a512f5f-4f36-415e-951f-39d6835a03f5 ] Request (ServerExternalEventsTest:test_create_server_external_events): 200 GET http://10.180.1.21/compute/v2.1/servers/b0882dec-0d2a-4f62-933d-0d24f3340026 3.215s
2025-04-08 18:50:24.913 68753 INFO tempest.lib.common.rest_client [req-68a306ba-5082-4088-898f-19863988e7dc req-68a306ba-5082-4088-898f-19863988e7dc ] Request (HostsAdminTestJSON:test_list_hosts_with_zone): 200 GET http://10.180.1.21/compute/v2.1/os-hosts 2.839s
2025-04-08 18:50:24.926 68771 INFO tempest.lib.common.rest_client [req-3a785f6a-7130-4f04-a3c2-4b5d9ce53e37 req-3a785f6a-7130-4f04-a3c2-4b5d9ce53e37 ] Request (ServersV294TestFqdnHostnames:setUpClass): 201 POST http://10.180.1.21:9696/networking/v2.0/floatingips 1.750s
2025-04-08 18:50:24.934 68731 INFO tempest.lib.common.rest_client [req-96694bfa-4056-4483-a1a3-cc34d4656e9a req-96694bfa-4056-4483-a1a3-cc34d4656e9a ] Request (FlavorsV2TestJSON:test_list_flavors): 200 GET http://10.180.1.21/compute/v2.1/flavors 2.699s
2025-04-08 18:50:24.977 68755 INFO tempest.lib.common.rest_client [req-3eaaec21-69e2-44e1-94bf-28abc5c8407c req-3eaaec21-69e2-44e1-94bf-28abc5c8407c ] Request (InstanceUsageAuditLogTestJSON:setUpClass): 201 POST http://10.180.1.21/identity/v3/users 0.097s
2025-04-08 18:50:25.009 68763 INFO tempest.lib.common.rest_client [req-2efd6221-7a18-4e03-b652-0abc842e8b27 req-2efd6221-7a18-4e03-b652-0abc842e8b27 ] Request (KeyPairsV210TestJSON:tearDownClass): 200 GET http://10.180.1.21:9696/networking/v2.0/security-groups?tenant_id=400a118cd6da49aaae032d656dec5443&name=default 0.548s
2025-04-08 18:50:25.011 68771 INFO tempest.lib.common.rest_client [req-c615ba49-16a8-4ab4-b09e-f55515389416 req-c615ba49-16a8-4ab4-b09e-f55515389416 ] Request (ServersV294TestFqdnHostnames:setUpClass): 201 POST http://10.180.1.21/identity/v3/auth/tokens 0.078s
2025-04-08 18:50:25.011 68755 INFO tempest.lib.common.rest_client [req-e639916c-e905-4a16-8145-c842ec2ea929 req-e639916c-e905-4a16-8145-c842ec2ea929 ] Request (InstanceUsageAuditLogTestJSON:setUpClass): 200 GET http://10.180.1.21/identity/v3/roles 0.033s
2025-04-08 18:50:25.012 68771 INFO tempest.lib.common.fixed_network [-] (ServersV294TestFqdnHostnames:setUpClass) Found network {'id': '42a8a94c-8105-467f-abe9-18bf06e5bc87', 'name': 'tempest-ServersV294TestFqdnHostnames-1917813979-network', 'tenant_id': '0f4009e4cde244d28805f6935ba6e399', 'admin_state_up': True, 'mtu': 8950, 'status': 'ACTIVE', 'subnets': [], 'shared': False, 'project_id': '0f4009e4cde244d28805f6935ba6e399', 'port_security_enabled': True, 'router:external': False, 'provider:network_type': 'vlan', 'provider:physical_network': 'default', 'provider:segmentation_id': 908, 'is_default': False, 'availability_zone_hints': [], 'availability_zones': [], 'ipv4_address_scope': None, 'ipv6_address_scope': None, 'description': '', 'tags': [], 'created_at': '2025-04-08T18:50:09Z', 'updated_at': '2025-04-08T18:50:09Z', 'revision_number': 1} available for tenant
2025-04-08 18:50:25.034 68783 INFO tempest.lib.common.rest_client [req-f7c6c84a-8cf2-4e15-b14f-50c25fb93bb9 req-f7c6c84a-8cf2-4e15-b14f-50c25fb93bb9 ] Request (ServerDiagnosticsV248Test:test_get_server_diagnostics): 200 GET http://10.180.1.21/compute/v2.1/servers/bbf050f4-9cf2-49f7-984d-d140f7aac3f5 2.510s
2025-04-08 18:50:25.040 68761 INFO tempest.lib.common.rest_client [req-45f785db-34be-4d2b-af94-7ad881202ef1 req-45f785db-34be-4d2b-af94-7ad881202ef1 ] Request (HostsAdminNegativeTestJSON:test_startup_host_with_non_admin_user): 403 GET http://10.180.1.21/compute/v2.1/os-hosts/devstack/startup 2.327s
2025-04-08 18:50:25.054 68755 INFO tempest.lib.common.rest_client [req-966dc2fb-22d9-4995-9ffb-6afb35b6f7f7 req-966dc2fb-22d9-4995-9ffb-6afb35b6f7f7 ] Request (InstanceUsageAuditLogTestJSON:setUpClass): 204 PUT http://10.180.1.21/identity/v3/projects/017d84759e90452693a45ec361c52c1f/users/bb035fce7b03438ebadb6190b4fc67b9/roles/266c474b4f584fe58a6b190d976e55bf 0.042s
2025-04-08 18:50:25.074 68741 INFO tempest.lib.common.rest_client [req-998f1c5e-43d9-410e-b2b2-701bb8fd5d01 req-998f1c5e-43d9-410e-b2b2-701bb8fd5d01 ] Request (ServersWithSpecificFlavorTestJSON:test_verify_created_server_ephemeral_disk): 200 POST http://10.180.1.21/compute/v2.1/flavors/1317626704/os-extra_specs 2.238s
2025-04-08 18:50:25.080 68727 INFO tempest.lib.common.rest_client [req-07f819c7-7405-4107-b471-7dbbc03a0d5e req-07f819c7-7405-4107-b471-7dbbc03a0d5e ] Request (FlavorsExtraSpecsNegativeTestJSON:test_flavor_update_more_key): 400 PUT http://10.180.1.21/compute/v2.1/flavors/1335332948/os-extra_specs/hw:numa_nodes 2.235s
2025-04-08 18:50:25.094 68765 INFO tempest.lib.common.rest_client [req-b8204bad-77d1-4019-8a0e-2536ce21da17 req-b8204bad-77d1-4019-8a0e-2536ce21da17 ] Request (FlavorsExtraSpecsTestJSON:test_flavor_set_get_update_show_unset_keys): 200 GET http://10.180.1.21/compute/v2.1/flavors/1765177845/os-extra_specs 2.226s
2025-04-08 18:50:25.149 68755 INFO tempest.lib.common.rest_client [req-9ddd9c5c-2ed9-423f-94a1-c0f46127d68d req-9ddd9c5c-2ed9-423f-94a1-c0f46127d68d ] Request (InstanceUsageAuditLogTestJSON:setUpClass): 200 GET http://10.180.1.21/identity/v3/roles 0.094s
2025-04-08 18:50:25.171 68755 INFO tempest.lib.common.rest_client [req-a1dbdce4-a6e8-4521-a2c4-be432d23e6f1 req-a1dbdce4-a6e8-4521-a2c4-be432d23e6f1 ] Request (InstanceUsageAuditLogTestJSON:setUpClass): 204 PUT http://10.180.1.21/identity/v3/projects/017d84759e90452693a45ec361c52c1f/users/bb035fce7b03438ebadb6190b4fc67b9/roles/266c474b4f584fe58a6b190d976e55bf 0.021s
2025-04-08 18:50:25.171 68755 INFO tempest.lib.common.dynamic_creds [-] Dynamic test user bb035fce7b03438ebadb6190b4fc67b9 is created with scope project and roles: ['admin']
2025-04-08 18:50:25.172 68755 INFO tempest.lib.common.dynamic_creds [-] Acquired dynamic creds: credentials: Credentials: {'domain_id': 'default', 'domain_name': 'Default', 'username': 'tempest-InstanceUsageAuditLogTestJSON-1830503687-project-admin', 'project_domain_id': 'default', 'project_domain_name': 'Default', 'project_id': '017d84759e90452693a45ec361c52c1f', 'project_name': 'tempest-InstanceUsageAuditLogTestJSON-1830503687', 'tenant_id': '017d84759e90452693a45ec361c52c1f', 'tenant_name': 'tempest-InstanceUsageAuditLogTestJSON-1830503687', 'user_domain_id': 'default', 'user_domain_name': 'Default', 'user_id': 'bb035fce7b03438ebadb6190b4fc67b9', 'system': None}, Network: None, Subnet: None, Router: None
2025-04-08 18:50:25.172 68755 INFO tempest.lib.common.dynamic_creds [-] Created isolated network resources for: credentials: Credentials: {'domain_id': 'default', 'domain_name': 'Default', 'username': 'tempest-InstanceUsageAuditLogTestJSON-1830503687-project-admin', 'project_domain_id': 'default', 'project_domain_name': 'Default', 'project_id': '017d84759e90452693a45ec361c52c1f', 'project_name': 'tempest-InstanceUsageAuditLogTestJSON-1830503687', 'tenant_id': '017d84759e90452693a45ec361c52c1f', 'tenant_name': 'tempest-InstanceUsageAuditLogTestJSON-1830503687', 'user_domain_id': 'default', 'user_domain_name': 'Default', 'user_id': 'bb035fce7b03438ebadb6190b4fc67b9', 'system': None}, Network: None, Subnet: None, Router: None
2025-04-08 18:50:25.177 68729 INFO tempest.lib.common.rest_client [req-cefbe9e8-66a2-4890-afa3-88467c4187e6 req-cefbe9e8-66a2-4890-afa3-88467c4187e6 ] Request (VolumesAssistedSnapshotsTest:setUpClass): 200 PUT http://10.180.1.21:9696/networking/v2.0/routers/fc16aa89-783c-4bda-8baa-83552092c068/add_router_interface 4.633s
2025-04-08 18:50:25.178 68729 INFO tempest.lib.common.dynamic_creds [-] Created isolated network resources for: credentials: Credentials: {'domain_id': 'default', 'domain_name': 'Default', 'username': 'tempest-VolumesAssistedSnapshotsTest-116129747-project', 'project_domain_id': 'default', 'project_domain_name': 'Default', 'project_id': '85542dc3c332408aa3057ff78396aa4b', 'project_name': 'tempest-VolumesAssistedSnapshotsTest-116129747', 'tenant_id': '85542dc3c332408aa3057ff78396aa4b', 'tenant_name': 'tempest-VolumesAssistedSnapshotsTest-116129747', 'user_domain_id': 'default', 'user_domain_name': 'Default', 'user_id': 'd3c76164c4ee4980ba404335d37194ed', 'system': None}, Network: {'id': '6ca0e99d-5ac2-405f-b729-75a48bb30933', 'name': 'tempest-VolumesAssistedSnapshotsTest-1782396116-network', 'tenant_id': '85542dc3c332408aa3057ff78396aa4b', 'admin_state_up': True, 'mtu': 8950, 'status': 'ACTIVE', 'subnets': [], 'shared': False, 'project_id': '85542dc3c332408aa3057ff78396aa4b', 'port_security_enabled': True, 'router:external': False, 'provider:network_type': 'vlan', 'provider:physical_network': 'default', 'provider:segmentation_id': 644, 'is_default': False, 'availability_zone_hints': [], 'availability_zones': [], 'ipv4_address_scope': None, 'ipv6_address_scope': None, 'description': '', 'tags': [], 'created_at': '2025-04-08T18:50:16Z', 'updated_at': '2025-04-08T18:50:16Z', 'revision_number': 1}, Subnet: {'id': 'c7417976-6a28-45c9-9e7e-2d5d8406f010', 'name': 'tempest-VolumesAssistedSnapshotsTest-1782396116-subnet', 'tenant_id': '85542dc3c332408aa3057ff78396aa4b', 'network_id': '6ca0e99d-5ac2-405f-b729-75a48bb30933', 'ip_version': 4, 'subnetpool_id': None, 'enable_dhcp': True, 'ipv6_ra_mode': None, 'ipv6_address_mode': None, 'gateway_ip': '192.168.128.1', 'cidr': '192.168.128.0/28', 'allocation_pools': [{'start': '192.168.128.2', 'end': '192.168.128.14'}], 'host_routes': [], 'dns_nameservers': [], 'description': '', 'service_types': [], 'tags': [], 'created_at': '2025-04-08T18:50:17Z', 'updated_at': '2025-04-08T18:50:17Z', 'revision_number': 0, 'project_id': '85542dc3c332408aa3057ff78396aa4b'}, Router: {'id': 'fc16aa89-783c-4bda-8baa-83552092c068', 'name': 'tempest-VolumesAssistedSnapshotsTest-1782396116-router', 'tenant_id': '85542dc3c332408aa3057ff78396aa4b', 'admin_state_up': True, 'status': 'ACTIVE', 'external_gateway_info': {'network_id': 'b3fe63f2-583d-416f-91ca-971347e96806', 'external_fixed_ips': [{'subnet_id': '6a400dcf-d91d-478f-995a-883537b20cf7', 'ip_address': '10.180.180.185'}], 'enable_snat': True}, 'description': '', 'availability_zones': [], 'distributed': False, 'ha': False, 'availability_zone_hints': [], 'routes': [], 'flavor_id': None, 'tags': [], 'created_at': '2025-04-08T18:50:18Z', 'updated_at': '2025-04-08T18:50:19Z', 'revision_number': 2, 'project_id': '85542dc3c332408aa3057ff78396aa4b'}
2025-04-08 18:50:25.257 68755 INFO tempest.lib.common.rest_client [req-0a6ea94a-03dc-4212-b3a5-29f840b3c94a req-0a6ea94a-03dc-4212-b3a5-29f840b3c94a ] Request (InstanceUsageAuditLogTestJSON:setUpClass): 201 POST http://10.180.1.21/identity/v3/auth/tokens 0.082s
2025-04-08 18:50:25.287 68729 INFO tempest.lib.common.rest_client [req-c046dd64-1d58-4f12-a326-f6506a06cb55 req-c046dd64-1d58-4f12-a326-f6506a06cb55 ] Request (VolumesAssistedSnapshotsTest:setUpClass): 201 POST http://10.180.1.21/identity/v3/auth/tokens 0.107s
2025-04-08 18:50:25.352 68769 INFO tempest.lib.common.rest_client [req-094a2d6a-9a53-4c52-a247-85fe0cf76693 req-094a2d6a-9a53-4c52-a247-85fe0cf76693 ] Request (SecurityGroupsNegativeTestJSON:test_delete_the_default_security_group): 200 GET http://10.180.1.21/compute/v2.1/os-security-groups 2.482s
2025-04-08 18:50:25.450 68757 INFO tempest.lib.common.rest_client [req-cdbd81b9-df12-46a2-9baa-9ae2d3d2a323 req-cdbd81b9-df12-46a2-9baa-9ae2d3d2a323 ] Request (ServicesAdminNegativeV253TestJSON:test_list_services_with_non_admin_user): 403 GET http://10.180.1.21/compute/v2.1/os-services 2.494s
2025-04-08 18:50:25.551 68763 INFO tempest.lib.common.rest_client [req-1accd9ca-7fa9-4a5e-b43f-bc5b01a067a6 req-1accd9ca-7fa9-4a5e-b43f-bc5b01a067a6 ] Request (KeyPairsV210TestJSON:tearDownClass): 204 DELETE http://10.180.1.21:9696/networking/v2.0/security-groups/06ad3993-23b3-4bb9-a8b6-26e07e1ab919 0.542s
2025-04-08 18:50:25.573 68729 INFO tempest.lib.common.rest_client [req-04f7fd41-b351-4d86-b30d-a795ee8151e0 req-04f7fd41-b351-4d86-b30d-a795ee8151e0 ] Request (VolumesAssistedSnapshotsTest:test_volume_assisted_snapshot_create_delete): 202 POST http://10.180.1.21/volume/v3/ee08a4ea4d114343adea4dc18cf8a0b8/volumes 0.284s
2025-04-08 18:50:25.600 68757 INFO tempest.lib.common.rest_client [req-f122077c-2a14-4fcb-9529-c28ff2bf4746 req-f122077c-2a14-4fcb-9529-c28ff2bf4746 ] Request (ServicesAdminNegativeV253TestJSON:tearDownClass): 204 DELETE http://10.180.1.21/identity/v3/users/33c40614addb431f8a6ed6f9f46b3730 0.147s
2025-04-08 18:50:25.645 68729 INFO tempest.lib.common.rest_client [req-1913343c-fa52-4910-8a98-52bbcaf8cfd7 req-1913343c-fa52-4910-8a98-52bbcaf8cfd7 ] Request (VolumesAssistedSnapshotsTest:test_volume_assisted_snapshot_create_delete): 200 GET http://10.180.1.21/volume/v3/ee08a4ea4d114343adea4dc18cf8a0b8/volumes/d22fe80d-ea95-4b66-8231-3cb94eca71ba 0.065s
2025-04-08 18:50:25.672 68763 INFO tempest.lib.common.rest_client [req-95dbb251-dfff-4fbc-9bc1-07625f9db513 req-95dbb251-dfff-4fbc-9bc1-07625f9db513 ] Request (KeyPairsV210TestJSON:tearDownClass): 204 DELETE http://10.180.1.21/identity/v3/projects/400a118cd6da49aaae032d656dec5443 0.120s
2025-04-08 18:50:25.672 68763 INFO tempest.lib.common.dynamic_creds [-] Deleting project and security group for project: aec4824808b74d939547e782247de56a
2025-04-08 18:50:25.690 68739 INFO tempest.lib.common.rest_client [req-c5fbc509-5bc1-4c79-9177-6b89555f63f8 req-c5fbc509-5bc1-4c79-9177-6b89555f63f8 ] Request (DeleteServersAdminTestJSON:test_admin_delete_servers_of_others): 200 GET http://10.180.1.21/compute/v2.1/servers/7dd8326b-2ccd-4c27-8fc4-fc7910042870 2.635s
2025-04-08 18:50:25.696 68725 INFO tempest.lib.common.rest_client [req-2dd0e77e-3933-4955-bc53-5bde43d06b4c req-2dd0e77e-3933-4955-bc53-5bde43d06b4c ] Request (FloatingIPsNegativeTestJSON:setUpClass): 201 POST http://10.180.1.21:9696/networking/v2.0/routers 2.151s
2025-04-08 18:50:25.750 68757 INFO tempest.lib.common.rest_client [req-b7b416fe-0300-436e-8f22-9ba693d482ca req-b7b416fe-0300-436e-8f22-9ba693d482ca ] Request (ServicesAdminNegativeV253TestJSON:tearDownClass): 204 DELETE http://10.180.1.21/identity/v3/users/0a0e0d05d6814784a0b6a25bca7e43b6 0.149s
2025-04-08 18:50:25.750 68757 INFO tempest.lib.common.dynamic_creds [-] Deleting project and security group for project: 5dc11c278b2c46688e00de073081c1d7
2025-04-08 18:50:25.814 68757 INFO tempest.lib.common.rest_client [req-0ae5ecd1-9293-40ad-9cee-53b47d05af32 req-0ae5ecd1-9293-40ad-9cee-53b47d05af32 ] Request (ServicesAdminNegativeV253TestJSON:tearDownClass): 201 POST http://10.180.1.21/identity/v3/auth/tokens 0.064s
2025-04-08 18:50:25.820 68747 INFO tempest.lib.common.rest_client [req-c029c53e-e978-4dad-a00b-77a8699d1bfc req-c029c53e-e978-4dad-a00b-77a8699d1bfc ] Request (SecurityGroupsTestAdminJSON:test_list_security_groups_list_all_tenants_filter): 200 GET http://10.180.1.21/compute/v2.1/os-security-groups?all_tenants=true 5.628s
2025-04-08 18:50:25.886 68735 INFO tempest.lib.common.rest_client [req-368b439a-0518-489f-926f-9df5e5c5097e req-368b439a-0518-489f-926f-9df5e5c5097e ] Request (KeyPairsV2TestJSON:test_get_keypair_detail): 200 POST http://10.180.1.21/compute/v2.1/os-keypairs 2.725s
2025-04-08 18:50:25.974 68763 INFO tempest.lib.common.rest_client [req-c7859783-f254-4523-9b0c-9c993ca37e2e req-c7859783-f254-4523-9b0c-9c993ca37e2e ] Request (KeyPairsV210TestJSON:tearDownClass): 200 GET http://10.180.1.21:9696/networking/v2.0/security-groups?tenant_id=aec4824808b74d939547e782247de56a&name=default 0.301s
2025-04-08 18:50:26.075 68767 INFO tempest.lib.common.rest_client [req-9d9904ad-3862-4d55-80e1-8b9d63a5fa12 req-9d9904ad-3862-4d55-80e1-8b9d63a5fa12 ] Request (ServerDiagnosticsTest:test_get_server_diagnostics): 200 GET http://10.180.1.21/compute/v2.1/servers/3c9187ce-bad4-4634-bd67-7a3e7a4cacaf 2.364s
2025-04-08 18:50:26.078 68779 INFO tempest.lib.common.rest_client [req-84b89bf1-2229-4e9d-b767-5c7d01dd5280 req-84b89bf1-2229-4e9d-b767-5c7d01dd5280 ] Request (QuotasAdminTestJSON:test_get_updated_quotas): 200 PUT http://10.180.1.21/compute/v2.1/os-quota-sets/eccddc8375d1485790e6d657cebf87ca?user_id=b8bc36edfb0c47ef90806624c308d2c3 2.294s
2025-04-08 18:50:26.122 68721 INFO tempest.lib.common.rest_client [req-e1fdac47-3662-4e5a-a2d3-13b13fd002f5 req-e1fdac47-3662-4e5a-a2d3-13b13fd002f5 ] Request (VolumesSnapshotsTestJSON:test_volume_snapshot_create_get_list_delete): 200 GET http://10.180.1.21/compute/v2.1/os-snapshots/1d2e2173-59dc-4ada-9616-65d88a01d063 2.167s
2025-04-08 18:50:26.134 68743 INFO tempest.lib.common.rest_client [req-dc7a4b1a-26f2-47da-8d44-7bb8b90ed972 req-dc7a4b1a-26f2-47da-8d44-7bb8b90ed972 ] Request (FlavorsAccessNegativeTestJSON:test_flavor_access_list_with_public_flavor): 404 GET http://10.180.1.21/compute/v2.1/flavors/2026969136/os-flavor-access 2.158s
2025-04-08 18:50:26.149 68776 INFO tempest.lib.common.rest_client [req-ca307c6b-3a80-4526-86a3-485b6ef32021 req-ca307c6b-3a80-4526-86a3-485b6ef32021 ] Request (FlavorsAccessTestJSON:_run_cleanups): 200 GET http://10.180.1.21/compute/v2.1/flavors/detail 2.116s
