2025-04-08 18:51:55.138 68773 INFO tempest.lib.common.rest_client [req-8a0985f9-fb94-492d-9136-ff12b0b34053 req-8a0985f9-fb94-492d-9136-ff12b0b34053 ] Request (ServersListShow296Test:test_list_show_update_rebuild_server_296): 200 GET http://10.180.1.21/compute/v2.1/servers/a79985f5-4be3-4b95-a3d3-339b7f25b9e9 0.402s
2025-04-08 18:51:55.183 68739 INFO tempest.lib.common.rest_client [req-d6f168ba-06bd-4317-abb7-60e64830aabe req-d6f168ba-06bd-4317-abb7-60e64830aabe ] Request (DeleteServersAdminTestJSON:test_admin_delete_servers_of_others): 204 DELETE http://10.180.1.21/compute/v2.1/servers/7dd8326b-2ccd-4c27-8fc4-fc7910042870 0.531s
2025-04-08 18:51:55.185 68753 INFO tempest.lib.common.rest_client [req-f063003e-bbd0-4894-b16c-7fd49d921654 req-f063003e-bbd0-4894-b16c-7fd49d921654 ] Request (ServerDiagnosticsNegativeTest:test_get_server_diagnostics_by_non_admin): 200 GET http://10.180.1.21/compute/v2.1/servers/0cab7c98-d6d4-401f-a8a3-6aeb7c4ae3e9 0.446s
2025-04-08 18:51:55.233 68779 INFO tempest.lib.common.rest_client [req-f6bb4ef1-d934-4601-b19c-e2fe282ac7d0 req-f6bb4ef1-d934-4601-b19c-e2fe282ac7d0 ] Request (InstanceActionsNegativeTestJSON:setUpClass): 200 GET http://10.180.1.21/compute/v2.1/servers/1c1acc0d-263d-4687-93ff-291d18a592d8 0.450s
2025-04-08 18:51:55.242 68731 INFO tempest.lib.common.rest_client [req-8d6b584a-9685-47e9-8959-3f22ebf5c1eb req-8d6b584a-9685-47e9-8959-3f22ebf5c1eb ] Request (FloatingIPsAssociationNegativeTestJSON:setUpClass): 200 GET http://10.180.1.21/compute/v2.1/servers/0cf57946-5db0-4c7c-a537-3f35e50c231f 0.449s
2025-04-08 18:51:55.376 68741 INFO tempest.lib.common.rest_client [req-a2d99865-7937-45da-950e-4b2533f351b6 req-a2d99865-7937-45da-950e-4b2533f351b6 ] Request (ServersWithSpecificFlavorTestJSON:test_verify_created_server_ephemeral_disk): 200 GET http://10.180.1.21/compute/v2.1/servers/8fdbd88f-f608-4f26-9076-7d2f6eb67224 0.419s
2025-04-08 18:51:55.414 68733 INFO tempest.lib.common.rest_client [req-6685b763-ec19-459e-a101-90105541525c req-6685b763-ec19-459e-a101-90105541525c ] Request (MigrationsAdminTest:test_list_migrations_in_flavor_resize_situation): 200 GET http://10.180.1.21/compute/v2.1/servers/63801b63-1601-4e77-a500-3569713177bd 0.500s
2025-04-08 18:51:55.506 68777 INFO tempest.lib.common.rest_client [req-a515fc84-f78b-4b1f-8e3d-65713372289a req-a515fc84-f78b-4b1f-8e3d-65713372289a ] Request (ServersAdminNegativeTestJSON:setUpClass): 200 GET http://10.180.1.21/compute/v2.1/servers/5ebb83ca-5c3e-40c2-a9c3-9c1f182a1909 0.468s
2025-04-08 18:51:55.585 68759 INFO tempest.lib.common.rest_client [req-77444e7b-0b52-4e0a-b0d3-0b88815026a7 req-77444e7b-0b52-4e0a-b0d3-0b88815026a7 ] Request (AttachInterfacesUnderV243Test:test_add_remove_fixed_ip): 200 GET http://10.180.1.21/compute/v2.1/servers/6df57929-1115-4080-8131-8960525eb833 0.480s
2025-04-08 18:51:55.593 68759 INFO tempest.common.waiters [-] State transition "BUILD/networking" ==> "BUILD/spawning" after 68 second wait
2025-04-08 18:51:55.602 68739 INFO tempest.lib.common.rest_client [req-74aeabc5-4113-4506-9861-60a51078c6c3 req-74aeabc5-4113-4506-9861-60a51078c6c3 ] Request (DeleteServersAdminTestJSON:test_admin_delete_servers_of_others): 404 GET http://10.180.1.21/compute/v2.1/servers/7dd8326b-2ccd-4c27-8fc4-fc7910042870 0.419s
2025-04-08 18:51:55.611 68729 INFO tempest.lib.common.rest_client [req-0662df89-b481-4e20-b5d3-009f532c6ee1 req-0662df89-b481-4e20-b5d3-009f532c6ee1 ] Request (VolumesAssistedSnapshotsTest:test_volume_assisted_snapshot_create_delete): 200 GET http://10.180.1.21/compute/v2.1/servers/08a980e1-ca8e-4af3-afbf-bd688e11259f 0.482s
2025-04-08 18:51:55.650 68755 INFO tempest.lib.common.rest_client [req-0bf1deb0-7c44-4b83-aded-d2c0f5128a81 req-0bf1deb0-7c44-4b83-aded-d2c0f5128a81 ] Request (ServerDiskConfigTestJSON:test_rebuild_server_with_auto_disk_config): 200 GET http://10.180.1.21/compute/v2.1/servers/ec17824f-18a5-4a44-8f64-33438ee4990d 0.457s
2025-04-08 18:51:55.673 68739 INFO tempest.lib.common.rest_client [req-a40cf6ea-fef5-4aa9-8c29-809c5c9c4e28 req-a40cf6ea-fef5-4aa9-8c29-809c5c9c4e28 ] Request (DeleteServersAdminTestJSON:test_delete_server_while_in_error_state): 201 POST http://10.180.1.21/identity/v3/auth/tokens 0.060s
2025-04-08 18:51:55.674 68739 INFO tempest.lib.common.fixed_network [-] (DeleteServersAdminTestJSON:test_delete_server_while_in_error_state) Found network None available for tenant
2025-04-08 18:51:55.733 68751 INFO tempest.lib.common.rest_client [req-fb56d95b-487c-45dd-b20f-0727aa629554 req-fb56d95b-487c-45dd-b20f-0727aa629554 ] Request (ImagesTestJSON:test_create_image_from_stopped_server): 200 GET http://10.180.1.21/compute/v2.1/servers/cd131349-f678-4271-af79-456624f090d1 0.468s
2025-04-08 18:51:55.754 68767 INFO tempest.lib.common.rest_client [req-ae0955fb-ab9e-434b-a5cb-20148a668188 req-ae0955fb-ab9e-434b-a5cb-20148a668188 ] Request (ServerDiagnosticsTest:test_get_server_diagnostics): 200 GET http://10.180.1.21/compute/v2.1/servers/3c9187ce-bad4-4634-bd67-7a3e7a4cacaf 0.448s
2025-04-08 18:51:55.807 68783 INFO tempest.lib.common.rest_client [req-c41392e0-2251-4d37-a945-8bf38c40590a req-c41392e0-2251-4d37-a945-8bf38c40590a ] Request (ServerActionsTestOtherB:setUpClass): 200 GET http://10.180.1.21/compute/v2.1/servers/bc6ee2e0-ed65-4c30-bb37-28436f8d487d 0.268s
2025-04-08 18:51:55.854 68757 INFO tempest.lib.common.rest_client [req-eb2ca5f9-d8b8-4c06-aab1-695ac65f966b req-eb2ca5f9-d8b8-4c06-aab1-695ac65f966b ] Request (MultipleCreateTestJSON:test_multiple_create): 200 GET http://10.180.1.21/compute/v2.1/servers/1c1675e9-0e4d-49d8-bb02-517b6021c35d 0.272s
2025-04-08 18:51:55.864 68737 INFO tempest.lib.common.rest_client [req-6e5d29e0-c6f2-4600-9541-e3813938ec99 req-6e5d29e0-c6f2-4600-9541-e3813938ec99 ] Request (ServerExternalEventsTest:test_create_server_external_events): 200 GET http://10.180.1.21/compute/v2.1/servers/b0882dec-0d2a-4f62-933d-0d24f3340026 0.318s
2025-04-08 18:51:55.899 68769 INFO tempest.lib.common.rest_client [req-ca326416-ab3a-429e-a47d-46b646bc86b8 req-ca326416-ab3a-429e-a47d-46b646bc86b8 ] Request (ServerActionsTestJSON:setUpClass): 200 GET http://10.180.1.21/compute/v2.1/servers/b8f1485f-2f6a-416f-a285-07607283eb08 0.302s
2025-04-08 18:51:55.912 68776 INFO tempest.lib.common.rest_client [req-42f106d0-401a-4f61-a0d9-aedb0b94b209 req-42f106d0-401a-4f61-a0d9-aedb0b94b209 ] Request (FloatingIPsAssociationTestJSON:setUpClass): 200 GET http://10.180.1.21/compute/v2.1/servers/844f2b9d-ad2a-431a-a587-65ba446d571f 0.282s
2025-04-08 18:51:55.960 68749 INFO tempest.lib.common.rest_client [req-bc78a4a6-2fc4-4edf-985d-b372b41ce7ed req-bc78a4a6-2fc4-4edf-985d-b372b41ce7ed ] Request (ServersAdminTestJSON:setUpClass): 200 GET http://10.180.1.21/compute/v2.1/servers/5afa4386-7640-4a3d-bc2b-b8b5e9d28ebf 0.284s
2025-04-08 18:51:56.046 68723 INFO tempest.lib.common.rest_client [req-fc94d495-8438-44a0-9041-81363ca269b4 req-fc94d495-8438-44a0-9041-81363ca269b4 ] Request (ServerMetadataNegativeTestJSON:setUpClass): 200 GET http://10.180.1.21/compute/v2.1/servers/12d34fba-743e-4f1c-aeaf-6914aa5788c1 0.346s
2025-04-08 18:51:56.106 68743 INFO tempest.lib.common.rest_client [req-dc132892-63a5-45a2-b2f7-0cd6fbd58d39 req-dc132892-63a5-45a2-b2f7-0cd6fbd58d39 ] Request (ServersTestJSON:setUpClass): 200 GET http://10.180.1.21/compute/v2.1/servers/960a8177-a962-471b-850c-7fdf16544cbe 0.354s
2025-04-08 18:51:56.133 68739 INFO tempest.lib.common.rest_client [req-9cc5542e-25de-4a21-8f96-d0fc13980ee5 req-9cc5542e-25de-4a21-8f96-d0fc13980ee5 ] Request (DeleteServersAdminTestJSON:test_delete_server_while_in_error_state): 202 POST http://10.180.1.21/compute/v2.1/servers 0.458s
2025-04-08 18:51:56.179 68765 INFO tempest.lib.common.rest_client [req-1ea8db5c-a48e-4f62-b6bf-b077f4053d28 req-1ea8db5c-a48e-4f62-b6bf-b077f4053d28 ] Request (ServersTestMultiNic:test_verify_duplicate_network_nics): 200 GET http://10.180.1.21/compute/v2.1/servers/96d4015d-e7a6-4fcc-8f73-afc928113cff 0.315s
2025-04-08 18:51:56.231 68747 INFO tempest.lib.common.rest_client [req-99c6149d-6160-4173-9e2f-7b011a6ac097 req-99c6149d-6160-4173-9e2f-7b011a6ac097 ] Request (ServersAdmin275Test:test_rebuild_update_server_275): 200 GET http://10.180.1.21/compute/v2.1/servers/88c5636b-e0d5-4db2-8044-aa909a1da0cc 0.313s
2025-04-08 18:51:56.237 68781 INFO tempest.lib.common.rest_client [req-1c2e46cc-ebac-4e63-bf05-9e0ac21e71e7 req-1c2e46cc-ebac-4e63-bf05-9e0ac21e71e7 ] Request (ImagesOneServerTestJSON:setUpClass): 200 GET http://10.180.1.21/compute/v2.1/servers/280e1cc5-91db-4a03-bca4-b2d2e4ddd221 0.450s
2025-04-08 18:51:56.297 68727 INFO tempest.lib.common.rest_client [req-a54280ed-f5f2-4f43-84a4-38fb185f1fc3 req-a54280ed-f5f2-4f43-84a4-38fb185f1fc3 ] Request (ImagesOneServerNegativeTestJSON:setUpClass): 200 GET http://10.180.1.21/compute/v2.1/servers/b436b172-7da8-4753-9e5c-896675ae640c 0.326s
2025-04-08 18:51:56.344 68761 INFO tempest.lib.common.rest_client [req-10be7b54-f0aa-423a-bcc3-115e87ca572a req-10be7b54-f0aa-423a-bcc3-115e87ca572a ] Request (ServersTestManualDisk:setUpClass): 200 GET http://10.180.1.21/compute/v2.1/servers/b473237b-274d-450d-b5a1-63d78b08f6f0 0.367s
2025-04-08 18:51:56.354 68771 INFO tempest.lib.common.rest_client [req-d6db665e-5c94-414a-a273-3117fdef176e req-d6db665e-5c94-414a-a273-3117fdef176e ] Request (ServersV294TestFqdnHostnames:setUpClass): 200 GET http://10.180.1.21/compute/v2.1/servers/f5aa2b1b-c290-42f2-84d3-272415184f14 0.425s
2025-04-08 18:51:56.404 68763 INFO tempest.lib.common.rest_client [req-6bc7ac22-0403-4cae-a479-dafd08dfad7e req-6bc7ac22-0403-4cae-a479-dafd08dfad7e ] Request (SecurityGroupsTestJSON:test_list_security_groups_by_server): 200 GET http://10.180.1.21/compute/v2.1/servers/32a3402f-546a-4e3d-b71d-e4e3b50df6f0 0.381s
2025-04-08 18:51:56.406 68745 INFO tempest.lib.common.rest_client [req-81c7a33b-8115-46d5-9c73-849f39f68371 req-81c7a33b-8115-46d5-9c73-849f39f68371 ] Request (AttachInterfacesV270Test:test_create_get_list_interfaces): 200 GET http://10.180.1.21/compute/v2.1/servers/67780abc-a216-41d2-b531-d31aef150587 0.326s
2025-04-08 18:51:56.450 68739 INFO tempest.lib.common.rest_client [req-33ff48dc-b4ea-416c-b86a-5c80d0dfeac4 req-33ff48dc-b4ea-416c-b86a-5c80d0dfeac4 ] Request (DeleteServersAdminTestJSON:test_delete_server_while_in_error_state): 200 GET http://10.180.1.21/compute/v2.1/servers/1f0d84b8-7f22-4b48-ab5a-04b36bfd29a5 0.315s
2025-04-08 18:51:56.464 68773 INFO tempest.lib.common.rest_client [req-a1b87cc7-c042-40d7-82e8-141b05a2719c req-a1b87cc7-c042-40d7-82e8-141b05a2719c ] Request (ServersListShow296Test:test_list_show_update_rebuild_server_296): 200 GET http://10.180.1.21/compute/v2.1/servers/a79985f5-4be3-4b95-a3d3-339b7f25b9e9 0.307s
2025-04-08 18:51:56.494 68753 INFO tempest.lib.common.rest_client [req-3b792c44-49ae-4d68-ae48-d8eeb9ed54a4 req-3b792c44-49ae-4d68-ae48-d8eeb9ed54a4 ] Request (ServerDiagnosticsNegativeTest:test_get_server_diagnostics_by_non_admin): 200 GET http://10.180.1.21/compute/v2.1/servers/0cab7c98-d6d4-401f-a8a3-6aeb7c4ae3e9 0.299s
2025-04-08 18:51:56.506 68779 INFO tempest.lib.common.rest_client [req-5af28665-1a84-4ab6-9b8b-27f4ce5b7880 req-5af28665-1a84-4ab6-9b8b-27f4ce5b7880 ] Request (InstanceActionsNegativeTestJSON:setUpClass): 200 GET http://10.180.1.21/compute/v2.1/servers/1c1acc0d-263d-4687-93ff-291d18a592d8 0.264s
2025-04-08 18:51:56.533 68731 INFO tempest.lib.common.rest_client [req-b1f96b85-29df-40a0-b62d-c820a44355b0 req-b1f96b85-29df-40a0-b62d-c820a44355b0 ] Request (FloatingIPsAssociationNegativeTestJSON:setUpClass): 200 GET http://10.180.1.21/compute/v2.1/servers/0cf57946-5db0-4c7c-a537-3f35e50c231f 0.282s
2025-04-08 18:51:56.619 68741 INFO tempest.lib.common.rest_client [req-c94ed9fb-f0f7-49f1-aa7d-dde214e84d59 req-c94ed9fb-f0f7-49f1-aa7d-dde214e84d59 ] Request (ServersWithSpecificFlavorTestJSON:test_verify_created_server_ephemeral_disk): 200 GET http://10.180.1.21/compute/v2.1/servers/8fdbd88f-f608-4f26-9076-7d2f6eb67224 0.228s
2025-04-08 18:51:56.636 68733 INFO tempest.lib.common.rest_client [req-f76111dc-4558-41c7-9cb8-f4c37f790fc8 req-f76111dc-4558-41c7-9cb8-f4c37f790fc8 ] Request (MigrationsAdminTest:test_list_migrations_in_flavor_resize_situation): 200 GET http://10.180.1.21/compute/v2.1/servers/63801b63-1601-4e77-a500-3569713177bd 0.212s
2025-04-08 18:51:56.744 68777 INFO tempest.lib.common.rest_client [req-0d2d3b2b-e96f-4bd4-9e10-fe2c58302b05 req-0d2d3b2b-e96f-4bd4-9e10-fe2c58302b05 ] Request (ServersAdminNegativeTestJSON:setUpClass): 200 GET http://10.180.1.21/compute/v2.1/servers/5ebb83ca-5c3e-40c2-a9c3-9c1f182a1909 0.229s
2025-04-08 18:51:56.748 68759 INFO tempest.lib.common.rest_client [req-472ef9e2-d112-4238-af19-793ee977c549 req-472ef9e2-d112-4238-af19-793ee977c549 ] Request (AttachInterfacesUnderV243Test:test_add_remove_fixed_ip): 200 GET http://10.180.1.21/compute/v2.1/servers/6df57929-1115-4080-8131-8960525eb833 0.154s
2025-04-08 18:51:56.802 68755 INFO tempest.lib.common.rest_client [req-b5fc52d7-4319-4f29-838f-f227e24f29d7 req-b5fc52d7-4319-4f29-838f-f227e24f29d7 ] Request (ServerDiskConfigTestJSON:test_rebuild_server_with_auto_disk_config): 200 GET http://10.180.1.21/compute/v2.1/servers/ec17824f-18a5-4a44-8f64-33438ee4990d 0.144s
2025-04-08 18:51:56.862 68729 INFO tempest.lib.common.rest_client [req-4d153d64-fcc7-45f1-a112-238921824023 req-4d153d64-fcc7-45f1-a112-238921824023 ] Request (VolumesAssistedSnapshotsTest:test_volume_assisted_snapshot_create_delete): 200 GET http://10.180.1.21/compute/v2.1/servers/08a980e1-ca8e-4af3-afbf-bd688e11259f 0.243s
2025-04-08 18:51:56.910 68751 INFO tempest.lib.common.rest_client [req-1f10f6b2-c57d-47c7-9038-38d8562f3269 req-1f10f6b2-c57d-47c7-9038-38d8562f3269 ] Request (ImagesTestJSON:test_create_image_from_stopped_server): 200 GET http://10.180.1.21/compute/v2.1/servers/cd131349-f678-4271-af79-456624f090d1 0.168s
2025-04-08 18:51:56.953 68783 INFO tempest.lib.common.rest_client [req-5487b4f1-5e89-44be-b979-79f50f30192c req-5487b4f1-5e89-44be-b979-79f50f30192c ] Request (ServerActionsTestOtherB:setUpClass): 200 GET http://10.180.1.21/compute/v2.1/servers/bc6ee2e0-ed65-4c30-bb37-28436f8d487d 0.137s
2025-04-08 18:51:56.963 68767 INFO tempest.lib.common.rest_client [req-15bdf6a0-c9b9-4887-bc56-eb8a218ace6d req-15bdf6a0-c9b9-4887-bc56-eb8a218ace6d ] Request (ServerDiagnosticsTest:test_get_server_diagnostics): 200 GET http://10.180.1.21/compute/v2.1/servers/3c9187ce-bad4-4634-bd67-7a3e7a4cacaf 0.200s
2025-04-08 18:51:57.000 68757 INFO tempest.lib.common.rest_client [req-d4e38ead-bb15-4564-aa13-d612bf41c374 req-d4e38ead-bb15-4564-aa13-d612bf41c374 ] Request (MultipleCreateTestJSON:test_multiple_create): 200 GET http://10.180.1.21/compute/v2.1/servers/1c1675e9-0e4d-49d8-bb02-517b6021c35d 0.138s
2025-04-08 18:51:57.050 68769 INFO tempest.lib.common.rest_client [req-1009d2ec-0843-4685-b047-609c85c596c7 req-1009d2ec-0843-4685-b047-609c85c596c7 ] Request (ServerActionsTestJSON:setUpClass): 200 GET http://10.180.1.21/compute/v2.1/servers/b8f1485f-2f6a-416f-a285-07607283eb08 0.144s
2025-04-08 18:51:57.066 68737 INFO tempest.lib.common.rest_client [req-92a1112e-b69f-4a81-8d2a-88bec4cf646d req-92a1112e-b69f-4a81-8d2a-88bec4cf646d ] Request (ServerExternalEventsTest:test_create_server_external_events): 200 GET http://10.180.1.21/compute/v2.1/servers/b0882dec-0d2a-4f62-933d-0d24f3340026 0.195s
2025-04-08 18:51:57.101 68776 INFO tempest.lib.common.rest_client [req-f3be72e4-bab5-4f7a-864f-59a732bda44a req-f3be72e4-bab5-4f7a-864f-59a732bda44a ] Request (FloatingIPsAssociationTestJSON:setUpClass): 200 GET http://10.180.1.21/compute/v2.1/servers/844f2b9d-ad2a-431a-a587-65ba446d571f 0.179s
2025-04-08 18:51:57.112 68749 INFO tempest.lib.common.rest_client [req-6c71a67e-0e1c-41b7-b9ab-dae0f313b543 req-6c71a67e-0e1c-41b7-b9ab-dae0f313b543 ] Request (ServersAdminTestJSON:setUpClass): 200 GET http://10.180.1.21/compute/v2.1/servers/5afa4386-7640-4a3d-bc2b-b8b5e9d28ebf 0.144s
2025-04-08 18:51:57.153 68723 INFO tempest.lib.common.rest_client [req-eb52dfed-5c55-47ec-8cc0-5ba88afab4da req-eb52dfed-5c55-47ec-8cc0-5ba88afab4da ] Request (ServerMetadataNegativeTestJSON:setUpClass): 200 GET http://10.180.1.21/compute/v2.1/servers/12d34fba-743e-4f1c-aeaf-6914aa5788c1 0.098s
2025-04-08 18:51:57.161 68743 INFO tempest.lib.common.rest_client [req-b54c003b-4fe6-443b-b3dd-b534aa0ac735 req-b54c003b-4fe6-443b-b3dd-b534aa0ac735 ] Request (ServersTestJSON:setUpClass): 200 GET http://10.180.1.21/compute/v2.1/servers/960a8177-a962-471b-850c-7fdf16544cbe 0.047s
2025-04-08 18:51:57.236 68765 INFO tempest.lib.common.rest_client [req-7744f289-ffdb-4336-b90d-3fd9fe97ee9c req-7744f289-ffdb-4336-b90d-3fd9fe97ee9c ] Request (ServersTestMultiNic:test_verify_duplicate_network_nics): 200 GET http://10.180.1.21/compute/v2.1/servers/96d4015d-e7a6-4fcc-8f73-afc928113cff 0.049s
2025-04-08 18:51:57.298 68747 INFO tempest.lib.common.rest_client [req-50c3fdf7-4f39-4ab2-8232-81f593b0bad5 req-50c3fdf7-4f39-4ab2-8232-81f593b0bad5 ] Request (ServersAdmin275Test:test_rebuild_update_server_275): 200 GET http://10.180.1.21/compute/v2.1/servers/88c5636b-e0d5-4db2-8044-aa909a1da0cc 0.057s
2025-04-08 18:51:57.353 68727 INFO tempest.lib.common.rest_client [req-4a5bc752-e0f9-49de-817c-49d8fb15c627 req-4a5bc752-e0f9-49de-817c-49d8fb15c627 ] Request (ImagesOneServerNegativeTestJSON:setUpClass): 200 GET http://10.180.1.21/compute/v2.1/servers/b436b172-7da8-4753-9e5c-896675ae640c 0.049s
2025-04-08 18:51:57.370 68781 INFO tempest.lib.common.rest_client [req-cdd8a7fc-eb91-45c3-a052-a52570e53669 req-cdd8a7fc-eb91-45c3-a052-a52570e53669 ] Request (ImagesOneServerTestJSON:setUpClass): 200 GET http://10.180.1.21/compute/v2.1/servers/280e1cc5-91db-4a03-bca4-b2d2e4ddd221 0.124s
2025-04-08 18:51:57.397 68761 INFO tempest.lib.common.rest_client [req-7e390bf0-a253-4d3f-8956-6b58417bc1cd req-7e390bf0-a253-4d3f-8956-6b58417bc1cd ] Request (ServersTestManualDisk:setUpClass): 200 GET http://10.180.1.21/compute/v2.1/servers/b473237b-274d-450d-b5a1-63d78b08f6f0 0.046s
2025-04-08 18:51:57.460 68763 INFO tempest.lib.common.rest_client [req-d896fa26-48c1-48c0-933c-c7f222173c12 req-d896fa26-48c1-48c0-933c-c7f222173c12 ] Request (SecurityGroupsTestJSON:test_list_security_groups_by_server): 200 GET http://10.180.1.21/compute/v2.1/servers/32a3402f-546a-4e3d-b71d-e4e3b50df6f0 0.048s
2025-04-08 18:51:57.473 68771 INFO tempest.lib.common.rest_client [req-5d8aae46-6db9-497c-a94f-c68e63711639 req-5d8aae46-6db9-497c-a94f-c68e63711639 ] Request (ServersV294TestFqdnHostnames:setUpClass): 200 GET http://10.180.1.21/compute/v2.1/servers/f5aa2b1b-c290-42f2-84d3-272415184f14 0.108s
2025-04-08 18:51:57.518 68745 INFO tempest.lib.common.rest_client [req-6372415d-1cdd-4fea-bd98-8ead142583c6 req-6372415d-1cdd-4fea-bd98-8ead142583c6 ] Request (AttachInterfacesV270Test:test_create_get_list_interfaces): 200 GET http://10.180.1.21/compute/v2.1/servers/67780abc-a216-41d2-b531-d31aef150587 0.102s
2025-04-08 18:51:57.527 68739 INFO tempest.lib.common.rest_client [req-afdc66c3-2f92-4e57-a92d-65d32f4395d9 req-afdc66c3-2f92-4e57-a92d-65d32f4395d9 ] Request (DeleteServersAdminTestJSON:test_delete_server_while_in_error_state): 200 GET http://10.180.1.21/compute/v2.1/servers/1f0d84b8-7f22-4b48-ab5a-04b36bfd29a5 0.068s
2025-04-08 18:51:57.576 68753 INFO tempest.lib.common.rest_client [req-7c21f452-250a-4d60-acd1-66425d3e185b req-7c21f452-250a-4d60-acd1-66425d3e185b ] Request (ServerDiagnosticsNegativeTest:test_get_server_diagnostics_by_non_admin): 200 GET http://10.180.1.21/compute/v2.1/servers/0cab7c98-d6d4-401f-a8a3-6aeb7c4ae3e9 0.075s
2025-04-08 18:51:57.581 68773 INFO tempest.lib.common.rest_client [req-20009d60-bf0c-4ee7-8ee0-d3d0b351e861 req-20009d60-bf0c-4ee7-8ee0-d3d0b351e861 ] Request (ServersListShow296Test:test_list_show_update_rebuild_server_296): 200 GET http://10.180.1.21/compute/v2.1/servers/a79985f5-4be3-4b95-a3d3-339b7f25b9e9 0.107s
2025-04-08 18:51:57.625 68779 INFO tempest.lib.common.rest_client [req-0b87be81-2b02-4cd1-b684-f07f75428c0a req-0b87be81-2b02-4cd1-b684-f07f75428c0a ] Request (InstanceActionsNegativeTestJSON:setUpClass): 200 GET http://10.180.1.21/compute/v2.1/servers/1c1acc0d-263d-4687-93ff-291d18a592d8 0.112s
2025-04-08 18:51:57.633 68731 INFO tempest.lib.common.rest_client [req-8aac22f4-b3e7-4da7-92af-a1e084f1433c req-8aac22f4-b3e7-4da7-92af-a1e084f1433c ] Request (FloatingIPsAssociationNegativeTestJSON:setUpClass): 200 GET http://10.180.1.21/compute/v2.1/servers/0cf57946-5db0-4c7c-a537-3f35e50c231f 0.092s
2025-04-08 18:51:57.754 68741 INFO tempest.lib.common.rest_client [req-a73ae734-f34c-4f13-9b06-25dd110fc1fb req-a73ae734-f34c-4f13-9b06-25dd110fc1fb ] Request (ServersWithSpecificFlavorTestJSON:test_verify_created_server_ephemeral_disk): 200 GET http://10.180.1.21/compute/v2.1/servers/8fdbd88f-f608-4f26-9076-7d2f6eb67224 0.127s
2025-04-08 18:51:57.759 68733 INFO tempest.lib.common.rest_client [req-a22cc025-c394-4d1a-b1ec-c0ec40ad4bf3 req-a22cc025-c394-4d1a-b1ec-c0ec40ad4bf3 ] Request (MigrationsAdminTest:test_list_migrations_in_flavor_resize_situation): 200 GET http://10.180.1.21/compute/v2.1/servers/63801b63-1601-4e77-a500-3569713177bd 0.115s
2025-04-08 18:51:57.880 68759 INFO tempest.lib.common.rest_client [req-6b9ac26d-3963-44ef-ac89-103758fe40d7 req-6b9ac26d-3963-44ef-ac89-103758fe40d7 ] Request (AttachInterfacesUnderV243Test:test_add_remove_fixed_ip): 200 GET http://10.180.1.21/compute/v2.1/servers/6df57929-1115-4080-8131-8960525eb833 0.124s
2025-04-08 18:51:57.883 68777 INFO tempest.lib.common.rest_client [req-f5d83fc5-b404-463b-aee5-842559b32d77 req-f5d83fc5-b404-463b-aee5-842559b32d77 ] Request (ServersAdminNegativeTestJSON:setUpClass): 200 GET http://10.180.1.21/compute/v2.1/servers/5ebb83ca-5c3e-40c2-a9c3-9c1f182a1909 0.130s
2025-04-08 18:51:57.934 68755 INFO tempest.lib.common.rest_client [req-c8cc84b7-e424-4645-82e0-cce21c882131 req-c8cc84b7-e424-4645-82e0-cce21c882131 ] Request (ServerDiskConfigTestJSON:test_rebuild_server_with_auto_disk_config): 200 GET http://10.180.1.21/compute/v2.1/servers/ec17824f-18a5-4a44-8f64-33438ee4990d 0.124s
2025-04-08 18:51:57.992 68729 INFO tempest.lib.common.rest_client [req-75a6d55e-7fde-420e-9bc0-1481648f4881 req-75a6d55e-7fde-420e-9bc0-1481648f4881 ] Request (VolumesAssistedSnapshotsTest:test_volume_assisted_snapshot_create_delete): 200 GET http://10.180.1.21/compute/v2.1/servers/08a980e1-ca8e-4af3-afbf-bd688e11259f 0.121s
2025-04-08 18:51:58.039 68783 INFO tempest.lib.common.rest_client [req-18bb097a-9c02-49c5-b8ae-d4b323bf6a85 req-18bb097a-9c02-49c5-b8ae-d4b323bf6a85 ] Request (ServerActionsTestOtherB:setUpClass): 200 GET http://10.180.1.21/compute/v2.1/servers/bc6ee2e0-ed65-4c30-bb37-28436f8d487d 0.078s
2025-04-08 18:51:58.040 68751 INFO tempest.lib.common.rest_client [req-94f71f9e-57f6-4ac9-ae74-bdab6cf8738a req-94f71f9e-57f6-4ac9-ae74-bdab6cf8738a ] Request (ImagesTestJSON:test_create_image_from_stopped_server): 200 GET http://10.180.1.21/compute/v2.1/servers/cd131349-f678-4271-af79-456624f090d1 0.122s
2025-04-08 18:51:58.095 68757 INFO tempest.lib.common.rest_client [req-4aaa6449-3db1-4f8f-a9d3-58cc968c0b41 req-4aaa6449-3db1-4f8f-a9d3-58cc968c0b41 ] Request (MultipleCreateTestJSON:test_multiple_create): 200 GET http://10.180.1.21/compute/v2.1/servers/1c1675e9-0e4d-49d8-bb02-517b6021c35d 0.086s
2025-04-08 18:51:58.144 68769 INFO tempest.lib.common.rest_client [req-d9308802-bf85-42f9-8501-078613c3d4c4 req-d9308802-bf85-42f9-8501-078613c3d4c4 ] Request (ServerActionsTestJSON:setUpClass): 200 GET http://10.180.1.21/compute/v2.1/servers/b8f1485f-2f6a-416f-a285-07607283eb08 0.084s
2025-04-08 18:51:58.148 68767 INFO tempest.lib.common.rest_client [req-413a903f-ff8d-43fb-8587-4f762d5f91c8 req-413a903f-ff8d-43fb-8587-4f762d5f91c8 ] Request (ServerDiagnosticsTest:test_get_server_diagnostics): 200 GET http://10.180.1.21/compute/v2.1/servers/3c9187ce-bad4-4634-bd67-7a3e7a4cacaf 0.178s
2025-04-08 18:51:58.350 68776 INFO tempest.lib.common.rest_client [req-d94807af-d82e-423d-ac17-79ba991219da req-d94807af-d82e-423d-ac17-79ba991219da ] Request (FloatingIPsAssociationTestJSON:setUpClass): 200 GET http://10.180.1.21/compute/v2.1/servers/844f2b9d-ad2a-431a-a587-65ba446d571f 0.238s
2025-04-08 18:51:58.398 68749 INFO tempest.lib.common.rest_client [req-06e950b1-2eb9-46ab-876a-3412abd4333a req-06e950b1-2eb9-46ab-876a-3412abd4333a ] Request (ServersAdminTestJSON:setUpClass): 200 GET http://10.180.1.21/compute/v2.1/servers/5afa4386-7640-4a3d-bc2b-b8b5e9d28ebf 0.278s
2025-04-08 18:51:58.402 68737 INFO tempest.lib.common.rest_client [req-fc0e4e70-c902-4f4b-9f34-efdd2c56d538 req-fc0e4e70-c902-4f4b-9f34-efdd2c56d538 ] Request (ServerExternalEventsTest:test_create_server_external_events): 200 GET http://10.180.1.21/compute/v2.1/servers/b0882dec-0d2a-4f62-933d-0d24f3340026 0.328s
2025-04-08 18:51:58.445 68723 INFO tempest.lib.common.rest_client [req-22bbafb5-8cca-4f2b-bb60-e66fb7547c48 req-22bbafb5-8cca-4f2b-bb60-e66fb7547c48 ] Request (ServerMetadataNegativeTestJSON:setUpClass): 200 GET http://10.180.1.21/compute/v2.1/servers/12d34fba-743e-4f1c-aeaf-6914aa5788c1 0.285s
2025-04-08 18:51:58.452 68743 INFO tempest.lib.common.rest_client [req-60af03ac-9af0-4d5a-8f1e-fe9acd7fc9a3 req-60af03ac-9af0-4d5a-8f1e-fe9acd7fc9a3 ] Request (ServersTestJSON:setUpClass): 200 GET http://10.180.1.21/compute/v2.1/servers/960a8177-a962-471b-850c-7fdf16544cbe 0.284s
2025-04-08 18:51:58.487 68765 INFO tempest.lib.common.rest_client [req-54d382f6-60f2-4779-a29f-4c684a19fbd0 req-54d382f6-60f2-4779-a29f-4c684a19fbd0 ] Request (ServersTestMultiNic:test_verify_duplicate_network_nics): 200 GET http://10.180.1.21/compute/v2.1/servers/96d4015d-e7a6-4fcc-8f73-afc928113cff 0.242s
2025-04-08 18:51:58.501 68747 INFO tempest.lib.common.rest_client [req-0767ba9d-4a15-4223-9f68-b89b0e0f2e40 req-0767ba9d-4a15-4223-9f68-b89b0e0f2e40 ] Request (ServersAdmin275Test:test_rebuild_update_server_275): 200 GET http://10.180.1.21/compute/v2.1/servers/88c5636b-e0d5-4db2-8044-aa909a1da0cc 0.193s
2025-04-08 18:51:58.529 68727 INFO tempest.lib.common.rest_client [req-3bbec961-bcfd-445b-8d2a-14561cbaac3c req-3bbec961-bcfd-445b-8d2a-14561cbaac3c ] Request (ImagesOneServerNegativeTestJSON:setUpClass): 200 GET http://10.180.1.21/compute/v2.1/servers/b436b172-7da8-4753-9e5c-896675ae640c 0.168s
2025-04-08 18:51:58.582 68761 INFO tempest.lib.common.rest_client [req-96992a0d-cc74-41b7-9846-5279a22d49da req-96992a0d-cc74-41b7-9846-5279a22d49da ] Request (ServersTestManualDisk:setUpClass): 200 GET http://10.180.1.21/compute/v2.1/servers/b473237b-274d-450d-b5a1-63d78b08f6f0 0.178s
2025-04-08 18:51:58.628 68763 INFO tempest.lib.common.rest_client [req-b10e5b87-58af-4778-9462-8da7b917e629 req-b10e5b87-58af-4778-9462-8da7b917e629 ] Request (SecurityGroupsTestJSON:test_list_security_groups_by_server): 200 GET http://10.180.1.21/compute/v2.1/servers/32a3402f-546a-4e3d-b71d-e4e3b50df6f0 0.160s
2025-04-08 18:51:58.654 68781 INFO tempest.lib.common.rest_client [req-0a5a525b-bc29-422b-9464-b7a3f3a06aa6 req-0a5a525b-bc29-422b-9464-b7a3f3a06aa6 ] Request (ImagesOneServerTestJSON:setUpClass): 200 GET http://10.180.1.21/compute/v2.1/servers/280e1cc5-91db-4a03-bca4-b2d2e4ddd221 0.276s
2025-04-08 18:51:58.704 68745 INFO tempest.lib.common.rest_client [req-97a0047d-c0b3-4a8f-b43c-7a7e3dca750b req-97a0047d-c0b3-4a8f-b43c-7a7e3dca750b ] Request (AttachInterfacesV270Test:test_create_get_list_interfaces): 200 GET http://10.180.1.21/compute/v2.1/servers/67780abc-a216-41d2-b531-d31aef150587 0.177s
2025-04-08 18:51:58.725 68771 INFO tempest.lib.common.rest_client [req-ab38c760-3772-4c65-abeb-9a9358b5d413 req-ab38c760-3772-4c65-abeb-9a9358b5d413 ] Request (ServersV294TestFqdnHostnames:setUpClass): 200 GET http://10.180.1.21/compute/v2.1/servers/f5aa2b1b-c290-42f2-84d3-272415184f14 0.241s
2025-04-08 18:51:58.744 68739 INFO tempest.lib.common.rest_client [req-055fe8a5-68f0-4ad5-adfe-de919f58bf46 req-055fe8a5-68f0-4ad5-adfe-de919f58bf46 ] Request (DeleteServersAdminTestJSON:test_delete_server_while_in_error_state): 200 GET http://10.180.1.21/compute/v2.1/servers/1f0d84b8-7f22-4b48-ab5a-04b36bfd29a5 0.210s
2025-04-08 18:51:58.768 68753 INFO tempest.lib.common.rest_client [req-db163019-dd4e-480a-b6ed-6ae13c975b6d req-db163019-dd4e-480a-b6ed-6ae13c975b6d ] Request (ServerDiagnosticsNegativeTest:test_get_server_diagnostics_by_non_admin): 200 GET http://10.180.1.21/compute/v2.1/servers/0cab7c98-d6d4-401f-a8a3-6aeb7c4ae3e9 0.184s
2025-04-08 18:51:58.791 68773 INFO tempest.lib.common.rest_client [req-06e4e29d-71c8-428c-961e-2ac0aa9ccd3d req-06e4e29d-71c8-428c-961e-2ac0aa9ccd3d ] Request (ServersListShow296Test:test_list_show_update_rebuild_server_296): 200 GET http://10.180.1.21/compute/v2.1/servers/a79985f5-4be3-4b95-a3d3-339b7f25b9e9 0.200s
2025-04-08 18:51:58.810 68779 INFO tempest.lib.common.rest_client [req-b7c2d9af-ae3e-48ca-9dbb-bcbd028f5769 req-b7c2d9af-ae3e-48ca-9dbb-bcbd028f5769 ] Request (InstanceActionsNegativeTestJSON:setUpClass): 200 GET http://10.180.1.21/compute/v2.1/servers/1c1acc0d-263d-4687-93ff-291d18a592d8 0.175s
2025-04-08 18:51:58.833 68731 INFO tempest.lib.common.rest_client [req-088206fc-f93a-4a28-96df-95bbe0784f0b req-088206fc-f93a-4a28-96df-95bbe0784f0b ] Request (FloatingIPsAssociationNegativeTestJSON:setUpClass): 200 GET http://10.180.1.21/compute/v2.1/servers/0cf57946-5db0-4c7c-a537-3f35e50c231f 0.192s
2025-04-08 18:51:58.919 68741 INFO tempest.lib.common.rest_client [req-c78ea19c-995d-450b-80d8-48c6a73ae851 req-c78ea19c-995d-450b-80d8-48c6a73ae851 ] Request (ServersWithSpecificFlavorTestJSON:test_verify_created_server_ephemeral_disk): 200 GET http://10.180.1.21/compute/v2.1/servers/8fdbd88f-f608-4f26-9076-7d2f6eb67224 0.156s
2025-04-08 18:51:58.939 68733 INFO tempest.lib.common.rest_client [req-34d768ce-85d8-485c-b801-39d28b394ac0 req-34d768ce-85d8-485c-b801-39d28b394ac0 ] Request (MigrationsAdminTest:test_list_migrations_in_flavor_resize_situation): 200 GET http://10.180.1.21/compute/v2.1/servers/63801b63-1601-4e77-a500-3569713177bd 0.172s
2025-04-08 18:51:59.033 68759 INFO tempest.lib.common.rest_client [req-1b957b24-9c3d-4508-a495-101e0d6ab39c req-1b957b24-9c3d-4508-a495-101e0d6ab39c ] Request (AttachInterfacesUnderV243Test:test_add_remove_fixed_ip): 200 GET http://10.180.1.21/compute/v2.1/servers/6df57929-1115-4080-8131-8960525eb833 0.144s
2025-04-08 18:51:59.046 68777 INFO tempest.lib.common.rest_client [req-458ea8b3-bf70-4f97-aead-144234e67fb9 req-458ea8b3-bf70-4f97-aead-144234e67fb9 ] Request (ServersAdminNegativeTestJSON:setUpClass): 200 GET http://10.180.1.21/compute/v2.1/servers/5ebb83ca-5c3e-40c2-a9c3-9c1f182a1909 0.155s
2025-04-08 18:51:59.076 68755 INFO tempest.lib.common.rest_client [req-afeb8061-863b-4a2d-ab1a-70c2cd856ddf req-afeb8061-863b-4a2d-ab1a-70c2cd856ddf ] Request (ServerDiskConfigTestJSON:test_rebuild_server_with_auto_disk_config): 200 GET http://10.180.1.21/compute/v2.1/servers/ec17824f-18a5-4a44-8f64-33438ee4990d 0.134s
2025-04-08 18:51:59.125 68783 INFO tempest.lib.common.rest_client [req-e8f6fd6d-7e08-491c-a4d5-42e8b188ccd2 req-e8f6fd6d-7e08-491c-a4d5-42e8b188ccd2 ] Request (ServerActionsTestOtherB:setUpClass): 200 GET http://10.180.1.21/compute/v2.1/servers/bc6ee2e0-ed65-4c30-bb37-28436f8d487d 0.078s
2025-04-08 18:51:59.212 68729 INFO tempest.lib.common.rest_client [req-5cd918e9-823a-448e-b34c-5ea5849a80ff req-5cd918e9-823a-448e-b34c-5ea5849a80ff ] Request (VolumesAssistedSnapshotsTest:test_volume_assisted_snapshot_create_delete): 200 GET http://10.180.1.21/compute/v2.1/servers/08a980e1-ca8e-4af3-afbf-bd688e11259f 0.212s
2025-04-08 18:51:59.228 68751 INFO tempest.lib.common.rest_client [req-488be50a-8f63-47ed-aa0b-365b7063e63f req-488be50a-8f63-47ed-aa0b-365b7063e63f ] Request (ImagesTestJSON:test_create_image_from_stopped_server): 200 GET http://10.180.1.21/compute/v2.1/servers/cd131349-f678-4271-af79-456624f090d1 0.179s
2025-04-08 18:51:59.266 68757 INFO tempest.lib.common.rest_client [req-d8ba8c5c-1b01-442d-94a9-09e32b15ee0a req-d8ba8c5c-1b01-442d-94a9-09e32b15ee0a ] Request (MultipleCreateTestJSON:test_multiple_create): 200 GET http://10.180.1.21/compute/v2.1/servers/1c1675e9-0e4d-49d8-bb02-517b6021c35d 0.163s
2025-04-08 18:51:59.272 68769 INFO tempest.lib.common.rest_client [req-6a3aa4fc-2e63-40c4-890a-92ff0add8666 req-6a3aa4fc-2e63-40c4-890a-92ff0add8666 ] Request (ServerActionsTestJSON:setUpClass): 200 GET http://10.180.1.21/compute/v2.1/servers/b8f1485f-2f6a-416f-a285-07607283eb08 0.120s
2025-04-08 18:51:59.349 68767 INFO tempest.lib.common.rest_client [req-92cf8e67-18c5-4bf2-8184-70726314e7ac req-92cf8e67-18c5-4bf2-8184-70726314e7ac ] Request (ServerDiagnosticsTest:test_get_server_diagnostics): 200 GET http://10.180.1.21/compute/v2.1/servers/3c9187ce-bad4-4634-bd67-7a3e7a4cacaf 0.193s
2025-04-08 18:51:59.403 68776 INFO tempest.lib.common.rest_client [req-2ee8ff08-af6e-4e22-a6df-5a1143b894af req-2ee8ff08-af6e-4e22-a6df-5a1143b894af ] Request (FloatingIPsAssociationTestJSON:setUpClass): 200 GET http://10.180.1.21/compute/v2.1/servers/844f2b9d-ad2a-431a-a587-65ba446d571f 0.045s
2025-04-08 18:51:59.463 68749 INFO tempest.lib.common.rest_client [req-eb4ea53c-c34d-4293-bcfc-97bc08129ab0 req-eb4ea53c-c34d-4293-bcfc-97bc08129ab0 ] Request (ServersAdminTestJSON:setUpClass): 200 GET http://10.180.1.21/compute/v2.1/servers/5afa4386-7640-4a3d-bc2b-b8b5e9d28ebf 0.056s
2025-04-08 18:51:59.513 68723 INFO tempest.lib.common.rest_client [req-cd5085c2-34fe-46ca-8587-19d04631488c req-cd5085c2-34fe-46ca-8587-19d04631488c ] Request (ServerMetadataNegativeTestJSON:setUpClass): 200 GET http://10.180.1.21/compute/v2.1/servers/12d34fba-743e-4f1c-aeaf-6914aa5788c1 0.059s
2025-04-08 18:51:59.517 68737 INFO tempest.lib.common.rest_client [req-d1e266a0-7a97-4614-967c-08a7e3dad2a6 req-d1e266a0-7a97-4614-967c-08a7e3dad2a6 ] Request (ServerExternalEventsTest:test_create_server_external_events): 200 GET http://10.180.1.21/compute/v2.1/servers/b0882dec-0d2a-4f62-933d-0d24f3340026 0.107s
2025-04-08 18:51:59.565 68743 INFO tempest.lib.common.rest_client [req-ec628af7-6321-459d-b0e5-0ebafb752f6c req-ec628af7-6321-459d-b0e5-0ebafb752f6c ] Request (ServersTestJSON:setUpClass): 200 GET http://10.180.1.21/compute/v2.1/servers/960a8177-a962-471b-850c-7fdf16544cbe 0.105s
2025-04-08 18:51:59.566 68765 INFO tempest.lib.common.rest_client [req-0db48521-2964-413b-9db2-ae3c6a8c4644 req-0db48521-2964-413b-9db2-ae3c6a8c4644 ] Request (ServersTestMultiNic:test_verify_duplicate_network_nics): 200 GET http://10.180.1.21/compute/v2.1/servers/96d4015d-e7a6-4fcc-8f73-afc928113cff 0.071s
2025-04-08 18:51:59.618 68727 INFO tempest.lib.common.rest_client [req-878477c1-2a6e-4842-ab04-5d561c9fe59e req-878477c1-2a6e-4842-ab04-5d561c9fe59e ] Request (ImagesOneServerNegativeTestJSON:setUpClass): 200 GET http://10.180.1.21/compute/v2.1/servers/b436b172-7da8-4753-9e5c-896675ae640c 0.081s
2025-04-08 18:51:59.620 68747 INFO tempest.lib.common.rest_client [req-814cda62-d531-496a-8ba0-147389063ca1 req-814cda62-d531-496a-8ba0-147389063ca1 ] Request (ServersAdmin275Test:test_rebuild_update_server_275): 200 GET http://10.180.1.21/compute/v2.1/servers/88c5636b-e0d5-4db2-8044-aa909a1da0cc 0.108s
2025-04-08 18:51:59.659 68761 INFO tempest.lib.common.rest_client [req-bdb8b75f-adda-4a01-912c-268826affa97 req-bdb8b75f-adda-4a01-912c-268826affa97 ] Request (ServersTestManualDisk:setUpClass): 200 GET http://10.180.1.21/compute/v2.1/servers/b473237b-274d-450d-b5a1-63d78b08f6f0 0.065s
2025-04-08 18:51:59.681 68763 INFO tempest.lib.common.rest_client [req-39bbaf93-d775-4fb3-b8a6-ce46bbbda62d req-39bbaf93-d775-4fb3-b8a6-ce46bbbda62d ] Request (SecurityGroupsTestJSON:test_list_security_groups_by_server): 200 GET http://10.180.1.21/compute/v2.1/servers/32a3402f-546a-4e3d-b71d-e4e3b50df6f0 0.044s
2025-04-08 18:51:59.746 68781 INFO tempest.lib.common.rest_client [req-6848e282-2bbd-4c70-913e-f7ae73e6244a req-6848e282-2bbd-4c70-913e-f7ae73e6244a ] Request (ImagesOneServerTestJSON:setUpClass): 200 GET http://10.180.1.21/compute/v2.1/servers/280e1cc5-91db-4a03-bca4-b2d2e4ddd221 0.083s
2025-04-08 18:51:59.766 68745 INFO tempest.lib.common.rest_client [req-5a7b4d4d-412e-479d-ba51-cfb6692f93af req-5a7b4d4d-412e-479d-ba51-cfb6692f93af ] Request (AttachInterfacesV270Test:test_create_get_list_interfaces): 200 GET http://10.180.1.21/compute/v2.1/servers/67780abc-a216-41d2-b531-d31aef150587 0.053s
2025-04-08 18:51:59.819 68739 INFO tempest.lib.common.rest_client [req-3869107f-3f0d-4d1e-93e3-c4ae333d3105 req-3869107f-3f0d-4d1e-93e3-c4ae333d3105 ] Request (DeleteServersAdminTestJSON:test_delete_server_while_in_error_state): 200 GET http://10.180.1.21/compute/v2.1/servers/1f0d84b8-7f22-4b48-ab5a-04b36bfd29a5 0.066s
2025-04-08 18:51:59.845 68771 INFO tempest.lib.common.rest_client [req-d1ecf837-df76-40b7-8bf2-ecfe2fc4862d req-d1ecf837-df76-40b7-8bf2-ecfe2fc4862d ] Request (ServersV294TestFqdnHostnames:setUpClass): 200 GET http://10.180.1.21/compute/v2.1/servers/f5aa2b1b-c290-42f2-84d3-272415184f14 0.109s
2025-04-08 18:51:59.860 68753 INFO tempest.lib.common.rest_client [req-d75065da-d8a4-4822-be2e-813c6d8c6c79 req-d75065da-d8a4-4822-be2e-813c6d8c6c79 ] Request (ServerDiagnosticsNegativeTest:test_get_server_diagnostics_by_non_admin): 200 GET http://10.180.1.21/compute/v2.1/servers/0cab7c98-d6d4-401f-a8a3-6aeb7c4ae3e9 0.083s
2025-04-08 18:51:59.896 68773 INFO tempest.lib.common.rest_client [req-583a8972-4a80-4db0-8834-a3f33dbefce9 req-583a8972-4a80-4db0-8834-a3f33dbefce9 ] Request (ServersListShow296Test:test_list_show_update_rebuild_server_296): 200 GET http://10.180.1.21/compute/v2.1/servers/a79985f5-4be3-4b95-a3d3-339b7f25b9e9 0.093s
2025-04-08 18:51:59.904 68779 INFO tempest.lib.common.rest_client [req-ce81eb57-7460-49ef-b63f-ac5adacfef1e req-ce81eb57-7460-49ef-b63f-ac5adacfef1e ] Request (InstanceActionsNegativeTestJSON:setUpClass): 200 GET http://10.180.1.21/compute/v2.1/servers/1c1acc0d-263d-4687-93ff-291d18a592d8 0.086s
2025-04-08 18:51:59.941 68731 INFO tempest.lib.common.rest_client [req-b8c99efd-bca9-4117-b5c6-d768a5ccb9e2 req-b8c99efd-bca9-4117-b5c6-d768a5ccb9e2 ] Request (FloatingIPsAssociationNegativeTestJSON:setUpClass): 200 GET http://10.180.1.21/compute/v2.1/servers/0cf57946-5db0-4c7c-a537-3f35e50c231f 0.099s
2025-04-08 18:52:00.070 68733 INFO tempest.lib.common.rest_client [req-e091731c-25de-4ce3-9703-4fdba6806f56 req-e091731c-25de-4ce3-9703-4fdba6806f56 ] Request (MigrationsAdminTest:test_list_migrations_in_flavor_resize_situation): 200 GET http://10.180.1.21/compute/v2.1/servers/63801b63-1601-4e77-a500-3569713177bd 0.123s
2025-04-08 18:52:00.095 68741 INFO tempest.lib.common.rest_client [req-6e9da63b-7a67-4ffc-9d70-966b3dad9ec1 req-6e9da63b-7a67-4ffc-9d70-966b3dad9ec1 ] Request (ServersWithSpecificFlavorTestJSON:test_verify_created_server_ephemeral_disk): 200 GET http://10.180.1.21/compute/v2.1/servers/8fdbd88f-f608-4f26-9076-7d2f6eb67224 0.168s
2025-04-08 18:52:00.179 68759 INFO tempest.lib.common.rest_client [req-dbd33b14-9baf-4776-9323-54dbca2cfc2a req-dbd33b14-9baf-4776-9323-54dbca2cfc2a ] Request (AttachInterfacesUnderV243Test:test_add_remove_fixed_ip): 200 GET http://10.180.1.21/compute/v2.1/servers/6df57929-1115-4080-8131-8960525eb833 0.138s
2025-04-08 18:52:00.195 68777 INFO tempest.lib.common.rest_client [req-02ab2c99-b308-41de-bfab-e1ac96744893 req-02ab2c99-b308-41de-bfab-e1ac96744893 ] Request (ServersAdminNegativeTestJSON:setUpClass): 200 GET http://10.180.1.21/compute/v2.1/servers/5ebb83ca-5c3e-40c2-a9c3-9c1f182a1909 0.141s
2025-04-08 18:52:00.220 68755 INFO tempest.lib.common.rest_client [req-4fe4247f-bc80-4c87-82ec-d4c45c3ee275 req-4fe4247f-bc80-4c87-82ec-d4c45c3ee275 ] Request (ServerDiskConfigTestJSON:test_rebuild_server_with_auto_disk_config): 200 GET http://10.180.1.21/compute/v2.1/servers/ec17824f-18a5-4a44-8f64-33438ee4990d 0.137s
2025-04-08 18:52:00.238 68783 INFO tempest.lib.common.rest_client [req-71153a48-450e-4c70-8335-a4d1e5d547bb req-71153a48-450e-4c70-8335-a4d1e5d547bb ] Request (ServerActionsTestOtherB:setUpClass): 200 GET http://10.180.1.21/compute/v2.1/servers/bc6ee2e0-ed65-4c30-bb37-28436f8d487d 0.105s
2025-04-08 18:52:00.351 68729 INFO tempest.lib.common.rest_client [req-fa0ebca1-5d50-4aa3-bc86-a3cd84a272f8 req-fa0ebca1-5d50-4aa3-bc86-a3cd84a272f8 ] Request (VolumesAssistedSnapshotsTest:test_volume_assisted_snapshot_create_delete): 200 GET http://10.180.1.21/compute/v2.1/servers/08a980e1-ca8e-4af3-afbf-bd688e11259f 0.129s
2025-04-08 18:52:00.397 68757 INFO tempest.lib.common.rest_client [req-c762023a-fb55-49b3-bf96-bbddcfc38ac8 req-c762023a-fb55-49b3-bf96-bbddcfc38ac8 ] Request (MultipleCreateTestJSON:test_multiple_create): 200 GET http://10.180.1.21/compute/v2.1/servers/1c1675e9-0e4d-49d8-bb02-517b6021c35d 0.123s
2025-04-08 18:52:00.400 68751 INFO tempest.lib.common.rest_client [req-4c33c0d0-9473-430e-9123-c87b779880f6 req-4c33c0d0-9473-430e-9123-c87b779880f6 ] Request (ImagesTestJSON:test_create_image_from_stopped_server): 200 GET http://10.180.1.21/compute/v2.1/servers/cd131349-f678-4271-af79-456624f090d1 0.165s
2025-04-08 18:52:00.442 68769 INFO tempest.lib.common.rest_client [req-02ef8026-e259-45b9-91dc-da4d60af4b38 req-02ef8026-e259-45b9-91dc-da4d60af4b38 ] Request (ServerActionsTestJSON:setUpClass): 200 GET http://10.180.1.21/compute/v2.1/servers/b8f1485f-2f6a-416f-a285-07607283eb08 0.163s
2025-04-08 18:52:00.495 68776 INFO tempest.lib.common.rest_client [req-4724f7e5-8d40-4068-a8a5-931a304116d8 req-4724f7e5-8d40-4068-a8a5-931a304116d8 ] Request (FloatingIPsAssociationTestJSON:setUpClass): 200 GET http://10.180.1.21/compute/v2.1/servers/844f2b9d-ad2a-431a-a587-65ba446d571f 0.083s
2025-04-08 18:52:00.542 68749 INFO tempest.lib.common.rest_client [req-0bb74982-5d7e-4b84-ab90-9f554cee01ae req-0bb74982-5d7e-4b84-ab90-9f554cee01ae ] Request (ServersAdminTestJSON:setUpClass): 200 GET http://10.180.1.21/compute/v2.1/servers/5afa4386-7640-4a3d-bc2b-b8b5e9d28ebf 0.071s
2025-04-08 18:52:00.555 68767 INFO tempest.lib.common.rest_client [req-d2c1caf9-f90d-4bad-949c-22354200f677 req-d2c1caf9-f90d-4bad-949c-22354200f677 ] Request (ServerDiagnosticsTest:test_get_server_diagnostics): 200 GET http://10.180.1.21/compute/v2.1/servers/3c9187ce-bad4-4634-bd67-7a3e7a4cacaf 0.198s
2025-04-08 18:52:00.583 68723 INFO tempest.lib.common.rest_client [req-379ef758-893e-4f54-b19c-94c606f10761 req-379ef758-893e-4f54-b19c-94c606f10761 ] Request (ServerMetadataNegativeTestJSON:setUpClass): 200 GET http://10.180.1.21/compute/v2.1/servers/12d34fba-743e-4f1c-aeaf-6914aa5788c1 0.062s
2025-04-08 18:52:00.629 68765 INFO tempest.lib.common.rest_client [req-44ea537d-5d53-4e9a-a974-1b65fd96d2d1 req-44ea537d-5d53-4e9a-a974-1b65fd96d2d1 ] Request (ServersTestMultiNic:test_verify_duplicate_network_nics): 200 GET http://10.180.1.21/compute/v2.1/servers/96d4015d-e7a6-4fcc-8f73-afc928113cff 0.055s
2025-04-08 18:52:00.650 68737 INFO tempest.lib.common.rest_client [req-ba34417e-48dc-4746-a86f-536e1d73b88f req-ba34417e-48dc-4746-a86f-536e1d73b88f ] Request (ServerExternalEventsTest:test_create_server_external_events): 200 GET http://10.180.1.21/compute/v2.1/servers/b0882dec-0d2a-4f62-933d-0d24f3340026 0.126s
2025-04-08 18:52:00.694 68727 INFO tempest.lib.common.rest_client [req-3e797908-890c-44de-97c9-1c2ecd0cbb0a req-3e797908-890c-44de-97c9-1c2ecd0cbb0a ] Request (ImagesOneServerNegativeTestJSON:setUpClass): 200 GET http://10.180.1.21/compute/v2.1/servers/b436b172-7da8-4753-9e5c-896675ae640c 0.069s
2025-04-08 18:52:00.749 68747 INFO tempest.lib.common.rest_client [req-02ac6d2f-6c8b-4174-b83f-5e450f77717a req-02ac6d2f-6c8b-4174-b83f-5e450f77717a ] Request (ServersAdmin275Test:test_rebuild_update_server_275): 200 GET http://10.180.1.21/compute/v2.1/servers/88c5636b-e0d5-4db2-8044-aa909a1da0cc 0.119s
2025-04-08 18:52:00.792 68761 INFO tempest.lib.common.rest_client [req-14c043a2-0079-41ff-ab1d-33d4d499e097 req-14c043a2-0079-41ff-ab1d-33d4d499e097 ] Request (ServersTestManualDisk:setUpClass): 200 GET http://10.180.1.21/compute/v2.1/servers/b473237b-274d-450d-b5a1-63d78b08f6f0 0.125s
2025-04-08 18:52:00.838 68743 INFO tempest.lib.common.rest_client [req-fb879fcd-8938-4a0b-a2ed-b2186988786a req-fb879fcd-8938-4a0b-a2ed-b2186988786a ] Request (ServersTestJSON:setUpClass): 200 GET http://10.180.1.21/compute/v2.1/servers/960a8177-a962-471b-850c-7fdf16544cbe 0.264s
2025-04-08 18:52:00.845 68763 INFO tempest.lib.common.rest_client [req-6c9d69be-44c2-4377-96dc-337fd714c1b3 req-6c9d69be-44c2-4377-96dc-337fd714c1b3 ] Request (SecurityGroupsTestJSON:test_list_security_groups_by_server): 200 GET http://10.180.1.21/compute/v2.1/servers/32a3402f-546a-4e3d-b71d-e4e3b50df6f0 0.157s
2025-04-08 18:52:00.899 68745 INFO tempest.lib.common.rest_client [req-2a279ea1-3fdf-468b-900a-7f7110f99cb8 req-2a279ea1-3fdf-468b-900a-7f7110f99cb8 ] Request (AttachInterfacesV270Test:test_create_get_list_interfaces): 200 GET http://10.180.1.21/compute/v2.1/servers/67780abc-a216-41d2-b531-d31aef150587 0.123s
2025-04-08 18:52:00.944 68739 INFO tempest.lib.common.rest_client [req-52fdcecd-e07b-4d80-b2b9-3fefa6703a10 req-52fdcecd-e07b-4d80-b2b9-3fefa6703a10 ] Request (DeleteServersAdminTestJSON:test_delete_server_while_in_error_state): 200 GET http://10.180.1.21/compute/v2.1/servers/1f0d84b8-7f22-4b48-ab5a-04b36bfd29a5 0.118s
2025-04-08 18:52:00.951 68781 INFO tempest.lib.common.rest_client [req-dc7a23ba-c1f4-4fd0-bcea-89c8c8d62448 req-dc7a23ba-c1f4-4fd0-bcea-89c8c8d62448 ] Request (ImagesOneServerTestJSON:setUpClass): 200 GET http://10.180.1.21/compute/v2.1/servers/280e1cc5-91db-4a03-bca4-b2d2e4ddd221 0.197s
2025-04-08 18:52:01.003 68753 INFO tempest.lib.common.rest_client [req-211aac6d-4e43-4602-a6fb-8ac691c1fd82 req-211aac6d-4e43-4602-a6fb-8ac691c1fd82 ] Request (ServerDiagnosticsNegativeTest:test_get_server_diagnostics_by_non_admin): 200 GET http://10.180.1.21/compute/v2.1/servers/0cab7c98-d6d4-401f-a8a3-6aeb7c4ae3e9 0.136s
2025-04-08 18:52:01.059 68773 INFO tempest.lib.common.rest_client [req-523b0e69-750b-4978-901a-2e9923018949 req-523b0e69-750b-4978-901a-2e9923018949 ] Request (ServersListShow296Test:test_list_show_update_rebuild_server_296): 200 GET http://10.180.1.21/compute/v2.1/servers/a79985f5-4be3-4b95-a3d3-339b7f25b9e9 0.152s
2025-04-08 18:52:01.104 68779 INFO tempest.lib.common.rest_client [req-6bf056ef-e1e7-48e7-ab9b-7681780884bf req-6bf056ef-e1e7-48e7-ab9b-7681780884bf ] Request (InstanceActionsNegativeTestJSON:setUpClass): 200 GET http://10.180.1.21/compute/v2.1/servers/1c1acc0d-263d-4687-93ff-291d18a592d8 0.192s
2025-04-08 18:52:01.110 68771 INFO tempest.lib.common.rest_client [req-0c090eca-0d57-4b82-a814-34457bb34f6d req-0c090eca-0d57-4b82-a814-34457bb34f6d ] Request (ServersV294TestFqdnHostnames:setUpClass): 200 GET http://10.180.1.21/compute/v2.1/servers/f5aa2b1b-c290-42f2-84d3-272415184f14 0.255s
2025-04-08 18:52:01.152 68731 INFO tempest.lib.common.rest_client [req-7f3411c8-27e0-4487-9e43-e8e212848e21 req-7f3411c8-27e0-4487-9e43-e8e212848e21 ] Request (FloatingIPsAssociationNegativeTestJSON:setUpClass): 200 GET http://10.180.1.21/compute/v2.1/servers/0cf57946-5db0-4c7c-a537-3f35e50c231f 0.203s
2025-04-08 18:52:01.223 68733 INFO tempest.lib.common.rest_client [req-43d7444c-6d06-4fbd-bd92-261aaaef7df4 req-43d7444c-6d06-4fbd-bd92-261aaaef7df4 ] Request (MigrationsAdminTest:test_list_migrations_in_flavor_resize_situation): 200 GET http://10.180.1.21/compute/v2.1/servers/63801b63-1601-4e77-a500-3569713177bd 0.145s
2025-04-08 18:52:01.248 68741 INFO tempest.lib.common.rest_client [req-aa165bb1-1989-454b-b319-c5ed478341ef req-aa165bb1-1989-454b-b319-c5ed478341ef ] Request (ServersWithSpecificFlavorTestJSON:test_verify_created_server_ephemeral_disk): 200 GET http://10.180.1.21/compute/v2.1/servers/8fdbd88f-f608-4f26-9076-7d2f6eb67224 0.145s
2025-04-08 18:52:01.378 68777 INFO tempest.lib.common.rest_client [req-26016499-f737-46ba-9e40-f68f3f5f7810 req-26016499-f737-46ba-9e40-f68f3f5f7810 ] Request (ServersAdminNegativeTestJSON:setUpClass): 200 GET http://10.180.1.21/compute/v2.1/servers/5ebb83ca-5c3e-40c2-a9c3-9c1f182a1909 0.175s
2025-04-08 18:52:01.386 68759 INFO tempest.lib.common.rest_client [req-b9f2fb55-c72b-43e5-92e4-64884ef58aa0 req-b9f2fb55-c72b-43e5-92e4-64884ef58aa0 ] Request (AttachInterfacesUnderV243Test:test_add_remove_fixed_ip): 200 GET http://10.180.1.21/compute/v2.1/servers/6df57929-1115-4080-8131-8960525eb833 0.199s
2025-04-08 18:52:01.425 68755 INFO tempest.lib.common.rest_client [req-39f7c668-d180-48e3-9cfa-5f190a78f030 req-39f7c668-d180-48e3-9cfa-5f190a78f030 ] Request (ServerDiskConfigTestJSON:test_rebuild_server_with_auto_disk_config): 200 GET http://10.180.1.21/compute/v2.1/servers/ec17824f-18a5-4a44-8f64-33438ee4990d 0.196s
2025-04-08 18:52:01.438 68783 INFO tempest.lib.common.rest_client [req-f4943d03-4cda-475d-a2ff-26182cc0891b req-f4943d03-4cda-475d-a2ff-26182cc0891b ] Request (ServerActionsTestOtherB:setUpClass): 200 GET http://10.180.1.21/compute/v2.1/servers/bc6ee2e0-ed65-4c30-bb37-28436f8d487d 0.192s
2025-04-08 18:52:01.482 68757 INFO tempest.lib.common.rest_client [req-d45a3a2d-16a5-4e31-b290-d73b0f8aa565 req-d45a3a2d-16a5-4e31-b290-d73b0f8aa565 ] Request (MultipleCreateTestJSON:test_multiple_create): 200 GET http://10.180.1.21/compute/v2.1/servers/1c1675e9-0e4d-49d8-bb02-517b6021c35d 0.078s
2025-04-08 18:52:01.539 68729 INFO tempest.lib.common.rest_client [req-40e51b95-08cf-45c6-9869-643ca02ecfdc req-40e51b95-08cf-45c6-9869-643ca02ecfdc ] Request (VolumesAssistedSnapshotsTest:test_volume_assisted_snapshot_create_delete): 200 GET http://10.180.1.21/compute/v2.1/servers/08a980e1-ca8e-4af3-afbf-bd688e11259f 0.179s
2025-04-08 18:52:01.584 68769 INFO tempest.lib.common.rest_client [req-a5b6e185-1036-419c-8ab4-ae3f21dc7520 req-a5b6e185-1036-419c-8ab4-ae3f21dc7520 ] Request (ServerActionsTestJSON:setUpClass): 200 GET http://10.180.1.21/compute/v2.1/servers/b8f1485f-2f6a-416f-a285-07607283eb08 0.135s
