2025-04-16 12:23:49.925 68248 INFO tempest.lib.common.rest_client [req-91c256ce-9ea7-4032-bf8e-533c1b0241ae req-91c256ce-9ea7-4032-bf8e-533c1b0241ae ] Request (ListServerFiltersTestJSON:setUpClass): 200 GET http://10.180.1.21/compute/v2.1/servers/834fdc0b-5b2f-4374-a77a-de970c10e125 0.315s
2025-04-16 12:23:49.940 68220 INFO tempest.lib.common.rest_client [req-fea2c102-e3ad-4a6f-a10e-29a408538491 req-fea2c102-e3ad-4a6f-a10e-29a408538491 ] Request (QuotasTestJSON:test_compare_tenant_quotas_with_default_quotas): 200 GET http://10.180.1.21/compute/v2.1/os-quota-sets/80ad3b19094b4bfd9e075a3b55c81129 0.295s
2025-04-16 12:23:49.974 68234 INFO tempest.lib.common.rest_client [req-64ddd120-4233-4189-8fe6-a6577d13b76d req-64ddd120-4233-4189-8fe6-a6577d13b76d ] Request (AttachInterfacesUnderV243Test:test_add_remove_fixed_ip): 200 GET http://10.180.1.21/compute/v2.1/servers/b9a04994-804b-47b8-bc9f-cf4f18f27f5b 0.308s
2025-04-16 12:23:49.998 68216 INFO tempest.lib.common.rest_client [req-1800836e-d736-4649-ab41-e2b5fb08ce98 req-1800836e-d736-4649-ab41-e2b5fb08ce98 ] Request (ServersV294TestFqdnHostnames:setUpClass): 200 GET http://10.180.1.21/compute/v2.1/servers/9dc1cdba-3991-4ee2-b92b-2800e17f07a8 0.305s
2025-04-16 12:23:50.027 68256 INFO tempest.lib.common.rest_client [req-2fee8dfe-7117-4928-b5e3-fdecb8362f16 req-2fee8dfe-7117-4928-b5e3-fdecb8362f16 ] Request (VolumesAdminNegativeTest:test_update_attached_volume_with_nonexistent_volume_in_body): 200 GET http://10.180.1.21/compute/v2.1/servers/707828f6-0267-42ff-95e5-6b328382b017 0.307s
2025-04-16 12:23:50.049 68268 INFO tempest.lib.common.rest_client [req-2c4ff420-d019-4d01-828a-0d087026c9f5 req-2c4ff420-d019-4d01-828a-0d087026c9f5 ] Request (ServersWithSpecificFlavorTestJSON:test_verify_created_server_ephemeral_disk): 200 GET http://10.180.1.21/compute/v2.1/servers/d84f0e97-24d3-4b0b-8eff-51cf6bfd980c 0.302s
2025-04-16 12:23:50.075 68222 INFO tempest.lib.common.rest_client [req-14015dde-e9cf-4815-bb82-c8e4a3219cb9 req-14015dde-e9cf-4815-bb82-c8e4a3219cb9 ] Request (InstanceActionsV221TestJSON:test_get_list_deleted_instance_actions): 200 GET http://10.180.1.21/compute/v2.1/servers/2be271b8-775a-4c51-aa27-75a6a29e270b 0.295s
2025-04-16 12:23:50.095 68218 INFO tempest.lib.common.rest_client [req-9481512c-3f08-4d60-a080-313b152031eb req-9481512c-3f08-4d60-a080-313b152031eb ] Request (ServerDiskConfigTestJSON:test_rebuild_server_with_auto_disk_config): 200 GET http://10.180.1.21/compute/v2.1/servers/38541c24-fc6b-4385-91bf-de25df66a798 0.279s
2025-04-16 12:23:50.121 68232 INFO tempest.lib.common.rest_client [req-4f5e3eda-d684-47cb-89dd-01e3375a5699 req-4f5e3eda-d684-47cb-89dd-01e3375a5699 ] Request (ServerActionsTestOtherB:setUpClass): 200 GET http://10.180.1.21/compute/v2.1/servers/658d81c6-dd54-4af5-b51f-6b0ce8fb9336 0.300s
2025-04-16 12:23:50.146 68270 INFO tempest.lib.common.rest_client [req-bd7b4456-e035-4221-910e-b170af3abe14 req-bd7b4456-e035-4221-910e-b170af3abe14 ] Request (ImagesNegativeTestJSON:test_create_image_from_deleted_server): 200 GET http://10.180.1.21/compute/v2.1/servers/188890b5-2189-4499-9856-22dc65b6c6f1 0.267s
2025-04-16 12:23:50.177 68266 INFO tempest.lib.common.rest_client [req-9f1fe4e9-4d8b-4eaf-9ec6-f5c3959fbdeb req-9f1fe4e9-4d8b-4eaf-9ec6-f5c3959fbdeb ] Request (ServersAdmin275Test:test_rebuild_update_server_275): 200 GET http://10.180.1.21/compute/v2.1/servers/f50fc747-d3b4-456c-b86f-a086a7968329 0.296s
2025-04-16 12:23:50.178 68220 INFO tempest.lib.common.rest_client [req-6ee625b5-4c21-4806-9603-a376325ec2de req-6ee625b5-4c21-4806-9603-a376325ec2de ] Request (QuotasTestJSON:test_get_default_quotas): 200 GET http://10.180.1.21/compute/v2.1/os-quota-sets/80ad3b19094b4bfd9e075a3b55c81129/defaults 0.234s
2025-04-16 12:23:50.227 68212 INFO tempest.lib.common.rest_client [req-e2a421fe-f65b-4141-b239-f25979386cbf req-e2a421fe-f65b-4141-b239-f25979386cbf ] Request (FloatingIPsAssociationTestJSON:setUpClass): 200 GET http://10.180.1.21/compute/v2.1/servers/743b56db-49a0-4af7-96bc-a3fc6025fa19 0.081s
2025-04-16 12:23:50.267 68258 INFO tempest.lib.common.rest_client [req-0be5ae05-9351-4794-a637-b139d7e94002 req-0be5ae05-9351-4794-a637-b139d7e94002 ] Request (ImagesOneServerNegativeTestJSON:setUpClass): 200 GET http://10.180.1.21/compute/v2.1/servers/180338df-2738-4eeb-8610-cb130d04f6d2 0.223s
2025-04-16 12:23:50.310 68220 INFO tempest.lib.common.rest_client [req-2e1a6fbf-214b-4b89-9879-e6facd51fd5f req-2e1a6fbf-214b-4b89-9879-e6facd51fd5f ] Request (QuotasTestJSON:test_get_quotas): 200 GET http://10.180.1.21/compute/v2.1/os-quota-sets/80ad3b19094b4bfd9e075a3b55c81129 0.129s
2025-04-16 12:23:50.316 68260 INFO tempest.lib.common.rest_client [req-02992fef-d772-4f15-8648-c315f1ab1aad req-02992fef-d772-4f15-8648-c315f1ab1aad ] Request (ImagesOneServerTestJSON:setUpClass): 200 GET http://10.180.1.21/compute/v2.1/servers/8b261c6e-741c-4d6c-9567-566af85cd68f 0.144s
2025-04-16 12:23:50.360 68273 INFO tempest.lib.common.rest_client [req-69ce5919-e1aa-4655-8f6f-138a004554a0 req-69ce5919-e1aa-4655-8f6f-138a004554a0 ] Request (SecurityGroupsTestJSON:test_list_security_groups_by_server): 200 GET http://10.180.1.21/compute/v2.1/servers/45e517a6-1ef1-4082-b5f9-24a9c932630c 0.152s
2025-04-16 12:23:50.403 68228 INFO tempest.lib.common.rest_client [req-10c2d4a8-c0ec-4471-9360-22088e0ea210 req-10c2d4a8-c0ec-4471-9360-22088e0ea210 ] Request (DeleteServersAdminTestJSON:test_admin_delete_servers_of_others): 200 GET http://10.180.1.21/compute/v2.1/servers/82096302-bbdd-49b4-bd19-bdf75343e03a 0.125s
2025-04-16 12:23:50.403 68220 INFO tempest.lib.common.rest_client [req-d10dde74-4dec-480f-aeac-4bfc93c2e1b4 req-d10dde74-4dec-480f-aeac-4bfc93c2e1b4 ] Request (QuotasTestJSON:test_get_quotas): 200 GET http://10.180.1.21/compute/v2.1/os-quota-sets/80ad3b19094b4bfd9e075a3b55c81129?user_id=34a8bebe59414244b9d4984b679915c2 0.091s
2025-04-16 12:23:50.493 68238 INFO tempest.lib.common.rest_client [req-1ea075d6-8df7-4d73-88de-ff3f0a133354 req-1ea075d6-8df7-4d73-88de-ff3f0a133354 ] Request (ServerDiagnosticsTest:test_get_server_diagnostics): 200 GET http://10.180.1.21/compute/v2.1/servers/bd297ef0-fa45-43c1-ab4e-14bcce806b35 0.116s
2025-04-16 12:23:50.496 68224 INFO tempest.lib.common.rest_client [req-79264245-b7cd-429c-9406-c0f617605de1 req-79264245-b7cd-429c-9406-c0f617605de1 ] Request (MigrationsAdminTest:test_list_migrations_in_flavor_resize_situation): 200 GET http://10.180.1.21/compute/v2.1/servers/8c1f8c1e-b86a-40bc-b3af-335c1ad3d77b 0.150s
2025-04-16 12:23:50.506 68220 INFO tempest.lib.common.rest_client [req-3a0f0f17-01bc-41ba-822d-2824cef76b08 req-3a0f0f17-01bc-41ba-822d-2824cef76b08 ] Request (QuotasTestJSON:tearDownClass): 204 DELETE http://10.180.1.21/identity/v3/users/34a8bebe59414244b9d4984b679915c2 0.099s
2025-04-16 12:23:50.506 68220 INFO tempest.lib.common.dynamic_creds [-] Deleting project and security group for project: 80ad3b19094b4bfd9e075a3b55c81129
2025-04-16 12:23:50.566 68220 INFO tempest.lib.common.rest_client [req-9cf12fbc-6009-485e-b583-2471d1ce5975 req-9cf12fbc-6009-485e-b583-2471d1ce5975 ] Request (QuotasTestJSON:tearDownClass): 201 POST http://10.180.1.21/identity/v3/auth/tokens 0.059s
2025-04-16 12:23:50.588 68264 INFO tempest.lib.common.rest_client [req-c35918ca-b289-4dea-8eb3-a811153fbb85 req-c35918ca-b289-4dea-8eb3-a811153fbb85 ] Request (ServerAddressesTestJSON:setUpClass): 200 GET http://10.180.1.21/compute/v2.1/servers/9c586d33-c563-45c7-8c54-1638a78a669c 0.099s
2025-04-16 12:23:50.632 68246 INFO tempest.lib.common.rest_client [req-deca6b51-f008-4530-b091-ad76dfccba08 req-deca6b51-f008-4530-b091-ad76dfccba08 ] Request (ListImageFiltersTestJSON:setUpClass): 200 GET http://10.180.1.21/compute/v2.1/servers/f963e0c6-8a3d-4872-8cae-07fff845b77f 0.080s
2025-04-16 12:23:50.660 68244 INFO tempest.lib.common.rest_client [req-7e869f76-ed55-40b4-ad9d-50cbbed9ff26 req-7e869f76-ed55-40b4-ad9d-50cbbed9ff26 ] Request (ServerPasswordTestJSON:setUpClass): 200 GET http://10.180.1.21/compute/v2.1/servers/fed6991c-9b59-43bb-8cda-96053adb798b 0.154s
2025-04-16 12:23:50.676 68242 INFO tempest.lib.common.rest_client [req-4ccaa3b8-b72c-4da3-9ef0-7534a8480f4e req-4ccaa3b8-b72c-4da3-9ef0-7534a8480f4e ] Request (VolumesAssistedSnapshotsTest:test_volume_assisted_snapshot_create_delete): 200 GET http://10.180.1.21/compute/v2.1/servers/068b288c-194b-4d2c-89c3-8adb7d628cc7 0.083s
2025-04-16 12:23:50.721 68220 INFO tempest.lib.common.rest_client [req-42e5df28-f0b6-4c25-b375-1003605dad97 req-42e5df28-f0b6-4c25-b375-1003605dad97 ] Request (QuotasTestJSON:tearDownClass): 200 GET http://10.180.1.21:9696/networking/v2.0/security-groups?tenant_id=80ad3b19094b4bfd9e075a3b55c81129&name=default 0.154s
2025-04-16 12:23:50.724 68252 INFO tempest.lib.common.rest_client [req-cc6c116f-bdd6-48c8-b945-19871eaf3042 req-cc6c116f-bdd6-48c8-b945-19871eaf3042 ] Request (ServersTestFqdnHostnames:test_create_server_with_fqdn_name): 200 GET http://10.180.1.21/compute/v2.1/servers/9e47d3ce-3897-458b-ac85-d98745e9aeb5 0.058s
2025-04-16 12:23:50.764 68274 INFO tempest.lib.common.rest_client [req-ecf2a7f9-a0bc-4d79-ad30-4142755a4b19 req-ecf2a7f9-a0bc-4d79-ad30-4142755a4b19 ] Request (MultipleCreateTestJSON:test_multiple_create): 200 GET http://10.180.1.21/compute/v2.1/servers/8b5afa56-a56a-4990-9ba7-2c0955579a65 0.064s
2025-04-16 12:23:50.780 68230 INFO tempest.lib.common.rest_client [req-96483100-f511-4403-a387-37f44b35af56 req-96483100-f511-4403-a387-37f44b35af56 ] Request (ServerActionsTestOtherA:setUpClass): 200 GET http://10.180.1.21/compute/v2.1/servers/dcb0d0da-a987-46b2-be64-672ee3200eab 0.049s
2025-04-16 12:23:50.812 68226 INFO tempest.lib.common.rest_client [req-12788146-0e05-482b-a598-8aecd85be188 req-12788146-0e05-482b-a598-8aecd85be188 ] Request (ServersTestBootFromVolume:setUpClass): 200 GET http://10.180.1.21/compute/v2.1/servers/8028a7dd-4002-4db3-a738-3926c1d2340e 0.051s
2025-04-16 12:23:50.821 68220 INFO tempest.lib.common.rest_client [req-d0a6c876-a6cf-4c5d-87cf-570882ea73d9 req-d0a6c876-a6cf-4c5d-87cf-570882ea73d9 ] Request (QuotasTestJSON:tearDownClass): 204 DELETE http://10.180.1.21:9696/networking/v2.0/security-groups/6c57aa59-465d-4b6a-b98c-43017821a507 0.100s
2025-04-16 12:23:50.877 68220 INFO tempest.lib.common.rest_client [req-b81e94ec-f7ba-4c8b-9458-d08cbb4cd0e4 req-b81e94ec-f7ba-4c8b-9458-d08cbb4cd0e4 ] Request (QuotasTestJSON:tearDownClass): 204 DELETE http://10.180.1.21/identity/v3/projects/80ad3b19094b4bfd9e075a3b55c81129 0.055s
2025-04-16 12:23:50.932 68250 INFO tempest.lib.common.rest_client [req-e10e89f2-3529-4f88-b406-80a7a98b9d2c req-e10e89f2-3529-4f88-b406-80a7a98b9d2c ] Request (ServerDiagnosticsNegativeTest:test_get_server_diagnostics_by_non_admin): 200 GET http://10.180.1.21/compute/v2.1/servers/371aeb17-ad59-4a01-88f7-466dfee8d293 0.096s
2025-04-16 12:23:50.936 68220 INFO tempest.lib.common.rest_client [req-c3969541-8b9c-483f-aa42-81224db8b7ed req-c3969541-8b9c-483f-aa42-81224db8b7ed ] Request (VolumesGetTestJSON:setUpClass): 201 POST http://10.180.1.21/identity/v3/auth/tokens 0.058s
2025-04-16 12:23:50.948 68236 INFO tempest.lib.common.rest_client [req-d43ff6c1-84c8-4976-a73a-1ef1cd5e1277 req-d43ff6c1-84c8-4976-a73a-1ef1cd5e1277 ] Request (ServersAdminNegativeTestJSON:setUpClass): 200 GET http://10.180.1.21/compute/v2.1/servers/93509103-8c02-420d-bcaa-c2cf0847b1f0 0.091s
2025-04-16 12:23:50.964 68220 INFO tempest.lib.common.rest_client [req-03ed97db-efaa-407a-84e9-616e3a08f09e req-03ed97db-efaa-407a-84e9-616e3a08f09e ] Request (VolumesGetTestJSON:setUpClass): 201 POST http://10.180.1.21/identity/v3/auth/tokens 0.026s
2025-04-16 12:23:50.982 68214 INFO tempest.lib.common.rest_client [req-3cf55ec4-abf9-4f87-b19b-fef67189db5a req-3cf55ec4-abf9-4f87-b19b-fef67189db5a ] Request (ServerDiagnosticsV248Test:test_get_server_diagnostics): 200 GET http://10.180.1.21/compute/v2.1/servers/6580c348-f5a4-4f20-a6fb-8942202a526e 0.093s
2025-04-16 12:23:50.984 68220 INFO tempest.lib.common.rest_client [req-20245958-c098-488d-b931-f994dd870a60 req-20245958-c098-488d-b931-f994dd870a60 ] Request (VolumesGetTestJSON:setUpClass): 200 GET http://10.180.1.21/identity/v3/domains?name=Default 0.020s
2025-04-16 12:23:50.994 68254 INFO tempest.lib.common.rest_client [req-ab276806-64cf-49fd-b6d7-8dc9daea2415 req-ab276806-64cf-49fd-b6d7-8dc9daea2415 ] Request (ServerGroupTestJSON:test_create_server_with_scheduler_hint_group): 200 GET http://10.180.1.21/compute/v2.1/servers/5b7a605b-7521-40c3-92d1-ce5487f6fedd 0.089s
2025-04-16 12:23:51.017 68220 INFO tempest.lib.common.rest_client [req-04a4bf08-f472-4e07-8661-e4fb14cf0312 req-04a4bf08-f472-4e07-8661-e4fb14cf0312 ] Request (VolumesGetTestJSON:setUpClass): 201 POST http://10.180.1.21/identity/v3/projects 0.033s
2025-04-16 12:23:51.036 68248 INFO tempest.lib.common.rest_client [req-9f395a59-c9c0-43c0-88f1-6425b74b7991 req-9f395a59-c9c0-43c0-88f1-6425b74b7991 ] Request (ListServerFiltersTestJSON:setUpClass): 200 GET http://10.180.1.21/compute/v2.1/servers/834fdc0b-5b2f-4374-a77a-de970c10e125 0.101s
2025-04-16 12:23:51.042 68234 INFO tempest.lib.common.rest_client [req-a23191ff-0b53-4904-a41c-ad6d1976a23c req-a23191ff-0b53-4904-a41c-ad6d1976a23c ] Request (AttachInterfacesUnderV243Test:test_add_remove_fixed_ip): 200 GET http://10.180.1.21/compute/v2.1/servers/b9a04994-804b-47b8-bc9f-cf4f18f27f5b 0.057s
2025-04-16 12:23:51.082 68220 INFO tempest.lib.common.rest_client [req-5fc3a81f-4fb0-4939-b48c-06e27e4f5f47 req-5fc3a81f-4fb0-4939-b48c-06e27e4f5f47 ] Request (VolumesGetTestJSON:setUpClass): 201 POST http://10.180.1.21/identity/v3/users 0.064s
2025-04-16 12:23:51.088 68216 INFO tempest.lib.common.rest_client [req-bad022e1-1366-40b8-b43e-4c1cdb0c2020 req-bad022e1-1366-40b8-b43e-4c1cdb0c2020 ] Request (ServersV294TestFqdnHostnames:setUpClass): 200 GET http://10.180.1.21/compute/v2.1/servers/9dc1cdba-3991-4ee2-b92b-2800e17f07a8 0.080s
2025-04-16 12:23:51.096 68256 INFO tempest.lib.common.rest_client [req-0ab9fa3f-c941-4a13-bf9b-82248f0e7a0d req-0ab9fa3f-c941-4a13-bf9b-82248f0e7a0d ] Request (VolumesAdminNegativeTest:test_update_attached_volume_with_nonexistent_volume_in_body): 200 GET http://10.180.1.21/compute/v2.1/servers/707828f6-0267-42ff-95e5-6b328382b017 0.056s
2025-04-16 12:23:51.104 68220 INFO tempest.lib.common.rest_client [req-eeaa9240-b36e-4060-a60e-dfe4af1f5c51 req-eeaa9240-b36e-4060-a60e-dfe4af1f5c51 ] Request (VolumesGetTestJSON:setUpClass): 200 GET http://10.180.1.21/identity/v3/roles 0.021s
2025-04-16 12:23:51.130 68220 INFO tempest.lib.common.rest_client [req-21878bee-01f2-472e-836e-c6b37868f84e req-21878bee-01f2-472e-836e-c6b37868f84e ] Request (VolumesGetTestJSON:setUpClass): 204 PUT http://10.180.1.21/identity/v3/projects/9257209d961f49a585743ea9c8d55b1a/users/554bbb16fae5475f9e7926afa1c7e1dc/roles/af283a3d12b540e89f0295d266562497 0.025s
2025-04-16 12:23:51.130 68220 INFO tempest.lib.common.dynamic_creds [-] Dynamic test user 554bbb16fae5475f9e7926afa1c7e1dc is created with scope project and roles: ['member']
2025-04-16 12:23:51.130 68220 INFO tempest.lib.common.dynamic_creds [-] Acquired dynamic creds: credentials: Credentials: {'domain_id': 'default', 'domain_name': 'Default', 'username': 'tempest-VolumesGetTestJSON-109719463-project-member', 'project_domain_id': 'default', 'project_domain_name': 'Default', 'project_id': '9257209d961f49a585743ea9c8d55b1a', 'project_name': 'tempest-VolumesGetTestJSON-109719463', 'tenant_id': '9257209d961f49a585743ea9c8d55b1a', 'tenant_name': 'tempest-VolumesGetTestJSON-109719463', 'user_domain_id': 'default', 'user_domain_name': 'Default', 'user_id': '554bbb16fae5475f9e7926afa1c7e1dc', 'system': None}, Network: None, Subnet: None, Router: None
2025-04-16 12:23:51.130 68220 INFO tempest.lib.common.dynamic_creds [-] Created isolated network resources for: credentials: Credentials: {'domain_id': 'default', 'domain_name': 'Default', 'username': 'tempest-VolumesGetTestJSON-109719463-project-member', 'project_domain_id': 'default', 'project_domain_name': 'Default', 'project_id': '9257209d961f49a585743ea9c8d55b1a', 'project_name': 'tempest-VolumesGetTestJSON-109719463', 'tenant_id': '9257209d961f49a585743ea9c8d55b1a', 'tenant_name': 'tempest-VolumesGetTestJSON-109719463', 'user_domain_id': 'default', 'user_domain_name': 'Default', 'user_id': '554bbb16fae5475f9e7926afa1c7e1dc', 'system': None}, Network: None, Subnet: None, Router: None
2025-04-16 12:23:51.134 68268 INFO tempest.lib.common.rest_client [req-0080dc0f-4abc-4210-9d96-ebba05206dbf req-0080dc0f-4abc-4210-9d96-ebba05206dbf ] Request (ServersWithSpecificFlavorTestJSON:test_verify_created_server_ephemeral_disk): 200 GET http://10.180.1.21/compute/v2.1/servers/d84f0e97-24d3-4b0b-8eff-51cf6bfd980c 0.078s
2025-04-16 12:23:51.141 68222 INFO tempest.lib.common.rest_client [req-06aabd5b-2c9c-4b7a-b648-caed3f54c439 req-06aabd5b-2c9c-4b7a-b648-caed3f54c439 ] Request (InstanceActionsV221TestJSON:test_get_list_deleted_instance_actions): 200 GET http://10.180.1.21/compute/v2.1/servers/2be271b8-775a-4c51-aa27-75a6a29e270b 0.057s
2025-04-16 12:23:51.185 68232 INFO tempest.lib.common.rest_client [req-dbc32c11-4fdd-45d8-a2cc-c0ce3bfcba1a req-dbc32c11-4fdd-45d8-a2cc-c0ce3bfcba1a ] Request (ServerActionsTestOtherB:setUpClass): 200 GET http://10.180.1.21/compute/v2.1/servers/658d81c6-dd54-4af5-b51f-6b0ce8fb9336 0.052s
2025-04-16 12:23:51.186 68218 INFO tempest.lib.common.rest_client [req-abfd184a-a048-4cd9-862b-12547e20df31 req-abfd184a-a048-4cd9-862b-12547e20df31 ] Request (ServerDiskConfigTestJSON:test_rebuild_server_with_auto_disk_config): 200 GET http://10.180.1.21/compute/v2.1/servers/38541c24-fc6b-4385-91bf-de25df66a798 0.084s
2025-04-16 12:23:51.202 68220 INFO tempest.lib.common.rest_client [req-423ee51e-9cae-4f83-81cc-78b61c925115 req-423ee51e-9cae-4f83-81cc-78b61c925115 ] Request (VolumesGetTestJSON:setUpClass): 201 POST http://10.180.1.21/identity/v3/auth/tokens 0.068s
2025-04-16 12:23:51.229 68270 INFO tempest.lib.common.rest_client [req-7114915b-3b49-4d88-b409-55a7ab8c7f1b req-7114915b-3b49-4d88-b409-55a7ab8c7f1b ] Request (ImagesNegativeTestJSON:test_create_image_from_deleted_server): 200 GET http://10.180.1.21/compute/v2.1/servers/188890b5-2189-4499-9856-22dc65b6c6f1 0.075s
2025-04-16 12:23:51.239 68266 INFO tempest.lib.common.rest_client [req-b11db30b-b5a3-4eb2-aec1-08980f3c01d8 req-b11db30b-b5a3-4eb2-aec1-08980f3c01d8 ] Request (ServersAdmin275Test:test_rebuild_update_server_275): 200 GET http://10.180.1.21/compute/v2.1/servers/f50fc747-d3b4-456c-b86f-a086a7968329 0.051s
2025-04-16 12:23:51.282 68212 INFO tempest.lib.common.rest_client [req-44f42093-a6b8-4cb2-80d8-c35b9295d911 req-44f42093-a6b8-4cb2-80d8-c35b9295d911 ] Request (FloatingIPsAssociationTestJSON:setUpClass): 200 GET http://10.180.1.21/compute/v2.1/servers/743b56db-49a0-4af7-96bc-a3fc6025fa19 0.048s
2025-04-16 12:23:51.387 68258 INFO tempest.lib.common.rest_client [req-412c47f9-4710-49b5-a9c2-ff85846c87b7 req-412c47f9-4710-49b5-a9c2-ff85846c87b7 ] Request (ImagesOneServerNegativeTestJSON:setUpClass): 200 GET http://10.180.1.21/compute/v2.1/servers/180338df-2738-4eeb-8610-cb130d04f6d2 0.112s
2025-04-16 12:23:51.473 68260 INFO tempest.lib.common.rest_client [req-f5de08c5-cced-413f-acbf-9641d5ba79e5 req-f5de08c5-cced-413f-acbf-9641d5ba79e5 ] Request (ImagesOneServerTestJSON:setUpClass): 200 GET http://10.180.1.21/compute/v2.1/servers/8b261c6e-741c-4d6c-9567-566af85cd68f 0.150s
2025-04-16 12:23:51.517 68273 INFO tempest.lib.common.rest_client [req-a69414eb-ba84-47fd-b409-aef9772a6062 req-a69414eb-ba84-47fd-b409-aef9772a6062 ] Request (SecurityGroupsTestJSON:test_list_security_groups_by_server): 200 GET http://10.180.1.21/compute/v2.1/servers/45e517a6-1ef1-4082-b5f9-24a9c932630c 0.149s
2025-04-16 12:23:51.540 68220 INFO tempest.lib.common.rest_client [req-7aab34bc-1bff-4cac-b7e3-fe1f7c837193 req-7aab34bc-1bff-4cac-b7e3-fe1f7c837193 ] Request (VolumesGetTestJSON:test_volume_create_get_delete): 200 POST http://10.180.1.21/compute/v2.1/os-volumes 0.336s
2025-04-16 12:23:51.604 68228 INFO tempest.lib.common.rest_client [req-09a4465d-21e9-4e78-aa59-ea19ce193eec req-09a4465d-21e9-4e78-aa59-ea19ce193eec ] Request (DeleteServersAdminTestJSON:test_admin_delete_servers_of_others): 200 GET http://10.180.1.21/compute/v2.1/servers/82096302-bbdd-49b4-bd19-bdf75343e03a 0.193s
2025-04-16 12:23:51.671 68238 INFO tempest.lib.common.rest_client [req-a3283cb1-59b7-4a12-a772-0d1d1e814d33 req-a3283cb1-59b7-4a12-a772-0d1d1e814d33 ] Request (ServerDiagnosticsTest:test_get_server_diagnostics): 200 GET http://10.180.1.21/compute/v2.1/servers/bd297ef0-fa45-43c1-ab4e-14bcce806b35 0.170s
2025-04-16 12:23:51.692 68224 INFO tempest.lib.common.rest_client [req-01c82ad0-b2f8-4d7f-9ca7-a3d37fc80ce1 req-01c82ad0-b2f8-4d7f-9ca7-a3d37fc80ce1 ] Request (MigrationsAdminTest:test_list_migrations_in_flavor_resize_situation): 200 GET http://10.180.1.21/compute/v2.1/servers/8c1f8c1e-b86a-40bc-b3af-335c1ad3d77b 0.188s
2025-04-16 12:23:51.700 68220 INFO tempest.lib.common.rest_client [req-e0f1f569-eaba-4865-acbe-55ced6bb05b6 req-e0f1f569-eaba-4865-acbe-55ced6bb05b6 ] Request (VolumesGetTestJSON:test_volume_create_get_delete): 200 GET http://10.180.1.21/compute/v2.1/os-volumes/a60cb7f2-d4ed-408a-866c-13296db17ab7 0.157s
2025-04-16 12:23:51.702 68220 INFO tempest.common.waiters [-] volume a60cb7f2-d4ed-408a-866c-13296db17ab7 reached available after waiting for 0.702844 seconds
2025-04-16 12:23:51.744 68246 INFO tempest.lib.common.rest_client [req-8089bf3d-b8e5-4c06-9e36-e8c4658ca704 req-8089bf3d-b8e5-4c06-9e36-e8c4658ca704 ] Request (ListImageFiltersTestJSON:setUpClass): 200 GET http://10.180.1.21/compute/v2.1/servers/f963e0c6-8a3d-4872-8cae-07fff845b77f 0.103s
2025-04-16 12:23:51.777 68264 INFO tempest.lib.common.rest_client [req-b753f06c-d287-444a-8c17-5a7516acd7c8 req-b753f06c-d287-444a-8c17-5a7516acd7c8 ] Request (ServerAddressesTestJSON:setUpClass): 200 GET http://10.180.1.21/compute/v2.1/servers/9c586d33-c563-45c7-8c54-1638a78a669c 0.181s
2025-04-16 12:23:51.823 68242 INFO tempest.lib.common.rest_client [req-e50ac418-49c4-4b4d-b40c-c1060dd9d40d req-e50ac418-49c4-4b4d-b40c-c1060dd9d40d ] Request (VolumesAssistedSnapshotsTest:test_volume_assisted_snapshot_create_delete): 200 GET http://10.180.1.21/compute/v2.1/servers/068b288c-194b-4d2c-89c3-8adb7d628cc7 0.138s
2025-04-16 12:23:51.833 68244 INFO tempest.lib.common.rest_client [req-63231ce1-42d6-43bf-ad76-b200ba804ab9 req-63231ce1-42d6-43bf-ad76-b200ba804ab9 ] Request (ServerPasswordTestJSON:setUpClass): 200 GET http://10.180.1.21/compute/v2.1/servers/fed6991c-9b59-43bb-8cda-96053adb798b 0.165s
2025-04-16 12:23:51.851 68220 INFO tempest.lib.common.rest_client [req-30315eae-4a91-4439-bc7d-b4ad2ae967d2 req-30315eae-4a91-4439-bc7d-b4ad2ae967d2 ] Request (VolumesGetTestJSON:test_volume_create_get_delete): 200 GET http://10.180.1.21/compute/v2.1/os-volumes/a60cb7f2-d4ed-408a-866c-13296db17ab7 0.148s
2025-04-16 12:23:51.881 68252 INFO tempest.lib.common.rest_client [req-713d75c0-1ff6-4757-a96c-5058e1ed0656 req-713d75c0-1ff6-4757-a96c-5058e1ed0656 ] Request (ServersTestFqdnHostnames:test_create_server_with_fqdn_name): 200 GET http://10.180.1.21/compute/v2.1/servers/9e47d3ce-3897-458b-ac85-d98745e9aeb5 0.149s
2025-04-16 12:23:51.896 68274 INFO tempest.lib.common.rest_client [req-3dfa3722-96ec-44ce-9a78-f2281171d3ab req-3dfa3722-96ec-44ce-9a78-f2281171d3ab ] Request (MultipleCreateTestJSON:test_multiple_create): 200 GET http://10.180.1.21/compute/v2.1/servers/8b5afa56-a56a-4990-9ba7-2c0955579a65 0.123s
2025-04-16 12:23:51.924 68230 INFO tempest.lib.common.rest_client [req-6cad34d6-e862-4a58-8e7c-4b74ca3ec530 req-6cad34d6-e862-4a58-8e7c-4b74ca3ec530 ] Request (ServerActionsTestOtherA:setUpClass): 200 GET http://10.180.1.21/compute/v2.1/servers/dcb0d0da-a987-46b2-be64-672ee3200eab 0.138s
2025-04-16 12:23:51.937 68226 INFO tempest.lib.common.rest_client [req-84322680-fd19-4c39-8cde-a0d87d6dafb7 req-84322680-fd19-4c39-8cde-a0d87d6dafb7 ] Request (ServersTestBootFromVolume:setUpClass): 200 GET http://10.180.1.21/compute/v2.1/servers/8028a7dd-4002-4db3-a738-3926c1d2340e 0.117s
2025-04-16 12:23:51.962 68220 INFO tempest.lib.common.rest_client [req-46799b86-4d4e-457a-abe0-29655dddb771 req-46799b86-4d4e-457a-abe0-29655dddb771 ] Request (VolumesGetTestJSON:tearDownClass): 202 DELETE http://10.180.1.21/compute/v2.1/os-volumes/a60cb7f2-d4ed-408a-866c-13296db17ab7 0.105s
2025-04-16 12:23:52.033 68250 INFO tempest.lib.common.rest_client [req-48b076bb-bf2c-4889-82a6-eb219bacae1f req-48b076bb-bf2c-4889-82a6-eb219bacae1f ] Request (ServerDiagnosticsNegativeTest:test_get_server_diagnostics_by_non_admin): 200 GET http://10.180.1.21/compute/v2.1/servers/371aeb17-ad59-4a01-88f7-466dfee8d293 0.093s
2025-04-16 12:23:52.052 68220 INFO tempest.lib.common.rest_client [req-598df9f5-2f18-4730-9177-d775629ee478 req-598df9f5-2f18-4730-9177-d775629ee478 ] Request (VolumesGetTestJSON:tearDownClass): 404 GET http://10.180.1.21/compute/v2.1/os-volumes/a60cb7f2-d4ed-408a-866c-13296db17ab7 0.089s
2025-04-16 12:23:52.060 68236 INFO tempest.lib.common.rest_client [req-e450afcb-1fc7-4487-bf5a-9ed00783329e req-e450afcb-1fc7-4487-bf5a-9ed00783329e ] Request (ServersAdminNegativeTestJSON:setUpClass): 200 GET http://10.180.1.21/compute/v2.1/servers/93509103-8c02-420d-bcaa-c2cf0847b1f0 0.104s
2025-04-16 12:23:52.105 68254 INFO tempest.lib.common.rest_client [req-73af4fa3-c899-49ff-a3ae-f01bb37fcbf2 req-73af4fa3-c899-49ff-a3ae-f01bb37fcbf2 ] Request (ServerGroupTestJSON:test_create_server_with_scheduler_hint_group): 200 GET http://10.180.1.21/compute/v2.1/servers/5b7a605b-7521-40c3-92d1-ce5487f6fedd 0.103s
2025-04-16 12:23:52.109 68214 INFO tempest.lib.common.rest_client [req-f0b33c61-97ce-4b3a-a324-d48fbb834a79 req-f0b33c61-97ce-4b3a-a324-d48fbb834a79 ] Request (ServerDiagnosticsV248Test:test_get_server_diagnostics): 200 GET http://10.180.1.21/compute/v2.1/servers/6580c348-f5a4-4f20-a6fb-8942202a526e 0.116s
2025-04-16 12:23:52.153 68234 INFO tempest.lib.common.rest_client [req-30a5555c-27e5-43b3-b5a8-218bf56be2e2 req-30a5555c-27e5-43b3-b5a8-218bf56be2e2 ] Request (AttachInterfacesUnderV243Test:test_add_remove_fixed_ip): 200 GET http://10.180.1.21/compute/v2.1/servers/b9a04994-804b-47b8-bc9f-cf4f18f27f5b 0.103s
2025-04-16 12:23:52.153 68248 INFO tempest.lib.common.rest_client [req-5a9ef859-d111-416c-a586-9b908ebd5a08 req-5a9ef859-d111-416c-a586-9b908ebd5a08 ] Request (ListServerFiltersTestJSON:setUpClass): 200 GET http://10.180.1.21/compute/v2.1/servers/834fdc0b-5b2f-4374-a77a-de970c10e125 0.108s
2025-04-16 12:23:52.154 68220 INFO tempest.lib.common.rest_client [req-6b118e31-458e-4803-b73d-9d7d9072760b req-6b118e31-458e-4803-b73d-9d7d9072760b ] Request (VolumesGetTestJSON:tearDownClass): 204 DELETE http://10.180.1.21/identity/v3/users/554bbb16fae5475f9e7926afa1c7e1dc 0.101s
2025-04-16 12:23:52.154 68220 INFO tempest.lib.common.dynamic_creds [-] Deleting project and security group for project: 9257209d961f49a585743ea9c8d55b1a
2025-04-16 12:23:52.197 68256 INFO tempest.lib.common.rest_client [req-4652d9f6-4b2e-4ab8-8a0f-b0e87527530f req-4652d9f6-4b2e-4ab8-8a0f-b0e87527530f ] Request (VolumesAdminNegativeTest:test_update_attached_volume_with_nonexistent_volume_in_body): 200 GET http://10.180.1.21/compute/v2.1/servers/707828f6-0267-42ff-95e5-6b328382b017 0.093s
2025-04-16 12:23:52.201 68216 INFO tempest.lib.common.rest_client [req-6c048918-d3c3-4473-b576-c799514e5599 req-6c048918-d3c3-4473-b576-c799514e5599 ] Request (ServersV294TestFqdnHostnames:setUpClass): 200 GET http://10.180.1.21/compute/v2.1/servers/9dc1cdba-3991-4ee2-b92b-2800e17f07a8 0.102s
2025-04-16 12:23:52.206 68220 INFO tempest.lib.common.rest_client [req-9bc12607-9603-41d4-93d2-0c03f99d8954 req-9bc12607-9603-41d4-93d2-0c03f99d8954 ] Request (VolumesGetTestJSON:tearDownClass): 201 POST http://10.180.1.21/identity/v3/auth/tokens 0.052s
2025-04-16 12:23:52.240 68268 INFO tempest.lib.common.rest_client [req-05b68552-5512-4a8c-8aac-b6b65dec302d req-05b68552-5512-4a8c-8aac-b6b65dec302d ] Request (ServersWithSpecificFlavorTestJSON:test_verify_created_server_ephemeral_disk): 200 GET http://10.180.1.21/compute/v2.1/servers/d84f0e97-24d3-4b0b-8eff-51cf6bfd980c 0.098s
2025-04-16 12:23:52.246 68222 INFO tempest.lib.common.rest_client [req-eb537adc-b11c-4253-80f4-ac29be83b0a1 req-eb537adc-b11c-4253-80f4-ac29be83b0a1 ] Request (InstanceActionsV221TestJSON:test_get_list_deleted_instance_actions): 200 GET http://10.180.1.21/compute/v2.1/servers/2be271b8-775a-4c51-aa27-75a6a29e270b 0.095s
2025-04-16 12:23:52.284 68218 INFO tempest.lib.common.rest_client [req-30a15ff8-d491-4a35-9f10-0da1a2541ece req-30a15ff8-d491-4a35-9f10-0da1a2541ece ] Request (ServerDiskConfigTestJSON:test_rebuild_server_with_auto_disk_config): 200 GET http://10.180.1.21/compute/v2.1/servers/38541c24-fc6b-4385-91bf-de25df66a798 0.090s
2025-04-16 12:23:52.291 68232 INFO tempest.lib.common.rest_client [req-e9f140ff-ddbb-41ad-ae67-b744e42b0b2c req-e9f140ff-ddbb-41ad-ae67-b744e42b0b2c ] Request (ServerActionsTestOtherB:setUpClass): 200 GET http://10.180.1.21/compute/v2.1/servers/658d81c6-dd54-4af5-b51f-6b0ce8fb9336 0.095s
2025-04-16 12:23:52.330 68270 INFO tempest.lib.common.rest_client [req-8ac5ad70-cafe-46fa-92a4-e7a16e2ead14 req-8ac5ad70-cafe-46fa-92a4-e7a16e2ead14 ] Request (ImagesNegativeTestJSON:test_create_image_from_deleted_server): 200 GET http://10.180.1.21/compute/v2.1/servers/188890b5-2189-4499-9856-22dc65b6c6f1 0.094s
2025-04-16 12:23:52.339 68266 INFO tempest.lib.common.rest_client [req-597bb38f-1221-4e07-973e-93769e22df40 req-597bb38f-1221-4e07-973e-93769e22df40 ] Request (ServersAdmin275Test:test_rebuild_update_server_275): 200 GET http://10.180.1.21/compute/v2.1/servers/f50fc747-d3b4-456c-b86f-a086a7968329 0.090s
2025-04-16 12:23:52.361 68220 INFO tempest.lib.common.rest_client [req-fc15f7b4-9888-47ff-b347-288e957c2e89 req-fc15f7b4-9888-47ff-b347-288e957c2e89 ] Request (VolumesGetTestJSON:tearDownClass): 200 GET http://10.180.1.21:9696/networking/v2.0/security-groups?tenant_id=9257209d961f49a585743ea9c8d55b1a&name=default 0.155s
2025-04-16 12:23:52.378 68212 INFO tempest.lib.common.rest_client [req-8d5a89e8-03f5-41ad-a17f-a1a6c54fa476 req-8d5a89e8-03f5-41ad-a17f-a1a6c54fa476 ] Request (FloatingIPsAssociationTestJSON:setUpClass): 200 GET http://10.180.1.21/compute/v2.1/servers/743b56db-49a0-4af7-96bc-a3fc6025fa19 0.087s
2025-04-16 12:23:52.443 68220 INFO tempest.lib.common.rest_client [req-3ca559e4-87fb-4cc8-bae7-c9377cd10241 req-3ca559e4-87fb-4cc8-bae7-c9377cd10241 ] Request (VolumesGetTestJSON:tearDownClass): 204 DELETE http://10.180.1.21:9696/networking/v2.0/security-groups/f72275a7-93cb-4800-9fd5-a3b9ca3191f6 0.081s
2025-04-16 12:23:52.496 68220 INFO tempest.lib.common.rest_client [req-105a8c12-93fe-4dcc-aa4d-3d74fe6ba6cb req-105a8c12-93fe-4dcc-aa4d-3d74fe6ba6cb ] Request (VolumesGetTestJSON:tearDownClass): 204 DELETE http://10.180.1.21/identity/v3/projects/9257209d961f49a585743ea9c8d55b1a 0.053s
2025-04-16 12:23:52.544 68258 INFO tempest.lib.common.rest_client [req-fa8148ab-748e-4166-ab52-21d1d7cbcec3 req-fa8148ab-748e-4166-ab52-21d1d7cbcec3 ] Request (ImagesOneServerNegativeTestJSON:setUpClass): 200 GET http://10.180.1.21/compute/v2.1/servers/180338df-2738-4eeb-8610-cb130d04f6d2 0.149s
2025-04-16 12:23:52.570 68260 INFO tempest.lib.common.rest_client [req-f947474f-58a7-4f48-89bc-fe77732da51a req-f947474f-58a7-4f48-89bc-fe77732da51a ] Request (ImagesOneServerTestJSON:setUpClass): 200 GET http://10.180.1.21/compute/v2.1/servers/8b261c6e-741c-4d6c-9567-566af85cd68f 0.089s
2025-04-16 12:23:52.589 68273 INFO tempest.lib.common.rest_client [req-4498af75-b84e-448a-98f6-2ca7d3d6b796 req-4498af75-b84e-448a-98f6-2ca7d3d6b796 ] Request (SecurityGroupsTestJSON:test_list_security_groups_by_server): 200 GET http://10.180.1.21/compute/v2.1/servers/45e517a6-1ef1-4082-b5f9-24a9c932630c 0.064s
2025-04-16 12:23:52.699 68228 INFO tempest.lib.common.rest_client [req-5a281d0e-9e81-4dad-9f0f-94e6dec5059e req-5a281d0e-9e81-4dad-9f0f-94e6dec5059e ] Request (DeleteServersAdminTestJSON:test_admin_delete_servers_of_others): 200 GET http://10.180.1.21/compute/v2.1/servers/82096302-bbdd-49b4-bd19-bdf75343e03a 0.087s
2025-04-16 12:23:52.768 68238 INFO tempest.lib.common.rest_client [req-7d83c989-e738-4280-8900-9553eb11c5af req-7d83c989-e738-4280-8900-9553eb11c5af ] Request (ServerDiagnosticsTest:test_get_server_diagnostics): 200 GET http://10.180.1.21/compute/v2.1/servers/bd297ef0-fa45-43c1-ab4e-14bcce806b35 0.089s
2025-04-16 12:23:52.787 68224 INFO tempest.lib.common.rest_client [req-d5f42248-0132-4900-b00a-32fd9f0da8e1 req-d5f42248-0132-4900-b00a-32fd9f0da8e1 ] Request (MigrationsAdminTest:test_list_migrations_in_flavor_resize_situation): 200 GET http://10.180.1.21/compute/v2.1/servers/8c1f8c1e-b86a-40bc-b3af-335c1ad3d77b 0.087s
2025-04-16 12:23:52.810 68246 INFO tempest.lib.common.rest_client [req-a1898d4c-5f1c-467b-8f61-05a1d5b6e050 req-a1898d4c-5f1c-467b-8f61-05a1d5b6e050 ] Request (ListImageFiltersTestJSON:setUpClass): 200 GET http://10.180.1.21/compute/v2.1/servers/f963e0c6-8a3d-4872-8cae-07fff845b77f 0.058s
2025-04-16 12:23:52.871 68264 INFO tempest.lib.common.rest_client [req-9e0aac30-b254-4019-844b-1926c77df80f req-9e0aac30-b254-4019-844b-1926c77df80f ] Request (ServerAddressesTestJSON:setUpClass): 200 GET http://10.180.1.21/compute/v2.1/servers/9c586d33-c563-45c7-8c54-1638a78a669c 0.085s
2025-04-16 12:23:52.874 68242 INFO tempest.lib.common.rest_client [req-003955cb-0ddb-4c9d-9734-70a38b6ea762 req-003955cb-0ddb-4c9d-9734-70a38b6ea762 ] Request (VolumesAssistedSnapshotsTest:test_volume_assisted_snapshot_create_delete): 200 GET http://10.180.1.21/compute/v2.1/servers/068b288c-194b-4d2c-89c3-8adb7d628cc7 0.044s
2025-04-16 12:23:52.935 68252 INFO tempest.lib.common.rest_client [req-57463fc7-a768-4726-84e5-420afb194d76 req-57463fc7-a768-4726-84e5-420afb194d76 ] Request (ServersTestFqdnHostnames:test_create_server_with_fqdn_name): 200 GET http://10.180.1.21/compute/v2.1/servers/9e47d3ce-3897-458b-ac85-d98745e9aeb5 0.047s
2025-04-16 12:23:52.956 68244 INFO tempest.lib.common.rest_client [req-7d50541b-d279-4bbf-9d2e-0c54446766d3 req-7d50541b-d279-4bbf-9d2e-0c54446766d3 ] Request (ServerPasswordTestJSON:setUpClass): 200 GET http://10.180.1.21/compute/v2.1/servers/fed6991c-9b59-43bb-8cda-96053adb798b 0.115s
2025-04-16 12:23:52.976 68274 INFO tempest.lib.common.rest_client [req-eb031ad1-bb14-468d-ba3b-8cdbde84f02c req-eb031ad1-bb14-468d-ba3b-8cdbde84f02c ] Request (MultipleCreateTestJSON:test_multiple_create): 200 GET http://10.180.1.21/compute/v2.1/servers/8b5afa56-a56a-4990-9ba7-2c0955579a65 0.071s
2025-04-16 12:23:53.007 68230 INFO tempest.lib.common.rest_client [req-d0a7d38e-692d-4374-a9b9-0a4727bc4e09 req-d0a7d38e-692d-4374-a9b9-0a4727bc4e09 ] Request (ServerActionsTestOtherA:setUpClass): 200 GET http://10.180.1.21/compute/v2.1/servers/dcb0d0da-a987-46b2-be64-672ee3200eab 0.075s
2025-04-16 12:23:53.021 68226 INFO tempest.lib.common.rest_client [req-8797465b-752e-4154-b996-29c1a925e56a req-8797465b-752e-4154-b996-29c1a925e56a ] Request (ServersTestBootFromVolume:setUpClass): 200 GET http://10.180.1.21/compute/v2.1/servers/8028a7dd-4002-4db3-a738-3926c1d2340e 0.076s
2025-04-16 12:23:53.132 68250 INFO tempest.lib.common.rest_client [req-97da536e-3991-456b-a544-9019ff572f52 req-97da536e-3991-456b-a544-9019ff572f52 ] Request (ServerDiagnosticsNegativeTest:test_get_server_diagnostics_by_non_admin): 200 GET http://10.180.1.21/compute/v2.1/servers/371aeb17-ad59-4a01-88f7-466dfee8d293 0.090s
2025-04-16 12:23:53.158 68236 INFO tempest.lib.common.rest_client [req-bf04b2a5-e7c0-4773-9a81-d4edf5016880 req-bf04b2a5-e7c0-4773-9a81-d4edf5016880 ] Request (ServersAdminNegativeTestJSON:setUpClass): 200 GET http://10.180.1.21/compute/v2.1/servers/93509103-8c02-420d-bcaa-c2cf0847b1f0 0.089s
2025-04-16 12:23:53.180 68254 INFO tempest.lib.common.rest_client [req-a0974c1f-7e92-4d8f-ae4d-b633123f2e69 req-a0974c1f-7e92-4d8f-ae4d-b633123f2e69 ] Request (ServerGroupTestJSON:test_create_server_with_scheduler_hint_group): 200 GET http://10.180.1.21/compute/v2.1/servers/5b7a605b-7521-40c3-92d1-ce5487f6fedd 0.067s
2025-04-16 12:23:53.208 68214 INFO tempest.lib.common.rest_client [req-0af89103-9da9-4b91-b31a-68e709d44a21 req-0af89103-9da9-4b91-b31a-68e709d44a21 ] Request (ServerDiagnosticsV248Test:test_get_server_diagnostics): 200 GET http://10.180.1.21/compute/v2.1/servers/6580c348-f5a4-4f20-a6fb-8942202a526e 0.090s
2025-04-16 12:23:53.223 68248 INFO tempest.lib.common.rest_client [req-f294035a-b55d-4d88-b2eb-c799132b71b4 req-f294035a-b55d-4d88-b2eb-c799132b71b4 ] Request (ListServerFiltersTestJSON:setUpClass): 200 GET http://10.180.1.21/compute/v2.1/servers/834fdc0b-5b2f-4374-a77a-de970c10e125 0.062s
2025-04-16 12:23:53.249 68234 INFO tempest.lib.common.rest_client [req-c9718749-ab19-425e-bd0c-494298d99d18 req-c9718749-ab19-425e-bd0c-494298d99d18 ] Request (AttachInterfacesUnderV243Test:test_add_remove_fixed_ip): 200 GET http://10.180.1.21/compute/v2.1/servers/b9a04994-804b-47b8-bc9f-cf4f18f27f5b 0.089s
2025-04-16 12:23:53.266 68256 INFO tempest.lib.common.rest_client [req-65a68986-a695-473b-820a-fa81b426741d req-65a68986-a695-473b-820a-fa81b426741d ] Request (VolumesAdminNegativeTest:test_update_attached_volume_with_nonexistent_volume_in_body): 200 GET http://10.180.1.21/compute/v2.1/servers/707828f6-0267-42ff-95e5-6b328382b017 0.062s
2025-04-16 12:23:53.298 68216 INFO tempest.lib.common.rest_client [req-e72a87ff-973b-4312-8aa1-bad6a54306f0 req-e72a87ff-973b-4312-8aa1-bad6a54306f0 ] Request (ServersV294TestFqdnHostnames:setUpClass): 200 GET http://10.180.1.21/compute/v2.1/servers/9dc1cdba-3991-4ee2-b92b-2800e17f07a8 0.086s
2025-04-16 12:23:53.310 68268 INFO tempest.lib.common.rest_client [req-0e6e58ec-d0b7-4e20-8b9d-0e8023f6d361 req-0e6e58ec-d0b7-4e20-8b9d-0e8023f6d361 ] Request (ServersWithSpecificFlavorTestJSON:test_verify_created_server_ephemeral_disk): 200 GET http://10.180.1.21/compute/v2.1/servers/d84f0e97-24d3-4b0b-8eff-51cf6bfd980c 0.062s
2025-04-16 12:23:53.341 68222 INFO tempest.lib.common.rest_client [req-6e201966-2130-4c46-946a-8975e9d651fa req-6e201966-2130-4c46-946a-8975e9d651fa ] Request (InstanceActionsV221TestJSON:test_get_list_deleted_instance_actions): 200 GET http://10.180.1.21/compute/v2.1/servers/2be271b8-775a-4c51-aa27-75a6a29e270b 0.085s
2025-04-16 12:23:53.353 68218 INFO tempest.lib.common.rest_client [req-f8e83f9a-c974-4434-ae94-544fbe5b6cb8 req-f8e83f9a-c974-4434-ae94-544fbe5b6cb8 ] Request (ServerDiskConfigTestJSON:test_rebuild_server_with_auto_disk_config): 200 GET http://10.180.1.21/compute/v2.1/servers/38541c24-fc6b-4385-91bf-de25df66a798 0.061s
2025-04-16 12:23:53.383 68232 INFO tempest.lib.common.rest_client [req-ad9398b8-61d3-4a9c-9965-b8a2bc9778ee req-ad9398b8-61d3-4a9c-9965-b8a2bc9778ee ] Request (ServerActionsTestOtherB:setUpClass): 200 GET http://10.180.1.21/compute/v2.1/servers/658d81c6-dd54-4af5-b51f-6b0ce8fb9336 0.084s
2025-04-16 12:23:53.394 68270 INFO tempest.lib.common.rest_client [req-63d788d5-2423-44ae-8350-f29a3aa185ee req-63d788d5-2423-44ae-8350-f29a3aa185ee ] Request (ImagesNegativeTestJSON:test_create_image_from_deleted_server): 200 GET http://10.180.1.21/compute/v2.1/servers/188890b5-2189-4499-9856-22dc65b6c6f1 0.056s
2025-04-16 12:23:53.428 68266 INFO tempest.lib.common.rest_client [req-ee09a463-e829-4cdc-b84f-6e5fbb999a6e req-ee09a463-e829-4cdc-b84f-6e5fbb999a6e ] Request (ServersAdmin275Test:test_rebuild_update_server_275): 200 GET http://10.180.1.21/compute/v2.1/servers/f50fc747-d3b4-456c-b86f-a086a7968329 0.078s
2025-04-16 12:23:53.436 68212 INFO tempest.lib.common.rest_client [req-209e501f-c3b7-43a6-8e92-8ca683c8a34e req-209e501f-c3b7-43a6-8e92-8ca683c8a34e ] Request (FloatingIPsAssociationTestJSON:setUpClass): 200 GET http://10.180.1.21/compute/v2.1/servers/743b56db-49a0-4af7-96bc-a3fc6025fa19 0.050s
2025-04-16 12:23:53.640 68258 INFO tempest.lib.common.rest_client [req-041e264d-1678-4965-9467-1ba2d8f17222 req-041e264d-1678-4965-9467-1ba2d8f17222 ] Request (ImagesOneServerNegativeTestJSON:setUpClass): 200 GET http://10.180.1.21/compute/v2.1/servers/180338df-2738-4eeb-8610-cb130d04f6d2 0.088s
2025-04-16 12:23:53.681 68273 INFO tempest.lib.common.rest_client [req-8e0ffd61-125d-44a2-84e9-6384d21e010e req-8e0ffd61-125d-44a2-84e9-6384d21e010e ] Request (SecurityGroupsTestJSON:test_list_security_groups_by_server): 200 GET http://10.180.1.21/compute/v2.1/servers/45e517a6-1ef1-4082-b5f9-24a9c932630c 0.084s
2025-04-16 12:23:53.701 68260 INFO tempest.lib.common.rest_client [req-99cd8316-7e07-40bf-bf17-e3ab474d4207 req-99cd8316-7e07-40bf-bf17-e3ab474d4207 ] Request (ImagesOneServerTestJSON:setUpClass): 200 GET http://10.180.1.21/compute/v2.1/servers/8b261c6e-741c-4d6c-9567-566af85cd68f 0.123s
2025-04-16 12:23:53.789 68228 INFO tempest.lib.common.rest_client [req-c1b2d661-383f-4ba5-970f-8696ddb6221e req-c1b2d661-383f-4ba5-970f-8696ddb6221e ] Request (DeleteServersAdminTestJSON:test_admin_delete_servers_of_others): 200 GET http://10.180.1.21/compute/v2.1/servers/82096302-bbdd-49b4-bd19-bdf75343e03a 0.082s
2025-04-16 12:23:53.878 68224 INFO tempest.lib.common.rest_client [req-5460eed5-69fc-4878-9529-946c79763702 req-5460eed5-69fc-4878-9529-946c79763702 ] Request (MigrationsAdminTest:test_list_migrations_in_flavor_resize_situation): 200 GET http://10.180.1.21/compute/v2.1/servers/8c1f8c1e-b86a-40bc-b3af-335c1ad3d77b 0.083s
2025-04-16 12:23:53.900 68238 INFO tempest.lib.common.rest_client [req-30e671e7-3937-4a51-9a1b-d7b80d9759be req-30e671e7-3937-4a51-9a1b-d7b80d9759be ] Request (ServerDiagnosticsTest:test_get_server_diagnostics): 200 GET http://10.180.1.21/compute/v2.1/servers/bd297ef0-fa45-43c1-ab4e-14bcce806b35 0.124s
2025-04-16 12:23:53.920 68246 INFO tempest.lib.common.rest_client [req-167cb2be-aa69-415e-89fa-87b0133d1f45 req-167cb2be-aa69-415e-89fa-87b0133d1f45 ] Request (ListImageFiltersTestJSON:setUpClass): 200 GET http://10.180.1.21/compute/v2.1/servers/f963e0c6-8a3d-4872-8cae-07fff845b77f 0.102s
2025-04-16 12:23:53.962 68242 INFO tempest.lib.common.rest_client [req-12fcbbfc-dbf7-46ac-aeff-6ca832f6f3ba req-12fcbbfc-dbf7-46ac-aeff-6ca832f6f3ba ] Request (VolumesAssistedSnapshotsTest:test_volume_assisted_snapshot_create_delete): 200 GET http://10.180.1.21/compute/v2.1/servers/068b288c-194b-4d2c-89c3-8adb7d628cc7 0.080s
2025-04-16 12:23:54.003 68252 INFO tempest.lib.common.rest_client [req-30021fb3-a079-4113-b269-a12eea59dfc2 req-30021fb3-a079-4113-b269-a12eea59dfc2 ] Request (ServersTestFqdnHostnames:test_create_server_with_fqdn_name): 200 GET http://10.180.1.21/compute/v2.1/servers/9e47d3ce-3897-458b-ac85-d98745e9aeb5 0.061s
2025-04-16 12:23:54.024 68264 INFO tempest.lib.common.rest_client [req-73f34c97-424a-461f-905b-e6dab3612eaa req-73f34c97-424a-461f-905b-e6dab3612eaa ] Request (ServerAddressesTestJSON:setUpClass): 200 GET http://10.180.1.21/compute/v2.1/servers/9c586d33-c563-45c7-8c54-1638a78a669c 0.145s
2025-04-16 12:23:54.068 68274 INFO tempest.lib.common.rest_client [req-87f7d7d8-29a3-4a72-a3ea-22b2e685d92f req-87f7d7d8-29a3-4a72-a3ea-22b2e685d92f ] Request (MultipleCreateTestJSON:test_multiple_create): 200 GET http://10.180.1.21/compute/v2.1/servers/8b5afa56-a56a-4990-9ba7-2c0955579a65 0.084s
2025-04-16 12:23:54.109 68230 INFO tempest.lib.common.rest_client [req-c892d0d0-af3d-4f5c-b4e1-18605d0e976d req-c892d0d0-af3d-4f5c-b4e1-18605d0e976d ] Request (ServerActionsTestOtherA:setUpClass): 200 GET http://10.180.1.21/compute/v2.1/servers/dcb0d0da-a987-46b2-be64-672ee3200eab 0.094s
2025-04-16 12:23:54.127 68244 INFO tempest.lib.common.rest_client [req-d2e6f288-496c-4f74-b4eb-87530162643e req-d2e6f288-496c-4f74-b4eb-87530162643e ] Request (ServerPasswordTestJSON:setUpClass): 200 GET http://10.180.1.21/compute/v2.1/servers/fed6991c-9b59-43bb-8cda-96053adb798b 0.163s
2025-04-16 12:23:54.152 68226 INFO tempest.lib.common.rest_client [req-1676f00f-9de1-4f26-9bea-945a1ad79276 req-1676f00f-9de1-4f26-9bea-945a1ad79276 ] Request (ServersTestBootFromVolume:setUpClass): 200 GET http://10.180.1.21/compute/v2.1/servers/8028a7dd-4002-4db3-a738-3926c1d2340e 0.121s
2025-04-16 12:23:54.228 68250 INFO tempest.lib.common.rest_client [req-28789ba8-3cad-4c72-b22c-80ab07dfdeeb req-28789ba8-3cad-4c72-b22c-80ab07dfdeeb ] Request (ServerDiagnosticsNegativeTest:test_get_server_diagnostics_by_non_admin): 200 GET http://10.180.1.21/compute/v2.1/servers/371aeb17-ad59-4a01-88f7-466dfee8d293 0.087s
2025-04-16 12:23:54.251 68236 INFO tempest.lib.common.rest_client [req-cfdc1633-3044-4ee6-b038-2584a5e83b1a req-cfdc1633-3044-4ee6-b038-2584a5e83b1a ] Request (ServersAdminNegativeTestJSON:setUpClass): 200 GET http://10.180.1.21/compute/v2.1/servers/93509103-8c02-420d-bcaa-c2cf0847b1f0 0.084s
2025-04-16 12:23:54.270 68254 INFO tempest.lib.common.rest_client [req-d7096868-3a1c-4651-b727-88055329597c req-d7096868-3a1c-4651-b727-88055329597c ] Request (ServerGroupTestJSON:test_create_server_with_scheduler_hint_group): 200 GET http://10.180.1.21/compute/v2.1/servers/5b7a605b-7521-40c3-92d1-ce5487f6fedd 0.082s
2025-04-16 12:23:54.298 68214 INFO tempest.lib.common.rest_client [req-2c6fc007-52dc-454a-b7b2-ff75556d4b65 req-2c6fc007-52dc-454a-b7b2-ff75556d4b65 ] Request (ServerDiagnosticsV248Test:test_get_server_diagnostics): 200 GET http://10.180.1.21/compute/v2.1/servers/6580c348-f5a4-4f20-a6fb-8942202a526e 0.080s
2025-04-16 12:23:54.315 68248 INFO tempest.lib.common.rest_client [req-19f39fa8-0f51-44f1-ad79-df4a7db33172 req-19f39fa8-0f51-44f1-ad79-df4a7db33172 ] Request (ListServerFiltersTestJSON:setUpClass): 200 GET http://10.180.1.21/compute/v2.1/servers/834fdc0b-5b2f-4374-a77a-de970c10e125 0.085s
2025-04-16 12:23:54.341 68234 INFO tempest.lib.common.rest_client [req-27bc272d-df7c-4411-8e2a-fa54605b2e71 req-27bc272d-df7c-4411-8e2a-fa54605b2e71 ] Request (AttachInterfacesUnderV243Test:test_add_remove_fixed_ip): 200 GET http://10.180.1.21/compute/v2.1/servers/b9a04994-804b-47b8-bc9f-cf4f18f27f5b 0.084s
2025-04-16 12:23:54.356 68256 INFO tempest.lib.common.rest_client [req-b238b0de-7d79-4f2c-a4e0-4c296364d386 req-b238b0de-7d79-4f2c-a4e0-4c296364d386 ] Request (VolumesAdminNegativeTest:test_update_attached_volume_with_nonexistent_volume_in_body): 200 GET http://10.180.1.21/compute/v2.1/servers/707828f6-0267-42ff-95e5-6b328382b017 0.082s
2025-04-16 12:23:54.389 68216 INFO tempest.lib.common.rest_client [req-5bd4ec43-1ec6-4da3-b458-2e03eb431c14 req-5bd4ec43-1ec6-4da3-b458-2e03eb431c14 ] Request (ServersV294TestFqdnHostnames:setUpClass): 200 GET http://10.180.1.21/compute/v2.1/servers/9dc1cdba-3991-4ee2-b92b-2800e17f07a8 0.081s
2025-04-16 12:23:54.396 68268 INFO tempest.lib.common.rest_client [req-2a6c028f-a485-4ceb-a0b5-5785837d5a5a req-2a6c028f-a485-4ceb-a0b5-5785837d5a5a ] Request (ServersWithSpecificFlavorTestJSON:test_verify_created_server_ephemeral_disk): 200 GET http://10.180.1.21/compute/v2.1/servers/d84f0e97-24d3-4b0b-8eff-51cf6bfd980c 0.078s
2025-04-16 12:23:54.433 68222 INFO tempest.lib.common.rest_client [req-497b6bc2-1c2a-4262-b8a8-c6b80376c0ef req-497b6bc2-1c2a-4262-b8a8-c6b80376c0ef ] Request (InstanceActionsV221TestJSON:test_get_list_deleted_instance_actions): 200 GET http://10.180.1.21/compute/v2.1/servers/2be271b8-775a-4c51-aa27-75a6a29e270b 0.083s
2025-04-16 12:23:54.437 68218 INFO tempest.lib.common.rest_client [req-8feb76db-e27e-4d47-8533-00cf4ad62d44 req-8feb76db-e27e-4d47-8533-00cf4ad62d44 ] Request (ServerDiskConfigTestJSON:test_rebuild_server_with_auto_disk_config): 200 GET http://10.180.1.21/compute/v2.1/servers/38541c24-fc6b-4385-91bf-de25df66a798 0.076s
2025-04-16 12:23:54.473 68232 INFO tempest.lib.common.rest_client [req-8cba2828-5dc9-48a9-add7-1691a06efd83 req-8cba2828-5dc9-48a9-add7-1691a06efd83 ] Request (ServerActionsTestOtherB:setUpClass): 200 GET http://10.180.1.21/compute/v2.1/servers/658d81c6-dd54-4af5-b51f-6b0ce8fb9336 0.083s
2025-04-16 12:23:54.480 68270 INFO tempest.lib.common.rest_client [req-f7a4fcb8-724e-4f88-95ab-f1ce79b68152 req-f7a4fcb8-724e-4f88-95ab-f1ce79b68152 ] Request (ImagesNegativeTestJSON:test_create_image_from_deleted_server): 200 GET http://10.180.1.21/compute/v2.1/servers/188890b5-2189-4499-9856-22dc65b6c6f1 0.079s
2025-04-16 12:23:54.520 68266 INFO tempest.lib.common.rest_client [req-8b571048-551f-45ba-870a-b03df1324102 req-8b571048-551f-45ba-870a-b03df1324102 ] Request (ServersAdmin275Test:test_rebuild_update_server_275): 200 GET http://10.180.1.21/compute/v2.1/servers/f50fc747-d3b4-456c-b86f-a086a7968329 0.082s
2025-04-16 12:23:54.523 68212 INFO tempest.lib.common.rest_client [req-b027f586-1d69-4470-9ed3-76d529ef78a0 req-b027f586-1d69-4470-9ed3-76d529ef78a0 ] Request (FloatingIPsAssociationTestJSON:setUpClass): 200 GET http://10.180.1.21/compute/v2.1/servers/743b56db-49a0-4af7-96bc-a3fc6025fa19 0.079s
2025-04-16 12:23:54.736 68273 INFO tempest.lib.common.rest_client [req-89b5e37f-84b7-46ed-a578-961cc3697943 req-89b5e37f-84b7-46ed-a578-961cc3697943 ] Request (SecurityGroupsTestJSON:test_list_security_groups_by_server): 200 GET http://10.180.1.21/compute/v2.1/servers/45e517a6-1ef1-4082-b5f9-24a9c932630c 0.047s
2025-04-16 12:23:54.776 68258 INFO tempest.lib.common.rest_client [req-eee8d239-9024-433c-b217-46a9e0c40cee req-eee8d239-9024-433c-b217-46a9e0c40cee ] Request (ImagesOneServerNegativeTestJSON:setUpClass): 200 GET http://10.180.1.21/compute/v2.1/servers/180338df-2738-4eeb-8610-cb130d04f6d2 0.128s
2025-04-16 12:23:54.856 68260 INFO tempest.lib.common.rest_client [req-61084bb0-8db5-4cc8-94a3-6876a1ca9373 req-61084bb0-8db5-4cc8-94a3-6876a1ca9373 ] Request (ImagesOneServerTestJSON:setUpClass): 200 GET http://10.180.1.21/compute/v2.1/servers/8b261c6e-741c-4d6c-9567-566af85cd68f 0.148s
2025-04-16 12:23:54.883 68228 INFO tempest.lib.common.rest_client [req-e00e9be1-7bee-41d8-87dd-1fbc8b116404 req-e00e9be1-7bee-41d8-87dd-1fbc8b116404 ] Request (DeleteServersAdminTestJSON:test_admin_delete_servers_of_others): 200 GET http://10.180.1.21/compute/v2.1/servers/82096302-bbdd-49b4-bd19-bdf75343e03a 0.087s
