2025-04-16 12:24:32.265 68212 INFO tempest.lib.common.rest_client [req-c6421787-1894-47c9-b7d4-ee3ade9291a9 req-c6421787-1894-47c9-b7d4-ee3ade9291a9 ] Request (FloatingIPsAssociationTestJSON:setUpClass): 200 GET http://10.180.1.21/compute/v2.1/servers/743b56db-49a0-4af7-96bc-a3fc6025fa19 0.114s
2025-04-16 12:24:32.277 68250 INFO tempest.lib.common.rest_client [req-2f41f1c4-22a8-48e4-8100-aaa6d7a11afe req-2f41f1c4-22a8-48e4-8100-aaa6d7a11afe ] Request (ServerDiagnosticsNegativeTest:test_get_server_diagnostics_by_non_admin): 200 GET http://10.180.1.21/compute/v2.1/servers/371aeb17-ad59-4a01-88f7-466dfee8d293 0.143s
2025-04-16 12:24:32.308 68273 INFO tempest.lib.common.rest_client [req-ef069000-f8e4-4ed7-a94e-a2517fcbb577 req-ef069000-f8e4-4ed7-a94e-a2517fcbb577 ] Request (SecurityGroupsTestJSON:test_list_security_groups_by_server): 200 GET http://10.180.1.21/compute/v2.1/servers/45e517a6-1ef1-4082-b5f9-24a9c932630c 0.130s
2025-04-16 12:24:32.325 68246 INFO tempest.lib.common.rest_client [req-a8426a47-0a0e-4006-a09b-0e7f74958465 req-a8426a47-0a0e-4006-a09b-0e7f74958465 ] Request (ListImageFiltersTestJSON:setUpClass): 200 GET http://10.180.1.21/compute/v2.1/servers/f963e0c6-8a3d-4872-8cae-07fff845b77f 0.134s
2025-04-16 12:24:32.358 68266 INFO tempest.lib.common.rest_client [req-0f4d325c-945d-4642-9a0f-3b7e6b386663 req-0f4d325c-945d-4642-9a0f-3b7e6b386663 ] Request (ServersAdmin275Test:test_rebuild_update_server_275): 200 GET http://10.180.1.21/compute/v2.1/servers/f50fc747-d3b4-456c-b86f-a086a7968329 0.130s
2025-04-16 12:24:32.368 68252 INFO tempest.lib.common.rest_client [req-cc09e4c4-0bbc-4a62-9f2f-8bcc36c87730 req-cc09e4c4-0bbc-4a62-9f2f-8bcc36c87730 ] Request (ServersTestFqdnHostnames:test_create_server_with_fqdn_name): 200 GET http://10.180.1.21/compute/v2.1/servers/9e47d3ce-3897-458b-ac85-d98745e9aeb5 0.132s
2025-04-16 12:24:32.411 68242 INFO tempest.lib.common.rest_client [req-45b5185e-2d27-4d72-a2b7-52df863b7fcb req-45b5185e-2d27-4d72-a2b7-52df863b7fcb ] Request (VolumesAssistedSnapshotsTest:test_volume_assisted_snapshot_create_delete): 200 GET http://10.180.1.21/compute/v2.1/servers/068b288c-194b-4d2c-89c3-8adb7d628cc7 0.135s
2025-04-16 12:24:32.459 68226 INFO tempest.lib.common.rest_client [req-fdeaa087-76bb-46cb-bb8a-f3820d1ed05b req-fdeaa087-76bb-46cb-bb8a-f3820d1ed05b ] Request (ServersTestBootFromVolume:setUpClass): 200 GET http://10.180.1.21/compute/v2.1/servers/8028a7dd-4002-4db3-a738-3926c1d2340e 0.150s
2025-04-16 12:24:32.506 68230 INFO tempest.lib.common.rest_client [req-f49bb9b9-8804-4e5f-a62e-2adb7803a8a2 req-f49bb9b9-8804-4e5f-a62e-2adb7803a8a2 ] Request (ServerActionsTestOtherA:setUpClass): 200 GET http://10.180.1.21/compute/v2.1/servers/dcb0d0da-a987-46b2-be64-672ee3200eab 0.153s
2025-04-16 12:24:32.576 68274 INFO tempest.lib.common.rest_client [req-95f74916-8b9f-4184-be47-2b52f935b787 req-95f74916-8b9f-4184-be47-2b52f935b787 ] Request (MultipleCreateTestJSON:test_multiple_create): 200 GET http://10.180.1.21/compute/v2.1/servers/8b5afa56-a56a-4990-9ba7-2c0955579a65 0.306s
2025-04-16 12:24:32.614 68236 INFO tempest.lib.common.rest_client [req-87f0b8b2-8ca0-4a11-bc1d-0d478cdace59 req-87f0b8b2-8ca0-4a11-bc1d-0d478cdace59 ] Request (ServersAdminNegativeTestJSON:setUpClass): 200 GET http://10.180.1.21/compute/v2.1/servers/93509103-8c02-420d-bcaa-c2cf0847b1f0 0.197s
2025-04-16 12:24:32.666 68260 INFO tempest.lib.common.rest_client [req-8fd9af95-a862-4295-bd8a-ba39f802388b req-8fd9af95-a862-4295-bd8a-ba39f802388b ] Request (ImagesOneServerTestJSON:setUpClass): 200 GET http://10.180.1.21/compute/v2.1/servers/8b261c6e-741c-4d6c-9567-566af85cd68f 0.116s
2025-04-16 12:24:32.712 68228 INFO tempest.lib.common.rest_client [req-e19fed99-1101-4329-afeb-96145d9d69db req-e19fed99-1101-4329-afeb-96145d9d69db ] Request (DeleteServersAdminTestJSON:test_admin_delete_servers_of_others): 200 GET http://10.180.1.21/compute/v2.1/servers/82096302-bbdd-49b4-bd19-bdf75343e03a 0.106s
2025-04-16 12:24:32.780 68258 INFO tempest.lib.common.rest_client [req-399dcb9f-39f7-4796-ade6-220e667d9487 req-399dcb9f-39f7-4796-ade6-220e667d9487 ] Request (ImagesOneServerNegativeTestJSON:setUpClass): 200 GET http://10.180.1.21/compute/v2.1/servers/180338df-2738-4eeb-8610-cb130d04f6d2 0.096s
2025-04-16 12:24:32.807 68238 INFO tempest.lib.common.rest_client [req-f3eb1eb5-79ee-4f92-98ca-f0d27302bb66 req-f3eb1eb5-79ee-4f92-98ca-f0d27302bb66 ] Request (ServerDiagnosticsTest:test_get_server_diagnostics): 200 GET http://10.180.1.21/compute/v2.1/servers/bd297ef0-fa45-43c1-ab4e-14bcce806b35 0.117s
2025-04-16 12:24:32.826 68254 INFO tempest.lib.common.rest_client [req-28404948-afc3-4bf7-9c7f-950316ef52ae req-28404948-afc3-4bf7-9c7f-950316ef52ae ] Request (ServerGroupTestJSON:test_create_server_with_scheduler_hint_group): 200 GET http://10.180.1.21/compute/v2.1/servers/5b7a605b-7521-40c3-92d1-ce5487f6fedd 0.100s
2025-04-16 12:24:32.849 68248 INFO tempest.lib.common.rest_client [req-fc4c47d6-90b9-460e-bcee-af30d666e4d3 req-fc4c47d6-90b9-460e-bcee-af30d666e4d3 ] Request (ListServerFiltersTestJSON:setUpClass): 200 GET http://10.180.1.21/compute/v2.1/servers/834fdc0b-5b2f-4374-a77a-de970c10e125 0.083s
2025-04-16 12:24:32.884 68214 INFO tempest.lib.common.rest_client [req-bc3871d6-d892-4b95-b19b-a4618694c355 req-bc3871d6-d892-4b95-b19b-a4618694c355 ] Request (ServerDiagnosticsV248Test:test_get_server_diagnostics): 200 GET http://10.180.1.21/compute/v2.1/servers/6580c348-f5a4-4f20-a6fb-8942202a526e 0.049s
2025-04-16 12:24:32.929 68234 INFO tempest.lib.common.rest_client [req-5b1dff18-fe11-44c4-9692-7e948ead78c8 req-5b1dff18-fe11-44c4-9692-7e948ead78c8 ] Request (AttachInterfacesUnderV243Test:test_add_remove_fixed_ip): 200 GET http://10.180.1.21/compute/v2.1/servers/b9a04994-804b-47b8-bc9f-cf4f18f27f5b 0.045s
2025-04-16 12:24:32.977 68256 INFO tempest.lib.common.rest_client [req-6e9c4c6a-b7d8-4372-a33f-8b58e2646979 req-6e9c4c6a-b7d8-4372-a33f-8b58e2646979 ] Request (VolumesAdminNegativeTest:test_update_attached_volume_with_nonexistent_volume_in_body): 200 GET http://10.180.1.21/compute/v2.1/servers/707828f6-0267-42ff-95e5-6b328382b017 0.049s
2025-04-16 12:24:33.104 68264 INFO tempest.lib.common.rest_client [req-dffc3129-fead-4287-a9ec-84fb436b9237 req-dffc3129-fead-4287-a9ec-84fb436b9237 ] Request (ServerAddressesTestJSON:setUpClass): 200 GET http://10.180.1.21/compute/v2.1/servers/9c586d33-c563-45c7-8c54-1638a78a669c 0.088s
2025-04-16 12:24:33.137 68224 INFO tempest.lib.common.rest_client [req-954de0de-e71f-45b1-a115-4123879e404f req-954de0de-e71f-45b1-a115-4123879e404f ] Request (MigrationsAdminTest:test_list_migrations_in_flavor_resize_situation): 200 GET http://10.180.1.21/compute/v2.1/servers/8c1f8c1e-b86a-40bc-b3af-335c1ad3d77b 0.089s
2025-04-16 12:24:33.148 68268 INFO tempest.lib.common.rest_client [req-a197e33b-3e86-4748-ac45-54660ffec1ac req-a197e33b-3e86-4748-ac45-54660ffec1ac ] Request (ServersWithSpecificFlavorTestJSON:test_verify_created_server_ephemeral_disk): 200 GET http://10.180.1.21/compute/v2.1/servers/d84f0e97-24d3-4b0b-8eff-51cf6bfd980c 0.089s
2025-04-16 12:24:33.181 68218 INFO tempest.lib.common.rest_client [req-453ea3c3-a037-4311-af01-8b1cb0837564 req-453ea3c3-a037-4311-af01-8b1cb0837564 ] Request (ServerDiskConfigTestJSON:test_rebuild_server_with_auto_disk_config): 200 GET http://10.180.1.21/compute/v2.1/servers/38541c24-fc6b-4385-91bf-de25df66a798 0.086s
2025-04-16 12:24:33.198 68216 INFO tempest.lib.common.rest_client [req-e2481669-c423-4f7a-99a9-d99f8c151d98 req-e2481669-c423-4f7a-99a9-d99f8c151d98 ] Request (ServersV294TestFqdnHostnames:setUpClass): 200 GET http://10.180.1.21/compute/v2.1/servers/9dc1cdba-3991-4ee2-b92b-2800e17f07a8 0.089s
2025-04-16 12:24:33.226 68222 INFO tempest.lib.common.rest_client [req-d11716bc-c303-47a2-b038-92301201a28b req-d11716bc-c303-47a2-b038-92301201a28b ] Request (InstanceActionsV221TestJSON:test_get_list_deleted_instance_actions): 200 GET http://10.180.1.21/compute/v2.1/servers/2be271b8-775a-4c51-aa27-75a6a29e270b 0.071s
2025-04-16 12:24:33.271 68232 INFO tempest.lib.common.rest_client [req-aa9b2730-3b75-4c89-b41c-37528315928a req-aa9b2730-3b75-4c89-b41c-37528315928a ] Request (ServerActionsTestOtherB:setUpClass): 200 GET http://10.180.1.21/compute/v2.1/servers/658d81c6-dd54-4af5-b51f-6b0ce8fb9336 0.071s
2025-04-16 12:24:33.310 68244 INFO tempest.lib.common.rest_client [req-71327bab-4cf3-4928-a343-31e77a14c553 req-71327bab-4cf3-4928-a343-31e77a14c553 ] Request (ServerPasswordTestJSON:setUpClass): 200 GET http://10.180.1.21/compute/v2.1/servers/fed6991c-9b59-43bb-8cda-96053adb798b 0.127s
2025-04-16 12:24:33.317 68270 INFO tempest.lib.common.rest_client [req-bcdaed2b-248e-4461-982e-e59c45b28512 req-bcdaed2b-248e-4461-982e-e59c45b28512 ] Request (ImagesNegativeTestJSON:test_create_image_from_deleted_server): 200 GET http://10.180.1.21/compute/v2.1/servers/188890b5-2189-4499-9856-22dc65b6c6f1 0.090s
2025-04-16 12:24:33.362 68212 INFO tempest.lib.common.rest_client [req-b68df882-4b86-4c07-b6a1-1fd42fc341ce req-b68df882-4b86-4c07-b6a1-1fd42fc341ce ] Request (FloatingIPsAssociationTestJSON:setUpClass): 200 GET http://10.180.1.21/compute/v2.1/servers/743b56db-49a0-4af7-96bc-a3fc6025fa19 0.089s
2025-04-16 12:24:33.406 68250 INFO tempest.lib.common.rest_client [req-4adbc465-4810-4a57-96c1-30712fae4c8b req-4adbc465-4810-4a57-96c1-30712fae4c8b ] Request (ServerDiagnosticsNegativeTest:test_get_server_diagnostics_by_non_admin): 200 GET http://10.180.1.21/compute/v2.1/servers/371aeb17-ad59-4a01-88f7-466dfee8d293 0.121s
2025-04-16 12:24:33.410 68273 INFO tempest.lib.common.rest_client [req-3de9bb63-8776-4ec4-830c-5db3e009161e req-3de9bb63-8776-4ec4-830c-5db3e009161e ] Request (SecurityGroupsTestJSON:test_list_security_groups_by_server): 200 GET http://10.180.1.21/compute/v2.1/servers/45e517a6-1ef1-4082-b5f9-24a9c932630c 0.094s
2025-04-16 12:24:33.451 68246 INFO tempest.lib.common.rest_client [req-582d9b81-d8f2-4537-805c-1e1f32a73eac req-582d9b81-d8f2-4537-805c-1e1f32a73eac ] Request (ListImageFiltersTestJSON:setUpClass): 200 GET http://10.180.1.21/compute/v2.1/servers/f963e0c6-8a3d-4872-8cae-07fff845b77f 0.116s
2025-04-16 12:24:33.472 68266 INFO tempest.lib.common.rest_client [req-dc5592d0-f922-46f8-8224-f317f20c04d1 req-dc5592d0-f922-46f8-8224-f317f20c04d1 ] Request (ServersAdmin275Test:test_rebuild_update_server_275): 200 GET http://10.180.1.21/compute/v2.1/servers/f50fc747-d3b4-456c-b86f-a086a7968329 0.103s
2025-04-16 12:24:33.497 68252 INFO tempest.lib.common.rest_client [req-d61206ae-11bb-481f-acff-cb533f141cfc req-d61206ae-11bb-481f-acff-cb533f141cfc ] Request (ServersTestFqdnHostnames:test_create_server_with_fqdn_name): 200 GET http://10.180.1.21/compute/v2.1/servers/9e47d3ce-3897-458b-ac85-d98745e9aeb5 0.121s
2025-04-16 12:24:33.523 68242 INFO tempest.lib.common.rest_client [req-32d49cae-2dc3-4fe3-8ce7-93881747cea8 req-32d49cae-2dc3-4fe3-8ce7-93881747cea8 ] Request (VolumesAssistedSnapshotsTest:test_volume_assisted_snapshot_create_delete): 200 GET http://10.180.1.21/compute/v2.1/servers/068b288c-194b-4d2c-89c3-8adb7d628cc7 0.104s
2025-04-16 12:24:33.558 68226 INFO tempest.lib.common.rest_client [req-a7982284-250b-4187-a1ee-8266ab6eb70a req-a7982284-250b-4187-a1ee-8266ab6eb70a ] Request (ServersTestBootFromVolume:setUpClass): 200 GET http://10.180.1.21/compute/v2.1/servers/8028a7dd-4002-4db3-a738-3926c1d2340e 0.090s
2025-04-16 12:24:33.585 68230 INFO tempest.lib.common.rest_client [req-b3deae20-b17b-4b18-80e1-f0b471f9c9b1 req-b3deae20-b17b-4b18-80e1-f0b471f9c9b1 ] Request (ServerActionsTestOtherA:setUpClass): 200 GET http://10.180.1.21/compute/v2.1/servers/dcb0d0da-a987-46b2-be64-672ee3200eab 0.066s
2025-04-16 12:24:33.646 68274 INFO tempest.lib.common.rest_client [req-d3db5baa-085f-4e93-abd1-ceef30750bbc req-d3db5baa-085f-4e93-abd1-ceef30750bbc ] Request (MultipleCreateTestJSON:test_multiple_create): 200 GET http://10.180.1.21/compute/v2.1/servers/8b5afa56-a56a-4990-9ba7-2c0955579a65 0.054s
2025-04-16 12:24:33.734 68236 INFO tempest.lib.common.rest_client [req-199a82f1-780b-41d6-a79a-b17736e9b9eb req-199a82f1-780b-41d6-a79a-b17736e9b9eb ] Request (ServersAdminNegativeTestJSON:setUpClass): 200 GET http://10.180.1.21/compute/v2.1/servers/93509103-8c02-420d-bcaa-c2cf0847b1f0 0.112s
2025-04-16 12:24:33.774 68260 INFO tempest.lib.common.rest_client [req-0281c21a-a519-4552-930f-2b4fc495bfe7 req-0281c21a-a519-4552-930f-2b4fc495bfe7 ] Request (ImagesOneServerTestJSON:setUpClass): 200 GET http://10.180.1.21/compute/v2.1/servers/8b261c6e-741c-4d6c-9567-566af85cd68f 0.101s
2025-04-16 12:24:33.838 68228 INFO tempest.lib.common.rest_client [req-de78f8c9-12c9-41ed-b21d-87e6b7303863 req-de78f8c9-12c9-41ed-b21d-87e6b7303863 ] Request (DeleteServersAdminTestJSON:test_admin_delete_servers_of_others): 200 GET http://10.180.1.21/compute/v2.1/servers/82096302-bbdd-49b4-bd19-bdf75343e03a 0.117s
2025-04-16 12:24:33.894 68238 INFO tempest.lib.common.rest_client [req-27f37eb3-477c-462d-b625-7522f25d374b req-27f37eb3-477c-462d-b625-7522f25d374b ] Request (ServerDiagnosticsTest:test_get_server_diagnostics): 200 GET http://10.180.1.21/compute/v2.1/servers/bd297ef0-fa45-43c1-ab4e-14bcce806b35 0.078s
2025-04-16 12:24:33.902 68238 INFO tempest.common.waiters [-] State transition "BUILD/spawning" ==> "ERROR/None" after 145 second wait
2025-04-16 12:24:33.946 68258 INFO tempest.lib.common.rest_client [req-98f211a0-5d49-4c5e-a4a9-8f533c6a4539 req-98f211a0-5d49-4c5e-a4a9-8f533c6a4539 ] Request (ImagesOneServerNegativeTestJSON:setUpClass): 200 GET http://10.180.1.21/compute/v2.1/servers/180338df-2738-4eeb-8610-cb130d04f6d2 0.157s
2025-04-16 12:24:33.947 68254 INFO tempest.lib.common.rest_client [req-2de4e234-9a25-4a2b-bca1-740365f0c51a req-2de4e234-9a25-4a2b-bca1-740365f0c51a ] Request (ServerGroupTestJSON:test_create_server_with_scheduler_hint_group): 200 GET http://10.180.1.21/compute/v2.1/servers/5b7a605b-7521-40c3-92d1-ce5487f6fedd 0.113s
2025-04-16 12:24:33.999 68248 INFO tempest.lib.common.rest_client [req-a1b48a3c-67a0-4de4-87c6-9454703b9b7c req-a1b48a3c-67a0-4de4-87c6-9454703b9b7c ] Request (ListServerFiltersTestJSON:setUpClass): 200 GET http://10.180.1.21/compute/v2.1/servers/834fdc0b-5b2f-4374-a77a-de970c10e125 0.142s
2025-04-16 12:24:34.007 68214 INFO tempest.lib.common.rest_client [req-5b44a603-4024-4a5b-88fc-410ffa42b370 req-5b44a603-4024-4a5b-88fc-410ffa42b370 ] Request (ServerDiagnosticsV248Test:test_get_server_diagnostics): 200 GET http://10.180.1.21/compute/v2.1/servers/6580c348-f5a4-4f20-a6fb-8942202a526e 0.113s
2025-04-16 12:24:34.055 68234 INFO tempest.lib.common.rest_client [req-54abd2bb-0e92-47a4-b530-c8074f14730e req-54abd2bb-0e92-47a4-b530-c8074f14730e ] Request (AttachInterfacesUnderV243Test:test_add_remove_fixed_ip): 200 GET http://10.180.1.21/compute/v2.1/servers/b9a04994-804b-47b8-bc9f-cf4f18f27f5b 0.118s
2025-04-16 12:24:34.103 68256 INFO tempest.lib.common.rest_client [req-faf7550d-be66-42d9-978d-c76f9f8d269e req-faf7550d-be66-42d9-978d-c76f9f8d269e ] Request (VolumesAdminNegativeTest:test_update_attached_volume_with_nonexistent_volume_in_body): 200 GET http://10.180.1.21/compute/v2.1/servers/707828f6-0267-42ff-95e5-6b328382b017 0.119s
2025-04-16 12:24:34.111 68256 INFO tempest.common.waiters [-] State transition "BUILD/scheduling" ==> "BUILD/None" after 129 second wait
2025-04-16 12:24:34.166 68238 INFO tempest.lib.common.rest_client [req-931c813c-3ea0-4f47-9ecc-06e040caf582 req-931c813c-3ea0-4f47-9ecc-06e040caf582 ] Request (ServerDiagnosticsTest:test_get_server_diagnostics): 204 DELETE http://10.180.1.21/compute/v2.1/servers/bd297ef0-fa45-43c1-ab4e-14bcce806b35 0.264s
2025-04-16 12:24:34.214 68264 INFO tempest.lib.common.rest_client [req-ee0e89e2-4bdb-48dd-bb27-2f7df88e173f req-ee0e89e2-4bdb-48dd-bb27-2f7df88e173f ] Request (ServerAddressesTestJSON:setUpClass): 200 GET http://10.180.1.21/compute/v2.1/servers/9c586d33-c563-45c7-8c54-1638a78a669c 0.102s
2025-04-16 12:24:34.258 68224 INFO tempest.lib.common.rest_client [req-6c57d8b1-301b-4d29-b16a-fec999e581bb req-6c57d8b1-301b-4d29-b16a-fec999e581bb ] Request (MigrationsAdminTest:test_list_migrations_in_flavor_resize_situation): 200 GET http://10.180.1.21/compute/v2.1/servers/8c1f8c1e-b86a-40bc-b3af-335c1ad3d77b 0.113s
2025-04-16 12:24:34.262 68268 INFO tempest.lib.common.rest_client [req-55944c4b-db4c-4ec1-bfd1-71396a0ccaef req-55944c4b-db4c-4ec1-bfd1-71396a0ccaef ] Request (ServersWithSpecificFlavorTestJSON:test_verify_created_server_ephemeral_disk): 200 GET http://10.180.1.21/compute/v2.1/servers/d84f0e97-24d3-4b0b-8eff-51cf6bfd980c 0.106s
2025-04-16 12:24:34.276 68238 INFO tempest.lib.common.rest_client [req-7d6d5fa5-ab0b-4a7d-ae87-16763bf0f57f req-7d6d5fa5-ab0b-4a7d-ae87-16763bf0f57f ] Request (ServerDiagnosticsTest:test_get_server_diagnostics): 404 GET http://10.180.1.21/compute/v2.1/servers/bd297ef0-fa45-43c1-ab4e-14bcce806b35 0.110s
2025-04-16 12:24:34.309 68218 INFO tempest.lib.common.rest_client [req-4424745d-944f-4463-be23-92c0819919f2 req-4424745d-944f-4463-be23-92c0819919f2 ] Request (ServerDiskConfigTestJSON:test_rebuild_server_with_auto_disk_config): 200 GET http://10.180.1.21/compute/v2.1/servers/38541c24-fc6b-4385-91bf-de25df66a798 0.120s
2025-04-16 12:24:34.327 68216 INFO tempest.lib.common.rest_client [req-5bb33ba1-8301-4364-9590-2dd2f1b6aab2 req-5bb33ba1-8301-4364-9590-2dd2f1b6aab2 ] Request (ServersV294TestFqdnHostnames:setUpClass): 200 GET http://10.180.1.21/compute/v2.1/servers/9dc1cdba-3991-4ee2-b92b-2800e17f07a8 0.119s
2025-04-16 12:24:34.358 68222 INFO tempest.lib.common.rest_client [req-0fac110d-127d-4212-8a23-0f7055708ff7 req-0fac110d-127d-4212-8a23-0f7055708ff7 ] Request (InstanceActionsV221TestJSON:test_get_list_deleted_instance_actions): 200 GET http://10.180.1.21/compute/v2.1/servers/2be271b8-775a-4c51-aa27-75a6a29e270b 0.124s
2025-04-16 12:24:34.375 68232 INFO tempest.lib.common.rest_client [req-6bff9ec8-345b-4d84-8794-702122c5aa03 req-6bff9ec8-345b-4d84-8794-702122c5aa03 ] Request (ServerActionsTestOtherB:setUpClass): 200 GET http://10.180.1.21/compute/v2.1/servers/658d81c6-dd54-4af5-b51f-6b0ce8fb9336 0.096s
2025-04-16 12:24:34.394 68238 INFO tempest.lib.common.rest_client [req-0ebc051a-7c6e-42c5-b57f-d65f16ef5817 req-0ebc051a-7c6e-42c5-b57f-d65f16ef5817 ] Request (ServerDiagnosticsTest:tearDownClass): 204 DELETE http://10.180.1.21/identity/v3/users/c825459067614f33a86d1bdb8369a027 0.110s
2025-04-16 12:24:34.422 68270 INFO tempest.lib.common.rest_client [req-2c9dd6d5-8652-44e4-b681-25f0ed865484 req-2c9dd6d5-8652-44e4-b681-25f0ed865484 ] Request (ImagesNegativeTestJSON:test_create_image_from_deleted_server): 200 GET http://10.180.1.21/compute/v2.1/servers/188890b5-2189-4499-9856-22dc65b6c6f1 0.094s
2025-04-16 12:24:34.473 68212 INFO tempest.lib.common.rest_client [req-92c16ddf-208e-4a37-a8ac-318664941fe0 req-92c16ddf-208e-4a37-a8ac-318664941fe0 ] Request (FloatingIPsAssociationTestJSON:setUpClass): 200 GET http://10.180.1.21/compute/v2.1/servers/743b56db-49a0-4af7-96bc-a3fc6025fa19 0.103s
2025-04-16 12:24:34.476 68244 INFO tempest.lib.common.rest_client [req-2f9df796-9578-40da-9b98-ea704dd7ddbe req-2f9df796-9578-40da-9b98-ea704dd7ddbe ] Request (ServerPasswordTestJSON:setUpClass): 200 GET http://10.180.1.21/compute/v2.1/servers/fed6991c-9b59-43bb-8cda-96053adb798b 0.158s
2025-04-16 12:24:34.486 68238 INFO tempest.lib.common.rest_client [req-97334141-4b09-4d31-b9ef-dc7daee457f6 req-97334141-4b09-4d31-b9ef-dc7daee457f6 ] Request (ServerDiagnosticsTest:tearDownClass): 204 DELETE http://10.180.1.21/identity/v3/users/786f018fa5f0475d9743e18afdce6e78 0.091s
2025-04-16 12:24:34.486 68238 INFO tempest.lib.common.dynamic_creds [-] Deleting project and security group for project: bcf2714ed1b549559bbddad438e88840
2025-04-16 12:24:34.536 68273 INFO tempest.lib.common.rest_client [req-d6347b62-095e-4375-95b7-57a40ed7fa8f req-d6347b62-095e-4375-95b7-57a40ed7fa8f ] Request (SecurityGroupsTestJSON:test_list_security_groups_by_server): 200 GET http://10.180.1.21/compute/v2.1/servers/45e517a6-1ef1-4082-b5f9-24a9c932630c 0.117s
2025-04-16 12:24:34.546 68238 INFO tempest.lib.common.rest_client [req-d8288dd6-289b-4fbe-add2-56b879d7b6bd req-d8288dd6-289b-4fbe-add2-56b879d7b6bd ] Request (ServerDiagnosticsTest:tearDownClass): 201 POST http://10.180.1.21/identity/v3/auth/tokens 0.060s
2025-04-16 12:24:34.577 68250 INFO tempest.lib.common.rest_client [req-032ee5a6-7e1b-4753-88f1-b730338e446f req-032ee5a6-7e1b-4753-88f1-b730338e446f ] Request (ServerDiagnosticsNegativeTest:test_get_server_diagnostics_by_non_admin): 200 GET http://10.180.1.21/compute/v2.1/servers/371aeb17-ad59-4a01-88f7-466dfee8d293 0.163s
2025-04-16 12:24:34.594 68246 INFO tempest.lib.common.rest_client [req-fe56017d-cbf5-423b-9db0-7e73751e2d3a req-fe56017d-cbf5-423b-9db0-7e73751e2d3a ] Request (ListImageFiltersTestJSON:setUpClass): 200 GET http://10.180.1.21/compute/v2.1/servers/f963e0c6-8a3d-4872-8cae-07fff845b77f 0.135s
2025-04-16 12:24:34.637 68266 INFO tempest.lib.common.rest_client [req-40c6bb11-5351-454f-a408-094308b9e6d9 req-40c6bb11-5351-454f-a408-094308b9e6d9 ] Request (ServersAdmin275Test:test_rebuild_update_server_275): 200 GET http://10.180.1.21/compute/v2.1/servers/f50fc747-d3b4-456c-b86f-a086a7968329 0.154s
2025-04-16 12:24:34.641 68238 INFO tempest.lib.common.rest_client [req-8ad32aac-66b8-48bc-b4c1-1445842e5d06 req-8ad32aac-66b8-48bc-b4c1-1445842e5d06 ] Request (ServerDiagnosticsTest:tearDownClass): 200 GET http://10.180.1.21:9696/networking/v2.0/security-groups?tenant_id=bcf2714ed1b549559bbddad438e88840&name=default 0.094s
2025-04-16 12:24:34.684 68242 INFO tempest.lib.common.rest_client [req-4c32ae03-b5d6-4f54-8bd0-2fa4db8c6c17 req-4c32ae03-b5d6-4f54-8bd0-2fa4db8c6c17 ] Request (VolumesAssistedSnapshotsTest:test_volume_assisted_snapshot_create_delete): 200 GET http://10.180.1.21/compute/v2.1/servers/068b288c-194b-4d2c-89c3-8adb7d628cc7 0.152s
2025-04-16 12:24:34.730 68238 INFO tempest.lib.common.rest_client [req-695065f3-3847-44c5-835a-a943af6b8ae5 req-695065f3-3847-44c5-835a-a943af6b8ae5 ] Request (ServerDiagnosticsTest:tearDownClass): 204 DELETE http://10.180.1.21:9696/networking/v2.0/security-groups/2b78bd1a-8159-4ab4-ae5a-874a3e9db6af 0.088s
2025-04-16 12:24:34.730 68226 INFO tempest.lib.common.rest_client [req-1027bf49-b7b6-4cf7-b6cf-46141206012d req-1027bf49-b7b6-4cf7-b6cf-46141206012d ] Request (ServersTestBootFromVolume:setUpClass): 200 GET http://10.180.1.21/compute/v2.1/servers/8028a7dd-4002-4db3-a738-3926c1d2340e 0.156s
2025-04-16 12:24:34.777 68230 INFO tempest.lib.common.rest_client [req-d07042f3-c840-49bc-aed9-208a82d943b5 req-d07042f3-c840-49bc-aed9-208a82d943b5 ] Request (ServerActionsTestOtherA:setUpClass): 200 GET http://10.180.1.21/compute/v2.1/servers/dcb0d0da-a987-46b2-be64-672ee3200eab 0.181s
2025-04-16 12:24:34.790 68238 INFO tempest.lib.common.rest_client [req-ad1a63e5-95f7-4eea-b7bc-cb6a1490ddeb req-ad1a63e5-95f7-4eea-b7bc-cb6a1490ddeb ] Request (ServerDiagnosticsTest:tearDownClass): 204 DELETE http://10.180.1.21/identity/v3/projects/bcf2714ed1b549559bbddad438e88840 0.059s
2025-04-16 12:24:34.790 68238 INFO tempest.lib.common.dynamic_creds [-] Deleting project and security group for project: 56700fea756048a7ae28bf145adf64e0
2025-04-16 12:24:34.827 68274 INFO tempest.lib.common.rest_client [req-a9453bfb-ce57-4919-ba38-cbe93f38696c req-a9453bfb-ce57-4919-ba38-cbe93f38696c ] Request (MultipleCreateTestJSON:test_multiple_create): 200 GET http://10.180.1.21/compute/v2.1/servers/8b5afa56-a56a-4990-9ba7-2c0955579a65 0.173s
2025-04-16 12:24:34.832 68252 INFO tempest.lib.common.rest_client [req-ffc3a0a9-5490-4726-8f37-05a1cb2d24d5 req-ffc3a0a9-5490-4726-8f37-05a1cb2d24d5 ] Request (ServersTestFqdnHostnames:test_create_server_with_fqdn_name): 200 GET http://10.180.1.21/compute/v2.1/servers/9e47d3ce-3897-458b-ac85-d98745e9aeb5 0.327s
2025-04-16 12:24:34.916 68238 INFO tempest.lib.common.rest_client [req-7e23dc03-0b06-4a15-b0a9-007c45c0bcb8 req-7e23dc03-0b06-4a15-b0a9-007c45c0bcb8 ] Request (ServerDiagnosticsTest:tearDownClass): 200 GET http://10.180.1.21:9696/networking/v2.0/security-groups?tenant_id=56700fea756048a7ae28bf145adf64e0&name=default 0.125s
2025-04-16 12:24:34.956 68236 INFO tempest.lib.common.rest_client [req-d78cd14a-4501-4f6b-8a00-858a09541776 req-d78cd14a-4501-4f6b-8a00-858a09541776 ] Request (ServersAdminNegativeTestJSON:setUpClass): 200 GET http://10.180.1.21/compute/v2.1/servers/93509103-8c02-420d-bcaa-c2cf0847b1f0 0.211s
2025-04-16 12:24:35.017 68238 INFO tempest.lib.common.rest_client [req-07057d09-73e4-4b31-8869-0b673f28c828 req-07057d09-73e4-4b31-8869-0b673f28c828 ] Request (ServerDiagnosticsTest:tearDownClass): 204 DELETE http://10.180.1.21:9696/networking/v2.0/security-groups/b14e01d9-1a1e-4880-bf58-b6396901d246 0.101s
2025-04-16 12:24:35.034 68260 INFO tempest.lib.common.rest_client [req-3d35577f-37e0-464c-8a7c-b3cfe5c55ebb req-3d35577f-37e0-464c-8a7c-b3cfe5c55ebb ] Request (ImagesOneServerTestJSON:setUpClass): 200 GET http://10.180.1.21/compute/v2.1/servers/8b261c6e-741c-4d6c-9567-566af85cd68f 0.252s
2025-04-16 12:24:35.065 68228 INFO tempest.lib.common.rest_client [req-5864b548-c903-4f69-9e75-42a075cfa225 req-5864b548-c903-4f69-9e75-42a075cfa225 ] Request (DeleteServersAdminTestJSON:test_admin_delete_servers_of_others): 200 GET http://10.180.1.21/compute/v2.1/servers/82096302-bbdd-49b4-bd19-bdf75343e03a 0.215s
2025-04-16 12:24:35.110 68254 INFO tempest.lib.common.rest_client [req-35984039-57d5-45b5-9cf9-ddc741d0138b req-35984039-57d5-45b5-9cf9-ddc741d0138b ] Request (ServerGroupTestJSON:test_create_server_with_scheduler_hint_group): 200 GET http://10.180.1.21/compute/v2.1/servers/5b7a605b-7521-40c3-92d1-ce5487f6fedd 0.156s
2025-04-16 12:24:35.144 68238 INFO tempest.lib.common.rest_client [req-3b4b9435-e8a3-476e-812f-89586aa5409c req-3b4b9435-e8a3-476e-812f-89586aa5409c ] Request (ServerDiagnosticsTest:tearDownClass): 204 DELETE http://10.180.1.21/identity/v3/projects/56700fea756048a7ae28bf145adf64e0 0.126s
2025-04-16 12:24:35.167 68258 INFO tempest.lib.common.rest_client [req-f00a5ce0-ec88-4bf8-9213-a55cfb8f4ba8 req-f00a5ce0-ec88-4bf8-9213-a55cfb8f4ba8 ] Request (ImagesOneServerNegativeTestJSON:setUpClass): 200 GET http://10.180.1.21/compute/v2.1/servers/180338df-2738-4eeb-8610-cb130d04f6d2 0.211s
2025-04-16 12:24:35.169 68248 INFO tempest.lib.common.rest_client [req-a36f444d-b6d9-4b81-a359-7ade636d01e1 req-a36f444d-b6d9-4b81-a359-7ade636d01e1 ] Request (ListServerFiltersTestJSON:setUpClass): 200 GET http://10.180.1.21/compute/v2.1/servers/834fdc0b-5b2f-4374-a77a-de970c10e125 0.162s
2025-04-16 12:24:35.214 68238 INFO tempest.lib.common.rest_client [req-4600268c-706b-4d89-9229-2c5eba9f4a20 req-4600268c-706b-4d89-9229-2c5eba9f4a20 ] Request (ImagesMetadataTestJSON:setUpClass): 201 POST http://10.180.1.21/identity/v3/auth/tokens 0.068s
2025-04-16 12:24:35.217 68214 INFO tempest.lib.common.rest_client [req-29f62a3f-2418-4d43-96e3-bdf03b538045 req-29f62a3f-2418-4d43-96e3-bdf03b538045 ] Request (ServerDiagnosticsV248Test:test_get_server_diagnostics): 200 GET http://10.180.1.21/compute/v2.1/servers/6580c348-f5a4-4f20-a6fb-8942202a526e 0.200s
2025-04-16 12:24:35.224 68234 INFO tempest.lib.common.rest_client [req-03e22d85-814c-448a-8e2e-e53b4df18a1b req-03e22d85-814c-448a-8e2e-e53b4df18a1b ] Request (AttachInterfacesUnderV243Test:test_add_remove_fixed_ip): 200 GET http://10.180.1.21/compute/v2.1/servers/b9a04994-804b-47b8-bc9f-cf4f18f27f5b 0.160s
2025-04-16 12:24:35.244 68238 INFO tempest.lib.common.rest_client [req-22edf783-a1b4-4fb8-bedc-a6798a13de23 req-22edf783-a1b4-4fb8-bedc-a6798a13de23 ] Request (ImagesMetadataTestJSON:setUpClass): 201 POST http://10.180.1.21/identity/v3/auth/tokens 0.027s
2025-04-16 12:24:35.267 68238 INFO tempest.lib.common.rest_client [req-16b8746e-4d43-4887-ad13-798a3b878d94 req-16b8746e-4d43-4887-ad13-798a3b878d94 ] Request (ImagesMetadataTestJSON:setUpClass): 200 GET http://10.180.1.21/identity/v3/domains?name=Default 0.023s
2025-04-16 12:24:35.298 68238 INFO tempest.lib.common.rest_client [req-b4870cfc-13c7-47de-9a61-7b3842e71af0 req-b4870cfc-13c7-47de-9a61-7b3842e71af0 ] Request (ImagesMetadataTestJSON:setUpClass): 201 POST http://10.180.1.21/identity/v3/projects 0.031s
2025-04-16 12:24:35.345 68256 INFO tempest.lib.common.rest_client [req-390536fd-d6bf-4f9f-95f1-f62927f385b3 req-390536fd-d6bf-4f9f-95f1-f62927f385b3 ] Request (VolumesAdminNegativeTest:test_update_attached_volume_with_nonexistent_volume_in_body): 200 GET http://10.180.1.21/compute/v2.1/servers/707828f6-0267-42ff-95e5-6b328382b017 0.234s
2025-04-16 12:24:35.353 68256 INFO tempest.common.waiters [-] State transition "BUILD/None" ==> "BUILD/spawning" after 130 second wait
2025-04-16 12:24:35.369 68238 INFO tempest.lib.common.rest_client [req-935ea65e-c106-4964-b37f-1f60d34dd61d req-935ea65e-c106-4964-b37f-1f60d34dd61d ] Request (ImagesMetadataTestJSON:setUpClass): 201 POST http://10.180.1.21/identity/v3/users 0.070s
2025-04-16 12:24:35.373 68264 INFO tempest.lib.common.rest_client [req-bea6e265-c6ad-4e04-85a3-8f519c8f8695 req-bea6e265-c6ad-4e04-85a3-8f519c8f8695 ] Request (ServerAddressesTestJSON:setUpClass): 200 GET http://10.180.1.21/compute/v2.1/servers/9c586d33-c563-45c7-8c54-1638a78a669c 0.150s
2025-04-16 12:24:35.388 68238 INFO tempest.lib.common.rest_client [req-08fe8062-8d83-42aa-bcb4-a1f4c595ad98 req-08fe8062-8d83-42aa-bcb4-a1f4c595ad98 ] Request (ImagesMetadataTestJSON:setUpClass): 200 GET http://10.180.1.21/identity/v3/roles 0.019s
2025-04-16 12:24:35.415 68238 INFO tempest.lib.common.rest_client [req-5cf5281d-0857-4210-9947-25b4a68e3217 req-5cf5281d-0857-4210-9947-25b4a68e3217 ] Request (ImagesMetadataTestJSON:setUpClass): 204 PUT http://10.180.1.21/identity/v3/projects/0f9e41d01ad644d6ae8e6ab856235463/users/80be346b0a414c7295ef539e9c7189c0/roles/af283a3d12b540e89f0295d266562497 0.026s
2025-04-16 12:24:35.415 68238 INFO tempest.lib.common.dynamic_creds [-] Dynamic test user 80be346b0a414c7295ef539e9c7189c0 is created with scope project and roles: ['member']
2025-04-16 12:24:35.416 68238 INFO tempest.lib.common.dynamic_creds [-] Acquired dynamic creds: credentials: Credentials: {'domain_id': 'default', 'domain_name': 'Default', 'username': 'tempest-ImagesMetadataTestJSON-198085282-project-member', 'project_domain_id': 'default', 'project_domain_name': 'Default', 'project_id': '0f9e41d01ad644d6ae8e6ab856235463', 'project_name': 'tempest-ImagesMetadataTestJSON-198085282', 'tenant_id': '0f9e41d01ad644d6ae8e6ab856235463', 'tenant_name': 'tempest-ImagesMetadataTestJSON-198085282', 'user_domain_id': 'default', 'user_domain_name': 'Default', 'user_id': '80be346b0a414c7295ef539e9c7189c0', 'system': None}, Network: None, Subnet: None, Router: None
2025-04-16 12:24:35.416 68238 INFO tempest.lib.common.dynamic_creds [-] Created isolated network resources for: credentials: Credentials: {'domain_id': 'default', 'domain_name': 'Default', 'username': 'tempest-ImagesMetadataTestJSON-198085282-project-member', 'project_domain_id': 'default', 'project_domain_name': 'Default', 'project_id': '0f9e41d01ad644d6ae8e6ab856235463', 'project_name': 'tempest-ImagesMetadataTestJSON-198085282', 'tenant_id': '0f9e41d01ad644d6ae8e6ab856235463', 'tenant_name': 'tempest-ImagesMetadataTestJSON-198085282', 'user_domain_id': 'default', 'user_domain_name': 'Default', 'user_id': '80be346b0a414c7295ef539e9c7189c0', 'system': None}, Network: None, Subnet: None, Router: None
2025-04-16 12:24:35.437 68224 INFO tempest.lib.common.rest_client [req-4f389f16-a632-4d8e-b8e2-4ad66321aad7 req-4f389f16-a632-4d8e-b8e2-4ad66321aad7 ] Request (MigrationsAdminTest:test_list_migrations_in_flavor_resize_situation): 200 GET http://10.180.1.21/compute/v2.1/servers/8c1f8c1e-b86a-40bc-b3af-335c1ad3d77b 0.172s
2025-04-16 12:24:35.442 68268 INFO tempest.lib.common.rest_client [req-bffb5de1-b172-403e-bef5-8f1019a7f689 req-bffb5de1-b172-403e-bef5-8f1019a7f689 ] Request (ServersWithSpecificFlavorTestJSON:test_verify_created_server_ephemeral_disk): 200 GET http://10.180.1.21/compute/v2.1/servers/d84f0e97-24d3-4b0b-8eff-51cf6bfd980c 0.172s
2025-04-16 12:24:35.484 68238 INFO tempest.lib.common.rest_client [req-ed876532-d9be-4131-ad83-fa981aa1e4b7 req-ed876532-d9be-4131-ad83-fa981aa1e4b7 ] Request (ImagesMetadataTestJSON:setUpClass): 201 POST http://10.180.1.21/identity/v3/auth/tokens 0.065s
2025-04-16 12:24:35.492 68218 INFO tempest.lib.common.rest_client [req-d1502aab-c208-4caf-8e62-efec75f797f8 req-d1502aab-c208-4caf-8e62-efec75f797f8 ] Request (ServerDiskConfigTestJSON:test_rebuild_server_with_auto_disk_config): 200 GET http://10.180.1.21/compute/v2.1/servers/38541c24-fc6b-4385-91bf-de25df66a798 0.175s
2025-04-16 12:24:35.501 68216 INFO tempest.lib.common.rest_client [req-36cb99e3-a7c3-4420-b8a4-be387c1b6dae req-36cb99e3-a7c3-4420-b8a4-be387c1b6dae ] Request (ServersV294TestFqdnHostnames:setUpClass): 200 GET http://10.180.1.21/compute/v2.1/servers/9dc1cdba-3991-4ee2-b92b-2800e17f07a8 0.163s
2025-04-16 12:24:35.538 68222 INFO tempest.lib.common.rest_client [req-0c87c50a-072f-45fb-8a2b-50879ceda983 req-0c87c50a-072f-45fb-8a2b-50879ceda983 ] Request (InstanceActionsV221TestJSON:test_get_list_deleted_instance_actions): 200 GET http://10.180.1.21/compute/v2.1/servers/2be271b8-775a-4c51-aa27-75a6a29e270b 0.170s
2025-04-16 12:24:35.547 68232 INFO tempest.lib.common.rest_client [req-fefc0488-6267-4deb-9eb4-c933bd6ef52a req-fefc0488-6267-4deb-9eb4-c933bd6ef52a ] Request (ServerActionsTestOtherB:setUpClass): 200 GET http://10.180.1.21/compute/v2.1/servers/658d81c6-dd54-4af5-b51f-6b0ce8fb9336 0.163s
2025-04-16 12:24:35.585 68270 INFO tempest.lib.common.rest_client [req-869c8036-79d7-4250-b654-64035fe7fd4b req-869c8036-79d7-4250-b654-64035fe7fd4b ] Request (ImagesNegativeTestJSON:test_create_image_from_deleted_server): 200 GET http://10.180.1.21/compute/v2.1/servers/188890b5-2189-4499-9856-22dc65b6c6f1 0.154s
2025-04-16 12:24:35.599 68212 INFO tempest.lib.common.rest_client [req-9d423786-16c2-4d29-9abc-598c89ba9de6 req-9d423786-16c2-4d29-9abc-598c89ba9de6 ] Request (FloatingIPsAssociationTestJSON:setUpClass): 200 GET http://10.180.1.21/compute/v2.1/servers/743b56db-49a0-4af7-96bc-a3fc6025fa19 0.117s
2025-04-16 12:24:35.666 68273 INFO tempest.lib.common.rest_client [req-fa600020-3cc9-4b32-b2e2-060f9fc63b01 req-fa600020-3cc9-4b32-b2e2-060f9fc63b01 ] Request (SecurityGroupsTestJSON:test_list_security_groups_by_server): 200 GET http://10.180.1.21/compute/v2.1/servers/45e517a6-1ef1-4082-b5f9-24a9c932630c 0.121s
2025-04-16 12:24:35.733 68244 INFO tempest.lib.common.rest_client [req-318367a1-d8f1-4761-9d08-505804f55a2f req-318367a1-d8f1-4761-9d08-505804f55a2f ] Request (ServerPasswordTestJSON:setUpClass): 200 GET http://10.180.1.21/compute/v2.1/servers/fed6991c-9b59-43bb-8cda-96053adb798b 0.250s
2025-04-16 12:24:35.782 68246 INFO tempest.lib.common.rest_client [req-ca8e00e3-bb18-4101-b535-b9b99439a286 req-ca8e00e3-bb18-4101-b535-b9b99439a286 ] Request (ListImageFiltersTestJSON:setUpClass): 200 GET http://10.180.1.21/compute/v2.1/servers/f963e0c6-8a3d-4872-8cae-07fff845b77f 0.179s
2025-04-16 12:24:35.832 68238 INFO tempest.lib.common.rest_client [req-029c9e24-5f1f-4f40-bc30-6d81b73702b1 req-029c9e24-5f1f-4f40-bc30-6d81b73702b1 ] Request (ImagesMetadataTestJSON:setUpClass): 201 POST http://10.180.1.21/image/v2/images 0.347s
2025-04-16 12:24:35.839 68266 INFO tempest.lib.common.rest_client [req-c6cbef11-a55a-4321-9294-723e306fab4b req-c6cbef11-a55a-4321-9294-723e306fab4b ] Request (ServersAdmin275Test:test_rebuild_update_server_275): 200 GET http://10.180.1.21/compute/v2.1/servers/f50fc747-d3b4-456c-b86f-a086a7968329 0.189s
2025-04-16 12:24:35.863 68250 INFO tempest.lib.common.rest_client [req-15cd9a24-e72c-4de8-87ba-b6e5520b1d74 req-15cd9a24-e72c-4de8-87ba-b6e5520b1d74 ] Request (ServerDiagnosticsNegativeTest:test_get_server_diagnostics_by_non_admin): 200 GET http://10.180.1.21/compute/v2.1/servers/371aeb17-ad59-4a01-88f7-466dfee8d293 0.277s
2025-04-16 12:24:35.885 68242 INFO tempest.lib.common.rest_client [req-c6ea4f49-5854-470d-bf3b-271189a81d22 req-c6ea4f49-5854-470d-bf3b-271189a81d22 ] Request (VolumesAssistedSnapshotsTest:test_volume_assisted_snapshot_create_delete): 200 GET http://10.180.1.21/compute/v2.1/servers/068b288c-194b-4d2c-89c3-8adb7d628cc7 0.192s
2025-04-16 12:24:35.915 68226 INFO tempest.lib.common.rest_client [req-e46fdb1e-5e2b-45c3-a114-e430d49b2598 req-e46fdb1e-5e2b-45c3-a114-e430d49b2598 ] Request (ServersTestBootFromVolume:setUpClass): 200 GET http://10.180.1.21/compute/v2.1/servers/8028a7dd-4002-4db3-a738-3926c1d2340e 0.177s
2025-04-16 12:24:35.962 68230 INFO tempest.lib.common.rest_client [req-3b566dbc-b3ea-4574-bb2d-4f1828240c67 req-3b566dbc-b3ea-4574-bb2d-4f1828240c67 ] Request (ServerActionsTestOtherA:setUpClass): 200 GET http://10.180.1.21/compute/v2.1/servers/dcb0d0da-a987-46b2-be64-672ee3200eab 0.177s
2025-04-16 12:24:35.973 68274 INFO tempest.lib.common.rest_client [req-2ce848dd-4035-4b44-b802-7c1ce1f2527b req-2ce848dd-4035-4b44-b802-7c1ce1f2527b ] Request (MultipleCreateTestJSON:test_multiple_create): 200 GET http://10.180.1.21/compute/v2.1/servers/8b5afa56-a56a-4990-9ba7-2c0955579a65 0.137s
2025-04-16 12:24:36.015 68252 INFO tempest.lib.common.rest_client [req-04839285-d291-47c7-9ea1-c57ea0b8308f req-04839285-d291-47c7-9ea1-c57ea0b8308f ] Request (ServersTestFqdnHostnames:test_create_server_with_fqdn_name): 200 GET http://10.180.1.21/compute/v2.1/servers/9e47d3ce-3897-458b-ac85-d98745e9aeb5 0.175s
2025-04-16 12:24:36.114 68236 INFO tempest.lib.common.rest_client [req-b093a895-8b02-469d-8543-b983741d850b req-b093a895-8b02-469d-8543-b983741d850b ] Request (ServersAdminNegativeTestJSON:setUpClass): 200 GET http://10.180.1.21/compute/v2.1/servers/93509103-8c02-420d-bcaa-c2cf0847b1f0 0.149s
2025-04-16 12:24:36.187 68260 INFO tempest.lib.common.rest_client [req-ac7a743d-5af2-4f95-81a7-7e7793268c18 req-ac7a743d-5af2-4f95-81a7-7e7793268c18 ] Request (ImagesOneServerTestJSON:setUpClass): 200 GET http://10.180.1.21/compute/v2.1/servers/8b261c6e-741c-4d6c-9567-566af85cd68f 0.145s
2025-04-16 12:24:36.237 68254 INFO tempest.lib.common.rest_client [req-74d11f22-987e-4ad3-8c93-1e311acbe7d3 req-74d11f22-987e-4ad3-8c93-1e311acbe7d3 ] Request (ServerGroupTestJSON:test_create_server_with_scheduler_hint_group): 200 GET http://10.180.1.21/compute/v2.1/servers/5b7a605b-7521-40c3-92d1-ce5487f6fedd 0.113s
2025-04-16 12:24:36.245 68228 INFO tempest.lib.common.rest_client [req-dddeccfb-25a6-40ed-a268-7f367f3b98d1 req-dddeccfb-25a6-40ed-a268-7f367f3b98d1 ] Request (DeleteServersAdminTestJSON:test_admin_delete_servers_of_others): 200 GET http://10.180.1.21/compute/v2.1/servers/82096302-bbdd-49b4-bd19-bdf75343e03a 0.171s
2025-04-16 12:24:36.291 68248 INFO tempest.lib.common.rest_client [req-eba97106-3541-4549-934a-cd3ec86ee4a6 req-eba97106-3541-4549-934a-cd3ec86ee4a6 ] Request (ListServerFiltersTestJSON:setUpClass): 200 GET http://10.180.1.21/compute/v2.1/servers/834fdc0b-5b2f-4374-a77a-de970c10e125 0.113s
2025-04-16 12:24:36.331 68258 INFO tempest.lib.common.rest_client [req-9a71649d-bb86-40aa-8634-3632ac188fa2 req-9a71649d-bb86-40aa-8634-3632ac188fa2 ] Request (ImagesOneServerNegativeTestJSON:setUpClass): 200 GET http://10.180.1.21/compute/v2.1/servers/180338df-2738-4eeb-8610-cb130d04f6d2 0.153s
2025-04-16 12:24:36.347 68214 INFO tempest.lib.common.rest_client [req-e39065cf-aa16-4041-a270-79ee3ab674a6 req-e39065cf-aa16-4041-a270-79ee3ab674a6 ] Request (ServerDiagnosticsV248Test:test_get_server_diagnostics): 200 GET http://10.180.1.21/compute/v2.1/servers/6580c348-f5a4-4f20-a6fb-8942202a526e 0.118s
2025-04-16 12:24:36.380 68234 INFO tempest.lib.common.rest_client [req-92f005d9-41b3-43fb-a945-40f99700becd req-92f005d9-41b3-43fb-a945-40f99700becd ] Request (AttachInterfacesUnderV243Test:test_add_remove_fixed_ip): 200 GET http://10.180.1.21/compute/v2.1/servers/b9a04994-804b-47b8-bc9f-cf4f18f27f5b 0.146s
2025-04-16 12:24:36.488 68256 INFO tempest.lib.common.rest_client [req-37710f10-4d16-4359-86f0-6aa5edda46c4 req-37710f10-4d16-4359-86f0-6aa5edda46c4 ] Request (VolumesAdminNegativeTest:test_update_attached_volume_with_nonexistent_volume_in_body): 200 GET http://10.180.1.21/compute/v2.1/servers/707828f6-0267-42ff-95e5-6b328382b017 0.134s
2025-04-16 12:24:36.517 68264 INFO tempest.lib.common.rest_client [req-4b43ed84-7ba9-4c04-93f2-e0a731cb185b req-4b43ed84-7ba9-4c04-93f2-e0a731cb185b ] Request (ServerAddressesTestJSON:setUpClass): 200 GET http://10.180.1.21/compute/v2.1/servers/9c586d33-c563-45c7-8c54-1638a78a669c 0.136s
2025-04-16 12:24:36.565 68238 INFO tempest.lib.common.rest_client [req-77a22320-06a3-458e-af35-2beef9e11502 req-77a22320-06a3-458e-af35-2beef9e11502 ] Request (ImagesMetadataTestJSON:setUpClass): 204 PUT http://10.180.1.21/image/v2/images/579b3b63-b3e7-45b4-b64f-06399395e143/file 0.732s
2025-04-16 12:24:36.570 68268 INFO tempest.lib.common.rest_client [req-ac9f9b4b-75df-4ec0-867f-eb8a49af78a1 req-ac9f9b4b-75df-4ec0-867f-eb8a49af78a1 ] Request (ServersWithSpecificFlavorTestJSON:test_verify_created_server_ephemeral_disk): 200 GET http://10.180.1.21/compute/v2.1/servers/d84f0e97-24d3-4b0b-8eff-51cf6bfd980c 0.115s
2025-04-16 12:24:36.582 68224 INFO tempest.lib.common.rest_client [req-ff5f76c1-aaff-4ab5-9faf-5393350a9aa6 req-ff5f76c1-aaff-4ab5-9faf-5393350a9aa6 ] Request (MigrationsAdminTest:test_list_migrations_in_flavor_resize_situation): 200 GET http://10.180.1.21/compute/v2.1/servers/8c1f8c1e-b86a-40bc-b3af-335c1ad3d77b 0.136s
2025-04-16 12:24:36.614 68218 INFO tempest.lib.common.rest_client [req-c7959b1a-d3cc-48b6-8537-7e991e8696e7 req-c7959b1a-d3cc-48b6-8537-7e991e8696e7 ] Request (ServerDiskConfigTestJSON:test_rebuild_server_with_auto_disk_config): 200 GET http://10.180.1.21/compute/v2.1/servers/38541c24-fc6b-4385-91bf-de25df66a798 0.114s
2025-04-16 12:24:36.638 68216 INFO tempest.lib.common.rest_client [req-5efc207f-5b07-4f10-a8bb-ca0f3a18fdb6 req-5efc207f-5b07-4f10-a8bb-ca0f3a18fdb6 ] Request (ServersV294TestFqdnHostnames:setUpClass): 200 GET http://10.180.1.21/compute/v2.1/servers/9dc1cdba-3991-4ee2-b92b-2800e17f07a8 0.127s
2025-04-16 12:24:36.659 68222 INFO tempest.lib.common.rest_client [req-806b7d68-1bea-49d2-b10f-7aa972199595 req-806b7d68-1bea-49d2-b10f-7aa972199595 ] Request (InstanceActionsV221TestJSON:test_get_list_deleted_instance_actions): 200 GET http://10.180.1.21/compute/v2.1/servers/2be271b8-775a-4c51-aa27-75a6a29e270b 0.112s
2025-04-16 12:24:36.683 68232 INFO tempest.lib.common.rest_client [req-5292295a-6104-43ed-a7ca-19cc0e19ab09 req-5292295a-6104-43ed-a7ca-19cc0e19ab09 ] Request (ServerActionsTestOtherB:setUpClass): 200 GET http://10.180.1.21/compute/v2.1/servers/658d81c6-dd54-4af5-b51f-6b0ce8fb9336 0.128s
2025-04-16 12:24:36.684 68238 INFO tempest.lib.common.rest_client [req-6df5e5bf-f403-4398-b8e7-51b6ce83d029 req-6df5e5bf-f403-4398-b8e7-51b6ce83d029 ] Request (ImagesMetadataTestJSON:setUpClass): 200 GET http://10.180.1.21/compute/v2.1/images/579b3b63-b3e7-45b4-b64f-06399395e143 0.119s
2025-04-16 12:24:36.725 68270 INFO tempest.lib.common.rest_client [req-2a759242-c3dc-404f-93fc-e9a1afefa2e4 req-2a759242-c3dc-404f-93fc-e9a1afefa2e4 ] Request (ImagesNegativeTestJSON:test_create_image_from_deleted_server): 200 GET http://10.180.1.21/compute/v2.1/servers/188890b5-2189-4499-9856-22dc65b6c6f1 0.132s
2025-04-16 12:24:36.726 68212 INFO tempest.lib.common.rest_client [req-67963971-30d8-46cf-bd81-c79e27266cc1 req-67963971-30d8-46cf-bd81-c79e27266cc1 ] Request (FloatingIPsAssociationTestJSON:setUpClass): 200 GET http://10.180.1.21/compute/v2.1/servers/743b56db-49a0-4af7-96bc-a3fc6025fa19 0.118s
2025-04-16 12:24:36.767 68273 INFO tempest.lib.common.rest_client [req-df7f6b15-b934-430f-b5e4-629e4206eaa5 req-df7f6b15-b934-430f-b5e4-629e4206eaa5 ] Request (SecurityGroupsTestJSON:test_list_security_groups_by_server): 200 GET http://10.180.1.21/compute/v2.1/servers/45e517a6-1ef1-4082-b5f9-24a9c932630c 0.089s
2025-04-16 12:24:36.892 68244 INFO tempest.lib.common.rest_client [req-88086999-c65b-461d-b658-c541821e6690 req-88086999-c65b-461d-b658-c541821e6690 ] Request (ServerPasswordTestJSON:setUpClass): 200 GET http://10.180.1.21/compute/v2.1/servers/fed6991c-9b59-43bb-8cda-96053adb798b 0.150s
2025-04-16 12:24:36.901 68238 INFO tempest.lib.common.rest_client [req-3fa45242-c5f2-4aec-bf04-6103ca397006 req-3fa45242-c5f2-4aec-bf04-6103ca397006 ] Request (ImagesMetadataTestJSON:setUp): 200 PUT http://10.180.1.21/compute/v2.1/images/579b3b63-b3e7-45b4-b64f-06399395e143/metadata 0.214s
2025-04-16 12:24:36.935 68246 INFO tempest.lib.common.rest_client [req-c10be4e5-f996-46de-ac0e-022b06a92171 req-c10be4e5-f996-46de-ac0e-022b06a92171 ] Request (ListImageFiltersTestJSON:setUpClass): 200 GET http://10.180.1.21/compute/v2.1/servers/f963e0c6-8a3d-4872-8cae-07fff845b77f 0.144s
2025-04-16 12:24:36.951 68266 INFO tempest.lib.common.rest_client [req-81548bd8-1f55-4222-a356-81998fae0065 req-81548bd8-1f55-4222-a356-81998fae0065 ] Request (ServersAdmin275Test:test_rebuild_update_server_275): 200 GET http://10.180.1.21/compute/v2.1/servers/f50fc747-d3b4-456c-b86f-a086a7968329 0.096s
2025-04-16 12:24:36.994 68242 INFO tempest.lib.common.rest_client [req-64a3beb3-f433-4ca0-a59e-dab4b31e8fa9 req-64a3beb3-f433-4ca0-a59e-dab4b31e8fa9 ] Request (VolumesAssistedSnapshotsTest:test_volume_assisted_snapshot_create_delete): 200 GET http://10.180.1.21/compute/v2.1/servers/068b288c-194b-4d2c-89c3-8adb7d628cc7 0.102s
2025-04-16 12:24:37.019 68250 INFO tempest.lib.common.rest_client [req-0c964c88-f0cd-42a0-bf48-3ea4cdaefb34 req-0c964c88-f0cd-42a0-bf48-3ea4cdaefb34 ] Request (ServerDiagnosticsNegativeTest:test_get_server_diagnostics_by_non_admin): 200 GET http://10.180.1.21/compute/v2.1/servers/371aeb17-ad59-4a01-88f7-466dfee8d293 0.148s
2025-04-16 12:24:37.067 68226 INFO tempest.lib.common.rest_client [req-737f3784-b1d2-4a14-9e9f-99b579f8c488 req-737f3784-b1d2-4a14-9e9f-99b579f8c488 ] Request (ServersTestBootFromVolume:setUpClass): 200 GET http://10.180.1.21/compute/v2.1/servers/8028a7dd-4002-4db3-a738-3926c1d2340e 0.145s
2025-04-16 12:24:37.109 68230 INFO tempest.lib.common.rest_client [req-293980e1-064c-4a4d-890b-8b869b15af10 req-293980e1-064c-4a4d-890b-8b869b15af10 ] Request (ServerActionsTestOtherA:setUpClass): 200 GET http://10.180.1.21/compute/v2.1/servers/dcb0d0da-a987-46b2-be64-672ee3200eab 0.134s
2025-04-16 12:24:37.112 68238 INFO tempest.lib.common.rest_client [req-96278e4b-8000-4d19-bdb2-999f7a2e622e req-96278e4b-8000-4d19-bdb2-999f7a2e622e ] Request (ImagesMetadataTestJSON:test_delete_image_metadata_item): 204 DELETE http://10.180.1.21/compute/v2.1/images/579b3b63-b3e7-45b4-b64f-06399395e143/metadata/os_version 0.209s
2025-04-16 12:24:37.152 68274 INFO tempest.lib.common.rest_client [req-b5453008-14b0-4358-82f1-dbd7b644c732 req-b5453008-14b0-4358-82f1-dbd7b644c732 ] Request (MultipleCreateTestJSON:test_multiple_create): 200 GET http://10.180.1.21/compute/v2.1/servers/8b5afa56-a56a-4990-9ba7-2c0955579a65 0.170s
2025-04-16 12:24:37.158 68252 INFO tempest.lib.common.rest_client [req-34c41b94-7e10-4830-af7d-60838399b4ff req-34c41b94-7e10-4830-af7d-60838399b4ff ] Request (ServersTestFqdnHostnames:test_create_server_with_fqdn_name): 200 GET http://10.180.1.21/compute/v2.1/servers/9e47d3ce-3897-458b-ac85-d98745e9aeb5 0.136s
2025-04-16 12:24:37.175 68238 INFO tempest.lib.common.rest_client [req-41a7c3ab-987f-41b2-967e-a5933a55abda req-41a7c3ab-987f-41b2-967e-a5933a55abda ] Request (ImagesMetadataTestJSON:test_delete_image_metadata_item): 200 GET http://10.180.1.21/compute/v2.1/images/579b3b63-b3e7-45b4-b64f-06399395e143/metadata 0.063s
2025-04-16 12:24:37.305 68236 INFO tempest.lib.common.rest_client [req-406391fb-3954-4d37-a808-97b79ce23ad4 req-406391fb-3954-4d37-a808-97b79ce23ad4 ] Request (ServersAdminNegativeTestJSON:setUpClass): 200 GET http://10.180.1.21/compute/v2.1/servers/93509103-8c02-420d-bcaa-c2cf0847b1f0 0.177s
2025-04-16 12:24:37.325 68238 INFO tempest.lib.common.rest_client [req-4fc49cc2-72e2-43e8-aed8-18fa7e5556ff req-4fc49cc2-72e2-43e8-aed8-18fa7e5556ff ] Request (ImagesMetadataTestJSON:setUp): 200 PUT http://10.180.1.21/compute/v2.1/images/579b3b63-b3e7-45b4-b64f-06399395e143/metadata 0.148s
2025-04-16 12:24:37.371 68254 INFO tempest.lib.common.rest_client [req-d72c16b6-e92e-401c-9c6b-2fc958c47636 req-d72c16b6-e92e-401c-9c6b-2fc958c47636 ] Request (ServerGroupTestJSON:test_create_server_with_scheduler_hint_group): 200 GET http://10.180.1.21/compute/v2.1/servers/5b7a605b-7521-40c3-92d1-ce5487f6fedd 0.126s
2025-04-16 12:24:37.393 68260 INFO tempest.lib.common.rest_client [req-c2286f4b-6778-45dc-af10-6ee63e01017f req-c2286f4b-6778-45dc-af10-6ee63e01017f ] Request (ImagesOneServerTestJSON:setUpClass): 200 GET http://10.180.1.21/compute/v2.1/servers/8b261c6e-741c-4d6c-9567-566af85cd68f 0.197s
2025-04-16 12:24:37.437 68248 INFO tempest.lib.common.rest_client [req-6edf5f60-345c-4d24-bbba-b5ec106640f3 req-6edf5f60-345c-4d24-bbba-b5ec106640f3 ] Request (ListServerFiltersTestJSON:setUpClass): 200 GET http://10.180.1.21/compute/v2.1/servers/834fdc0b-5b2f-4374-a77a-de970c10e125 0.138s
2025-04-16 12:24:37.456 68228 INFO tempest.lib.common.rest_client [req-73c8fea3-82cc-4872-a2be-029ae7635ea8 req-73c8fea3-82cc-4872-a2be-029ae7635ea8 ] Request (DeleteServersAdminTestJSON:test_admin_delete_servers_of_others): 200 GET http://10.180.1.21/compute/v2.1/servers/82096302-bbdd-49b4-bd19-bdf75343e03a 0.203s
2025-04-16 12:24:37.461 68238 INFO tempest.lib.common.rest_client [req-183a3dd3-7a42-4abb-8fcf-bc8c960c4ef8 req-183a3dd3-7a42-4abb-8fcf-bc8c960c4ef8 ] Request (ImagesMetadataTestJSON:test_get_image_metadata_item): 200 GET http://10.180.1.21/compute/v2.1/images/579b3b63-b3e7-45b4-b64f-06399395e143/metadata/os_distro 0.135s
2025-04-16 12:24:37.509 68214 INFO tempest.lib.common.rest_client [req-ddffac75-993b-4f2d-a405-567c1668cebf req-ddffac75-993b-4f2d-a405-567c1668cebf ] Request (ServerDiagnosticsV248Test:test_get_server_diagnostics): 200 GET http://10.180.1.21/compute/v2.1/servers/6580c348-f5a4-4f20-a6fb-8942202a526e 0.152s
