2025-04-16 12:22:30.518 68273 INFO tempest.lib.common.rest_client [req-d54fcbda-80c9-43f6-96ca-617631ac323e req-d54fcbda-80c9-43f6-96ca-617631ac323e ] Request (SecurityGroupsTestJSON:setUpClass): 200 GET http://10.180.1.21/identity/v3/domains?name=Default 0.099s
2025-04-16 12:22:30.541 68270 INFO tempest.lib.common.rest_client [req-57d05ed4-376a-4799-aeef-30be4d3623d3 req-57d05ed4-376a-4799-aeef-30be4d3623d3 ] Request (ImagesNegativeTestJSON:setUpClass): 200 GET http://10.180.1.21/identity/v3/domains?name=Default 0.074s
2025-04-16 12:22:30.564 68234 INFO tempest.lib.common.rest_client [req-707dd2ea-8807-4e68-a8b6-62e250a0235c req-707dd2ea-8807-4e68-a8b6-62e250a0235c ] Request (HostsAdminNegativeTestJSON:setUpClass): 201 POST http://10.180.1.21/identity/v3/projects 0.132s
2025-04-16 12:22:30.575 68238 INFO tempest.lib.common.rest_client [req-b01b6d00-08e3-402e-b518-ee6d019249e6 req-b01b6d00-08e3-402e-b518-ee6d019249e6 ] Request (ServerDiagnosticsTest:test_get_server_diagnostics): 200 GET http://10.180.1.21/compute/v2.1/servers/bd297ef0-fa45-43c1-ab4e-14bcce806b35 1.594s
2025-04-16 12:22:30.577 68240 INFO tempest.lib.common.rest_client [req-2169005d-69d2-4499-8b51-a4ddb9698139 req-2169005d-69d2-4499-8b51-a4ddb9698139 ] Request (FlavorsV2TestJSON:setUpClass): 201 POST http://10.180.1.21/identity/v3/projects 0.088s
2025-04-16 12:22:30.667 68230 INFO tempest.lib.common.rest_client [req-625b472d-a9e6-4c4c-a328-952e7bb04968 req-625b472d-a9e6-4c4c-a328-952e7bb04968 ] Request (QuotasAdminTestV257:tearDownClass): 204 DELETE http://10.180.1.21:9696/networking/v2.0/security-groups/ff3a6075-f009-460e-abf3-634a1bd2ba43 0.170s
2025-04-16 12:22:30.668 68214 INFO tempest.lib.common.rest_client [req-e7f2a35e-816f-4379-b848-b7ab6cb3fd38 req-e7f2a35e-816f-4379-b848-b7ab6cb3fd38 ] Request (ServerDiagnosticsV248Test:test_get_server_diagnostics): 200 GET http://10.180.1.21/compute/v2.1/servers/6580c348-f5a4-4f20-a6fb-8942202a526e 1.466s
2025-04-16 12:22:30.682 68248 INFO tempest.lib.common.rest_client [req-a5accb7b-61ae-4c49-829c-4d6e876fa49a req-a5accb7b-61ae-4c49-829c-4d6e876fa49a ] Request (ListServerFiltersTestJSON:setUpClass): 201 POST http://10.180.1.21/identity/v3/auth/tokens 0.176s
2025-04-16 12:22:30.682 68248 INFO tempest.lib.common.fixed_network [-] (ListServerFiltersTestJSON:setUpClass) Found network {'id': '6329b057-bc56-43f3-aa35-8426121d0220', 'name': 'tempest-ListServerFiltersTestJSON-1982945155-network', 'tenant_id': '6ddfb5b3af37495f80bb33263d56940b', 'admin_state_up': True, 'mtu': 8950, 'status': 'ACTIVE', 'subnets': [], 'shared': False, 'project_id': '6ddfb5b3af37495f80bb33263d56940b', 'port_security_enabled': True, 'router:external': False, 'provider:network_type': 'vlan', 'provider:physical_network': 'default', 'provider:segmentation_id': 492, 'is_default': False, 'availability_zone_hints': [], 'availability_zones': [], 'ipv4_address_scope': None, 'ipv6_address_scope': None, 'description': '', 'tags': [], 'created_at': '2025-04-16T12:22:27Z', 'updated_at': '2025-04-16T12:22:27Z', 'revision_number': 1} available for tenant
2025-04-16 12:22:30.686 68242 INFO tempest.lib.common.rest_client [req-0b684854-968a-469d-81ac-f24c7eee7898 req-0b684854-968a-469d-81ac-f24c7eee7898 ] Request (VolumesAssistedSnapshotsTest:test_volume_assisted_snapshot_create_delete): 201 POST http://10.180.1.21:9696/networking/v2.0/security-group-rules 0.172s
2025-04-16 12:22:30.702 68254 INFO tempest.lib.common.rest_client [req-e449eb0f-e4aa-4ef4-8294-82d6ddfc1cba req-e449eb0f-e4aa-4ef4-8294-82d6ddfc1cba ] Request (ImagesDeleteNegativeTestJSON:test_delete_image_non_hex_string_id): 404 DELETE http://10.180.1.21/compute/v2.1/images/bd5ef6c3-6de1-41b2-b73f-d344f333e87j 1.348s
2025-04-16 12:22:30.714 68232 INFO tempest.lib.common.rest_client [req-d24e63a4-604d-408d-8b8a-19b3d615f7fe req-d24e63a4-604d-408d-8b8a-19b3d615f7fe ] Request (HypervisorAdminNegativeUnderV252Test:test_show_servers_with_nonexistent_hypervisor): 404 GET http://10.180.1.21/compute/v2.1/os-hypervisors/eac690a4-8121-4518-9afc-96001076a176/servers 1.352s
2025-04-16 12:22:30.768 68273 INFO tempest.lib.common.rest_client [req-b3b0a487-44c5-433d-b2b0-15a910cfdd54 req-b3b0a487-44c5-433d-b2b0-15a910cfdd54 ] Request (SecurityGroupsTestJSON:setUpClass): 201 POST http://10.180.1.21/identity/v3/projects 0.246s
2025-04-16 12:22:30.785 68244 INFO tempest.lib.common.rest_client [req-4f87d8d6-d0c6-46b2-beb1-d56df5d9d364 req-4f87d8d6-d0c6-46b2-beb1-d56df5d9d364 ] Request (ServerPasswordTestJSON:setUpClass): 200 GET http://10.180.1.21/compute/v2.1/servers/fed6991c-9b59-43bb-8cda-96053adb798b 1.413s
2025-04-16 12:22:30.789 68270 INFO tempest.lib.common.rest_client [req-64253686-31d8-4fc9-96ca-6f164c6cd3ef req-64253686-31d8-4fc9-96ca-6f164c6cd3ef ] Request (ImagesNegativeTestJSON:setUpClass): 201 POST http://10.180.1.21/identity/v3/projects 0.246s
2025-04-16 12:22:30.853 68240 INFO tempest.lib.common.rest_client [req-d9d8876a-e2c3-4247-bb3e-b8b8b935fd4e req-d9d8876a-e2c3-4247-bb3e-b8b8b935fd4e ] Request (FlavorsV2TestJSON:setUpClass): 201 POST http://10.180.1.21/identity/v3/users 0.273s
2025-04-16 12:22:30.871 68218 INFO tempest.lib.common.rest_client [req-53cb72ef-78a1-4652-83b2-743b7f19dcb4 req-53cb72ef-78a1-4652-83b2-743b7f19dcb4 ] Request (ServerDiskConfigTestJSON:setUpClass): 200 PUT http://10.180.1.21:9696/networking/v2.0/routers/125deb8d-aaf8-4122-80a3-a97b335200b1/add_router_interface 2.164s
2025-04-16 12:22:30.871 68218 INFO tempest.lib.common.dynamic_creds [-] Created isolated network resources for: credentials: Credentials: {'domain_id': 'default', 'domain_name': 'Default', 'username': 'tempest-ServerDiskConfigTestJSON-988333261-project-member', 'project_domain_id': 'default', 'project_domain_name': 'Default', 'project_id': '15502e37757142d4afa0577a3e80bfb8', 'project_name': 'tempest-ServerDiskConfigTestJSON-988333261', 'tenant_id': '15502e37757142d4afa0577a3e80bfb8', 'tenant_name': 'tempest-ServerDiskConfigTestJSON-988333261', 'user_domain_id': 'default', 'user_domain_name': 'Default', 'user_id': '4582636e1ee74b61878e4c1badbd563e', 'system': None}, Network: {'id': '35550b63-2fb8-405c-84f4-2ef94086947d', 'name': 'tempest-ServerDiskConfigTestJSON-1240380541-network', 'tenant_id': '15502e37757142d4afa0577a3e80bfb8', 'admin_state_up': True, 'mtu': 8950, 'status': 'ACTIVE', 'subnets': [], 'shared': False, 'project_id': '15502e37757142d4afa0577a3e80bfb8', 'port_security_enabled': True, 'router:external': False, 'provider:network_type': 'vlan', 'provider:physical_network': 'default', 'provider:segmentation_id': 796, 'is_default': False, 'availability_zone_hints': [], 'availability_zones': [], 'ipv4_address_scope': None, 'ipv6_address_scope': None, 'description': '', 'tags': [], 'created_at': '2025-04-16T12:22:24Z', 'updated_at': '2025-04-16T12:22:24Z', 'revision_number': 1}, Subnet: {'id': '38d6af43-96aa-439a-b857-b0b751b92989', 'name': 'tempest-ServerDiskConfigTestJSON-1240380541-subnet', 'tenant_id': '15502e37757142d4afa0577a3e80bfb8', 'network_id': '35550b63-2fb8-405c-84f4-2ef94086947d', 'ip_version': 4, 'subnetpool_id': None, 'enable_dhcp': True, 'ipv6_ra_mode': None, 'ipv6_address_mode': None, 'gateway_ip': '192.168.128.1', 'cidr': '192.168.128.0/28', 'allocation_pools': [{'start': '192.168.128.2', 'end': '192.168.128.14'}], 'host_routes': [], 'dns_nameservers': [], 'description': '', 'service_types': [], 'tags': [], 'created_at': '2025-04-16T12:22:25Z', 'updated_at': '2025-04-16T12:22:25Z', 'revision_number': 0, 'project_id': '15502e37757142d4afa0577a3e80bfb8'}, Router: {'id': '125deb8d-aaf8-4122-80a3-a97b335200b1', 'name': 'tempest-ServerDiskConfigTestJSON-1240380541-router', 'tenant_id': '15502e37757142d4afa0577a3e80bfb8', 'admin_state_up': True, 'status': 'ACTIVE', 'external_gateway_info': {'network_id': 'b68fbf65-2349-492e-b741-1c9ec157db2b', 'external_fixed_ips': [{'subnet_id': '1fce7193-8bed-4f93-869a-13127a3ee5a1', 'ip_address': '10.180.180.141'}], 'enable_snat': True}, 'description': '', 'availability_zones': [], 'distributed': False, 'ha': False, 'availability_zone_hints': [], 'routes': [], 'flavor_id': None, 'tags': [], 'created_at': '2025-04-16T12:22:26Z', 'updated_at': '2025-04-16T12:22:27Z', 'revision_number': 2, 'project_id': '15502e37757142d4afa0577a3e80bfb8'}
2025-04-16 12:22:30.886 68234 INFO tempest.lib.common.rest_client [req-6da102b1-c9ef-4385-bff1-8ef13e0fdcca req-6da102b1-c9ef-4385-bff1-8ef13e0fdcca ] Request (HostsAdminNegativeTestJSON:setUpClass): 201 POST http://10.180.1.21/identity/v3/users 0.321s
2025-04-16 12:22:30.916 68230 INFO tempest.lib.common.rest_client [req-293473c0-bc96-4066-b806-22ff830a551f req-293473c0-bc96-4066-b806-22ff830a551f ] Request (QuotasAdminTestV257:tearDownClass): 204 DELETE http://10.180.1.21/identity/v3/projects/419dd5b2f8e14e77bdf4f67485b6dd05 0.248s
2025-04-16 12:22:30.973 68222 INFO tempest.lib.common.rest_client [req-e77ff60c-0a68-407d-8ba9-456d3479260c req-e77ff60c-0a68-407d-8ba9-456d3479260c ] Request (ServerExternalEventsTest:test_create_server_external_events): 200 GET http://10.180.1.21/compute/v2.1/servers/6ebecddf-098f-447f-a350-6644b50f87f7 1.548s
2025-04-16 12:22:30.989 68273 INFO tempest.lib.common.rest_client [req-1f71c4eb-5f34-4813-b3ac-ef82f998de95 req-1f71c4eb-5f34-4813-b3ac-ef82f998de95 ] Request (SecurityGroupsTestJSON:setUpClass): 201 POST http://10.180.1.21/identity/v3/users 0.218s
2025-04-16 12:22:31.024 68226 INFO tempest.lib.common.rest_client [req-877216fb-f753-4fb2-be4f-2c7286da7662 req-877216fb-f753-4fb2-be4f-2c7286da7662 ] Request (ServersTestBootFromVolume:setUpClass): 200 GET http://10.180.1.21/volume/v3/29756c553fe5418688730924bfd3d2a2/volumes/4f44012b-dbb7-4f59-b2f9-7b9a7c86ca8f 0.038s
2025-04-16 12:22:31.045 68232 INFO tempest.lib.common.rest_client [req-3af3127e-811c-43bd-b039-43feef9915a7 req-3af3127e-811c-43bd-b039-43feef9915a7 ] Request (HypervisorAdminNegativeUnderV252Test:tearDownClass): 204 DELETE http://10.180.1.21/identity/v3/users/aacd664fc76447fba1246ef402a2b1d3 0.323s
2025-04-16 12:22:31.065 68270 INFO tempest.lib.common.rest_client [req-f28bdc05-96a0-4641-8ce1-d6d72e21da5f req-f28bdc05-96a0-4641-8ce1-d6d72e21da5f ] Request (ImagesNegativeTestJSON:setUpClass): 201 POST http://10.180.1.21/identity/v3/users 0.276s
2025-04-16 12:22:31.134 68240 INFO tempest.lib.common.rest_client [req-4eb81d5e-648d-4051-8cbc-54d6ba8d6ed7 req-4eb81d5e-648d-4051-8cbc-54d6ba8d6ed7 ] Request (FlavorsV2TestJSON:setUpClass): 200 GET http://10.180.1.21/identity/v3/roles 0.281s
2025-04-16 12:22:31.168 68234 INFO tempest.lib.common.rest_client [req-ccac0785-4fcf-4f5c-a248-5b8531420ace req-ccac0785-4fcf-4f5c-a248-5b8531420ace ] Request (HostsAdminNegativeTestJSON:setUpClass): 200 GET http://10.180.1.21/identity/v3/roles 0.281s
2025-04-16 12:22:31.178 68258 INFO tempest.lib.common.rest_client [req-fc84accc-a446-4f07-b330-8e0d7a1ec7f6 req-fc84accc-a446-4f07-b330-8e0d7a1ec7f6 ] Request (ImagesOneServerNegativeTestJSON:setUpClass): 200 GET http://10.180.1.21/compute/v2.1/servers/180338df-2738-4eeb-8610-cb130d04f6d2 1.616s
2025-04-16 12:22:31.193 68218 INFO tempest.lib.common.rest_client [req-f41aa883-06a7-43d2-9828-606d4c47a23b req-f41aa883-06a7-43d2-9828-606d4c47a23b ] Request (ServerDiskConfigTestJSON:setUpClass): 201 POST http://10.180.1.21/identity/v3/auth/tokens 0.317s
2025-04-16 12:22:31.194 68268 INFO tempest.lib.common.rest_client [req-97b2775c-4fe3-4adf-b0c9-3e4d5ae9a18d req-97b2775c-4fe3-4adf-b0c9-3e4d5ae9a18d ] Request (ServersWithSpecificFlavorTestJSON:test_verify_created_server_ephemeral_disk): 200 GET http://10.180.1.21/compute/v2.1/flavors/42/os-extra_specs 1.569s
2025-04-16 12:22:31.200 68212 INFO tempest.lib.common.rest_client [req-74b5c3d5-e33f-4f13-8d34-a10e8071dcd5 req-74b5c3d5-e33f-4f13-8d34-a10e8071dcd5 ] Request (FlavorsExtraSpecsNegativeTestJSON:test_flavor_update_more_key): 400 PUT http://10.180.1.21/compute/v2.1/flavors/1584686603/os-extra_specs/hw:numa_nodes 1.567s
2025-04-16 12:22:31.205 68230 INFO tempest.lib.common.rest_client [req-954d049f-01c3-4eb2-8c31-27a24d8c12d9 req-954d049f-01c3-4eb2-8c31-27a24d8c12d9 ] Request (TenantUsagesNegativeTestJSON:setUpClass): 201 POST http://10.180.1.21/identity/v3/auth/tokens 0.285s
2025-04-16 12:22:31.214 68273 INFO tempest.lib.common.rest_client [req-29c8afd6-b57b-4546-8f79-32242d54c1a6 req-29c8afd6-b57b-4546-8f79-32242d54c1a6 ] Request (SecurityGroupsTestJSON:setUpClass): 200 GET http://10.180.1.21/identity/v3/roles 0.223s
2025-04-16 12:22:31.237 68270 INFO tempest.lib.common.rest_client [req-8e31b6d5-edbf-47ac-92ad-31380bd26f14 req-8e31b6d5-edbf-47ac-92ad-31380bd26f14 ] Request (ImagesNegativeTestJSON:setUpClass): 200 GET http://10.180.1.21/identity/v3/roles 0.171s
2025-04-16 12:22:31.281 68232 INFO tempest.lib.common.rest_client [req-5989b7b1-2a38-4f1c-9b51-fdff0ba57b91 req-5989b7b1-2a38-4f1c-9b51-fdff0ba57b91 ] Request (HypervisorAdminNegativeUnderV252Test:tearDownClass): 204 DELETE http://10.180.1.21/identity/v3/users/5643c7dc4c0c4c04a8df8775dc0cfe10 0.236s
2025-04-16 12:22:31.282 68232 INFO tempest.lib.common.dynamic_creds [-] Deleting project and security group for project: ea127ca2b4544632836d7c2f72a96814
2025-04-16 12:22:31.334 68220 INFO tempest.lib.common.rest_client [req-6ea2d47d-4c1d-40c1-9a2b-21e81b9cad2b req-6ea2d47d-4c1d-40c1-9a2b-21e81b9cad2b ] Request (TenantUsagesTestJSON:setUpClass): 200 GET http://10.180.1.21/compute/v2.1/servers/e55fdbbb-813d-427c-a53f-5be3fbeeb531 1.634s
2025-04-16 12:22:31.352 68240 INFO tempest.lib.common.rest_client [req-30016e5b-3c59-4cea-8b3e-ffd9bbd4dc8d req-30016e5b-3c59-4cea-8b3e-ffd9bbd4dc8d ] Request (FlavorsV2TestJSON:setUpClass): 204 PUT http://10.180.1.21/identity/v3/projects/7e78b1126e304d8db24df91b10615b30/users/cf0f4fed3d2b454db40f7e244e92a4cc/roles/af283a3d12b540e89f0295d266562497 0.218s
2025-04-16 12:22:31.353 68240 INFO tempest.lib.common.dynamic_creds [-] Dynamic test user cf0f4fed3d2b454db40f7e244e92a4cc is created with scope project and roles: ['member']
2025-04-16 12:22:31.353 68240 INFO tempest.lib.common.dynamic_creds [-] Acquired dynamic creds: credentials: Credentials: {'domain_id': 'default', 'domain_name': 'Default', 'username': 'tempest-FlavorsV2TestJSON-1358637420-project-member', 'project_domain_id': 'default', 'project_domain_name': 'Default', 'project_id': '7e78b1126e304d8db24df91b10615b30', 'project_name': 'tempest-FlavorsV2TestJSON-1358637420', 'tenant_id': '7e78b1126e304d8db24df91b10615b30', 'tenant_name': 'tempest-FlavorsV2TestJSON-1358637420', 'user_domain_id': 'default', 'user_domain_name': 'Default', 'user_id': 'cf0f4fed3d2b454db40f7e244e92a4cc', 'system': None}, Network: None, Subnet: None, Router: None
2025-04-16 12:22:31.353 68240 INFO tempest.lib.common.dynamic_creds [-] Created isolated network resources for: credentials: Credentials: {'domain_id': 'default', 'domain_name': 'Default', 'username': 'tempest-FlavorsV2TestJSON-1358637420-project-member', 'project_domain_id': 'default', 'project_domain_name': 'Default', 'project_id': '7e78b1126e304d8db24df91b10615b30', 'project_name': 'tempest-FlavorsV2TestJSON-1358637420', 'tenant_id': '7e78b1126e304d8db24df91b10615b30', 'tenant_name': 'tempest-FlavorsV2TestJSON-1358637420', 'user_domain_id': 'default', 'user_domain_name': 'Default', 'user_id': 'cf0f4fed3d2b454db40f7e244e92a4cc', 'system': None}, Network: None, Subnet: None, Router: None
2025-04-16 12:22:31.362 68234 INFO tempest.lib.common.rest_client [req-00b4d7d8-e6d0-4d37-9f18-973c5784a638 req-00b4d7d8-e6d0-4d37-9f18-973c5784a638 ] Request (HostsAdminNegativeTestJSON:setUpClass): 204 PUT http://10.180.1.21/identity/v3/projects/46fa7ac09b52481898a96de3a7f28b3d/users/65344efc81b346a3bdbcdb4a9d4afa5a/roles/af283a3d12b540e89f0295d266562497 0.194s
2025-04-16 12:22:31.363 68234 INFO tempest.lib.common.dynamic_creds [-] Dynamic test user 65344efc81b346a3bdbcdb4a9d4afa5a is created with scope project and roles: ['member']
2025-04-16 12:22:31.363 68234 INFO tempest.lib.common.dynamic_creds [-] Acquired dynamic creds: credentials: Credentials: {'domain_id': 'default', 'domain_name': 'Default', 'username': 'tempest-HostsAdminNegativeTestJSON-387412570-project-member', 'project_domain_id': 'default', 'project_domain_name': 'Default', 'project_id': '46fa7ac09b52481898a96de3a7f28b3d', 'project_name': 'tempest-HostsAdminNegativeTestJSON-387412570', 'tenant_id': '46fa7ac09b52481898a96de3a7f28b3d', 'tenant_name': 'tempest-HostsAdminNegativeTestJSON-387412570', 'user_domain_id': 'default', 'user_domain_name': 'Default', 'user_id': '65344efc81b346a3bdbcdb4a9d4afa5a', 'system': None}, Network: None, Subnet: None, Router: None
2025-04-16 12:22:31.363 68234 INFO tempest.lib.common.dynamic_creds [-] Created isolated network resources for: credentials: Credentials: {'domain_id': 'default', 'domain_name': 'Default', 'username': 'tempest-HostsAdminNegativeTestJSON-387412570-project-member', 'project_domain_id': 'default', 'project_domain_name': 'Default', 'project_id': '46fa7ac09b52481898a96de3a7f28b3d', 'project_name': 'tempest-HostsAdminNegativeTestJSON-387412570', 'tenant_id': '46fa7ac09b52481898a96de3a7f28b3d', 'tenant_name': 'tempest-HostsAdminNegativeTestJSON-387412570', 'user_domain_id': 'default', 'user_domain_name': 'Default', 'user_id': '65344efc81b346a3bdbcdb4a9d4afa5a', 'system': None}, Network: None, Subnet: None, Router: None
2025-04-16 12:22:31.412 68218 INFO tempest.lib.common.rest_client [req-49851404-6ffb-46ab-8009-f9a52a63ee8c req-49851404-6ffb-46ab-8009-f9a52a63ee8c ] Request (ServerDiskConfigTestJSON:test_rebuild_server_with_auto_disk_config): 201 POST http://10.180.1.21/identity/v3/auth/tokens 0.209s
2025-04-16 12:22:31.412 68218 INFO tempest.lib.common.fixed_network [-] (ServerDiskConfigTestJSON:test_rebuild_server_with_auto_disk_config) Found network {'id': '35550b63-2fb8-405c-84f4-2ef94086947d', 'name': 'tempest-ServerDiskConfigTestJSON-1240380541-network', 'tenant_id': '15502e37757142d4afa0577a3e80bfb8', 'admin_state_up': True, 'mtu': 8950, 'status': 'ACTIVE', 'subnets': [], 'shared': False, 'project_id': '15502e37757142d4afa0577a3e80bfb8', 'port_security_enabled': True, 'router:external': False, 'provider:network_type': 'vlan', 'provider:physical_network': 'default', 'provider:segmentation_id': 796, 'is_default': False, 'availability_zone_hints': [], 'availability_zones': [], 'ipv4_address_scope': None, 'ipv6_address_scope': None, 'description': '', 'tags': [], 'created_at': '2025-04-16T12:22:24Z', 'updated_at': '2025-04-16T12:22:24Z', 'revision_number': 1} available for tenant
2025-04-16 12:22:31.419 68230 INFO tempest.lib.common.rest_client [req-4ac6f993-829a-4ce5-ad16-0f61badcec9f req-4ac6f993-829a-4ce5-ad16-0f61badcec9f ] Request (TenantUsagesNegativeTestJSON:setUpClass): 201 POST http://10.180.1.21/identity/v3/auth/tokens 0.211s
2025-04-16 12:22:31.447 68270 INFO tempest.lib.common.rest_client [req-e0867ddf-0988-4df0-884e-2fee9b707315 req-e0867ddf-0988-4df0-884e-2fee9b707315 ] Request (ImagesNegativeTestJSON:setUpClass): 204 PUT http://10.180.1.21/identity/v3/projects/da8be92e6a3e4734b3acfc6ae02b19a3/users/74843bf4ddac4ba8857a84c1ffe04f97/roles/af283a3d12b540e89f0295d266562497 0.209s
2025-04-16 12:22:31.447 68270 INFO tempest.lib.common.dynamic_creds [-] Dynamic test user 74843bf4ddac4ba8857a84c1ffe04f97 is created with scope project and roles: ['member']
2025-04-16 12:22:31.450 68270 INFO tempest.lib.common.dynamic_creds [-] Acquired dynamic creds: credentials: Credentials: {'domain_id': 'default', 'domain_name': 'Default', 'username': 'tempest-ImagesNegativeTestJSON-124339597-project-member', 'project_domain_id': 'default', 'project_domain_name': 'Default', 'project_id': 'da8be92e6a3e4734b3acfc6ae02b19a3', 'project_name': 'tempest-ImagesNegativeTestJSON-124339597', 'tenant_id': 'da8be92e6a3e4734b3acfc6ae02b19a3', 'tenant_name': 'tempest-ImagesNegativeTestJSON-124339597', 'user_domain_id': 'default', 'user_domain_name': 'Default', 'user_id': '74843bf4ddac4ba8857a84c1ffe04f97', 'system': None}, Network: None, Subnet: None, Router: None
2025-04-16 12:22:31.455 68260 INFO tempest.lib.common.rest_client [req-666fa691-2d97-4d3f-b236-e32c567fd6ff req-666fa691-2d97-4d3f-b236-e32c567fd6ff ] Request (ImagesOneServerTestJSON:setUpClass): 200 GET http://10.180.1.21/compute/v2.1/servers/8b261c6e-741c-4d6c-9567-566af85cd68f 1.227s
2025-04-16 12:22:31.509 68232 INFO tempest.lib.common.rest_client [req-4ef339f8-e049-4bb3-9a7b-0b557e33ce4e req-4ef339f8-e049-4bb3-9a7b-0b557e33ce4e ] Request (HypervisorAdminNegativeUnderV252Test:tearDownClass): 201 POST http://10.180.1.21/identity/v3/auth/tokens 0.226s
2025-04-16 12:22:31.512 68273 INFO tempest.lib.common.rest_client [req-5c9aaebf-1f57-4bc2-b71b-14fa002d40c5 req-5c9aaebf-1f57-4bc2-b71b-14fa002d40c5 ] Request (SecurityGroupsTestJSON:setUpClass): 204 PUT http://10.180.1.21/identity/v3/projects/d953158e796e4a1baa15cfa18b1aff9b/users/c7940c3fdac24785abb4e41fbf736dc1/roles/af283a3d12b540e89f0295d266562497 0.297s
2025-04-16 12:22:31.512 68273 INFO tempest.lib.common.dynamic_creds [-] Dynamic test user c7940c3fdac24785abb4e41fbf736dc1 is created with scope project and roles: ['member']
2025-04-16 12:22:31.512 68273 INFO tempest.lib.common.dynamic_creds [-] Acquired dynamic creds: credentials: Credentials: {'domain_id': 'default', 'domain_name': 'Default', 'username': 'tempest-SecurityGroupsTestJSON-63199574-project-member', 'project_domain_id': 'default', 'project_domain_name': 'Default', 'project_id': 'd953158e796e4a1baa15cfa18b1aff9b', 'project_name': 'tempest-SecurityGroupsTestJSON-63199574', 'tenant_id': 'd953158e796e4a1baa15cfa18b1aff9b', 'tenant_name': 'tempest-SecurityGroupsTestJSON-63199574', 'user_domain_id': 'default', 'user_domain_name': 'Default', 'user_id': 'c7940c3fdac24785abb4e41fbf736dc1', 'system': None}, Network: None, Subnet: None, Router: None
2025-04-16 12:22:31.572 68240 INFO tempest.lib.common.rest_client [req-54f8a023-53ba-4d4e-9a67-3086a5fd0cd5 req-54f8a023-53ba-4d4e-9a67-3086a5fd0cd5 ] Request (FlavorsV2TestJSON:setUpClass): 201 POST http://10.180.1.21/identity/v3/auth/tokens 0.215s
2025-04-16 12:22:31.628 68230 INFO tempest.lib.common.rest_client [req-8d264475-f12d-4ce2-8445-14a0c2f30136 req-8d264475-f12d-4ce2-8445-14a0c2f30136 ] Request (TenantUsagesNegativeTestJSON:setUpClass): 200 GET http://10.180.1.21/identity/v3/domains?name=Default 0.208s
2025-04-16 12:22:31.636 68234 INFO tempest.lib.common.rest_client [req-0671b8b2-5f1e-4b62-a9c3-9ca5e3cb03fd req-0671b8b2-5f1e-4b62-a9c3-9ca5e3cb03fd ] Request (HostsAdminNegativeTestJSON:setUpClass): 201 POST http://10.180.1.21/identity/v3/auth/tokens 0.265s
2025-04-16 12:22:31.650 68270 INFO tempest.lib.common.rest_client [req-3dd26764-2c91-401b-9a49-ede9a0b73b5c req-3dd26764-2c91-401b-9a49-ede9a0b73b5c ] Request (ImagesNegativeTestJSON:setUpClass): 201 POST http://10.180.1.21/identity/v3/auth/tokens 0.200s
2025-04-16 12:22:31.672 68273 INFO tempest.lib.common.rest_client [req-dd577489-0f67-486e-aaba-d60175597ff1 req-dd577489-0f67-486e-aaba-d60175597ff1 ] Request (SecurityGroupsTestJSON:setUpClass): 201 POST http://10.180.1.21/identity/v3/auth/tokens 0.159s
2025-04-16 12:22:31.676 68242 INFO tempest.lib.common.rest_client [req-fb7314c0-422c-440f-9f0a-dab4d2a31282 req-fb7314c0-422c-440f-9f0a-dab4d2a31282 ] Request (VolumesAssistedSnapshotsTest:test_volume_assisted_snapshot_create_delete): 201 POST http://10.180.1.21:9696/networking/v2.0/floatingips 0.990s
2025-04-16 12:22:31.738 68216 INFO tempest.lib.common.rest_client [req-0745a192-3916-47d0-bb94-1eea7fc1610b req-0745a192-3916-47d0-bb94-1eea7fc1610b ] Request (FlavorsAccessNegativeTestJSON:test_flavor_non_admin_add): 403 POST http://10.180.1.21/compute/v2.1/flavors/1098710610/action 1.417s
2025-04-16 12:22:31.758 68230 INFO tempest.lib.common.rest_client [req-4a1e466f-951f-4826-a208-cd7329756e64 req-4a1e466f-951f-4826-a208-cd7329756e64 ] Request (TenantUsagesNegativeTestJSON:setUpClass): 201 POST http://10.180.1.21/identity/v3/projects 0.129s
2025-04-16 12:22:31.764 68274 INFO tempest.lib.common.rest_client [req-b349fe75-e98e-4362-9c98-3af34f9f4d8e req-b349fe75-e98e-4362-9c98-3af34f9f4d8e ] Request (FlavorsAdminTestJSON:_run_cleanups): 200 GET http://10.180.1.21/compute/v2.1/flavors/detail 1.424s
2025-04-16 12:22:31.830 68234 INFO tempest.lib.common.rest_client [req-b72630c9-f108-476c-8b74-c076f365d6e5 req-b72630c9-f108-476c-8b74-c076f365d6e5 ] Request (HostsAdminNegativeTestJSON:setUpClass): 201 POST http://10.180.1.21/identity/v3/projects 0.193s
2025-04-16 12:22:31.837 68246 INFO tempest.lib.common.rest_client [req-30056a12-2e4b-4c0f-a8cb-7fc57adc0a38 req-30056a12-2e4b-4c0f-a8cb-7fc57adc0a38 ] Request (ListImageFiltersTestJSON:setUpClass): 204 PUT http://10.180.1.21/image/v2/images/342ca372-ebe7-4c99-8fbd-7d9ff98ff0b6/file 1.980s
2025-04-16 12:22:31.888 68242 INFO tempest.lib.common.rest_client [req-fd92c1b5-122f-4564-885c-72892d227a1e req-fd92c1b5-122f-4564-885c-72892d227a1e ] Request (VolumesAssistedSnapshotsTest:test_volume_assisted_snapshot_create_delete): 201 POST http://10.180.1.21/identity/v3/auth/tokens 0.208s
2025-04-16 12:22:31.889 68242 INFO tempest.lib.common.fixed_network [-] (VolumesAssistedSnapshotsTest:test_volume_assisted_snapshot_create_delete) Found network {'id': '5bc836bd-bed9-4610-9a72-a66d0596ab12', 'name': 'tempest-VolumesAssistedSnapshotsTest-675328993-network', 'tenant_id': '4447583ab691495a95ee9508d10898eb', 'admin_state_up': True, 'mtu': 8950, 'status': 'ACTIVE', 'subnets': [], 'shared': False, 'project_id': '4447583ab691495a95ee9508d10898eb', 'port_security_enabled': True, 'router:external': False, 'provider:network_type': 'vlan', 'provider:physical_network': 'default', 'provider:segmentation_id': 38, 'is_default': False, 'availability_zone_hints': [], 'availability_zones': [], 'ipv4_address_scope': None, 'ipv6_address_scope': None, 'description': '', 'tags': [], 'created_at': '2025-04-16T12:21:56Z', 'updated_at': '2025-04-16T12:21:56Z', 'revision_number': 1} available for tenant
2025-04-16 12:22:31.891 68232 INFO tempest.lib.common.rest_client [req-a7b042ed-3909-4d3d-9229-bfa38f5ef3de req-a7b042ed-3909-4d3d-9229-bfa38f5ef3de ] Request (HypervisorAdminNegativeUnderV252Test:tearDownClass): 200 GET http://10.180.1.21:9696/networking/v2.0/security-groups?tenant_id=ea127ca2b4544632836d7c2f72a96814&name=default 0.381s
2025-04-16 12:22:31.940 68234 INFO tempest.lib.common.rest_client [req-e8b9d70b-8d67-4195-b22e-cc40bd2456bc req-e8b9d70b-8d67-4195-b22e-cc40bd2456bc ] Request (HostsAdminNegativeTestJSON:setUpClass): 201 POST http://10.180.1.21/identity/v3/users 0.109s
2025-04-16 12:22:31.951 68230 INFO tempest.lib.common.rest_client [req-57087e89-73f1-4978-95c5-b0e3c01cf986 req-57087e89-73f1-4978-95c5-b0e3c01cf986 ] Request (TenantUsagesNegativeTestJSON:setUpClass): 201 POST http://10.180.1.21/identity/v3/users 0.193s
2025-04-16 12:22:31.962 68234 INFO tempest.lib.common.rest_client [req-743cad29-9400-42f4-8087-655cf696c4bb req-743cad29-9400-42f4-8087-655cf696c4bb ] Request (HostsAdminNegativeTestJSON:setUpClass): 200 GET http://10.180.1.21/identity/v3/roles 0.022s
2025-04-16 12:22:31.966 68264 INFO tempest.lib.common.rest_client [req-e989718c-9ded-4726-9713-cb941974ffbc req-e989718c-9ded-4726-9713-cb941974ffbc ] Request (ServerAddressesTestJSON:setUpClass): 200 GET http://10.180.1.21/compute/v2.1/servers/9c586d33-c563-45c7-8c54-1638a78a669c 1.626s
2025-04-16 12:22:31.976 68230 INFO tempest.lib.common.rest_client [req-25d65bb0-08bb-45db-bd61-7df4a9dfeea3 req-25d65bb0-08bb-45db-bd61-7df4a9dfeea3 ] Request (TenantUsagesNegativeTestJSON:setUpClass): 200 GET http://10.180.1.21/identity/v3/roles 0.024s
2025-04-16 12:22:31.997 68234 INFO tempest.lib.common.rest_client [req-7046bb9b-8958-477a-98c1-da8de06988c6 req-7046bb9b-8958-477a-98c1-da8de06988c6 ] Request (HostsAdminNegativeTestJSON:setUpClass): 204 PUT http://10.180.1.21/identity/v3/projects/27d686fa11a041818b901f8552806450/users/5267ee8438c44eceb205a1acf288b12f/roles/b486c8e428744022b05d02e67bf477fb 0.034s
2025-04-16 12:22:32.006 68230 INFO tempest.lib.common.rest_client [req-2b3dfb80-9c2c-42db-85bb-db26016b7aa5 req-2b3dfb80-9c2c-42db-85bb-db26016b7aa5 ] Request (TenantUsagesNegativeTestJSON:setUpClass): 204 PUT http://10.180.1.21/identity/v3/projects/a9d593ff9c654b54a3ca68476155058d/users/bd23365915b941de809ad0431fb39dc4/roles/af283a3d12b540e89f0295d266562497 0.030s
2025-04-16 12:22:32.007 68230 INFO tempest.lib.common.dynamic_creds [-] Dynamic test user bd23365915b941de809ad0431fb39dc4 is created with scope project and roles: ['member']
2025-04-16 12:22:32.007 68230 INFO tempest.lib.common.dynamic_creds [-] Acquired dynamic creds: credentials: Credentials: {'domain_id': 'default', 'domain_name': 'Default', 'username': 'tempest-TenantUsagesNegativeTestJSON-435338640-project-member', 'project_domain_id': 'default', 'project_domain_name': 'Default', 'project_id': 'a9d593ff9c654b54a3ca68476155058d', 'project_name': 'tempest-TenantUsagesNegativeTestJSON-435338640', 'tenant_id': 'a9d593ff9c654b54a3ca68476155058d', 'tenant_name': 'tempest-TenantUsagesNegativeTestJSON-435338640', 'user_domain_id': 'default', 'user_domain_name': 'Default', 'user_id': 'bd23365915b941de809ad0431fb39dc4', 'system': None}, Network: None, Subnet: None, Router: None
2025-04-16 12:22:32.007 68230 INFO tempest.lib.common.dynamic_creds [-] Created isolated network resources for: credentials: Credentials: {'domain_id': 'default', 'domain_name': 'Default', 'username': 'tempest-TenantUsagesNegativeTestJSON-435338640-project-member', 'project_domain_id': 'default', 'project_domain_name': 'Default', 'project_id': 'a9d593ff9c654b54a3ca68476155058d', 'project_name': 'tempest-TenantUsagesNegativeTestJSON-435338640', 'tenant_id': 'a9d593ff9c654b54a3ca68476155058d', 'tenant_name': 'tempest-TenantUsagesNegativeTestJSON-435338640', 'user_domain_id': 'default', 'user_domain_name': 'Default', 'user_id': 'bd23365915b941de809ad0431fb39dc4', 'system': None}, Network: None, Subnet: None, Router: None
2025-04-16 12:22:32.064 68252 INFO tempest.lib.common.rest_client [req-19bad6ed-7cf6-4f55-87d1-bc16877c7c7b req-19bad6ed-7cf6-4f55-87d1-bc16877c7c7b ] Request (FloatingIPDetailsTestJSON:setUpClass): 200 POST http://10.180.1.21/compute/v2.1/os-floating-ips 2.897s
2025-04-16 12:22:32.071 68226 INFO tempest.lib.common.rest_client [req-af2e1a86-90a2-41fd-8ec1-b23d468f3007 req-af2e1a86-90a2-41fd-8ec1-b23d468f3007 ] Request (ServersTestBootFromVolume:setUpClass): 200 GET http://10.180.1.21/volume/v3/29756c553fe5418688730924bfd3d2a2/volumes/4f44012b-dbb7-4f59-b2f9-7b9a7c86ca8f 0.037s
2025-04-16 12:22:32.091 68262 INFO tempest.lib.common.rest_client [req-e7efc3a2-0a6c-4226-9972-224f6c615d9f req-e7efc3a2-0a6c-4226-9972-224f6c615d9f ] Request (AggregatesAdminNegativeTestJSON:test_aggregate_create_with_existent_aggregate_name): 200 POST http://10.180.1.21/compute/v2.1/os-aggregates 1.588s
2025-04-16 12:22:32.096 68230 INFO tempest.lib.common.rest_client [req-2bf60491-55ee-4c35-9bff-d9a90dcc08ea req-2bf60491-55ee-4c35-9bff-d9a90dcc08ea ] Request (TenantUsagesNegativeTestJSON:setUpClass): 201 POST http://10.180.1.21/identity/v3/auth/tokens 0.084s
2025-04-16 12:22:32.105 68232 INFO tempest.lib.common.rest_client [req-166c6ff3-f6e4-44ce-ac04-4c19a96d9311 req-166c6ff3-f6e4-44ce-ac04-4c19a96d9311 ] Request (HypervisorAdminNegativeUnderV252Test:tearDownClass): 204 DELETE http://10.180.1.21:9696/networking/v2.0/security-groups/569cfe4a-47c7-47fe-b2b6-bf70f43a95b8 0.214s
2025-04-16 12:22:32.110 68234 INFO tempest.lib.common.rest_client [req-e3627f68-3f09-4939-b12b-3d7291dd54a3 req-e3627f68-3f09-4939-b12b-3d7291dd54a3 ] Request (HostsAdminNegativeTestJSON:setUpClass): 200 GET http://10.180.1.21/identity/v3/roles 0.113s
2025-04-16 12:22:32.111 68266 INFO tempest.lib.common.rest_client [req-5cbfad0d-075c-4b16-a7c8-dcce83c9b510 req-5cbfad0d-075c-4b16-a7c8-dcce83c9b510 ] Request (FlavorsExtraSpecsTestJSON:tearDownClass): 202 DELETE http://10.180.1.21/compute/v2.1/flavors/1515753148 1.600s
2025-04-16 12:22:32.128 68230 INFO tempest.lib.common.rest_client [req-db22e029-1825-4ceb-8fa7-82225b03647d req-db22e029-1825-4ceb-8fa7-82225b03647d ] Request (TenantUsagesNegativeTestJSON:setUpClass): 201 POST http://10.180.1.21/identity/v3/projects 0.031s
2025-04-16 12:22:32.174 68232 INFO tempest.lib.common.rest_client [req-505d260f-f803-45d2-a880-c140680190df req-505d260f-f803-45d2-a880-c140680190df ] Request (HypervisorAdminNegativeUnderV252Test:tearDownClass): 204 DELETE http://10.180.1.21/identity/v3/projects/ea127ca2b4544632836d7c2f72a96814 0.069s
2025-04-16 12:22:32.174 68232 INFO tempest.lib.common.dynamic_creds [-] Deleting project and security group for project: d5a1605cfe7b41bd81324e3194e5798e
2025-04-16 12:22:32.214 68236 INFO tempest.lib.common.rest_client [req-576cdcd7-c3d8-4587-b616-5e9c3827e090 req-576cdcd7-c3d8-4587-b616-5e9c3827e090 ] Request (ServersAdminNegativeTestJSON:setUpClass): 200 GET http://10.180.1.21/compute/v2.1/servers/93509103-8c02-420d-bcaa-c2cf0847b1f0 1.776s
2025-04-16 12:22:32.225 68234 INFO tempest.lib.common.rest_client [req-62a52c8c-ca1a-49e6-9e5d-7a209097b865 req-62a52c8c-ca1a-49e6-9e5d-7a209097b865 ] Request (HostsAdminNegativeTestJSON:setUpClass): 204 PUT http://10.180.1.21/identity/v3/projects/27d686fa11a041818b901f8552806450/users/5267ee8438c44eceb205a1acf288b12f/roles/b486c8e428744022b05d02e67bf477fb 0.114s
2025-04-16 12:22:32.225 68234 INFO tempest.lib.common.dynamic_creds [-] Dynamic test user 5267ee8438c44eceb205a1acf288b12f is created with scope project and roles: ['admin']
2025-04-16 12:22:32.225 68234 INFO tempest.lib.common.dynamic_creds [-] Acquired dynamic creds: credentials: Credentials: {'domain_id': 'default', 'domain_name': 'Default', 'username': 'tempest-HostsAdminNegativeTestJSON-202805903-project-admin', 'project_domain_id': 'default', 'project_domain_name': 'Default', 'project_id': '27d686fa11a041818b901f8552806450', 'project_name': 'tempest-HostsAdminNegativeTestJSON-202805903', 'tenant_id': '27d686fa11a041818b901f8552806450', 'tenant_name': 'tempest-HostsAdminNegativeTestJSON-202805903', 'user_domain_id': 'default', 'user_domain_name': 'Default', 'user_id': '5267ee8438c44eceb205a1acf288b12f', 'system': None}, Network: None, Subnet: None, Router: None
2025-04-16 12:22:32.226 68234 INFO tempest.lib.common.dynamic_creds [-] Created isolated network resources for: credentials: Credentials: {'domain_id': 'default', 'domain_name': 'Default', 'username': 'tempest-HostsAdminNegativeTestJSON-202805903-project-admin', 'project_domain_id': 'default', 'project_domain_name': 'Default', 'project_id': '27d686fa11a041818b901f8552806450', 'project_name': 'tempest-HostsAdminNegativeTestJSON-202805903', 'tenant_id': '27d686fa11a041818b901f8552806450', 'tenant_name': 'tempest-HostsAdminNegativeTestJSON-202805903', 'user_domain_id': 'default', 'user_domain_name': 'Default', 'user_id': '5267ee8438c44eceb205a1acf288b12f', 'system': None}, Network: None, Subnet: None, Router: None
2025-04-16 12:22:32.229 68228 INFO tempest.lib.common.rest_client [req-e3483e7b-4c24-4419-bc29-5cf7f4c3f1ea req-e3483e7b-4c24-4419-bc29-5cf7f4c3f1ea ] Request (DeleteServersAdminTestJSON:test_admin_delete_servers_of_others): 200 GET http://10.180.1.21/compute/v2.1/servers/82096302-bbdd-49b4-bd19-bdf75343e03a 1.611s
2025-04-16 12:22:32.249 68254 INFO tempest.lib.common.rest_client [req-41bc0aac-a3e0-457e-92e6-d1c7bffc6fbb req-41bc0aac-a3e0-457e-92e6-d1c7bffc6fbb ] Request (ImagesDeleteNegativeTestJSON:test_delete_image_with_id_over_character_limit): 404 DELETE http://10.180.1.21/compute/v2.1/images/42e5da90-510a-4441-b472-4ba2cac4a6c11 1.546s
2025-04-16 12:22:32.282 68270 INFO tempest.lib.common.rest_client [req-e75cb781-8797-4c65-a828-756582c1c51c req-e75cb781-8797-4c65-a828-756582c1c51c ] Request (ImagesNegativeTestJSON:setUpClass): 201 POST http://10.180.1.21:9696/networking/v2.0/networks 0.631s
2025-04-16 12:22:32.283 68230 INFO tempest.lib.common.rest_client [req-ca039f11-eea0-4bcd-a800-9a1cc3b9c87a req-ca039f11-eea0-4bcd-a800-9a1cc3b9c87a ] Request (TenantUsagesNegativeTestJSON:setUpClass): 201 POST http://10.180.1.21/identity/v3/users 0.154s
2025-04-16 12:22:32.302 68230 INFO tempest.lib.common.rest_client [req-b5a0cb79-e0dd-4e9e-82b3-b2b5da35adf0 req-b5a0cb79-e0dd-4e9e-82b3-b2b5da35adf0 ] Request (TenantUsagesNegativeTestJSON:setUpClass): 200 GET http://10.180.1.21/identity/v3/roles 0.019s
2025-04-16 12:22:32.311 68234 INFO tempest.lib.common.rest_client [req-e72abf48-fed7-47f5-81db-5996b44b5f74 req-e72abf48-fed7-47f5-81db-5996b44b5f74 ] Request (HostsAdminNegativeTestJSON:setUpClass): 201 POST http://10.180.1.21/identity/v3/auth/tokens 0.080s
2025-04-16 12:22:32.323 68232 INFO tempest.lib.common.rest_client [req-de910c9c-90f4-4e57-b51e-47e014f1bb63 req-de910c9c-90f4-4e57-b51e-47e014f1bb63 ] Request (HypervisorAdminNegativeUnderV252Test:tearDownClass): 200 GET http://10.180.1.21:9696/networking/v2.0/security-groups?tenant_id=d5a1605cfe7b41bd81324e3194e5798e&name=default 0.149s
2025-04-16 12:22:32.333 68256 INFO tempest.lib.common.rest_client [req-465f4044-5569-48d6-bdfa-cceb3bb91306 req-465f4044-5569-48d6-bdfa-cceb3bb91306 ] Request (VolumesAdminNegativeTest:test_update_attached_volume_with_nonexistent_volume_in_body): 200 GET http://10.180.1.21/compute/v2.1/servers/707828f6-0267-42ff-95e5-6b328382b017 1.580s
2025-04-16 12:22:32.339 68230 INFO tempest.lib.common.rest_client [req-f96d669f-d830-47c2-9bea-cde676072e62 req-f96d669f-d830-47c2-9bea-cde676072e62 ] Request (TenantUsagesNegativeTestJSON:setUpClass): 204 PUT http://10.180.1.21/identity/v3/projects/c16ee5afe31149fcad9e4a0565667797/users/2ceaa82ca85f46ab8cf90515bb03d6bc/roles/b486c8e428744022b05d02e67bf477fb 0.036s
2025-04-16 12:22:32.366 68273 INFO tempest.lib.common.rest_client [req-407c7547-f98a-48e9-997d-e2c0fe7463e2 req-407c7547-f98a-48e9-997d-e2c0fe7463e2 ] Request (SecurityGroupsTestJSON:setUpClass): 201 POST http://10.180.1.21:9696/networking/v2.0/networks 0.693s
2025-04-16 12:22:32.413 68230 INFO tempest.lib.common.rest_client [req-5c70e303-c492-451e-964f-e0e044cc8c42 req-5c70e303-c492-451e-964f-e0e044cc8c42 ] Request (TenantUsagesNegativeTestJSON:setUpClass): 200 GET http://10.180.1.21/identity/v3/roles 0.072s
2025-04-16 12:22:32.440 68230 INFO tempest.lib.common.rest_client [req-28e668f1-b660-46e2-a990-6c764c646c46 req-28e668f1-b660-46e2-a990-6c764c646c46 ] Request (TenantUsagesNegativeTestJSON:setUpClass): 204 PUT http://10.180.1.21/identity/v3/projects/c16ee5afe31149fcad9e4a0565667797/users/2ceaa82ca85f46ab8cf90515bb03d6bc/roles/b486c8e428744022b05d02e67bf477fb 0.027s
2025-04-16 12:22:32.441 68230 INFO tempest.lib.common.dynamic_creds [-] Dynamic test user 2ceaa82ca85f46ab8cf90515bb03d6bc is created with scope project and roles: ['admin']
2025-04-16 12:22:32.441 68230 INFO tempest.lib.common.dynamic_creds [-] Acquired dynamic creds: credentials: Credentials: {'domain_id': 'default', 'domain_name': 'Default', 'username': 'tempest-TenantUsagesNegativeTestJSON-993180399-project-admin', 'project_domain_id': 'default', 'project_domain_name': 'Default', 'project_id': 'c16ee5afe31149fcad9e4a0565667797', 'project_name': 'tempest-TenantUsagesNegativeTestJSON-993180399', 'tenant_id': 'c16ee5afe31149fcad9e4a0565667797', 'tenant_name': 'tempest-TenantUsagesNegativeTestJSON-993180399', 'user_domain_id': 'default', 'user_domain_name': 'Default', 'user_id': '2ceaa82ca85f46ab8cf90515bb03d6bc', 'system': None}, Network: None, Subnet: None, Router: None
2025-04-16 12:22:32.441 68230 INFO tempest.lib.common.dynamic_creds [-] Created isolated network resources for: credentials: Credentials: {'domain_id': 'default', 'domain_name': 'Default', 'username': 'tempest-TenantUsagesNegativeTestJSON-993180399-project-admin', 'project_domain_id': 'default', 'project_domain_name': 'Default', 'project_id': 'c16ee5afe31149fcad9e4a0565667797', 'project_name': 'tempest-TenantUsagesNegativeTestJSON-993180399', 'tenant_id': 'c16ee5afe31149fcad9e4a0565667797', 'tenant_name': 'tempest-TenantUsagesNegativeTestJSON-993180399', 'user_domain_id': 'default', 'user_domain_name': 'Default', 'user_id': '2ceaa82ca85f46ab8cf90515bb03d6bc', 'system': None}, Network: None, Subnet: None, Router: None
2025-04-16 12:22:32.520 68230 INFO tempest.lib.common.rest_client [req-9faa0b02-ca73-4f30-aad5-f510d315bc04 req-9faa0b02-ca73-4f30-aad5-f510d315bc04 ] Request (TenantUsagesNegativeTestJSON:setUpClass): 201 POST http://10.180.1.21/identity/v3/auth/tokens 0.077s
2025-04-16 12:22:32.523 68232 INFO tempest.lib.common.rest_client [req-2b35976e-6f01-49ea-ae0f-8b1aa7d0e42b req-2b35976e-6f01-49ea-ae0f-8b1aa7d0e42b ] Request (HypervisorAdminNegativeUnderV252Test:tearDownClass): 204 DELETE http://10.180.1.21:9696/networking/v2.0/security-groups/e27f6e34-b16e-4795-b793-c90a455d3f7b 0.199s
2025-04-16 12:22:32.614 68224 INFO tempest.lib.common.rest_client [req-0ad97f2f-b681-4131-8d3b-f3e685982cb6 req-0ad97f2f-b681-4131-8d3b-f3e685982cb6 ] Request (MigrationsAdminTest:test_list_migrations_in_flavor_resize_situation): 200 GET http://10.180.1.21/compute/v2.1/servers/8c1f8c1e-b86a-40bc-b3af-335c1ad3d77b 1.842s
2025-04-16 12:22:32.614 68232 INFO tempest.lib.common.rest_client [req-8816c326-3b81-46ef-95d1-0424040fd01f req-8816c326-3b81-46ef-95d1-0424040fd01f ] Request (HypervisorAdminNegativeUnderV252Test:tearDownClass): 204 DELETE http://10.180.1.21/identity/v3/projects/d5a1605cfe7b41bd81324e3194e5798e 0.090s
2025-04-16 12:22:32.632 68270 INFO tempest.lib.common.rest_client [req-9fc91980-6ea5-432a-ada1-a4ab084b891d req-9fc91980-6ea5-432a-ada1-a4ab084b891d ] Request (ImagesNegativeTestJSON:setUpClass): 201 POST http://10.180.1.21:9696/networking/v2.0/subnets 0.349s
2025-04-16 12:22:32.636 68268 INFO tempest.lib.common.rest_client [req-530cbffe-2ca6-4bf9-ab8e-81a9a09a2799 req-530cbffe-2ca6-4bf9-ab8e-81a9a09a2799 ] Request (ServersWithSpecificFlavorTestJSON:test_verify_created_server_ephemeral_disk): 200 POST http://10.180.1.21/compute/v2.1/flavors/1238318247/os-extra_specs 1.441s
2025-04-16 12:22:32.653 68212 INFO tempest.lib.common.rest_client [req-bdedd311-0fb3-4ee9-8de4-6e5361d3f980 req-bdedd311-0fb3-4ee9-8de4-6e5361d3f980 ] Request (FlavorsExtraSpecsNegativeTestJSON:tearDownClass): 202 DELETE http://10.180.1.21/compute/v2.1/flavors/1584686603 1.452s
2025-04-16 12:22:32.686 68232 INFO tempest.lib.common.rest_client [req-29af910b-6447-47b5-8e86-14157c9217cb req-29af910b-6447-47b5-8e86-14157c9217cb ] Request (SecurityGroupsTestAdminJSON:setUpClass): 201 POST http://10.180.1.21/identity/v3/auth/tokens 0.070s
2025-04-16 12:22:32.701 68273 INFO tempest.lib.common.rest_client [req-b9a3db63-12d2-4036-9d30-6b93ece51658 req-b9a3db63-12d2-4036-9d30-6b93ece51658 ] Request (SecurityGroupsTestJSON:setUpClass): 201 POST http://10.180.1.21:9696/networking/v2.0/subnets 0.333s
2025-04-16 12:22:32.726 68232 INFO tempest.lib.common.rest_client [req-bea19926-0233-43a0-bce4-119d0ca06899 req-bea19926-0233-43a0-bce4-119d0ca06899 ] Request (SecurityGroupsTestAdminJSON:setUpClass): 201 POST http://10.180.1.21/identity/v3/auth/tokens 0.037s
2025-04-16 12:22:32.749 68232 INFO tempest.lib.common.rest_client [req-ecb33a53-bf09-4fcf-bd38-43b7af608832 req-ecb33a53-bf09-4fcf-bd38-43b7af608832 ] Request (SecurityGroupsTestAdminJSON:setUpClass): 200 GET http://10.180.1.21/identity/v3/domains?name=Default 0.023s
2025-04-16 12:22:32.782 68248 INFO tempest.lib.common.rest_client [req-e75c5a43-89ad-429d-916e-af1268f0c030 req-e75c5a43-89ad-429d-916e-af1268f0c030 ] Request (ListServerFiltersTestJSON:setUpClass): 202 POST http://10.180.1.21/compute/v2.1/servers 2.099s
2025-04-16 12:22:32.790 68232 INFO tempest.lib.common.rest_client [req-1d289287-45cc-4cb9-aa6b-bcecc7fa92af req-1d289287-45cc-4cb9-aa6b-bcecc7fa92af ] Request (SecurityGroupsTestAdminJSON:setUpClass): 201 POST http://10.180.1.21/identity/v3/projects 0.040s
2025-04-16 12:22:32.857 68248 INFO tempest.lib.common.rest_client [req-c36cf773-dc81-45e8-b88a-1c0572a6fba3 req-c36cf773-dc81-45e8-b88a-1c0572a6fba3 ] Request (ListServerFiltersTestJSON:setUpClass): 201 POST http://10.180.1.21/identity/v3/auth/tokens 0.071s
2025-04-16 12:22:32.858 68248 INFO tempest.lib.common.fixed_network [-] (ListServerFiltersTestJSON:setUpClass) Found network {'id': '6329b057-bc56-43f3-aa35-8426121d0220', 'name': 'tempest-ListServerFiltersTestJSON-1982945155-network', 'tenant_id': '6ddfb5b3af37495f80bb33263d56940b', 'admin_state_up': True, 'mtu': 8950, 'status': 'ACTIVE', 'subnets': [], 'shared': False, 'project_id': '6ddfb5b3af37495f80bb33263d56940b', 'port_security_enabled': True, 'router:external': False, 'provider:network_type': 'vlan', 'provider:physical_network': 'default', 'provider:segmentation_id': 492, 'is_default': False, 'availability_zone_hints': [], 'availability_zones': [], 'ipv4_address_scope': None, 'ipv6_address_scope': None, 'description': '', 'tags': [], 'created_at': '2025-04-16T12:22:27Z', 'updated_at': '2025-04-16T12:22:27Z', 'revision_number': 1} available for tenant
2025-04-16 12:22:32.920 68232 INFO tempest.lib.common.rest_client [req-f8f2be63-b6cc-490d-95c6-17b42abf78e7 req-f8f2be63-b6cc-490d-95c6-17b42abf78e7 ] Request (SecurityGroupsTestAdminJSON:setUpClass): 201 POST http://10.180.1.21/identity/v3/users 0.129s
2025-04-16 12:22:32.943 68232 INFO tempest.lib.common.rest_client [req-a1210834-70a5-4185-9b89-01f0009899e2 req-a1210834-70a5-4185-9b89-01f0009899e2 ] Request (SecurityGroupsTestAdminJSON:setUpClass): 200 GET http://10.180.1.21/identity/v3/roles 0.022s
2025-04-16 12:22:32.960 68250 INFO tempest.lib.common.rest_client [req-6d11a21e-3063-4100-850d-086037457def req-6d11a21e-3063-4100-850d-086037457def ] Request (ServerDiagnosticsNegativeTest:test_get_server_diagnostics_by_non_admin): 200 GET http://10.180.1.21/compute/v2.1/servers/371aeb17-ad59-4a01-88f7-466dfee8d293 1.655s
2025-04-16 12:22:33.004 68232 INFO tempest.lib.common.rest_client [req-ed72d853-a256-4ba4-b4ba-3db1ba011af2 req-ed72d853-a256-4ba4-b4ba-3db1ba011af2 ] Request (SecurityGroupsTestAdminJSON:setUpClass): 204 PUT http://10.180.1.21/identity/v3/projects/ecf550292cb247df8db3cbe6bb3d1f0f/users/4b73fd54d7264d859c6d33a148d446ef/roles/af283a3d12b540e89f0295d266562497 0.061s
2025-04-16 12:22:33.004 68232 INFO tempest.lib.common.dynamic_creds [-] Dynamic test user 4b73fd54d7264d859c6d33a148d446ef is created with scope project and roles: ['member']
2025-04-16 12:22:33.005 68232 INFO tempest.lib.common.dynamic_creds [-] Acquired dynamic creds: credentials: Credentials: {'domain_id': 'default', 'domain_name': 'Default', 'username': 'tempest-SecurityGroupsTestAdminJSON-794231526-project-member', 'project_domain_id': 'default', 'project_domain_name': 'Default', 'project_id': 'ecf550292cb247df8db3cbe6bb3d1f0f', 'project_name': 'tempest-SecurityGroupsTestAdminJSON-794231526', 'tenant_id': 'ecf550292cb247df8db3cbe6bb3d1f0f', 'tenant_name': 'tempest-SecurityGroupsTestAdminJSON-794231526', 'user_domain_id': 'default', 'user_domain_name': 'Default', 'user_id': '4b73fd54d7264d859c6d33a148d446ef', 'system': None}, Network: None, Subnet: None, Router: None
2025-04-16 12:22:33.005 68232 INFO tempest.lib.common.dynamic_creds [-] Created isolated network resources for: credentials: Credentials: {'domain_id': 'default', 'domain_name': 'Default', 'username': 'tempest-SecurityGroupsTestAdminJSON-794231526-project-member', 'project_domain_id': 'default', 'project_domain_name': 'Default', 'project_id': 'ecf550292cb247df8db3cbe6bb3d1f0f', 'project_name': 'tempest-SecurityGroupsTestAdminJSON-794231526', 'tenant_id': 'ecf550292cb247df8db3cbe6bb3d1f0f', 'tenant_name': 'tempest-SecurityGroupsTestAdminJSON-794231526', 'user_domain_id': 'default', 'user_domain_name': 'Default', 'user_id': '4b73fd54d7264d859c6d33a148d446ef', 'system': None}, Network: None, Subnet: None, Router: None
2025-04-16 12:22:33.076 68240 INFO tempest.lib.common.rest_client [req-7de4e7df-15ed-4a20-a4db-8e48b6303b0b req-7de4e7df-15ed-4a20-a4db-8e48b6303b0b ] Request (FlavorsV2TestJSON:test_get_flavor): 200 GET http://10.180.1.21/compute/v2.1/flavors/42 1.502s
2025-04-16 12:22:33.104 68232 INFO tempest.lib.common.rest_client [req-a3327759-a08c-4d80-aa6f-1eb2a03fcec9 req-a3327759-a08c-4d80-aa6f-1eb2a03fcec9 ] Request (SecurityGroupsTestAdminJSON:setUpClass): 201 POST http://10.180.1.21/identity/v3/auth/tokens 0.094s
2025-04-16 12:22:33.115 68226 INFO tempest.lib.common.rest_client [req-3930326e-9f67-43e6-b908-9ddd55ea3f08 req-3930326e-9f67-43e6-b908-9ddd55ea3f08 ] Request (ServersTestBootFromVolume:setUpClass): 200 GET http://10.180.1.21/volume/v3/29756c553fe5418688730924bfd3d2a2/volumes/4f44012b-dbb7-4f59-b2f9-7b9a7c86ca8f 0.036s
2025-04-16 12:22:33.181 68232 INFO tempest.lib.common.rest_client [req-ed75cab9-3f1d-44a4-8de0-69320921c66b req-ed75cab9-3f1d-44a4-8de0-69320921c66b ] Request (SecurityGroupsTestAdminJSON:setUpClass): 201 POST http://10.180.1.21/identity/v3/projects 0.076s
2025-04-16 12:22:33.271 68232 INFO tempest.lib.common.rest_client [req-7fc3560e-784d-4bda-ba00-98cb06f5a56b req-7fc3560e-784d-4bda-ba00-98cb06f5a56b ] Request (SecurityGroupsTestAdminJSON:setUpClass): 201 POST http://10.180.1.21/identity/v3/users 0.090s
2025-04-16 12:22:33.290 68238 INFO tempest.lib.common.rest_client [req-b53b90a2-e021-4a2f-ab9e-d2c71d9e8c3e req-b53b90a2-e021-4a2f-ab9e-d2c71d9e8c3e ] Request (ServerDiagnosticsTest:test_get_server_diagnostics): 200 GET http://10.180.1.21/compute/v2.1/servers/bd297ef0-fa45-43c1-ab4e-14bcce806b35 1.701s
2025-04-16 12:22:33.298 68232 INFO tempest.lib.common.rest_client [req-9cc1463a-295f-4d88-8f51-82db117b327e req-9cc1463a-295f-4d88-8f51-82db117b327e ] Request (SecurityGroupsTestAdminJSON:setUpClass): 200 GET http://10.180.1.21/identity/v3/roles 0.025s
2025-04-16 12:22:33.346 68232 INFO tempest.lib.common.rest_client [req-f9dc5a0f-f2f9-4020-a978-640a4000d25f req-f9dc5a0f-f2f9-4020-a978-640a4000d25f ] Request (SecurityGroupsTestAdminJSON:setUpClass): 204 PUT http://10.180.1.21/identity/v3/projects/d17d52d58e8046d988e36f551ac13140/users/8db65903179349d0b3be1ead7b1f4e2d/roles/b486c8e428744022b05d02e67bf477fb 0.047s
