2025-04-16 12:22:50.444 68232 INFO tempest.lib.common.dynamic_creds [-] Created isolated network resources for: credentials: Credentials: {'domain_id': 'default', 'domain_name': 'Default', 'username': 'tempest-MultipleCreateNegativeTestJSON-2049829868-project-member', 'project_domain_id': 'default', 'project_domain_name': 'Default', 'project_id': '502ad6e9ada94af7a9eff65488b95b8f', 'project_name': 'tempest-MultipleCreateNegativeTestJSON-2049829868', 'tenant_id': '502ad6e9ada94af7a9eff65488b95b8f', 'tenant_name': 'tempest-MultipleCreateNegativeTestJSON-2049829868', 'user_domain_id': 'default', 'user_domain_name': 'Default', 'user_id': '5e2c9cc08d434072a0a1aa934c140505', 'system': None}, Network: None, Subnet: None, Router: None
2025-04-16 12:22:50.468 68214 INFO tempest.lib.common.rest_client [req-c43cc4bf-4590-48a6-85e8-e4a6312dc3a9 req-c43cc4bf-4590-48a6-85e8-e4a6312dc3a9 ] Request (ServerDiagnosticsV248Test:test_get_server_diagnostics): 200 GET http://10.180.1.21/compute/v2.1/servers/6580c348-f5a4-4f20-a6fb-8942202a526e 0.628s
2025-04-16 12:22:50.494 68216 INFO tempest.lib.common.rest_client [req-c10b5902-51d6-4833-b3b7-1cf33cf75f76 req-c10b5902-51d6-4833-b3b7-1cf33cf75f76 ] Request (FlavorMetadataValidation:setUpClass): 201 POST http://10.180.1.21/identity/v3/projects 0.058s
2025-04-16 12:22:50.521 68244 INFO tempest.lib.common.rest_client [req-25937212-2d70-4dcb-861e-147401e3ee41 req-25937212-2d70-4dcb-861e-147401e3ee41 ] Request (ServerPasswordTestJSON:setUpClass): 200 GET http://10.180.1.21/compute/v2.1/servers/fed6991c-9b59-43bb-8cda-96053adb798b 0.632s
2025-04-16 12:22:50.528 68232 INFO tempest.lib.common.rest_client [req-91ef2a42-9776-4677-990a-87721073d998 req-91ef2a42-9776-4677-990a-87721073d998 ] Request (MultipleCreateNegativeTestJSON:setUpClass): 201 POST http://10.180.1.21/identity/v3/auth/tokens 0.080s
2025-04-16 12:22:50.553 68216 INFO tempest.lib.common.rest_client [req-21cd53c1-a343-47e3-8235-b2015f4321fe req-21cd53c1-a343-47e3-8235-b2015f4321fe ] Request (FlavorMetadataValidation:setUpClass): 201 POST http://10.180.1.21/identity/v3/users 0.058s
2025-04-16 12:22:50.570 68216 INFO tempest.lib.common.rest_client [req-be9eb559-61ab-4ed1-88f5-8009e2e3cfde req-be9eb559-61ab-4ed1-88f5-8009e2e3cfde ] Request (FlavorMetadataValidation:setUpClass): 200 GET http://10.180.1.21/identity/v3/roles 0.017s
2025-04-16 12:22:50.585 68232 INFO tempest.lib.common.rest_client [req-2ea2bed9-3c14-4ccd-ae0f-3462b41dbf5e req-2ea2bed9-3c14-4ccd-ae0f-3462b41dbf5e ] Request (MultipleCreateNegativeTestJSON:test_max_count_less_than_min_count): 201 POST http://10.180.1.21/identity/v3/auth/tokens 0.053s
2025-04-16 12:22:50.586 68232 INFO tempest.lib.common.fixed_network [-] (MultipleCreateNegativeTestJSON:test_max_count_less_than_min_count) Found network None available for tenant
2025-04-16 12:22:50.603 68216 INFO tempest.lib.common.rest_client [req-71ee1a1a-c167-417d-8502-ff320669c8fe req-71ee1a1a-c167-417d-8502-ff320669c8fe ] Request (FlavorMetadataValidation:setUpClass): 204 PUT http://10.180.1.21/identity/v3/projects/272318bca03047028af51a84f08c0cfb/users/314283fd118b454c972bb07020b4306c/roles/af283a3d12b540e89f0295d266562497 0.032s
2025-04-16 12:22:50.603 68216 INFO tempest.lib.common.dynamic_creds [-] Dynamic test user 314283fd118b454c972bb07020b4306c is created with scope project and roles: ['member']
2025-04-16 12:22:50.603 68216 INFO tempest.lib.common.dynamic_creds [-] Acquired dynamic creds: credentials: Credentials: {'domain_id': 'default', 'domain_name': 'Default', 'username': 'tempest-FlavorMetadataValidation-1509639453-project-member', 'project_domain_id': 'default', 'project_domain_name': 'Default', 'project_id': '272318bca03047028af51a84f08c0cfb', 'project_name': 'tempest-FlavorMetadataValidation-1509639453', 'tenant_id': '272318bca03047028af51a84f08c0cfb', 'tenant_name': 'tempest-FlavorMetadataValidation-1509639453', 'user_domain_id': 'default', 'user_domain_name': 'Default', 'user_id': '314283fd118b454c972bb07020b4306c', 'system': None}, Network: None, Subnet: None, Router: None
2025-04-16 12:22:50.603 68216 INFO tempest.lib.common.dynamic_creds [-] Created isolated network resources for: credentials: Credentials: {'domain_id': 'default', 'domain_name': 'Default', 'username': 'tempest-FlavorMetadataValidation-1509639453-project-member', 'project_domain_id': 'default', 'project_domain_name': 'Default', 'project_id': '272318bca03047028af51a84f08c0cfb', 'project_name': 'tempest-FlavorMetadataValidation-1509639453', 'tenant_id': '272318bca03047028af51a84f08c0cfb', 'tenant_name': 'tempest-FlavorMetadataValidation-1509639453', 'user_domain_id': 'default', 'user_domain_name': 'Default', 'user_id': '314283fd118b454c972bb07020b4306c', 'system': None}, Network: None, Subnet: None, Router: None
2025-04-16 12:22:50.613 68224 INFO tempest.lib.common.rest_client [req-91e1548f-0aef-467f-a3e9-6b2be92f1d67 req-91e1548f-0aef-467f-a3e9-6b2be92f1d67 ] Request (MigrationsAdminTest:test_list_migrations_in_flavor_resize_situation): 200 GET http://10.180.1.21/compute/v2.1/servers/8c1f8c1e-b86a-40bc-b3af-335c1ad3d77b 0.947s
2025-04-16 12:22:50.661 68250 INFO tempest.lib.common.rest_client [req-2a71f92a-142b-48f4-bfd8-d6247e756cf8 req-2a71f92a-142b-48f4-bfd8-d6247e756cf8 ] Request (ServerDiagnosticsNegativeTest:test_get_server_diagnostics_by_non_admin): 200 GET http://10.180.1.21/compute/v2.1/servers/371aeb17-ad59-4a01-88f7-466dfee8d293 0.769s
2025-04-16 12:22:50.675 68246 INFO tempest.lib.common.rest_client [req-fcf7956d-8e49-4994-9879-323c040ed11b req-fcf7956d-8e49-4994-9879-323c040ed11b ] Request (ListImageFiltersTestJSON:setUpClass): 200 GET http://10.180.1.21/compute/v2.1/servers/f963e0c6-8a3d-4872-8cae-07fff845b77f 0.709s
2025-04-16 12:22:50.680 68216 INFO tempest.lib.common.rest_client [req-02ea0933-3be1-41db-abed-fb33997e6cd1 req-02ea0933-3be1-41db-abed-fb33997e6cd1 ] Request (FlavorMetadataValidation:setUpClass): 201 POST http://10.180.1.21/identity/v3/auth/tokens 0.072s
2025-04-16 12:22:50.690 68274 INFO tempest.lib.common.rest_client [req-79aedbe6-7bc3-4966-b5a2-55acae64894a req-79aedbe6-7bc3-4966-b5a2-55acae64894a ] Request (FlavorsAdminTestJSON:test_is_public_string_variations): 200 GET http://10.180.1.21/compute/v2.1/flavors/detail?is_public=f 0.556s
2025-04-16 12:22:50.704 68234 INFO tempest.lib.common.rest_client [req-275307b0-b3a3-4a4e-8598-29f4843c6c09 req-275307b0-b3a3-4a4e-8598-29f4843c6c09 ] Request (HostsAdminNegativeTestJSON:test_update_nonexistent_host): 404 PUT http://10.180.1.21/compute/v2.1/os-hosts/nonexistent_hostname 0.567s
2025-04-16 12:22:50.746 68216 INFO tempest.lib.common.rest_client [req-633e751f-d214-4b3c-a41d-75271f4419fc req-633e751f-d214-4b3c-a41d-75271f4419fc ] Request (FlavorMetadataValidation:setUpClass): 201 POST http://10.180.1.21/identity/v3/projects 0.065s
2025-04-16 12:22:50.764 68262 INFO tempest.lib.common.rest_client [req-47367a11-55d4-487d-8348-d141b8e80db5 req-47367a11-55d4-487d-8348-d141b8e80db5 ] Request (AggregatesAdminNegativeTestJSON:_run_cleanups): 200 POST http://10.180.1.21/compute/v2.1/os-aggregates/7/action 0.654s
2025-04-16 12:22:50.812 68216 INFO tempest.lib.common.rest_client [req-cfdae9c0-5504-470d-ab8a-ed89b67031fc req-cfdae9c0-5504-470d-ab8a-ed89b67031fc ] Request (FlavorMetadataValidation:setUpClass): 201 POST http://10.180.1.21/identity/v3/users 0.066s
2025-04-16 12:22:50.826 68248 INFO tempest.lib.common.rest_client [req-feb501d3-5a3b-4495-8695-27039da5628d req-feb501d3-5a3b-4495-8695-27039da5628d ] Request (ListServerFiltersTestJSON:setUpClass): 200 GET http://10.180.1.21/compute/v2.1/servers/834fdc0b-5b2f-4374-a77a-de970c10e125 0.608s
2025-04-16 12:22:50.834 68238 INFO tempest.lib.common.rest_client [req-8861987c-7767-49bb-9ab5-54b5961d4a00 req-8861987c-7767-49bb-9ab5-54b5961d4a00 ] Request (ServerDiagnosticsTest:test_get_server_diagnostics): 200 GET http://10.180.1.21/compute/v2.1/servers/bd297ef0-fa45-43c1-ab4e-14bcce806b35 0.629s
2025-04-16 12:22:50.841 68254 INFO tempest.lib.common.rest_client [req-2eb251c9-8ff8-45b6-8699-1891835b408e req-2eb251c9-8ff8-45b6-8699-1891835b408e ] Request (ServerGroupTestJSON:test_create_delete_server_group_with_affinity_policy): 200 GET http://10.180.1.21/compute/v2.1/os-server-groups 0.621s
2025-04-16 12:22:50.844 68240 INFO tempest.lib.common.rest_client [req-f8116f1c-8d0f-472b-a9c2-d5b50099cea0 req-f8116f1c-8d0f-472b-a9c2-d5b50099cea0 ] Request (FlavorsV2TestJSON:test_list_flavors_using_marker): 200 GET http://10.180.1.21/compute/v2.1/flavors/42 0.608s
2025-04-16 12:22:50.849 68234 INFO tempest.lib.common.rest_client [req-4897e2e9-3338-4c36-a373-959a44c2af17 req-4897e2e9-3338-4c36-a373-959a44c2af17 ] Request (HostsAdminNegativeTestJSON:tearDownClass): 204 DELETE http://10.180.1.21/identity/v3/users/65344efc81b346a3bdbcdb4a9d4afa5a 0.143s
2025-04-16 12:22:50.876 68216 INFO tempest.lib.common.rest_client [req-88535fef-b648-4165-833f-2eedce93eb91 req-88535fef-b648-4165-833f-2eedce93eb91 ] Request (FlavorMetadataValidation:setUpClass): 200 GET http://10.180.1.21/identity/v3/roles 0.063s
2025-04-16 12:22:50.944 68230 INFO tempest.lib.common.rest_client [req-4e425864-3f2d-497b-af63-df25cc107a4e req-4e425864-3f2d-497b-af63-df25cc107a4e ] Request (SecurityGroupRulesTestJSON:test_security_group_rules_delete_when_peer_group_deleted): 200 POST http://10.180.1.21/compute/v2.1/os-security-groups 0.627s
2025-04-16 12:22:50.954 68216 INFO tempest.lib.common.rest_client [req-04b50156-1aea-407d-bcb3-afccb1dcc279 req-04b50156-1aea-407d-bcb3-afccb1dcc279 ] Request (FlavorMetadataValidation:setUpClass): 204 PUT http://10.180.1.21/identity/v3/projects/37fd99c272bc49b2b81152587fc01ee4/users/69a484f0f8b6426fb943da1f89c0fe0f/roles/b486c8e428744022b05d02e67bf477fb 0.078s
2025-04-16 12:22:50.958 68234 INFO tempest.lib.common.rest_client [req-7b85b443-b4af-45fb-b80b-9ee7fa56cebd req-7b85b443-b4af-45fb-b80b-9ee7fa56cebd ] Request (HostsAdminNegativeTestJSON:tearDownClass): 204 DELETE http://10.180.1.21/identity/v3/users/5267ee8438c44eceb205a1acf288b12f 0.108s
2025-04-16 12:22:50.958 68234 INFO tempest.lib.common.dynamic_creds [-] Deleting project and security group for project: 27d686fa11a041818b901f8552806450
2025-04-16 12:22:51.010 68222 INFO tempest.lib.common.rest_client [req-050e43f4-c7ac-49eb-9c57-ab68fbaad71b req-050e43f4-c7ac-49eb-9c57-ab68fbaad71b ] Request (ServerExternalEventsTest:test_create_server_external_events): 200 GET http://10.180.1.21/compute/v2.1/servers/6ebecddf-098f-447f-a350-6644b50f87f7 0.580s
2025-04-16 12:22:51.022 68226 INFO tempest.lib.common.rest_client [req-d4836138-f5e2-4480-88c2-633f512b6fe3 req-d4836138-f5e2-4480-88c2-633f512b6fe3 ] Request (ServersTestBootFromVolume:setUpClass): 200 GET http://10.180.1.21/compute/v2.1/servers/8028a7dd-4002-4db3-a738-3926c1d2340e 0.527s
2025-04-16 12:22:51.022 68234 INFO tempest.lib.common.rest_client [req-9137a367-9b6b-405d-9ec1-f28f3b406c51 req-9137a367-9b6b-405d-9ec1-f28f3b406c51 ] Request (HostsAdminNegativeTestJSON:tearDownClass): 201 POST http://10.180.1.21/identity/v3/auth/tokens 0.064s
2025-04-16 12:22:51.056 68216 INFO tempest.lib.common.rest_client [req-5a6d0e72-2385-44fa-9f3a-ead74ec0d5c0 req-5a6d0e72-2385-44fa-9f3a-ead74ec0d5c0 ] Request (FlavorMetadataValidation:setUpClass): 200 GET http://10.180.1.21/identity/v3/roles 0.101s
2025-04-16 12:22:51.056 68252 INFO tempest.lib.common.rest_client [req-c22fdb6d-d1c4-4201-843d-7fd409a7f894 req-c22fdb6d-d1c4-4201-843d-7fd409a7f894 ] Request (FloatingIPDetailsTestJSON:tearDownClass): 204 DELETE http://10.180.1.21:9696/networking/v2.0/routers/6f6822ba-6812-42d5-bac7-84f1c6c7d850 0.811s
2025-04-16 12:22:51.115 68232 INFO tempest.lib.common.rest_client [req-f03d5c80-f130-4d98-9827-9cd003394853 req-f03d5c80-f130-4d98-9827-9cd003394853 ] Request (MultipleCreateNegativeTestJSON:test_max_count_less_than_min_count): 400 POST http://10.180.1.21/compute/v2.1/servers 0.528s
2025-04-16 12:22:51.123 68216 INFO tempest.lib.common.rest_client [req-0afebbac-4fa7-4856-800f-dee5125349de req-0afebbac-4fa7-4856-800f-dee5125349de ] Request (FlavorMetadataValidation:setUpClass): 204 PUT http://10.180.1.21/identity/v3/projects/37fd99c272bc49b2b81152587fc01ee4/users/69a484f0f8b6426fb943da1f89c0fe0f/roles/b486c8e428744022b05d02e67bf477fb 0.067s
2025-04-16 12:22:51.123 68216 INFO tempest.lib.common.dynamic_creds [-] Dynamic test user 69a484f0f8b6426fb943da1f89c0fe0f is created with scope project and roles: ['admin']
2025-04-16 12:22:51.123 68216 INFO tempest.lib.common.dynamic_creds [-] Acquired dynamic creds: credentials: Credentials: {'domain_id': 'default', 'domain_name': 'Default', 'username': 'tempest-FlavorMetadataValidation-1222498997-project-admin', 'project_domain_id': 'default', 'project_domain_name': 'Default', 'project_id': '37fd99c272bc49b2b81152587fc01ee4', 'project_name': 'tempest-FlavorMetadataValidation-1222498997', 'tenant_id': '37fd99c272bc49b2b81152587fc01ee4', 'tenant_name': 'tempest-FlavorMetadataValidation-1222498997', 'user_domain_id': 'default', 'user_domain_name': 'Default', 'user_id': '69a484f0f8b6426fb943da1f89c0fe0f', 'system': None}, Network: None, Subnet: None, Router: None
2025-04-16 12:22:51.123 68216 INFO tempest.lib.common.dynamic_creds [-] Created isolated network resources for: credentials: Credentials: {'domain_id': 'default', 'domain_name': 'Default', 'username': 'tempest-FlavorMetadataValidation-1222498997-project-admin', 'project_domain_id': 'default', 'project_domain_name': 'Default', 'project_id': '37fd99c272bc49b2b81152587fc01ee4', 'project_name': 'tempest-FlavorMetadataValidation-1222498997', 'tenant_id': '37fd99c272bc49b2b81152587fc01ee4', 'tenant_name': 'tempest-FlavorMetadataValidation-1222498997', 'user_domain_id': 'default', 'user_domain_name': 'Default', 'user_id': '69a484f0f8b6426fb943da1f89c0fe0f', 'system': None}, Network: None, Subnet: None, Router: None
2025-04-16 12:22:51.143 68258 INFO tempest.lib.common.rest_client [req-4b579c61-b5ee-4a4c-a33b-d39ad4899c47 req-4b579c61-b5ee-4a4c-a33b-d39ad4899c47 ] Request (ImagesOneServerNegativeTestJSON:setUpClass): 200 GET http://10.180.1.21/compute/v2.1/servers/180338df-2738-4eeb-8610-cb130d04f6d2 0.504s
2025-04-16 12:22:51.163 68274 INFO tempest.lib.common.rest_client [req-cb2db04d-0f5d-40c4-8747-526d15744286 req-cb2db04d-0f5d-40c4-8747-526d15744286 ] Request (FlavorsAdminTestJSON:test_is_public_string_variations): 200 GET http://10.180.1.21/compute/v2.1/flavors/detail?is_public=false 0.468s
2025-04-16 12:22:51.174 68232 INFO tempest.lib.common.rest_client [req-d936c5fb-c538-4c66-a78e-33706c8dc87d req-d936c5fb-c538-4c66-a78e-33706c8dc87d ] Request (MultipleCreateNegativeTestJSON:test_max_count_less_than_one): 201 POST http://10.180.1.21/identity/v3/auth/tokens 0.055s
2025-04-16 12:22:51.175 68232 INFO tempest.lib.common.fixed_network [-] (MultipleCreateNegativeTestJSON:test_max_count_less_than_one) Found network None available for tenant
2025-04-16 12:22:51.206 68216 INFO tempest.lib.common.rest_client [req-6333874e-06d7-4261-b0cd-ba2576ae1181 req-6333874e-06d7-4261-b0cd-ba2576ae1181 ] Request (FlavorMetadataValidation:setUpClass): 201 POST http://10.180.1.21/identity/v3/auth/tokens 0.080s
2025-04-16 12:22:51.229 68234 INFO tempest.lib.common.rest_client [req-f34cdc60-8db3-44a6-98c6-abeda353d3ee req-f34cdc60-8db3-44a6-98c6-abeda353d3ee ] Request (HostsAdminNegativeTestJSON:tearDownClass): 200 GET http://10.180.1.21:9696/networking/v2.0/security-groups?tenant_id=27d686fa11a041818b901f8552806450&name=default 0.206s
2025-04-16 12:22:51.237 68270 INFO tempest.lib.common.rest_client [req-0cfd10a0-97a0-4e1f-87e8-20d83b43e6ad req-0cfd10a0-97a0-4e1f-87e8-20d83b43e6ad ] Request (ImagesNegativeTestJSON:test_create_image_from_deleted_server): 200 GET http://10.180.1.21/compute/v2.1/servers/188890b5-2189-4499-9856-22dc65b6c6f1 0.534s
2025-04-16 12:22:51.246 68252 INFO tempest.lib.common.rest_client [req-35c6d4d9-58c1-4b00-b791-4a28f5481d27 req-35c6d4d9-58c1-4b00-b791-4a28f5481d27 ] Request (FloatingIPDetailsTestJSON:tearDownClass): 204 DELETE http://10.180.1.21:9696/networking/v2.0/subnets/ac701094-b7f2-466f-ba4b-dba8e1bcad99 0.189s
2025-04-16 12:22:51.258 68220 INFO tempest.lib.common.rest_client [req-883fc794-1b13-49b0-828a-08dcb79c90c1 req-883fc794-1b13-49b0-828a-08dcb79c90c1 ] Request (TenantUsagesTestJSON:setUpClass): 200 GET http://10.180.1.21/compute/v2.1/servers/e55fdbbb-813d-427c-a53f-5be3fbeeb531 0.600s
2025-04-16 12:22:51.260 68262 INFO tempest.lib.common.rest_client [req-03487493-15a6-489e-9a5a-5b8fb8d276b0 req-03487493-15a6-489e-9a5a-5b8fb8d276b0 ] Request (AggregatesAdminNegativeTestJSON:_run_cleanups): 200 DELETE http://10.180.1.21/compute/v2.1/os-aggregates/7 0.493s
2025-04-16 12:22:51.311 68256 INFO tempest.lib.common.rest_client [req-8410cda8-cd87-495e-9cd9-e2e1abc6bf24 req-8410cda8-cd87-495e-9cd9-e2e1abc6bf24 ] Request (VolumesAdminNegativeTest:test_update_attached_volume_with_nonexistent_volume_in_body): 200 GET http://10.180.1.21/compute/v2.1/servers/707828f6-0267-42ff-95e5-6b328382b017 0.508s
2025-04-16 12:22:51.321 68234 INFO tempest.lib.common.rest_client [req-f11882ac-ed97-41d1-95db-d23464ed65de req-f11882ac-ed97-41d1-95db-d23464ed65de ] Request (HostsAdminNegativeTestJSON:tearDownClass): 204 DELETE http://10.180.1.21:9696/networking/v2.0/security-groups/ffeee1c3-ddef-4ce6-9786-aadb05c3063c 0.092s
2025-04-16 12:22:51.328 68240 INFO tempest.lib.common.rest_client [req-de5560d3-95b3-4be7-b8ab-943ad0c80ade req-de5560d3-95b3-4be7-b8ab-943ad0c80ade ] Request (FlavorsV2TestJSON:test_list_flavors_using_marker): 200 GET http://10.180.1.21/compute/v2.1/flavors?marker=42 0.479s
2025-04-16 12:22:51.392 68254 INFO tempest.lib.common.rest_client [req-11ee1179-ec9c-4526-b603-65b3e887208d req-11ee1179-ec9c-4526-b603-65b3e887208d ] Request (ServerGroupTestJSON:test_create_delete_server_group_with_anti_affinity_policy): 200 POST http://10.180.1.21/compute/v2.1/os-server-groups 0.544s
2025-04-16 12:22:51.402 68260 INFO tempest.lib.common.rest_client [req-059f7ad6-afa3-4aad-9bfa-d6159148371a req-059f7ad6-afa3-4aad-9bfa-d6159148371a ] Request (ImagesOneServerTestJSON:setUpClass): 200 GET http://10.180.1.21/compute/v2.1/servers/8b261c6e-741c-4d6c-9567-566af85cd68f 0.581s
2025-04-16 12:22:51.437 68268 INFO tempest.lib.common.rest_client [req-1e77d393-ca92-4f41-a2ac-c768e4c08983 req-1e77d393-ca92-4f41-a2ac-c768e4c08983 ] Request (ServersWithSpecificFlavorTestJSON:test_verify_created_server_ephemeral_disk): 200 GET http://10.180.1.21/compute/v2.1/servers/d84f0e97-24d3-4b0b-8eff-51cf6bfd980c 0.560s
2025-04-16 12:22:51.437 68234 INFO tempest.lib.common.rest_client [req-dae40ec7-990b-4655-bf0a-66ac28272e10 req-dae40ec7-990b-4655-bf0a-66ac28272e10 ] Request (HostsAdminNegativeTestJSON:tearDownClass): 204 DELETE http://10.180.1.21/identity/v3/projects/27d686fa11a041818b901f8552806450 0.115s
2025-04-16 12:22:51.437 68234 INFO tempest.lib.common.dynamic_creds [-] Deleting project and security group for project: 46fa7ac09b52481898a96de3a7f28b3d
2025-04-16 12:22:51.548 68236 INFO tempest.lib.common.rest_client [req-4375b068-cf19-4e62-abf1-ec34acf0c1ce req-4375b068-cf19-4e62-abf1-ec34acf0c1ce ] Request (ServersAdminNegativeTestJSON:setUpClass): 200 GET http://10.180.1.21/compute/v2.1/servers/93509103-8c02-420d-bcaa-c2cf0847b1f0 0.558s
2025-04-16 12:22:51.571 68230 INFO tempest.lib.common.rest_client [req-1c1571cb-2842-4ab5-966c-41473a1eb469 req-1c1571cb-2842-4ab5-966c-41473a1eb469 ] Request (SecurityGroupRulesTestJSON:test_security_group_rules_delete_when_peer_group_deleted): 200 POST http://10.180.1.21/compute/v2.1/os-security-groups 0.620s
2025-04-16 12:22:51.572 68234 INFO tempest.lib.common.rest_client [req-b641d436-eb56-43a3-893e-f45803ca7bd0 req-b641d436-eb56-43a3-893e-f45803ca7bd0 ] Request (HostsAdminNegativeTestJSON:tearDownClass): 200 GET http://10.180.1.21:9696/networking/v2.0/security-groups?tenant_id=46fa7ac09b52481898a96de3a7f28b3d&name=default 0.135s
2025-04-16 12:22:51.636 68264 INFO tempest.lib.common.rest_client [req-d9bea2c0-4caa-4a23-af38-c95749aba532 req-d9bea2c0-4caa-4a23-af38-c95749aba532 ] Request (ServerAddressesTestJSON:setUpClass): 200 GET http://10.180.1.21/compute/v2.1/servers/9c586d33-c563-45c7-8c54-1638a78a669c 0.624s
2025-04-16 12:22:51.654 68266 INFO tempest.lib.common.rest_client [req-f0780966-3443-4610-91ae-3287bbabaa83 req-f0780966-3443-4610-91ae-3287bbabaa83 ] Request (ServersAdmin275Test:test_rebuild_update_server_275): 200 GET http://10.180.1.21/compute/v2.1/servers/f50fc747-d3b4-456c-b86f-a086a7968329 0.546s
2025-04-16 12:22:51.666 68274 INFO tempest.lib.common.rest_client [req-0afe3cf5-9c94-4eb5-90e8-bfc2dc619fb7 req-0afe3cf5-9c94-4eb5-90e8-bfc2dc619fb7 ] Request (FlavorsAdminTestJSON:test_is_public_string_variations): 200 GET http://10.180.1.21/compute/v2.1/flavors/detail?is_public=no 0.500s
2025-04-16 12:22:51.666 68252 INFO tempest.lib.common.rest_client [req-3e33ca89-67b0-45df-bf06-996b6b640981 req-3e33ca89-67b0-45df-bf06-996b6b640981 ] Request (FloatingIPDetailsTestJSON:tearDownClass): 204 DELETE http://10.180.1.21:9696/networking/v2.0/networks/886b3d7b-48a1-41e4-8bb9-e0a965b0714a 0.420s
2025-04-16 12:22:51.667 68232 INFO tempest.lib.common.rest_client [req-2615431f-aa9b-4cd4-a33f-caa650b80d1e req-2615431f-aa9b-4cd4-a33f-caa650b80d1e ] Request (MultipleCreateNegativeTestJSON:test_max_count_less_than_one): 400 POST http://10.180.1.21/compute/v2.1/servers 0.492s
2025-04-16 12:22:51.698 68234 INFO tempest.lib.common.rest_client [req-830a9124-baf2-4f11-8da9-73505668f566 req-830a9124-baf2-4f11-8da9-73505668f566 ] Request (HostsAdminNegativeTestJSON:tearDownClass): 204 DELETE http://10.180.1.21:9696/networking/v2.0/security-groups/e3f17831-9bfe-46bb-8986-de0bbd87d6b1 0.125s
2025-04-16 12:22:51.741 68228 INFO tempest.lib.common.rest_client [req-d125ae42-69c9-4fb7-95d5-1fc255160627 req-d125ae42-69c9-4fb7-95d5-1fc255160627 ] Request (DeleteServersAdminTestJSON:test_admin_delete_servers_of_others): 200 GET http://10.180.1.21/compute/v2.1/servers/82096302-bbdd-49b4-bd19-bdf75343e03a 0.628s
2025-04-16 12:22:51.769 68252 INFO tempest.lib.common.rest_client [req-a41e1b65-dba5-40f8-acf1-c4ddb4a76e2d req-a41e1b65-dba5-40f8-acf1-c4ddb4a76e2d ] Request (FloatingIPDetailsTestJSON:tearDownClass): 204 DELETE http://10.180.1.21/identity/v3/users/1a83846ea7784ee99d9f0c877697d52c 0.102s
2025-04-16 12:22:51.769 68252 INFO tempest.lib.common.dynamic_creds [-] Deleting project and security group for project: 25778f3d820f422cab353ceea095ec32
2025-04-16 12:22:51.791 68216 INFO tempest.lib.common.rest_client [req-925e07ef-ba94-42a9-b9a8-6e950c43f5bd req-925e07ef-ba94-42a9-b9a8-6e950c43f5bd ] Request (FlavorMetadataValidation:test_flavor_update_with_custom_namespace): 200 POST http://10.180.1.21/compute/v2.1/flavors 0.583s
2025-04-16 12:22:51.792 68218 INFO tempest.lib.common.rest_client [req-d71a6ae3-7dc6-48e6-99fb-58c09b4628ab req-d71a6ae3-7dc6-48e6-99fb-58c09b4628ab ] Request (ServerDiskConfigTestJSON:test_rebuild_server_with_auto_disk_config): 200 GET http://10.180.1.21/compute/v2.1/servers/38541c24-fc6b-4385-91bf-de25df66a798 0.585s
2025-04-16 12:22:51.799 68252 INFO tempest.lib.common.rest_client [req-d9f67469-1b4a-486b-8830-7c1db78d905e req-d9f67469-1b4a-486b-8830-7c1db78d905e ] Request (FloatingIPDetailsTestJSON:tearDownClass): 200 GET http://10.180.1.21:9696/networking/v2.0/security-groups?tenant_id=25778f3d820f422cab353ceea095ec32&name=default 0.029s
2025-04-16 12:22:51.808 68262 INFO tempest.lib.common.rest_client [req-a6b425dc-5dcb-4771-af7a-3fe67295ae1e req-a6b425dc-5dcb-4771-af7a-3fe67295ae1e ] Request (AggregatesAdminNegativeTestJSON:test_aggregate_remove_nonexistent_host): 200 POST http://10.180.1.21/compute/v2.1/os-aggregates 0.547s
2025-04-16 12:22:51.821 68232 INFO tempest.lib.common.rest_client [req-92238235-fbe1-4db2-86f6-e5eba4e9e9d1 req-92238235-fbe1-4db2-86f6-e5eba4e9e9d1 ] Request (MultipleCreateNegativeTestJSON:test_max_count_non_integer): 201 POST http://10.180.1.21/identity/v3/auth/tokens 0.148s
2025-04-16 12:22:51.821 68240 INFO tempest.lib.common.rest_client [req-20ad397b-52bf-48c1-893c-7770b626e0ab req-20ad397b-52bf-48c1-893c-7770b626e0ab ] Request (FlavorsV2TestJSON:test_list_flavors_with_detail): 200 GET http://10.180.1.21/compute/v2.1/flavors/detail 0.486s
2025-04-16 12:22:51.821 68232 INFO tempest.lib.common.fixed_network [-] (MultipleCreateNegativeTestJSON:test_max_count_non_integer) Found network None available for tenant
2025-04-16 12:22:51.841 68212 INFO tempest.lib.common.rest_client [req-99b3adf9-f2e5-41aa-a79d-a7507c27a4a2 req-99b3adf9-f2e5-41aa-a79d-a7507c27a4a2 ] Request (FloatingIPsAssociationTestJSON:setUpClass): 200 GET http://10.180.1.21/compute/v2.1/servers/743b56db-49a0-4af7-96bc-a3fc6025fa19 0.539s
2025-04-16 12:22:51.861 68234 INFO tempest.lib.common.rest_client [req-5fb290a7-d6ab-40ae-9a51-2f9707fba872 req-5fb290a7-d6ab-40ae-9a51-2f9707fba872 ] Request (HostsAdminNegativeTestJSON:tearDownClass): 204 DELETE http://10.180.1.21/identity/v3/projects/46fa7ac09b52481898a96de3a7f28b3d 0.163s
2025-04-16 12:22:51.864 68254 INFO tempest.lib.common.rest_client [req-9bbccf4e-d2a4-4529-be1a-c35d745e057c req-9bbccf4e-d2a4-4529-be1a-c35d745e057c ] Request (ServerGroupTestJSON:test_create_delete_server_group_with_anti_affinity_policy): 204 DELETE http://10.180.1.21/compute/v2.1/os-server-groups/282a934b-8016-4191-af5a-aedabe77fd13 0.470s
2025-04-16 12:22:51.872 68273 INFO tempest.lib.common.rest_client [req-7652f24f-78eb-42cc-b38a-ce4a97ead869 req-7652f24f-78eb-42cc-b38a-ce4a97ead869 ] Request (SecurityGroupsTestJSON:test_list_security_groups_by_server): 200 GET http://10.180.1.21/compute/v2.1/servers/45e517a6-1ef1-4082-b5f9-24a9c932630c 0.497s
2025-04-16 12:22:51.884 68252 INFO tempest.lib.common.rest_client [req-56be0a5d-4ddd-403f-a19d-157f9ade1597 req-56be0a5d-4ddd-403f-a19d-157f9ade1597 ] Request (FloatingIPDetailsTestJSON:tearDownClass): 204 DELETE http://10.180.1.21:9696/networking/v2.0/security-groups/fa61459c-80d1-4fb4-9b4f-b96311456c65 0.085s
2025-04-16 12:22:51.909 68242 INFO tempest.lib.common.rest_client [req-4cd454f9-bb67-4fbf-9c93-be84368c0b39 req-4cd454f9-bb67-4fbf-9c93-be84368c0b39 ] Request (VolumesAssistedSnapshotsTest:test_volume_assisted_snapshot_create_delete): 200 GET http://10.180.1.21/compute/v2.1/servers/068b288c-194b-4d2c-89c3-8adb7d628cc7 0.486s
2025-04-16 12:22:51.920 68234 INFO tempest.lib.common.rest_client [req-4bb9ab40-bd7d-4664-bd7e-3154639147d3 req-4bb9ab40-bd7d-4664-bd7e-3154639147d3 ] Request (AttachInterfacesUnderV243Test:setUpClass): 201 POST http://10.180.1.21/identity/v3/auth/tokens 0.057s
2025-04-16 12:22:51.920 68214 INFO tempest.lib.common.rest_client [req-4dab3c69-9244-4ebe-8093-6a77fbc2fc1f req-4dab3c69-9244-4ebe-8093-6a77fbc2fc1f ] Request (ServerDiagnosticsV248Test:test_get_server_diagnostics): 200 GET http://10.180.1.21/compute/v2.1/servers/6580c348-f5a4-4f20-a6fb-8942202a526e 0.443s
2025-04-16 12:22:51.948 68234 INFO tempest.lib.common.rest_client [req-02dab2db-7ef9-439c-8875-0fafcf350d6c req-02dab2db-7ef9-439c-8875-0fafcf350d6c ] Request (AttachInterfacesUnderV243Test:setUpClass): 201 POST http://10.180.1.21/identity/v3/auth/tokens 0.025s
2025-04-16 12:22:51.953 68244 INFO tempest.lib.common.rest_client [req-a271ce73-a62c-47ba-b770-b3d6676d84c9 req-a271ce73-a62c-47ba-b770-b3d6676d84c9 ] Request (ServerPasswordTestJSON:setUpClass): 200 GET http://10.180.1.21/compute/v2.1/servers/fed6991c-9b59-43bb-8cda-96053adb798b 0.424s
2025-04-16 12:22:51.978 68252 INFO tempest.lib.common.rest_client [req-9c109214-3547-4070-b450-d470d2132f06 req-9c109214-3547-4070-b450-d470d2132f06 ] Request (FloatingIPDetailsTestJSON:tearDownClass): 204 DELETE http://10.180.1.21/identity/v3/projects/25778f3d820f422cab353ceea095ec32 0.093s
2025-04-16 12:22:52.003 68234 INFO tempest.lib.common.rest_client [req-417e5e17-20e9-4313-bb1a-cd494fc9176f req-417e5e17-20e9-4313-bb1a-cd494fc9176f ] Request (AttachInterfacesUnderV243Test:setUpClass): 200 GET http://10.180.1.21/identity/v3/domains?name=Default 0.054s
2025-04-16 12:22:52.009 68252 INFO tempest.lib.common.rest_client [req-3b096e94-5f5a-409d-a399-0176e2fcca92 req-3b096e94-5f5a-409d-a399-0176e2fcca92 ] Request (ServersTestFqdnHostnames:setUpClass): 201 POST http://10.180.1.21/identity/v3/auth/tokens 0.029s
2025-04-16 12:22:52.037 68252 INFO tempest.lib.common.rest_client [req-97b3dd59-0ca3-4ef0-919d-fed39ce0b4f0 req-97b3dd59-0ca3-4ef0-919d-fed39ce0b4f0 ] Request (ServersTestFqdnHostnames:setUpClass): 201 POST http://10.180.1.21/identity/v3/auth/tokens 0.025s
2025-04-16 12:22:52.039 68234 INFO tempest.lib.common.rest_client [req-71aaad0d-b8a5-4728-ad91-40ce622f0629 req-71aaad0d-b8a5-4728-ad91-40ce622f0629 ] Request (AttachInterfacesUnderV243Test:setUpClass): 201 POST http://10.180.1.21/identity/v3/projects 0.035s
2025-04-16 12:22:52.069 68224 INFO tempest.lib.common.rest_client [req-e08669cf-954c-4d06-af37-25c1ef5a7a2e req-e08669cf-954c-4d06-af37-25c1ef5a7a2e ] Request (MigrationsAdminTest:test_list_migrations_in_flavor_resize_situation): 200 GET http://10.180.1.21/compute/v2.1/servers/8c1f8c1e-b86a-40bc-b3af-335c1ad3d77b 0.448s
2025-04-16 12:22:52.079 68230 INFO tempest.lib.common.rest_client [req-d3222f8d-ab86-4cc4-93e6-b0be0a28b6fc req-d3222f8d-ab86-4cc4-93e6-b0be0a28b6fc ] Request (SecurityGroupRulesTestJSON:test_security_group_rules_delete_when_peer_group_deleted): 200 POST http://10.180.1.21/compute/v2.1/os-security-group-rules 0.504s
2025-04-16 12:22:52.083 68274 INFO tempest.lib.common.rest_client [req-c88c4569-a192-4c50-b51c-5eb9ea5525b5 req-c88c4569-a192-4c50-b51c-5eb9ea5525b5 ] Request (FlavorsAdminTestJSON:test_is_public_string_variations): 200 GET http://10.180.1.21/compute/v2.1/flavors/detail?is_public=0 0.412s
2025-04-16 12:22:52.086 68252 INFO tempest.lib.common.rest_client [req-b6bd9ac7-1d5d-4597-ac09-35a816553053 req-b6bd9ac7-1d5d-4597-ac09-35a816553053 ] Request (ServersTestFqdnHostnames:setUpClass): 200 GET http://10.180.1.21/identity/v3/domains?name=Default 0.049s
2025-04-16 12:22:52.099 68234 INFO tempest.lib.common.rest_client [req-03dcd2fa-b9ff-42db-bf9f-1e65781ac87b req-03dcd2fa-b9ff-42db-bf9f-1e65781ac87b ] Request (AttachInterfacesUnderV243Test:setUpClass): 201 POST http://10.180.1.21/identity/v3/users 0.060s
2025-04-16 12:22:52.113 68252 INFO tempest.lib.common.rest_client [req-e2fd3c6c-a2b7-4f4e-8042-bd79588745fa req-e2fd3c6c-a2b7-4f4e-8042-bd79588745fa ] Request (ServersTestFqdnHostnames:setUpClass): 201 POST http://10.180.1.21/identity/v3/projects 0.026s
2025-04-16 12:22:52.120 68234 INFO tempest.lib.common.rest_client [req-f3f27270-146c-45bf-a62f-68b17fcd1dc1 req-f3f27270-146c-45bf-a62f-68b17fcd1dc1 ] Request (AttachInterfacesUnderV243Test:setUpClass): 200 GET http://10.180.1.21/identity/v3/roles 0.021s
2025-04-16 12:22:52.132 68246 INFO tempest.lib.common.rest_client [req-4837ea30-d351-44c0-ac9b-5891d11bcd5c req-4837ea30-d351-44c0-ac9b-5891d11bcd5c ] Request (ListImageFiltersTestJSON:setUpClass): 200 GET http://10.180.1.21/compute/v2.1/servers/f963e0c6-8a3d-4872-8cae-07fff845b77f 0.450s
2025-04-16 12:22:52.165 68252 INFO tempest.lib.common.rest_client [req-d7f55797-8883-4f9a-ae3d-189c857a437f req-d7f55797-8883-4f9a-ae3d-189c857a437f ] Request (ServersTestFqdnHostnames:setUpClass): 201 POST http://10.180.1.21/identity/v3/users 0.051s
2025-04-16 12:22:52.177 68234 INFO tempest.lib.common.rest_client [req-d1ed5570-980a-4a2c-9ec0-21725ef55c72 req-d1ed5570-980a-4a2c-9ec0-21725ef55c72 ] Request (AttachInterfacesUnderV243Test:setUpClass): 204 PUT http://10.180.1.21/identity/v3/projects/bc7f8b41f6f64b5ea28eb5c3c1437793/users/63e5017423294d22af4791f35da7c963/roles/af283a3d12b540e89f0295d266562497 0.057s
2025-04-16 12:22:52.178 68234 INFO tempest.lib.common.dynamic_creds [-] Dynamic test user 63e5017423294d22af4791f35da7c963 is created with scope project and roles: ['member']
2025-04-16 12:22:52.178 68234 INFO tempest.lib.common.dynamic_creds [-] Acquired dynamic creds: credentials: Credentials: {'domain_id': 'default', 'domain_name': 'Default', 'username': 'tempest-AttachInterfacesUnderV243Test-544305701-project-member', 'project_domain_id': 'default', 'project_domain_name': 'Default', 'project_id': 'bc7f8b41f6f64b5ea28eb5c3c1437793', 'project_name': 'tempest-AttachInterfacesUnderV243Test-544305701', 'tenant_id': 'bc7f8b41f6f64b5ea28eb5c3c1437793', 'tenant_name': 'tempest-AttachInterfacesUnderV243Test-544305701', 'user_domain_id': 'default', 'user_domain_name': 'Default', 'user_id': '63e5017423294d22af4791f35da7c963', 'system': None}, Network: None, Subnet: None, Router: None
2025-04-16 12:22:52.182 68252 INFO tempest.lib.common.rest_client [req-a0163802-8b84-4c25-a3b1-8d0f5fb4b6fc req-a0163802-8b84-4c25-a3b1-8d0f5fb4b6fc ] Request (ServersTestFqdnHostnames:setUpClass): 200 GET http://10.180.1.21/identity/v3/roles 0.017s
2025-04-16 12:22:52.219 68216 INFO tempest.lib.common.rest_client [req-cd7e9563-ae83-4b20-850e-d01236c53d95 req-cd7e9563-ae83-4b20-850e-d01236c53d95 ] Request (FlavorMetadataValidation:test_flavor_update_with_custom_namespace): 200 POST http://10.180.1.21/compute/v2.1/flavors/1207478995/os-extra_specs 0.424s
2025-04-16 12:22:52.224 68250 INFO tempest.lib.common.rest_client [req-c38e8bfb-c2d6-46b2-91c8-baea0b63c2ab req-c38e8bfb-c2d6-46b2-91c8-baea0b63c2ab ] Request (ServerDiagnosticsNegativeTest:test_get_server_diagnostics_by_non_admin): 200 GET http://10.180.1.21/compute/v2.1/servers/371aeb17-ad59-4a01-88f7-466dfee8d293 0.552s
2025-04-16 12:22:52.228 68234 INFO tempest.lib.common.rest_client [req-1cd784f5-6dd5-4046-92c1-9e81d1bceb9b req-1cd784f5-6dd5-4046-92c1-9e81d1bceb9b ] Request (AttachInterfacesUnderV243Test:setUpClass): 201 POST http://10.180.1.21/identity/v3/auth/tokens 0.050s
2025-04-16 12:22:52.229 68232 INFO tempest.lib.common.rest_client [req-f67f2c56-7987-4b95-9783-6595e9d8b705 req-f67f2c56-7987-4b95-9783-6595e9d8b705 ] Request (MultipleCreateNegativeTestJSON:test_max_count_non_integer): 400 POST http://10.180.1.21/compute/v2.1/servers 0.408s
2025-04-16 12:22:52.236 68252 INFO tempest.lib.common.rest_client [req-c1cb2174-9ca3-4f3d-82c6-9661389184ba req-c1cb2174-9ca3-4f3d-82c6-9661389184ba ] Request (ServersTestFqdnHostnames:setUpClass): 204 PUT http://10.180.1.21/identity/v3/projects/f1b85d829ed64fec8f242ab1f4666cdf/users/43fd69d272154d44a5ee8f168321b3f1/roles/af283a3d12b540e89f0295d266562497 0.053s
2025-04-16 12:22:52.236 68252 INFO tempest.lib.common.dynamic_creds [-] Dynamic test user 43fd69d272154d44a5ee8f168321b3f1 is created with scope project and roles: ['member']
2025-04-16 12:22:52.236 68252 INFO tempest.lib.common.dynamic_creds [-] Acquired dynamic creds: credentials: Credentials: {'domain_id': 'default', 'domain_name': 'Default', 'username': 'tempest-ServersTestFqdnHostnames-649911949-project-member', 'project_domain_id': 'default', 'project_domain_name': 'Default', 'project_id': 'f1b85d829ed64fec8f242ab1f4666cdf', 'project_name': 'tempest-ServersTestFqdnHostnames-649911949', 'tenant_id': 'f1b85d829ed64fec8f242ab1f4666cdf', 'tenant_name': 'tempest-ServersTestFqdnHostnames-649911949', 'user_domain_id': 'default', 'user_domain_name': 'Default', 'user_id': '43fd69d272154d44a5ee8f168321b3f1', 'system': None}, Network: None, Subnet: None, Router: None
2025-04-16 12:22:52.238 68240 INFO tempest.lib.common.rest_client [req-c3b2d4ad-380f-4017-9d8a-ca894734e985 req-c3b2d4ad-380f-4017-9d8a-ca894734e985 ] Request (FlavorsV2TestJSON:test_list_flavors_with_detail): 200 GET http://10.180.1.21/compute/v2.1/flavors/42 0.412s
2025-04-16 12:22:52.245 68262 INFO tempest.lib.common.rest_client [req-ddfdd077-dd16-460c-8672-4674159adf18 req-ddfdd077-dd16-460c-8672-4674159adf18 ] Request (AggregatesAdminNegativeTestJSON:test_aggregate_remove_nonexistent_host): 404 POST http://10.180.1.21/compute/v2.1/os-aggregates/8/action 0.435s
2025-04-16 12:22:52.283 68232 INFO tempest.lib.common.rest_client [req-1427158e-56d4-47a6-9997-8e050d99a146 req-1427158e-56d4-47a6-9997-8e050d99a146 ] Request (MultipleCreateNegativeTestJSON:test_min_count_less_than_one): 201 POST http://10.180.1.21/identity/v3/auth/tokens 0.050s
2025-04-16 12:22:52.284 68232 INFO tempest.lib.common.fixed_network [-] (MultipleCreateNegativeTestJSON:test_min_count_less_than_one) Found network None available for tenant
2025-04-16 12:22:52.284 68248 INFO tempest.lib.common.rest_client [req-42b3ffc6-13f7-41fa-a5d2-014edff8312c req-42b3ffc6-13f7-41fa-a5d2-014edff8312c ] Request (ListServerFiltersTestJSON:setUpClass): 200 GET http://10.180.1.21/compute/v2.1/servers/834fdc0b-5b2f-4374-a77a-de970c10e125 0.450s
2025-04-16 12:22:52.298 68254 INFO tempest.lib.common.rest_client [req-d569270b-88c3-4ffb-8ebe-b5bf4c791f70 req-d569270b-88c3-4ffb-8ebe-b5bf4c791f70 ] Request (ServerGroupTestJSON:test_create_delete_server_group_with_anti_affinity_policy): 200 GET http://10.180.1.21/compute/v2.1/os-server-groups 0.434s
2025-04-16 12:22:52.334 68238 INFO tempest.lib.common.rest_client [req-78999cc9-b7b5-42f8-b0fd-69b5bd2ddda5 req-78999cc9-b7b5-42f8-b0fd-69b5bd2ddda5 ] Request (ServerDiagnosticsTest:test_get_server_diagnostics): 200 GET http://10.180.1.21/compute/v2.1/servers/bd297ef0-fa45-43c1-ab4e-14bcce806b35 0.491s
2025-04-16 12:22:52.335 68252 INFO tempest.lib.common.rest_client [req-9d7e57ac-fccb-4086-9e9d-b6866f437d33 req-9d7e57ac-fccb-4086-9e9d-b6866f437d33 ] Request (ServersTestFqdnHostnames:setUpClass): 201 POST http://10.180.1.21/identity/v3/auth/tokens 0.098s
2025-04-16 12:22:52.385 68226 INFO tempest.lib.common.rest_client [req-da908c72-a2c7-4cb7-9e7e-6fb82e42a9de req-da908c72-a2c7-4cb7-9e7e-6fb82e42a9de ] Request (ServersTestBootFromVolume:setUpClass): 200 GET http://10.180.1.21/compute/v2.1/servers/8028a7dd-4002-4db3-a738-3926c1d2340e 0.355s
2025-04-16 12:22:52.390 68240 INFO tempest.lib.common.rest_client [req-18a2d8a6-4b91-4563-ad54-d53a580934b7 req-18a2d8a6-4b91-4563-ad54-d53a580934b7 ] Request (FlavorsV2TestJSON:tearDownClass): 204 DELETE http://10.180.1.21/identity/v3/users/cf0f4fed3d2b454db40f7e244e92a4cc 0.146s
2025-04-16 12:22:52.390 68240 INFO tempest.lib.common.dynamic_creds [-] Deleting project and security group for project: 7e78b1126e304d8db24df91b10615b30
2025-04-16 12:22:52.392 68222 INFO tempest.lib.common.rest_client [req-253aa4fa-8957-4f48-a830-351f2d5d4f23 req-253aa4fa-8957-4f48-a830-351f2d5d4f23 ] Request (ServerExternalEventsTest:test_create_server_external_events): 200 GET http://10.180.1.21/compute/v2.1/servers/6ebecddf-098f-447f-a350-6644b50f87f7 0.374s
2025-04-16 12:22:52.395 68254 INFO tempest.lib.common.rest_client [req-0c9c233c-746c-4d5e-9e48-38a6a7351dbf req-0c9c233c-746c-4d5e-9e48-38a6a7351dbf ] Request (ServerGroupTestJSON:test_create_server_with_scheduler_hint_group): 201 POST http://10.180.1.21/identity/v3/auth/tokens 0.089s
2025-04-16 12:22:52.395 68254 INFO tempest.lib.common.fixed_network [-] (ServerGroupTestJSON:test_create_server_with_scheduler_hint_group) Found network {'id': '4d8f1d40-a050-400b-87e9-889812c42fb3', 'name': 'tempest-ServerGroupTestJSON-1840389147-network', 'tenant_id': 'f92963bca42b456fb01315cdc5c8608e', 'admin_state_up': True, 'mtu': 8950, 'status': 'ACTIVE', 'subnets': [], 'shared': False, 'project_id': 'f92963bca42b456fb01315cdc5c8608e', 'port_security_enabled': True, 'router:external': False, 'provider:network_type': 'vlan', 'provider:physical_network': 'default', 'provider:segmentation_id': 692, 'is_default': False, 'availability_zone_hints': [], 'availability_zones': [], 'ipv4_address_scope': None, 'ipv6_address_scope': None, 'description': '', 'tags': [], 'created_at': '2025-04-16T12:22:38Z', 'updated_at': '2025-04-16T12:22:38Z', 'revision_number': 1} available for tenant
2025-04-16 12:22:52.406 68274 INFO tempest.lib.common.rest_client [req-bcf8a9fa-b77e-4f0c-941b-926fd640f99c req-bcf8a9fa-b77e-4f0c-941b-926fd640f99c ] Request (FlavorsAdminTestJSON:test_is_public_string_variations): 200 GET http://10.180.1.21/compute/v2.1/flavors/detail?is_public=t 0.319s
2025-04-16 12:22:52.449 68240 INFO tempest.lib.common.rest_client [req-d3699e1d-d6f0-4cac-b61d-4252db5ac341 req-d3699e1d-d6f0-4cac-b61d-4252db5ac341 ] Request (FlavorsV2TestJSON:tearDownClass): 201 POST http://10.180.1.21/identity/v3/auth/tokens 0.059s
2025-04-16 12:22:52.583 68258 INFO tempest.lib.common.rest_client [req-b2975de7-d89c-4204-a00f-fd21cb172cf5 req-b2975de7-d89c-4204-a00f-fd21cb172cf5 ] Request (ImagesOneServerNegativeTestJSON:setUpClass): 200 GET http://10.180.1.21/compute/v2.1/servers/180338df-2738-4eeb-8610-cb130d04f6d2 0.431s
2025-04-16 12:22:52.587 68234 INFO tempest.lib.common.rest_client [req-88b31b45-9060-4716-a2d0-262873995876 req-88b31b45-9060-4716-a2d0-262873995876 ] Request (AttachInterfacesUnderV243Test:setUpClass): 201 POST http://10.180.1.21:9696/networking/v2.0/networks 0.358s
2025-04-16 12:22:52.598 68216 INFO tempest.lib.common.rest_client [req-a164ab18-0707-4bac-953f-322cc7da8f8b req-a164ab18-0707-4bac-953f-322cc7da8f8b ] Request (FlavorMetadataValidation:_run_cleanups): 202 DELETE http://10.180.1.21/compute/v2.1/flavors/1207478995 0.377s
2025-04-16 12:22:52.607 68240 INFO tempest.lib.common.rest_client [req-826682a5-2b5f-49c0-b983-888ca2df68b2 req-826682a5-2b5f-49c0-b983-888ca2df68b2 ] Request (FlavorsV2TestJSON:tearDownClass): 200 GET http://10.180.1.21:9696/networking/v2.0/security-groups?tenant_id=7e78b1126e304d8db24df91b10615b30&name=default 0.157s
2025-04-16 12:22:52.659 68270 INFO tempest.lib.common.rest_client [req-05d1f8f0-3bd4-4787-befa-e44c6f4ae2ef req-05d1f8f0-3bd4-4787-befa-e44c6f4ae2ef ] Request (ImagesNegativeTestJSON:test_create_image_from_deleted_server): 200 GET http://10.180.1.21/compute/v2.1/servers/188890b5-2189-4499-9856-22dc65b6c6f1 0.414s
2025-04-16 12:22:52.674 68230 INFO tempest.lib.common.rest_client [req-acf9de74-d7b3-47c5-b820-68befd0457ef req-acf9de74-d7b3-47c5-b820-68befd0457ef ] Request (SecurityGroupRulesTestJSON:test_security_group_rules_delete_when_peer_group_deleted): 202 DELETE http://10.180.1.21/compute/v2.1/os-security-groups/f467f110-38d6-45e8-9304-4bdda82b1ae5 0.592s
2025-04-16 12:22:52.686 68262 INFO tempest.lib.common.rest_client [req-29058687-8353-48c6-8446-e57e77c1951d req-29058687-8353-48c6-8446-e57e77c1951d ] Request (AggregatesAdminNegativeTestJSON:_run_cleanups): 200 DELETE http://10.180.1.21/compute/v2.1/os-aggregates/8 0.439s
2025-04-16 12:22:52.688 68232 INFO tempest.lib.common.rest_client [req-b522c303-d929-4278-919b-12d5b36b9b9f req-b522c303-d929-4278-919b-12d5b36b9b9f ] Request (MultipleCreateNegativeTestJSON:test_min_count_less_than_one): 400 POST http://10.180.1.21/compute/v2.1/servers 0.403s
2025-04-16 12:22:52.748 68256 INFO tempest.lib.common.rest_client [req-48b04fa8-25d7-4f81-abbd-0a465095c163 req-48b04fa8-25d7-4f81-abbd-0a465095c163 ] Request (VolumesAdminNegativeTest:test_update_attached_volume_with_nonexistent_volume_in_body): 200 GET http://10.180.1.21/compute/v2.1/servers/707828f6-0267-42ff-95e5-6b328382b017 0.426s
2025-04-16 12:22:52.756 68232 INFO tempest.lib.common.rest_client [req-e8f0c555-f6a1-4480-bda7-7ce7e1a271a3 req-e8f0c555-f6a1-4480-bda7-7ce7e1a271a3 ] Request (MultipleCreateNegativeTestJSON:test_min_count_non_integer): 201 POST http://10.180.1.21/identity/v3/auth/tokens 0.062s
2025-04-16 12:22:52.757 68232 INFO tempest.lib.common.fixed_network [-] (MultipleCreateNegativeTestJSON:test_min_count_non_integer) Found network None available for tenant
2025-04-16 12:22:52.771 68262 INFO tempest.lib.common.rest_client [req-e1209e34-a3bd-4f6a-bc8e-cfa2c2d472a6 req-e1209e34-a3bd-4f6a-bc8e-cfa2c2d472a6 ] Request (AggregatesAdminNegativeTestJSON:tearDownClass): 204 DELETE http://10.180.1.21/identity/v3/users/94d9fbfb49f84736b3d85dca60149661 0.084s
2025-04-16 12:22:52.774 68252 INFO tempest.lib.common.rest_client [req-8261b82d-5b92-4a39-a546-ecc01fc19693 req-8261b82d-5b92-4a39-a546-ecc01fc19693 ] Request (ServersTestFqdnHostnames:setUpClass): 201 POST http://10.180.1.21:9696/networking/v2.0/networks 0.439s
2025-04-16 12:22:52.790 68240 INFO tempest.lib.common.rest_client [req-39f64ce5-9484-431b-ae16-018c2bd23d23 req-39f64ce5-9484-431b-ae16-018c2bd23d23 ] Request (FlavorsV2TestJSON:tearDownClass): 204 DELETE http://10.180.1.21:9696/networking/v2.0/security-groups/a26704a5-fdcd-4eaf-a380-b31dba3dada5 0.183s
2025-04-16 12:22:52.821 68220 INFO tempest.lib.common.rest_client [req-f5006899-739a-44ed-bac3-ba08ffcac58c req-f5006899-739a-44ed-bac3-ba08ffcac58c ] Request (TenantUsagesTestJSON:setUpClass): 200 GET http://10.180.1.21/compute/v2.1/servers/e55fdbbb-813d-427c-a53f-5be3fbeeb531 0.554s
2025-04-16 12:22:52.843 68274 INFO tempest.lib.common.rest_client [req-60013592-3116-4ce2-beb3-c824e0dceb3e req-60013592-3116-4ce2-beb3-c824e0dceb3e ] Request (FlavorsAdminTestJSON:test_is_public_string_variations): 200 GET http://10.180.1.21/compute/v2.1/flavors/detail?is_public=true 0.432s
2025-04-16 12:22:52.868 68262 INFO tempest.lib.common.rest_client [req-69023b6f-05e2-4779-86ce-814af9ae1624 req-69023b6f-05e2-4779-86ce-814af9ae1624 ] Request (AggregatesAdminNegativeTestJSON:tearDownClass): 204 DELETE http://10.180.1.21/identity/v3/users/de4a67cba97e4d579f400f0d1850fed4 0.096s
2025-04-16 12:22:52.868 68262 INFO tempest.lib.common.dynamic_creds [-] Deleting project and security group for project: 541d4b1b6c7a47e0b8c1a9e6c104c108
2025-04-16 12:22:52.902 68240 INFO tempest.lib.common.rest_client [req-725bfacc-92f0-44af-9d20-d4dd11422d66 req-725bfacc-92f0-44af-9d20-d4dd11422d66 ] Request (FlavorsV2TestJSON:tearDownClass): 204 DELETE http://10.180.1.21/identity/v3/projects/7e78b1126e304d8db24df91b10615b30 0.111s
2025-04-16 12:22:52.925 68262 INFO tempest.lib.common.rest_client [req-ff1506d6-b373-42a4-a840-6f58d70c9e8d req-ff1506d6-b373-42a4-a840-6f58d70c9e8d ] Request (AggregatesAdminNegativeTestJSON:tearDownClass): 201 POST http://10.180.1.21/identity/v3/auth/tokens 0.056s
2025-04-16 12:22:52.928 68240 INFO tempest.lib.common.rest_client [req-96251bf1-6b2c-47a4-8474-b5cf1afad703 req-96251bf1-6b2c-47a4-8474-b5cf1afad703 ] Request (ListImagesTestJSON:setUpClass): 201 POST http://10.180.1.21/identity/v3/auth/tokens 0.025s
2025-04-16 12:22:52.955 68240 INFO tempest.lib.common.rest_client [req-5310dcaf-9b86-425a-82ba-c879c95990d3 req-5310dcaf-9b86-425a-82ba-c879c95990d3 ] Request (ListImagesTestJSON:setUpClass): 201 POST http://10.180.1.21/identity/v3/auth/tokens 0.024s
2025-04-16 12:22:52.981 68240 INFO tempest.lib.common.rest_client [req-b8c7bf14-8c05-4844-9c14-471b56f90a76 req-b8c7bf14-8c05-4844-9c14-471b56f90a76 ] Request (ListImagesTestJSON:setUpClass): 200 GET http://10.180.1.21/identity/v3/domains?name=Default 0.026s
2025-04-16 12:22:52.995 68234 INFO tempest.lib.common.rest_client [req-34d96f38-8802-44e4-8f8d-2c7e9abba75c req-34d96f38-8802-44e4-8f8d-2c7e9abba75c ] Request (AttachInterfacesUnderV243Test:setUpClass): 201 POST http://10.180.1.21:9696/networking/v2.0/subnets 0.408s
2025-04-16 12:22:53.001 68260 INFO tempest.lib.common.rest_client [req-99f6ec90-916d-4ad7-b5ce-4a7932652465 req-99f6ec90-916d-4ad7-b5ce-4a7932652465 ] Request (ImagesOneServerTestJSON:setUpClass): 200 GET http://10.180.1.21/compute/v2.1/servers/8b261c6e-741c-4d6c-9567-566af85cd68f 0.588s
2025-04-16 12:22:53.022 68240 INFO tempest.lib.common.rest_client [req-51510695-a009-461a-9842-b563b9e47aaf req-51510695-a009-461a-9842-b563b9e47aaf ] Request (ListImagesTestJSON:setUpClass): 201 POST http://10.180.1.21/identity/v3/projects 0.039s
2025-04-16 12:22:53.095 68240 INFO tempest.lib.common.rest_client [req-8bfb78c1-4755-47f2-ac02-cc87d7ec908d req-8bfb78c1-4755-47f2-ac02-cc87d7ec908d ] Request (ListImagesTestJSON:setUpClass): 201 POST http://10.180.1.21/identity/v3/users 0.073s
2025-04-16 12:22:53.119 68240 INFO tempest.lib.common.rest_client [req-2f5f9e54-cb11-4875-98a1-f4c5f62541aa req-2f5f9e54-cb11-4875-98a1-f4c5f62541aa ] Request (ListImagesTestJSON:setUpClass): 200 GET http://10.180.1.21/identity/v3/roles 0.023s
2025-04-16 12:22:53.148 68240 INFO tempest.lib.common.rest_client [req-43a13042-11e1-4bac-b275-7043bac67a15 req-43a13042-11e1-4bac-b275-7043bac67a15 ] Request (ListImagesTestJSON:setUpClass): 204 PUT http://10.180.1.21/identity/v3/projects/39a024a75e7043698e23a345f7b869a2/users/93a9891a133c4f50a8ef3368bf8fe699/roles/af283a3d12b540e89f0295d266562497 0.029s
2025-04-16 12:22:53.148 68240 INFO tempest.lib.common.dynamic_creds [-] Dynamic test user 93a9891a133c4f50a8ef3368bf8fe699 is created with scope project and roles: ['member']
2025-04-16 12:22:53.149 68240 INFO tempest.lib.common.dynamic_creds [-] Acquired dynamic creds: credentials: Credentials: {'domain_id': 'default', 'domain_name': 'Default', 'username': 'tempest-ListImagesTestJSON-967091208-project-member', 'project_domain_id': 'default', 'project_domain_name': 'Default', 'project_id': '39a024a75e7043698e23a345f7b869a2', 'project_name': 'tempest-ListImagesTestJSON-967091208', 'tenant_id': '39a024a75e7043698e23a345f7b869a2', 'tenant_name': 'tempest-ListImagesTestJSON-967091208', 'user_domain_id': 'default', 'user_domain_name': 'Default', 'user_id': '93a9891a133c4f50a8ef3368bf8fe699', 'system': None}, Network: None, Subnet: None, Router: None
2025-04-16 12:22:53.149 68240 INFO tempest.lib.common.dynamic_creds [-] Created isolated network resources for: credentials: Credentials: {'domain_id': 'default', 'domain_name': 'Default', 'username': 'tempest-ListImagesTestJSON-967091208-project-member', 'project_domain_id': 'default', 'project_domain_name': 'Default', 'project_id': '39a024a75e7043698e23a345f7b869a2', 'project_name': 'tempest-ListImagesTestJSON-967091208', 'tenant_id': '39a024a75e7043698e23a345f7b869a2', 'tenant_name': 'tempest-ListImagesTestJSON-967091208', 'user_domain_id': 'default', 'user_domain_name': 'Default', 'user_id': '93a9891a133c4f50a8ef3368bf8fe699', 'system': None}, Network: None, Subnet: None, Router: None
2025-04-16 12:22:53.214 68240 INFO tempest.lib.common.rest_client [req-175f607f-ab3a-4100-a0c9-893c341974c6 req-175f607f-ab3a-4100-a0c9-893c341974c6 ] Request (ListImagesTestJSON:setUpClass): 201 POST http://10.180.1.21/identity/v3/auth/tokens 0.062s
