2025-04-16 12:23:26.399 68260 INFO tempest.lib.common.rest_client [req-3bd4bdca-469a-47bf-8731-2148c91deb8c req-3bd4bdca-469a-47bf-8731-2148c91deb8c ] Request (ImagesOneServerTestJSON:setUpClass): 200 GET http://10.180.1.21/compute/v2.1/servers/8b261c6e-741c-4d6c-9567-566af85cd68f 0.149s
2025-04-16 12:23:26.416 68256 INFO tempest.lib.common.rest_client [req-ff48daa5-c37f-457f-bc45-659e60ce78c8 req-ff48daa5-c37f-457f-bc45-659e60ce78c8 ] Request (VolumesAdminNegativeTest:test_update_attached_volume_with_nonexistent_volume_in_body): 200 GET http://10.180.1.21/compute/v2.1/servers/707828f6-0267-42ff-95e5-6b328382b017 0.122s
2025-04-16 12:23:26.447 68268 INFO tempest.lib.common.rest_client [req-325b2f19-ca0d-42a9-8fe8-37472a7425e4 req-325b2f19-ca0d-42a9-8fe8-37472a7425e4 ] Request (ServersWithSpecificFlavorTestJSON:test_verify_created_server_ephemeral_disk): 200 GET http://10.180.1.21/compute/v2.1/servers/d84f0e97-24d3-4b0b-8eff-51cf6bfd980c 0.134s
2025-04-16 12:23:26.457 68270 INFO tempest.lib.common.rest_client [req-eea440a2-276d-45e3-a906-4ea43c8d02b1 req-eea440a2-276d-45e3-a906-4ea43c8d02b1 ] Request (ImagesNegativeTestJSON:test_create_image_from_deleted_server): 200 GET http://10.180.1.21/compute/v2.1/servers/188890b5-2189-4499-9856-22dc65b6c6f1 0.088s
2025-04-16 12:23:26.500 68222 INFO tempest.lib.common.rest_client [req-7bef0b6d-30bf-4e94-96e0-5335351c83b7 req-7bef0b6d-30bf-4e94-96e0-5335351c83b7 ] Request (InstanceActionsV221TestJSON:test_get_list_deleted_instance_actions): 200 GET http://10.180.1.21/compute/v2.1/servers/2be271b8-775a-4c51-aa27-75a6a29e270b 0.073s
2025-04-16 12:23:26.571 68220 INFO tempest.lib.common.rest_client [req-bf3c0d44-2b4e-4763-a7f6-8c72d531a715 req-bf3c0d44-2b4e-4763-a7f6-8c72d531a715 ] Request (TenantUsagesTestJSON:setUpClass): 200 GET http://10.180.1.21/compute/v2.1/servers/e55fdbbb-813d-427c-a53f-5be3fbeeb531 0.193s
2025-04-16 12:23:26.653 68264 INFO tempest.lib.common.rest_client [req-7c069df6-5b52-46f6-b7d4-8d88ae7c53b0 req-7c069df6-5b52-46f6-b7d4-8d88ae7c53b0 ] Request (ServerAddressesTestJSON:setUpClass): 200 GET http://10.180.1.21/compute/v2.1/servers/9c586d33-c563-45c7-8c54-1638a78a669c 0.085s
2025-04-16 12:23:26.701 68218 INFO tempest.lib.common.rest_client [req-039bfe8e-79e5-4521-8118-1572aef67b4c req-039bfe8e-79e5-4521-8118-1572aef67b4c ] Request (ServerDiskConfigTestJSON:test_rebuild_server_with_auto_disk_config): 200 GET http://10.180.1.21/compute/v2.1/servers/38541c24-fc6b-4385-91bf-de25df66a798 0.046s
2025-04-16 12:23:26.742 68232 INFO tempest.lib.common.rest_client [req-d57d6709-1430-4c35-8d9e-f0776768e310 req-d57d6709-1430-4c35-8d9e-f0776768e310 ] Request (ServerActionsTestOtherB:setUpClass): 200 GET http://10.180.1.21/compute/v2.1/servers/658d81c6-dd54-4af5-b51f-6b0ce8fb9336 0.045s
2025-04-16 12:23:26.742 68228 INFO tempest.lib.common.rest_client [req-6b692182-ead5-45c0-9878-8db2c05a4b7e req-6b692182-ead5-45c0-9878-8db2c05a4b7e ] Request (DeleteServersAdminTestJSON:test_admin_delete_servers_of_others): 200 GET http://10.180.1.21/compute/v2.1/servers/82096302-bbdd-49b4-bd19-bdf75343e03a 0.087s
2025-04-16 12:23:26.798 68266 INFO tempest.lib.common.rest_client [req-87b152b1-5c2b-4127-9abb-64bfdefc5bb8 req-87b152b1-5c2b-4127-9abb-64bfdefc5bb8 ] Request (ServersAdmin275Test:test_rebuild_update_server_275): 200 GET http://10.180.1.21/compute/v2.1/servers/f50fc747-d3b4-456c-b86f-a086a7968329 0.050s
2025-04-16 12:23:26.835 68273 INFO tempest.lib.common.rest_client [req-2a6b2557-c93a-41ea-b76c-575ea3dc58fb req-2a6b2557-c93a-41ea-b76c-575ea3dc58fb ] Request (SecurityGroupsTestJSON:test_list_security_groups_by_server): 200 GET http://10.180.1.21/compute/v2.1/servers/45e517a6-1ef1-4082-b5f9-24a9c932630c 0.045s
2025-04-16 12:23:26.880 68212 INFO tempest.lib.common.rest_client [req-39675913-9d81-4720-be87-7d64cce8cb6e req-39675913-9d81-4720-be87-7d64cce8cb6e ] Request (FloatingIPsAssociationTestJSON:setUpClass): 200 GET http://10.180.1.21/compute/v2.1/servers/743b56db-49a0-4af7-96bc-a3fc6025fa19 0.046s
2025-04-16 12:23:26.988 68224 INFO tempest.lib.common.rest_client [req-fe40f3d2-cf79-4394-9793-5a87e8302340 req-fe40f3d2-cf79-4394-9793-5a87e8302340 ] Request (MigrationsAdminTest:test_list_migrations_in_flavor_resize_situation): 200 GET http://10.180.1.21/compute/v2.1/servers/8c1f8c1e-b86a-40bc-b3af-335c1ad3d77b 0.085s
2025-04-16 12:23:26.999 68238 INFO tempest.lib.common.rest_client [req-7b7a7541-efbe-4e2f-9a3e-35482edf2bcb req-7b7a7541-efbe-4e2f-9a3e-35482edf2bcb ] Request (ServerDiagnosticsTest:test_get_server_diagnostics): 200 GET http://10.180.1.21/compute/v2.1/servers/bd297ef0-fa45-43c1-ab4e-14bcce806b35 0.083s
2025-04-16 12:23:27.082 68250 INFO tempest.lib.common.rest_client [req-96c2e885-809a-4c92-abac-ef1635d18d27 req-96c2e885-809a-4c92-abac-ef1635d18d27 ] Request (ServerDiagnosticsNegativeTest:test_get_server_diagnostics_by_non_admin): 200 GET http://10.180.1.21/compute/v2.1/servers/371aeb17-ad59-4a01-88f7-466dfee8d293 0.089s
2025-04-16 12:23:27.121 68236 INFO tempest.lib.common.rest_client [req-a2a40945-7892-4ca3-9b2a-d7770b63351c req-a2a40945-7892-4ca3-9b2a-d7770b63351c ] Request (ServersAdminNegativeTestJSON:setUpClass): 200 GET http://10.180.1.21/compute/v2.1/servers/93509103-8c02-420d-bcaa-c2cf0847b1f0 0.089s
2025-04-16 12:23:27.123 68244 INFO tempest.lib.common.rest_client [req-5ef61f9d-83aa-4b8a-acad-ff9eecfa69b1 req-5ef61f9d-83aa-4b8a-acad-ff9eecfa69b1 ] Request (ServerPasswordTestJSON:setUpClass): 200 GET http://10.180.1.21/compute/v2.1/servers/fed6991c-9b59-43bb-8cda-96053adb798b 0.074s
2025-04-16 12:23:27.165 68242 INFO tempest.lib.common.rest_client [req-a37e5cb0-89be-4097-a050-601ea07648d5 req-a37e5cb0-89be-4097-a050-601ea07648d5 ] Request (VolumesAssistedSnapshotsTest:test_volume_assisted_snapshot_create_delete): 200 GET http://10.180.1.21/compute/v2.1/servers/068b288c-194b-4d2c-89c3-8adb7d628cc7 0.073s
2025-04-16 12:23:27.209 68246 INFO tempest.lib.common.rest_client [req-b6b33ab1-89cf-4c8d-b199-c718b6874063 req-b6b33ab1-89cf-4c8d-b199-c718b6874063 ] Request (ListImageFiltersTestJSON:setUpClass): 200 GET http://10.180.1.21/compute/v2.1/servers/f963e0c6-8a3d-4872-8cae-07fff845b77f 0.050s
2025-04-16 12:23:27.226 68258 INFO tempest.lib.common.rest_client [req-b2e6d543-00ed-4241-bbd9-97378a443ba4 req-b2e6d543-00ed-4241-bbd9-97378a443ba4 ] Request (ImagesOneServerNegativeTestJSON:setUpClass): 200 GET http://10.180.1.21/compute/v2.1/servers/180338df-2738-4eeb-8610-cb130d04f6d2 0.088s
2025-04-16 12:23:27.253 68230 INFO tempest.lib.common.rest_client [req-2004b0cf-8aa4-4952-ba66-9c72b52d4d75 req-2004b0cf-8aa4-4952-ba66-9c72b52d4d75 ] Request (ServerActionsTestOtherA:setUpClass): 200 GET http://10.180.1.21/compute/v2.1/servers/dcb0d0da-a987-46b2-be64-672ee3200eab 0.069s
2025-04-16 12:23:27.273 68252 INFO tempest.lib.common.rest_client [req-0b0b36a0-afd5-4e29-9328-c7072ec3e9c5 req-0b0b36a0-afd5-4e29-9328-c7072ec3e9c5 ] Request (ServersTestFqdnHostnames:test_create_server_with_fqdn_name): 200 GET http://10.180.1.21/compute/v2.1/servers/9e47d3ce-3897-458b-ac85-d98745e9aeb5 0.068s
2025-04-16 12:23:27.298 68274 INFO tempest.lib.common.rest_client [req-c407d788-6198-417d-a5fe-3ba1a18618dc req-c407d788-6198-417d-a5fe-3ba1a18618dc ] Request (MultipleCreateTestJSON:test_multiple_create): 200 GET http://10.180.1.21/compute/v2.1/servers/8b5afa56-a56a-4990-9ba7-2c0955579a65 0.069s
2025-04-16 12:23:27.318 68214 INFO tempest.lib.common.rest_client [req-c834982a-2960-4958-826e-96319e62fd52 req-c834982a-2960-4958-826e-96319e62fd52 ] Request (ServerDiagnosticsV248Test:test_get_server_diagnostics): 200 GET http://10.180.1.21/compute/v2.1/servers/6580c348-f5a4-4f20-a6fb-8942202a526e 0.067s
2025-04-16 12:23:27.365 68226 INFO tempest.lib.common.rest_client [req-27c0084d-d725-4192-ae89-9359261b5bef req-27c0084d-d725-4192-ae89-9359261b5bef ] Request (ServersTestBootFromVolume:setUpClass): 200 GET http://10.180.1.21/compute/v2.1/servers/8028a7dd-4002-4db3-a738-3926c1d2340e 0.072s
2025-04-16 12:23:27.417 68216 INFO tempest.lib.common.rest_client [req-b59fac52-2880-41ea-9812-5f2dda88a380 req-b59fac52-2880-41ea-9812-5f2dda88a380 ] Request (ServersV294TestFqdnHostnames:setUpClass): 200 GET http://10.180.1.21/compute/v2.1/servers/9dc1cdba-3991-4ee2-b92b-2800e17f07a8 0.092s
2025-04-16 12:23:27.477 68254 INFO tempest.lib.common.rest_client [req-ab7d1dab-baf8-4654-82c4-19538849475f req-ab7d1dab-baf8-4654-82c4-19538849475f ] Request (ServerGroupTestJSON:test_create_server_with_scheduler_hint_group): 200 GET http://10.180.1.21/compute/v2.1/servers/5b7a605b-7521-40c3-92d1-ce5487f6fedd 0.141s
2025-04-16 12:23:27.508 68248 INFO tempest.lib.common.rest_client [req-775a2a4e-03f4-4366-829c-62d51606d2b7 req-775a2a4e-03f4-4366-829c-62d51606d2b7 ] Request (ListServerFiltersTestJSON:setUpClass): 200 GET http://10.180.1.21/compute/v2.1/servers/834fdc0b-5b2f-4374-a77a-de970c10e125 0.236s
2025-04-16 12:23:27.524 68234 INFO tempest.lib.common.rest_client [req-a6a2cc53-b318-4eb0-84e1-0b7f2a931766 req-a6a2cc53-b318-4eb0-84e1-0b7f2a931766 ] Request (AttachInterfacesUnderV243Test:test_add_remove_fixed_ip): 200 GET http://10.180.1.21/compute/v2.1/servers/b9a04994-804b-47b8-bc9f-cf4f18f27f5b 0.142s
2025-04-16 12:23:27.570 68256 INFO tempest.lib.common.rest_client [req-10b5b3dd-4fd4-43e7-9304-0752f02eb13e req-10b5b3dd-4fd4-43e7-9304-0752f02eb13e ] Request (VolumesAdminNegativeTest:test_update_attached_volume_with_nonexistent_volume_in_body): 200 GET http://10.180.1.21/compute/v2.1/servers/707828f6-0267-42ff-95e5-6b328382b017 0.141s
2025-04-16 12:23:27.592 68260 INFO tempest.lib.common.rest_client [req-9fa4d9db-067d-4291-96f9-32ae2565b6b1 req-9fa4d9db-067d-4291-96f9-32ae2565b6b1 ] Request (ImagesOneServerTestJSON:setUpClass): 200 GET http://10.180.1.21/compute/v2.1/servers/8b261c6e-741c-4d6c-9567-566af85cd68f 0.182s
2025-04-16 12:23:27.612 68268 INFO tempest.lib.common.rest_client [req-d2720286-26aa-4ca6-980b-83c5190d7f68 req-d2720286-26aa-4ca6-980b-83c5190d7f68 ] Request (ServersWithSpecificFlavorTestJSON:test_verify_created_server_ephemeral_disk): 200 GET http://10.180.1.21/compute/v2.1/servers/d84f0e97-24d3-4b0b-8eff-51cf6bfd980c 0.157s
2025-04-16 12:23:27.635 68270 INFO tempest.lib.common.rest_client [req-c78ce2b5-852c-47ca-aa9e-959abec9d611 req-c78ce2b5-852c-47ca-aa9e-959abec9d611 ] Request (ImagesNegativeTestJSON:test_create_image_from_deleted_server): 200 GET http://10.180.1.21/compute/v2.1/servers/188890b5-2189-4499-9856-22dc65b6c6f1 0.171s
2025-04-16 12:23:27.658 68222 INFO tempest.lib.common.rest_client [req-a44ad8d7-58d2-45a5-bc10-55b6cdadca74 req-a44ad8d7-58d2-45a5-bc10-55b6cdadca74 ] Request (InstanceActionsV221TestJSON:test_get_list_deleted_instance_actions): 200 GET http://10.180.1.21/compute/v2.1/servers/2be271b8-775a-4c51-aa27-75a6a29e270b 0.148s
2025-04-16 12:23:27.721 68220 INFO tempest.lib.common.rest_client [req-0cab96dd-7236-4adb-9210-ba594b808e2d req-0cab96dd-7236-4adb-9210-ba594b808e2d ] Request (TenantUsagesTestJSON:setUpClass): 200 GET http://10.180.1.21/compute/v2.1/servers/e55fdbbb-813d-427c-a53f-5be3fbeeb531 0.142s
2025-04-16 12:23:27.765 68218 INFO tempest.lib.common.rest_client [req-33333c6a-4be3-4002-a33a-2780a84db2da req-33333c6a-4be3-4002-a33a-2780a84db2da ] Request (ServerDiskConfigTestJSON:test_rebuild_server_with_auto_disk_config): 200 GET http://10.180.1.21/compute/v2.1/servers/38541c24-fc6b-4385-91bf-de25df66a798 0.056s
2025-04-16 12:23:27.789 68264 INFO tempest.lib.common.rest_client [req-5091102d-d3be-45bd-addb-72eb5b4aba27 req-5091102d-d3be-45bd-addb-72eb5b4aba27 ] Request (ServerAddressesTestJSON:setUpClass): 200 GET http://10.180.1.21/compute/v2.1/servers/9c586d33-c563-45c7-8c54-1638a78a669c 0.128s
2025-04-16 12:23:27.840 68232 INFO tempest.lib.common.rest_client [req-fd1df6a2-7007-4ac5-92a1-5a04f5ce7c73 req-fd1df6a2-7007-4ac5-92a1-5a04f5ce7c73 ] Request (ServerActionsTestOtherB:setUpClass): 200 GET http://10.180.1.21/compute/v2.1/servers/658d81c6-dd54-4af5-b51f-6b0ce8fb9336 0.090s
2025-04-16 12:23:27.852 68228 INFO tempest.lib.common.rest_client [req-6957a99e-4fe4-4d4e-a634-7d6909640ab1 req-6957a99e-4fe4-4d4e-a634-7d6909640ab1 ] Request (DeleteServersAdminTestJSON:test_admin_delete_servers_of_others): 200 GET http://10.180.1.21/compute/v2.1/servers/82096302-bbdd-49b4-bd19-bdf75343e03a 0.103s
2025-04-16 12:23:27.890 68266 INFO tempest.lib.common.rest_client [req-cc04371d-5cd9-4f9b-a3f4-41d56c00ea0b req-cc04371d-5cd9-4f9b-a3f4-41d56c00ea0b ] Request (ServersAdmin275Test:test_rebuild_update_server_275): 200 GET http://10.180.1.21/compute/v2.1/servers/f50fc747-d3b4-456c-b86f-a086a7968329 0.081s
2025-04-16 12:23:27.895 68273 INFO tempest.lib.common.rest_client [req-391f3db9-1fe7-4697-b8b8-864f46890451 req-391f3db9-1fe7-4697-b8b8-864f46890451 ] Request (SecurityGroupsTestJSON:test_list_security_groups_by_server): 200 GET http://10.180.1.21/compute/v2.1/servers/45e517a6-1ef1-4082-b5f9-24a9c932630c 0.053s
2025-04-16 12:23:27.932 68212 INFO tempest.lib.common.rest_client [req-cc4db9ff-3575-4169-b296-ac50dc3f3d0c req-cc4db9ff-3575-4169-b296-ac50dc3f3d0c ] Request (FloatingIPsAssociationTestJSON:setUpClass): 200 GET http://10.180.1.21/compute/v2.1/servers/743b56db-49a0-4af7-96bc-a3fc6025fa19 0.045s
2025-04-16 12:23:28.110 68238 INFO tempest.lib.common.rest_client [req-437abd3a-7d1d-4b02-824b-efe1856827bb req-437abd3a-7d1d-4b02-824b-efe1856827bb ] Request (ServerDiagnosticsTest:test_get_server_diagnostics): 200 GET http://10.180.1.21/compute/v2.1/servers/bd297ef0-fa45-43c1-ab4e-14bcce806b35 0.103s
2025-04-16 12:23:28.111 68224 INFO tempest.lib.common.rest_client [req-202875cd-db98-459f-81fd-3697ec6a03d2 req-202875cd-db98-459f-81fd-3697ec6a03d2 ] Request (MigrationsAdminTest:test_list_migrations_in_flavor_resize_situation): 200 GET http://10.180.1.21/compute/v2.1/servers/8c1f8c1e-b86a-40bc-b3af-335c1ad3d77b 0.116s
2025-04-16 12:23:28.201 68250 INFO tempest.lib.common.rest_client [req-956fc60f-3198-419c-95ce-e9bae230a8c4 req-956fc60f-3198-419c-95ce-e9bae230a8c4 ] Request (ServerDiagnosticsNegativeTest:test_get_server_diagnostics_by_non_admin): 200 GET http://10.180.1.21/compute/v2.1/servers/371aeb17-ad59-4a01-88f7-466dfee8d293 0.111s
2025-04-16 12:23:28.215 68236 INFO tempest.lib.common.rest_client [req-0bed75e9-8b01-4b31-bb28-62e63611c498 req-0bed75e9-8b01-4b31-bb28-62e63611c498 ] Request (ServersAdminNegativeTestJSON:setUpClass): 200 GET http://10.180.1.21/compute/v2.1/servers/93509103-8c02-420d-bcaa-c2cf0847b1f0 0.086s
2025-04-16 12:23:28.245 68244 INFO tempest.lib.common.rest_client [req-9fe9244a-b60f-41c1-ad6a-714df5bc17fb req-9fe9244a-b60f-41c1-ad6a-714df5bc17fb ] Request (ServerPasswordTestJSON:setUpClass): 200 GET http://10.180.1.21/compute/v2.1/servers/fed6991c-9b59-43bb-8cda-96053adb798b 0.114s
2025-04-16 12:23:28.260 68242 INFO tempest.lib.common.rest_client [req-e32cb788-ce64-44ad-8f34-c6cc5402e2e8 req-e32cb788-ce64-44ad-8f34-c6cc5402e2e8 ] Request (VolumesAssistedSnapshotsTest:test_volume_assisted_snapshot_create_delete): 200 GET http://10.180.1.21/compute/v2.1/servers/068b288c-194b-4d2c-89c3-8adb7d628cc7 0.088s
2025-04-16 12:23:28.288 68246 INFO tempest.lib.common.rest_client [req-4ceb67c8-23c4-42b6-904c-824d583a5850 req-4ceb67c8-23c4-42b6-904c-824d583a5850 ] Request (ListImageFiltersTestJSON:setUpClass): 200 GET http://10.180.1.21/compute/v2.1/servers/f963e0c6-8a3d-4872-8cae-07fff845b77f 0.072s
2025-04-16 12:23:28.335 68230 INFO tempest.lib.common.rest_client [req-de9e22c2-f824-41b7-af3f-a31e50912352 req-de9e22c2-f824-41b7-af3f-a31e50912352 ] Request (ServerActionsTestOtherA:setUpClass): 200 GET http://10.180.1.21/compute/v2.1/servers/dcb0d0da-a987-46b2-be64-672ee3200eab 0.074s
2025-04-16 12:23:28.347 68258 INFO tempest.lib.common.rest_client [req-cdaef21a-e193-4c66-93c8-7be5ceb3ff71 req-cdaef21a-e193-4c66-93c8-7be5ceb3ff71 ] Request (ImagesOneServerNegativeTestJSON:setUpClass): 200 GET http://10.180.1.21/compute/v2.1/servers/180338df-2738-4eeb-8610-cb130d04f6d2 0.113s
2025-04-16 12:23:28.377 68252 INFO tempest.lib.common.rest_client [req-a1f674d2-75c7-477d-9cee-c7aba37687ab req-a1f674d2-75c7-477d-9cee-c7aba37687ab ] Request (ServersTestFqdnHostnames:test_create_server_with_fqdn_name): 200 GET http://10.180.1.21/compute/v2.1/servers/9e47d3ce-3897-458b-ac85-d98745e9aeb5 0.096s
2025-04-16 12:23:28.390 68274 INFO tempest.lib.common.rest_client [req-3d78c805-9bd4-40f6-82cc-da6f3b5a35b7 req-3d78c805-9bd4-40f6-82cc-da6f3b5a35b7 ] Request (MultipleCreateTestJSON:test_multiple_create): 200 GET http://10.180.1.21/compute/v2.1/servers/8b5afa56-a56a-4990-9ba7-2c0955579a65 0.084s
2025-04-16 12:23:28.422 68214 INFO tempest.lib.common.rest_client [req-cac5952e-4b94-45f1-baa9-4296d4b62eae req-cac5952e-4b94-45f1-baa9-4296d4b62eae ] Request (ServerDiagnosticsV248Test:test_get_server_diagnostics): 200 GET http://10.180.1.21/compute/v2.1/servers/6580c348-f5a4-4f20-a6fb-8942202a526e 0.093s
2025-04-16 12:23:28.433 68226 INFO tempest.lib.common.rest_client [req-27ce3de6-37e6-4f5c-b9eb-d597c7850686 req-27ce3de6-37e6-4f5c-b9eb-d597c7850686 ] Request (ServersTestBootFromVolume:setUpClass): 200 GET http://10.180.1.21/compute/v2.1/servers/8028a7dd-4002-4db3-a738-3926c1d2340e 0.061s
2025-04-16 12:23:28.478 68216 INFO tempest.lib.common.rest_client [req-6ee5ff70-4190-401a-b6d0-840564797518 req-6ee5ff70-4190-401a-b6d0-840564797518 ] Request (ServersV294TestFqdnHostnames:setUpClass): 200 GET http://10.180.1.21/compute/v2.1/servers/9dc1cdba-3991-4ee2-b92b-2800e17f07a8 0.049s
2025-04-16 12:23:28.531 68254 INFO tempest.lib.common.rest_client [req-df8e6ec8-1ee3-40a0-ad97-369bcd975039 req-df8e6ec8-1ee3-40a0-ad97-369bcd975039 ] Request (ServerGroupTestJSON:test_create_server_with_scheduler_hint_group): 200 GET http://10.180.1.21/compute/v2.1/servers/5b7a605b-7521-40c3-92d1-ce5487f6fedd 0.045s
2025-04-16 12:23:28.562 68248 INFO tempest.lib.common.rest_client [req-f7d915aa-7be8-4a6f-9671-d06857f13417 req-f7d915aa-7be8-4a6f-9671-d06857f13417 ] Request (ListServerFiltersTestJSON:setUpClass): 200 GET http://10.180.1.21/compute/v2.1/servers/834fdc0b-5b2f-4374-a77a-de970c10e125 0.045s
2025-04-16 12:23:28.574 68234 INFO tempest.lib.common.rest_client [req-d6bccabb-b87c-409c-9efe-e15c214bd3e3 req-d6bccabb-b87c-409c-9efe-e15c214bd3e3 ] Request (AttachInterfacesUnderV243Test:test_add_remove_fixed_ip): 200 GET http://10.180.1.21/compute/v2.1/servers/b9a04994-804b-47b8-bc9f-cf4f18f27f5b 0.042s
2025-04-16 12:23:28.621 68256 INFO tempest.lib.common.rest_client [req-66642afc-5226-4a55-9802-cc84cf577b7b req-66642afc-5226-4a55-9802-cc84cf577b7b ] Request (VolumesAdminNegativeTest:test_update_attached_volume_with_nonexistent_volume_in_body): 200 GET http://10.180.1.21/compute/v2.1/servers/707828f6-0267-42ff-95e5-6b328382b017 0.043s
2025-04-16 12:23:28.665 68268 INFO tempest.lib.common.rest_client [req-0053b85f-a981-427c-aee4-115195fa96fd req-0053b85f-a981-427c-aee4-115195fa96fd ] Request (ServersWithSpecificFlavorTestJSON:test_verify_created_server_ephemeral_disk): 200 GET http://10.180.1.21/compute/v2.1/servers/d84f0e97-24d3-4b0b-8eff-51cf6bfd980c 0.046s
2025-04-16 12:23:28.685 68260 INFO tempest.lib.common.rest_client [req-13cbae16-a08f-428e-96e6-acc8c65d7e80 req-13cbae16-a08f-428e-96e6-acc8c65d7e80 ] Request (ImagesOneServerTestJSON:setUpClass): 200 GET http://10.180.1.21/compute/v2.1/servers/8b261c6e-741c-4d6c-9567-566af85cd68f 0.085s
2025-04-16 12:23:28.707 68270 INFO tempest.lib.common.rest_client [req-b750b467-53c7-4c16-be05-d2b159313e59 req-b750b467-53c7-4c16-be05-d2b159313e59 ] Request (ImagesNegativeTestJSON:test_create_image_from_deleted_server): 200 GET http://10.180.1.21/compute/v2.1/servers/188890b5-2189-4499-9856-22dc65b6c6f1 0.063s
2025-04-16 12:23:28.730 68222 INFO tempest.lib.common.rest_client [req-09022078-00b3-4ddc-8264-31c4154422c3 req-09022078-00b3-4ddc-8264-31c4154422c3 ] Request (InstanceActionsV221TestJSON:test_get_list_deleted_instance_actions): 200 GET http://10.180.1.21/compute/v2.1/servers/2be271b8-775a-4c51-aa27-75a6a29e270b 0.063s
2025-04-16 12:23:28.815 68220 INFO tempest.lib.common.rest_client [req-089c724d-661a-4590-843c-fcc695941794 req-089c724d-661a-4590-843c-fcc695941794 ] Request (TenantUsagesTestJSON:setUpClass): 200 GET http://10.180.1.21/compute/v2.1/servers/e55fdbbb-813d-427c-a53f-5be3fbeeb531 0.087s
2025-04-16 12:23:28.819 68218 INFO tempest.lib.common.rest_client [req-95e58ae6-0eb3-41da-8806-76ae47d9546a req-95e58ae6-0eb3-41da-8806-76ae47d9546a ] Request (ServerDiskConfigTestJSON:test_rebuild_server_with_auto_disk_config): 200 GET http://10.180.1.21/compute/v2.1/servers/38541c24-fc6b-4385-91bf-de25df66a798 0.047s
2025-04-16 12:23:28.891 68232 INFO tempest.lib.common.rest_client [req-02c9463e-6eb0-4ccd-b3f8-10c992d0b8b1 req-02c9463e-6eb0-4ccd-b3f8-10c992d0b8b1 ] Request (ServerActionsTestOtherB:setUpClass): 200 GET http://10.180.1.21/compute/v2.1/servers/658d81c6-dd54-4af5-b51f-6b0ce8fb9336 0.043s
2025-04-16 12:23:28.897 68264 INFO tempest.lib.common.rest_client [req-b7dd4e6b-4cf3-49ef-b6f5-f2ee23627c45 req-b7dd4e6b-4cf3-49ef-b6f5-f2ee23627c45 ] Request (ServerAddressesTestJSON:setUpClass): 200 GET http://10.180.1.21/compute/v2.1/servers/9c586d33-c563-45c7-8c54-1638a78a669c 0.097s
2025-04-16 12:23:28.948 68266 INFO tempest.lib.common.rest_client [req-cd913e65-d55f-4d73-8c59-d00c93d4e971 req-cd913e65-d55f-4d73-8c59-d00c93d4e971 ] Request (ServersAdmin275Test:test_rebuild_update_server_275): 200 GET http://10.180.1.21/compute/v2.1/servers/f50fc747-d3b4-456c-b86f-a086a7968329 0.048s
2025-04-16 12:23:28.975 68228 INFO tempest.lib.common.rest_client [req-eb9bed90-497f-4cd0-a511-008f1f6dfdf8 req-eb9bed90-497f-4cd0-a511-008f1f6dfdf8 ] Request (DeleteServersAdminTestJSON:test_admin_delete_servers_of_others): 200 GET http://10.180.1.21/compute/v2.1/servers/82096302-bbdd-49b4-bd19-bdf75343e03a 0.115s
2025-04-16 12:23:28.991 68273 INFO tempest.lib.common.rest_client [req-9d63614d-8136-47a4-a0c3-213e56b3f573 req-9d63614d-8136-47a4-a0c3-213e56b3f573 ] Request (SecurityGroupsTestJSON:test_list_security_groups_by_server): 200 GET http://10.180.1.21/compute/v2.1/servers/45e517a6-1ef1-4082-b5f9-24a9c932630c 0.087s
2025-04-16 12:23:29.017 68212 INFO tempest.lib.common.rest_client [req-c2b2d0a7-7d33-48fe-b2eb-dc551f91981d req-c2b2d0a7-7d33-48fe-b2eb-dc551f91981d ] Request (FloatingIPsAssociationTestJSON:setUpClass): 200 GET http://10.180.1.21/compute/v2.1/servers/743b56db-49a0-4af7-96bc-a3fc6025fa19 0.077s
2025-04-16 12:23:29.205 68238 INFO tempest.lib.common.rest_client [req-1ac1c4d1-b3c2-4359-a6f1-18085281b615 req-1ac1c4d1-b3c2-4359-a6f1-18085281b615 ] Request (ServerDiagnosticsTest:test_get_server_diagnostics): 200 GET http://10.180.1.21/compute/v2.1/servers/bd297ef0-fa45-43c1-ab4e-14bcce806b35 0.087s
2025-04-16 12:23:29.206 68224 INFO tempest.lib.common.rest_client [req-10dbbe92-20e0-4568-acf5-c058983d9faf req-10dbbe92-20e0-4568-acf5-c058983d9faf ] Request (MigrationsAdminTest:test_list_migrations_in_flavor_resize_situation): 200 GET http://10.180.1.21/compute/v2.1/servers/8c1f8c1e-b86a-40bc-b3af-335c1ad3d77b 0.087s
2025-04-16 12:23:29.294 68250 INFO tempest.lib.common.rest_client [req-101f589b-abac-4c28-94eb-ff934fd74309 req-101f589b-abac-4c28-94eb-ff934fd74309 ] Request (ServerDiagnosticsNegativeTest:test_get_server_diagnostics_by_non_admin): 200 GET http://10.180.1.21/compute/v2.1/servers/371aeb17-ad59-4a01-88f7-466dfee8d293 0.085s
2025-04-16 12:23:29.308 68236 INFO tempest.lib.common.rest_client [req-5bd4787e-751d-4bd7-9939-58f7f4d56120 req-5bd4787e-751d-4bd7-9939-58f7f4d56120 ] Request (ServersAdminNegativeTestJSON:setUpClass): 200 GET http://10.180.1.21/compute/v2.1/servers/93509103-8c02-420d-bcaa-c2cf0847b1f0 0.086s
2025-04-16 12:23:29.337 68244 INFO tempest.lib.common.rest_client [req-09941d79-3880-46fb-a310-ba5ee991c825 req-09941d79-3880-46fb-a310-ba5ee991c825 ] Request (ServerPasswordTestJSON:setUpClass): 200 GET http://10.180.1.21/compute/v2.1/servers/fed6991c-9b59-43bb-8cda-96053adb798b 0.082s
2025-04-16 12:23:29.352 68242 INFO tempest.lib.common.rest_client [req-31811c9c-9525-43b4-bddc-7267d138346c req-31811c9c-9525-43b4-bddc-7267d138346c ] Request (VolumesAssistedSnapshotsTest:test_volume_assisted_snapshot_create_delete): 200 GET http://10.180.1.21/compute/v2.1/servers/068b288c-194b-4d2c-89c3-8adb7d628cc7 0.080s
2025-04-16 12:23:29.379 68246 INFO tempest.lib.common.rest_client [req-8bd53e96-c2a0-4a9f-9f4e-5c6fbd24f7e2 req-8bd53e96-c2a0-4a9f-9f4e-5c6fbd24f7e2 ] Request (ListImageFiltersTestJSON:setUpClass): 200 GET http://10.180.1.21/compute/v2.1/servers/f963e0c6-8a3d-4872-8cae-07fff845b77f 0.083s
2025-04-16 12:23:29.393 68230 INFO tempest.lib.common.rest_client [req-3683aace-7cde-4e11-be7f-768917182587 req-3683aace-7cde-4e11-be7f-768917182587 ] Request (ServerActionsTestOtherA:setUpClass): 200 GET http://10.180.1.21/compute/v2.1/servers/dcb0d0da-a987-46b2-be64-672ee3200eab 0.051s
2025-04-16 12:23:29.435 68252 INFO tempest.lib.common.rest_client [req-f05eb446-1a14-401f-b660-478b638c1e20 req-f05eb446-1a14-401f-b660-478b638c1e20 ] Request (ServersTestFqdnHostnames:test_create_server_with_fqdn_name): 200 GET http://10.180.1.21/compute/v2.1/servers/9e47d3ce-3897-458b-ac85-d98745e9aeb5 0.050s
2025-04-16 12:23:29.479 68274 INFO tempest.lib.common.rest_client [req-915ea302-20b1-4261-b239-425f7a750048 req-915ea302-20b1-4261-b239-425f7a750048 ] Request (MultipleCreateTestJSON:test_multiple_create): 200 GET http://10.180.1.21/compute/v2.1/servers/8b5afa56-a56a-4990-9ba7-2c0955579a65 0.081s
2025-04-16 12:23:29.511 68258 INFO tempest.lib.common.rest_client [req-ac9195ea-f158-4701-8dfc-43ebc79e4070 req-ac9195ea-f158-4701-8dfc-43ebc79e4070 ] Request (ImagesOneServerNegativeTestJSON:setUpClass): 200 GET http://10.180.1.21/compute/v2.1/servers/180338df-2738-4eeb-8610-cb130d04f6d2 0.156s
2025-04-16 12:23:29.526 68214 INFO tempest.lib.common.rest_client [req-04fccd77-4dd8-4098-8dbd-80dfbf9a453e req-04fccd77-4dd8-4098-8dbd-80dfbf9a453e ] Request (ServerDiagnosticsV248Test:test_get_server_diagnostics): 200 GET http://10.180.1.21/compute/v2.1/servers/6580c348-f5a4-4f20-a6fb-8942202a526e 0.095s
2025-04-16 12:23:29.555 68226 INFO tempest.lib.common.rest_client [req-341d065e-4e92-4795-92c2-2028e39ca897 req-341d065e-4e92-4795-92c2-2028e39ca897 ] Request (ServersTestBootFromVolume:setUpClass): 200 GET http://10.180.1.21/compute/v2.1/servers/8028a7dd-4002-4db3-a738-3926c1d2340e 0.115s
2025-04-16 12:23:29.576 68216 INFO tempest.lib.common.rest_client [req-329d8cb8-a7ad-41d1-be52-84ce7c44aa61 req-329d8cb8-a7ad-41d1-be52-84ce7c44aa61 ] Request (ServersV294TestFqdnHostnames:setUpClass): 200 GET http://10.180.1.21/compute/v2.1/servers/9dc1cdba-3991-4ee2-b92b-2800e17f07a8 0.087s
2025-04-16 12:23:29.598 68254 INFO tempest.lib.common.rest_client [req-3d5dfd90-ddfa-4921-b985-321b7438960f req-3d5dfd90-ddfa-4921-b985-321b7438960f ] Request (ServerGroupTestJSON:test_create_server_with_scheduler_hint_group): 200 GET http://10.180.1.21/compute/v2.1/servers/5b7a605b-7521-40c3-92d1-ce5487f6fedd 0.060s
2025-04-16 12:23:29.618 68248 INFO tempest.lib.common.rest_client [req-87319674-f4e0-43b8-be15-4a834f890f60 req-87319674-f4e0-43b8-be15-4a834f890f60 ] Request (ListServerFiltersTestJSON:setUpClass): 200 GET http://10.180.1.21/compute/v2.1/servers/834fdc0b-5b2f-4374-a77a-de970c10e125 0.049s
2025-04-16 12:23:29.640 68234 INFO tempest.lib.common.rest_client [req-be6562cb-c0b2-4a60-98c4-df54c9284833 req-be6562cb-c0b2-4a60-98c4-df54c9284833 ] Request (AttachInterfacesUnderV243Test:test_add_remove_fixed_ip): 200 GET http://10.180.1.21/compute/v2.1/servers/b9a04994-804b-47b8-bc9f-cf4f18f27f5b 0.058s
2025-04-16 12:23:29.670 68256 INFO tempest.lib.common.rest_client [req-e29095ae-14e2-484a-84aa-ba55f39d1a44 req-e29095ae-14e2-484a-84aa-ba55f39d1a44 ] Request (VolumesAdminNegativeTest:test_update_attached_volume_with_nonexistent_volume_in_body): 200 GET http://10.180.1.21/compute/v2.1/servers/707828f6-0267-42ff-95e5-6b328382b017 0.043s
2025-04-16 12:23:29.720 68268 INFO tempest.lib.common.rest_client [req-9ea21053-5966-4d6c-8c7f-49c8fc1e99c8 req-9ea21053-5966-4d6c-8c7f-49c8fc1e99c8 ] Request (ServersWithSpecificFlavorTestJSON:test_verify_created_server_ephemeral_disk): 200 GET http://10.180.1.21/compute/v2.1/servers/d84f0e97-24d3-4b0b-8eff-51cf6bfd980c 0.047s
2025-04-16 12:23:29.764 68270 INFO tempest.lib.common.rest_client [req-f2bb8831-e4da-437b-9767-8c6a55a3fc1b req-f2bb8831-e4da-437b-9767-8c6a55a3fc1b ] Request (ImagesNegativeTestJSON:test_create_image_from_deleted_server): 200 GET http://10.180.1.21/compute/v2.1/servers/188890b5-2189-4499-9856-22dc65b6c6f1 0.051s
2025-04-16 12:23:29.807 68222 INFO tempest.lib.common.rest_client [req-d97ce5a7-bd0b-487a-917b-420c9f8a102d req-d97ce5a7-bd0b-487a-917b-420c9f8a102d ] Request (InstanceActionsV221TestJSON:test_get_list_deleted_instance_actions): 200 GET http://10.180.1.21/compute/v2.1/servers/2be271b8-775a-4c51-aa27-75a6a29e270b 0.068s
2025-04-16 12:23:29.817 68260 INFO tempest.lib.common.rest_client [req-e56d7f64-1957-4c71-88f2-dc489c843444 req-e56d7f64-1957-4c71-88f2-dc489c843444 ] Request (ImagesOneServerTestJSON:setUpClass): 200 GET http://10.180.1.21/compute/v2.1/servers/8b261c6e-741c-4d6c-9567-566af85cd68f 0.123s
2025-04-16 12:23:29.874 68218 INFO tempest.lib.common.rest_client [req-abdd3f25-6ed3-4ce8-8a44-1ddc69ecb2af req-abdd3f25-6ed3-4ce8-8a44-1ddc69ecb2af ] Request (ServerDiskConfigTestJSON:test_rebuild_server_with_auto_disk_config): 200 GET http://10.180.1.21/compute/v2.1/servers/38541c24-fc6b-4385-91bf-de25df66a798 0.047s
2025-04-16 12:23:29.943 68232 INFO tempest.lib.common.rest_client [req-0ce50179-9939-4193-9a00-dc07e316a478 req-0ce50179-9939-4193-9a00-dc07e316a478 ] Request (ServerActionsTestOtherB:setUpClass): 200 GET http://10.180.1.21/compute/v2.1/servers/658d81c6-dd54-4af5-b51f-6b0ce8fb9336 0.044s
2025-04-16 12:23:29.949 68220 INFO tempest.lib.common.rest_client [req-8cab7623-8185-4a5a-b40d-06417a931482 req-8cab7623-8185-4a5a-b40d-06417a931482 ] Request (TenantUsagesTestJSON:setUpClass): 200 GET http://10.180.1.21/compute/v2.1/servers/e55fdbbb-813d-427c-a53f-5be3fbeeb531 0.125s
2025-04-16 12:23:30.010 68266 INFO tempest.lib.common.rest_client [req-ed225333-8387-4a6b-9779-95dac168881b req-ed225333-8387-4a6b-9779-95dac168881b ] Request (ServersAdmin275Test:test_rebuild_update_server_275): 200 GET http://10.180.1.21/compute/v2.1/servers/f50fc747-d3b4-456c-b86f-a086a7968329 0.053s
2025-04-16 12:23:30.064 68264 INFO tempest.lib.common.rest_client [req-b4e32aa3-b9d0-4c1a-973b-3c12887495b1 req-b4e32aa3-b9d0-4c1a-973b-3c12887495b1 ] Request (ServerAddressesTestJSON:setUpClass): 200 GET http://10.180.1.21/compute/v2.1/servers/9c586d33-c563-45c7-8c54-1638a78a669c 0.159s
2025-04-16 12:23:30.093 68228 INFO tempest.lib.common.rest_client [req-1bc9799a-646a-4a66-ae68-6cb99ba4f033 req-1bc9799a-646a-4a66-ae68-6cb99ba4f033 ] Request (DeleteServersAdminTestJSON:test_admin_delete_servers_of_others): 200 GET http://10.180.1.21/compute/v2.1/servers/82096302-bbdd-49b4-bd19-bdf75343e03a 0.111s
2025-04-16 12:23:30.108 68273 INFO tempest.lib.common.rest_client [req-36330ff0-b365-490e-8fcf-7129dad00cda req-36330ff0-b365-490e-8fcf-7129dad00cda ] Request (SecurityGroupsTestJSON:test_list_security_groups_by_server): 200 GET http://10.180.1.21/compute/v2.1/servers/45e517a6-1ef1-4082-b5f9-24a9c932630c 0.109s
2025-04-16 12:23:30.137 68212 INFO tempest.lib.common.rest_client [req-1ef1ff4f-6d93-498c-a6bb-6211d623707c req-1ef1ff4f-6d93-498c-a6bb-6211d623707c ] Request (FloatingIPsAssociationTestJSON:setUpClass): 200 GET http://10.180.1.21/compute/v2.1/servers/743b56db-49a0-4af7-96bc-a3fc6025fa19 0.112s
2025-04-16 12:23:30.299 68238 INFO tempest.lib.common.rest_client [req-a616a315-9d7a-4a7f-8ae7-8095eade18d5 req-a616a315-9d7a-4a7f-8ae7-8095eade18d5 ] Request (ServerDiagnosticsTest:test_get_server_diagnostics): 200 GET http://10.180.1.21/compute/v2.1/servers/bd297ef0-fa45-43c1-ab4e-14bcce806b35 0.086s
2025-04-16 12:23:30.300 68224 INFO tempest.lib.common.rest_client [req-653f26a0-dffd-43a5-b8c7-b4d91bbb60b2 req-653f26a0-dffd-43a5-b8c7-b4d91bbb60b2 ] Request (MigrationsAdminTest:test_list_migrations_in_flavor_resize_situation): 200 GET http://10.180.1.21/compute/v2.1/servers/8c1f8c1e-b86a-40bc-b3af-335c1ad3d77b 0.086s
2025-04-16 12:23:30.389 68250 INFO tempest.lib.common.rest_client [req-6efa3988-e6e7-4777-a837-5863ec8947e4 req-6efa3988-e6e7-4777-a837-5863ec8947e4 ] Request (ServerDiagnosticsNegativeTest:test_get_server_diagnostics_by_non_admin): 200 GET http://10.180.1.21/compute/v2.1/servers/371aeb17-ad59-4a01-88f7-466dfee8d293 0.087s
2025-04-16 12:23:30.403 68236 INFO tempest.lib.common.rest_client [req-5b2fe9dc-85d4-40a6-8225-d023d848734a req-5b2fe9dc-85d4-40a6-8225-d023d848734a ] Request (ServersAdminNegativeTestJSON:setUpClass): 200 GET http://10.180.1.21/compute/v2.1/servers/93509103-8c02-420d-bcaa-c2cf0847b1f0 0.087s
2025-04-16 12:23:30.430 68244 INFO tempest.lib.common.rest_client [req-f4db8cf1-a787-4583-a994-026def5f11d1 req-f4db8cf1-a787-4583-a994-026def5f11d1 ] Request (ServerPasswordTestJSON:setUpClass): 200 GET http://10.180.1.21/compute/v2.1/servers/fed6991c-9b59-43bb-8cda-96053adb798b 0.085s
2025-04-16 12:23:30.445 68242 INFO tempest.lib.common.rest_client [req-0d65b132-a97e-4bd5-b63e-e85e57250041 req-0d65b132-a97e-4bd5-b63e-e85e57250041 ] Request (VolumesAssistedSnapshotsTest:test_volume_assisted_snapshot_create_delete): 200 GET http://10.180.1.21/compute/v2.1/servers/068b288c-194b-4d2c-89c3-8adb7d628cc7 0.086s
2025-04-16 12:23:30.472 68246 INFO tempest.lib.common.rest_client [req-3fa64e57-da51-4090-9fba-86a341c30a14 req-3fa64e57-da51-4090-9fba-86a341c30a14 ] Request (ListImageFiltersTestJSON:setUpClass): 200 GET http://10.180.1.21/compute/v2.1/servers/f963e0c6-8a3d-4872-8cae-07fff845b77f 0.085s
2025-04-16 12:23:30.513 68252 INFO tempest.lib.common.rest_client [req-f10b38fc-03b4-4f39-affa-10d214f8600c req-f10b38fc-03b4-4f39-affa-10d214f8600c ] Request (ServersTestFqdnHostnames:test_create_server_with_fqdn_name): 200 GET http://10.180.1.21/compute/v2.1/servers/9e47d3ce-3897-458b-ac85-d98745e9aeb5 0.070s
2025-04-16 12:23:30.559 68274 INFO tempest.lib.common.rest_client [req-bf8ba0de-f7e4-4a8f-9091-50fb33af51dc req-bf8ba0de-f7e4-4a8f-9091-50fb33af51dc ] Request (MultipleCreateTestJSON:test_multiple_create): 200 GET http://10.180.1.21/compute/v2.1/servers/8b5afa56-a56a-4990-9ba7-2c0955579a65 0.072s
2025-04-16 12:23:30.650 68230 INFO tempest.lib.common.rest_client [req-a18f80e5-0ff8-4907-b76f-484b30ea4b0e req-a18f80e5-0ff8-4907-b76f-484b30ea4b0e ] Request (ServerActionsTestOtherA:setUpClass): 200 GET http://10.180.1.21/compute/v2.1/servers/dcb0d0da-a987-46b2-be64-672ee3200eab 0.249s
2025-04-16 12:23:30.679 68258 INFO tempest.lib.common.rest_client [req-0f36c5c9-06f6-4103-8a94-e2f2f688e6bd req-0f36c5c9-06f6-4103-8a94-e2f2f688e6bd ] Request (ImagesOneServerNegativeTestJSON:setUpClass): 200 GET http://10.180.1.21/compute/v2.1/servers/180338df-2738-4eeb-8610-cb130d04f6d2 0.161s
2025-04-16 12:23:30.695 68214 INFO tempest.lib.common.rest_client [req-cc619a26-fa64-4449-9831-8cecaa1c305d req-cc619a26-fa64-4449-9831-8cecaa1c305d ] Request (ServerDiagnosticsV248Test:test_get_server_diagnostics): 200 GET http://10.180.1.21/compute/v2.1/servers/6580c348-f5a4-4f20-a6fb-8942202a526e 0.159s
2025-04-16 12:23:30.723 68226 INFO tempest.lib.common.rest_client [req-208007a2-cfaa-4b3b-97a2-ea1085a25f84 req-208007a2-cfaa-4b3b-97a2-ea1085a25f84 ] Request (ServersTestBootFromVolume:setUpClass): 200 GET http://10.180.1.21/compute/v2.1/servers/8028a7dd-4002-4db3-a738-3926c1d2340e 0.161s
2025-04-16 12:23:30.740 68216 INFO tempest.lib.common.rest_client [req-3f6adcd9-95af-48a9-80fe-de54f715e005 req-3f6adcd9-95af-48a9-80fe-de54f715e005 ] Request (ServersV294TestFqdnHostnames:setUpClass): 200 GET http://10.180.1.21/compute/v2.1/servers/9dc1cdba-3991-4ee2-b92b-2800e17f07a8 0.155s
2025-04-16 12:23:30.765 68254 INFO tempest.lib.common.rest_client [req-87f61cf2-703d-4e9d-97ca-1c6ca3617419 req-87f61cf2-703d-4e9d-97ca-1c6ca3617419 ] Request (ServerGroupTestJSON:test_create_server_with_scheduler_hint_group): 200 GET http://10.180.1.21/compute/v2.1/servers/5b7a605b-7521-40c3-92d1-ce5487f6fedd 0.160s
2025-04-16 12:23:30.781 68248 INFO tempest.lib.common.rest_client [req-64a91bd3-84d1-4c35-bbec-231ec0bf94fe req-64a91bd3-84d1-4c35-bbec-231ec0bf94fe ] Request (ListServerFiltersTestJSON:setUpClass): 200 GET http://10.180.1.21/compute/v2.1/servers/834fdc0b-5b2f-4374-a77a-de970c10e125 0.155s
2025-04-16 12:23:30.810 68234 INFO tempest.lib.common.rest_client [req-27e8ff16-8f91-4a6d-8cc2-f691fbb20acf req-27e8ff16-8f91-4a6d-8cc2-f691fbb20acf ] Request (AttachInterfacesUnderV243Test:test_add_remove_fixed_ip): 200 GET http://10.180.1.21/compute/v2.1/servers/b9a04994-804b-47b8-bc9f-cf4f18f27f5b 0.164s
2025-04-16 12:23:30.826 68256 INFO tempest.lib.common.rest_client [req-dc5847f5-eddb-4514-b1a0-9390386e7f7f req-dc5847f5-eddb-4514-b1a0-9390386e7f7f ] Request (VolumesAdminNegativeTest:test_update_attached_volume_with_nonexistent_volume_in_body): 200 GET http://10.180.1.21/compute/v2.1/servers/707828f6-0267-42ff-95e5-6b328382b017 0.148s
2025-04-16 12:23:30.852 68268 INFO tempest.lib.common.rest_client [req-8a99f32d-6fea-4474-9a7a-c6b5ed7b1f73 req-8a99f32d-6fea-4474-9a7a-c6b5ed7b1f73 ] Request (ServersWithSpecificFlavorTestJSON:test_verify_created_server_ephemeral_disk): 200 GET http://10.180.1.21/compute/v2.1/servers/d84f0e97-24d3-4b0b-8eff-51cf6bfd980c 0.124s
2025-04-16 12:23:30.869 68270 INFO tempest.lib.common.rest_client [req-9fb36673-fd08-4428-a243-43405a7bd791 req-9fb36673-fd08-4428-a243-43405a7bd791 ] Request (ImagesNegativeTestJSON:test_create_image_from_deleted_server): 200 GET http://10.180.1.21/compute/v2.1/servers/188890b5-2189-4499-9856-22dc65b6c6f1 0.096s
2025-04-16 12:23:30.896 68222 INFO tempest.lib.common.rest_client [req-944838b7-a02a-41e1-93eb-02f3d3a771b2 req-944838b7-a02a-41e1-93eb-02f3d3a771b2 ] Request (InstanceActionsV221TestJSON:test_get_list_deleted_instance_actions): 200 GET http://10.180.1.21/compute/v2.1/servers/2be271b8-775a-4c51-aa27-75a6a29e270b 0.080s
2025-04-16 12:23:30.937 68218 INFO tempest.lib.common.rest_client [req-0cbfbafd-c974-4daf-9c1d-534d71969412 req-0cbfbafd-c974-4daf-9c1d-534d71969412 ] Request (ServerDiskConfigTestJSON:test_rebuild_server_with_auto_disk_config): 200 GET http://10.180.1.21/compute/v2.1/servers/38541c24-fc6b-4385-91bf-de25df66a798 0.055s
2025-04-16 12:23:30.991 68260 INFO tempest.lib.common.rest_client [req-5add4a2e-5f15-4191-8bda-0bee26847567 req-5add4a2e-5f15-4191-8bda-0bee26847567 ] Request (ImagesOneServerTestJSON:setUpClass): 200 GET http://10.180.1.21/compute/v2.1/servers/8b261c6e-741c-4d6c-9567-566af85cd68f 0.163s
2025-04-16 12:23:30.995 68232 INFO tempest.lib.common.rest_client [req-f5ccdcb8-b355-402f-8945-f807db471d4c req-f5ccdcb8-b355-402f-8945-f807db471d4c ] Request (ServerActionsTestOtherB:setUpClass): 200 GET http://10.180.1.21/compute/v2.1/servers/658d81c6-dd54-4af5-b51f-6b0ce8fb9336 0.045s
2025-04-16 12:23:31.070 68266 INFO tempest.lib.common.rest_client [req-dff5ab48-861c-44df-af43-94e6b9037278 req-dff5ab48-861c-44df-af43-94e6b9037278 ] Request (ServersAdmin275Test:test_rebuild_update_server_275): 200 GET http://10.180.1.21/compute/v2.1/servers/f50fc747-d3b4-456c-b86f-a086a7968329 0.049s
2025-04-16 12:23:31.073 68220 INFO tempest.lib.common.rest_client [req-c809714c-9f34-47af-9838-ed227d789889 req-c809714c-9f34-47af-9838-ed227d789889 ] Request (TenantUsagesTestJSON:setUpClass): 200 GET http://10.180.1.21/compute/v2.1/servers/e55fdbbb-813d-427c-a53f-5be3fbeeb531 0.116s
2025-04-16 12:23:31.156 68264 INFO tempest.lib.common.rest_client [req-d1255d6a-e0d9-4b7c-a7dd-5808298c5e8a req-d1255d6a-e0d9-4b7c-a7dd-5808298c5e8a ] Request (ServerAddressesTestJSON:setUpClass): 200 GET http://10.180.1.21/compute/v2.1/servers/9c586d33-c563-45c7-8c54-1638a78a669c 0.084s
2025-04-16 12:23:31.186 68228 INFO tempest.lib.common.rest_client [req-f45367a9-b061-47a5-88ab-bf3b9b903457 req-f45367a9-b061-47a5-88ab-bf3b9b903457 ] Request (DeleteServersAdminTestJSON:test_admin_delete_servers_of_others): 200 GET http://10.180.1.21/compute/v2.1/servers/82096302-bbdd-49b4-bd19-bdf75343e03a 0.086s
2025-04-16 12:23:31.199 68273 INFO tempest.lib.common.rest_client [req-4f4bf95f-370c-47d2-ace1-5b382ba8c82d req-4f4bf95f-370c-47d2-ace1-5b382ba8c82d ] Request (SecurityGroupsTestJSON:test_list_security_groups_by_server): 200 GET http://10.180.1.21/compute/v2.1/servers/45e517a6-1ef1-4082-b5f9-24a9c932630c 0.083s
2025-04-16 12:23:31.229 68212 INFO tempest.lib.common.rest_client [req-774f2ce4-21e3-4b18-b61d-71c49292dcd6 req-774f2ce4-21e3-4b18-b61d-71c49292dcd6 ] Request (FloatingIPsAssociationTestJSON:setUpClass): 200 GET http://10.180.1.21/compute/v2.1/servers/743b56db-49a0-4af7-96bc-a3fc6025fa19 0.083s
2025-04-16 12:23:31.392 68224 INFO tempest.lib.common.rest_client [req-070ecd9d-7ac3-4bbb-9a21-5ca2de36817c req-070ecd9d-7ac3-4bbb-9a21-5ca2de36817c ] Request (MigrationsAdminTest:test_list_migrations_in_flavor_resize_situation): 200 GET http://10.180.1.21/compute/v2.1/servers/8c1f8c1e-b86a-40bc-b3af-335c1ad3d77b 0.084s
2025-04-16 12:23:31.396 68238 INFO tempest.lib.common.rest_client [req-e7dd61b3-3c31-4cdf-9a16-aaab822ad946 req-e7dd61b3-3c31-4cdf-9a16-aaab822ad946 ] Request (ServerDiagnosticsTest:test_get_server_diagnostics): 200 GET http://10.180.1.21/compute/v2.1/servers/bd297ef0-fa45-43c1-ab4e-14bcce806b35 0.089s
2025-04-16 12:23:31.479 68250 INFO tempest.lib.common.rest_client [req-f07f8b6e-5444-45ce-bc45-42f9e7e8e485 req-f07f8b6e-5444-45ce-bc45-42f9e7e8e485 ] Request (ServerDiagnosticsNegativeTest:test_get_server_diagnostics_by_non_admin): 200 GET http://10.180.1.21/compute/v2.1/servers/371aeb17-ad59-4a01-88f7-466dfee8d293 0.082s
2025-04-16 12:23:31.495 68236 INFO tempest.lib.common.rest_client [req-6ffaddf7-0419-4142-b41e-9401b3338166 req-6ffaddf7-0419-4142-b41e-9401b3338166 ] Request (ServersAdminNegativeTestJSON:setUpClass): 200 GET http://10.180.1.21/compute/v2.1/servers/93509103-8c02-420d-bcaa-c2cf0847b1f0 0.085s
2025-04-16 12:23:31.524 68244 INFO tempest.lib.common.rest_client [req-c207785b-5abf-41fe-b880-79feb9bd0968 req-c207785b-5abf-41fe-b880-79feb9bd0968 ] Request (ServerPasswordTestJSON:setUpClass): 200 GET http://10.180.1.21/compute/v2.1/servers/fed6991c-9b59-43bb-8cda-96053adb798b 0.085s
2025-04-16 12:23:31.536 68242 INFO tempest.lib.common.rest_client [req-6d8a6906-d2a0-4ac4-842a-abecbbaf9b0a req-6d8a6906-d2a0-4ac4-842a-abecbbaf9b0a ] Request (VolumesAssistedSnapshotsTest:test_volume_assisted_snapshot_create_delete): 200 GET http://10.180.1.21/compute/v2.1/servers/068b288c-194b-4d2c-89c3-8adb7d628cc7 0.083s
2025-04-16 12:23:31.566 68246 INFO tempest.lib.common.rest_client [req-5cdc1f2b-adfd-4614-83b7-b48a9bf5dfeb req-5cdc1f2b-adfd-4614-83b7-b48a9bf5dfeb ] Request (ListImageFiltersTestJSON:setUpClass): 200 GET http://10.180.1.21/compute/v2.1/servers/f963e0c6-8a3d-4872-8cae-07fff845b77f 0.086s
2025-04-16 12:23:31.578 68252 INFO tempest.lib.common.rest_client [req-0fd921d9-c132-48f2-9002-bf1d87894a3e req-0fd921d9-c132-48f2-9002-bf1d87894a3e ] Request (ServersTestFqdnHostnames:test_create_server_with_fqdn_name): 200 GET http://10.180.1.21/compute/v2.1/servers/9e47d3ce-3897-458b-ac85-d98745e9aeb5 0.057s
2025-04-16 12:23:31.610 68274 INFO tempest.lib.common.rest_client [req-9ed5cb59-1d3f-4112-bb47-2fc1a22e6020 req-9ed5cb59-1d3f-4112-bb47-2fc1a22e6020 ] Request (MultipleCreateTestJSON:test_multiple_create): 200 GET http://10.180.1.21/compute/v2.1/servers/8b5afa56-a56a-4990-9ba7-2c0955579a65 0.044s
2025-04-16 12:23:31.709 68230 INFO tempest.lib.common.rest_client [req-f7a47107-d36c-470a-b71a-ea54313b75ef req-f7a47107-d36c-470a-b71a-ea54313b75ef ] Request (ServerActionsTestOtherA:setUpClass): 200 GET http://10.180.1.21/compute/v2.1/servers/dcb0d0da-a987-46b2-be64-672ee3200eab 0.051s
2025-04-16 12:23:31.752 68214 INFO tempest.lib.common.rest_client [req-a2da387a-6fe1-407b-a689-911cfcd2cf14 req-a2da387a-6fe1-407b-a689-911cfcd2cf14 ] Request (ServerDiagnosticsV248Test:test_get_server_diagnostics): 200 GET http://10.180.1.21/compute/v2.1/servers/6580c348-f5a4-4f20-a6fb-8942202a526e 0.048s
2025-04-16 12:23:31.773 68258 INFO tempest.lib.common.rest_client [req-34ed0d11-adec-4311-a2ee-a83e7d64957b req-34ed0d11-adec-4311-a2ee-a83e7d64957b ] Request (ImagesOneServerNegativeTestJSON:setUpClass): 200 GET http://10.180.1.21/compute/v2.1/servers/180338df-2738-4eeb-8610-cb130d04f6d2 0.087s
2025-04-16 12:23:31.798 68226 INFO tempest.lib.common.rest_client [req-790a8a82-899c-49d6-a11c-57f3b8959e33 req-790a8a82-899c-49d6-a11c-57f3b8959e33 ] Request (ServersTestBootFromVolume:setUpClass): 200 GET http://10.180.1.21/compute/v2.1/servers/8028a7dd-4002-4db3-a738-3926c1d2340e 0.066s
2025-04-16 12:23:31.822 68216 INFO tempest.lib.common.rest_client [req-30030ed1-cdbe-45c8-92a3-c9619fbecb5e req-30030ed1-cdbe-45c8-92a3-c9619fbecb5e ] Request (ServersV294TestFqdnHostnames:setUpClass): 200 GET http://10.180.1.21/compute/v2.1/servers/9dc1cdba-3991-4ee2-b92b-2800e17f07a8 0.072s
2025-04-16 12:23:31.840 68254 INFO tempest.lib.common.rest_client [req-c5f1adb2-9d38-4d89-b0ad-fd41c89a4331 req-c5f1adb2-9d38-4d89-b0ad-fd41c89a4331 ] Request (ServerGroupTestJSON:test_create_server_with_scheduler_hint_group): 200 GET http://10.180.1.21/compute/v2.1/servers/5b7a605b-7521-40c3-92d1-ce5487f6fedd 0.067s
2025-04-16 12:23:31.872 68248 INFO tempest.lib.common.rest_client [req-770d9504-e6df-4656-a4b8-94fc4f1f2e66 req-770d9504-e6df-4656-a4b8-94fc4f1f2e66 ] Request (ListServerFiltersTestJSON:setUpClass): 200 GET http://10.180.1.21/compute/v2.1/servers/834fdc0b-5b2f-4374-a77a-de970c10e125 0.083s
2025-04-16 12:23:31.884 68234 INFO tempest.lib.common.rest_client [req-33fd6e13-2706-4438-b5af-a93d8e4c6c6f req-33fd6e13-2706-4438-b5af-a93d8e4c6c6f ] Request (AttachInterfacesUnderV243Test:test_add_remove_fixed_ip): 200 GET http://10.180.1.21/compute/v2.1/servers/b9a04994-804b-47b8-bc9f-cf4f18f27f5b 0.066s
2025-04-16 12:23:31.919 68256 INFO tempest.lib.common.rest_client [req-f25862cb-5f03-40a6-93e8-1106398f5d47 req-f25862cb-5f03-40a6-93e8-1106398f5d47 ] Request (VolumesAdminNegativeTest:test_update_attached_volume_with_nonexistent_volume_in_body): 200 GET http://10.180.1.21/compute/v2.1/servers/707828f6-0267-42ff-95e5-6b328382b017 0.085s
2025-04-16 12:23:31.926 68268 INFO tempest.lib.common.rest_client [req-b7c6943f-2fcd-4fa0-a8f4-f5b65b73086e req-b7c6943f-2fcd-4fa0-a8f4-f5b65b73086e ] Request (ServersWithSpecificFlavorTestJSON:test_verify_created_server_ephemeral_disk): 200 GET http://10.180.1.21/compute/v2.1/servers/d84f0e97-24d3-4b0b-8eff-51cf6bfd980c 0.066s
2025-04-16 12:23:31.960 68270 INFO tempest.lib.common.rest_client [req-d818adaf-3d71-4789-9a08-fc1cc1cdce51 req-d818adaf-3d71-4789-9a08-fc1cc1cdce51 ] Request (ImagesNegativeTestJSON:test_create_image_from_deleted_server): 200 GET http://10.180.1.21/compute/v2.1/servers/188890b5-2189-4499-9856-22dc65b6c6f1 0.083s
2025-04-16 12:23:31.972 68222 INFO tempest.lib.common.rest_client [req-db620474-dcb7-4ad0-8b81-daefb69af7e6 req-db620474-dcb7-4ad0-8b81-daefb69af7e6 ] Request (InstanceActionsV221TestJSON:test_get_list_deleted_instance_actions): 200 GET http://10.180.1.21/compute/v2.1/servers/2be271b8-775a-4c51-aa27-75a6a29e270b 0.065s
2025-04-16 12:23:32.004 68218 INFO tempest.lib.common.rest_client [req-877d3097-ab4f-46b8-9686-1c0d289e534a req-877d3097-ab4f-46b8-9686-1c0d289e534a ] Request (ServerDiskConfigTestJSON:test_rebuild_server_with_auto_disk_config): 200 GET http://10.180.1.21/compute/v2.1/servers/38541c24-fc6b-4385-91bf-de25df66a798 0.059s
2025-04-16 12:23:32.047 68232 INFO tempest.lib.common.rest_client [req-e70586e0-2055-4ee8-81ef-fcf43c63f683 req-e70586e0-2055-4ee8-81ef-fcf43c63f683 ] Request (ServerActionsTestOtherB:setUpClass): 200 GET http://10.180.1.21/compute/v2.1/servers/658d81c6-dd54-4af5-b51f-6b0ce8fb9336 0.044s
2025-04-16 12:23:32.085 68260 INFO tempest.lib.common.rest_client [req-739d17e9-1e33-4836-aebd-102b720e61bd req-739d17e9-1e33-4836-aebd-102b720e61bd ] Request (ImagesOneServerTestJSON:setUpClass): 200 GET http://10.180.1.21/compute/v2.1/servers/8b261c6e-741c-4d6c-9567-566af85cd68f 0.087s
2025-04-16 12:23:32.131 68266 INFO tempest.lib.common.rest_client [req-bf5e9b90-0cb6-459d-b10c-9393343948bc req-bf5e9b90-0cb6-459d-b10c-9393343948bc ] Request (ServersAdmin275Test:test_rebuild_update_server_275): 200 GET http://10.180.1.21/compute/v2.1/servers/f50fc747-d3b4-456c-b86f-a086a7968329 0.051s
2025-04-16 12:23:32.210 68220 INFO tempest.lib.common.rest_client [req-d734b7e4-3a87-4159-ae5a-f18016bcce01 req-d734b7e4-3a87-4159-ae5a-f18016bcce01 ] Request (TenantUsagesTestJSON:setUpClass): 200 GET http://10.180.1.21/compute/v2.1/servers/e55fdbbb-813d-427c-a53f-5be3fbeeb531 0.129s
2025-04-16 12:23:32.252 68264 INFO tempest.lib.common.rest_client [req-a3dd37e9-6dc2-4bf2-a08c-d414aac4463f req-a3dd37e9-6dc2-4bf2-a08c-d414aac4463f ] Request (ServerAddressesTestJSON:setUpClass): 200 GET http://10.180.1.21/compute/v2.1/servers/9c586d33-c563-45c7-8c54-1638a78a669c 0.088s
2025-04-16 12:23:32.291 68228 INFO tempest.lib.common.rest_client [req-142da602-9e4f-419c-a6cd-6d10a63f9021 req-142da602-9e4f-419c-a6cd-6d10a63f9021 ] Request (DeleteServersAdminTestJSON:test_admin_delete_servers_of_others): 200 GET http://10.180.1.21/compute/v2.1/servers/82096302-bbdd-49b4-bd19-bdf75343e03a 0.097s
2025-04-16 12:23:32.295 68273 INFO tempest.lib.common.rest_client [req-216a4985-645d-4635-970e-6afa9b7b561f req-216a4985-645d-4635-970e-6afa9b7b561f ] Request (SecurityGroupsTestJSON:test_list_security_groups_by_server): 200 GET http://10.180.1.21/compute/v2.1/servers/45e517a6-1ef1-4082-b5f9-24a9c932630c 0.089s
2025-04-16 12:23:32.334 68212 INFO tempest.lib.common.rest_client [req-b1dd13d2-9335-4391-9917-0e73a785c2fd req-b1dd13d2-9335-4391-9917-0e73a785c2fd ] Request (FloatingIPsAssociationTestJSON:setUpClass): 200 GET http://10.180.1.21/compute/v2.1/servers/743b56db-49a0-4af7-96bc-a3fc6025fa19 0.097s
