2025-04-16 12:22:01.070 68268 INFO tempest.lib.common.rest_client [req-01adbe03-12f4-4cbc-bbfd-4406c1d88d06 req-01adbe03-12f4-4cbc-bbfd-4406c1d88d06 ] Request (ServersWithSpecificFlavorTestJSON:setUpClass): 201 POST http://10.180.1.21:9696/networking/v2.0/routers 3.049s
2025-04-16 12:22:01.070 68214 INFO tempest.lib.common.dynamic_creds [-] Created isolated network resources for: credentials: Credentials: {'domain_id': 'default', 'domain_name': 'Default', 'username': 'tempest-InstanceUsageAuditLogTestJSON-1600662209-project-member', 'project_domain_id': 'default', 'project_domain_name': 'Default', 'project_id': '949e9c78dfa245a1a355cda084e5edcc', 'project_name': 'tempest-InstanceUsageAuditLogTestJSON-1600662209', 'tenant_id': '949e9c78dfa245a1a355cda084e5edcc', 'tenant_name': 'tempest-InstanceUsageAuditLogTestJSON-1600662209', 'user_domain_id': 'default', 'user_domain_name': 'Default', 'user_id': '7dd801e3a55b4df08ef8495732401a56', 'system': None}, Network: None, Subnet: None, Router: None
2025-04-16 12:22:01.128 68236 INFO tempest.lib.common.rest_client [req-d5480544-d138-412c-b32c-7155ca4c93c7 req-d5480544-d138-412c-b32c-7155ca4c93c7 ] Request (ServersAdminNegativeTestJSON:setUpClass): 201 POST http://10.180.1.21/identity/v3/auth/tokens 0.687s
2025-04-16 12:22:01.129 68236 INFO tempest.lib.common.fixed_network [-] (ServersAdminNegativeTestJSON:setUpClass) Found network None available for tenant
2025-04-16 12:22:01.164 68262 INFO tempest.lib.common.rest_client [req-d327abac-f111-4936-ad3e-d3502df4215f req-d327abac-f111-4936-ad3e-d3502df4215f ] Request (AggregatesAdminNegativeTestJSON:test_aggregate_add_existent_host): 200 POST http://10.180.1.21/compute/v2.1/os-aggregates/1/action 2.099s
2025-04-16 12:22:01.181 68248 INFO tempest.lib.common.rest_client [req-e35688b6-1730-44c8-ab40-670df3ab028c req-e35688b6-1730-44c8-ab40-670df3ab028c ] Request (FlavorsV255TestJSON:setUpClass): 201 POST http://10.180.1.21/identity/v3/auth/tokens 0.701s
2025-04-16 12:22:01.239 68244 INFO tempest.lib.common.rest_client [req-f93d540f-0783-4d9d-ba14-05d6be67e10f req-f93d540f-0783-4d9d-ba14-05d6be67e10f ] Request (ImagesMetadataNegativeTestJSON:tearDownClass): 204 DELETE http://10.180.1.21/identity/v3/projects/15ec95c0749c4506bf1b9f0acbdce6c0 0.693s
2025-04-16 12:22:01.260 68270 INFO tempest.lib.common.rest_client [req-896be096-0fc0-4ee3-b74f-10923dcbb616 req-896be096-0fc0-4ee3-b74f-10923dcbb616 ] Request (AZAdminNegativeTestJSON:setUpClass): 201 POST http://10.180.1.21/identity/v3/auth/tokens 0.700s
2025-04-16 12:22:01.315 68254 INFO tempest.lib.common.rest_client [req-664956bb-5184-43e3-b94d-10bf5b8284e2 req-664956bb-5184-43e3-b94d-10bf5b8284e2 ] Request (ServicesAdminNegativeTestJSON:setUpClass): 201 POST http://10.180.1.21/identity/v3/auth/tokens 0.725s
2025-04-16 12:22:01.345 68238 INFO tempest.lib.common.rest_client [req-330cb8e3-1231-4f56-bd32-7add92ff2fd3 req-330cb8e3-1231-4f56-bd32-7add92ff2fd3 ] Request (ServerDiagnosticsTest:setUpClass): 201 POST http://10.180.1.21/identity/v3/auth/tokens 0.708s
2025-04-16 12:22:01.376 68230 INFO tempest.lib.common.rest_client [req-1f58dfb9-87f9-4245-9c9e-014a71c229ff req-1f58dfb9-87f9-4245-9c9e-014a71c229ff ] Request (QuotasAdminTestV236:test_get_updated_quotas): 200 GET http://10.180.1.21/identity/v3/domains?name=Default 0.669s
2025-04-16 12:22:01.407 68250 INFO tempest.lib.common.rest_client [req-8d385ed4-a4b4-426f-a29a-80552b7345a1 req-8d385ed4-a4b4-426f-a29a-80552b7345a1 ] Request (ServerDiagnosticsNegativeTest:test_get_server_diagnostics_by_non_admin): 201 POST http://10.180.1.21/identity/v3/auth/tokens 0.566s
2025-04-16 12:22:01.408 68250 INFO tempest.lib.common.fixed_network [-] (ServerDiagnosticsNegativeTest:test_get_server_diagnostics_by_non_admin) Found network None available for tenant
2025-04-16 12:22:01.454 68228 INFO tempest.lib.common.rest_client [req-5b8a419a-5216-46f4-838f-60f2cff90490 req-5b8a419a-5216-46f4-838f-60f2cff90490 ] Request (DeleteServersAdminTestJSON:test_admin_delete_servers_of_others): 201 POST http://10.180.1.21/identity/v3/auth/tokens 0.492s
2025-04-16 12:22:01.455 68228 INFO tempest.lib.common.fixed_network [-] (DeleteServersAdminTestJSON:test_admin_delete_servers_of_others) Found network None available for tenant
2025-04-16 12:22:01.461 68266 INFO tempest.lib.common.rest_client [req-2716c8f6-5851-41bb-9f9b-9565a218cdfd req-2716c8f6-5851-41bb-9f9b-9565a218cdfd ] Request (FlavorsExtraSpecsTestJSON:setUpClass): 201 POST http://10.180.1.21/identity/v3/auth/tokens 0.609s
2025-04-16 12:22:01.523 68216 INFO tempest.lib.common.rest_client [req-ab0ae36b-1652-404a-bf13-d2d32ffb790e req-ab0ae36b-1652-404a-bf13-d2d32ffb790e ] Request (FlavorsAccessNegativeTestJSON:setUpClass): 201 POST http://10.180.1.21/identity/v3/projects 0.506s
2025-04-16 12:22:01.534 68214 INFO tempest.lib.common.rest_client [req-78ba467c-53eb-4808-8697-06fc3131ba9f req-78ba467c-53eb-4808-8697-06fc3131ba9f ] Request (InstanceUsageAuditLogTestJSON:setUpClass): 201 POST http://10.180.1.21/identity/v3/auth/tokens 0.459s
2025-04-16 12:22:01.577 68242 INFO tempest.lib.common.rest_client [req-a5a6a8ff-6028-4988-8499-47ace909e28c req-a5a6a8ff-6028-4988-8499-47ace909e28c ] Request (VolumesAssistedSnapshotsTest:setUpClass): 200 PUT http://10.180.1.21:9696/networking/v2.0/routers/94eb5504-075e-4186-96ab-929ce9047aa4/add_router_interface 4.145s
2025-04-16 12:22:01.577 68242 INFO tempest.lib.common.dynamic_creds [-] Created isolated network resources for: credentials: Credentials: {'domain_id': 'default', 'domain_name': 'Default', 'username': 'tempest-VolumesAssistedSnapshotsTest-1589554248-project-member', 'project_domain_id': 'default', 'project_domain_name': 'Default', 'project_id': '4447583ab691495a95ee9508d10898eb', 'project_name': 'tempest-VolumesAssistedSnapshotsTest-1589554248', 'tenant_id': '4447583ab691495a95ee9508d10898eb', 'tenant_name': 'tempest-VolumesAssistedSnapshotsTest-1589554248', 'user_domain_id': 'default', 'user_domain_name': 'Default', 'user_id': 'b6ddfd05612742c4b86aa0f17606c36a', 'system': None}, Network: {'id': '5bc836bd-bed9-4610-9a72-a66d0596ab12', 'name': 'tempest-VolumesAssistedSnapshotsTest-675328993-network', 'tenant_id': '4447583ab691495a95ee9508d10898eb', 'admin_state_up': True, 'mtu': 8950, 'status': 'ACTIVE', 'subnets': [], 'shared': False, 'project_id': '4447583ab691495a95ee9508d10898eb', 'port_security_enabled': True, 'router:external': False, 'provider:network_type': 'vlan', 'provider:physical_network': 'default', 'provider:segmentation_id': 38, 'is_default': False, 'availability_zone_hints': [], 'availability_zones': [], 'ipv4_address_scope': None, 'ipv6_address_scope': None, 'description': '', 'tags': [], 'created_at': '2025-04-16T12:21:56Z', 'updated_at': '2025-04-16T12:21:56Z', 'revision_number': 1}, Subnet: {'id': '01496193-bea5-455d-ab6b-cc67d41543b6', 'name': 'tempest-VolumesAssistedSnapshotsTest-675328993-subnet', 'tenant_id': '4447583ab691495a95ee9508d10898eb', 'network_id': '5bc836bd-bed9-4610-9a72-a66d0596ab12', 'ip_version': 4, 'subnetpool_id': None, 'enable_dhcp': True, 'ipv6_ra_mode': None, 'ipv6_address_mode': None, 'gateway_ip': '192.168.128.1', 'cidr': '192.168.128.0/28', 'allocation_pools': [{'start': '192.168.128.2', 'end': '192.168.128.14'}], 'host_routes': [], 'dns_nameservers': [], 'description': '', 'service_types': [], 'tags': [], 'created_at': '2025-04-16T12:21:56Z', 'updated_at': '2025-04-16T12:21:56Z', 'revision_number': 0, 'project_id': '4447583ab691495a95ee9508d10898eb'}, Router: {'id': '94eb5504-075e-4186-96ab-929ce9047aa4', 'name': 'tempest-VolumesAssistedSnapshotsTest-675328993-router', 'tenant_id': '4447583ab691495a95ee9508d10898eb', 'admin_state_up': True, 'status': 'ACTIVE', 'external_gateway_info': {'network_id': 'b68fbf65-2349-492e-b741-1c9ec157db2b', 'external_fixed_ips': [{'subnet_id': '1fce7193-8bed-4f93-869a-13127a3ee5a1', 'ip_address': '10.180.180.161'}], 'enable_snat': True}, 'description': '', 'availability_zones': [], 'distributed': False, 'ha': False, 'availability_zone_hints': [], 'routes': [], 'flavor_id': None, 'tags': [], 'created_at': '2025-04-16T12:21:56Z', 'updated_at': '2025-04-16T12:21:56Z', 'revision_number': 2, 'project_id': '4447583ab691495a95ee9508d10898eb'}
2025-04-16 12:22:01.615 68220 INFO tempest.lib.common.rest_client [req-a7362511-6f67-465d-a719-2d25d9d13d08 req-a7362511-6f67-465d-a719-2d25d9d13d08 ] Request (TenantUsagesTestJSON:setUpClass): 202 POST http://10.180.1.21/compute/v2.1/servers 2.067s
2025-04-16 12:22:01.621 68244 INFO tempest.lib.common.rest_client [req-4c444c37-d80e-433b-ab94-a5b7923fe1ef req-4c444c37-d80e-433b-ab94-a5b7923fe1ef ] Request (ServerPasswordTestJSON:setUpClass): 201 POST http://10.180.1.21/identity/v3/auth/tokens 0.379s
2025-04-16 12:22:01.643 68224 INFO tempest.lib.common.rest_client [req-7f32f5cf-d493-49c3-83fe-96467f362665 req-7f32f5cf-d493-49c3-83fe-96467f362665 ] Request (MigrationsAdminTest:test_list_migrations): 200 GET http://10.180.1.21/compute/v2.1/os-migrations 1.805s
2025-04-16 12:22:01.705 68238 INFO tempest.lib.common.rest_client [req-1b79ddbf-d27d-4f57-8229-676c79787ee1 req-1b79ddbf-d27d-4f57-8229-676c79787ee1 ] Request (ServerDiagnosticsTest:test_get_server_diagnostics): 201 POST http://10.180.1.21/identity/v3/auth/tokens 0.355s
2025-04-16 12:22:01.706 68238 INFO tempest.lib.common.fixed_network [-] (ServerDiagnosticsTest:test_get_server_diagnostics) Found network None available for tenant
2025-04-16 12:22:01.742 68216 INFO tempest.lib.common.rest_client [req-e26cd720-1c80-438b-8d21-233a3ff80393 req-e26cd720-1c80-438b-8d21-233a3ff80393 ] Request (FlavorsAccessNegativeTestJSON:setUpClass): 201 POST http://10.180.1.21/identity/v3/users 0.218s
2025-04-16 12:22:01.745 68230 INFO tempest.lib.common.rest_client [req-1e809a10-be75-4f77-b2ca-36dd1bb29058 req-1e809a10-be75-4f77-b2ca-36dd1bb29058 ] Request (QuotasAdminTestV236:test_get_updated_quotas): 201 POST http://10.180.1.21/identity/v3/projects 0.368s
2025-04-16 12:22:01.756 68240 INFO tempest.lib.common.rest_client [req-681125bc-84c0-40dc-b6ef-6b68f663c318 req-681125bc-84c0-40dc-b6ef-6b68f663c318 ] Request (HypervisorAdminV228Test:tearDownClass): 200 GET http://10.180.1.21:9696/networking/v2.0/security-groups?tenant_id=014b3b917563444eb81bef7da0d7cf98&name=default 1.609s
2025-04-16 12:22:01.819 68214 INFO tempest.lib.common.rest_client [req-43c146ea-343f-4ac0-a802-432cab952fce req-43c146ea-343f-4ac0-a802-432cab952fce ] Request (InstanceUsageAuditLogTestJSON:setUpClass): 201 POST http://10.180.1.21/identity/v3/projects 0.285s
2025-04-16 12:22:01.847 68242 INFO tempest.lib.common.rest_client [req-6359664c-5259-4d70-b5e3-34d013ee3083 req-6359664c-5259-4d70-b5e3-34d013ee3083 ] Request (VolumesAssistedSnapshotsTest:setUpClass): 201 POST http://10.180.1.21/identity/v3/auth/tokens 0.264s
2025-04-16 12:22:01.922 68244 INFO tempest.lib.common.rest_client [req-63c73ebc-dc80-403e-a4f5-5fe95239461c req-63c73ebc-dc80-403e-a4f5-5fe95239461c ] Request (ServerPasswordTestJSON:setUpClass): 201 POST http://10.180.1.21/identity/v3/auth/tokens 0.294s
2025-04-16 12:22:01.984 68224 INFO tempest.lib.common.rest_client [req-3f0ee549-4a6b-4faa-874c-e51521654dbc req-3f0ee549-4a6b-4faa-874c-e51521654dbc ] Request (MigrationsAdminTest:test_list_migrations_in_flavor_resize_situation): 201 POST http://10.180.1.21/identity/v3/auth/tokens 0.328s
2025-04-16 12:22:01.985 68224 INFO tempest.lib.common.fixed_network [-] (MigrationsAdminTest:test_list_migrations_in_flavor_resize_situation) Found network None available for tenant
2025-04-16 12:22:02.063 68216 INFO tempest.lib.common.rest_client [req-4056be8b-4aa5-4459-bbcb-dd2967ff1268 req-4056be8b-4aa5-4459-bbcb-dd2967ff1268 ] Request (FlavorsAccessNegativeTestJSON:setUpClass): 200 GET http://10.180.1.21/identity/v3/roles 0.321s
2025-04-16 12:22:02.106 68240 INFO tempest.lib.common.rest_client [req-4080b73b-64a1-4277-8fd8-2c611684cef9 req-4080b73b-64a1-4277-8fd8-2c611684cef9 ] Request (HypervisorAdminV228Test:tearDownClass): 204 DELETE http://10.180.1.21:9696/networking/v2.0/security-groups/02180e29-bdf0-4c64-9fd6-6dde2d0ff8ac 0.350s
2025-04-16 12:22:02.118 68214 INFO tempest.lib.common.rest_client [req-0fa4be95-98ee-42d0-9db2-4fbaa8beaf00 req-0fa4be95-98ee-42d0-9db2-4fbaa8beaf00 ] Request (InstanceUsageAuditLogTestJSON:setUpClass): 201 POST http://10.180.1.21/identity/v3/users 0.298s
2025-04-16 12:22:02.153 68230 INFO tempest.lib.common.rest_client [req-413951e4-c84a-4d69-ac43-525c89ef8f11 req-413951e4-c84a-4d69-ac43-525c89ef8f11 ] Request (QuotasAdminTestV236:test_get_updated_quotas): 200 GET http://10.180.1.21/identity/v3/domains?name=Default 0.408s
2025-04-16 12:22:02.164 68242 INFO tempest.lib.common.rest_client [req-719f15f7-c9c3-48f2-a997-5b5130a1c021 req-719f15f7-c9c3-48f2-a997-5b5130a1c021 ] Request (VolumesAssistedSnapshotsTest:setUpClass): 201 POST http://10.180.1.21/identity/v3/projects 0.316s
2025-04-16 12:22:02.227 68244 INFO tempest.lib.common.rest_client [req-9f63f397-9734-408e-8f78-7d8867e3343e req-9f63f397-9734-408e-8f78-7d8867e3343e ] Request (ServerPasswordTestJSON:setUpClass): 200 GET http://10.180.1.21/identity/v3/domains?name=Default 0.304s
2025-04-16 12:22:02.287 68216 INFO tempest.lib.common.rest_client [req-f891655b-caff-4ed7-8805-b7324cb5dd8d req-f891655b-caff-4ed7-8805-b7324cb5dd8d ] Request (FlavorsAccessNegativeTestJSON:setUpClass): 204 PUT http://10.180.1.21/identity/v3/projects/2c91cb689a074161a1c5c1fd30806c34/users/0e060906e9894714ab99146d1fd3873c/roles/af283a3d12b540e89f0295d266562497 0.223s
2025-04-16 12:22:02.287 68216 INFO tempest.lib.common.dynamic_creds [-] Dynamic test user 0e060906e9894714ab99146d1fd3873c is created with scope project and roles: ['member']
2025-04-16 12:22:02.288 68216 INFO tempest.lib.common.dynamic_creds [-] Acquired dynamic creds: credentials: Credentials: {'domain_id': 'default', 'domain_name': 'Default', 'username': 'tempest-FlavorsAccessNegativeTestJSON-393765999-project-member', 'project_domain_id': 'default', 'project_domain_name': 'Default', 'project_id': '2c91cb689a074161a1c5c1fd30806c34', 'project_name': 'tempest-FlavorsAccessNegativeTestJSON-393765999', 'tenant_id': '2c91cb689a074161a1c5c1fd30806c34', 'tenant_name': 'tempest-FlavorsAccessNegativeTestJSON-393765999', 'user_domain_id': 'default', 'user_domain_name': 'Default', 'user_id': '0e060906e9894714ab99146d1fd3873c', 'system': None}, Network: None, Subnet: None, Router: None
2025-04-16 12:22:02.288 68216 INFO tempest.lib.common.dynamic_creds [-] Created isolated network resources for: credentials: Credentials: {'domain_id': 'default', 'domain_name': 'Default', 'username': 'tempest-FlavorsAccessNegativeTestJSON-393765999-project-member', 'project_domain_id': 'default', 'project_domain_name': 'Default', 'project_id': '2c91cb689a074161a1c5c1fd30806c34', 'project_name': 'tempest-FlavorsAccessNegativeTestJSON-393765999', 'tenant_id': '2c91cb689a074161a1c5c1fd30806c34', 'tenant_name': 'tempest-FlavorsAccessNegativeTestJSON-393765999', 'user_domain_id': 'default', 'user_domain_name': 'Default', 'user_id': '0e060906e9894714ab99146d1fd3873c', 'system': None}, Network: None, Subnet: None, Router: None
2025-04-16 12:22:02.308 68234 INFO tempest.lib.common.rest_client [req-0e15ab21-2ecc-4a31-8e6e-795c1c00ef9a req-0e15ab21-2ecc-4a31-8e6e-795c1c00ef9a ] Request (FlavorsAccessTestJSON:test_flavor_access_add_remove): 200 POST http://10.180.1.21/compute/v2.1/flavors/94164176/action 2.244s
2025-04-16 12:22:02.367 68214 INFO tempest.lib.common.rest_client [req-650d0900-904b-4c26-8244-81f4385c9821 req-650d0900-904b-4c26-8244-81f4385c9821 ] Request (InstanceUsageAuditLogTestJSON:setUpClass): 200 GET http://10.180.1.21/identity/v3/roles 0.249s
2025-04-16 12:22:02.404 68242 INFO tempest.lib.common.rest_client [req-99bd5aa0-53ff-4646-981d-c85cd67a9b0e req-99bd5aa0-53ff-4646-981d-c85cd67a9b0e ] Request (VolumesAssistedSnapshotsTest:setUpClass): 201 POST http://10.180.1.21/identity/v3/users 0.240s
2025-04-16 12:22:02.420 68246 INFO tempest.lib.common.rest_client [req-c5a573a9-711a-4677-b55e-685ff21c77d3 req-c5a573a9-711a-4677-b55e-685ff21c77d3 ] Request (NetworksTest:test_get_network): 200 GET http://10.180.1.21/compute/v2.1/os-networks 2.387s
2025-04-16 12:22:02.421 68240 INFO tempest.lib.common.rest_client [req-553bd96d-e4f0-4ec6-85d7-bab34a63e74b req-553bd96d-e4f0-4ec6-85d7-bab34a63e74b ] Request (HypervisorAdminV228Test:tearDownClass): 204 DELETE http://10.180.1.21/identity/v3/projects/014b3b917563444eb81bef7da0d7cf98 0.314s
2025-04-16 12:22:02.421 68240 INFO tempest.lib.common.dynamic_creds [-] Deleting project and security group for project: 54aa4ecbb89a4932b4dd6b8ef4e1a46f
2025-04-16 12:22:02.485 68244 INFO tempest.lib.common.rest_client [req-c2b2e9a6-8156-4bc2-bd1d-8d028e10393c req-c2b2e9a6-8156-4bc2-bd1d-8d028e10393c ] Request (ServerPasswordTestJSON:setUpClass): 201 POST http://10.180.1.21/identity/v3/projects 0.258s
2025-04-16 12:22:02.541 68216 INFO tempest.lib.common.rest_client [req-6fcee45c-a426-4244-af9d-df5a94bff2c0 req-6fcee45c-a426-4244-af9d-df5a94bff2c0 ] Request (FlavorsAccessNegativeTestJSON:setUpClass): 201 POST http://10.180.1.21/identity/v3/auth/tokens 0.250s
2025-04-16 12:22:02.541 68216 WARNING tempest.lib.common.rest_client [-] Deprecated: "tenant_id" property is deprecated for removal, use "project_id" instead
2025-04-16 12:22:02.670 68222 INFO tempest.lib.common.rest_client [req-ca19f392-76fe-463a-a33f-780ad1b037ff req-ca19f392-76fe-463a-a33f-780ad1b037ff ] Request (ServerExternalEventsTest:test_create_server_external_events): 200 GET http://10.180.1.21/compute/v2.1/servers/6ebecddf-098f-447f-a350-6644b50f87f7 2.424s
2025-04-16 12:22:02.678 68214 INFO tempest.lib.common.rest_client [req-59d11b0e-4797-46fb-a81e-32db72c9ea1f req-59d11b0e-4797-46fb-a81e-32db72c9ea1f ] Request (InstanceUsageAuditLogTestJSON:setUpClass): 204 PUT http://10.180.1.21/identity/v3/projects/bdba7017c2084ff2874cc9eceb16d3f8/users/598d038cfb0546a8a16bf0d6da6c2564/roles/b486c8e428744022b05d02e67bf477fb 0.310s
2025-04-16 12:22:02.680 68242 INFO tempest.lib.common.rest_client [req-4fe04a0b-7a69-44f8-8cc2-a439cf92ff83 req-4fe04a0b-7a69-44f8-8cc2-a439cf92ff83 ] Request (VolumesAssistedSnapshotsTest:setUpClass): 200 GET http://10.180.1.21/identity/v3/roles 0.275s
2025-04-16 12:22:02.682 68222 INFO tempest.common.waiters [-] State transition "BUILD/scheduling" ==> "BUILD/spawning" after 3 second wait
2025-04-16 12:22:02.698 68252 INFO tempest.lib.common.rest_client [req-4e21793f-4e20-457e-8860-ad6b90f383c0 req-4e21793f-4e20-457e-8860-ad6b90f383c0 ] Request (HypervisorAdminV253TestBase:test_list_show_detail_hypervisors): 200 GET http://10.180.1.21/compute/v2.1/os-hypervisors/detail?with_servers=True 2.482s
2025-04-16 12:22:02.776 68244 INFO tempest.lib.common.rest_client [req-d7ef9ff5-c14c-407d-88f1-14e70467976c req-d7ef9ff5-c14c-407d-88f1-14e70467976c ] Request (ServerPasswordTestJSON:setUpClass): 201 POST http://10.180.1.21/identity/v3/users 0.290s
2025-04-16 12:22:02.805 68214 INFO tempest.lib.common.rest_client [req-ba4b9509-40de-4c2e-92c9-995edce115f2 req-ba4b9509-40de-4c2e-92c9-995edce115f2 ] Request (InstanceUsageAuditLogTestJSON:setUpClass): 200 GET http://10.180.1.21/identity/v3/roles 0.127s
2025-04-16 12:22:02.835 68240 INFO tempest.lib.common.rest_client [req-87fc5cc4-6f69-4b99-9d8b-c3c4a27e6007 req-87fc5cc4-6f69-4b99-9d8b-c3c4a27e6007 ] Request (HypervisorAdminV228Test:tearDownClass): 200 GET http://10.180.1.21:9696/networking/v2.0/security-groups?tenant_id=54aa4ecbb89a4932b4dd6b8ef4e1a46f&name=default 0.414s
2025-04-16 12:22:02.843 68242 INFO tempest.lib.common.rest_client [req-4671e5c5-1f46-47ad-b177-ed3277c7c2c8 req-4671e5c5-1f46-47ad-b177-ed3277c7c2c8 ] Request (VolumesAssistedSnapshotsTest:setUpClass): 204 PUT http://10.180.1.21/identity/v3/projects/ad0b2b5fb1b541d7a215e5ea141671d1/users/fa0997e41c5743a3bbba718b0c478af8/roles/b486c8e428744022b05d02e67bf477fb 0.162s
2025-04-16 12:22:02.857 68212 INFO tempest.lib.common.rest_client [req-e0876419-beb1-4e79-b8c3-aca95b2248a2 req-e0876419-beb1-4e79-b8c3-aca95b2248a2 ] Request (AZAdminV2TestJSON:test_get_availability_zone_list): 200 GET http://10.180.1.21/compute/v2.1/os-availability-zone 2.453s
2025-04-16 12:22:02.915 68244 INFO tempest.lib.common.rest_client [req-22624899-543d-4112-9a8f-e2ac79d0b3d4 req-22624899-543d-4112-9a8f-e2ac79d0b3d4 ] Request (ServerPasswordTestJSON:setUpClass): 200 GET http://10.180.1.21/identity/v3/roles 0.139s
2025-04-16 12:22:02.940 68214 INFO tempest.lib.common.rest_client [req-c79ad75e-7f13-417f-a298-b09bb2a29c85 req-c79ad75e-7f13-417f-a298-b09bb2a29c85 ] Request (InstanceUsageAuditLogTestJSON:setUpClass): 204 PUT http://10.180.1.21/identity/v3/projects/bdba7017c2084ff2874cc9eceb16d3f8/users/598d038cfb0546a8a16bf0d6da6c2564/roles/b486c8e428744022b05d02e67bf477fb 0.134s
2025-04-16 12:22:02.940 68214 INFO tempest.lib.common.dynamic_creds [-] Dynamic test user 598d038cfb0546a8a16bf0d6da6c2564 is created with scope project and roles: ['admin']
2025-04-16 12:22:02.940 68214 INFO tempest.lib.common.dynamic_creds [-] Acquired dynamic creds: credentials: Credentials: {'domain_id': 'default', 'domain_name': 'Default', 'username': 'tempest-InstanceUsageAuditLogTestJSON-1036287922-project-admin', 'project_domain_id': 'default', 'project_domain_name': 'Default', 'project_id': 'bdba7017c2084ff2874cc9eceb16d3f8', 'project_name': 'tempest-InstanceUsageAuditLogTestJSON-1036287922', 'tenant_id': 'bdba7017c2084ff2874cc9eceb16d3f8', 'tenant_name': 'tempest-InstanceUsageAuditLogTestJSON-1036287922', 'user_domain_id': 'default', 'user_domain_name': 'Default', 'user_id': '598d038cfb0546a8a16bf0d6da6c2564', 'system': None}, Network: None, Subnet: None, Router: None
2025-04-16 12:22:02.941 68214 INFO tempest.lib.common.dynamic_creds [-] Created isolated network resources for: credentials: Credentials: {'domain_id': 'default', 'domain_name': 'Default', 'username': 'tempest-InstanceUsageAuditLogTestJSON-1036287922-project-admin', 'project_domain_id': 'default', 'project_domain_name': 'Default', 'project_id': 'bdba7017c2084ff2874cc9eceb16d3f8', 'project_name': 'tempest-InstanceUsageAuditLogTestJSON-1036287922', 'tenant_id': 'bdba7017c2084ff2874cc9eceb16d3f8', 'tenant_name': 'tempest-InstanceUsageAuditLogTestJSON-1036287922', 'user_domain_id': 'default', 'user_domain_name': 'Default', 'user_id': '598d038cfb0546a8a16bf0d6da6c2564', 'system': None}, Network: None, Subnet: None, Router: None
2025-04-16 12:22:03.011 68274 INFO tempest.lib.common.rest_client [req-d81c90b4-79cb-4660-934b-e5b8b6adcbfc req-d81c90b4-79cb-4660-934b-e5b8b6adcbfc ] Request (FlavorsAdminTestJSON:test_create_flavor_using_string_ram): 200 POST http://10.180.1.21/compute/v2.1/flavors 2.387s
2025-04-16 12:22:03.016 68256 INFO tempest.lib.common.rest_client [req-f7ec2c46-7bbe-42ed-949d-b05c739be74c req-f7ec2c46-7bbe-42ed-949d-b05c739be74c ] Request (VolumesAdminNegativeTest:setUpClass): 201 POST http://10.180.1.21:9696/networking/v2.0/routers 3.685s
2025-04-16 12:22:03.060 68242 INFO tempest.lib.common.rest_client [req-99c3f65c-e4b0-4eb7-8e0d-1222cd3d847a req-99c3f65c-e4b0-4eb7-8e0d-1222cd3d847a ] Request (VolumesAssistedSnapshotsTest:setUpClass): 200 GET http://10.180.1.21/identity/v3/roles 0.217s
2025-04-16 12:22:03.115 68244 INFO tempest.lib.common.rest_client [req-7b717207-b688-4421-a162-4737dbd9fdbc req-7b717207-b688-4421-a162-4737dbd9fdbc ] Request (ServerPasswordTestJSON:setUpClass): 204 PUT http://10.180.1.21/identity/v3/projects/83a096cc635442ba971124ce656fd0eb/users/56fe6806253b4836b1ab6108bf78717f/roles/af283a3d12b540e89f0295d266562497 0.198s
2025-04-16 12:22:03.115 68244 INFO tempest.lib.common.dynamic_creds [-] Dynamic test user 56fe6806253b4836b1ab6108bf78717f is created with scope project and roles: ['member']
2025-04-16 12:22:03.116 68244 INFO tempest.lib.common.dynamic_creds [-] Acquired dynamic creds: credentials: Credentials: {'domain_id': 'default', 'domain_name': 'Default', 'username': 'tempest-ServerPasswordTestJSON-731895431-project-member', 'project_domain_id': 'default', 'project_domain_name': 'Default', 'project_id': '83a096cc635442ba971124ce656fd0eb', 'project_name': 'tempest-ServerPasswordTestJSON-731895431', 'tenant_id': '83a096cc635442ba971124ce656fd0eb', 'tenant_name': 'tempest-ServerPasswordTestJSON-731895431', 'user_domain_id': 'default', 'user_domain_name': 'Default', 'user_id': '56fe6806253b4836b1ab6108bf78717f', 'system': None}, Network: None, Subnet: None, Router: None
2025-04-16 12:22:03.192 68218 INFO tempest.lib.common.rest_client [req-bf7fd77a-9427-4d06-8d0b-f54c7455337d req-bf7fd77a-9427-4d06-8d0b-f54c7455337d ] Request (HypervisorAdminUnderV252Test:test_get_hypervisor_show_servers): 200 GET http://10.180.1.21/compute/v2.1/os-hypervisors 2.526s
2025-04-16 12:22:03.209 68214 INFO tempest.lib.common.rest_client [req-8a0c1310-de68-434b-b082-1ff793e46c47 req-8a0c1310-de68-434b-b082-1ff793e46c47 ] Request (InstanceUsageAuditLogTestJSON:setUpClass): 201 POST http://10.180.1.21/identity/v3/auth/tokens 0.262s
2025-04-16 12:22:03.281 68244 INFO tempest.lib.common.rest_client [req-f7b2998f-18e0-43ff-82a3-9dd5bdde9bd1 req-f7b2998f-18e0-43ff-82a3-9dd5bdde9bd1 ] Request (ServerPasswordTestJSON:setUpClass): 201 POST http://10.180.1.21/identity/v3/auth/tokens 0.165s
2025-04-16 12:22:03.291 68232 INFO tempest.lib.common.rest_client [req-36b2a58b-7ed7-4051-8880-1f3a2a1c9aff req-36b2a58b-7ed7-4051-8880-1f3a2a1c9aff ] Request (HypervisorAdminTestJSON:test_get_hypervisor_list): 200 GET http://10.180.1.21/compute/v2.1/os-hypervisors 2.354s
2025-04-16 12:22:03.292 68242 INFO tempest.lib.common.rest_client [req-80bb408e-dac9-41de-be52-af373cb9bdf5 req-80bb408e-dac9-41de-be52-af373cb9bdf5 ] Request (VolumesAssistedSnapshotsTest:setUpClass): 204 PUT http://10.180.1.21/identity/v3/projects/ad0b2b5fb1b541d7a215e5ea141671d1/users/fa0997e41c5743a3bbba718b0c478af8/roles/b486c8e428744022b05d02e67bf477fb 0.231s
2025-04-16 12:22:03.292 68242 INFO tempest.lib.common.dynamic_creds [-] Dynamic test user fa0997e41c5743a3bbba718b0c478af8 is created with scope project and roles: ['admin']
2025-04-16 12:22:03.292 68242 INFO tempest.lib.common.dynamic_creds [-] Acquired dynamic creds: credentials: Credentials: {'domain_id': 'default', 'domain_name': 'Default', 'username': 'tempest-VolumesAssistedSnapshotsTest-1033975055-project-admin', 'project_domain_id': 'default', 'project_domain_name': 'Default', 'project_id': 'ad0b2b5fb1b541d7a215e5ea141671d1', 'project_name': 'tempest-VolumesAssistedSnapshotsTest-1033975055', 'tenant_id': 'ad0b2b5fb1b541d7a215e5ea141671d1', 'tenant_name': 'tempest-VolumesAssistedSnapshotsTest-1033975055', 'user_domain_id': 'default', 'user_domain_name': 'Default', 'user_id': 'fa0997e41c5743a3bbba718b0c478af8', 'system': None}, Network: None, Subnet: None, Router: None
2025-04-16 12:22:03.467 68273 INFO tempest.lib.common.rest_client [req-d943ca58-2b96-4a22-9257-4d0b2fb0cf83 req-d943ca58-2b96-4a22-9257-4d0b2fb0cf83 ] Request (KeyPairsV210TestJSON:test_admin_manage_keypairs_for_other_users): 201 POST http://10.180.1.21/compute/v2.1/os-keypairs 2.427s
2025-04-16 12:22:03.525 68262 INFO tempest.lib.common.rest_client [req-46af543b-45b7-4723-9361-81314509ebea req-46af543b-45b7-4723-9361-81314509ebea ] Request (AggregatesAdminNegativeTestJSON:test_aggregate_add_existent_host): 409 POST http://10.180.1.21/compute/v2.1/os-aggregates/1/action 2.359s
2025-04-16 12:22:03.627 68248 INFO tempest.lib.common.rest_client [req-3639eb8f-ae75-452d-91d5-052fde50f4b6 req-3639eb8f-ae75-452d-91d5-052fde50f4b6 ] Request (FlavorsV255TestJSON:test_crud_flavor): 200 POST http://10.180.1.21/compute/v2.1/flavors 2.443s
2025-04-16 12:22:03.699 68270 INFO tempest.lib.common.rest_client [req-dc646f0f-27b9-49f2-9717-ced6c58037ff req-dc646f0f-27b9-49f2-9717-ced6c58037ff ] Request (AZAdminNegativeTestJSON:test_get_availability_zone_list_detail_with_non_admin_user): 403 GET http://10.180.1.21/compute/v2.1/os-availability-zone/detail 2.437s
2025-04-16 12:22:03.796 68254 INFO tempest.lib.common.rest_client [req-a051e115-4b45-4124-a3af-1713a272a0f3 req-a051e115-4b45-4124-a3af-1713a272a0f3 ] Request (ServicesAdminNegativeTestJSON:test_get_service_by_invalid_params): 200 GET http://10.180.1.21/compute/v2.1/os-services 2.479s
2025-04-16 12:22:03.814 68270 INFO tempest.lib.common.rest_client [req-efef2446-86ab-45a4-9ec2-6a43bb15a3ce req-efef2446-86ab-45a4-9ec2-6a43bb15a3ce ] Request (AZAdminNegativeTestJSON:tearDownClass): 204 DELETE http://10.180.1.21/identity/v3/users/119a7c0e59944180a9658f3fe3992959 0.106s
2025-04-16 12:22:03.926 68240 INFO tempest.lib.common.rest_client [req-7658d180-83a5-4c87-b980-85ae36bb1ea6 req-7658d180-83a5-4c87-b980-85ae36bb1ea6 ] Request (HypervisorAdminV228Test:tearDownClass): 204 DELETE http://10.180.1.21:9696/networking/v2.0/security-groups/693db4c6-a423-4639-a0c8-ae146e7a063a 1.090s
2025-04-16 12:22:03.935 68270 INFO tempest.lib.common.rest_client [req-a64f9719-6410-43ab-a5ae-c7b1f8a8bc52 req-a64f9719-6410-43ab-a5ae-c7b1f8a8bc52 ] Request (AZAdminNegativeTestJSON:tearDownClass): 204 DELETE http://10.180.1.21/identity/v3/users/ab8ae22104984266b483503df211333d 0.121s
2025-04-16 12:22:03.936 68270 INFO tempest.lib.common.dynamic_creds [-] Deleting project and security group for project: fe221da567924ab5aba029f16af43a6b
2025-04-16 12:22:04.008 68270 INFO tempest.lib.common.rest_client [req-cd5902b2-291c-4c3a-8acf-0e3fb7587c13 req-cd5902b2-291c-4c3a-8acf-0e3fb7587c13 ] Request (AZAdminNegativeTestJSON:tearDownClass): 201 POST http://10.180.1.21/identity/v3/auth/tokens 0.072s
2025-04-16 12:22:04.102 68240 INFO tempest.lib.common.rest_client [req-253f26c9-036d-4fe1-b26b-35dcac83e5a3 req-253f26c9-036d-4fe1-b26b-35dcac83e5a3 ] Request (HypervisorAdminV228Test:tearDownClass): 204 DELETE http://10.180.1.21/identity/v3/projects/54aa4ecbb89a4932b4dd6b8ef4e1a46f 0.175s
2025-04-16 12:22:04.188 68240 INFO tempest.lib.common.rest_client [req-2b0aa1ac-c8ca-4b0b-b3fa-650d19d340ad req-2b0aa1ac-c8ca-4b0b-b3fa-650d19d340ad ] Request (HypervisorAdminNegativeTestJSON:setUpClass): 201 POST http://10.180.1.21/identity/v3/auth/tokens 0.085s
2025-04-16 12:22:04.218 68240 INFO tempest.lib.common.rest_client [req-e3242ce8-9284-4732-a0c9-a306632c4a40 req-e3242ce8-9284-4732-a0c9-a306632c4a40 ] Request (HypervisorAdminNegativeTestJSON:setUpClass): 201 POST http://10.180.1.21/identity/v3/auth/tokens 0.027s
2025-04-16 12:22:04.243 68240 INFO tempest.lib.common.rest_client [req-79c2b07f-f285-4564-933d-dfe035e3add2 req-79c2b07f-f285-4564-933d-dfe035e3add2 ] Request (HypervisorAdminNegativeTestJSON:setUpClass): 200 GET http://10.180.1.21/identity/v3/domains?name=Default 0.024s
2025-04-16 12:22:04.276 68240 INFO tempest.lib.common.rest_client [req-56f01b28-4b4d-4359-8c42-a49f66861aac req-56f01b28-4b4d-4359-8c42-a49f66861aac ] Request (HypervisorAdminNegativeTestJSON:setUpClass): 201 POST http://10.180.1.21/identity/v3/projects 0.033s
2025-04-16 12:22:04.360 68240 INFO tempest.lib.common.rest_client [req-4bc597ef-c072-4e31-ad33-bcd04a5af97c req-4bc597ef-c072-4e31-ad33-bcd04a5af97c ] Request (HypervisorAdminNegativeTestJSON:setUpClass): 201 POST http://10.180.1.21/identity/v3/users 0.084s
2025-04-16 12:22:04.369 68236 INFO tempest.lib.common.rest_client [req-8766be6d-82c4-4515-bb57-1bc5eeb01125 req-8766be6d-82c4-4515-bb57-1bc5eeb01125 ] Request (ServersAdminNegativeTestJSON:setUpClass): 202 POST http://10.180.1.21/compute/v2.1/servers 3.240s
2025-04-16 12:22:04.397 68242 INFO tempest.lib.common.rest_client [req-17aec277-5928-4e99-8ed8-b727174ab039 req-17aec277-5928-4e99-8ed8-b727174ab039 ] Request (VolumesAssistedSnapshotsTest:setUpClass): 201 POST http://10.180.1.21:9696/networking/v2.0/networks 1.105s
2025-04-16 12:22:04.398 68240 INFO tempest.lib.common.rest_client [req-b3258ac8-9c24-482b-a945-29ee8b860bc8 req-b3258ac8-9c24-482b-a945-29ee8b860bc8 ] Request (HypervisorAdminNegativeTestJSON:setUpClass): 200 GET http://10.180.1.21/identity/v3/roles 0.037s
2025-04-16 12:22:04.439 68240 INFO tempest.lib.common.rest_client [req-0d82d151-691e-46fc-85df-3feaafb477b8 req-0d82d151-691e-46fc-85df-3feaafb477b8 ] Request (HypervisorAdminNegativeTestJSON:setUpClass): 204 PUT http://10.180.1.21/identity/v3/projects/46c0c718966949c4894fd730b31cb037/users/17f65bb27a404ed0805eab1962ecbcb7/roles/af283a3d12b540e89f0295d266562497 0.040s
2025-04-16 12:22:04.439 68240 INFO tempest.lib.common.dynamic_creds [-] Dynamic test user 17f65bb27a404ed0805eab1962ecbcb7 is created with scope project and roles: ['member']
2025-04-16 12:22:04.440 68240 INFO tempest.lib.common.dynamic_creds [-] Acquired dynamic creds: credentials: Credentials: {'domain_id': 'default', 'domain_name': 'Default', 'username': 'tempest-HypervisorAdminNegativeTestJSON-47267324-project-member', 'project_domain_id': 'default', 'project_domain_name': 'Default', 'project_id': '46c0c718966949c4894fd730b31cb037', 'project_name': 'tempest-HypervisorAdminNegativeTestJSON-47267324', 'tenant_id': '46c0c718966949c4894fd730b31cb037', 'tenant_name': 'tempest-HypervisorAdminNegativeTestJSON-47267324', 'user_domain_id': 'default', 'user_domain_name': 'Default', 'user_id': '17f65bb27a404ed0805eab1962ecbcb7', 'system': None}, Network: None, Subnet: None, Router: None
2025-04-16 12:22:04.440 68240 INFO tempest.lib.common.dynamic_creds [-] Created isolated network resources for: credentials: Credentials: {'domain_id': 'default', 'domain_name': 'Default', 'username': 'tempest-HypervisorAdminNegativeTestJSON-47267324-project-member', 'project_domain_id': 'default', 'project_domain_name': 'Default', 'project_id': '46c0c718966949c4894fd730b31cb037', 'project_name': 'tempest-HypervisorAdminNegativeTestJSON-47267324', 'tenant_id': '46c0c718966949c4894fd730b31cb037', 'tenant_name': 'tempest-HypervisorAdminNegativeTestJSON-47267324', 'user_domain_id': 'default', 'user_domain_name': 'Default', 'user_id': '17f65bb27a404ed0805eab1962ecbcb7', 'system': None}, Network: None, Subnet: None, Router: None
2025-04-16 12:22:04.516 68240 INFO tempest.lib.common.rest_client [req-91e955a4-e085-4ced-973e-9b7883cab29b req-91e955a4-e085-4ced-973e-9b7883cab29b ] Request (HypervisorAdminNegativeTestJSON:setUpClass): 201 POST http://10.180.1.21/identity/v3/auth/tokens 0.071s
2025-04-16 12:22:04.590 68240 INFO tempest.lib.common.rest_client [req-afb0e79f-e657-4dbe-a6c2-8ad8c4e7bbcd req-afb0e79f-e657-4dbe-a6c2-8ad8c4e7bbcd ] Request (HypervisorAdminNegativeTestJSON:setUpClass): 201 POST http://10.180.1.21/identity/v3/projects 0.073s
2025-04-16 12:22:04.630 68244 INFO tempest.lib.common.rest_client [req-e22243a7-3715-430d-a20f-03d854c279a9 req-e22243a7-3715-430d-a20f-03d854c279a9 ] Request (ServerPasswordTestJSON:setUpClass): 201 POST http://10.180.1.21:9696/networking/v2.0/networks 1.348s
2025-04-16 12:22:04.686 68250 INFO tempest.lib.common.rest_client [req-dfb385f8-50dd-4889-816a-90d4cf495509 req-dfb385f8-50dd-4889-816a-90d4cf495509 ] Request (ServerDiagnosticsNegativeTest:test_get_server_diagnostics_by_non_admin): 202 POST http://10.180.1.21/compute/v2.1/servers 3.277s
2025-04-16 12:22:04.690 68240 INFO tempest.lib.common.rest_client [req-f24ae199-8fd8-4250-9a9e-32742cbde367 req-f24ae199-8fd8-4250-9a9e-32742cbde367 ] Request (HypervisorAdminNegativeTestJSON:setUpClass): 201 POST http://10.180.1.21/identity/v3/users 0.099s
2025-04-16 12:22:04.710 68240 INFO tempest.lib.common.rest_client [req-866b980f-53d5-4e38-95eb-0b3a41088c45 req-866b980f-53d5-4e38-95eb-0b3a41088c45 ] Request (HypervisorAdminNegativeTestJSON:setUpClass): 200 GET http://10.180.1.21/identity/v3/roles 0.020s
2025-04-16 12:22:04.743 68240 INFO tempest.lib.common.rest_client [req-5070a7c1-9c18-400e-aa75-7df15c160a0e req-5070a7c1-9c18-400e-aa75-7df15c160a0e ] Request (HypervisorAdminNegativeTestJSON:setUpClass): 204 PUT http://10.180.1.21/identity/v3/projects/a7ab0f15e3f045b490b8776366ba1eef/users/8877054de8a741129243ade96fbb33cd/roles/b486c8e428744022b05d02e67bf477fb 0.032s
2025-04-16 12:22:04.796 68270 INFO tempest.lib.common.rest_client [req-db5a865a-6c74-42a0-96f9-666e8213da86 req-db5a865a-6c74-42a0-96f9-666e8213da86 ] Request (AZAdminNegativeTestJSON:tearDownClass): 200 GET http://10.180.1.21:9696/networking/v2.0/security-groups?tenant_id=fe221da567924ab5aba029f16af43a6b&name=default 0.787s
2025-04-16 12:22:04.829 68240 INFO tempest.lib.common.rest_client [req-a7b1c20e-94b6-4f47-8568-45f973a80a14 req-a7b1c20e-94b6-4f47-8568-45f973a80a14 ] Request (HypervisorAdminNegativeTestJSON:setUpClass): 200 GET http://10.180.1.21/identity/v3/roles 0.086s
2025-04-16 12:22:04.878 68240 INFO tempest.lib.common.rest_client [req-7843be81-59d4-40a5-a211-344c1d2dd02e req-7843be81-59d4-40a5-a211-344c1d2dd02e ] Request (HypervisorAdminNegativeTestJSON:setUpClass): 204 PUT http://10.180.1.21/identity/v3/projects/a7ab0f15e3f045b490b8776366ba1eef/users/8877054de8a741129243ade96fbb33cd/roles/b486c8e428744022b05d02e67bf477fb 0.048s
2025-04-16 12:22:04.878 68240 INFO tempest.lib.common.dynamic_creds [-] Dynamic test user 8877054de8a741129243ade96fbb33cd is created with scope project and roles: ['admin']
2025-04-16 12:22:04.878 68240 INFO tempest.lib.common.dynamic_creds [-] Acquired dynamic creds: credentials: Credentials: {'domain_id': 'default', 'domain_name': 'Default', 'username': 'tempest-HypervisorAdminNegativeTestJSON-143753443-project-admin', 'project_domain_id': 'default', 'project_domain_name': 'Default', 'project_id': 'a7ab0f15e3f045b490b8776366ba1eef', 'project_name': 'tempest-HypervisorAdminNegativeTestJSON-143753443', 'tenant_id': 'a7ab0f15e3f045b490b8776366ba1eef', 'tenant_name': 'tempest-HypervisorAdminNegativeTestJSON-143753443', 'user_domain_id': 'default', 'user_domain_name': 'Default', 'user_id': '8877054de8a741129243ade96fbb33cd', 'system': None}, Network: None, Subnet: None, Router: None
2025-04-16 12:22:04.878 68240 INFO tempest.lib.common.dynamic_creds [-] Created isolated network resources for: credentials: Credentials: {'domain_id': 'default', 'domain_name': 'Default', 'username': 'tempest-HypervisorAdminNegativeTestJSON-143753443-project-admin', 'project_domain_id': 'default', 'project_domain_name': 'Default', 'project_id': 'a7ab0f15e3f045b490b8776366ba1eef', 'project_name': 'tempest-HypervisorAdminNegativeTestJSON-143753443', 'tenant_id': 'a7ab0f15e3f045b490b8776366ba1eef', 'tenant_name': 'tempest-HypervisorAdminNegativeTestJSON-143753443', 'user_domain_id': 'default', 'user_domain_name': 'Default', 'user_id': '8877054de8a741129243ade96fbb33cd', 'system': None}, Network: None, Subnet: None, Router: None
2025-04-16 12:22:04.957 68266 INFO tempest.lib.common.rest_client [req-ac25196c-75fb-4eac-a932-c90276681589 req-ac25196c-75fb-4eac-a932-c90276681589 ] Request (FlavorsExtraSpecsTestJSON:setUpClass): 200 POST http://10.180.1.21/compute/v2.1/flavors 3.494s
2025-04-16 12:22:05.038 68240 INFO tempest.lib.common.rest_client [req-4133575f-d54e-42c3-ac88-fd73537b95ff req-4133575f-d54e-42c3-ac88-fd73537b95ff ] Request (HypervisorAdminNegativeTestJSON:setUpClass): 201 POST http://10.180.1.21/identity/v3/auth/tokens 0.156s
2025-04-16 12:22:05.089 68220 INFO tempest.lib.common.rest_client [req-8f12e659-c2a6-486e-968e-0a66bf987149 req-8f12e659-c2a6-486e-968e-0a66bf987149 ] Request (TenantUsagesTestJSON:setUpClass): 200 GET http://10.180.1.21/compute/v2.1/servers/e55fdbbb-813d-427c-a53f-5be3fbeeb531 3.472s
2025-04-16 12:22:05.158 68270 INFO tempest.lib.common.rest_client [req-df84cbe9-ebb0-4e70-bbf1-5175d6437f4b req-df84cbe9-ebb0-4e70-bbf1-5175d6437f4b ] Request (AZAdminNegativeTestJSON:tearDownClass): 204 DELETE http://10.180.1.21:9696/networking/v2.0/security-groups/e341deed-865f-458b-8346-37486933af8a 0.357s
2025-04-16 12:22:05.307 68270 INFO tempest.lib.common.rest_client [req-3302ce05-461d-4814-9d63-dbd13e79f4e5 req-3302ce05-461d-4814-9d63-dbd13e79f4e5 ] Request (AZAdminNegativeTestJSON:tearDownClass): 204 DELETE http://10.180.1.21/identity/v3/projects/fe221da567924ab5aba029f16af43a6b 0.149s
2025-04-16 12:22:05.307 68270 INFO tempest.lib.common.dynamic_creds [-] Deleting project and security group for project: b4561b04a0fd4b2e9e6d359b346f5314
2025-04-16 12:22:05.703 68258 INFO tempest.lib.common.rest_client [req-aaeb2092-5071-4007-b2a2-d8353393c820 req-aaeb2092-5071-4007-b2a2-d8353393c820 ] Request (ImagesOneServerNegativeTestJSON:setUpClass): 200 PUT http://10.180.1.21:9696/networking/v2.0/routers/9bbf9409-464a-43fb-8a74-7a5dd6d650e9/add_router_interface 5.111s
2025-04-16 12:22:05.704 68258 INFO tempest.lib.common.dynamic_creds [-] Created isolated network resources for: credentials: Credentials: {'domain_id': 'default', 'domain_name': 'Default', 'username': 'tempest-ImagesOneServerNegativeTestJSON-1686241114-project-member', 'project_domain_id': 'default', 'project_domain_name': 'Default', 'project_id': '9b44c88280d149ddacbbde44b468049e', 'project_name': 'tempest-ImagesOneServerNegativeTestJSON-1686241114', 'tenant_id': '9b44c88280d149ddacbbde44b468049e', 'tenant_name': 'tempest-ImagesOneServerNegativeTestJSON-1686241114', 'user_domain_id': 'default', 'user_domain_name': 'Default', 'user_id': 'ea4aa5c370dc404686e520fc9b18ec77', 'system': None}, Network: {'id': '3ba557bc-4f3d-4dd5-97c0-5303ca5b8c89', 'name': 'tempest-ImagesOneServerNegativeTestJSON-666317981-network', 'tenant_id': '9b44c88280d149ddacbbde44b468049e', 'admin_state_up': True, 'mtu': 8950, 'status': 'ACTIVE', 'subnets': [], 'shared': False, 'project_id': '9b44c88280d149ddacbbde44b468049e', 'port_security_enabled': True, 'router:external': False, 'provider:network_type': 'vlan', 'provider:physical_network': 'default', 'provider:segmentation_id': 618, 'is_default': False, 'availability_zone_hints': [], 'availability_zones': [], 'ipv4_address_scope': None, 'ipv6_address_scope': None, 'description': '', 'tags': [], 'created_at': '2025-04-16T12:21:56Z', 'updated_at': '2025-04-16T12:21:56Z', 'revision_number': 1}, Subnet: {'id': 'c772c00a-4e6f-4f62-8d67-a8e5eca75a65', 'name': 'tempest-ImagesOneServerNegativeTestJSON-666317981-subnet', 'tenant_id': '9b44c88280d149ddacbbde44b468049e', 'network_id': '3ba557bc-4f3d-4dd5-97c0-5303ca5b8c89', 'ip_version': 4, 'subnetpool_id': None, 'enable_dhcp': True, 'ipv6_ra_mode': None, 'ipv6_address_mode': None, 'gateway_ip': '192.168.128.1', 'cidr': '192.168.128.0/28', 'allocation_pools': [{'start': '192.168.128.2', 'end': '192.168.128.14'}], 'host_routes': [], 'dns_nameservers': [], 'description': '', 'service_types': [], 'tags': [], 'created_at': '2025-04-16T12:21:57Z', 'updated_at': '2025-04-16T12:21:57Z', 'revision_number': 0, 'project_id': '9b44c88280d149ddacbbde44b468049e'}, Router: {'id': '9bbf9409-464a-43fb-8a74-7a5dd6d650e9', 'name': 'tempest-ImagesOneServerNegativeTestJSON-666317981-router', 'tenant_id': '9b44c88280d149ddacbbde44b468049e', 'admin_state_up': True, 'status': 'ACTIVE', 'external_gateway_info': {'network_id': 'b68fbf65-2349-492e-b741-1c9ec157db2b', 'external_fixed_ips': [{'subnet_id': '1fce7193-8bed-4f93-869a-13127a3ee5a1', 'ip_address': '10.180.180.138'}], 'enable_snat': True}, 'description': '', 'availability_zones': [], 'distributed': False, 'ha': False, 'availability_zone_hints': [], 'routes': [], 'flavor_id': None, 'tags': [], 'created_at': '2025-04-16T12:21:57Z', 'updated_at': '2025-04-16T12:21:59Z', 'revision_number': 2, 'project_id': '9b44c88280d149ddacbbde44b468049e'}
2025-04-16 12:22:05.749 68228 INFO tempest.lib.common.rest_client [req-33a3a45f-5cdd-4496-8e49-c8e22c8e9e73 req-33a3a45f-5cdd-4496-8e49-c8e22c8e9e73 ] Request (DeleteServersAdminTestJSON:test_admin_delete_servers_of_others): 202 POST http://10.180.1.21/compute/v2.1/servers 4.293s
2025-04-16 12:22:05.799 68258 INFO tempest.lib.common.rest_client [req-32a2558d-c85e-4dfe-95c1-65781c3df576 req-32a2558d-c85e-4dfe-95c1-65781c3df576 ] Request (ImagesOneServerNegativeTestJSON:setUpClass): 201 POST http://10.180.1.21/identity/v3/auth/tokens 0.087s
2025-04-16 12:22:05.832 68260 INFO tempest.lib.common.rest_client [req-78add768-0e17-4bcb-a3a3-320669d86ac9 req-78add768-0e17-4bcb-a3a3-320669d86ac9 ] Request (ImagesOneServerTestJSON:setUpClass): 200 PUT http://10.180.1.21:9696/networking/v2.0/routers/5bd63dc7-a374-44ed-8a1a-f0143938222a/add_router_interface 5.349s
2025-04-16 12:22:05.832 68260 INFO tempest.lib.common.dynamic_creds [-] Created isolated network resources for: credentials: Credentials: {'domain_id': 'default', 'domain_name': 'Default', 'username': 'tempest-ImagesOneServerTestJSON-1759666333-project-member', 'project_domain_id': 'default', 'project_domain_name': 'Default', 'project_id': '28708549a6d54cabb9321784a134305a', 'project_name': 'tempest-ImagesOneServerTestJSON-1759666333', 'tenant_id': '28708549a6d54cabb9321784a134305a', 'tenant_name': 'tempest-ImagesOneServerTestJSON-1759666333', 'user_domain_id': 'default', 'user_domain_name': 'Default', 'user_id': 'bc589955a3704238bddf1b6ebd1340bb', 'system': None}, Network: {'id': '8140da01-5247-483f-8a73-214e2182369e', 'name': 'tempest-ImagesOneServerTestJSON-1878883737-network', 'tenant_id': '28708549a6d54cabb9321784a134305a', 'admin_state_up': True, 'mtu': 8950, 'status': 'ACTIVE', 'subnets': [], 'shared': False, 'project_id': '28708549a6d54cabb9321784a134305a', 'port_security_enabled': True, 'router:external': False, 'provider:network_type': 'vlan', 'provider:physical_network': 'default', 'provider:segmentation_id': 905, 'is_default': False, 'availability_zone_hints': [], 'availability_zones': [], 'ipv4_address_scope': None, 'ipv6_address_scope': None, 'description': '', 'tags': [], 'created_at': '2025-04-16T12:21:56Z', 'updated_at': '2025-04-16T12:21:56Z', 'revision_number': 1}, Subnet: {'id': 'c4b143a8-0873-4b96-ba09-9240306a3e3a', 'name': 'tempest-ImagesOneServerTestJSON-1878883737-subnet', 'tenant_id': '28708549a6d54cabb9321784a134305a', 'network_id': '8140da01-5247-483f-8a73-214e2182369e', 'ip_version': 4, 'subnetpool_id': None, 'enable_dhcp': True, 'ipv6_ra_mode': None, 'ipv6_address_mode': None, 'gateway_ip': '192.168.128.1', 'cidr': '192.168.128.0/28', 'allocation_pools': [{'start': '192.168.128.2', 'end': '192.168.128.14'}], 'host_routes': [], 'dns_nameservers': [], 'description': '', 'service_types': [], 'tags': [], 'created_at': '2025-04-16T12:21:56Z', 'updated_at': '2025-04-16T12:21:56Z', 'revision_number': 0, 'project_id': '28708549a6d54cabb9321784a134305a'}, Router: {'id': '5bd63dc7-a374-44ed-8a1a-f0143938222a', 'name': 'tempest-ImagesOneServerTestJSON-1878883737-router', 'tenant_id': '28708549a6d54cabb9321784a134305a', 'admin_state_up': True, 'status': 'ACTIVE', 'external_gateway_info': {'network_id': 'b68fbf65-2349-492e-b741-1c9ec157db2b', 'external_fixed_ips': [{'subnet_id': '1fce7193-8bed-4f93-869a-13127a3ee5a1', 'ip_address': '10.180.180.128'}], 'enable_snat': True}, 'description': '', 'availability_zones': [], 'distributed': False, 'ha': False, 'availability_zone_hints': [], 'routes': [], 'flavor_id': None, 'tags': [], 'created_at': '2025-04-16T12:21:57Z', 'updated_at': '2025-04-16T12:21:58Z', 'revision_number': 2, 'project_id': '28708549a6d54cabb9321784a134305a'}
2025-04-16 12:22:05.859 68238 INFO tempest.lib.common.rest_client [req-9f05f505-e31a-451a-bc9c-0f2bca225c84 req-9f05f505-e31a-451a-bc9c-0f2bca225c84 ] Request (ServerDiagnosticsTest:test_get_server_diagnostics): 202 POST http://10.180.1.21/compute/v2.1/servers 4.152s
2025-04-16 12:22:05.918 68258 INFO tempest.lib.common.rest_client [req-bd66fad9-bbf1-4f1a-bf93-415ef2cc4580 req-bd66fad9-bbf1-4f1a-bf93-415ef2cc4580 ] Request (ImagesOneServerNegativeTestJSON:setUpClass): 201 POST http://10.180.1.21/identity/v3/auth/tokens 0.069s
2025-04-16 12:22:05.918 68258 INFO tempest.lib.common.fixed_network [-] (ImagesOneServerNegativeTestJSON:setUpClass) Found network {'id': '3ba557bc-4f3d-4dd5-97c0-5303ca5b8c89', 'name': 'tempest-ImagesOneServerNegativeTestJSON-666317981-network', 'tenant_id': '9b44c88280d149ddacbbde44b468049e', 'admin_state_up': True, 'mtu': 8950, 'status': 'ACTIVE', 'subnets': [], 'shared': False, 'project_id': '9b44c88280d149ddacbbde44b468049e', 'port_security_enabled': True, 'router:external': False, 'provider:network_type': 'vlan', 'provider:physical_network': 'default', 'provider:segmentation_id': 618, 'is_default': False, 'availability_zone_hints': [], 'availability_zones': [], 'ipv4_address_scope': None, 'ipv6_address_scope': None, 'description': '', 'tags': [], 'created_at': '2025-04-16T12:21:56Z', 'updated_at': '2025-04-16T12:21:56Z', 'revision_number': 1} available for tenant
2025-04-16 12:22:05.919 68260 INFO tempest.lib.common.rest_client [req-5f6fd6ec-6c8d-4f85-82e1-9d21bb35944e req-5f6fd6ec-6c8d-4f85-82e1-9d21bb35944e ] Request (ImagesOneServerTestJSON:setUpClass): 201 POST http://10.180.1.21/identity/v3/auth/tokens 0.082s
2025-04-16 12:22:06.003 68260 INFO tempest.lib.common.rest_client [req-916c0af9-f698-4943-aab7-49e01dadd867 req-916c0af9-f698-4943-aab7-49e01dadd867 ] Request (ImagesOneServerTestJSON:setUpClass): 201 POST http://10.180.1.21/identity/v3/auth/tokens 0.029s
2025-04-16 12:22:06.004 68260 INFO tempest.lib.common.fixed_network [-] (ImagesOneServerTestJSON:setUpClass) Found network {'id': '8140da01-5247-483f-8a73-214e2182369e', 'name': 'tempest-ImagesOneServerTestJSON-1878883737-network', 'tenant_id': '28708549a6d54cabb9321784a134305a', 'admin_state_up': True, 'mtu': 8950, 'status': 'ACTIVE', 'subnets': [], 'shared': False, 'project_id': '28708549a6d54cabb9321784a134305a', 'port_security_enabled': True, 'router:external': False, 'provider:network_type': 'vlan', 'provider:physical_network': 'default', 'provider:segmentation_id': 905, 'is_default': False, 'availability_zone_hints': [], 'availability_zones': [], 'ipv4_address_scope': None, 'ipv6_address_scope': None, 'description': '', 'tags': [], 'created_at': '2025-04-16T12:21:56Z', 'updated_at': '2025-04-16T12:21:56Z', 'revision_number': 1} available for tenant
2025-04-16 12:22:06.090 68230 INFO tempest.lib.common.rest_client [req-ebc9b6f5-9243-47bb-9abe-d33bf37fca41 req-ebc9b6f5-9243-47bb-9abe-d33bf37fca41 ] Request (QuotasAdminTestV236:test_get_updated_quotas): 200 PUT http://10.180.1.21/compute/v2.1/os-quota-sets/bf7bcd4b690a42eb952b07ceb0325c7a 3.936s
