2025-04-16 12:23:09.475 68222 INFO tempest.lib.common.rest_client [req-cc4fe270-a979-4eea-938f-2218d4b03dab req-cc4fe270-a979-4eea-938f-2218d4b03dab ] Request (ServicesAdminNegativeV253TestJSON:test_get_service_with_valid_service_and_invalid_host): 200 GET http://10.180.1.21/compute/v2.1/os-services 0.174s
2025-04-16 12:23:09.480 68262 INFO tempest.lib.common.rest_client [req-6e375882-a0b6-403f-8723-c956d0d8bc38 req-6e375882-a0b6-403f-8723-c956d0d8bc38 ] Request (QuotasAdminTestJSON:test_get_updated_quotas): 200 GET http://10.180.1.21/identity/v3/domains?name=Default 0.025s
2025-04-16 12:23:09.481 68274 INFO tempest.lib.common.rest_client [req-41f5eab2-f6eb-4d9b-b789-f5a7418dc341 req-41f5eab2-f6eb-4d9b-b789-f5a7418dc341 ] Request (ServicesAdminTestJSON:tearDownClass): 200 GET http://10.180.1.21:9696/networking/v2.0/security-groups?tenant_id=b870671de1bd4e2dadaec2e8c4d650e4&name=default 0.264s
2025-04-16 12:23:09.513 68262 INFO tempest.lib.common.rest_client [req-3fde8019-5488-4f87-8421-da377e5eceee req-3fde8019-5488-4f87-8421-da377e5eceee ] Request (QuotasAdminTestJSON:test_get_updated_quotas): 201 POST http://10.180.1.21/identity/v3/projects 0.032s
2025-04-16 12:23:09.543 68218 INFO tempest.lib.common.rest_client [req-2229ef3c-c370-4c12-9b2f-5816a6e8fbd5 req-2229ef3c-c370-4c12-9b2f-5816a6e8fbd5 ] Request (ServerDiskConfigTestJSON:test_rebuild_server_with_auto_disk_config): 200 GET http://10.180.1.21/compute/v2.1/servers/38541c24-fc6b-4385-91bf-de25df66a798 0.236s
2025-04-16 12:23:09.573 68262 INFO tempest.lib.common.rest_client [req-b4adbb87-470d-4607-ba81-8104c7ab06fe req-b4adbb87-470d-4607-ba81-8104c7ab06fe ] Request (QuotasAdminTestJSON:test_get_updated_quotas): 200 GET http://10.180.1.21/identity/v3/domains?name=Default 0.059s
2025-04-16 12:23:09.635 68274 INFO tempest.lib.common.rest_client [req-edbc33aa-071a-4f07-8387-31ea8e9aac25 req-edbc33aa-071a-4f07-8387-31ea8e9aac25 ] Request (ServicesAdminTestJSON:tearDownClass): 204 DELETE http://10.180.1.21:9696/networking/v2.0/security-groups/4356258f-e777-4c53-a787-dadff4a6627d 0.154s
2025-04-16 12:23:09.643 68230 INFO tempest.lib.common.rest_client [req-cce8546d-de4e-4d23-82a0-b8473b4d2232 req-cce8546d-de4e-4d23-82a0-b8473b4d2232 ] Request (ServerActionsTestOtherA:setUpClass): 201 POST http://10.180.1.21:9696/networking/v2.0/subnets 0.339s
2025-04-16 12:23:09.652 68258 INFO tempest.lib.common.rest_client [req-1a6fb405-e40c-4475-8798-325f97ce4be5 req-1a6fb405-e40c-4475-8798-325f97ce4be5 ] Request (ImagesOneServerNegativeTestJSON:setUpClass): 200 GET http://10.180.1.21/compute/v2.1/servers/180338df-2738-4eeb-8610-cb130d04f6d2 0.416s
2025-04-16 12:23:09.669 68236 INFO tempest.lib.common.rest_client [req-d9cb1588-511f-464b-8289-7377e62646ff req-d9cb1588-511f-464b-8289-7377e62646ff ] Request (ServersAdminNegativeTestJSON:setUpClass): 200 GET http://10.180.1.21/compute/v2.1/servers/93509103-8c02-420d-bcaa-c2cf0847b1f0 0.335s
2025-04-16 12:23:09.722 68274 INFO tempest.lib.common.rest_client [req-8ba78daf-2e02-45ff-a597-30523059982a req-8ba78daf-2e02-45ff-a597-30523059982a ] Request (ServicesAdminTestJSON:tearDownClass): 204 DELETE http://10.180.1.21/identity/v3/projects/b870671de1bd4e2dadaec2e8c4d650e4 0.087s
2025-04-16 12:23:09.723 68274 INFO tempest.lib.common.dynamic_creds [-] Deleting project and security group for project: 416f13e1e52c4f6bb537c05a69ee7783
2025-04-16 12:23:09.734 68266 INFO tempest.lib.common.rest_client [req-708a9626-6c93-4cb7-a76f-ef5107a68f7f req-708a9626-6c93-4cb7-a76f-ef5107a68f7f ] Request (ServersAdmin275Test:test_rebuild_update_server_275): 200 GET http://10.180.1.21/compute/v2.1/servers/f50fc747-d3b4-456c-b86f-a086a7968329 0.305s
2025-04-16 12:23:09.791 68273 INFO tempest.lib.common.rest_client [req-85de86d2-ca15-43a6-b681-a8eeaa11a2f6 req-85de86d2-ca15-43a6-b681-a8eeaa11a2f6 ] Request (SecurityGroupsTestJSON:test_list_security_groups_by_server): 200 GET http://10.180.1.21/compute/v2.1/servers/45e517a6-1ef1-4082-b5f9-24a9c932630c 0.318s
2025-04-16 12:23:09.812 68222 INFO tempest.lib.common.rest_client [req-390eab32-33eb-4d20-bc88-9b78bd25c8af req-390eab32-33eb-4d20-bc88-9b78bd25c8af ] Request (ServicesAdminNegativeV253TestJSON:test_get_service_with_valid_service_and_invalid_host): 200 GET http://10.180.1.21/compute/v2.1/os-services?host=xxx&binary=nova-scheduler 0.334s
2025-04-16 12:23:09.828 68274 INFO tempest.lib.common.rest_client [req-82e8b268-2414-4a96-9672-e3220789b12b req-82e8b268-2414-4a96-9672-e3220789b12b ] Request (ServicesAdminTestJSON:tearDownClass): 200 GET http://10.180.1.21:9696/networking/v2.0/security-groups?tenant_id=416f13e1e52c4f6bb537c05a69ee7783&name=default 0.105s
2025-04-16 12:23:09.863 68212 INFO tempest.lib.common.rest_client [req-97844d6a-87ea-41a1-9239-1ab181139b66 req-97844d6a-87ea-41a1-9239-1ab181139b66 ] Request (FloatingIPsAssociationTestJSON:setUpClass): 200 GET http://10.180.1.21/compute/v2.1/servers/743b56db-49a0-4af7-96bc-a3fc6025fa19 0.376s
2025-04-16 12:23:09.911 68220 INFO tempest.lib.common.rest_client [req-d4813d43-be99-4f1c-af83-d165ab83def4 req-d4813d43-be99-4f1c-af83-d165ab83def4 ] Request (TenantUsagesTestJSON:setUpClass): 200 GET http://10.180.1.21/compute/v2.1/servers/e55fdbbb-813d-427c-a53f-5be3fbeeb531 0.483s
2025-04-16 12:23:09.915 68244 INFO tempest.lib.common.rest_client [req-9ec19235-6c85-4353-97af-bbe9784c0853 req-9ec19235-6c85-4353-97af-bbe9784c0853 ] Request (ServerPasswordTestJSON:setUpClass): 200 GET http://10.180.1.21/compute/v2.1/servers/fed6991c-9b59-43bb-8cda-96053adb798b 0.380s
2025-04-16 12:23:09.921 68274 INFO tempest.lib.common.rest_client [req-d52eb910-680a-4c34-a113-abb70a694fea req-d52eb910-680a-4c34-a113-abb70a694fea ] Request (ServicesAdminTestJSON:tearDownClass): 204 DELETE http://10.180.1.21:9696/networking/v2.0/security-groups/86c75894-6bb2-4c95-8286-4451cf78b2a6 0.092s
2025-04-16 12:23:10.017 68260 INFO tempest.lib.common.rest_client [req-a00f85ed-1af2-4671-8009-cfd1bafc18c6 req-a00f85ed-1af2-4671-8009-cfd1bafc18c6 ] Request (ImagesOneServerTestJSON:setUpClass): 200 GET http://10.180.1.21/compute/v2.1/servers/8b261c6e-741c-4d6c-9567-566af85cd68f 0.421s
2025-04-16 12:23:10.030 68274 INFO tempest.lib.common.rest_client [req-a6c82a6e-9440-47a6-88df-ab6eca846bf6 req-a6c82a6e-9440-47a6-88df-ab6eca846bf6 ] Request (ServicesAdminTestJSON:tearDownClass): 204 DELETE http://10.180.1.21/identity/v3/projects/416f13e1e52c4f6bb537c05a69ee7783 0.109s
2025-04-16 12:23:10.087 68242 INFO tempest.lib.common.rest_client [req-d0dc5da6-8ab8-430a-9dfe-caaa9827e1dd req-d0dc5da6-8ab8-430a-9dfe-caaa9827e1dd ] Request (VolumesAssistedSnapshotsTest:test_volume_assisted_snapshot_create_delete): 200 GET http://10.180.1.21/compute/v2.1/servers/068b288c-194b-4d2c-89c3-8adb7d628cc7 0.447s
2025-04-16 12:23:10.112 68262 INFO tempest.lib.common.rest_client [req-1f599b2c-9cb8-49fb-9590-0e5e3723b033 req-1f599b2c-9cb8-49fb-9590-0e5e3723b033 ] Request (QuotasAdminTestJSON:test_get_updated_quotas): 200 PUT http://10.180.1.21/compute/v2.1/os-quota-sets/11476b6feb1842cca1c0ea75e7500d86 0.539s
2025-04-16 12:23:10.113 68274 INFO tempest.lib.common.rest_client [req-afd643a1-acf6-4743-a579-0208d5b9ac70 req-afd643a1-acf6-4743-a579-0208d5b9ac70 ] Request (MultipleCreateTestJSON:setUpClass): 201 POST http://10.180.1.21/identity/v3/auth/tokens 0.081s
2025-04-16 12:23:10.149 68274 INFO tempest.lib.common.rest_client [req-5306b372-191d-4da0-8539-c82903456b3b req-5306b372-191d-4da0-8539-c82903456b3b ] Request (MultipleCreateTestJSON:setUpClass): 201 POST http://10.180.1.21/identity/v3/auth/tokens 0.033s
2025-04-16 12:23:10.150 68214 INFO tempest.lib.common.rest_client [req-ed15953c-fb84-44c1-9653-f67fa459f2d2 req-ed15953c-fb84-44c1-9653-f67fa459f2d2 ] Request (ServerDiagnosticsV248Test:test_get_server_diagnostics): 200 GET http://10.180.1.21/compute/v2.1/servers/6580c348-f5a4-4f20-a6fb-8942202a526e 0.419s
2025-04-16 12:23:10.175 68274 INFO tempest.lib.common.rest_client [req-1f7149d3-7ac6-4c40-b1af-53dce5e23df0 req-1f7149d3-7ac6-4c40-b1af-53dce5e23df0 ] Request (MultipleCreateTestJSON:setUpClass): 200 GET http://10.180.1.21/identity/v3/domains?name=Default 0.026s
2025-04-16 12:23:10.201 68246 INFO tempest.lib.common.rest_client [req-a857cb57-08f6-4db7-9561-c293bc8fde5c req-a857cb57-08f6-4db7-9561-c293bc8fde5c ] Request (ListImageFiltersTestJSON:setUpClass): 200 GET http://10.180.1.21/compute/v2.1/servers/f963e0c6-8a3d-4872-8cae-07fff845b77f 0.407s
2025-04-16 12:23:10.210 68274 INFO tempest.lib.common.rest_client [req-a14c6373-80f5-4dfa-a9c6-061d32335145 req-a14c6373-80f5-4dfa-a9c6-061d32335145 ] Request (MultipleCreateTestJSON:setUpClass): 201 POST http://10.180.1.21/identity/v3/projects 0.034s
2025-04-16 12:23:10.264 68264 INFO tempest.lib.common.rest_client [req-da77301b-8ec9-4752-925b-2e4848b38513 req-da77301b-8ec9-4752-925b-2e4848b38513 ] Request (ServerAddressesTestJSON:setUpClass): 200 GET http://10.180.1.21/compute/v2.1/servers/9c586d33-c563-45c7-8c54-1638a78a669c 0.490s
2025-04-16 12:23:10.264 68274 INFO tempest.lib.common.rest_client [req-21c1a83e-5817-472e-9a87-a7aefdd14674 req-21c1a83e-5817-472e-9a87-a7aefdd14674 ] Request (MultipleCreateTestJSON:setUpClass): 201 POST http://10.180.1.21/identity/v3/users 0.054s
2025-04-16 12:23:10.290 68274 INFO tempest.lib.common.rest_client [req-ca526ec8-900b-4d90-a447-9fe6cdc2ebac req-ca526ec8-900b-4d90-a447-9fe6cdc2ebac ] Request (MultipleCreateTestJSON:setUpClass): 200 GET http://10.180.1.21/identity/v3/roles 0.025s
2025-04-16 12:23:10.319 68274 INFO tempest.lib.common.rest_client [req-833606fe-3163-43f9-841e-4d7e13da09f9 req-833606fe-3163-43f9-841e-4d7e13da09f9 ] Request (MultipleCreateTestJSON:setUpClass): 204 PUT http://10.180.1.21/identity/v3/projects/e1266b44afe24ae3a93fae94e681d092/users/6739257a88b14c528b2d3a4ec65d102a/roles/af283a3d12b540e89f0295d266562497 0.028s
2025-04-16 12:23:10.320 68274 INFO tempest.lib.common.dynamic_creds [-] Dynamic test user 6739257a88b14c528b2d3a4ec65d102a is created with scope project and roles: ['member']
2025-04-16 12:23:10.320 68274 INFO tempest.lib.common.dynamic_creds [-] Acquired dynamic creds: credentials: Credentials: {'domain_id': 'default', 'domain_name': 'Default', 'username': 'tempest-MultipleCreateTestJSON-150964173-project-member', 'project_domain_id': 'default', 'project_domain_name': 'Default', 'project_id': 'e1266b44afe24ae3a93fae94e681d092', 'project_name': 'tempest-MultipleCreateTestJSON-150964173', 'tenant_id': 'e1266b44afe24ae3a93fae94e681d092', 'tenant_name': 'tempest-MultipleCreateTestJSON-150964173', 'user_domain_id': 'default', 'user_domain_name': 'Default', 'user_id': '6739257a88b14c528b2d3a4ec65d102a', 'system': None}, Network: None, Subnet: None, Router: None
2025-04-16 12:23:10.332 68252 INFO tempest.lib.common.rest_client [req-8ffa8c3a-8485-4877-a2c4-14a6eb93afc8 req-8ffa8c3a-8485-4877-a2c4-14a6eb93afc8 ] Request (ServersTestFqdnHostnames:test_create_server_with_fqdn_name): 200 GET http://10.180.1.21/compute/v2.1/servers/9e47d3ce-3897-458b-ac85-d98745e9aeb5 0.510s
2025-04-16 12:23:10.338 68222 INFO tempest.lib.common.rest_client [req-a505d823-d1b5-4cbe-9de3-a5f3f6bfca23 req-a505d823-d1b5-4cbe-9de3-a5f3f6bfca23 ] Request (ServicesAdminNegativeV253TestJSON:test_list_services_with_non_admin_user): 403 GET http://10.180.1.21/compute/v2.1/os-services 0.522s
2025-04-16 12:23:10.393 68274 INFO tempest.lib.common.rest_client [req-174f7bcd-5f26-4595-9362-7b37ef0fb56a req-174f7bcd-5f26-4595-9362-7b37ef0fb56a ] Request (MultipleCreateTestJSON:setUpClass): 201 POST http://10.180.1.21/identity/v3/auth/tokens 0.073s
2025-04-16 12:23:10.400 68248 INFO tempest.lib.common.rest_client [req-650de6c4-fff8-4638-94a2-6aeeb21d5708 req-650de6c4-fff8-4638-94a2-6aeeb21d5708 ] Request (ListServerFiltersTestJSON:setUpClass): 200 GET http://10.180.1.21/compute/v2.1/servers/834fdc0b-5b2f-4374-a77a-de970c10e125 0.549s
2025-04-16 12:23:10.414 68226 INFO tempest.lib.common.rest_client [req-f99826a2-e20a-41e1-8121-8181cc27d394 req-f99826a2-e20a-41e1-8121-8181cc27d394 ] Request (ServersTestBootFromVolume:setUpClass): 200 GET http://10.180.1.21/compute/v2.1/servers/8028a7dd-4002-4db3-a738-3926c1d2340e 0.498s
2025-04-16 12:23:10.457 68222 INFO tempest.lib.common.rest_client [req-5531ae62-aa11-4d8a-8a24-a723f0748919 req-5531ae62-aa11-4d8a-8a24-a723f0748919 ] Request (ServicesAdminNegativeV253TestJSON:tearDownClass): 204 DELETE http://10.180.1.21/identity/v3/users/fa0a922f83984fc1b36b4febe744b486 0.118s
2025-04-16 12:23:10.481 68216 INFO tempest.lib.common.rest_client [req-718a859b-fde3-4eb2-96d3-a9897ff8ebbc req-718a859b-fde3-4eb2-96d3-a9897ff8ebbc ] Request (ServersV294TestFqdnHostnames:setUpClass): 200 GET http://10.180.1.21/compute/v2.1/servers/9dc1cdba-3991-4ee2-b92b-2800e17f07a8 0.513s
2025-04-16 12:23:10.545 68228 INFO tempest.lib.common.rest_client [req-250623f2-ec28-45bc-ba56-f664d845414f req-250623f2-ec28-45bc-ba56-f664d845414f ] Request (DeleteServersAdminTestJSON:test_admin_delete_servers_of_others): 200 GET http://10.180.1.21/compute/v2.1/servers/82096302-bbdd-49b4-bd19-bdf75343e03a 0.623s
2025-04-16 12:23:10.568 68222 INFO tempest.lib.common.rest_client [req-c4490dd0-0c06-4d1e-88d7-c00b9b3df497 req-c4490dd0-0c06-4d1e-88d7-c00b9b3df497 ] Request (ServicesAdminNegativeV253TestJSON:tearDownClass): 204 DELETE http://10.180.1.21/identity/v3/users/bf18e605f68049e5b6cc240a52b830ef 0.110s
2025-04-16 12:23:10.568 68222 INFO tempest.lib.common.dynamic_creds [-] Deleting project and security group for project: 2b5df0f561a04dfca7a1a59d01bca151
2025-04-16 12:23:10.607 68224 INFO tempest.lib.common.rest_client [req-119e2647-bfac-4cbd-bfa6-f0d8ac91f1c3 req-119e2647-bfac-4cbd-bfa6-f0d8ac91f1c3 ] Request (MigrationsAdminTest:test_list_migrations_in_flavor_resize_situation): 200 GET http://10.180.1.21/compute/v2.1/servers/8c1f8c1e-b86a-40bc-b3af-335c1ad3d77b 0.544s
2025-04-16 12:23:10.619 68230 INFO tempest.lib.common.rest_client [req-171127db-4b04-4e0a-9a20-f7b2cb2f9ff9 req-171127db-4b04-4e0a-9a20-f7b2cb2f9ff9 ] Request (ServerActionsTestOtherA:setUpClass): 201 POST http://10.180.1.21:9696/networking/v2.0/routers 0.976s
2025-04-16 12:23:10.648 68222 INFO tempest.lib.common.rest_client [req-3d97dd36-a65c-4067-a16f-08fb52ab4787 req-3d97dd36-a65c-4067-a16f-08fb52ab4787 ] Request (ServicesAdminNegativeV253TestJSON:tearDownClass): 201 POST http://10.180.1.21/identity/v3/auth/tokens 0.079s
2025-04-16 12:23:10.673 68254 INFO tempest.lib.common.rest_client [req-41e45e4d-d117-487b-bd37-68ce24f1bfaf req-41e45e4d-d117-487b-bd37-68ce24f1bfaf ] Request (ServerGroupTestJSON:test_create_server_with_scheduler_hint_group): 200 GET http://10.180.1.21/compute/v2.1/servers/5b7a605b-7521-40c3-92d1-ce5487f6fedd 0.483s
2025-04-16 12:23:10.721 68262 INFO tempest.lib.common.rest_client [req-5a9d1fc9-376d-4309-b8e8-b29890c81dec req-5a9d1fc9-376d-4309-b8e8-b29890c81dec ] Request (QuotasAdminTestJSON:test_get_updated_quotas): 200 GET http://10.180.1.21/compute/v2.1/os-quota-sets/11476b6feb1842cca1c0ea75e7500d86/detail 0.607s
2025-04-16 12:23:10.757 68262 INFO tempest.lib.common.rest_client [req-ba8747d8-489e-4be5-b5db-9c771412b723 req-ba8747d8-489e-4be5-b5db-9c771412b723 ] Request (QuotasAdminTestJSON:test_get_updated_quotas): 200 GET http://10.180.1.21/identity/v3/domains?name=Default 0.028s
2025-04-16 12:23:10.784 68234 INFO tempest.lib.common.rest_client [req-72cc7377-2704-4640-8272-391256d6ec57 req-72cc7377-2704-4640-8272-391256d6ec57 ] Request (AttachInterfacesUnderV243Test:test_add_remove_fixed_ip): 200 GET http://10.180.1.21/compute/v2.1/servers/b9a04994-804b-47b8-bc9f-cf4f18f27f5b 0.535s
2025-04-16 12:23:10.800 68262 INFO tempest.lib.common.rest_client [req-62014a42-543e-4d00-8121-52568d130769 req-62014a42-543e-4d00-8121-52568d130769 ] Request (QuotasAdminTestJSON:test_get_updated_quotas): 201 POST http://10.180.1.21/identity/v3/users 0.043s
2025-04-16 12:23:10.821 68274 INFO tempest.lib.common.rest_client [req-c3aa170a-c02e-4e38-b294-be90b00e424c req-c3aa170a-c02e-4e38-b294-be90b00e424c ] Request (MultipleCreateTestJSON:setUpClass): 201 POST http://10.180.1.21:9696/networking/v2.0/networks 0.426s
2025-04-16 12:23:10.834 68262 INFO tempest.lib.common.rest_client [req-e6fb0870-d5f0-4761-b0ca-fb5b125c5909 req-e6fb0870-d5f0-4761-b0ca-fb5b125c5909 ] Request (QuotasAdminTestJSON:test_get_updated_quotas): 200 GET http://10.180.1.21/identity/v3/domains?name=Default 0.033s
2025-04-16 12:23:10.863 68238 INFO tempest.lib.common.rest_client [req-d160cbab-1fbf-411f-8c31-cb72a539b88c req-d160cbab-1fbf-411f-8c31-cb72a539b88c ] Request (ServerDiagnosticsTest:test_get_server_diagnostics): 200 GET http://10.180.1.21/compute/v2.1/servers/bd297ef0-fa45-43c1-ab4e-14bcce806b35 0.668s
2025-04-16 12:23:10.894 68222 INFO tempest.lib.common.rest_client [req-94458244-685b-484b-bdac-79aeaca87d3d req-94458244-685b-484b-bdac-79aeaca87d3d ] Request (ServicesAdminNegativeV253TestJSON:tearDownClass): 200 GET http://10.180.1.21:9696/networking/v2.0/security-groups?tenant_id=2b5df0f561a04dfca7a1a59d01bca151&name=default 0.246s
2025-04-16 12:23:10.918 68256 INFO tempest.lib.common.rest_client [req-b67f17eb-df21-400b-baab-49d3fc0a5223 req-b67f17eb-df21-400b-baab-49d3fc0a5223 ] Request (VolumesAdminNegativeTest:test_update_attached_volume_with_nonexistent_volume_in_body): 200 GET http://10.180.1.21/compute/v2.1/servers/707828f6-0267-42ff-95e5-6b328382b017 0.622s
2025-04-16 12:23:10.968 68268 INFO tempest.lib.common.rest_client [req-309c2353-af12-49c0-9ed1-3f5fc9e36c72 req-309c2353-af12-49c0-9ed1-3f5fc9e36c72 ] Request (ServersWithSpecificFlavorTestJSON:test_verify_created_server_ephemeral_disk): 200 GET http://10.180.1.21/compute/v2.1/servers/d84f0e97-24d3-4b0b-8eff-51cf6bfd980c 0.620s
2025-04-16 12:23:11.004 68250 INFO tempest.lib.common.rest_client [req-adf6bdef-3d49-4e11-926e-051ea3400f01 req-adf6bdef-3d49-4e11-926e-051ea3400f01 ] Request (ServerDiagnosticsNegativeTest:test_get_server_diagnostics_by_non_admin): 200 GET http://10.180.1.21/compute/v2.1/servers/371aeb17-ad59-4a01-88f7-466dfee8d293 0.720s
2025-04-16 12:23:11.026 68270 INFO tempest.lib.common.rest_client [req-0568c2df-6edf-4067-a162-f1e0ad05ba5b req-0568c2df-6edf-4067-a162-f1e0ad05ba5b ] Request (ImagesNegativeTestJSON:test_create_image_from_deleted_server): 200 GET http://10.180.1.21/compute/v2.1/servers/188890b5-2189-4499-9856-22dc65b6c6f1 0.666s
2025-04-16 12:23:11.079 68218 INFO tempest.lib.common.rest_client [req-dbfa3c93-9154-4dbe-a577-939124bb5121 req-dbfa3c93-9154-4dbe-a577-939124bb5121 ] Request (ServerDiskConfigTestJSON:test_rebuild_server_with_auto_disk_config): 200 GET http://10.180.1.21/compute/v2.1/servers/38541c24-fc6b-4385-91bf-de25df66a798 0.522s
2025-04-16 12:23:11.097 68232 INFO tempest.lib.common.rest_client [req-174b8864-0091-49e0-9a69-b1e1e34878bc req-174b8864-0091-49e0-9a69-b1e1e34878bc ] Request (ServerActionsTestOtherB:setUpClass): 200 GET http://10.180.1.21/compute/v2.1/servers/658d81c6-dd54-4af5-b51f-6b0ce8fb9336 0.705s
2025-04-16 12:23:11.247 68258 INFO tempest.lib.common.rest_client [req-60c38dff-672b-42ae-853d-f3cb33bf7df5 req-60c38dff-672b-42ae-853d-f3cb33bf7df5 ] Request (ImagesOneServerNegativeTestJSON:setUpClass): 200 GET http://10.180.1.21/compute/v2.1/servers/180338df-2738-4eeb-8610-cb130d04f6d2 0.586s
2025-04-16 12:23:11.296 68266 INFO tempest.lib.common.rest_client [req-0ac0ea7d-9ad8-4a52-8080-bcdfb92bc1d5 req-0ac0ea7d-9ad8-4a52-8080-bcdfb92bc1d5 ] Request (ServersAdmin275Test:test_rebuild_update_server_275): 200 GET http://10.180.1.21/compute/v2.1/servers/f50fc747-d3b4-456c-b86f-a086a7968329 0.552s
2025-04-16 12:23:11.340 68273 INFO tempest.lib.common.rest_client [req-bbf4a156-f62d-4d52-82ff-e83d601b3571 req-bbf4a156-f62d-4d52-82ff-e83d601b3571 ] Request (SecurityGroupsTestJSON:test_list_security_groups_by_server): 200 GET http://10.180.1.21/compute/v2.1/servers/45e517a6-1ef1-4082-b5f9-24a9c932630c 0.539s
2025-04-16 12:23:11.376 68222 INFO tempest.lib.common.rest_client [req-f5e206c9-c348-4e58-b4de-38a65f7a2b3a req-f5e206c9-c348-4e58-b4de-38a65f7a2b3a ] Request (ServicesAdminNegativeV253TestJSON:tearDownClass): 204 DELETE http://10.180.1.21:9696/networking/v2.0/security-groups/178e5fff-32c1-4ecc-b179-59f4db960413 0.481s
2025-04-16 12:23:11.448 68236 INFO tempest.lib.common.rest_client [req-778bf7b7-bb29-49b6-a1fa-584b323ce926 req-778bf7b7-bb29-49b6-a1fa-584b323ce926 ] Request (ServersAdminNegativeTestJSON:setUpClass): 200 GET http://10.180.1.21/compute/v2.1/servers/93509103-8c02-420d-bcaa-c2cf0847b1f0 0.770s
2025-04-16 12:23:11.481 68222 INFO tempest.lib.common.rest_client [req-6f098701-263f-4c3a-b69a-a60d3cfffd8b req-6f098701-263f-4c3a-b69a-a60d3cfffd8b ] Request (ServicesAdminNegativeV253TestJSON:tearDownClass): 204 DELETE http://10.180.1.21/identity/v3/projects/2b5df0f561a04dfca7a1a59d01bca151 0.104s
2025-04-16 12:23:11.481 68222 INFO tempest.lib.common.dynamic_creds [-] Deleting project and security group for project: 9f24e2bbe02f4fcba7406bc1a6214038
2025-04-16 12:23:11.490 68274 INFO tempest.lib.common.rest_client [req-ab4649eb-ebf1-4500-ab1b-53548c006c83 req-ab4649eb-ebf1-4500-ab1b-53548c006c83 ] Request (MultipleCreateTestJSON:setUpClass): 201 POST http://10.180.1.21:9696/networking/v2.0/subnets 0.669s
2025-04-16 12:23:11.507 68262 INFO tempest.lib.common.rest_client [req-50da878c-56a9-4f77-99f3-efc55900f96b req-50da878c-56a9-4f77-99f3-efc55900f96b ] Request (QuotasAdminTestJSON:test_get_updated_quotas): 200 PUT http://10.180.1.21/compute/v2.1/os-quota-sets/11476b6feb1842cca1c0ea75e7500d86?user_id=6104511fe9104114a2288f1e5f92392f 0.672s
2025-04-16 12:23:11.518 68212 INFO tempest.lib.common.rest_client [req-d3520ff6-3931-46ea-8b60-0d815b66c479 req-d3520ff6-3931-46ea-8b60-0d815b66c479 ] Request (FloatingIPsAssociationTestJSON:setUpClass): 200 GET http://10.180.1.21/compute/v2.1/servers/743b56db-49a0-4af7-96bc-a3fc6025fa19 0.647s
2025-04-16 12:23:11.579 68244 INFO tempest.lib.common.rest_client [req-ccaf4faf-7bb4-4594-be49-2aea190f5af7 req-ccaf4faf-7bb4-4594-be49-2aea190f5af7 ] Request (ServerPasswordTestJSON:setUpClass): 200 GET http://10.180.1.21/compute/v2.1/servers/fed6991c-9b59-43bb-8cda-96053adb798b 0.650s
2025-04-16 12:23:11.700 68260 INFO tempest.lib.common.rest_client [req-e1800612-d2da-45c1-8f87-c02a420ce0ad req-e1800612-d2da-45c1-8f87-c02a420ce0ad ] Request (ImagesOneServerTestJSON:setUpClass): 200 GET http://10.180.1.21/compute/v2.1/servers/8b261c6e-741c-4d6c-9567-566af85cd68f 0.672s
2025-04-16 12:23:11.758 68242 INFO tempest.lib.common.rest_client [req-10cb167e-231b-47e5-9467-47790cd2f879 req-10cb167e-231b-47e5-9467-47790cd2f879 ] Request (VolumesAssistedSnapshotsTest:test_volume_assisted_snapshot_create_delete): 200 GET http://10.180.1.21/compute/v2.1/servers/068b288c-194b-4d2c-89c3-8adb7d628cc7 0.663s
2025-04-16 12:23:11.814 68214 INFO tempest.lib.common.rest_client [req-c60564a0-8062-4eb4-83d1-24dabe7dc848 req-c60564a0-8062-4eb4-83d1-24dabe7dc848 ] Request (ServerDiagnosticsV248Test:test_get_server_diagnostics): 200 GET http://10.180.1.21/compute/v2.1/servers/6580c348-f5a4-4f20-a6fb-8942202a526e 0.654s
2025-04-16 12:23:11.865 68246 INFO tempest.lib.common.rest_client [req-95508473-e850-47f4-bd4b-5eca7ed4c666 req-95508473-e850-47f4-bd4b-5eca7ed4c666 ] Request (ListImageFiltersTestJSON:setUpClass): 200 GET http://10.180.1.21/compute/v2.1/servers/f963e0c6-8a3d-4872-8cae-07fff845b77f 0.650s
2025-04-16 12:23:11.872 68222 INFO tempest.lib.common.rest_client [req-44e65258-9043-4b76-ab0b-fd26644ce92e req-44e65258-9043-4b76-ab0b-fd26644ce92e ] Request (ServicesAdminNegativeV253TestJSON:tearDownClass): 200 GET http://10.180.1.21:9696/networking/v2.0/security-groups?tenant_id=9f24e2bbe02f4fcba7406bc1a6214038&name=default 0.391s
2025-04-16 12:23:11.926 68220 INFO tempest.lib.common.rest_client [req-ba9da144-0837-44e0-9d80-71cb7438dbda req-ba9da144-0837-44e0-9d80-71cb7438dbda ] Request (TenantUsagesTestJSON:setUpClass): 200 GET http://10.180.1.21/compute/v2.1/servers/e55fdbbb-813d-427c-a53f-5be3fbeeb531 1.006s
2025-04-16 12:23:12.008 68252 INFO tempest.lib.common.rest_client [req-80dc4678-c29d-4d31-981b-ddd41898a0f9 req-80dc4678-c29d-4d31-981b-ddd41898a0f9 ] Request (ServersTestFqdnHostnames:test_create_server_with_fqdn_name): 200 GET http://10.180.1.21/compute/v2.1/servers/9e47d3ce-3897-458b-ac85-d98745e9aeb5 0.667s
2025-04-16 12:23:12.052 68264 INFO tempest.lib.common.rest_client [req-9715b3a6-36da-496c-b963-5fdda056a65e req-9715b3a6-36da-496c-b963-5fdda056a65e ] Request (ServerAddressesTestJSON:setUpClass): 200 GET http://10.180.1.21/compute/v2.1/servers/9c586d33-c563-45c7-8c54-1638a78a669c 0.776s
2025-04-16 12:23:12.070 68222 INFO tempest.lib.common.rest_client [req-22c22496-56ec-4564-aa53-c93c243aa567 req-22c22496-56ec-4564-aa53-c93c243aa567 ] Request (ServicesAdminNegativeV253TestJSON:tearDownClass): 204 DELETE http://10.180.1.21:9696/networking/v2.0/security-groups/30afaea3-dd09-426b-bdce-ba819177dede 0.197s
2025-04-16 12:23:12.078 68248 INFO tempest.lib.common.rest_client [req-f4037aed-c3db-47e5-a9ba-de8778110d47 req-f4037aed-c3db-47e5-a9ba-de8778110d47 ] Request (ListServerFiltersTestJSON:setUpClass): 200 GET http://10.180.1.21/compute/v2.1/servers/834fdc0b-5b2f-4374-a77a-de970c10e125 0.665s
2025-04-16 12:23:12.126 68226 INFO tempest.lib.common.rest_client [req-6502d55b-50c7-43d5-a8a2-7da58b0b5d44 req-6502d55b-50c7-43d5-a8a2-7da58b0b5d44 ] Request (ServersTestBootFromVolume:setUpClass): 200 GET http://10.180.1.21/compute/v2.1/servers/8028a7dd-4002-4db3-a738-3926c1d2340e 0.700s
2025-04-16 12:23:12.145 68216 INFO tempest.lib.common.rest_client [req-c84ad783-c300-4dd1-b578-2f8b299a09e4 req-c84ad783-c300-4dd1-b578-2f8b299a09e4 ] Request (ServersV294TestFqdnHostnames:setUpClass): 200 GET http://10.180.1.21/compute/v2.1/servers/9dc1cdba-3991-4ee2-b92b-2800e17f07a8 0.654s
2025-04-16 12:23:12.198 68222 INFO tempest.lib.common.rest_client [req-fa8e0445-5c45-46bd-ac71-7e4dc0e2dcfa req-fa8e0445-5c45-46bd-ac71-7e4dc0e2dcfa ] Request (ServicesAdminNegativeV253TestJSON:tearDownClass): 204 DELETE http://10.180.1.21/identity/v3/projects/9f24e2bbe02f4fcba7406bc1a6214038 0.127s
2025-04-16 12:23:12.199 68222 INFO tempest.test [-] raised in TestMultiAttachVolumeSwap.setUpClass. Invoking tearDownClass.
2025-04-16 12:23:12.261 68222 INFO tempest.lib.common.rest_client [req-419f21e9-4e92-48a8-a9fc-6b6be14599a3 req-419f21e9-4e92-48a8-a9fc-6b6be14599a3 ] Request (InstanceActionsV221TestJSON:setUpClass): 201 POST http://10.180.1.21/identity/v3/auth/tokens 0.059s
2025-04-16 12:23:12.271 68230 INFO tempest.lib.common.rest_client [req-c314e1f6-60f6-46e9-b663-9210dfcbeb32 req-c314e1f6-60f6-46e9-b663-9210dfcbeb32 ] Request (ServerActionsTestOtherA:setUpClass): 200 PUT http://10.180.1.21:9696/networking/v2.0/routers/bf7e9690-7f65-4b92-aad2-0b6b98208f35/add_router_interface 1.651s
2025-04-16 12:23:12.271 68230 INFO tempest.lib.common.dynamic_creds [-] Created isolated network resources for: credentials: Credentials: {'domain_id': 'default', 'domain_name': 'Default', 'username': 'tempest-ServerActionsTestOtherA-1206453540-project-member', 'project_domain_id': 'default', 'project_domain_name': 'Default', 'project_id': 'bdc698306c7c4f20bbaf3bd4c3f2b752', 'project_name': 'tempest-ServerActionsTestOtherA-1206453540', 'tenant_id': 'bdc698306c7c4f20bbaf3bd4c3f2b752', 'tenant_name': 'tempest-ServerActionsTestOtherA-1206453540', 'user_domain_id': 'default', 'user_domain_name': 'Default', 'user_id': '7a2dcd72fab249deac89e43b6c54902c', 'system': None}, Network: {'id': '34544caf-4029-42f8-ba36-f79b6007ca28', 'name': 'tempest-ServerActionsTestOtherA-1432159424-network', 'tenant_id': 'bdc698306c7c4f20bbaf3bd4c3f2b752', 'admin_state_up': True, 'mtu': 8950, 'status': 'ACTIVE', 'subnets': [], 'shared': False, 'project_id': 'bdc698306c7c4f20bbaf3bd4c3f2b752', 'port_security_enabled': True, 'router:external': False, 'provider:network_type': 'vlan', 'provider:physical_network': 'default', 'provider:segmentation_id': 420, 'is_default': False, 'availability_zone_hints': [], 'availability_zones': [], 'ipv4_address_scope': None, 'ipv6_address_scope': None, 'description': '', 'tags': [], 'created_at': '2025-04-16T12:23:09Z', 'updated_at': '2025-04-16T12:23:09Z', 'revision_number': 1}, Subnet: {'id': 'b6cb64e8-68b6-4f83-b87c-ad054044ffee', 'name': 'tempest-ServerActionsTestOtherA-1432159424-subnet', 'tenant_id': 'bdc698306c7c4f20bbaf3bd4c3f2b752', 'network_id': '34544caf-4029-42f8-ba36-f79b6007ca28', 'ip_version': 4, 'subnetpool_id': None, 'enable_dhcp': True, 'ipv6_ra_mode': None, 'ipv6_address_mode': None, 'gateway_ip': '192.168.128.1', 'cidr': '192.168.128.0/28', 'allocation_pools': [{'start': '192.168.128.2', 'end': '192.168.128.14'}], 'host_routes': [], 'dns_nameservers': [], 'description': '', 'service_types': [], 'tags': [], 'created_at': '2025-04-16T12:23:09Z', 'updated_at': '2025-04-16T12:23:09Z', 'revision_number': 0, 'project_id': 'bdc698306c7c4f20bbaf3bd4c3f2b752'}, Router: {'id': 'bf7e9690-7f65-4b92-aad2-0b6b98208f35', 'name': 'tempest-ServerActionsTestOtherA-1432159424-router', 'tenant_id': 'bdc698306c7c4f20bbaf3bd4c3f2b752', 'admin_state_up': True, 'status': 'ACTIVE', 'external_gateway_info': {'network_id': 'b68fbf65-2349-492e-b741-1c9ec157db2b', 'external_fixed_ips': [{'subnet_id': '1fce7193-8bed-4f93-869a-13127a3ee5a1', 'ip_address': '10.180.180.240'}], 'enable_snat': True}, 'description': '', 'availability_zones': [], 'distributed': False, 'ha': False, 'availability_zone_hints': [], 'routes': [], 'flavor_id': None, 'tags': [], 'created_at': '2025-04-16T12:23:09Z', 'updated_at': '2025-04-16T12:23:10Z', 'revision_number': 2, 'project_id': 'bdc698306c7c4f20bbaf3bd4c3f2b752'}
2025-04-16 12:23:12.290 68222 INFO tempest.lib.common.rest_client [req-4cf62d7e-23d4-4384-9607-0396c9e57bff req-4cf62d7e-23d4-4384-9607-0396c9e57bff ] Request (InstanceActionsV221TestJSON:setUpClass): 201 POST http://10.180.1.21/identity/v3/auth/tokens 0.025s
2025-04-16 12:23:12.293 68228 INFO tempest.lib.common.rest_client [req-2eee9e50-62e5-4bee-924b-e53ea4c0fe89 req-2eee9e50-62e5-4bee-924b-e53ea4c0fe89 ] Request (DeleteServersAdminTestJSON:test_admin_delete_servers_of_others): 200 GET http://10.180.1.21/compute/v2.1/servers/82096302-bbdd-49b4-bd19-bdf75343e03a 0.739s
2025-04-16 12:23:12.320 68222 INFO tempest.lib.common.rest_client [req-efbb80c1-ffa9-42e9-ac73-83932d6e39c6 req-efbb80c1-ffa9-42e9-ac73-83932d6e39c6 ] Request (InstanceActionsV221TestJSON:setUpClass): 200 GET http://10.180.1.21/identity/v3/domains?name=Default 0.030s
2025-04-16 12:23:12.334 68262 INFO tempest.lib.common.rest_client [req-2e58c6e2-a290-49f6-914c-ff3004af031d req-2e58c6e2-a290-49f6-914c-ff3004af031d ] Request (QuotasAdminTestJSON:test_get_updated_quotas): 200 GET http://10.180.1.21/compute/v2.1/os-quota-sets/11476b6feb1842cca1c0ea75e7500d86?user_id=6104511fe9104114a2288f1e5f92392f 0.825s
2025-04-16 12:23:12.353 68222 INFO tempest.lib.common.rest_client [req-65f009d3-be80-4f1a-8efd-12aaeafb70f9 req-65f009d3-be80-4f1a-8efd-12aaeafb70f9 ] Request (InstanceActionsV221TestJSON:setUpClass): 201 POST http://10.180.1.21/identity/v3/projects 0.032s
2025-04-16 12:23:12.358 68230 INFO tempest.lib.common.rest_client [req-36ca960a-6fb6-49b9-96bb-cfaefc25c6a6 req-36ca960a-6fb6-49b9-96bb-cfaefc25c6a6 ] Request (ServerActionsTestOtherA:setUpClass): 201 POST http://10.180.1.21/identity/v3/auth/tokens 0.083s
2025-04-16 12:23:12.396 68254 INFO tempest.lib.common.rest_client [req-93cb828b-4407-4e5e-8568-232264cca3de req-93cb828b-4407-4e5e-8568-232264cca3de ] Request (ServerGroupTestJSON:test_create_server_with_scheduler_hint_group): 200 GET http://10.180.1.21/compute/v2.1/servers/5b7a605b-7521-40c3-92d1-ce5487f6fedd 0.716s
2025-04-16 12:23:12.426 68222 INFO tempest.lib.common.rest_client [req-c0bbc372-69a0-4c59-ac5f-5c0a7e986106 req-c0bbc372-69a0-4c59-ac5f-5c0a7e986106 ] Request (InstanceActionsV221TestJSON:setUpClass): 201 POST http://10.180.1.21/identity/v3/users 0.073s
2025-04-16 12:23:12.452 68234 INFO tempest.lib.common.rest_client [req-99fa9312-f2ac-448e-9c3b-4172c6d372d0 req-99fa9312-f2ac-448e-9c3b-4172c6d372d0 ] Request (AttachInterfacesUnderV243Test:test_add_remove_fixed_ip): 200 GET http://10.180.1.21/compute/v2.1/servers/b9a04994-804b-47b8-bc9f-cf4f18f27f5b 0.655s
2025-04-16 12:23:12.456 68262 INFO tempest.lib.common.rest_client [req-dc585dd3-85de-4eac-a59f-3fd31ac080a7 req-dc585dd3-85de-4eac-a59f-3fd31ac080a7 ] Request (QuotasAdminTestJSON:_run_cleanups): 204 DELETE http://10.180.1.21/identity/v3/users/6104511fe9104114a2288f1e5f92392f 0.120s
2025-04-16 12:23:12.465 68224 INFO tempest.lib.common.rest_client [req-dbb828f3-e402-4afa-b233-c27f9c9f9b0a req-dbb828f3-e402-4afa-b233-c27f9c9f9b0a ] Request (MigrationsAdminTest:test_list_migrations_in_flavor_resize_situation): 200 GET http://10.180.1.21/compute/v2.1/servers/8c1f8c1e-b86a-40bc-b3af-335c1ad3d77b 0.849s
2025-04-16 12:23:12.482 68222 INFO tempest.lib.common.rest_client [req-e367d477-ce3a-4ea7-841f-037396df9357 req-e367d477-ce3a-4ea7-841f-037396df9357 ] Request (InstanceActionsV221TestJSON:setUpClass): 200 GET http://10.180.1.21/identity/v3/roles 0.055s
2025-04-16 12:23:12.532 68256 INFO tempest.lib.common.rest_client [req-3d726063-4799-42b4-b212-b0983812b7b7 req-3d726063-4799-42b4-b212-b0983812b7b7 ] Request (VolumesAdminNegativeTest:test_update_attached_volume_with_nonexistent_volume_in_body): 200 GET http://10.180.1.21/compute/v2.1/servers/707828f6-0267-42ff-95e5-6b328382b017 0.606s
2025-04-16 12:23:12.547 68238 INFO tempest.lib.common.rest_client [req-9510dd98-f963-4747-92b5-bdb42653e266 req-9510dd98-f963-4747-92b5-bdb42653e266 ] Request (ServerDiagnosticsTest:test_get_server_diagnostics): 200 GET http://10.180.1.21/compute/v2.1/servers/bd297ef0-fa45-43c1-ab4e-14bcce806b35 0.676s
2025-04-16 12:23:12.565 68222 INFO tempest.lib.common.rest_client [req-4e5d8d38-5e22-4c27-b2fd-97057fe22d5f req-4e5d8d38-5e22-4c27-b2fd-97057fe22d5f ] Request (InstanceActionsV221TestJSON:setUpClass): 204 PUT http://10.180.1.21/identity/v3/projects/2cefa9e029f84b2fb8823e66696ddca8/users/b219c513138941959e9eb066400b61cb/roles/af283a3d12b540e89f0295d266562497 0.082s
2025-04-16 12:23:12.565 68222 INFO tempest.lib.common.dynamic_creds [-] Dynamic test user b219c513138941959e9eb066400b61cb is created with scope project and roles: ['member']
2025-04-16 12:23:12.566 68222 INFO tempest.lib.common.dynamic_creds [-] Acquired dynamic creds: credentials: Credentials: {'domain_id': 'default', 'domain_name': 'Default', 'username': 'tempest-InstanceActionsV221TestJSON-959559326-project-member', 'project_domain_id': 'default', 'project_domain_name': 'Default', 'project_id': '2cefa9e029f84b2fb8823e66696ddca8', 'project_name': 'tempest-InstanceActionsV221TestJSON-959559326', 'tenant_id': '2cefa9e029f84b2fb8823e66696ddca8', 'tenant_name': 'tempest-InstanceActionsV221TestJSON-959559326', 'user_domain_id': 'default', 'user_domain_name': 'Default', 'user_id': 'b219c513138941959e9eb066400b61cb', 'system': None}, Network: None, Subnet: None, Router: None
2025-04-16 12:23:12.583 68262 INFO tempest.lib.common.rest_client [req-fbb5e3b8-b965-451d-881e-b7e4b5a360a6 req-fbb5e3b8-b965-451d-881e-b7e4b5a360a6 ] Request (QuotasAdminTestJSON:_run_cleanups): 204 DELETE http://10.180.1.21/identity/v3/projects/11476b6feb1842cca1c0ea75e7500d86 0.126s
2025-04-16 12:23:12.603 68268 INFO tempest.lib.common.rest_client [req-31b46b8e-62b9-4d86-bde5-a6ed5573ca59 req-31b46b8e-62b9-4d86-bde5-a6ed5573ca59 ] Request (ServersWithSpecificFlavorTestJSON:test_verify_created_server_ephemeral_disk): 200 GET http://10.180.1.21/compute/v2.1/servers/d84f0e97-24d3-4b0b-8eff-51cf6bfd980c 0.627s
2025-04-16 12:23:12.626 68222 INFO tempest.lib.common.rest_client [req-ff161218-0e14-4494-b592-84ef9e58fced req-ff161218-0e14-4494-b592-84ef9e58fced ] Request (InstanceActionsV221TestJSON:setUpClass): 201 POST http://10.180.1.21/identity/v3/auth/tokens 0.060s
2025-04-16 12:23:12.652 68250 INFO tempest.lib.common.rest_client [req-746f6dff-312f-4c50-9d06-b6cbd0f4684e req-746f6dff-312f-4c50-9d06-b6cbd0f4684e ] Request (ServerDiagnosticsNegativeTest:test_get_server_diagnostics_by_non_admin): 200 GET http://10.180.1.21/compute/v2.1/servers/371aeb17-ad59-4a01-88f7-466dfee8d293 0.641s
2025-04-16 12:23:12.667 68270 INFO tempest.lib.common.rest_client [req-ab238668-18a3-4ef8-b5fa-1e3b9a72e651 req-ab238668-18a3-4ef8-b5fa-1e3b9a72e651 ] Request (ImagesNegativeTestJSON:test_create_image_from_deleted_server): 200 GET http://10.180.1.21/compute/v2.1/servers/188890b5-2189-4499-9856-22dc65b6c6f1 0.625s
2025-04-16 12:23:12.703 68218 INFO tempest.lib.common.rest_client [req-5448110c-a6b6-4dff-97f5-c86a274f634a req-5448110c-a6b6-4dff-97f5-c86a274f634a ] Request (ServerDiskConfigTestJSON:test_rebuild_server_with_auto_disk_config): 200 GET http://10.180.1.21/compute/v2.1/servers/38541c24-fc6b-4385-91bf-de25df66a798 0.610s
2025-04-16 12:23:12.781 68274 INFO tempest.lib.common.rest_client [req-90946390-8587-4da3-99e6-1deea3596189 req-90946390-8587-4da3-99e6-1deea3596189 ] Request (MultipleCreateTestJSON:setUpClass): 201 POST http://10.180.1.21:9696/networking/v2.0/routers 1.289s
2025-04-16 12:23:12.888 68232 INFO tempest.lib.common.rest_client [req-5fe16b17-5f2f-4717-ae8b-ec6b86c1f480 req-5fe16b17-5f2f-4717-ae8b-ec6b86c1f480 ] Request (ServerActionsTestOtherB:setUpClass): 200 GET http://10.180.1.21/compute/v2.1/servers/658d81c6-dd54-4af5-b51f-6b0ce8fb9336 0.782s
2025-04-16 12:23:12.916 68258 INFO tempest.lib.common.rest_client [req-db24a8e6-1886-4278-9bf4-9b9e9d81dc60 req-db24a8e6-1886-4278-9bf4-9b9e9d81dc60 ] Request (ImagesOneServerNegativeTestJSON:setUpClass): 200 GET http://10.180.1.21/compute/v2.1/servers/180338df-2738-4eeb-8610-cb130d04f6d2 0.659s
2025-04-16 12:23:12.972 68266 INFO tempest.lib.common.rest_client [req-b39d33d6-41a0-45bc-bab1-5b663b6c1562 req-b39d33d6-41a0-45bc-bab1-5b663b6c1562 ] Request (ServersAdmin275Test:test_rebuild_update_server_275): 200 GET http://10.180.1.21/compute/v2.1/servers/f50fc747-d3b4-456c-b86f-a086a7968329 0.665s
2025-04-16 12:23:12.976 68222 INFO tempest.lib.common.rest_client [req-8c899ece-6112-4ae0-9dae-b594cc43b082 req-8c899ece-6112-4ae0-9dae-b594cc43b082 ] Request (InstanceActionsV221TestJSON:setUpClass): 201 POST http://10.180.1.21:9696/networking/v2.0/networks 0.349s
2025-04-16 12:23:12.987 68273 INFO tempest.lib.common.rest_client [req-d967fb84-65b4-4dad-8852-39a1aed232ab req-d967fb84-65b4-4dad-8852-39a1aed232ab ] Request (SecurityGroupsTestJSON:test_list_security_groups_by_server): 200 GET http://10.180.1.21/compute/v2.1/servers/45e517a6-1ef1-4082-b5f9-24a9c932630c 0.638s
2025-04-16 12:23:13.121 68230 INFO tempest.lib.common.rest_client [req-91ac38de-96b0-41ed-84a5-5f2e699021bb req-91ac38de-96b0-41ed-84a5-5f2e699021bb ] Request (ServerActionsTestOtherA:setUpClass): 200 POST http://10.180.1.21/compute/v2.1/os-keypairs 0.760s
2025-04-16 12:23:13.155 68236 INFO tempest.lib.common.rest_client [req-2056808f-0b96-4e96-9638-57df9f714260 req-2056808f-0b96-4e96-9638-57df9f714260 ] Request (ServersAdminNegativeTestJSON:setUpClass): 200 GET http://10.180.1.21/compute/v2.1/servers/93509103-8c02-420d-bcaa-c2cf0847b1f0 0.697s
2025-04-16 12:23:13.185 68212 INFO tempest.lib.common.rest_client [req-f9015ce1-fc06-4e21-87e5-ccda81a0673d req-f9015ce1-fc06-4e21-87e5-ccda81a0673d ] Request (FloatingIPsAssociationTestJSON:setUpClass): 200 GET http://10.180.1.21/compute/v2.1/servers/743b56db-49a0-4af7-96bc-a3fc6025fa19 0.656s
2025-04-16 12:23:13.238 68262 INFO tempest.lib.common.rest_client [req-f9998634-4818-490e-8ea7-e442ea65f807 req-f9998634-4818-490e-8ea7-e442ea65f807 ] Request (QuotasAdminTestJSON:test_update_all_quota_resources_for_tenant): 200 GET http://10.180.1.21/compute/v2.1/os-quota-sets/92c2a45eee654cd7b9b35bd1aab0d950/defaults 0.653s
2025-04-16 12:23:13.251 68222 INFO tempest.lib.common.rest_client [req-62bf9654-c0c5-4fbd-9016-a8904b832136 req-62bf9654-c0c5-4fbd-9016-a8904b832136 ] Request (InstanceActionsV221TestJSON:setUpClass): 201 POST http://10.180.1.21:9696/networking/v2.0/subnets 0.275s
2025-04-16 12:23:13.255 68244 INFO tempest.lib.common.rest_client [req-94a53959-5a2f-4bc9-b065-764e36de0378 req-94a53959-5a2f-4bc9-b065-764e36de0378 ] Request (ServerPasswordTestJSON:setUpClass): 200 GET http://10.180.1.21/compute/v2.1/servers/fed6991c-9b59-43bb-8cda-96053adb798b 0.666s
2025-04-16 12:23:13.279 68230 INFO tempest.lib.common.rest_client [req-96cee9e0-153c-41eb-811d-d2a42546b1fc req-96cee9e0-153c-41eb-811d-d2a42546b1fc ] Request (ServerActionsTestOtherA:setUpClass): 201 POST http://10.180.1.21:9696/networking/v2.0/security-groups 0.156s
2025-04-16 12:23:13.475 68260 INFO tempest.lib.common.rest_client [req-5443b077-8a32-40ce-ae44-ced9ad380ec9 req-5443b077-8a32-40ce-ae44-ced9ad380ec9 ] Request (ImagesOneServerTestJSON:setUpClass): 200 GET http://10.180.1.21/compute/v2.1/servers/8b261c6e-741c-4d6c-9567-566af85cd68f 0.767s
2025-04-16 12:23:13.516 68242 INFO tempest.lib.common.rest_client [req-5a26938b-8361-4681-8990-52784207681a req-5a26938b-8361-4681-8990-52784207681a ] Request (VolumesAssistedSnapshotsTest:test_volume_assisted_snapshot_create_delete): 200 GET http://10.180.1.21/compute/v2.1/servers/068b288c-194b-4d2c-89c3-8adb7d628cc7 0.750s
2025-04-16 12:23:13.582 68246 INFO tempest.lib.common.rest_client [req-1df08be1-95c5-48a0-a32c-7e8fd641b5f3 req-1df08be1-95c5-48a0-a32c-7e8fd641b5f3 ] Request (ListImageFiltersTestJSON:setUpClass): 200 GET http://10.180.1.21/compute/v2.1/servers/f963e0c6-8a3d-4872-8cae-07fff845b77f 0.706s
2025-04-16 12:23:13.586 68214 INFO tempest.lib.common.rest_client [req-6b3501c8-75ab-474f-9ffd-0c0564abbe98 req-6b3501c8-75ab-474f-9ffd-0c0564abbe98 ] Request (ServerDiagnosticsV248Test:test_get_server_diagnostics): 200 GET http://10.180.1.21/compute/v2.1/servers/6580c348-f5a4-4f20-a6fb-8942202a526e 0.760s
2025-04-16 12:23:13.647 68252 INFO tempest.lib.common.rest_client [req-c7550295-27b8-4825-ae50-a849826dbe68 req-c7550295-27b8-4825-ae50-a849826dbe68 ] Request (ServersTestFqdnHostnames:test_create_server_with_fqdn_name): 200 GET http://10.180.1.21/compute/v2.1/servers/9e47d3ce-3897-458b-ac85-d98745e9aeb5 0.632s
2025-04-16 12:23:13.672 68230 INFO tempest.lib.common.rest_client [req-6ccb08d4-0080-4438-9a56-802224812b82 req-6ccb08d4-0080-4438-9a56-802224812b82 ] Request (ServerActionsTestOtherA:setUpClass): 201 POST http://10.180.1.21:9696/networking/v2.0/security-group-rules 0.392s
2025-04-16 12:23:13.876 68220 INFO tempest.lib.common.rest_client [req-ac257bfb-c288-4cec-a700-023afda0b59a req-ac257bfb-c288-4cec-a700-023afda0b59a ] Request (TenantUsagesTestJSON:setUpClass): 200 GET http://10.180.1.21/compute/v2.1/servers/e55fdbbb-813d-427c-a53f-5be3fbeeb531 0.942s
2025-04-16 12:23:13.884 68230 INFO tempest.lib.common.rest_client [req-1fd64c05-9fe3-4e91-a236-da101f2c3edf req-1fd64c05-9fe3-4e91-a236-da101f2c3edf ] Request (ServerActionsTestOtherA:setUpClass): 201 POST http://10.180.1.21:9696/networking/v2.0/security-group-rules 0.212s
2025-04-16 12:23:13.950 68248 INFO tempest.lib.common.rest_client [req-90ff47f4-8eaf-4fab-84cf-47761552078b req-90ff47f4-8eaf-4fab-84cf-47761552078b ] Request (ListServerFiltersTestJSON:setUpClass): 200 GET http://10.180.1.21/compute/v2.1/servers/834fdc0b-5b2f-4374-a77a-de970c10e125 0.860s
2025-04-16 12:23:14.018 68226 INFO tempest.lib.common.rest_client [req-bf59665e-f66b-4f58-9b4a-9a8c67ec005f req-bf59665e-f66b-4f58-9b4a-9a8c67ec005f ] Request (ServersTestBootFromVolume:setUpClass): 200 GET http://10.180.1.21/compute/v2.1/servers/8028a7dd-4002-4db3-a738-3926c1d2340e 0.878s
2025-04-16 12:23:14.053 68264 INFO tempest.lib.common.rest_client [req-4eb29451-e8fe-4e97-a9b2-a048e83a6303 req-4eb29451-e8fe-4e97-a9b2-a048e83a6303 ] Request (ServerAddressesTestJSON:setUpClass): 200 GET http://10.180.1.21/compute/v2.1/servers/9c586d33-c563-45c7-8c54-1638a78a669c 0.993s
2025-04-16 12:23:14.106 68216 INFO tempest.lib.common.rest_client [req-741980c8-0add-4afa-9045-778cb2d886d5 req-741980c8-0add-4afa-9045-778cb2d886d5 ] Request (ServersV294TestFqdnHostnames:setUpClass): 200 GET http://10.180.1.21/compute/v2.1/servers/9dc1cdba-3991-4ee2-b92b-2800e17f07a8 0.939s
2025-04-16 12:23:14.214 68262 INFO tempest.lib.common.rest_client [req-4c933099-549c-408d-bb40-2dcf49f249d0 req-4c933099-549c-408d-bb40-2dcf49f249d0 ] Request (QuotasAdminTestJSON:test_update_all_quota_resources_for_tenant): 200 PUT http://10.180.1.21/compute/v2.1/os-quota-sets/92c2a45eee654cd7b9b35bd1aab0d950 0.973s
2025-04-16 12:23:14.269 68254 INFO tempest.lib.common.rest_client [req-ee3a0003-809e-48e3-adda-18f3ecf889ed req-ee3a0003-809e-48e3-adda-18f3ecf889ed ] Request (ServerGroupTestJSON:test_create_server_with_scheduler_hint_group): 200 GET http://10.180.1.21/compute/v2.1/servers/5b7a605b-7521-40c3-92d1-ce5487f6fedd 0.858s
2025-04-16 12:23:14.297 68228 INFO tempest.lib.common.rest_client [req-32e119fc-8db8-49cb-8b82-f8038e0add62 req-32e119fc-8db8-49cb-8b82-f8038e0add62 ] Request (DeleteServersAdminTestJSON:test_admin_delete_servers_of_others): 200 GET http://10.180.1.21/compute/v2.1/servers/82096302-bbdd-49b4-bd19-bdf75343e03a 0.995s
2025-04-16 12:23:14.341 68234 INFO tempest.lib.common.rest_client [req-7739b1fc-2aa5-46ce-98e4-705ac37103b5 req-7739b1fc-2aa5-46ce-98e4-705ac37103b5 ] Request (AttachInterfacesUnderV243Test:test_add_remove_fixed_ip): 200 GET http://10.180.1.21/compute/v2.1/servers/b9a04994-804b-47b8-bc9f-cf4f18f27f5b 0.875s
2025-04-16 12:23:14.403 68256 INFO tempest.lib.common.rest_client [req-4b433018-3619-46e5-b196-4299711d3c98 req-4b433018-3619-46e5-b196-4299711d3c98 ] Request (VolumesAdminNegativeTest:test_update_attached_volume_with_nonexistent_volume_in_body): 200 GET http://10.180.1.21/compute/v2.1/servers/707828f6-0267-42ff-95e5-6b328382b017 0.860s
2025-04-16 12:23:14.468 68224 INFO tempest.lib.common.rest_client [req-e910d100-0599-496f-9ece-8a5a99ea8cc7 req-e910d100-0599-496f-9ece-8a5a99ea8cc7 ] Request (MigrationsAdminTest:test_list_migrations_in_flavor_resize_situation): 200 GET http://10.180.1.21/compute/v2.1/servers/8c1f8c1e-b86a-40bc-b3af-335c1ad3d77b 0.991s
2025-04-16 12:23:14.483 68274 INFO tempest.lib.common.rest_client [req-41a2f7be-1779-47c5-a112-9faa3586b5f2 req-41a2f7be-1779-47c5-a112-9faa3586b5f2 ] Request (MultipleCreateTestJSON:setUpClass): 200 PUT http://10.180.1.21:9696/networking/v2.0/routers/14b692b6-2d98-4c5f-968a-3c3938b63286/add_router_interface 1.702s
2025-04-16 12:23:14.483 68274 INFO tempest.lib.common.dynamic_creds [-] Created isolated network resources for: credentials: Credentials: {'domain_id': 'default', 'domain_name': 'Default', 'username': 'tempest-MultipleCreateTestJSON-150964173-project-member', 'project_domain_id': 'default', 'project_domain_name': 'Default', 'project_id': 'e1266b44afe24ae3a93fae94e681d092', 'project_name': 'tempest-MultipleCreateTestJSON-150964173', 'tenant_id': 'e1266b44afe24ae3a93fae94e681d092', 'tenant_name': 'tempest-MultipleCreateTestJSON-150964173', 'user_domain_id': 'default', 'user_domain_name': 'Default', 'user_id': '6739257a88b14c528b2d3a4ec65d102a', 'system': None}, Network: {'id': '76cf3888-24d3-452b-8c23-976e4c0e9bb3', 'name': 'tempest-MultipleCreateTestJSON-548444584-network', 'tenant_id': 'e1266b44afe24ae3a93fae94e681d092', 'admin_state_up': True, 'mtu': 8950, 'status': 'ACTIVE', 'subnets': [], 'shared': False, 'project_id': 'e1266b44afe24ae3a93fae94e681d092', 'port_security_enabled': True, 'router:external': False, 'provider:network_type': 'vlan', 'provider:physical_network': 'default', 'provider:segmentation_id': 365, 'is_default': False, 'availability_zone_hints': [], 'availability_zones': [], 'ipv4_address_scope': None, 'ipv6_address_scope': None, 'description': '', 'tags': [], 'created_at': '2025-04-16T12:23:10Z', 'updated_at': '2025-04-16T12:23:10Z', 'revision_number': 1}, Subnet: {'id': '24289c16-76e2-4aab-95f0-cbe63a0cf04b', 'name': 'tempest-MultipleCreateTestJSON-548444584-subnet', 'tenant_id': 'e1266b44afe24ae3a93fae94e681d092', 'network_id': '76cf3888-24d3-452b-8c23-976e4c0e9bb3', 'ip_version': 4, 'subnetpool_id': None, 'enable_dhcp': True, 'ipv6_ra_mode': None, 'ipv6_address_mode': None, 'gateway_ip': '192.168.128.1', 'cidr': '192.168.128.0/28', 'allocation_pools': [{'start': '192.168.128.2', 'end': '192.168.128.14'}], 'host_routes': [], 'dns_nameservers': [], 'description': '', 'service_types': [], 'tags': [], 'created_at': '2025-04-16T12:23:10Z', 'updated_at': '2025-04-16T12:23:10Z', 'revision_number': 0, 'project_id': 'e1266b44afe24ae3a93fae94e681d092'}, Router: {'id': '14b692b6-2d98-4c5f-968a-3c3938b63286', 'name': 'tempest-MultipleCreateTestJSON-548444584-router', 'tenant_id': 'e1266b44afe24ae3a93fae94e681d092', 'admin_state_up': True, 'status': 'ACTIVE', 'external_gateway_info': {'network_id': 'b68fbf65-2349-492e-b741-1c9ec157db2b', 'external_fixed_ips': [{'subnet_id': '1fce7193-8bed-4f93-869a-13127a3ee5a1', 'ip_address': '10.180.180.225'}], 'enable_snat': True}, 'description': '', 'availability_zones': [], 'distributed': False, 'ha': False, 'availability_zone_hints': [], 'routes': [], 'flavor_id': None, 'tags': [], 'created_at': '2025-04-16T12:23:11Z', 'updated_at': '2025-04-16T12:23:12Z', 'revision_number': 2, 'project_id': 'e1266b44afe24ae3a93fae94e681d092'}
2025-04-16 12:23:14.514 68222 INFO tempest.lib.common.rest_client [req-b7e2b820-767d-4552-b452-1e15df4b1afc req-b7e2b820-767d-4552-b452-1e15df4b1afc ] Request (InstanceActionsV221TestJSON:setUpClass): 201 POST http://10.180.1.21:9696/networking/v2.0/routers 1.262s
2025-04-16 12:23:14.528 68268 INFO tempest.lib.common.rest_client [req-ed5fcf86-b4ed-46bc-ba92-4c611510ce50 req-ed5fcf86-b4ed-46bc-ba92-4c611510ce50 ] Request (ServersWithSpecificFlavorTestJSON:test_verify_created_server_ephemeral_disk): 200 GET http://10.180.1.21/compute/v2.1/servers/d84f0e97-24d3-4b0b-8eff-51cf6bfd980c 0.917s
2025-04-16 12:23:14.548 68238 INFO tempest.lib.common.rest_client [req-79b35b4b-9524-468d-a7e3-31cdb1319658 req-79b35b4b-9524-468d-a7e3-31cdb1319658 ] Request (ServerDiagnosticsTest:test_get_server_diagnostics): 200 GET http://10.180.1.21/compute/v2.1/servers/bd297ef0-fa45-43c1-ab4e-14bcce806b35 0.992s
